2024-10-15 19:04:26.528 60419 INFO tempest.lib.common.rest_client [req-f425c04f-5084-4aa3-a1d1-aadddf1c0b25 req-f425c04f-5084-4aa3-a1d1-aadddf1c0b25 ] Request (InstanceActionsV221TestJSON:tearDownClass): 204 DELETE http://10.180.1.21:9696/networking/v2.0/subnets/17b35d91-a27f-4797-8d35-786fc6f6222b 0.350s
2024-10-15 19:04:26.650 60417 INFO tempest.lib.common.rest_client [req-4b814402-0f6b-479e-a318-2ab539eb53a0 req-4b814402-0f6b-479e-a318-2ab539eb53a0 ] Request (ServersNegativeTestMultiTenantJSON:tearDownClass): 200 PUT http://10.180.1.21:9696/networking/v2.0/routers/0a92e3c7-a119-4a13-96ac-263fe3ebdada/remove_router_interface 2.123s
2024-10-15 19:04:26.650 60435 INFO tempest.lib.common.rest_client [req-8c3313a4-af15-4bb5-8c06-60f88059b333 req-8c3313a4-af15-4bb5-8c06-60f88059b333 ] Request (AttachInterfacesTestJSON:_run_cleanups): 204 DELETE http://10.180.1.21:9696/networking/v2.0/floatingips/83b8c9c3-226f-4b4b-925b-02f814f4ff86 1.877s
2024-10-15 19:04:26.712 60423 INFO tempest.lib.common.rest_client [req-a829962f-dfd9-435e-a7c7-1f9ab5549d7c req-a829962f-dfd9-435e-a7c7-1f9ab5549d7c ] Request (SecurityGroupRulesNegativeTestJSON:test_create_security_group_rule_with_invalid_port_range): 400 POST http://10.180.1.21/compute/v2.1/os-security-group-rules 4.037s
2024-10-15 19:04:26.734 60453 INFO tempest.lib.common.rest_client [req-c27d6734-bc2b-40fb-8e53-3bc9e2c870ce req-c27d6734-bc2b-40fb-8e53-3bc9e2c870ce ] Request (ServerGroup264TestJSON:_run_cleanups): 204 DELETE http://10.180.1.21/compute/v2.1/os-server-groups/5082a777-9746-434c-a72d-d80a915dd412 4.043s
2024-10-15 19:04:26.774 60401 INFO tempest.lib.common.rest_client [req-4ece1c41-3b24-46c7-930a-15d78f53ea92 req-4ece1c41-3b24-46c7-930a-15d78f53ea92 ] Request (ServersV294TestFqdnHostnames:setUpClass): 201 POST http://10.180.1.21:9696/networking/v2.0/networks 0.416s
2024-10-15 19:04:27.035 60419 INFO tempest.lib.common.rest_client [req-7ca566c9-f8ac-4008-b228-3d8afc8258a1 req-7ca566c9-f8ac-4008-b228-3d8afc8258a1 ] Request (InstanceActionsV221TestJSON:tearDownClass): 204 DELETE http://10.180.1.21:9696/networking/v2.0/networks/c5b24192-1c43-4948-ab93-09d0ed5d3971 0.506s
2024-10-15 19:04:27.066 60401 INFO tempest.lib.common.rest_client [req-679ba39e-a47f-40c7-8465-5fbd545dac65 req-679ba39e-a47f-40c7-8465-5fbd545dac65 ] Request (ServersV294TestFqdnHostnames:setUpClass): 201 POST http://10.180.1.21:9696/networking/v2.0/subnets 0.291s
2024-10-15 19:04:27.103 60419 INFO tempest.lib.common.rest_client [req-b3addca8-9c46-4362-b481-3f9cd5b572bc req-b3addca8-9c46-4362-b481-3f9cd5b572bc ] Request (InstanceActionsV221TestJSON:tearDownClass): 204 DELETE http://10.180.1.21/identity/v3/users/2bbd9ea66f454f439973699388f4ab5e 0.067s
2024-10-15 19:04:27.103 60419 INFO tempest.lib.common.dynamic_creds [-] Deleting project and security group for project: 1bb5c4b0a0964ee0a9557d6e86231d92
2024-10-15 19:04:27.173 60419 INFO tempest.lib.common.rest_client [req-3132a649-e4fa-4157-b565-0a503a6195cb req-3132a649-e4fa-4157-b565-0a503a6195cb ] Request (InstanceActionsV221TestJSON:tearDownClass): 200 GET http://10.180.1.21:9696/networking/v2.0/security-groups?tenant_id=1bb5c4b0a0964ee0a9557d6e86231d92&name=default 0.070s
2024-10-15 19:04:27.301 60399 INFO tempest.lib.common.rest_client [req-45ec8b5b-31ef-476d-9b87-6aef53fa53b5 req-45ec8b5b-31ef-476d-9b87-6aef53fa53b5 ] Request (ServerPasswordTestJSON:setUpClass): 201 POST http://10.180.1.21:9696/networking/v2.0/subnets 1.593s
2024-10-15 19:04:27.318 60419 INFO tempest.lib.common.rest_client [req-9e317270-e990-49ca-acfb-140fadede694 req-9e317270-e990-49ca-acfb-140fadede694 ] Request (InstanceActionsV221TestJSON:tearDownClass): 204 DELETE http://10.180.1.21:9696/networking/v2.0/security-groups/254cd857-cd10-4605-a9d2-a02821c3c0c2 0.144s
2024-10-15 19:04:27.402 60419 INFO tempest.lib.common.rest_client [req-f82580df-dc1e-45e9-9881-f75624fc8787 req-f82580df-dc1e-45e9-9881-f75624fc8787 ] Request (InstanceActionsV221TestJSON:tearDownClass): 204 DELETE http://10.180.1.21/identity/v3/projects/1bb5c4b0a0964ee0a9557d6e86231d92 0.083s
2024-10-15 19:04:27.462 60419 INFO tempest.lib.common.rest_client [req-65773c71-a463-40fd-94e5-ed07b0238098 req-65773c71-a463-40fd-94e5-ed07b0238098 ] Request (ServerMetadataTestJSON:setUpClass): 201 POST http://10.180.1.21/identity/v3/auth/tokens 0.058s
2024-10-15 19:04:27.495 60419 INFO tempest.lib.common.rest_client [req-1548cba9-0d7f-463d-aa91-405883ab310a req-1548cba9-0d7f-463d-aa91-405883ab310a ] Request (ServerMetadataTestJSON:setUpClass): 201 POST http://10.180.1.21/identity/v3/auth/tokens 0.030s
2024-10-15 19:04:27.515 60419 INFO tempest.lib.common.rest_client [req-23f28791-ac1c-4244-8a8f-a116fdb65d60 req-23f28791-ac1c-4244-8a8f-a116fdb65d60 ] Request (ServerMetadataTestJSON:setUpClass): 200 GET http://10.180.1.21/identity/v3/domains?name=Default 0.020s
2024-10-15 19:04:27.530 60441 INFO tempest.lib.common.rest_client [req-cb4012da-9cb7-4fd4-9aeb-f09f223a47ef req-cb4012da-9cb7-4fd4-9aeb-f09f223a47ef ] Request (VolumesAdminNegativeTest:tearDownClass): 204 DELETE http://10.180.1.21:9696/networking/v2.0/subnets/746f35d6-509e-4b02-a9dd-dad75ce49ce0 1.378s
2024-10-15 19:04:27.543 60419 INFO tempest.lib.common.rest_client [req-6118def7-7d8a-4e22-b9e3-1c0812e6811c req-6118def7-7d8a-4e22-b9e3-1c0812e6811c ] Request (ServerMetadataTestJSON:setUpClass): 201 POST http://10.180.1.21/identity/v3/projects 0.027s
2024-10-15 19:04:27.567 60421 INFO tempest.lib.common.rest_client [req-68fcc2fb-0af9-406d-9532-c5781f1e6866 req-68fcc2fb-0af9-406d-9532-c5781f1e6866 ] Request (FlavorsV2NegativeTest:test_boot_with_low_ram): 400 POST http://10.180.1.21/compute/v2.1/servers 4.783s
2024-10-15 19:04:27.591 60431 INFO tempest.lib.common.rest_client [req-e9197c71-2d04-4350-a502-f41dd0a6b74d req-e9197c71-2d04-4350-a502-f41dd0a6b74d ] Request (InstanceActionsTestJSON:setUpClass): 404 GET http://10.180.1.21/compute/v2.1/servers/c34cfa49-bc27-47e4-8b66-fb9b3a60537e 4.659s
2024-10-15 19:04:27.591 60431 INFO tempest.test [-] raised in InstanceActionsTestJSON.setUpClass. Invoking tearDownClass.
2024-10-15 19:04:27.599 60419 INFO tempest.lib.common.rest_client [req-6ff0212a-ea2c-4c66-a462-b53638be520d req-6ff0212a-ea2c-4c66-a462-b53638be520d ] Request (ServerMetadataTestJSON:setUpClass): 201 POST http://10.180.1.21/identity/v3/users 0.056s
2024-10-15 19:04:27.612 60421 INFO tempest.lib.common.rest_client [req-517bda91-b11c-4e8b-853d-fe00b4e7ec6d req-517bda91-b11c-4e8b-853d-fe00b4e7ec6d ] Request (FlavorsV2NegativeTest:_run_cleanups): 204 DELETE http://10.180.1.21/image/v2/images/61aa2e3d-c097-431a-a409-da8073d0402d 0.045s
2024-10-15 19:04:27.621 60419 INFO tempest.lib.common.rest_client [req-69f1307c-381f-4b34-b4f9-c8383c7acee5 req-69f1307c-381f-4b34-b4f9-c8383c7acee5 ] Request (ServerMetadataTestJSON:setUpClass): 200 GET http://10.180.1.21/identity/v3/roles 0.020s
2024-10-15 19:04:27.680 60421 INFO tempest.lib.common.rest_client [req-39f4a28c-adb5-4b59-b9f5-58b59084ba1d req-39f4a28c-adb5-4b59-b9f5-58b59084ba1d ] Request (FlavorsV2NegativeTest:tearDownClass): 204 DELETE http://10.180.1.21/identity/v3/users/3f6c8aac142848d2b8072b3ffa553679 0.066s
2024-10-15 19:04:27.680 60421 INFO tempest.lib.common.dynamic_creds [-] Deleting project and security group for project: 1ca47e5a39b84478970828e606587187
2024-10-15 19:04:27.710 60425 INFO tempest.lib.common.rest_client [req-06062c29-6330-41c4-acca-0b7698540e9b req-06062c29-6330-41c4-acca-0b7698540e9b ] Request (FlavorsV261TestJSON:test_crud_flavor): 200 POST http://10.180.1.21/compute/v2.1/flavors 4.643s
2024-10-15 19:04:27.741 60419 INFO tempest.lib.common.rest_client [req-9bf2e7ff-9dc4-455a-ab5b-700d7e08ff84 req-9bf2e7ff-9dc4-455a-ab5b-700d7e08ff84 ] Request (ServerMetadataTestJSON:setUpClass): 204 PUT http://10.180.1.21/identity/v3/projects/1d1843cb3adc4fe59efbc5dd6a7c0f32/users/f14d545d067e4b77b659505dae36811d/roles/19b8f69a385f4eef9d1fc89e4680c1f7 0.119s
2024-10-15 19:04:27.741 60419 INFO tempest.lib.common.dynamic_creds [-] Dynamic test user f14d545d067e4b77b659505dae36811d is created with scope project and roles: ['member']
2024-10-15 19:04:27.741 60419 INFO tempest.lib.common.dynamic_creds [-] Acquired dynamic creds: credentials: Credentials: {'domain_id': 'default', 'domain_name': 'Default', 'username': 'tempest-ServerMetadataTestJSON-855428705-project-member', 'project_domain_id': 'default', 'project_domain_name': 'Default', 'project_id': '1d1843cb3adc4fe59efbc5dd6a7c0f32', 'project_name': 'tempest-ServerMetadataTestJSON-855428705', 'tenant_id': '1d1843cb3adc4fe59efbc5dd6a7c0f32', 'tenant_name': 'tempest-ServerMetadataTestJSON-855428705', 'user_domain_id': 'default', 'user_domain_name': 'Default', 'user_id': 'f14d545d067e4b77b659505dae36811d', 'system': None}, Network: None, Subnet: None, Router: None
2024-10-15 19:04:27.746 60421 INFO tempest.lib.common.rest_client [req-26a7505b-87eb-481c-b975-d51676ef54a6 req-26a7505b-87eb-481c-b975-d51676ef54a6 ] Request (FlavorsV2NegativeTest:tearDownClass): 201 POST http://10.180.1.21/identity/v3/auth/tokens 0.065s
2024-10-15 19:04:27.770 60429 INFO tempest.lib.common.rest_client [req-8763cb6f-7508-4a45-97b6-de9ab562bb63 req-8763cb6f-7508-4a45-97b6-de9ab562bb63 ] Request (FloatingIPDetailsTestJSON:tearDownClass): 204 DELETE http://10.180.1.21:9696/networking/v2.0/routers/631fe449-8537-4ec9-9511-3584bdafdcc0 2.947s
2024-10-15 19:04:27.829 60419 INFO tempest.lib.common.rest_client [req-efd1e938-013c-4894-b0c1-5cde050d0497 req-efd1e938-013c-4894-b0c1-5cde050d0497 ] Request (ServerMetadataTestJSON:setUpClass): 201 POST http://10.180.1.21/identity/v3/auth/tokens 0.087s
2024-10-15 19:04:28.324 60421 INFO tempest.lib.common.rest_client [req-94092340-9319-4caa-8f34-022a73f8c461 req-94092340-9319-4caa-8f34-022a73f8c461 ] Request (FlavorsV2NegativeTest:tearDownClass): 200 GET http://10.180.1.21:9696/networking/v2.0/security-groups?tenant_id=1ca47e5a39b84478970828e606587187&name=default 0.577s
2024-10-15 19:04:28.352 60441 INFO tempest.lib.common.rest_client [req-1c51b8a5-0003-4976-b6a1-6000ed05fddf req-1c51b8a5-0003-4976-b6a1-6000ed05fddf ] Request (VolumesAdminNegativeTest:tearDownClass): 204 DELETE http://10.180.1.21:9696/networking/v2.0/networks/e1e0da44-17f9-4610-bea8-bb784b8b8ed7 0.822s
2024-10-15 19:04:28.414 60429 INFO tempest.lib.common.rest_client [req-44b91d18-0daf-4e4c-a7d4-47d875042d35 req-44b91d18-0daf-4e4c-a7d4-47d875042d35 ] Request (FloatingIPDetailsTestJSON:tearDownClass): 204 DELETE http://10.180.1.21:9696/networking/v2.0/subnets/74b49fb9-5cee-4800-9063-727dd88d8f7c 0.644s
2024-10-15 19:04:28.441 60441 INFO tempest.lib.common.rest_client [req-0777973e-34bf-4132-a730-8bede610f934 req-0777973e-34bf-4132-a730-8bede610f934 ] Request (VolumesAdminNegativeTest:tearDownClass): 204 DELETE http://10.180.1.21/identity/v3/users/d108f7db61dd4d7fa1d6bfb18d110e7c 0.088s
2024-10-15 19:04:28.543 60441 INFO tempest.lib.common.rest_client [req-1460c74a-8c51-4603-b74e-76998e98574e req-1460c74a-8c51-4603-b74e-76998e98574e ] Request (VolumesAdminNegativeTest:tearDownClass): 204 DELETE http://10.180.1.21/identity/v3/users/81d77145057c4b86b18c3615da2d7bb5 0.102s
2024-10-15 19:04:28.543 60441 INFO tempest.lib.common.dynamic_creds [-] Deleting project and security group for project: 7602932c9e604543a9ad8c32882bf038
2024-10-15 19:04:28.608 60434 INFO tempest.lib.common.rest_client [req-18f8f597-41bd-46ff-8983-f4e19f9f3414 req-18f8f597-41bd-46ff-8983-f4e19f9f3414 ] Request (SecurityGroupRulesTestJSON:test_security_group_rules_list): 200 POST http://10.180.1.21/compute/v2.1/os-security-group-rules 5.090s
2024-10-15 19:04:28.766 60449 INFO tempest.lib.common.rest_client [req-bddfedb0-2eb4-4fd3-8ce7-8c7a047d22df req-bddfedb0-2eb4-4fd3-8ce7-8c7a047d22df ] Request (ImagesTestJSON:test_delete_saving_image): 200 GET http://10.180.1.21/compute/v2.1/servers/d725ec92-b70d-4567-8f9a-ac90a71066fc 5.109s
2024-10-15 19:04:28.784 60419 INFO tempest.lib.common.rest_client [req-fd5564b0-3892-4778-93a4-b291b8752f43 req-fd5564b0-3892-4778-93a4-b291b8752f43 ] Request (ServerMetadataTestJSON:setUpClass): 201 POST http://10.180.1.21:9696/networking/v2.0/networks 0.955s
2024-10-15 19:04:28.798 60441 INFO tempest.lib.common.rest_client [req-0bb1bde1-4210-42e0-a8ca-7862ee71847c req-0bb1bde1-4210-42e0-a8ca-7862ee71847c ] Request (VolumesAdminNegativeTest:tearDownClass): 200 GET http://10.180.1.21:9696/networking/v2.0/security-groups?tenant_id=7602932c9e604543a9ad8c32882bf038&name=default 0.255s
2024-10-15 19:04:28.911 60413 INFO tempest.lib.common.rest_client [req-f0bb9de0-8f39-498d-835d-ddf3219acbb8 req-f0bb9de0-8f39-498d-835d-ddf3219acbb8 ] Request (VolumesNegativeTest:test_create_volume_with_invalid_size): 400 POST http://10.180.1.21/compute/v2.1/os-volumes 5.014s
2024-10-15 19:04:28.997 60437 INFO tempest.lib.common.rest_client [req-a9f8336c-7661-4643-965b-fc0a899fdd61 req-a9f8336c-7661-4643-965b-fc0a899fdd61 ] Request (ServersTestMultiNic:test_verify_duplicate_network_nics): 202 POST http://10.180.1.21/compute/v2.1/servers 6.464s
2024-10-15 19:04:29.030 60447 INFO tempest.lib.common.rest_client [req-48f158be-b11d-41d6-9137-402f93666996 req-48f158be-b11d-41d6-9137-402f93666996 ] Request (SecurityGroupsTestJSON:test_list_security_groups_by_server): 200 GET http://10.180.1.21/compute/v2.1/servers/420fda1a-e63f-40d0-9017-02e47576a94a 5.016s
2024-10-15 19:04:29.041 60405 INFO tempest.lib.common.rest_client [req-f7ade74a-4e73-4bfb-a601-050c4cc5577c req-f7ade74a-4e73-4bfb-a601-050c4cc5577c ] Request (HypervisorAdminNegativeUnderV252Test:test_search_nonexistent_hypervisor): 404 GET http://10.180.1.21/compute/v2.1/os-hypervisors/nonexistent_hypervisor_name/search 4.808s
2024-10-15 19:04:29.066 60403 INFO tempest.lib.common.rest_client [req-0bd83e41-030d-4487-a4bf-1b470c2589fb req-0bd83e41-030d-4487-a4bf-1b470c2589fb ] Request (ImagesOneServerNegativeTestJSON:tearDownClass): 204 DELETE http://10.180.1.21:9696/networking/v2.0/routers/f2fe57b2-ac64-4eff-89f7-cdffbef4bb1c 2.938s
2024-10-15 19:04:29.088 60443 INFO tempest.lib.common.rest_client [req-cdf43148-e7f3-4951-bc56-c7de93dc1eda req-cdf43148-e7f3-4951-bc56-c7de93dc1eda ] Request (ImagesMetadataTestJSON:test_set_image_metadata_item): 200 GET http://10.180.1.21/compute/v2.1/images/23bf21ab-28d5-4cf9-a68e-0b3f39a75ebd/metadata 4.634s
2024-10-15 19:04:29.149 60455 INFO tempest.lib.common.rest_client [req-28f551cf-4942-4c3e-bdef-1d0c1594f119 req-28f551cf-4942-4c3e-bdef-1d0c1594f119 ] Request (ListImageFiltersTestJSON:tearDownClass): 204 DELETE http://10.180.1.21/compute/v2.1/images/e13cbf24-04f0-448f-8d38-a36c55afe794 4.642s
2024-10-15 19:04:29.186 60421 INFO tempest.lib.common.rest_client [req-7c4267f1-8139-4328-8e2e-348998fee77b req-7c4267f1-8139-4328-8e2e-348998fee77b ] Request (FlavorsV2NegativeTest:tearDownClass): 204 DELETE http://10.180.1.21:9696/networking/v2.0/security-groups/9778f6dc-fce5-4947-aea1-2ed3d172027f 0.862s
2024-10-15 19:04:29.203 60429 INFO tempest.lib.common.rest_client [req-b8deb568-415a-448d-93d4-51bf90c08cb8 req-b8deb568-415a-448d-93d4-51bf90c08cb8 ] Request (FloatingIPDetailsTestJSON:tearDownClass): 204 DELETE http://10.180.1.21:9696/networking/v2.0/networks/3be47614-a2e0-482e-ba86-16e884450c50 0.789s
2024-10-15 19:04:29.275 60395 INFO tempest.lib.common.rest_client [req-55b33167-37e5-4012-8af1-3d2aa526fff5 req-55b33167-37e5-4012-8af1-3d2aa526fff5 ] Request (AggregatesAdminNegativeTestJSON:_run_cleanups): 200 POST http://10.180.1.21/compute/v2.1/os-aggregates/7/action 4.743s
2024-10-15 19:04:29.289 60397 INFO tempest.lib.common.rest_client [req-17260a1e-56ab-48b7-bc88-66c0553ba7ec req-17260a1e-56ab-48b7-bc88-66c0553ba7ec ] Request (FlavorsV2TestJSON:test_list_flavors_detailed_limit_results): 200 GET http://10.180.1.21/compute/v2.1/flavors/detail?limit=1 4.734s
2024-10-15 19:04:29.312 60457 INFO tempest.lib.common.rest_client [req-f211e827-a366-49c9-a693-4395a29acbd0 req-f211e827-a366-49c9-a693-4395a29acbd0 ] Request (ServerDiskConfigTestJSON:test_rebuild_server_with_auto_disk_config): 404 GET http://10.180.1.21/compute/v2.1/servers/c019a6d1-1d6b-4af0-9124-36daa10e5813 4.540s
2024-10-15 19:04:29.326 60455 INFO tempest.lib.common.rest_client [req-aa1d027e-3f0d-4d83-b4b6-fffa94e31685 req-aa1d027e-3f0d-4d83-b4b6-fffa94e31685 ] Request (ListImageFiltersTestJSON:tearDownClass): 204 DELETE http://10.180.1.21/identity/v3/users/a471f9b3838b477dbbccdba28e011ec7 0.176s
2024-10-15 19:04:29.326 60455 INFO tempest.lib.common.dynamic_creds [-] Deleting project and security group for project: 0192d8eaac6247ca8439b8a0517de3dd
2024-10-15 19:04:29.339 60421 INFO tempest.lib.common.rest_client [req-bcbd0cc3-f0f7-4ee7-be73-be145b677324 req-bcbd0cc3-f0f7-4ee7-be73-be145b677324 ] Request (FlavorsV2NegativeTest:tearDownClass): 204 DELETE http://10.180.1.21/identity/v3/projects/1ca47e5a39b84478970828e606587187 0.152s
2024-10-15 19:04:29.341 60417 INFO tempest.lib.common.rest_client [req-ce026f69-fe09-491b-b094-5e28f142fcc3 req-ce026f69-fe09-491b-b094-5e28f142fcc3 ] Request (ServersNegativeTestMultiTenantJSON:tearDownClass): 204 DELETE http://10.180.1.21:9696/networking/v2.0/routers/0a92e3c7-a119-4a13-96ac-263fe3ebdada 2.690s
2024-10-15 19:04:29.393 60407 INFO tempest.lib.common.rest_client [req-bb0a8878-618a-4a60-8e98-cfc1c8667d31 req-bb0a8878-618a-4a60-8e98-cfc1c8667d31 ] Request (ServersTestBootFromVolume:tearDownClass): 200 PUT http://10.180.1.21:9696/networking/v2.0/routers/9b0b76c1-bf5c-4133-8269-530adf63510c/remove_router_interface 5.408s
2024-10-15 19:04:29.433 60441 INFO tempest.lib.common.rest_client [req-b97a0d83-49e2-4be4-96c6-8b7615d770f0 req-b97a0d83-49e2-4be4-96c6-8b7615d770f0 ] Request (VolumesAdminNegativeTest:tearDownClass): 204 DELETE http://10.180.1.21:9696/networking/v2.0/security-groups/f8c44ed9-9477-4456-a8fa-ae30ee51675b 0.634s
2024-10-15 19:04:29.436 60429 INFO tempest.lib.common.rest_client [req-ad8ee91a-5469-42f3-bdad-f996b287ce5c req-ad8ee91a-5469-42f3-bdad-f996b287ce5c ] Request (FloatingIPDetailsTestJSON:tearDownClass): 204 DELETE http://10.180.1.21/identity/v3/users/7d391f6ed9904108b10994f1efba0323 0.232s
2024-10-15 19:04:29.436 60429 INFO tempest.lib.common.dynamic_creds [-] Deleting project and security group for project: 566eec5d7daf4f9aac2954f0145b79ff
2024-10-15 19:04:29.483 60401 INFO tempest.lib.common.rest_client [req-71522fe9-4685-4e44-bb04-d4522e1e818d req-71522fe9-4685-4e44-bb04-d4522e1e818d ] Request (ServersV294TestFqdnHostnames:setUpClass): 201 POST http://10.180.1.21:9696/networking/v2.0/routers 2.417s
2024-10-15 19:04:29.497 60457 INFO tempest.lib.common.rest_client [req-7bcf2393-bf10-4cd3-bb77-741a543cdb52 req-7bcf2393-bf10-4cd3-bb77-741a543cdb52 ] Request (ServerDiskConfigTestJSON:test_rebuild_server_with_manual_disk_config): 201 POST http://10.180.1.21/identity/v3/auth/tokens 0.177s
2024-10-15 19:04:29.497 60457 INFO tempest.lib.common.fixed_network [-] (ServerDiskConfigTestJSON:test_rebuild_server_with_manual_disk_config) Found network {'id': '2d172404-3a32-462e-8693-f87c29d07262', 'name': 'tempest-ServerDiskConfigTestJSON-1623651732-network', 'tenant_id': '8d75debce2fd4b2492cc02aeb2fed7fc', 'admin_state_up': True, 'mtu': 8950, 'status': 'ACTIVE', 'subnets': [], 'shared': False, 'project_id': '8d75debce2fd4b2492cc02aeb2fed7fc', 'port_security_enabled': True, 'router:external': False, 'provider:network_type': 'vlan', 'provider:physical_network': 'default', 'provider:segmentation_id': 431, 'is_default': False, 'availability_zone_hints': [], 'availability_zones': [], 'ipv4_address_scope': None, 'ipv6_address_scope': None, 'description': '', 'tags': [], 'created_at': '2024-10-15T19:04:09Z', 'updated_at': '2024-10-15T19:04:09Z', 'revision_number': 1} available for tenant
2024-10-15 19:04:29.548 60455 INFO tempest.lib.common.rest_client [req-259ca5b7-c727-430d-88b7-212035e0fc68 req-259ca5b7-c727-430d-88b7-212035e0fc68 ] Request (ListImageFiltersTestJSON:tearDownClass): 201 POST http://10.180.1.21/identity/v3/auth/tokens 0.221s
2024-10-15 19:04:29.571 60421 INFO tempest.lib.common.rest_client [req-11b0478b-9346-4d3d-ad7c-5a9dd5a8748a req-11b0478b-9346-4d3d-ad7c-5a9dd5a8748a ] Request (ServerMetadataNegativeTestJSON:setUpClass): 201 POST http://10.180.1.21/identity/v3/auth/tokens 0.229s
2024-10-15 19:04:29.621 60441 INFO tempest.lib.common.rest_client [req-4a9e5140-9f49-4945-8623-9b86a1daa565 req-4a9e5140-9f49-4945-8623-9b86a1daa565 ] Request (VolumesAdminNegativeTest:tearDownClass): 204 DELETE http://10.180.1.21/identity/v3/projects/7602932c9e604543a9ad8c32882bf038 0.187s
2024-10-15 19:04:29.621 60441 INFO tempest.lib.common.dynamic_creds [-] Deleting project and security group for project: 50dbaf2b648e4be1b3ff29a18bab6e98
2024-10-15 19:04:29.648 60445 INFO tempest.lib.common.rest_client [req-9845c40c-f108-478f-802f-9c0f70821432 req-9845c40c-f108-478f-802f-9c0f70821432 ] Request (HypervisorAdminV253TestBase:test_list_show_detail_hypervisors): 200 GET http://10.180.1.21/compute/v2.1/os-hypervisors/detail?with_servers=True 4.568s
2024-10-15 19:04:29.675 60421 INFO tempest.lib.common.rest_client [req-8769456a-c8e2-4478-9ef4-46b43183e68a req-8769456a-c8e2-4478-9ef4-46b43183e68a ] Request (ServerMetadataNegativeTestJSON:setUpClass): 201 POST http://10.180.1.21/identity/v3/auth/tokens 0.102s
2024-10-15 19:04:29.703 60421 INFO tempest.lib.common.rest_client [req-f9ecfdc7-6d40-4c09-a149-8090213967d3 req-f9ecfdc7-6d40-4c09-a149-8090213967d3 ] Request (ServerMetadataNegativeTestJSON:setUpClass): 200 GET http://10.180.1.21/identity/v3/domains?name=Default 0.027s
2024-10-15 19:04:29.738 60421 INFO tempest.lib.common.rest_client [req-67de4a36-a163-4444-8fcd-e75ce603d34a req-67de4a36-a163-4444-8fcd-e75ce603d34a ] Request (ServerMetadataNegativeTestJSON:setUpClass): 201 POST http://10.180.1.21/identity/v3/projects 0.035s
2024-10-15 19:04:29.759 60429 INFO tempest.lib.common.rest_client [req-db081df5-5fa8-44fc-9fab-af19b0c17d27 req-db081df5-5fa8-44fc-9fab-af19b0c17d27 ] Request (FloatingIPDetailsTestJSON:tearDownClass): 200 GET http://10.180.1.21:9696/networking/v2.0/security-groups?tenant_id=566eec5d7daf4f9aac2954f0145b79ff&name=default 0.322s
2024-10-15 19:04:29.792 60409 INFO tempest.lib.common.rest_client [req-cc522c53-0d6b-4248-a707-6f1159907271 req-cc522c53-0d6b-4248-a707-6f1159907271 ] Request (ServersTestJSON:setUpClass): 200 GET http://10.180.1.21/compute/v2.1/servers/9f8485b1-6863-4f17-aff8-e5e878ac521b 3.583s
2024-10-15 19:04:29.801 60421 INFO tempest.lib.common.rest_client [req-66cd7571-4909-4758-974f-0c6c4b056d8f req-66cd7571-4909-4758-974f-0c6c4b056d8f ] Request (ServerMetadataNegativeTestJSON:setUpClass): 201 POST http://10.180.1.21/identity/v3/users 0.062s
2024-10-15 19:04:29.806 60427 INFO tempest.lib.common.rest_client [req-ed1dcdd0-d441-4002-99b6-48c9cf222814 req-ed1dcdd0-d441-4002-99b6-48c9cf222814 ] Request (FlavorsAdminTestJSON:test_is_public_string_variations): 200 GET http://10.180.1.21/compute/v2.1/flavors/detail?is_public=0 3.585s
2024-10-15 19:04:29.809 60441 INFO tempest.lib.common.rest_client [req-c096faaf-8749-494b-a16e-7e789648b1ca req-c096faaf-8749-494b-a16e-7e789648b1ca ] Request (VolumesAdminNegativeTest:tearDownClass): 200 GET http://10.180.1.21:9696/networking/v2.0/security-groups?tenant_id=50dbaf2b648e4be1b3ff29a18bab6e98&name=default 0.188s
2024-10-15 19:04:29.828 60421 INFO tempest.lib.common.rest_client [req-065119b2-2377-4da0-ad30-5e33323c6615 req-065119b2-2377-4da0-ad30-5e33323c6615 ] Request (ServerMetadataNegativeTestJSON:setUpClass): 200 GET http://10.180.1.21/identity/v3/roles 0.027s
2024-10-15 19:04:29.839 60435 INFO tempest.lib.common.rest_client [req-25c739a8-d374-4ac8-ac05-3933d1a3d2d4 req-25c739a8-d374-4ac8-ac05-3933d1a3d2d4 ] Request (ValidationResourcesFixture:setUp): 200 POST http://10.180.1.21/compute/v2.1/os-keypairs 3.184s
2024-10-15 19:04:29.852 60411 INFO tempest.lib.common.rest_client [req-a60ec27d-ef68-4f30-91e3-13be451d5229 req-a60ec27d-ef68-4f30-91e3-13be451d5229 ] Request (SecurityGroupsTestAdminJSON:_run_cleanups): 202 DELETE http://10.180.1.21/compute/v2.1/os-security-groups/b0e9951e-7e9b-4acf-b6b0-995dd2e72e6c 5.827s
2024-10-15 19:04:29.869 60453 INFO tempest.lib.common.rest_client [req-c5714369-b008-46f7-958d-24fe34494ea6 req-c5714369-b008-46f7-958d-24fe34494ea6 ] Request (ServerGroup264TestJSON:tearDownClass): 404 DELETE http://10.180.1.21/compute/v2.1/os-server-groups/5082a777-9746-434c-a72d-d80a915dd412 3.130s
2024-10-15 19:04:29.875 60421 INFO tempest.lib.common.rest_client [req-7c33784c-07f4-410d-a90c-5329759aca82 req-7c33784c-07f4-410d-a90c-5329759aca82 ] Request (ServerMetadataNegativeTestJSON:setUpClass): 204 PUT http://10.180.1.21/identity/v3/projects/b1fece12693747c2b6e56f92f305881f/users/4bf93c97450a44e5bf91e32b218736d2/roles/19b8f69a385f4eef9d1fc89e4680c1f7 0.047s
2024-10-15 19:04:29.876 60421 INFO tempest.lib.common.dynamic_creds [-] Dynamic test user 4bf93c97450a44e5bf91e32b218736d2 is created with scope project and roles: ['member']
2024-10-15 19:04:29.876 60421 INFO tempest.lib.common.dynamic_creds [-] Acquired dynamic creds: credentials: Credentials: {'domain_id': 'default', 'domain_name': 'Default', 'username': 'tempest-ServerMetadataNegativeTestJSON-885798172-project-member', 'project_domain_id': 'default', 'project_domain_name': 'Default', 'project_id': 'b1fece12693747c2b6e56f92f305881f', 'project_name': 'tempest-ServerMetadataNegativeTestJSON-885798172', 'tenant_id': 'b1fece12693747c2b6e56f92f305881f', 'tenant_name': 'tempest-ServerMetadataNegativeTestJSON-885798172', 'user_domain_id': 'default', 'user_domain_name': 'Default', 'user_id': '4bf93c97450a44e5bf91e32b218736d2', 'system': None}, Network: None, Subnet: None, Router: None
2024-10-15 19:04:29.952 60411 INFO tempest.lib.common.rest_client [req-e468db84-19e4-4404-97dc-56b8f480fa55 req-e468db84-19e4-4404-97dc-56b8f480fa55 ] Request (SecurityGroupsTestAdminJSON:tearDownClass): 204 DELETE http://10.180.1.21/identity/v3/users/145f2fd7096d4506b4b4233bfb0af23e 0.099s
2024-10-15 19:04:29.978 60425 INFO tempest.lib.common.rest_client [req-3f90b8c4-bcb8-4acf-8fd4-5eab276ffa2a req-3f90b8c4-bcb8-4acf-8fd4-5eab276ffa2a ] Request (FlavorsV261TestJSON:test_crud_flavor): 200 GET http://10.180.1.21/compute/v2.1/flavors/1845726977 2.264s
2024-10-15 19:04:29.989 60403 INFO tempest.lib.common.rest_client [req-3f203ea3-a406-4cdd-86d4-ace73de788f0 req-3f203ea3-a406-4cdd-86d4-ace73de788f0 ] Request (ImagesOneServerNegativeTestJSON:tearDownClass): 204 DELETE http://10.180.1.21:9696/networking/v2.0/subnets/1e1b74f0-2104-4389-98c7-0cbedaa748bf 0.923s
2024-10-15 19:04:30.007 60421 INFO tempest.lib.common.rest_client [req-9dae4a2c-07ce-4b83-a3fb-d75fb1e84405 req-9dae4a2c-07ce-4b83-a3fb-d75fb1e84405 ] Request (ServerMetadataNegativeTestJSON:setUpClass): 201 POST http://10.180.1.21/identity/v3/auth/tokens 0.131s
2024-10-15 19:04:30.041 60411 INFO tempest.lib.common.rest_client [req-dafeab7e-29c1-475a-b2ff-db36106831d8 req-dafeab7e-29c1-475a-b2ff-db36106831d8 ] Request (SecurityGroupsTestAdminJSON:tearDownClass): 204 DELETE http://10.180.1.21/identity/v3/users/4ac48f8adbe4476da1007db4cc6eba50 0.088s
2024-10-15 19:04:30.041 60411 INFO tempest.lib.common.dynamic_creds [-] Deleting project and security group for project: 28514667d4154c4f9d009b2e0b9ff828
2024-10-15 19:04:30.100 60411 INFO tempest.lib.common.rest_client [req-3f0cf26d-db7e-46a1-832f-224264c1c910 req-3f0cf26d-db7e-46a1-832f-224264c1c910 ] Request (SecurityGroupsTestAdminJSON:tearDownClass): 201 POST http://10.180.1.21/identity/v3/auth/tokens 0.059s
2024-10-15 19:04:30.102 60415 INFO tempest.lib.common.rest_client [req-9f64b0eb-4955-476a-90ca-afac1762ea4b req-9f64b0eb-4955-476a-90ca-afac1762ea4b ] Request (ListServersNegativeTestJSON:tearDownClass): 200 PUT http://10.180.1.21:9696/networking/v2.0/routers/6690c0b1-5c51-47e3-80cc-ba3c36ad73e0/remove_router_interface 5.314s
2024-10-15 19:04:30.117 60419 INFO tempest.lib.common.rest_client [req-9497e529-9876-499c-a740-2d17e7ab924f req-9497e529-9876-499c-a740-2d17e7ab924f ] Request (ServerMetadataTestJSON:setUpClass): 201 POST http://10.180.1.21:9696/networking/v2.0/subnets 1.330s
2024-10-15 19:04:30.173 60417 INFO tempest.lib.common.rest_client [req-8d41a069-13ab-492b-a4d2-26a9dcc1ced1 req-8d41a069-13ab-492b-a4d2-26a9dcc1ced1 ] Request (ServersNegativeTestMultiTenantJSON:tearDownClass): 204 DELETE http://10.180.1.21:9696/networking/v2.0/subnets/ba989b74-2110-4c6d-983b-43d701870a5c 0.832s
2024-10-15 19:04:30.266 60455 INFO tempest.lib.common.rest_client [req-512dadf7-9078-4fa2-ba38-90061e21aa2c req-512dadf7-9078-4fa2-ba38-90061e21aa2c ] Request (ListImageFiltersTestJSON:tearDownClass): 200 GET http://10.180.1.21:9696/networking/v2.0/security-groups?tenant_id=0192d8eaac6247ca8439b8a0517de3dd&name=default 0.718s
2024-10-15 19:04:30.296 60423 INFO tempest.lib.common.rest_client [req-ffb4866c-62a1-495c-bc52-049b0b0303fa req-ffb4866c-62a1-495c-bc52-049b0b0303fa ] Request (SecurityGroupRulesNegativeTestJSON:test_create_security_group_rule_with_invalid_to_port): 200 POST http://10.180.1.21/compute/v2.1/os-security-groups 3.583s
2024-10-15 19:04:30.321 60435 INFO tempest.lib.common.rest_client [req-5bcb885a-f111-44a3-b208-2da2fb55ac0a req-5bcb885a-f111-44a3-b208-2da2fb55ac0a ] Request (ValidationResourcesFixture:setUp): 201 POST http://10.180.1.21:9696/networking/v2.0/security-groups 0.480s
2024-10-15 19:04:30.341 60429 INFO tempest.lib.common.rest_client [req-91aa5496-596e-4eaa-aa43-1b7ce5b8c978 req-91aa5496-596e-4eaa-aa43-1b7ce5b8c978 ] Request (FloatingIPDetailsTestJSON:tearDownClass): 204 DELETE http://10.180.1.21:9696/networking/v2.0/security-groups/ac803261-0967-4c5d-ba95-ff06434c931a 0.582s
2024-10-15 19:04:30.415 60429 INFO tempest.lib.common.rest_client [req-d8490e2c-be8e-4154-8dab-c25d3dceadc2 req-d8490e2c-be8e-4154-8dab-c25d3dceadc2 ] Request (FloatingIPDetailsTestJSON:tearDownClass): 204 DELETE http://10.180.1.21/identity/v3/projects/566eec5d7daf4f9aac2954f0145b79ff 0.073s
2024-10-15 19:04:30.435 60441 INFO tempest.lib.common.rest_client [req-46b120f5-48be-423a-bf3a-0ebd3ac6427d req-46b120f5-48be-423a-bf3a-0ebd3ac6427d ] Request (VolumesAdminNegativeTest:tearDownClass): 204 DELETE http://10.180.1.21:9696/networking/v2.0/security-groups/e7667d23-cae3-449f-9a12-234b4fdc1519 0.625s
2024-10-15 19:04:30.463 60411 INFO tempest.lib.common.rest_client [req-8833eb09-9cf8-44e5-908a-41e141aaf7f2 req-8833eb09-9cf8-44e5-908a-41e141aaf7f2 ] Request (SecurityGroupsTestAdminJSON:tearDownClass): 200 GET http://10.180.1.21:9696/networking/v2.0/security-groups?tenant_id=28514667d4154c4f9d009b2e0b9ff828&name=default 0.362s
2024-10-15 19:04:30.486 60429 INFO tempest.lib.common.rest_client [req-877ab825-d216-4582-87c4-2e812df25914 req-877ab825-d216-4582-87c4-2e812df25914 ] Request (ServerRescueNegativeTestJSON:setUpClass): 201 POST http://10.180.1.21/identity/v3/auth/tokens 0.069s
2024-10-15 19:04:30.533 60434 INFO tempest.lib.common.rest_client [req-b4038c0f-0016-4b53-8535-101583ec062c req-b4038c0f-0016-4b53-8535-101583ec062c ] Request (SecurityGroupRulesTestJSON:test_security_group_rules_list): 200 POST http://10.180.1.21/compute/v2.1/os-security-group-rules 1.922s
2024-10-15 19:04:30.535 60413 INFO tempest.lib.common.rest_client [req-d4c556f1-b767-424e-99bb-8f2cfb03f290 req-d4c556f1-b767-424e-99bb-8f2cfb03f290 ] Request (VolumesNegativeTest:test_create_volume_with_size_zero): 400 POST http://10.180.1.21/compute/v2.1/os-volumes 1.622s
2024-10-15 19:04:30.549 60441 INFO tempest.lib.common.rest_client [req-645e5350-60ae-4e87-86b1-10d95d4989f7 req-645e5350-60ae-4e87-86b1-10d95d4989f7 ] Request (VolumesAdminNegativeTest:tearDownClass): 204 DELETE http://10.180.1.21/identity/v3/projects/50dbaf2b648e4be1b3ff29a18bab6e98 0.114s
2024-10-15 19:04:30.563 60429 INFO tempest.lib.common.rest_client [req-b9924bc5-8665-4c1a-ab8d-8a86b5bbfadf req-b9924bc5-8665-4c1a-ab8d-8a86b5bbfadf ] Request (ServerRescueNegativeTestJSON:setUpClass): 201 POST http://10.180.1.21/identity/v3/auth/tokens 0.074s
2024-10-15 19:04:30.575 60449 INFO tempest.lib.common.rest_client [req-42568b5f-5e3b-4db6-8e0d-4d1de97fc0c2 req-42568b5f-5e3b-4db6-8e0d-4d1de97fc0c2 ] Request (ImagesTestJSON:test_delete_saving_image): 204 DELETE http://10.180.1.21/compute/v2.1/servers/d725ec92-b70d-4567-8f9a-ac90a71066fc 1.796s
2024-10-15 19:04:30.582 60441 INFO tempest.lib.common.rest_client [req-d2b2667f-13aa-49ef-820b-4960f272cb36 req-d2b2667f-13aa-49ef-820b-4960f272cb36 ] Request (ServerRescueTestJSON:setUpClass): 201 POST http://10.180.1.21/identity/v3/auth/tokens 0.031s
2024-10-15 19:04:30.583 60429 INFO tempest.lib.common.rest_client [req-8bcab281-d1db-4646-9c1a-d124a8e36c05 req-8bcab281-d1db-4646-9c1a-d124a8e36c05 ] Request (ServerRescueNegativeTestJSON:setUpClass): 200 GET http://10.180.1.21/identity/v3/domains?name=Default 0.019s
2024-10-15 19:04:30.598 60405 INFO tempest.lib.common.rest_client [req-eeb29b6e-af7d-4341-9f67-7095ac248c76 req-eeb29b6e-af7d-4341-9f67-7095ac248c76 ] Request (HypervisorAdminNegativeUnderV252Test:test_show_servers_with_non_admin_user): 200 GET http://10.180.1.21/compute/v2.1/os-hypervisors 1.555s
2024-10-15 19:04:30.615 60429 INFO tempest.lib.common.rest_client [req-ae2ca4df-05b2-4992-aeda-24956c7b1545 req-ae2ca4df-05b2-4992-aeda-24956c7b1545 ] Request (ServerRescueNegativeTestJSON:setUpClass): 201 POST http://10.180.1.21/identity/v3/projects 0.031s
2024-10-15 19:04:30.618 60441 INFO tempest.lib.common.rest_client [req-649d6d40-c70d-42b4-a2c5-2ea2a6fe377b req-649d6d40-c70d-42b4-a2c5-2ea2a6fe377b ] Request (ServerRescueTestJSON:setUpClass): 201 POST http://10.180.1.21/identity/v3/auth/tokens 0.033s
2024-10-15 19:04:30.646 60437 INFO tempest.lib.common.rest_client [req-59582561-aba6-41a0-8a0c-0a103afc1356 req-59582561-aba6-41a0-8a0c-0a103afc1356 ] Request (ServersTestMultiNic:test_verify_duplicate_network_nics): 200 GET http://10.180.1.21/compute/v2.1/servers/474624ad-0060-410f-8a65-50f3fa3cc4d0 1.648s
2024-10-15 19:04:30.669 60395 INFO tempest.lib.common.rest_client [req-64a874d9-f26b-4a49-ae03-b3a29875a4f6 req-64a874d9-f26b-4a49-ae03-b3a29875a4f6 ] Request (AggregatesAdminNegativeTestJSON:_run_cleanups): 200 DELETE http://10.180.1.21/compute/v2.1/os-aggregates/7 1.392s
2024-10-15 19:04:30.675 60397 INFO tempest.lib.common.rest_client [req-9bc945f2-2d69-411e-bfeb-5ccd9344b8a2 req-9bc945f2-2d69-411e-bfeb-5ccd9344b8a2 ] Request (FlavorsV2TestJSON:test_list_flavors_detailed_using_marker): 200 GET http://10.180.1.21/compute/v2.1/flavors/42 1.383s
2024-10-15 19:04:30.676 60429 INFO tempest.lib.common.rest_client [req-d1656d17-37f1-4f72-8183-af94ad510aea req-d1656d17-37f1-4f72-8183-af94ad510aea ] Request (ServerRescueNegativeTestJSON:setUpClass): 201 POST http://10.180.1.21/identity/v3/users 0.060s
2024-10-15 19:04:30.685 60441 INFO tempest.lib.common.rest_client [req-5fedb0fc-541d-48f6-bdf6-443ccce0213e req-5fedb0fc-541d-48f6-bdf6-443ccce0213e ] Request (ServerRescueTestJSON:setUpClass): 200 GET http://10.180.1.21/identity/v3/domains?name=Default 0.067s
2024-10-15 19:04:30.687 60455 INFO tempest.lib.common.rest_client [req-7fc3c71e-4da0-4be0-952a-bc7c788beb7a req-7fc3c71e-4da0-4be0-952a-bc7c788beb7a ] Request (ListImageFiltersTestJSON:tearDownClass): 204 DELETE http://10.180.1.21:9696/networking/v2.0/security-groups/36dd3c31-055b-4244-b3aa-8024540424eb 0.420s
2024-10-15 19:04:30.705 60429 INFO tempest.lib.common.rest_client [req-110926cc-41b3-4f3f-a699-edb73a93cc7c req-110926cc-41b3-4f3f-a699-edb73a93cc7c ] Request (ServerRescueNegativeTestJSON:setUpClass): 200 GET http://10.180.1.21/identity/v3/roles 0.028s
2024-10-15 19:04:30.729 60441 INFO tempest.lib.common.rest_client [req-3d081a26-6623-4207-a520-65fa71b9e737 req-3d081a26-6623-4207-a520-65fa71b9e737 ] Request (ServerRescueTestJSON:setUpClass): 201 POST http://10.180.1.21/identity/v3/projects 0.043s
2024-10-15 19:04:30.752 60455 INFO tempest.lib.common.rest_client [req-b7d06f3b-9622-49d7-9cb7-9ef51fde9242 req-b7d06f3b-9622-49d7-9cb7-9ef51fde9242 ] Request (ListImageFiltersTestJSON:tearDownClass): 204 DELETE http://10.180.1.21/identity/v3/projects/0192d8eaac6247ca8439b8a0517de3dd 0.064s
2024-10-15 19:04:30.808 60429 INFO tempest.lib.common.rest_client [req-c7da2e5f-98fb-4707-bfb8-ad8a66b425c6 req-c7da2e5f-98fb-4707-bfb8-ad8a66b425c6 ] Request (ServerRescueNegativeTestJSON:setUpClass): 204 PUT http://10.180.1.21/identity/v3/projects/15c6dd50db8b44d190cdaaf8e69222da/users/38afd0b6a9a24556bd374e62b3363f3d/roles/19b8f69a385f4eef9d1fc89e4680c1f7 0.102s
2024-10-15 19:04:30.808 60429 INFO tempest.lib.common.dynamic_creds [-] Dynamic test user 38afd0b6a9a24556bd374e62b3363f3d is created with scope project and roles: ['member']
2024-10-15 19:04:30.809 60429 INFO tempest.lib.common.dynamic_creds [-] Acquired dynamic creds: credentials: Credentials: {'domain_id': 'default', 'domain_name': 'Default', 'username': 'tempest-ServerRescueNegativeTestJSON-1532022264-project-member', 'project_domain_id': 'default', 'project_domain_name': 'Default', 'project_id': '15c6dd50db8b44d190cdaaf8e69222da', 'project_name': 'tempest-ServerRescueNegativeTestJSON-1532022264', 'tenant_id': '15c6dd50db8b44d190cdaaf8e69222da', 'tenant_name': 'tempest-ServerRescueNegativeTestJSON-1532022264', 'user_domain_id': 'default', 'user_domain_name': 'Default', 'user_id': '38afd0b6a9a24556bd374e62b3363f3d', 'system': None}, Network: None, Subnet: None, Router: None
2024-10-15 19:04:30.815 60441 INFO tempest.lib.common.rest_client [req-22fa4f13-2a11-4672-bdf5-5a8be318edae req-22fa4f13-2a11-4672-bdf5-5a8be318edae ] Request (ServerRescueTestJSON:setUpClass): 201 POST http://10.180.1.21/identity/v3/users 0.085s
2024-10-15 19:04:30.817 60443 INFO tempest.lib.common.rest_client [req-02257e92-db25-4456-8bf7-c6f9b36506d2 req-02257e92-db25-4456-8bf7-c6f9b36506d2 ] Request (ImagesMetadataTestJSON:setUp): 200 PUT http://10.180.1.21/compute/v2.1/images/23bf21ab-28d5-4cf9-a68e-0b3f39a75ebd/metadata 1.727s
2024-10-15 19:04:30.865 60445 INFO tempest.lib.common.rest_client [req-58237785-b9d4-41e4-9927-dc09cd2a5e40 req-58237785-b9d4-41e4-9927-dc09cd2a5e40 ] Request (HypervisorAdminV253TestBase:test_list_show_detail_hypervisors): 200 GET http://10.180.1.21/compute/v2.1/os-hypervisors?with_servers=True 1.211s
2024-10-15 19:04:30.880 60429 INFO tempest.lib.common.rest_client [req-f3b98c4f-16cc-4089-8bb1-3a4c97aba30b req-f3b98c4f-16cc-4089-8bb1-3a4c97aba30b ] Request (ServerRescueNegativeTestJSON:setUpClass): 201 POST http://10.180.1.21/identity/v3/auth/tokens 0.070s
2024-10-15 19:04:30.886 60427 INFO tempest.lib.common.rest_client [req-79783242-9367-4ae9-8d4f-8cd92bf1c651 req-79783242-9367-4ae9-8d4f-8cd92bf1c651 ] Request (FlavorsAdminTestJSON:test_is_public_string_variations): 200 GET http://10.180.1.21/compute/v2.1/flavors/detail?is_public=t 1.077s
2024-10-15 19:04:30.889 60455 INFO tempest.lib.common.rest_client [req-09ef5544-406e-4e6b-a305-2f1de2efba76 req-09ef5544-406e-4e6b-a305-2f1de2efba76 ] Request (ServerShowV247Test:setUpClass): 201 POST http://10.180.1.21/identity/v3/auth/tokens 0.132s
2024-10-15 19:04:30.896 60441 INFO tempest.lib.common.rest_client [req-4a99b317-923e-4f1f-996b-79e5a32a58d4 req-4a99b317-923e-4f1f-996b-79e5a32a58d4 ] Request (ServerRescueTestJSON:setUpClass): 200 GET http://10.180.1.21/identity/v3/roles 0.081s
2024-10-15 19:04:30.925 60455 INFO tempest.lib.common.rest_client [req-b88ca8d6-da5d-4977-a9b4-d5218eacb985 req-b88ca8d6-da5d-4977-a9b4-d5218eacb985 ] Request (ServerShowV247Test:setUpClass): 201 POST http://10.180.1.21/identity/v3/auth/tokens 0.033s
2024-10-15 19:04:30.926 60425 INFO tempest.lib.common.rest_client [req-555c61bb-4a09-47a1-9e7f-2fe044225115 req-555c61bb-4a09-47a1-9e7f-2fe044225115 ] Request (FlavorsV261TestJSON:test_crud_flavor): 200 PUT http://10.180.1.21/compute/v2.1/flavors/1845726977 0.946s
2024-10-15 19:04:30.934 60441 INFO tempest.lib.common.rest_client [req-05ba8fc5-2cfa-4ec0-82d5-65010d3f18b4 req-05ba8fc5-2cfa-4ec0-82d5-65010d3f18b4 ] Request (ServerRescueTestJSON:setUpClass): 204 PUT http://10.180.1.21/identity/v3/projects/61a1fea64b51425d840cb421206a4191/users/ea6be32321a24a638ad7079b323457de/roles/19b8f69a385f4eef9d1fc89e4680c1f7 0.036s
2024-10-15 19:04:30.934 60441 INFO tempest.lib.common.dynamic_creds [-] Dynamic test user ea6be32321a24a638ad7079b323457de is created with scope project and roles: ['member']
2024-10-15 19:04:30.934 60441 INFO tempest.lib.common.dynamic_creds [-] Acquired dynamic creds: credentials: Credentials: {'domain_id': 'default', 'domain_name': 'Default', 'username': 'tempest-ServerRescueTestJSON-406518722-project-member', 'project_domain_id': 'default', 'project_domain_name': 'Default', 'project_id': '61a1fea64b51425d840cb421206a4191', 'project_name': 'tempest-ServerRescueTestJSON-406518722', 'tenant_id': '61a1fea64b51425d840cb421206a4191', 'tenant_name': 'tempest-ServerRescueTestJSON-406518722', 'user_domain_id': 'default', 'user_domain_name': 'Default', 'user_id': 'ea6be32321a24a638ad7079b323457de', 'system': None}, Network: None, Subnet: None, Router: None
2024-10-15 19:04:30.984 60455 INFO tempest.lib.common.rest_client [req-2f74d944-a94b-4519-869a-ba03c2983682 req-2f74d944-a94b-4519-869a-ba03c2983682 ] Request (ServerShowV247Test:setUpClass): 200 GET http://10.180.1.21/identity/v3/domains?name=Default 0.059s
2024-10-15 19:04:31.008 60441 INFO tempest.lib.common.rest_client [req-f52b40d8-de4b-4a01-af7b-d061cf602f99 req-f52b40d8-de4b-4a01-af7b-d061cf602f99 ] Request (ServerRescueTestJSON:setUpClass): 201 POST http://10.180.1.21/identity/v3/auth/tokens 0.073s
2024-10-15 19:04:31.035 60455 INFO tempest.lib.common.rest_client [req-126c02c2-c292-43d6-ac84-d3b1e23a763d req-126c02c2-c292-43d6-ac84-d3b1e23a763d ] Request (ServerShowV247Test:setUpClass): 201 POST http://10.180.1.21/identity/v3/projects 0.049s
2024-10-15 19:04:31.061 60399 INFO tempest.lib.common.rest_client [req-722efa07-7bad-4813-bf2b-5794a0fdc03c req-722efa07-7bad-4813-bf2b-5794a0fdc03c ] Request (ServerPasswordTestJSON:setUpClass): 201 POST http://10.180.1.21:9696/networking/v2.0/routers 3.759s
2024-10-15 19:04:31.094 60455 INFO tempest.lib.common.rest_client [req-a5642182-55cc-498b-9ab8-a8a3a43a73f4 req-a5642182-55cc-498b-9ab8-a8a3a43a73f4 ] Request (ServerShowV247Test:setUpClass): 201 POST http://10.180.1.21/identity/v3/users 0.059s
2024-10-15 19:04:31.112 60455 INFO tempest.lib.common.rest_client [req-f739ae2d-2832-4ebb-8be8-294cb6999321 req-f739ae2d-2832-4ebb-8be8-294cb6999321 ] Request (ServerShowV247Test:setUpClass): 200 GET http://10.180.1.21/identity/v3/roles 0.018s
2024-10-15 19:04:31.143 60455 INFO tempest.lib.common.rest_client [req-e3a2fa77-9779-464c-b5de-4fd24112a3de req-e3a2fa77-9779-464c-b5de-4fd24112a3de ] Request (ServerShowV247Test:setUpClass): 204 PUT http://10.180.1.21/identity/v3/projects/af6d8fe22e704a3aa476242b6f6ef896/users/4789db843a4c4dd298c1b998a782261a/roles/19b8f69a385f4eef9d1fc89e4680c1f7 0.030s
2024-10-15 19:04:31.143 60455 INFO tempest.lib.common.dynamic_creds [-] Dynamic test user 4789db843a4c4dd298c1b998a782261a is created with scope project and roles: ['member']
2024-10-15 19:04:31.144 60455 INFO tempest.lib.common.dynamic_creds [-] Acquired dynamic creds: credentials: Credentials: {'domain_id': 'default', 'domain_name': 'Default', 'username': 'tempest-ServerShowV247Test-916977799-project-member', 'project_domain_id': 'default', 'project_domain_name': 'Default', 'project_id': 'af6d8fe22e704a3aa476242b6f6ef896', 'project_name': 'tempest-ServerShowV247Test-916977799', 'tenant_id': 'af6d8fe22e704a3aa476242b6f6ef896', 'tenant_name': 'tempest-ServerShowV247Test-916977799', 'user_domain_id': 'default', 'user_domain_name': 'Default', 'user_id': '4789db843a4c4dd298c1b998a782261a', 'system': None}, Network: None, Subnet: None, Router: None
2024-10-15 19:04:31.144 60455 INFO tempest.lib.common.dynamic_creds [-] Created isolated network resources for: credentials: Credentials: {'domain_id': 'default', 'domain_name': 'Default', 'username': 'tempest-ServerShowV247Test-916977799-project-member', 'project_domain_id': 'default', 'project_domain_name': 'Default', 'project_id': 'af6d8fe22e704a3aa476242b6f6ef896', 'project_name': 'tempest-ServerShowV247Test-916977799', 'tenant_id': 'af6d8fe22e704a3aa476242b6f6ef896', 'tenant_name': 'tempest-ServerShowV247Test-916977799', 'user_domain_id': 'default', 'user_domain_name': 'Default', 'user_id': '4789db843a4c4dd298c1b998a782261a', 'system': None}, Network: None, Subnet: None, Router: None
2024-10-15 19:04:31.174 60447 INFO tempest.lib.common.rest_client [req-85a637df-da56-4fd4-b40f-3e4cc98f4111 req-85a637df-da56-4fd4-b40f-3e4cc98f4111 ] Request (SecurityGroupsTestJSON:test_list_security_groups_by_server): 200 GET http://10.180.1.21/compute/v2.1/servers/420fda1a-e63f-40d0-9017-02e47576a94a 1.135s
2024-10-15 19:04:31.191 60435 INFO tempest.lib.common.rest_client [req-9bd4ba02-3d07-4d3b-85b1-a9466a649c85 req-9bd4ba02-3d07-4d3b-85b1-a9466a649c85 ] Request (ValidationResourcesFixture:setUp): 201 POST http://10.180.1.21:9696/networking/v2.0/security-group-rules 0.870s
2024-10-15 19:04:31.219 60455 INFO tempest.lib.common.rest_client [req-d1c37dca-5d22-40ab-837b-4542aee48eb8 req-d1c37dca-5d22-40ab-837b-4542aee48eb8 ] Request (ServerShowV247Test:setUpClass): 201 POST http://10.180.1.21/identity/v3/auth/tokens 0.071s
2024-10-15 19:04:31.263 60455 INFO tempest.lib.common.rest_client [req-c2b6fa76-8da9-44d6-a210-465f41596784 req-c2b6fa76-8da9-44d6-a210-465f41596784 ] Request (ServerShowV247Test:setUpClass): 200 GET http://10.180.1.21/identity/v3/projects/af6d8fe22e704a3aa476242b6f6ef896 0.043s
2024-10-15 19:04:31.263 60455 INFO tempest.lib.common.dynamic_creds [-] Using the existing project af6d8fe22e704a3aa476242b6f6ef896 for scope project and roles: ['reader']
2024-10-15 19:04:31.292 60455 INFO tempest.lib.common.rest_client [req-c256eeca-e575-4170-8b3a-d7782f2436cb req-c256eeca-e575-4170-8b3a-d7782f2436cb ] Request (ServerShowV247Test:setUpClass): 201 POST http://10.180.1.21/identity/v3/users 0.028s
2024-10-15 19:04:31.313 60455 INFO tempest.lib.common.rest_client [req-5158d414-50ec-4e34-98ea-1e301bb429ef req-5158d414-50ec-4e34-98ea-1e301bb429ef ] Request (ServerShowV247Test:setUpClass): 200 GET http://10.180.1.21/identity/v3/roles 0.020s
2024-10-15 19:04:31.340 60455 INFO tempest.lib.common.rest_client [req-e96869f7-ded1-4056-9542-9ea965375783 req-e96869f7-ded1-4056-9542-9ea965375783 ] Request (ServerShowV247Test:setUpClass): 204 PUT http://10.180.1.21/identity/v3/projects/af6d8fe22e704a3aa476242b6f6ef896/users/9d1e02090e794d629d769598d519418e/roles/e55148009a0b4da887d1ccba33d4274e 0.026s
2024-10-15 19:04:31.340 60455 INFO tempest.lib.common.dynamic_creds [-] Dynamic test user 9d1e02090e794d629d769598d519418e is created with scope project and roles: ['reader']
2024-10-15 19:04:31.340 60455 INFO tempest.lib.common.dynamic_creds [-] Acquired dynamic creds: credentials: Credentials: {'domain_id': 'default', 'domain_name': 'Default', 'username': 'tempest-ServerShowV247Test-916977799-project-reader', 'project_domain_id': 'default', 'project_domain_name': 'Default', 'project_id': 'af6d8fe22e704a3aa476242b6f6ef896', 'project_name': 'tempest-ServerShowV247Test-916977799', 'tenant_id': 'af6d8fe22e704a3aa476242b6f6ef896', 'tenant_name': 'tempest-ServerShowV247Test-916977799', 'user_domain_id': 'default', 'user_domain_name': 'Default', 'user_id': '9d1e02090e794d629d769598d519418e', 'system': None}, Network: None, Subnet: None, Router: None
2024-10-15 19:04:31.340 60455 INFO tempest.lib.common.dynamic_creds [-] Network resources are not created for requested scope: project and credentials: Credentials: {'domain_id': 'default', 'domain_name': 'Default', 'username': 'tempest-ServerShowV247Test-916977799-project-reader', 'project_domain_id': 'default', 'project_domain_name': 'Default', 'project_id': 'af6d8fe22e704a3aa476242b6f6ef896', 'project_name': 'tempest-ServerShowV247Test-916977799', 'tenant_id': 'af6d8fe22e704a3aa476242b6f6ef896', 'tenant_name': 'tempest-ServerShowV247Test-916977799', 'user_domain_id': 'default', 'user_domain_name': 'Default', 'user_id': '9d1e02090e794d629d769598d519418e', 'system': None}, Network: None, Subnet: None, Router: None
2024-10-15 19:04:31.349 60423 INFO tempest.lib.common.rest_client [req-93b1b5de-1b93-4ff3-babd-0f9009314ebf req-93b1b5de-1b93-4ff3-babd-0f9009314ebf ] Request (SecurityGroupRulesNegativeTestJSON:test_create_security_group_rule_with_invalid_to_port): 400 POST http://10.180.1.21/compute/v2.1/os-security-group-rules 1.050s
2024-10-15 19:04:31.429 60455 INFO tempest.lib.common.rest_client [req-b7ea9c1e-3096-4b5d-a4da-446b8e613d9d req-b7ea9c1e-3096-4b5d-a4da-446b8e613d9d ] Request (ServerShowV247Test:setUpClass): 201 POST http://10.180.1.21/identity/v3/auth/tokens 0.084s
2024-10-15 19:04:31.441 60411 INFO tempest.lib.common.rest_client [req-881b8287-6b65-42ff-955a-db261abada55 req-881b8287-6b65-42ff-955a-db261abada55 ] Request (SecurityGroupsTestAdminJSON:tearDownClass): 204 DELETE http://10.180.1.21:9696/networking/v2.0/security-groups/8f778a6d-2ca7-466a-8585-0bbb4e90eba5 0.977s
2024-10-15 19:04:31.455 60431 INFO tempest.lib.common.rest_client [req-9c4de407-8df6-46ff-853d-cc7f4e67e80e req-9c4de407-8df6-46ff-853d-cc7f4e67e80e ] Request (InstanceActionsTestJSON:tearDownClass): 200 PUT http://10.180.1.21:9696/networking/v2.0/routers/371c9042-9c71-4ae9-a01e-d807a02b10be/remove_router_interface 3.863s
2024-10-15 19:04:31.498 60455 INFO tempest.lib.common.rest_client [req-0a2bccb4-0dfe-4808-9e8a-c4674109608a req-0a2bccb4-0dfe-4808-9e8a-c4674109608a ] Request (ServerShowV247Test:test_show_server): 201 POST http://10.180.1.21/identity/v3/auth/tokens 0.064s
2024-10-15 19:04:31.499 60455 INFO tempest.lib.common.fixed_network [-] (ServerShowV247Test:test_show_server) Found network None available for tenant
2024-10-15 19:04:31.540 60411 INFO tempest.lib.common.rest_client [req-d7e712d1-1f85-4319-ab65-5d4f2d7d93fe req-d7e712d1-1f85-4319-ab65-5d4f2d7d93fe ] Request (SecurityGroupsTestAdminJSON:tearDownClass): 204 DELETE http://10.180.1.21/identity/v3/projects/28514667d4154c4f9d009b2e0b9ff828 0.098s
