2024-10-15 19:03:56.256 60425 INFO tempest.lib.common.rest_client [req-d2fa432d-5f55-4989-8dc3-3f0e9391dff1 req-d2fa432d-5f55-4989-8dc3-3f0e9391dff1 ] Request (VolumesAssistedSnapshotsTest:_run_cleanups): 200 GET http://10.180.1.21/volume/v3/ee466d792dcb4f9d9a2567b99b7e0fcb/volumes/db389b0f-482d-4292-b89b-cb8c183c9dee 0.032s
2024-10-15 19:03:56.308 60415 INFO tempest.lib.common.rest_client [req-1673baa9-ca36-4fda-8aa0-d667e71b4804 req-1673baa9-ca36-4fda-8aa0-d667e71b4804 ] Request (ListServersNegativeTestJSON:setUpClass): 200 GET http://10.180.1.21/compute/v2.1/servers 3.776s
2024-10-15 19:03:56.327 60397 INFO tempest.lib.common.rest_client [req-c88bcd62-14f1-4903-b9d3-11aa0d78ff2c req-c88bcd62-14f1-4903-b9d3-11aa0d78ff2c ] Request (ServerExternalEventsTest:test_create_server_external_events): 404 GET http://10.180.1.21/compute/v2.1/servers/a514e44b-9214-4a83-aba0-4af32e95c94c 3.592s
2024-10-15 19:03:56.371 60429 INFO tempest.lib.common.rest_client [req-a6c1ad05-f79f-4730-9c5b-decba2b81cd8 req-a6c1ad05-f79f-4730-9c5b-decba2b81cd8 ] Request (FloatingIPDetailsTestJSON:test_get_floating_ip_details): 200 POST http://10.180.1.21/compute/v2.1/os-floating-ips 4.648s
2024-10-15 19:03:56.402 60449 INFO tempest.lib.common.rest_client [req-18ec9c03-6420-4a14-a29e-742dc5a01879 req-18ec9c03-6420-4a14-a29e-742dc5a01879 ] Request (ImagesTestJSON:test_create_image_from_suspended_server): 404 GET http://10.180.1.21/compute/v2.1/servers/d80cb5ce-2aaa-478d-85fa-23eabb8c9ad8 3.273s
2024-10-15 19:03:56.425 60397 INFO tempest.lib.common.rest_client [req-60fd63ec-2c8b-4dc4-99df-ed1d5fe6dca9 req-60fd63ec-2c8b-4dc4-99df-ed1d5fe6dca9 ] Request (ServerExternalEventsTest:tearDownClass): 204 DELETE http://10.180.1.21/identity/v3/users/046301c99b014721aec355958fbda09f 0.095s
2024-10-15 19:03:56.432 60453 INFO tempest.lib.common.rest_client [req-06495a56-7255-4d7a-ae7e-06c83a39b843 req-06495a56-7255-4d7a-ae7e-06c83a39b843 ] Request (FloatingIPsAssociationTestJSON:setUpClass): 404 GET http://10.180.1.21/compute/v2.1/servers/7b3fab69-c129-4abe-aa5a-1f873260df19 3.116s
2024-10-15 19:03:56.432 60453 INFO tempest.test [-] raised in FloatingIPsAssociationTestJSON.setUpClass. Invoking tearDownClass.
2024-10-15 19:03:56.463 60407 INFO tempest.lib.common.rest_client [req-f519e84c-782e-4226-a2d8-970118b9a827 req-f519e84c-782e-4226-a2d8-970118b9a827 ] Request (ServersTestBootFromVolume:setUpClass): 200 GET http://10.180.1.21/volume/v3/014614b1bb424ff39a35bf42aca87d8b/volumes/b616fd9d-c82f-4fa6-8cf6-6fe55c9dbf4f 0.040s
2024-10-15 19:03:56.479 60449 INFO tempest.lib.common.rest_client [req-127d7278-2f2a-4122-8c11-68871c7a1a38 req-127d7278-2f2a-4122-8c11-68871c7a1a38 ] Request (ImagesTestJSON:test_create_server_from_snapshot): 201 POST http://10.180.1.21/identity/v3/auth/tokens 0.071s
2024-10-15 19:03:56.479 60449 INFO tempest.lib.common.fixed_network [-] (ImagesTestJSON:test_create_server_from_snapshot) Found network {'id': 'b1f3f583-4e15-48fb-9ff4-61b3eb2d87d9', 'name': 'tempest-ImagesTestJSON-1302134094-network', 'tenant_id': '33983ea7f05b435da567e01fa0715162', 'admin_state_up': True, 'mtu': 8950, 'status': 'ACTIVE', 'subnets': [], 'shared': False, 'project_id': '33983ea7f05b435da567e01fa0715162', 'port_security_enabled': True, 'router:external': False, 'provider:network_type': 'vlan', 'provider:physical_network': 'default', 'provider:segmentation_id': 93, 'is_default': False, 'availability_zone_hints': [], 'availability_zones': [], 'ipv4_address_scope': None, 'ipv6_address_scope': None, 'description': '', 'tags': [], 'created_at': '2024-10-15T19:03:02Z', 'updated_at': '2024-10-15T19:03:02Z', 'revision_number': 1} available for tenant
2024-10-15 19:03:56.526 60397 INFO tempest.lib.common.rest_client [req-122b988f-54f2-4486-afa8-a699ed9acb94 req-122b988f-54f2-4486-afa8-a699ed9acb94 ] Request (ServerExternalEventsTest:tearDownClass): 204 DELETE http://10.180.1.21/identity/v3/users/7237b880deb448c4b5d201daa3d99ec7 0.100s
2024-10-15 19:03:56.619 60397 INFO tempest.lib.common.rest_client [req-93083d33-4b6f-4e03-9cca-768636721795 req-93083d33-4b6f-4e03-9cca-768636721795 ] Request (ServerExternalEventsTest:tearDownClass): 204 DELETE http://10.180.1.21/identity/v3/users/d3d529b457784a58915c90c92af4a80e 0.093s
2024-10-15 19:03:56.619 60397 INFO tempest.lib.common.dynamic_creds [-] Deleting project and security group for project: 0af9c0a61dd94976b07735922881ab68
2024-10-15 19:03:56.677 60447 INFO tempest.lib.common.rest_client [req-849d2b95-edd4-4b95-b662-c66e943c5b4e req-849d2b95-edd4-4b95-b662-c66e943c5b4e ] Request (QuotasAdminTestV236:test_get_updated_quotas): 200 GET http://10.180.1.21/compute/v2.1/os-quota-sets/0f1f2bfe042c4e80875752677fa55a1d/detail 3.078s
2024-10-15 19:03:56.688 60397 INFO tempest.lib.common.rest_client [req-cc1c6160-1d2e-4d15-ba5f-9e219e12cc39 req-cc1c6160-1d2e-4d15-ba5f-9e219e12cc39 ] Request (ServerExternalEventsTest:tearDownClass): 201 POST http://10.180.1.21/identity/v3/auth/tokens 0.068s
2024-10-15 19:03:56.748 60455 INFO tempest.lib.common.rest_client [req-58ea8be3-d439-467a-82d5-9770a1ca03ac req-58ea8be3-d439-467a-82d5-9770a1ca03ac ] Request (ListImageFiltersTestJSON:setUpClass): 202 POST http://10.180.1.21/compute/v2.1/servers 3.888s
2024-10-15 19:03:56.765 60447 INFO tempest.lib.common.rest_client [req-705b6d09-da98-4aa7-a743-55c574f39133 req-705b6d09-da98-4aa7-a743-55c574f39133 ] Request (QuotasAdminTestV236:test_get_updated_quotas): 200 GET http://10.180.1.21/identity/v3/domains?name=Default 0.084s
2024-10-15 19:03:56.777 60441 INFO tempest.lib.common.rest_client [req-3a82bcb1-7a73-4f62-b0b3-29c566573790 req-3a82bcb1-7a73-4f62-b0b3-29c566573790 ] Request (VolumesAdminNegativeTest:test_update_attached_volume_with_nonexistent_volume_in_uri): 200 GET http://10.180.1.21/compute/v2.1/servers/570f2695-73bf-433a-aac6-757a8c0cc2be 3.134s
2024-10-15 19:03:56.791 60447 INFO tempest.lib.common.rest_client [req-af943998-f099-449c-b8ab-d3c3ad554972 req-af943998-f099-449c-b8ab-d3c3ad554972 ] Request (QuotasAdminTestV236:test_get_updated_quotas): 201 POST http://10.180.1.21/identity/v3/users 0.025s
2024-10-15 19:03:56.799 60427 INFO tempest.lib.common.rest_client [req-e5711e2f-bdce-4f98-87b7-6facf655b3f6 req-e5711e2f-bdce-4f98-87b7-6facf655b3f6 ] Request (FlavorsAdminTestJSON:_run_cleanups): 200 GET http://10.180.1.21/compute/v2.1/flavors/detail 3.083s
2024-10-15 19:03:56.818 60447 INFO tempest.lib.common.rest_client [req-db7b8670-6d90-48f2-9931-9890510b654c req-db7b8670-6d90-48f2-9931-9890510b654c ] Request (QuotasAdminTestV236:test_get_updated_quotas): 200 GET http://10.180.1.21/identity/v3/domains?name=Default 0.027s
2024-10-15 19:03:56.820 60409 INFO tempest.lib.common.rest_client [req-bf343947-fbd1-4495-a50d-22e3414c79e2 req-bf343947-fbd1-4495-a50d-22e3414c79e2 ] Request (FloatingIPsTestJSON:_run_cleanups): 404 DELETE http://10.180.1.21/compute/v2.1/os-floating-ips/7699b407-7f33-40e1-b982-6912829a506c 3.133s
2024-10-15 19:03:56.917 60403 INFO tempest.lib.common.rest_client [req-3e769048-a6d0-4651-a492-b914a877eb59 req-3e769048-a6d0-4651-a492-b914a877eb59 ] Request (ImagesOneServerNegativeTestJSON:setUpClass): 201 POST http://10.180.1.21:9696/networking/v2.0/routers 2.100s
2024-10-15 19:03:57.027 60443 INFO tempest.lib.common.rest_client [req-8542af7c-e065-4520-a858-0e97b8715f7b req-8542af7c-e065-4520-a858-0e97b8715f7b ] Request (ImagesMetadataTestJSON:setUp): 200 PUT http://10.180.1.21/compute/v2.1/images/23bf21ab-28d5-4cf9-a68e-0b3f39a75ebd/metadata 3.125s
2024-10-15 19:03:57.038 60445 INFO tempest.lib.common.rest_client [req-d046c582-e6eb-48de-a430-1a673576ff09 req-d046c582-e6eb-48de-a430-1a673576ff09 ] Request (ServersWithSpecificFlavorTestJSON:_run_cleanups): 202 DELETE http://10.180.1.21/compute/v2.1/flavors/1595530083 2.788s
2024-10-15 19:03:57.280 60397 INFO tempest.lib.common.rest_client [req-5ff73dab-bf47-49d0-8569-b1d8b0e82287 req-5ff73dab-bf47-49d0-8569-b1d8b0e82287 ] Request (ServerExternalEventsTest:tearDownClass): 200 GET http://10.180.1.21:9696/networking/v2.0/security-groups?tenant_id=0af9c0a61dd94976b07735922881ab68&name=default 0.592s
2024-10-15 19:03:57.289 60425 INFO tempest.lib.common.rest_client [req-8af0c3be-0079-4754-85f4-6bf2a02c14da req-8af0c3be-0079-4754-85f4-6bf2a02c14da ] Request (VolumesAssistedSnapshotsTest:_run_cleanups): 404 GET http://10.180.1.21/volume/v3/ee466d792dcb4f9d9a2567b99b7e0fcb/volumes/db389b0f-482d-4292-b89b-cb8c183c9dee 0.021s
2024-10-15 19:03:57.377 60423 INFO tempest.lib.common.rest_client [req-27673702-9011-45ba-b6b4-c940a36aa798 req-27673702-9011-45ba-b6b4-c940a36aa798 ] Request (SecurityGroupRulesNegativeTestJSON:test_create_security_group_rule_duplicate): 400 POST http://10.180.1.21/compute/v2.1/os-security-group-rules 2.781s
2024-10-15 19:03:57.388 60417 INFO tempest.lib.common.rest_client [req-30606206-b7aa-45d2-831e-5005df13854d req-30606206-b7aa-45d2-831e-5005df13854d ] Request (ServersNegativeTestMultiTenantJSON:setUpClass): 200 PUT http://10.180.1.21:9696/networking/v2.0/routers/0a92e3c7-a119-4a13-96ac-263fe3ebdada/add_router_interface 2.563s
2024-10-15 19:03:57.388 60417 INFO tempest.lib.common.dynamic_creds [-] Created isolated network resources for: credentials: Credentials: {'domain_id': 'default', 'domain_name': 'Default', 'username': 'tempest-ServersNegativeTestMultiTenantJSON-947424472-project-member', 'project_domain_id': 'default', 'project_domain_name': 'Default', 'project_id': 'b214db3c7264484281f48e7ce4fbb160', 'project_name': 'tempest-ServersNegativeTestMultiTenantJSON-947424472', 'tenant_id': 'b214db3c7264484281f48e7ce4fbb160', 'tenant_name': 'tempest-ServersNegativeTestMultiTenantJSON-947424472', 'user_domain_id': 'default', 'user_domain_name': 'Default', 'user_id': 'd35a8e61392b4e3fb2a233d0c42cff55', 'system': None}, Network: {'id': '136fb9b8-57b3-49aa-bc1d-a332b3595257', 'name': 'tempest-ServersNegativeTestMultiTenantJSON-327618588-network', 'tenant_id': 'b214db3c7264484281f48e7ce4fbb160', 'admin_state_up': True, 'mtu': 8950, 'status': 'ACTIVE', 'subnets': [], 'shared': False, 'project_id': 'b214db3c7264484281f48e7ce4fbb160', 'port_security_enabled': True, 'router:external': False, 'provider:network_type': 'vlan', 'provider:physical_network': 'default', 'provider:segmentation_id': 227, 'is_default': False, 'availability_zone_hints': [], 'availability_zones': [], 'ipv4_address_scope': None, 'ipv6_address_scope': None, 'description': '', 'tags': [], 'created_at': '2024-10-15T19:03:51Z', 'updated_at': '2024-10-15T19:03:52Z', 'revision_number': 1}, Subnet: {'id': 'ba989b74-2110-4c6d-983b-43d701870a5c', 'name': 'tempest-ServersNegativeTestMultiTenantJSON-327618588-subnet', 'tenant_id': 'b214db3c7264484281f48e7ce4fbb160', 'network_id': '136fb9b8-57b3-49aa-bc1d-a332b3595257', 'ip_version': 4, 'subnetpool_id': None, 'enable_dhcp': True, 'ipv6_ra_mode': None, 'ipv6_address_mode': None, 'gateway_ip': '192.168.128.1', 'cidr': '192.168.128.0/28', 'allocation_pools': [{'start': '192.168.128.2', 'end': '192.168.128.14'}], 'host_routes': [], 'dns_nameservers': [], 'description': '', 'service_types': [], 'tags': [], 'created_at': '2024-10-15T19:03:52Z', 'updated_at': '2024-10-15T19:03:52Z', 'revision_number': 0, 'project_id': 'b214db3c7264484281f48e7ce4fbb160'}, Router: {'id': '0a92e3c7-a119-4a13-96ac-263fe3ebdada', 'name': 'tempest-ServersNegativeTestMultiTenantJSON-327618588-router', 'tenant_id': 'b214db3c7264484281f48e7ce4fbb160', 'admin_state_up': True, 'status': 'ACTIVE', 'external_gateway_info': {'network_id': '7581f2df-e725-4860-8377-2abe48457f14', 'external_fixed_ips': [{'subnet_id': 'c9f7934c-1fa6-4394-9488-fb4cabfaa053', 'ip_address': '10.180.180.152'}], 'enable_snat': True}, 'description': '', 'availability_zones': [], 'distributed': False, 'ha': False, 'availability_zone_hints': [], 'routes': [], 'flavor_id': None, 'tags': [], 'created_at': '2024-10-15T19:03:52Z', 'updated_at': '2024-10-15T19:03:53Z', 'revision_number': 2, 'project_id': 'b214db3c7264484281f48e7ce4fbb160'}
2024-10-15 19:03:57.462 60417 INFO tempest.lib.common.rest_client [req-a060789a-4518-4ece-a1d6-d94934f42489 req-a060789a-4518-4ece-a1d6-d94934f42489 ] Request (ServersNegativeTestMultiTenantJSON:setUpClass): 201 POST http://10.180.1.21/identity/v3/auth/tokens 0.069s
2024-10-15 19:03:57.501 60407 INFO tempest.lib.common.rest_client [req-7d2147b7-faba-44be-88f8-e8603be837bb req-7d2147b7-faba-44be-88f8-e8603be837bb ] Request (ServersTestBootFromVolume:setUpClass): 200 GET http://10.180.1.21/volume/v3/014614b1bb424ff39a35bf42aca87d8b/volumes/b616fd9d-c82f-4fa6-8cf6-6fe55c9dbf4f 0.027s
2024-10-15 19:03:57.512 60417 INFO tempest.lib.common.rest_client [req-2a05fb8d-0e8f-4531-9750-d2e266704337 req-2a05fb8d-0e8f-4531-9750-d2e266704337 ] Request (ServersNegativeTestMultiTenantJSON:setUpClass): 201 POST http://10.180.1.21/identity/v3/projects 0.049s
2024-10-15 19:03:57.581 60417 INFO tempest.lib.common.rest_client [req-4eab9feb-bf32-4834-beca-83f69f1458ba req-4eab9feb-bf32-4834-beca-83f69f1458ba ] Request (ServersNegativeTestMultiTenantJSON:setUpClass): 201 POST http://10.180.1.21/identity/v3/users 0.068s
2024-10-15 19:03:57.606 60417 INFO tempest.lib.common.rest_client [req-efe43e69-3c14-4912-b450-4b80503ccd98 req-efe43e69-3c14-4912-b450-4b80503ccd98 ] Request (ServersNegativeTestMultiTenantJSON:setUpClass): 200 GET http://10.180.1.21/identity/v3/roles 0.025s
2024-10-15 19:03:57.641 60411 INFO tempest.lib.common.rest_client [req-f4b1b11e-c808-46df-ae05-7a1e92b95172 req-f4b1b11e-c808-46df-ae05-7a1e92b95172 ] Request (SecurityGroupsTestAdminJSON:test_list_security_groups_list_all_tenants_filter): 200 POST http://10.180.1.21/compute/v2.1/os-security-groups 3.772s
2024-10-15 19:03:57.643 60417 INFO tempest.lib.common.rest_client [req-ef9d968d-e18f-4405-b395-6db952f64039 req-ef9d968d-e18f-4405-b395-6db952f64039 ] Request (ServersNegativeTestMultiTenantJSON:setUpClass): 204 PUT http://10.180.1.21/identity/v3/projects/52e2beae4cfd408091773d003c8683e3/users/71d580bc4cd64a2b98963136a9abcb30/roles/19b8f69a385f4eef9d1fc89e4680c1f7 0.036s
2024-10-15 19:03:57.643 60417 INFO tempest.lib.common.dynamic_creds [-] Dynamic test user 71d580bc4cd64a2b98963136a9abcb30 is created with scope project and roles: ['member']
2024-10-15 19:03:57.643 60417 INFO tempest.lib.common.dynamic_creds [-] Acquired dynamic creds: credentials: Credentials: {'domain_id': 'default', 'domain_name': 'Default', 'username': 'tempest-ServersNegativeTestMultiTenantJSON-100631380-project-member', 'project_domain_id': 'default', 'project_domain_name': 'Default', 'project_id': '52e2beae4cfd408091773d003c8683e3', 'project_name': 'tempest-ServersNegativeTestMultiTenantJSON-100631380', 'tenant_id': '52e2beae4cfd408091773d003c8683e3', 'tenant_name': 'tempest-ServersNegativeTestMultiTenantJSON-100631380', 'user_domain_id': 'default', 'user_domain_name': 'Default', 'user_id': '71d580bc4cd64a2b98963136a9abcb30', 'system': None}, Network: None, Subnet: None, Router: None
2024-10-15 19:03:57.652 60397 INFO tempest.lib.common.rest_client [req-6da3fa93-26ed-460c-9754-74e53e481e52 req-6da3fa93-26ed-460c-9754-74e53e481e52 ] Request (ServerExternalEventsTest:tearDownClass): 204 DELETE http://10.180.1.21:9696/networking/v2.0/security-groups/0f306c60-1039-4aa5-8fb7-730c4f84ad1e 0.372s
2024-10-15 19:03:57.738 60401 INFO tempest.lib.common.rest_client [req-98a29d7f-5556-4230-9315-5030d4bb4382 req-98a29d7f-5556-4230-9315-5030d4bb4382 ] Request (AttachInterfacesUnderV243Test:test_add_remove_fixed_ip): 200 GET http://10.180.1.21/compute/v2.1/servers/2f448ac7-9602-4f67-86d2-5a08f2e8073d 2.753s
2024-10-15 19:03:57.745 60434 INFO tempest.lib.common.rest_client [req-f51d4b48-fa83-4ee7-b31b-7ef10cd3d618 req-f51d4b48-fa83-4ee7-b31b-7ef10cd3d618 ] Request (SecurityGroupRulesTestJSON:test_security_group_rules_create_with_optional_group_id): 200 POST http://10.180.1.21/compute/v2.1/os-security-groups 2.833s
2024-10-15 19:03:57.758 60397 INFO tempest.lib.common.rest_client [req-e34c5e17-3de7-48f1-917a-e12ab2dc45f1 req-e34c5e17-3de7-48f1-917a-e12ab2dc45f1 ] Request (ServerExternalEventsTest:tearDownClass): 204 DELETE http://10.180.1.21/identity/v3/projects/0af9c0a61dd94976b07735922881ab68 0.105s
2024-10-15 19:03:57.759 60397 INFO tempest.lib.common.dynamic_creds [-] Deleting project and security group for project: fc3404f91f1e408bbee23851dcb3ae70
2024-10-15 19:03:57.772 60437 INFO tempest.lib.common.rest_client [req-e619ca88-e1a8-418e-8beb-6343e881616e req-e619ca88-e1a8-418e-8beb-6343e881616e ] Request (KeyPairsNegativeTestJSON:test_create_keypair_with_empty_public_key): 400 POST http://10.180.1.21/compute/v2.1/os-keypairs 2.725s
2024-10-15 19:03:57.780 60457 INFO tempest.lib.common.rest_client [req-f98b9a55-f092-410f-b58c-2be34e0b19aa req-f98b9a55-f092-410f-b58c-2be34e0b19aa ] Request (ImagesNegativeTestJSON:test_create_image_specify_uuid_35_characters_or_less): 404 POST http://10.180.1.21/compute/v2.1/servers/aaaaaaaaaaaaaaaaaaaaaaaaaaaaaaaaaaa/action 2.723s
2024-10-15 19:03:57.796 60405 INFO tempest.lib.common.rest_client [req-c603a789-c90f-40f2-887e-2c4ac63aff5b req-c603a789-c90f-40f2-887e-2c4ac63aff5b ] Request (FlavorsAccessNegativeTestJSON:_run_cleanups): 200 GET http://10.180.1.21/compute/v2.1/flavors/detail 2.723s
2024-10-15 19:03:57.808 60431 INFO tempest.lib.common.rest_client [req-8327d89f-99c1-4804-a467-2c85bda884a3 req-8327d89f-99c1-4804-a467-2c85bda884a3 ] Request (ListImagesTestJSON:test_list_images): 200 GET http://10.180.1.21/compute/v2.1/images 2.759s
2024-10-15 19:03:57.811 60395 INFO tempest.lib.common.rest_client [req-fa84b499-a92c-4a61-95e3-c5cdc9012267 req-fa84b499-a92c-4a61-95e3-c5cdc9012267 ] Request (AggregatesAdminNegativeTestJSON:test_aggregate_delete_with_invalid_id): 404 DELETE http://10.180.1.21/compute/v2.1/os-aggregates/-1 2.720s
2024-10-15 19:03:57.830 60413 INFO tempest.lib.common.rest_client [req-c2c4e06f-c762-4add-a979-b429884b2b6f req-c2c4e06f-c762-4add-a979-b429884b2b6f ] Request (ServersTestFqdnHostnames:tearDownClass): 202 DELETE http://10.180.1.21/compute/v2.1/os-keypairs/tempest-keypair-408934705 2.721s
2024-10-15 19:03:57.902 60451 INFO tempest.lib.common.rest_client [req-74fec147-50fe-4308-9492-988640e7b777 req-74fec147-50fe-4308-9492-988640e7b777 ] Request (ServerActionsTestOtherB:setUpClass): 200 GET http://10.180.1.21/compute/v2.1/servers/eeae9a99-e184-49ea-880f-0a429d893129 1.838s
2024-10-15 19:03:57.987 60399 INFO tempest.lib.common.rest_client [req-cbc0a868-0d4a-4f8f-8f58-849311095803 req-cbc0a868-0d4a-4f8f-8f58-849311095803 ] Request (ServerActionsTestJSON:setUpClass): 200 GET http://10.180.1.21/compute/v2.1/servers/12f98059-926e-4975-bb9f-140a81140a98 1.824s
2024-10-15 19:03:58.028 60397 INFO tempest.lib.common.rest_client [req-f35ca40e-575e-4bb9-aef1-0dc5592676dc req-f35ca40e-575e-4bb9-aef1-0dc5592676dc ] Request (ServerExternalEventsTest:tearDownClass): 200 GET http://10.180.1.21:9696/networking/v2.0/security-groups?tenant_id=fc3404f91f1e408bbee23851dcb3ae70&name=default 0.268s
2024-10-15 19:03:58.028 60435 INFO tempest.lib.common.rest_client [req-1361788c-9533-4d18-b353-0e5bbd909510 req-1361788c-9533-4d18-b353-0e5bbd909510 ] Request (ValidationResourcesFixture:setUp): 200 POST http://10.180.1.21/compute/v2.1/os-keypairs 1.935s
2024-10-15 19:03:58.084 60421 INFO tempest.lib.common.rest_client [req-f0fe636e-23c3-4369-a7e7-f15223e35d2d req-f0fe636e-23c3-4369-a7e7-f15223e35d2d ] Request (MigrationsAdminTest:test_resize_server_revert_deleted_flavor): 200 GET http://10.180.1.21/compute/v2.1/servers/98b02f09-e666-421c-9a7f-baa6aa8ed7f7 1.897s
2024-10-15 19:03:58.122 60415 INFO tempest.lib.common.rest_client [req-05a98ca8-a46f-4b75-9cd6-7f5032798912 req-05a98ca8-a46f-4b75-9cd6-7f5032798912 ] Request (ListServersNegativeTestJSON:setUpClass): 200 GET http://10.180.1.21/compute/v2.1/servers/8a43915f-0fb8-4bca-ac72-30d4799c4598 1.811s
2024-10-15 19:03:58.172 60413 INFO tempest.lib.common.rest_client [req-3758f42c-0e26-432c-9368-00a4373fe957 req-3758f42c-0e26-432c-9368-00a4373fe957 ] Request (ServersTestFqdnHostnames:tearDownClass): 204 DELETE http://10.180.1.21:9696/networking/v2.0/security-groups/526fe6e9-d3d3-4c54-9902-edd006017f3c 0.341s
2024-10-15 19:03:58.206 60413 INFO tempest.lib.common.rest_client [req-ee7ec0e8-800c-4664-9de6-d64482619542 req-ee7ec0e8-800c-4664-9de6-d64482619542 ] Request (ServersTestFqdnHostnames:tearDownClass): 404 GET http://10.180.1.21:9696/networking/v2.0/security-groups/526fe6e9-d3d3-4c54-9902-edd006017f3c 0.034s
2024-10-15 19:03:58.214 60419 INFO tempest.lib.common.rest_client [req-e47e4071-a669-4168-b4e7-75abe89962b6 req-e47e4071-a669-4168-b4e7-75abe89962b6 ] Request (InstanceActionsV221TestJSON:setUpClass): 201 POST http://10.180.1.21:9696/networking/v2.0/routers 2.305s
2024-10-15 19:03:58.342 60429 INFO tempest.lib.common.rest_client [req-3c6869dd-c7aa-4a9f-864a-cc1bad56538a req-3c6869dd-c7aa-4a9f-864a-cc1bad56538a ] Request (FloatingIPDetailsTestJSON:test_get_floating_ip_details): 200 GET http://10.180.1.21/compute/v2.1/os-floating-ips/af5fdb21-7edb-4d9b-9594-afe9549c1e16 1.969s
2024-10-15 19:03:58.417 60455 INFO tempest.lib.common.rest_client [req-d73cbc84-fff4-4d10-9465-710423d33195 req-d73cbc84-fff4-4d10-9465-710423d33195 ] Request (ListImageFiltersTestJSON:setUpClass): 200 GET http://10.180.1.21/compute/v2.1/servers/6803e9ad-3c77-4ab0-8330-52fd4c143539 1.667s
2024-10-15 19:03:58.433 60427 INFO tempest.lib.common.rest_client [req-0bd3bd3c-4de2-4b23-8814-d5c401d85b73 req-0bd3bd3c-4de2-4b23-8814-d5c401d85b73 ] Request (FlavorsAdminTestJSON:test_create_server_with_non_public_flavor): 200 POST http://10.180.1.21/compute/v2.1/flavors 1.628s
2024-10-15 19:03:58.452 60417 INFO tempest.lib.common.rest_client [req-735305d0-047b-4a02-9561-dfa13389171f req-735305d0-047b-4a02-9561-dfa13389171f ] Request (ServersNegativeTestMultiTenantJSON:setUpClass): 201 POST http://10.180.1.21:9696/networking/v2.0/networks 0.807s
2024-10-15 19:03:58.493 60435 INFO tempest.lib.common.rest_client [req-4f99a23d-ab95-4fbc-b993-0eb5d232dece req-4f99a23d-ab95-4fbc-b993-0eb5d232dece ] Request (ValidationResourcesFixture:setUp): 201 POST http://10.180.1.21:9696/networking/v2.0/security-groups 0.463s
2024-10-15 19:03:58.532 60397 INFO tempest.lib.common.rest_client [req-832abb9a-c378-446b-a9f0-471b63599faa req-832abb9a-c378-446b-a9f0-471b63599faa ] Request (ServerExternalEventsTest:tearDownClass): 204 DELETE http://10.180.1.21:9696/networking/v2.0/security-groups/3e18954f-b020-4b0a-a7b9-e3e2df3b6cfd 0.504s
2024-10-15 19:03:58.543 60407 INFO tempest.lib.common.rest_client [req-ee6e30b4-d914-4553-9158-4da594b397dd req-ee6e30b4-d914-4553-9158-4da594b397dd ] Request (ServersTestBootFromVolume:setUpClass): 200 GET http://10.180.1.21/volume/v3/014614b1bb424ff39a35bf42aca87d8b/volumes/b616fd9d-c82f-4fa6-8cf6-6fe55c9dbf4f 0.033s
2024-10-15 19:03:58.549 60407 INFO tempest.common.waiters [-] volume b616fd9d-c82f-4fa6-8cf6-6fe55c9dbf4f reached available after waiting for 19.549538 seconds
2024-10-15 19:03:58.575 60447 INFO tempest.lib.common.rest_client [req-f3d8d58e-d75f-4e92-b76a-d615132694a7 req-f3d8d58e-d75f-4e92-b76a-d615132694a7 ] Request (QuotasAdminTestV236:test_get_updated_quotas): 200 PUT http://10.180.1.21/compute/v2.1/os-quota-sets/0f1f2bfe042c4e80875752677fa55a1d?user_id=9c359d8c1df94aa9846f7890b830abb1 1.755s
2024-10-15 19:03:58.613 60443 INFO tempest.lib.common.rest_client [req-15614684-3c12-4b62-b64b-edfe44e2bc05 req-15614684-3c12-4b62-b64b-edfe44e2bc05 ] Request (ImagesMetadataTestJSON:test_get_image_metadata_item): 200 GET http://10.180.1.21/compute/v2.1/images/23bf21ab-28d5-4cf9-a68e-0b3f39a75ebd/metadata/os_distro 1.585s
2024-10-15 19:03:58.629 60445 INFO tempest.lib.common.rest_client [req-03ea47a2-8d02-4e68-b720-2d7b21083cff req-03ea47a2-8d02-4e68-b720-2d7b21083cff ] Request (ServersWithSpecificFlavorTestJSON:_run_cleanups): 200 GET http://10.180.1.21/compute/v2.1/flavors/detail 1.590s
2024-10-15 19:03:58.640 60425 INFO tempest.lib.common.rest_client [req-d3919afc-b6ee-4f26-a551-ca9209b3b666 req-d3919afc-b6ee-4f26-a551-ca9209b3b666 ] Request (VolumesAssistedSnapshotsTest:tearDownClass): 202 DELETE http://10.180.1.21/compute/v2.1/os-keypairs/tempest-keypair-376544409 1.346s
2024-10-15 19:03:58.683 60397 INFO tempest.lib.common.rest_client [req-949baddb-651d-4623-b8b4-c5840c607895 req-949baddb-651d-4623-b8b4-c5840c607895 ] Request (ServerExternalEventsTest:tearDownClass): 204 DELETE http://10.180.1.21/identity/v3/projects/fc3404f91f1e408bbee23851dcb3ae70 0.150s
2024-10-15 19:03:58.683 60397 INFO tempest.lib.common.dynamic_creds [-] Deleting project and security group for project: 19b6196b704b423d8fd9b21f23881c7b
2024-10-15 19:03:58.953 60435 INFO tempest.lib.common.rest_client [req-431d876f-04bb-406c-940a-c0d643ae5d6d req-431d876f-04bb-406c-940a-c0d643ae5d6d ] Request (ValidationResourcesFixture:setUp): 201 POST http://10.180.1.21:9696/networking/v2.0/security-group-rules 0.460s
2024-10-15 19:03:59.070 60425 INFO tempest.lib.common.rest_client [req-8dbdc596-2b77-4ee2-ab61-a86d0d3fb03a req-8dbdc596-2b77-4ee2-ab61-a86d0d3fb03a ] Request (VolumesAssistedSnapshotsTest:tearDownClass): 204 DELETE http://10.180.1.21:9696/networking/v2.0/security-groups/d9b1baf1-6a3e-4526-884e-ae90a9f5968f 0.429s
2024-10-15 19:03:59.112 60397 INFO tempest.lib.common.rest_client [req-582de3f6-fb28-4dc9-9c67-5152e446615e req-582de3f6-fb28-4dc9-9c67-5152e446615e ] Request (ServerExternalEventsTest:tearDownClass): 200 GET http://10.180.1.21:9696/networking/v2.0/security-groups?tenant_id=19b6196b704b423d8fd9b21f23881c7b&name=default 0.428s
2024-10-15 19:03:59.119 60425 INFO tempest.lib.common.rest_client [req-221f0c4c-eaab-45b7-a4c7-7a30a5f10a22 req-221f0c4c-eaab-45b7-a4c7-7a30a5f10a22 ] Request (VolumesAssistedSnapshotsTest:tearDownClass): 404 GET http://10.180.1.21:9696/networking/v2.0/security-groups/d9b1baf1-6a3e-4526-884e-ae90a9f5968f 0.048s
2024-10-15 19:03:59.143 60423 INFO tempest.lib.common.rest_client [req-6dc4315f-1b4e-479b-8acd-80d388e81470 req-6dc4315f-1b4e-479b-8acd-80d388e81470 ] Request (SecurityGroupRulesNegativeTestJSON:_run_cleanups): 202 DELETE http://10.180.1.21/compute/v2.1/os-security-group-rules/882f16d3-c2fa-4f96-a29d-7e9b7b325ac9 1.766s
2024-10-15 19:03:59.180 60453 INFO tempest.lib.common.rest_client [req-53ce5b62-ba45-4f34-b1ea-a8e049e79f66 req-53ce5b62-ba45-4f34-b1ea-a8e049e79f66 ] Request (FloatingIPsAssociationTestJSON:tearDownClass): 200 PUT http://10.180.1.21:9696/networking/v2.0/routers/f58a35ce-4d07-4ecb-bb9a-e987ec20cf8b/remove_router_interface 2.745s
2024-10-15 19:03:59.394 60449 INFO tempest.lib.common.rest_client [req-5d6cedec-fbbf-4fcc-93f0-1a8d332e2d5c req-5d6cedec-fbbf-4fcc-93f0-1a8d332e2d5c ] Request (ImagesTestJSON:test_create_server_from_snapshot): 202 POST http://10.180.1.21/compute/v2.1/servers 2.914s
2024-10-15 19:03:59.490 60413 INFO tempest.lib.common.rest_client [req-26002ab2-0607-4366-93f6-173f0ab8f7fa req-26002ab2-0607-4366-93f6-173f0ab8f7fa ] Request (ServersTestFqdnHostnames:tearDownClass): 204 DELETE http://10.180.1.21:9696/networking/v2.0/floatingips/6ac4a004-c591-447f-b5c4-5237b871746d 1.283s
2024-10-15 19:03:59.522 60435 INFO tempest.lib.common.rest_client [req-549932ce-a7f1-47ca-8581-cfd441e5c41c req-549932ce-a7f1-47ca-8581-cfd441e5c41c ] Request (ValidationResourcesFixture:setUp): 201 POST http://10.180.1.21:9696/networking/v2.0/security-group-rules 0.569s
2024-10-15 19:03:59.532 60397 INFO tempest.lib.common.rest_client [req-06149e19-25af-4719-9c60-a5ba24e875d5 req-06149e19-25af-4719-9c60-a5ba24e875d5 ] Request (ServerExternalEventsTest:tearDownClass): 204 DELETE http://10.180.1.21:9696/networking/v2.0/security-groups/ce7f8f07-3a02-4181-b9ac-2e569346e61a 0.419s
2024-10-15 19:03:59.619 60397 INFO tempest.lib.common.rest_client [req-48a6663f-be26-4049-87e3-030ebefe9fb4 req-48a6663f-be26-4049-87e3-030ebefe9fb4 ] Request (ServerExternalEventsTest:tearDownClass): 204 DELETE http://10.180.1.21/identity/v3/projects/19b6196b704b423d8fd9b21f23881c7b 0.086s
2024-10-15 19:03:59.642 60417 INFO tempest.lib.common.rest_client [req-118dbed0-1632-4b00-8de8-b117da4163dd req-118dbed0-1632-4b00-8de8-b117da4163dd ] Request (ServersNegativeTestMultiTenantJSON:setUpClass): 201 POST http://10.180.1.21:9696/networking/v2.0/subnets 1.189s
2024-10-15 19:03:59.685 60397 INFO tempest.lib.common.rest_client [req-71f97bf8-82d3-4939-bed8-ed02c6f87032 req-71f97bf8-82d3-4939-bed8-ed02c6f87032 ] Request (FlavorsV2TestJSON:setUpClass): 201 POST http://10.180.1.21/identity/v3/auth/tokens 0.063s
2024-10-15 19:03:59.718 60397 INFO tempest.lib.common.rest_client [req-d9ede0be-025d-4eba-90a4-9b2c53ff480d req-d9ede0be-025d-4eba-90a4-9b2c53ff480d ] Request (FlavorsV2TestJSON:setUpClass): 201 POST http://10.180.1.21/identity/v3/auth/tokens 0.031s
2024-10-15 19:03:59.738 60397 INFO tempest.lib.common.rest_client [req-8513f971-450f-4e9c-8f0e-e38f669318a4 req-8513f971-450f-4e9c-8f0e-e38f669318a4 ] Request (FlavorsV2TestJSON:setUpClass): 200 GET http://10.180.1.21/identity/v3/domains?name=Default 0.020s
2024-10-15 19:03:59.764 60411 INFO tempest.lib.common.rest_client [req-053a8d45-b66d-4b4f-8aee-f397a710f36d req-053a8d45-b66d-4b4f-8aee-f397a710f36d ] Request (SecurityGroupsTestAdminJSON:test_list_security_groups_list_all_tenants_filter): 200 POST http://10.180.1.21/compute/v2.1/os-security-groups 2.117s
2024-10-15 19:03:59.769 60397 INFO tempest.lib.common.rest_client [req-19d125b0-2be9-4e4f-9fb5-2c4da3e9a8f7 req-19d125b0-2be9-4e4f-9fb5-2c4da3e9a8f7 ] Request (FlavorsV2TestJSON:setUpClass): 201 POST http://10.180.1.21/identity/v3/projects 0.031s
2024-10-15 19:03:59.772 60437 INFO tempest.lib.common.rest_client [req-b05f968f-a690-47db-b638-38695e416eef req-b05f968f-a690-47db-b638-38695e416eef ] Request (KeyPairsNegativeTestJSON:test_create_keypair_with_long_keynames): 400 POST http://10.180.1.21/compute/v2.1/os-keypairs 1.997s
2024-10-15 19:03:59.776 60457 INFO tempest.lib.common.rest_client [req-a35ca5fd-f7ad-4251-a6fe-acafd90e4192 req-a35ca5fd-f7ad-4251-a6fe-acafd90e4192 ] Request (ImagesNegativeTestJSON:test_create_image_specify_uuid_37_characters_or_more): 404 POST http://10.180.1.21/compute/v2.1/servers/aaaaaaaaaaaaaaaaaaaaaaaaaaaaaaaaaaaaa/action 1.994s
2024-10-15 19:03:59.852 60397 INFO tempest.lib.common.rest_client [req-fabc4fb4-9f97-4b75-b00c-a68bddbb5681 req-fabc4fb4-9f97-4b75-b00c-a68bddbb5681 ] Request (FlavorsV2TestJSON:setUpClass): 201 POST http://10.180.1.21/identity/v3/users 0.082s
2024-10-15 19:03:59.871 60397 INFO tempest.lib.common.rest_client [req-06d1323d-f150-46fb-94a2-1a8681cba00f req-06d1323d-f150-46fb-94a2-1a8681cba00f ] Request (FlavorsV2TestJSON:setUpClass): 200 GET http://10.180.1.21/identity/v3/roles 0.019s
2024-10-15 19:03:59.888 60441 INFO tempest.lib.common.rest_client [req-3f38518e-d180-4578-be2b-ebdd738b00aa req-3f38518e-d180-4578-be2b-ebdd738b00aa ] Request (VolumesAdminNegativeTest:test_update_attached_volume_with_nonexistent_volume_in_uri): 200 GET http://10.180.1.21/compute/v2.1/servers/570f2695-73bf-433a-aac6-757a8c0cc2be 2.101s
2024-10-15 19:03:59.900 60405 INFO tempest.lib.common.rest_client [req-cef361b1-78dd-41d3-a143-e2ac88d7f947 req-cef361b1-78dd-41d3-a143-e2ac88d7f947 ] Request (FlavorsAccessNegativeTestJSON:test_remove_flavor_access_not_found): 200 POST http://10.180.1.21/compute/v2.1/flavors 2.097s
2024-10-15 19:03:59.909 60397 INFO tempest.lib.common.rest_client [req-8e04801f-9b2e-45ce-837e-e5603f320ed2 req-8e04801f-9b2e-45ce-837e-e5603f320ed2 ] Request (FlavorsV2TestJSON:setUpClass): 204 PUT http://10.180.1.21/identity/v3/projects/5d955d454fe94e6cb47e7d15213781d5/users/35f0f9766034422a9002a1ece7a6b752/roles/19b8f69a385f4eef9d1fc89e4680c1f7 0.036s
2024-10-15 19:03:59.909 60397 INFO tempest.lib.common.dynamic_creds [-] Dynamic test user 35f0f9766034422a9002a1ece7a6b752 is created with scope project and roles: ['member']
2024-10-15 19:03:59.909 60397 INFO tempest.lib.common.dynamic_creds [-] Acquired dynamic creds: credentials: Credentials: {'domain_id': 'default', 'domain_name': 'Default', 'username': 'tempest-FlavorsV2TestJSON-1850221295-project-member', 'project_domain_id': 'default', 'project_domain_name': 'Default', 'project_id': '5d955d454fe94e6cb47e7d15213781d5', 'project_name': 'tempest-FlavorsV2TestJSON-1850221295', 'tenant_id': '5d955d454fe94e6cb47e7d15213781d5', 'tenant_name': 'tempest-FlavorsV2TestJSON-1850221295', 'user_domain_id': 'default', 'user_domain_name': 'Default', 'user_id': '35f0f9766034422a9002a1ece7a6b752', 'system': None}, Network: None, Subnet: None, Router: None
2024-10-15 19:03:59.909 60397 INFO tempest.lib.common.dynamic_creds [-] Created isolated network resources for: credentials: Credentials: {'domain_id': 'default', 'domain_name': 'Default', 'username': 'tempest-FlavorsV2TestJSON-1850221295-project-member', 'project_domain_id': 'default', 'project_domain_name': 'Default', 'project_id': '5d955d454fe94e6cb47e7d15213781d5', 'project_name': 'tempest-FlavorsV2TestJSON-1850221295', 'tenant_id': '5d955d454fe94e6cb47e7d15213781d5', 'tenant_name': 'tempest-FlavorsV2TestJSON-1850221295', 'user_domain_id': 'default', 'user_domain_name': 'Default', 'user_id': '35f0f9766034422a9002a1ece7a6b752', 'system': None}, Network: None, Subnet: None, Router: None
2024-10-15 19:03:59.921 60395 INFO tempest.lib.common.rest_client [req-da4c3c4f-d468-4740-a3d5-6c6fc993ae45 req-da4c3c4f-d468-4740-a3d5-6c6fc993ae45 ] Request (AggregatesAdminNegativeTestJSON:test_aggregate_get_details_as_user): 200 POST http://10.180.1.21/compute/v2.1/os-aggregates 2.109s
2024-10-15 19:03:59.963 60431 INFO tempest.lib.common.rest_client [req-4173a503-6e52-482b-a3a2-a7870d0c4662 req-4173a503-6e52-482b-a3a2-a7870d0c4662 ] Request (ListImagesTestJSON:test_list_images_with_detail): 200 GET http://10.180.1.21/compute/v2.1/images/detail 2.151s
2024-10-15 19:03:59.993 60397 INFO tempest.lib.common.rest_client [req-68c1c2c2-2cc1-4948-8452-5985540156ab req-68c1c2c2-2cc1-4948-8452-5985540156ab ] Request (FlavorsV2TestJSON:setUpClass): 201 POST http://10.180.1.21/identity/v3/auth/tokens 0.081s
2024-10-15 19:04:00.089 60431 INFO tempest.lib.common.rest_client [req-b088281a-248b-407e-9b7d-1a6e08ce1ec1 req-b088281a-248b-407e-9b7d-1a6e08ce1ec1 ] Request (ListImagesTestJSON:tearDownClass): 204 DELETE http://10.180.1.21/identity/v3/users/2277cc0ef5d14cd38ba60afa379deaee 0.120s
2024-10-15 19:04:00.089 60431 INFO tempest.lib.common.dynamic_creds [-] Deleting project and security group for project: 3dabca5b7a2941368d6ff532bd4b0a9f
2024-10-15 19:04:00.106 60409 INFO tempest.lib.common.rest_client [req-44d441fb-8401-445b-bfa3-86a004125fe7 req-44d441fb-8401-445b-bfa3-86a004125fe7 ] Request (FloatingIPsTestJSON:tearDownClass): 200 PUT http://10.180.1.21:9696/networking/v2.0/routers/01020cc9-56d9-4eab-857c-e219ab29f472/remove_router_interface 3.282s
2024-10-15 19:04:00.166 60431 INFO tempest.lib.common.rest_client [req-bd8ab630-c03c-48fe-a462-f891bf83eb72 req-bd8ab630-c03c-48fe-a462-f891bf83eb72 ] Request (ListImagesTestJSON:tearDownClass): 201 POST http://10.180.1.21/identity/v3/auth/tokens 0.076s
2024-10-15 19:04:00.225 60451 INFO tempest.lib.common.rest_client [req-1331187a-6a6e-4d01-b466-31b91d1c25f0 req-1331187a-6a6e-4d01-b466-31b91d1c25f0 ] Request (ServerActionsTestOtherB:setUpClass): 204 DELETE http://10.180.1.21/compute/v2.1/servers/eeae9a99-e184-49ea-880f-0a429d893129 2.310s
2024-10-15 19:04:00.243 60425 INFO tempest.lib.common.rest_client [req-662aaaf2-38f1-411f-b6b4-aded4684e824 req-662aaaf2-38f1-411f-b6b4-aded4684e824 ] Request (VolumesAssistedSnapshotsTest:tearDownClass): 204 DELETE http://10.180.1.21:9696/networking/v2.0/floatingips/11c95f59-9dbb-4700-a503-322c410c5c3e 1.123s
2024-10-15 19:04:00.257 60425 INFO tempest.lib.common.rest_client [req-8835cf21-6803-4cb3-8063-a8ebf3a0dc94 req-8835cf21-6803-4cb3-8063-a8ebf3a0dc94 ] Request (VolumesAssistedSnapshotsTest:tearDownClass): 404 DELETE http://10.180.1.21/volume/v3/ee466d792dcb4f9d9a2567b99b7e0fcb/volumes/db389b0f-482d-4292-b89b-cb8c183c9dee 0.014s
2024-10-15 19:04:00.280 60425 INFO tempest.lib.common.rest_client [req-739823d2-1dda-426d-b526-322173fc5992 req-739823d2-1dda-426d-b526-322173fc5992 ] Request (VolumesAssistedSnapshotsTest:tearDownClass): 404 GET http://10.180.1.21/volume/v3/ee466d792dcb4f9d9a2567b99b7e0fcb/volumes/db389b0f-482d-4292-b89b-cb8c183c9dee 0.020s
2024-10-15 19:04:00.331 60434 INFO tempest.lib.common.rest_client [req-62c87a69-707f-4e0a-9c6e-5c2a565c858e req-62c87a69-707f-4e0a-9c6e-5c2a565c858e ] Request (SecurityGroupRulesTestJSON:test_security_group_rules_create_with_optional_group_id): 200 POST http://10.180.1.21/compute/v2.1/os-security-group-rules 2.583s
2024-10-15 19:04:00.333 60434 WARNING tempest.lib.common.rest_client [-] Deprecated: "tenant_id" property is deprecated for removal, use "project_id" instead
2024-10-15 19:04:00.466 60421 INFO tempest.lib.common.rest_client [req-2bc246aa-d992-4daf-9b28-5a9d9cd32ef0 req-2bc246aa-d992-4daf-9b28-5a9d9cd32ef0 ] Request (MigrationsAdminTest:test_resize_server_revert_deleted_flavor): 204 DELETE http://10.180.1.21/compute/v2.1/servers/98b02f09-e666-421c-9a7f-baa6aa8ed7f7 2.370s
2024-10-15 19:04:00.477 60427 INFO tempest.lib.common.rest_client [req-5c5b0c62-a9a9-46d1-aed3-97eb5b2911d6 req-5c5b0c62-a9a9-46d1-aed3-97eb5b2911d6 ] Request (FlavorsAdminTestJSON:test_create_server_with_non_public_flavor): 400 POST http://10.180.1.21/compute/v2.1/servers 2.042s
2024-10-15 19:04:00.596 60403 INFO tempest.lib.common.rest_client [req-bb45d6c7-4783-4048-b106-f17cae0fad03 req-bb45d6c7-4783-4048-b106-f17cae0fad03 ] Request (ImagesOneServerNegativeTestJSON:setUpClass): 200 PUT http://10.180.1.21:9696/networking/v2.0/routers/f2fe57b2-ac64-4eff-89f7-cdffbef4bb1c/add_router_interface 3.678s
2024-10-15 19:04:00.597 60403 INFO tempest.lib.common.dynamic_creds [-] Created isolated network resources for: credentials: Credentials: {'domain_id': 'default', 'domain_name': 'Default', 'username': 'tempest-ImagesOneServerNegativeTestJSON-1401557552-project-member', 'project_domain_id': 'default', 'project_domain_name': 'Default', 'project_id': '3061d75506904e208ae46aa0401ce317', 'project_name': 'tempest-ImagesOneServerNegativeTestJSON-1401557552', 'tenant_id': '3061d75506904e208ae46aa0401ce317', 'tenant_name': 'tempest-ImagesOneServerNegativeTestJSON-1401557552', 'user_domain_id': 'default', 'user_domain_name': 'Default', 'user_id': 'd1f0f3ba255c43c8adb5c1c9df54047c', 'system': None}, Network: {'id': '1e659d93-fb46-4ca8-becf-bdf515c0b19e', 'name': 'tempest-ImagesOneServerNegativeTestJSON-1202563853-network', 'tenant_id': '3061d75506904e208ae46aa0401ce317', 'admin_state_up': True, 'mtu': 8950, 'status': 'ACTIVE', 'subnets': [], 'shared': False, 'project_id': '3061d75506904e208ae46aa0401ce317', 'port_security_enabled': True, 'router:external': False, 'provider:network_type': 'vlan', 'provider:physical_network': 'default', 'provider:segmentation_id': 715, 'is_default': False, 'availability_zone_hints': [], 'availability_zones': [], 'ipv4_address_scope': None, 'ipv6_address_scope': None, 'description': '', 'tags': [], 'created_at': '2024-10-15T19:03:53Z', 'updated_at': '2024-10-15T19:03:53Z', 'revision_number': 1}, Subnet: {'id': '1e1b74f0-2104-4389-98c7-0cbedaa748bf', 'name': 'tempest-ImagesOneServerNegativeTestJSON-1202563853-subnet', 'tenant_id': '3061d75506904e208ae46aa0401ce317', 'network_id': '1e659d93-fb46-4ca8-becf-bdf515c0b19e', 'ip_version': 4, 'subnetpool_id': None, 'enable_dhcp': True, 'ipv6_ra_mode': None, 'ipv6_address_mode': None, 'gateway_ip': '192.168.128.1', 'cidr': '192.168.128.0/28', 'allocation_pools': [{'start': '192.168.128.2', 'end': '192.168.128.14'}], 'host_routes': [], 'dns_nameservers': [], 'description': '', 'service_types': [], 'tags': [], 'created_at': '2024-10-15T19:03:54Z', 'updated_at': '2024-10-15T19:03:54Z', 'revision_number': 0, 'project_id': '3061d75506904e208ae46aa0401ce317'}, Router: {'id': 'f2fe57b2-ac64-4eff-89f7-cdffbef4bb1c', 'name': 'tempest-ImagesOneServerNegativeTestJSON-1202563853-router', 'tenant_id': '3061d75506904e208ae46aa0401ce317', 'admin_state_up': True, 'status': 'ACTIVE', 'external_gateway_info': {'network_id': '7581f2df-e725-4860-8377-2abe48457f14', 'external_fixed_ips': [{'subnet_id': 'c9f7934c-1fa6-4394-9488-fb4cabfaa053', 'ip_address': '10.180.180.252'}], 'enable_snat': True}, 'description': '', 'availability_zones': [], 'distributed': False, 'ha': False, 'availability_zone_hints': [], 'routes': [], 'flavor_id': None, 'tags': [], 'created_at': '2024-10-15T19:03:54Z', 'updated_at': '2024-10-15T19:03:55Z', 'revision_number': 2, 'project_id': '3061d75506904e208ae46aa0401ce317'}
2024-10-15 19:04:00.668 60403 INFO tempest.lib.common.rest_client [req-917c8d48-37cb-4698-a4b4-1eda0718cd37 req-917c8d48-37cb-4698-a4b4-1eda0718cd37 ] Request (ImagesOneServerNegativeTestJSON:setUpClass): 201 POST http://10.180.1.21/identity/v3/auth/tokens 0.068s
2024-10-15 19:04:00.699 60403 INFO tempest.lib.common.rest_client [req-42411422-5ab4-4412-848c-4423a615a667 req-42411422-5ab4-4412-848c-4423a615a667 ] Request (ImagesOneServerNegativeTestJSON:setUpClass): 201 POST http://10.180.1.21/identity/v3/auth/tokens 0.028s
2024-10-15 19:04:00.699 60403 INFO tempest.lib.common.fixed_network [-] (ImagesOneServerNegativeTestJSON:setUpClass) Found network {'id': '1e659d93-fb46-4ca8-becf-bdf515c0b19e', 'name': 'tempest-ImagesOneServerNegativeTestJSON-1202563853-network', 'tenant_id': '3061d75506904e208ae46aa0401ce317', 'admin_state_up': True, 'mtu': 8950, 'status': 'ACTIVE', 'subnets': [], 'shared': False, 'project_id': '3061d75506904e208ae46aa0401ce317', 'port_security_enabled': True, 'router:external': False, 'provider:network_type': 'vlan', 'provider:physical_network': 'default', 'provider:segmentation_id': 715, 'is_default': False, 'availability_zone_hints': [], 'availability_zones': [], 'ipv4_address_scope': None, 'ipv6_address_scope': None, 'description': '', 'tags': [], 'created_at': '2024-10-15T19:03:53Z', 'updated_at': '2024-10-15T19:03:53Z', 'revision_number': 1} available for tenant
2024-10-15 19:04:00.768 60431 INFO tempest.lib.common.rest_client [req-0a84cae5-0f88-430c-9442-6217bc85db80 req-0a84cae5-0f88-430c-9442-6217bc85db80 ] Request (ListImagesTestJSON:tearDownClass): 200 GET http://10.180.1.21:9696/networking/v2.0/security-groups?tenant_id=3dabca5b7a2941368d6ff532bd4b0a9f&name=default 0.602s
2024-10-15 19:04:01.109 60431 INFO tempest.lib.common.rest_client [req-847f5c09-cbd6-4b90-bea9-f0a76272a568 req-847f5c09-cbd6-4b90-bea9-f0a76272a568 ] Request (ListImagesTestJSON:tearDownClass): 204 DELETE http://10.180.1.21:9696/networking/v2.0/security-groups/8112135c-591e-4adb-bca9-0f2aa973b610 0.340s
2024-10-15 19:04:01.176 60431 INFO tempest.lib.common.rest_client [req-aaa9ea4b-355f-4560-8d63-f78bc8219185 req-aaa9ea4b-355f-4560-8d63-f78bc8219185 ] Request (ListImagesTestJSON:tearDownClass): 204 DELETE http://10.180.1.21/identity/v3/projects/3dabca5b7a2941368d6ff532bd4b0a9f 0.066s
2024-10-15 19:04:01.228 60453 INFO tempest.lib.common.rest_client [req-54e110e2-87d3-43f1-9e06-262f26011c21 req-54e110e2-87d3-43f1-9e06-262f26011c21 ] Request (FloatingIPsAssociationTestJSON:tearDownClass): 204 DELETE http://10.180.1.21:9696/networking/v2.0/routers/f58a35ce-4d07-4ecb-bb9a-e987ec20cf8b 2.047s
2024-10-15 19:04:01.262 60431 INFO tempest.lib.common.rest_client [req-54b8dc98-ca62-42cf-9cfc-7d25a3294c1c req-54b8dc98-ca62-42cf-9cfc-7d25a3294c1c ] Request (InstanceActionsTestJSON:setUpClass): 201 POST http://10.180.1.21/identity/v3/auth/tokens 0.085s
2024-10-15 19:04:01.303 60431 INFO tempest.lib.common.rest_client [req-e97d2ed9-9a12-4716-9d0b-51bec4d211bd req-e97d2ed9-9a12-4716-9d0b-51bec4d211bd ] Request (InstanceActionsTestJSON:setUpClass): 201 POST http://10.180.1.21/identity/v3/auth/tokens 0.038s
2024-10-15 19:04:01.329 60431 INFO tempest.lib.common.rest_client [req-7c439afc-9707-4726-ad4a-656d495ab60f req-7c439afc-9707-4726-ad4a-656d495ab60f ] Request (InstanceActionsTestJSON:setUpClass): 200 GET http://10.180.1.21/identity/v3/domains?name=Default 0.025s
2024-10-15 19:04:01.369 60431 INFO tempest.lib.common.rest_client [req-5246cdd5-23ac-497c-b945-bcd49c1917c8 req-5246cdd5-23ac-497c-b945-bcd49c1917c8 ] Request (InstanceActionsTestJSON:setUpClass): 201 POST http://10.180.1.21/identity/v3/projects 0.040s
2024-10-15 19:04:01.430 60431 INFO tempest.lib.common.rest_client [req-06e9c633-4d80-41d6-af67-3347ed72f149 req-06e9c633-4d80-41d6-af67-3347ed72f149 ] Request (InstanceActionsTestJSON:setUpClass): 201 POST http://10.180.1.21/identity/v3/users 0.059s
2024-10-15 19:04:01.452 60431 INFO tempest.lib.common.rest_client [req-e2a689ed-d566-4196-b6c3-1248a1bbfb2d req-e2a689ed-d566-4196-b6c3-1248a1bbfb2d ] Request (InstanceActionsTestJSON:setUpClass): 200 GET http://10.180.1.21/identity/v3/roles 0.022s
2024-10-15 19:04:01.483 60431 INFO tempest.lib.common.rest_client [req-f6900e01-c927-49b4-b572-bd6a4cadd275 req-f6900e01-c927-49b4-b572-bd6a4cadd275 ] Request (InstanceActionsTestJSON:setUpClass): 204 PUT http://10.180.1.21/identity/v3/projects/062dcd982c334a62805cca0dd95df799/users/06ee0c79228e4650816b79b0fa68a6d9/roles/19b8f69a385f4eef9d1fc89e4680c1f7 0.030s
2024-10-15 19:04:01.483 60431 INFO tempest.lib.common.dynamic_creds [-] Dynamic test user 06ee0c79228e4650816b79b0fa68a6d9 is created with scope project and roles: ['member']
2024-10-15 19:04:01.483 60431 INFO tempest.lib.common.dynamic_creds [-] Acquired dynamic creds: credentials: Credentials: {'domain_id': 'default', 'domain_name': 'Default', 'username': 'tempest-InstanceActionsTestJSON-177862478-project-member', 'project_domain_id': 'default', 'project_domain_name': 'Default', 'project_id': '062dcd982c334a62805cca0dd95df799', 'project_name': 'tempest-InstanceActionsTestJSON-177862478', 'tenant_id': '062dcd982c334a62805cca0dd95df799', 'tenant_name': 'tempest-InstanceActionsTestJSON-177862478', 'user_domain_id': 'default', 'user_domain_name': 'Default', 'user_id': '06ee0c79228e4650816b79b0fa68a6d9', 'system': None}, Network: None, Subnet: None, Router: None
2024-10-15 19:04:01.554 60431 INFO tempest.lib.common.rest_client [req-91cde7b5-344d-49d3-a933-38cf0919987c req-91cde7b5-344d-49d3-a933-38cf0919987c ] Request (InstanceActionsTestJSON:setUpClass): 201 POST http://10.180.1.21/identity/v3/auth/tokens 0.070s
2024-10-15 19:04:01.617 60435 INFO tempest.lib.common.rest_client [req-9a9e1275-0bcf-4dc9-b09a-6edde7824f9e req-9a9e1275-0bcf-4dc9-b09a-6edde7824f9e ] Request (ValidationResourcesFixture:setUp): 201 POST http://10.180.1.21:9696/networking/v2.0/floatingips 2.094s
2024-10-15 19:04:01.689 60435 INFO tempest.lib.common.rest_client [req-103fdf53-9e38-425f-bda8-f55fa10f7a29 req-103fdf53-9e38-425f-bda8-f55fa10f7a29 ] Request (AttachInterfacesTestJSON:test_create_list_show_delete_interfaces_by_fixed_ip): 201 POST http://10.180.1.21/identity/v3/auth/tokens 0.068s
2024-10-15 19:04:01.689 60435 INFO tempest.lib.common.fixed_network [-] (AttachInterfacesTestJSON:test_create_list_show_delete_interfaces_by_fixed_ip) Found network {'id': 'cbd8f518-c531-4590-9ce0-8c8160c0e395', 'name': 'tempest-AttachInterfacesTestJSON-1396746562-network', 'tenant_id': '0be6718d0cbe4351a06b59576311c7f8', 'admin_state_up': True, 'mtu': 8950, 'status': 'ACTIVE', 'subnets': [], 'shared': False, 'project_id': '0be6718d0cbe4351a06b59576311c7f8', 'port_security_enabled': True, 'router:external': False, 'provider:network_type': 'vlan', 'provider:physical_network': 'default', 'provider:segmentation_id': 745, 'is_default': False, 'availability_zone_hints': [], 'availability_zones': [], 'ipv4_address_scope': None, 'ipv6_address_scope': None, 'description': '', 'tags': [], 'created_at': '2024-10-15T19:03:51Z', 'updated_at': '2024-10-15T19:03:51Z', 'revision_number': 1} available for tenant
2024-10-15 19:04:02.116 60453 INFO tempest.lib.common.rest_client [req-65b6f717-4e8d-4c54-97fe-7031a51bf81c req-65b6f717-4e8d-4c54-97fe-7031a51bf81c ] Request (FloatingIPsAssociationTestJSON:tearDownClass): 204 DELETE http://10.180.1.21:9696/networking/v2.0/subnets/050acd7a-9948-4ebc-918b-40d2893b2b5b 0.888s
2024-10-15 19:04:02.173 60419 INFO tempest.lib.common.rest_client [req-6e897461-4cb0-40a3-be76-1db36858b0eb req-6e897461-4cb0-40a3-be76-1db36858b0eb ] Request (InstanceActionsV221TestJSON:setUpClass): 200 PUT http://10.180.1.21:9696/networking/v2.0/routers/2583184f-9899-4611-b6c0-d1838f8483c3/add_router_interface 3.959s
