2024-10-15 19:05:27.004 60427 INFO tempest.lib.common.rest_client [req-db1abcc0-7ae8-4e6c-bdfa-7a1ead971cf8 req-db1abcc0-7ae8-4e6c-bdfa-7a1ead971cf8 ] Request (ServicesAdminNegativeTestJSON:tearDownClass): 204 DELETE http://10.180.1.21/identity/v3/users/9ca476c9b5e34a4fb1bf498e364d5a07 0.092s
2024-10-15 19:05:27.004 60427 INFO tempest.lib.common.dynamic_creds [-] Deleting project and security group for project: 2c8c5b81c0ac476f9d5ff4e8fb37aac1
2024-10-15 19:05:27.060 60435 INFO tempest.lib.common.rest_client [req-5f8f0098-05fa-44d2-a49e-f44aa6afd250 req-5f8f0098-05fa-44d2-a49e-f44aa6afd250 ] Request (AttachInterfacesTestJSON:test_reassign_port_between_servers): 200 GET http://10.180.1.21/compute/v2.1/servers/9614d3ee-0911-4b50-9875-93ef3f7f2b5f 1.517s
2024-10-15 19:05:27.075 60427 INFO tempest.lib.common.rest_client [req-080edf4c-e488-40db-a290-67c5471b6873 req-080edf4c-e488-40db-a290-67c5471b6873 ] Request (ServicesAdminNegativeTestJSON:tearDownClass): 201 POST http://10.180.1.21/identity/v3/auth/tokens 0.071s
2024-10-15 19:05:27.087 60457 INFO tempest.lib.common.rest_client [req-2d0d8382-0e49-4f4b-a676-8c2b0cbd9694 req-2d0d8382-0e49-4f4b-a676-8c2b0cbd9694 ] Request (ServerDiskConfigTestJSON:test_resize_server_from_auto_to_manual): 404 GET http://10.180.1.21/compute/v2.1/servers/43fbb2e2-b827-4fc0-aff4-886a26f4550e 1.263s
2024-10-15 19:05:27.122 60441 INFO tempest.lib.common.rest_client [req-cda1242d-1ebe-4912-a22d-74a397ba05d0 req-cda1242d-1ebe-4912-a22d-74a397ba05d0 ] Request (ExtensionsTest:tearDownClass): 200 GET http://10.180.1.21:9696/networking/v2.0/security-groups?tenant_id=e518e7bac3fa4174904e1ee1221cadd6&name=default 0.580s
2024-10-15 19:05:27.125 60437 INFO tempest.lib.common.rest_client [req-93eadca4-e533-4dbe-b99b-d61e3ae75acb req-93eadca4-e533-4dbe-b99b-d61e3ae75acb ] Request (DeleteServersTestJSON:setUpClass): 201 POST http://10.180.1.21:9696/networking/v2.0/subnets 0.828s
2024-10-15 19:05:27.180 60423 INFO tempest.lib.common.rest_client [req-26046d34-772b-42e5-87f9-fbb823e642de req-26046d34-772b-42e5-87f9-fbb823e642de ] Request (ServerActionsTestOtherA:setUpClass): 200 GET http://10.180.1.21/compute/v2.1/servers/ab6859e4-807d-4b5f-943b-6491ed211c75 1.541s
2024-10-15 19:05:27.182 60457 INFO tempest.lib.common.rest_client [req-bbe6e725-19eb-4ee8-8549-3ca11010334a req-bbe6e725-19eb-4ee8-8549-3ca11010334a ] Request (ServerDiskConfigTestJSON:test_resize_server_from_manual_to_auto): 201 POST http://10.180.1.21/identity/v3/auth/tokens 0.090s
2024-10-15 19:05:27.182 60457 INFO tempest.lib.common.fixed_network [-] (ServerDiskConfigTestJSON:test_resize_server_from_manual_to_auto) Found network {'id': '2d172404-3a32-462e-8693-f87c29d07262', 'name': 'tempest-ServerDiskConfigTestJSON-1623651732-network', 'tenant_id': '8d75debce2fd4b2492cc02aeb2fed7fc', 'admin_state_up': True, 'mtu': 8950, 'status': 'ACTIVE', 'subnets': [], 'shared': False, 'project_id': '8d75debce2fd4b2492cc02aeb2fed7fc', 'port_security_enabled': True, 'router:external': False, 'provider:network_type': 'vlan', 'provider:physical_network': 'default', 'provider:segmentation_id': 431, 'is_default': False, 'availability_zone_hints': [], 'availability_zones': [], 'ipv4_address_scope': None, 'ipv6_address_scope': None, 'description': '', 'tags': [], 'created_at': '2024-10-15T19:04:09Z', 'updated_at': '2024-10-15T19:04:09Z', 'revision_number': 1} available for tenant
2024-10-15 19:05:27.277 60409 INFO tempest.lib.common.rest_client [req-7c8bc3ce-5944-47a2-bb8f-3f0a9c3af42b req-7c8bc3ce-5944-47a2-bb8f-3f0a9c3af42b ] Request (ServerRescueTestJSONUnderV235:setUpClass): 200 GET http://10.180.1.21/compute/v2.1/servers/fc85402b-7fcc-4060-b16a-f82d70d6886b 1.390s
2024-10-15 19:05:27.283 60409 INFO tempest.common.waiters [-] State transition "BUILD/scheduling" ==> "ERROR/None" after 17 second wait
2024-10-15 19:05:27.332 60399 INFO tempest.lib.common.rest_client [req-ca122afc-70cc-4478-ac92-a52f58080dab req-ca122afc-70cc-4478-ac92-a52f58080dab ] Request (VolumesTestJSON:test_volume_list_param_limit): 200 GET http://10.180.1.21/compute/v2.1/os-volumes?limit=2 1.433s
2024-10-15 19:05:27.764 60441 INFO tempest.lib.common.rest_client [req-439f95fa-bab5-42d4-bacb-3e0a59a13f67 req-439f95fa-bab5-42d4-bacb-3e0a59a13f67 ] Request (ExtensionsTest:tearDownClass): 204 DELETE http://10.180.1.21:9696/networking/v2.0/security-groups/354cc69c-0bd1-4e81-b57f-034515f8589e 0.641s
2024-10-15 19:05:27.770 60427 INFO tempest.lib.common.rest_client [req-182128b6-e771-4374-8ad2-c780b567f1ef req-182128b6-e771-4374-8ad2-c780b567f1ef ] Request (ServicesAdminNegativeTestJSON:tearDownClass): 200 GET http://10.180.1.21:9696/networking/v2.0/security-groups?tenant_id=2c8c5b81c0ac476f9d5ff4e8fb37aac1&name=default 0.694s
2024-10-15 19:05:27.844 60441 INFO tempest.lib.common.rest_client [req-926ed107-8413-46b2-aba5-9d0c7fe80a1c req-926ed107-8413-46b2-aba5-9d0c7fe80a1c ] Request (ExtensionsTest:tearDownClass): 204 DELETE http://10.180.1.21/identity/v3/projects/e518e7bac3fa4174904e1ee1221cadd6 0.080s
2024-10-15 19:05:27.964 60447 INFO tempest.lib.common.rest_client [req-cb371f0b-124e-4b03-9ba9-f5686e33daea req-cb371f0b-124e-4b03-9ba9-f5686e33daea ] Request (SecurityGroupsTestJSON:test_server_security_groups): 200 GET http://10.180.1.21/compute/v2.1/servers/bd447698-8d52-4576-9d86-1a22e36bc3d5 1.875s
2024-10-15 19:05:28.038 60401 INFO tempest.lib.common.rest_client [req-6a6db73d-e99d-4ad0-bb34-3e86d28eee2a req-6a6db73d-e99d-4ad0-bb34-3e86d28eee2a ] Request (ServersAaction247Test:test_create_backup): 200 GET http://10.180.1.21/compute/v2.1/servers/946c73f8-1ed8-4180-a9d7-0b2970c4367e 1.941s
2024-10-15 19:05:28.081 60427 INFO tempest.lib.common.rest_client [req-3c196e52-89ff-4d3b-bb59-5608e42cb8de req-3c196e52-89ff-4d3b-bb59-5608e42cb8de ] Request (ServicesAdminNegativeTestJSON:tearDownClass): 204 DELETE http://10.180.1.21:9696/networking/v2.0/security-groups/dd3b36d5-227a-40dd-932e-19bd92c2edc0 0.310s
2024-10-15 19:05:28.149 60407 INFO tempest.lib.common.rest_client [req-cabc3d15-9535-42f7-bcd5-2feb4d99493f req-cabc3d15-9535-42f7-bcd5-2feb4d99493f ] Request (MultipleCreateTestJSON:test_multiple_create_with_reservation_return): 200 GET http://10.180.1.21/compute/v2.1/servers 1.949s
2024-10-15 19:05:28.171 60429 INFO tempest.lib.common.rest_client [req-2a4a4bd9-1dda-4302-8b63-a0fd1d9de061 req-2a4a4bd9-1dda-4302-8b63-a0fd1d9de061 ] Request (ServerRescueNegativeTestJSON:tearDownClass): 404 GET http://10.180.1.21/compute/v2.1/servers/e52a3adf-4654-43cd-8613-749277053ea8 1.581s
2024-10-15 19:05:28.194 60397 INFO tempest.lib.common.rest_client [req-04820ca4-0b8d-41a8-9b00-a2d4ce863ace req-04820ca4-0b8d-41a8-9b00-a2d4ce863ace ] Request (ListServerFiltersTestJSON:setUpClass): 404 GET http://10.180.1.21/compute/v2.1/servers/fd4ad598-3fa2-4a7a-9226-9cf9dba03ce2 1.482s
2024-10-15 19:05:28.194 60397 INFO tempest.test [-] raised in ListServerFiltersTestJSON.setUpClass. Invoking tearDownClass.
2024-10-15 19:05:28.213 60427 INFO tempest.lib.common.rest_client [req-857a992a-2c9b-4aea-b596-37c320b52b41 req-857a992a-2c9b-4aea-b596-37c320b52b41 ] Request (ServicesAdminNegativeTestJSON:tearDownClass): 204 DELETE http://10.180.1.21/identity/v3/projects/2c8c5b81c0ac476f9d5ff4e8fb37aac1 0.132s
2024-10-15 19:05:28.213 60427 INFO tempest.lib.common.dynamic_creds [-] Deleting project and security group for project: fe727ac0abc642c48f008e193fc8f9ba
2024-10-15 19:05:28.216 60395 INFO tempest.lib.common.rest_client [req-1b182cda-2c15-495a-a135-f2750e7df7b8 req-1b182cda-2c15-495a-a135-f2750e7df7b8 ] Request (VolumesSnapshotsTestJSON:_run_cleanups): 200 GET http://10.180.1.21/compute/v2.1/os-snapshots/d28a7fcf-e10f-4668-8453-33b85c93a824 1.469s
2024-10-15 19:05:28.218 60395 INFO tempest.common.waiters [-] snapshot d28a7fcf-e10f-4668-8453-33b85c93a824 reached available after waiting for 0.218342 seconds
2024-10-15 19:05:28.233 60443 INFO tempest.lib.common.rest_client [req-d7d84387-b00d-4fcc-93e8-f0c7b92da2b3 req-d7d84387-b00d-4fcc-93e8-f0c7b92da2b3 ] Request (KeyPairsV22TestJSON:_run_cleanups): 204 DELETE http://10.180.1.21/compute/v2.1/os-keypairs/tempest-keypair-1680353360 1.467s
2024-10-15 19:05:28.244 60415 INFO tempest.lib.common.rest_client [req-a50cd5cf-9374-4f43-a09a-0db3fd9ec741 req-a50cd5cf-9374-4f43-a09a-0db3fd9ec741 ] Request (AttachVolumeTestJSON:_run_cleanups): 202 DELETE http://10.180.1.21/compute/v2.1/os-keypairs/tempest-keypair-1162032713 1.462s
2024-10-15 19:05:28.269 60419 INFO tempest.lib.common.rest_client [req-04286880-fda9-4f78-826e-74ba0d7d7596 req-04286880-fda9-4f78-826e-74ba0d7d7596 ] Request (ServersNegativeTestJSON:setUpClass): 202 POST http://10.180.1.21/compute/v2.1/servers 2.412s
2024-10-15 19:05:28.382 60443 INFO tempest.lib.common.rest_client [req-db68917b-d0af-49ba-9687-68380abeb4e5 req-db68917b-d0af-49ba-9687-68380abeb4e5 ] Request (KeyPairsV22TestJSON:tearDownClass): 204 DELETE http://10.180.1.21/identity/v3/users/f880db18737d455994a19308e57d35ee 0.147s
2024-10-15 19:05:28.382 60443 INFO tempest.lib.common.dynamic_creds [-] Deleting project and security group for project: c17ddd960d9648698cd2f4b308acb40c
2024-10-15 19:05:28.397 60425 INFO tempest.lib.common.rest_client [req-a97a05fb-628d-45a5-9720-0eff8ff7a21f req-a97a05fb-628d-45a5-9720-0eff8ff7a21f ] Request (ServersAdminTestJSON:setUpClass): 200 GET http://10.180.1.21/compute/v2.1/servers/47d86b97-4bf1-40d4-b666-a530901d28dd 1.216s
2024-10-15 19:05:28.410 60425 INFO tempest.common.waiters [-] State transition "BUILD/spawning" ==> "ERROR/None" after 14 second wait
2024-10-15 19:05:28.476 60443 INFO tempest.lib.common.rest_client [req-ac7d8807-7a27-41cd-a149-fc41adc76ca7 req-ac7d8807-7a27-41cd-a149-fc41adc76ca7 ] Request (KeyPairsV22TestJSON:tearDownClass): 201 POST http://10.180.1.21/identity/v3/auth/tokens 0.094s
2024-10-15 19:05:28.643 60427 INFO tempest.lib.common.rest_client [req-e903275f-5b62-4ed5-b48b-4b1fb5179dc5 req-e903275f-5b62-4ed5-b48b-4b1fb5179dc5 ] Request (ServicesAdminNegativeTestJSON:tearDownClass): 200 GET http://10.180.1.21:9696/networking/v2.0/security-groups?tenant_id=fe727ac0abc642c48f008e193fc8f9ba&name=default 0.430s
2024-10-15 19:05:28.671 60409 INFO tempest.lib.common.rest_client [req-f9db4f26-2042-4819-8b03-2a4fed77bc99 req-f9db4f26-2042-4819-8b03-2a4fed77bc99 ] Request (ServerRescueTestJSONUnderV235:setUpClass): 204 DELETE http://10.180.1.21/compute/v2.1/servers/fc85402b-7fcc-4060-b16a-f82d70d6886b 1.387s
2024-10-15 19:05:28.899 60455 INFO tempest.lib.common.rest_client [req-f7eb2d5f-20de-4514-a0fc-843b65610710 req-f7eb2d5f-20de-4514-a0fc-843b65610710 ] Request (ServerShowV247Test:test_update_rebuild_list_server): 200 GET http://10.180.1.21/compute/v2.1/servers/b1361aa5-9bbd-4891-b74f-a0afd90b0bd6 1.575s
2024-10-15 19:05:28.938 60415 INFO tempest.lib.common.rest_client [req-2ca61d26-8511-43b8-b49f-2c9fc828b8df req-2ca61d26-8511-43b8-b49f-2c9fc828b8df ] Request (AttachVolumeTestJSON:_run_cleanups): 204 DELETE http://10.180.1.21:9696/networking/v2.0/security-groups/ee7a2ae9-bae8-4038-9c4e-852c9358725e 0.693s
2024-10-15 19:05:29.006 60445 INFO tempest.lib.common.rest_client [req-e03b5267-4c5a-43e2-9ae6-4361b58b1c8c req-e03b5267-4c5a-43e2-9ae6-4361b58b1c8c ] Request (ServerShowV254Test:test_rebuild_server): 200 GET http://10.180.1.21/compute/v2.1/servers/6c8194c3-68fd-4ffc-a0fa-f23c8935bee6 1.675s
2024-10-15 19:05:29.051 60415 INFO tempest.lib.common.rest_client [req-7ed910a9-cd02-4c6f-b159-e0e9367ab7a5 req-7ed910a9-cd02-4c6f-b159-e0e9367ab7a5 ] Request (AttachVolumeTestJSON:_run_cleanups): 404 GET http://10.180.1.21:9696/networking/v2.0/security-groups/ee7a2ae9-bae8-4038-9c4e-852c9358725e 0.113s
2024-10-15 19:05:29.063 60399 INFO tempest.lib.common.rest_client [req-dc757474-1822-450e-a3ad-00eed39def53 req-dc757474-1822-450e-a3ad-00eed39def53 ] Request (VolumesTestJSON:test_volume_list_param_offset_and_limit): 200 GET http://10.180.1.21/compute/v2.1/os-volumes 1.727s
2024-10-15 19:05:29.189 60411 INFO tempest.lib.common.rest_client [req-e137fc64-0a58-4019-9a3a-843a2c606036 req-e137fc64-0a58-4019-9a3a-843a2c606036 ] Request (ServerDiagnosticsV248Test:test_get_server_diagnostics): 200 GET http://10.180.1.21/compute/v2.1/servers/68545276-63f2-4baf-8110-d3cc71686682 1.744s
2024-10-15 19:05:29.289 60443 INFO tempest.lib.common.rest_client [req-8121210e-7f65-4d1f-9aca-50eea5d54ba3 req-8121210e-7f65-4d1f-9aca-50eea5d54ba3 ] Request (KeyPairsV22TestJSON:tearDownClass): 200 GET http://10.180.1.21:9696/networking/v2.0/security-groups?tenant_id=c17ddd960d9648698cd2f4b308acb40c&name=default 0.812s
2024-10-15 19:05:29.320 60427 INFO tempest.lib.common.rest_client [req-c902b2c3-2fc5-4715-8811-22802f52eb22 req-c902b2c3-2fc5-4715-8811-22802f52eb22 ] Request (ServicesAdminNegativeTestJSON:tearDownClass): 204 DELETE http://10.180.1.21:9696/networking/v2.0/security-groups/bb9150e1-31e4-4bea-b48f-3c02dcbcd664 0.675s
2024-10-15 19:05:29.381 60427 INFO tempest.lib.common.rest_client [req-371d4aab-fb9f-4680-b810-963638beb2fd req-371d4aab-fb9f-4680-b810-963638beb2fd ] Request (ServicesAdminNegativeTestJSON:tearDownClass): 204 DELETE http://10.180.1.21/identity/v3/projects/fe727ac0abc642c48f008e193fc8f9ba 0.061s
2024-10-15 19:05:29.439 60427 INFO tempest.lib.common.rest_client [req-78a51c39-8e0b-402a-bf36-f933770c1418 req-78a51c39-8e0b-402a-bf36-f933770c1418 ] Request (ServerAddressesNegativeTestJSON:setUpClass): 201 POST http://10.180.1.21/identity/v3/auth/tokens 0.055s
2024-10-15 19:05:29.475 60427 INFO tempest.lib.common.rest_client [req-4db422c0-2975-4172-8d80-13e3e607238f req-4db422c0-2975-4172-8d80-13e3e607238f ] Request (ServerAddressesNegativeTestJSON:setUpClass): 201 POST http://10.180.1.21/identity/v3/auth/tokens 0.034s
2024-10-15 19:05:29.496 60427 INFO tempest.lib.common.rest_client [req-b4df093c-2440-47fe-9420-7ba02fe2d7c2 req-b4df093c-2440-47fe-9420-7ba02fe2d7c2 ] Request (ServerAddressesNegativeTestJSON:setUpClass): 200 GET http://10.180.1.21/identity/v3/domains?name=Default 0.021s
2024-10-15 19:05:29.535 60427 INFO tempest.lib.common.rest_client [req-dd6b34c0-a83f-4520-b8d4-ae0763d6edf5 req-dd6b34c0-a83f-4520-b8d4-ae0763d6edf5 ] Request (ServerAddressesNegativeTestJSON:setUpClass): 201 POST http://10.180.1.21/identity/v3/projects 0.038s
2024-10-15 19:05:29.567 60449 INFO tempest.lib.common.rest_client [req-fcf45355-dc09-4896-b906-9839c4779e2c req-fcf45355-dc09-4896-b906-9839c4779e2c ] Request (ImagesOneServerTestJSON:setUpClass): 200 GET http://10.180.1.21/compute/v2.1/servers/35cae673-166d-4ffc-90fb-aee3bdfd1710 1.871s
2024-10-15 19:05:29.610 60427 INFO tempest.lib.common.rest_client [req-da82950b-5dc9-4e45-bb9f-39b6730d5d25 req-da82950b-5dc9-4e45-bb9f-39b6730d5d25 ] Request (ServerAddressesNegativeTestJSON:setUpClass): 201 POST http://10.180.1.21/identity/v3/users 0.074s
2024-10-15 19:05:29.642 60427 INFO tempest.lib.common.rest_client [req-2a09e09d-3096-498a-91bc-dec3f18ae7ab req-2a09e09d-3096-498a-91bc-dec3f18ae7ab ] Request (ServerAddressesNegativeTestJSON:setUpClass): 200 GET http://10.180.1.21/identity/v3/roles 0.031s
2024-10-15 19:05:29.661 60435 INFO tempest.lib.common.rest_client [req-6b059375-7b4f-477c-954a-e5f7548261d9 req-6b059375-7b4f-477c-954a-e5f7548261d9 ] Request (AttachInterfacesTestJSON:test_reassign_port_between_servers): 200 GET http://10.180.1.21/compute/v2.1/servers/9614d3ee-0911-4b50-9875-93ef3f7f2b5f 1.591s
2024-10-15 19:05:29.680 60427 INFO tempest.lib.common.rest_client [req-d4f0ca29-76bc-410f-b668-4b1adaa9a5f2 req-d4f0ca29-76bc-410f-b668-4b1adaa9a5f2 ] Request (ServerAddressesNegativeTestJSON:setUpClass): 204 PUT http://10.180.1.21/identity/v3/projects/6f134c1681d84701be4302e261857cd4/users/eda6000d3df643cda10b9c5f3688e714/roles/19b8f69a385f4eef9d1fc89e4680c1f7 0.038s
2024-10-15 19:05:29.680 60427 INFO tempest.lib.common.dynamic_creds [-] Dynamic test user eda6000d3df643cda10b9c5f3688e714 is created with scope project and roles: ['member']
2024-10-15 19:05:29.680 60427 INFO tempest.lib.common.dynamic_creds [-] Acquired dynamic creds: credentials: Credentials: {'domain_id': 'default', 'domain_name': 'Default', 'username': 'tempest-ServerAddressesNegativeTestJSON-1979938816-project-member', 'project_domain_id': 'default', 'project_domain_name': 'Default', 'project_id': '6f134c1681d84701be4302e261857cd4', 'project_name': 'tempest-ServerAddressesNegativeTestJSON-1979938816', 'tenant_id': '6f134c1681d84701be4302e261857cd4', 'tenant_name': 'tempest-ServerAddressesNegativeTestJSON-1979938816', 'user_domain_id': 'default', 'user_domain_name': 'Default', 'user_id': 'eda6000d3df643cda10b9c5f3688e714', 'system': None}, Network: None, Subnet: None, Router: None
2024-10-15 19:05:29.710 60421 INFO tempest.lib.common.rest_client [req-5ce48eb2-5b63-443a-9cc6-c4f87cf8f6c7 req-5ce48eb2-5b63-443a-9cc6-c4f87cf8f6c7 ] Request (AttachVolumeNegativeTest:setUpClass): 201 POST http://10.180.1.21:9696/networking/v2.0/routers 3.184s
2024-10-15 19:05:29.749 60427 INFO tempest.lib.common.rest_client [req-f08b0f91-8e8e-4d77-a003-7d94601e74bf req-f08b0f91-8e8e-4d77-a003-7d94601e74bf ] Request (ServerAddressesNegativeTestJSON:setUpClass): 201 POST http://10.180.1.21/identity/v3/auth/tokens 0.068s
2024-10-15 19:05:29.753 60443 INFO tempest.lib.common.rest_client [req-44231c04-c420-4b3e-ac24-1e7614d5235c req-44231c04-c420-4b3e-ac24-1e7614d5235c ] Request (KeyPairsV22TestJSON:tearDownClass): 204 DELETE http://10.180.1.21:9696/networking/v2.0/security-groups/74547ea5-71e2-4965-9ff6-d7a613d9471a 0.464s
2024-10-15 19:05:29.786 60407 INFO tempest.lib.common.rest_client [req-2f359da1-77a2-4d17-8390-8433b81369c4 req-2f359da1-77a2-4d17-8390-8433b81369c4 ] Request (MultipleCreateTestJSON:test_multiple_create_with_reservation_return): 200 GET http://10.180.1.21/compute/v2.1/servers/031e33fa-92ab-483b-ab38-ecf3bbfd1374 1.634s
2024-10-15 19:05:29.823 60457 INFO tempest.lib.common.rest_client [req-2516b778-14fe-4c02-8d78-70287e90db00 req-2516b778-14fe-4c02-8d78-70287e90db00 ] Request (ServerDiskConfigTestJSON:test_resize_server_from_manual_to_auto): 202 POST http://10.180.1.21/compute/v2.1/servers 2.640s
2024-10-15 19:05:29.849 60443 INFO tempest.lib.common.rest_client [req-87b71a08-b7b7-438e-a34d-dd84e82db8d1 req-87b71a08-b7b7-438e-a34d-dd84e82db8d1 ] Request (KeyPairsV22TestJSON:tearDownClass): 204 DELETE http://10.180.1.21/identity/v3/projects/c17ddd960d9648698cd2f4b308acb40c 0.095s
2024-10-15 19:05:29.909 60443 INFO tempest.lib.common.rest_client [req-0078eedb-61ed-46ad-b557-5f47d50b9163 req-0078eedb-61ed-46ad-b557-5f47d50b9163 ] Request (AttachInterfacesV270Test:setUpClass): 201 POST http://10.180.1.21/identity/v3/auth/tokens 0.057s
2024-10-15 19:05:29.945 60443 INFO tempest.lib.common.rest_client [req-6802f502-6a49-47b4-b8c3-65de5572ac01 req-6802f502-6a49-47b4-b8c3-65de5572ac01 ] Request (AttachInterfacesV270Test:setUpClass): 201 POST http://10.180.1.21/identity/v3/auth/tokens 0.033s
2024-10-15 19:05:29.967 60443 INFO tempest.lib.common.rest_client [req-dfb077f7-68d3-49e5-ada8-8c26d37dd476 req-dfb077f7-68d3-49e5-ada8-8c26d37dd476 ] Request (AttachInterfacesV270Test:setUpClass): 200 GET http://10.180.1.21/identity/v3/domains?name=Default 0.022s
2024-10-15 19:05:29.996 60443 INFO tempest.lib.common.rest_client [req-1c1140bb-6622-4abd-88ed-d1a37efd8cb1 req-1c1140bb-6622-4abd-88ed-d1a37efd8cb1 ] Request (AttachInterfacesV270Test:setUpClass): 201 POST http://10.180.1.21/identity/v3/projects 0.029s
2024-10-15 19:05:30.049 60443 INFO tempest.lib.common.rest_client [req-aae14232-7e56-4f89-95e7-c1009c4e0e85 req-aae14232-7e56-4f89-95e7-c1009c4e0e85 ] Request (AttachInterfacesV270Test:setUpClass): 201 POST http://10.180.1.21/identity/v3/users 0.052s
2024-10-15 19:05:30.072 60443 INFO tempest.lib.common.rest_client [req-12175bb1-71c8-4dfb-8f85-4cd099abd6e9 req-12175bb1-71c8-4dfb-8f85-4cd099abd6e9 ] Request (AttachInterfacesV270Test:setUpClass): 200 GET http://10.180.1.21/identity/v3/roles 0.022s
2024-10-15 19:05:30.104 60443 INFO tempest.lib.common.rest_client [req-d1be9c02-79a6-404a-af63-33f9ad4dc69b req-d1be9c02-79a6-404a-af63-33f9ad4dc69b ] Request (AttachInterfacesV270Test:setUpClass): 204 PUT http://10.180.1.21/identity/v3/projects/9006a4bc4174474685be249d8279d8af/users/123e67ee2c1e4c8ea8722caab267accc/roles/19b8f69a385f4eef9d1fc89e4680c1f7 0.032s
2024-10-15 19:05:30.104 60443 INFO tempest.lib.common.dynamic_creds [-] Dynamic test user 123e67ee2c1e4c8ea8722caab267accc is created with scope project and roles: ['member']
2024-10-15 19:05:30.105 60443 INFO tempest.lib.common.dynamic_creds [-] Acquired dynamic creds: credentials: Credentials: {'domain_id': 'default', 'domain_name': 'Default', 'username': 'tempest-AttachInterfacesV270Test-1136141756-project-member', 'project_domain_id': 'default', 'project_domain_name': 'Default', 'project_id': '9006a4bc4174474685be249d8279d8af', 'project_name': 'tempest-AttachInterfacesV270Test-1136141756', 'tenant_id': '9006a4bc4174474685be249d8279d8af', 'tenant_name': 'tempest-AttachInterfacesV270Test-1136141756', 'user_domain_id': 'default', 'user_domain_name': 'Default', 'user_id': '123e67ee2c1e4c8ea8722caab267accc', 'system': None}, Network: None, Subnet: None, Router: None
2024-10-15 19:05:30.171 60443 INFO tempest.lib.common.rest_client [req-13dc2db3-3037-40c7-afe4-ee824df678d6 req-13dc2db3-3037-40c7-afe4-ee824df678d6 ] Request (AttachInterfacesV270Test:setUpClass): 201 POST http://10.180.1.21/identity/v3/auth/tokens 0.066s
2024-10-15 19:05:30.290 60397 INFO tempest.lib.common.rest_client [req-7790c347-bacb-4ca2-b137-b8784bf89728 req-7790c347-bacb-4ca2-b137-b8784bf89728 ] Request (ListServerFiltersTestJSON:tearDownClass): 204 DELETE http://10.180.1.21/compute/v2.1/servers/c3e9f1b6-5feb-4d0a-ac70-67918b66fb0b 2.096s
2024-10-15 19:05:30.316 60423 INFO tempest.lib.common.rest_client [req-8f59ae26-cc86-404c-a1d5-1b68ba44562e req-8f59ae26-cc86-404c-a1d5-1b68ba44562e ] Request (ServerActionsTestOtherA:setUpClass): 200 GET http://10.180.1.21/compute/v2.1/servers/ab6859e4-807d-4b5f-943b-6491ed211c75 2.126s
2024-10-15 19:05:30.322 60415 INFO tempest.lib.common.rest_client [req-6415710c-d762-4854-8327-1585bb491dfd req-6415710c-d762-4854-8327-1585bb491dfd ] Request (AttachVolumeTestJSON:_run_cleanups): 204 DELETE http://10.180.1.21:9696/networking/v2.0/floatingips/9c573cc4-d251-4afe-b4aa-c7376016f08a 1.271s
2024-10-15 19:05:30.335 60395 INFO tempest.lib.common.rest_client [req-f2e4eb15-b029-47d0-bf61-b2cdc9289cf4 req-f2e4eb15-b029-47d0-bf61-b2cdc9289cf4 ] Request (VolumesSnapshotsTestJSON:_run_cleanups): 202 DELETE http://10.180.1.21/compute/v2.1/os-snapshots/d28a7fcf-e10f-4668-8453-33b85c93a824 2.116s
2024-10-15 19:05:30.427 60419 INFO tempest.lib.common.rest_client [req-b0377808-874e-4529-895a-961b3316e84d req-b0377808-874e-4529-895a-961b3316e84d ] Request (ServersNegativeTestJSON:setUpClass): 200 GET http://10.180.1.21/compute/v2.1/servers/ad70ab2b-17e2-4cf1-9411-272aec5bfb8a 2.156s
2024-10-15 19:05:30.472 60409 INFO tempest.lib.common.rest_client [req-ce5970ac-1334-41f3-8d9d-9311e5d040b3 req-ce5970ac-1334-41f3-8d9d-9311e5d040b3 ] Request (ServerRescueTestJSONUnderV235:setUpClass): 404 GET http://10.180.1.21/compute/v2.1/servers/fc85402b-7fcc-4060-b16a-f82d70d6886b 1.800s
2024-10-15 19:05:30.472 60409 INFO tempest.test [-] raised in ServerRescueTestJSONUnderV235.setUpClass. Invoking tearDownClass.
2024-10-15 19:05:30.534 60437 INFO tempest.lib.common.rest_client [req-7f757e61-2c53-46d6-bb10-a133055d2bb5 req-7f757e61-2c53-46d6-bb10-a133055d2bb5 ] Request (DeleteServersTestJSON:setUpClass): 201 POST http://10.180.1.21:9696/networking/v2.0/routers 3.409s
2024-10-15 19:05:30.568 60425 INFO tempest.lib.common.rest_client [req-14563d6f-fc2c-47cf-a93a-58a43be0b754 req-14563d6f-fc2c-47cf-a93a-58a43be0b754 ] Request (ServersAdminTestJSON:setUpClass): 204 DELETE http://10.180.1.21/compute/v2.1/servers/47d86b97-4bf1-40d4-b666-a530901d28dd 2.158s
2024-10-15 19:05:30.681 60401 INFO tempest.lib.common.rest_client [req-9a334477-f3f8-42a7-8c5d-eea8d9c641ab req-9a334477-f3f8-42a7-8c5d-eea8d9c641ab ] Request (ServersAaction247Test:test_create_backup): 200 GET http://10.180.1.21/compute/v2.1/servers/946c73f8-1ed8-4180-a9d7-0b2970c4367e 1.631s
2024-10-15 19:05:30.743 60399 INFO tempest.lib.common.rest_client [req-bf4691fa-7077-4337-a7fb-0bb7b20815b2 req-bf4691fa-7077-4337-a7fb-0bb7b20815b2 ] Request (VolumesTestJSON:test_volume_list_param_offset_and_limit): 200 GET http://10.180.1.21/compute/v2.1/os-volumes?offset=1&limit=1 1.677s
2024-10-15 19:05:30.806 60447 INFO tempest.lib.common.rest_client [req-0922767d-ee9d-4d9b-85c0-9290c7b0ee38 req-0922767d-ee9d-4d9b-85c0-9290c7b0ee38 ] Request (SecurityGroupsTestJSON:test_server_security_groups): 200 GET http://10.180.1.21/compute/v2.1/servers/bd447698-8d52-4576-9d86-1a22e36bc3d5 1.831s
2024-10-15 19:05:30.901 60457 INFO tempest.lib.common.rest_client [req-11ef96ab-6941-4fb8-9b93-550449831263 req-11ef96ab-6941-4fb8-9b93-550449831263 ] Request (ServerDiskConfigTestJSON:test_resize_server_from_manual_to_auto): 200 GET http://10.180.1.21/compute/v2.1/servers/1997b816-146a-460b-b55d-664e5e228759 1.076s
2024-10-15 19:05:30.909 60427 INFO tempest.lib.common.rest_client [req-5cbd088e-c9c2-4868-8aa5-a6fdd3c6737c req-5cbd088e-c9c2-4868-8aa5-a6fdd3c6737c ] Request (ServerAddressesNegativeTestJSON:setUpClass): 201 POST http://10.180.1.21:9696/networking/v2.0/networks 1.159s
2024-10-15 19:05:30.931 60455 INFO tempest.lib.common.rest_client [req-93875ccf-2bd9-4141-8e3c-908bf74e2657 req-93875ccf-2bd9-4141-8e3c-908bf74e2657 ] Request (ServerShowV247Test:test_update_rebuild_list_server): 200 GET http://10.180.1.21/compute/v2.1/servers/b1361aa5-9bbd-4891-b74f-a0afd90b0bd6 1.017s
2024-10-15 19:05:31.033 60445 INFO tempest.lib.common.rest_client [req-5d73c211-d2bd-475c-89ea-a6e306f320e2 req-5d73c211-d2bd-475c-89ea-a6e306f320e2 ] Request (ServerShowV254Test:test_rebuild_server): 200 GET http://10.180.1.21/compute/v2.1/servers/6c8194c3-68fd-4ffc-a0fa-f23c8935bee6 1.013s
2024-10-15 19:05:31.043 60411 INFO tempest.lib.common.rest_client [req-3d4fda7a-0308-4b25-94af-a984529e350f req-3d4fda7a-0308-4b25-94af-a984529e350f ] Request (ServerDiagnosticsV248Test:test_get_server_diagnostics): 200 GET http://10.180.1.21/compute/v2.1/servers/68545276-63f2-4baf-8110-d3cc71686682 0.843s
2024-10-15 19:05:31.050 60397 INFO tempest.lib.common.rest_client [req-06c883fe-055c-4582-9116-df6c3483bebb req-06c883fe-055c-4582-9116-df6c3483bebb ] Request (ListServerFiltersTestJSON:tearDownClass): 404 GET http://10.180.1.21/compute/v2.1/servers/c3e9f1b6-5feb-4d0a-ac70-67918b66fb0b 0.759s
2024-10-15 19:05:31.071 60395 INFO tempest.lib.common.rest_client [req-b4ea2afb-5eee-41e5-a13b-13cd60bc9b10 req-b4ea2afb-5eee-41e5-a13b-13cd60bc9b10 ] Request (VolumesSnapshotsTestJSON:_run_cleanups): 404 GET http://10.180.1.21/compute/v2.1/os-snapshots/d28a7fcf-e10f-4668-8453-33b85c93a824 0.735s
2024-10-15 19:05:31.085 60415 INFO tempest.lib.common.rest_client [req-b951af1b-1d59-4148-b81a-0a291a559417 req-b951af1b-1d59-4148-b81a-0a291a559417 ] Request (ValidationResourcesFixture:setUp): 200 POST http://10.180.1.21/compute/v2.1/os-keypairs 0.760s
2024-10-15 19:05:31.107 60425 INFO tempest.lib.common.rest_client [req-65b65e2b-be99-47af-96a3-4cdcc8734291 req-65b65e2b-be99-47af-96a3-4cdcc8734291 ] Request (ServersAdminTestJSON:setUpClass): 404 GET http://10.180.1.21/compute/v2.1/servers/47d86b97-4bf1-40d4-b666-a530901d28dd 0.539s
2024-10-15 19:05:31.107 60425 INFO tempest.test [-] raised in ServersAdminTestJSON.setUpClass. Invoking tearDownClass.
2024-10-15 19:05:31.194 60435 INFO tempest.lib.common.rest_client [req-d75c6239-39c1-4bda-81cc-a73ddb47afba req-d75c6239-39c1-4bda-81cc-a73ddb47afba ] Request (AttachInterfacesTestJSON:test_reassign_port_between_servers): 200 GET http://10.180.1.21/compute/v2.1/servers/9614d3ee-0911-4b50-9875-93ef3f7f2b5f 0.520s
2024-10-15 19:05:31.203 60435 INFO tempest.common.waiters [-] State transition "BUILD/spawning" ==> "ERROR/None" after 11 second wait
2024-10-15 19:05:31.248 60399 INFO tempest.lib.common.rest_client [req-b357bb65-b3ee-44e8-b2e2-457a3d833710 req-b357bb65-b3ee-44e8-b2e2-457a3d833710 ] Request (VolumesTestJSON:test_volume_list_with_detail_param_limit): 200 GET http://10.180.1.21/compute/v2.1/os-volumes/detail?limit=2 0.495s
2024-10-15 19:05:31.766 60443 INFO tempest.lib.common.rest_client [req-19727fe6-838b-4238-b9ec-890ba1082b14 req-19727fe6-838b-4238-b9ec-890ba1082b14 ] Request (AttachInterfacesV270Test:setUpClass): 201 POST http://10.180.1.21:9696/networking/v2.0/networks 1.594s
2024-10-15 19:05:31.786 60415 INFO tempest.lib.common.rest_client [req-3de229e7-0364-441e-aa50-bb386f40a8a5 req-3de229e7-0364-441e-aa50-bb386f40a8a5 ] Request (ValidationResourcesFixture:setUp): 201 POST http://10.180.1.21:9696/networking/v2.0/security-groups 0.698s
2024-10-15 19:05:31.869 60449 INFO tempest.lib.common.rest_client [req-4de26e27-b50f-44a5-968a-7a6adfbd1a36 req-4de26e27-b50f-44a5-968a-7a6adfbd1a36 ] Request (ImagesOneServerTestJSON:setUpClass): 200 GET http://10.180.1.21/compute/v2.1/servers/35cae673-166d-4ffc-90fb-aee3bdfd1710 1.294s
2024-10-15 19:05:32.070 60407 INFO tempest.lib.common.rest_client [req-c02a23f6-5767-450f-ac14-5e0fa5b61989 req-c02a23f6-5767-450f-ac14-5e0fa5b61989 ] Request (MultipleCreateTestJSON:test_multiple_create_with_reservation_return): 200 GET http://10.180.1.21/compute/v2.1/servers/031e33fa-92ab-483b-ab38-ecf3bbfd1374 1.271s
2024-10-15 19:05:32.079 60407 INFO tempest.common.waiters [-] State transition "BUILD/block_device_mapping" ==> "BUILD/spawning" after 3 second wait
2024-10-15 19:05:32.113 60397 INFO tempest.lib.common.rest_client [req-eecf216c-7d51-43dc-9d7d-118f0c50e11d req-eecf216c-7d51-43dc-9d7d-118f0c50e11d ] Request (ListServerFiltersTestJSON:tearDownClass): 204 DELETE http://10.180.1.21/compute/v2.1/servers/c9c2d371-978e-4037-ba78-9b44f40765bd 1.063s
2024-10-15 19:05:32.122 60395 INFO tempest.lib.common.rest_client [req-b3c1f0e2-daa9-44ef-afaf-3bdd0eedb4ff req-b3c1f0e2-daa9-44ef-afaf-3bdd0eedb4ff ] Request (VolumesSnapshotsTestJSON:_run_cleanups): 202 DELETE http://10.180.1.21/compute/v2.1/os-volumes/81e865dc-f8d8-4111-8d7d-26b629f71047 1.051s
2024-10-15 19:05:32.166 60429 INFO tempest.lib.common.rest_client [req-f48fe2e0-046e-4dbe-b215-f23c6f5c32b7 req-f48fe2e0-046e-4dbe-b215-f23c6f5c32b7 ] Request (ServerRescueNegativeTestJSON:tearDownClass): 200 PUT http://10.180.1.21:9696/networking/v2.0/routers/65032148-42ad-4b81-88b9-4025d8658223/remove_router_interface 3.994s
2024-10-15 19:05:32.352 60425 INFO tempest.lib.common.rest_client [req-f2733a1b-9ceb-4645-83f8-35f0596add1f req-f2733a1b-9ceb-4645-83f8-35f0596add1f ] Request (ServersAdminTestJSON:tearDownClass): 204 DELETE http://10.180.1.21/compute/v2.1/servers/e75afc9c-035c-4926-b72a-d570b5f2e6f0 1.244s
2024-10-15 19:05:32.400 60435 INFO tempest.lib.common.rest_client [req-72fc96b1-f0ab-45b6-95fd-d5c8400cdeee req-72fc96b1-f0ab-45b6-95fd-d5c8400cdeee ] Request (AttachInterfacesTestJSON:test_reassign_port_between_servers): 204 DELETE http://10.180.1.21/compute/v2.1/servers/9614d3ee-0911-4b50-9875-93ef3f7f2b5f 1.196s
2024-10-15 19:05:32.408 60399 INFO tempest.lib.common.rest_client [req-24ae814b-82db-4946-85bd-3edb0223931f req-24ae814b-82db-4946-85bd-3edb0223931f ] Request (VolumesTestJSON:test_volume_list_with_detail_param_offset_and_limit): 200 GET http://10.180.1.21/compute/v2.1/os-volumes/detail 1.157s
2024-10-15 19:05:32.410 60415 INFO tempest.lib.common.rest_client [req-846eced5-928e-4ac0-bd84-a5be89b3fe78 req-846eced5-928e-4ac0-bd84-a5be89b3fe78 ] Request (ValidationResourcesFixture:setUp): 201 POST http://10.180.1.21:9696/networking/v2.0/security-group-rules 0.624s
2024-10-15 19:05:32.515 60419 INFO tempest.lib.common.rest_client [req-0aaff547-3f9d-4827-a33e-873c68fc40fd req-0aaff547-3f9d-4827-a33e-873c68fc40fd ] Request (ServersNegativeTestJSON:setUpClass): 200 GET http://10.180.1.21/compute/v2.1/servers/ad70ab2b-17e2-4cf1-9411-272aec5bfb8a 1.075s
2024-10-15 19:05:32.521 60419 INFO tempest.common.waiters [-] State transition "BUILD/scheduling" ==> "BUILD/spawning" after 2 second wait
2024-10-15 19:05:32.553 60443 INFO tempest.lib.common.rest_client [req-d8153eb9-234d-4d6d-8eba-867625fe7604 req-d8153eb9-234d-4d6d-8eba-867625fe7604 ] Request (AttachInterfacesV270Test:setUpClass): 201 POST http://10.180.1.21:9696/networking/v2.0/subnets 0.786s
2024-10-15 19:05:32.623 60401 INFO tempest.lib.common.rest_client [req-03661176-364a-4494-8a80-5ad8eb77ad5e req-03661176-364a-4494-8a80-5ad8eb77ad5e ] Request (ServersAaction247Test:test_create_backup): 200 GET http://10.180.1.21/compute/v2.1/servers/946c73f8-1ed8-4180-a9d7-0b2970c4367e 0.928s
2024-10-15 19:05:32.722 60427 INFO tempest.lib.common.rest_client [req-e2d86797-f9a1-45ae-a118-504e540874b4 req-e2d86797-f9a1-45ae-a118-504e540874b4 ] Request (ServerAddressesNegativeTestJSON:setUpClass): 201 POST http://10.180.1.21:9696/networking/v2.0/subnets 1.812s
2024-10-15 19:05:33.025 60415 INFO tempest.lib.common.rest_client [req-22b5193b-a77f-4d04-9954-c528441a3ec7 req-22b5193b-a77f-4d04-9954-c528441a3ec7 ] Request (ValidationResourcesFixture:setUp): 201 POST http://10.180.1.21:9696/networking/v2.0/security-group-rules 0.614s
2024-10-15 19:05:33.182 60423 INFO tempest.lib.common.rest_client [req-e6e059c6-1a24-4857-a922-f2fc813822cf req-e6e059c6-1a24-4857-a922-f2fc813822cf ] Request (ServerActionsTestOtherA:setUpClass): 200 GET http://10.180.1.21/compute/v2.1/servers/ab6859e4-807d-4b5f-943b-6491ed211c75 1.855s
2024-10-15 19:05:33.270 60457 INFO tempest.lib.common.rest_client [req-bbe436de-3326-42b8-bff8-7c1891869272 req-bbe436de-3326-42b8-bff8-7c1891869272 ] Request (ServerDiskConfigTestJSON:test_resize_server_from_manual_to_auto): 200 GET http://10.180.1.21/compute/v2.1/servers/1997b816-146a-460b-b55d-664e5e228759 1.353s
2024-10-15 19:05:33.363 60455 INFO tempest.lib.common.rest_client [req-45016a18-c56b-435d-9504-5e5e1e5804ab req-45016a18-c56b-435d-9504-5e5e1e5804ab ] Request (ServerShowV247Test:test_update_rebuild_list_server): 200 GET http://10.180.1.21/compute/v2.1/servers/b1361aa5-9bbd-4891-b74f-a0afd90b0bd6 1.420s
2024-10-15 19:05:33.386 60447 INFO tempest.lib.common.rest_client [req-9771874a-27dd-445d-89a7-5a8b38eee5c6 req-9771874a-27dd-445d-89a7-5a8b38eee5c6 ] Request (SecurityGroupsTestJSON:test_server_security_groups): 200 GET http://10.180.1.21/compute/v2.1/servers/bd447698-8d52-4576-9d86-1a22e36bc3d5 1.568s
2024-10-15 19:05:33.477 60445 INFO tempest.lib.common.rest_client [req-a1b014c0-d23c-4cc3-9390-96bb590584c6 req-a1b014c0-d23c-4cc3-9390-96bb590584c6 ] Request (ServerShowV254Test:test_rebuild_server): 200 GET http://10.180.1.21/compute/v2.1/servers/6c8194c3-68fd-4ffc-a0fa-f23c8935bee6 1.431s
2024-10-15 19:05:33.493 60411 INFO tempest.lib.common.rest_client [req-c60c17a2-d6b8-4745-921e-d10ca3951e79 req-c60c17a2-d6b8-4745-921e-d10ca3951e79 ] Request (ServerDiagnosticsV248Test:test_get_server_diagnostics): 200 GET http://10.180.1.21/compute/v2.1/servers/68545276-63f2-4baf-8110-d3cc71686682 1.435s
2024-10-15 19:05:33.500 60397 INFO tempest.lib.common.rest_client [req-6efdedd1-b74f-428d-8315-68f471c79c58 req-6efdedd1-b74f-428d-8315-68f471c79c58 ] Request (ListServerFiltersTestJSON:tearDownClass): 404 GET http://10.180.1.21/compute/v2.1/servers/c9c2d371-978e-4037-ba78-9b44f40765bd 1.387s
2024-10-15 19:05:33.517 60425 INFO tempest.lib.common.rest_client [req-950cc355-fc53-44d8-b61a-23aa70153848 req-950cc355-fc53-44d8-b61a-23aa70153848 ] Request (ServersAdminTestJSON:tearDownClass): 404 GET http://10.180.1.21/compute/v2.1/servers/e75afc9c-035c-4926-b72a-d570b5f2e6f0 1.164s
2024-10-15 19:05:33.523 60395 INFO tempest.lib.common.rest_client [req-17cf1a5c-c969-4fdd-a2a8-1b411d74dc75 req-17cf1a5c-c969-4fdd-a2a8-1b411d74dc75 ] Request (VolumesSnapshotsTestJSON:_run_cleanups): 404 GET http://10.180.1.21/compute/v2.1/os-volumes/81e865dc-f8d8-4111-8d7d-26b629f71047 1.401s
2024-10-15 19:05:33.537 60435 INFO tempest.lib.common.rest_client [req-44d71d12-e8e1-4a70-ab96-9a1a0266a5b3 req-44d71d12-e8e1-4a70-ab96-9a1a0266a5b3 ] Request (AttachInterfacesTestJSON:test_reassign_port_between_servers): 404 GET http://10.180.1.21/compute/v2.1/servers/9614d3ee-0911-4b50-9875-93ef3f7f2b5f 1.137s
2024-10-15 19:05:33.581 60399 INFO tempest.lib.common.rest_client [req-71aa84ae-1d6c-45f4-ba50-cb25f4b082c3 req-71aa84ae-1d6c-45f4-ba50-cb25f4b082c3 ] Request (VolumesTestJSON:test_volume_list_with_detail_param_offset_and_limit): 200 GET http://10.180.1.21/compute/v2.1/os-volumes/detail?offset=1&limit=1 1.170s
2024-10-15 19:05:34.182 60449 INFO tempest.lib.common.rest_client [req-fce7339d-f11c-4105-8c2e-ebafb401f137 req-fce7339d-f11c-4105-8c2e-ebafb401f137 ] Request (ImagesOneServerTestJSON:setUpClass): 200 GET http://10.180.1.21/compute/v2.1/servers/35cae673-166d-4ffc-90fb-aee3bdfd1710 1.303s
2024-10-15 19:05:34.272 60407 INFO tempest.lib.common.rest_client [req-f1d2ae73-60cc-4b36-8979-6cddfc07ac4f req-f1d2ae73-60cc-4b36-8979-6cddfc07ac4f ] Request (MultipleCreateTestJSON:test_multiple_create_with_reservation_return): 200 GET http://10.180.1.21/compute/v2.1/servers/031e33fa-92ab-483b-ab38-ecf3bbfd1374 1.193s
2024-10-15 19:05:34.359 60429 INFO tempest.lib.common.rest_client [req-6bdf7d37-4dea-4314-b382-ef397dbeadd8 req-6bdf7d37-4dea-4314-b382-ef397dbeadd8 ] Request (ServerRescueNegativeTestJSON:tearDownClass): 204 DELETE http://10.180.1.21:9696/networking/v2.0/routers/65032148-42ad-4b81-88b9-4025d8658223 2.193s
2024-10-15 19:05:34.498 60457 INFO tempest.lib.common.rest_client [req-ac75e99c-481b-43f1-8124-7493c32f641e req-ac75e99c-481b-43f1-8124-7493c32f641e ] Request (ServerDiskConfigTestJSON:test_resize_server_from_manual_to_auto): 204 DELETE http://10.180.1.21/compute/v2.1/servers/1997b816-146a-460b-b55d-664e5e228759 1.222s
2024-10-15 19:05:34.525 60395 INFO tempest.lib.common.rest_client [req-17fa7088-c10b-4ca8-9cfd-e616f7144159 req-17fa7088-c10b-4ca8-9cfd-e616f7144159 ] Request (VolumesSnapshotsTestJSON:tearDownClass): 404 DELETE http://10.180.1.21/compute/v2.1/os-volumes/81e865dc-f8d8-4111-8d7d-26b629f71047 0.997s
2024-10-15 19:05:34.548 60397 INFO tempest.lib.common.rest_client [req-cdf21622-90c1-4dc9-bc31-fe7ba42556d5 req-cdf21622-90c1-4dc9-bc31-fe7ba42556d5 ] Request (ListServerFiltersTestJSON:tearDownClass): 204 DELETE http://10.180.1.21:9696/networking/v2.0/subnets/e407d045-01b2-49be-8675-34b49098d760 1.047s
2024-10-15 19:05:34.554 60435 INFO tempest.lib.common.rest_client [req-9e7693cd-1443-4583-8ed0-04cc2fd1a1a1 req-9e7693cd-1443-4583-8ed0-04cc2fd1a1a1 ] Request (AttachInterfacesTestJSON:_run_cleanups): 202 DELETE http://10.180.1.21/compute/v2.1/os-keypairs/tempest-keypair-409367283 1.015s
2024-10-15 19:05:34.610 60399 INFO tempest.lib.common.rest_client [req-2b00f0d5-a419-4988-8854-4d6d6c784956 req-2b00f0d5-a419-4988-8854-4d6d6c784956 ] Request (VolumesTestJSON:test_volume_list_with_details): 200 GET http://10.180.1.21/compute/v2.1/os-volumes/detail 1.026s
2024-10-15 19:05:34.655 60399 INFO tempest.lib.common.rest_client [req-99aa81f7-9f82-4a5f-9bde-18f6942d0b72 req-99aa81f7-9f82-4a5f-9bde-18f6942d0b72 ] Request (VolumesTestJSON:tearDownClass): 202 DELETE http://10.180.1.21/volume/v3/76efd9e4604e4accb6da713c789b97c8/volumes/bd5eff17-fdc6-4eec-92e4-e1fe892a6a05 0.033s
2024-10-15 19:05:34.688 60399 INFO tempest.lib.common.rest_client [req-46b55131-515b-492a-81c3-13b039e08b48 req-46b55131-515b-492a-81c3-13b039e08b48 ] Request (VolumesTestJSON:tearDownClass): 200 GET http://10.180.1.21/volume/v3/76efd9e4604e4accb6da713c789b97c8/volumes/bd5eff17-fdc6-4eec-92e4-e1fe892a6a05 0.033s
2024-10-15 19:05:34.728 60401 INFO tempest.lib.common.rest_client [req-c45f2bc5-1355-48fe-ac6b-cdcadc22dce3 req-c45f2bc5-1355-48fe-ac6b-cdcadc22dce3 ] Request (ServersAaction247Test:test_create_backup): 200 GET http://10.180.1.21/compute/v2.1/servers/946c73f8-1ed8-4180-a9d7-0b2970c4367e 1.096s
2024-10-15 19:05:34.837 60423 INFO tempest.lib.common.rest_client [req-68d4118b-abaf-46bb-aa00-7936308441ae req-68d4118b-abaf-46bb-aa00-7936308441ae ] Request (ServerActionsTestOtherA:setUpClass): 200 GET http://10.180.1.21/compute/v2.1/servers/ab6859e4-807d-4b5f-943b-6491ed211c75 0.645s
2024-10-15 19:05:34.872 60419 INFO tempest.lib.common.rest_client [req-ac178b4c-03a8-40e2-9b32-e7e91e33f47d req-ac178b4c-03a8-40e2-9b32-e7e91e33f47d ] Request (ServersNegativeTestJSON:setUpClass): 200 GET http://10.180.1.21/compute/v2.1/servers/ad70ab2b-17e2-4cf1-9411-272aec5bfb8a 1.349s
2024-10-15 19:05:34.946 60455 INFO tempest.lib.common.rest_client [req-4d0f72c0-7836-4dbb-a821-b04343e5816f req-4d0f72c0-7836-4dbb-a821-b04343e5816f ] Request (ServerShowV247Test:test_update_rebuild_list_server): 200 GET http://10.180.1.21/compute/v2.1/servers/b1361aa5-9bbd-4891-b74f-a0afd90b0bd6 0.565s
2024-10-15 19:05:34.982 60447 INFO tempest.lib.common.rest_client [req-8336bb2f-0cd8-46a6-8c51-1e7ec4f23a59 req-8336bb2f-0cd8-46a6-8c51-1e7ec4f23a59 ] Request (SecurityGroupsTestJSON:test_server_security_groups): 200 GET http://10.180.1.21/compute/v2.1/servers/bd447698-8d52-4576-9d86-1a22e36bc3d5 0.587s
2024-10-15 19:05:35.008 60457 INFO tempest.lib.common.rest_client [req-f3313da4-120b-4691-a952-441810ba35aa req-f3313da4-120b-4691-a952-441810ba35aa ] Request (ServerDiskConfigTestJSON:test_resize_server_from_manual_to_auto): 404 GET http://10.180.1.21/compute/v2.1/servers/1997b816-146a-460b-b55d-664e5e228759 0.509s
2024-10-15 19:05:35.050 60445 INFO tempest.lib.common.rest_client [req-c98777e2-2cad-452d-a9aa-656498fd9ee7 req-c98777e2-2cad-452d-a9aa-656498fd9ee7 ] Request (ServerShowV254Test:test_rebuild_server): 200 GET http://10.180.1.21/compute/v2.1/servers/6c8194c3-68fd-4ffc-a0fa-f23c8935bee6 0.560s
2024-10-15 19:05:35.069 60395 INFO tempest.lib.common.rest_client [req-fcccb5dd-4394-4288-a493-24a682008f62 req-fcccb5dd-4394-4288-a493-24a682008f62 ] Request (VolumesSnapshotsTestJSON:tearDownClass): 404 GET http://10.180.1.21/compute/v2.1/os-volumes/81e865dc-f8d8-4111-8d7d-26b629f71047 0.543s
2024-10-15 19:05:35.079 60457 INFO tempest.lib.common.rest_client [req-db1a7a4b-4109-4bef-8505-6238e2e29b07 req-db1a7a4b-4109-4bef-8505-6238e2e29b07 ] Request (ServerDiskConfigTestJSON:test_update_server_from_auto_to_manual): 201 POST http://10.180.1.21/identity/v3/auth/tokens 0.060s
2024-10-15 19:05:35.080 60457 INFO tempest.lib.common.fixed_network [-] (ServerDiskConfigTestJSON:test_update_server_from_auto_to_manual) Found network {'id': '2d172404-3a32-462e-8693-f87c29d07262', 'name': 'tempest-ServerDiskConfigTestJSON-1623651732-network', 'tenant_id': '8d75debce2fd4b2492cc02aeb2fed7fc', 'admin_state_up': True, 'mtu': 8950, 'status': 'ACTIVE', 'subnets': [], 'shared': False, 'project_id': '8d75debce2fd4b2492cc02aeb2fed7fc', 'port_security_enabled': True, 'router:external': False, 'provider:network_type': 'vlan', 'provider:physical_network': 'default', 'provider:segmentation_id': 431, 'is_default': False, 'availability_zone_hints': [], 'availability_zones': [], 'ipv4_address_scope': None, 'ipv6_address_scope': None, 'description': '', 'tags': [], 'created_at': '2024-10-15T19:04:09Z', 'updated_at': '2024-10-15T19:04:09Z', 'revision_number': 1} available for tenant
2024-10-15 19:05:35.113 60411 INFO tempest.lib.common.rest_client [req-3b1baea9-06d9-4e5d-8a4c-6f4bcb2d6e8b req-3b1baea9-06d9-4e5d-8a4c-6f4bcb2d6e8b ] Request (ServerDiagnosticsV248Test:test_get_server_diagnostics): 200 GET http://10.180.1.21/compute/v2.1/servers/68545276-63f2-4baf-8110-d3cc71686682 0.609s
2024-10-15 19:05:35.138 60395 INFO tempest.lib.common.rest_client [req-0de054c4-6ee1-4cb8-9404-475a8b5f8bf8 req-0de054c4-6ee1-4cb8-9404-475a8b5f8bf8 ] Request (VolumesSnapshotsTestJSON:tearDownClass): 204 DELETE http://10.180.1.21/identity/v3/users/13a5ea28b2454e9183db3d6bccb2cb75 0.069s
2024-10-15 19:05:35.139 60395 INFO tempest.lib.common.dynamic_creds [-] Deleting project and security group for project: 100b62b868f54e6bbd54129265b2136a
2024-10-15 19:05:35.193 60395 INFO tempest.lib.common.rest_client [req-2121f61e-d28f-4d8f-b6d5-71f3103b33b4 req-2121f61e-d28f-4d8f-b6d5-71f3103b33b4 ] Request (VolumesSnapshotsTestJSON:tearDownClass): 201 POST http://10.180.1.21/identity/v3/auth/tokens 0.054s
2024-10-15 19:05:35.636 60435 INFO tempest.lib.common.rest_client [req-1b791575-6ce9-434d-9b49-e9692c9936fa req-1b791575-6ce9-434d-9b49-e9692c9936fa ] Request (AttachInterfacesTestJSON:_run_cleanups): 204 DELETE http://10.180.1.21:9696/networking/v2.0/security-groups/54c0cecf-2765-446e-a13f-475eefdd0219 1.081s
2024-10-15 19:05:35.709 60399 INFO tempest.lib.common.rest_client [req-9f4048b1-f4b0-424f-b77f-5752f26b5fe0 req-9f4048b1-f4b0-424f-b77f-5752f26b5fe0 ] Request (VolumesTestJSON:tearDownClass): 404 GET http://10.180.1.21/volume/v3/76efd9e4604e4accb6da713c789b97c8/volumes/bd5eff17-fdc6-4eec-92e4-e1fe892a6a05 0.014s
2024-10-15 19:05:35.724 60435 INFO tempest.lib.common.rest_client [req-f4143d44-f9c7-4ef8-bd5a-e101f76e8a71 req-f4143d44-f9c7-4ef8-bd5a-e101f76e8a71 ] Request (AttachInterfacesTestJSON:_run_cleanups): 404 GET http://10.180.1.21:9696/networking/v2.0/security-groups/54c0cecf-2765-446e-a13f-475eefdd0219 0.088s
2024-10-15 19:05:35.726 60429 INFO tempest.lib.common.rest_client [req-100eec4e-e132-498b-80a2-b92aaa01deaf req-100eec4e-e132-498b-80a2-b92aaa01deaf ] Request (ServerRescueNegativeTestJSON:tearDownClass): 204 DELETE http://10.180.1.21:9696/networking/v2.0/subnets/6e58bd30-f515-49cf-be42-28db4c008739 1.366s
2024-10-15 19:05:35.744 60399 INFO tempest.lib.common.rest_client [req-b700d369-6472-4c2e-a4f7-c4c0e0160ebf req-b700d369-6472-4c2e-a4f7-c4c0e0160ebf ] Request (VolumesTestJSON:tearDownClass): 202 DELETE http://10.180.1.21/volume/v3/76efd9e4604e4accb6da713c789b97c8/volumes/6797ae62-c0c1-48a5-b603-5b883ce81d41 0.034s
2024-10-15 19:05:35.752 60449 INFO tempest.lib.common.rest_client [req-1df0ef8f-44dc-453d-aed4-a9bf0f1ba7e7 req-1df0ef8f-44dc-453d-aed4-a9bf0f1ba7e7 ] Request (ImagesOneServerTestJSON:setUpClass): 200 GET http://10.180.1.21/compute/v2.1/servers/35cae673-166d-4ffc-90fb-aee3bdfd1710 0.563s
2024-10-15 19:05:35.780 60399 INFO tempest.lib.common.rest_client [req-a52664d4-d022-4819-bbe8-c22cfb0afbab req-a52664d4-d022-4819-bbe8-c22cfb0afbab ] Request (VolumesTestJSON:tearDownClass): 200 GET http://10.180.1.21/volume/v3/76efd9e4604e4accb6da713c789b97c8/volumes/6797ae62-c0c1-48a5-b603-5b883ce81d41 0.035s
2024-10-15 19:05:35.925 60397 INFO tempest.lib.common.rest_client [req-cea88b83-5f91-463a-a3f8-bcb54899b86f req-cea88b83-5f91-463a-a3f8-bcb54899b86f ] Request (ListServerFiltersTestJSON:tearDownClass): 204 DELETE http://10.180.1.21:9696/networking/v2.0/networks/aec4c066-8273-45d7-baf3-aa163e696d82 1.377s
2024-10-15 19:05:35.991 60397 INFO tempest.lib.common.rest_client [req-9fa15702-77de-4476-881c-32b1f94643f4 req-9fa15702-77de-4476-881c-32b1f94643f4 ] Request (ListServerFiltersTestJSON:tearDownClass): 204 DELETE http://10.180.1.21/identity/v3/users/37788e4056b84ab0b461767fad9e3955 0.066s
2024-10-15 19:05:35.992 60397 INFO tempest.lib.common.dynamic_creds [-] Deleting project and security group for project: 9af4fbea46444d81b8ed5dd844ce87d4
2024-10-15 19:05:36.227 60397 INFO tempest.lib.common.rest_client [req-20a08a42-14d3-4a91-9496-28f4baaba4dd req-20a08a42-14d3-4a91-9496-28f4baaba4dd ] Request (ListServerFiltersTestJSON:tearDownClass): 200 GET http://10.180.1.21:9696/networking/v2.0/security-groups?tenant_id=9af4fbea46444d81b8ed5dd844ce87d4&name=default 0.235s
2024-10-15 19:05:36.248 60407 INFO tempest.lib.common.rest_client [req-200ce843-cca7-4ead-8c16-87786b813b31 req-200ce843-cca7-4ead-8c16-87786b813b31 ] Request (MultipleCreateTestJSON:test_multiple_create_with_reservation_return): 200 GET http://10.180.1.21/compute/v2.1/servers/031e33fa-92ab-483b-ab38-ecf3bbfd1374 0.968s
2024-10-15 19:05:36.251 60395 INFO tempest.lib.common.rest_client [req-c60d0334-b8a7-4b1f-898a-5d057e2c9839 req-c60d0334-b8a7-4b1f-898a-5d057e2c9839 ] Request (VolumesSnapshotsTestJSON:tearDownClass): 200 GET http://10.180.1.21:9696/networking/v2.0/security-groups?tenant_id=100b62b868f54e6bbd54129265b2136a&name=default 1.058s
2024-10-15 19:05:36.637 60409 INFO tempest.lib.common.rest_client [req-9006d7f6-0b91-4711-8ec2-4d67a423f390 req-9006d7f6-0b91-4711-8ec2-4d67a423f390 ] Request (ServerRescueTestJSONUnderV235:tearDownClass): 200 PUT http://10.180.1.21:9696/networking/v2.0/routers/40ca8339-7286-45b2-9133-e2ea35146358/remove_router_interface 6.164s
2024-10-15 19:05:36.662 60401 INFO tempest.lib.common.rest_client [req-183fca69-02c6-4dad-99ec-d56bd0d0019e req-183fca69-02c6-4dad-99ec-d56bd0d0019e ] Request (ServersAaction247Test:test_create_backup): 200 GET http://10.180.1.21/compute/v2.1/servers/946c73f8-1ed8-4180-a9d7-0b2970c4367e 0.920s
2024-10-15 19:05:36.806 60399 INFO tempest.lib.common.rest_client [req-60774a64-0830-4204-bf48-edab681c26a2 req-60774a64-0830-4204-bf48-edab681c26a2 ] Request (VolumesTestJSON:tearDownClass): 404 GET http://10.180.1.21/volume/v3/76efd9e4604e4accb6da713c789b97c8/volumes/6797ae62-c0c1-48a5-b603-5b883ce81d41 0.015s
2024-10-15 19:05:36.826 60423 INFO tempest.lib.common.rest_client [req-91e7bfba-3263-4b47-b4f5-30f158b0fe33 req-91e7bfba-3263-4b47-b4f5-30f158b0fe33 ] Request (ServerActionsTestOtherA:setUpClass): 200 GET http://10.180.1.21/compute/v2.1/servers/ab6859e4-807d-4b5f-943b-6491ed211c75 0.979s
2024-10-15 19:05:36.835 60423 INFO tempest.common.waiters [-] State transition "BUILD/spawning" ==> "BUILD/scheduling" after 16 second wait
2024-10-15 19:05:36.841 60399 INFO tempest.lib.common.rest_client [req-df301c41-6a1f-45f9-b373-4023f805633c req-df301c41-6a1f-45f9-b373-4023f805633c ] Request (VolumesTestJSON:tearDownClass): 202 DELETE http://10.180.1.21/volume/v3/76efd9e4604e4accb6da713c789b97c8/volumes/ee6e3624-1f23-42da-ab92-776aa296069d 0.035s
2024-10-15 19:05:36.868 60399 INFO tempest.lib.common.rest_client [req-005ceaba-7bd7-4c72-92e8-35d8cfec7691 req-005ceaba-7bd7-4c72-92e8-35d8cfec7691 ] Request (VolumesTestJSON:tearDownClass): 200 GET http://10.180.1.21/volume/v3/76efd9e4604e4accb6da713c789b97c8/volumes/ee6e3624-1f23-42da-ab92-776aa296069d 0.026s
