2024-10-15 19:03:50.720 60401 INFO tempest.lib.common.rest_client [req-10d7a64b-da85-415b-b601-964125ce8a39 req-10d7a64b-da85-415b-b601-964125ce8a39 ] Request (AttachInterfacesUnderV243Test:test_add_remove_fixed_ip): 201 POST http://10.180.1.21/identity/v3/auth/tokens 0.082s
2024-10-15 19:03:50.720 60401 INFO tempest.lib.common.fixed_network [-] (AttachInterfacesUnderV243Test:test_add_remove_fixed_ip) Found network {'id': 'c1c2a770-30f5-461a-b93d-188d1d703150', 'name': 'tempest-AttachInterfacesUnderV243Test-1049758075-network', 'tenant_id': 'b717b179fbf84030a23513806c6c28da', 'admin_state_up': True, 'mtu': 8950, 'status': 'ACTIVE', 'subnets': [], 'shared': False, 'project_id': 'b717b179fbf84030a23513806c6c28da', 'port_security_enabled': True, 'router:external': False, 'provider:network_type': 'vlan', 'provider:physical_network': 'default', 'provider:segmentation_id': 540, 'is_default': False, 'availability_zone_hints': [], 'availability_zones': [], 'ipv4_address_scope': None, 'ipv6_address_scope': None, 'description': '', 'tags': [], 'created_at': '2024-10-15T19:03:43Z', 'updated_at': '2024-10-15T19:03:43Z', 'revision_number': 1} available for tenant
2024-10-15 19:03:50.739 60443 INFO tempest.lib.common.rest_client [req-85875d6a-a8c8-45b7-8714-ac796077a64a req-85875d6a-a8c8-45b7-8714-ac796077a64a ] Request (ImagesMetadataTestJSON:test_delete_image_metadata_item): 204 DELETE http://10.180.1.21/compute/v2.1/images/23bf21ab-28d5-4cf9-a68e-0b3f39a75ebd/metadata/os_version 2.212s
2024-10-15 19:03:50.761 60417 INFO tempest.lib.common.rest_client [req-e7e69c81-0ebe-437c-8ee9-39b91739ce40 req-e7e69c81-0ebe-437c-8ee9-39b91739ce40 ] Request (ServerShowV263Test:tearDownClass): 201 POST http://10.180.1.21/identity/v3/auth/tokens 0.055s
2024-10-15 19:03:50.765 60423 INFO tempest.lib.common.rest_client [req-83072f92-8595-486a-b100-357927fd20c4 req-83072f92-8595-486a-b100-357927fd20c4 ] Request (SecurityGroupRulesNegativeTestJSON:test_create_security_group_rule_duplicate): 200 POST http://10.180.1.21/compute/v2.1/os-security-groups 2.547s
2024-10-15 19:03:50.788 60431 INFO tempest.lib.common.rest_client [req-cb41337e-8b87-4468-8f75-5ddd47a6cbce req-cb41337e-8b87-4468-8f75-5ddd47a6cbce ] Request (ServerDiagnosticsNegativeTest:tearDownClass): 204 DELETE http://10.180.1.21:9696/networking/v2.0/security-groups/32af1558-bba8-4c8e-8974-26f1f72aae01 0.093s
2024-10-15 19:03:50.811 60435 INFO tempest.lib.common.rest_client [req-b1752fc4-a828-4988-8786-a74ad17b2869 req-b1752fc4-a828-4988-8786-a74ad17b2869 ] Request (QuotasAdminTestV257:tearDownClass): 204 DELETE http://10.180.1.21/identity/v3/projects/11cfb693c1ee4b0989752267a18536e8 0.097s
2024-10-15 19:03:50.811 60435 INFO tempest.lib.common.dynamic_creds [-] Deleting project and security group for project: c5499d62574c46e6a5e233955a0b0dd4
2024-10-15 19:03:50.891 60435 INFO tempest.lib.common.rest_client [req-bbcf0d18-beaa-4d14-a41f-6da77d416cc5 req-bbcf0d18-beaa-4d14-a41f-6da77d416cc5 ] Request (QuotasAdminTestV257:tearDownClass): 200 GET http://10.180.1.21:9696/networking/v2.0/security-groups?tenant_id=c5499d62574c46e6a5e233955a0b0dd4&name=default 0.080s
2024-10-15 19:03:50.893 60431 INFO tempest.lib.common.rest_client [req-f29524b7-5a71-439d-abc1-eae4bc75648f req-f29524b7-5a71-439d-abc1-eae4bc75648f ] Request (ServerDiagnosticsNegativeTest:tearDownClass): 204 DELETE http://10.180.1.21/identity/v3/projects/06ab46b30131465aa0b962c788dac851 0.104s
2024-10-15 19:03:50.957 60431 INFO tempest.lib.common.rest_client [req-0eeeae68-37fe-4169-8335-5d384bb4bf8c req-0eeeae68-37fe-4169-8335-5d384bb4bf8c ] Request (ListImagesTestJSON:setUpClass): 201 POST http://10.180.1.21/identity/v3/auth/tokens 0.061s
2024-10-15 19:03:50.987 60431 INFO tempest.lib.common.rest_client [req-2af92dc7-3592-4e5f-b18e-69a8dc511786 req-2af92dc7-3592-4e5f-b18e-69a8dc511786 ] Request (ListImagesTestJSON:setUpClass): 201 POST http://10.180.1.21/identity/v3/auth/tokens 0.028s
2024-10-15 19:03:50.992 60434 INFO tempest.lib.common.rest_client [req-c2537ed7-eb49-4409-9de6-44f3335b84b3 req-c2537ed7-eb49-4409-9de6-44f3335b84b3 ] Request (SecurityGroupRulesTestJSON:test_security_group_rules_create_with_optional_cidr): 200 POST http://10.180.1.21/compute/v2.1/os-security-group-rules 2.153s
2024-10-15 19:03:50.998 60417 INFO tempest.lib.common.rest_client [req-b7155dda-bbf0-435e-b51c-d43f61517c8e req-b7155dda-bbf0-435e-b51c-d43f61517c8e ] Request (ServerShowV263Test:tearDownClass): 200 GET http://10.180.1.21:9696/networking/v2.0/security-groups?tenant_id=a61fc3952b2543d991265ee158b7bff7&name=default 0.237s
2024-10-15 19:03:51.008 60431 INFO tempest.lib.common.rest_client [req-3bf82301-399a-485c-b16e-1fc5b2081855 req-3bf82301-399a-485c-b16e-1fc5b2081855 ] Request (ListImagesTestJSON:setUpClass): 200 GET http://10.180.1.21/identity/v3/domains?name=Default 0.020s
2024-10-15 19:03:51.013 60435 INFO tempest.lib.common.rest_client [req-eac1f856-c0fb-43c7-8eb4-488a7e060662 req-eac1f856-c0fb-43c7-8eb4-488a7e060662 ] Request (QuotasAdminTestV257:tearDownClass): 204 DELETE http://10.180.1.21:9696/networking/v2.0/security-groups/05f8b5fb-3f19-40fa-a62b-ce7e6b1950a6 0.121s
2024-10-15 19:03:51.041 60431 INFO tempest.lib.common.rest_client [req-8b208089-c550-4b11-a9e7-2dd8c321426e req-8b208089-c550-4b11-a9e7-2dd8c321426e ] Request (ListImagesTestJSON:setUpClass): 201 POST http://10.180.1.21/identity/v3/projects 0.032s
2024-10-15 19:03:51.071 60435 INFO tempest.lib.common.rest_client [req-358787ac-0b96-41d1-92fb-0b3912be9bb7 req-358787ac-0b96-41d1-92fb-0b3912be9bb7 ] Request (QuotasAdminTestV257:tearDownClass): 204 DELETE http://10.180.1.21/identity/v3/projects/c5499d62574c46e6a5e233955a0b0dd4 0.058s
2024-10-15 19:03:51.127 60431 INFO tempest.lib.common.rest_client [req-c9f03d43-fc84-4613-8edc-9c6ccf093367 req-c9f03d43-fc84-4613-8edc-9c6ccf093367 ] Request (ListImagesTestJSON:setUpClass): 201 POST http://10.180.1.21/identity/v3/users 0.086s
2024-10-15 19:03:51.134 60435 INFO tempest.lib.common.rest_client [req-dd19e3c6-b974-461e-af22-953e679d9060 req-dd19e3c6-b974-461e-af22-953e679d9060 ] Request (AttachInterfacesTestJSON:setUpClass): 201 POST http://10.180.1.21/identity/v3/auth/tokens 0.062s
2024-10-15 19:03:51.151 60431 INFO tempest.lib.common.rest_client [req-e0841bc3-449d-4fe8-8aa1-427682965c76 req-e0841bc3-449d-4fe8-8aa1-427682965c76 ] Request (ListImagesTestJSON:setUpClass): 200 GET http://10.180.1.21/identity/v3/roles 0.023s
2024-10-15 19:03:51.172 60417 INFO tempest.lib.common.rest_client [req-e5d0b996-dc23-4f52-9dab-5076f2a08a3b req-e5d0b996-dc23-4f52-9dab-5076f2a08a3b ] Request (ServerShowV263Test:tearDownClass): 204 DELETE http://10.180.1.21:9696/networking/v2.0/security-groups/3f7029c5-23ef-4723-b4bc-a8ce5e157b26 0.173s
2024-10-15 19:03:51.183 60431 INFO tempest.lib.common.rest_client [req-99a94b9f-60ca-43af-8020-0272bff7ab07 req-99a94b9f-60ca-43af-8020-0272bff7ab07 ] Request (ListImagesTestJSON:setUpClass): 204 PUT http://10.180.1.21/identity/v3/projects/3dabca5b7a2941368d6ff532bd4b0a9f/users/2277cc0ef5d14cd38ba60afa379deaee/roles/19b8f69a385f4eef9d1fc89e4680c1f7 0.031s
2024-10-15 19:03:51.183 60431 INFO tempest.lib.common.dynamic_creds [-] Dynamic test user 2277cc0ef5d14cd38ba60afa379deaee is created with scope project and roles: ['member']
2024-10-15 19:03:51.184 60431 INFO tempest.lib.common.dynamic_creds [-] Acquired dynamic creds: credentials: Credentials: {'domain_id': 'default', 'domain_name': 'Default', 'username': 'tempest-ListImagesTestJSON-2109987761-project-member', 'project_domain_id': 'default', 'project_domain_name': 'Default', 'project_id': '3dabca5b7a2941368d6ff532bd4b0a9f', 'project_name': 'tempest-ListImagesTestJSON-2109987761', 'tenant_id': '3dabca5b7a2941368d6ff532bd4b0a9f', 'tenant_name': 'tempest-ListImagesTestJSON-2109987761', 'user_domain_id': 'default', 'user_domain_name': 'Default', 'user_id': '2277cc0ef5d14cd38ba60afa379deaee', 'system': None}, Network: None, Subnet: None, Router: None
2024-10-15 19:03:51.184 60431 INFO tempest.lib.common.dynamic_creds [-] Created isolated network resources for: credentials: Credentials: {'domain_id': 'default', 'domain_name': 'Default', 'username': 'tempest-ListImagesTestJSON-2109987761-project-member', 'project_domain_id': 'default', 'project_domain_name': 'Default', 'project_id': '3dabca5b7a2941368d6ff532bd4b0a9f', 'project_name': 'tempest-ListImagesTestJSON-2109987761', 'tenant_id': '3dabca5b7a2941368d6ff532bd4b0a9f', 'tenant_name': 'tempest-ListImagesTestJSON-2109987761', 'user_domain_id': 'default', 'user_domain_name': 'Default', 'user_id': '2277cc0ef5d14cd38ba60afa379deaee', 'system': None}, Network: None, Subnet: None, Router: None
2024-10-15 19:03:51.241 60435 INFO tempest.lib.common.rest_client [req-9a77308a-eb47-4999-a25e-162e69202b2e req-9a77308a-eb47-4999-a25e-162e69202b2e ] Request (AttachInterfacesTestJSON:setUpClass): 201 POST http://10.180.1.21/identity/v3/auth/tokens 0.058s
2024-10-15 19:03:51.263 60417 INFO tempest.lib.common.rest_client [req-d81b5d47-640e-451a-8b09-c35dfd33f1ae req-d81b5d47-640e-451a-8b09-c35dfd33f1ae ] Request (ServerShowV263Test:tearDownClass): 204 DELETE http://10.180.1.21/identity/v3/projects/a61fc3952b2543d991265ee158b7bff7 0.091s
2024-10-15 19:03:51.264 60407 INFO tempest.lib.common.rest_client [req-7e8658c0-a2e5-4e50-8f8e-015431afd3ee req-7e8658c0-a2e5-4e50-8f8e-015431afd3ee ] Request (ServersTestBootFromVolume:setUpClass): 200 GET http://10.180.1.21/volume/v3/014614b1bb424ff39a35bf42aca87d8b/volumes/b616fd9d-c82f-4fa6-8cf6-6fe55c9dbf4f 0.029s
2024-10-15 19:03:51.312 60431 INFO tempest.lib.common.rest_client [req-c96a0209-2843-46b1-abc3-e4c5007dce55 req-c96a0209-2843-46b1-abc3-e4c5007dce55 ] Request (ListImagesTestJSON:setUpClass): 201 POST http://10.180.1.21/identity/v3/auth/tokens 0.125s
2024-10-15 19:03:51.315 60435 INFO tempest.lib.common.rest_client [req-1087a02b-06de-404b-9a2c-19c7c3084b2a req-1087a02b-06de-404b-9a2c-19c7c3084b2a ] Request (AttachInterfacesTestJSON:setUpClass): 200 GET http://10.180.1.21/identity/v3/domains?name=Default 0.074s
2024-10-15 19:03:51.336 60417 INFO tempest.lib.common.rest_client [req-c1922bb5-6d47-4cd9-97a4-e995159b64d9 req-c1922bb5-6d47-4cd9-97a4-e995159b64d9 ] Request (ServersNegativeTestMultiTenantJSON:setUpClass): 201 POST http://10.180.1.21/identity/v3/auth/tokens 0.071s
2024-10-15 19:03:51.347 60435 INFO tempest.lib.common.rest_client [req-f5b4644d-fd00-4f41-b2b1-fe133ee2503f req-f5b4644d-fd00-4f41-b2b1-fe133ee2503f ] Request (AttachInterfacesTestJSON:setUpClass): 201 POST http://10.180.1.21/identity/v3/projects 0.031s
2024-10-15 19:03:51.352 60451 INFO tempest.lib.common.rest_client [req-d3f4ff63-8cf9-487f-a6a2-aa835e14a684 req-d3f4ff63-8cf9-487f-a6a2-aa835e14a684 ] Request (ServerActionsTestOtherB:setUpClass): 202 POST http://10.180.1.21/compute/v2.1/servers 2.633s
2024-10-15 19:03:51.372 60437 INFO tempest.lib.common.rest_client [req-4220e6d6-1a51-422a-99c5-b14bae2a67b3 req-4220e6d6-1a51-422a-99c5-b14bae2a67b3 ] Request (KeyPairsNegativeTestJSON:test_create_keypair_with_duplicate_name): 202 DELETE http://10.180.1.21/compute/v2.1/os-keypairs/tempest-keypair-1255320169 2.412s
2024-10-15 19:03:51.394 60457 INFO tempest.lib.common.rest_client [req-c5a8db51-1060-4d1d-bc9c-cbc3c1099a27 req-c5a8db51-1060-4d1d-bc9c-cbc3c1099a27 ] Request (ImagesNegativeTestJSON:test_create_image_from_deleted_server): 404 GET http://10.180.1.21/compute/v2.1/servers/86c1eb22-5da1-4d79-8db6-b131e0a0d1c3 2.278s
2024-10-15 19:03:51.404 60417 INFO tempest.lib.common.rest_client [req-9a57b9ca-0e79-48dd-8fac-fbd3601a8c03 req-9a57b9ca-0e79-48dd-8fac-fbd3601a8c03 ] Request (ServersNegativeTestMultiTenantJSON:setUpClass): 201 POST http://10.180.1.21/identity/v3/auth/tokens 0.065s
2024-10-15 19:03:51.409 60435 INFO tempest.lib.common.rest_client [req-b7264ec2-2344-4bd6-9b6f-21c8725c596c req-b7264ec2-2344-4bd6-9b6f-21c8725c596c ] Request (AttachInterfacesTestJSON:setUpClass): 201 POST http://10.180.1.21/identity/v3/users 0.062s
2024-10-15 19:03:51.427 60417 INFO tempest.lib.common.rest_client [req-26a2ae5c-b61b-47fe-a37d-1652bd101528 req-26a2ae5c-b61b-47fe-a37d-1652bd101528 ] Request (ServersNegativeTestMultiTenantJSON:setUpClass): 200 GET http://10.180.1.21/identity/v3/domains?name=Default 0.022s
2024-10-15 19:03:51.443 60435 INFO tempest.lib.common.rest_client [req-496ba2e2-252e-43f6-8903-cff753fbf5b3 req-496ba2e2-252e-43f6-8903-cff753fbf5b3 ] Request (AttachInterfacesTestJSON:setUpClass): 200 GET http://10.180.1.21/identity/v3/roles 0.033s
2024-10-15 19:03:51.469 60417 INFO tempest.lib.common.rest_client [req-42b5b99e-f325-495f-aa65-c7e3fc705b46 req-42b5b99e-f325-495f-aa65-c7e3fc705b46 ] Request (ServersNegativeTestMultiTenantJSON:setUpClass): 201 POST http://10.180.1.21/identity/v3/projects 0.041s
2024-10-15 19:03:51.521 60399 INFO tempest.lib.common.rest_client [req-b05a406d-35e7-46aa-b65c-cc2d60b4fd60 req-b05a406d-35e7-46aa-b65c-cc2d60b4fd60 ] Request (ServerActionsTestJSON:setUpClass): 200 POST http://10.180.1.21/compute/v2.1/os-keypairs 2.403s
2024-10-15 19:03:51.526 60435 INFO tempest.lib.common.rest_client [req-0c81314e-bbac-4436-81b1-d63f88784ecd req-0c81314e-bbac-4436-81b1-d63f88784ecd ] Request (AttachInterfacesTestJSON:setUpClass): 204 PUT http://10.180.1.21/identity/v3/projects/0be6718d0cbe4351a06b59576311c7f8/users/56bb638542d440639e1a38b10e80fb1e/roles/19b8f69a385f4eef9d1fc89e4680c1f7 0.082s
2024-10-15 19:03:51.526 60435 INFO tempest.lib.common.dynamic_creds [-] Dynamic test user 56bb638542d440639e1a38b10e80fb1e is created with scope project and roles: ['member']
2024-10-15 19:03:51.527 60435 INFO tempest.lib.common.dynamic_creds [-] Acquired dynamic creds: credentials: Credentials: {'domain_id': 'default', 'domain_name': 'Default', 'username': 'tempest-AttachInterfacesTestJSON-1051727072-project-member', 'project_domain_id': 'default', 'project_domain_name': 'Default', 'project_id': '0be6718d0cbe4351a06b59576311c7f8', 'project_name': 'tempest-AttachInterfacesTestJSON-1051727072', 'tenant_id': '0be6718d0cbe4351a06b59576311c7f8', 'tenant_name': 'tempest-AttachInterfacesTestJSON-1051727072', 'user_domain_id': 'default', 'user_domain_name': 'Default', 'user_id': '56bb638542d440639e1a38b10e80fb1e', 'system': None}, Network: None, Subnet: None, Router: None
2024-10-15 19:03:51.541 60417 INFO tempest.lib.common.rest_client [req-20568dc0-7752-47da-876e-28f2dd9bca26 req-20568dc0-7752-47da-876e-28f2dd9bca26 ] Request (ServersNegativeTestMultiTenantJSON:setUpClass): 201 POST http://10.180.1.21/identity/v3/users 0.072s
2024-10-15 19:03:51.582 60435 INFO tempest.lib.common.rest_client [req-e7d70f54-12ba-4263-a954-8777564d6658 req-e7d70f54-12ba-4263-a954-8777564d6658 ] Request (AttachInterfacesTestJSON:setUpClass): 201 POST http://10.180.1.21/identity/v3/auth/tokens 0.055s
2024-10-15 19:03:51.594 60399 INFO tempest.lib.common.rest_client [req-5acec300-4c52-4446-966d-1c82a8d360a0 req-5acec300-4c52-4446-966d-1c82a8d360a0 ] Request (ServerActionsTestJSON:setUpClass): 201 POST http://10.180.1.21:9696/networking/v2.0/security-groups 0.072s
2024-10-15 19:03:51.596 60417 INFO tempest.lib.common.rest_client [req-f418dfe7-c247-4d4e-953e-e6271f7f8eee req-f418dfe7-c247-4d4e-953e-e6271f7f8eee ] Request (ServersNegativeTestMultiTenantJSON:setUpClass): 200 GET http://10.180.1.21/identity/v3/roles 0.055s
2024-10-15 19:03:51.671 60399 INFO tempest.lib.common.rest_client [req-8855d544-1b4b-4f5b-b487-699203ff97b6 req-8855d544-1b4b-4f5b-b487-699203ff97b6 ] Request (ServerActionsTestJSON:setUpClass): 201 POST http://10.180.1.21:9696/networking/v2.0/security-group-rules 0.076s
2024-10-15 19:03:51.676 60405 INFO tempest.lib.common.rest_client [req-72f14b51-cf29-4179-8806-2838cdd75798 req-72f14b51-cf29-4179-8806-2838cdd75798 ] Request (FlavorsAccessNegativeTestJSON:_run_cleanups): 200 POST http://10.180.1.21/compute/v2.1/flavors/20459420/action 2.547s
2024-10-15 19:03:51.689 60417 INFO tempest.lib.common.rest_client [req-3afe63a9-ba2f-4760-9993-6226ba7ed341 req-3afe63a9-ba2f-4760-9993-6226ba7ed341 ] Request (ServersNegativeTestMultiTenantJSON:setUpClass): 204 PUT http://10.180.1.21/identity/v3/projects/b214db3c7264484281f48e7ce4fbb160/users/d35a8e61392b4e3fb2a233d0c42cff55/roles/19b8f69a385f4eef9d1fc89e4680c1f7 0.092s
2024-10-15 19:03:51.689 60417 INFO tempest.lib.common.dynamic_creds [-] Dynamic test user d35a8e61392b4e3fb2a233d0c42cff55 is created with scope project and roles: ['member']
2024-10-15 19:03:51.690 60417 INFO tempest.lib.common.dynamic_creds [-] Acquired dynamic creds: credentials: Credentials: {'domain_id': 'default', 'domain_name': 'Default', 'username': 'tempest-ServersNegativeTestMultiTenantJSON-947424472-project-member', 'project_domain_id': 'default', 'project_domain_name': 'Default', 'project_id': 'b214db3c7264484281f48e7ce4fbb160', 'project_name': 'tempest-ServersNegativeTestMultiTenantJSON-947424472', 'tenant_id': 'b214db3c7264484281f48e7ce4fbb160', 'tenant_name': 'tempest-ServersNegativeTestMultiTenantJSON-947424472', 'user_domain_id': 'default', 'user_domain_name': 'Default', 'user_id': 'd35a8e61392b4e3fb2a233d0c42cff55', 'system': None}, Network: None, Subnet: None, Router: None
2024-10-15 19:03:51.695 60403 INFO tempest.lib.common.rest_client [req-232cf847-8305-4032-abbf-065b32050834 req-232cf847-8305-4032-abbf-065b32050834 ] Request (ServersAdmin275Test:tearDownClass): 404 GET http://10.180.1.21/compute/v2.1/servers/381974bf-c879-46e5-8d96-495a9b9eb982 2.464s
2024-10-15 19:03:51.720 60429 INFO tempest.lib.common.rest_client [req-8163cc07-a11a-4f51-9ac4-acf4522bd0d6 req-8163cc07-a11a-4f51-9ac4-acf4522bd0d6 ] Request (FloatingIPDetailsTestJSON:setUpClass): 200 POST http://10.180.1.21/compute/v2.1/os-floating-ips 2.797s
2024-10-15 19:03:51.724 60395 INFO tempest.lib.common.rest_client [req-0021f475-7685-4a45-a7f5-097497b4de68 req-0021f475-7685-4a45-a7f5-097497b4de68 ] Request (AggregatesAdminNegativeTestJSON:test_aggregate_delete_as_user): 403 DELETE http://10.180.1.21/compute/v2.1/os-aggregates/5 2.464s
2024-10-15 19:03:51.730 60399 INFO tempest.lib.common.rest_client [req-10804864-6a58-4f21-9181-ff3991a0dda4 req-10804864-6a58-4f21-9181-ff3991a0dda4 ] Request (ServerActionsTestJSON:setUpClass): 201 POST http://10.180.1.21:9696/networking/v2.0/security-group-rules 0.058s
2024-10-15 19:03:51.741 60417 INFO tempest.lib.common.rest_client [req-3acdfbb1-8ead-4226-b20f-9c17f460f608 req-3acdfbb1-8ead-4226-b20f-9c17f460f608 ] Request (ServersNegativeTestMultiTenantJSON:setUpClass): 201 POST http://10.180.1.21/identity/v3/auth/tokens 0.051s
2024-10-15 19:03:51.794 60403 INFO tempest.lib.common.rest_client [req-9c15aef8-bbb2-4d16-b800-2140abaff438 req-9c15aef8-bbb2-4d16-b800-2140abaff438 ] Request (ServersAdmin275Test:tearDownClass): 204 DELETE http://10.180.1.21/identity/v3/users/1ea4541346684b03b996656a6b59bd8a 0.098s
2024-10-15 19:03:51.837 60435 INFO tempest.lib.common.rest_client [req-a8ac9296-1ce7-4414-922f-2346c7cdcbb9 req-a8ac9296-1ce7-4414-922f-2346c7cdcbb9 ] Request (AttachInterfacesTestJSON:setUpClass): 201 POST http://10.180.1.21:9696/networking/v2.0/networks 0.255s
2024-10-15 19:03:51.911 60413 INFO tempest.lib.common.rest_client [req-76a8d02a-ec1a-4ca5-b2bf-080da82a2315 req-76a8d02a-ec1a-4ca5-b2bf-080da82a2315 ] Request (ServersTestFqdnHostnames:test_create_server_with_fqdn_name): 204 DELETE http://10.180.1.21/compute/v2.1/servers/6ba8cf5b-f60b-462b-a955-eaeba2849c0d 2.538s
2024-10-15 19:03:51.920 60403 INFO tempest.lib.common.rest_client [req-1452d479-42ac-4db1-80a4-392fff856d8d req-1452d479-42ac-4db1-80a4-392fff856d8d ] Request (ServersAdmin275Test:tearDownClass): 204 DELETE http://10.180.1.21/identity/v3/users/dcc46823f4fb48078040713e30882160 0.125s
2024-10-15 19:03:51.920 60403 INFO tempest.lib.common.dynamic_creds [-] Deleting project and security group for project: f127ab9bbbf84e258951426dd8f7ca85
2024-10-15 19:03:51.969 60403 INFO tempest.lib.common.rest_client [req-8b7ceb8e-c6f8-42aa-867f-c07646d1aff5 req-8b7ceb8e-c6f8-42aa-867f-c07646d1aff5 ] Request (ServersAdmin275Test:tearDownClass): 201 POST http://10.180.1.21/identity/v3/auth/tokens 0.049s
2024-10-15 19:03:52.111 60417 INFO tempest.lib.common.rest_client [req-9da9e045-e0b3-4571-80cb-71ba3384ed24 req-9da9e045-e0b3-4571-80cb-71ba3384ed24 ] Request (ServersNegativeTestMultiTenantJSON:setUpClass): 201 POST http://10.180.1.21:9696/networking/v2.0/networks 0.370s
2024-10-15 19:03:52.230 60399 INFO tempest.lib.common.rest_client [req-5def315b-6c1c-42e8-900d-a681e87043d9 req-5def315b-6c1c-42e8-900d-a681e87043d9 ] Request (ServerActionsTestJSON:setUpClass): 201 POST http://10.180.1.21:9696/networking/v2.0/floatingips 0.500s
2024-10-15 19:03:52.245 60421 INFO tempest.lib.common.rest_client [req-75b5674a-8bca-4684-a236-8e3edee29fae req-75b5674a-8bca-4684-a236-8e3edee29fae ] Request (MigrationsAdminTest:test_resize_server_revert_deleted_flavor): 202 POST http://10.180.1.21/compute/v2.1/servers 2.869s
2024-10-15 19:03:52.283 60399 INFO tempest.lib.common.rest_client [req-47df9b4e-8dbf-4c3e-9241-29ef8cfbf4de req-47df9b4e-8dbf-4c3e-9241-29ef8cfbf4de ] Request (ServerActionsTestJSON:setUpClass): 201 POST http://10.180.1.21/identity/v3/auth/tokens 0.049s
2024-10-15 19:03:52.284 60399 INFO tempest.lib.common.fixed_network [-] (ServerActionsTestJSON:setUpClass) Found network {'id': '357ddde9-c550-4567-9278-58d778d8a731', 'name': 'tempest-ServerActionsTestJSON-1267995606-network', 'tenant_id': 'cfaa71ff29234eb88d416c7a132bfbc8', 'admin_state_up': True, 'mtu': 8950, 'status': 'ACTIVE', 'subnets': [], 'shared': False, 'project_id': 'cfaa71ff29234eb88d416c7a132bfbc8', 'port_security_enabled': True, 'router:external': False, 'provider:network_type': 'vlan', 'provider:physical_network': 'default', 'provider:segmentation_id': 92, 'is_default': False, 'availability_zone_hints': [], 'availability_zones': [], 'ipv4_address_scope': None, 'ipv6_address_scope': None, 'description': '', 'tags': [], 'created_at': '2024-10-15T19:03:39Z', 'updated_at': '2024-10-15T19:03:39Z', 'revision_number': 1} available for tenant
2024-10-15 19:03:52.296 60403 INFO tempest.lib.common.rest_client [req-a2aa49cd-6df4-40e4-8cee-3d893754ad2b req-a2aa49cd-6df4-40e4-8cee-3d893754ad2b ] Request (ServersAdmin275Test:tearDownClass): 200 GET http://10.180.1.21:9696/networking/v2.0/security-groups?tenant_id=f127ab9bbbf84e258951426dd8f7ca85&name=default 0.326s
2024-10-15 19:03:52.310 60407 INFO tempest.lib.common.rest_client [req-7df86e6b-81d6-48ee-933e-06616025e4db req-7df86e6b-81d6-48ee-933e-06616025e4db ] Request (ServersTestBootFromVolume:setUpClass): 200 GET http://10.180.1.21/volume/v3/014614b1bb424ff39a35bf42aca87d8b/volumes/b616fd9d-c82f-4fa6-8cf6-6fe55c9dbf4f 0.036s
2024-10-15 19:03:52.333 60435 INFO tempest.lib.common.rest_client [req-13487d56-6608-403f-a3e5-4de6aa9ec9c1 req-13487d56-6608-403f-a3e5-4de6aa9ec9c1 ] Request (AttachInterfacesTestJSON:setUpClass): 201 POST http://10.180.1.21:9696/networking/v2.0/subnets 0.495s
2024-10-15 19:03:52.423 60403 INFO tempest.lib.common.rest_client [req-847b7066-098e-4f44-8242-d8b8ecb9284d req-847b7066-098e-4f44-8242-d8b8ecb9284d ] Request (ServersAdmin275Test:tearDownClass): 204 DELETE http://10.180.1.21:9696/networking/v2.0/security-groups/e1c7ef7d-c2bb-4f02-90c0-b822afd88b18 0.127s
2024-10-15 19:03:52.452 60425 INFO tempest.lib.common.rest_client [req-442bc89a-4ea5-4b28-ba4e-5976a82f11b5 req-442bc89a-4ea5-4b28-ba4e-5976a82f11b5 ] Request (VolumesAssistedSnapshotsTest:test_volume_assisted_snapshot_create_delete): 204 DELETE http://10.180.1.21/compute/v2.1/servers/0f32ff9f-758b-4616-9291-f141b74acdf7 3.052s
2024-10-15 19:03:52.487 60417 INFO tempest.lib.common.rest_client [req-66973aa4-0af3-4f89-a31c-dd1c9cd39bca req-66973aa4-0af3-4f89-a31c-dd1c9cd39bca ] Request (ServersNegativeTestMultiTenantJSON:setUpClass): 201 POST http://10.180.1.21:9696/networking/v2.0/subnets 0.375s
2024-10-15 19:03:52.490 60403 INFO tempest.lib.common.rest_client [req-e51f182b-0204-48dd-b6e4-6b8e7ba37441 req-e51f182b-0204-48dd-b6e4-6b8e7ba37441 ] Request (ServersAdmin275Test:tearDownClass): 204 DELETE http://10.180.1.21/identity/v3/projects/f127ab9bbbf84e258951426dd8f7ca85 0.067s
2024-10-15 19:03:52.490 60403 INFO tempest.lib.common.dynamic_creds [-] Deleting project and security group for project: fa8a6b325b434c338a71126e9e10f35f
2024-10-15 19:03:52.530 60415 INFO tempest.lib.common.rest_client [req-979f52d5-2704-410c-a030-533088e0674f req-979f52d5-2704-410c-a030-533088e0674f ] Request (ListServersNegativeTestJSON:setUpClass): 202 POST http://10.180.1.21/compute/v2.1/servers 3.284s
2024-10-15 19:03:52.735 60397 INFO tempest.lib.common.rest_client [req-0d3bd69b-d4f1-40d4-beab-2907d409f369 req-0d3bd69b-d4f1-40d4-beab-2907d409f369 ] Request (ServerExternalEventsTest:test_create_server_external_events): 204 DELETE http://10.180.1.21/compute/v2.1/servers/a514e44b-9214-4a83-aba0-4af32e95c94c 3.218s
2024-10-15 19:03:52.746 60403 INFO tempest.lib.common.rest_client [req-ece3779d-796a-4e2d-ab5e-54ad6496efa0 req-ece3779d-796a-4e2d-ab5e-54ad6496efa0 ] Request (ServersAdmin275Test:tearDownClass): 200 GET http://10.180.1.21:9696/networking/v2.0/security-groups?tenant_id=fa8a6b325b434c338a71126e9e10f35f&name=default 0.256s
2024-10-15 19:03:52.790 60455 INFO tempest.lib.common.rest_client [req-afe55a09-b0be-43b7-abe3-c894d28bbd20 req-afe55a09-b0be-43b7-abe3-c894d28bbd20 ] Request (ListImageFiltersTestJSON:setUpClass): 202 POST http://10.180.1.21/compute/v2.1/servers 3.296s
2024-10-15 19:03:52.859 60455 INFO tempest.lib.common.rest_client [req-162f78e3-c65c-4b58-84d7-fbd07d3f3a23 req-162f78e3-c65c-4b58-84d7-fbd07d3f3a23 ] Request (ListImageFiltersTestJSON:setUpClass): 201 POST http://10.180.1.21/identity/v3/auth/tokens 0.062s
2024-10-15 19:03:52.859 60455 INFO tempest.lib.common.fixed_network [-] (ListImageFiltersTestJSON:setUpClass) Found network None available for tenant
2024-10-15 19:03:53.111 60403 INFO tempest.lib.common.rest_client [req-9c3cee37-3c39-42d8-a7e1-e25fc9b43979 req-9c3cee37-3c39-42d8-a7e1-e25fc9b43979 ] Request (ServersAdmin275Test:tearDownClass): 204 DELETE http://10.180.1.21:9696/networking/v2.0/security-groups/567ef327-579a-42fe-911d-782104db34ef 0.364s
2024-10-15 19:03:53.128 60449 INFO tempest.lib.common.rest_client [req-f810a5dd-7eaa-4027-ac3d-573e4df5f315 req-f810a5dd-7eaa-4027-ac3d-573e4df5f315 ] Request (ImagesTestJSON:test_create_image_from_suspended_server): 204 DELETE http://10.180.1.21/compute/v2.1/servers/d80cb5ce-2aaa-478d-85fa-23eabb8c9ad8 3.606s
2024-10-15 19:03:53.205 60403 INFO tempest.lib.common.rest_client [req-a430f1eb-d2bb-4d4a-9282-6caa4111bdb9 req-a430f1eb-d2bb-4d4a-9282-6caa4111bdb9 ] Request (ServersAdmin275Test:tearDownClass): 204 DELETE http://10.180.1.21/identity/v3/projects/fa8a6b325b434c338a71126e9e10f35f 0.094s
2024-10-15 19:03:53.206 60403 INFO tempest.test [-] raised in TestMultiAttachVolumeSwap.setUpClass. Invoking tearDownClass.
2024-10-15 19:03:53.247 60435 INFO tempest.lib.common.rest_client [req-d360cecc-11df-4278-8e25-c90b3d06d03f req-d360cecc-11df-4278-8e25-c90b3d06d03f ] Request (AttachInterfacesTestJSON:setUpClass): 201 POST http://10.180.1.21:9696/networking/v2.0/routers 0.913s
2024-10-15 19:03:53.280 60403 INFO tempest.lib.common.rest_client [req-32abb382-4daa-4545-bd70-57d088fbf597 req-32abb382-4daa-4545-bd70-57d088fbf597 ] Request (ImagesOneServerNegativeTestJSON:setUpClass): 201 POST http://10.180.1.21/identity/v3/auth/tokens 0.072s
2024-10-15 19:03:53.314 60403 INFO tempest.lib.common.rest_client [req-889c1d4b-cf9f-43e9-9aca-ad783bb86b2c req-889c1d4b-cf9f-43e9-9aca-ad783bb86b2c ] Request (ImagesOneServerNegativeTestJSON:setUpClass): 201 POST http://10.180.1.21/identity/v3/auth/tokens 0.031s
2024-10-15 19:03:53.316 60453 INFO tempest.lib.common.rest_client [req-7e234e3b-da07-452b-8739-26a17e651832 req-7e234e3b-da07-452b-8739-26a17e651832 ] Request (FloatingIPsAssociationTestJSON:setUpClass): 204 DELETE http://10.180.1.21/compute/v2.1/servers/7b3fab69-c129-4abe-aa5a-1f873260df19 3.731s
2024-10-15 19:03:53.349 60407 INFO tempest.lib.common.rest_client [req-a7a9f52c-75ca-4443-a9cb-a2ea51c47f28 req-a7a9f52c-75ca-4443-a9cb-a2ea51c47f28 ] Request (ServersTestBootFromVolume:setUpClass): 200 GET http://10.180.1.21/volume/v3/014614b1bb424ff39a35bf42aca87d8b/volumes/b616fd9d-c82f-4fa6-8cf6-6fe55c9dbf4f 0.032s
2024-10-15 19:03:53.354 60403 INFO tempest.lib.common.rest_client [req-8306a7c4-7741-4357-ac75-2eab57ac3929 req-8306a7c4-7741-4357-ac75-2eab57ac3929 ] Request (ImagesOneServerNegativeTestJSON:setUpClass): 200 GET http://10.180.1.21/identity/v3/domains?name=Default 0.040s
2024-10-15 19:03:53.394 60403 INFO tempest.lib.common.rest_client [req-7fc36c97-1118-48ae-aaba-2378e69ad49a req-7fc36c97-1118-48ae-aaba-2378e69ad49a ] Request (ImagesOneServerNegativeTestJSON:setUpClass): 201 POST http://10.180.1.21/identity/v3/projects 0.039s
2024-10-15 19:03:53.451 60403 INFO tempest.lib.common.rest_client [req-31738397-86bc-4f4e-90e8-fb5c22f99f97 req-31738397-86bc-4f4e-90e8-fb5c22f99f97 ] Request (ImagesOneServerNegativeTestJSON:setUpClass): 201 POST http://10.180.1.21/identity/v3/users 0.056s
2024-10-15 19:03:53.471 60403 INFO tempest.lib.common.rest_client [req-35d92b2c-2970-45e4-b1e6-41a28d4dd2ab req-35d92b2c-2970-45e4-b1e6-41a28d4dd2ab ] Request (ImagesOneServerNegativeTestJSON:setUpClass): 200 GET http://10.180.1.21/identity/v3/roles 0.020s
2024-10-15 19:03:53.504 60403 INFO tempest.lib.common.rest_client [req-064387ef-08f4-4e91-befa-eaa345c95bed req-064387ef-08f4-4e91-befa-eaa345c95bed ] Request (ImagesOneServerNegativeTestJSON:setUpClass): 204 PUT http://10.180.1.21/identity/v3/projects/3061d75506904e208ae46aa0401ce317/users/d1f0f3ba255c43c8adb5c1c9df54047c/roles/19b8f69a385f4eef9d1fc89e4680c1f7 0.032s
2024-10-15 19:03:53.504 60403 INFO tempest.lib.common.dynamic_creds [-] Dynamic test user d1f0f3ba255c43c8adb5c1c9df54047c is created with scope project and roles: ['member']
2024-10-15 19:03:53.504 60403 INFO tempest.lib.common.dynamic_creds [-] Acquired dynamic creds: credentials: Credentials: {'domain_id': 'default', 'domain_name': 'Default', 'username': 'tempest-ImagesOneServerNegativeTestJSON-1401557552-project-member', 'project_domain_id': 'default', 'project_domain_name': 'Default', 'project_id': '3061d75506904e208ae46aa0401ce317', 'project_name': 'tempest-ImagesOneServerNegativeTestJSON-1401557552', 'tenant_id': '3061d75506904e208ae46aa0401ce317', 'tenant_name': 'tempest-ImagesOneServerNegativeTestJSON-1401557552', 'user_domain_id': 'default', 'user_domain_name': 'Default', 'user_id': 'd1f0f3ba255c43c8adb5c1c9df54047c', 'system': None}, Network: None, Subnet: None, Router: None
2024-10-15 19:03:53.561 60403 INFO tempest.lib.common.rest_client [req-179d45db-aac9-4f1b-818a-cb0ef489d4ba req-179d45db-aac9-4f1b-818a-cb0ef489d4ba ] Request (ImagesOneServerNegativeTestJSON:setUpClass): 201 POST http://10.180.1.21/identity/v3/auth/tokens 0.056s
2024-10-15 19:03:53.595 60447 INFO tempest.lib.common.rest_client [req-bdabeb92-afac-4600-bc19-4c1696f83ed6 req-bdabeb92-afac-4600-bc19-4c1696f83ed6 ] Request (QuotasAdminTestV236:test_get_updated_quotas): 200 PUT http://10.180.1.21/compute/v2.1/os-quota-sets/0f1f2bfe042c4e80875752677fa55a1d 3.291s
2024-10-15 19:03:53.641 60441 INFO tempest.lib.common.rest_client [req-ad904beb-39e1-46f2-915a-d3f71408a48e req-ad904beb-39e1-46f2-915a-d3f71408a48e ] Request (VolumesAdminNegativeTest:test_update_attached_volume_with_nonexistent_volume_in_uri): 202 POST http://10.180.1.21/compute/v2.1/servers 4.079s
2024-10-15 19:03:53.686 60409 INFO tempest.lib.common.rest_client [req-26d6838f-781b-4de7-ab4b-b9f3ee55f02a req-26d6838f-781b-4de7-ab4b-b9f3ee55f02a ] Request (FloatingIPsTestJSON:test_delete_floating_ip): 404 GET http://10.180.1.21/compute/v2.1/os-floating-ips/7699b407-7f33-40e1-b982-6912829a506c 3.238s
2024-10-15 19:03:53.694 60419 INFO tempest.lib.common.rest_client [req-85fea5d9-cb5c-46f4-9ddf-4343bee33d7e req-85fea5d9-cb5c-46f4-9ddf-4343bee33d7e ] Request (HypervisorAdminNegativeTestJSON:test_show_nonexistent_hypervisor): 404 GET http://10.180.1.21/compute/v2.1/os-hypervisors/1a1eeb44-90cf-4534-b5a8-3dd1dfe75e97 3.241s
2024-10-15 19:03:53.716 60427 INFO tempest.lib.common.rest_client [req-11fc62c5-cf9e-43ca-b455-f7a99e890050 req-11fc62c5-cf9e-43ca-b455-f7a99e890050 ] Request (FlavorsAdminTestJSON:_run_cleanups): 202 DELETE http://10.180.1.21/compute/v2.1/flavors/740307789 3.160s
2024-10-15 19:03:53.738 60445 INFO tempest.lib.common.rest_client [req-c1bc91ea-f2cd-4c21-9cc1-31b0293b1d97 req-c1bc91ea-f2cd-4c21-9cc1-31b0293b1d97 ] Request (ServersWithSpecificFlavorTestJSON:_run_cleanups): 202 DELETE http://10.180.1.21/compute/v2.1/os-keypairs/tempest-keypair-1798158805 3.166s
2024-10-15 19:03:53.786 60419 INFO tempest.lib.common.rest_client [req-a71edbd4-1108-4974-85fc-e8b1b06a22c5 req-a71edbd4-1108-4974-85fc-e8b1b06a22c5 ] Request (HypervisorAdminNegativeTestJSON:tearDownClass): 204 DELETE http://10.180.1.21/identity/v3/users/042658efd5b9446d98aa5654d144978b 0.091s
2024-10-15 19:03:53.865 60411 INFO tempest.lib.common.rest_client [req-fc320fea-3f2a-4199-bb16-1af5aaf0b007 req-fc320fea-3f2a-4199-bb16-1af5aaf0b007 ] Request (SecurityGroupsTestAdminJSON:test_list_security_groups_list_all_tenants_filter): 200 POST http://10.180.1.21/compute/v2.1/os-security-groups 3.427s
2024-10-15 19:03:53.866 60403 INFO tempest.lib.common.rest_client [req-da455f1e-3812-438f-b82f-5fd2f20114c1 req-da455f1e-3812-438f-b82f-5fd2f20114c1 ] Request (ImagesOneServerNegativeTestJSON:setUpClass): 201 POST http://10.180.1.21:9696/networking/v2.0/networks 0.304s
2024-10-15 19:03:53.877 60445 INFO tempest.lib.common.rest_client [req-b5f07e96-48c6-441e-8ca3-9dc6397700d3 req-b5f07e96-48c6-441e-8ca3-9dc6397700d3 ] Request (ServersWithSpecificFlavorTestJSON:_run_cleanups): 204 DELETE http://10.180.1.21:9696/networking/v2.0/security-groups/8258a2d4-46a5-4c12-8c69-b7669db95ab0 0.138s
2024-10-15 19:03:53.878 60419 INFO tempest.lib.common.rest_client [req-41264ddb-bf03-4585-9714-7b3d6c484086 req-41264ddb-bf03-4585-9714-7b3d6c484086 ] Request (HypervisorAdminNegativeTestJSON:tearDownClass): 204 DELETE http://10.180.1.21/identity/v3/users/209effbc0e8e4ec88d1fefdd23b0de86 0.091s
2024-10-15 19:03:53.878 60419 INFO tempest.lib.common.dynamic_creds [-] Deleting project and security group for project: 090a041913f743c1a790609adaced65b
2024-10-15 19:03:53.899 60443 INFO tempest.lib.common.rest_client [req-81dd4ea1-87bf-464e-874f-6f144343eb95 req-81dd4ea1-87bf-464e-874f-6f144343eb95 ] Request (ImagesMetadataTestJSON:test_delete_image_metadata_item): 200 GET http://10.180.1.21/compute/v2.1/images/23bf21ab-28d5-4cf9-a68e-0b3f39a75ebd/metadata 3.159s
2024-10-15 19:03:53.908 60445 INFO tempest.lib.common.rest_client [req-13ca07ec-4b29-4397-a59b-9420f67c1541 req-13ca07ec-4b29-4397-a59b-9420f67c1541 ] Request (ServersWithSpecificFlavorTestJSON:_run_cleanups): 404 GET http://10.180.1.21:9696/networking/v2.0/security-groups/8258a2d4-46a5-4c12-8c69-b7669db95ab0 0.031s
2024-10-15 19:03:53.948 60419 INFO tempest.lib.common.rest_client [req-b3928012-b578-4ca3-b233-1f4f4bf6cbf3 req-b3928012-b578-4ca3-b233-1f4f4bf6cbf3 ] Request (HypervisorAdminNegativeTestJSON:tearDownClass): 201 POST http://10.180.1.21/identity/v3/auth/tokens 0.069s
2024-10-15 19:03:54.130 60419 INFO tempest.lib.common.rest_client [req-f3505f61-bec7-4de4-8dc4-24c8c92f946a req-f3505f61-bec7-4de4-8dc4-24c8c92f946a ] Request (HypervisorAdminNegativeTestJSON:tearDownClass): 200 GET http://10.180.1.21:9696/networking/v2.0/security-groups?tenant_id=090a041913f743c1a790609adaced65b&name=default 0.181s
2024-10-15 19:03:54.250 60445 INFO tempest.lib.common.rest_client [req-042bc220-1069-4812-8207-23b55730aa37 req-042bc220-1069-4812-8207-23b55730aa37 ] Request (ServersWithSpecificFlavorTestJSON:_run_cleanups): 204 DELETE http://10.180.1.21:9696/networking/v2.0/floatingips/65a4c3c9-4ba1-447b-b7ef-5f8ad47de240 0.341s
2024-10-15 19:03:54.260 60419 INFO tempest.lib.common.rest_client [req-1ed161c2-2467-4bf3-a5e7-0c081d40c15e req-1ed161c2-2467-4bf3-a5e7-0c081d40c15e ] Request (HypervisorAdminNegativeTestJSON:tearDownClass): 204 DELETE http://10.180.1.21:9696/networking/v2.0/security-groups/891f2175-e718-4656-ad0d-1dc8ef43c7fe 0.130s
2024-10-15 19:03:54.346 60419 INFO tempest.lib.common.rest_client [req-038e7842-3fee-4249-bcbf-08c9afff2815 req-038e7842-3fee-4249-bcbf-08c9afff2815 ] Request (HypervisorAdminNegativeTestJSON:tearDownClass): 204 DELETE http://10.180.1.21/identity/v3/projects/090a041913f743c1a790609adaced65b 0.085s
2024-10-15 19:03:54.346 60419 INFO tempest.lib.common.dynamic_creds [-] Deleting project and security group for project: 38b1b8facbfb44a995ea129962ac813d
2024-10-15 19:03:54.384 60407 INFO tempest.lib.common.rest_client [req-fd3fcde8-ae21-4e5b-93fd-b76ec0ae5455 req-fd3fcde8-ae21-4e5b-93fd-b76ec0ae5455 ] Request (ServersTestBootFromVolume:setUpClass): 200 GET http://10.180.1.21/volume/v3/014614b1bb424ff39a35bf42aca87d8b/volumes/b616fd9d-c82f-4fa6-8cf6-6fe55c9dbf4f 0.025s
2024-10-15 19:03:54.420 60419 INFO tempest.lib.common.rest_client [req-f62b0b12-6d99-48de-bffd-ccdd3fcf30ed req-f62b0b12-6d99-48de-bffd-ccdd3fcf30ed ] Request (HypervisorAdminNegativeTestJSON:tearDownClass): 200 GET http://10.180.1.21:9696/networking/v2.0/security-groups?tenant_id=38b1b8facbfb44a995ea129962ac813d&name=default 0.073s
2024-10-15 19:03:54.488 60419 INFO tempest.lib.common.rest_client [req-63e1704a-4089-40e9-8cb6-fc5e679abd8a req-63e1704a-4089-40e9-8cb6-fc5e679abd8a ] Request (HypervisorAdminNegativeTestJSON:tearDownClass): 204 DELETE http://10.180.1.21:9696/networking/v2.0/security-groups/affdbe67-4f19-42c4-8e03-037d0013a53a 0.068s
2024-10-15 19:03:54.577 60419 INFO tempest.lib.common.rest_client [req-430fa7a5-4579-4bc7-9951-2316c749c6d9 req-430fa7a5-4579-4bc7-9951-2316c749c6d9 ] Request (HypervisorAdminNegativeTestJSON:tearDownClass): 204 DELETE http://10.180.1.21/identity/v3/projects/38b1b8facbfb44a995ea129962ac813d 0.088s
2024-10-15 19:03:54.594 60423 INFO tempest.lib.common.rest_client [req-a024772c-22b5-4da7-af38-15fe193f6932 req-a024772c-22b5-4da7-af38-15fe193f6932 ] Request (SecurityGroupRulesNegativeTestJSON:test_create_security_group_rule_duplicate): 200 POST http://10.180.1.21/compute/v2.1/os-security-group-rules 3.826s
2024-10-15 19:03:54.642 60419 INFO tempest.lib.common.rest_client [req-1b8deaae-cf4b-42a9-9460-817b30c414fb req-1b8deaae-cf4b-42a9-9460-817b30c414fb ] Request (InstanceActionsV221TestJSON:setUpClass): 201 POST http://10.180.1.21/identity/v3/auth/tokens 0.061s
2024-10-15 19:03:54.681 60419 INFO tempest.lib.common.rest_client [req-0c0e0f18-4178-4af9-8060-98c791ae1acc req-0c0e0f18-4178-4af9-8060-98c791ae1acc ] Request (InstanceActionsV221TestJSON:setUpClass): 201 POST http://10.180.1.21/identity/v3/auth/tokens 0.036s
2024-10-15 19:03:54.701 60419 INFO tempest.lib.common.rest_client [req-0e6a6234-0951-4936-9528-6e28f727527a req-0e6a6234-0951-4936-9528-6e28f727527a ] Request (InstanceActionsV221TestJSON:setUpClass): 200 GET http://10.180.1.21/identity/v3/domains?name=Default 0.020s
2024-10-15 19:03:54.734 60419 INFO tempest.lib.common.rest_client [req-80685e1d-2823-4e1f-a631-724681e131c1 req-80685e1d-2823-4e1f-a631-724681e131c1 ] Request (InstanceActionsV221TestJSON:setUpClass): 201 POST http://10.180.1.21/identity/v3/projects 0.032s
2024-10-15 19:03:54.803 60419 INFO tempest.lib.common.rest_client [req-bad1583e-73ed-48ae-9e25-1e9571b8f925 req-bad1583e-73ed-48ae-9e25-1e9571b8f925 ] Request (InstanceActionsV221TestJSON:setUpClass): 201 POST http://10.180.1.21/identity/v3/users 0.068s
2024-10-15 19:03:54.816 60403 INFO tempest.lib.common.rest_client [req-fb670642-14d1-46d5-92be-4de90c0f4c8f req-fb670642-14d1-46d5-92be-4de90c0f4c8f ] Request (ImagesOneServerNegativeTestJSON:setUpClass): 201 POST http://10.180.1.21:9696/networking/v2.0/subnets 0.950s
2024-10-15 19:03:54.825 60417 INFO tempest.lib.common.rest_client [req-1669adab-66d7-48b8-938d-2c537a3941cf req-1669adab-66d7-48b8-938d-2c537a3941cf ] Request (ServersNegativeTestMultiTenantJSON:setUpClass): 201 POST http://10.180.1.21:9696/networking/v2.0/routers 2.337s
2024-10-15 19:03:54.827 60419 INFO tempest.lib.common.rest_client [req-ed616c4e-1a2e-42d7-870c-ac006162da47 req-ed616c4e-1a2e-42d7-870c-ac006162da47 ] Request (InstanceActionsV221TestJSON:setUpClass): 200 GET http://10.180.1.21/identity/v3/roles 0.023s
2024-10-15 19:03:54.856 60419 INFO tempest.lib.common.rest_client [req-0114bd9b-8a10-42d8-a166-e1380c8f1971 req-0114bd9b-8a10-42d8-a166-e1380c8f1971 ] Request (InstanceActionsV221TestJSON:setUpClass): 204 PUT http://10.180.1.21/identity/v3/projects/1bb5c4b0a0964ee0a9557d6e86231d92/users/2bbd9ea66f454f439973699388f4ab5e/roles/19b8f69a385f4eef9d1fc89e4680c1f7 0.028s
2024-10-15 19:03:54.856 60419 INFO tempest.lib.common.dynamic_creds [-] Dynamic test user 2bbd9ea66f454f439973699388f4ab5e is created with scope project and roles: ['member']
2024-10-15 19:03:54.856 60419 INFO tempest.lib.common.dynamic_creds [-] Acquired dynamic creds: credentials: Credentials: {'domain_id': 'default', 'domain_name': 'Default', 'username': 'tempest-InstanceActionsV221TestJSON-1778790919-project-member', 'project_domain_id': 'default', 'project_domain_name': 'Default', 'project_id': '1bb5c4b0a0964ee0a9557d6e86231d92', 'project_name': 'tempest-InstanceActionsV221TestJSON-1778790919', 'tenant_id': '1bb5c4b0a0964ee0a9557d6e86231d92', 'tenant_name': 'tempest-InstanceActionsV221TestJSON-1778790919', 'user_domain_id': 'default', 'user_domain_name': 'Default', 'user_id': '2bbd9ea66f454f439973699388f4ab5e', 'system': None}, Network: None, Subnet: None, Router: None
2024-10-15 19:03:54.909 60434 INFO tempest.lib.common.rest_client [req-81b80bb1-c010-4e3b-b1c9-9d351c77496b req-81b80bb1-c010-4e3b-b1c9-9d351c77496b ] Request (SecurityGroupRulesTestJSON:test_security_group_rules_create_with_optional_group_id): 200 POST http://10.180.1.21/compute/v2.1/os-security-groups 3.912s
2024-10-15 19:03:54.911 60419 INFO tempest.lib.common.rest_client [req-5ac38a74-97f7-4cc1-91ee-b275ef3ac231 req-5ac38a74-97f7-4cc1-91ee-b275ef3ac231 ] Request (InstanceActionsV221TestJSON:setUpClass): 201 POST http://10.180.1.21/identity/v3/auth/tokens 0.054s
2024-10-15 19:03:54.984 60401 INFO tempest.lib.common.rest_client [req-46552b67-e28c-4402-a7bc-8109cb4e6d4a req-46552b67-e28c-4402-a7bc-8109cb4e6d4a ] Request (AttachInterfacesUnderV243Test:test_add_remove_fixed_ip): 202 POST http://10.180.1.21/compute/v2.1/servers 4.263s
2024-10-15 19:03:55.042 60431 INFO tempest.lib.common.rest_client [req-a41c9efc-61d3-47ef-9a3c-56b3991651ff req-a41c9efc-61d3-47ef-9a3c-56b3991651ff ] Request (ListImagesTestJSON:test_get_image): 200 GET http://10.180.1.21/compute/v2.1/images/1618eb55-f00d-42a5-b978-e81e57855fb4 3.729s
2024-10-15 19:03:55.046 60437 INFO tempest.lib.common.rest_client [req-ede33cd5-d202-4656-a160-3f05e53d8db4 req-ede33cd5-d202-4656-a160-3f05e53d8db4 ] Request (KeyPairsNegativeTestJSON:test_create_keypair_with_empty_name_string): 400 POST http://10.180.1.21/compute/v2.1/os-keypairs 3.672s
2024-10-15 19:03:55.055 60451 INFO tempest.lib.common.rest_client [req-048b8f8f-9ba7-4fb7-9071-e7a21aa72595 req-048b8f8f-9ba7-4fb7-9071-e7a21aa72595 ] Request (ServerActionsTestOtherB:setUpClass): 200 GET http://10.180.1.21/compute/v2.1/servers/eeae9a99-e184-49ea-880f-0a429d893129 3.702s
2024-10-15 19:03:55.056 60457 INFO tempest.lib.common.rest_client [req-fa9c2e33-7bdc-4057-a734-d575f14d4948 req-fa9c2e33-7bdc-4057-a734-d575f14d4948 ] Request (ImagesNegativeTestJSON:test_create_image_from_invalid_server): 404 POST http://10.180.1.21/compute/v2.1/servers/tempest-invalid-510941432/action 3.659s
2024-10-15 19:03:55.073 60405 INFO tempest.lib.common.rest_client [req-c33cdd23-f3e5-47d1-840f-7b76d37ceddb req-c33cdd23-f3e5-47d1-840f-7b76d37ceddb ] Request (FlavorsAccessNegativeTestJSON:_run_cleanups): 202 DELETE http://10.180.1.21/compute/v2.1/flavors/20459420 3.395s
2024-10-15 19:03:55.090 60395 INFO tempest.lib.common.rest_client [req-8140e2b9-04c7-47dc-b7df-c9914856d964 req-8140e2b9-04c7-47dc-b7df-c9914856d964 ] Request (AggregatesAdminNegativeTestJSON:_run_cleanups): 200 DELETE http://10.180.1.21/compute/v2.1/os-aggregates/5 3.365s
2024-10-15 19:03:55.106 60413 INFO tempest.lib.common.rest_client [req-e43a9741-8fe8-4bf7-b95b-97fe14e6ac87 req-e43a9741-8fe8-4bf7-b95b-97fe14e6ac87 ] Request (ServersTestFqdnHostnames:test_create_server_with_fqdn_name): 404 GET http://10.180.1.21/compute/v2.1/servers/6ba8cf5b-f60b-462b-a955-eaeba2849c0d 3.194s
2024-10-15 19:03:55.179 60421 INFO tempest.lib.common.rest_client [req-bd44a312-e2a2-4dc4-a8e7-3cebe962e33d req-bd44a312-e2a2-4dc4-a8e7-3cebe962e33d ] Request (MigrationsAdminTest:test_resize_server_revert_deleted_flavor): 200 GET http://10.180.1.21/compute/v2.1/servers/98b02f09-e666-421c-9a7f-baa6aa8ed7f7 2.932s
2024-10-15 19:03:55.404 60419 INFO tempest.lib.common.rest_client [req-fc466368-681b-459f-b68f-40b7d4558b30 req-fc466368-681b-459f-b68f-40b7d4558b30 ] Request (InstanceActionsV221TestJSON:setUpClass): 201 POST http://10.180.1.21:9696/networking/v2.0/networks 0.492s
2024-10-15 19:03:55.415 60407 INFO tempest.lib.common.rest_client [req-0e14f131-dc10-46f5-b5ce-8050c8a4ae30 req-0e14f131-dc10-46f5-b5ce-8050c8a4ae30 ] Request (ServersTestBootFromVolume:setUpClass): 200 GET http://10.180.1.21/volume/v3/014614b1bb424ff39a35bf42aca87d8b/volumes/b616fd9d-c82f-4fa6-8cf6-6fe55c9dbf4f 0.023s
2024-10-15 19:03:55.908 60419 INFO tempest.lib.common.rest_client [req-f37bafcf-acee-4305-91bc-4563b0aa0583 req-f37bafcf-acee-4305-91bc-4563b0aa0583 ] Request (InstanceActionsV221TestJSON:setUpClass): 201 POST http://10.180.1.21:9696/networking/v2.0/subnets 0.504s
2024-10-15 19:03:55.994 60435 INFO tempest.lib.common.rest_client [req-3f2de8e5-6eaf-46f2-8ac5-de735c632f99 req-3f2de8e5-6eaf-46f2-8ac5-de735c632f99 ] Request (AttachInterfacesTestJSON:setUpClass): 200 PUT http://10.180.1.21:9696/networking/v2.0/routers/ec1477b1-5c29-46bc-b7bd-32c07a148b47/add_router_interface 2.746s
2024-10-15 19:03:55.994 60435 INFO tempest.lib.common.dynamic_creds [-] Created isolated network resources for: credentials: Credentials: {'domain_id': 'default', 'domain_name': 'Default', 'username': 'tempest-AttachInterfacesTestJSON-1051727072-project-member', 'project_domain_id': 'default', 'project_domain_name': 'Default', 'project_id': '0be6718d0cbe4351a06b59576311c7f8', 'project_name': 'tempest-AttachInterfacesTestJSON-1051727072', 'tenant_id': '0be6718d0cbe4351a06b59576311c7f8', 'tenant_name': 'tempest-AttachInterfacesTestJSON-1051727072', 'user_domain_id': 'default', 'user_domain_name': 'Default', 'user_id': '56bb638542d440639e1a38b10e80fb1e', 'system': None}, Network: {'id': 'cbd8f518-c531-4590-9ce0-8c8160c0e395', 'name': 'tempest-AttachInterfacesTestJSON-1396746562-network', 'tenant_id': '0be6718d0cbe4351a06b59576311c7f8', 'admin_state_up': True, 'mtu': 8950, 'status': 'ACTIVE', 'subnets': [], 'shared': False, 'project_id': '0be6718d0cbe4351a06b59576311c7f8', 'port_security_enabled': True, 'router:external': False, 'provider:network_type': 'vlan', 'provider:physical_network': 'default', 'provider:segmentation_id': 745, 'is_default': False, 'availability_zone_hints': [], 'availability_zones': [], 'ipv4_address_scope': None, 'ipv6_address_scope': None, 'description': '', 'tags': [], 'created_at': '2024-10-15T19:03:51Z', 'updated_at': '2024-10-15T19:03:51Z', 'revision_number': 1}, Subnet: {'id': '63ee6c76-83f8-4ddb-9c34-8cf430b0e678', 'name': 'tempest-AttachInterfacesTestJSON-1396746562-subnet', 'tenant_id': '0be6718d0cbe4351a06b59576311c7f8', 'network_id': 'cbd8f518-c531-4590-9ce0-8c8160c0e395', 'ip_version': 4, 'subnetpool_id': None, 'enable_dhcp': True, 'ipv6_ra_mode': None, 'ipv6_address_mode': None, 'gateway_ip': '192.168.128.1', 'cidr': '192.168.128.0/28', 'allocation_pools': [{'start': '192.168.128.2', 'end': '192.168.128.14'}], 'host_routes': [], 'dns_nameservers': [], 'description': '', 'service_types': [], 'tags': [], 'created_at': '2024-10-15T19:03:51Z', 'updated_at': '2024-10-15T19:03:51Z', 'revision_number': 0, 'project_id': '0be6718d0cbe4351a06b59576311c7f8'}, Router: {'id': 'ec1477b1-5c29-46bc-b7bd-32c07a148b47', 'name': 'tempest-AttachInterfacesTestJSON-1396746562-router', 'tenant_id': '0be6718d0cbe4351a06b59576311c7f8', 'admin_state_up': True, 'status': 'ACTIVE', 'external_gateway_info': {'network_id': '7581f2df-e725-4860-8377-2abe48457f14', 'external_fixed_ips': [{'subnet_id': 'c9f7934c-1fa6-4394-9488-fb4cabfaa053', 'ip_address': '10.180.180.164'}], 'enable_snat': True}, 'description': '', 'availability_zones': [], 'distributed': False, 'ha': False, 'availability_zone_hints': [], 'routes': [], 'flavor_id': None, 'tags': [], 'created_at': '2024-10-15T19:03:52Z', 'updated_at': '2024-10-15T19:03:52Z', 'revision_number': 2, 'project_id': '0be6718d0cbe4351a06b59576311c7f8'}
2024-10-15 19:03:56.091 60435 INFO tempest.lib.common.rest_client [req-65b17755-1574-423d-8e78-9d77f1e47ff1 req-65b17755-1574-423d-8e78-9d77f1e47ff1 ] Request (AttachInterfacesTestJSON:setUpClass): 201 POST http://10.180.1.21/identity/v3/auth/tokens 0.091s
2024-10-15 19:03:56.161 60399 INFO tempest.lib.common.rest_client [req-62ee7594-9004-41c3-be79-aae9b0a1282f req-62ee7594-9004-41c3-be79-aae9b0a1282f ] Request (ServerActionsTestJSON:setUpClass): 202 POST http://10.180.1.21/compute/v2.1/servers 3.877s
2024-10-15 19:03:56.178 60425 INFO tempest.lib.common.rest_client [req-bd885cfa-8000-43fe-ba5c-fbb98fac3dab req-bd885cfa-8000-43fe-ba5c-fbb98fac3dab ] Request (VolumesAssistedSnapshotsTest:test_volume_assisted_snapshot_create_delete): 404 GET http://10.180.1.21/compute/v2.1/servers/0f32ff9f-758b-4616-9291-f141b74acdf7 3.725s
2024-10-15 19:03:56.224 60425 INFO tempest.lib.common.rest_client [req-020c6741-85d5-4c2f-8972-55708befc37d req-020c6741-85d5-4c2f-8972-55708befc37d ] Request (VolumesAssistedSnapshotsTest:_run_cleanups): 202 DELETE http://10.180.1.21/volume/v3/ee466d792dcb4f9d9a2567b99b7e0fcb/volumes/db389b0f-482d-4292-b89b-cb8c183c9dee 0.044s
