2025-11-12 22:15:44.926 66080 INFO tempest.lib.common.rest_client [req-6cc0ec00-1f4f-44ff-9cee-48102311d1cd req-6cc0ec00-1f4f-44ff-9cee-48102311d1cd ] Request (ServerMetadataTestJSON:setUpClass): 200 GET http://10.180.1.21/identity/v3/domains?name=Default 0.066s
2025-11-12 22:15:44.935 66032 INFO tempest.lib.common.rest_client [req-c8144a8b-9994-40fe-8d29-3ee39a6797f2 req-c8144a8b-9994-40fe-8d29-3ee39a6797f2 ] Request (AbsoluteLimitsTestJSON:setUpClass): 201 POST http://10.180.1.21/identity/v3/auth/tokens 0.037s
2025-11-12 22:15:44.971 66080 INFO tempest.lib.common.rest_client [req-34a73bbb-583a-47d3-902e-96149813f1d3 req-34a73bbb-583a-47d3-902e-96149813f1d3 ] Request (ServerMetadataTestJSON:setUpClass): 201 POST http://10.180.1.21/identity/v3/projects 0.045s
2025-11-12 22:15:44.992 66036 INFO tempest.lib.common.rest_client [req-6053040b-773d-4fec-ade8-6a091babc1f5 req-6053040b-773d-4fec-ade8-6a091babc1f5 ] Request (ServersAdminTestJSON:setUpClass): 200 GET http://10.180.1.21/compute/v2.1/servers/0966bf81-eb18-49a5-8eda-0edec8e98b30 3.313s
2025-11-12 22:15:45.007 66042 INFO tempest.lib.common.rest_client [req-a8414bf1-a36b-41ba-9d74-a2f002222913 req-a8414bf1-a36b-41ba-9d74-a2f002222913 ] Request (FlavorsExtraSpecsTestJSON:test_flavor_set_get_update_show_unset_keys): 200 GET http://10.180.1.21/compute/v2.1/flavors/141607196/os-extra_specs 3.246s
2025-11-12 22:15:45.029 66032 INFO tempest.lib.common.rest_client [req-111cee3e-300c-44e4-b949-06abfee51165 req-111cee3e-300c-44e4-b949-06abfee51165 ] Request (AbsoluteLimitsTestJSON:setUpClass): 201 POST http://10.180.1.21/identity/v3/auth/tokens 0.091s
2025-11-12 22:15:45.035 66085 INFO tempest.lib.common.rest_client [req-c5483f2b-2cb1-49ea-8937-d016fb12fbb5 req-c5483f2b-2cb1-49ea-8937-d016fb12fbb5 ] Request (ServicesAdminNegativeV253TestJSON:test_get_service_by_invalid_service_and_valid_host): 200 GET http://10.180.1.21/compute/v2.1/os-services 3.197s
2025-11-12 22:15:45.061 66080 INFO tempest.lib.common.rest_client [req-bade4596-866a-4b1a-b26c-e8d03589c3c7 req-bade4596-866a-4b1a-b26c-e8d03589c3c7 ] Request (ServerMetadataTestJSON:setUpClass): 201 POST http://10.180.1.21/identity/v3/users 0.090s
2025-11-12 22:15:45.075 66070 INFO tempest.lib.common.rest_client [req-799016c1-9d0a-4f82-a11d-c2989fbd094b req-799016c1-9d0a-4f82-a11d-c2989fbd094b ] Request (FloatingIPDetailsTestJSON:tearDownClass): 202 DELETE http://10.180.1.21/compute/v2.1/os-floating-ips/c5c20820-3aef-4fc0-b2b9-30574ecc84dc 3.759s
2025-11-12 22:15:45.087 66060 INFO tempest.lib.common.rest_client [req-26f08243-2783-4037-b11d-da80a37b026b req-26f08243-2783-4037-b11d-da80a37b026b ] Request (ImagesMetadataTestJSON:test_set_image_metadata): 200 GET http://10.180.1.21/compute/v2.1/images/3c7c0965-e429-4565-ab69-d7c1b560dfd8/metadata 2.975s
2025-11-12 22:15:45.097 66032 INFO tempest.lib.common.rest_client [req-786d9e4e-e588-4c82-bf17-2f2a8d54c43c req-786d9e4e-e588-4c82-bf17-2f2a8d54c43c ] Request (AbsoluteLimitsTestJSON:setUpClass): 200 GET http://10.180.1.21/identity/v3/domains?name=Default 0.067s
2025-11-12 22:15:45.123 66036 INFO tempest.lib.common.rest_client [req-146b6818-e243-4695-b9eb-49b28fd4ff15 req-146b6818-e243-4695-b9eb-49b28fd4ff15 ] Request (ServersAdminTestJSON:test_create_server_with_scheduling_hint): 201 POST http://10.180.1.21/identity/v3/auth/tokens 0.115s
2025-11-12 22:15:45.123 66036 INFO tempest.lib.common.fixed_network [-] (ServersAdminTestJSON:test_create_server_with_scheduling_hint) Found network {'id': '04414a2b-83b2-4963-b2a3-31ad3261d199', 'name': 'tempest-ServersAdminTestJSON-2082594312-network', 'tenant_id': '3d8d38b6441b4468b7f0a87debceea12', 'project_id': '3d8d38b6441b4468b7f0a87debceea12', 'admin_state_up': True, 'mtu': 8950, 'status': 'ACTIVE', 'subnets': [], 'shared': False, 'port_security_enabled': True, 'router:external': False, 'provider:network_type': 'vlan', 'provider:physical_network': 'default', 'provider:segmentation_id': 286, 'availability_zone_hints': [], 'availability_zones': [], 'ipv4_address_scope': None, 'ipv6_address_scope': None, 'description': '', 'tags': [], 'created_at': '2025-11-12T22:14:57Z', 'updated_at': '2025-11-12T22:14:57Z', 'revision_number': 1} available for tenant
2025-11-12 22:15:45.128 66080 INFO tempest.lib.common.rest_client [req-80e0f4fd-b1b4-467c-898a-3d146b3d38c0 req-80e0f4fd-b1b4-467c-898a-3d146b3d38c0 ] Request (ServerMetadataTestJSON:setUpClass): 200 GET http://10.180.1.21/identity/v3/roles 0.066s
2025-11-12 22:15:45.136 66046 INFO tempest.lib.common.rest_client [req-68806086-374f-4973-bff8-ee0c9ba0e8c4 req-68806086-374f-4973-bff8-ee0c9ba0e8c4 ] Request (SecurityGroupRulesNegativeTestJSON:test_create_security_group_rule_with_invalid_from_port): 400 POST http://10.180.1.21/compute/v2.1/os-security-group-rules 2.845s
2025-11-12 22:15:45.154 66032 INFO tempest.lib.common.rest_client [req-63d21714-1a93-4e75-8b73-87668ad9bff6 req-63d21714-1a93-4e75-8b73-87668ad9bff6 ] Request (AbsoluteLimitsTestJSON:setUpClass): 201 POST http://10.180.1.21/identity/v3/projects 0.056s
2025-11-12 22:15:45.159 66080 INFO tempest.lib.common.rest_client [req-336c2ebc-bfbc-4174-95de-e0bf6b68b30f req-336c2ebc-bfbc-4174-95de-e0bf6b68b30f ] Request (ServerMetadataTestJSON:setUpClass): 204 PUT http://10.180.1.21/identity/v3/projects/b875fd2d521c421cbd92a13ffb476c79/users/88e6c0d4aee04d30a1434abb77b79293/roles/1c5687e7faa842ff95e726a513f84f6e 0.031s
2025-11-12 22:15:45.159 66080 INFO tempest.lib.common.dynamic_creds [-] Dynamic test user 88e6c0d4aee04d30a1434abb77b79293 is created with scope project and roles: ['member']
2025-11-12 22:15:45.159 66080 INFO tempest.lib.common.dynamic_creds [-] Acquired dynamic creds: credentials: Credentials: {'domain_id': 'default', 'domain_name': 'Default', 'username': 'tempest-ServerMetadataTestJSON-145252439-project-member', 'project_domain_id': 'default', 'project_domain_name': 'Default', 'project_id': 'b875fd2d521c421cbd92a13ffb476c79', 'project_name': 'tempest-ServerMetadataTestJSON-145252439', 'tenant_id': 'b875fd2d521c421cbd92a13ffb476c79', 'tenant_name': 'tempest-ServerMetadataTestJSON-145252439', 'user_domain_id': 'default', 'user_domain_name': 'Default', 'user_id': '88e6c0d4aee04d30a1434abb77b79293', 'system': None}, Network: None, Subnet: None, Router: None
2025-11-12 22:15:45.211 66086 INFO tempest.lib.common.rest_client [req-b5f58e08-5d22-41bc-8b5a-29f1b0d0476e req-b5f58e08-5d22-41bc-8b5a-29f1b0d0476e ] Request (KeyPairsV22TestJSON:test_keypair_create_delete): 201 POST http://10.180.1.21/compute/v2.1/os-keypairs 2.636s
2025-11-12 22:15:45.233 66080 INFO tempest.lib.common.rest_client [req-98c4f18a-ff83-4425-a93a-e0c033bbe0f6 req-98c4f18a-ff83-4425-a93a-e0c033bbe0f6 ] Request (ServerMetadataTestJSON:setUpClass): 201 POST http://10.180.1.21/identity/v3/auth/tokens 0.073s
2025-11-12 22:15:45.242 66052 INFO tempest.lib.common.rest_client [req-5f49c866-388f-4d8b-95eb-f9a1de43eca3 req-5f49c866-388f-4d8b-95eb-f9a1de43eca3 ] Request (FlavorsExtraSpecsNegativeTestJSON:tearDownClass): 200 GET http://10.180.1.21/compute/v2.1/flavors/detail 2.643s
2025-11-12 22:15:45.288 66032 INFO tempest.lib.common.rest_client [req-7feff673-3e2c-4e1d-9702-3e87ea656a05 req-7feff673-3e2c-4e1d-9702-3e87ea656a05 ] Request (AbsoluteLimitsTestJSON:setUpClass): 201 POST http://10.180.1.21/identity/v3/users 0.134s
2025-11-12 22:15:45.370 66032 INFO tempest.lib.common.rest_client [req-ec8b2ff9-1071-48df-8da7-4bd3f956bc69 req-ec8b2ff9-1071-48df-8da7-4bd3f956bc69 ] Request (AbsoluteLimitsTestJSON:setUpClass): 200 GET http://10.180.1.21/identity/v3/roles 0.081s
2025-11-12 22:15:45.371 66068 INFO tempest.lib.common.rest_client [req-8b0fe21d-61c1-4369-ac3a-0f0c3ecee798 req-8b0fe21d-61c1-4369-ac3a-0f0c3ecee798 ] Request (ImagesNegativeTestJSON:test_create_image_from_deleted_server): 200 GET http://10.180.1.21/compute/v2.1/servers/d9311f8c-ce69-4937-97e4-aa55034e5310 2.569s
2025-11-12 22:15:45.391 66052 INFO tempest.lib.common.rest_client [req-a0a9a52a-d412-40db-8544-27cb7f77556e req-a0a9a52a-d412-40db-8544-27cb7f77556e ] Request (FlavorsExtraSpecsNegativeTestJSON:tearDownClass): 204 DELETE http://10.180.1.21/identity/v3/users/1b6cfa0b523141cf8026417a78d67633 0.142s
2025-11-12 22:15:45.454 66032 INFO tempest.lib.common.rest_client [req-e8381111-3672-4f38-a41b-e7ad1a461d24 req-e8381111-3672-4f38-a41b-e7ad1a461d24 ] Request (AbsoluteLimitsTestJSON:setUpClass): 204 PUT http://10.180.1.21/identity/v3/projects/bd653753f84e4e29a8b3b1d899d734fa/users/4f660bc86d444ce882e33c8ce4d2809f/roles/1c5687e7faa842ff95e726a513f84f6e 0.083s
2025-11-12 22:15:45.454 66032 INFO tempest.lib.common.dynamic_creds [-] Dynamic test user 4f660bc86d444ce882e33c8ce4d2809f is created with scope project and roles: ['member']
2025-11-12 22:15:45.454 66032 INFO tempest.lib.common.dynamic_creds [-] Acquired dynamic creds: credentials: Credentials: {'domain_id': 'default', 'domain_name': 'Default', 'username': 'tempest-AbsoluteLimitsTestJSON-451624132-project-member', 'project_domain_id': 'default', 'project_domain_name': 'Default', 'project_id': 'bd653753f84e4e29a8b3b1d899d734fa', 'project_name': 'tempest-AbsoluteLimitsTestJSON-451624132', 'tenant_id': 'bd653753f84e4e29a8b3b1d899d734fa', 'tenant_name': 'tempest-AbsoluteLimitsTestJSON-451624132', 'user_domain_id': 'default', 'user_domain_name': 'Default', 'user_id': '4f660bc86d444ce882e33c8ce4d2809f', 'system': None}, Network: None, Subnet: None, Router: None
2025-11-12 22:15:45.454 66032 INFO tempest.lib.common.dynamic_creds [-] Created isolated network resources for: credentials: Credentials: {'domain_id': 'default', 'domain_name': 'Default', 'username': 'tempest-AbsoluteLimitsTestJSON-451624132-project-member', 'project_domain_id': 'default', 'project_domain_name': 'Default', 'project_id': 'bd653753f84e4e29a8b3b1d899d734fa', 'project_name': 'tempest-AbsoluteLimitsTestJSON-451624132', 'tenant_id': 'bd653753f84e4e29a8b3b1d899d734fa', 'tenant_name': 'tempest-AbsoluteLimitsTestJSON-451624132', 'user_domain_id': 'default', 'user_domain_name': 'Default', 'user_id': '4f660bc86d444ce882e33c8ce4d2809f', 'system': None}, Network: None, Subnet: None, Router: None
2025-11-12 22:15:45.503 66078 INFO tempest.lib.common.rest_client [req-f83f3ebe-6947-4270-a14e-fc8fc7dd29c9 req-f83f3ebe-6947-4270-a14e-fc8fc7dd29c9 ] Request (VolumesAssistedSnapshotsTest:test_volume_assisted_snapshot_create_delete): 200 GET http://10.180.1.21/compute/v2.1/servers/8fc68b6d-5e1f-4545-8ae5-565f96d38862 2.689s
2025-11-12 22:15:45.511 66052 INFO tempest.lib.common.rest_client [req-f95b618a-f2bd-4a39-877c-92da09dc1de7 req-f95b618a-f2bd-4a39-877c-92da09dc1de7 ] Request (FlavorsExtraSpecsNegativeTestJSON:tearDownClass): 204 DELETE http://10.180.1.21/identity/v3/users/982a6e6db6214de48df245ef19b325f5 0.120s
2025-11-12 22:15:45.512 66052 INFO tempest.lib.common.dynamic_creds [-] Deleting project and security group for project: 2e0858dfd8f7403daa7012f5d0c11811
2025-11-12 22:15:45.542 66032 INFO tempest.lib.common.rest_client [req-4ca76d56-e405-45b2-becd-6b0fa5926b10 req-4ca76d56-e405-45b2-becd-6b0fa5926b10 ] Request (AbsoluteLimitsTestJSON:setUpClass): 201 POST http://10.180.1.21/identity/v3/auth/tokens 0.083s
2025-11-12 22:15:45.559 66094 INFO tempest.lib.common.rest_client [req-9f658546-2080-4665-b724-3f132116554c req-9f658546-2080-4665-b724-3f132116554c ] Request (AttachInterfacesTestJSON:test_create_list_show_delete_interfaces_by_fixed_ip): 202 POST http://10.180.1.21/compute/v2.1/servers 3.233s
2025-11-12 22:15:45.560 66080 INFO tempest.lib.common.rest_client [req-97c4306f-b463-41ed-8ead-d6bcb6c9e998 req-97c4306f-b463-41ed-8ead-d6bcb6c9e998 ] Request (ServerMetadataTestJSON:setUpClass): 201 POST http://10.180.1.21/networking/v2.0/networks 0.326s
2025-11-12 22:15:45.682 66052 INFO tempest.lib.common.rest_client [req-f3a822b6-8220-49c4-b259-ca2e9f49560c req-f3a822b6-8220-49c4-b259-ca2e9f49560c ] Request (FlavorsExtraSpecsNegativeTestJSON:tearDownClass): 201 POST http://10.180.1.21/identity/v3/auth/tokens 0.170s
2025-11-12 22:15:45.736 66076 INFO tempest.lib.common.rest_client [req-2a53a416-f8fd-4894-8ec1-5fdf7a3e1eae req-2a53a416-f8fd-4894-8ec1-5fdf7a3e1eae ] Request (HypervisorAdminV228Test:test_get_list_hypervisor_details): 200 GET http://10.180.1.21/compute/v2.1/os-hypervisors 2.619s
2025-11-12 22:15:45.746 66092 INFO tempest.lib.common.rest_client [req-6c986142-eeda-4a44-8011-ba755e29c346 req-6c986142-eeda-4a44-8011-ba755e29c346 ] Request (HostsAdminNegativeTestJSON:test_update_host_with_invalid_status): 400 PUT http://10.180.1.21/compute/v2.1/os-hosts/devstack 2.204s
2025-11-12 22:15:45.782 66080 INFO tempest.lib.common.rest_client [req-032cb9cb-ae11-40ac-988c-c747ae5f2592 req-032cb9cb-ae11-40ac-988c-c747ae5f2592 ] Request (ServerMetadataTestJSON:setUpClass): 201 POST http://10.180.1.21/networking/v2.0/subnets 0.221s
2025-11-12 22:15:45.786 66058 INFO tempest.lib.common.rest_client [req-1ca3817e-c596-4939-9f65-b1ee4b3c7c4f req-1ca3817e-c596-4939-9f65-b1ee4b3c7c4f ] Request (ServersWithSpecificFlavorTestJSON:test_verify_created_server_ephemeral_disk): 200 GET http://10.180.1.21/compute/v2.1/servers/a47f5041-c19b-4979-8fb7-53a5479ccf82 2.490s
2025-11-12 22:15:45.865 66090 INFO tempest.lib.common.rest_client [req-5af713cb-a9f7-4720-b46b-e63836d3d2ea req-5af713cb-a9f7-4720-b46b-e63836d3d2ea ] Request (ServersTestBootFromVolume:setUpClass): 200 GET http://10.180.1.21/volume/v3/volumes/ce447ca7-d5c6-42b3-aef7-56a3e1710f49 0.039s
2025-11-12 22:15:45.874 66090 INFO tempest.common.waiters [-] volume ce447ca7-d5c6-42b3-aef7-56a3e1710f49 reached available after waiting for 19.874091 seconds
2025-11-12 22:15:45.938 66052 INFO tempest.lib.common.rest_client [req-03006855-2347-40aa-a2e2-ecde2fbe11f2 req-03006855-2347-40aa-a2e2-ecde2fbe11f2 ] Request (FlavorsExtraSpecsNegativeTestJSON:tearDownClass): 200 GET http://10.180.1.21/networking/v2.0/security-groups?tenant_id=2e0858dfd8f7403daa7012f5d0c11811&name=default 0.255s
2025-11-12 22:15:46.013 66082 INFO tempest.lib.common.rest_client [req-d302dc62-afe1-4410-870f-8484a162f05e req-d302dc62-afe1-4410-870f-8484a162f05e ] Request (ServerShowV254Test:test_rebuild_server): 200 GET http://10.180.1.21/compute/v2.1/servers/db202f1f-9579-4308-ace6-2c70325e80e3 2.460s
2025-11-12 22:15:46.036 66082 INFO tempest.common.waiters [-] State transition "BUILD/None" ==> "BUILD/spawning" after 4 second wait
2025-11-12 22:15:46.285 66052 INFO tempest.lib.common.rest_client [req-50ed8637-67df-465f-8782-ac3a4b7321cd req-50ed8637-67df-465f-8782-ac3a4b7321cd ] Request (FlavorsExtraSpecsNegativeTestJSON:tearDownClass): 204 DELETE http://10.180.1.21/networking/v2.0/security-groups/d8e55d4c-7fa1-4e32-a58a-430c1846c1be 0.346s
2025-11-12 22:15:46.394 66052 INFO tempest.lib.common.rest_client [req-75e69618-2132-43d7-8ae1-07ecef9194ee req-75e69618-2132-43d7-8ae1-07ecef9194ee ] Request (FlavorsExtraSpecsNegativeTestJSON:tearDownClass): 204 DELETE http://10.180.1.21/identity/v3/projects/2e0858dfd8f7403daa7012f5d0c11811 0.108s
2025-11-12 22:15:46.394 66052 INFO tempest.lib.common.dynamic_creds [-] Deleting project and security group for project: 7fbcaa0705a94d82a370f9b410e6da84
2025-11-12 22:15:46.408 66066 INFO tempest.lib.common.rest_client [req-a8abb85b-b812-4b9c-822c-7e63324d0abd req-a8abb85b-b812-4b9c-822c-7e63324d0abd ] Request (MigrationsAdminTest:test_list_migrations_in_flavor_resize_situation): 200 GET http://10.180.1.21/compute/v2.1/servers/6dd95e57-7500-4a91-95d1-093010408ed0 2.825s
2025-11-12 22:15:46.566 66052 INFO tempest.lib.common.rest_client [req-96a5c6c5-dcc8-4cf6-ac5b-77db0a37447e req-96a5c6c5-dcc8-4cf6-ac5b-77db0a37447e ] Request (FlavorsExtraSpecsNegativeTestJSON:tearDownClass): 200 GET http://10.180.1.21/networking/v2.0/security-groups?tenant_id=7fbcaa0705a94d82a370f9b410e6da84&name=default 0.171s
2025-11-12 22:15:46.583 66088 INFO tempest.lib.common.rest_client [req-1b7f9901-d92b-4c7a-aadb-bb1e5a2f4088 req-1b7f9901-d92b-4c7a-aadb-bb1e5a2f4088 ] Request (KeyPairsV2TestJSON:test_get_keypair_detail): 200 POST http://10.180.1.21/compute/v2.1/os-keypairs 2.858s
2025-11-12 22:15:46.610 66038 INFO tempest.lib.common.rest_client [req-95fa3339-7f25-4cda-925f-17cd7953fc1c req-95fa3339-7f25-4cda-925f-17cd7953fc1c ] Request (AggregatesAdminNegativeTestJSON:_run_cleanups): 200 DELETE http://10.180.1.21/compute/v2.1/os-aggregates/3 2.788s
2025-11-12 22:15:46.776 66052 INFO tempest.lib.common.rest_client [req-4e277bef-afcd-4e0d-a6ac-3ce9a4613323 req-4e277bef-afcd-4e0d-a6ac-3ce9a4613323 ] Request (FlavorsExtraSpecsNegativeTestJSON:tearDownClass): 204 DELETE http://10.180.1.21/networking/v2.0/security-groups/4a027d3b-e8a8-40a3-ae83-488efed40712 0.210s
2025-11-12 22:15:46.861 66080 INFO tempest.lib.common.rest_client [req-99be9d5c-9884-4c44-813e-9eef9e516709 req-99be9d5c-9884-4c44-813e-9eef9e516709 ] Request (ServerMetadataTestJSON:setUpClass): 201 POST http://10.180.1.21/networking/v2.0/routers 1.078s
2025-11-12 22:15:46.892 66073 INFO tempest.lib.common.rest_client [req-cd0ea331-14e6-4402-9b51-410a4e032443 req-cd0ea331-14e6-4402-9b51-410a4e032443 ] Request (DeleteServersAdminTestJSON:test_delete_server_while_in_error_state): 200 GET http://10.180.1.21/compute/v2.1/servers/af137b0d-83d9-4196-aae9-2347695fb20e 3.027s
2025-11-12 22:15:46.917 66052 INFO tempest.lib.common.rest_client [req-1b69d505-ab8a-4389-8e14-7b1c3edc46fc req-1b69d505-ab8a-4389-8e14-7b1c3edc46fc ] Request (FlavorsExtraSpecsNegativeTestJSON:tearDownClass): 204 DELETE http://10.180.1.21/identity/v3/projects/7fbcaa0705a94d82a370f9b410e6da84 0.140s
2025-11-12 22:15:46.927 66074 INFO tempest.lib.common.rest_client [req-8f7eefd4-21c6-4b85-bd3a-ecb78fc3dc37 req-8f7eefd4-21c6-4b85-bd3a-ecb78fc3dc37 ] Request (FlavorsAdminTestJSON:_run_cleanups): 200 GET http://10.180.1.21/compute/v2.1/flavors/detail 3.042s
2025-11-12 22:15:47.025 66052 INFO tempest.lib.common.rest_client [req-e0229827-a727-4b52-a59f-7c7609eb1494 req-e0229827-a727-4b52-a59f-7c7609eb1494 ] Request (QuotasAdminTestV236:setUpClass): 201 POST http://10.180.1.21/identity/v3/auth/tokens 0.106s
2025-11-12 22:15:47.074 66052 INFO tempest.lib.common.rest_client [req-6e9c8830-ad8a-4196-8015-1c30774be217 req-6e9c8830-ad8a-4196-8015-1c30774be217 ] Request (QuotasAdminTestV236:setUpClass): 201 POST http://10.180.1.21/identity/v3/auth/tokens 0.045s
2025-11-12 22:15:47.106 66052 INFO tempest.lib.common.rest_client [req-9c55aad4-8a76-4f3f-a105-a75cb2b29142 req-9c55aad4-8a76-4f3f-a105-a75cb2b29142 ] Request (QuotasAdminTestV236:setUpClass): 200 GET http://10.180.1.21/identity/v3/domains?name=Default 0.031s
2025-11-12 22:15:47.138 66052 INFO tempest.lib.common.rest_client [req-1c22dbb3-6255-43d5-a21a-6e04a0125d95 req-1c22dbb3-6255-43d5-a21a-6e04a0125d95 ] Request (QuotasAdminTestV236:setUpClass): 201 POST http://10.180.1.21/identity/v3/projects 0.031s
2025-11-12 22:15:47.166 66064 INFO tempest.lib.common.rest_client [req-a4d4f71b-92ea-4c99-bee5-ccc05746c64f req-a4d4f71b-92ea-4c99-bee5-ccc05746c64f ] Request (QuotasAdminNegativeTest:_run_cleanups): 200 PUT http://10.180.1.21/compute/v2.1/os-quota-sets/5f6b4dd2d3084ff38d21d1cd11133e65 2.816s
2025-11-12 22:15:47.209 66052 INFO tempest.lib.common.rest_client [req-adfd0982-49c7-449a-ac78-f949c792db77 req-adfd0982-49c7-449a-ac78-f949c792db77 ] Request (QuotasAdminTestV236:setUpClass): 201 POST http://10.180.1.21/identity/v3/users 0.071s
2025-11-12 22:15:47.229 66052 INFO tempest.lib.common.rest_client [req-a4b6c833-6186-4d50-9c68-0a61d1b4d91c req-a4b6c833-6186-4d50-9c68-0a61d1b4d91c ] Request (QuotasAdminTestV236:setUpClass): 200 GET http://10.180.1.21/identity/v3/roles 0.019s
2025-11-12 22:15:47.274 66052 INFO tempest.lib.common.rest_client [req-99070851-b613-4a36-a783-387caedc2b2e req-99070851-b613-4a36-a783-387caedc2b2e ] Request (QuotasAdminTestV236:setUpClass): 204 PUT http://10.180.1.21/identity/v3/projects/866f16f004c84e21909983abfec90241/users/a9968eccbd9d4862984c881d2e365731/roles/1c5687e7faa842ff95e726a513f84f6e 0.044s
2025-11-12 22:15:47.274 66052 INFO tempest.lib.common.dynamic_creds [-] Dynamic test user a9968eccbd9d4862984c881d2e365731 is created with scope project and roles: ['member']
2025-11-12 22:15:47.274 66052 INFO tempest.lib.common.dynamic_creds [-] Acquired dynamic creds: credentials: Credentials: {'domain_id': 'default', 'domain_name': 'Default', 'username': 'tempest-QuotasAdminTestV236-611539071-project-member', 'project_domain_id': 'default', 'project_domain_name': 'Default', 'project_id': '866f16f004c84e21909983abfec90241', 'project_name': 'tempest-QuotasAdminTestV236-611539071', 'tenant_id': '866f16f004c84e21909983abfec90241', 'tenant_name': 'tempest-QuotasAdminTestV236-611539071', 'user_domain_id': 'default', 'user_domain_name': 'Default', 'user_id': 'a9968eccbd9d4862984c881d2e365731', 'system': None}, Network: None, Subnet: None, Router: None
2025-11-12 22:15:47.274 66052 INFO tempest.lib.common.dynamic_creds [-] Created isolated network resources for: credentials: Credentials: {'domain_id': 'default', 'domain_name': 'Default', 'username': 'tempest-QuotasAdminTestV236-611539071-project-member', 'project_domain_id': 'default', 'project_domain_name': 'Default', 'project_id': '866f16f004c84e21909983abfec90241', 'project_name': 'tempest-QuotasAdminTestV236-611539071', 'tenant_id': '866f16f004c84e21909983abfec90241', 'tenant_name': 'tempest-QuotasAdminTestV236-611539071', 'user_domain_id': 'default', 'user_domain_name': 'Default', 'user_id': 'a9968eccbd9d4862984c881d2e365731', 'system': None}, Network: None, Subnet: None, Router: None
2025-11-12 22:15:47.360 66040 INFO tempest.lib.common.rest_client [req-c501c0d8-cb2b-4fce-b9c0-0d2731d41dfa req-c501c0d8-cb2b-4fce-b9c0-0d2731d41dfa ] Request (QuotasAdminTestJSON:test_get_updated_quotas): 200 GET http://10.180.1.21/compute/v2.1/os-quota-sets/208540cac1da4df9b9ae43bc2e063fd4/detail 2.985s
2025-11-12 22:15:47.363 66052 INFO tempest.lib.common.rest_client [req-abd78f08-8e90-4358-a140-ff3d21f2afb5 req-abd78f08-8e90-4358-a140-ff3d21f2afb5 ] Request (QuotasAdminTestV236:setUpClass): 201 POST http://10.180.1.21/identity/v3/auth/tokens 0.084s
2025-11-12 22:15:47.382 66044 INFO tempest.lib.common.rest_client [req-24ad7d41-8e9b-4fe9-9f17-cc826a8764f8 req-24ad7d41-8e9b-4fe9-9f17-cc826a8764f8 ] Request (FloatingIPsAssociationTestJSON:test_associate_already_associated_floating_ip): 202 POST http://10.180.1.21/compute/v2.1/servers 3.712s
2025-11-12 22:15:47.396 66040 INFO tempest.lib.common.rest_client [req-d17606c2-682d-4f67-bdd1-a93f53e61dde req-d17606c2-682d-4f67-bdd1-a93f53e61dde ] Request (QuotasAdminTestJSON:test_get_updated_quotas): 200 GET http://10.180.1.21/identity/v3/domains?name=Default 0.027s
2025-11-12 22:15:47.432 66040 INFO tempest.lib.common.rest_client [req-9b011712-c8e0-46cb-9ad0-de1ae70394f9 req-9b011712-c8e0-46cb-9ad0-de1ae70394f9 ] Request (QuotasAdminTestJSON:test_get_updated_quotas): 201 POST http://10.180.1.21/identity/v3/users 0.036s
2025-11-12 22:15:47.457 66040 INFO tempest.lib.common.rest_client [req-4b369eef-404a-4018-be4f-2f4dadf79e8b req-4b369eef-404a-4018-be4f-2f4dadf79e8b ] Request (QuotasAdminTestJSON:test_get_updated_quotas): 200 GET http://10.180.1.21/identity/v3/domains?name=Default 0.024s
2025-11-12 22:15:47.498 66052 INFO tempest.lib.common.rest_client [req-0f934f95-1a5b-4118-a430-0249810ff261 req-0f934f95-1a5b-4118-a430-0249810ff261 ] Request (QuotasAdminTestV236:setUpClass): 201 POST http://10.180.1.21/identity/v3/projects 0.134s
2025-11-12 22:15:47.538 66063 INFO tempest.lib.common.rest_client [req-41140c00-689d-4c9d-bf19-b2d09fbb3f75 req-41140c00-689d-4c9d-bf19-b2d09fbb3f75 ] Request (ServerDiagnosticsV248Test:tearDownClass): 200 GET http://10.180.1.21/compute/v2.1/servers/22197c69-9583-4857-96f5-2192a498bf35 2.697s
2025-11-12 22:15:47.571 66052 INFO tempest.lib.common.rest_client [req-ca39ab28-fc3d-462b-8940-34ccf77b2789 req-ca39ab28-fc3d-462b-8940-34ccf77b2789 ] Request (QuotasAdminTestV236:setUpClass): 201 POST http://10.180.1.21/identity/v3/users 0.072s
2025-11-12 22:15:47.573 66054 INFO tempest.lib.common.rest_client [req-265f5b19-47ba-4b97-a465-26ba637bf0ef req-265f5b19-47ba-4b97-a465-26ba637bf0ef ] Request (AttachInterfacesV270Test:test_create_get_list_interfaces): 200 GET http://10.180.1.21/compute/v2.1/servers/175555f9-a46d-4833-91c3-06f87de9ce84 2.770s
2025-11-12 22:15:47.584 66054 INFO tempest.common.waiters [-] State transition "BUILD/spawning" ==> "ACTIVE/None" after 15 second wait
2025-11-12 22:15:47.599 66042 INFO tempest.lib.common.rest_client [req-9215d7fe-aaf0-4ab7-b4f2-6c9d322220f6 req-9215d7fe-aaf0-4ab7-b4f2-6c9d322220f6 ] Request (FlavorsExtraSpecsTestJSON:tearDownClass): 202 DELETE http://10.180.1.21/compute/v2.1/flavors/141607196 2.590s
2025-11-12 22:15:47.610 66052 INFO tempest.lib.common.rest_client [req-6213de98-67ef-4ba0-b83f-698a51ab11e8 req-6213de98-67ef-4ba0-b83f-698a51ab11e8 ] Request (QuotasAdminTestV236:setUpClass): 200 GET http://10.180.1.21/identity/v3/roles 0.038s
2025-11-12 22:15:47.627 66085 INFO tempest.lib.common.rest_client [req-78c5eeee-08af-4988-a39d-166c451a1357 req-78c5eeee-08af-4988-a39d-166c451a1357 ] Request (ServicesAdminNegativeV253TestJSON:test_get_service_by_invalid_service_and_valid_host): 200 GET http://10.180.1.21/compute/v2.1/os-services?host=devstack&binary=xxx 2.590s
2025-11-12 22:15:47.677 66052 INFO tempest.lib.common.rest_client [req-a7b9f79c-c512-4d59-a857-fed146e1a405 req-a7b9f79c-c512-4d59-a857-fed146e1a405 ] Request (QuotasAdminTestV236:setUpClass): 204 PUT http://10.180.1.21/identity/v3/projects/c72d98941db649a78d0f883b56a067f9/users/4e16c6169ad8489080703e4e75892044/roles/803a6005b6034ee0bf3334321d81e8c4 0.067s
2025-11-12 22:15:47.702 66056 INFO tempest.lib.common.rest_client [req-e2470362-c1db-43dc-9a0e-0e0ccf447184 req-e2470362-c1db-43dc-9a0e-0e0ccf447184 ] Request (ServersAdmin275Test:test_rebuild_update_server_275): 200 GET http://10.180.1.21/compute/v2.1/servers/6591fa88-a658-47d6-97f3-f3928c9bfa89 2.792s
2025-11-12 22:15:47.781 66052 INFO tempest.lib.common.rest_client [req-d8e688f7-18dd-4b97-97b1-dc4af2a47533 req-d8e688f7-18dd-4b97-97b1-dc4af2a47533 ] Request (QuotasAdminTestV236:setUpClass): 200 GET http://10.180.1.21/identity/v3/roles 0.103s
2025-11-12 22:15:47.826 66052 INFO tempest.lib.common.rest_client [req-2eca7439-8da2-4e5c-94e2-fd98247a0573 req-2eca7439-8da2-4e5c-94e2-fd98247a0573 ] Request (QuotasAdminTestV236:setUpClass): 204 PUT http://10.180.1.21/identity/v3/projects/c72d98941db649a78d0f883b56a067f9/users/4e16c6169ad8489080703e4e75892044/roles/803a6005b6034ee0bf3334321d81e8c4 0.044s
2025-11-12 22:15:47.827 66052 INFO tempest.lib.common.dynamic_creds [-] Dynamic test user 4e16c6169ad8489080703e4e75892044 is created with scope project and roles: ['admin']
2025-11-12 22:15:47.828 66052 INFO tempest.lib.common.dynamic_creds [-] Acquired dynamic creds: credentials: Credentials: {'domain_id': 'default', 'domain_name': 'Default', 'username': 'tempest-QuotasAdminTestV236-747129479-project-admin', 'project_domain_id': 'default', 'project_domain_name': 'Default', 'project_id': 'c72d98941db649a78d0f883b56a067f9', 'project_name': 'tempest-QuotasAdminTestV236-747129479', 'tenant_id': 'c72d98941db649a78d0f883b56a067f9', 'tenant_name': 'tempest-QuotasAdminTestV236-747129479', 'user_domain_id': 'default', 'user_domain_name': 'Default', 'user_id': '4e16c6169ad8489080703e4e75892044', 'system': None}, Network: None, Subnet: None, Router: None
2025-11-12 22:15:47.828 66052 INFO tempest.lib.common.dynamic_creds [-] Created isolated network resources for: credentials: Credentials: {'domain_id': 'default', 'domain_name': 'Default', 'username': 'tempest-QuotasAdminTestV236-747129479-project-admin', 'project_domain_id': 'default', 'project_domain_name': 'Default', 'project_id': 'c72d98941db649a78d0f883b56a067f9', 'project_name': 'tempest-QuotasAdminTestV236-747129479', 'tenant_id': 'c72d98941db649a78d0f883b56a067f9', 'tenant_name': 'tempest-QuotasAdminTestV236-747129479', 'user_domain_id': 'default', 'user_domain_name': 'Default', 'user_id': '4e16c6169ad8489080703e4e75892044', 'system': None}, Network: None, Subnet: None, Router: None
2025-11-12 22:15:47.938 66052 INFO tempest.lib.common.rest_client [req-a5080b6f-8ebc-45c5-b898-3a96b1a0f219 req-a5080b6f-8ebc-45c5-b898-3a96b1a0f219 ] Request (QuotasAdminTestV236:setUpClass): 201 POST http://10.180.1.21/identity/v3/auth/tokens 0.107s
2025-11-12 22:15:47.939 66052 WARNING tempest.lib.common.rest_client [-] Deprecated: "tenant_id" property is deprecated for removal, use "project_id" instead
2025-11-12 22:15:48.064 66060 INFO tempest.lib.common.rest_client [req-c0c1cd84-604a-424c-9509-e9174d4b73d7 req-c0c1cd84-604a-424c-9509-e9174d4b73d7 ] Request (ImagesMetadataTestJSON:setUp): 200 PUT http://10.180.1.21/compute/v2.1/images/3c7c0965-e429-4565-ab69-d7c1b560dfd8/metadata 2.974s
2025-11-12 22:15:48.114 66080 INFO tempest.lib.common.rest_client [req-be3bf16d-f59a-4875-be75-319676414930 req-be3bf16d-f59a-4875-be75-319676414930 ] Request (ServerMetadataTestJSON:setUpClass): 200 PUT http://10.180.1.21/networking/v2.0/routers/35dc882a-c511-4ed7-bdca-d6c6b5df8261/add_router_interface 1.252s
2025-11-12 22:15:48.114 66080 INFO tempest.lib.common.dynamic_creds [-] Created isolated network resources for: credentials: Credentials: {'domain_id': 'default', 'domain_name': 'Default', 'username': 'tempest-ServerMetadataTestJSON-145252439-project-member', 'project_domain_id': 'default', 'project_domain_name': 'Default', 'project_id': 'b875fd2d521c421cbd92a13ffb476c79', 'project_name': 'tempest-ServerMetadataTestJSON-145252439', 'tenant_id': 'b875fd2d521c421cbd92a13ffb476c79', 'tenant_name': 'tempest-ServerMetadataTestJSON-145252439', 'user_domain_id': 'default', 'user_domain_name': 'Default', 'user_id': '88e6c0d4aee04d30a1434abb77b79293', 'system': None}, Network: {'id': 'e8b2d9be-1088-4a3f-b695-f79b88e9e872', 'name': 'tempest-ServerMetadataTestJSON-204539334-network', 'tenant_id': 'b875fd2d521c421cbd92a13ffb476c79', 'project_id': 'b875fd2d521c421cbd92a13ffb476c79', 'admin_state_up': True, 'mtu': 8950, 'status': 'ACTIVE', 'subnets': [], 'shared': False, 'port_security_enabled': True, 'router:external': False, 'provider:network_type': 'vlan', 'provider:physical_network': 'default', 'provider:segmentation_id': 977, 'availability_zone_hints': [], 'availability_zones': [], 'ipv4_address_scope': None, 'ipv6_address_scope': None, 'description': '', 'tags': [], 'created_at': '2025-11-12T22:15:45Z', 'updated_at': '2025-11-12T22:15:45Z', 'revision_number': 1}, Subnet: {'id': 'b30c4e51-ca72-459a-805d-db9325a00f0d', 'name': 'tempest-ServerMetadataTestJSON-204539334-subnet', 'tenant_id': 'b875fd2d521c421cbd92a13ffb476c79', 'network_id': 'e8b2d9be-1088-4a3f-b695-f79b88e9e872', 'ip_version': 4, 'subnetpool_id': None, 'enable_dhcp': True, 'ipv6_ra_mode': None, 'ipv6_address_mode': None, 'gateway_ip': '192.168.128.1', 'cidr': '192.168.128.0/28', 'allocation_pools': [{'start': '192.168.128.2', 'end': '192.168.128.14'}], 'host_routes': [], 'dns_nameservers': [], 'description': '', 'router:external': False, 'service_types': [], 'tags': [], 'created_at': '2025-11-12T22:15:45Z', 'updated_at': '2025-11-12T22:15:45Z', 'revision_number': 0, 'project_id': 'b875fd2d521c421cbd92a13ffb476c79'}, Router: {'id': '35dc882a-c511-4ed7-bdca-d6c6b5df8261', 'name': 'tempest-ServerMetadataTestJSON-204539334-router', 'tenant_id': 'b875fd2d521c421cbd92a13ffb476c79', 'admin_state_up': True, 'status': 'ACTIVE', 'external_gateway_info': {'network_id': '9ded7888-c58f-49e3-8fdc-74e1221cccb1', 'external_fixed_ips': [{'subnet_id': '66563f79-55f2-44ef-bd23-5729f45b879e', 'ip_address': '10.180.180.212'}], 'enable_snat': True}, 'description': '', 'availability_zones': [], 'distributed': False, 'ha': False, 'availability_zone_hints': [], 'routes': [], 'flavor_id': None, 'tags': [], 'created_at': '2025-11-12T22:15:45Z', 'updated_at': '2025-11-12T22:15:46Z', 'revision_number': 2, 'project_id': 'b875fd2d521c421cbd92a13ffb476c79'}
2025-11-12 22:15:48.210 66080 INFO tempest.lib.common.rest_client [req-cef13ba0-68ee-4081-85b1-ccf94fa8dfa8 req-cef13ba0-68ee-4081-85b1-ccf94fa8dfa8 ] Request (ServerMetadataTestJSON:setUpClass): 201 POST http://10.180.1.21/identity/v3/auth/tokens 0.089s
2025-11-12 22:15:48.250 66080 INFO tempest.lib.common.rest_client [req-54037708-243a-430b-b2d1-583e4e245519 req-54037708-243a-430b-b2d1-583e4e245519 ] Request (ServerMetadataTestJSON:setUpClass): 201 POST http://10.180.1.21/identity/v3/auth/tokens 0.036s
2025-11-12 22:15:48.250 66080 INFO tempest.lib.common.fixed_network [-] (ServerMetadataTestJSON:setUpClass) Found network {'id': 'e8b2d9be-1088-4a3f-b695-f79b88e9e872', 'name': 'tempest-ServerMetadataTestJSON-204539334-network', 'tenant_id': 'b875fd2d521c421cbd92a13ffb476c79', 'project_id': 'b875fd2d521c421cbd92a13ffb476c79', 'admin_state_up': True, 'mtu': 8950, 'status': 'ACTIVE', 'subnets': [], 'shared': False, 'port_security_enabled': True, 'router:external': False, 'provider:network_type': 'vlan', 'provider:physical_network': 'default', 'provider:segmentation_id': 977, 'availability_zone_hints': [], 'availability_zones': [], 'ipv4_address_scope': None, 'ipv6_address_scope': None, 'description': '', 'tags': [], 'created_at': '2025-11-12T22:15:45Z', 'updated_at': '2025-11-12T22:15:45Z', 'revision_number': 1} available for tenant
2025-11-12 22:15:48.319 66048 INFO tempest.lib.common.rest_client [req-e187ad4e-71d8-44c3-b149-bcc55dabcb94 req-e187ad4e-71d8-44c3-b149-bcc55dabcb94 ] Request (ServerExternalEventsTest:test_create_server_external_events): 200 GET http://10.180.1.21/compute/v2.1/servers/c615b304-cd78-4536-8134-a53b15587b73 3.199s
2025-11-12 22:15:48.638 66070 INFO tempest.lib.common.rest_client [req-79e14951-2de2-4419-9387-c8d05474a423 req-79e14951-2de2-4419-9387-c8d05474a423 ] Request (FloatingIPDetailsTestJSON:tearDownClass): 202 DELETE http://10.180.1.21/compute/v2.1/os-floating-ips/e5657ef4-7f2d-4f90-92eb-7905420479f7 3.561s
2025-11-12 22:15:48.644 66046 INFO tempest.lib.common.rest_client [req-f6d7defd-e6d3-44e5-9753-93f2ba130773 req-f6d7defd-e6d3-44e5-9753-93f2ba130773 ] Request (SecurityGroupRulesNegativeTestJSON:test_create_security_group_rule_with_invalid_id): 400 POST http://10.180.1.21/compute/v2.1/os-security-group-rules 3.507s
2025-11-12 22:15:48.673 66086 INFO tempest.lib.common.rest_client [req-0c6e5131-02e9-4a69-83eb-42472e0247e8 req-0c6e5131-02e9-4a69-83eb-42472e0247e8 ] Request (KeyPairsV22TestJSON:_run_cleanups): 204 DELETE http://10.180.1.21/compute/v2.1/os-keypairs/tempest-keypair-977835794 3.459s
2025-11-12 22:15:48.712 66034 INFO tempest.lib.common.rest_client [req-1065d9aa-7417-475d-b89e-b3f46a77f3e4 req-1065d9aa-7417-475d-b89e-b3f46a77f3e4 ] Request (ImagesOneServerTestJSON:test_create_delete_image): 200 GET http://10.180.1.21/compute/v2.1/images/68a7dbce-ea1a-40cc-a170-ef67f90b7d40 3.315s
2025-11-12 22:15:48.858 66032 INFO tempest.lib.common.rest_client [req-fc86c438-4af3-40a9-9d29-38b397c8fdfe req-fc86c438-4af3-40a9-9d29-38b397c8fdfe ] Request (AbsoluteLimitsTestJSON:test_absLimits_get): 200 GET http://10.180.1.21/compute/v2.1/limits 3.314s
2025-11-12 22:15:49.021 66032 INFO tempest.lib.common.rest_client [req-1684b4ea-0399-4559-b281-66c3e83b0add req-1684b4ea-0399-4559-b281-66c3e83b0add ] Request (AbsoluteLimitsTestJSON:tearDownClass): 204 DELETE http://10.180.1.21/identity/v3/users/4f660bc86d444ce882e33c8ce4d2809f 0.156s
2025-11-12 22:15:49.021 66032 INFO tempest.lib.common.dynamic_creds [-] Deleting project and security group for project: bd653753f84e4e29a8b3b1d899d734fa
2025-11-12 22:15:49.132 66032 INFO tempest.lib.common.rest_client [req-c79fa445-2ea6-4df7-8f2e-6af059a278cd req-c79fa445-2ea6-4df7-8f2e-6af059a278cd ] Request (AbsoluteLimitsTestJSON:tearDownClass): 201 POST http://10.180.1.21/identity/v3/auth/tokens 0.111s
2025-11-12 22:15:49.844 66070 INFO tempest.lib.common.rest_client [req-858edd2c-047b-4e74-bab9-b0984b70eb5f req-858edd2c-047b-4e74-bab9-b0984b70eb5f ] Request (FloatingIPDetailsTestJSON:tearDownClass): 200 PUT http://10.180.1.21/networking/v2.0/routers/6835e7da-ccdd-4df3-947e-864a115eb9c1/remove_router_interface 1.205s
2025-11-12 22:15:49.868 66094 INFO tempest.lib.common.rest_client [req-224f5386-24c5-4fe2-81d6-65d59c4ecbc4 req-224f5386-24c5-4fe2-81d6-65d59c4ecbc4 ] Request (AttachInterfacesTestJSON:test_create_list_show_delete_interfaces_by_fixed_ip): 200 GET http://10.180.1.21/compute/v2.1/servers/3da77199-7b10-463c-ac2f-95ecbf933ac7 4.307s
2025-11-12 22:15:50.082 66032 INFO tempest.lib.common.rest_client [req-22fd50db-a200-4f1f-a1a0-3419f34728b0 req-22fd50db-a200-4f1f-a1a0-3419f34728b0 ] Request (AbsoluteLimitsTestJSON:tearDownClass): 200 GET http://10.180.1.21/networking/v2.0/security-groups?tenant_id=bd653753f84e4e29a8b3b1d899d734fa&name=default 0.950s
2025-11-12 22:15:50.392 66032 INFO tempest.lib.common.rest_client [req-d5260aeb-1b80-4a15-ac44-6e603e1f56d0 req-d5260aeb-1b80-4a15-ac44-6e603e1f56d0 ] Request (AbsoluteLimitsTestJSON:tearDownClass): 204 DELETE http://10.180.1.21/networking/v2.0/security-groups/3af8c63c-74a1-4da2-8201-96d2204a551e 0.308s
2025-11-12 22:15:50.439 66050 INFO tempest.lib.common.rest_client [req-5d59f269-56e4-43bb-9c52-d8b17e63cfae req-5d59f269-56e4-43bb-9c52-d8b17e63cfae ] Request (SecurityGroupsTestJSON:test_list_security_groups_by_server): 200 GET http://10.180.1.21/compute/v2.1/servers/3f3c4016-869a-4a74-837e-4d7afc2f547c 4.711s
2025-11-12 22:15:50.444 66070 INFO tempest.lib.common.rest_client [req-30e6b06b-fc2c-4dc1-81dc-8d07baad89ee req-30e6b06b-fc2c-4dc1-81dc-8d07baad89ee ] Request (FloatingIPDetailsTestJSON:tearDownClass): 204 DELETE http://10.180.1.21/networking/v2.0/routers/6835e7da-ccdd-4df3-947e-864a115eb9c1 0.600s
2025-11-12 22:15:50.449 66050 INFO tempest.common.waiters [-] State transition "BUILD/spawning" ==> "ACTIVE/None" after 24 second wait
2025-11-12 22:15:50.474 66076 INFO tempest.lib.common.rest_client [req-ced86e97-c220-4694-be0e-e5aef002dda3 req-ced86e97-c220-4694-be0e-e5aef002dda3 ] Request (HypervisorAdminV228Test:test_get_list_hypervisor_details): 200 GET http://10.180.1.21/compute/v2.1/os-hypervisors/1 4.736s
2025-11-12 22:15:50.483 66092 INFO tempest.lib.common.rest_client [req-d94f05ab-bb35-4846-91b7-c9c40987bfb0 req-d94f05ab-bb35-4846-91b7-c9c40987bfb0 ] Request (HostsAdminNegativeTestJSON:test_update_host_with_non_admin_user): 403 PUT http://10.180.1.21/compute/v2.1/os-hosts/devstack 4.734s
2025-11-12 22:15:50.498 66032 INFO tempest.lib.common.rest_client [req-818e618d-1353-4148-bf79-505909988f3a req-818e618d-1353-4148-bf79-505909988f3a ] Request (AbsoluteLimitsTestJSON:tearDownClass): 204 DELETE http://10.180.1.21/identity/v3/projects/bd653753f84e4e29a8b3b1d899d734fa 0.105s
2025-11-12 22:15:50.607 66036 INFO tempest.lib.common.rest_client [req-6659e0db-fc3d-44f1-9575-e003dc9f2208 req-6659e0db-fc3d-44f1-9575-e003dc9f2208 ] Request (ServersAdminTestJSON:test_create_server_with_scheduling_hint): 202 POST http://10.180.1.21/compute/v2.1/servers 5.483s
2025-11-12 22:15:50.633 66032 INFO tempest.lib.common.rest_client [req-04df589f-4edd-4d08-9bb1-4cf6458cf993 req-04df589f-4edd-4d08-9bb1-4cf6458cf993 ] Request (QuotasTestJSON:setUpClass): 201 POST http://10.180.1.21/identity/v3/auth/tokens 0.131s
2025-11-12 22:15:50.709 66076 INFO tempest.lib.common.rest_client [req-98da6138-5e47-4846-8121-247c613b1439 req-98da6138-5e47-4846-8121-247c613b1439 ] Request (HypervisorAdminV228Test:tearDownClass): 204 DELETE http://10.180.1.21/identity/v3/users/880da0c114c049db931f7d0a18ec81f5 0.225s
2025-11-12 22:15:50.743 66070 INFO tempest.lib.common.rest_client [req-b7292313-3400-458e-ae6d-8cc8ddf7ded0 req-b7292313-3400-458e-ae6d-8cc8ddf7ded0 ] Request (FloatingIPDetailsTestJSON:tearDownClass): 204 DELETE http://10.180.1.21/networking/v2.0/subnets/6cc2a456-8f0d-4c48-945e-b1cab19d6c03 0.298s
2025-11-12 22:15:50.752 66032 INFO tempest.lib.common.rest_client [req-4d9a8a1e-01c8-4dda-95b0-5ad652df06bc req-4d9a8a1e-01c8-4dda-95b0-5ad652df06bc ] Request (QuotasTestJSON:setUpClass): 201 POST http://10.180.1.21/identity/v3/auth/tokens 0.116s
2025-11-12 22:15:50.804 66032 INFO tempest.lib.common.rest_client [req-13b24872-3e37-4e46-b065-525ab0e81e0a req-13b24872-3e37-4e46-b065-525ab0e81e0a ] Request (QuotasTestJSON:setUpClass): 200 GET http://10.180.1.21/identity/v3/domains?name=Default 0.051s
2025-11-12 22:15:50.846 66032 INFO tempest.lib.common.rest_client [req-25f2e912-d92a-477e-bde2-d1a4493c6f41 req-25f2e912-d92a-477e-bde2-d1a4493c6f41 ] Request (QuotasTestJSON:setUpClass): 201 POST http://10.180.1.21/identity/v3/projects 0.042s
2025-11-12 22:15:50.847 66076 INFO tempest.lib.common.rest_client [req-b077a80a-5102-4b0a-ade0-6e7750226417 req-b077a80a-5102-4b0a-ade0-6e7750226417 ] Request (HypervisorAdminV228Test:tearDownClass): 204 DELETE http://10.180.1.21/identity/v3/users/5019dad788fc44e988045ef8e1feccab 0.137s
2025-11-12 22:15:50.847 66076 INFO tempest.lib.common.dynamic_creds [-] Deleting project and security group for project: 08d2219fb6354652b5fd4cb2598b9279
2025-11-12 22:15:50.907 66076 INFO tempest.lib.common.rest_client [req-b55b4630-ed66-4d0d-bec9-de5a285cea47 req-b55b4630-ed66-4d0d-bec9-de5a285cea47 ] Request (HypervisorAdminV228Test:tearDownClass): 201 POST http://10.180.1.21/identity/v3/auth/tokens 0.060s
2025-11-12 22:15:50.947 66032 INFO tempest.lib.common.rest_client [req-56186c26-b536-4183-a583-9811d91f1543 req-56186c26-b536-4183-a583-9811d91f1543 ] Request (QuotasTestJSON:setUpClass): 201 POST http://10.180.1.21/identity/v3/users 0.100s
2025-11-12 22:15:50.973 66032 INFO tempest.lib.common.rest_client [req-67525c84-cd10-4497-86be-601746c25b2f req-67525c84-cd10-4497-86be-601746c25b2f ] Request (QuotasTestJSON:setUpClass): 200 GET http://10.180.1.21/identity/v3/roles 0.025s
2025-11-12 22:15:51.013 66032 INFO tempest.lib.common.rest_client [req-b2e8365d-1b05-4830-82d1-20f4d88be365 req-b2e8365d-1b05-4830-82d1-20f4d88be365 ] Request (QuotasTestJSON:setUpClass): 204 PUT http://10.180.1.21/identity/v3/projects/0cb4954260a74f23a28a68a83457e82f/users/ad65817c90fc44bab6b80f2d3a1f30ff/roles/1c5687e7faa842ff95e726a513f84f6e 0.039s
2025-11-12 22:15:51.013 66032 INFO tempest.lib.common.dynamic_creds [-] Dynamic test user ad65817c90fc44bab6b80f2d3a1f30ff is created with scope project and roles: ['member']
2025-11-12 22:15:51.013 66032 INFO tempest.lib.common.dynamic_creds [-] Acquired dynamic creds: credentials: Credentials: {'domain_id': 'default', 'domain_name': 'Default', 'username': 'tempest-QuotasTestJSON-1335417333-project-member', 'project_domain_id': 'default', 'project_domain_name': 'Default', 'project_id': '0cb4954260a74f23a28a68a83457e82f', 'project_name': 'tempest-QuotasTestJSON-1335417333', 'tenant_id': '0cb4954260a74f23a28a68a83457e82f', 'tenant_name': 'tempest-QuotasTestJSON-1335417333', 'user_domain_id': 'default', 'user_domain_name': 'Default', 'user_id': 'ad65817c90fc44bab6b80f2d3a1f30ff', 'system': None}, Network: None, Subnet: None, Router: None
2025-11-12 22:15:51.013 66032 INFO tempest.lib.common.dynamic_creds [-] Created isolated network resources for: credentials: Credentials: {'domain_id': 'default', 'domain_name': 'Default', 'username': 'tempest-QuotasTestJSON-1335417333-project-member', 'project_domain_id': 'default', 'project_domain_name': 'Default', 'project_id': '0cb4954260a74f23a28a68a83457e82f', 'project_name': 'tempest-QuotasTestJSON-1335417333', 'tenant_id': '0cb4954260a74f23a28a68a83457e82f', 'tenant_name': 'tempest-QuotasTestJSON-1335417333', 'user_domain_id': 'default', 'user_domain_name': 'Default', 'user_id': 'ad65817c90fc44bab6b80f2d3a1f30ff', 'system': None}, Network: None, Subnet: None, Router: None
2025-11-12 22:15:51.094 66032 INFO tempest.lib.common.rest_client [req-73ec5b52-28f4-4336-a204-63e34a0028bb req-73ec5b52-28f4-4336-a204-63e34a0028bb ] Request (QuotasTestJSON:setUpClass): 201 POST http://10.180.1.21/identity/v3/auth/tokens 0.078s
2025-11-12 22:15:51.137 66068 INFO tempest.lib.common.rest_client [req-2232ace2-dd0b-4a13-ae4a-b4b461dee9b0 req-2232ace2-dd0b-4a13-ae4a-b4b461dee9b0 ] Request (ImagesNegativeTestJSON:test_create_image_from_deleted_server): 200 GET http://10.180.1.21/compute/v2.1/servers/d9311f8c-ce69-4937-97e4-aa55034e5310 4.755s
2025-11-12 22:15:51.147 66068 INFO tempest.common.waiters [-] State transition "BUILD/None" ==> "BUILD/spawning" after 6 second wait
2025-11-12 22:15:51.215 66070 INFO tempest.lib.common.rest_client [req-89926198-8c55-4b3e-87e2-a197c591551e req-89926198-8c55-4b3e-87e2-a197c591551e ] Request (FloatingIPDetailsTestJSON:tearDownClass): 204 DELETE http://10.180.1.21/networking/v2.0/networks/2cf9d3e4-f04b-477c-a78b-72c052c0038c 0.471s
2025-11-12 22:15:51.365 66070 INFO tempest.lib.common.rest_client [req-ada81872-130f-4db6-908c-dd53340663d3 req-ada81872-130f-4db6-908c-dd53340663d3 ] Request (FloatingIPDetailsTestJSON:tearDownClass): 204 DELETE http://10.180.1.21/identity/v3/users/b9e15368b8564d2ca50ed06df138c018 0.149s
2025-11-12 22:15:51.365 66070 INFO tempest.lib.common.dynamic_creds [-] Deleting project and security group for project: 460b791d1d2042c793b19aa10e883268
2025-11-12 22:15:51.395 66076 INFO tempest.lib.common.rest_client [req-f01b9508-9a88-4e69-b694-f27bb8078121 req-f01b9508-9a88-4e69-b694-f27bb8078121 ] Request (HypervisorAdminV228Test:tearDownClass): 200 GET http://10.180.1.21/networking/v2.0/security-groups?tenant_id=08d2219fb6354652b5fd4cb2598b9279&name=default 0.487s
2025-11-12 22:15:51.489 66070 INFO tempest.lib.common.rest_client [req-7bb6accd-ad4f-4ccf-a177-17d147cdcc5b req-7bb6accd-ad4f-4ccf-a177-17d147cdcc5b ] Request (FloatingIPDetailsTestJSON:tearDownClass): 200 GET http://10.180.1.21/networking/v2.0/security-groups?tenant_id=460b791d1d2042c793b19aa10e883268&name=default 0.124s
2025-11-12 22:15:51.567 66076 INFO tempest.lib.common.rest_client [req-6cbbf2f3-8b8c-4a16-b3d7-972edd781f5d req-6cbbf2f3-8b8c-4a16-b3d7-972edd781f5d ] Request (HypervisorAdminV228Test:tearDownClass): 204 DELETE http://10.180.1.21/networking/v2.0/security-groups/fc713695-bdd2-46d2-a047-29d0c8306491 0.171s
2025-11-12 22:15:51.670 66076 INFO tempest.lib.common.rest_client [req-79161ac6-8a98-4839-b23c-6d16e79c8e68 req-79161ac6-8a98-4839-b23c-6d16e79c8e68 ] Request (HypervisorAdminV228Test:tearDownClass): 204 DELETE http://10.180.1.21/identity/v3/projects/08d2219fb6354652b5fd4cb2598b9279 0.103s
2025-11-12 22:15:51.670 66076 INFO tempest.lib.common.dynamic_creds [-] Deleting project and security group for project: 571e60e1fc5f465a91aa07ff317b30bd
2025-11-12 22:15:51.678 66078 INFO tempest.lib.common.rest_client [req-39ee9e90-b9c2-468e-9032-297b6a96c264 req-39ee9e90-b9c2-468e-9032-297b6a96c264 ] Request (VolumesAssistedSnapshotsTest:test_volume_assisted_snapshot_create_delete): 200 GET http://10.180.1.21/compute/v2.1/servers/8fc68b6d-5e1f-4545-8ae5-565f96d38862 5.165s
2025-11-12 22:15:51.688 66078 INFO tempest.common.waiters [-] State transition "BUILD/spawning" ==> "ACTIVE/None" after 23 second wait
2025-11-12 22:15:51.689 66088 INFO tempest.lib.common.rest_client [req-d7c20dfd-c970-4346-b048-019a2c7d49f4 req-d7c20dfd-c970-4346-b048-019a2c7d49f4 ] Request (KeyPairsV2TestJSON:test_get_keypair_detail): 200 GET http://10.180.1.21/compute/v2.1/os-keypairs/tempest-keypair-1173842292 5.105s
2025-11-12 22:15:51.699 66038 INFO tempest.lib.common.rest_client [req-bceb733b-80ae-4501-b880-5344c2981fa7 req-bceb733b-80ae-4501-b880-5344c2981fa7 ] Request (AggregatesAdminNegativeTestJSON:test_aggregate_create_aggregate_name_length_exceeds_255): 400 POST http://10.180.1.21/compute/v2.1/os-aggregates 5.087s
2025-11-12 22:15:51.743 66070 INFO tempest.lib.common.rest_client [req-dd3b565d-89f7-463c-9288-7b6d2fd75539 req-dd3b565d-89f7-463c-9288-7b6d2fd75539 ] Request (FloatingIPDetailsTestJSON:tearDownClass): 204 DELETE http://10.180.1.21/networking/v2.0/security-groups/9e680e0c-713a-412d-819d-51f2cdbb735f 0.253s
2025-11-12 22:15:51.842 66070 INFO tempest.lib.common.rest_client [req-31d4622a-0f54-4b55-b794-ddda398881ca req-31d4622a-0f54-4b55-b794-ddda398881ca ] Request (FloatingIPDetailsTestJSON:tearDownClass): 204 DELETE http://10.180.1.21/identity/v3/projects/460b791d1d2042c793b19aa10e883268 0.098s
2025-11-12 22:15:51.888 66076 INFO tempest.lib.common.rest_client [req-031297ea-edd9-4bad-bcc1-e8211973d5ce req-031297ea-edd9-4bad-bcc1-e8211973d5ce ] Request (HypervisorAdminV228Test:tearDownClass): 200 GET http://10.180.1.21/networking/v2.0/security-groups?tenant_id=571e60e1fc5f465a91aa07ff317b30bd&name=default 0.218s
2025-11-12 22:15:51.898 66070 INFO tempest.lib.common.rest_client [req-a5ba93dd-c12e-4036-b102-7499e182ab6d req-a5ba93dd-c12e-4036-b102-7499e182ab6d ] Request (ImagesMetadataNegativeTestJSON:setUpClass): 201 POST http://10.180.1.21/identity/v3/auth/tokens 0.055s
2025-11-12 22:15:51.925 66070 INFO tempest.lib.common.rest_client [req-739fd060-06ae-480a-8833-604c55605351 req-739fd060-06ae-480a-8833-604c55605351 ] Request (ImagesMetadataNegativeTestJSON:setUpClass): 201 POST http://10.180.1.21/identity/v3/auth/tokens 0.024s
2025-11-12 22:15:51.950 66070 INFO tempest.lib.common.rest_client [req-2109c1cb-2eb0-4fa2-881c-560466cf3c7d req-2109c1cb-2eb0-4fa2-881c-560466cf3c7d ] Request (ImagesMetadataNegativeTestJSON:setUpClass): 200 GET http://10.180.1.21/identity/v3/domains?name=Default 0.025s
2025-11-12 22:15:51.988 66070 INFO tempest.lib.common.rest_client [req-befef486-cfa9-4ba4-92fd-8b9bedcd17be req-befef486-cfa9-4ba4-92fd-8b9bedcd17be ] Request (ImagesMetadataNegativeTestJSON:setUpClass): 201 POST http://10.180.1.21/identity/v3/projects 0.037s
2025-11-12 22:15:52.059 66070 INFO tempest.lib.common.rest_client [req-b1b2f2a2-28a2-48e6-8eb5-d8c046bc994a req-b1b2f2a2-28a2-48e6-8eb5-d8c046bc994a ] Request (ImagesMetadataNegativeTestJSON:setUpClass): 201 POST http://10.180.1.21/identity/v3/users 0.070s
2025-11-12 22:15:52.086 66070 INFO tempest.lib.common.rest_client [req-b3512815-c034-4d08-9712-57c54c4a15a0 req-b3512815-c034-4d08-9712-57c54c4a15a0 ] Request (ImagesMetadataNegativeTestJSON:setUpClass): 200 GET http://10.180.1.21/identity/v3/roles 0.027s
