2025-11-12 22:15:26.034 66085 INFO tempest.lib.common.rest_client [req-a9483b19-8dc3-42ef-bc9f-a8cfe3d72a62 req-a9483b19-8dc3-42ef-bc9f-a8cfe3d72a62 ] Request (ServicesAdminNegativeV253TestJSON:setUpClass): 201 POST http://10.180.1.21/identity/v3/auth/tokens 0.089s
2025-11-12 22:15:26.067 66085 INFO tempest.lib.common.rest_client [req-49ad4d29-e9d1-47b6-99ba-4c1d27d37d4f req-49ad4d29-e9d1-47b6-99ba-4c1d27d37d4f ] Request (ServicesAdminNegativeV253TestJSON:setUpClass): 201 POST http://10.180.1.21/identity/v3/auth/tokens 0.031s
2025-11-12 22:15:26.095 66085 INFO tempest.lib.common.rest_client [req-6963db46-ded4-400f-bc63-98c15266b501 req-6963db46-ded4-400f-bc63-98c15266b501 ] Request (ServicesAdminNegativeV253TestJSON:setUpClass): 200 GET http://10.180.1.21/identity/v3/domains?name=Default 0.027s
2025-11-12 22:15:26.112 66080 INFO tempest.lib.common.rest_client [req-a5015d81-805b-467d-ad36-e868e0b7e9af req-a5015d81-805b-467d-ad36-e868e0b7e9af ] Request (FloatingIPsNegativeTestJSON:tearDownClass): 204 DELETE http://10.180.1.21/networking/v2.0/networks/73b44af5-5a44-4906-afaf-f3700d0292b0 0.670s
2025-11-12 22:15:26.137 66085 INFO tempest.lib.common.rest_client [req-979950ed-bc1a-4388-ba52-c4bb61cb28ef req-979950ed-bc1a-4388-ba52-c4bb61cb28ef ] Request (ServicesAdminNegativeV253TestJSON:setUpClass): 201 POST http://10.180.1.21/identity/v3/projects 0.040s
2025-11-12 22:15:26.198 66080 INFO tempest.lib.common.rest_client [req-5c4d39c8-a9bc-4a66-aacd-5fa756ef9408 req-5c4d39c8-a9bc-4a66-aacd-5fa756ef9408 ] Request (FloatingIPsNegativeTestJSON:tearDownClass): 204 DELETE http://10.180.1.21/identity/v3/users/7aa9b297400f43ae8e2f5daa48fb64c3 0.085s
2025-11-12 22:15:26.199 66080 INFO tempest.lib.common.dynamic_creds [-] Deleting project and security group for project: e337f7ddb79b4b739fd7bee4da8839d1
2025-11-12 22:15:26.210 66066 INFO tempest.lib.common.rest_client [req-5563b8ea-c306-4101-b7e2-03301f64cd51 req-5563b8ea-c306-4101-b7e2-03301f64cd51 ] Request (MigrationsAdminTest:test_list_migrations_in_flavor_resize_situation): 200 GET http://10.180.1.21/compute/v2.1/servers/6dd95e57-7500-4a91-95d1-093010408ed0 8.037s
2025-11-12 22:15:26.222 66066 INFO tempest.common.waiters [-] State transition "BUILD/None" ==> "BUILD/networking" after 9 second wait
2025-11-12 22:15:26.269 66085 INFO tempest.lib.common.rest_client [req-f698ccb9-1c92-40f3-8e1f-ae8ae7cb49db req-f698ccb9-1c92-40f3-8e1f-ae8ae7cb49db ] Request (ServicesAdminNegativeV253TestJSON:setUpClass): 201 POST http://10.180.1.21/identity/v3/users 0.131s
2025-11-12 22:15:26.307 66048 INFO tempest.lib.common.rest_client [req-4ab7e5e0-48de-4201-810a-41b4b9ca88d6 req-4ab7e5e0-48de-4201-810a-41b4b9ca88d6 ] Request (QuotaClassesAdminTestJSON:tearDownClass): 204 DELETE http://10.180.1.21/networking/v2.0/security-groups/5d0d9957-78ca-4ab8-8b8e-8ce217b36fef 0.380s
2025-11-12 22:15:26.310 66085 INFO tempest.lib.common.rest_client [req-438d7752-4b16-4197-8bec-b2d734949f0a req-438d7752-4b16-4197-8bec-b2d734949f0a ] Request (ServicesAdminNegativeV253TestJSON:setUpClass): 200 GET http://10.180.1.21/identity/v3/roles 0.041s
2025-11-12 22:15:26.351 66085 INFO tempest.lib.common.rest_client [req-504e59a1-07cb-4699-a6e2-9750cbb0deea req-504e59a1-07cb-4699-a6e2-9750cbb0deea ] Request (ServicesAdminNegativeV253TestJSON:setUpClass): 204 PUT http://10.180.1.21/identity/v3/projects/23ad126d3dd64efb8befaaf2710d0806/users/b943822ea03448299910f11536b8775d/roles/1c5687e7faa842ff95e726a513f84f6e 0.041s
2025-11-12 22:15:26.352 66085 INFO tempest.lib.common.dynamic_creds [-] Dynamic test user b943822ea03448299910f11536b8775d is created with scope project and roles: ['member']
2025-11-12 22:15:26.352 66085 INFO tempest.lib.common.dynamic_creds [-] Acquired dynamic creds: credentials: Credentials: {'domain_id': 'default', 'domain_name': 'Default', 'username': 'tempest-ServicesAdminNegativeV253TestJSON-1281388871-project-member', 'project_domain_id': 'default', 'project_domain_name': 'Default', 'project_id': '23ad126d3dd64efb8befaaf2710d0806', 'project_name': 'tempest-ServicesAdminNegativeV253TestJSON-1281388871', 'tenant_id': '23ad126d3dd64efb8befaaf2710d0806', 'tenant_name': 'tempest-ServicesAdminNegativeV253TestJSON-1281388871', 'user_domain_id': 'default', 'user_domain_name': 'Default', 'user_id': 'b943822ea03448299910f11536b8775d', 'system': None}, Network: None, Subnet: None, Router: None
2025-11-12 22:15:26.352 66085 INFO tempest.lib.common.dynamic_creds [-] Created isolated network resources for: credentials: Credentials: {'domain_id': 'default', 'domain_name': 'Default', 'username': 'tempest-ServicesAdminNegativeV253TestJSON-1281388871-project-member', 'project_domain_id': 'default', 'project_domain_name': 'Default', 'project_id': '23ad126d3dd64efb8befaaf2710d0806', 'project_name': 'tempest-ServicesAdminNegativeV253TestJSON-1281388871', 'tenant_id': '23ad126d3dd64efb8befaaf2710d0806', 'tenant_name': 'tempest-ServicesAdminNegativeV253TestJSON-1281388871', 'user_domain_id': 'default', 'user_domain_name': 'Default', 'user_id': 'b943822ea03448299910f11536b8775d', 'system': None}, Network: None, Subnet: None, Router: None
2025-11-12 22:15:26.437 66048 INFO tempest.lib.common.rest_client [req-e2e5ac2c-318e-45f8-918a-f1cb61e3dd30 req-e2e5ac2c-318e-45f8-918a-f1cb61e3dd30 ] Request (QuotaClassesAdminTestJSON:tearDownClass): 204 DELETE http://10.180.1.21/identity/v3/projects/fd99bfd491d84fe68bb2ad8fd5b768c3 0.127s
2025-11-12 22:15:26.462 66085 INFO tempest.lib.common.rest_client [req-7344fa5b-e8aa-466a-927c-413e4c6c30fc req-7344fa5b-e8aa-466a-927c-413e4c6c30fc ] Request (ServicesAdminNegativeV253TestJSON:setUpClass): 201 POST http://10.180.1.21/identity/v3/auth/tokens 0.106s
2025-11-12 22:15:26.515 66080 INFO tempest.lib.common.rest_client [req-60dd1d7c-7db0-40e7-b0dc-1d6f6c42f121 req-60dd1d7c-7db0-40e7-b0dc-1d6f6c42f121 ] Request (FloatingIPsNegativeTestJSON:tearDownClass): 200 GET http://10.180.1.21/networking/v2.0/security-groups?tenant_id=e337f7ddb79b4b739fd7bee4da8839d1&name=default 0.316s
2025-11-12 22:15:26.518 66048 INFO tempest.lib.common.rest_client [req-ad9a8042-5dbb-4cc7-a9b4-90f39a907ea6 req-ad9a8042-5dbb-4cc7-a9b4-90f39a907ea6 ] Request (ServerExternalEventsTest:setUpClass): 201 POST http://10.180.1.21/identity/v3/auth/tokens 0.080s
2025-11-12 22:15:26.554 66085 INFO tempest.lib.common.rest_client [req-5f779afa-72a2-42a7-ae23-1d82013e86ea req-5f779afa-72a2-42a7-ae23-1d82013e86ea ] Request (ServicesAdminNegativeV253TestJSON:setUpClass): 201 POST http://10.180.1.21/identity/v3/projects 0.091s
2025-11-12 22:15:26.606 66078 INFO tempest.lib.common.rest_client [req-fcc9d548-d6a1-4901-964c-f035098ba2c0 req-fcc9d548-d6a1-4901-964c-f035098ba2c0 ] Request (VolumesAssistedSnapshotsTest:test_volume_assisted_snapshot_create_delete): 202 POST http://10.180.1.21/compute/v2.1/servers 8.949s
2025-11-12 22:15:26.641 66048 INFO tempest.lib.common.rest_client [req-15b46059-3797-4ae4-8891-e244733f7aef req-15b46059-3797-4ae4-8891-e244733f7aef ] Request (ServerExternalEventsTest:setUpClass): 201 POST http://10.180.1.21/identity/v3/auth/tokens 0.116s
2025-11-12 22:15:26.698 66085 INFO tempest.lib.common.rest_client [req-35ce2c41-26a7-4b2b-8b7d-35a1a050fecc req-35ce2c41-26a7-4b2b-8b7d-35a1a050fecc ] Request (ServicesAdminNegativeV253TestJSON:setUpClass): 201 POST http://10.180.1.21/identity/v3/users 0.144s
2025-11-12 22:15:26.725 66048 INFO tempest.lib.common.rest_client [req-007eada4-5e00-45c5-af79-65f5fa0a3b3a req-007eada4-5e00-45c5-af79-65f5fa0a3b3a ] Request (ServerExternalEventsTest:setUpClass): 200 GET http://10.180.1.21/identity/v3/domains?name=Default 0.083s
2025-11-12 22:15:26.745 66090 INFO tempest.lib.common.rest_client [req-912fe5cb-bf57-401a-a118-8b3a651108be req-912fe5cb-bf57-401a-a118-8b3a651108be ] Request (ServersTestBootFromVolume:setUpClass): 202 POST http://10.180.1.21/volume/v3/volumes 0.862s
2025-11-12 22:15:26.746 66085 INFO tempest.lib.common.rest_client [req-55052c04-9346-4cc3-8cb5-6ff0a873742d req-55052c04-9346-4cc3-8cb5-6ff0a873742d ] Request (ServicesAdminNegativeV253TestJSON:setUpClass): 200 GET http://10.180.1.21/identity/v3/roles 0.047s
2025-11-12 22:15:26.775 66048 INFO tempest.lib.common.rest_client [req-e7522cf8-2323-40fc-9854-073697d6faca req-e7522cf8-2323-40fc-9854-073697d6faca ] Request (ServerExternalEventsTest:setUpClass): 201 POST http://10.180.1.21/identity/v3/projects 0.049s
2025-11-12 22:15:26.780 66080 INFO tempest.lib.common.rest_client [req-ab130e7f-53b0-4398-936a-ccaf240feaf7 req-ab130e7f-53b0-4398-936a-ccaf240feaf7 ] Request (FloatingIPsNegativeTestJSON:tearDownClass): 204 DELETE http://10.180.1.21/networking/v2.0/security-groups/e9002a80-69c1-46a3-bbaa-1639ccbd828f 0.265s
2025-11-12 22:15:26.790 66085 INFO tempest.lib.common.rest_client [req-2ba5ac3c-ecfe-4046-932f-24ba6cb661ff req-2ba5ac3c-ecfe-4046-932f-24ba6cb661ff ] Request (ServicesAdminNegativeV253TestJSON:setUpClass): 204 PUT http://10.180.1.21/identity/v3/projects/b53646c3d51e4c66a04e3ec8a3e1ad3f/users/a14136e9d73846d18e28518a7be57370/roles/803a6005b6034ee0bf3334321d81e8c4 0.043s
2025-11-12 22:15:26.834 66090 INFO tempest.lib.common.rest_client [req-707f5a03-60da-40a1-87dc-e3f343449bd2 req-707f5a03-60da-40a1-87dc-e3f343449bd2 ] Request (ServersTestBootFromVolume:setUpClass): 200 GET http://10.180.1.21/volume/v3/volumes/ce447ca7-d5c6-42b3-aef7-56a3e1710f49 0.079s
2025-11-12 22:15:26.899 66063 INFO tempest.lib.common.rest_client [req-5bdca6d3-02e8-4bc4-9c30-fdab6659250c req-5bdca6d3-02e8-4bc4-9c30-fdab6659250c ] Request (ServerDiagnosticsV248Test:test_get_server_diagnostics): 200 GET http://10.180.1.21/compute/v2.1/servers/22197c69-9583-4857-96f5-2192a498bf35/diagnostics 8.410s
2025-11-12 22:15:26.934 66048 INFO tempest.lib.common.rest_client [req-bd393c50-aa5a-4bf6-a120-48366bbf94b8 req-bd393c50-aa5a-4bf6-a120-48366bbf94b8 ] Request (ServerExternalEventsTest:setUpClass): 201 POST http://10.180.1.21/identity/v3/users 0.159s
2025-11-12 22:15:26.963 66080 INFO tempest.lib.common.rest_client [req-8c9f6950-5014-43c0-9f4f-d715cde04bd4 req-8c9f6950-5014-43c0-9f4f-d715cde04bd4 ] Request (FloatingIPsNegativeTestJSON:tearDownClass): 204 DELETE http://10.180.1.21/identity/v3/projects/e337f7ddb79b4b739fd7bee4da8839d1 0.182s
2025-11-12 22:15:26.976 66050 INFO tempest.lib.common.rest_client [req-d247ce82-7379-4219-8d0e-774c63fdac6d req-d247ce82-7379-4219-8d0e-774c63fdac6d ] Request (SecurityGroupsTestJSON:test_list_security_groups_by_server): 200 GET http://10.180.1.21/compute/v2.1/servers/3f3c4016-869a-4a74-837e-4d7afc2f547c 6.464s
2025-11-12 22:15:27.000 66085 INFO tempest.lib.common.rest_client [req-8ad0392a-4eac-4c2f-b32e-fd3b46061392 req-8ad0392a-4eac-4c2f-b32e-fd3b46061392 ] Request (ServicesAdminNegativeV253TestJSON:setUpClass): 200 GET http://10.180.1.21/identity/v3/roles 0.209s
2025-11-12 22:15:27.010 66088 INFO tempest.lib.common.rest_client [req-05ca1dd4-20a4-400e-b6eb-95447f1ff38c req-05ca1dd4-20a4-400e-b6eb-95447f1ff38c ] Request (FlavorsAccessTestJSON:_run_cleanups): 202 DELETE http://10.180.1.21/compute/v2.1/flavors/1756840338 6.351s
2025-11-12 22:15:27.039 66080 INFO tempest.lib.common.rest_client [req-160998d9-2b64-47d6-b833-cb3c76606aa3 req-160998d9-2b64-47d6-b833-cb3c76606aa3 ] Request (MultipleCreateNegativeTestJSON:setUpClass): 201 POST http://10.180.1.21/identity/v3/auth/tokens 0.073s
2025-11-12 22:15:27.063 66048 INFO tempest.lib.common.rest_client [req-c1155cc5-2147-4f1f-9123-2f2aaabfef45 req-c1155cc5-2147-4f1f-9123-2f2aaabfef45 ] Request (ServerExternalEventsTest:setUpClass): 200 GET http://10.180.1.21/identity/v3/roles 0.128s
2025-11-12 22:15:27.077 66054 INFO tempest.lib.common.rest_client [req-b24c2a28-5058-4a35-8f55-244303efbbe7 req-b24c2a28-5058-4a35-8f55-244303efbbe7 ] Request (AttachInterfacesV270Test:setUpClass): 200 PUT http://10.180.1.21/networking/v2.0/routers/8d3cfcd8-a773-4ef8-83bf-b3ecba37809c/add_router_interface 1.779s
2025-11-12 22:15:27.078 66054 INFO tempest.lib.common.dynamic_creds [-] Created isolated network resources for: credentials: Credentials: {'domain_id': 'default', 'domain_name': 'Default', 'username': 'tempest-AttachInterfacesV270Test-1842013497-project-member', 'project_domain_id': 'default', 'project_domain_name': 'Default', 'project_id': 'ac47c8e28b6744efb468afc76229c760', 'project_name': 'tempest-AttachInterfacesV270Test-1842013497', 'tenant_id': 'ac47c8e28b6744efb468afc76229c760', 'tenant_name': 'tempest-AttachInterfacesV270Test-1842013497', 'user_domain_id': 'default', 'user_domain_name': 'Default', 'user_id': '1ed4c6a6849e44eb85935094870bf8a6', 'system': None}, Network: {'id': '366b1d48-0363-49bb-bb88-fe049f5c86f7', 'name': 'tempest-AttachInterfacesV270Test-2077502372-network', 'tenant_id': 'ac47c8e28b6744efb468afc76229c760', 'project_id': 'ac47c8e28b6744efb468afc76229c760', 'admin_state_up': True, 'mtu': 8950, 'status': 'ACTIVE', 'subnets': [], 'shared': False, 'port_security_enabled': True, 'router:external': False, 'provider:network_type': 'vlan', 'provider:physical_network': 'default', 'provider:segmentation_id': 413, 'availability_zone_hints': [], 'availability_zones': [], 'ipv4_address_scope': None, 'ipv6_address_scope': None, 'description': '', 'tags': [], 'created_at': '2025-11-12T22:15:22Z', 'updated_at': '2025-11-12T22:15:22Z', 'revision_number': 1}, Subnet: {'id': 'e331205b-33c5-431d-afda-fdd306710168', 'name': 'tempest-AttachInterfacesV270Test-2077502372-subnet', 'tenant_id': 'ac47c8e28b6744efb468afc76229c760', 'network_id': '366b1d48-0363-49bb-bb88-fe049f5c86f7', 'ip_version': 4, 'subnetpool_id': None, 'enable_dhcp': True, 'ipv6_ra_mode': None, 'ipv6_address_mode': None, 'gateway_ip': '192.168.128.1', 'cidr': '192.168.128.0/28', 'allocation_pools': [{'start': '192.168.128.2', 'end': '192.168.128.14'}], 'host_routes': [], 'dns_nameservers': [], 'description': '', 'router:external': False, 'service_types': [], 'tags': [], 'created_at': '2025-11-12T22:15:23Z', 'updated_at': '2025-11-12T22:15:23Z', 'revision_number': 0, 'project_id': 'ac47c8e28b6744efb468afc76229c760'}, Router: {'id': '8d3cfcd8-a773-4ef8-83bf-b3ecba37809c', 'name': 'tempest-AttachInterfacesV270Test-2077502372-router', 'tenant_id': 'ac47c8e28b6744efb468afc76229c760', 'admin_state_up': True, 'status': 'ACTIVE', 'external_gateway_info': {'network_id': '9ded7888-c58f-49e3-8fdc-74e1221cccb1', 'external_fixed_ips': [{'subnet_id': '66563f79-55f2-44ef-bd23-5729f45b879e', 'ip_address': '10.180.180.235'}], 'enable_snat': True}, 'description': '', 'availability_zones': [], 'distributed': False, 'ha': False, 'availability_zone_hints': [], 'routes': [], 'flavor_id': None, 'tags': [], 'created_at': '2025-11-12T22:15:24Z', 'updated_at': '2025-11-12T22:15:25Z', 'revision_number': 2, 'project_id': 'ac47c8e28b6744efb468afc76229c760'}
2025-11-12 22:15:27.103 66085 INFO tempest.lib.common.rest_client [req-d86f842a-f1c3-4fcd-9197-234f3373cd55 req-d86f842a-f1c3-4fcd-9197-234f3373cd55 ] Request (ServicesAdminNegativeV253TestJSON:setUpClass): 204 PUT http://10.180.1.21/identity/v3/projects/b53646c3d51e4c66a04e3ec8a3e1ad3f/users/a14136e9d73846d18e28518a7be57370/roles/803a6005b6034ee0bf3334321d81e8c4 0.102s
2025-11-12 22:15:27.103 66085 INFO tempest.lib.common.dynamic_creds [-] Dynamic test user a14136e9d73846d18e28518a7be57370 is created with scope project and roles: ['admin']
2025-11-12 22:15:27.103 66085 INFO tempest.lib.common.dynamic_creds [-] Acquired dynamic creds: credentials: Credentials: {'domain_id': 'default', 'domain_name': 'Default', 'username': 'tempest-ServicesAdminNegativeV253TestJSON-804873590-project-admin', 'project_domain_id': 'default', 'project_domain_name': 'Default', 'project_id': 'b53646c3d51e4c66a04e3ec8a3e1ad3f', 'project_name': 'tempest-ServicesAdminNegativeV253TestJSON-804873590', 'tenant_id': 'b53646c3d51e4c66a04e3ec8a3e1ad3f', 'tenant_name': 'tempest-ServicesAdminNegativeV253TestJSON-804873590', 'user_domain_id': 'default', 'user_domain_name': 'Default', 'user_id': 'a14136e9d73846d18e28518a7be57370', 'system': None}, Network: None, Subnet: None, Router: None
2025-11-12 22:15:27.103 66085 INFO tempest.lib.common.dynamic_creds [-] Created isolated network resources for: credentials: Credentials: {'domain_id': 'default', 'domain_name': 'Default', 'username': 'tempest-ServicesAdminNegativeV253TestJSON-804873590-project-admin', 'project_domain_id': 'default', 'project_domain_name': 'Default', 'project_id': 'b53646c3d51e4c66a04e3ec8a3e1ad3f', 'project_name': 'tempest-ServicesAdminNegativeV253TestJSON-804873590', 'tenant_id': 'b53646c3d51e4c66a04e3ec8a3e1ad3f', 'tenant_name': 'tempest-ServicesAdminNegativeV253TestJSON-804873590', 'user_domain_id': 'default', 'user_domain_name': 'Default', 'user_id': 'a14136e9d73846d18e28518a7be57370', 'system': None}, Network: None, Subnet: None, Router: None
2025-11-12 22:15:27.188 66080 INFO tempest.lib.common.rest_client [req-2b7a4f02-97b7-4af5-a509-4984e1bda92f req-2b7a4f02-97b7-4af5-a509-4984e1bda92f ] Request (MultipleCreateNegativeTestJSON:setUpClass): 201 POST http://10.180.1.21/identity/v3/auth/tokens 0.144s
2025-11-12 22:15:27.215 66048 INFO tempest.lib.common.rest_client [req-1e617293-3205-40b9-80e6-f9e19351c099 req-1e617293-3205-40b9-80e6-f9e19351c099 ] Request (ServerExternalEventsTest:setUpClass): 204 PUT http://10.180.1.21/identity/v3/projects/cad907a950ef484a900be6753aadead5/users/232a8202fd1c4c08beb8956cf636a80f/roles/1c5687e7faa842ff95e726a513f84f6e 0.151s
2025-11-12 22:15:27.215 66048 INFO tempest.lib.common.dynamic_creds [-] Dynamic test user 232a8202fd1c4c08beb8956cf636a80f is created with scope project and roles: ['member']
2025-11-12 22:15:27.216 66048 INFO tempest.lib.common.dynamic_creds [-] Acquired dynamic creds: credentials: Credentials: {'domain_id': 'default', 'domain_name': 'Default', 'username': 'tempest-ServerExternalEventsTest-1896219762-project-member', 'project_domain_id': 'default', 'project_domain_name': 'Default', 'project_id': 'cad907a950ef484a900be6753aadead5', 'project_name': 'tempest-ServerExternalEventsTest-1896219762', 'tenant_id': 'cad907a950ef484a900be6753aadead5', 'tenant_name': 'tempest-ServerExternalEventsTest-1896219762', 'user_domain_id': 'default', 'user_domain_name': 'Default', 'user_id': '232a8202fd1c4c08beb8956cf636a80f', 'system': None}, Network: None, Subnet: None, Router: None
2025-11-12 22:15:27.216 66048 INFO tempest.lib.common.dynamic_creds [-] Created isolated network resources for: credentials: Credentials: {'domain_id': 'default', 'domain_name': 'Default', 'username': 'tempest-ServerExternalEventsTest-1896219762-project-member', 'project_domain_id': 'default', 'project_domain_name': 'Default', 'project_id': 'cad907a950ef484a900be6753aadead5', 'project_name': 'tempest-ServerExternalEventsTest-1896219762', 'tenant_id': 'cad907a950ef484a900be6753aadead5', 'tenant_name': 'tempest-ServerExternalEventsTest-1896219762', 'user_domain_id': 'default', 'user_domain_name': 'Default', 'user_id': '232a8202fd1c4c08beb8956cf636a80f', 'system': None}, Network: None, Subnet: None, Router: None
2025-11-12 22:15:27.268 66060 INFO tempest.lib.common.rest_client [req-d470b6d1-421d-4a9f-954e-a28326f71ca1 req-d470b6d1-421d-4a9f-954e-a28326f71ca1 ] Request (ImagesMetadataTestJSON:setUp): 200 PUT http://10.180.1.21/compute/v2.1/images/3c7c0965-e429-4565-ab69-d7c1b560dfd8/metadata 6.569s
2025-11-12 22:15:27.273 66054 INFO tempest.lib.common.rest_client [req-1e543364-76fe-4df8-83ad-cfe10b0ecc53 req-1e543364-76fe-4df8-83ad-cfe10b0ecc53 ] Request (AttachInterfacesV270Test:setUpClass): 201 POST http://10.180.1.21/identity/v3/auth/tokens 0.191s
2025-11-12 22:15:27.295 66042 INFO tempest.lib.common.rest_client [req-2d50d9c5-77b4-4f67-814d-1518318bc273 req-2d50d9c5-77b4-4f67-814d-1518318bc273 ] Request (FlavorsExtraSpecsTestJSON:test_flavor_set_get_update_show_unset_keys): 200 POST http://10.180.1.21/compute/v2.1/flavors/141607196/os-extra_specs 6.127s
2025-11-12 22:15:27.356 66085 INFO tempest.lib.common.rest_client [req-fadcc3e2-bbc8-4185-9344-6d86d7e1bdcb req-fadcc3e2-bbc8-4185-9344-6d86d7e1bdcb ] Request (ServicesAdminNegativeV253TestJSON:setUpClass): 201 POST http://10.180.1.21/identity/v3/auth/tokens 0.249s
2025-11-12 22:15:27.392 66080 INFO tempest.lib.common.rest_client [req-4c6e49c8-a05f-4666-bf93-3c9ee1097dc8 req-4c6e49c8-a05f-4666-bf93-3c9ee1097dc8 ] Request (MultipleCreateNegativeTestJSON:setUpClass): 200 GET http://10.180.1.21/identity/v3/domains?name=Default 0.204s
2025-11-12 22:15:27.428 66054 INFO tempest.lib.common.rest_client [req-d0e0ae78-0c2b-40c0-b89f-3a2f2a4c3ddc req-d0e0ae78-0c2b-40c0-b89f-3a2f2a4c3ddc ] Request (AttachInterfacesV270Test:test_create_get_list_interfaces): 201 POST http://10.180.1.21/identity/v3/auth/tokens 0.146s
2025-11-12 22:15:27.429 66054 INFO tempest.lib.common.fixed_network [-] (AttachInterfacesV270Test:test_create_get_list_interfaces) Found network {'id': '366b1d48-0363-49bb-bb88-fe049f5c86f7', 'name': 'tempest-AttachInterfacesV270Test-2077502372-network', 'tenant_id': 'ac47c8e28b6744efb468afc76229c760', 'project_id': 'ac47c8e28b6744efb468afc76229c760', 'admin_state_up': True, 'mtu': 8950, 'status': 'ACTIVE', 'subnets': [], 'shared': False, 'port_security_enabled': True, 'router:external': False, 'provider:network_type': 'vlan', 'provider:physical_network': 'default', 'provider:segmentation_id': 413, 'availability_zone_hints': [], 'availability_zones': [], 'ipv4_address_scope': None, 'ipv6_address_scope': None, 'description': '', 'tags': [], 'created_at': '2025-11-12T22:15:22Z', 'updated_at': '2025-11-12T22:15:22Z', 'revision_number': 1} available for tenant
2025-11-12 22:15:27.430 66048 INFO tempest.lib.common.rest_client [req-82ed8abe-9c53-4ea8-9edc-2279d349c983 req-82ed8abe-9c53-4ea8-9edc-2279d349c983 ] Request (ServerExternalEventsTest:setUpClass): 201 POST http://10.180.1.21/identity/v3/auth/tokens 0.206s
2025-11-12 22:15:27.467 66080 INFO tempest.lib.common.rest_client [req-e6056706-07fb-410b-afed-1d7c71f878f4 req-e6056706-07fb-410b-afed-1d7c71f878f4 ] Request (MultipleCreateNegativeTestJSON:setUpClass): 201 POST http://10.180.1.21/identity/v3/projects 0.074s
2025-11-12 22:15:27.531 66048 INFO tempest.lib.common.rest_client [req-404d2b7f-2d80-4693-8f85-06bd79cd0025 req-404d2b7f-2d80-4693-8f85-06bd79cd0025 ] Request (ServerExternalEventsTest:setUpClass): 201 POST http://10.180.1.21/identity/v3/projects 0.100s
2025-11-12 22:15:27.632 66094 INFO tempest.lib.common.rest_client [req-9b9c8723-3ab2-4c76-9c91-1c2673555c04 req-9b9c8723-3ab2-4c76-9c91-1c2673555c04 ] Request (ListImagesTestJSON:test_get_image): 200 GET http://10.180.1.21/compute/v2.1/images/0f22348a-f9c5-4668-b1cb-c656daeb52cf 6.457s
2025-11-12 22:15:27.650 66080 INFO tempest.lib.common.rest_client [req-ef4fb187-5261-4bfc-8277-a0734347989e req-ef4fb187-5261-4bfc-8277-a0734347989e ] Request (MultipleCreateNegativeTestJSON:setUpClass): 201 POST http://10.180.1.21/identity/v3/users 0.181s
2025-11-12 22:15:27.672 66048 INFO tempest.lib.common.rest_client [req-eecbfa67-ed37-49d3-9c58-abb0571928ec req-eecbfa67-ed37-49d3-9c58-abb0571928ec ] Request (ServerExternalEventsTest:setUpClass): 201 POST http://10.180.1.21/identity/v3/users 0.141s
2025-11-12 22:15:27.727 66080 INFO tempest.lib.common.rest_client [req-45a3378f-8273-4874-b90c-69f0584ce178 req-45a3378f-8273-4874-b90c-69f0584ce178 ] Request (MultipleCreateNegativeTestJSON:setUpClass): 200 GET http://10.180.1.21/identity/v3/roles 0.076s
2025-11-12 22:15:27.744 66048 INFO tempest.lib.common.rest_client [req-c18dd3c0-7adc-4665-aadd-a7baff6b0380 req-c18dd3c0-7adc-4665-aadd-a7baff6b0380 ] Request (ServerExternalEventsTest:setUpClass): 200 GET http://10.180.1.21/identity/v3/roles 0.070s
2025-11-12 22:15:27.774 66070 INFO tempest.lib.common.rest_client [req-0a9e789d-86ef-42e2-9ba3-787e9a88811e req-0a9e789d-86ef-42e2-9ba3-787e9a88811e ] Request (FloatingIPDetailsTestJSON:test_get_floating_ip_details): 200 POST http://10.180.1.21/compute/v2.1/os-floating-ips 7.155s
2025-11-12 22:15:27.794 66080 INFO tempest.lib.common.rest_client [req-933bcf81-8048-48d0-9085-381d2bac4272 req-933bcf81-8048-48d0-9085-381d2bac4272 ] Request (MultipleCreateNegativeTestJSON:setUpClass): 204 PUT http://10.180.1.21/identity/v3/projects/7e445427426745949ba26e5d5b20818a/users/5f45a3754352446393f87e3263f09ee8/roles/1c5687e7faa842ff95e726a513f84f6e 0.066s
2025-11-12 22:15:27.794 66080 INFO tempest.lib.common.dynamic_creds [-] Dynamic test user 5f45a3754352446393f87e3263f09ee8 is created with scope project and roles: ['member']
2025-11-12 22:15:27.794 66080 INFO tempest.lib.common.dynamic_creds [-] Acquired dynamic creds: credentials: Credentials: {'domain_id': 'default', 'domain_name': 'Default', 'username': 'tempest-MultipleCreateNegativeTestJSON-1704177759-project-member', 'project_domain_id': 'default', 'project_domain_name': 'Default', 'project_id': '7e445427426745949ba26e5d5b20818a', 'project_name': 'tempest-MultipleCreateNegativeTestJSON-1704177759', 'tenant_id': '7e445427426745949ba26e5d5b20818a', 'tenant_name': 'tempest-MultipleCreateNegativeTestJSON-1704177759', 'user_domain_id': 'default', 'user_domain_name': 'Default', 'user_id': '5f45a3754352446393f87e3263f09ee8', 'system': None}, Network: None, Subnet: None, Router: None
2025-11-12 22:15:27.794 66080 INFO tempest.lib.common.dynamic_creds [-] Created isolated network resources for: credentials: Credentials: {'domain_id': 'default', 'domain_name': 'Default', 'username': 'tempest-MultipleCreateNegativeTestJSON-1704177759-project-member', 'project_domain_id': 'default', 'project_domain_name': 'Default', 'project_id': '7e445427426745949ba26e5d5b20818a', 'project_name': 'tempest-MultipleCreateNegativeTestJSON-1704177759', 'tenant_id': '7e445427426745949ba26e5d5b20818a', 'tenant_name': 'tempest-MultipleCreateNegativeTestJSON-1704177759', 'user_domain_id': 'default', 'user_domain_name': 'Default', 'user_id': '5f45a3754352446393f87e3263f09ee8', 'system': None}, Network: None, Subnet: None, Router: None
2025-11-12 22:15:27.799 66048 INFO tempest.lib.common.rest_client [req-36ed35a3-ca8f-47ab-a3a5-b5393e040e67 req-36ed35a3-ca8f-47ab-a3a5-b5393e040e67 ] Request (ServerExternalEventsTest:setUpClass): 204 PUT http://10.180.1.21/identity/v3/projects/3ed95a8609514ac4a9a961818617f455/users/0238f16975fb460f92d475817b76940d/roles/803a6005b6034ee0bf3334321d81e8c4 0.051s
2025-11-12 22:15:27.884 66048 INFO tempest.lib.common.rest_client [req-b1e00082-3c20-4350-915e-1b6341f5a6a3 req-b1e00082-3c20-4350-915e-1b6341f5a6a3 ] Request (ServerExternalEventsTest:setUpClass): 200 GET http://10.180.1.21/identity/v3/roles 0.084s
2025-11-12 22:15:27.896 66090 INFO tempest.lib.common.rest_client [req-f29007c7-bbbb-43f2-b8a5-8474c95a9cbf req-f29007c7-bbbb-43f2-b8a5-8474c95a9cbf ] Request (ServersTestBootFromVolume:setUpClass): 200 GET http://10.180.1.21/volume/v3/volumes/ce447ca7-d5c6-42b3-aef7-56a3e1710f49 0.050s
2025-11-12 22:15:27.963 66080 INFO tempest.lib.common.rest_client [req-b33d74c2-2e64-42ba-be0f-510c146e6f8d req-b33d74c2-2e64-42ba-be0f-510c146e6f8d ] Request (MultipleCreateNegativeTestJSON:setUpClass): 201 POST http://10.180.1.21/identity/v3/auth/tokens 0.162s
2025-11-12 22:15:27.991 66048 INFO tempest.lib.common.rest_client [req-1dade140-2b60-4867-8ea5-89f66dbb7f19 req-1dade140-2b60-4867-8ea5-89f66dbb7f19 ] Request (ServerExternalEventsTest:setUpClass): 204 PUT http://10.180.1.21/identity/v3/projects/3ed95a8609514ac4a9a961818617f455/users/0238f16975fb460f92d475817b76940d/roles/803a6005b6034ee0bf3334321d81e8c4 0.106s
2025-11-12 22:15:27.991 66048 INFO tempest.lib.common.dynamic_creds [-] Dynamic test user 0238f16975fb460f92d475817b76940d is created with scope project and roles: ['admin']
2025-11-12 22:15:27.991 66048 INFO tempest.lib.common.dynamic_creds [-] Acquired dynamic creds: credentials: Credentials: {'domain_id': 'default', 'domain_name': 'Default', 'username': 'tempest-ServerExternalEventsTest-693590600-project-admin', 'project_domain_id': 'default', 'project_domain_name': 'Default', 'project_id': '3ed95a8609514ac4a9a961818617f455', 'project_name': 'tempest-ServerExternalEventsTest-693590600', 'tenant_id': '3ed95a8609514ac4a9a961818617f455', 'tenant_name': 'tempest-ServerExternalEventsTest-693590600', 'user_domain_id': 'default', 'user_domain_name': 'Default', 'user_id': '0238f16975fb460f92d475817b76940d', 'system': None}, Network: None, Subnet: None, Router: None
2025-11-12 22:15:27.991 66048 INFO tempest.lib.common.dynamic_creds [-] Created isolated network resources for: credentials: Credentials: {'domain_id': 'default', 'domain_name': 'Default', 'username': 'tempest-ServerExternalEventsTest-693590600-project-admin', 'project_domain_id': 'default', 'project_domain_name': 'Default', 'project_id': '3ed95a8609514ac4a9a961818617f455', 'project_name': 'tempest-ServerExternalEventsTest-693590600', 'tenant_id': '3ed95a8609514ac4a9a961818617f455', 'tenant_name': 'tempest-ServerExternalEventsTest-693590600', 'user_domain_id': 'default', 'user_domain_name': 'Default', 'user_id': '0238f16975fb460f92d475817b76940d', 'system': None}, Network: None, Subnet: None, Router: None
2025-11-12 22:15:27.996 66082 INFO tempest.lib.common.rest_client [req-0ca651d5-82b6-458e-a9da-a8ed5a30b6a5 req-0ca651d5-82b6-458e-a9da-a8ed5a30b6a5 ] Request (NetworksTest:test_get_network): 200 GET http://10.180.1.21/compute/v2.1/os-networks 6.805s
2025-11-12 22:15:28.022 66086 INFO tempest.lib.common.rest_client [req-3aa7efff-3c5d-4a46-b01a-1bd6a48cd60d req-3aa7efff-3c5d-4a46-b01a-1bd6a48cd60d ] Request (FlavorsV261TestJSON:_run_cleanups): 202 DELETE http://10.180.1.21/compute/v2.1/flavors/1952791874 6.221s
2025-11-12 22:15:28.025 66064 INFO tempest.lib.common.rest_client [req-1b259543-2eda-4a2e-b62b-89c639ce879a req-1b259543-2eda-4a2e-b62b-89c639ce879a ] Request (QuotasAdminNegativeTest:test_create_server_when_instances_quota_is_full): 200 PUT http://10.180.1.21/compute/v2.1/os-quota-sets/5f6b4dd2d3084ff38d21d1cd11133e65 6.624s
2025-11-12 22:15:28.053 66080 INFO tempest.lib.common.rest_client [req-29c13d48-7ef0-4813-b102-58604d5c9dbc req-29c13d48-7ef0-4813-b102-58604d5c9dbc ] Request (MultipleCreateNegativeTestJSON:test_max_count_less_than_min_count): 201 POST http://10.180.1.21/identity/v3/auth/tokens 0.083s
2025-11-12 22:15:28.053 66080 INFO tempest.lib.common.fixed_network [-] (MultipleCreateNegativeTestJSON:test_max_count_less_than_min_count) Found network None available for tenant
2025-11-12 22:15:28.053 66052 INFO tempest.lib.common.rest_client [req-a4faea27-60bd-4e42-b6dc-ef0747118cc2 req-a4faea27-60bd-4e42-b6dc-ef0747118cc2 ] Request (FlavorsExtraSpecsNegativeTestJSON:test_flavor_non_admin_update_specific_key): 200 POST http://10.180.1.21/compute/v2.1/flavors/2056075850/os-extra_specs 6.207s
2025-11-12 22:15:28.067 66038 INFO tempest.lib.common.rest_client [req-c94e5eb3-bb6c-49e7-a7e1-0dd0e532bc54 req-c94e5eb3-bb6c-49e7-a7e1-0dd0e532bc54 ] Request (AggregatesAdminNegativeTestJSON:_run_cleanups): 200 DELETE http://10.180.1.21/compute/v2.1/os-aggregates/1 6.225s
2025-11-12 22:15:28.068 66092 INFO tempest.lib.common.rest_client [req-c63eb0c3-7208-4fc3-8e9e-08238e426c20 req-c63eb0c3-7208-4fc3-8e9e-08238e426c20 ] Request (HostsAdminNegativeTestJSON:test_show_host_detail_with_nonexistent_hostname): 404 GET http://10.180.1.21/compute/v2.1/os-hosts/nonexistent_hostname 6.216s
2025-11-12 22:15:28.084 66048 INFO tempest.lib.common.rest_client [req-1aaccdda-f066-49ac-9c38-e2f52f401354 req-1aaccdda-f066-49ac-9c38-e2f52f401354 ] Request (ServerExternalEventsTest:setUpClass): 201 POST http://10.180.1.21/identity/v3/auth/tokens 0.090s
2025-11-12 22:15:28.095 66074 INFO tempest.lib.common.rest_client [req-55633c50-c54a-4bcd-962e-de2f3d177b99 req-55633c50-c54a-4bcd-962e-de2f3d177b99 ] Request (FlavorsAdminTestJSON:_run_cleanups): 200 GET http://10.180.1.21/compute/v2.1/flavors/detail 6.225s
2025-11-12 22:15:28.128 66032 INFO tempest.lib.common.rest_client [req-05e8c2ce-0f8e-4c3c-87dc-02fc2a8188fd req-05e8c2ce-0f8e-4c3c-87dc-02fc2a8188fd ] Request (KeyPairsNegativeTestJSON:test_create_keypair_with_duplicate_name): 202 DELETE http://10.180.1.21/compute/v2.1/os-keypairs/tempest-keypair-1696118383 6.225s
2025-11-12 22:15:28.145 66064 INFO tempest.lib.common.rest_client [req-8f2f9a3f-0430-4d9f-899d-930a362e4728 req-8f2f9a3f-0430-4d9f-899d-930a362e4728 ] Request (QuotasAdminNegativeTest:test_create_server_when_instances_quota_is_full): 201 POST http://10.180.1.21/identity/v3/auth/tokens 0.114s
2025-11-12 22:15:28.145 66064 INFO tempest.lib.common.fixed_network [-] (QuotasAdminNegativeTest:test_create_server_when_instances_quota_is_full) Found network None available for tenant
2025-11-12 22:15:28.153 66058 INFO tempest.lib.common.rest_client [req-5ba3b08d-6c3c-4752-8baa-a3207957ebc8 req-5ba3b08d-6c3c-4752-8baa-a3207957ebc8 ] Request (ServersWithSpecificFlavorTestJSON:test_verify_created_server_ephemeral_disk): 200 POST http://10.180.1.21/compute/v2.1/flavors 6.227s
2025-11-12 22:15:28.178 66068 INFO tempest.lib.common.rest_client [req-ee086399-e201-455c-be42-72d828e02af1 req-ee086399-e201-455c-be42-72d828e02af1 ] Request (ServicesAdminTestJSON:test_get_service_by_host_name): 200 GET http://10.180.1.21/compute/v2.1/os-services?host=devstack 6.219s
2025-11-12 22:15:28.213 66048 INFO tempest.lib.common.rest_client [req-41bb6851-6dce-4f25-8fa0-e83fd23296c8 req-41bb6851-6dce-4f25-8fa0-e83fd23296c8 ] Request (ServerExternalEventsTest:setUpClass): 201 POST http://10.180.1.21/identity/v3/projects 0.129s
2025-11-12 22:15:28.253 66056 INFO tempest.lib.common.rest_client [req-8a40bec7-4963-4ddf-b17f-ecd184dee851 req-8a40bec7-4963-4ddf-b17f-ecd184dee851 ] Request (ServersAdmin275Test:test_rebuild_update_server_275): 200 GET http://10.180.1.21/compute/v2.1/servers/6591fa88-a658-47d6-97f3-f3928c9bfa89 6.135s
2025-11-12 22:15:28.272 66056 INFO tempest.common.waiters [-] State transition "BUILD/None" ==> "BUILD/spawning" after 7 second wait
2025-11-12 22:15:28.292 66048 INFO tempest.lib.common.rest_client [req-8f668416-3d58-404d-afc7-feef360860f9 req-8f668416-3d58-404d-afc7-feef360860f9 ] Request (ServerExternalEventsTest:setUpClass): 201 POST http://10.180.1.21/identity/v3/users 0.077s
2025-11-12 22:15:28.316 66048 INFO tempest.lib.common.rest_client [req-196d8301-2d68-4aad-b482-94113f50ab6e req-196d8301-2d68-4aad-b482-94113f50ab6e ] Request (ServerExternalEventsTest:setUpClass): 200 GET http://10.180.1.21/identity/v3/roles 0.024s
2025-11-12 22:15:28.320 66036 INFO tempest.lib.common.rest_client [req-e765d43e-4015-4599-bdaa-19cafad450e3 req-e765d43e-4015-4599-bdaa-19cafad450e3 ] Request (ServersAdminTestJSON:setUpClass): 200 GET http://10.180.1.21/compute/v2.1/servers/8d7c4c16-0d44-469f-8d29-cbf36bfab6a7 6.192s
2025-11-12 22:15:28.329 66036 INFO tempest.common.waiters [-] State transition "BUILD/None" ==> "BUILD/networking" after 7 second wait
2025-11-12 22:15:28.350 66048 INFO tempest.lib.common.rest_client [req-73431435-51bb-4519-bf9b-7840589f50c5 req-73431435-51bb-4519-bf9b-7840589f50c5 ] Request (ServerExternalEventsTest:setUpClass): 204 PUT http://10.180.1.21/identity/v3/projects/54efb034c8b54c8f953bd7bc13671522/users/830579e555754376945780a12aeeac80/roles/e0bb62574a8d4ec199bce584ed63b903 0.033s
2025-11-12 22:15:28.353 66040 INFO tempest.lib.common.rest_client [req-3f4506e7-46f3-40f3-a5dc-f47b06c03771 req-3f4506e7-46f3-40f3-a5dc-f47b06c03771 ] Request (QuotasAdminTestJSON:test_delete_quota): 200 GET http://10.180.1.21/compute/v2.1/os-quota-sets/34128fc6a9ed4acdbd84b61e5e0f1685 6.485s
2025-11-12 22:15:28.415 66048 INFO tempest.lib.common.rest_client [req-7f52922e-6624-4fee-891d-8a43a205e8cd req-7f52922e-6624-4fee-891d-8a43a205e8cd ] Request (ServerExternalEventsTest:setUpClass): 200 GET http://10.180.1.21/identity/v3/roles 0.064s
2025-11-12 22:15:28.434 66048 INFO tempest.lib.common.rest_client [req-77b94c01-825f-4b0b-81f9-aaacdd78a494 req-77b94c01-825f-4b0b-81f9-aaacdd78a494 ] Request (ServerExternalEventsTest:setUpClass): 204 PUT http://10.180.1.21/identity/v3/projects/54efb034c8b54c8f953bd7bc13671522/users/830579e555754376945780a12aeeac80/roles/803a6005b6034ee0bf3334321d81e8c4 0.019s
2025-11-12 22:15:28.434 66048 INFO tempest.lib.common.dynamic_creds [-] Dynamic test user 830579e555754376945780a12aeeac80 is created with scope project and roles: ['service', 'admin']
2025-11-12 22:15:28.435 66048 INFO tempest.lib.common.dynamic_creds [-] Acquired dynamic creds: credentials: Credentials: {'domain_id': 'default', 'domain_name': 'Default', 'username': 'tempest-ServerExternalEventsTest-548489971-project', 'project_domain_id': 'default', 'project_domain_name': 'Default', 'project_id': '54efb034c8b54c8f953bd7bc13671522', 'project_name': 'tempest-ServerExternalEventsTest-548489971', 'tenant_id': '54efb034c8b54c8f953bd7bc13671522', 'tenant_name': 'tempest-ServerExternalEventsTest-548489971', 'user_domain_id': 'default', 'user_domain_name': 'Default', 'user_id': '830579e555754376945780a12aeeac80', 'system': None}, Network: None, Subnet: None, Router: None
2025-11-12 22:15:28.435 66048 INFO tempest.lib.common.dynamic_creds [-] Created isolated network resources for: credentials: Credentials: {'domain_id': 'default', 'domain_name': 'Default', 'username': 'tempest-ServerExternalEventsTest-548489971-project', 'project_domain_id': 'default', 'project_domain_name': 'Default', 'project_id': '54efb034c8b54c8f953bd7bc13671522', 'project_name': 'tempest-ServerExternalEventsTest-548489971', 'tenant_id': '54efb034c8b54c8f953bd7bc13671522', 'tenant_name': 'tempest-ServerExternalEventsTest-548489971', 'user_domain_id': 'default', 'user_domain_name': 'Default', 'user_id': '830579e555754376945780a12aeeac80', 'system': None}, Network: None, Subnet: None, Router: None
2025-11-12 22:15:28.478 66073 INFO tempest.lib.common.rest_client [req-20ab33dd-080b-42bd-9273-939c36ad140d req-20ab33dd-080b-42bd-9273-939c36ad140d ] Request (DeleteServersAdminTestJSON:test_admin_delete_servers_of_others): 200 GET http://10.180.1.21/compute/v2.1/servers/f79af8d3-668e-4351-85a2-742e13691c6e 5.881s
2025-11-12 22:15:28.487 66073 INFO tempest.common.waiters [-] State transition "BUILD/spawning" ==> "ACTIVE/None" after 16 second wait
2025-11-12 22:15:28.521 66048 INFO tempest.lib.common.rest_client [req-9f679194-714c-407d-8b52-4bc576ab7941 req-9f679194-714c-407d-8b52-4bc576ab7941 ] Request (ServerExternalEventsTest:setUpClass): 201 POST http://10.180.1.21/identity/v3/auth/tokens 0.082s
2025-11-12 22:15:28.595 66046 INFO tempest.lib.common.rest_client [req-c72d9b10-f3be-425d-ac41-8756f298a04e req-c72d9b10-f3be-425d-ac41-8756f298a04e ] Request (SecurityGroupRulesNegativeTestJSON:test_create_security_group_rule_duplicate): 200 POST http://10.180.1.21/compute/v2.1/os-security-groups 4.759s
2025-11-12 22:15:28.605 66048 INFO tempest.lib.common.rest_client [req-7fb49ecd-d8e6-4f34-a243-389cd5d14e92 req-7fb49ecd-d8e6-4f34-a243-389cd5d14e92 ] Request (ServerExternalEventsTest:test_create_server_external_events): 201 POST http://10.180.1.21/identity/v3/auth/tokens 0.080s
2025-11-12 22:15:28.606 66048 INFO tempest.lib.common.fixed_network [-] (ServerExternalEventsTest:test_create_server_external_events) Found network None available for tenant
2025-11-12 22:15:28.713 66078 INFO tempest.lib.common.rest_client [req-f651a94f-bfdf-4530-8fe5-557ce2071116 req-f651a94f-bfdf-4530-8fe5-557ce2071116 ] Request (VolumesAssistedSnapshotsTest:test_volume_assisted_snapshot_create_delete): 200 GET http://10.180.1.21/compute/v2.1/servers/8fc68b6d-5e1f-4545-8ae5-565f96d38862 2.105s
2025-11-12 22:15:28.732 66034 INFO tempest.lib.common.rest_client [req-e10018c6-57e1-49ca-8f27-952b481ec5fc req-e10018c6-57e1-49ca-8f27-952b481ec5fc ] Request (ImagesOneServerTestJSON:setUpClass): 200 GET http://10.180.1.21/compute/v2.1/servers/08ac7a13-cf15-43b5-880c-f1d59752ca7d 3.910s
2025-11-12 22:15:28.740 66034 INFO tempest.common.waiters [-] State transition "BUILD/spawning" ==> "ACTIVE/None" after 16 second wait
2025-11-12 22:15:28.756 66088 INFO tempest.lib.common.rest_client [req-48fd826d-8515-4b7e-9e06-56fd75ff9a9d req-48fd826d-8515-4b7e-9e06-56fd75ff9a9d ] Request (FlavorsAccessTestJSON:_run_cleanups): 200 GET http://10.180.1.21/compute/v2.1/flavors/detail 1.744s
2025-11-12 22:15:29.058 66090 INFO tempest.lib.common.rest_client [req-95551c93-7241-496e-a65b-6a90977db819 req-95551c93-7241-496e-a65b-6a90977db819 ] Request (ServersTestBootFromVolume:setUpClass): 200 GET http://10.180.1.21/volume/v3/volumes/ce447ca7-d5c6-42b3-aef7-56a3e1710f49 0.153s
2025-11-12 22:15:29.227 66044 INFO tempest.lib.common.rest_client [req-5704d994-8b63-4c18-9a14-80b6d1f1a532 req-5704d994-8b63-4c18-9a14-80b6d1f1a532 ] Request (FloatingIPsAssociationTestJSON:setUpClass): 200 GET http://10.180.1.21/compute/v2.1/servers/f5af5868-5f4c-4e16-a43a-67d0e65c3c17 2.340s
2025-11-12 22:15:29.249 66066 INFO tempest.lib.common.rest_client [req-69f1b90d-ed4a-4de4-a1a9-ebf0de178d16 req-69f1b90d-ed4a-4de4-a1a9-ebf0de178d16 ] Request (MigrationsAdminTest:test_list_migrations_in_flavor_resize_situation): 200 GET http://10.180.1.21/compute/v2.1/servers/6dd95e57-7500-4a91-95d1-093010408ed0 2.025s
2025-11-12 22:15:29.260 66066 INFO tempest.common.waiters [-] State transition "BUILD/networking" ==> "BUILD/spawning" after 12 second wait
2025-11-12 22:15:29.263 66042 INFO tempest.lib.common.rest_client [req-d6e6fde4-4ed6-46cf-9e14-8cf9b01ade0e req-d6e6fde4-4ed6-46cf-9e14-8cf9b01ade0e ] Request (FlavorsExtraSpecsTestJSON:test_flavor_set_get_update_show_unset_keys): 200 GET http://10.180.1.21/compute/v2.1/flavors/141607196/os-extra_specs 1.967s
2025-11-12 22:15:29.268 66060 INFO tempest.lib.common.rest_client [req-3fc27fac-a9db-48a1-9ce8-28a99189af19 req-3fc27fac-a9db-48a1-9ce8-28a99189af19 ] Request (ImagesMetadataTestJSON:test_get_image_metadata_item): 200 GET http://10.180.1.21/compute/v2.1/images/3c7c0965-e429-4565-ab69-d7c1b560dfd8/metadata/os_distro 1.999s
2025-11-12 22:15:29.372 66085 INFO tempest.lib.common.rest_client [req-f122254e-41ad-40cd-8546-f263a120a553 req-f122254e-41ad-40cd-8546-f263a120a553 ] Request (ServicesAdminNegativeV253TestJSON:test_disable_log_reason_with_invalid_service_id): 404 PUT http://10.180.1.21/compute/v2.1/os-services/29525829-3df3-482e-8cea-e24792defa08 2.014s
2025-11-12 22:15:29.429 66094 INFO tempest.lib.common.rest_client [req-d18c4b66-e913-47ce-b83e-4cabe23fdb4a req-d18c4b66-e913-47ce-b83e-4cabe23fdb4a ] Request (ListImagesTestJSON:test_list_images): 200 GET http://10.180.1.21/compute/v2.1/images 1.788s
2025-11-12 22:15:29.605 66070 INFO tempest.lib.common.rest_client [req-60bb77eb-59c3-48d4-940b-17b92296d987 req-60bb77eb-59c3-48d4-940b-17b92296d987 ] Request (FloatingIPDetailsTestJSON:test_get_floating_ip_details): 200 GET http://10.180.1.21/compute/v2.1/os-floating-ips/7cbbd23e-9e25-42ec-93d4-46ecf9fd44e3 1.827s
2025-11-12 22:15:29.660 66050 INFO tempest.lib.common.rest_client [req-21973a22-7096-48b9-8807-ce20e33caea3 req-21973a22-7096-48b9-8807-ce20e33caea3 ] Request (SecurityGroupsTestJSON:test_list_security_groups_by_server): 200 GET http://10.180.1.21/compute/v2.1/servers/3f3c4016-869a-4a74-837e-4d7afc2f547c 1.671s
2025-11-12 22:15:29.724 66082 INFO tempest.lib.common.rest_client [req-11d87af9-3406-4f0f-b563-a978fd1e3bfc req-11d87af9-3406-4f0f-b563-a978fd1e3bfc ] Request (NetworksTest:test_get_network): 200 GET http://10.180.1.21/compute/v2.1/os-networks/9ded7888-c58f-49e3-8fdc-74e1221cccb1 1.727s
2025-11-12 22:15:29.751 66086 INFO tempest.lib.common.rest_client [req-2b41f1e0-dfd9-488e-b07f-afdafd9832d8 req-2b41f1e0-dfd9-488e-b07f-afdafd9832d8 ] Request (FlavorsV261TestJSON:_run_cleanups): 200 GET http://10.180.1.21/compute/v2.1/flavors/detail 1.728s
2025-11-12 22:15:29.776 66054 INFO tempest.lib.common.rest_client [req-7cc5c4cc-51ac-4b04-a286-d0422c115f48 req-7cc5c4cc-51ac-4b04-a286-d0422c115f48 ] Request (AttachInterfacesV270Test:test_create_get_list_interfaces): 202 POST http://10.180.1.21/compute/v2.1/servers 2.347s
2025-11-12 22:15:29.784 66052 INFO tempest.lib.common.rest_client [req-3f2de7f4-1458-4502-92ac-199b83301e1d req-3f2de7f4-1458-4502-92ac-199b83301e1d ] Request (FlavorsExtraSpecsNegativeTestJSON:test_flavor_non_admin_update_specific_key): 403 PUT http://10.180.1.21/compute/v2.1/flavors/2056075850/os-extra_specs/hw:numa_nodes 1.729s
2025-11-12 22:15:29.792 66092 INFO tempest.lib.common.rest_client [req-582b1358-5376-461e-aa23-a6b66d621943 req-582b1358-5376-461e-aa23-a6b66d621943 ] Request (HostsAdminNegativeTestJSON:test_shutdown_host_with_non_admin_user): 403 GET http://10.180.1.21/compute/v2.1/os-hosts/devstack/shutdown 1.720s
2025-11-12 22:15:29.824 66080 INFO tempest.lib.common.rest_client [req-f5fdd4d6-87ac-459b-94f8-7ddd793caeff req-f5fdd4d6-87ac-459b-94f8-7ddd793caeff ] Request (MultipleCreateNegativeTestJSON:test_max_count_less_than_min_count): 400 POST http://10.180.1.21/compute/v2.1/servers 1.770s
2025-11-12 22:15:29.832 66038 INFO tempest.lib.common.rest_client [req-d1339dd2-f076-4587-91fb-fdadfb560678 req-d1339dd2-f076-4587-91fb-fdadfb560678 ] Request (AggregatesAdminNegativeTestJSON:test_aggregate_add_host_as_user): 200 POST http://10.180.1.21/compute/v2.1/os-aggregates 1.756s
2025-11-12 22:15:29.847 66076 INFO tempest.lib.common.rest_client [req-b7bf28c8-28ca-4dfd-afdb-5102aa8c14bf req-b7bf28c8-28ca-4dfd-afdb-5102aa8c14bf ] Request (HostsAdminTestJSON:test_list_hosts_with_zone): 200 GET http://10.180.1.21/compute/v2.1/os-hosts 1.743s
2025-11-12 22:15:29.853 66032 INFO tempest.lib.common.rest_client [req-f73125ba-059c-4bce-a9d7-5dffbad7019e req-f73125ba-059c-4bce-a9d7-5dffbad7019e ] Request (KeyPairsNegativeTestJSON:test_create_keypair_with_empty_name_string): 400 POST http://10.180.1.21/compute/v2.1/os-keypairs 1.723s
2025-11-12 22:15:29.855 66074 INFO tempest.lib.common.rest_client [req-8d4204ce-c48e-4ca7-ad8d-3f3d212b612f req-8d4204ce-c48e-4ca7-ad8d-3f3d212b612f ] Request (FlavorsAdminTestJSON:test_create_flavor_with_int_id): 200 POST http://10.180.1.21/compute/v2.1/flavors 1.749s
2025-11-12 22:15:29.869 66058 INFO tempest.lib.common.rest_client [req-a039dc3b-feff-401a-9fae-af75e01e946b req-a039dc3b-feff-401a-9fae-af75e01e946b ] Request (ServersWithSpecificFlavorTestJSON:test_verify_created_server_ephemeral_disk): 200 GET http://10.180.1.21/compute/v2.1/flavors/42/os-extra_specs 1.712s
2025-11-12 22:15:29.895 66068 INFO tempest.lib.common.rest_client [req-a385107c-8419-44d3-9fc4-ad2b840cbd1b req-a385107c-8419-44d3-9fc4-ad2b840cbd1b ] Request (ServicesAdminTestJSON:test_get_service_by_service_binary_name): 200 GET http://10.180.1.21/compute/v2.1/os-services?binary=nova-compute 1.713s
2025-11-12 22:15:29.914 66086 INFO tempest.lib.common.rest_client [req-40c2bb22-dbef-4df8-a444-63db20e65622 req-40c2bb22-dbef-4df8-a444-63db20e65622 ] Request (FlavorsV261TestJSON:tearDownClass): 204 DELETE http://10.180.1.21/identity/v3/users/583f54ddcfc4487eae144d5ecd3fc837 0.147s
2025-11-12 22:15:29.915 66080 INFO tempest.lib.common.rest_client [req-ebc84b66-5019-49b1-9fea-32943273c3fe req-ebc84b66-5019-49b1-9fea-32943273c3fe ] Request (MultipleCreateNegativeTestJSON:test_max_count_less_than_one): 201 POST http://10.180.1.21/identity/v3/auth/tokens 0.085s
2025-11-12 22:15:29.915 66080 INFO tempest.lib.common.fixed_network [-] (MultipleCreateNegativeTestJSON:test_max_count_less_than_one) Found network None available for tenant
2025-11-12 22:15:30.044 66086 INFO tempest.lib.common.rest_client [req-950d5ce4-d8b9-4b6b-bed0-0b7e32db1829 req-950d5ce4-d8b9-4b6b-bed0-0b7e32db1829 ] Request (FlavorsV261TestJSON:tearDownClass): 204 DELETE http://10.180.1.21/identity/v3/users/ffae7c7f1dc74edda03b79efb2dd6cb2 0.130s
2025-11-12 22:15:30.045 66086 INFO tempest.lib.common.dynamic_creds [-] Deleting project and security group for project: de621cadc6ea4baab23ed2e4171b2081
2025-11-12 22:15:30.095 66064 INFO tempest.lib.common.rest_client [req-398fcceb-edca-49ea-a870-4ddde48ed390 req-398fcceb-edca-49ea-a870-4ddde48ed390 ] Request (QuotasAdminNegativeTest:test_create_server_when_instances_quota_is_full): 403 POST http://10.180.1.21/compute/v2.1/servers 1.949s
2025-11-12 22:15:30.097 66090 INFO tempest.lib.common.rest_client [req-25918ba6-f9a0-4422-89f1-7b9dcddd007d req-25918ba6-f9a0-4422-89f1-7b9dcddd007d ] Request (ServersTestBootFromVolume:setUpClass): 200 GET http://10.180.1.21/volume/v3/volumes/ce447ca7-d5c6-42b3-aef7-56a3e1710f49 0.031s
2025-11-12 22:15:30.110 66040 INFO tempest.lib.common.rest_client [req-1e3f89d9-a08e-4be7-9e63-559a6f000c82 req-1e3f89d9-a08e-4be7-9e63-559a6f000c82 ] Request (QuotasAdminTestJSON:test_delete_quota): 200 PUT http://10.180.1.21/compute/v2.1/os-quota-sets/34128fc6a9ed4acdbd84b61e5e0f1685 1.755s
2025-11-12 22:15:30.117 66086 INFO tempest.lib.common.rest_client [req-8acf0906-2e1a-4a99-a606-fa3b442ac5d2 req-8acf0906-2e1a-4a99-a606-fa3b442ac5d2 ] Request (FlavorsV261TestJSON:tearDownClass): 201 POST http://10.180.1.21/identity/v3/auth/tokens 0.072s
2025-11-12 22:15:30.299 66086 INFO tempest.lib.common.rest_client [req-9cc05a38-f709-4062-860f-45ae5648e7f3 req-9cc05a38-f709-4062-860f-45ae5648e7f3 ] Request (FlavorsV261TestJSON:tearDownClass): 200 GET http://10.180.1.21/networking/v2.0/security-groups?tenant_id=de621cadc6ea4baab23ed2e4171b2081&name=default 0.182s
2025-11-12 22:15:30.369 66073 INFO tempest.lib.common.rest_client [req-58c57d93-2ea7-429b-9918-d886945e6c38 req-58c57d93-2ea7-429b-9918-d886945e6c38 ] Request (DeleteServersAdminTestJSON:test_admin_delete_servers_of_others): 204 DELETE http://10.180.1.21/compute/v2.1/servers/f79af8d3-668e-4351-85a2-742e13691c6e 1.881s
2025-11-12 22:15:30.398 66046 INFO tempest.lib.common.rest_client [req-f290ed85-6375-4691-b083-0e1f8c629630 req-f290ed85-6375-4691-b083-0e1f8c629630 ] Request (SecurityGroupRulesNegativeTestJSON:test_create_security_group_rule_duplicate): 200 POST http://10.180.1.21/compute/v2.1/os-security-group-rules 1.799s
2025-11-12 22:15:30.555 66086 INFO tempest.lib.common.rest_client [req-78a22a3b-1130-473f-b003-1c57b0322f90 req-78a22a3b-1130-473f-b003-1c57b0322f90 ] Request (FlavorsV261TestJSON:tearDownClass): 204 DELETE http://10.180.1.21/networking/v2.0/security-groups/08e78ea2-17ad-44e4-8ed2-daff9e32220a 0.255s
