2025-11-12 22:15:52.127 66070 INFO tempest.lib.common.rest_client [req-c7182649-ae16-4d30-ae82-050bba96ba26 req-c7182649-ae16-4d30-ae82-050bba96ba26 ] Request (ImagesMetadataNegativeTestJSON:setUpClass): 204 PUT http://10.180.1.21/identity/v3/projects/af0b60f72b96407ba606a40ecb20b528/users/bff8dd0a28164ebc866e88d7b58182b9/roles/1c5687e7faa842ff95e726a513f84f6e 0.039s
2025-11-12 22:15:52.127 66070 INFO tempest.lib.common.dynamic_creds [-] Dynamic test user bff8dd0a28164ebc866e88d7b58182b9 is created with scope project and roles: ['member']
2025-11-12 22:15:52.128 66070 INFO tempest.lib.common.dynamic_creds [-] Acquired dynamic creds: credentials: Credentials: {'domain_id': 'default', 'domain_name': 'Default', 'username': 'tempest-ImagesMetadataNegativeTestJSON-1916783064-project-member', 'project_domain_id': 'default', 'project_domain_name': 'Default', 'project_id': 'af0b60f72b96407ba606a40ecb20b528', 'project_name': 'tempest-ImagesMetadataNegativeTestJSON-1916783064', 'tenant_id': 'af0b60f72b96407ba606a40ecb20b528', 'tenant_name': 'tempest-ImagesMetadataNegativeTestJSON-1916783064', 'user_domain_id': 'default', 'user_domain_name': 'Default', 'user_id': 'bff8dd0a28164ebc866e88d7b58182b9', 'system': None}, Network: None, Subnet: None, Router: None
2025-11-12 22:15:52.128 66070 INFO tempest.lib.common.dynamic_creds [-] Created isolated network resources for: credentials: Credentials: {'domain_id': 'default', 'domain_name': 'Default', 'username': 'tempest-ImagesMetadataNegativeTestJSON-1916783064-project-member', 'project_domain_id': 'default', 'project_domain_name': 'Default', 'project_id': 'af0b60f72b96407ba606a40ecb20b528', 'project_name': 'tempest-ImagesMetadataNegativeTestJSON-1916783064', 'tenant_id': 'af0b60f72b96407ba606a40ecb20b528', 'tenant_name': 'tempest-ImagesMetadataNegativeTestJSON-1916783064', 'user_domain_id': 'default', 'user_domain_name': 'Default', 'user_id': 'bff8dd0a28164ebc866e88d7b58182b9', 'system': None}, Network: None, Subnet: None, Router: None
2025-11-12 22:15:52.137 66076 INFO tempest.lib.common.rest_client [req-b97768bc-79ff-4c57-b2a7-c25a62f501e3 req-b97768bc-79ff-4c57-b2a7-c25a62f501e3 ] Request (HypervisorAdminV228Test:tearDownClass): 204 DELETE http://10.180.1.21/networking/v2.0/security-groups/3e2f60db-ca3c-4055-b14a-2973bc6cc468 0.248s
2025-11-12 22:15:52.169 66090 INFO tempest.lib.common.rest_client [req-4cd23de4-b0a5-4ffc-9888-49eae5e46633 req-4cd23de4-b0a5-4ffc-9888-49eae5e46633 ] Request (ServersTestBootFromVolume:setUpClass): 202 POST http://10.180.1.21/compute/v2.1/servers 6.294s
2025-11-12 22:15:52.179 66058 INFO tempest.lib.common.rest_client [req-eef388db-ea70-48c5-b11e-10cec1154c26 req-eef388db-ea70-48c5-b11e-10cec1154c26 ] Request (ServersWithSpecificFlavorTestJSON:test_verify_created_server_ephemeral_disk): 200 GET http://10.180.1.21/compute/v2.1/servers/a47f5041-c19b-4979-8fb7-53a5479ccf82 5.381s
2025-11-12 22:15:52.189 66058 INFO tempest.common.waiters [-] State transition "BUILD/None" ==> "BUILD/spawning" after 7 second wait
2025-11-12 22:15:52.190 66074 INFO tempest.lib.common.rest_client [req-5c7d4e2b-857d-4918-812e-860e134bbac4 req-5c7d4e2b-857d-4918-812e-860e134bbac4 ] Request (FlavorsAdminTestJSON:test_create_flavor_with_uuid_id): 200 POST http://10.180.1.21/compute/v2.1/flavors 5.253s
2025-11-12 22:15:52.197 66064 INFO tempest.lib.common.rest_client [req-9c2cecc4-3135-4ef1-a7d4-cd1d58cf3b70 req-9c2cecc4-3135-4ef1-a7d4-cd1d58cf3b70 ] Request (QuotasAdminNegativeTest:test_update_quota_normal_user): 403 PUT http://10.180.1.21/compute/v2.1/os-quota-sets/5f6b4dd2d3084ff38d21d1cd11133e65 5.026s
2025-11-12 22:15:52.245 66070 INFO tempest.lib.common.rest_client [req-327fa78b-9dfc-4ef8-8fa9-37159964183b req-327fa78b-9dfc-4ef8-8fa9-37159964183b ] Request (ImagesMetadataNegativeTestJSON:setUpClass): 201 POST http://10.180.1.21/identity/v3/auth/tokens 0.111s
2025-11-12 22:15:52.255 66044 INFO tempest.lib.common.rest_client [req-c323a17f-ab9a-41c2-9009-c55f1793a17a req-c323a17f-ab9a-41c2-9009-c55f1793a17a ] Request (FloatingIPsAssociationTestJSON:test_associate_already_associated_floating_ip): 200 GET http://10.180.1.21/compute/v2.1/servers/2993fe6a-00ee-44ed-a233-2447c4effb8a 4.871s
2025-11-12 22:15:52.274 66082 INFO tempest.lib.common.rest_client [req-7131f7b7-d0fc-4601-86f1-f31317485d3c req-7131f7b7-d0fc-4601-86f1-f31317485d3c ] Request (ServerShowV254Test:test_rebuild_server): 200 GET http://10.180.1.21/compute/v2.1/servers/db202f1f-9579-4308-ace6-2c70325e80e3 5.236s
2025-11-12 22:15:52.296 66076 INFO tempest.lib.common.rest_client [req-d7cf2d98-c51e-43a7-83e0-ec1ed9814afa req-d7cf2d98-c51e-43a7-83e0-ec1ed9814afa ] Request (HypervisorAdminV228Test:tearDownClass): 204 DELETE http://10.180.1.21/identity/v3/projects/571e60e1fc5f465a91aa07ff317b30bd 0.159s
2025-11-12 22:15:52.338 66076 INFO tempest.lib.common.rest_client [req-b4fa1d35-be2c-450d-9444-20e026bf78e4 req-b4fa1d35-be2c-450d-9444-20e026bf78e4 ] Request (InstanceUsageAuditLogTestJSON:setUpClass): 201 POST http://10.180.1.21/identity/v3/auth/tokens 0.040s
2025-11-12 22:15:52.390 66064 INFO tempest.lib.common.rest_client [req-84a1da56-54cd-495d-8512-f3158937e393 req-84a1da56-54cd-495d-8512-f3158937e393 ] Request (QuotasAdminNegativeTest:tearDownClass): 204 DELETE http://10.180.1.21/identity/v3/users/f211eee319764738a3c54bc8926aeffc 0.192s
2025-11-12 22:15:52.391 66066 INFO tempest.lib.common.rest_client [req-3dbe8077-4298-4e78-848d-0310691d277b req-3dbe8077-4298-4e78-848d-0310691d277b ] Request (MigrationsAdminTest:test_list_migrations_in_flavor_resize_situation): 200 GET http://10.180.1.21/compute/v2.1/servers/6dd95e57-7500-4a91-95d1-093010408ed0 4.969s
2025-11-12 22:15:52.445 66076 INFO tempest.lib.common.rest_client [req-20daa23c-1006-4d2a-8878-0bd31082ccfe req-20daa23c-1006-4d2a-8878-0bd31082ccfe ] Request (InstanceUsageAuditLogTestJSON:setUpClass): 201 POST http://10.180.1.21/identity/v3/auth/tokens 0.105s
2025-11-12 22:15:52.502 66064 INFO tempest.lib.common.rest_client [req-15cbe7c7-0b7b-4d57-9316-29ca6e24b5c1 req-15cbe7c7-0b7b-4d57-9316-29ca6e24b5c1 ] Request (QuotasAdminNegativeTest:tearDownClass): 204 DELETE http://10.180.1.21/identity/v3/users/71928e780c794818a2220df959beba52 0.111s
2025-11-12 22:15:52.502 66064 INFO tempest.lib.common.dynamic_creds [-] Deleting project and security group for project: 77deac37a58e48d2b3e3f120a726eaa1
2025-11-12 22:15:52.532 66076 INFO tempest.lib.common.rest_client [req-efc8abaf-a73e-4629-91d1-e661b65b0cf0 req-efc8abaf-a73e-4629-91d1-e661b65b0cf0 ] Request (InstanceUsageAuditLogTestJSON:setUpClass): 200 GET http://10.180.1.21/identity/v3/domains?name=Default 0.087s
2025-11-12 22:15:52.547 66040 INFO tempest.lib.common.rest_client [req-ab4b8be4-0385-4ca0-800a-e111c6516130 req-ab4b8be4-0385-4ca0-800a-e111c6516130 ] Request (QuotasAdminTestJSON:test_get_updated_quotas): 200 PUT http://10.180.1.21/compute/v2.1/os-quota-sets/208540cac1da4df9b9ae43bc2e063fd4?user_id=8df99e8c396148b8bdf4ffc9c0f0c205 5.089s
2025-11-12 22:15:52.563 66064 INFO tempest.lib.common.rest_client [req-4fe3cfdc-fbf5-4c28-ba01-e2e19ef15b3d req-4fe3cfdc-fbf5-4c28-ba01-e2e19ef15b3d ] Request (QuotasAdminNegativeTest:tearDownClass): 201 POST http://10.180.1.21/identity/v3/auth/tokens 0.061s
2025-11-12 22:15:52.574 66042 INFO tempest.lib.common.rest_client [req-8d71ab11-fff8-4fe0-9355-7c4ad1c88218 req-8d71ab11-fff8-4fe0-9355-7c4ad1c88218 ] Request (FlavorsExtraSpecsTestJSON:tearDownClass): 200 GET http://10.180.1.21/compute/v2.1/flavors/detail 4.973s
2025-11-12 22:15:52.590 66085 INFO tempest.lib.common.rest_client [req-a4e7d390-9184-42e9-baea-87234de16d9f req-a4e7d390-9184-42e9-baea-87234de16d9f ] Request (ServicesAdminNegativeV253TestJSON:test_get_service_with_valid_service_and_invalid_host): 200 GET http://10.180.1.21/compute/v2.1/os-services 4.958s
2025-11-12 22:15:52.597 66076 INFO tempest.lib.common.rest_client [req-76004fd6-d902-404f-abcb-eed0e710cd48 req-76004fd6-d902-404f-abcb-eed0e710cd48 ] Request (InstanceUsageAuditLogTestJSON:setUpClass): 201 POST http://10.180.1.21/identity/v3/projects 0.065s
2025-11-12 22:15:52.689 66076 INFO tempest.lib.common.rest_client [req-1b784081-1572-4db2-a6e1-6144b41010d7 req-1b784081-1572-4db2-a6e1-6144b41010d7 ] Request (InstanceUsageAuditLogTestJSON:setUpClass): 201 POST http://10.180.1.21/identity/v3/users 0.090s
2025-11-12 22:15:52.710 66042 INFO tempest.lib.common.rest_client [req-8669d9ca-cdb3-48a9-8f88-0b1a0235ff95 req-8669d9ca-cdb3-48a9-8f88-0b1a0235ff95 ] Request (FlavorsExtraSpecsTestJSON:tearDownClass): 204 DELETE http://10.180.1.21/identity/v3/users/a4af6f84080e4a16ba20e7a327b10ca9 0.129s
2025-11-12 22:15:52.745 66076 INFO tempest.lib.common.rest_client [req-a061f646-4a03-4c9a-b934-969fbaa25d78 req-a061f646-4a03-4c9a-b934-969fbaa25d78 ] Request (InstanceUsageAuditLogTestJSON:setUpClass): 200 GET http://10.180.1.21/identity/v3/roles 0.055s
2025-11-12 22:15:52.768 66064 INFO tempest.lib.common.rest_client [req-97245860-a516-4f7a-8b70-50e91d1e6ea7 req-97245860-a516-4f7a-8b70-50e91d1e6ea7 ] Request (QuotasAdminNegativeTest:tearDownClass): 200 GET http://10.180.1.21/networking/v2.0/security-groups?tenant_id=77deac37a58e48d2b3e3f120a726eaa1&name=default 0.204s
2025-11-12 22:15:52.791 66076 INFO tempest.lib.common.rest_client [req-98a329ff-ecc7-4854-94a7-2bc0e42580a1 req-98a329ff-ecc7-4854-94a7-2bc0e42580a1 ] Request (InstanceUsageAuditLogTestJSON:setUpClass): 204 PUT http://10.180.1.21/identity/v3/projects/6479b0f8503c44759d225ecdd6267a8b/users/2e2edaa732a54e4184d8e5969ebb443b/roles/1c5687e7faa842ff95e726a513f84f6e 0.045s
2025-11-12 22:15:52.791 66076 INFO tempest.lib.common.dynamic_creds [-] Dynamic test user 2e2edaa732a54e4184d8e5969ebb443b is created with scope project and roles: ['member']
2025-11-12 22:15:52.792 66076 INFO tempest.lib.common.dynamic_creds [-] Acquired dynamic creds: credentials: Credentials: {'domain_id': 'default', 'domain_name': 'Default', 'username': 'tempest-InstanceUsageAuditLogTestJSON-1938688879-project-member', 'project_domain_id': 'default', 'project_domain_name': 'Default', 'project_id': '6479b0f8503c44759d225ecdd6267a8b', 'project_name': 'tempest-InstanceUsageAuditLogTestJSON-1938688879', 'tenant_id': '6479b0f8503c44759d225ecdd6267a8b', 'tenant_name': 'tempest-InstanceUsageAuditLogTestJSON-1938688879', 'user_domain_id': 'default', 'user_domain_name': 'Default', 'user_id': '2e2edaa732a54e4184d8e5969ebb443b', 'system': None}, Network: None, Subnet: None, Router: None
2025-11-12 22:15:52.792 66076 INFO tempest.lib.common.dynamic_creds [-] Created isolated network resources for: credentials: Credentials: {'domain_id': 'default', 'domain_name': 'Default', 'username': 'tempest-InstanceUsageAuditLogTestJSON-1938688879-project-member', 'project_domain_id': 'default', 'project_domain_name': 'Default', 'project_id': '6479b0f8503c44759d225ecdd6267a8b', 'project_name': 'tempest-InstanceUsageAuditLogTestJSON-1938688879', 'tenant_id': '6479b0f8503c44759d225ecdd6267a8b', 'tenant_name': 'tempest-InstanceUsageAuditLogTestJSON-1938688879', 'user_domain_id': 'default', 'user_domain_name': 'Default', 'user_id': '2e2edaa732a54e4184d8e5969ebb443b', 'system': None}, Network: None, Subnet: None, Router: None
2025-11-12 22:15:52.817 66073 INFO tempest.lib.common.rest_client [req-1de7831e-cb9c-4db4-b26b-176ab81f1407 req-1de7831e-cb9c-4db4-b26b-176ab81f1407 ] Request (DeleteServersAdminTestJSON:test_delete_server_while_in_error_state): 200 GET http://10.180.1.21/compute/v2.1/servers/af137b0d-83d9-4196-aae9-2347695fb20e 4.912s
2025-11-12 22:15:52.831 66073 INFO tempest.common.waiters [-] State transition "BUILD/None" ==> "BUILD/networking" after 6 second wait
2025-11-12 22:15:52.849 66042 INFO tempest.lib.common.rest_client [req-b94b642f-2b77-46a0-8fcb-8e4e167ee086 req-b94b642f-2b77-46a0-8fcb-8e4e167ee086 ] Request (FlavorsExtraSpecsTestJSON:tearDownClass): 204 DELETE http://10.180.1.21/identity/v3/users/f44771662838451b911042c467fc44eb 0.139s
2025-11-12 22:15:52.849 66042 INFO tempest.lib.common.dynamic_creds [-] Deleting project and security group for project: cc9ff0f1627248119a8335ee40dc39a9
2025-11-12 22:15:52.896 66076 INFO tempest.lib.common.rest_client [req-579bb947-1fe9-4984-8068-f43e09deaca7 req-579bb947-1fe9-4984-8068-f43e09deaca7 ] Request (InstanceUsageAuditLogTestJSON:setUpClass): 201 POST http://10.180.1.21/identity/v3/auth/tokens 0.099s
2025-11-12 22:15:52.925 66042 INFO tempest.lib.common.rest_client [req-e3a79c48-60f2-4f8b-bc56-8ea963f185f5 req-e3a79c48-60f2-4f8b-bc56-8ea963f185f5 ] Request (FlavorsExtraSpecsTestJSON:tearDownClass): 201 POST http://10.180.1.21/identity/v3/auth/tokens 0.075s
2025-11-12 22:15:52.950 66064 INFO tempest.lib.common.rest_client [req-8fcf66cc-157d-4a45-a872-98811c60cf50 req-8fcf66cc-157d-4a45-a872-98811c60cf50 ] Request (QuotasAdminNegativeTest:tearDownClass): 204 DELETE http://10.180.1.21/networking/v2.0/security-groups/ccaefe59-d16a-4b33-91f3-f3c037ac7413 0.181s
2025-11-12 22:15:52.977 66076 INFO tempest.lib.common.rest_client [req-6dd26b43-4a64-4c12-a28a-f9e3f6f3a177 req-6dd26b43-4a64-4c12-a28a-f9e3f6f3a177 ] Request (InstanceUsageAuditLogTestJSON:setUpClass): 201 POST http://10.180.1.21/identity/v3/projects 0.080s
2025-11-12 22:15:53.088 66060 INFO tempest.lib.common.rest_client [req-771c8520-cdaf-45e1-a345-396882fe82c2 req-771c8520-cdaf-45e1-a345-396882fe82c2 ] Request (ImagesMetadataTestJSON:test_set_image_metadata_item): 200 PUT http://10.180.1.21/compute/v2.1/images/3c7c0965-e429-4565-ab69-d7c1b560dfd8/metadata/os_version 5.023s
2025-11-12 22:15:53.094 66076 INFO tempest.lib.common.rest_client [req-2ae99965-b869-49c6-bc18-c7c353695d45 req-2ae99965-b869-49c6-bc18-c7c353695d45 ] Request (InstanceUsageAuditLogTestJSON:setUpClass): 201 POST http://10.180.1.21/identity/v3/users 0.116s
2025-11-12 22:15:53.136 66064 INFO tempest.lib.common.rest_client [req-797f3271-9260-4fe1-aa18-3be9b3cfeff4 req-797f3271-9260-4fe1-aa18-3be9b3cfeff4 ] Request (QuotasAdminNegativeTest:tearDownClass): 204 DELETE http://10.180.1.21/identity/v3/projects/77deac37a58e48d2b3e3f120a726eaa1 0.186s
2025-11-12 22:15:53.137 66064 INFO tempest.lib.common.dynamic_creds [-] Deleting project and security group for project: 5f6b4dd2d3084ff38d21d1cd11133e65
2025-11-12 22:15:53.207 66076 INFO tempest.lib.common.rest_client [req-d82e9af5-668e-4184-96ac-f3a5a78efa48 req-d82e9af5-668e-4184-96ac-f3a5a78efa48 ] Request (InstanceUsageAuditLogTestJSON:setUpClass): 200 GET http://10.180.1.21/identity/v3/roles 0.112s
2025-11-12 22:15:53.231 66042 INFO tempest.lib.common.rest_client [req-20026084-7fb0-4c48-bcf1-80659e2d3d6c req-20026084-7fb0-4c48-bcf1-80659e2d3d6c ] Request (FlavorsExtraSpecsTestJSON:tearDownClass): 200 GET http://10.180.1.21/networking/v2.0/security-groups?tenant_id=cc9ff0f1627248119a8335ee40dc39a9&name=default 0.305s
2025-11-12 22:15:53.235 66076 INFO tempest.lib.common.rest_client [req-d196c134-0713-4d2a-94c0-cb90591e6a4f req-d196c134-0713-4d2a-94c0-cb90591e6a4f ] Request (InstanceUsageAuditLogTestJSON:setUpClass): 204 PUT http://10.180.1.21/identity/v3/projects/ff8563b6fa7f415fa162607da47e77d8/users/9933c39ad8a7408096ea59a072e65d23/roles/803a6005b6034ee0bf3334321d81e8c4 0.027s
2025-11-12 22:15:53.286 66076 INFO tempest.lib.common.rest_client [req-041d4d0f-ad44-413f-89dd-8822ab5f0160 req-041d4d0f-ad44-413f-89dd-8822ab5f0160 ] Request (InstanceUsageAuditLogTestJSON:setUpClass): 200 GET http://10.180.1.21/identity/v3/roles 0.050s
2025-11-12 22:15:53.310 66076 INFO tempest.lib.common.rest_client [req-2988afc4-cd5f-43aa-baec-d14a53736d89 req-2988afc4-cd5f-43aa-baec-d14a53736d89 ] Request (InstanceUsageAuditLogTestJSON:setUpClass): 204 PUT http://10.180.1.21/identity/v3/projects/ff8563b6fa7f415fa162607da47e77d8/users/9933c39ad8a7408096ea59a072e65d23/roles/803a6005b6034ee0bf3334321d81e8c4 0.024s
2025-11-12 22:15:53.310 66076 INFO tempest.lib.common.dynamic_creds [-] Dynamic test user 9933c39ad8a7408096ea59a072e65d23 is created with scope project and roles: ['admin']
2025-11-12 22:15:53.310 66076 INFO tempest.lib.common.dynamic_creds [-] Acquired dynamic creds: credentials: Credentials: {'domain_id': 'default', 'domain_name': 'Default', 'username': 'tempest-InstanceUsageAuditLogTestJSON-586644677-project-admin', 'project_domain_id': 'default', 'project_domain_name': 'Default', 'project_id': 'ff8563b6fa7f415fa162607da47e77d8', 'project_name': 'tempest-InstanceUsageAuditLogTestJSON-586644677', 'tenant_id': 'ff8563b6fa7f415fa162607da47e77d8', 'tenant_name': 'tempest-InstanceUsageAuditLogTestJSON-586644677', 'user_domain_id': 'default', 'user_domain_name': 'Default', 'user_id': '9933c39ad8a7408096ea59a072e65d23', 'system': None}, Network: None, Subnet: None, Router: None
2025-11-12 22:15:53.311 66076 INFO tempest.lib.common.dynamic_creds [-] Created isolated network resources for: credentials: Credentials: {'domain_id': 'default', 'domain_name': 'Default', 'username': 'tempest-InstanceUsageAuditLogTestJSON-586644677-project-admin', 'project_domain_id': 'default', 'project_domain_name': 'Default', 'project_id': 'ff8563b6fa7f415fa162607da47e77d8', 'project_name': 'tempest-InstanceUsageAuditLogTestJSON-586644677', 'tenant_id': 'ff8563b6fa7f415fa162607da47e77d8', 'tenant_name': 'tempest-InstanceUsageAuditLogTestJSON-586644677', 'user_domain_id': 'default', 'user_domain_name': 'Default', 'user_id': '9933c39ad8a7408096ea59a072e65d23', 'system': None}, Network: None, Subnet: None, Router: None
2025-11-12 22:15:53.345 66064 INFO tempest.lib.common.rest_client [req-a8cf9ae4-2511-43fd-b570-2cb6615c7e4b req-a8cf9ae4-2511-43fd-b570-2cb6615c7e4b ] Request (QuotasAdminNegativeTest:tearDownClass): 200 GET http://10.180.1.21/networking/v2.0/security-groups?tenant_id=5f6b4dd2d3084ff38d21d1cd11133e65&name=default 0.208s
2025-11-12 22:15:53.413 66076 INFO tempest.lib.common.rest_client [req-22bddcd4-2ddd-4986-9909-2922f4c29610 req-22bddcd4-2ddd-4986-9909-2922f4c29610 ] Request (InstanceUsageAuditLogTestJSON:setUpClass): 201 POST http://10.180.1.21/identity/v3/auth/tokens 0.100s
2025-11-12 22:15:53.446 66042 INFO tempest.lib.common.rest_client [req-76e54f1b-abb4-4d2d-949d-f11f8840cc77 req-76e54f1b-abb4-4d2d-949d-f11f8840cc77 ] Request (FlavorsExtraSpecsTestJSON:tearDownClass): 204 DELETE http://10.180.1.21/networking/v2.0/security-groups/4e99054f-c2bd-465c-95e5-e6238eb27845 0.214s
2025-11-12 22:15:53.498 66064 INFO tempest.lib.common.rest_client [req-d5388e40-32ff-444d-875e-7b6b2164eaa4 req-d5388e40-32ff-444d-875e-7b6b2164eaa4 ] Request (QuotasAdminNegativeTest:tearDownClass): 204 DELETE http://10.180.1.21/networking/v2.0/security-groups/6cef7401-dd33-4a8d-b73c-5e4c2887b336 0.152s
2025-11-12 22:15:53.556 66042 INFO tempest.lib.common.rest_client [req-835ed8d4-8329-4927-a454-74caadcc5845 req-835ed8d4-8329-4927-a454-74caadcc5845 ] Request (FlavorsExtraSpecsTestJSON:tearDownClass): 204 DELETE http://10.180.1.21/identity/v3/projects/cc9ff0f1627248119a8335ee40dc39a9 0.110s
2025-11-12 22:15:53.556 66042 INFO tempest.lib.common.dynamic_creds [-] Deleting project and security group for project: e1eb85bb796b4ae7ae080a3c6b4389f8
2025-11-12 22:15:53.576 66064 INFO tempest.lib.common.rest_client [req-ed0dc6af-b221-4d77-aa14-c716b9e6c899 req-ed0dc6af-b221-4d77-aa14-c716b9e6c899 ] Request (QuotasAdminNegativeTest:tearDownClass): 204 DELETE http://10.180.1.21/identity/v3/projects/5f6b4dd2d3084ff38d21d1cd11133e65 0.077s
2025-11-12 22:15:53.644 66064 INFO tempest.lib.common.rest_client [req-af35af7d-9bd3-4303-b8c7-ac1fc13162f9 req-af35af7d-9bd3-4303-b8c7-ac1fc13162f9 ] Request (ServerDiagnosticsNegativeTest:setUpClass): 201 POST http://10.180.1.21/identity/v3/auth/tokens 0.065s
2025-11-12 22:15:53.676 66042 INFO tempest.lib.common.rest_client [req-b1142174-914f-4280-9786-6aa6c18b70ed req-b1142174-914f-4280-9786-6aa6c18b70ed ] Request (FlavorsExtraSpecsTestJSON:tearDownClass): 200 GET http://10.180.1.21/networking/v2.0/security-groups?tenant_id=e1eb85bb796b4ae7ae080a3c6b4389f8&name=default 0.119s
2025-11-12 22:15:53.680 66064 INFO tempest.lib.common.rest_client [req-08d6e910-d496-48ad-afc6-2c494733b662 req-08d6e910-d496-48ad-afc6-2c494733b662 ] Request (ServerDiagnosticsNegativeTest:setUpClass): 201 POST http://10.180.1.21/identity/v3/auth/tokens 0.034s
2025-11-12 22:15:53.707 66064 INFO tempest.lib.common.rest_client [req-d272b294-8db2-4501-a417-1d1bfbe875c5 req-d272b294-8db2-4501-a417-1d1bfbe875c5 ] Request (ServerDiagnosticsNegativeTest:setUpClass): 200 GET http://10.180.1.21/identity/v3/domains?name=Default 0.026s
2025-11-12 22:15:53.741 66064 INFO tempest.lib.common.rest_client [req-71d95279-c17c-4be5-ad53-c835458864e2 req-71d95279-c17c-4be5-ad53-c835458864e2 ] Request (ServerDiagnosticsNegativeTest:setUpClass): 201 POST http://10.180.1.21/identity/v3/projects 0.034s
2025-11-12 22:15:53.817 66042 INFO tempest.lib.common.rest_client [req-22fd4bcb-121e-4c14-9481-e37ba5644984 req-22fd4bcb-121e-4c14-9481-e37ba5644984 ] Request (FlavorsExtraSpecsTestJSON:tearDownClass): 204 DELETE http://10.180.1.21/networking/v2.0/security-groups/7e570b05-38b4-4e08-8671-ac9db53c4600 0.141s
2025-11-12 22:15:53.829 66064 INFO tempest.lib.common.rest_client [req-98973279-573b-437f-8d3b-992894efd7ee req-98973279-573b-437f-8d3b-992894efd7ee ] Request (ServerDiagnosticsNegativeTest:setUpClass): 201 POST http://10.180.1.21/identity/v3/users 0.088s
2025-11-12 22:15:53.855 66064 INFO tempest.lib.common.rest_client [req-b61dd327-b449-45d5-9e79-668c7966e910 req-b61dd327-b449-45d5-9e79-668c7966e910 ] Request (ServerDiagnosticsNegativeTest:setUpClass): 200 GET http://10.180.1.21/identity/v3/roles 0.025s
2025-11-12 22:15:53.887 66042 INFO tempest.lib.common.rest_client [req-41bb33a2-01dd-42d4-94d2-5eb8ceee69ac req-41bb33a2-01dd-42d4-94d2-5eb8ceee69ac ] Request (FlavorsExtraSpecsTestJSON:tearDownClass): 204 DELETE http://10.180.1.21/identity/v3/projects/e1eb85bb796b4ae7ae080a3c6b4389f8 0.070s
2025-11-12 22:15:53.915 66064 INFO tempest.lib.common.rest_client [req-5dfb0753-6ff6-44e4-8f06-e5eb296b290f req-5dfb0753-6ff6-44e4-8f06-e5eb296b290f ] Request (ServerDiagnosticsNegativeTest:setUpClass): 204 PUT http://10.180.1.21/identity/v3/projects/71a08ab60f354378906deb0567c54b42/users/1bade47884db4c91afde645016b1e145/roles/1c5687e7faa842ff95e726a513f84f6e 0.059s
2025-11-12 22:15:53.915 66064 INFO tempest.lib.common.dynamic_creds [-] Dynamic test user 1bade47884db4c91afde645016b1e145 is created with scope project and roles: ['member']
2025-11-12 22:15:53.915 66042 INFO tempest.lib.common.rest_client [req-6f1ed56f-af98-4969-844b-566f6c6caf3e req-6f1ed56f-af98-4969-844b-566f6c6caf3e ] Request (InstanceUsageAuditLogNegativeTestJSON:setUpClass): 201 POST http://10.180.1.21/identity/v3/auth/tokens 0.026s
2025-11-12 22:15:53.915 66064 INFO tempest.lib.common.dynamic_creds [-] Acquired dynamic creds: credentials: Credentials: {'domain_id': 'default', 'domain_name': 'Default', 'username': 'tempest-ServerDiagnosticsNegativeTest-372666405-project-member', 'project_domain_id': 'default', 'project_domain_name': 'Default', 'project_id': '71a08ab60f354378906deb0567c54b42', 'project_name': 'tempest-ServerDiagnosticsNegativeTest-372666405', 'tenant_id': '71a08ab60f354378906deb0567c54b42', 'tenant_name': 'tempest-ServerDiagnosticsNegativeTest-372666405', 'user_domain_id': 'default', 'user_domain_name': 'Default', 'user_id': '1bade47884db4c91afde645016b1e145', 'system': None}, Network: None, Subnet: None, Router: None
2025-11-12 22:15:53.916 66064 INFO tempest.lib.common.dynamic_creds [-] Created isolated network resources for: credentials: Credentials: {'domain_id': 'default', 'domain_name': 'Default', 'username': 'tempest-ServerDiagnosticsNegativeTest-372666405-project-member', 'project_domain_id': 'default', 'project_domain_name': 'Default', 'project_id': '71a08ab60f354378906deb0567c54b42', 'project_name': 'tempest-ServerDiagnosticsNegativeTest-372666405', 'tenant_id': '71a08ab60f354378906deb0567c54b42', 'tenant_name': 'tempest-ServerDiagnosticsNegativeTest-372666405', 'user_domain_id': 'default', 'user_domain_name': 'Default', 'user_id': '1bade47884db4c91afde645016b1e145', 'system': None}, Network: None, Subnet: None, Router: None
2025-11-12 22:15:53.954 66080 INFO tempest.lib.common.rest_client [req-27353eca-e2c2-4336-8ce6-99e646743e01 req-27353eca-e2c2-4336-8ce6-99e646743e01 ] Request (ServerMetadataTestJSON:setUpClass): 202 POST http://10.180.1.21/compute/v2.1/servers 5.702s
2025-11-12 22:15:53.987 66042 INFO tempest.lib.common.rest_client [req-9d6a1881-a3d2-495f-8e9b-8ea06d6e7c8d req-9d6a1881-a3d2-495f-8e9b-8ea06d6e7c8d ] Request (InstanceUsageAuditLogNegativeTestJSON:setUpClass): 201 POST http://10.180.1.21/identity/v3/auth/tokens 0.069s
2025-11-12 22:15:54.015 66042 INFO tempest.lib.common.rest_client [req-5e3f17a4-08fa-4ab4-8608-ac19eb2745b1 req-5e3f17a4-08fa-4ab4-8608-ac19eb2745b1 ] Request (InstanceUsageAuditLogNegativeTestJSON:setUpClass): 200 GET http://10.180.1.21/identity/v3/domains?name=Default 0.027s
2025-11-12 22:15:54.016 66064 INFO tempest.lib.common.rest_client [req-28bcd42d-893d-4ecd-b2f1-4418c36ebfd7 req-28bcd42d-893d-4ecd-b2f1-4418c36ebfd7 ] Request (ServerDiagnosticsNegativeTest:setUpClass): 201 POST http://10.180.1.21/identity/v3/auth/tokens 0.096s
2025-11-12 22:15:54.048 66042 INFO tempest.lib.common.rest_client [req-2d68df0d-051f-408b-b5c3-b37c04fe5f61 req-2d68df0d-051f-408b-b5c3-b37c04fe5f61 ] Request (InstanceUsageAuditLogNegativeTestJSON:setUpClass): 201 POST http://10.180.1.21/identity/v3/projects 0.033s
2025-11-12 22:15:54.058 66064 INFO tempest.lib.common.rest_client [req-69b5cd83-e9d0-4867-80a3-e4ba870918ca req-69b5cd83-e9d0-4867-80a3-e4ba870918ca ] Request (ServerDiagnosticsNegativeTest:setUpClass): 201 POST http://10.180.1.21/identity/v3/projects 0.042s
2025-11-12 22:15:54.080 66063 INFO tempest.lib.common.rest_client [req-962f2b74-2558-4370-8991-6452fd133f29 req-962f2b74-2558-4370-8991-6452fd133f29 ] Request (ServerDiagnosticsV248Test:tearDownClass): 200 GET http://10.180.1.21/compute/v2.1/servers/22197c69-9583-4857-96f5-2192a498bf35 5.530s
2025-11-12 22:15:54.091 66063 INFO tempest.common.waiters [-] State transition "ACTIVE/deleting" ==> "DELETED/None" after 7 second wait
2025-11-12 22:15:54.125 66042 INFO tempest.lib.common.rest_client [req-0c0f10d8-4a08-4cff-841d-3717237ee599 req-0c0f10d8-4a08-4cff-841d-3717237ee599 ] Request (InstanceUsageAuditLogNegativeTestJSON:setUpClass): 201 POST http://10.180.1.21/identity/v3/users 0.076s
2025-11-12 22:15:54.126 66064 INFO tempest.lib.common.rest_client [req-f6545377-8c74-422e-853b-205e60e54326 req-f6545377-8c74-422e-853b-205e60e54326 ] Request (ServerDiagnosticsNegativeTest:setUpClass): 201 POST http://10.180.1.21/identity/v3/users 0.067s
2025-11-12 22:15:54.145 66042 INFO tempest.lib.common.rest_client [req-c23e3fca-519c-4231-a395-3cb6454597b3 req-c23e3fca-519c-4231-a395-3cb6454597b3 ] Request (InstanceUsageAuditLogNegativeTestJSON:setUpClass): 200 GET http://10.180.1.21/identity/v3/roles 0.020s
2025-11-12 22:15:54.149 66064 INFO tempest.lib.common.rest_client [req-da819ce3-b28b-4432-9dde-ecb27e2abf56 req-da819ce3-b28b-4432-9dde-ecb27e2abf56 ] Request (ServerDiagnosticsNegativeTest:setUpClass): 200 GET http://10.180.1.21/identity/v3/roles 0.023s
2025-11-12 22:15:54.175 66042 INFO tempest.lib.common.rest_client [req-52d93cba-c7a1-4d1f-9b4a-bc11aa5cb95d req-52d93cba-c7a1-4d1f-9b4a-bc11aa5cb95d ] Request (InstanceUsageAuditLogNegativeTestJSON:setUpClass): 204 PUT http://10.180.1.21/identity/v3/projects/10832b31eabb4a8693f4d6ae9ac211ea/users/eb9ce89a5efc43f6b5b92d4c7029b446/roles/1c5687e7faa842ff95e726a513f84f6e 0.029s
2025-11-12 22:15:54.176 66042 INFO tempest.lib.common.dynamic_creds [-] Dynamic test user eb9ce89a5efc43f6b5b92d4c7029b446 is created with scope project and roles: ['member']
2025-11-12 22:15:54.176 66042 INFO tempest.lib.common.dynamic_creds [-] Acquired dynamic creds: credentials: Credentials: {'domain_id': 'default', 'domain_name': 'Default', 'username': 'tempest-InstanceUsageAuditLogNegativeTestJSON-1334796221-project-member', 'project_domain_id': 'default', 'project_domain_name': 'Default', 'project_id': '10832b31eabb4a8693f4d6ae9ac211ea', 'project_name': 'tempest-InstanceUsageAuditLogNegativeTestJSON-1334796221', 'tenant_id': '10832b31eabb4a8693f4d6ae9ac211ea', 'tenant_name': 'tempest-InstanceUsageAuditLogNegativeTestJSON-1334796221', 'user_domain_id': 'default', 'user_domain_name': 'Default', 'user_id': 'eb9ce89a5efc43f6b5b92d4c7029b446', 'system': None}, Network: None, Subnet: None, Router: None
2025-11-12 22:15:54.176 66064 INFO tempest.lib.common.rest_client [req-47a8e398-5e38-491c-ae16-85449a763096 req-47a8e398-5e38-491c-ae16-85449a763096 ] Request (ServerDiagnosticsNegativeTest:setUpClass): 204 PUT http://10.180.1.21/identity/v3/projects/d3167dd8dce64798b7cde9ec43de66b2/users/bc1e857b4e9445e59c95ba02ffa34cef/roles/803a6005b6034ee0bf3334321d81e8c4 0.026s
2025-11-12 22:15:54.176 66042 INFO tempest.lib.common.dynamic_creds [-] Created isolated network resources for: credentials: Credentials: {'domain_id': 'default', 'domain_name': 'Default', 'username': 'tempest-InstanceUsageAuditLogNegativeTestJSON-1334796221-project-member', 'project_domain_id': 'default', 'project_domain_name': 'Default', 'project_id': '10832b31eabb4a8693f4d6ae9ac211ea', 'project_name': 'tempest-InstanceUsageAuditLogNegativeTestJSON-1334796221', 'tenant_id': '10832b31eabb4a8693f4d6ae9ac211ea', 'tenant_name': 'tempest-InstanceUsageAuditLogNegativeTestJSON-1334796221', 'user_domain_id': 'default', 'user_domain_name': 'Default', 'user_id': 'eb9ce89a5efc43f6b5b92d4c7029b446', 'system': None}, Network: None, Subnet: None, Router: None
2025-11-12 22:15:54.246 66042 INFO tempest.lib.common.rest_client [req-8442b70a-383b-418b-9962-3ba109c72fd3 req-8442b70a-383b-418b-9962-3ba109c72fd3 ] Request (InstanceUsageAuditLogNegativeTestJSON:setUpClass): 201 POST http://10.180.1.21/identity/v3/auth/tokens 0.065s
2025-11-12 22:15:54.252 66064 INFO tempest.lib.common.rest_client [req-d079158e-474f-4e0b-8a38-a842af5e081e req-d079158e-474f-4e0b-8a38-a842af5e081e ] Request (ServerDiagnosticsNegativeTest:setUpClass): 200 GET http://10.180.1.21/identity/v3/roles 0.075s
2025-11-12 22:15:54.274 66064 INFO tempest.lib.common.rest_client [req-692c66db-df23-4171-8df7-f393e1bad8bd req-692c66db-df23-4171-8df7-f393e1bad8bd ] Request (ServerDiagnosticsNegativeTest:setUpClass): 204 PUT http://10.180.1.21/identity/v3/projects/d3167dd8dce64798b7cde9ec43de66b2/users/bc1e857b4e9445e59c95ba02ffa34cef/roles/803a6005b6034ee0bf3334321d81e8c4 0.022s
2025-11-12 22:15:54.274 66064 INFO tempest.lib.common.dynamic_creds [-] Dynamic test user bc1e857b4e9445e59c95ba02ffa34cef is created with scope project and roles: ['admin']
2025-11-12 22:15:54.275 66064 INFO tempest.lib.common.dynamic_creds [-] Acquired dynamic creds: credentials: Credentials: {'domain_id': 'default', 'domain_name': 'Default', 'username': 'tempest-ServerDiagnosticsNegativeTest-1100905999-project-admin', 'project_domain_id': 'default', 'project_domain_name': 'Default', 'project_id': 'd3167dd8dce64798b7cde9ec43de66b2', 'project_name': 'tempest-ServerDiagnosticsNegativeTest-1100905999', 'tenant_id': 'd3167dd8dce64798b7cde9ec43de66b2', 'tenant_name': 'tempest-ServerDiagnosticsNegativeTest-1100905999', 'user_domain_id': 'default', 'user_domain_name': 'Default', 'user_id': 'bc1e857b4e9445e59c95ba02ffa34cef', 'system': None}, Network: None, Subnet: None, Router: None
2025-11-12 22:15:54.275 66064 INFO tempest.lib.common.dynamic_creds [-] Created isolated network resources for: credentials: Credentials: {'domain_id': 'default', 'domain_name': 'Default', 'username': 'tempest-ServerDiagnosticsNegativeTest-1100905999-project-admin', 'project_domain_id': 'default', 'project_domain_name': 'Default', 'project_id': 'd3167dd8dce64798b7cde9ec43de66b2', 'project_name': 'tempest-ServerDiagnosticsNegativeTest-1100905999', 'tenant_id': 'd3167dd8dce64798b7cde9ec43de66b2', 'tenant_name': 'tempest-ServerDiagnosticsNegativeTest-1100905999', 'user_domain_id': 'default', 'user_domain_name': 'Default', 'user_id': 'bc1e857b4e9445e59c95ba02ffa34cef', 'system': None}, Network: None, Subnet: None, Router: None
2025-11-12 22:15:54.276 66046 INFO tempest.lib.common.rest_client [req-1cce1194-4909-4696-9e1c-f7a676507aa6 req-1cce1194-4909-4696-9e1c-f7a676507aa6 ] Request (SecurityGroupRulesNegativeTestJSON:test_create_security_group_rule_with_invalid_ip_protocol): 200 POST http://10.180.1.21/compute/v2.1/os-security-groups 5.629s
2025-11-12 22:15:54.278 66042 INFO tempest.lib.common.rest_client [req-ae400975-d55d-429b-a793-cc231442a984 req-ae400975-d55d-429b-a793-cc231442a984 ] Request (InstanceUsageAuditLogNegativeTestJSON:setUpClass): 201 POST http://10.180.1.21/identity/v3/projects 0.030s
2025-11-12 22:15:54.322 66086 INFO tempest.lib.common.rest_client [req-86eca902-6b7b-4b4e-b515-cbca261eec85 req-86eca902-6b7b-4b4e-b515-cbca261eec85 ] Request (KeyPairsV22TestJSON:test_keypair_create_with_pub_key): 201 POST http://10.180.1.21/compute/v2.1/os-keypairs 5.647s
2025-11-12 22:15:54.348 66064 INFO tempest.lib.common.rest_client [req-7ee37dcd-b882-46d9-976d-bdd3b5580fbb req-7ee37dcd-b882-46d9-976d-bdd3b5580fbb ] Request (ServerDiagnosticsNegativeTest:setUpClass): 201 POST http://10.180.1.21/identity/v3/auth/tokens 0.068s
2025-11-12 22:15:54.356 66034 INFO tempest.lib.common.rest_client [req-7668f2f3-65c9-4956-9ab0-3b5cbdfdb2d6 req-7668f2f3-65c9-4956-9ab0-3b5cbdfdb2d6 ] Request (ImagesOneServerTestJSON:test_create_delete_image): 200 GET http://10.180.1.21/compute/v2.1/images/68a7dbce-ea1a-40cc-a170-ef67f90b7d40 5.641s
2025-11-12 22:15:54.376 66042 INFO tempest.lib.common.rest_client [req-93b2e0c8-0567-4b03-8bf2-fd821af97d0b req-93b2e0c8-0567-4b03-8bf2-fd821af97d0b ] Request (InstanceUsageAuditLogNegativeTestJSON:setUpClass): 201 POST http://10.180.1.21/identity/v3/users 0.097s
2025-11-12 22:15:54.397 66042 INFO tempest.lib.common.rest_client [req-ff6cfa65-785c-4362-b973-b1056801823a req-ff6cfa65-785c-4362-b973-b1056801823a ] Request (InstanceUsageAuditLogNegativeTestJSON:setUpClass): 200 GET http://10.180.1.21/identity/v3/roles 0.020s
2025-11-12 22:15:54.415 66064 INFO tempest.lib.common.rest_client [req-8cc4c7bd-1c94-4799-a4c0-4ef4f1b8f78e req-8cc4c7bd-1c94-4799-a4c0-4ef4f1b8f78e ] Request (ServerDiagnosticsNegativeTest:test_get_server_diagnostics_by_non_admin): 201 POST http://10.180.1.21/identity/v3/auth/tokens 0.062s
2025-11-12 22:15:54.416 66064 INFO tempest.lib.common.fixed_network [-] (ServerDiagnosticsNegativeTest:test_get_server_diagnostics_by_non_admin) Found network None available for tenant
2025-11-12 22:15:54.429 66056 INFO tempest.lib.common.rest_client [req-d4543a0e-8a66-43cf-9ce4-fbf3a3bec8c1 req-d4543a0e-8a66-43cf-9ce4-fbf3a3bec8c1 ] Request (ServersAdmin275Test:test_rebuild_update_server_275): 200 GET http://10.180.1.21/compute/v2.1/servers/6591fa88-a658-47d6-97f3-f3928c9bfa89 5.710s
2025-11-12 22:15:54.431 66042 INFO tempest.lib.common.rest_client [req-427f34d8-e312-461c-b002-c6daec6fd6c0 req-427f34d8-e312-461c-b002-c6daec6fd6c0 ] Request (InstanceUsageAuditLogNegativeTestJSON:setUpClass): 204 PUT http://10.180.1.21/identity/v3/projects/03ea6f54d9c0450cb2666cab153d438a/users/7d098fd546584c1494c79d77c1e42461/roles/803a6005b6034ee0bf3334321d81e8c4 0.033s
2025-11-12 22:15:54.439 66056 INFO tempest.common.waiters [-] State transition "REBUILD/rebuild_spawning" ==> "ACTIVE/None" after 11 second wait
2025-11-12 22:15:54.493 66042 INFO tempest.lib.common.rest_client [req-3947adb9-384b-4d92-8af5-75d0be79c13b req-3947adb9-384b-4d92-8af5-75d0be79c13b ] Request (InstanceUsageAuditLogNegativeTestJSON:setUpClass): 200 GET http://10.180.1.21/identity/v3/roles 0.061s
2025-11-12 22:15:54.512 66042 INFO tempest.lib.common.rest_client [req-3d7b1663-479f-4a33-9489-e13248bab42d req-3d7b1663-479f-4a33-9489-e13248bab42d ] Request (InstanceUsageAuditLogNegativeTestJSON:setUpClass): 204 PUT http://10.180.1.21/identity/v3/projects/03ea6f54d9c0450cb2666cab153d438a/users/7d098fd546584c1494c79d77c1e42461/roles/803a6005b6034ee0bf3334321d81e8c4 0.019s
2025-11-12 22:15:54.513 66042 INFO tempest.lib.common.dynamic_creds [-] Dynamic test user 7d098fd546584c1494c79d77c1e42461 is created with scope project and roles: ['admin']
2025-11-12 22:15:54.513 66042 INFO tempest.lib.common.dynamic_creds [-] Acquired dynamic creds: credentials: Credentials: {'domain_id': 'default', 'domain_name': 'Default', 'username': 'tempest-InstanceUsageAuditLogNegativeTestJSON-83645439-project-admin', 'project_domain_id': 'default', 'project_domain_name': 'Default', 'project_id': '03ea6f54d9c0450cb2666cab153d438a', 'project_name': 'tempest-InstanceUsageAuditLogNegativeTestJSON-83645439', 'tenant_id': '03ea6f54d9c0450cb2666cab153d438a', 'tenant_name': 'tempest-InstanceUsageAuditLogNegativeTestJSON-83645439', 'user_domain_id': 'default', 'user_domain_name': 'Default', 'user_id': '7d098fd546584c1494c79d77c1e42461', 'system': None}, Network: None, Subnet: None, Router: None
2025-11-12 22:15:54.513 66042 INFO tempest.lib.common.dynamic_creds [-] Created isolated network resources for: credentials: Credentials: {'domain_id': 'default', 'domain_name': 'Default', 'username': 'tempest-InstanceUsageAuditLogNegativeTestJSON-83645439-project-admin', 'project_domain_id': 'default', 'project_domain_name': 'Default', 'project_id': '03ea6f54d9c0450cb2666cab153d438a', 'project_name': 'tempest-InstanceUsageAuditLogNegativeTestJSON-83645439', 'tenant_id': '03ea6f54d9c0450cb2666cab153d438a', 'tenant_name': 'tempest-InstanceUsageAuditLogNegativeTestJSON-83645439', 'user_domain_id': 'default', 'user_domain_name': 'Default', 'user_id': '7d098fd546584c1494c79d77c1e42461', 'system': None}, Network: None, Subnet: None, Router: None
2025-11-12 22:15:54.526 66048 INFO tempest.lib.common.rest_client [req-43fdbeff-1568-49b7-a3b3-750e041cec9e req-43fdbeff-1568-49b7-a3b3-750e041cec9e ] Request (ServerExternalEventsTest:test_create_server_external_events): 200 GET http://10.180.1.21/compute/v2.1/servers/c615b304-cd78-4536-8134-a53b15587b73 5.198s
2025-11-12 22:15:54.534 66048 INFO tempest.common.waiters [-] State transition "BUILD/spawning" ==> "ACTIVE/None" after 20 second wait
2025-11-12 22:15:54.618 66042 INFO tempest.lib.common.rest_client [req-559f93d6-605e-471c-a480-b3e1e86ba88b req-559f93d6-605e-471c-a480-b3e1e86ba88b ] Request (InstanceUsageAuditLogNegativeTestJSON:setUpClass): 201 POST http://10.180.1.21/identity/v3/auth/tokens 0.103s
2025-11-12 22:15:54.976 66050 INFO tempest.lib.common.rest_client [req-bcef7041-bfbe-40c7-83ba-982cb8fc77e4 req-bcef7041-bfbe-40c7-83ba-982cb8fc77e4 ] Request (SecurityGroupsTestJSON:test_list_security_groups_by_server): 202 POST http://10.180.1.21/compute/v2.1/servers/3f3c4016-869a-4a74-837e-4d7afc2f547c/action 4.527s
2025-11-12 22:15:54.985 66092 INFO tempest.lib.common.rest_client [req-225c5fdb-940b-42d1-9ee3-3b6646a194ac req-225c5fdb-940b-42d1-9ee3-3b6646a194ac ] Request (HostsAdminNegativeTestJSON:test_update_host_without_param): 400 PUT http://10.180.1.21/compute/v2.1/os-hosts/devstack 4.499s
2025-11-12 22:15:55.045 66036 INFO tempest.lib.common.rest_client [req-980a9007-245a-46d5-8309-25d781ba0e39 req-980a9007-245a-46d5-8309-25d781ba0e39 ] Request (ServersAdminTestJSON:test_create_server_with_scheduling_hint): 200 GET http://10.180.1.21/compute/v2.1/servers/4ff5322b-b5e2-476c-add5-52b0a15ab39c 4.433s
2025-11-12 22:15:55.108 66094 INFO tempest.lib.common.rest_client [req-8d003434-59be-4d59-8b51-c548fa4a930a req-8d003434-59be-4d59-8b51-c548fa4a930a ] Request (AttachInterfacesTestJSON:test_create_list_show_delete_interfaces_by_fixed_ip): 200 GET http://10.180.1.21/compute/v2.1/servers/3da77199-7b10-463c-ac2f-95ecbf933ac7 4.229s
2025-11-12 22:15:55.223 66078 INFO tempest.lib.common.rest_client [req-08497424-9049-47de-94d0-b5a07a70b935 req-08497424-9049-47de-94d0-b5a07a70b935 ] Request (VolumesAssistedSnapshotsTest:test_volume_assisted_snapshot_create_delete): 200 GET http://10.180.1.21/compute/v2.1/servers/8fc68b6d-5e1f-4545-8ae5-565f96d38862/os-interface 3.535s
2025-11-12 22:15:55.242 66088 INFO tempest.lib.common.rest_client [req-260d3427-4320-47d0-8d40-409bf3f81a7b req-260d3427-4320-47d0-8d40-409bf3f81a7b ] Request (KeyPairsV2TestJSON:_run_cleanups): 202 DELETE http://10.180.1.21/compute/v2.1/os-keypairs/tempest-keypair-1173842292 3.550s
2025-11-12 22:15:55.248 66038 INFO tempest.lib.common.rest_client [req-6a48c47f-81bd-42ba-8441-105742eff6ce req-6a48c47f-81bd-42ba-8441-105742eff6ce ] Request (AggregatesAdminNegativeTestJSON:test_aggregate_create_aggregate_name_length_less_than_1): 400 POST http://10.180.1.21/compute/v2.1/os-aggregates 3.547s
2025-11-12 22:15:55.402 66068 INFO tempest.lib.common.rest_client [req-1a1c6bc2-dacf-4f1a-b18a-cf68cb162d47 req-1a1c6bc2-dacf-4f1a-b18a-cf68cb162d47 ] Request (ImagesNegativeTestJSON:test_create_image_from_deleted_server): 200 GET http://10.180.1.21/compute/v2.1/servers/d9311f8c-ce69-4937-97e4-aa55034e5310 3.253s
2025-11-12 22:15:55.440 66054 INFO tempest.lib.common.rest_client [req-d632b832-9853-4ee0-90fd-c3ef675b4292 req-d632b832-9853-4ee0-90fd-c3ef675b4292 ] Request (AttachInterfacesV270Test:test_create_get_list_interfaces): 400 POST http://10.180.1.21/compute/v2.1/servers/175555f9-a46d-4833-91c3-06f87de9ce84/os-interface 7.855s
2025-11-12 22:15:55.463 66074 INFO tempest.lib.common.rest_client [req-940dd665-622a-4095-9310-dcd6402007b0 req-940dd665-622a-4095-9310-dcd6402007b0 ] Request (FlavorsAdminTestJSON:_run_cleanups): 202 DELETE http://10.180.1.21/compute/v2.1/flavors/29233772-df76-4912-bb4a-904d212f6c71 3.269s
2025-11-12 22:15:55.473 66090 INFO tempest.lib.common.rest_client [req-6adbf501-764a-4a16-8630-af7e027700d4 req-6adbf501-764a-4a16-8630-af7e027700d4 ] Request (ServersTestBootFromVolume:setUpClass): 200 GET http://10.180.1.21/compute/v2.1/servers/eb87292c-58b1-4083-bc41-1cf6fb606314 3.303s
2025-11-12 22:15:55.608 66040 INFO tempest.lib.common.rest_client [req-e7725b5b-def0-41ff-bb06-7133d4a39da9 req-e7725b5b-def0-41ff-bb06-7133d4a39da9 ] Request (QuotasAdminTestJSON:test_get_updated_quotas): 200 GET http://10.180.1.21/compute/v2.1/os-quota-sets/208540cac1da4df9b9ae43bc2e063fd4?user_id=8df99e8c396148b8bdf4ffc9c0f0c205 3.059s
2025-11-12 22:15:55.609 66070 INFO tempest.lib.common.rest_client [req-2f2f2d14-779e-42bb-bfcd-6b0cdf5af73c req-2f2f2d14-779e-42bb-bfcd-6b0cdf5af73c ] Request (ImagesMetadataNegativeTestJSON:test_delete_nonexistent_image_metadata_item): 404 DELETE http://10.180.1.21/compute/v2.1/images/d4263dce-4efb-432e-987f-85095edfc5c5/metadata/os_distro 3.363s
2025-11-12 22:15:55.638 66085 INFO tempest.lib.common.rest_client [req-28ea7030-7f53-44fd-9590-75133bf56d7f req-28ea7030-7f53-44fd-9590-75133bf56d7f ] Request (ServicesAdminNegativeV253TestJSON:test_get_service_with_valid_service_and_invalid_host): 200 GET http://10.180.1.21/compute/v2.1/os-services?host=xxx&binary=nova-scheduler 3.045s
2025-11-12 22:15:55.668 66060 INFO tempest.lib.common.rest_client [req-e26ae4a2-bacb-4fc7-a80c-0300dceaa78e req-e26ae4a2-bacb-4fc7-a80c-0300dceaa78e ] Request (ImagesMetadataTestJSON:test_set_image_metadata_item): 200 GET http://10.180.1.21/compute/v2.1/images/3c7c0965-e429-4565-ab69-d7c1b560dfd8/metadata 2.578s
2025-11-12 22:15:55.702 66040 INFO tempest.lib.common.rest_client [req-aa6ec588-913b-496d-8c9f-3cc1101e8f17 req-aa6ec588-913b-496d-8c9f-3cc1101e8f17 ] Request (QuotasAdminTestJSON:_run_cleanups): 204 DELETE http://10.180.1.21/identity/v3/users/8df99e8c396148b8bdf4ffc9c0f0c205 0.084s
2025-11-12 22:15:55.766 66044 INFO tempest.lib.common.rest_client [req-898b3e9e-25d8-4124-ad43-188964fe67d0 req-898b3e9e-25d8-4124-ad43-188964fe67d0 ] Request (FloatingIPsAssociationTestJSON:test_associate_already_associated_floating_ip): 200 GET http://10.180.1.21/compute/v2.1/servers/2993fe6a-00ee-44ed-a233-2447c4effb8a 2.502s
2025-11-12 22:15:55.799 66058 INFO tempest.lib.common.rest_client [req-b033f407-e749-4177-b77c-3dae4fbe219b req-b033f407-e749-4177-b77c-3dae4fbe219b ] Request (ServersWithSpecificFlavorTestJSON:test_verify_created_server_ephemeral_disk): 200 GET http://10.180.1.21/compute/v2.1/servers/a47f5041-c19b-4979-8fb7-53a5479ccf82 2.609s
2025-11-12 22:15:55.831 66040 INFO tempest.lib.common.rest_client [req-2e8e669f-2ff9-4d73-bf33-3fbc259f5604 req-2e8e669f-2ff9-4d73-bf33-3fbc259f5604 ] Request (QuotasAdminTestJSON:_run_cleanups): 204 DELETE http://10.180.1.21/identity/v3/projects/208540cac1da4df9b9ae43bc2e063fd4 0.129s
2025-11-12 22:15:55.840 66082 INFO tempest.lib.common.rest_client [req-add4d88b-3a51-4176-9920-d979ded1c9f7 req-add4d88b-3a51-4176-9920-d979ded1c9f7 ] Request (ServerShowV254Test:test_rebuild_server): 200 GET http://10.180.1.21/compute/v2.1/servers/db202f1f-9579-4308-ace6-2c70325e80e3 2.555s
2025-11-12 22:15:55.851 66082 INFO tempest.common.waiters [-] State transition "BUILD/spawning" ==> "ACTIVE/None" after 13 second wait
2025-11-12 22:15:55.912 66078 INFO tempest.lib.common.rest_client [req-17fbc8ac-252a-4136-a8f3-b01a3094b67b req-17fbc8ac-252a-4136-a8f3-b01a3094b67b ] Request (VolumesAssistedSnapshotsTest:test_volume_assisted_snapshot_create_delete): 200 PUT http://10.180.1.21/networking/v2.0/floatingips/99ab5c90-3ee4-4cb5-a1f0-5f1e1ae642b2 0.686s
2025-11-12 22:15:55.913 66078 INFO tempest.lib.common.ssh [-] Creating ssh connection to '10.180.180.207:22' as 'cirros' with public key authentication
2025-11-12 22:15:55.946 66066 INFO tempest.lib.common.rest_client [req-1a657800-7e95-49a5-91cc-63c9ef4d557c req-1a657800-7e95-49a5-91cc-63c9ef4d557c ] Request (MigrationsAdminTest:test_list_migrations_in_flavor_resize_situation): 200 GET http://10.180.1.21/compute/v2.1/servers/6dd95e57-7500-4a91-95d1-093010408ed0 2.543s
2025-11-12 22:15:56.014 66076 INFO tempest.lib.common.rest_client [req-b08c171f-9ba4-4769-80c2-ccd962aba179 req-b08c171f-9ba4-4769-80c2-ccd962aba179 ] Request (InstanceUsageAuditLogTestJSON:test_get_instance_usage_audit_log): 200 GET http://10.180.1.21/compute/v2.1/os-instance_usage_audit_log/2025-11-12%2022%3A15%3A53 2.599s
2025-11-12 22:15:56.085 66080 INFO tempest.lib.common.rest_client [req-879531c9-248c-4fb1-9467-08fcaf19e930 req-879531c9-248c-4fb1-9467-08fcaf19e930 ] Request (ServerMetadataTestJSON:setUpClass): 200 GET http://10.180.1.21/compute/v2.1/servers/d382c762-5f29-4579-85ba-dcd0e9699ecd 2.129s
2025-11-12 22:15:56.110 66073 INFO tempest.lib.common.rest_client [req-30dd1723-575b-41b5-8773-4456e9e7cf44 req-30dd1723-575b-41b5-8773-4456e9e7cf44 ] Request (DeleteServersAdminTestJSON:test_delete_server_while_in_error_state): 200 GET http://10.180.1.21/compute/v2.1/servers/af137b0d-83d9-4196-aae9-2347695fb20e 2.278s
2025-11-12 22:15:56.119 66073 INFO tempest.common.waiters [-] State transition "BUILD/networking" ==> "BUILD/spawning" after 10 second wait
2025-11-12 22:15:56.126 66046 INFO tempest.lib.common.rest_client [req-8c9fff2b-7c43-40c8-9beb-e4cce2ec57d7 req-8c9fff2b-7c43-40c8-9beb-e4cce2ec57d7 ] Request (SecurityGroupRulesNegativeTestJSON:test_create_security_group_rule_with_invalid_ip_protocol): 400 POST http://10.180.1.21/compute/v2.1/os-security-group-rules 1.846s
2025-11-12 22:15:56.128 66086 INFO tempest.lib.common.rest_client [req-ea9a00d0-b3fb-4e08-a314-ba0494c3fe62 req-ea9a00d0-b3fb-4e08-a314-ba0494c3fe62 ] Request (KeyPairsV22TestJSON:_run_cleanups): 204 DELETE http://10.180.1.21/compute/v2.1/os-keypairs/tempest-keypair-409386539 1.804s
2025-11-12 22:15:56.254 66034 INFO tempest.lib.common.rest_client [req-927564a3-73df-4826-9330-bb33f63b73be req-927564a3-73df-4826-9330-bb33f63b73be ] Request (ImagesOneServerTestJSON:test_create_delete_image): 200 GET http://10.180.1.21/compute/v2.1/servers/08ac7a13-cf15-43b5-880c-f1d59752ca7d 1.894s
2025-11-12 22:15:56.430 66064 INFO tempest.lib.common.rest_client [req-1f0ff401-9d17-4fe8-bb13-ca06422f468f req-1f0ff401-9d17-4fe8-bb13-ca06422f468f ] Request (ServerDiagnosticsNegativeTest:test_get_server_diagnostics_by_non_admin): 202 POST http://10.180.1.21/compute/v2.1/servers 2.013s
2025-11-12 22:15:56.534 66048 INFO tempest.lib.common.rest_client [req-26627404-79a1-4d18-90c3-1dede2c5e996 req-26627404-79a1-4d18-90c3-1dede2c5e996 ] Request (ServerExternalEventsTest:test_create_server_external_events): 200 POST http://10.180.1.21/compute/v2.1/os-server-external-events 1.999s
2025-11-12 22:15:56.585 66056 INFO tempest.lib.common.rest_client [req-25084a99-5a51-4947-a37e-c4e37906c1f9 req-25084a99-5a51-4947-a37e-c4e37906c1f9 ] Request (ServersAdmin275Test:test_rebuild_update_server_275): 202 POST http://10.180.1.21/compute/v2.1/servers/6591fa88-a658-47d6-97f3-f3928c9bfa89/action 2.145s
2025-11-12 22:15:56.625 66042 INFO tempest.lib.common.rest_client [req-f3fa8f30-3fed-4990-ab3a-78842e6be518 req-f3fa8f30-3fed-4990-ab3a-78842e6be518 ] Request (InstanceUsageAuditLogNegativeTestJSON:test_get_instance_usage_audit_logs_with_invalid_time): 400 GET http://10.180.1.21/compute/v2.1/os-instance_usage_audit_log/invalid_time 2.005s
2025-11-12 22:15:56.640 66092 INFO tempest.lib.common.rest_client [req-44f812ee-8031-4c67-af2c-aa20be308d49 req-44f812ee-8031-4c67-af2c-aa20be308d49 ] Request (HostsAdminNegativeTestJSON:test_update_nonexistent_host): 404 PUT http://10.180.1.21/compute/v2.1/os-hosts/nonexistent_hostname 1.653s
2025-11-12 22:15:56.714 66063 INFO tempest.lib.common.rest_client [req-b3cd2aa8-db37-4143-9350-7e5c2d8cbe8a req-b3cd2aa8-db37-4143-9350-7e5c2d8cbe8a ] Request (ServerDiagnosticsV248Test:tearDownClass): 200 GET http://10.180.1.21/compute/v2.1/servers/22197c69-9583-4857-96f5-2192a498bf35 1.622s
2025-11-12 22:15:56.771 66088 INFO tempest.lib.common.rest_client [req-7099c725-c8b6-4184-9858-2c7f4ed6d257 req-7099c725-c8b6-4184-9858-2c7f4ed6d257 ] Request (KeyPairsV2TestJSON:test_keypair_create_delete): 200 POST http://10.180.1.21/compute/v2.1/os-keypairs 1.527s
2025-11-12 22:15:56.771 66092 INFO tempest.lib.common.rest_client [req-1c733e93-9ded-4ca7-a436-24a1118aea77 req-1c733e93-9ded-4ca7-a436-24a1118aea77 ] Request (HostsAdminNegativeTestJSON:tearDownClass): 204 DELETE http://10.180.1.21/identity/v3/users/55b8faeec74746c682f93807a246b949 0.130s
