2025-11-12 22:18:23.214 66082 INFO tempest.lib.common.ssh [-] ssh connection to cirros@10.180.180.251 successfully created
2025-11-12 22:18:23.215 66050 INFO tempest.lib.common.rest_client [req-09b50321-4758-4f8a-99bc-5f0888016e9e req-09b50321-4758-4f8a-99bc-5f0888016e9e ] Request (SecurityGroupsTestJSON:test_server_security_groups): 200 GET http://10.180.1.21/compute/v2.1/servers/90377147-ddaa-438f-947f-52e103119ea9 0.829s
2025-11-12 22:18:23.467 66064 INFO tempest.lib.common.rest_client [req-3851a332-e345-46c7-bbfb-10ba24e126ae req-3851a332-e345-46c7-bbfb-10ba24e126ae ] Request (FloatingIPsAssociationNegativeTestJSON:tearDownClass): 200 GET http://10.180.1.21/compute/v2.1/servers/b72dc1eb-4583-43fc-9fab-4136b4a15f4d 0.580s
2025-11-12 22:18:25.064 66066 INFO tempest.lib.common.rest_client [req-35114cff-88b8-4a8e-bb7c-90208666fa15 req-35114cff-88b8-4a8e-bb7c-90208666fa15 ] Request (MigrationsAdminTest:test_resize_server_revert_deleted_flavor): 200 GET http://10.180.1.21/compute/v2.1/servers/acafc31d-e364-49b5-aa41-e69c023b0609 2.068s
2025-11-12 22:18:25.150 66068 INFO tempest.lib.common.rest_client [req-576d5b35-6d29-4843-8f61-05f73ca283ad req-576d5b35-6d29-4843-8f61-05f73ca283ad ] Request (ServerActionsTestJSON:test_lock_unlock_server): 202 POST http://10.180.1.21/compute/v2.1/servers/af31ccbf-430b-401e-b207-3b259c41eb5f/action 2.106s
2025-11-12 22:18:25.187 66082 INFO tempest.lib.common.rest_client [req-11bbec78-4951-4c51-88a4-31f7b51d96fc req-11bbec78-4951-4c51-88a4-31f7b51d96fc ] Request (AttachVolumeShelveTestJSON:test_attach_volume_shelved_or_offload_server): 200 GET http://10.180.1.21/compute/v2.1/servers/75cb9853-acc1-44e5-9943-487862c49893/ips 1.973s
2025-11-12 22:18:25.199 66074 INFO tempest.lib.common.rest_client [req-f524d2e0-acd2-4498-a673-381531f493a7 req-f524d2e0-acd2-4498-a673-381531f493a7 ] Request (ServersAdminNegativeTestJSON:test_migrate_server_invalid_state): 202 POST http://10.180.1.21/compute/v2.1/servers 2.307s
2025-11-12 22:18:25.291 66063 INFO tempest.lib.common.rest_client [req-5d87a71f-8db1-4b4c-a08f-6206acaa8e93 req-5d87a71f-8db1-4b4c-a08f-6206acaa8e93 ] Request (ImagesOneServerNegativeTestJSON:setUpClass): 200 GET http://10.180.1.21/compute/v2.1/servers/7e16196d-3828-42e8-908f-6ce485005ef7 1.780s
2025-11-12 22:18:25.366 66082 INFO tempest.lib.common.rest_client [req-1de2e91b-1694-468e-8b79-fa82dc53e2cb req-1de2e91b-1694-468e-8b79-fa82dc53e2cb ] Request (AttachVolumeShelveTestJSON:test_attach_volume_shelved_or_offload_server): 202 POST http://10.180.1.21/volume/v3/volumes 0.177s
2025-11-12 22:18:25.382 66092 INFO tempest.lib.common.rest_client [req-594626c7-e2a6-4ea1-bddd-6169497b4a8d req-594626c7-e2a6-4ea1-bddd-6169497b4a8d ] Request (AttachInterfacesUnderV243Test:test_add_remove_fixed_ip): 200 GET http://10.180.1.21/compute/v2.1/servers/9d338900-bb5e-42f7-9781-a00def282735 1.817s
2025-11-12 22:18:25.385 66048 INFO tempest.lib.common.rest_client [req-e183f75d-5416-4099-b36b-f4559f018ec9 req-e183f75d-5416-4099-b36b-f4559f018ec9 ] Request (ServersV294TestFqdnHostnames:setUpClass): 200 GET http://10.180.1.21/compute/v2.1/servers/48c6ee1c-b651-4ebc-b971-c07d2fbcbb77 1.878s
2025-11-12 22:18:25.403 66082 INFO tempest.lib.common.rest_client [req-90e9a546-412b-498b-849d-b17671109be8 req-90e9a546-412b-498b-849d-b17671109be8 ] Request (AttachVolumeShelveTestJSON:test_attach_volume_shelved_or_offload_server): 200 GET http://10.180.1.21/volume/v3/volumes/469b5436-b213-4736-8f78-4e7509b74230 0.030s
2025-11-12 22:18:25.448 66094 INFO tempest.lib.common.rest_client [req-79b475cc-b831-43ab-8595-7e546b4f6e62 req-79b475cc-b831-43ab-8595-7e546b4f6e62 ] Request (AttachInterfacesTestJSON:test_create_list_show_delete_interfaces_by_network_port): 200 GET http://10.180.1.21/compute/v2.1/servers/ee530ea1-d844-423e-a400-4ab1db80d7ec 1.822s
2025-11-12 22:18:25.455 66036 INFO tempest.lib.common.rest_client [req-da7d5332-273d-4ea5-9429-cc391d069981 req-da7d5332-273d-4ea5-9429-cc391d069981 ] Request (ServersAdminTestJSON:tearDownClass): 200 GET http://10.180.1.21/compute/v2.1/servers/3219e539-28df-48e2-9bfc-9188070d6f6d 1.875s
2025-11-12 22:18:25.512 66054 INFO tempest.lib.common.rest_client [req-99f903c7-4658-48aa-9108-c2e3552d0ab9 req-99f903c7-4658-48aa-9108-c2e3552d0ab9 ] Request (ServerRescueNegativeTestJSON:test_rescued_vm_detach_volume): 200 GET http://10.180.1.21/compute/v2.1/servers/d56f517d-53a3-43ae-9421-ac2f352c30c7 1.822s
2025-11-12 22:18:25.512 66042 INFO tempest.lib.common.rest_client [req-7a633ef6-dc0f-4179-83ae-3b27c5b2e9fc req-7a633ef6-dc0f-4179-83ae-3b27c5b2e9fc ] Request (ListServerFiltersTestJSON:setUpClass): 200 GET http://10.180.1.21/compute/v2.1/servers/ed65f80a-3e6e-46d3-860d-cbb2e45979e8 1.874s
2025-11-12 22:18:25.567 66073 INFO tempest.lib.common.rest_client [req-300b3090-b8d5-4c5e-a3de-eb7a1608c0cc req-300b3090-b8d5-4c5e-a3de-eb7a1608c0cc ] Request (ListImageFiltersTestJSON:setUpClass): 200 GET http://10.180.1.21/compute/v2.1/servers/046cc395-c6c0-4226-82b4-78b8b7a4b28f 1.673s
2025-11-12 22:18:25.631 66060 INFO tempest.lib.common.rest_client [req-8c1ca94d-bb9a-41b4-8bda-d6736b0400b4 req-8c1ca94d-bb9a-41b4-8bda-d6736b0400b4 ] Request (ServersTestMultiNic:test_verify_multiple_nics_order): 200 GET http://10.180.1.21/compute/v2.1/servers/5d26bfd8-ea2d-42a5-96c2-eb286879f285 1.819s
2025-11-12 22:18:25.650 66086 INFO tempest.lib.common.rest_client [req-35e45fb3-bb9b-42d2-b7f8-7fb36c758967 req-35e45fb3-bb9b-42d2-b7f8-7fb36c758967 ] Request (ServersListShow298Test:tearDownClass): 200 GET http://10.180.1.21/compute/v2.1/servers/701a4767-40e4-4986-87b8-5626f12c09c8 1.731s
2025-11-12 22:18:25.695 66078 INFO tempest.lib.common.rest_client [req-5a1fd467-dd72-4ece-849d-2a664c95a0d8 req-5a1fd467-dd72-4ece-849d-2a664c95a0d8 ] Request (ServerAddressesTestJSON:setUpClass): 200 GET http://10.180.1.21/compute/v2.1/servers/f96aba17-db96-42c5-8f9d-e658836964e2 1.738s
2025-11-12 22:18:25.701 66044 INFO tempest.lib.common.rest_client [req-101e6ea9-9137-4800-aa00-abfa5b3989bc req-101e6ea9-9137-4800-aa00-abfa5b3989bc ] Request (ServersTestManualDisk:setUpClass): 200 GET http://10.180.1.21/compute/v2.1/servers/d461fe07-bb69-4ed6-87b5-f7713a3d8d87 1.724s
2025-11-12 22:18:25.708 66044 INFO tempest.common.waiters [-] State transition "BUILD/scheduling" ==> "BUILD/None" after 14 second wait
2025-11-12 22:18:25.753 66052 INFO tempest.lib.common.rest_client [req-b6deea6c-31ac-4697-8bcb-101ed75776de req-b6deea6c-31ac-4697-8bcb-101ed75776de ] Request (ImagesTestJSON:test_create_image_from_suspended_server): 200 GET http://10.180.1.21/compute/v2.1/servers/f819cf33-cf4f-4c7e-a3fd-d8123c887d13 1.726s
2025-11-12 22:18:25.834 66046 INFO tempest.lib.common.rest_client [req-f630b756-15a8-43ba-995f-550f54606139 req-f630b756-15a8-43ba-995f-550f54606139 ] Request (ServersTestFqdnHostnames:tearDownClass): 200 GET http://10.180.1.21/compute/v2.1/servers/b25a07cb-6705-451f-b0b2-2a894a19973f 1.719s
2025-11-12 22:18:25.863 66034 INFO tempest.lib.common.rest_client [req-792e376a-11ff-4828-b296-f2d940838a1c req-792e376a-11ff-4828-b296-f2d940838a1c ] Request (ServerRescueTestJSON:setUpClass): 200 GET http://10.180.1.21/compute/v2.1/servers/f87f0ea1-8285-4ceb-a8dc-1d1ed92b0b3d 1.796s
2025-11-12 22:18:25.871 66034 INFO tempest.common.waiters [-] State transition "BUILD/spawning" ==> "ACTIVE/None" after 46 second wait
2025-11-12 22:18:25.892 66040 INFO tempest.lib.common.rest_client [req-ed5c1f76-71c4-4b82-87e7-d9d5e48c0c63 req-ed5c1f76-71c4-4b82-87e7-d9d5e48c0c63 ] Request (ServerDiskConfigTestJSON:test_resize_server_from_auto_to_manual): 200 GET http://10.180.1.21/compute/v2.1/servers/88f2f60d-dfa2-443f-8898-828a981dd892 1.705s
2025-11-12 22:18:25.939 66050 INFO tempest.lib.common.rest_client [req-bf5714e5-77d6-4dbc-b7fe-bbf55b66a99e req-bf5714e5-77d6-4dbc-b7fe-bbf55b66a99e ] Request (SecurityGroupsTestJSON:test_server_security_groups): 200 GET http://10.180.1.21/compute/v2.1/servers/90377147-ddaa-438f-947f-52e103119ea9 1.714s
2025-11-12 22:18:25.946 66050 INFO tempest.common.waiters [-] State transition "ACTIVE/deleting" ==> "DELETED/None" after 4 second wait
2025-11-12 22:18:25.955 66064 INFO tempest.lib.common.rest_client [req-257bbec9-de5c-4a80-aec3-92bbf23d7153 req-257bbec9-de5c-4a80-aec3-92bbf23d7153 ] Request (FloatingIPsAssociationNegativeTestJSON:tearDownClass): 200 GET http://10.180.1.21/compute/v2.1/servers/b72dc1eb-4583-43fc-9fab-4136b4a15f4d 1.479s
2025-11-12 22:18:26.010 66068 INFO tempest.lib.common.rest_client [req-d8342e07-df68-4b35-ae0f-dd1abee21cea req-d8342e07-df68-4b35-ae0f-dd1abee21cea ] Request (ServerActionsTestJSON:test_lock_unlock_server): 202 POST http://10.180.1.21/compute/v2.1/servers/af31ccbf-430b-401e-b207-3b259c41eb5f/action 0.859s
2025-11-12 22:18:26.011 66074 INFO tempest.lib.common.rest_client [req-4139df14-cb43-41db-a583-dce4a912f958 req-4139df14-cb43-41db-a583-dce4a912f958 ] Request (ServersAdminNegativeTestJSON:test_migrate_server_invalid_state): 200 GET http://10.180.1.21/compute/v2.1/servers/56242228-58b4-446d-9996-525ebbeb7277 0.810s
2025-11-12 22:18:26.105 66034 INFO tempest.lib.common.rest_client [req-fda1739c-72c7-49e6-be3f-941adea5ae51 req-fda1739c-72c7-49e6-be3f-941adea5ae51 ] Request (ServerRescueTestJSON:setUpClass): 200 POST http://10.180.1.21/compute/v2.1/servers/f87f0ea1-8285-4ceb-a8dc-1d1ed92b0b3d/action 0.233s
2025-11-12 22:18:26.290 66068 INFO tempest.lib.common.rest_client [req-deb995b4-2a8e-415e-b611-3a9ec38da836 req-deb995b4-2a8e-415e-b611-3a9ec38da836 ] Request (ServerActionsTestJSON:test_lock_unlock_server): 200 GET http://10.180.1.21/compute/v2.1/servers/af31ccbf-430b-401e-b207-3b259c41eb5f 0.279s
2025-11-12 22:18:26.314 66066 INFO tempest.lib.common.rest_client [req-7a40d2ac-a797-4104-8b8e-0d5dc36bf678 req-7a40d2ac-a797-4104-8b8e-0d5dc36bf678 ] Request (MigrationsAdminTest:test_resize_server_revert_deleted_flavor): 200 GET http://10.180.1.21/compute/v2.1/servers/acafc31d-e364-49b5-aa41-e69c023b0609 0.241s
2025-11-12 22:18:26.445 66082 INFO tempest.lib.common.rest_client [req-61f40977-1390-4f77-a4e3-3f394678f64a req-61f40977-1390-4f77-a4e3-3f394678f64a ] Request (AttachVolumeShelveTestJSON:test_attach_volume_shelved_or_offload_server): 200 GET http://10.180.1.21/volume/v3/volumes/469b5436-b213-4736-8f78-4e7509b74230 0.034s
2025-11-12 22:18:26.454 66082 INFO tempest.common.waiters [-] volume 469b5436-b213-4736-8f78-4e7509b74230 reached available after waiting for 1.454314 seconds
2025-11-12 22:18:26.455 66082 INFO tempest.lib.common.ssh [-] Creating ssh connection to '10.180.180.251:22' as 'cirros' with public key authentication
2025-11-12 22:18:26.459 66082 INFO paramiko.transport [-] Connected (version 2.0, client dropbear_2020.81)
2025-11-12 22:18:26.516 66082 INFO paramiko.transport [-] Authentication (publickey) successful!
2025-11-12 22:18:26.516 66082 INFO tempest.lib.common.ssh [-] ssh connection to cirros@10.180.180.251 successfully created
2025-11-12 22:18:26.522 66082 INFO tempest.lib.common.ssh [-] Creating ssh connection to '10.180.180.251:22' as 'cirros' with public key authentication
2025-11-12 22:18:26.525 66082 INFO paramiko.transport [-] Connected (version 2.0, client dropbear_2020.81)
2025-11-12 22:18:26.535 66034 INFO tempest.lib.common.rest_client [req-19543143-59d7-4066-8d2c-0641ba39300b req-19543143-59d7-4066-8d2c-0641ba39300b ] Request (ServerRescueTestJSON:setUpClass): 200 GET http://10.180.1.21/compute/v2.1/servers/f87f0ea1-8285-4ceb-a8dc-1d1ed92b0b3d 0.429s
2025-11-12 22:18:26.596 66063 INFO tempest.lib.common.rest_client [req-b93c8872-f65c-4146-bd1e-077112c54652 req-b93c8872-f65c-4146-bd1e-077112c54652 ] Request (ImagesOneServerNegativeTestJSON:setUpClass): 200 GET http://10.180.1.21/compute/v2.1/servers/7e16196d-3828-42e8-908f-6ce485005ef7 0.295s
2025-11-12 22:18:26.603 66063 INFO tempest.common.waiters [-] State transition "BUILD/None" ==> "BUILD/networking" after 34 second wait
2025-11-12 22:18:26.628 66082 INFO paramiko.transport [-] Authentication (publickey) successful!
2025-11-12 22:18:26.628 66082 INFO tempest.lib.common.ssh [-] ssh connection to cirros@10.180.180.251 successfully created
2025-11-12 22:18:26.686 66092 INFO tempest.lib.common.rest_client [req-5c2e52e0-7175-4832-80f1-a21991de4bcb req-5c2e52e0-7175-4832-80f1-a21991de4bcb ] Request (AttachInterfacesUnderV243Test:test_add_remove_fixed_ip): 200 GET http://10.180.1.21/compute/v2.1/servers/9d338900-bb5e-42f7-9781-a00def282735 0.297s
2025-11-12 22:18:26.810 66094 INFO tempest.lib.common.rest_client [req-821121a5-af94-4441-a9ab-a9514e0037d6 req-821121a5-af94-4441-a9ab-a9514e0037d6 ] Request (AttachInterfacesTestJSON:test_create_list_show_delete_interfaces_by_network_port): 200 GET http://10.180.1.21/compute/v2.1/servers/ee530ea1-d844-423e-a400-4ab1db80d7ec 0.352s
2025-11-12 22:18:26.846 66048 INFO tempest.lib.common.rest_client [req-f3c5a9f4-9716-42a8-b686-8d0269635e75 req-f3c5a9f4-9716-42a8-b686-8d0269635e75 ] Request (ServersV294TestFqdnHostnames:setUpClass): 200 GET http://10.180.1.21/compute/v2.1/servers/48c6ee1c-b651-4ebc-b971-c07d2fbcbb77 0.447s
2025-11-12 22:18:26.915 66036 INFO tempest.lib.common.rest_client [req-4ca4f86d-075d-4242-8bab-bc4e0013bea9 req-4ca4f86d-075d-4242-8bab-bc4e0013bea9 ] Request (ServersAdminTestJSON:tearDownClass): 200 GET http://10.180.1.21/compute/v2.1/servers/3219e539-28df-48e2-9bfc-9188070d6f6d 0.453s
2025-11-12 22:18:26.939 66042 INFO tempest.lib.common.rest_client [req-b91ab8dc-8d3e-42a9-8f4b-4d1b475bb880 req-b91ab8dc-8d3e-42a9-8f4b-4d1b475bb880 ] Request (ListServerFiltersTestJSON:setUpClass): 200 GET http://10.180.1.21/compute/v2.1/servers/ed65f80a-3e6e-46d3-860d-cbb2e45979e8 0.419s
2025-11-12 22:18:26.985 66054 INFO tempest.lib.common.rest_client [req-00dcccce-971e-479e-afc1-b405ddf7f869 req-00dcccce-971e-479e-afc1-b405ddf7f869 ] Request (ServerRescueNegativeTestJSON:test_rescued_vm_detach_volume): 200 GET http://10.180.1.21/compute/v2.1/servers/d56f517d-53a3-43ae-9421-ac2f352c30c7 0.463s
2025-11-12 22:18:27.034 66073 INFO tempest.lib.common.rest_client [req-fe416ec5-371d-4d25-9d08-6a2b95759590 req-fe416ec5-371d-4d25-9d08-6a2b95759590 ] Request (ListImageFiltersTestJSON:setUpClass): 200 GET http://10.180.1.21/compute/v2.1/servers/046cc395-c6c0-4226-82b4-78b8b7a4b28f 0.458s
2025-11-12 22:18:27.213 66060 INFO tempest.lib.common.rest_client [req-f6fe8d8e-b014-4b6a-af89-1b044a74af4a req-f6fe8d8e-b014-4b6a-af89-1b044a74af4a ] Request (ServersTestMultiNic:test_verify_multiple_nics_order): 200 GET http://10.180.1.21/compute/v2.1/servers/5d26bfd8-ea2d-42a5-96c2-eb286879f285 0.572s
2025-11-12 22:18:27.304 66058 WARNING tempest.lib.common.ssh [-] Failed to establish authenticated ssh connection to cirros@10.180.180.210 ([Errno None] Unable to connect to port 22 on 10.180.180.210). Number attempts: 13. Retry after 14 seconds.: paramiko.ssh_exception.NoValidConnectionsError: [Errno None] Unable to connect to port 22 on 10.180.180.210
2025-11-12 22:18:27.324 66086 INFO tempest.lib.common.rest_client [req-3b69d4c3-30bd-4cd0-b0d8-25dbb16c41b6 req-3b69d4c3-30bd-4cd0-b0d8-25dbb16c41b6 ] Request (ServersListShow298Test:tearDownClass): 200 GET http://10.180.1.21/compute/v2.1/servers/701a4767-40e4-4986-87b8-5626f12c09c8 0.657s
2025-11-12 22:18:27.422 66078 INFO tempest.lib.common.rest_client [req-661a6cc9-0887-477b-abe3-3e85d3e40a2a req-661a6cc9-0887-477b-abe3-3e85d3e40a2a ] Request (ServerAddressesTestJSON:setUpClass): 200 GET http://10.180.1.21/compute/v2.1/servers/f96aba17-db96-42c5-8f9d-e658836964e2 0.716s
2025-11-12 22:18:27.478 66082 INFO tempest.lib.common.rest_client [req-d4827582-e320-47c6-8613-5b492f9e539f req-d4827582-e320-47c6-8613-5b492f9e539f ] Request (AttachVolumeShelveTestJSON:test_attach_volume_shelved_or_offload_server): 202 POST http://10.180.1.21/compute/v2.1/servers/75cb9853-acc1-44e5-9943-487862c49893/action 0.849s
2025-11-12 22:18:27.486 66044 INFO tempest.lib.common.rest_client [req-0dd4c2fc-0970-473b-b3e6-a50a2b2417ad req-0dd4c2fc-0970-473b-b3e6-a50a2b2417ad ] Request (ServersTestManualDisk:setUpClass): 200 GET http://10.180.1.21/compute/v2.1/servers/d461fe07-bb69-4ed6-87b5-f7713a3d8d87 0.777s
2025-11-12 22:18:27.548 66052 INFO tempest.lib.common.rest_client [req-90282f48-49af-41f7-8469-8e82074fa58f req-90282f48-49af-41f7-8469-8e82074fa58f ] Request (ImagesTestJSON:test_create_image_from_suspended_server): 200 GET http://10.180.1.21/compute/v2.1/servers/f819cf33-cf4f-4c7e-a3fd-d8123c887d13 0.787s
2025-11-12 22:18:27.568 66046 INFO tempest.lib.common.rest_client [req-2df7e438-0785-43ed-9bda-d0f9b4c32f24 req-2df7e438-0785-43ed-9bda-d0f9b4c32f24 ] Request (ServersTestFqdnHostnames:tearDownClass): 200 GET http://10.180.1.21/compute/v2.1/servers/b25a07cb-6705-451f-b0b2-2a894a19973f 0.724s
2025-11-12 22:18:27.612 66040 INFO tempest.lib.common.rest_client [req-451c8a57-cb06-43d8-b301-db167c15e0f6 req-451c8a57-cb06-43d8-b301-db167c15e0f6 ] Request (ServerDiskConfigTestJSON:test_resize_server_from_auto_to_manual): 200 GET http://10.180.1.21/compute/v2.1/servers/88f2f60d-dfa2-443f-8898-828a981dd892 0.706s
2025-11-12 22:18:27.642 66050 INFO tempest.lib.common.rest_client [req-81cb7dda-8f54-4b7a-aa76-95b0fcd6f6bf req-81cb7dda-8f54-4b7a-aa76-95b0fcd6f6bf ] Request (SecurityGroupsTestJSON:test_server_security_groups): 200 GET http://10.180.1.21/compute/v2.1/servers/90377147-ddaa-438f-947f-52e103119ea9 0.694s
2025-11-12 22:18:27.683 66064 INFO tempest.lib.common.rest_client [req-8cfd8c2b-610b-414c-8b0e-6483816d7e16 req-8cfd8c2b-610b-414c-8b0e-6483816d7e16 ] Request (FloatingIPsAssociationNegativeTestJSON:tearDownClass): 200 GET http://10.180.1.21/compute/v2.1/servers/b72dc1eb-4583-43fc-9fab-4136b4a15f4d 0.720s
2025-11-12 22:18:27.710 66074 INFO tempest.lib.common.rest_client [req-0c4b124b-025a-4163-add4-b55d00fc82ea req-0c4b124b-025a-4163-add4-b55d00fc82ea ] Request (ServersAdminNegativeTestJSON:test_migrate_server_invalid_state): 200 GET http://10.180.1.21/compute/v2.1/servers/56242228-58b4-446d-9996-525ebbeb7277 0.689s
2025-11-12 22:18:27.938 66066 INFO tempest.lib.common.rest_client [req-e7815616-fe6e-4bdf-964f-57ce57fed540 req-e7815616-fe6e-4bdf-964f-57ce57fed540 ] Request (MigrationsAdminTest:test_resize_server_revert_deleted_flavor): 200 GET http://10.180.1.21/compute/v2.1/servers/acafc31d-e364-49b5-aa41-e69c023b0609 0.611s
2025-11-12 22:18:27.941 66068 INFO tempest.lib.common.rest_client [req-47cf9fb4-028e-4672-8228-cf6cb08771c4 req-47cf9fb4-028e-4672-8228-cf6cb08771c4 ] Request (ServerActionsTestJSON:test_lock_unlock_server): 200 GET http://10.180.1.21/compute/v2.1/servers/af31ccbf-430b-401e-b207-3b259c41eb5f 0.643s
2025-11-12 22:18:28.073 66034 INFO tempest.lib.common.rest_client [req-f7725ed3-50a5-45fb-96bd-f0ca74a72756 req-f7725ed3-50a5-45fb-96bd-f0ca74a72756 ] Request (ServerRescueTestJSON:setUpClass): 200 GET http://10.180.1.21/compute/v2.1/servers/f87f0ea1-8285-4ceb-a8dc-1d1ed92b0b3d 0.529s
2025-11-12 22:18:28.076 66082 INFO tempest.lib.common.rest_client [req-c9af7857-369f-4047-a4c4-a4cfb9484415 req-c9af7857-369f-4047-a4c4-a4cfb9484415 ] Request (AttachVolumeShelveTestJSON:test_attach_volume_shelved_or_offload_server): 200 GET http://10.180.1.21/compute/v2.1/servers/75cb9853-acc1-44e5-9943-487862c49893 0.598s
2025-11-12 22:18:28.141 66092 INFO tempest.lib.common.rest_client [req-f52c09c6-17bd-4466-afd0-fd5aca8ef6ef req-f52c09c6-17bd-4466-afd0-fd5aca8ef6ef ] Request (AttachInterfacesUnderV243Test:test_add_remove_fixed_ip): 200 GET http://10.180.1.21/compute/v2.1/servers/9d338900-bb5e-42f7-9781-a00def282735 0.447s
2025-11-12 22:18:28.218 66094 INFO tempest.lib.common.rest_client [req-ec4da2ce-5e74-481b-9af4-3e600e3ffc00 req-ec4da2ce-5e74-481b-9af4-3e600e3ffc00 ] Request (AttachInterfacesTestJSON:test_create_list_show_delete_interfaces_by_network_port): 200 GET http://10.180.1.21/compute/v2.1/servers/ee530ea1-d844-423e-a400-4ab1db80d7ec 0.398s
2025-11-12 22:18:28.248 66063 INFO tempest.lib.common.rest_client [req-649f9e05-897d-411e-8f3e-739dd31ff2aa req-649f9e05-897d-411e-8f3e-739dd31ff2aa ] Request (ImagesOneServerNegativeTestJSON:setUpClass): 200 GET http://10.180.1.21/compute/v2.1/servers/7e16196d-3828-42e8-908f-6ce485005ef7 0.644s
2025-11-12 22:18:28.255 66063 INFO tempest.common.waiters [-] State transition "BUILD/networking" ==> "BUILD/spawning" after 36 second wait
2025-11-12 22:18:28.304 66036 INFO tempest.lib.common.rest_client [req-0cd4518b-86e8-4f03-b2de-cc8d24700527 req-0cd4518b-86e8-4f03-b2de-cc8d24700527 ] Request (ServersAdminTestJSON:tearDownClass): 200 GET http://10.180.1.21/compute/v2.1/servers/3219e539-28df-48e2-9bfc-9188070d6f6d 0.378s
2025-11-12 22:18:28.332 66048 INFO tempest.lib.common.rest_client [req-1e417783-94ed-4ed9-a2d8-87fadae516bd req-1e417783-94ed-4ed9-a2d8-87fadae516bd ] Request (ServersV294TestFqdnHostnames:setUpClass): 200 GET http://10.180.1.21/compute/v2.1/servers/48c6ee1c-b651-4ebc-b971-c07d2fbcbb77 0.472s
2025-11-12 22:18:28.342 66048 INFO tempest.common.waiters [-] State transition "BUILD/spawning" ==> "ACTIVE/None" after 44 second wait
2025-11-12 22:18:28.355 66042 INFO tempest.lib.common.rest_client [req-e721a6f9-a351-4b79-ad45-6d8c0e74cf37 req-e721a6f9-a351-4b79-ad45-6d8c0e74cf37 ] Request (ListServerFiltersTestJSON:setUpClass): 200 GET http://10.180.1.21/compute/v2.1/servers/ed65f80a-3e6e-46d3-860d-cbb2e45979e8 0.407s
2025-11-12 22:18:28.392 66054 INFO tempest.lib.common.rest_client [req-f43c67e0-e57b-457e-b780-aaded39e1f2a req-f43c67e0-e57b-457e-b780-aaded39e1f2a ] Request (ServerRescueNegativeTestJSON:test_rescued_vm_detach_volume): 200 GET http://10.180.1.21/compute/v2.1/servers/d56f517d-53a3-43ae-9421-ac2f352c30c7 0.398s
2025-11-12 22:18:28.411 66073 INFO tempest.lib.common.rest_client [req-9877c98d-c014-47de-9331-0003f463dbc5 req-9877c98d-c014-47de-9331-0003f463dbc5 ] Request (ListImageFiltersTestJSON:setUpClass): 200 GET http://10.180.1.21/compute/v2.1/servers/046cc395-c6c0-4226-82b4-78b8b7a4b28f 0.365s
2025-11-12 22:18:28.484 66086 INFO tempest.lib.common.rest_client [req-8529c1d8-77ce-4195-ab3a-c039c6534b54 req-8529c1d8-77ce-4195-ab3a-c039c6534b54 ] Request (ServersListShow298Test:tearDownClass): 200 GET http://10.180.1.21/compute/v2.1/servers/701a4767-40e4-4986-87b8-5626f12c09c8 0.146s
2025-11-12 22:18:28.549 66060 INFO tempest.lib.common.rest_client [req-94807f3c-9253-4730-aa9b-e3c7619c86af req-94807f3c-9253-4730-aa9b-e3c7619c86af ] Request (ServersTestMultiNic:test_verify_multiple_nics_order): 200 GET http://10.180.1.21/compute/v2.1/servers/5d26bfd8-ea2d-42a5-96c2-eb286879f285 0.327s
2025-11-12 22:18:28.550 66048 INFO tempest.lib.common.rest_client [req-2fddea35-ee3a-49e4-a6c3-aa34a65453dc req-2fddea35-ee3a-49e4-a6c3-aa34a65453dc ] Request (ServersV294TestFqdnHostnames:setUpClass): 200 GET http://10.180.1.21/compute/v2.1/servers/48c6ee1c-b651-4ebc-b971-c07d2fbcbb77/os-interface 0.208s
2025-11-12 22:18:28.602 66078 INFO tempest.lib.common.rest_client [req-b67c75e8-a7a0-4de1-bc41-aca732b57b68 req-b67c75e8-a7a0-4de1-bc41-aca732b57b68 ] Request (ServerAddressesTestJSON:setUpClass): 200 GET http://10.180.1.21/compute/v2.1/servers/f96aba17-db96-42c5-8f9d-e658836964e2 0.169s
2025-11-12 22:18:28.617 66044 INFO tempest.lib.common.rest_client [req-d47ee0e7-9d01-48bd-8a0a-2c76c3366931 req-d47ee0e7-9d01-48bd-8a0a-2c76c3366931 ] Request (ServersTestManualDisk:setUpClass): 200 GET http://10.180.1.21/compute/v2.1/servers/d461fe07-bb69-4ed6-87b5-f7713a3d8d87 0.122s
2025-11-12 22:18:28.668 66052 INFO tempest.lib.common.rest_client [req-f2b51560-4b8e-4ab2-aa33-d4452ea8d26b req-f2b51560-4b8e-4ab2-aa33-d4452ea8d26b ] Request (ImagesTestJSON:test_create_image_from_suspended_server): 200 GET http://10.180.1.21/compute/v2.1/servers/f819cf33-cf4f-4c7e-a3fd-d8123c887d13 0.112s
2025-11-12 22:18:28.681 66046 INFO tempest.lib.common.rest_client [req-81ab1101-41e6-4374-abea-f5f1a075ea36 req-81ab1101-41e6-4374-abea-f5f1a075ea36 ] Request (ServersTestFqdnHostnames:tearDownClass): 200 GET http://10.180.1.21/compute/v2.1/servers/b25a07cb-6705-451f-b0b2-2a894a19973f 0.102s
2025-11-12 22:18:29.050 66040 INFO tempest.lib.common.rest_client [req-dc8c8622-f836-4755-bdd3-4222abd25b85 req-dc8c8622-f836-4755-bdd3-4222abd25b85 ] Request (ServerDiskConfigTestJSON:test_resize_server_from_auto_to_manual): 200 GET http://10.180.1.21/compute/v2.1/servers/88f2f60d-dfa2-443f-8898-828a981dd892 0.426s
2025-11-12 22:18:29.064 66050 INFO tempest.lib.common.rest_client [req-7085ebdf-1b5a-4625-84f9-cb02129884f9 req-7085ebdf-1b5a-4625-84f9-cb02129884f9 ] Request (SecurityGroupsTestJSON:test_server_security_groups): 200 GET http://10.180.1.21/compute/v2.1/servers/90377147-ddaa-438f-947f-52e103119ea9 0.413s
2025-11-12 22:18:29.160 66048 INFO tempest.lib.common.rest_client [req-a2d603a2-fb23-4f43-b5b7-10375fea0d2f req-a2d603a2-fb23-4f43-b5b7-10375fea0d2f ] Request (ServersV294TestFqdnHostnames:setUpClass): 200 PUT http://10.180.1.21/networking/v2.0/floatingips/ab6ef758-3edd-47cc-85d0-56cd24e6a96b 0.607s
2025-11-12 22:18:29.194 66074 INFO tempest.lib.common.rest_client [req-8eed32b8-a433-4483-9477-a4137612ed51 req-8eed32b8-a433-4483-9477-a4137612ed51 ] Request (ServersAdminNegativeTestJSON:test_migrate_server_invalid_state): 200 GET http://10.180.1.21/compute/v2.1/servers/56242228-58b4-446d-9996-525ebbeb7277 0.475s
2025-11-12 22:18:29.226 66064 INFO tempest.lib.common.rest_client [req-b346008c-9178-44ec-8911-d3f66d7e46c6 req-b346008c-9178-44ec-8911-d3f66d7e46c6 ] Request (FloatingIPsAssociationNegativeTestJSON:tearDownClass): 200 GET http://10.180.1.21/compute/v2.1/servers/b72dc1eb-4583-43fc-9fab-4136b4a15f4d 0.534s
2025-11-12 22:18:29.897 66066 INFO tempest.lib.common.rest_client [req-e270d883-2099-4c32-b4aa-b1a1f126d6f1 req-e270d883-2099-4c32-b4aa-b1a1f126d6f1 ] Request (MigrationsAdminTest:test_resize_server_revert_deleted_flavor): 200 GET http://10.180.1.21/compute/v2.1/servers/acafc31d-e364-49b5-aa41-e69c023b0609 0.950s
2025-11-12 22:18:29.984 66068 INFO tempest.lib.common.rest_client [req-d2e7eab3-6b36-45c6-a12a-85413202ae28 req-d2e7eab3-6b36-45c6-a12a-85413202ae28 ] Request (ServerActionsTestJSON:test_lock_unlock_server): 200 GET http://10.180.1.21/compute/v2.1/servers/af31ccbf-430b-401e-b207-3b259c41eb5f 1.035s
2025-11-12 22:18:29.995 66068 INFO tempest.common.waiters [-] State transition "ACTIVE/powering-off" ==> "SHUTOFF/None" after 3 second wait
2025-11-12 22:18:30.287 66034 INFO tempest.lib.common.rest_client [req-66ce6e58-d420-4f4f-ab4e-3580207cf88d req-66ce6e58-d420-4f4f-ab4e-3580207cf88d ] Request (ServerRescueTestJSON:setUpClass): 200 GET http://10.180.1.21/compute/v2.1/servers/f87f0ea1-8285-4ceb-a8dc-1d1ed92b0b3d 1.205s
2025-11-12 22:18:30.337 66082 INFO tempest.lib.common.rest_client [req-b34e1679-a72c-4db9-987b-0bfaecbada13 req-b34e1679-a72c-4db9-987b-0bfaecbada13 ] Request (AttachVolumeShelveTestJSON:test_attach_volume_shelved_or_offload_server): 200 GET http://10.180.1.21/compute/v2.1/servers/75cb9853-acc1-44e5-9943-487862c49893 1.250s
2025-11-12 22:18:30.346 66082 INFO tempest.common.waiters [-] State transition "ACTIVE/shelving" ==> "ACTIVE/shelving_image_pending_upload" after 2 second wait
2025-11-12 22:18:30.395 66092 INFO tempest.lib.common.rest_client [req-442379fe-da08-4a8b-ac5e-5870434ec0c7 req-442379fe-da08-4a8b-ac5e-5870434ec0c7 ] Request (AttachInterfacesUnderV243Test:test_add_remove_fixed_ip): 200 GET http://10.180.1.21/compute/v2.1/servers/9d338900-bb5e-42f7-9781-a00def282735 1.241s
2025-11-12 22:18:30.588 66094 INFO tempest.lib.common.rest_client [req-4bfa69ae-b107-4a3f-abb2-b4fafdad5ddc req-4bfa69ae-b107-4a3f-abb2-b4fafdad5ddc ] Request (AttachInterfacesTestJSON:test_create_list_show_delete_interfaces_by_network_port): 200 GET http://10.180.1.21/compute/v2.1/servers/ee530ea1-d844-423e-a400-4ab1db80d7ec 1.359s
2025-11-12 22:18:30.666 66048 INFO tempest.lib.common.rest_client [req-51b86edd-aacb-4858-92c1-a61bf1147a80 req-51b86edd-aacb-4858-92c1-a61bf1147a80 ] Request (ServersV294TestFqdnHostnames:setUpClass): 200 GET http://10.180.1.21/compute/v2.1/servers/48c6ee1c-b651-4ebc-b971-c07d2fbcbb77 1.504s
2025-11-12 22:18:30.681 66048 INFO tempest.api.compute.base [-] Attempting to verify tagged devices in server 48c6ee1c-b651-4ebc-b971-c07d2fbcbb77 via the metadata service: http://169.254.169.254/openstack/latest/meta_data.json
2025-11-12 22:18:30.681 66048 INFO tempest.lib.common.ssh [-] Creating ssh connection to '10.180.180.162:22' as 'cirros' with public key authentication
2025-11-12 22:18:30.785 66036 INFO tempest.lib.common.rest_client [req-7ca3cfc0-f8e0-43b9-ba95-4ca44339459a req-7ca3cfc0-f8e0-43b9-ba95-4ca44339459a ] Request (ServersAdminTestJSON:tearDownClass): 200 GET http://10.180.1.21/compute/v2.1/servers/3219e539-28df-48e2-9bfc-9188070d6f6d 1.474s
2025-11-12 22:18:30.830 66063 INFO tempest.lib.common.rest_client [req-441be26a-d33b-40ef-afd3-d60ee3147ff3 req-441be26a-d33b-40ef-afd3-d60ee3147ff3 ] Request (ImagesOneServerNegativeTestJSON:setUpClass): 200 GET http://10.180.1.21/compute/v2.1/servers/7e16196d-3828-42e8-908f-6ce485005ef7 1.574s
2025-11-12 22:18:30.848 66042 INFO tempest.lib.common.rest_client [req-c5b27d82-fa39-4a3d-888e-28bff944d1d9 req-c5b27d82-fa39-4a3d-888e-28bff944d1d9 ] Request (ListServerFiltersTestJSON:setUpClass): 200 GET http://10.180.1.21/compute/v2.1/servers/ed65f80a-3e6e-46d3-860d-cbb2e45979e8 1.484s
2025-11-12 22:18:30.892 66054 INFO tempest.lib.common.rest_client [req-5310e8ba-8635-49b5-b3ab-42a1d013ca62 req-5310e8ba-8635-49b5-b3ab-42a1d013ca62 ] Request (ServerRescueNegativeTestJSON:test_rescued_vm_detach_volume): 200 GET http://10.180.1.21/compute/v2.1/servers/d56f517d-53a3-43ae-9421-ac2f352c30c7 1.491s
2025-11-12 22:18:30.910 66073 INFO tempest.lib.common.rest_client [req-7643887b-e63f-43dc-96e3-a2eda54dd158 req-7643887b-e63f-43dc-96e3-a2eda54dd158 ] Request (ListImageFiltersTestJSON:setUpClass): 200 GET http://10.180.1.21/compute/v2.1/servers/046cc395-c6c0-4226-82b4-78b8b7a4b28f 1.491s
2025-11-12 22:18:30.979 66086 INFO tempest.lib.common.rest_client [req-d45eb77f-5718-46e1-8a74-a05259ff782f req-d45eb77f-5718-46e1-8a74-a05259ff782f ] Request (ServersListShow298Test:tearDownClass): 200 GET http://10.180.1.21/compute/v2.1/servers/701a4767-40e4-4986-87b8-5626f12c09c8 1.483s
2025-11-12 22:18:31.037 66060 INFO tempest.lib.common.rest_client [req-4a8a3581-897a-4f6b-b0cc-e990e04347d1 req-4a8a3581-897a-4f6b-b0cc-e990e04347d1 ] Request (ServersTestMultiNic:test_verify_multiple_nics_order): 200 GET http://10.180.1.21/compute/v2.1/servers/5d26bfd8-ea2d-42a5-96c2-eb286879f285 1.481s
2025-11-12 22:18:31.051 66078 INFO tempest.lib.common.rest_client [req-1540c5e8-256a-41f8-8265-b620aab91cb2 req-1540c5e8-256a-41f8-8265-b620aab91cb2 ] Request (ServerAddressesTestJSON:setUpClass): 200 GET http://10.180.1.21/compute/v2.1/servers/f96aba17-db96-42c5-8f9d-e658836964e2 1.439s
2025-11-12 22:18:31.119 66044 INFO tempest.lib.common.rest_client [req-040f9454-0abd-44c4-9749-c7067ee72865 req-040f9454-0abd-44c4-9749-c7067ee72865 ] Request (ServersTestManualDisk:setUpClass): 200 GET http://10.180.1.21/compute/v2.1/servers/d461fe07-bb69-4ed6-87b5-f7713a3d8d87 1.493s
2025-11-12 22:18:31.130 66052 INFO tempest.lib.common.rest_client [req-5e5b6a72-53ea-47b0-a859-0cd35bc3c07f req-5e5b6a72-53ea-47b0-a859-0cd35bc3c07f ] Request (ImagesTestJSON:test_create_image_from_suspended_server): 200 GET http://10.180.1.21/compute/v2.1/servers/f819cf33-cf4f-4c7e-a3fd-d8123c887d13 1.452s
2025-11-12 22:18:31.138 66052 INFO tempest.common.waiters [-] State transition "BUILD/scheduling" ==> "BUILD/None" after 20 second wait
2025-11-12 22:18:31.196 66068 INFO tempest.lib.common.rest_client [req-129d6a83-42bb-48d2-b5db-e9eb0e8713fb req-129d6a83-42bb-48d2-b5db-e9eb0e8713fb ] Request (ServerActionsTestJSON:test_lock_unlock_server): 202 POST http://10.180.1.21/compute/v2.1/servers/af31ccbf-430b-401e-b207-3b259c41eb5f/action 1.201s
2025-11-12 22:18:31.204 66046 INFO tempest.lib.common.rest_client [req-b594a3d0-bf58-4a1f-9056-d75e5d91adb9 req-b594a3d0-bf58-4a1f-9056-d75e5d91adb9 ] Request (ServersTestFqdnHostnames:tearDownClass): 200 GET http://10.180.1.21/compute/v2.1/servers/b25a07cb-6705-451f-b0b2-2a894a19973f 1.515s
2025-11-12 22:18:31.258 66040 INFO tempest.lib.common.rest_client [req-19a5dfa4-c3e2-403f-9820-7578620d2274 req-19a5dfa4-c3e2-403f-9820-7578620d2274 ] Request (ServerDiskConfigTestJSON:test_resize_server_from_auto_to_manual): 200 GET http://10.180.1.21/compute/v2.1/servers/88f2f60d-dfa2-443f-8898-828a981dd892 1.195s
2025-11-12 22:18:31.276 66050 INFO tempest.lib.common.rest_client [req-9110cc11-2575-4968-b6cb-81ea0ee293b1 req-9110cc11-2575-4968-b6cb-81ea0ee293b1 ] Request (SecurityGroupsTestJSON:test_server_security_groups): 200 GET http://10.180.1.21/compute/v2.1/servers/90377147-ddaa-438f-947f-52e103119ea9 1.196s
2025-11-12 22:18:31.318 66074 INFO tempest.lib.common.rest_client [req-ff56cdca-9e27-4ec9-80e4-b778d306cc8e req-ff56cdca-9e27-4ec9-80e4-b778d306cc8e ] Request (ServersAdminNegativeTestJSON:test_migrate_server_invalid_state): 200 GET http://10.180.1.21/compute/v2.1/servers/56242228-58b4-446d-9996-525ebbeb7277 1.115s
2025-11-12 22:18:31.346 66064 INFO tempest.lib.common.rest_client [req-19a6f718-edf6-4ad5-b1ee-08a2ce2191de req-19a6f718-edf6-4ad5-b1ee-08a2ce2191de ] Request (FloatingIPsAssociationNegativeTestJSON:tearDownClass): 200 GET http://10.180.1.21/compute/v2.1/servers/b72dc1eb-4583-43fc-9fab-4136b4a15f4d 1.110s
2025-11-12 22:18:31.468 66066 INFO tempest.lib.common.rest_client [req-8873ec9b-d4c6-4e54-b3c9-4c16dbe5b928 req-8873ec9b-d4c6-4e54-b3c9-4c16dbe5b928 ] Request (MigrationsAdminTest:test_resize_server_revert_deleted_flavor): 200 GET http://10.180.1.21/compute/v2.1/servers/acafc31d-e364-49b5-aa41-e69c023b0609 0.563s
2025-11-12 22:18:31.514 66068 INFO tempest.lib.common.rest_client [req-29795e7e-f84a-4f9c-997c-a1a783293ad0 req-29795e7e-f84a-4f9c-997c-a1a783293ad0 ] Request (ServerActionsTestJSON:test_lock_unlock_server): 200 GET http://10.180.1.21/compute/v2.1/servers/af31ccbf-430b-401e-b207-3b259c41eb5f 0.317s
2025-11-12 22:18:31.581 66034 INFO tempest.lib.common.rest_client [req-4a94e816-2a74-4ce9-88e2-a123db051f93 req-4a94e816-2a74-4ce9-88e2-a123db051f93 ] Request (ServerRescueTestJSON:setUpClass): 200 GET http://10.180.1.21/compute/v2.1/servers/f87f0ea1-8285-4ceb-a8dc-1d1ed92b0b3d 0.280s
2025-11-12 22:18:31.629 66082 INFO tempest.lib.common.rest_client [req-8bfd211a-3b45-4207-a725-da8c18b02adb req-8bfd211a-3b45-4207-a725-da8c18b02adb ] Request (AttachVolumeShelveTestJSON:test_attach_volume_shelved_or_offload_server): 200 GET http://10.180.1.21/compute/v2.1/servers/75cb9853-acc1-44e5-9943-487862c49893 0.281s
2025-11-12 22:18:31.648 66092 INFO tempest.lib.common.rest_client [req-f410d8cb-d3db-488f-a4b5-f08f67b0e3c3 req-f410d8cb-d3db-488f-a4b5-f08f67b0e3c3 ] Request (AttachInterfacesUnderV243Test:test_add_remove_fixed_ip): 200 GET http://10.180.1.21/compute/v2.1/servers/9d338900-bb5e-42f7-9781-a00def282735 0.242s
2025-11-12 22:18:31.686 66094 INFO tempest.lib.common.rest_client [req-8a106bf4-5085-4d1e-a321-57fa3bbfba65 req-8a106bf4-5085-4d1e-a321-57fa3bbfba65 ] Request (AttachInterfacesTestJSON:test_create_list_show_delete_interfaces_by_network_port): 200 GET http://10.180.1.21/compute/v2.1/servers/ee530ea1-d844-423e-a400-4ab1db80d7ec 0.087s
2025-11-12 22:18:31.859 66036 INFO tempest.lib.common.rest_client [req-bfbd300f-bbe4-4840-996e-95ce072338f1 req-bfbd300f-bbe4-4840-996e-95ce072338f1 ] Request (ServersAdminTestJSON:tearDownClass): 200 GET http://10.180.1.21/compute/v2.1/servers/3219e539-28df-48e2-9bfc-9188070d6f6d 0.064s
2025-11-12 22:18:31.938 66042 INFO tempest.lib.common.rest_client [req-21c8e0e4-19ae-4e68-a138-c85ca62c324f req-21c8e0e4-19ae-4e68-a138-c85ca62c324f ] Request (ListServerFiltersTestJSON:setUpClass): 200 GET http://10.180.1.21/compute/v2.1/servers/ed65f80a-3e6e-46d3-860d-cbb2e45979e8 0.081s
2025-11-12 22:18:31.989 66063 INFO tempest.lib.common.rest_client [req-e5a9405e-2a81-44d7-aae7-16bf0a7366d8 req-e5a9405e-2a81-44d7-aae7-16bf0a7366d8 ] Request (ImagesOneServerNegativeTestJSON:setUpClass): 200 GET http://10.180.1.21/compute/v2.1/servers/7e16196d-3828-42e8-908f-6ce485005ef7 0.146s
2025-11-12 22:18:32.004 66054 INFO tempest.lib.common.rest_client [req-2d145ada-ba17-4086-9674-1075af9df5e0 req-2d145ada-ba17-4086-9674-1075af9df5e0 ] Request (ServerRescueNegativeTestJSON:test_rescued_vm_detach_volume): 200 GET http://10.180.1.21/compute/v2.1/servers/d56f517d-53a3-43ae-9421-ac2f352c30c7 0.102s
2025-11-12 22:18:32.029 66085 INFO paramiko.transport [-] Connected (version 2.0, client dropbear_2020.81)
2025-11-12 22:18:32.073 66073 INFO tempest.lib.common.rest_client [req-0219f5fd-4270-4b1c-ba4a-d27faaa92c3c req-0219f5fd-4270-4b1c-ba4a-d27faaa92c3c ] Request (ListImageFiltersTestJSON:setUpClass): 200 GET http://10.180.1.21/compute/v2.1/servers/046cc395-c6c0-4226-82b4-78b8b7a4b28f 0.154s
2025-11-12 22:18:32.076 66086 INFO tempest.lib.common.rest_client [req-bd55e68e-9c3d-4a2f-ad93-178a634bcd2c req-bd55e68e-9c3d-4a2f-ad93-178a634bcd2c ] Request (ServersListShow298Test:tearDownClass): 200 GET http://10.180.1.21/compute/v2.1/servers/701a4767-40e4-4986-87b8-5626f12c09c8 0.083s
2025-11-12 22:18:32.131 66085 INFO paramiko.transport [-] Authentication (publickey) failed.
2025-11-12 22:18:32.131 66085 WARNING tempest.lib.common.ssh [-] Failed to establish authenticated ssh connection to cirros@10.180.180.230 (Authentication failed.). Number attempts: 12. Retry after 13 seconds.: paramiko.ssh_exception.AuthenticationException: Authentication failed.
2025-11-12 22:18:32.184 66078 INFO tempest.lib.common.rest_client [req-55c764f1-66f5-4dc3-9231-2af9dd046bb3 req-55c764f1-66f5-4dc3-9231-2af9dd046bb3 ] Request (ServerAddressesTestJSON:setUpClass): 200 GET http://10.180.1.21/compute/v2.1/servers/f96aba17-db96-42c5-8f9d-e658836964e2 0.126s
2025-11-12 22:18:32.254 66044 INFO tempest.lib.common.rest_client [req-7b5448ce-1792-410c-b3fc-e3206422a7ef req-7b5448ce-1792-410c-b3fc-e3206422a7ef ] Request (ServersTestManualDisk:setUpClass): 200 GET http://10.180.1.21/compute/v2.1/servers/d461fe07-bb69-4ed6-87b5-f7713a3d8d87 0.127s
2025-11-12 22:18:32.269 66060 INFO tempest.lib.common.rest_client [req-72f08053-21d1-441a-9cfa-4bbb649950f4 req-72f08053-21d1-441a-9cfa-4bbb649950f4 ] Request (ServersTestMultiNic:test_verify_multiple_nics_order): 200 GET http://10.180.1.21/compute/v2.1/servers/5d26bfd8-ea2d-42a5-96c2-eb286879f285 0.222s
2025-11-12 22:18:32.320 66052 INFO tempest.lib.common.rest_client [req-a0fb2de1-0f77-4167-a8ad-d980097d4f8c req-a0fb2de1-0f77-4167-a8ad-d980097d4f8c ] Request (ImagesTestJSON:test_create_image_from_suspended_server): 200 GET http://10.180.1.21/compute/v2.1/servers/f819cf33-cf4f-4c7e-a3fd-d8123c887d13 0.181s
2025-11-12 22:18:32.347 66046 INFO tempest.lib.common.rest_client [req-3e499419-37d0-4de0-bea6-e172b5693ede req-3e499419-37d0-4de0-bea6-e172b5693ede ] Request (ServersTestFqdnHostnames:tearDownClass): 200 GET http://10.180.1.21/compute/v2.1/servers/b25a07cb-6705-451f-b0b2-2a894a19973f 0.135s
2025-11-12 22:18:32.384 66040 INFO tempest.lib.common.rest_client [req-ed8d845a-5f28-4a41-b5ce-e41bdda39cbc req-ed8d845a-5f28-4a41-b5ce-e41bdda39cbc ] Request (ServerDiskConfigTestJSON:test_resize_server_from_auto_to_manual): 200 GET http://10.180.1.21/compute/v2.1/servers/88f2f60d-dfa2-443f-8898-828a981dd892 0.116s
2025-11-12 22:18:32.411 66050 INFO tempest.lib.common.rest_client [req-4068ad3b-b1ee-4546-a0f1-f35505549e43 req-4068ad3b-b1ee-4546-a0f1-f35505549e43 ] Request (SecurityGroupsTestJSON:test_server_security_groups): 200 GET http://10.180.1.21/compute/v2.1/servers/90377147-ddaa-438f-947f-52e103119ea9 0.126s
2025-11-12 22:18:32.442 66074 INFO tempest.lib.common.rest_client [req-5b4cf2ba-833e-4dcb-8ee8-d28c48bd20ff req-5b4cf2ba-833e-4dcb-8ee8-d28c48bd20ff ] Request (ServersAdminNegativeTestJSON:test_migrate_server_invalid_state): 200 GET http://10.180.1.21/compute/v2.1/servers/56242228-58b4-446d-9996-525ebbeb7277 0.114s
2025-11-12 22:18:32.469 66064 INFO tempest.lib.common.rest_client [req-31653a88-bf71-4186-adb2-d32ac3ff14c2 req-31653a88-bf71-4186-adb2-d32ac3ff14c2 ] Request (FloatingIPsAssociationNegativeTestJSON:tearDownClass): 200 GET http://10.180.1.21/compute/v2.1/servers/b72dc1eb-4583-43fc-9fab-4136b4a15f4d 0.115s
2025-11-12 22:18:32.586 66066 INFO tempest.lib.common.rest_client [req-f436cdec-1bfe-4e8a-97a5-08e73d8d31ad req-f436cdec-1bfe-4e8a-97a5-08e73d8d31ad ] Request (MigrationsAdminTest:test_resize_server_revert_deleted_flavor): 200 GET http://10.180.1.21/compute/v2.1/servers/acafc31d-e364-49b5-aa41-e69c023b0609 0.109s
2025-11-12 22:18:32.640 66068 INFO tempest.lib.common.rest_client [req-271ed61a-9050-4f8c-9c15-55bed532f781 req-271ed61a-9050-4f8c-9c15-55bed532f781 ] Request (ServerActionsTestJSON:test_lock_unlock_server): 200 GET http://10.180.1.21/compute/v2.1/servers/af31ccbf-430b-401e-b207-3b259c41eb5f 0.114s
2025-11-12 22:18:32.695 66034 INFO tempest.lib.common.rest_client [req-e215d148-2aa6-4b37-abae-041734344a32 req-e215d148-2aa6-4b37-abae-041734344a32 ] Request (ServerRescueTestJSON:setUpClass): 200 GET http://10.180.1.21/compute/v2.1/servers/f87f0ea1-8285-4ceb-a8dc-1d1ed92b0b3d 0.106s
2025-11-12 22:18:32.760 66082 INFO tempest.lib.common.rest_client [req-da10d8fa-1d3b-425f-b17c-d58584ac911d req-da10d8fa-1d3b-425f-b17c-d58584ac911d ] Request (AttachVolumeShelveTestJSON:test_attach_volume_shelved_or_offload_server): 200 GET http://10.180.1.21/compute/v2.1/servers/75cb9853-acc1-44e5-9943-487862c49893 0.116s
2025-11-12 22:18:32.768 66082 INFO tempest.common.waiters [-] State transition "ACTIVE/shelving_image_pending_upload" ==> "ACTIVE/shelving_image_uploading" after 4 second wait
2025-11-12 22:18:32.771 66092 INFO tempest.lib.common.rest_client [req-317292b5-19b9-4724-be58-ac6e08fb2b68 req-317292b5-19b9-4724-be58-ac6e08fb2b68 ] Request (AttachInterfacesUnderV243Test:test_add_remove_fixed_ip): 200 GET http://10.180.1.21/compute/v2.1/servers/9d338900-bb5e-42f7-9781-a00def282735 0.115s
2025-11-12 22:18:32.815 66094 INFO tempest.lib.common.rest_client [req-ea51f8ee-c665-4590-8f8e-7f6fc92d4fac req-ea51f8ee-c665-4590-8f8e-7f6fc92d4fac ] Request (AttachInterfacesTestJSON:test_create_list_show_delete_interfaces_by_network_port): 200 GET http://10.180.1.21/compute/v2.1/servers/ee530ea1-d844-423e-a400-4ab1db80d7ec 0.120s
2025-11-12 22:18:32.923 66090 WARNING tempest.lib.common.ssh [-] Failed to establish authenticated ssh connection to cirros@10.180.180.143 ([Errno None] Unable to connect to port 22 on 10.180.180.143). Number attempts: 12. Retry after 13 seconds.: paramiko.ssh_exception.NoValidConnectionsError: [Errno None] Unable to connect to port 22 on 10.180.180.143
2025-11-12 22:18:32.951 66036 INFO tempest.lib.common.rest_client [req-db3a6c8e-fc60-4bcb-98a8-7ff1ee21f1ee req-db3a6c8e-fc60-4bcb-98a8-7ff1ee21f1ee ] Request (ServersAdminTestJSON:tearDownClass): 200 GET http://10.180.1.21/compute/v2.1/servers/3219e539-28df-48e2-9bfc-9188070d6f6d 0.083s
2025-11-12 22:18:33.017 66042 INFO tempest.lib.common.rest_client [req-cf4bc92f-7ea1-41b6-b38d-db7d66b78984 req-cf4bc92f-7ea1-41b6-b38d-db7d66b78984 ] Request (ListServerFiltersTestJSON:setUpClass): 200 GET http://10.180.1.21/compute/v2.1/servers/ed65f80a-3e6e-46d3-860d-cbb2e45979e8 0.072s
2025-11-12 22:18:33.078 66054 INFO tempest.lib.common.rest_client [req-4f8defd2-5b8c-48fc-b910-8de974ca6ad4 req-4f8defd2-5b8c-48fc-b910-8de974ca6ad4 ] Request (ServerRescueNegativeTestJSON:test_rescued_vm_detach_volume): 200 GET http://10.180.1.21/compute/v2.1/servers/d56f517d-53a3-43ae-9421-ac2f352c30c7 0.065s
2025-11-12 22:18:33.139 66063 INFO tempest.lib.common.rest_client [req-40dd6005-0b3f-4025-bc75-d188774e4d2c req-40dd6005-0b3f-4025-bc75-d188774e4d2c ] Request (ImagesOneServerNegativeTestJSON:setUpClass): 200 GET http://10.180.1.21/compute/v2.1/servers/7e16196d-3828-42e8-908f-6ce485005ef7 0.140s
2025-11-12 22:18:33.150 66073 INFO tempest.lib.common.rest_client [req-367f119f-c701-4168-9053-1e9f6f1dfd1e req-367f119f-c701-4168-9053-1e9f6f1dfd1e ] Request (ListImageFiltersTestJSON:setUpClass): 200 GET http://10.180.1.21/compute/v2.1/servers/046cc395-c6c0-4226-82b4-78b8b7a4b28f 0.065s
2025-11-12 22:18:33.236 66086 INFO tempest.lib.common.rest_client [req-4004ee63-b365-4d17-b5f0-526ef1e7226d req-4004ee63-b365-4d17-b5f0-526ef1e7226d ] Request (ServersListShow298Test:tearDownClass): 200 GET http://10.180.1.21/compute/v2.1/servers/701a4767-40e4-4986-87b8-5626f12c09c8 0.149s
2025-11-12 22:18:33.258 66078 INFO tempest.lib.common.rest_client [req-d7114970-241c-4d6b-8bbb-fd1437c8537c req-d7114970-241c-4d6b-8bbb-fd1437c8537c ] Request (ServerAddressesTestJSON:setUpClass): 200 GET http://10.180.1.21/compute/v2.1/servers/f96aba17-db96-42c5-8f9d-e658836964e2 0.065s
2025-11-12 22:18:33.339 66044 INFO tempest.lib.common.rest_client [req-b880ff08-34ca-4ad6-ad18-10d8ffa9b7cf req-b880ff08-34ca-4ad6-ad18-10d8ffa9b7cf ] Request (ServersTestManualDisk:setUpClass): 200 GET http://10.180.1.21/compute/v2.1/servers/d461fe07-bb69-4ed6-87b5-f7713a3d8d87 0.075s
2025-11-12 22:18:33.399 66052 INFO tempest.lib.common.rest_client [req-051b33f0-c1fe-4b93-876f-84e301967921 req-051b33f0-c1fe-4b93-876f-84e301967921 ] Request (ImagesTestJSON:test_create_image_from_suspended_server): 200 GET http://10.180.1.21/compute/v2.1/servers/f819cf33-cf4f-4c7e-a3fd-d8123c887d13 0.071s
2025-11-12 22:18:33.450 66060 INFO tempest.lib.common.rest_client [req-8e3a933a-e881-4fd2-9ba8-da25c57470ba req-8e3a933a-e881-4fd2-9ba8-da25c57470ba ] Request (ServersTestMultiNic:test_verify_multiple_nics_order): 200 GET http://10.180.1.21/compute/v2.1/servers/5d26bfd8-ea2d-42a5-96c2-eb286879f285 0.174s
2025-11-12 22:18:33.487 66046 INFO tempest.lib.common.rest_client [req-13fd17a0-2cde-486e-8eaf-293d91827381 req-13fd17a0-2cde-486e-8eaf-293d91827381 ] Request (ServersTestFqdnHostnames:tearDownClass): 200 GET http://10.180.1.21/compute/v2.1/servers/b25a07cb-6705-451f-b0b2-2a894a19973f 0.126s
2025-11-12 22:18:33.537 66040 INFO tempest.lib.common.rest_client [req-e32238a1-5ea9-4b1b-a1aa-e801affb4717 req-e32238a1-5ea9-4b1b-a1aa-e801affb4717 ] Request (ServerDiskConfigTestJSON:test_resize_server_from_auto_to_manual): 200 GET http://10.180.1.21/compute/v2.1/servers/88f2f60d-dfa2-443f-8898-828a981dd892 0.144s
2025-11-12 22:18:33.558 66050 INFO tempest.lib.common.rest_client [req-cc8ba2c3-4e94-4d52-bdf4-3d687406fd24 req-cc8ba2c3-4e94-4d52-bdf4-3d687406fd24 ] Request (SecurityGroupsTestJSON:test_server_security_groups): 200 GET http://10.180.1.21/compute/v2.1/servers/90377147-ddaa-438f-947f-52e103119ea9 0.137s
2025-11-12 22:18:33.605 66074 INFO tempest.lib.common.rest_client [req-4b6df0ed-9907-4536-8ee9-577acec66e40 req-4b6df0ed-9907-4536-8ee9-577acec66e40 ] Request (ServersAdminNegativeTestJSON:test_migrate_server_invalid_state): 200 GET http://10.180.1.21/compute/v2.1/servers/56242228-58b4-446d-9996-525ebbeb7277 0.149s
2025-11-12 22:18:33.622 66064 INFO tempest.lib.common.rest_client [req-89e30cd7-6e29-43e2-93da-aeafa42a548b req-89e30cd7-6e29-43e2-93da-aeafa42a548b ] Request (FloatingIPsAssociationNegativeTestJSON:tearDownClass): 200 GET http://10.180.1.21/compute/v2.1/servers/b72dc1eb-4583-43fc-9fab-4136b4a15f4d 0.144s
2025-11-12 22:18:33.713 66066 INFO tempest.lib.common.rest_client [req-e5d3e0f0-b467-41b8-af06-436311479050 req-e5d3e0f0-b467-41b8-af06-436311479050 ] Request (MigrationsAdminTest:test_resize_server_revert_deleted_flavor): 200 GET http://10.180.1.21/compute/v2.1/servers/acafc31d-e364-49b5-aa41-e69c023b0609 0.119s
2025-11-12 22:18:33.756 66048 WARNING tempest.lib.common.ssh [-] Failed to establish authenticated ssh connection to cirros@10.180.180.162 ([Errno None] Unable to connect to port 22 on 10.180.180.162). Number attempts: 1. Retry after 2 seconds.: paramiko.ssh_exception.NoValidConnectionsError: [Errno None] Unable to connect to port 22 on 10.180.180.162
2025-11-12 22:18:33.763 66068 INFO tempest.lib.common.rest_client [req-e602047c-9473-4c9a-8142-e9d0b845f2a6 req-e602047c-9473-4c9a-8142-e9d0b845f2a6 ] Request (ServerActionsTestJSON:test_lock_unlock_server): 200 GET http://10.180.1.21/compute/v2.1/servers/af31ccbf-430b-401e-b207-3b259c41eb5f 0.115s
2025-11-12 22:18:33.847 66034 INFO tempest.lib.common.rest_client [req-68eabfe4-be8f-42b5-aefd-8bec234349ce req-68eabfe4-be8f-42b5-aefd-8bec234349ce ] Request (ServerRescueTestJSON:setUpClass): 200 GET http://10.180.1.21/compute/v2.1/servers/f87f0ea1-8285-4ceb-a8dc-1d1ed92b0b3d 0.142s
2025-11-12 22:18:33.901 66092 INFO tempest.lib.common.rest_client [req-59b64d18-0ae3-4de6-8ff6-b0bb20084794 req-59b64d18-0ae3-4de6-8ff6-b0bb20084794 ] Request (AttachInterfacesUnderV243Test:test_add_remove_fixed_ip): 200 GET http://10.180.1.21/compute/v2.1/servers/9d338900-bb5e-42f7-9781-a00def282735 0.122s
2025-11-12 22:18:33.924 66082 INFO tempest.lib.common.rest_client [req-26e819ec-8567-4976-bafb-a708be3c9f35 req-26e819ec-8567-4976-bafb-a708be3c9f35 ] Request (AttachVolumeShelveTestJSON:test_attach_volume_shelved_or_offload_server): 200 GET http://10.180.1.21/compute/v2.1/servers/75cb9853-acc1-44e5-9943-487862c49893 0.154s
2025-11-12 22:18:33.965 66094 INFO tempest.lib.common.rest_client [req-91fc0863-b3c7-4089-9e0a-b5da1da13d07 req-91fc0863-b3c7-4089-9e0a-b5da1da13d07 ] Request (AttachInterfacesTestJSON:test_create_list_show_delete_interfaces_by_network_port): 200 GET http://10.180.1.21/compute/v2.1/servers/ee530ea1-d844-423e-a400-4ab1db80d7ec 0.143s
2025-11-12 22:18:34.040 66036 INFO tempest.lib.common.rest_client [req-a253bf77-5489-4e6a-90ee-f144335e3e97 req-a253bf77-5489-4e6a-90ee-f144335e3e97 ] Request (ServersAdminTestJSON:tearDownClass): 200 GET http://10.180.1.21/compute/v2.1/servers/3219e539-28df-48e2-9bfc-9188070d6f6d 0.080s
2025-11-12 22:18:34.093 66042 INFO tempest.lib.common.rest_client [req-71b36e5e-8484-450b-9aa7-4fa1d17513ca req-71b36e5e-8484-450b-9aa7-4fa1d17513ca ] Request (ListServerFiltersTestJSON:setUpClass): 200 GET http://10.180.1.21/compute/v2.1/servers/ed65f80a-3e6e-46d3-860d-cbb2e45979e8 0.067s
2025-11-12 22:18:34.101 66042 INFO tempest.common.waiters [-] State transition "BUILD/None" ==> "BUILD/networking" after 39 second wait
