2025-11-12 22:45:48.120 65717 INFO tempest.lib.common.rest_client [req-a3f15d7d-488c-421d-846f-bac5a7ca4438 req-a3f15d7d-488c-421d-846f-bac5a7ca4438 ] Request (ServerMetadataNegativeTestJSON:test_server_create_metadata_key_too_long): 201 POST http://10.180.1.21/identity/v3/auth/tokens 0.052s
2025-11-12 22:45:48.121 65717 INFO tempest.lib.common.fixed_network [-] (ServerMetadataNegativeTestJSON:test_server_create_metadata_key_too_long) Found network {'id': '561721fc-68d1-47c2-b30d-de3a03b32094', 'name': 'tempest-ServerMetadataNegativeTestJSON-822447954-network', 'tenant_id': 'a500f07a07184a3795672a0cdbbcd7ab', 'project_id': 'a500f07a07184a3795672a0cdbbcd7ab', 'admin_state_up': True, 'mtu': 8950, 'status': 'ACTIVE', 'subnets': [], 'shared': False, 'port_security_enabled': True, 'router:external': False, 'provider:network_type': 'vlan', 'provider:physical_network': 'default', 'provider:segmentation_id': 10, 'availability_zone_hints': [], 'availability_zones': [], 'ipv4_address_scope': None, 'ipv6_address_scope': None, 'description': '', 'tags': [], 'created_at': '2025-11-12T22:44:22Z', 'updated_at': '2025-11-12T22:44:22Z', 'revision_number': 1} available for tenant
2025-11-12 22:45:48.133 65717 INFO tempest.lib.common.rest_client [req-48039035-fb10-4c75-bc24-a71cacb8621d req-48039035-fb10-4c75-bc24-a71cacb8621d ] Request (ServerMetadataNegativeTestJSON:test_server_create_metadata_key_too_long): 400 POST http://10.180.1.21/compute/v2.1/servers 0.011s
2025-11-12 22:45:48.135 65715 INFO tempest.lib.common.rest_client [req-5b5b714d-1561-45fb-8478-6dd498d5978f req-5b5b714d-1561-45fb-8478-6dd498d5978f ] Request (MultipleCreateTestJSON:test_multiple_create_with_reservation_return): 200 GET http://10.180.1.21/compute/v2.1/servers/34519e5e-a55c-41b2-94dd-966f0dc604a1 0.242s
2025-11-12 22:45:48.176 65717 INFO tempest.lib.common.rest_client [req-9376408e-85bc-45ce-9e05-121d2e0fbd15 req-9376408e-85bc-45ce-9e05-121d2e0fbd15 ] Request (ServerMetadataNegativeTestJSON:test_server_create_metadata_key_too_long): 201 POST http://10.180.1.21/identity/v3/auth/tokens 0.039s
2025-11-12 22:45:48.177 65717 INFO tempest.lib.common.fixed_network [-] (ServerMetadataNegativeTestJSON:test_server_create_metadata_key_too_long) Found network {'id': '561721fc-68d1-47c2-b30d-de3a03b32094', 'name': 'tempest-ServerMetadataNegativeTestJSON-822447954-network', 'tenant_id': 'a500f07a07184a3795672a0cdbbcd7ab', 'project_id': 'a500f07a07184a3795672a0cdbbcd7ab', 'admin_state_up': True, 'mtu': 8950, 'status': 'ACTIVE', 'subnets': [], 'shared': False, 'port_security_enabled': True, 'router:external': False, 'provider:network_type': 'vlan', 'provider:physical_network': 'default', 'provider:segmentation_id': 10, 'availability_zone_hints': [], 'availability_zones': [], 'ipv4_address_scope': None, 'ipv6_address_scope': None, 'description': '', 'tags': [], 'created_at': '2025-11-12T22:44:22Z', 'updated_at': '2025-11-12T22:44:22Z', 'revision_number': 1} available for tenant
2025-11-12 22:45:48.256 65709 INFO tempest.lib.common.rest_client [req-adf5618b-cd74-4b73-873c-167eb9105c9d req-adf5618b-cd74-4b73-873c-167eb9105c9d ] Request (ListImageFiltersTestJSON:setUpClass): 204 PUT http://10.180.1.21/image/v2/images/aa6baaf0-5313-4482-b414-b1a1334df89b/file 0.776s
2025-11-12 22:45:48.298 65705 INFO tempest.lib.common.rest_client [req-5d460a4c-ac45-41de-9bef-7d806008c2e7 req-5d460a4c-ac45-41de-9bef-7d806008c2e7 ] Request (ServerDiagnosticsTest:test_get_server_diagnostics): 200 GET http://10.180.1.21/compute/v2.1/servers/3bc761e0-7769-416d-82bf-39b04e2b9f68 0.140s
2025-11-12 22:45:48.304 65717 INFO tempest.lib.common.rest_client [req-fbaa0d94-a960-47a4-bebf-14968986e47d req-fbaa0d94-a960-47a4-bebf-14968986e47d ] Request (ServerMetadataNegativeTestJSON:test_server_create_metadata_key_too_long): 400 POST http://10.180.1.21/compute/v2.1/servers 0.126s
2025-11-12 22:45:48.329 65697 INFO tempest.lib.common.rest_client [req-cd702846-db9e-46c4-8918-ccd1b4b8fbe2 req-cd702846-db9e-46c4-8918-ccd1b4b8fbe2 ] Request (ListServerFiltersTestJSON:test_list_servers_filter_by_shutoff_status): 200 GET http://10.180.1.21/compute/v2.1/servers/ffda67b3-dff3-4bb8-bff6-e111da32601a 0.187s
2025-11-12 22:45:48.337 65697 INFO tempest.common.waiters [-] State transition "SHUTOFF/powering-on" ==> "ACTIVE/None" after 6 second wait
2025-11-12 22:45:48.345 65709 INFO tempest.lib.common.rest_client [req-ab3c93a7-d9da-4ba1-a52e-034573f89c19 req-ab3c93a7-d9da-4ba1-a52e-034573f89c19 ] Request (ListImageFiltersTestJSON:setUpClass): 200 GET http://10.180.1.21/compute/v2.1/images/aa6baaf0-5313-4482-b414-b1a1334df89b 0.088s
2025-11-12 22:45:48.352 65697 INFO tempest.lib.common.rest_client [req-8a894226-990b-4096-b33e-6d535e4a0a62 req-8a894226-990b-4096-b33e-6d535e4a0a62 ] Request (ListServerFiltersTestJSON:test_list_servers_filter_by_zero_limit): 200 GET http://10.180.1.21/compute/v2.1/servers?limit=0 0.013s
2025-11-12 22:45:48.359 65717 INFO tempest.lib.common.rest_client [req-50940e91-ce59-46ec-82b6-6bca8d79d543 req-50940e91-ce59-46ec-82b6-6bca8d79d543 ] Request (ServerMetadataNegativeTestJSON:test_server_create_metadata_key_too_long): 201 POST http://10.180.1.21/identity/v3/auth/tokens 0.053s
2025-11-12 22:45:48.360 65717 INFO tempest.lib.common.fixed_network [-] (ServerMetadataNegativeTestJSON:test_server_create_metadata_key_too_long) Found network {'id': '561721fc-68d1-47c2-b30d-de3a03b32094', 'name': 'tempest-ServerMetadataNegativeTestJSON-822447954-network', 'tenant_id': 'a500f07a07184a3795672a0cdbbcd7ab', 'project_id': 'a500f07a07184a3795672a0cdbbcd7ab', 'admin_state_up': True, 'mtu': 8950, 'status': 'ACTIVE', 'subnets': [], 'shared': False, 'port_security_enabled': True, 'router:external': False, 'provider:network_type': 'vlan', 'provider:physical_network': 'default', 'provider:segmentation_id': 10, 'availability_zone_hints': [], 'availability_zones': [], 'ipv4_address_scope': None, 'ipv6_address_scope': None, 'description': '', 'tags': [], 'created_at': '2025-11-12T22:44:22Z', 'updated_at': '2025-11-12T22:44:22Z', 'revision_number': 1} available for tenant
2025-11-12 22:45:48.405 65709 INFO tempest.lib.common.rest_client [req-1177098b-a3e5-45fb-8e07-59ff7410e014 req-1177098b-a3e5-45fb-8e07-59ff7410e014 ] Request (ListImageFiltersTestJSON:setUpClass): 200 GET http://10.180.1.21/compute/v2.1/images/aa6baaf0-5313-4482-b414-b1a1334df89b 0.056s
2025-11-12 22:45:48.419 65717 INFO tempest.lib.common.rest_client [req-afd3c124-ad45-4d29-bf6f-36237329678d req-afd3c124-ad45-4d29-bf6f-36237329678d ] Request (ServerMetadataNegativeTestJSON:test_server_create_metadata_key_too_long): 400 POST http://10.180.1.21/compute/v2.1/servers 0.059s
2025-11-12 22:45:48.435 65717 INFO tempest.lib.common.rest_client [req-0086cfe2-f4db-4c94-b999-2b4ed97caa02 req-0086cfe2-f4db-4c94-b999-2b4ed97caa02 ] Request (ServerMetadataNegativeTestJSON:test_server_metadata_non_existent_server): 404 GET http://10.180.1.21/compute/v2.1/servers/946a9318-2c1b-4105-bef0-d2e51f6b7c20/metadata/test2 0.014s
2025-11-12 22:45:48.447 65677 WARNING tempest.lib.common.ssh [-] Failed to establish authenticated ssh connection to cirros@10.180.180.235 ([Errno None] Unable to connect to port 22 on 10.180.180.235). Number attempts: 2. Retry after 3 seconds.: paramiko.ssh_exception.NoValidConnectionsError: [Errno None] Unable to connect to port 22 on 10.180.180.235
2025-11-12 22:45:48.473 65717 INFO tempest.lib.common.rest_client [req-cac221dc-3ada-483d-8196-ebcc475b72a8 req-cac221dc-3ada-483d-8196-ebcc475b72a8 ] Request (ServerMetadataNegativeTestJSON:test_set_metadata_invalid_key): 400 PUT http://10.180.1.21/compute/v2.1/servers/cfa9853f-1dfb-466b-bf5f-d573d8fafa43/metadata/key 0.035s
2025-11-12 22:45:48.491 65717 INFO tempest.lib.common.rest_client [req-01d01ac1-081a-4019-bc0d-77e3eff47627 req-01d01ac1-081a-4019-bc0d-77e3eff47627 ] Request (ServerMetadataNegativeTestJSON:test_set_metadata_non_existent_server): 404 PUT http://10.180.1.21/compute/v2.1/servers/7f54c6de-2afc-4cf9-94bc-30d8892f6cfa/metadata 0.016s
2025-11-12 22:45:48.502 65717 INFO tempest.lib.common.rest_client [req-b3d9bff5-6886-47e6-9aa2-fd015b413edf req-b3d9bff5-6886-47e6-9aa2-fd015b413edf ] Request (ServerMetadataNegativeTestJSON:test_set_server_metadata_blank_key): 400 PUT http://10.180.1.21/compute/v2.1/servers/cfa9853f-1dfb-466b-bf5f-d573d8fafa43/metadata 0.010s
2025-11-12 22:45:48.553 65697 INFO tempest.lib.common.rest_client [req-d5d0b4df-4b15-410e-8292-ad662269af90 req-d5d0b4df-4b15-410e-8292-ad662269af90 ] Request (ListServerFiltersTestJSON:test_list_servers_filtered_by_ip): 200 GET http://10.180.1.21/compute/v2.1/servers/ffda67b3-dff3-4bb8-bff6-e111da32601a 0.199s
2025-11-12 22:45:48.559 65717 INFO tempest.lib.common.rest_client [req-f75cfce6-7e4c-488e-887a-a9b77391d188 req-f75cfce6-7e4c-488e-887a-a9b77391d188 ] Request (ServerMetadataNegativeTestJSON:test_set_server_metadata_missing_metadata): 400 PUT http://10.180.1.21/compute/v2.1/servers/cfa9853f-1dfb-466b-bf5f-d573d8fafa43/metadata 0.056s
2025-11-12 22:45:48.587 65701 INFO tempest.lib.common.rest_client [req-357f48c6-ce53-45b2-b84d-cbefd24fa120 req-357f48c6-ce53-45b2-b84d-cbefd24fa120 ] Request (ImagesTestJSON:test_create_image_from_suspended_server): 200 GET http://10.180.1.21/compute/v2.1/servers/cc42f9f5-82f4-445c-b0ee-acde52df7be0 0.092s
2025-11-12 22:45:48.619 65731 INFO tempest.lib.common.rest_client [req-097bb2d8-11af-4d5c-9aa3-501796a7fa7c req-097bb2d8-11af-4d5c-9aa3-501796a7fa7c ] Request (ImagesOneServerNegativeTestJSON:_run_cleanups): 200 GET http://10.180.1.21/compute/v2.1/servers/a3b94e9e-82d4-4a53-9794-ef59a72409bf 0.106s
2025-11-12 22:45:48.628 65717 INFO tempest.lib.common.rest_client [req-2bd06284-48e2-48f9-a98c-4e2ede07fd44 req-2bd06284-48e2-48f9-a98c-4e2ede07fd44 ] Request (ServerMetadataNegativeTestJSON:test_update_metadata_non_existent_server): 404 POST http://10.180.1.21/compute/v2.1/servers/4a9e129a-62a5-40c3-a22b-85f856a8208f/metadata 0.067s
2025-11-12 22:45:48.672 65707 INFO tempest.lib.common.rest_client [req-68e05847-4372-4b92-956b-4ef3523d4650 req-68e05847-4372-4b92-956b-4ef3523d4650 ] Request (ServersTestMultiNic:test_verify_duplicate_network_nics): 200 GET http://10.180.1.21/compute/v2.1/servers/14ca3d2e-14f9-4cf8-9700-5a16eee2a87c 0.115s
2025-11-12 22:45:48.781 65703 INFO tempest.lib.common.rest_client [req-9aa77bf5-87b8-4aea-b5f4-cbbd2b7086ff req-9aa77bf5-87b8-4aea-b5f4-cbbd2b7086ff ] Request (ServerRescueNegativeTestJSON:test_rescued_vm_detach_volume): 200 GET http://10.180.1.21/compute/v2.1/servers/2ae1dcc9-e569-47db-89e7-c4d4d576ff34 0.164s
2025-11-12 22:45:48.787 65717 INFO tempest.lib.common.rest_client [req-105e308b-f955-48e1-b833-125747da9e15 req-105e308b-f955-48e1-b833-125747da9e15 ] Request (ServerMetadataNegativeTestJSON:test_update_metadata_with_blank_key): 400 POST http://10.180.1.21/compute/v2.1/servers/cfa9853f-1dfb-466b-bf5f-d573d8fafa43/metadata 0.158s
2025-11-12 22:45:48.788 65703 INFO tempest.common.waiters [-] State transition "BUILD/scheduling" ==> "BUILD/None" after 28 second wait
2025-11-12 22:45:48.806 65697 INFO tempest.lib.common.rest_client [req-80cee351-60d1-410e-87a8-8c96b30afb31 req-80cee351-60d1-410e-87a8-8c96b30afb31 ] Request (ListServerFiltersTestJSON:test_list_servers_filtered_by_ip): 200 GET http://10.180.1.21/compute/v2.1/servers/158d47e7-5adc-4942-9ced-e17189142d72 0.241s
2025-11-12 22:45:48.840 65709 INFO tempest.lib.common.rest_client [req-544375d6-7429-4dc2-9a7f-95734e78d0c4 req-544375d6-7429-4dc2-9a7f-95734e78d0c4 ] Request (ListImageFiltersTestJSON:setUpClass): 201 POST http://10.180.1.21/image/v2/images 0.431s
2025-11-12 22:45:48.898 65685 INFO tempest.lib.common.rest_client [req-64f395da-0e79-420f-a5e9-6906e1ac0ed6 req-64f395da-0e79-420f-a5e9-6906e1ac0ed6 ] Request (VolumesAssistedSnapshotsTest:test_volume_assisted_snapshot_create_delete): 200 GET http://10.180.1.21/compute/v2.1/servers/081bd257-b8e4-4ff4-bc11-6d92a6c6c78a 0.229s
2025-11-12 22:45:48.922 65695 INFO tempest.lib.common.rest_client [req-02b1dead-7dc2-46f3-bac0-cb15fbc4d3f3 req-02b1dead-7dc2-46f3-bac0-cb15fbc4d3f3 ] Request (AttachVolumeNegativeTest:test_attach_attached_volume_to_different_server): 200 GET http://10.180.1.21/volume/v3/volumes/ac8f4fcd-5617-4be5-9349-18bd1d144a85 0.037s
2025-11-12 22:45:48.929 65695 INFO tempest.common.waiters [-] Attachment f8afe55e-938c-4882-9e8a-045e76afb3a6 created for volume ac8f4fcd-5617-4be5-9349-18bd1d144a85 to server 846828fb-ac3e-49dc-850a-816031eaebb1 after waiting for 7.929270 seconds
2025-11-12 22:45:48.935 65721 INFO tempest.lib.common.rest_client [req-5f145fff-357c-42ad-b747-76469b8b7948 req-5f145fff-357c-42ad-b747-76469b8b7948 ] Request (ServersTestJSON:setUpClass): 200 GET http://10.180.1.21/compute/v2.1/servers/764c787e-0958-4b9c-84bb-2ce472c712bd 0.282s
2025-11-12 22:45:48.945 65721 INFO tempest.common.waiters [-] State transition "BUILD/spawning" ==> "ACTIVE/None" after 73 second wait
2025-11-12 22:45:48.968 65695 INFO tempest.lib.common.rest_client [req-2d96275e-7071-4298-bc8a-5cb784264c37 req-2d96275e-7071-4298-bc8a-5cb784264c37 ] Request (AttachVolumeNegativeTest:test_attach_attached_volume_to_different_server): 200 GET http://10.180.1.21/volume/v3/volumes/ac8f4fcd-5617-4be5-9349-18bd1d144a85 0.034s
2025-11-12 22:45:48.977 65695 INFO tempest.common.waiters [-] volume ac8f4fcd-5617-4be5-9349-18bd1d144a85 reached in-use after waiting for 0.977334 seconds
2025-11-12 22:45:48.980 65679 INFO tempest.lib.common.rest_client [req-d1b3ea9a-5599-42ae-bc94-9b68044a0e9a req-d1b3ea9a-5599-42ae-bc94-9b68044a0e9a ] Request (ListServersNegativeTestJSON:tearDownClass): 200 GET http://10.180.1.21/compute/v2.1/servers/a75e05b6-f88d-485d-8dca-c833e2f47486 0.232s
2025-11-12 22:45:49.024 65717 INFO tempest.lib.common.rest_client [req-07ed5363-a23e-438f-93d1-f6095104c2ba req-07ed5363-a23e-438f-93d1-f6095104c2ba ] Request (ServerMetadataNegativeTestJSON:tearDownClass): 204 DELETE http://10.180.1.21/compute/v2.1/servers/cfa9853f-1dfb-466b-bf5f-d573d8fafa43 0.235s
2025-11-12 22:45:49.126 65697 INFO tempest.lib.common.rest_client [req-a838d018-bc96-4195-8de1-182408ab76de req-a838d018-bc96-4195-8de1-182408ab76de ] Request (ListServerFiltersTestJSON:test_list_servers_filtered_by_ip): 200 GET http://10.180.1.21/compute/v2.1/servers/8ff0e0fa-42ab-42c9-9346-3ee9a7400cdd 0.311s
2025-11-12 22:45:49.157 65737 INFO tempest.lib.common.rest_client [req-c820d1be-1dd7-4f94-a73e-e100052cf984 req-c820d1be-1dd7-4f94-a73e-e100052cf984 ] Request (MigrationsAdminTest:test_resize_server_revert_deleted_flavor): 200 GET http://10.180.1.21/compute/v2.1/servers/2afe03d3-aa3f-4621-a360-4715ccc395c4 0.336s
2025-11-12 22:45:49.218 65711 INFO tempest.lib.common.rest_client [req-e98d14b5-7e2b-472b-a1b5-1d65b170d7f1 req-e98d14b5-7e2b-472b-a1b5-1d65b170d7f1 ] Request (AttachInterfacesTestJSON:_run_cleanups): 200 GET http://10.180.1.21/compute/v2.1/servers/5e58ad68-c04d-4479-ba9c-f571055bb014 0.380s
2025-11-12 22:45:49.239 65687 INFO tempest.lib.common.rest_client [req-8cd29e30-0a2d-43c9-9ffc-5accf60ea367 req-8cd29e30-0a2d-43c9-9ffc-5accf60ea367 ] Request (ImagesOneServerTestJSON:tearDownClass): 200 GET http://10.180.1.21/compute/v2.1/servers/dd91b8fd-1d7e-4eed-a019-92aff29144e8 0.329s
2025-11-12 22:45:49.277 65727 INFO tempest.lib.common.rest_client [req-67234e7f-f80a-4bba-95cf-fd62d2ab550c req-67234e7f-f80a-4bba-95cf-fd62d2ab550c ] Request (AttachVolumeShelveTestJSON:test_attach_volume_shelved_or_offload_server): 200 GET http://10.180.1.21/compute/v2.1/servers/2129d341-9628-4bbe-abd9-044873852f39 0.349s
2025-11-12 22:45:49.292 65727 INFO tempest.common.waiters [-] State transition "BUILD/scheduling" ==> "BUILD/None" after 29 second wait
2025-11-12 22:45:49.318 65695 INFO tempest.lib.common.rest_client [req-03a14cf1-0368-4a78-8b88-f8b021af896f req-03a14cf1-0368-4a78-8b88-f8b021af896f ] Request (ValidationResourcesFixture:setUp): 200 POST http://10.180.1.21/compute/v2.1/os-keypairs 0.340s
2025-11-12 22:45:49.330 65721 INFO tempest.lib.common.rest_client [req-b74eaf39-5b57-4ad9-b5d1-e09f11a9f01f req-b74eaf39-5b57-4ad9-b5d1-e09f11a9f01f ] Request (ServersTestJSON:setUpClass): 200 GET http://10.180.1.21/compute/v2.1/servers/764c787e-0958-4b9c-84bb-2ce472c712bd/os-interface 0.385s
2025-11-12 22:45:49.400 65699 INFO tempest.lib.common.rest_client [req-2a241094-807e-4f4f-a90c-c72dbd69b238 req-2a241094-807e-4f4f-a90c-c72dbd69b238 ] Request (ServersTestFqdnHostnames:setUpClass): 200 PUT http://10.180.1.21/networking/v2.0/routers/89689a61-dd4a-4600-8bf2-e0395ef04c71/add_router_interface 1.463s
2025-11-12 22:45:49.400 65699 INFO tempest.lib.common.dynamic_creds [-] Created isolated network resources for: credentials: Credentials: {'domain_id': 'default', 'domain_name': 'Default', 'username': 'tempest-ServersTestFqdnHostnames-2024572211-project-member', 'project_domain_id': 'default', 'project_domain_name': 'Default', 'project_id': '9b615384a40143f5b8ec33919dbdca94', 'project_name': 'tempest-ServersTestFqdnHostnames-2024572211', 'tenant_id': '9b615384a40143f5b8ec33919dbdca94', 'tenant_name': 'tempest-ServersTestFqdnHostnames-2024572211', 'user_domain_id': 'default', 'user_domain_name': 'Default', 'user_id': 'f35d87472da9470d87cb3f5c68795d4b', 'system': None}, Network: {'id': 'a1c95153-0a2f-4b92-b09d-68a6a51d7a28', 'name': 'tempest-ServersTestFqdnHostnames-965843151-network', 'tenant_id': '9b615384a40143f5b8ec33919dbdca94', 'project_id': '9b615384a40143f5b8ec33919dbdca94', 'admin_state_up': True, 'mtu': 8950, 'status': 'ACTIVE', 'subnets': [], 'shared': False, 'port_security_enabled': True, 'router:external': False, 'provider:network_type': 'vlan', 'provider:physical_network': 'default', 'provider:segmentation_id': 892, 'availability_zone_hints': [], 'availability_zones': [], 'ipv4_address_scope': None, 'ipv6_address_scope': None, 'description': '', 'tags': [], 'created_at': '2025-11-12T22:45:46Z', 'updated_at': '2025-11-12T22:45:46Z', 'revision_number': 1}, Subnet: {'id': 'ea1b130d-1976-43ba-a22c-5d6fa1dcc144', 'name': 'tempest-ServersTestFqdnHostnames-965843151-subnet', 'tenant_id': '9b615384a40143f5b8ec33919dbdca94', 'network_id': 'a1c95153-0a2f-4b92-b09d-68a6a51d7a28', 'ip_version': 4, 'subnetpool_id': None, 'enable_dhcp': True, 'ipv6_ra_mode': None, 'ipv6_address_mode': None, 'gateway_ip': '192.168.128.1', 'cidr': '192.168.128.0/28', 'allocation_pools': [{'start': '192.168.128.2', 'end': '192.168.128.14'}], 'host_routes': [], 'dns_nameservers': [], 'description': '', 'router:external': False, 'service_types': [], 'tags': [], 'created_at': '2025-11-12T22:45:46Z', 'updated_at': '2025-11-12T22:45:46Z', 'revision_number': 0, 'project_id': '9b615384a40143f5b8ec33919dbdca94'}, Router: {'id': '89689a61-dd4a-4600-8bf2-e0395ef04c71', 'name': 'tempest-ServersTestFqdnHostnames-965843151-router', 'tenant_id': '9b615384a40143f5b8ec33919dbdca94', 'admin_state_up': True, 'status': 'ACTIVE', 'external_gateway_info': {'network_id': '861d3498-ed97-4fa1-b0b4-3327f100974b', 'external_fixed_ips': [{'subnet_id': '1d46f3d9-c55a-48a1-8b64-4b0d79a5de42', 'ip_address': '10.180.180.236'}], 'enable_snat': True}, 'description': '', 'availability_zones': [], 'distributed': False, 'ha': False, 'availability_zone_hints': [], 'routes': [], 'flavor_id': None, 'tags': [], 'created_at': '2025-11-12T22:45:47Z', 'updated_at': '2025-11-12T22:45:47Z', 'revision_number': 2, 'project_id': '9b615384a40143f5b8ec33919dbdca94'}
2025-11-12 22:45:49.445 65695 INFO tempest.lib.common.rest_client [req-680fbefc-ef78-4294-ac3b-5888b71f2f05 req-680fbefc-ef78-4294-ac3b-5888b71f2f05 ] Request (ValidationResourcesFixture:setUp): 201 POST http://10.180.1.21/networking/v2.0/security-groups 0.126s
2025-11-12 22:45:49.473 65725 INFO tempest.lib.common.rest_client [req-7b088fc0-fc1b-4b91-9b05-5f3e18fd9314 req-7b088fc0-fc1b-4b91-9b05-5f3e18fd9314 ] Request (SecurityGroupsTestJSON:test_server_security_groups): 200 GET http://10.180.1.21/compute/v2.1/servers/c14deced-1d42-4042-8f2b-68601790b89e 0.494s
2025-11-12 22:45:49.515 65699 INFO tempest.lib.common.rest_client [req-8a92c1b6-fedb-4ab3-82de-8618baa4eb0b req-8a92c1b6-fedb-4ab3-82de-8618baa4eb0b ] Request (ServersTestFqdnHostnames:setUpClass): 201 POST http://10.180.1.21/identity/v3/auth/tokens 0.111s
2025-11-12 22:45:49.539 65691 INFO tempest.lib.common.rest_client [req-ef2b63c8-5f66-480b-bb5f-54cda21692c0 req-ef2b63c8-5f66-480b-bb5f-54cda21692c0 ] Request (ServersAdminTestJSON:test_create_server_with_scheduling_hint): 200 GET http://10.180.1.21/compute/v2.1/servers/f3037fdb-046a-44cf-be44-069f231406a1 0.547s
2025-11-12 22:45:49.618 65695 INFO tempest.lib.common.rest_client [req-7955ca35-fc03-4f55-92c0-e76a8e53276c req-7955ca35-fc03-4f55-92c0-e76a8e53276c ] Request (ValidationResourcesFixture:setUp): 201 POST http://10.180.1.21/networking/v2.0/security-group-rules 0.173s
2025-11-12 22:45:49.721 65681 INFO tempest.lib.common.rest_client [req-eee206d0-3ddf-4b13-9d24-cf0b3082a348 req-eee206d0-3ddf-4b13-9d24-cf0b3082a348 ] Request (ServersAdminNegativeTestJSON:tearDownClass): 200 GET http://10.180.1.21/compute/v2.1/servers/46d105de-a26c-4f86-a3d2-d981e92d38bd 0.660s
2025-11-12 22:45:49.790 65695 INFO tempest.lib.common.rest_client [req-dc1ed38d-598d-4de9-9c90-77b1260dc363 req-dc1ed38d-598d-4de9-9c90-77b1260dc363 ] Request (ValidationResourcesFixture:setUp): 201 POST http://10.180.1.21/networking/v2.0/security-group-rules 0.171s
2025-11-12 22:45:49.906 65721 INFO tempest.lib.common.rest_client [req-dcba4258-8ee7-4780-854e-ca244ed09056 req-dcba4258-8ee7-4780-854e-ca244ed09056 ] Request (ServersTestJSON:setUpClass): 200 PUT http://10.180.1.21/networking/v2.0/floatingips/93e7885f-e340-42e0-be08-5fe5b83e50d8 0.573s
2025-11-12 22:45:49.951 65717 INFO tempest.lib.common.rest_client [req-fd421179-ba5f-41f8-8300-707ba15c40c2 req-fd421179-ba5f-41f8-8300-707ba15c40c2 ] Request (ServerMetadataNegativeTestJSON:tearDownClass): 200 GET http://10.180.1.21/compute/v2.1/servers/cfa9853f-1dfb-466b-bf5f-d573d8fafa43 0.926s
2025-11-12 22:45:49.988 65734 INFO tempest.lib.common.rest_client [req-44d88a7e-d87a-487c-a3ef-b78ce8d14a99 req-44d88a7e-d87a-487c-a3ef-b78ce8d14a99 ] Request (ServersV294TestFqdnHostnames:setUpClass): 200 GET http://10.180.1.21/compute/v2.1/servers/6316172d-91a8-4c32-b7f3-8b873f8d3ce3 0.890s
2025-11-12 22:45:50.217 65715 INFO tempest.lib.common.rest_client [req-c0d2e816-4c94-4bad-befc-d3019191d4b2 req-c0d2e816-4c94-4bad-befc-d3019191d4b2 ] Request (MultipleCreateTestJSON:test_multiple_create_with_reservation_return): 200 GET http://10.180.1.21/compute/v2.1/servers/34519e5e-a55c-41b2-94dd-966f0dc604a1 1.075s
2025-11-12 22:45:50.471 65695 INFO tempest.lib.common.rest_client [req-ad3ea7bb-cacc-4e50-934e-c31c77abe4ac req-ad3ea7bb-cacc-4e50-934e-c31c77abe4ac ] Request (ValidationResourcesFixture:setUp): 201 POST http://10.180.1.21/networking/v2.0/floatingips 0.680s
2025-11-12 22:45:50.544 65695 INFO tempest.lib.common.rest_client [req-f44d4051-857f-41a7-b8c6-b89eea9c8335 req-f44d4051-857f-41a7-b8c6-b89eea9c8335 ] Request (AttachVolumeNegativeTest:test_attach_attached_volume_to_different_server): 201 POST http://10.180.1.21/identity/v3/auth/tokens 0.069s
2025-11-12 22:45:50.544 65695 INFO tempest.lib.common.fixed_network [-] (AttachVolumeNegativeTest:test_attach_attached_volume_to_different_server) Found network {'id': 'd8a606fd-d2f1-4ef6-bd55-7ddb2f3f06e1', 'name': 'tempest-AttachVolumeNegativeTest-128367329-network', 'tenant_id': '773d027cc30d461dbebeb04f293b0b83', 'project_id': '773d027cc30d461dbebeb04f293b0b83', 'admin_state_up': True, 'mtu': 8950, 'status': 'ACTIVE', 'subnets': [], 'shared': False, 'port_security_enabled': True, 'router:external': False, 'provider:network_type': 'vlan', 'provider:physical_network': 'default', 'provider:segmentation_id': 58, 'availability_zone_hints': [], 'availability_zones': [], 'ipv4_address_scope': None, 'ipv6_address_scope': None, 'description': '', 'tags': [], 'created_at': '2025-11-12T22:43:51Z', 'updated_at': '2025-11-12T22:43:51Z', 'revision_number': 1} available for tenant
2025-11-12 22:45:50.587 65705 INFO tempest.lib.common.rest_client [req-c7e1dc55-aed4-4551-96ce-7ca53a1c4924 req-c7e1dc55-aed4-4551-96ce-7ca53a1c4924 ] Request (ServerDiagnosticsTest:test_get_server_diagnostics): 200 GET http://10.180.1.21/compute/v2.1/servers/3bc761e0-7769-416d-82bf-39b04e2b9f68 1.276s
2025-11-12 22:45:50.655 65697 INFO tempest.lib.common.rest_client [req-7ec714d0-0bee-4097-93ba-f43ce213a5dc req-7ec714d0-0bee-4097-93ba-f43ce213a5dc ] Request (ListServerFiltersTestJSON:test_list_servers_filtered_by_ip): 200 GET http://10.180.1.21/compute/v2.1/servers?ip=192.168.128.12 1.518s
2025-11-12 22:45:50.718 65709 INFO tempest.lib.common.rest_client [req-5bbf97c1-c367-4cb3-a083-69926382f5de req-5bbf97c1-c367-4cb3-a083-69926382f5de ] Request (ListImageFiltersTestJSON:setUpClass): 204 PUT http://10.180.1.21/image/v2/images/d359e8b3-869f-4df9-8cf6-34223ab2d58c/file 0.877s
2025-11-12 22:45:50.735 65699 INFO tempest.lib.common.rest_client [req-bb2e1dfc-a962-4e09-b090-368bd2a4b1c3 req-bb2e1dfc-a962-4e09-b090-368bd2a4b1c3 ] Request (ServersTestFqdnHostnames:test_create_server_with_fqdn_name): 200 POST http://10.180.1.21/compute/v2.1/os-keypairs 1.217s
2025-11-12 22:45:50.741 65701 INFO tempest.lib.common.rest_client [req-0baaf51c-96b9-45f0-8fc6-f3bf837631f9 req-0baaf51c-96b9-45f0-8fc6-f3bf837631f9 ] Request (ImagesTestJSON:test_create_image_from_suspended_server): 200 GET http://10.180.1.21/compute/v2.1/servers/cc42f9f5-82f4-445c-b0ee-acde52df7be0 1.133s
2025-11-12 22:45:50.887 65699 INFO tempest.lib.common.rest_client [req-df8ea324-c33a-4c84-8266-d415bdd242eb req-df8ea324-c33a-4c84-8266-d415bdd242eb ] Request (ServersTestFqdnHostnames:test_create_server_with_fqdn_name): 201 POST http://10.180.1.21/networking/v2.0/security-groups 0.150s
2025-11-12 22:45:50.910 65707 INFO tempest.lib.common.rest_client [req-ad88cf41-76ab-4096-86e7-6d6022498add req-ad88cf41-76ab-4096-86e7-6d6022498add ] Request (ServersTestMultiNic:test_verify_duplicate_network_nics): 200 GET http://10.180.1.21/compute/v2.1/servers/14ca3d2e-14f9-4cf8-9700-5a16eee2a87c 1.226s
2025-11-12 22:45:50.925 65731 INFO tempest.lib.common.rest_client [req-da8a0052-d605-48e5-b900-ad9135c54b25 req-da8a0052-d605-48e5-b900-ad9135c54b25 ] Request (ImagesOneServerNegativeTestJSON:_run_cleanups): 200 GET http://10.180.1.21/compute/v2.1/servers/a3b94e9e-82d4-4a53-9794-ef59a72409bf 1.293s
2025-11-12 22:45:51.010 65699 INFO tempest.lib.common.rest_client [req-a1770318-d5ea-4ed7-9f12-2ab4969baeca req-a1770318-d5ea-4ed7-9f12-2ab4969baeca ] Request (ServersTestFqdnHostnames:test_create_server_with_fqdn_name): 201 POST http://10.180.1.21/networking/v2.0/security-group-rules 0.122s
2025-11-12 22:45:51.031 65703 INFO tempest.lib.common.rest_client [req-fa5d2cd8-0c84-4961-bb74-e274cef57bd3 req-fa5d2cd8-0c84-4961-bb74-e274cef57bd3 ] Request (ServerRescueNegativeTestJSON:test_rescued_vm_detach_volume): 200 GET http://10.180.1.21/compute/v2.1/servers/2ae1dcc9-e569-47db-89e7-c4d4d576ff34 1.241s
2025-11-12 22:45:51.162 65699 INFO tempest.lib.common.rest_client [req-d5c7642e-7003-42ec-b183-ac784017ee5d req-d5c7642e-7003-42ec-b183-ac784017ee5d ] Request (ServersTestFqdnHostnames:test_create_server_with_fqdn_name): 201 POST http://10.180.1.21/networking/v2.0/security-group-rules 0.152s
2025-11-12 22:45:51.262 65721 INFO tempest.lib.common.rest_client [req-365337c3-544f-4e8d-a29b-cd19a75d16b7 req-365337c3-544f-4e8d-a29b-cd19a75d16b7 ] Request (ServersTestJSON:setUpClass): 200 GET http://10.180.1.21/compute/v2.1/servers/764c787e-0958-4b9c-84bb-2ce472c712bd 1.356s
2025-11-12 22:45:51.272 65721 INFO tempest.lib.common.ssh [-] Creating ssh connection to '10.180.180.204:22' as 'cirros' with public key authentication
2025-11-12 22:45:51.627 65699 INFO tempest.lib.common.rest_client [req-2aee831c-3c92-4c3d-a9d9-b366a8abbf91 req-2aee831c-3c92-4c3d-a9d9-b366a8abbf91 ] Request (ServersTestFqdnHostnames:test_create_server_with_fqdn_name): 201 POST http://10.180.1.21/networking/v2.0/floatingips 0.464s
2025-11-12 22:45:51.662 65699 INFO tempest.lib.common.rest_client [req-08f63e71-8059-4ae0-b353-70055da32040 req-08f63e71-8059-4ae0-b353-70055da32040 ] Request (ServersTestFqdnHostnames:test_create_server_with_fqdn_name): 201 POST http://10.180.1.21/identity/v3/auth/tokens 0.031s
2025-11-12 22:45:51.662 65699 INFO tempest.lib.common.fixed_network [-] (ServersTestFqdnHostnames:test_create_server_with_fqdn_name) Found network {'id': 'a1c95153-0a2f-4b92-b09d-68a6a51d7a28', 'name': 'tempest-ServersTestFqdnHostnames-965843151-network', 'tenant_id': '9b615384a40143f5b8ec33919dbdca94', 'project_id': '9b615384a40143f5b8ec33919dbdca94', 'admin_state_up': True, 'mtu': 8950, 'status': 'ACTIVE', 'subnets': [], 'shared': False, 'port_security_enabled': True, 'router:external': False, 'provider:network_type': 'vlan', 'provider:physical_network': 'default', 'provider:segmentation_id': 892, 'availability_zone_hints': [], 'availability_zones': [], 'ipv4_address_scope': None, 'ipv6_address_scope': None, 'description': '', 'tags': [], 'created_at': '2025-11-12T22:45:46Z', 'updated_at': '2025-11-12T22:45:46Z', 'revision_number': 1} available for tenant
2025-11-12 22:45:51.721 65685 INFO tempest.lib.common.rest_client [req-7c820d29-d0da-40a8-926a-eac9e8d3d1ab req-7c820d29-d0da-40a8-926a-eac9e8d3d1ab ] Request (VolumesAssistedSnapshotsTest:test_volume_assisted_snapshot_create_delete): 200 GET http://10.180.1.21/compute/v2.1/servers/081bd257-b8e4-4ff4-bc11-6d92a6c6c78a 1.814s
2025-11-12 22:45:51.728 65685 INFO tempest.common.waiters [-] State transition "BUILD/None" ==> "BUILD/spawning" after 58 second wait
2025-11-12 22:45:51.729 65679 INFO tempest.lib.common.rest_client [req-adde0107-c422-4d8c-9932-79b2ac87fe68 req-adde0107-c422-4d8c-9932-79b2ac87fe68 ] Request (ListServersNegativeTestJSON:tearDownClass): 200 GET http://10.180.1.21/compute/v2.1/servers/a75e05b6-f88d-485d-8dca-c833e2f47486 1.735s
2025-11-12 22:45:51.928 65711 INFO tempest.lib.common.rest_client [req-7d55f4c4-9762-43a6-b012-bc6c43978a8f req-7d55f4c4-9762-43a6-b012-bc6c43978a8f ] Request (AttachInterfacesTestJSON:_run_cleanups): 200 GET http://10.180.1.21/compute/v2.1/servers/5e58ad68-c04d-4479-ba9c-f571055bb014 1.702s
2025-11-12 22:45:51.952 65677 WARNING tempest.lib.common.ssh [-] Failed to establish authenticated ssh connection to cirros@10.180.180.235 ([Errno None] Unable to connect to port 22 on 10.180.180.235). Number attempts: 3. Retry after 4 seconds.: paramiko.ssh_exception.NoValidConnectionsError: [Errno None] Unable to connect to port 22 on 10.180.180.235
2025-11-12 22:45:51.970 65737 INFO tempest.lib.common.rest_client [req-96fd5684-9966-47c0-b044-0aea32535f02 req-96fd5684-9966-47c0-b044-0aea32535f02 ] Request (MigrationsAdminTest:test_resize_server_revert_deleted_flavor): 200 GET http://10.180.1.21/compute/v2.1/servers/2afe03d3-aa3f-4621-a360-4715ccc395c4 1.803s
2025-11-12 22:45:52.016 65687 INFO tempest.lib.common.rest_client [req-9a91f2fa-0df7-47b4-b1f8-7dfa298bf711 req-9a91f2fa-0df7-47b4-b1f8-7dfa298bf711 ] Request (ImagesOneServerTestJSON:tearDownClass): 200 GET http://10.180.1.21/compute/v2.1/servers/dd91b8fd-1d7e-4eed-a019-92aff29144e8 1.769s
2025-11-12 22:45:52.019 65735 WARNING tempest.lib.common.ssh [-] Failed to establish authenticated ssh connection to cirros@10.180.180.221 ([Errno None] Unable to connect to port 22 on 10.180.180.221). Number attempts: 4. Retry after 5 seconds.: paramiko.ssh_exception.NoValidConnectionsError: [Errno None] Unable to connect to port 22 on 10.180.180.221
2025-11-12 22:45:52.061 65727 INFO tempest.lib.common.rest_client [req-7908689b-2611-494b-8bc3-8fc2aa3644f6 req-7908689b-2611-494b-8bc3-8fc2aa3644f6 ] Request (AttachVolumeShelveTestJSON:test_attach_volume_shelved_or_offload_server): 200 GET http://10.180.1.21/compute/v2.1/servers/2129d341-9628-4bbe-abd9-044873852f39 1.768s
2025-11-12 22:45:52.086 65725 INFO tempest.lib.common.rest_client [req-e08b8211-803d-4dd8-b3aa-b57ff0bc88a7 req-e08b8211-803d-4dd8-b3aa-b57ff0bc88a7 ] Request (SecurityGroupsTestJSON:test_server_security_groups): 200 GET http://10.180.1.21/compute/v2.1/servers/c14deced-1d42-4042-8f2b-68601790b89e 1.603s
2025-11-12 22:45:52.186 65691 INFO tempest.lib.common.rest_client [req-697bd684-2081-435c-b2c5-87882625ae4d req-697bd684-2081-435c-b2c5-87882625ae4d ] Request (ServersAdminTestJSON:test_create_server_with_scheduling_hint): 200 GET http://10.180.1.21/compute/v2.1/servers/f3037fdb-046a-44cf-be44-069f231406a1 1.633s
2025-11-12 22:45:52.312 65697 INFO tempest.lib.common.rest_client [req-b380dc64-0e83-4de6-97fd-f60f3beca84a req-b380dc64-0e83-4de6-97fd-f60f3beca84a ] Request (ListServerFiltersTestJSON:test_list_servers_filtered_by_ip_regex): 200 GET http://10.180.1.21/compute/v2.1/servers/ffda67b3-dff3-4bb8-bff6-e111da32601a 1.652s
2025-11-12 22:45:52.357 65709 INFO tempest.lib.common.rest_client [req-7724174e-0449-4975-9b1a-67c6c181a4eb req-7724174e-0449-4975-9b1a-67c6c181a4eb ] Request (ListImageFiltersTestJSON:setUpClass): 200 GET http://10.180.1.21/compute/v2.1/images/d359e8b3-869f-4df9-8cf6-34223ab2d58c 1.638s
2025-11-12 22:45:52.435 65681 INFO tempest.lib.common.rest_client [req-f4efd698-827a-4534-935b-bdcdaa01f95f req-f4efd698-827a-4534-935b-bdcdaa01f95f ] Request (ServersAdminNegativeTestJSON:tearDownClass): 200 GET http://10.180.1.21/compute/v2.1/servers/46d105de-a26c-4f86-a3d2-d981e92d38bd 1.704s
2025-11-12 22:45:52.509 65717 INFO tempest.lib.common.rest_client [req-e1088b03-238f-42e4-be58-531828053c4f req-e1088b03-238f-42e4-be58-531828053c4f ] Request (ServerMetadataNegativeTestJSON:tearDownClass): 200 GET http://10.180.1.21/compute/v2.1/servers/cfa9853f-1dfb-466b-bf5f-d573d8fafa43 1.542s
2025-11-12 22:45:52.560 65695 INFO tempest.lib.common.rest_client [req-2c3f1745-e75d-4c04-9621-597a322d0af3 req-2c3f1745-e75d-4c04-9621-597a322d0af3 ] Request (AttachVolumeNegativeTest:test_attach_attached_volume_to_different_server): 202 POST http://10.180.1.21/compute/v2.1/servers 2.015s
2025-11-12 22:45:52.627 65715 INFO tempest.lib.common.rest_client [req-c7b6e860-411e-4bb3-ac12-d8256a786991 req-c7b6e860-411e-4bb3-ac12-d8256a786991 ] Request (MultipleCreateTestJSON:test_multiple_create_with_reservation_return): 200 GET http://10.180.1.21/compute/v2.1/servers/34519e5e-a55c-41b2-94dd-966f0dc604a1 1.399s
2025-11-12 22:45:52.661 65734 INFO tempest.lib.common.rest_client [req-7c9cc0a3-b58d-45d8-9df2-732b39b58eee req-7c9cc0a3-b58d-45d8-9df2-732b39b58eee ] Request (ServersV294TestFqdnHostnames:setUpClass): 200 GET http://10.180.1.21/compute/v2.1/servers/6316172d-91a8-4c32-b7f3-8b873f8d3ce3 1.655s
2025-11-12 22:45:52.672 65734 INFO tempest.common.waiters [-] State transition "BUILD/None" ==> "BUILD/networking" after 51 second wait
2025-11-12 22:45:52.681 65705 INFO tempest.lib.common.rest_client [req-fce67024-fe66-4a4c-bf9f-a7edd0e780bb req-fce67024-fe66-4a4c-bf9f-a7edd0e780bb ] Request (ServerDiagnosticsTest:test_get_server_diagnostics): 200 GET http://10.180.1.21/compute/v2.1/servers/3bc761e0-7769-416d-82bf-39b04e2b9f68 1.083s
2025-11-12 22:45:52.736 65701 INFO tempest.lib.common.rest_client [req-e08c5259-9f5e-4b4e-ae29-91ad65634cde req-e08c5259-9f5e-4b4e-ae29-91ad65634cde ] Request (ImagesTestJSON:test_create_image_from_suspended_server): 200 GET http://10.180.1.21/compute/v2.1/servers/cc42f9f5-82f4-445c-b0ee-acde52df7be0 0.980s
2025-11-12 22:45:52.813 65707 INFO tempest.lib.common.rest_client [req-b8e55ba3-306a-474a-9d55-50d7771df46f req-b8e55ba3-306a-474a-9d55-50d7771df46f ] Request (ServersTestMultiNic:test_verify_duplicate_network_nics): 200 GET http://10.180.1.21/compute/v2.1/servers/14ca3d2e-14f9-4cf8-9700-5a16eee2a87c 0.892s
2025-11-12 22:45:52.915 65731 INFO tempest.lib.common.rest_client [req-42475693-6339-494b-9c60-8c17b6c9605f req-42475693-6339-494b-9c60-8c17b6c9605f ] Request (ImagesOneServerNegativeTestJSON:_run_cleanups): 200 GET http://10.180.1.21/compute/v2.1/servers/a3b94e9e-82d4-4a53-9794-ef59a72409bf 0.980s
2025-11-12 22:45:52.979 65683 WARNING tempest.lib.common.ssh [-] Failed to establish authenticated ssh connection to cirros@10.180.180.199 ([Errno None] Unable to connect to port 22 on 10.180.180.199). Number attempts: 9. Retry after 10 seconds.: paramiko.ssh_exception.NoValidConnectionsError: [Errno None] Unable to connect to port 22 on 10.180.180.199
2025-11-12 22:45:53.008 65703 INFO tempest.lib.common.rest_client [req-d16a3752-1ab1-4d95-8620-a900043e5576 req-d16a3752-1ab1-4d95-8620-a900043e5576 ] Request (ServerRescueNegativeTestJSON:test_rescued_vm_detach_volume): 200 GET http://10.180.1.21/compute/v2.1/servers/2ae1dcc9-e569-47db-89e7-c4d4d576ff34 0.968s
2025-11-12 22:45:53.054 65699 INFO tempest.lib.common.rest_client [req-50c4d469-0bd7-4f8e-a895-47085f0eab69 req-50c4d469-0bd7-4f8e-a895-47085f0eab69 ] Request (ServersTestFqdnHostnames:test_create_server_with_fqdn_name): 202 POST http://10.180.1.21/compute/v2.1/servers 1.391s
2025-11-12 22:45:53.095 65709 INFO tempest.lib.common.rest_client [req-f304b59f-ca3b-4a04-a005-9c13bb272eaa req-f304b59f-ca3b-4a04-a005-9c13bb272eaa ] Request (ListImageFiltersTestJSON:setUpClass): 200 GET http://10.180.1.21/compute/v2.1/images/d359e8b3-869f-4df9-8cf6-34223ab2d58c 0.730s
2025-11-12 22:45:53.216 65697 INFO tempest.lib.common.rest_client [req-bdec7126-5f41-437c-a5d3-2144c4fd171a req-bdec7126-5f41-437c-a5d3-2144c4fd171a ] Request (ListServerFiltersTestJSON:test_list_servers_filtered_by_ip_regex): 200 GET http://10.180.1.21/compute/v2.1/servers/158d47e7-5adc-4942-9ced-e17189142d72 0.896s
2025-11-12 22:45:53.232 65695 INFO tempest.lib.common.rest_client [req-1883a2d6-1ef8-4d49-9ff0-da7b981a38fc req-1883a2d6-1ef8-4d49-9ff0-da7b981a38fc ] Request (AttachVolumeNegativeTest:test_attach_attached_volume_to_different_server): 200 GET http://10.180.1.21/compute/v2.1/servers/aa27ce0d-0aa0-4f1c-9075-dbd01a7b685e 0.670s
2025-11-12 22:45:53.341 65679 INFO tempest.lib.common.rest_client [req-9855e2bf-1872-45a7-a060-bde3e239810f req-9855e2bf-1872-45a7-a060-bde3e239810f ] Request (ListServersNegativeTestJSON:tearDownClass): 200 GET http://10.180.1.21/compute/v2.1/servers/a75e05b6-f88d-485d-8dca-c833e2f47486 0.600s
2025-11-12 22:45:53.369 65685 INFO tempest.lib.common.rest_client [req-8e0a5750-65fb-4581-ad9a-669d735dc85c req-8e0a5750-65fb-4581-ad9a-669d735dc85c ] Request (VolumesAssistedSnapshotsTest:test_volume_assisted_snapshot_create_delete): 200 GET http://10.180.1.21/compute/v2.1/servers/081bd257-b8e4-4ff4-bc11-6d92a6c6c78a 0.640s
2025-11-12 22:45:53.410 65711 INFO tempest.lib.common.rest_client [req-bccfa4cf-82cb-4d15-85fe-15b4843ac572 req-bccfa4cf-82cb-4d15-85fe-15b4843ac572 ] Request (AttachInterfacesTestJSON:_run_cleanups): 200 GET http://10.180.1.21/compute/v2.1/servers/5e58ad68-c04d-4479-ba9c-f571055bb014 0.473s
2025-11-12 22:45:53.459 65709 INFO tempest.lib.common.rest_client [req-f1efb45b-88f8-49cd-9c0f-3ec41d5e4e2c req-f1efb45b-88f8-49cd-9c0f-3ec41d5e4e2c ] Request (ListImageFiltersTestJSON:setUpClass): 201 POST http://10.180.1.21/image/v2/images 0.357s
2025-11-12 22:45:53.502 65687 INFO tempest.lib.common.rest_client [req-269cef3a-a8af-4420-99bb-4dc9c24976f0 req-269cef3a-a8af-4420-99bb-4dc9c24976f0 ] Request (ImagesOneServerTestJSON:tearDownClass): 200 GET http://10.180.1.21/compute/v2.1/servers/dd91b8fd-1d7e-4eed-a019-92aff29144e8 0.478s
2025-11-12 22:45:53.523 65737 INFO tempest.lib.common.rest_client [req-3f5c090d-7f15-47e9-bb9d-cf2c6a9e8a98 req-3f5c090d-7f15-47e9-bb9d-cf2c6a9e8a98 ] Request (MigrationsAdminTest:test_resize_server_revert_deleted_flavor): 200 GET http://10.180.1.21/compute/v2.1/servers/2afe03d3-aa3f-4621-a360-4715ccc395c4 0.540s
2025-11-12 22:45:53.539 65699 INFO tempest.lib.common.rest_client [req-316d9d71-4001-4722-af48-13af5fd7b990 req-316d9d71-4001-4722-af48-13af5fd7b990 ] Request (ServersTestFqdnHostnames:test_create_server_with_fqdn_name): 200 GET http://10.180.1.21/compute/v2.1/servers/39665841-db3f-4114-9065-dbb3ed4b1f05 0.483s
2025-11-12 22:45:53.579 65727 INFO tempest.lib.common.rest_client [req-37e6122b-8283-45e8-a4aa-a17e74e670a6 req-37e6122b-8283-45e8-a4aa-a17e74e670a6 ] Request (AttachVolumeShelveTestJSON:test_attach_volume_shelved_or_offload_server): 200 GET http://10.180.1.21/compute/v2.1/servers/2129d341-9628-4bbe-abd9-044873852f39 0.507s
2025-11-12 22:45:53.592 65725 INFO tempest.lib.common.rest_client [req-d666e5d5-8c2f-4196-b971-fa87ee1d7adf req-d666e5d5-8c2f-4196-b971-fa87ee1d7adf ] Request (SecurityGroupsTestJSON:test_server_security_groups): 200 GET http://10.180.1.21/compute/v2.1/servers/c14deced-1d42-4042-8f2b-68601790b89e 0.496s
2025-11-12 22:45:53.635 65691 INFO tempest.lib.common.rest_client [req-ed5977d2-503e-4df5-9b44-8e862a4d1f5f req-ed5977d2-503e-4df5-9b44-8e862a4d1f5f ] Request (ServersAdminTestJSON:test_create_server_with_scheduling_hint): 200 GET http://10.180.1.21/compute/v2.1/servers/f3037fdb-046a-44cf-be44-069f231406a1 0.440s
2025-11-12 22:45:53.690 65697 INFO tempest.lib.common.rest_client [req-c3dd6a43-e3f8-486e-9c92-c1bb12934528 req-c3dd6a43-e3f8-486e-9c92-c1bb12934528 ] Request (ListServerFiltersTestJSON:test_list_servers_filtered_by_ip_regex): 200 GET http://10.180.1.21/compute/v2.1/servers/8ff0e0fa-42ab-42c9-9346-3ee9a7400cdd 0.462s
2025-11-12 22:45:53.722 65681 INFO tempest.lib.common.rest_client [req-66f1dadd-aeb1-4834-814b-fe101138b4e3 req-66f1dadd-aeb1-4834-814b-fe101138b4e3 ] Request (ServersAdminNegativeTestJSON:tearDownClass): 200 GET http://10.180.1.21/compute/v2.1/servers/46d105de-a26c-4f86-a3d2-d981e92d38bd 0.276s
2025-11-12 22:45:53.759 65717 INFO tempest.lib.common.rest_client [req-ccf4790d-57d2-42c2-b43a-5b81de57d224 req-ccf4790d-57d2-42c2-b43a-5b81de57d224 ] Request (ServerMetadataNegativeTestJSON:tearDownClass): 200 GET http://10.180.1.21/compute/v2.1/servers/cfa9853f-1dfb-466b-bf5f-d573d8fafa43 0.238s
2025-11-12 22:45:53.770 65717 INFO tempest.common.waiters [-] State transition "ACTIVE/deleting" ==> "DELETED/None" after 4 second wait
2025-11-12 22:45:53.777 65715 INFO tempest.lib.common.rest_client [req-a8eb4e53-f8af-4112-a2cd-8782fed5847d req-a8eb4e53-f8af-4112-a2cd-8782fed5847d ] Request (MultipleCreateTestJSON:test_multiple_create_with_reservation_return): 200 GET http://10.180.1.21/compute/v2.1/servers/34519e5e-a55c-41b2-94dd-966f0dc604a1 0.142s
2025-11-12 22:45:53.880 65705 INFO tempest.lib.common.rest_client [req-2f0a9e67-e14b-47c6-abcf-975608c85925 req-2f0a9e67-e14b-47c6-abcf-975608c85925 ] Request (ServerDiagnosticsTest:test_get_server_diagnostics): 200 GET http://10.180.1.21/compute/v2.1/servers/3bc761e0-7769-416d-82bf-39b04e2b9f68 0.187s
2025-11-12 22:45:53.920 65734 INFO tempest.lib.common.rest_client [req-6ad8b12e-7970-42e8-9cea-7a2f2a18df65 req-6ad8b12e-7970-42e8-9cea-7a2f2a18df65 ] Request (ServersV294TestFqdnHostnames:setUpClass): 200 GET http://10.180.1.21/compute/v2.1/servers/6316172d-91a8-4c32-b7f3-8b873f8d3ce3 0.246s
2025-11-12 22:45:53.929 65734 INFO tempest.common.waiters [-] State transition "BUILD/networking" ==> "BUILD/spawning" after 52 second wait
2025-11-12 22:45:54.060 65701 INFO tempest.lib.common.rest_client [req-45ec57b6-7393-41dd-af47-ec692815fc99 req-45ec57b6-7393-41dd-af47-ec692815fc99 ] Request (ImagesTestJSON:test_create_image_from_suspended_server): 200 GET http://10.180.1.21/compute/v2.1/servers/cc42f9f5-82f4-445c-b0ee-acde52df7be0 0.314s
2025-11-12 22:45:54.107 65697 INFO tempest.lib.common.rest_client [req-56a66d95-7180-45d2-8933-8742b3722d37 req-56a66d95-7180-45d2-8933-8742b3722d37 ] Request (ListServerFiltersTestJSON:test_list_servers_filtered_by_ip_regex): 200 GET http://10.180.1.21/compute/v2.1/servers/detail 0.408s
2025-11-12 22:45:54.186 65707 INFO tempest.lib.common.rest_client [req-cefdb9aa-038b-493e-861a-32eeeefdd4e1 req-cefdb9aa-038b-493e-861a-32eeeefdd4e1 ] Request (ServersTestMultiNic:test_verify_duplicate_network_nics): 200 GET http://10.180.1.21/compute/v2.1/servers/14ca3d2e-14f9-4cf8-9700-5a16eee2a87c 0.366s
2025-11-12 22:45:54.237 65731 INFO tempest.lib.common.rest_client [req-04809919-ab20-4ed0-b7d8-fd5937513c47 req-04809919-ab20-4ed0-b7d8-fd5937513c47 ] Request (ImagesOneServerNegativeTestJSON:_run_cleanups): 200 GET http://10.180.1.21/compute/v2.1/servers/a3b94e9e-82d4-4a53-9794-ef59a72409bf 0.309s
2025-11-12 22:45:54.279 65703 INFO tempest.lib.common.rest_client [req-6fc8f8ef-502d-4943-bbd1-9c7c469ec096 req-6fc8f8ef-502d-4943-bbd1-9c7c469ec096 ] Request (ServerRescueNegativeTestJSON:test_rescued_vm_detach_volume): 200 GET http://10.180.1.21/compute/v2.1/servers/2ae1dcc9-e569-47db-89e7-c4d4d576ff34 0.263s
2025-11-12 22:45:54.322 65713 WARNING tempest.lib.common.ssh [-] Failed to establish authenticated ssh connection to cirros@10.180.180.251 ([Errno None] Unable to connect to port 22 on 10.180.180.251). Number attempts: 3. Retry after 4 seconds.: paramiko.ssh_exception.NoValidConnectionsError: [Errno None] Unable to connect to port 22 on 10.180.180.251
2025-11-12 22:45:54.339 65695 INFO tempest.lib.common.rest_client [req-6b41af15-653e-4c7c-ac0a-f6fdc72e9af2 req-6b41af15-653e-4c7c-ac0a-f6fdc72e9af2 ] Request (AttachVolumeNegativeTest:test_attach_attached_volume_to_different_server): 200 GET http://10.180.1.21/compute/v2.1/servers/aa27ce0d-0aa0-4f1c-9075-dbd01a7b685e 0.096s
2025-11-12 22:45:54.400 65697 INFO tempest.lib.common.rest_client [req-949d0bac-25cf-4f41-8778-f54e75cf7333 req-949d0bac-25cf-4f41-8778-f54e75cf7333 ] Request (ListServerFiltersTestJSON:test_list_servers_filtered_by_ip_regex): 200 GET http://10.180.1.21/compute/v2.1/servers?ip=192.168.128. 0.274s
2025-11-12 22:45:54.411 65679 INFO tempest.lib.common.rest_client [req-173492a1-5691-4be6-9c74-bf9d6399fd30 req-173492a1-5691-4be6-9c74-bf9d6399fd30 ] Request (ListServersNegativeTestJSON:tearDownClass): 200 GET http://10.180.1.21/compute/v2.1/servers/a75e05b6-f88d-485d-8dca-c833e2f47486 0.061s
2025-11-12 22:45:54.452 65697 INFO tempest.lib.common.rest_client [req-7aabd553-4fb9-4bf9-929e-613978fa40c2 req-7aabd553-4fb9-4bf9-929e-613978fa40c2 ] Request (ListServerFiltersTestJSON:test_list_servers_filtered_by_name_regex): 200 GET http://10.180.1.21/compute/v2.1/servers?name=%5E.%2A%5C-instance%5C-%5B0-9%5D%2B%24 0.048s
2025-11-12 22:45:54.497 65685 INFO tempest.lib.common.rest_client [req-bb2670b9-f699-417b-8dc5-9a06b9049a07 req-bb2670b9-f699-417b-8dc5-9a06b9049a07 ] Request (VolumesAssistedSnapshotsTest:test_volume_assisted_snapshot_create_delete): 200 GET http://10.180.1.21/compute/v2.1/servers/081bd257-b8e4-4ff4-bc11-6d92a6c6c78a 0.119s
2025-11-12 22:45:54.507 65711 INFO tempest.lib.common.rest_client [req-70f69e1d-6978-4daa-938a-71297aea891a req-70f69e1d-6978-4daa-938a-71297aea891a ] Request (AttachInterfacesTestJSON:_run_cleanups): 200 GET http://10.180.1.21/compute/v2.1/servers/5e58ad68-c04d-4479-ba9c-f571055bb014 0.089s
2025-11-12 22:45:54.553 65697 INFO tempest.lib.common.rest_client [req-ba7e0be3-2358-4abe-b226-1e8b83792d71 req-ba7e0be3-2358-4abe-b226-1e8b83792d71 ] Request (ListServerFiltersTestJSON:test_list_servers_filtered_by_name_regex): 200 GET http://10.180.1.21/compute/v2.1/servers?name=%5E.%2A%5C-instance%5C-.%2A%24 0.099s
2025-11-12 22:45:54.568 65687 INFO tempest.lib.common.rest_client [req-626f4be8-d9d1-4a70-915c-e5ca107dcb77 req-626f4be8-d9d1-4a70-915c-e5ca107dcb77 ] Request (ImagesOneServerTestJSON:tearDownClass): 200 GET http://10.180.1.21/compute/v2.1/servers/dd91b8fd-1d7e-4eed-a019-92aff29144e8 0.058s
2025-11-12 22:45:54.619 65699 INFO tempest.lib.common.rest_client [req-2780ac16-ca90-41ff-a753-36e145f005e0 req-2780ac16-ca90-41ff-a753-36e145f005e0 ] Request (ServersTestFqdnHostnames:test_create_server_with_fqdn_name): 200 GET http://10.180.1.21/compute/v2.1/servers/39665841-db3f-4114-9065-dbb3ed4b1f05 0.072s
2025-11-12 22:45:54.650 65737 INFO tempest.lib.common.rest_client [req-85727ee3-1923-40a5-a482-ebae0dd6114c req-85727ee3-1923-40a5-a482-ebae0dd6114c ] Request (MigrationsAdminTest:test_resize_server_revert_deleted_flavor): 200 GET http://10.180.1.21/compute/v2.1/servers/2afe03d3-aa3f-4621-a360-4715ccc395c4 0.119s
2025-11-12 22:45:54.660 65697 INFO tempest.lib.common.rest_client [req-538c3bfd-d1a3-4b48-96f6-8146103eb61a req-538c3bfd-d1a3-4b48-96f6-8146103eb61a ] Request (ListServerFiltersTestJSON:test_list_servers_filtered_by_name_regex): 200 GET http://10.180.1.21/compute/v2.1/servers?name=-372773924 0.105s
2025-11-12 22:45:54.706 65727 INFO tempest.lib.common.rest_client [req-372b2548-7043-4da7-ac87-71ffbb6cf53c req-372b2548-7043-4da7-ac87-71ffbb6cf53c ] Request (AttachVolumeShelveTestJSON:test_attach_volume_shelved_or_offload_server): 200 GET http://10.180.1.21/compute/v2.1/servers/2129d341-9628-4bbe-abd9-044873852f39 0.116s
2025-11-12 22:45:54.712 65725 INFO tempest.lib.common.rest_client [req-ea0de815-652b-4c62-9608-ee195ddb5f01 req-ea0de815-652b-4c62-9608-ee195ddb5f01 ] Request (SecurityGroupsTestJSON:test_server_security_groups): 200 GET http://10.180.1.21/compute/v2.1/servers/c14deced-1d42-4042-8f2b-68601790b89e 0.112s
2025-11-12 22:45:54.754 65691 INFO tempest.lib.common.rest_client [req-7f239846-49f7-4273-89c8-fdf6608c8db6 req-7f239846-49f7-4273-89c8-fdf6608c8db6 ] Request (ServersAdminTestJSON:test_create_server_with_scheduling_hint): 200 GET http://10.180.1.21/compute/v2.1/servers/f3037fdb-046a-44cf-be44-069f231406a1 0.111s
2025-11-12 22:45:54.756 65697 INFO tempest.lib.common.rest_client [req-662a8596-d860-4ce6-9bef-cdff08debd29 req-662a8596-d860-4ce6-9bef-cdff08debd29 ] Request (ListServerFiltersTestJSON:test_list_servers_filtered_by_name_wildcard): 200 GET http://10.180.1.21/compute/v2.1/servers?name=-instance 0.093s
2025-11-12 22:45:54.805 65697 INFO tempest.lib.common.rest_client [req-3c39836d-18f7-44de-84ff-9adc0c0d3e15 req-3c39836d-18f7-44de-84ff-9adc0c0d3e15 ] Request (ListServerFiltersTestJSON:test_list_servers_filtered_by_name_wildcard): 200 GET http://10.180.1.21/compute/v2.1/servers?name=t-ListServerFiltersTestJSON-instance-37277392 0.046s
