2025-11-12 22:44:14.143 65737 INFO tempest.lib.common.rest_client [req-33ae4934-3ec6-4cdc-bce9-fcf9057ffd13 req-33ae4934-3ec6-4cdc-bce9-fcf9057ffd13 ] Request (MigrationsAdminTest:test_list_migrations_in_flavor_resize_situation): 201 POST http://10.180.1.21/networking/v2.0/security-group-rules 0.277s
2025-11-12 22:44:14.429 65725 INFO tempest.lib.common.rest_client [req-6429a507-e3a9-4ec4-8d07-0a7641a76cf3 req-6429a507-e3a9-4ec4-8d07-0a7641a76cf3 ] Request (SecurityGroupsTestJSON:test_list_security_groups_by_server): 202 POST http://10.180.1.21/compute/v2.1/servers 4.187s
2025-11-12 22:44:14.601 65687 INFO tempest.lib.common.rest_client [req-fc1d8021-1ed0-439a-8eab-33f896b48c11 req-fc1d8021-1ed0-439a-8eab-33f896b48c11 ] Request (ImagesOneServerTestJSON:test_create_delete_image): 202 POST http://10.180.1.21/compute/v2.1/servers/dd91b8fd-1d7e-4eed-a019-92aff29144e8/action 2.668s
2025-11-12 22:44:14.605 65737 INFO tempest.lib.common.rest_client [req-6399f248-dd59-4445-b869-8363338eef70 req-6399f248-dd59-4445-b869-8363338eef70 ] Request (MigrationsAdminTest:test_list_migrations_in_flavor_resize_situation): 201 POST http://10.180.1.21/networking/v2.0/floatingips 0.461s
2025-11-12 22:44:14.630 65717 INFO tempest.lib.common.rest_client [req-a5589f13-d45a-463e-8be6-379ffcc89215 req-a5589f13-d45a-463e-8be6-379ffcc89215 ] Request (ServicesAdminNegativeTestJSON:test_get_service_with_valid_service_and_invalid_host): 200 GET http://10.180.1.21/compute/v2.1/os-services?host=xxx&binary=nova-scheduler 2.630s
2025-11-12 22:44:14.700 65713 INFO tempest.lib.common.rest_client [req-9075e4ed-d88c-4ada-88c9-434afd18c548 req-9075e4ed-d88c-4ada-88c9-434afd18c548 ] Request (AZV2TestJSON:test_get_availability_zone_list_with_non_admin_user): 200 GET http://10.180.1.21/compute/v2.1/os-availability-zone 2.675s
2025-11-12 22:44:14.779 65707 INFO tempest.lib.common.rest_client [req-ca88e932-2e98-401c-8167-31401cf1a010 req-ca88e932-2e98-401c-8167-31401cf1a010 ] Request (SecurityGroupRulesNegativeTestJSON:_run_cleanups): 202 DELETE http://10.180.1.21/compute/v2.1/os-security-group-rules/8c3789fa-7836-4721-924d-e6120aa997a6 2.817s
2025-11-12 22:44:14.833 65713 INFO tempest.lib.common.rest_client [req-e4722567-c648-45b0-bfec-946b97114ed6 req-e4722567-c648-45b0-bfec-946b97114ed6 ] Request (AZV2TestJSON:tearDownClass): 204 DELETE http://10.180.1.21/identity/v3/users/6a7722ccf6494351a1894bff8e589ab6 0.130s
2025-11-12 22:44:14.833 65713 INFO tempest.lib.common.dynamic_creds [-] Deleting project and security group for project: f7013bd9ac1444ecbcfc1f0483213d6f
2025-11-12 22:44:14.857 65679 INFO tempest.lib.common.rest_client [req-94682f56-c0dd-4b4e-b809-d11d25226ba4 req-94682f56-c0dd-4b4e-b809-d11d25226ba4 ] Request (ListServersNegativeTestJSON:setUpClass): 200 GET http://10.180.1.21/compute/v2.1/servers/2b49a267-efa9-4c11-b2cb-108b7da77935 2.429s
2025-11-12 22:44:14.865 65679 INFO tempest.common.waiters [-] State transition "BUILD/scheduling" ==> "BUILD/None" after 3 second wait
2025-11-12 22:44:14.919 65713 INFO tempest.lib.common.rest_client [req-655a0f38-8118-4ae7-89e4-09fb04c0c1dd req-655a0f38-8118-4ae7-89e4-09fb04c0c1dd ] Request (AZV2TestJSON:tearDownClass): 201 POST http://10.180.1.21/identity/v3/auth/tokens 0.085s
2025-11-12 22:44:15.187 65713 INFO tempest.lib.common.rest_client [req-0e22b21c-9bf3-4310-93c7-ceb942048181 req-0e22b21c-9bf3-4310-93c7-ceb942048181 ] Request (AZV2TestJSON:tearDownClass): 200 GET http://10.180.1.21/networking/v2.0/security-groups?tenant_id=f7013bd9ac1444ecbcfc1f0483213d6f&name=default 0.267s
2025-11-12 22:44:15.317 65713 INFO tempest.lib.common.rest_client [req-18f19460-1057-4dae-a949-ed58a6cfaf86 req-18f19460-1057-4dae-a949-ed58a6cfaf86 ] Request (AZV2TestJSON:tearDownClass): 204 DELETE http://10.180.1.21/networking/v2.0/security-groups/ede2c0f4-3c22-4fa3-82d8-9e4ccdfd1300 0.129s
2025-11-12 22:44:15.382 65709 INFO tempest.lib.common.rest_client [req-5d50bfb1-5aaf-4568-94ca-01cdaf24de75 req-5d50bfb1-5aaf-4568-94ca-01cdaf24de75 ] Request (FloatingIPsAssociationTestJSON:test_associate_already_associated_floating_ip): 409 POST http://10.180.1.21/compute/v2.1/servers/68b09cde-55aa-450f-9e44-9a4cfbf8072d/action 3.174s
2025-11-12 22:44:15.390 65713 INFO tempest.lib.common.rest_client [req-511b81b3-4c90-4439-82f1-0b51e352bdcd req-511b81b3-4c90-4439-82f1-0b51e352bdcd ] Request (AZV2TestJSON:tearDownClass): 204 DELETE http://10.180.1.21/identity/v3/projects/f7013bd9ac1444ecbcfc1f0483213d6f 0.072s
2025-11-12 22:44:15.465 65713 INFO tempest.lib.common.rest_client [req-d0d9c284-a0f1-4452-a530-1e8607260cd6 req-d0d9c284-a0f1-4452-a530-1e8607260cd6 ] Request (ServersTestManualDisk:setUpClass): 201 POST http://10.180.1.21/identity/v3/auth/tokens 0.073s
2025-11-12 22:44:15.497 65713 INFO tempest.lib.common.rest_client [req-af7e441d-c666-4b93-bcaf-3d73f1bb425d req-af7e441d-c666-4b93-bcaf-3d73f1bb425d ] Request (ServersTestManualDisk:setUpClass): 201 POST http://10.180.1.21/identity/v3/auth/tokens 0.029s
2025-11-12 22:44:15.520 65691 INFO tempest.lib.common.rest_client [req-315a6512-ef4c-4056-822f-033465d9b488 req-315a6512-ef4c-4056-822f-033465d9b488 ] Request (ServersAdminTestJSON:setUpClass): 200 GET http://10.180.1.21/compute/v2.1/servers/eb4cce99-41ab-449c-ba6a-dd737a6b1180 2.904s
2025-11-12 22:44:15.531 65713 INFO tempest.lib.common.rest_client [req-54694942-f4a8-46a8-8620-2fc4f5720d63 req-54694942-f4a8-46a8-8620-2fc4f5720d63 ] Request (ServersTestManualDisk:setUpClass): 200 GET http://10.180.1.21/identity/v3/domains?name=Default 0.033s
2025-11-12 22:44:15.571 65713 INFO tempest.lib.common.rest_client [req-2996738f-abb1-44e4-8019-d0b31c026545 req-2996738f-abb1-44e4-8019-d0b31c026545 ] Request (ServersTestManualDisk:setUpClass): 201 POST http://10.180.1.21/identity/v3/projects 0.040s
2025-11-12 22:44:15.641 65697 INFO tempest.lib.common.rest_client [req-ce5f3f84-97d9-479d-af65-bd6bd3b4df7e req-ce5f3f84-97d9-479d-af65-bd6bd3b4df7e ] Request (ListServerFiltersTestJSON:setUpClass): 202 POST http://10.180.1.21/compute/v2.1/servers 3.100s
2025-11-12 22:44:15.647 65713 INFO tempest.lib.common.rest_client [req-d8f5a206-7e08-40fb-a7c0-5d91b542ab06 req-d8f5a206-7e08-40fb-a7c0-5d91b542ab06 ] Request (ServersTestManualDisk:setUpClass): 201 POST http://10.180.1.21/identity/v3/users 0.075s
2025-11-12 22:44:15.677 65713 INFO tempest.lib.common.rest_client [req-0c8eb440-a029-4070-953e-7eee9c59f0b4 req-0c8eb440-a029-4070-953e-7eee9c59f0b4 ] Request (ServersTestManualDisk:setUpClass): 200 GET http://10.180.1.21/identity/v3/roles 0.029s
2025-11-12 22:44:15.705 65685 INFO tempest.lib.common.rest_client [req-1269734c-1eef-492f-a8a9-8e64cb379835 req-1269734c-1eef-492f-a8a9-8e64cb379835 ] Request (AggregatesAdminNegativeTestJSON:test_aggregate_remove_host_as_user): 200 POST http://10.180.1.21/compute/v2.1/os-aggregates/7/action 3.044s
2025-11-12 22:44:15.739 65697 INFO tempest.lib.common.rest_client [req-03bcba87-46f0-4640-a355-be7edf209910 req-03bcba87-46f0-4640-a355-be7edf209910 ] Request (ListServerFiltersTestJSON:setUpClass): 201 POST http://10.180.1.21/identity/v3/auth/tokens 0.088s
2025-11-12 22:44:15.740 65697 INFO tempest.lib.common.fixed_network [-] (ListServerFiltersTestJSON:setUpClass) Found network {'id': '6b2500b7-96a6-4ff6-8e89-0e4c40654f86', 'name': 'tempest-ListServerFiltersTestJSON-488401429-network', 'tenant_id': '5d482b9a52a24e9dad6933e945d5ff10', 'project_id': '5d482b9a52a24e9dad6933e945d5ff10', 'admin_state_up': True, 'mtu': 8950, 'status': 'ACTIVE', 'subnets': [], 'shared': False, 'port_security_enabled': True, 'router:external': False, 'provider:network_type': 'vlan', 'provider:physical_network': 'default', 'provider:segmentation_id': 532, 'availability_zone_hints': [], 'availability_zones': [], 'ipv4_address_scope': None, 'ipv6_address_scope': None, 'description': '', 'tags': [], 'created_at': '2025-11-12T22:44:07Z', 'updated_at': '2025-11-12T22:44:07Z', 'revision_number': 1} available for tenant
2025-11-12 22:44:15.777 65713 INFO tempest.lib.common.rest_client [req-bb957eba-81e5-4b39-9370-056ab00325f1 req-bb957eba-81e5-4b39-9370-056ab00325f1 ] Request (ServersTestManualDisk:setUpClass): 204 PUT http://10.180.1.21/identity/v3/projects/b32a30dd9ed8472eb48ba558763919ed/users/ba9fd62f7d2247b4946904b2b5eeab63/roles/b764fee9b08e43c1bb5e31e3c41874c8 0.100s
2025-11-12 22:44:15.778 65713 INFO tempest.lib.common.dynamic_creds [-] Dynamic test user ba9fd62f7d2247b4946904b2b5eeab63 is created with scope project and roles: ['member']
2025-11-12 22:44:15.778 65713 INFO tempest.lib.common.dynamic_creds [-] Acquired dynamic creds: credentials: Credentials: {'domain_id': 'default', 'domain_name': 'Default', 'username': 'tempest-ServersTestManualDisk-609645991-project-member', 'project_domain_id': 'default', 'project_domain_name': 'Default', 'project_id': 'b32a30dd9ed8472eb48ba558763919ed', 'project_name': 'tempest-ServersTestManualDisk-609645991', 'tenant_id': 'b32a30dd9ed8472eb48ba558763919ed', 'tenant_name': 'tempest-ServersTestManualDisk-609645991', 'user_domain_id': 'default', 'user_domain_name': 'Default', 'user_id': 'ba9fd62f7d2247b4946904b2b5eeab63', 'system': None}, Network: None, Subnet: None, Router: None
2025-11-12 22:44:15.838 65721 INFO tempest.lib.common.rest_client [req-17d5bacf-5163-4f44-86ff-d894f0a76670 req-17d5bacf-5163-4f44-86ff-d894f0a76670 ] Request (QuotasAdminTestV236:test_get_updated_quotas): 200 PUT http://10.180.1.21/compute/v2.1/os-quota-sets/f7426c14249740c7bdf5adf6df8cbbf5?user_id=6be8fb7367a34c39947ec93cae454dba 3.126s
2025-11-12 22:44:15.838 65713 INFO tempest.lib.common.rest_client [req-f867119f-aae1-44c3-bf2b-b120f541a7de req-f867119f-aae1-44c3-bf2b-b120f541a7de ] Request (ServersTestManualDisk:setUpClass): 201 POST http://10.180.1.21/identity/v3/auth/tokens 0.060s
2025-11-12 22:44:15.858 65705 INFO tempest.lib.common.rest_client [req-409253ed-2359-427b-aef2-700787650e00 req-409253ed-2359-427b-aef2-700787650e00 ] Request (DeleteServersAdminTestJSON:tearDownClass): 404 GET http://10.180.1.21/compute/v2.1/servers/c4ffee2b-d810-4b51-acb2-2550877259b9 2.788s
2025-11-12 22:44:16.757 65713 INFO tempest.lib.common.rest_client [req-6c10dc08-150d-4f26-be31-338dca428bd0 req-6c10dc08-150d-4f26-be31-338dca428bd0 ] Request (ServersTestManualDisk:setUpClass): 201 POST http://10.180.1.21/networking/v2.0/networks 0.918s
2025-11-12 22:44:16.788 65731 INFO tempest.lib.common.rest_client [req-9acf24fc-d68c-4610-8512-aa037c112e0e req-9acf24fc-d68c-4610-8512-aa037c112e0e ] Request (ImagesOneServerNegativeTestJSON:setUp): 200 GET http://10.180.1.21/compute/v2.1/servers/cc1adefd-a061-47e0-bf8e-38ef27790723 3.730s
2025-11-12 22:44:16.799 65701 INFO tempest.lib.common.rest_client [req-82127179-3877-45a1-9744-0ec99cee2621 req-82127179-3877-45a1-9744-0ec99cee2621 ] Request (ImagesTestJSON:test_create_image_from_stopped_server): 200 GET http://10.180.1.21/compute/v2.1/servers/b1271d4f-bf25-4eea-ba33-2bb51fd2ea5f 3.563s
2025-11-12 22:44:16.863 65683 INFO tempest.lib.common.rest_client [req-ab8d173c-fa1b-41c0-afbd-ad97f9608d98 req-ab8d173c-fa1b-41c0-afbd-ad97f9608d98 ] Request (AttachInterfacesUnderV243Test:test_add_remove_fixed_ip): 200 GET http://10.180.1.21/compute/v2.1/servers/d40cd56e-eb71-4e55-b126-c50372b8c13c 3.582s
2025-11-12 22:44:16.965 65713 INFO tempest.lib.common.rest_client [req-4a2e2baf-b04e-4333-aee2-5c8f713a3985 req-4a2e2baf-b04e-4333-aee2-5c8f713a3985 ] Request (ServersTestManualDisk:setUpClass): 201 POST http://10.180.1.21/networking/v2.0/subnets 0.207s
2025-11-12 22:44:16.983 65729 INFO tempest.lib.common.rest_client [req-b65c50be-9ef6-4975-b27c-2c213a204f06 req-b65c50be-9ef6-4975-b27c-2c213a204f06 ] Request (ServerShowV247Test:test_update_rebuild_list_server): 200 GET http://10.180.1.21/compute/v2.1/servers/detail 3.689s
2025-11-12 22:44:17.217 65711 INFO tempest.lib.common.rest_client [req-e3794c78-56dd-4055-86dd-316aae61075b req-e3794c78-56dd-4055-86dd-316aae61075b ] Request (AttachInterfacesTestJSON:test_create_list_show_delete_interfaces_by_fixed_ip): 200 GET http://10.180.1.21/compute/v2.1/servers/5e58ad68-c04d-4479-ba9c-f571055bb014 3.415s
2025-11-12 22:44:17.225 65711 INFO tempest.common.waiters [-] State transition "BUILD/spawning" ==> "ACTIVE/None" after 33 second wait
2025-11-12 22:44:17.617 65734 INFO tempest.lib.common.rest_client [req-fe394746-d0bc-4381-90a2-d37a6e461ac4 req-fe394746-d0bc-4381-90a2-d37a6e461ac4 ] Request (SecurityGroupRulesTestJSON:test_security_group_rules_delete_when_peer_group_deleted): 200 GET http://10.180.1.21/compute/v2.1/os-security-groups/8597db2d-e329-4270-a96f-10bf921a9521 3.651s
2025-11-12 22:44:17.687 65727 INFO tempest.lib.common.rest_client [req-f072a566-9740-4592-9686-ac218b141fbb req-f072a566-9740-4592-9686-ac218b141fbb ] Request (ServerTagsTestJSON:test_update_all_tags): 201 PUT http://10.180.1.21/compute/v2.1/servers/845b0189-ec38-4f05-8292-2bf4cf76cae1/tags/tempest-tag-1194197948 3.630s
2025-11-12 22:44:17.722 65713 INFO tempest.lib.common.rest_client [req-a9b55340-5868-4c8d-96b4-90b8023e7282 req-a9b55340-5868-4c8d-96b4-90b8023e7282 ] Request (ServersTestManualDisk:setUpClass): 201 POST http://10.180.1.21/networking/v2.0/routers 0.756s
2025-11-12 22:44:17.796 65699 INFO tempest.lib.common.rest_client [req-869aabac-708e-4a58-a76d-f4cc00d04316 req-869aabac-708e-4a58-a76d-f4cc00d04316 ] Request (ImagesNegativeTestJSON:test_create_image_from_deleted_server): 200 GET http://10.180.1.21/compute/v2.1/servers/8e1eb273-f88d-411a-b5df-f17df6652266 3.602s
2025-11-12 22:44:17.869 65735 INFO tempest.lib.common.rest_client [req-fd53574b-5172-476c-93c7-2e738d48f332 req-fd53574b-5172-476c-93c7-2e738d48f332 ] Request (ServersWithSpecificFlavorTestJSON:test_verify_created_server_ephemeral_disk): 202 POST http://10.180.1.21/compute/v2.1/servers 4.308s
2025-11-12 22:44:18.702 65713 INFO tempest.lib.common.rest_client [req-60dc86aa-6f51-460c-a6ad-1df5eb539043 req-60dc86aa-6f51-460c-a6ad-1df5eb539043 ] Request (ServersTestManualDisk:setUpClass): 200 PUT http://10.180.1.21/networking/v2.0/routers/b92d0929-8a9f-4326-b8b4-44f2803c2f0f/add_router_interface 0.979s
2025-11-12 22:44:18.702 65713 INFO tempest.lib.common.dynamic_creds [-] Created isolated network resources for: credentials: Credentials: {'domain_id': 'default', 'domain_name': 'Default', 'username': 'tempest-ServersTestManualDisk-609645991-project-member', 'project_domain_id': 'default', 'project_domain_name': 'Default', 'project_id': 'b32a30dd9ed8472eb48ba558763919ed', 'project_name': 'tempest-ServersTestManualDisk-609645991', 'tenant_id': 'b32a30dd9ed8472eb48ba558763919ed', 'tenant_name': 'tempest-ServersTestManualDisk-609645991', 'user_domain_id': 'default', 'user_domain_name': 'Default', 'user_id': 'ba9fd62f7d2247b4946904b2b5eeab63', 'system': None}, Network: {'id': '73e383c7-1c92-4600-bc2a-a6b2ce1cc5cd', 'name': 'tempest-ServersTestManualDisk-964314198-network', 'tenant_id': 'b32a30dd9ed8472eb48ba558763919ed', 'project_id': 'b32a30dd9ed8472eb48ba558763919ed', 'admin_state_up': True, 'mtu': 8950, 'status': 'ACTIVE', 'subnets': [], 'shared': False, 'port_security_enabled': True, 'router:external': False, 'provider:network_type': 'vlan', 'provider:physical_network': 'default', 'provider:segmentation_id': 712, 'availability_zone_hints': [], 'availability_zones': [], 'ipv4_address_scope': None, 'ipv6_address_scope': None, 'description': '', 'tags': [], 'created_at': '2025-11-12T22:44:16Z', 'updated_at': '2025-11-12T22:44:16Z', 'revision_number': 1}, Subnet: {'id': '04b8aee9-8fba-4631-aaeb-7e3e065de844', 'name': 'tempest-ServersTestManualDisk-964314198-subnet', 'tenant_id': 'b32a30dd9ed8472eb48ba558763919ed', 'network_id': '73e383c7-1c92-4600-bc2a-a6b2ce1cc5cd', 'ip_version': 4, 'subnetpool_id': None, 'enable_dhcp': True, 'ipv6_ra_mode': None, 'ipv6_address_mode': None, 'gateway_ip': '192.168.128.1', 'cidr': '192.168.128.0/28', 'allocation_pools': [{'start': '192.168.128.2', 'end': '192.168.128.14'}], 'host_routes': [], 'dns_nameservers': [], 'description': '', 'router:external': False, 'service_types': [], 'tags': [], 'created_at': '2025-11-12T22:44:16Z', 'updated_at': '2025-11-12T22:44:16Z', 'revision_number': 0, 'project_id': 'b32a30dd9ed8472eb48ba558763919ed'}, Router: {'id': 'b92d0929-8a9f-4326-b8b4-44f2803c2f0f', 'name': 'tempest-ServersTestManualDisk-964314198-router', 'tenant_id': 'b32a30dd9ed8472eb48ba558763919ed', 'admin_state_up': True, 'status': 'ACTIVE', 'external_gateway_info': {'network_id': '861d3498-ed97-4fa1-b0b4-3327f100974b', 'external_fixed_ips': [{'subnet_id': '1d46f3d9-c55a-48a1-8b64-4b0d79a5de42', 'ip_address': '10.180.180.167'}], 'enable_snat': True}, 'description': '', 'availability_zones': [], 'distributed': False, 'ha': False, 'availability_zone_hints': [], 'routes': [], 'flavor_id': None, 'tags': [], 'created_at': '2025-11-12T22:44:17Z', 'updated_at': '2025-11-12T22:44:17Z', 'revision_number': 2, 'project_id': 'b32a30dd9ed8472eb48ba558763919ed'}
2025-11-12 22:44:18.759 65725 INFO tempest.lib.common.rest_client [req-29c9b461-de15-44e2-b4c8-b7077b871611 req-29c9b461-de15-44e2-b4c8-b7077b871611 ] Request (SecurityGroupsTestJSON:test_list_security_groups_by_server): 200 GET http://10.180.1.21/compute/v2.1/servers/a4112107-4e15-491d-9b5f-8a004b295115 4.328s
2025-11-12 22:44:18.815 65713 INFO tempest.lib.common.rest_client [req-b3889adb-0f55-42f1-a98c-9c555deb4d1c req-b3889adb-0f55-42f1-a98c-9c555deb4d1c ] Request (ServersTestManualDisk:setUpClass): 201 POST http://10.180.1.21/identity/v3/auth/tokens 0.108s
2025-11-12 22:44:18.940 65695 INFO tempest.lib.common.rest_client [req-e6b34cdb-84c2-4ac6-8276-650080ca7db5 req-e6b34cdb-84c2-4ac6-8276-650080ca7db5 ] Request (AttachVolumeNegativeTest:test_attach_attached_volume_to_different_server): 200 GET http://10.180.1.21/compute/v2.1/servers/846828fb-ac3e-49dc-850a-816031eaebb1 4.502s
2025-11-12 22:44:18.970 65715 INFO tempest.lib.common.rest_client [req-72f4f767-2298-4c2a-b3a6-53b957ef0eaf req-72f4f767-2298-4c2a-b3a6-53b957ef0eaf ] Request (MultipleCreateTestJSON:test_multiple_create): 200 GET http://10.180.1.21/compute/v2.1/servers/29b6afac-5d8b-4e68-ab52-99ec57129bb3 4.581s
2025-11-12 22:44:19.177 65681 INFO tempest.lib.common.rest_client [req-5730488e-93ab-4a35-9803-b2f2c3f11e0f req-5730488e-93ab-4a35-9803-b2f2c3f11e0f ] Request (ServersAdminNegativeTestJSON:test_migrate_server_invalid_state): 200 GET http://10.180.1.21/compute/v2.1/servers/46d105de-a26c-4f86-a3d2-d981e92d38bd 4.624s
2025-11-12 22:44:19.203 65677 INFO tempest.lib.common.rest_client [req-0d0e727f-d010-4952-808e-7c48dae6a32a req-0d0e727f-d010-4952-808e-7c48dae6a32a ] Request (ServerActionsTestJSON:setUpClass): 200 GET http://10.180.1.21/compute/v2.1/servers/ff3ef5fb-3271-4730-9e63-c98c3a66175d 4.708s
2025-11-12 22:44:19.215 65677 INFO tempest.common.waiters [-] State transition "BUILD/None" ==> "BUILD/spawning" after 27 second wait
2025-11-12 22:44:19.250 65687 INFO tempest.lib.common.rest_client [req-ce518d11-1cce-414d-a2af-9c88b8642b29 req-ce518d11-1cce-414d-a2af-9c88b8642b29 ] Request (ImagesOneServerTestJSON:test_create_delete_image): 200 GET http://10.180.1.21/compute/v2.1/images/063c5c23-1e0c-4cd5-a9c0-6cb3ad4a2e10 4.648s
2025-11-12 22:44:19.283 65737 INFO tempest.lib.common.rest_client [req-67a16113-17e8-4ced-93d4-fb1da1bbd488 req-67a16113-17e8-4ced-93d4-fb1da1bbd488 ] Request (MigrationsAdminTest:test_list_migrations_in_flavor_resize_situation): 200 GET http://10.180.1.21/compute/v2.1/os-migrations 4.677s
2025-11-12 22:44:19.394 65703 INFO tempest.lib.common.rest_client [req-f6e909fb-48f1-47d6-a150-418ff963213a req-f6e909fb-48f1-47d6-a150-418ff963213a ] Request (ServerRescueNegativeTestJSON:setUpClass): 200 GET http://10.180.1.21/compute/v2.1/servers/1602a56d-8eed-4958-a846-67841fc06c1e 4.829s
2025-11-12 22:44:19.410 65703 INFO tempest.common.waiters [-] State transition "BUILD/None" ==> "BUILD/spawning" after 27 second wait
2025-11-12 22:44:19.453 65717 INFO tempest.lib.common.rest_client [req-834c2af5-f8df-4b6b-9ee9-41b00502578c req-834c2af5-f8df-4b6b-9ee9-41b00502578c ] Request (ServicesAdminNegativeTestJSON:test_list_services_with_non_admin_user): 403 GET http://10.180.1.21/compute/v2.1/os-services 4.818s
2025-11-12 22:44:19.536 65707 INFO tempest.lib.common.rest_client [req-66ac3487-e07e-454d-a643-8def132136d3 req-66ac3487-e07e-454d-a643-8def132136d3 ] Request (SecurityGroupRulesNegativeTestJSON:test_create_security_group_rule_with_invalid_from_port): 200 POST http://10.180.1.21/compute/v2.1/os-security-groups 4.755s
2025-11-12 22:44:19.558 65717 INFO tempest.lib.common.rest_client [req-92bfc9fe-f4f9-4839-b47e-94572b08b3f6 req-92bfc9fe-f4f9-4839-b47e-94572b08b3f6 ] Request (ServicesAdminNegativeTestJSON:tearDownClass): 204 DELETE http://10.180.1.21/identity/v3/users/5ce3727065034b92bf1f087d52f7b6d6 0.103s
2025-11-12 22:44:19.594 65685 INFO tempest.lib.common.rest_client [req-c17c541e-763f-4761-b86c-849c7e08fd54 req-c17c541e-763f-4761-b86c-849c7e08fd54 ] Request (AggregatesAdminNegativeTestJSON:test_aggregate_remove_host_as_user): 403 POST http://10.180.1.21/compute/v2.1/os-aggregates/7/action 3.887s
2025-11-12 22:44:19.686 65717 INFO tempest.lib.common.rest_client [req-1f4ff833-ce81-44c8-b19f-6d88af4a43ae req-1f4ff833-ce81-44c8-b19f-6d88af4a43ae ] Request (ServicesAdminNegativeTestJSON:tearDownClass): 204 DELETE http://10.180.1.21/identity/v3/users/8b15e8a6263e4c51a63bfe7c1ebea123 0.127s
2025-11-12 22:44:19.686 65717 INFO tempest.lib.common.dynamic_creds [-] Deleting project and security group for project: 659315b5186b4ae6a80e50b4f40233f9
2025-11-12 22:44:19.755 65717 INFO tempest.lib.common.rest_client [req-bca4455f-56d4-44b3-a0cc-26a21810dfb8 req-bca4455f-56d4-44b3-a0cc-26a21810dfb8 ] Request (ServicesAdminNegativeTestJSON:tearDownClass): 201 POST http://10.180.1.21/identity/v3/auth/tokens 0.069s
2025-11-12 22:44:19.980 65717 INFO tempest.lib.common.rest_client [req-532fcefb-0098-4b0a-8d58-88335ff3d174 req-532fcefb-0098-4b0a-8d58-88335ff3d174 ] Request (ServicesAdminNegativeTestJSON:tearDownClass): 200 GET http://10.180.1.21/networking/v2.0/security-groups?tenant_id=659315b5186b4ae6a80e50b4f40233f9&name=default 0.224s
2025-11-12 22:44:20.209 65697 INFO tempest.lib.common.rest_client [req-4ed63958-9fb4-4508-a65c-8016a96e46f2 req-4ed63958-9fb4-4508-a65c-8016a96e46f2 ] Request (ListServerFiltersTestJSON:setUpClass): 202 POST http://10.180.1.21/compute/v2.1/servers 4.467s
2025-11-12 22:44:20.221 65717 INFO tempest.lib.common.rest_client [req-e6624102-3c40-4d4d-9c15-7430e0c26dba req-e6624102-3c40-4d4d-9c15-7430e0c26dba ] Request (ServicesAdminNegativeTestJSON:tearDownClass): 204 DELETE http://10.180.1.21/networking/v2.0/security-groups/a65d622d-d5ac-4f0f-8fcd-4b39b6a86e9f 0.241s
2025-11-12 22:44:20.310 65717 INFO tempest.lib.common.rest_client [req-2750fb57-c5b5-4958-8a62-ef036f2d973f req-2750fb57-c5b5-4958-8a62-ef036f2d973f ] Request (ServicesAdminNegativeTestJSON:tearDownClass): 204 DELETE http://10.180.1.21/identity/v3/projects/659315b5186b4ae6a80e50b4f40233f9 0.088s
2025-11-12 22:44:20.310 65717 INFO tempest.lib.common.dynamic_creds [-] Deleting project and security group for project: 626e65da19a94a08b30726dc4077f583
2025-11-12 22:44:20.490 65721 INFO tempest.lib.common.rest_client [req-28f2b982-8001-4c5d-ad7a-412866f7772f req-28f2b982-8001-4c5d-ad7a-412866f7772f ] Request (QuotasAdminTestV236:test_get_updated_quotas): 200 GET http://10.180.1.21/compute/v2.1/os-quota-sets/f7426c14249740c7bdf5adf6df8cbbf5?user_id=6be8fb7367a34c39947ec93cae454dba 4.650s
2025-11-12 22:44:20.523 65705 INFO tempest.lib.common.rest_client [req-212d20e8-a43c-4bcc-909d-1a7f8d7ccf18 req-212d20e8-a43c-4bcc-909d-1a7f8d7ccf18 ] Request (DeleteServersAdminTestJSON:tearDownClass): 404 DELETE http://10.180.1.21/compute/v2.1/servers/6d74ab64-6e81-4130-bafa-8a569952a01f 4.665s
2025-11-12 22:44:20.578 65717 INFO tempest.lib.common.rest_client [req-58b1599e-85c9-4149-b639-9fca901b8a30 req-58b1599e-85c9-4149-b639-9fca901b8a30 ] Request (ServicesAdminNegativeTestJSON:tearDownClass): 200 GET http://10.180.1.21/networking/v2.0/security-groups?tenant_id=626e65da19a94a08b30726dc4077f583&name=default 0.267s
2025-11-12 22:44:20.624 65721 INFO tempest.lib.common.rest_client [req-fff52efd-d9fe-4e7f-b0a7-f0d0e5bfa703 req-fff52efd-d9fe-4e7f-b0a7-f0d0e5bfa703 ] Request (QuotasAdminTestV236:_run_cleanups): 204 DELETE http://10.180.1.21/identity/v3/users/6be8fb7367a34c39947ec93cae454dba 0.131s
2025-11-12 22:44:20.641 65679 INFO tempest.lib.common.rest_client [req-13024693-e247-4747-adfb-067efe2f0d10 req-13024693-e247-4747-adfb-067efe2f0d10 ] Request (ListServersNegativeTestJSON:setUpClass): 200 GET http://10.180.1.21/compute/v2.1/servers/2b49a267-efa9-4c11-b2cb-108b7da77935 4.773s
2025-11-12 22:44:20.747 65717 INFO tempest.lib.common.rest_client [req-e854ac9c-1b71-499e-8e8d-8d1aca5e9295 req-e854ac9c-1b71-499e-8e8d-8d1aca5e9295 ] Request (ServicesAdminNegativeTestJSON:tearDownClass): 204 DELETE http://10.180.1.21/networking/v2.0/security-groups/ad632706-23e7-4ef4-b5f9-aa6aa28e1418 0.169s
2025-11-12 22:44:20.753 65721 INFO tempest.lib.common.rest_client [req-5ac5cbf0-0324-4f7b-a062-492d2a157609 req-5ac5cbf0-0324-4f7b-a062-492d2a157609 ] Request (QuotasAdminTestV236:_run_cleanups): 204 DELETE http://10.180.1.21/identity/v3/projects/f7426c14249740c7bdf5adf6df8cbbf5 0.129s
2025-11-12 22:44:20.925 65721 INFO tempest.lib.common.rest_client [req-8666d03e-77ff-4e7d-8376-5cf762a1b0bc req-8666d03e-77ff-4e7d-8376-5cf762a1b0bc ] Request (QuotasAdminTestV236:tearDownClass): 204 DELETE http://10.180.1.21/identity/v3/users/ea1cade07d294f82a30d606b96ac14ba 0.166s
2025-11-12 22:44:20.926 65717 INFO tempest.lib.common.rest_client [req-3f0867c7-9821-42e6-b7ce-0d2f5f4b1789 req-3f0867c7-9821-42e6-b7ce-0d2f5f4b1789 ] Request (ServicesAdminNegativeTestJSON:tearDownClass): 204 DELETE http://10.180.1.21/identity/v3/projects/626e65da19a94a08b30726dc4077f583 0.179s
2025-11-12 22:44:20.956 65691 INFO tempest.lib.common.rest_client [req-d141f782-5a1c-4033-aad6-5dba6c7ac3ef req-d141f782-5a1c-4033-aad6-5dba6c7ac3ef ] Request (ServersAdminTestJSON:setUpClass): 200 GET http://10.180.1.21/compute/v2.1/servers/eb4cce99-41ab-449c-ba6a-dd737a6b1180 4.426s
2025-11-12 22:44:20.961 65731 INFO tempest.lib.common.rest_client [req-8861eed5-9468-4b02-93e1-1e88a4d629ef req-8861eed5-9468-4b02-93e1-1e88a4d629ef ] Request (ImagesOneServerNegativeTestJSON:test_create_image_specify_metadata_over_limits): 400 POST http://10.180.1.21/compute/v2.1/servers/cc1adefd-a061-47e0-bf8e-38ef27790723/action 4.164s
2025-11-12 22:44:21.036 65717 INFO tempest.lib.common.rest_client [req-b9adcd3c-2308-41ac-8994-5582ab03d383 req-b9adcd3c-2308-41ac-8994-5582ab03d383 ] Request (ServerMetadataNegativeTestJSON:setUpClass): 201 POST http://10.180.1.21/identity/v3/auth/tokens 0.108s
2025-11-12 22:44:21.119 65721 INFO tempest.lib.common.rest_client [req-e74146e3-779b-40ad-9563-12ae97f67c38 req-e74146e3-779b-40ad-9563-12ae97f67c38 ] Request (QuotasAdminTestV236:tearDownClass): 204 DELETE http://10.180.1.21/identity/v3/users/dcab6d49d49a4616a608c71c4fb3d6ad 0.194s
2025-11-12 22:44:21.120 65721 INFO tempest.lib.common.dynamic_creds [-] Deleting project and security group for project: e6940c9e67074428a0e5fbc275668692
2025-11-12 22:44:21.124 65729 INFO tempest.lib.common.rest_client [req-7efda071-fa6a-40da-b04f-3643768815b1 req-7efda071-fa6a-40da-b04f-3643768815b1 ] Request (ServerShowV247Test:tearDownClass): 204 DELETE http://10.180.1.21/compute/v2.1/servers/dc08eda0-b021-47b9-a378-9317965a2c0e 4.120s
2025-11-12 22:44:21.182 65717 INFO tempest.lib.common.rest_client [req-a2a06987-9dca-4045-9645-3879b6aa4681 req-a2a06987-9dca-4045-9645-3879b6aa4681 ] Request (ServerMetadataNegativeTestJSON:setUpClass): 201 POST http://10.180.1.21/identity/v3/auth/tokens 0.142s
2025-11-12 22:44:21.221 65721 INFO tempest.lib.common.rest_client [req-166e4a70-d692-498b-8969-9637b7c01b0d req-166e4a70-d692-498b-8969-9637b7c01b0d ] Request (QuotasAdminTestV236:tearDownClass): 201 POST http://10.180.1.21/identity/v3/auth/tokens 0.101s
2025-11-12 22:44:21.255 65717 INFO tempest.lib.common.rest_client [req-6ee2505b-9da2-4fb8-b32a-0a58de884659 req-6ee2505b-9da2-4fb8-b32a-0a58de884659 ] Request (ServerMetadataNegativeTestJSON:setUpClass): 200 GET http://10.180.1.21/identity/v3/domains?name=Default 0.072s
2025-11-12 22:44:21.288 65717 INFO tempest.lib.common.rest_client [req-b6197328-a7d3-4ec0-94b1-3a4801e799bd req-b6197328-a7d3-4ec0-94b1-3a4801e799bd ] Request (ServerMetadataNegativeTestJSON:setUpClass): 201 POST http://10.180.1.21/identity/v3/projects 0.032s
2025-11-12 22:44:21.357 65711 INFO tempest.lib.common.rest_client [req-4ae1edc2-8228-4a5e-afd4-d856bb4baf52 req-4ae1edc2-8228-4a5e-afd4-d856bb4baf52 ] Request (AttachInterfacesTestJSON:test_create_list_show_delete_interfaces_by_fixed_ip): 200 GET http://10.180.1.21/compute/v2.1/servers/5e58ad68-c04d-4479-ba9c-f571055bb014/os-interface 4.131s
2025-11-12 22:44:21.359 65717 INFO tempest.lib.common.rest_client [req-e95f36ad-cd67-46d4-ae3a-fdc1c3d2cd70 req-e95f36ad-cd67-46d4-ae3a-fdc1c3d2cd70 ] Request (ServerMetadataNegativeTestJSON:setUpClass): 201 POST http://10.180.1.21/identity/v3/users 0.071s
2025-11-12 22:44:21.384 65717 INFO tempest.lib.common.rest_client [req-5ed2ad28-967c-4a9d-8f36-ed444ca2491f req-5ed2ad28-967c-4a9d-8f36-ed444ca2491f ] Request (ServerMetadataNegativeTestJSON:setUpClass): 200 GET http://10.180.1.21/identity/v3/roles 0.024s
2025-11-12 22:44:21.403 65709 INFO tempest.lib.common.rest_client [req-fd8a6036-95c9-49c3-b0d3-be17b8c50d56 req-fd8a6036-95c9-49c3-b0d3-be17b8c50d56 ] Request (FloatingIPsAssociationTestJSON:_run_cleanups): 202 POST http://10.180.1.21/compute/v2.1/servers/be84e687-c2a1-44bd-9e40-305c6dc06382/action 6.020s
2025-11-12 22:44:21.410 65717 INFO tempest.lib.common.rest_client [req-57462e60-051b-45fa-83d6-ff3e0cd0caae req-57462e60-051b-45fa-83d6-ff3e0cd0caae ] Request (ServerMetadataNegativeTestJSON:setUpClass): 204 PUT http://10.180.1.21/identity/v3/projects/a500f07a07184a3795672a0cdbbcd7ab/users/42c23479997f4fbbac9a99db719e2aa6/roles/b764fee9b08e43c1bb5e31e3c41874c8 0.026s
2025-11-12 22:44:21.411 65717 INFO tempest.lib.common.dynamic_creds [-] Dynamic test user 42c23479997f4fbbac9a99db719e2aa6 is created with scope project and roles: ['member']
2025-11-12 22:44:21.411 65717 INFO tempest.lib.common.dynamic_creds [-] Acquired dynamic creds: credentials: Credentials: {'domain_id': 'default', 'domain_name': 'Default', 'username': 'tempest-ServerMetadataNegativeTestJSON-1664357092-project-member', 'project_domain_id': 'default', 'project_domain_name': 'Default', 'project_id': 'a500f07a07184a3795672a0cdbbcd7ab', 'project_name': 'tempest-ServerMetadataNegativeTestJSON-1664357092', 'tenant_id': 'a500f07a07184a3795672a0cdbbcd7ab', 'tenant_name': 'tempest-ServerMetadataNegativeTestJSON-1664357092', 'user_domain_id': 'default', 'user_domain_name': 'Default', 'user_id': '42c23479997f4fbbac9a99db719e2aa6', 'system': None}, Network: None, Subnet: None, Router: None
2025-11-12 22:44:21.464 65727 INFO tempest.lib.common.rest_client [req-1bd22976-dc72-4d6f-ab61-60c636ca931c req-1bd22976-dc72-4d6f-ab61-60c636ca931c ] Request (ServerTagsTestJSON:test_update_all_tags): 200 PUT http://10.180.1.21/compute/v2.1/servers/845b0189-ec38-4f05-8292-2bf4cf76cae1/tags 3.775s
2025-11-12 22:44:21.499 65717 INFO tempest.lib.common.rest_client [req-e1aa772f-88ca-4d8d-a89c-676b8ec4fedf req-e1aa772f-88ca-4d8d-a89c-676b8ec4fedf ] Request (ServerMetadataNegativeTestJSON:setUpClass): 201 POST http://10.180.1.21/identity/v3/auth/tokens 0.088s
2025-11-12 22:44:21.615 65721 INFO tempest.lib.common.rest_client [req-b4aa3941-2daa-4ebe-885d-25f00bda2b44 req-b4aa3941-2daa-4ebe-885d-25f00bda2b44 ] Request (QuotasAdminTestV236:tearDownClass): 200 GET http://10.180.1.21/networking/v2.0/security-groups?tenant_id=e6940c9e67074428a0e5fbc275668692&name=default 0.393s
2025-11-12 22:44:22.576 65734 INFO tempest.lib.common.rest_client [req-6d9930ff-baca-42eb-b8c2-88c4433154ae req-6d9930ff-baca-42eb-b8c2-88c4433154ae ] Request (SecurityGroupRulesTestJSON:test_security_group_rules_list): 200 POST http://10.180.1.21/compute/v2.1/os-security-groups 4.955s
2025-11-12 22:44:22.603 65701 INFO tempest.lib.common.rest_client [req-3e96a48f-3e6e-4ca5-b8be-0cd3f641e0f1 req-3e96a48f-3e6e-4ca5-b8be-0cd3f641e0f1 ] Request (ImagesTestJSON:test_create_image_from_stopped_server): 200 GET http://10.180.1.21/compute/v2.1/servers/b1271d4f-bf25-4eea-ba33-2bb51fd2ea5f 4.791s
2025-11-12 22:44:22.673 65711 INFO tempest.lib.common.rest_client [req-ada0174f-f60c-43a8-ae9f-7d6220ca7db1 req-ada0174f-f60c-43a8-ae9f-7d6220ca7db1 ] Request (AttachInterfacesTestJSON:test_create_list_show_delete_interfaces_by_fixed_ip): 200 PUT http://10.180.1.21/networking/v2.0/floatingips/c9a18818-fc88-40b4-8c22-21ed4a5e394e 1.310s
2025-11-12 22:44:22.795 65721 INFO tempest.lib.common.rest_client [req-bdeca84f-cf26-41cc-8bf6-5b13f1054fb8 req-bdeca84f-cf26-41cc-8bf6-5b13f1054fb8 ] Request (QuotasAdminTestV236:tearDownClass): 204 DELETE http://10.180.1.21/networking/v2.0/security-groups/fd2b0643-7737-40f8-831b-613e62e95ad0 1.179s
2025-11-12 22:44:22.888 65717 INFO tempest.lib.common.rest_client [req-27ab60ea-bb8f-497e-8b43-ad174c027fe1 req-27ab60ea-bb8f-497e-8b43-ad174c027fe1 ] Request (ServerMetadataNegativeTestJSON:setUpClass): 201 POST http://10.180.1.21/networking/v2.0/networks 1.388s
2025-11-12 22:44:22.919 65721 INFO tempest.lib.common.rest_client [req-5ada0934-be0d-43b3-9af0-29c5aaf2c505 req-5ada0934-be0d-43b3-9af0-29c5aaf2c505 ] Request (QuotasAdminTestV236:tearDownClass): 204 DELETE http://10.180.1.21/identity/v3/projects/e6940c9e67074428a0e5fbc275668692 0.123s
2025-11-12 22:44:22.919 65721 INFO tempest.lib.common.dynamic_creds [-] Deleting project and security group for project: fb410f8928b34fa184dc49834339b5a8
2025-11-12 22:44:22.923 65735 INFO tempest.lib.common.rest_client [req-426c6eaa-3a77-4407-8c74-6d512df298ea req-426c6eaa-3a77-4407-8c74-6d512df298ea ] Request (ServersWithSpecificFlavorTestJSON:test_verify_created_server_ephemeral_disk): 200 GET http://10.180.1.21/compute/v2.1/servers/b48b5986-25cc-4cf6-b84c-7673d7f615d9 5.052s
2025-11-12 22:44:23.120 65721 INFO tempest.lib.common.rest_client [req-c6ae1f61-6c93-43f8-a36c-e11fc08243b0 req-c6ae1f61-6c93-43f8-a36c-e11fc08243b0 ] Request (QuotasAdminTestV236:tearDownClass): 200 GET http://10.180.1.21/networking/v2.0/security-groups?tenant_id=fb410f8928b34fa184dc49834339b5a8&name=default 0.201s
2025-11-12 22:44:23.189 65683 INFO tempest.lib.common.rest_client [req-3dc3336a-9a4f-4f27-950b-152066f9fad3 req-3dc3336a-9a4f-4f27-950b-152066f9fad3 ] Request (AttachInterfacesUnderV243Test:test_add_remove_fixed_ip): 200 GET http://10.180.1.21/compute/v2.1/servers/d40cd56e-eb71-4e55-b126-c50372b8c13c 5.316s
2025-11-12 22:44:23.202 65683 INFO tempest.common.waiters [-] State transition "BUILD/None" ==> "BUILD/spawning" after 25 second wait
2025-11-12 22:44:23.209 65717 INFO tempest.lib.common.rest_client [req-e96c5825-b884-4c13-bb12-2792d833eae1 req-e96c5825-b884-4c13-bb12-2792d833eae1 ] Request (ServerMetadataNegativeTestJSON:setUpClass): 201 POST http://10.180.1.21/networking/v2.0/subnets 0.319s
2025-11-12 22:44:23.246 65699 INFO tempest.lib.common.rest_client [req-f139847b-b85e-44e2-bcc6-ef61cd05252c req-f139847b-b85e-44e2-bcc6-ef61cd05252c ] Request (ImagesNegativeTestJSON:test_create_image_from_deleted_server): 200 GET http://10.180.1.21/compute/v2.1/servers/8e1eb273-f88d-411a-b5df-f17df6652266 4.436s
2025-11-12 22:44:23.258 65699 INFO tempest.common.waiters [-] State transition "BUILD/scheduling" ==> "BUILD/None" after 10 second wait
2025-11-12 22:44:23.264 65737 INFO tempest.lib.common.rest_client [req-42afa9fd-2233-4bc2-bf82-462663f6c9cc req-42afa9fd-2233-4bc2-bf82-462663f6c9cc ] Request (MigrationsAdminTest:test_resize_server_revert_deleted_flavor): 200 GET http://10.180.1.21/compute/v2.1/flavors/42 3.972s
2025-11-12 22:44:23.338 65721 INFO tempest.lib.common.rest_client [req-6e0e6b2a-ba84-4e5d-9688-ee1df0b7c807 req-6e0e6b2a-ba84-4e5d-9688-ee1df0b7c807 ] Request (QuotasAdminTestV236:tearDownClass): 204 DELETE http://10.180.1.21/networking/v2.0/security-groups/6447bd37-7682-44c2-93d5-1330191a7841 0.217s
2025-11-12 22:44:23.445 65713 INFO tempest.lib.common.rest_client [req-8669946c-7f96-4a6c-8ddf-800f40a9626c req-8669946c-7f96-4a6c-8ddf-800f40a9626c ] Request (ServersTestManualDisk:setUpClass): 200 POST http://10.180.1.21/compute/v2.1/os-keypairs 4.628s
2025-11-12 22:44:23.507 65721 INFO tempest.lib.common.rest_client [req-2607b82a-9103-4a13-888d-3ecad54890ba req-2607b82a-9103-4a13-888d-3ecad54890ba ] Request (QuotasAdminTestV236:tearDownClass): 204 DELETE http://10.180.1.21/identity/v3/projects/fb410f8928b34fa184dc49834339b5a8 0.168s
2025-11-12 22:44:23.586 65721 INFO tempest.lib.common.rest_client [req-966b749a-96d9-43c7-aef2-7e062ba883da req-966b749a-96d9-43c7-aef2-7e062ba883da ] Request (ServersTestJSON:setUpClass): 201 POST http://10.180.1.21/identity/v3/auth/tokens 0.078s
2025-11-12 22:44:23.616 65707 INFO tempest.lib.common.rest_client [req-eb2f231b-fa45-4312-b9de-60301261beeb req-eb2f231b-fa45-4312-b9de-60301261beeb ] Request (SecurityGroupRulesNegativeTestJSON:test_create_security_group_rule_with_invalid_from_port): 400 POST http://10.180.1.21/compute/v2.1/os-security-group-rules 4.077s
2025-11-12 22:44:23.623 65685 INFO tempest.lib.common.rest_client [req-aabb26c3-c50c-4df4-9f8f-a03b8eccf64d req-aabb26c3-c50c-4df4-9f8f-a03b8eccf64d ] Request (AggregatesAdminNegativeTestJSON:_run_cleanups): 200 POST http://10.180.1.21/compute/v2.1/os-aggregates/7/action 4.028s
2025-11-12 22:44:23.635 65721 INFO tempest.lib.common.rest_client [req-79bf0af6-22d0-4659-8186-a9a27d23be0f req-79bf0af6-22d0-4659-8186-a9a27d23be0f ] Request (ServersTestJSON:setUpClass): 201 POST http://10.180.1.21/identity/v3/auth/tokens 0.045s
2025-11-12 22:44:23.664 65721 INFO tempest.lib.common.rest_client [req-f962f719-82ef-4111-8e96-2e09a6dd14ef req-f962f719-82ef-4111-8e96-2e09a6dd14ef ] Request (ServersTestJSON:setUpClass): 200 GET http://10.180.1.21/identity/v3/domains?name=Default 0.029s
2025-11-12 22:44:23.695 65721 INFO tempest.lib.common.rest_client [req-310150b8-4a5a-47de-af91-28cebadbd19a req-310150b8-4a5a-47de-af91-28cebadbd19a ] Request (ServersTestJSON:setUpClass): 201 POST http://10.180.1.21/identity/v3/projects 0.030s
2025-11-12 22:44:23.723 65713 INFO tempest.lib.common.rest_client [req-fd8e6d5c-0c46-4f0e-b16e-a2b5c5bd2f6a req-fd8e6d5c-0c46-4f0e-b16e-a2b5c5bd2f6a ] Request (ServersTestManualDisk:setUpClass): 201 POST http://10.180.1.21/networking/v2.0/security-groups 0.274s
2025-11-12 22:44:23.811 65721 INFO tempest.lib.common.rest_client [req-b2e74e4e-5731-43d0-b512-511a81efdcc9 req-b2e74e4e-5731-43d0-b512-511a81efdcc9 ] Request (ServersTestJSON:setUpClass): 201 POST http://10.180.1.21/identity/v3/users 0.115s
2025-11-12 22:44:23.845 65721 INFO tempest.lib.common.rest_client [req-cc07fe9f-ceda-4ef0-beb8-e4a60bf95d71 req-cc07fe9f-ceda-4ef0-beb8-e4a60bf95d71 ] Request (ServersTestJSON:setUpClass): 200 GET http://10.180.1.21/identity/v3/roles 0.033s
2025-11-12 22:44:23.880 65721 INFO tempest.lib.common.rest_client [req-4018a8b9-2116-4a2f-94e7-d9b26babe6cc req-4018a8b9-2116-4a2f-94e7-d9b26babe6cc ] Request (ServersTestJSON:setUpClass): 204 PUT http://10.180.1.21/identity/v3/projects/e6caf2b5cb6b4b6fa6599627de464559/users/742ac0eae2674fb2bf3b9e7ef111c024/roles/b764fee9b08e43c1bb5e31e3c41874c8 0.034s
2025-11-12 22:44:23.880 65721 INFO tempest.lib.common.dynamic_creds [-] Dynamic test user 742ac0eae2674fb2bf3b9e7ef111c024 is created with scope project and roles: ['member']
2025-11-12 22:44:23.880 65721 INFO tempest.lib.common.dynamic_creds [-] Acquired dynamic creds: credentials: Credentials: {'domain_id': 'default', 'domain_name': 'Default', 'username': 'tempest-ServersTestJSON-1985120267-project-member', 'project_domain_id': 'default', 'project_domain_name': 'Default', 'project_id': 'e6caf2b5cb6b4b6fa6599627de464559', 'project_name': 'tempest-ServersTestJSON-1985120267', 'tenant_id': 'e6caf2b5cb6b4b6fa6599627de464559', 'tenant_name': 'tempest-ServersTestJSON-1985120267', 'user_domain_id': 'default', 'user_domain_name': 'Default', 'user_id': '742ac0eae2674fb2bf3b9e7ef111c024', 'system': None}, Network: None, Subnet: None, Router: None
2025-11-12 22:44:23.956 65721 INFO tempest.lib.common.rest_client [req-945f25e4-7109-4488-ae16-5cb00de42aa8 req-945f25e4-7109-4488-ae16-5cb00de42aa8 ] Request (ServersTestJSON:setUpClass): 201 POST http://10.180.1.21/identity/v3/auth/tokens 0.075s
2025-11-12 22:44:24.707 65717 INFO tempest.lib.common.rest_client [req-a96c22a3-fd3d-4818-aba0-91199ae8ec0e req-a96c22a3-fd3d-4818-aba0-91199ae8ec0e ] Request (ServerMetadataNegativeTestJSON:setUpClass): 201 POST http://10.180.1.21/networking/v2.0/routers 1.497s
2025-11-12 22:44:24.738 65695 INFO tempest.lib.common.rest_client [req-442ba80e-3819-4a52-b2ce-94352fde6ac2 req-442ba80e-3819-4a52-b2ce-94352fde6ac2 ] Request (AttachVolumeNegativeTest:test_attach_attached_volume_to_different_server): 200 GET http://10.180.1.21/compute/v2.1/servers/846828fb-ac3e-49dc-850a-816031eaebb1 4.787s
2025-11-12 22:44:24.750 65725 INFO tempest.lib.common.rest_client [req-da8321ec-c110-4ec1-bd70-9afb8a15b075 req-da8321ec-c110-4ec1-bd70-9afb8a15b075 ] Request (SecurityGroupsTestJSON:test_list_security_groups_by_server): 200 GET http://10.180.1.21/compute/v2.1/servers/a4112107-4e15-491d-9b5f-8a004b295115 4.977s
2025-11-12 22:44:24.852 65713 INFO tempest.lib.common.rest_client [req-836cd5b7-a9e9-4cb5-ad87-bd42e2b0ea3d req-836cd5b7-a9e9-4cb5-ad87-bd42e2b0ea3d ] Request (ServersTestManualDisk:setUpClass): 201 POST http://10.180.1.21/networking/v2.0/security-group-rules 1.129s
2025-11-12 22:44:25.206 65721 INFO tempest.lib.common.rest_client [req-558c864b-f570-4be3-8054-48b6632dcb91 req-558c864b-f570-4be3-8054-48b6632dcb91 ] Request (ServersTestJSON:setUpClass): 201 POST http://10.180.1.21/networking/v2.0/networks 1.249s
2025-11-12 22:44:25.472 65681 INFO tempest.lib.common.rest_client [req-acc7cb2f-795c-4384-83ca-f777b3a5e730 req-acc7cb2f-795c-4384-83ca-f777b3a5e730 ] Request (ServersAdminNegativeTestJSON:test_migrate_server_invalid_state): 200 GET http://10.180.1.21/compute/v2.1/servers/46d105de-a26c-4f86-a3d2-d981e92d38bd 5.287s
2025-11-12 22:44:25.629 65713 INFO tempest.lib.common.rest_client [req-d5552b74-38f1-495f-aa37-f5f7041806d5 req-d5552b74-38f1-495f-aa37-f5f7041806d5 ] Request (ServersTestManualDisk:setUpClass): 201 POST http://10.180.1.21/networking/v2.0/security-group-rules 0.776s
2025-11-12 22:44:25.853 65721 INFO tempest.lib.common.rest_client [req-b8f53303-8ef2-4365-b84f-6e33be4d0d1a req-b8f53303-8ef2-4365-b84f-6e33be4d0d1a ] Request (ServersTestJSON:setUpClass): 201 POST http://10.180.1.21/networking/v2.0/subnets 0.647s
2025-11-12 22:44:25.936 65697 INFO tempest.lib.common.rest_client [req-ba7599dd-2b74-4319-b85e-e4ab5f45b47d req-ba7599dd-2b74-4319-b85e-e4ab5f45b47d ] Request (ListServerFiltersTestJSON:setUpClass): 200 GET http://10.180.1.21/compute/v2.1/servers/8ff0e0fa-42ab-42c9-9346-3ee9a7400cdd 5.725s
2025-11-12 22:44:25.981 65715 INFO tempest.lib.common.rest_client [req-36b865aa-8150-413d-b3b2-829c72ff81ef req-36b865aa-8150-413d-b3b2-829c72ff81ef ] Request (MultipleCreateTestJSON:test_multiple_create): 200 GET http://10.180.1.21/compute/v2.1/servers/29b6afac-5d8b-4e68-ab52-99ec57129bb3 6.000s
2025-11-12 22:44:25.995 65715 INFO tempest.common.waiters [-] State transition "BUILD/spawning" ==> "ACTIVE/None" after 23 second wait
2025-11-12 22:44:26.029 65687 INFO tempest.lib.common.rest_client [req-b5ba3b02-9360-4af2-9c9a-07a61fa472c0 req-b5ba3b02-9360-4af2-9c9a-07a61fa472c0 ] Request (ImagesOneServerTestJSON:test_create_delete_image): 200 GET http://10.180.1.21/compute/v2.1/images/063c5c23-1e0c-4cd5-a9c0-6cb3ad4a2e10 5.773s
2025-11-12 22:44:26.318 65717 INFO tempest.lib.common.rest_client [req-ed00144a-7073-4a4f-b263-63ad9f8e586a req-ed00144a-7073-4a4f-b263-63ad9f8e586a ] Request (ServerMetadataNegativeTestJSON:setUpClass): 200 PUT http://10.180.1.21/networking/v2.0/routers/35c7fca5-693c-4272-92e1-a7a94850c20f/add_router_interface 1.611s
2025-11-12 22:44:26.319 65717 INFO tempest.lib.common.dynamic_creds [-] Created isolated network resources for: credentials: Credentials: {'domain_id': 'default', 'domain_name': 'Default', 'username': 'tempest-ServerMetadataNegativeTestJSON-1664357092-project-member', 'project_domain_id': 'default', 'project_domain_name': 'Default', 'project_id': 'a500f07a07184a3795672a0cdbbcd7ab', 'project_name': 'tempest-ServerMetadataNegativeTestJSON-1664357092', 'tenant_id': 'a500f07a07184a3795672a0cdbbcd7ab', 'tenant_name': 'tempest-ServerMetadataNegativeTestJSON-1664357092', 'user_domain_id': 'default', 'user_domain_name': 'Default', 'user_id': '42c23479997f4fbbac9a99db719e2aa6', 'system': None}, Network: {'id': '561721fc-68d1-47c2-b30d-de3a03b32094', 'name': 'tempest-ServerMetadataNegativeTestJSON-822447954-network', 'tenant_id': 'a500f07a07184a3795672a0cdbbcd7ab', 'project_id': 'a500f07a07184a3795672a0cdbbcd7ab', 'admin_state_up': True, 'mtu': 8950, 'status': 'ACTIVE', 'subnets': [], 'shared': False, 'port_security_enabled': True, 'router:external': False, 'provider:network_type': 'vlan', 'provider:physical_network': 'default', 'provider:segmentation_id': 10, 'availability_zone_hints': [], 'availability_zones': [], 'ipv4_address_scope': None, 'ipv6_address_scope': None, 'description': '', 'tags': [], 'created_at': '2025-11-12T22:44:22Z', 'updated_at': '2025-11-12T22:44:22Z', 'revision_number': 1}, Subnet: {'id': '30cf5c33-e908-44aa-a9ee-22ce501865d7', 'name': 'tempest-ServerMetadataNegativeTestJSON-822447954-subnet', 'tenant_id': 'a500f07a07184a3795672a0cdbbcd7ab', 'network_id': '561721fc-68d1-47c2-b30d-de3a03b32094', 'ip_version': 4, 'subnetpool_id': None, 'enable_dhcp': True, 'ipv6_ra_mode': None, 'ipv6_address_mode': None, 'gateway_ip': '192.168.128.1', 'cidr': '192.168.128.0/28', 'allocation_pools': [{'start': '192.168.128.2', 'end': '192.168.128.14'}], 'host_routes': [], 'dns_nameservers': [], 'description': '', 'router:external': False, 'service_types': [], 'tags': [], 'created_at': '2025-11-12T22:44:23Z', 'updated_at': '2025-11-12T22:44:23Z', 'revision_number': 0, 'project_id': 'a500f07a07184a3795672a0cdbbcd7ab'}, Router: {'id': '35c7fca5-693c-4272-92e1-a7a94850c20f', 'name': 'tempest-ServerMetadataNegativeTestJSON-822447954-router', 'tenant_id': 'a500f07a07184a3795672a0cdbbcd7ab', 'admin_state_up': True, 'status': 'ACTIVE', 'external_gateway_info': {'network_id': '861d3498-ed97-4fa1-b0b4-3327f100974b', 'external_fixed_ips': [{'subnet_id': '1d46f3d9-c55a-48a1-8b64-4b0d79a5de42', 'ip_address': '10.180.180.243'}], 'enable_snat': True}, 'description': '', 'availability_zones': [], 'distributed': False, 'ha': False, 'availability_zone_hints': [], 'routes': [], 'flavor_id': None, 'tags': [], 'created_at': '2025-11-12T22:44:23Z', 'updated_at': '2025-11-12T22:44:24Z', 'revision_number': 2, 'project_id': 'a500f07a07184a3795672a0cdbbcd7ab'}
2025-11-12 22:44:26.434 65717 INFO tempest.lib.common.rest_client [req-e52ca9a8-c634-4d23-8590-eff2bf9a1cbb req-e52ca9a8-c634-4d23-8590-eff2bf9a1cbb ] Request (ServerMetadataNegativeTestJSON:setUpClass): 201 POST http://10.180.1.21/identity/v3/auth/tokens 0.111s
2025-11-12 22:44:26.435 65717 WARNING tempest.lib.common.rest_client [-] Deprecated: "tenant_id" property is deprecated for removal, use "project_id" instead
2025-11-12 22:44:26.480 65717 INFO tempest.lib.common.rest_client [req-603c57c4-40a5-4c79-878c-a3843b8fb4b6 req-603c57c4-40a5-4c79-878c-a3843b8fb4b6 ] Request (ServerMetadataNegativeTestJSON:setUpClass): 201 POST http://10.180.1.21/identity/v3/auth/tokens 0.040s
2025-11-12 22:44:26.480 65717 INFO tempest.lib.common.fixed_network [-] (ServerMetadataNegativeTestJSON:setUpClass) Found network {'id': '561721fc-68d1-47c2-b30d-de3a03b32094', 'name': 'tempest-ServerMetadataNegativeTestJSON-822447954-network', 'tenant_id': 'a500f07a07184a3795672a0cdbbcd7ab', 'project_id': 'a500f07a07184a3795672a0cdbbcd7ab', 'admin_state_up': True, 'mtu': 8950, 'status': 'ACTIVE', 'subnets': [], 'shared': False, 'port_security_enabled': True, 'router:external': False, 'provider:network_type': 'vlan', 'provider:physical_network': 'default', 'provider:segmentation_id': 10, 'availability_zone_hints': [], 'availability_zones': [], 'ipv4_address_scope': None, 'ipv6_address_scope': None, 'description': '', 'tags': [], 'created_at': '2025-11-12T22:44:22Z', 'updated_at': '2025-11-12T22:44:22Z', 'revision_number': 1} available for tenant
2025-11-12 22:44:26.532 65713 INFO tempest.lib.common.rest_client [req-4a093b06-e1b7-489c-b039-a3103bd88733 req-4a093b06-e1b7-489c-b039-a3103bd88733 ] Request (ServersTestManualDisk:setUpClass): 201 POST http://10.180.1.21/networking/v2.0/floatingips 0.902s
2025-11-12 22:44:26.612 65713 INFO tempest.lib.common.rest_client [req-a1326e6c-2113-446b-a3e4-db6c7074283f req-a1326e6c-2113-446b-a3e4-db6c7074283f ] Request (ServersTestManualDisk:setUpClass): 201 POST http://10.180.1.21/identity/v3/auth/tokens 0.077s
2025-11-12 22:44:26.614 65713 INFO tempest.lib.common.fixed_network [-] (ServersTestManualDisk:setUpClass) Found network {'id': '73e383c7-1c92-4600-bc2a-a6b2ce1cc5cd', 'name': 'tempest-ServersTestManualDisk-964314198-network', 'tenant_id': 'b32a30dd9ed8472eb48ba558763919ed', 'project_id': 'b32a30dd9ed8472eb48ba558763919ed', 'admin_state_up': True, 'mtu': 8950, 'status': 'ACTIVE', 'subnets': [], 'shared': False, 'port_security_enabled': True, 'router:external': False, 'provider:network_type': 'vlan', 'provider:physical_network': 'default', 'provider:segmentation_id': 712, 'availability_zone_hints': [], 'availability_zones': [], 'ipv4_address_scope': None, 'ipv6_address_scope': None, 'description': '', 'tags': [], 'created_at': '2025-11-12T22:44:16Z', 'updated_at': '2025-11-12T22:44:16Z', 'revision_number': 1} available for tenant
