2025-11-12 22:42:23.801 65725 INFO tempest.lib.common.dynamic_creds [-] Created isolated network resources for: credentials: Credentials: {'domain_id': 'default', 'domain_name': 'Default', 'username': 'tempest-FlavorsAccessTestJSON-1356592435-project-admin', 'project_domain_id': 'default', 'project_domain_name': 'Default', 'project_id': '6846fb998b494c0d8baa9e958fb8abf7', 'project_name': 'tempest-FlavorsAccessTestJSON-1356592435', 'tenant_id': '6846fb998b494c0d8baa9e958fb8abf7', 'tenant_name': 'tempest-FlavorsAccessTestJSON-1356592435', 'user_domain_id': 'default', 'user_domain_name': 'Default', 'user_id': '8fe4a14e6de340fbb6e0afcb51523563', 'system': None}, Network: None, Subnet: None, Router: None
2025-11-12 22:42:23.820 65705 INFO tempest.lib.common.rest_client [req-1174ac9b-cac4-4e3f-8080-4896a0c6035a req-1174ac9b-cac4-4e3f-8080-4896a0c6035a ] Request (DeleteServersAdminTestJSON:test_admin_delete_servers_of_others): 201 POST http://10.180.1.21/identity/v3/auth/tokens 0.822s
2025-11-12 22:42:23.821 65705 INFO tempest.lib.common.fixed_network [-] (DeleteServersAdminTestJSON:test_admin_delete_servers_of_others) Found network None available for tenant
2025-11-12 22:42:23.879 65677 INFO tempest.lib.common.rest_client [req-df421224-4b01-49a5-95eb-a90d90cc8495 req-df421224-4b01-49a5-95eb-a90d90cc8495 ] Request (ServerExternalEventsTest:setUpClass): 204 PUT http://10.180.1.21/identity/v3/projects/8436b273398349c19f04c8f33080382d/users/10425614de4942a881f09c984f76e14a/roles/b764fee9b08e43c1bb5e31e3c41874c8 0.850s
2025-11-12 22:42:23.879 65677 INFO tempest.lib.common.dynamic_creds [-] Dynamic test user 10425614de4942a881f09c984f76e14a is created with scope project and roles: ['member']
2025-11-12 22:42:23.879 65677 INFO tempest.lib.common.dynamic_creds [-] Acquired dynamic creds: credentials: Credentials: {'domain_id': 'default', 'domain_name': 'Default', 'username': 'tempest-ServerExternalEventsTest-2085370668-project-member', 'project_domain_id': 'default', 'project_domain_name': 'Default', 'project_id': '8436b273398349c19f04c8f33080382d', 'project_name': 'tempest-ServerExternalEventsTest-2085370668', 'tenant_id': '8436b273398349c19f04c8f33080382d', 'tenant_name': 'tempest-ServerExternalEventsTest-2085370668', 'user_domain_id': 'default', 'user_domain_name': 'Default', 'user_id': '10425614de4942a881f09c984f76e14a', 'system': None}, Network: None, Subnet: None, Router: None
2025-11-12 22:42:23.879 65677 INFO tempest.lib.common.dynamic_creds [-] Created isolated network resources for: credentials: Credentials: {'domain_id': 'default', 'domain_name': 'Default', 'username': 'tempest-ServerExternalEventsTest-2085370668-project-member', 'project_domain_id': 'default', 'project_domain_name': 'Default', 'project_id': '8436b273398349c19f04c8f33080382d', 'project_name': 'tempest-ServerExternalEventsTest-2085370668', 'tenant_id': '8436b273398349c19f04c8f33080382d', 'tenant_name': 'tempest-ServerExternalEventsTest-2085370668', 'user_domain_id': 'default', 'user_domain_name': 'Default', 'user_id': '10425614de4942a881f09c984f76e14a', 'system': None}, Network: None, Subnet: None, Router: None
2025-11-12 22:42:23.903 65717 INFO tempest.lib.common.rest_client [req-7b66b598-a258-4443-927a-e6a648e6749d req-7b66b598-a258-4443-927a-e6a648e6749d ] Request (FlavorsExtraSpecsNegativeTestJSON:setUpClass): 201 POST http://10.180.1.21/identity/v3/auth/tokens 0.873s
2025-11-12 22:42:23.946 65689 INFO tempest.lib.common.rest_client [req-a7b1a45a-08f7-4bdb-baf0-ed412de8ffdd req-a7b1a45a-08f7-4bdb-baf0-ed412de8ffdd ] Request (MultipleCreateNegativeTestJSON:test_max_count_less_than_min_count): 201 POST http://10.180.1.21/identity/v3/auth/tokens 0.653s
2025-11-12 22:42:23.946 65689 INFO tempest.lib.common.fixed_network [-] (MultipleCreateNegativeTestJSON:test_max_count_less_than_min_count) Found network None available for tenant
2025-11-12 22:42:24.026 65707 INFO tempest.lib.common.rest_client [req-8baec207-22f0-479d-b5aa-44253ce8aa45 req-8baec207-22f0-479d-b5aa-44253ce8aa45 ] Request (ServersAdmin275Test:setUpClass): 201 POST http://10.180.1.21/identity/v3/auth/tokens 0.663s
2025-11-12 22:42:24.093 65719 INFO tempest.lib.common.rest_client [req-f5d2353b-f326-4d52-918e-918292a0ccf2 req-f5d2353b-f326-4d52-918e-918292a0ccf2 ] Request (HypervisorAdminV228Test:test_get_list_hypervisor_details): 200 GET http://10.180.1.21/compute/v2.1/os-hypervisors 1.752s
2025-11-12 22:42:24.107 65703 INFO tempest.lib.common.rest_client [req-952fc9cf-cda0-444e-80e6-3c871e3e5b27 req-952fc9cf-cda0-444e-80e6-3c871e3e5b27 ] Request (FlavorsV261TestJSON:setUpClass): 201 POST http://10.180.1.21/identity/v3/auth/tokens 0.742s
2025-11-12 22:42:24.133 65729 INFO tempest.lib.common.rest_client [req-203c93c0-55d9-4001-be72-52c3e1bda34a req-203c93c0-55d9-4001-be72-52c3e1bda34a ] Request (FloatingIPsNegativeTestJSON:setUpClass): 201 POST http://10.180.1.21/identity/v3/auth/tokens 0.705s
2025-11-12 22:42:24.181 65723 INFO tempest.lib.common.rest_client [req-2942bd67-3a16-4602-b888-3c98e468768c req-2942bd67-3a16-4602-b888-3c98e468768c ] Request (SecurityGroupsTestAdminJSON:setUpClass): 201 POST http://10.180.1.21/identity/v3/auth/tokens 0.744s
2025-11-12 22:42:24.201 65734 INFO tempest.lib.common.rest_client [req-33b5ecaf-1925-420e-8d14-f8fd12c5f166 req-33b5ecaf-1925-420e-8d14-f8fd12c5f166 ] Request (ServerDiagnosticsNegativeTest:setUpClass): 201 POST http://10.180.1.21/identity/v3/auth/tokens 0.710s
2025-11-12 22:42:24.238 65735 INFO tempest.lib.common.rest_client [req-bf297613-684f-4977-a880-6f6229c05536 req-bf297613-684f-4977-a880-6f6229c05536 ] Request (ServersWithSpecificFlavorTestJSON:setUpClass): 200 PUT http://10.180.1.21/networking/v2.0/routers/05a8c046-db13-4d24-8c98-078e0259577f/add_router_interface 1.724s
2025-11-12 22:42:24.238 65735 INFO tempest.lib.common.dynamic_creds [-] Created isolated network resources for: credentials: Credentials: {'domain_id': 'default', 'domain_name': 'Default', 'username': 'tempest-ServersWithSpecificFlavorTestJSON-1215383772-project-member', 'project_domain_id': 'default', 'project_domain_name': 'Default', 'project_id': 'ff109f194ec34a5cbfdf111876578c64', 'project_name': 'tempest-ServersWithSpecificFlavorTestJSON-1215383772', 'tenant_id': 'ff109f194ec34a5cbfdf111876578c64', 'tenant_name': 'tempest-ServersWithSpecificFlavorTestJSON-1215383772', 'user_domain_id': 'default', 'user_domain_name': 'Default', 'user_id': '4c45be09aa18465aa81b1eb87a18ce93', 'system': None}, Network: {'id': '68c7056c-de4b-43a0-b28a-118517813531', 'name': 'tempest-ServersWithSpecificFlavorTestJSON-1120304785-network', 'tenant_id': 'ff109f194ec34a5cbfdf111876578c64', 'project_id': 'ff109f194ec34a5cbfdf111876578c64', 'admin_state_up': True, 'mtu': 8950, 'status': 'ACTIVE', 'subnets': [], 'shared': False, 'port_security_enabled': True, 'router:external': False, 'provider:network_type': 'vlan', 'provider:physical_network': 'default', 'provider:segmentation_id': 735, 'availability_zone_hints': [], 'availability_zones': [], 'ipv4_address_scope': None, 'ipv6_address_scope': None, 'description': '', 'tags': [], 'created_at': '2025-11-12T22:42:20Z', 'updated_at': '2025-11-12T22:42:20Z', 'revision_number': 1}, Subnet: {'id': 'f9ede61c-63ba-4e82-9111-9328c6bfbb12', 'name': 'tempest-ServersWithSpecificFlavorTestJSON-1120304785-subnet', 'tenant_id': 'ff109f194ec34a5cbfdf111876578c64', 'network_id': '68c7056c-de4b-43a0-b28a-118517813531', 'ip_version': 4, 'subnetpool_id': None, 'enable_dhcp': True, 'ipv6_ra_mode': None, 'ipv6_address_mode': None, 'gateway_ip': '192.168.128.1', 'cidr': '192.168.128.0/28', 'allocation_pools': [{'start': '192.168.128.2', 'end': '192.168.128.14'}], 'host_routes': [], 'dns_nameservers': [], 'description': '', 'router:external': False, 'service_types': [], 'tags': [], 'created_at': '2025-11-12T22:42:21Z', 'updated_at': '2025-11-12T22:42:21Z', 'revision_number': 0, 'project_id': 'ff109f194ec34a5cbfdf111876578c64'}, Router: {'id': '05a8c046-db13-4d24-8c98-078e0259577f', 'name': 'tempest-ServersWithSpecificFlavorTestJSON-1120304785-router', 'tenant_id': 'ff109f194ec34a5cbfdf111876578c64', 'admin_state_up': True, 'status': 'ACTIVE', 'external_gateway_info': {'network_id': '861d3498-ed97-4fa1-b0b4-3327f100974b', 'external_fixed_ips': [{'subnet_id': '1d46f3d9-c55a-48a1-8b64-4b0d79a5de42', 'ip_address': '10.180.180.205'}], 'enable_snat': True}, 'description': '', 'availability_zones': [], 'distributed': False, 'ha': False, 'availability_zone_hints': [], 'routes': [], 'flavor_id': None, 'tags': [], 'created_at': '2025-11-12T22:42:21Z', 'updated_at': '2025-11-12T22:42:22Z', 'revision_number': 2, 'project_id': 'ff109f194ec34a5cbfdf111876578c64'}
2025-11-12 22:42:24.242 65711 INFO tempest.lib.common.rest_client [req-52c766bd-1d31-482d-a85c-a85148476cbe req-52c766bd-1d31-482d-a85c-a85148476cbe ] Request (FlavorsExtraSpecsTestJSON:setUpClass): 201 POST http://10.180.1.21/identity/v3/auth/tokens 0.740s
2025-11-12 22:42:24.266 65737 INFO tempest.lib.common.rest_client [req-650b4dc9-5871-4657-8de5-4589df04bb03 req-650b4dc9-5871-4657-8de5-4589df04bb03 ] Request (MigrationsAdminTest:setUpClass): 201 POST http://10.180.1.21/identity/v3/auth/tokens 0.708s
2025-11-12 22:42:24.332 65727 INFO tempest.lib.common.rest_client [req-8b648f20-665b-4aaa-b9f1-3566f4253c18 req-8b648f20-665b-4aaa-b9f1-3566f4253c18 ] Request (ServicesAdminTestJSON:setUpClass): 201 POST http://10.180.1.21/identity/v3/auth/tokens 0.721s
2025-11-12 22:42:24.402 65725 INFO tempest.lib.common.rest_client [req-76736f8d-1f2c-486a-a299-a581e8339e28 req-76736f8d-1f2c-486a-a299-a581e8339e28 ] Request (FlavorsAccessTestJSON:setUpClass): 201 POST http://10.180.1.21/identity/v3/auth/tokens 0.597s
2025-11-12 22:42:24.403 65725 WARNING tempest.lib.common.rest_client [-] Deprecated: "tenant_id" property is deprecated for removal, use "project_id" instead
2025-11-12 22:42:24.452 65707 INFO tempest.lib.common.rest_client [req-b6e8ef43-e2dd-47c6-9af2-465ac3390057 req-b6e8ef43-e2dd-47c6-9af2-465ac3390057 ] Request (ServersAdmin275Test:test_rebuild_update_server_275): 201 POST http://10.180.1.21/identity/v3/auth/tokens 0.422s
2025-11-12 22:42:24.454 65707 INFO tempest.lib.common.fixed_network [-] (ServersAdmin275Test:test_rebuild_update_server_275) Found network None available for tenant
2025-11-12 22:42:24.465 65677 INFO tempest.lib.common.rest_client [req-f7e98cbd-1437-4198-989a-5d9dd94be191 req-f7e98cbd-1437-4198-989a-5d9dd94be191 ] Request (ServerExternalEventsTest:setUpClass): 201 POST http://10.180.1.21/identity/v3/auth/tokens 0.579s
2025-11-12 22:42:24.515 65715 INFO tempest.lib.common.rest_client [req-58017655-6684-4b7f-b737-0aedc493625c req-58017655-6684-4b7f-b737-0aedc493625c ] Request (FlavorsAdminTestJSON:tearDownClass): 200 GET http://10.180.1.21/networking/v2.0/security-groups?tenant_id=e1f02d281b814ad28fe86503b647e69e&name=default 0.860s
2025-11-12 22:42:24.517 65734 INFO tempest.lib.common.rest_client [req-8891de16-5779-4248-9b2b-f830e3296099 req-8891de16-5779-4248-9b2b-f830e3296099 ] Request (ServerDiagnosticsNegativeTest:test_get_server_diagnostics_by_non_admin): 201 POST http://10.180.1.21/identity/v3/auth/tokens 0.308s
2025-11-12 22:42:24.517 65734 INFO tempest.lib.common.fixed_network [-] (ServerDiagnosticsNegativeTest:test_get_server_diagnostics_by_non_admin) Found network None available for tenant
2025-11-12 22:42:24.526 65701 INFO tempest.lib.common.rest_client [req-962e3bc8-e8ef-4d9b-bcd1-039c924d8272 req-962e3bc8-e8ef-4d9b-bcd1-039c924d8272 ] Request (QuotaClassesAdminTestJSON:test_update_default_quotas): 200 GET http://10.180.1.21/compute/v2.1/os-quota-class-sets/default 1.717s
2025-11-12 22:42:24.531 65737 INFO tempest.lib.common.rest_client [req-31da0bb4-3434-44c9-9ef9-83aeebf886b8 req-31da0bb4-3434-44c9-9ef9-83aeebf886b8 ] Request (MigrationsAdminTest:setUpClass): 200 GET http://10.180.1.21/identity/v3/projects/350ca900e30246c5883586d1510978d0 0.264s
2025-11-12 22:42:24.531 65737 INFO tempest.lib.common.dynamic_creds [-] Using the existing project 350ca900e30246c5883586d1510978d0 for scope project and roles: ['manager']
2025-11-12 22:42:24.562 65735 INFO tempest.lib.common.rest_client [req-f7a7d35e-df85-462f-befe-81c0b998a442 req-f7a7d35e-df85-462f-befe-81c0b998a442 ] Request (ServersWithSpecificFlavorTestJSON:setUpClass): 201 POST http://10.180.1.21/identity/v3/auth/tokens 0.317s
2025-11-12 22:42:24.596 65677 INFO tempest.lib.common.rest_client [req-95a18c80-30f6-4c86-8118-6eb3e3db7aa8 req-95a18c80-30f6-4c86-8118-6eb3e3db7aa8 ] Request (ServerExternalEventsTest:setUpClass): 201 POST http://10.180.1.21/identity/v3/projects 0.131s
2025-11-12 22:42:24.605 65715 INFO tempest.lib.common.rest_client [req-4643a5a4-6cfe-41eb-805e-af3c13a4ee28 req-4643a5a4-6cfe-41eb-805e-af3c13a4ee28 ] Request (FlavorsAdminTestJSON:tearDownClass): 204 DELETE http://10.180.1.21/networking/v2.0/security-groups/8b0d8ba3-c81b-4d0e-9de9-9c29a4607421 0.089s
2025-11-12 22:42:24.733 65735 INFO tempest.lib.common.rest_client [req-ed1296d1-118d-4223-845a-b355530afeb2 req-ed1296d1-118d-4223-845a-b355530afeb2 ] Request (ServersWithSpecificFlavorTestJSON:setUpClass): 201 POST http://10.180.1.21/identity/v3/projects 0.170s
2025-11-12 22:42:24.733 65737 INFO tempest.lib.common.rest_client [req-715d32f5-78f1-4a9a-98a5-4873071c81f5 req-715d32f5-78f1-4a9a-98a5-4873071c81f5 ] Request (MigrationsAdminTest:setUpClass): 201 POST http://10.180.1.21/identity/v3/users 0.201s
2025-11-12 22:42:24.810 65677 INFO tempest.lib.common.rest_client [req-7c71cac4-21e4-47f3-b9bf-d9ced0210dd4 req-7c71cac4-21e4-47f3-b9bf-d9ced0210dd4 ] Request (ServerExternalEventsTest:setUpClass): 201 POST http://10.180.1.21/identity/v3/users 0.211s
2025-11-12 22:42:24.860 65715 INFO tempest.lib.common.rest_client [req-ca47f16a-3ae8-480e-96c0-2c83c1a1b3b0 req-ca47f16a-3ae8-480e-96c0-2c83c1a1b3b0 ] Request (FlavorsAdminTestJSON:tearDownClass): 204 DELETE http://10.180.1.21/identity/v3/projects/e1f02d281b814ad28fe86503b647e69e 0.255s
2025-11-12 22:42:24.861 65715 INFO tempest.lib.common.dynamic_creds [-] Deleting project and security group for project: 9e17ea6e2afe477984bf091ced8a0364
2025-11-12 22:42:24.882 65687 INFO tempest.lib.common.rest_client [req-3b324d86-ac3c-4c11-ac13-29ce4251be46 req-3b324d86-ac3c-4c11-ac13-29ce4251be46 ] Request (ServerDiagnosticsV248Test:test_get_server_diagnostics): 202 POST http://10.180.1.21/compute/v2.1/servers 2.051s
2025-11-12 22:42:25.017 65737 INFO tempest.lib.common.rest_client [req-abb0af53-13fd-45a0-a1db-826dca88b6e9 req-abb0af53-13fd-45a0-a1db-826dca88b6e9 ] Request (MigrationsAdminTest:setUpClass): 200 GET http://10.180.1.21/identity/v3/roles 0.283s
2025-11-12 22:42:25.028 65735 INFO tempest.lib.common.rest_client [req-cc0e9a88-1a4b-41a4-95ef-856c1329a78d req-cc0e9a88-1a4b-41a4-95ef-856c1329a78d ] Request (ServersWithSpecificFlavorTestJSON:setUpClass): 201 POST http://10.180.1.21/identity/v3/users 0.295s
2025-11-12 22:42:25.044 65677 INFO tempest.lib.common.rest_client [req-da551592-e251-42e2-94f6-7dad49cc7f48 req-da551592-e251-42e2-94f6-7dad49cc7f48 ] Request (ServerExternalEventsTest:setUpClass): 200 GET http://10.180.1.21/identity/v3/roles 0.234s
2025-11-12 22:42:25.107 65715 INFO tempest.lib.common.rest_client [req-fabc63ff-7480-4b5f-875c-7d9f9046396f req-fabc63ff-7480-4b5f-875c-7d9f9046396f ] Request (FlavorsAdminTestJSON:tearDownClass): 200 GET http://10.180.1.21/networking/v2.0/security-groups?tenant_id=9e17ea6e2afe477984bf091ced8a0364&name=default 0.246s
2025-11-12 22:42:25.128 65679 INFO tempest.lib.common.rest_client [req-54c15a53-f4b0-49c7-a56d-f62e5848fddf req-54c15a53-f4b0-49c7-a56d-f62e5848fddf ] Request (AZAdminV2TestJSON:test_get_availability_zone_list): 200 GET http://10.180.1.21/compute/v2.1/os-availability-zone 2.013s
2025-11-12 22:42:25.134 65737 INFO tempest.lib.common.rest_client [req-d671eadf-39fc-4809-a298-6a86f00978e5 req-d671eadf-39fc-4809-a298-6a86f00978e5 ] Request (MigrationsAdminTest:setUpClass): 204 PUT http://10.180.1.21/identity/v3/projects/350ca900e30246c5883586d1510978d0/users/b0f3e5995cce498cb1a2dc441575453f/roles/abb0deed2ce8437b8840d41c7e0eb05b 0.116s
2025-11-12 22:42:25.134 65737 INFO tempest.lib.common.dynamic_creds [-] Dynamic test user b0f3e5995cce498cb1a2dc441575453f is created with scope project and roles: ['manager']
2025-11-12 22:42:25.134 65737 INFO tempest.lib.common.dynamic_creds [-] Acquired dynamic creds: credentials: Credentials: {'domain_id': 'default', 'domain_name': 'Default', 'username': 'tempest-MigrationsAdminTest-1454439679-project-manager', 'project_domain_id': 'default', 'project_domain_name': 'Default', 'project_id': '350ca900e30246c5883586d1510978d0', 'project_name': 'tempest-MigrationsAdminTest-1454439679', 'tenant_id': '350ca900e30246c5883586d1510978d0', 'tenant_name': 'tempest-MigrationsAdminTest-1454439679', 'user_domain_id': 'default', 'user_domain_name': 'Default', 'user_id': 'b0f3e5995cce498cb1a2dc441575453f', 'system': None}, Network: None, Subnet: None, Router: None
2025-11-12 22:42:25.134 65737 INFO tempest.lib.common.dynamic_creds [-] Network resources are not created for requested scope: project and credentials: Credentials: {'domain_id': 'default', 'domain_name': 'Default', 'username': 'tempest-MigrationsAdminTest-1454439679-project-manager', 'project_domain_id': 'default', 'project_domain_name': 'Default', 'project_id': '350ca900e30246c5883586d1510978d0', 'project_name': 'tempest-MigrationsAdminTest-1454439679', 'tenant_id': '350ca900e30246c5883586d1510978d0', 'tenant_name': 'tempest-MigrationsAdminTest-1454439679', 'user_domain_id': 'default', 'user_domain_name': 'Default', 'user_id': 'b0f3e5995cce498cb1a2dc441575453f', 'system': None}, Network: None, Subnet: None, Router: None
2025-11-12 22:42:25.161 65685 INFO tempest.lib.common.rest_client [req-dabed771-9c9b-466a-bff8-f7a3d4cad75d req-dabed771-9c9b-466a-bff8-f7a3d4cad75d ] Request (AggregatesAdminNegativeTestJSON:test_aggregate_add_existent_host): 200 POST http://10.180.1.21/compute/v2.1/os-aggregates 1.955s
2025-11-12 22:42:25.214 65735 INFO tempest.lib.common.rest_client [req-0fa2a905-6f9c-467b-be1f-9d26e01c0b24 req-0fa2a905-6f9c-467b-be1f-9d26e01c0b24 ] Request (ServersWithSpecificFlavorTestJSON:setUpClass): 200 GET http://10.180.1.21/identity/v3/roles 0.185s
2025-11-12 22:42:25.220 65731 INFO tempest.lib.common.rest_client [req-70c9b57a-0c49-4198-9ee1-fc141c8f961d req-70c9b57a-0c49-4198-9ee1-fc141c8f961d ] Request (FloatingIPDetailsTestJSON:setUpClass): 200 PUT http://10.180.1.21/networking/v2.0/routers/6e0e7cfe-20d5-47e4-b46e-7b0fd407ef49/add_router_interface 1.558s
2025-11-12 22:42:25.220 65731 INFO tempest.lib.common.dynamic_creds [-] Created isolated network resources for: credentials: Credentials: {'domain_id': 'default', 'domain_name': 'Default', 'username': 'tempest-FloatingIPDetailsTestJSON-568616758-project-member', 'project_domain_id': 'default', 'project_domain_name': 'Default', 'project_id': '151dfac7f0214acb829b1955dd29e081', 'project_name': 'tempest-FloatingIPDetailsTestJSON-568616758', 'tenant_id': '151dfac7f0214acb829b1955dd29e081', 'tenant_name': 'tempest-FloatingIPDetailsTestJSON-568616758', 'user_domain_id': 'default', 'user_domain_name': 'Default', 'user_id': 'da1f85b9af874e829b4c9ef02dc3137f', 'system': None}, Network: {'id': 'bd5106a1-e598-4b3a-8cd1-9c0d496c42f1', 'name': 'tempest-FloatingIPDetailsTestJSON-52038949-network', 'tenant_id': '151dfac7f0214acb829b1955dd29e081', 'project_id': '151dfac7f0214acb829b1955dd29e081', 'admin_state_up': True, 'mtu': 8950, 'status': 'ACTIVE', 'subnets': [], 'shared': False, 'port_security_enabled': True, 'router:external': False, 'provider:network_type': 'vlan', 'provider:physical_network': 'default', 'provider:segmentation_id': 226, 'availability_zone_hints': [], 'availability_zones': [], 'ipv4_address_scope': None, 'ipv6_address_scope': None, 'description': '', 'tags': [], 'created_at': '2025-11-12T22:42:21Z', 'updated_at': '2025-11-12T22:42:21Z', 'revision_number': 1}, Subnet: {'id': '2e3f733e-c65a-4625-b942-3d3e7ffa84c1', 'name': 'tempest-FloatingIPDetailsTestJSON-52038949-subnet', 'tenant_id': '151dfac7f0214acb829b1955dd29e081', 'network_id': 'bd5106a1-e598-4b3a-8cd1-9c0d496c42f1', 'ip_version': 4, 'subnetpool_id': None, 'enable_dhcp': True, 'ipv6_ra_mode': None, 'ipv6_address_mode': None, 'gateway_ip': '192.168.128.1', 'cidr': '192.168.128.0/28', 'allocation_pools': [{'start': '192.168.128.2', 'end': '192.168.128.14'}], 'host_routes': [], 'dns_nameservers': [], 'description': '', 'router:external': False, 'service_types': [], 'tags': [], 'created_at': '2025-11-12T22:42:22Z', 'updated_at': '2025-11-12T22:42:22Z', 'revision_number': 0, 'project_id': '151dfac7f0214acb829b1955dd29e081'}, Router: {'id': '6e0e7cfe-20d5-47e4-b46e-7b0fd407ef49', 'name': 'tempest-FloatingIPDetailsTestJSON-52038949-router', 'tenant_id': '151dfac7f0214acb829b1955dd29e081', 'admin_state_up': True, 'status': 'ACTIVE', 'external_gateway_info': {'network_id': '861d3498-ed97-4fa1-b0b4-3327f100974b', 'external_fixed_ips': [{'subnet_id': '1d46f3d9-c55a-48a1-8b64-4b0d79a5de42', 'ip_address': '10.180.180.147'}], 'enable_snat': True}, 'description': '', 'availability_zones': [], 'distributed': False, 'ha': False, 'availability_zone_hints': [], 'routes': [], 'flavor_id': None, 'tags': [], 'created_at': '2025-11-12T22:42:22Z', 'updated_at': '2025-11-12T22:42:23Z', 'revision_number': 2, 'project_id': '151dfac7f0214acb829b1955dd29e081'}
2025-11-12 22:42:25.273 65715 INFO tempest.lib.common.rest_client [req-af04342a-9c7c-4642-a178-36a50ed10325 req-af04342a-9c7c-4642-a178-36a50ed10325 ] Request (FlavorsAdminTestJSON:tearDownClass): 204 DELETE http://10.180.1.21/networking/v2.0/security-groups/06ab6910-aebb-4aae-9a21-cb30b78fcee8 0.164s
2025-11-12 22:42:25.277 65677 INFO tempest.lib.common.rest_client [req-103f5406-8f68-4fc9-9d7f-566d69deffc1 req-103f5406-8f68-4fc9-9d7f-566d69deffc1 ] Request (ServerExternalEventsTest:setUpClass): 204 PUT http://10.180.1.21/identity/v3/projects/19261207921b4850982eeb7cd4639fe1/users/8c3f3d5006b64ceeb8d8ac6ab927c2e3/roles/847233499e464c51a7762c73921969d6 0.232s
2025-11-12 22:42:25.313 65737 INFO tempest.lib.common.rest_client [req-307b493e-9802-49eb-8ef3-cb82ab9f5e92 req-307b493e-9802-49eb-8ef3-cb82ab9f5e92 ] Request (MigrationsAdminTest:setUpClass): 201 POST http://10.180.1.21/identity/v3/auth/tokens 0.174s
2025-11-12 22:42:25.314 65737 INFO tempest.api.compute.admin.test_migrations [-] Using project manager for migrating servers, project manager user id: b0f3e5995cce498cb1a2dc441575453f
2025-11-12 22:42:25.370 65735 INFO tempest.lib.common.rest_client [req-fc70c56a-1be9-42d2-bbb4-720a40df2437 req-fc70c56a-1be9-42d2-bbb4-720a40df2437 ] Request (ServersWithSpecificFlavorTestJSON:setUpClass): 204 PUT http://10.180.1.21/identity/v3/projects/22340e127fb44076ac1a17f2c07a60f4/users/b4a7f2d6aee4461aa8829488426ac34b/roles/847233499e464c51a7762c73921969d6 0.151s
2025-11-12 22:42:25.375 65699 INFO tempest.lib.common.rest_client [req-ec4f677a-059e-45a1-904b-62ad5ecced78 req-ec4f677a-059e-45a1-904b-62ad5ecced78 ] Request (FloatingIPsAssociationNegativeTestJSON:setUpClass): 202 POST http://10.180.1.21/compute/v2.1/servers 4.501s
2025-11-12 22:42:25.444 65681 INFO tempest.lib.common.rest_client [req-17d2700d-8913-4600-ac2e-d82fe3da0357 req-17d2700d-8913-4600-ac2e-d82fe3da0357 ] Request (HostsAdminTestJSON:test_list_hosts): 200 GET http://10.180.1.21/compute/v2.1/os-hosts 2.231s
2025-11-12 22:42:25.531 65683 INFO tempest.lib.common.rest_client [req-089e88fe-946d-45cd-9eb5-678a9d0e0e77 req-089e88fe-946d-45cd-9eb5-678a9d0e0e77 ] Request (ImagesMetadataTestJSON:setUpClass): 201 POST http://10.180.1.21/image/v2/images 1.924s
2025-11-12 22:42:25.552 65731 INFO tempest.lib.common.rest_client [req-8c8482be-2bd8-4756-b280-b9d8ac038494 req-8c8482be-2bd8-4756-b280-b9d8ac038494 ] Request (FloatingIPDetailsTestJSON:setUpClass): 201 POST http://10.180.1.21/identity/v3/auth/tokens 0.323s
2025-11-12 22:42:25.577 65677 INFO tempest.lib.common.rest_client [req-b9f28e9d-5e4d-4e59-9f87-af2482ebceaa req-b9f28e9d-5e4d-4e59-9f87-af2482ebceaa ] Request (ServerExternalEventsTest:setUpClass): 200 GET http://10.180.1.21/identity/v3/roles 0.299s
2025-11-12 22:42:25.603 65735 INFO tempest.lib.common.rest_client [req-f2ab5815-89f9-412c-bb58-b0e0bcc792b3 req-f2ab5815-89f9-412c-bb58-b0e0bcc792b3 ] Request (ServersWithSpecificFlavorTestJSON:setUpClass): 200 GET http://10.180.1.21/identity/v3/roles 0.230s
2025-11-12 22:42:25.638 65715 INFO tempest.lib.common.rest_client [req-666e2751-8882-481a-b544-0d85cb6b06e1 req-666e2751-8882-481a-b544-0d85cb6b06e1 ] Request (FlavorsAdminTestJSON:tearDownClass): 204 DELETE http://10.180.1.21/identity/v3/projects/9e17ea6e2afe477984bf091ced8a0364 0.364s
2025-11-12 22:42:25.747 65721 INFO tempest.lib.common.rest_client [req-61c5f5d9-efc5-42bd-b908-3cef2835f61a req-61c5f5d9-efc5-42bd-b908-3cef2835f61a ] Request (HypervisorAdminNegativeTestJSON:test_get_hypervisor_list_details_with_non_admin_user): 403 GET http://10.180.1.21/compute/v2.1/os-hypervisors/detail 2.447s
2025-11-12 22:42:25.774 65739 INFO tempest.lib.common.rest_client [req-15546510-e449-4386-92cf-8417a8c5cc0f req-15546510-e449-4386-92cf-8417a8c5cc0f ] Request (FlavorMetadataValidation:_run_cleanups): 202 DELETE http://10.180.1.21/compute/v2.1/flavors/1354578141 2.447s
2025-11-12 22:42:25.801 65691 INFO tempest.lib.common.rest_client [req-8db74800-b4fb-4404-8629-b41fa170b364 req-8db74800-b4fb-4404-8629-b41fa170b364 ] Request (FlavorsV255TestJSON:test_crud_flavor): 200 POST http://10.180.1.21/compute/v2.1/flavors 2.571s
2025-11-12 22:42:25.833 65735 INFO tempest.lib.common.rest_client [req-30f35bf9-d428-420a-aa87-7e1381b644a1 req-30f35bf9-d428-420a-aa87-7e1381b644a1 ] Request (ServersWithSpecificFlavorTestJSON:setUpClass): 204 PUT http://10.180.1.21/identity/v3/projects/22340e127fb44076ac1a17f2c07a60f4/users/b4a7f2d6aee4461aa8829488426ac34b/roles/847233499e464c51a7762c73921969d6 0.230s
2025-11-12 22:42:25.833 65677 INFO tempest.lib.common.rest_client [req-e15e4068-ec2e-4570-a37e-aeae5ff106e4 req-e15e4068-ec2e-4570-a37e-aeae5ff106e4 ] Request (ServerExternalEventsTest:setUpClass): 204 PUT http://10.180.1.21/identity/v3/projects/19261207921b4850982eeb7cd4639fe1/users/8c3f3d5006b64ceeb8d8ac6ab927c2e3/roles/847233499e464c51a7762c73921969d6 0.255s
2025-11-12 22:42:25.833 65735 INFO tempest.lib.common.dynamic_creds [-] Dynamic test user b4a7f2d6aee4461aa8829488426ac34b is created with scope project and roles: ['admin']
2025-11-12 22:42:25.833 65677 INFO tempest.lib.common.dynamic_creds [-] Dynamic test user 8c3f3d5006b64ceeb8d8ac6ab927c2e3 is created with scope project and roles: ['admin']
2025-11-12 22:42:25.833 65735 INFO tempest.lib.common.dynamic_creds [-] Acquired dynamic creds: credentials: Credentials: {'domain_id': 'default', 'domain_name': 'Default', 'username': 'tempest-ServersWithSpecificFlavorTestJSON-1241529324-project-admin', 'project_domain_id': 'default', 'project_domain_name': 'Default', 'project_id': '22340e127fb44076ac1a17f2c07a60f4', 'project_name': 'tempest-ServersWithSpecificFlavorTestJSON-1241529324', 'tenant_id': '22340e127fb44076ac1a17f2c07a60f4', 'tenant_name': 'tempest-ServersWithSpecificFlavorTestJSON-1241529324', 'user_domain_id': 'default', 'user_domain_name': 'Default', 'user_id': 'b4a7f2d6aee4461aa8829488426ac34b', 'system': None}, Network: None, Subnet: None, Router: None
2025-11-12 22:42:25.834 65677 INFO tempest.lib.common.dynamic_creds [-] Acquired dynamic creds: credentials: Credentials: {'domain_id': 'default', 'domain_name': 'Default', 'username': 'tempest-ServerExternalEventsTest-1687349646-project-admin', 'project_domain_id': 'default', 'project_domain_name': 'Default', 'project_id': '19261207921b4850982eeb7cd4639fe1', 'project_name': 'tempest-ServerExternalEventsTest-1687349646', 'tenant_id': '19261207921b4850982eeb7cd4639fe1', 'tenant_name': 'tempest-ServerExternalEventsTest-1687349646', 'user_domain_id': 'default', 'user_domain_name': 'Default', 'user_id': '8c3f3d5006b64ceeb8d8ac6ab927c2e3', 'system': None}, Network: None, Subnet: None, Router: None
2025-11-12 22:42:25.834 65677 INFO tempest.lib.common.dynamic_creds [-] Created isolated network resources for: credentials: Credentials: {'domain_id': 'default', 'domain_name': 'Default', 'username': 'tempest-ServerExternalEventsTest-1687349646-project-admin', 'project_domain_id': 'default', 'project_domain_name': 'Default', 'project_id': '19261207921b4850982eeb7cd4639fe1', 'project_name': 'tempest-ServerExternalEventsTest-1687349646', 'tenant_id': '19261207921b4850982eeb7cd4639fe1', 'tenant_name': 'tempest-ServerExternalEventsTest-1687349646', 'user_domain_id': 'default', 'user_domain_name': 'Default', 'user_id': '8c3f3d5006b64ceeb8d8ac6ab927c2e3', 'system': None}, Network: None, Subnet: None, Router: None
2025-11-12 22:42:25.900 65715 INFO tempest.lib.common.rest_client [req-37c49ea9-51a9-4b37-9e90-1049e0a2b00a req-37c49ea9-51a9-4b37-9e90-1049e0a2b00a ] Request (InstanceUsageAuditLogNegativeTestJSON:setUpClass): 201 POST http://10.180.1.21/identity/v3/auth/tokens 0.259s
2025-11-12 22:42:25.992 65693 INFO tempest.lib.common.rest_client [req-4fb0c994-c20d-409e-a6ce-42f8ef65b11b req-4fb0c994-c20d-409e-a6ce-42f8ef65b11b ] Request (AZAdminNegativeTestJSON:test_get_availability_zone_list_detail_with_non_admin_user): 403 GET http://10.180.1.21/compute/v2.1/os-availability-zone/detail 2.444s
2025-11-12 22:42:26.005 65697 INFO tempest.lib.common.rest_client [req-ff8e5324-7b17-445c-9798-1f7616653f0f req-ff8e5324-7b17-445c-9798-1f7616653f0f ] Request (HypervisorAdminNegativeUnderV252Test:test_search_hypervisor_with_non_admin_user): 200 GET http://10.180.1.21/compute/v2.1/os-hypervisors 2.555s
2025-11-12 22:42:26.091 65677 INFO tempest.lib.common.rest_client [req-d54be0ed-0677-4e07-9ff9-0a8f68b336e3 req-d54be0ed-0677-4e07-9ff9-0a8f68b336e3 ] Request (ServerExternalEventsTest:setUpClass): 201 POST http://10.180.1.21/identity/v3/auth/tokens 0.254s
2025-11-12 22:42:26.103 65735 INFO tempest.lib.common.rest_client [req-f9e635c2-b890-4df3-baf7-2e40f55c3cae req-f9e635c2-b890-4df3-baf7-2e40f55c3cae ] Request (ServersWithSpecificFlavorTestJSON:setUpClass): 201 POST http://10.180.1.21/networking/v2.0/networks 0.269s
2025-11-12 22:42:26.106 65715 INFO tempest.lib.common.rest_client [req-bf9d7bef-0c48-489e-921b-08bfe6bcf36c req-bf9d7bef-0c48-489e-921b-08bfe6bcf36c ] Request (InstanceUsageAuditLogNegativeTestJSON:setUpClass): 201 POST http://10.180.1.21/identity/v3/auth/tokens 0.202s
2025-11-12 22:42:26.181 65693 INFO tempest.lib.common.rest_client [req-02bb4ba7-a417-4d2c-9a7d-cf817f3d2cbb req-02bb4ba7-a417-4d2c-9a7d-cf817f3d2cbb ] Request (AZAdminNegativeTestJSON:tearDownClass): 204 DELETE http://10.180.1.21/identity/v3/users/e8c9011860694a799f42c24c7136181e 0.180s
2025-11-12 22:42:26.228 65713 INFO tempest.lib.common.rest_client [req-942f6a93-d147-4f8f-bcfb-6bf394e7083e req-942f6a93-d147-4f8f-bcfb-6bf394e7083e ] Request (KeyPairsV210TestJSON:test_admin_manage_keypairs_for_other_users): 201 POST http://10.180.1.21/compute/v2.1/os-keypairs 2.542s
2025-11-12 22:42:26.301 65735 INFO tempest.lib.common.rest_client [req-bead8476-0ecb-47b4-b9d0-1d36d3eb2a84 req-bead8476-0ecb-47b4-b9d0-1d36d3eb2a84 ] Request (ServersWithSpecificFlavorTestJSON:setUpClass): 201 POST http://10.180.1.21/networking/v2.0/subnets 0.198s
2025-11-12 22:42:26.335 65715 INFO tempest.lib.common.rest_client [req-909ad7e5-23ca-43cc-b67f-a7828b53a554 req-909ad7e5-23ca-43cc-b67f-a7828b53a554 ] Request (InstanceUsageAuditLogNegativeTestJSON:setUpClass): 200 GET http://10.180.1.21/identity/v3/domains?name=Default 0.229s
2025-11-12 22:42:26.350 65677 INFO tempest.lib.common.rest_client [req-b7cdb985-8ab7-4786-814b-295b156960cc req-b7cdb985-8ab7-4786-814b-295b156960cc ] Request (ServerExternalEventsTest:setUpClass): 201 POST http://10.180.1.21/identity/v3/projects 0.259s
2025-11-12 22:42:26.395 65709 INFO tempest.lib.common.rest_client [req-f0c597d9-539b-4ab7-a71d-fa0c85dfcef3 req-f0c597d9-539b-4ab7-a71d-fa0c85dfcef3 ] Request (NetworksTest:test_get_network): 200 GET http://10.180.1.21/compute/v2.1/os-networks 2.648s
2025-11-12 22:42:26.437 65693 INFO tempest.lib.common.rest_client [req-7e1ad436-dff4-472d-a884-368dd5025214 req-7e1ad436-dff4-472d-a884-368dd5025214 ] Request (AZAdminNegativeTestJSON:tearDownClass): 204 DELETE http://10.180.1.21/identity/v3/users/8b0816c9058c4cf99bb3a13a7832c566 0.255s
2025-11-12 22:42:26.437 65693 INFO tempest.lib.common.dynamic_creds [-] Deleting project and security group for project: 009dd64d3393480787e83be99a6fe5c8
2025-11-12 22:42:26.504 65715 INFO tempest.lib.common.rest_client [req-3020d129-92d6-4aa7-ae46-9f3ca4506814 req-3020d129-92d6-4aa7-ae46-9f3ca4506814 ] Request (InstanceUsageAuditLogNegativeTestJSON:setUpClass): 201 POST http://10.180.1.21/identity/v3/projects 0.168s
2025-11-12 22:42:26.577 65677 INFO tempest.lib.common.rest_client [req-1b80832c-6997-4039-b951-c185f3c633c7 req-1b80832c-6997-4039-b951-c185f3c633c7 ] Request (ServerExternalEventsTest:setUpClass): 201 POST http://10.180.1.21/identity/v3/users 0.223s
2025-11-12 22:42:26.604 65693 INFO tempest.lib.common.rest_client [req-17083860-6f16-4e41-990f-bc035a67acf4 req-17083860-6f16-4e41-990f-bc035a67acf4 ] Request (AZAdminNegativeTestJSON:tearDownClass): 201 POST http://10.180.1.21/identity/v3/auth/tokens 0.166s
2025-11-12 22:42:26.624 65677 INFO tempest.lib.common.rest_client [req-768376e3-cd6c-4350-bbc8-8fea2e34fa54 req-768376e3-cd6c-4350-bbc8-8fea2e34fa54 ] Request (ServerExternalEventsTest:setUpClass): 200 GET http://10.180.1.21/identity/v3/roles 0.047s
2025-11-12 22:42:26.633 65715 INFO tempest.lib.common.rest_client [req-14d8d3f9-26fd-440f-b0ea-5b3092df5d32 req-14d8d3f9-26fd-440f-b0ea-5b3092df5d32 ] Request (InstanceUsageAuditLogNegativeTestJSON:setUpClass): 201 POST http://10.180.1.21/identity/v3/users 0.129s
2025-11-12 22:42:26.658 65677 INFO tempest.lib.common.rest_client [req-c96e168b-6507-4251-84a7-e8240c24c181 req-c96e168b-6507-4251-84a7-e8240c24c181 ] Request (ServerExternalEventsTest:setUpClass): 204 PUT http://10.180.1.21/identity/v3/projects/4b51939b98454c5fa0eb19f9c5be17fe/users/75cb1ec838df43ea87dc9f77155c03dc/roles/847233499e464c51a7762c73921969d6 0.034s
2025-11-12 22:42:26.712 65715 INFO tempest.lib.common.rest_client [req-960b231f-93e2-4a05-928a-493a2bcddd64 req-960b231f-93e2-4a05-928a-493a2bcddd64 ] Request (InstanceUsageAuditLogNegativeTestJSON:setUpClass): 200 GET http://10.180.1.21/identity/v3/roles 0.078s
2025-11-12 22:42:26.724 65677 INFO tempest.lib.common.rest_client [req-142034cc-d1ec-42e1-bdcf-0206837d8307 req-142034cc-d1ec-42e1-bdcf-0206837d8307 ] Request (ServerExternalEventsTest:setUpClass): 200 GET http://10.180.1.21/identity/v3/roles 0.065s
2025-11-12 22:42:26.747 65715 INFO tempest.lib.common.rest_client [req-aa5deddd-6f0e-4513-8bb9-87adae5351c3 req-aa5deddd-6f0e-4513-8bb9-87adae5351c3 ] Request (InstanceUsageAuditLogNegativeTestJSON:setUpClass): 204 PUT http://10.180.1.21/identity/v3/projects/a7307c16d9b94901a7ca9a4b2921bebd/users/18b5940c756245efb0417464b39745bb/roles/b764fee9b08e43c1bb5e31e3c41874c8 0.035s
2025-11-12 22:42:26.747 65715 INFO tempest.lib.common.dynamic_creds [-] Dynamic test user 18b5940c756245efb0417464b39745bb is created with scope project and roles: ['member']
2025-11-12 22:42:26.747 65715 INFO tempest.lib.common.dynamic_creds [-] Acquired dynamic creds: credentials: Credentials: {'domain_id': 'default', 'domain_name': 'Default', 'username': 'tempest-InstanceUsageAuditLogNegativeTestJSON-1499681513-project-member', 'project_domain_id': 'default', 'project_domain_name': 'Default', 'project_id': 'a7307c16d9b94901a7ca9a4b2921bebd', 'project_name': 'tempest-InstanceUsageAuditLogNegativeTestJSON-1499681513', 'tenant_id': 'a7307c16d9b94901a7ca9a4b2921bebd', 'tenant_name': 'tempest-InstanceUsageAuditLogNegativeTestJSON-1499681513', 'user_domain_id': 'default', 'user_domain_name': 'Default', 'user_id': '18b5940c756245efb0417464b39745bb', 'system': None}, Network: None, Subnet: None, Router: None
2025-11-12 22:42:26.748 65715 INFO tempest.lib.common.dynamic_creds [-] Created isolated network resources for: credentials: Credentials: {'domain_id': 'default', 'domain_name': 'Default', 'username': 'tempest-InstanceUsageAuditLogNegativeTestJSON-1499681513-project-member', 'project_domain_id': 'default', 'project_domain_name': 'Default', 'project_id': 'a7307c16d9b94901a7ca9a4b2921bebd', 'project_name': 'tempest-InstanceUsageAuditLogNegativeTestJSON-1499681513', 'tenant_id': 'a7307c16d9b94901a7ca9a4b2921bebd', 'tenant_name': 'tempest-InstanceUsageAuditLogNegativeTestJSON-1499681513', 'user_domain_id': 'default', 'user_domain_name': 'Default', 'user_id': '18b5940c756245efb0417464b39745bb', 'system': None}, Network: None, Subnet: None, Router: None
2025-11-12 22:42:26.798 65677 INFO tempest.lib.common.rest_client [req-24244f62-6303-4185-b151-7d35f4a437e5 req-24244f62-6303-4185-b151-7d35f4a437e5 ] Request (ServerExternalEventsTest:setUpClass): 204 PUT http://10.180.1.21/identity/v3/projects/4b51939b98454c5fa0eb19f9c5be17fe/users/75cb1ec838df43ea87dc9f77155c03dc/roles/d158d743c69341ce88c3469ff80a5008 0.074s
2025-11-12 22:42:26.798 65677 INFO tempest.lib.common.dynamic_creds [-] Dynamic test user 75cb1ec838df43ea87dc9f77155c03dc is created with scope project and roles: ['admin', 'service']
2025-11-12 22:42:26.799 65677 INFO tempest.lib.common.dynamic_creds [-] Acquired dynamic creds: credentials: Credentials: {'domain_id': 'default', 'domain_name': 'Default', 'username': 'tempest-ServerExternalEventsTest-2073844731-project', 'project_domain_id': 'default', 'project_domain_name': 'Default', 'project_id': '4b51939b98454c5fa0eb19f9c5be17fe', 'project_name': 'tempest-ServerExternalEventsTest-2073844731', 'tenant_id': '4b51939b98454c5fa0eb19f9c5be17fe', 'tenant_name': 'tempest-ServerExternalEventsTest-2073844731', 'user_domain_id': 'default', 'user_domain_name': 'Default', 'user_id': '75cb1ec838df43ea87dc9f77155c03dc', 'system': None}, Network: None, Subnet: None, Router: None
2025-11-12 22:42:26.799 65677 INFO tempest.lib.common.dynamic_creds [-] Created isolated network resources for: credentials: Credentials: {'domain_id': 'default', 'domain_name': 'Default', 'username': 'tempest-ServerExternalEventsTest-2073844731-project', 'project_domain_id': 'default', 'project_domain_name': 'Default', 'project_id': '4b51939b98454c5fa0eb19f9c5be17fe', 'project_name': 'tempest-ServerExternalEventsTest-2073844731', 'tenant_id': '4b51939b98454c5fa0eb19f9c5be17fe', 'tenant_name': 'tempest-ServerExternalEventsTest-2073844731', 'user_domain_id': 'default', 'user_domain_name': 'Default', 'user_id': '75cb1ec838df43ea87dc9f77155c03dc', 'system': None}, Network: None, Subnet: None, Router: None
2025-11-12 22:42:26.802 65695 INFO tempest.lib.common.rest_client [req-8f744150-97ce-402a-878a-2b7aec1ff5c7 req-8f744150-97ce-402a-878a-2b7aec1ff5c7 ] Request (FloatingIPDetailsNegativeTestJSON:test_get_nonexistent_floating_ip_details): 404 GET http://10.180.1.21/compute/v2.1/os-floating-ips/09dc2cfd-c3d2-4431-ac3a-3b77c5ebcd5a 3.039s
2025-11-12 22:42:26.842 65715 INFO tempest.lib.common.rest_client [req-88d02675-9bd6-4d1c-a7c9-1a05889fd7c5 req-88d02675-9bd6-4d1c-a7c9-1a05889fd7c5 ] Request (InstanceUsageAuditLogNegativeTestJSON:setUpClass): 201 POST http://10.180.1.21/identity/v3/auth/tokens 0.092s
2025-11-12 22:42:26.998 65717 INFO tempest.lib.common.rest_client [req-90cdcb9d-dbd7-427a-b006-c0af8588799d req-90cdcb9d-dbd7-427a-b006-c0af8588799d ] Request (FlavorsExtraSpecsNegativeTestJSON:setUpClass): 200 POST http://10.180.1.21/compute/v2.1/flavors 3.094s
2025-11-12 22:42:27.013 65715 INFO tempest.lib.common.rest_client [req-db956777-993b-422f-b6f1-dc6949391060 req-db956777-993b-422f-b6f1-dc6949391060 ] Request (InstanceUsageAuditLogNegativeTestJSON:setUpClass): 201 POST http://10.180.1.21/identity/v3/projects 0.170s
2025-11-12 22:42:27.055 65677 INFO tempest.lib.common.rest_client [req-d2259468-30df-418d-9d4e-6cd8b44ae810 req-d2259468-30df-418d-9d4e-6cd8b44ae810 ] Request (ServerExternalEventsTest:setUpClass): 201 POST http://10.180.1.21/identity/v3/auth/tokens 0.252s
2025-11-12 22:42:27.072 65735 INFO tempest.lib.common.rest_client [req-c879eb32-2b0c-4067-af12-daa41a9cd5b8 req-c879eb32-2b0c-4067-af12-daa41a9cd5b8 ] Request (ServersWithSpecificFlavorTestJSON:setUpClass): 201 POST http://10.180.1.21/networking/v2.0/routers 0.770s
2025-11-12 22:42:27.103 65693 INFO tempest.lib.common.rest_client [req-6cd7e7bc-2bdb-4a4e-971d-79a8ab6ff8d7 req-6cd7e7bc-2bdb-4a4e-971d-79a8ab6ff8d7 ] Request (AZAdminNegativeTestJSON:tearDownClass): 200 GET http://10.180.1.21/networking/v2.0/security-groups?tenant_id=009dd64d3393480787e83be99a6fe5c8&name=default 0.499s
2025-11-12 22:42:27.146 65683 INFO tempest.lib.common.rest_client [req-319d9733-f639-4a70-b939-672b45c8c520 req-319d9733-f639-4a70-b939-672b45c8c520 ] Request (ImagesMetadataTestJSON:setUpClass): 204 PUT http://10.180.1.21/image/v2/images/975bf63d-b796-4a10-92de-4542783552d9/file 1.614s
2025-11-12 22:42:27.162 65689 INFO tempest.lib.common.rest_client [req-3422cce4-4b37-402a-b1b1-09a95f784611 req-3422cce4-4b37-402a-b1b1-09a95f784611 ] Request (MultipleCreateNegativeTestJSON:test_max_count_less_than_min_count): 400 POST http://10.180.1.21/compute/v2.1/servers 3.215s
2025-11-12 22:42:27.168 65715 INFO tempest.lib.common.rest_client [req-174db17c-d037-488b-afcd-911086aabc24 req-174db17c-d037-488b-afcd-911086aabc24 ] Request (InstanceUsageAuditLogNegativeTestJSON:setUpClass): 201 POST http://10.180.1.21/identity/v3/users 0.154s
2025-11-12 22:42:27.192 65715 INFO tempest.lib.common.rest_client [req-18d595ad-ae44-4710-b555-74ebac3c582b req-18d595ad-ae44-4710-b555-74ebac3c582b ] Request (InstanceUsageAuditLogNegativeTestJSON:setUpClass): 200 GET http://10.180.1.21/identity/v3/roles 0.024s
2025-11-12 22:42:27.199 65719 INFO tempest.lib.common.rest_client [req-a9740ae1-3a47-4a0f-9ba1-2258fcf912b7 req-a9740ae1-3a47-4a0f-9ba1-2258fcf912b7 ] Request (HypervisorAdminV228Test:test_get_list_hypervisor_details): 200 GET http://10.180.1.21/compute/v2.1/os-hypervisors/1 3.103s
2025-11-12 22:42:27.211 65677 INFO tempest.lib.common.rest_client [req-dd68d5a6-ed8b-47f8-9e2b-53eaead566ab req-dd68d5a6-ed8b-47f8-9e2b-53eaead566ab ] Request (ServerExternalEventsTest:test_create_server_external_events): 201 POST http://10.180.1.21/identity/v3/auth/tokens 0.151s
2025-11-12 22:42:27.211 65677 INFO tempest.lib.common.fixed_network [-] (ServerExternalEventsTest:test_create_server_external_events) Found network None available for tenant
2025-11-12 22:42:27.215 65689 INFO tempest.lib.common.rest_client [req-771e74bc-5f15-434b-b9af-4fabbdb8fca2 req-771e74bc-5f15-434b-b9af-4fabbdb8fca2 ] Request (MultipleCreateNegativeTestJSON:test_max_count_less_than_one): 201 POST http://10.180.1.21/identity/v3/auth/tokens 0.044s
2025-11-12 22:42:27.215 65689 INFO tempest.lib.common.fixed_network [-] (MultipleCreateNegativeTestJSON:test_max_count_less_than_one) Found network None available for tenant
2025-11-12 22:42:27.236 65715 INFO tempest.lib.common.rest_client [req-e331b412-710d-40cc-b0ee-f043f8e00d77 req-e331b412-710d-40cc-b0ee-f043f8e00d77 ] Request (InstanceUsageAuditLogNegativeTestJSON:setUpClass): 204 PUT http://10.180.1.21/identity/v3/projects/16c66636d36c4307bee780d2178b651a/users/9af1653a8faf40da88dbb3cead113dd1/roles/847233499e464c51a7762c73921969d6 0.043s
2025-11-12 22:42:27.295 65715 INFO tempest.lib.common.rest_client [req-8d652df5-2eff-46c2-a187-07f141689af4 req-8d652df5-2eff-46c2-a187-07f141689af4 ] Request (InstanceUsageAuditLogNegativeTestJSON:setUpClass): 200 GET http://10.180.1.21/identity/v3/roles 0.059s
2025-11-12 22:42:27.298 65703 INFO tempest.lib.common.rest_client [req-e73e7cce-f6d5-46c5-9ac5-98e288daab42 req-e73e7cce-f6d5-46c5-9ac5-98e288daab42 ] Request (FlavorsV261TestJSON:test_crud_flavor): 200 POST http://10.180.1.21/compute/v2.1/flavors 3.190s
2025-11-12 22:42:27.331 65719 INFO tempest.lib.common.rest_client [req-37347f62-4be6-4338-a375-615e8ea8f328 req-37347f62-4be6-4338-a375-615e8ea8f328 ] Request (HypervisorAdminV228Test:tearDownClass): 204 DELETE http://10.180.1.21/identity/v3/users/b4a83d315e9c49ea902fb93ce51a4873 0.120s
2025-11-12 22:42:27.363 65715 INFO tempest.lib.common.rest_client [req-4bd26d0a-a727-4cf9-83e7-3febf6546d85 req-4bd26d0a-a727-4cf9-83e7-3febf6546d85 ] Request (InstanceUsageAuditLogNegativeTestJSON:setUpClass): 204 PUT http://10.180.1.21/identity/v3/projects/16c66636d36c4307bee780d2178b651a/users/9af1653a8faf40da88dbb3cead113dd1/roles/847233499e464c51a7762c73921969d6 0.067s
2025-11-12 22:42:27.363 65715 INFO tempest.lib.common.dynamic_creds [-] Dynamic test user 9af1653a8faf40da88dbb3cead113dd1 is created with scope project and roles: ['admin']
2025-11-12 22:42:27.363 65715 INFO tempest.lib.common.dynamic_creds [-] Acquired dynamic creds: credentials: Credentials: {'domain_id': 'default', 'domain_name': 'Default', 'username': 'tempest-InstanceUsageAuditLogNegativeTestJSON-793055075-project-admin', 'project_domain_id': 'default', 'project_domain_name': 'Default', 'project_id': '16c66636d36c4307bee780d2178b651a', 'project_name': 'tempest-InstanceUsageAuditLogNegativeTestJSON-793055075', 'tenant_id': '16c66636d36c4307bee780d2178b651a', 'tenant_name': 'tempest-InstanceUsageAuditLogNegativeTestJSON-793055075', 'user_domain_id': 'default', 'user_domain_name': 'Default', 'user_id': '9af1653a8faf40da88dbb3cead113dd1', 'system': None}, Network: None, Subnet: None, Router: None
2025-11-12 22:42:27.363 65715 INFO tempest.lib.common.dynamic_creds [-] Created isolated network resources for: credentials: Credentials: {'domain_id': 'default', 'domain_name': 'Default', 'username': 'tempest-InstanceUsageAuditLogNegativeTestJSON-793055075-project-admin', 'project_domain_id': 'default', 'project_domain_name': 'Default', 'project_id': '16c66636d36c4307bee780d2178b651a', 'project_name': 'tempest-InstanceUsageAuditLogNegativeTestJSON-793055075', 'tenant_id': '16c66636d36c4307bee780d2178b651a', 'tenant_name': 'tempest-InstanceUsageAuditLogNegativeTestJSON-793055075', 'user_domain_id': 'default', 'user_domain_name': 'Default', 'user_id': '9af1653a8faf40da88dbb3cead113dd1', 'system': None}, Network: None, Subnet: None, Router: None
2025-11-12 22:42:27.462 65719 INFO tempest.lib.common.rest_client [req-2c12d03c-9b85-42d4-b3f0-d61d9a882fda req-2c12d03c-9b85-42d4-b3f0-d61d9a882fda ] Request (HypervisorAdminV228Test:tearDownClass): 204 DELETE http://10.180.1.21/identity/v3/users/e23dcdd50d204aeca3e99a03c1b5f945 0.131s
2025-11-12 22:42:27.463 65719 INFO tempest.lib.common.dynamic_creds [-] Deleting project and security group for project: b9254c7ea5f14aceae1c80aeedc6eee5
2025-11-12 22:42:27.527 65715 INFO tempest.lib.common.rest_client [req-7acdf473-dff7-4038-be3d-45550975bd20 req-7acdf473-dff7-4038-be3d-45550975bd20 ] Request (InstanceUsageAuditLogNegativeTestJSON:setUpClass): 201 POST http://10.180.1.21/identity/v3/auth/tokens 0.161s
2025-11-12 22:42:27.537 65719 INFO tempest.lib.common.rest_client [req-47ce6e67-d9bb-4d26-ac7b-75dd45cf1c3d req-47ce6e67-d9bb-4d26-ac7b-75dd45cf1c3d ] Request (HypervisorAdminV228Test:tearDownClass): 201 POST http://10.180.1.21/identity/v3/auth/tokens 0.074s
2025-11-12 22:42:27.885 65735 INFO tempest.lib.common.rest_client [req-de534628-99c2-4fa4-a05e-1660f31f3940 req-de534628-99c2-4fa4-a05e-1660f31f3940 ] Request (ServersWithSpecificFlavorTestJSON:setUpClass): 200 PUT http://10.180.1.21/networking/v2.0/routers/8640a248-729d-4180-a804-3434f3c8c561/add_router_interface 0.812s
