2025-11-12 22:44:52.749 65734 INFO tempest.lib.common.dynamic_creds [-] Created isolated network resources for: credentials: Credentials: {'domain_id': 'default', 'domain_name': 'Default', 'username': 'tempest-ServersV294TestFqdnHostnames-660977219-project-member', 'project_domain_id': 'default', 'project_domain_name': 'Default', 'project_id': 'b2a14df4fbc84583ac4071daa6b674e6', 'project_name': 'tempest-ServersV294TestFqdnHostnames-660977219', 'tenant_id': 'b2a14df4fbc84583ac4071daa6b674e6', 'tenant_name': 'tempest-ServersV294TestFqdnHostnames-660977219', 'user_domain_id': 'default', 'user_domain_name': 'Default', 'user_id': '39c59393a077455fa77f14e03c58f85e', 'system': None}, Network: {'id': 'de484aa3-061c-4c8c-9559-e2ab87370eab', 'name': 'tempest-ServersV294TestFqdnHostnames-2085334445-network', 'tenant_id': 'b2a14df4fbc84583ac4071daa6b674e6', 'project_id': 'b2a14df4fbc84583ac4071daa6b674e6', 'admin_state_up': True, 'mtu': 8950, 'status': 'ACTIVE', 'subnets': [], 'shared': False, 'port_security_enabled': True, 'router:external': False, 'provider:network_type': 'vlan', 'provider:physical_network': 'default', 'provider:segmentation_id': 459, 'availability_zone_hints': [], 'availability_zones': [], 'ipv4_address_scope': None, 'ipv6_address_scope': None, 'description': '', 'tags': [], 'created_at': '2025-11-12T22:44:50Z', 'updated_at': '2025-11-12T22:44:50Z', 'revision_number': 1}, Subnet: {'id': '62403bc9-e554-40ab-a86b-683ed7c35526', 'name': 'tempest-ServersV294TestFqdnHostnames-2085334445-subnet', 'tenant_id': 'b2a14df4fbc84583ac4071daa6b674e6', 'network_id': 'de484aa3-061c-4c8c-9559-e2ab87370eab', 'ip_version': 4, 'subnetpool_id': None, 'enable_dhcp': True, 'ipv6_ra_mode': None, 'ipv6_address_mode': None, 'gateway_ip': '192.168.128.1', 'cidr': '192.168.128.0/28', 'allocation_pools': [{'start': '192.168.128.2', 'end': '192.168.128.14'}], 'host_routes': [], 'dns_nameservers': [], 'description': '', 'router:external': False, 'service_types': [], 'tags': [], 'created_at': '2025-11-12T22:44:50Z', 'updated_at': '2025-11-12T22:44:50Z', 'revision_number': 0, 'project_id': 'b2a14df4fbc84583ac4071daa6b674e6'}, Router: {'id': '11da4756-6228-4f33-a7b2-6b06f4555dd5', 'name': 'tempest-ServersV294TestFqdnHostnames-2085334445-router', 'tenant_id': 'b2a14df4fbc84583ac4071daa6b674e6', 'admin_state_up': True, 'status': 'ACTIVE', 'external_gateway_info': {'network_id': '861d3498-ed97-4fa1-b0b4-3327f100974b', 'external_fixed_ips': [{'subnet_id': '1d46f3d9-c55a-48a1-8b64-4b0d79a5de42', 'ip_address': '10.180.180.250'}], 'enable_snat': True}, 'description': '', 'availability_zones': [], 'distributed': False, 'ha': False, 'availability_zone_hints': [], 'routes': [], 'flavor_id': None, 'tags': [], 'created_at': '2025-11-12T22:44:50Z', 'updated_at': '2025-11-12T22:44:51Z', 'revision_number': 2, 'project_id': 'b2a14df4fbc84583ac4071daa6b674e6'}
2025-11-12 22:44:52.863 65734 INFO tempest.lib.common.rest_client [req-95cb9a69-ff34-42f7-a917-eb63c7a3a6a0 req-95cb9a69-ff34-42f7-a917-eb63c7a3a6a0 ] Request (ServersV294TestFqdnHostnames:setUpClass): 201 POST http://10.180.1.21/identity/v3/auth/tokens 0.109s
2025-11-12 22:44:52.876 65725 INFO tempest.lib.common.rest_client [req-cbd2ed6c-e5af-47c1-a291-6c8932dbbc72 req-cbd2ed6c-e5af-47c1-a291-6c8932dbbc72 ] Request (SecurityGroupsTestJSON:test_list_security_groups_by_server): 200 GET http://10.180.1.21/compute/v2.1/servers/a4112107-4e15-491d-9b5f-8a004b295115 2.004s
2025-11-12 22:44:52.912 65699 INFO tempest.lib.common.rest_client [req-15612375-73f6-4966-a739-cc6c6f145823 req-15612375-73f6-4966-a739-cc6c6f145823 ] Request (ImagesNegativeTestJSON:test_create_image_from_deleted_server): 200 GET http://10.180.1.21/compute/v2.1/servers/8e1eb273-f88d-411a-b5df-f17df6652266 2.163s
2025-11-12 22:44:53.151 65695 INFO tempest.lib.common.rest_client [req-da0d4030-276f-4543-8c33-b133b8931225 req-da0d4030-276f-4543-8c33-b133b8931225 ] Request (AttachVolumeNegativeTest:test_attach_attached_volume_to_different_server): 200 GET http://10.180.1.21/compute/v2.1/servers/846828fb-ac3e-49dc-850a-816031eaebb1 2.249s
2025-11-12 22:44:53.159 65695 INFO tempest.common.waiters [-] State transition "BUILD/block_device_mapping" ==> "BUILD/spawning" after 40 second wait
2025-11-12 22:44:53.224 65703 INFO tempest.lib.common.rest_client [req-1eac7902-bb82-4c1a-9688-74894eac9d2d req-1eac7902-bb82-4c1a-9688-74894eac9d2d ] Request (ServerRescueNegativeTestJSON:test_rescued_vm_attach_volume): 200 GET http://10.180.1.21/compute/v2.1/servers/7e49302b-aae6-4137-861d-c7040c7ba5bb 2.300s
2025-11-12 22:44:53.292 65697 INFO tempest.lib.common.rest_client [req-7e3ff75d-a5c8-45c8-9f38-f2e818569c8d req-7e3ff75d-a5c8-45c8-9f38-f2e818569c8d ] Request (ListServerFiltersTestJSON:setUpClass): 200 GET http://10.180.1.21/compute/v2.1/servers/8ff0e0fa-42ab-42c9-9346-3ee9a7400cdd 2.295s
2025-11-12 22:44:53.348 65737 INFO tempest.lib.common.rest_client [req-dea5750a-962d-4b7b-9bb6-5488ff3b7b82 req-dea5750a-962d-4b7b-9bb6-5488ff3b7b82 ] Request (MigrationsAdminTest:test_resize_server_revert_deleted_flavor): 200 GET http://10.180.1.21/compute/v2.1/servers/2afe03d3-aa3f-4621-a360-4715ccc395c4 2.292s
2025-11-12 22:44:53.450 65729 INFO tempest.lib.common.rest_client [req-c7c28aeb-5d46-4c56-8f41-0903a878a1bf req-c7c28aeb-5d46-4c56-8f41-0903a878a1bf ] Request (ServerShowV247Test:tearDownClass): 204 DELETE http://10.180.1.21/compute/v2.1/servers/e35ed46c-2e45-4101-8340-584f046c42a2 1.683s
2025-11-12 22:44:53.496 65679 INFO tempest.lib.common.rest_client [req-c11572e7-19ed-43c1-a87d-bb7af0371f08 req-c11572e7-19ed-43c1-a87d-bb7af0371f08 ] Request (ListServersNegativeTestJSON:setUpClass): 200 GET http://10.180.1.21/compute/v2.1/servers/a75e05b6-f88d-485d-8dca-c833e2f47486 1.894s
2025-11-12 22:44:53.541 65707 INFO tempest.lib.common.rest_client [req-1cae2e06-20b3-4efd-8ead-ce92ce00e0f9 req-1cae2e06-20b3-4efd-8ead-ce92ce00e0f9 ] Request (SecurityGroupRulesNegativeTestJSON:tearDownClass): 200 PUT http://10.180.1.21/networking/v2.0/routers/850d33a0-ddd7-425d-bc6a-9bcc8bd14b91/remove_router_interface 0.915s
2025-11-12 22:44:53.568 65711 INFO tempest.lib.common.rest_client [req-c68a2826-a314-43ea-8493-dfd21c9a4482 req-c68a2826-a314-43ea-8493-dfd21c9a4482 ] Request (AttachInterfacesTestJSON:test_create_list_show_delete_interfaces_by_fixed_ip): 200 GET http://10.180.1.21/compute/v2.1/servers/5e58ad68-c04d-4479-ba9c-f571055bb014/os-interface 1.752s
2025-11-12 22:44:53.692 65685 INFO tempest.lib.common.rest_client [req-4d5f4442-5205-44df-9f61-196511430da4 req-4d5f4442-5205-44df-9f61-196511430da4 ] Request (VolumesAssistedSnapshotsTest:test_volume_assisted_snapshot_create_delete): 200 GET http://10.180.1.21/compute/v2.1/servers/081bd257-b8e4-4ff4-bc11-6d92a6c6c78a 1.343s
2025-11-12 22:44:53.712 65705 INFO tempest.lib.common.rest_client [req-0053acb0-37f2-44fe-9caa-cb82eeadf637 req-0053acb0-37f2-44fe-9caa-cb82eeadf637 ] Request (FlavorsAccessNegativeTestJSON:test_flavor_non_admin_remove): 200 POST http://10.180.1.21/compute/v2.1/flavors 1.198s
2025-11-12 22:44:53.733 65681 INFO tempest.lib.common.rest_client [req-b25f925f-ee32-4f30-a10b-f9d17b9f1d24 req-b25f925f-ee32-4f30-a10b-f9d17b9f1d24 ] Request (ServersAdminNegativeTestJSON:test_migrate_server_invalid_state): 200 GET http://10.180.1.21/compute/v2.1/servers/46d105de-a26c-4f86-a3d2-d981e92d38bd 1.912s
2025-11-12 22:44:53.741 65681 INFO tempest.common.waiters [-] State transition "BUILD/spawning" ==> "ACTIVE/None" after 45 second wait
2025-11-12 22:44:53.781 65687 INFO tempest.lib.common.rest_client [req-db55eb24-f325-4ac5-afd8-89370a5e8bf2 req-db55eb24-f325-4ac5-afd8-89370a5e8bf2 ] Request (ImagesOneServerTestJSON:test_create_image_specify_multibyte_character_image_name): 200 GET http://10.180.1.21/compute/v2.1/images/2c38b38e-5e2e-4034-9fa6-b0354bee19e1 1.133s
2025-11-12 22:44:53.806 65731 INFO tempest.lib.common.rest_client [req-ccd9950b-49a2-4980-874b-b3540b0e5047 req-ccd9950b-49a2-4980-874b-b3540b0e5047 ] Request (ImagesOneServerNegativeTestJSON:_run_cleanups): 200 GET http://10.180.1.21/compute/v2.1/servers/cc1adefd-a061-47e0-bf8e-38ef27790723 1.185s
2025-11-12 22:44:53.859 65727 INFO tempest.lib.common.rest_client [req-d4d6b0fe-48f7-4798-a65c-23e52159549d req-d4d6b0fe-48f7-4798-a65c-23e52159549d ] Request (ServerTagsTestJSON:tearDownClass): 200 GET http://10.180.1.21/compute/v2.1/servers/845b0189-ec38-4f05-8292-2bf4cf76cae1 1.103s
2025-11-12 22:44:53.929 65715 INFO tempest.lib.common.rest_client [req-fefe6be0-39d6-419e-add7-7049b3d2a370 req-fefe6be0-39d6-419e-add7-7049b3d2a370 ] Request (MultipleCreateTestJSON:_run_cleanups): 200 GET http://10.180.1.21/compute/v2.1/servers/418827ef-1977-4bec-b71a-3dae4fbf1486 1.036s
2025-11-12 22:44:53.976 65734 INFO tempest.lib.common.rest_client [req-0f9cdeba-08f1-4bce-a9fe-a685c3d1fc81 req-0f9cdeba-08f1-4bce-a9fe-a685c3d1fc81 ] Request (ServersV294TestFqdnHostnames:setUpClass): 201 POST http://10.180.1.21/compute/v2.1/os-keypairs 1.111s
2025-11-12 22:44:54.129 65734 INFO tempest.lib.common.rest_client [req-1ce004a4-2fb8-4496-bcf0-47f48203436b req-1ce004a4-2fb8-4496-bcf0-47f48203436b ] Request (ServersV294TestFqdnHostnames:setUpClass): 201 POST http://10.180.1.21/networking/v2.0/security-groups 0.150s
2025-11-12 22:44:54.152 65707 INFO tempest.lib.common.rest_client [req-d5613447-fa40-43f7-965b-d0dbfb1d73da req-d5613447-fa40-43f7-965b-d0dbfb1d73da ] Request (SecurityGroupRulesNegativeTestJSON:tearDownClass): 204 DELETE http://10.180.1.21/networking/v2.0/routers/850d33a0-ddd7-425d-bc6a-9bcc8bd14b91 0.610s
2025-11-12 22:44:54.170 65691 INFO tempest.lib.common.rest_client [req-e2da13c2-206f-4762-97f4-a506be92e82b req-e2da13c2-206f-4762-97f4-a506be92e82b ] Request (ServersAdminTestJSON:setUpClass): 200 GET http://10.180.1.21/compute/v2.1/servers/eb4cce99-41ab-449c-ba6a-dd737a6b1180 1.110s
2025-11-12 22:44:54.178 65717 INFO tempest.lib.common.rest_client [req-4c5826e3-3f41-48d7-b700-38cd1f2f5290 req-4c5826e3-3f41-48d7-b700-38cd1f2f5290 ] Request (ServerMetadataNegativeTestJSON:setUpClass): 200 GET http://10.180.1.21/compute/v2.1/servers/cfa9853f-1dfb-466b-bf5f-d573d8fafa43 0.965s
2025-11-12 22:44:54.278 65734 INFO tempest.lib.common.rest_client [req-8eb83a99-5d14-450a-82dd-f19b77b77498 req-8eb83a99-5d14-450a-82dd-f19b77b77498 ] Request (ServersV294TestFqdnHostnames:setUpClass): 201 POST http://10.180.1.21/networking/v2.0/security-group-rules 0.148s
2025-11-12 22:44:54.310 65713 INFO tempest.lib.common.rest_client [req-7552904b-0d0f-4943-915d-349928c1fc32 req-7552904b-0d0f-4943-915d-349928c1fc32 ] Request (ServersTestManualDisk:setUpClass): 200 GET http://10.180.1.21/compute/v2.1/servers/9eee2e68-d3fd-40c2-9259-9216a20afaf0 0.997s
2025-11-12 22:44:54.329 65709 INFO tempest.lib.common.rest_client [req-8ce29135-f6db-45ca-bee9-22578f6ac292 req-8ce29135-f6db-45ca-bee9-22578f6ac292 ] Request (FloatingIPsAssociationTestJSON:tearDownClass): 200 GET http://10.180.1.21/compute/v2.1/servers/be84e687-c2a1-44bd-9e40-305c6dc06382 0.937s
2025-11-12 22:44:54.441 65707 INFO tempest.lib.common.rest_client [req-5fd219b9-c9b3-4842-9da7-4f0775e2d464 req-5fd219b9-c9b3-4842-9da7-4f0775e2d464 ] Request (SecurityGroupRulesNegativeTestJSON:tearDownClass): 204 DELETE http://10.180.1.21/networking/v2.0/subnets/2df56178-a590-4592-9afa-9d6105cf8de7 0.288s
2025-11-12 22:44:54.551 65734 INFO tempest.lib.common.rest_client [req-46110c55-3e80-4c69-bbdb-204520f006eb req-46110c55-3e80-4c69-bbdb-204520f006eb ] Request (ServersV294TestFqdnHostnames:setUpClass): 201 POST http://10.180.1.21/networking/v2.0/security-group-rules 0.273s
2025-11-12 22:44:54.581 65701 INFO tempest.lib.common.rest_client [req-eb83c96b-1d95-45de-a28d-6ec557f93681 req-eb83c96b-1d95-45de-a28d-6ec557f93681 ] Request (ImagesTestJSON:test_create_image_from_stopped_server): 200 GET http://10.180.1.21/compute/v2.1/servers/b1271d4f-bf25-4eea-ba33-2bb51fd2ea5f 1.139s
2025-11-12 22:44:54.604 65729 INFO tempest.lib.common.rest_client [req-9ba8847f-48dc-4193-b832-ca35ff467c20 req-9ba8847f-48dc-4193-b832-ca35ff467c20 ] Request (ServerShowV247Test:tearDownClass): 200 GET http://10.180.1.21/compute/v2.1/servers/e35ed46c-2e45-4101-8340-584f046c42a2 1.154s
2025-11-12 22:44:54.715 65679 INFO tempest.lib.common.rest_client [req-79272435-1715-4ced-aaed-f9b22b7a04ae req-79272435-1715-4ced-aaed-f9b22b7a04ae ] Request (ListServersNegativeTestJSON:setUpClass): 204 DELETE http://10.180.1.21/compute/v2.1/servers/67e04a3c-c5b6-4187-a239-01341ea0230b 1.212s
2025-11-12 22:44:54.959 65707 INFO tempest.lib.common.rest_client [req-668b8d58-1c0e-499e-a14c-28d7d3cc8a5a req-668b8d58-1c0e-499e-a14c-28d7d3cc8a5a ] Request (SecurityGroupRulesNegativeTestJSON:tearDownClass): 204 DELETE http://10.180.1.21/networking/v2.0/networks/e1eb9554-55c5-49d9-adc8-817ef73f0d5a 0.517s
2025-11-12 22:44:55.094 65707 INFO tempest.lib.common.rest_client [req-d02d3ebd-050f-4807-a6dc-8c6c7ca20d63 req-d02d3ebd-050f-4807-a6dc-8c6c7ca20d63 ] Request (SecurityGroupRulesNegativeTestJSON:tearDownClass): 204 DELETE http://10.180.1.21/identity/v3/users/f4f7fb738fa74dc0af6371af7c220087 0.134s
2025-11-12 22:44:55.094 65707 INFO tempest.lib.common.dynamic_creds [-] Deleting project and security group for project: 16894d86ec95486f84ed38948ee380cc
2025-11-12 22:44:55.145 65735 INFO tempest.lib.common.rest_client [req-53172425-d7a9-4ca2-b889-15b30c04a726 req-53172425-d7a9-4ca2-b889-15b30c04a726 ] Request (ServersWithSpecificFlavorTestJSON:test_verify_created_server_ephemeral_disk): 200 GET http://10.180.1.21/compute/v2.1/servers/b48b5986-25cc-4cf6-b84c-7673d7f615d9 1.652s
2025-11-12 22:44:55.186 65711 INFO tempest.lib.common.rest_client [req-4af1010a-4103-4978-99fb-311ca3da6125 req-4af1010a-4103-4978-99fb-311ca3da6125 ] Request (AttachInterfacesTestJSON:test_create_list_show_delete_interfaces_by_fixed_ip): 200 GET http://10.180.1.21/compute/v2.1/servers/5e58ad68-c04d-4479-ba9c-f571055bb014/os-interface/9a1cc346-bcc6-480b-b7b4-1c2e26bd6f6a 1.615s
2025-11-12 22:44:55.228 65707 INFO tempest.lib.common.rest_client [req-597b0983-7245-40f7-aaf4-75c3a1f21b23 req-597b0983-7245-40f7-aaf4-75c3a1f21b23 ] Request (SecurityGroupRulesNegativeTestJSON:tearDownClass): 200 GET http://10.180.1.21/networking/v2.0/security-groups?tenant_id=16894d86ec95486f84ed38948ee380cc&name=default 0.133s
2025-11-12 22:44:55.387 65705 INFO tempest.lib.common.rest_client [req-96a735ea-ae46-409c-86a3-6046abf7de5a req-96a735ea-ae46-409c-86a3-6046abf7de5a ] Request (FlavorsAccessNegativeTestJSON:test_flavor_non_admin_remove): 200 POST http://10.180.1.21/compute/v2.1/flavors/1107799339/action 1.671s
2025-11-12 22:44:55.520 65681 INFO tempest.lib.common.rest_client [req-2d540d35-48c6-48ff-8146-c84c7b4ce96a req-2d540d35-48c6-48ff-8146-c84c7b4ce96a ] Request (ServersAdminNegativeTestJSON:test_migrate_server_invalid_state): 202 POST http://10.180.1.21/compute/v2.1/servers/46d105de-a26c-4f86-a3d2-d981e92d38bd/action 1.778s
2025-11-12 22:44:55.540 65734 INFO tempest.lib.common.rest_client [req-06d43dfa-63cb-40cd-8da9-f58fb5528915 req-06d43dfa-63cb-40cd-8da9-f58fb5528915 ] Request (ServersV294TestFqdnHostnames:setUpClass): 201 POST http://10.180.1.21/networking/v2.0/floatingips 0.988s
2025-11-12 22:44:55.620 65734 INFO tempest.lib.common.rest_client [req-df81acd4-7df3-45f6-9bcf-4701d38723a0 req-df81acd4-7df3-45f6-9bcf-4701d38723a0 ] Request (ServersV294TestFqdnHostnames:setUpClass): 201 POST http://10.180.1.21/identity/v3/auth/tokens 0.075s
2025-11-12 22:44:55.621 65734 INFO tempest.lib.common.fixed_network [-] (ServersV294TestFqdnHostnames:setUpClass) Found network {'id': 'de484aa3-061c-4c8c-9559-e2ab87370eab', 'name': 'tempest-ServersV294TestFqdnHostnames-2085334445-network', 'tenant_id': 'b2a14df4fbc84583ac4071daa6b674e6', 'project_id': 'b2a14df4fbc84583ac4071daa6b674e6', 'admin_state_up': True, 'mtu': 8950, 'status': 'ACTIVE', 'subnets': [], 'shared': False, 'port_security_enabled': True, 'router:external': False, 'provider:network_type': 'vlan', 'provider:physical_network': 'default', 'provider:segmentation_id': 459, 'availability_zone_hints': [], 'availability_zones': [], 'ipv4_address_scope': None, 'ipv6_address_scope': None, 'description': '', 'tags': [], 'created_at': '2025-11-12T22:44:50Z', 'updated_at': '2025-11-12T22:44:50Z', 'revision_number': 1} available for tenant
2025-11-12 22:44:55.642 65711 INFO tempest.lib.common.rest_client [req-b9a055de-5a89-48c6-8897-f96f4b9339ca req-b9a055de-5a89-48c6-8897-f96f4b9339ca ] Request (AttachInterfacesTestJSON:test_create_list_show_delete_interfaces_by_fixed_ip): 200 GET http://10.180.1.21/networking/v2.0/ports?network_id=9f25d79a-c1fa-4b4a-9d6c-0eda79411cfc 0.453s
2025-11-12 22:44:55.670 65721 INFO tempest.lib.common.rest_client [req-a3a02ad3-f9a2-488a-b81e-ffde10bcc94d req-a3a02ad3-f9a2-488a-b81e-ffde10bcc94d ] Request (ServersTestJSON:setUpClass): 200 GET http://10.180.1.21/compute/v2.1/servers/764c787e-0958-4b9c-84bb-2ce472c712bd 2.010s
2025-11-12 22:44:55.793 65707 INFO tempest.lib.common.rest_client [req-0363e17b-f087-4e60-b284-e9e9e38415cd req-0363e17b-f087-4e60-b284-e9e9e38415cd ] Request (SecurityGroupRulesNegativeTestJSON:tearDownClass): 204 DELETE http://10.180.1.21/networking/v2.0/security-groups/1e415ea2-7e3a-4496-a0b0-7944184d6cf0 0.565s
2025-11-12 22:44:55.826 65725 INFO tempest.lib.common.rest_client [req-aeeef7ba-5971-4b7e-a0c2-6f1816c03656 req-aeeef7ba-5971-4b7e-a0c2-6f1816c03656 ] Request (SecurityGroupsTestJSON:test_list_security_groups_by_server): 200 GET http://10.180.1.21/compute/v2.1/servers/a4112107-4e15-491d-9b5f-8a004b295115 1.936s
2025-11-12 22:44:55.838 65711 INFO tempest.lib.common.rest_client [req-5cdd73b2-4eb5-4ee6-ab9e-d1ca4374c4e9 req-5cdd73b2-4eb5-4ee6-ab9e-d1ca4374c4e9 ] Request (AttachInterfacesTestJSON:test_create_list_show_delete_interfaces_by_fixed_ip): 200 GET http://10.180.1.21/networking/v2.0/subnets/3ff277a2-c560-49bb-b2c2-ec0ac2869799 0.196s
2025-11-12 22:44:55.955 65707 INFO tempest.lib.common.rest_client [req-d7716f8b-9fe3-4d84-ba93-8516a4908473 req-d7716f8b-9fe3-4d84-ba93-8516a4908473 ] Request (SecurityGroupRulesNegativeTestJSON:tearDownClass): 204 DELETE http://10.180.1.21/identity/v3/projects/16894d86ec95486f84ed38948ee380cc 0.162s
2025-11-12 22:44:56.063 65707 INFO tempest.lib.common.rest_client [req-76b3bff6-7a37-4beb-ab53-ec02b9151acf req-76b3bff6-7a37-4beb-ab53-ec02b9151acf ] Request (SecurityGroupsNegativeTestJSON:setUpClass): 201 POST http://10.180.1.21/identity/v3/auth/tokens 0.105s
2025-11-12 22:44:56.099 65699 INFO tempest.lib.common.rest_client [req-d241aa0a-e02d-4bda-b951-1040433f48a5 req-d241aa0a-e02d-4bda-b951-1040433f48a5 ] Request (ImagesNegativeTestJSON:test_create_image_from_deleted_server): 200 GET http://10.180.1.21/compute/v2.1/servers/8e1eb273-f88d-411a-b5df-f17df6652266 2.176s
2025-11-12 22:44:56.123 65707 INFO tempest.lib.common.rest_client [req-dc91cb68-e28c-4372-9c6f-40418d2eae30 req-dc91cb68-e28c-4372-9c6f-40418d2eae30 ] Request (SecurityGroupsNegativeTestJSON:setUpClass): 201 POST http://10.180.1.21/identity/v3/auth/tokens 0.055s
2025-11-12 22:44:56.143 65695 INFO tempest.lib.common.rest_client [req-17bb38b0-c929-48d7-b4bc-8c38caf82760 req-17bb38b0-c929-48d7-b4bc-8c38caf82760 ] Request (AttachVolumeNegativeTest:test_attach_attached_volume_to_different_server): 200 GET http://10.180.1.21/compute/v2.1/servers/846828fb-ac3e-49dc-850a-816031eaebb1 1.983s
2025-11-12 22:44:56.162 65707 INFO tempest.lib.common.rest_client [req-af2e3a4d-9473-4c3a-99e2-80ba78712a42 req-af2e3a4d-9473-4c3a-99e2-80ba78712a42 ] Request (SecurityGroupsNegativeTestJSON:setUpClass): 200 GET http://10.180.1.21/identity/v3/domains?name=Default 0.039s
2025-11-12 22:44:56.198 65707 INFO tempest.lib.common.rest_client [req-4d13d6cc-2c6b-406c-a2c2-db031ab17ad7 req-4d13d6cc-2c6b-406c-a2c2-db031ab17ad7 ] Request (SecurityGroupsNegativeTestJSON:setUpClass): 201 POST http://10.180.1.21/identity/v3/projects 0.035s
2025-11-12 22:44:56.281 65697 INFO tempest.lib.common.rest_client [req-4b18cc31-3161-49f8-97dc-71c38e55eac7 req-4b18cc31-3161-49f8-97dc-71c38e55eac7 ] Request (ListServerFiltersTestJSON:setUpClass): 200 GET http://10.180.1.21/compute/v2.1/servers/8ff0e0fa-42ab-42c9-9346-3ee9a7400cdd 1.980s
2025-11-12 22:44:56.285 65707 INFO tempest.lib.common.rest_client [req-23054409-ec25-41a8-b7b1-44079818c1a4 req-23054409-ec25-41a8-b7b1-44079818c1a4 ] Request (SecurityGroupsNegativeTestJSON:setUpClass): 201 POST http://10.180.1.21/identity/v3/users 0.086s
2025-11-12 22:44:56.291 65697 INFO tempest.common.waiters [-] State transition "BUILD/scheduling" ==> "BUILD/None" after 31 second wait
2025-11-12 22:44:56.316 65707 INFO tempest.lib.common.rest_client [req-c8a93478-18fb-4c69-9904-33d064b780ba req-c8a93478-18fb-4c69-9904-33d064b780ba ] Request (SecurityGroupsNegativeTestJSON:setUpClass): 200 GET http://10.180.1.21/identity/v3/roles 0.031s
2025-11-12 22:44:56.322 65703 INFO tempest.lib.common.rest_client [req-a41ee96b-1d9d-42e8-ab57-d9f1a9dea3c7 req-a41ee96b-1d9d-42e8-ab57-d9f1a9dea3c7 ] Request (ServerRescueNegativeTestJSON:test_rescued_vm_attach_volume): 200 GET http://10.180.1.21/compute/v2.1/servers/7e49302b-aae6-4137-861d-c7040c7ba5bb 2.085s
2025-11-12 22:44:56.356 65707 INFO tempest.lib.common.rest_client [req-ae3416d9-e43f-43a7-84ec-ab69a4b28fe6 req-ae3416d9-e43f-43a7-84ec-ab69a4b28fe6 ] Request (SecurityGroupsNegativeTestJSON:setUpClass): 204 PUT http://10.180.1.21/identity/v3/projects/aae986e5f50f4e9e8d1e150427b7302b/users/217c2d823ced486ab430d4d861fd5943/roles/b764fee9b08e43c1bb5e31e3c41874c8 0.038s
2025-11-12 22:44:56.356 65707 INFO tempest.lib.common.dynamic_creds [-] Dynamic test user 217c2d823ced486ab430d4d861fd5943 is created with scope project and roles: ['member']
2025-11-12 22:44:56.356 65707 INFO tempest.lib.common.dynamic_creds [-] Acquired dynamic creds: credentials: Credentials: {'domain_id': 'default', 'domain_name': 'Default', 'username': 'tempest-SecurityGroupsNegativeTestJSON-684902731-project-member', 'project_domain_id': 'default', 'project_domain_name': 'Default', 'project_id': 'aae986e5f50f4e9e8d1e150427b7302b', 'project_name': 'tempest-SecurityGroupsNegativeTestJSON-684902731', 'tenant_id': 'aae986e5f50f4e9e8d1e150427b7302b', 'tenant_name': 'tempest-SecurityGroupsNegativeTestJSON-684902731', 'user_domain_id': 'default', 'user_domain_name': 'Default', 'user_id': '217c2d823ced486ab430d4d861fd5943', 'system': None}, Network: None, Subnet: None, Router: None
2025-11-12 22:44:56.369 65737 INFO tempest.lib.common.rest_client [req-d230956c-8fd8-495c-b9e2-62c39452fdb2 req-d230956c-8fd8-495c-b9e2-62c39452fdb2 ] Request (MigrationsAdminTest:test_resize_server_revert_deleted_flavor): 200 GET http://10.180.1.21/compute/v2.1/servers/2afe03d3-aa3f-4621-a360-4715ccc395c4 2.013s
2025-11-12 22:44:56.407 65685 INFO tempest.lib.common.rest_client [req-cb6f11b1-5bf3-4b79-a782-df87fb83c66d req-cb6f11b1-5bf3-4b79-a782-df87fb83c66d ] Request (VolumesAssistedSnapshotsTest:test_volume_assisted_snapshot_create_delete): 200 GET http://10.180.1.21/compute/v2.1/servers/081bd257-b8e4-4ff4-bc11-6d92a6c6c78a 1.701s
2025-11-12 22:44:56.464 65687 INFO tempest.lib.common.rest_client [req-301b3803-5cba-491f-b18e-499c535f309c req-301b3803-5cba-491f-b18e-499c535f309c ] Request (ImagesOneServerTestJSON:test_create_image_specify_multibyte_character_image_name): 200 GET http://10.180.1.21/compute/v2.1/images/2c38b38e-5e2e-4034-9fa6-b0354bee19e1 1.678s
2025-11-12 22:44:56.466 65707 INFO tempest.lib.common.rest_client [req-54a798e6-905e-4081-aef8-01516aecec27 req-54a798e6-905e-4081-aef8-01516aecec27 ] Request (SecurityGroupsNegativeTestJSON:setUpClass): 201 POST http://10.180.1.21/identity/v3/auth/tokens 0.109s
2025-11-12 22:44:56.831 65707 INFO tempest.lib.common.rest_client [req-6cf127e7-1623-427d-9aa9-1d2d0bb4535c req-6cf127e7-1623-427d-9aa9-1d2d0bb4535c ] Request (SecurityGroupsNegativeTestJSON:setUpClass): 201 POST http://10.180.1.21/networking/v2.0/networks 0.365s
2025-11-12 22:44:56.859 65731 INFO tempest.lib.common.rest_client [req-69af796d-bdbf-4beb-8090-a3248d667d4a req-69af796d-bdbf-4beb-8090-a3248d667d4a ] Request (ImagesOneServerNegativeTestJSON:_run_cleanups): 200 GET http://10.180.1.21/compute/v2.1/servers/cc1adefd-a061-47e0-bf8e-38ef27790723 2.042s
2025-11-12 22:44:56.893 65679 INFO tempest.lib.common.rest_client [req-a151fc9b-9a21-42bc-a21d-38b200b4b5fd req-a151fc9b-9a21-42bc-a21d-38b200b4b5fd ] Request (ListServersNegativeTestJSON:setUpClass): 200 GET http://10.180.1.21/compute/v2.1/servers/67e04a3c-c5b6-4187-a239-01341ea0230b 2.177s
2025-11-12 22:44:56.964 65727 INFO tempest.lib.common.rest_client [req-e9748d85-d44a-48c8-8916-0784c34d269e req-e9748d85-d44a-48c8-8916-0784c34d269e ] Request (ServerTagsTestJSON:tearDownClass): 200 GET http://10.180.1.21/compute/v2.1/servers/845b0189-ec38-4f05-8292-2bf4cf76cae1 2.095s
2025-11-12 22:44:56.979 65715 INFO tempest.lib.common.rest_client [req-06b83fe7-805d-41c8-96f1-b7cc38e768c6 req-06b83fe7-805d-41c8-96f1-b7cc38e768c6 ] Request (MultipleCreateTestJSON:_run_cleanups): 200 GET http://10.180.1.21/compute/v2.1/servers/418827ef-1977-4bec-b71a-3dae4fbf1486 2.036s
2025-11-12 22:44:56.982 65677 WARNING tempest.lib.common.ssh [-] Failed to establish authenticated ssh connection to cirros@10.180.180.235 ([Errno None] Unable to connect to port 22 on 10.180.180.235). Number attempts: 5. Retry after 6 seconds.: paramiko.ssh_exception.NoValidConnectionsError: [Errno None] Unable to connect to port 22 on 10.180.180.235
2025-11-12 22:44:57.078 65691 INFO tempest.lib.common.rest_client [req-8c22530c-2cbf-4fc7-96cb-1ad6ce427036 req-8c22530c-2cbf-4fc7-96cb-1ad6ce427036 ] Request (ServersAdminTestJSON:setUpClass): 200 GET http://10.180.1.21/compute/v2.1/servers/eb4cce99-41ab-449c-ba6a-dd737a6b1180 1.899s
2025-11-12 22:44:57.088 65691 INFO tempest.common.waiters [-] State transition "BUILD/None" ==> "BUILD/networking" after 42 second wait
2025-11-12 22:44:57.092 65717 INFO tempest.lib.common.rest_client [req-1e45434b-c499-4bb6-a89e-09659c3546cb req-1e45434b-c499-4bb6-a89e-09659c3546cb ] Request (ServerMetadataNegativeTestJSON:setUpClass): 200 GET http://10.180.1.21/compute/v2.1/servers/cfa9853f-1dfb-466b-bf5f-d573d8fafa43 1.906s
2025-11-12 22:44:57.143 65707 INFO tempest.lib.common.rest_client [req-91327296-48ff-433b-b7ef-62b2364d4a3b req-91327296-48ff-433b-b7ef-62b2364d4a3b ] Request (SecurityGroupsNegativeTestJSON:setUpClass): 201 POST http://10.180.1.21/networking/v2.0/subnets 0.311s
2025-11-12 22:44:57.177 65713 INFO tempest.lib.common.rest_client [req-a1439da9-e13f-48b8-a107-9df9ab620726 req-a1439da9-e13f-48b8-a107-9df9ab620726 ] Request (ServersTestManualDisk:setUpClass): 200 GET http://10.180.1.21/compute/v2.1/servers/9eee2e68-d3fd-40c2-9259-9216a20afaf0 1.855s
2025-11-12 22:44:57.185 65705 INFO tempest.lib.common.rest_client [req-274cd86f-59c5-494f-898a-d61dfe1af0a1 req-274cd86f-59c5-494f-898a-d61dfe1af0a1 ] Request (FlavorsAccessNegativeTestJSON:test_flavor_non_admin_remove): 403 POST http://10.180.1.21/compute/v2.1/flavors/1107799339/action 1.796s
2025-11-12 22:44:57.827 65709 INFO tempest.lib.common.rest_client [req-367231b5-f968-4145-93d2-99b0d7b9ec8c req-367231b5-f968-4145-93d2-99b0d7b9ec8c ] Request (FloatingIPsAssociationTestJSON:tearDownClass): 200 GET http://10.180.1.21/compute/v2.1/servers/be84e687-c2a1-44bd-9e40-305c6dc06382 2.485s
2025-11-12 22:44:57.959 65707 INFO tempest.lib.common.rest_client [req-c5d3ed07-960c-4a9a-b895-61204705ae59 req-c5d3ed07-960c-4a9a-b895-61204705ae59 ] Request (SecurityGroupsNegativeTestJSON:setUpClass): 201 POST http://10.180.1.21/networking/v2.0/routers 0.816s
2025-11-12 22:44:58.105 65681 INFO tempest.lib.common.rest_client [req-0741e274-42aa-4164-a3f1-e64fce3700ca req-0741e274-42aa-4164-a3f1-e64fce3700ca ] Request (ServersAdminNegativeTestJSON:test_migrate_server_invalid_state): 200 GET http://10.180.1.21/compute/v2.1/servers/46d105de-a26c-4f86-a3d2-d981e92d38bd 2.585s
2025-11-12 22:44:58.159 65701 INFO tempest.lib.common.rest_client [req-b9e08a37-69a2-44a8-804c-5ddca897c2a0 req-b9e08a37-69a2-44a8-804c-5ddca897c2a0 ] Request (ImagesTestJSON:test_create_image_from_stopped_server): 200 GET http://10.180.1.21/compute/v2.1/servers/b1271d4f-bf25-4eea-ba33-2bb51fd2ea5f 2.568s
2025-11-12 22:44:59.088 65707 INFO tempest.lib.common.rest_client [req-172dd182-0317-436e-9508-4eed0ba11950 req-172dd182-0317-436e-9508-4eed0ba11950 ] Request (SecurityGroupsNegativeTestJSON:setUpClass): 200 PUT http://10.180.1.21/networking/v2.0/routers/5f9d9011-2a90-436b-ba6c-b973d6e39e9d/add_router_interface 1.128s
2025-11-12 22:44:59.089 65707 INFO tempest.lib.common.dynamic_creds [-] Created isolated network resources for: credentials: Credentials: {'domain_id': 'default', 'domain_name': 'Default', 'username': 'tempest-SecurityGroupsNegativeTestJSON-684902731-project-member', 'project_domain_id': 'default', 'project_domain_name': 'Default', 'project_id': 'aae986e5f50f4e9e8d1e150427b7302b', 'project_name': 'tempest-SecurityGroupsNegativeTestJSON-684902731', 'tenant_id': 'aae986e5f50f4e9e8d1e150427b7302b', 'tenant_name': 'tempest-SecurityGroupsNegativeTestJSON-684902731', 'user_domain_id': 'default', 'user_domain_name': 'Default', 'user_id': '217c2d823ced486ab430d4d861fd5943', 'system': None}, Network: {'id': '796f3518-adaf-4a2e-927f-8c5c5af59d5f', 'name': 'tempest-SecurityGroupsNegativeTestJSON-1027610714-network', 'tenant_id': 'aae986e5f50f4e9e8d1e150427b7302b', 'project_id': 'aae986e5f50f4e9e8d1e150427b7302b', 'admin_state_up': True, 'mtu': 8950, 'status': 'ACTIVE', 'subnets': [], 'shared': False, 'port_security_enabled': True, 'router:external': False, 'provider:network_type': 'vlan', 'provider:physical_network': 'default', 'provider:segmentation_id': 156, 'availability_zone_hints': [], 'availability_zones': [], 'ipv4_address_scope': None, 'ipv6_address_scope': None, 'description': '', 'tags': [], 'created_at': '2025-11-12T22:44:56Z', 'updated_at': '2025-11-12T22:44:56Z', 'revision_number': 1}, Subnet: {'id': '0ec6e87f-daaa-46fc-a015-b0fa45e76a43', 'name': 'tempest-SecurityGroupsNegativeTestJSON-1027610714-subnet', 'tenant_id': 'aae986e5f50f4e9e8d1e150427b7302b', 'network_id': '796f3518-adaf-4a2e-927f-8c5c5af59d5f', 'ip_version': 4, 'subnetpool_id': None, 'enable_dhcp': True, 'ipv6_ra_mode': None, 'ipv6_address_mode': None, 'gateway_ip': '192.168.128.1', 'cidr': '192.168.128.0/28', 'allocation_pools': [{'start': '192.168.128.2', 'end': '192.168.128.14'}], 'host_routes': [], 'dns_nameservers': [], 'description': '', 'router:external': False, 'service_types': [], 'tags': [], 'created_at': '2025-11-12T22:44:56Z', 'updated_at': '2025-11-12T22:44:56Z', 'revision_number': 0, 'project_id': 'aae986e5f50f4e9e8d1e150427b7302b'}, Router: {'id': '5f9d9011-2a90-436b-ba6c-b973d6e39e9d', 'name': 'tempest-SecurityGroupsNegativeTestJSON-1027610714-router', 'tenant_id': 'aae986e5f50f4e9e8d1e150427b7302b', 'admin_state_up': True, 'status': 'ACTIVE', 'external_gateway_info': {'network_id': '861d3498-ed97-4fa1-b0b4-3327f100974b', 'external_fixed_ips': [{'subnet_id': '1d46f3d9-c55a-48a1-8b64-4b0d79a5de42', 'ip_address': '10.180.180.252'}], 'enable_snat': True}, 'description': '', 'availability_zones': [], 'distributed': False, 'ha': False, 'availability_zone_hints': [], 'routes': [], 'flavor_id': None, 'tags': [], 'created_at': '2025-11-12T22:44:57Z', 'updated_at': '2025-11-12T22:44:57Z', 'revision_number': 2, 'project_id': 'aae986e5f50f4e9e8d1e150427b7302b'}
2025-11-12 22:44:59.145 65729 INFO tempest.lib.common.rest_client [req-fcc36c93-87ed-4a85-b053-5f94a86e67b4 req-fcc36c93-87ed-4a85-b053-5f94a86e67b4 ] Request (ServerShowV247Test:tearDownClass): 200 GET http://10.180.1.21/compute/v2.1/servers/e35ed46c-2e45-4101-8340-584f046c42a2 3.526s
2025-11-12 22:44:59.205 65707 INFO tempest.lib.common.rest_client [req-8fb8f47f-5514-4ff7-a3ae-59890004dfb4 req-8fb8f47f-5514-4ff7-a3ae-59890004dfb4 ] Request (SecurityGroupsNegativeTestJSON:setUpClass): 201 POST http://10.180.1.21/identity/v3/auth/tokens 0.108s
2025-11-12 22:44:59.707 65734 INFO tempest.lib.common.rest_client [req-46b5585a-bf00-4c1d-9295-f8d0d165d5ec req-46b5585a-bf00-4c1d-9295-f8d0d165d5ec ] Request (ServersV294TestFqdnHostnames:setUpClass): 202 POST http://10.180.1.21/compute/v2.1/servers 4.085s
2025-11-12 22:44:59.760 65735 INFO tempest.lib.common.rest_client [req-086c3235-bf3c-4a98-ade6-3d2a5a8fbfae req-086c3235-bf3c-4a98-ade6-3d2a5a8fbfae ] Request (ServersWithSpecificFlavorTestJSON:test_verify_created_server_ephemeral_disk): 200 GET http://10.180.1.21/compute/v2.1/servers/b48b5986-25cc-4cf6-b84c-7673d7f615d9 3.602s
2025-11-12 22:44:59.830 65721 INFO tempest.lib.common.rest_client [req-43f09c2c-1252-4dd3-a3a8-da9020f2627c req-43f09c2c-1252-4dd3-a3a8-da9020f2627c ] Request (ServersTestJSON:setUpClass): 200 GET http://10.180.1.21/compute/v2.1/servers/764c787e-0958-4b9c-84bb-2ce472c712bd 3.153s
2025-11-12 22:44:59.881 65725 INFO tempest.lib.common.rest_client [req-f7b2a450-2386-4b4a-b751-afa113a342f3 req-f7b2a450-2386-4b4a-b751-afa113a342f3 ] Request (SecurityGroupsTestJSON:test_list_security_groups_by_server): 200 GET http://10.180.1.21/compute/v2.1/servers/a4112107-4e15-491d-9b5f-8a004b295115 3.044s
2025-11-12 22:45:00.047 65699 INFO tempest.lib.common.rest_client [req-e1ac064d-26f6-467a-a442-52a9732ce9db req-e1ac064d-26f6-467a-a442-52a9732ce9db ] Request (ImagesNegativeTestJSON:test_create_image_from_deleted_server): 200 GET http://10.180.1.21/compute/v2.1/servers/8e1eb273-f88d-411a-b5df-f17df6652266 2.932s
2025-11-12 22:45:00.051 65683 WARNING tempest.lib.common.ssh [-] Failed to establish authenticated ssh connection to cirros@10.180.180.199 ([Errno None] Unable to connect to port 22 on 10.180.180.199). Number attempts: 4. Retry after 5 seconds.: paramiko.ssh_exception.NoValidConnectionsError: [Errno None] Unable to connect to port 22 on 10.180.180.199
2025-11-12 22:45:00.053 65699 INFO tempest.common.waiters [-] State transition "BUILD/spawning" ==> "ACTIVE/None" after 47 second wait
2025-11-12 22:45:00.261 65695 INFO tempest.lib.common.rest_client [req-ef24445c-6ad7-4537-b852-96b389f5fa5a req-ef24445c-6ad7-4537-b852-96b389f5fa5a ] Request (AttachVolumeNegativeTest:test_attach_attached_volume_to_different_server): 200 GET http://10.180.1.21/compute/v2.1/servers/846828fb-ac3e-49dc-850a-816031eaebb1 3.107s
2025-11-12 22:45:00.274 65695 INFO tempest.common.waiters [-] State transition "BUILD/spawning" ==> "ACTIVE/None" after 47 second wait
2025-11-12 22:45:00.455 65705 INFO tempest.lib.common.rest_client [req-5121e7a6-67ab-42c7-9e21-67a97439e694 req-5121e7a6-67ab-42c7-9e21-67a97439e694 ] Request (FlavorsAccessNegativeTestJSON:_run_cleanups): 200 POST http://10.180.1.21/compute/v2.1/flavors/1107799339/action 3.270s
2025-11-12 22:45:00.525 65697 INFO tempest.lib.common.rest_client [req-9c016996-1630-430d-be9b-9a51422bd797 req-9c016996-1630-430d-be9b-9a51422bd797 ] Request (ListServerFiltersTestJSON:setUpClass): 200 GET http://10.180.1.21/compute/v2.1/servers/8ff0e0fa-42ab-42c9-9346-3ee9a7400cdd 3.233s
2025-11-12 22:45:00.661 65703 INFO tempest.lib.common.rest_client [req-cac56270-6e08-4763-b96a-bb01859cc5d8 req-cac56270-6e08-4763-b96a-bb01859cc5d8 ] Request (ServerRescueNegativeTestJSON:test_rescued_vm_attach_volume): 200 GET http://10.180.1.21/compute/v2.1/servers/7e49302b-aae6-4137-861d-c7040c7ba5bb 3.330s
2025-11-12 22:45:00.669 65703 INFO tempest.common.waiters [-] State transition "ACTIVE/rescuing" ==> "RESCUE/None" after 7 second wait
2025-11-12 22:45:00.723 65737 INFO tempest.lib.common.rest_client [req-4c0c9673-24d3-45ef-9ec7-82ed53ddae8c req-4c0c9673-24d3-45ef-9ec7-82ed53ddae8c ] Request (MigrationsAdminTest:test_resize_server_revert_deleted_flavor): 200 GET http://10.180.1.21/compute/v2.1/servers/2afe03d3-aa3f-4621-a360-4715ccc395c4 3.341s
2025-11-12 22:45:00.777 65685 INFO tempest.lib.common.rest_client [req-7ef595a6-539f-430a-89b6-c1e732aaf14c req-7ef595a6-539f-430a-89b6-c1e732aaf14c ] Request (VolumesAssistedSnapshotsTest:test_volume_assisted_snapshot_create_delete): 200 GET http://10.180.1.21/compute/v2.1/servers/081bd257-b8e4-4ff4-bc11-6d92a6c6c78a 3.360s
2025-11-12 22:45:00.818 65687 INFO tempest.lib.common.rest_client [req-ea43f80f-c199-49e9-a1c9-019423357d90 req-ea43f80f-c199-49e9-a1c9-019423357d90 ] Request (ImagesOneServerTestJSON:test_create_image_specify_multibyte_character_image_name): 200 GET http://10.180.1.21/compute/v2.1/images/2c38b38e-5e2e-4034-9fa6-b0354bee19e1 3.350s
2025-11-12 22:45:00.882 65731 INFO tempest.lib.common.rest_client [req-0fd69e80-f744-4cc5-a2c7-d948c5575263 req-0fd69e80-f744-4cc5-a2c7-d948c5575263 ] Request (ImagesOneServerNegativeTestJSON:_run_cleanups): 200 GET http://10.180.1.21/compute/v2.1/servers/cc1adefd-a061-47e0-bf8e-38ef27790723 3.011s
2025-11-12 22:45:00.941 65679 INFO tempest.lib.common.rest_client [req-40807c5d-b922-49b5-b8af-330a567b7924 req-40807c5d-b922-49b5-b8af-330a567b7924 ] Request (ListServersNegativeTestJSON:setUpClass): 200 GET http://10.180.1.21/compute/v2.1/servers/67e04a3c-c5b6-4187-a239-01341ea0230b 3.028s
2025-11-12 22:45:00.948 65679 INFO tempest.common.waiters [-] State transition "ACTIVE/deleting" ==> "DELETED/None" after 4 second wait
2025-11-12 22:45:01.011 65727 INFO tempest.lib.common.rest_client [req-c36e1e02-968e-46e7-bfb2-457655ed3c86 req-c36e1e02-968e-46e7-bfb2-457655ed3c86 ] Request (ServerTagsTestJSON:tearDownClass): 200 GET http://10.180.1.21/compute/v2.1/servers/845b0189-ec38-4f05-8292-2bf4cf76cae1 3.029s
2025-11-12 22:45:01.086 65715 INFO tempest.lib.common.rest_client [req-d673b572-0a8e-4252-8077-39f16c1e3e36 req-d673b572-0a8e-4252-8077-39f16c1e3e36 ] Request (MultipleCreateTestJSON:_run_cleanups): 200 GET http://10.180.1.21/compute/v2.1/servers/418827ef-1977-4bec-b71a-3dae4fbf1486 3.096s
2025-11-12 22:45:01.230 65691 INFO tempest.lib.common.rest_client [req-23edd2ec-3c2d-459e-9228-4d71b72c3bd5 req-23edd2ec-3c2d-459e-9228-4d71b72c3bd5 ] Request (ServersAdminTestJSON:setUpClass): 200 GET http://10.180.1.21/compute/v2.1/servers/eb4cce99-41ab-449c-ba6a-dd737a6b1180 3.139s
2025-11-12 22:45:01.237 65691 INFO tempest.common.waiters [-] State transition "BUILD/networking" ==> "BUILD/spawning" after 46 second wait
2025-11-12 22:45:01.288 65717 INFO tempest.lib.common.rest_client [req-7ac91101-746b-40f4-b22b-1809fb4b1529 req-7ac91101-746b-40f4-b22b-1809fb4b1529 ] Request (ServerMetadataNegativeTestJSON:setUpClass): 200 GET http://10.180.1.21/compute/v2.1/servers/cfa9853f-1dfb-466b-bf5f-d573d8fafa43 3.174s
2025-11-12 22:45:01.295 65717 INFO tempest.common.waiters [-] State transition "BUILD/scheduling" ==> "BUILD/None" after 29 second wait
2025-11-12 22:45:01.354 65681 INFO tempest.lib.common.rest_client [req-5b74f2af-fb5d-48c1-94d6-fe8b36b8bd35 req-5b74f2af-fb5d-48c1-94d6-fe8b36b8bd35 ] Request (ServersAdminNegativeTestJSON:test_migrate_server_invalid_state): 409 POST http://10.180.1.21/compute/v2.1/servers/46d105de-a26c-4f86-a3d2-d981e92d38bd/action 3.239s
2025-11-12 22:45:01.411 65713 INFO tempest.lib.common.rest_client [req-781c504b-bc47-44df-ac60-7992d956d227 req-781c504b-bc47-44df-ac60-7992d956d227 ] Request (ServersTestManualDisk:setUpClass): 200 GET http://10.180.1.21/compute/v2.1/servers/9eee2e68-d3fd-40c2-9259-9216a20afaf0 3.224s
2025-11-12 22:45:01.420 65713 INFO tempest.common.waiters [-] State transition "BUILD/scheduling" ==> "BUILD/None" after 29 second wait
2025-11-12 22:45:01.438 65709 INFO tempest.lib.common.rest_client [req-331148ce-a453-4087-ba9c-1d60a19ac4df req-331148ce-a453-4087-ba9c-1d60a19ac4df ] Request (FloatingIPsAssociationTestJSON:tearDownClass): 404 GET http://10.180.1.21/compute/v2.1/servers/be84e687-c2a1-44bd-9e40-305c6dc06382 2.603s
2025-11-12 22:45:01.542 65701 INFO tempest.lib.common.rest_client [req-b9818a0e-61cc-40e6-87b5-d4bf35629ed9 req-b9818a0e-61cc-40e6-87b5-d4bf35629ed9 ] Request (ImagesTestJSON:test_create_image_from_stopped_server): 200 GET http://10.180.1.21/compute/v2.1/servers/b1271d4f-bf25-4eea-ba33-2bb51fd2ea5f 2.372s
2025-11-12 22:45:01.597 65707 INFO tempest.lib.common.rest_client [req-9e11ee36-bb77-4c9f-9c14-e3c33b4ad2d6 req-9e11ee36-bb77-4c9f-9c14-e3c33b4ad2d6 ] Request (SecurityGroupsNegativeTestJSON:test_delete_nonexistent_security_group): 404 DELETE http://10.180.1.21/compute/v2.1/os-security-groups/08860600-6ba1-46a5-9814-fe37381534e1 2.390s
2025-11-12 22:45:01.667 65734 INFO tempest.lib.common.rest_client [req-d9724242-426b-4a3a-9d98-81efe2c85221 req-d9724242-426b-4a3a-9d98-81efe2c85221 ] Request (ServersV294TestFqdnHostnames:setUpClass): 200 GET http://10.180.1.21/compute/v2.1/servers/6316172d-91a8-4c32-b7f3-8b873f8d3ce3 1.958s
2025-11-12 22:45:01.761 65699 INFO tempest.lib.common.rest_client [req-32ebe736-1123-43fd-8565-705dbd2de694 req-32ebe736-1123-43fd-8565-705dbd2de694 ] Request (ImagesNegativeTestJSON:test_create_image_from_deleted_server): 204 DELETE http://10.180.1.21/compute/v2.1/servers/8e1eb273-f88d-411a-b5df-f17df6652266 1.707s
2025-11-12 22:45:01.835 65729 INFO tempest.lib.common.rest_client [req-a9b8ad47-723a-4f68-b64e-a92db04c23a8 req-a9b8ad47-723a-4f68-b64e-a92db04c23a8 ] Request (ServerShowV247Test:tearDownClass): 200 GET http://10.180.1.21/compute/v2.1/servers/e35ed46c-2e45-4101-8340-584f046c42a2 1.678s
2025-11-12 22:45:01.845 65729 INFO tempest.common.waiters [-] State transition "ACTIVE/deleting" ==> "DELETED/None" after 7 second wait
2025-11-12 22:45:01.951 65695 INFO tempest.lib.common.rest_client [req-b97b6c51-c13e-483c-8b10-9a44a73d1601 req-b97b6c51-c13e-483c-8b10-9a44a73d1601 ] Request (AttachVolumeNegativeTest:test_attach_attached_volume_to_different_server): 200 GET http://10.180.1.21/compute/v2.1/servers/846828fb-ac3e-49dc-850a-816031eaebb1/os-interface 1.676s
2025-11-12 22:45:01.971 65705 INFO tempest.lib.common.rest_client [req-5904d590-3540-445e-80f8-b3c5cb3ce9ab req-5904d590-3540-445e-80f8-b3c5cb3ce9ab ] Request (FlavorsAccessNegativeTestJSON:_run_cleanups): 202 DELETE http://10.180.1.21/compute/v2.1/flavors/1107799339 1.514s
2025-11-12 22:45:02.020 65703 INFO tempest.lib.common.rest_client [req-6add53ea-4a51-43d0-9d66-18d30d4d8a73 req-6add53ea-4a51-43d0-9d66-18d30d4d8a73 ] Request (ServerRescueNegativeTestJSON:test_rescued_vm_attach_volume): 409 POST http://10.180.1.21/compute/v2.1/servers/7e49302b-aae6-4137-861d-c7040c7ba5bb/os-volume_attachments 1.350s
2025-11-12 22:45:02.607 65695 INFO tempest.lib.common.rest_client [req-b1d8500b-de75-4f5b-8c3f-6fade73d50b6 req-b1d8500b-de75-4f5b-8c3f-6fade73d50b6 ] Request (AttachVolumeNegativeTest:test_attach_attached_volume_to_different_server): 200 PUT http://10.180.1.21/networking/v2.0/floatingips/daa5dea8-8b39-4cae-bac4-ad21620969c7 0.651s
2025-11-12 22:45:02.608 65695 INFO tempest.lib.common.ssh [-] Creating ssh connection to '10.180.180.254:22' as 'cirros' with public key authentication
2025-11-12 22:45:02.670 65735 INFO tempest.lib.common.rest_client [req-2d52ec0b-5c89-4aaa-a342-8df448ebceb9 req-2d52ec0b-5c89-4aaa-a342-8df448ebceb9 ] Request (ServersWithSpecificFlavorTestJSON:test_verify_created_server_ephemeral_disk): 200 GET http://10.180.1.21/compute/v2.1/servers/b48b5986-25cc-4cf6-b84c-7673d7f615d9 1.900s
2025-11-12 22:45:02.779 65721 INFO tempest.lib.common.rest_client [req-2693a7c7-a2bb-42f7-9ccc-61480ad0363e req-2693a7c7-a2bb-42f7-9ccc-61480ad0363e ] Request (ServersTestJSON:setUpClass): 200 GET http://10.180.1.21/compute/v2.1/servers/764c787e-0958-4b9c-84bb-2ce472c712bd 1.941s
2025-11-12 22:45:02.785 65721 INFO tempest.common.waiters [-] State transition "BUILD/scheduling" ==> "BUILD/None" after 27 second wait
2025-11-12 22:45:02.965 65725 INFO tempest.lib.common.rest_client [req-8d754cdd-a484-4aed-93b9-2d4af294df4f req-8d754cdd-a484-4aed-93b9-2d4af294df4f ] Request (SecurityGroupsTestJSON:test_list_security_groups_by_server): 200 GET http://10.180.1.21/compute/v2.1/servers/a4112107-4e15-491d-9b5f-8a004b295115 2.073s
2025-11-12 22:45:02.973 65681 INFO tempest.lib.common.rest_client [req-c70eaee6-80e0-464d-9f57-5e88ba2f2c33 req-c70eaee6-80e0-464d-9f57-5e88ba2f2c33 ] Request (ServersAdminNegativeTestJSON:test_reset_state_server_invalid_state): 400 POST http://10.180.1.21/compute/v2.1/servers/0a2a2751-4206-4b31-a9a0-15c32e70948d/action 1.617s
2025-11-12 22:45:03.490 65677 WARNING tempest.lib.common.ssh [-] Failed to establish authenticated ssh connection to cirros@10.180.180.235 ([Errno None] Unable to connect to port 22 on 10.180.180.235). Number attempts: 6. Retry after 7 seconds.: paramiko.ssh_exception.NoValidConnectionsError: [Errno None] Unable to connect to port 22 on 10.180.180.235
2025-11-12 22:45:03.511 65709 INFO tempest.lib.common.rest_client [req-09a9080f-6b54-4afa-a1a2-d503d5f87639 req-09a9080f-6b54-4afa-a1a2-d503d5f87639 ] Request (FloatingIPsAssociationTestJSON:tearDownClass): 202 DELETE http://10.180.1.21/compute/v2.1/os-floating-ips/72af226f-696e-473c-89bf-7ff63f678892 2.073s
2025-11-12 22:45:03.594 65697 INFO tempest.lib.common.rest_client [req-c0138ec4-7780-4cd7-8d78-aa4be14c18fc req-c0138ec4-7780-4cd7-8d78-aa4be14c18fc ] Request (ListServerFiltersTestJSON:setUpClass): 200 GET http://10.180.1.21/compute/v2.1/servers/8ff0e0fa-42ab-42c9-9346-3ee9a7400cdd 2.060s
2025-11-12 22:45:03.599 65707 INFO tempest.lib.common.rest_client [req-8ec65385-8873-4316-b4fc-a6831bdbb253 req-8ec65385-8873-4316-b4fc-a6831bdbb253 ] Request (SecurityGroupsNegativeTestJSON:test_delete_security_group_without_passing_id): 404 DELETE http://10.180.1.21/compute/v2.1/os-security-groups/ 2.000s
2025-11-12 22:45:03.674 65737 INFO tempest.lib.common.rest_client [req-13073f7c-d6be-4019-aa3f-bb921971ff7c req-13073f7c-d6be-4019-aa3f-bb921971ff7c ] Request (MigrationsAdminTest:test_resize_server_revert_deleted_flavor): 200 GET http://10.180.1.21/compute/v2.1/servers/2afe03d3-aa3f-4621-a360-4715ccc395c4 1.943s
2025-11-12 22:45:03.817 65699 INFO tempest.lib.common.rest_client [req-6c4d3725-f72f-4e2f-9e0d-57d88ce673a1 req-6c4d3725-f72f-4e2f-9e0d-57d88ce673a1 ] Request (ImagesNegativeTestJSON:test_create_image_from_deleted_server): 200 GET http://10.180.1.21/compute/v2.1/servers/8e1eb273-f88d-411a-b5df-f17df6652266 2.055s
2025-11-12 22:45:03.872 65685 INFO tempest.lib.common.rest_client [req-a4ceac33-db8f-4e82-b1ad-9a894055b22d req-a4ceac33-db8f-4e82-b1ad-9a894055b22d ] Request (VolumesAssistedSnapshotsTest:test_volume_assisted_snapshot_create_delete): 200 GET http://10.180.1.21/compute/v2.1/servers/081bd257-b8e4-4ff4-bc11-6d92a6c6c78a 2.085s
2025-11-12 22:45:03.908 65687 INFO tempest.lib.common.rest_client [req-3cfc1559-3e42-44a7-a19a-b2259eede258 req-3cfc1559-3e42-44a7-a19a-b2259eede258 ] Request (ImagesOneServerTestJSON:test_create_image_specify_multibyte_character_image_name): 200 GET http://10.180.1.21/compute/v2.1/images/2c38b38e-5e2e-4034-9fa6-b0354bee19e1 2.086s
2025-11-12 22:45:03.998 65731 INFO tempest.lib.common.rest_client [req-9352d44b-07e6-47f7-abeb-28e94c73b806 req-9352d44b-07e6-47f7-abeb-28e94c73b806 ] Request (ImagesOneServerNegativeTestJSON:_run_cleanups): 200 GET http://10.180.1.21/compute/v2.1/servers/cc1adefd-a061-47e0-bf8e-38ef27790723 2.106s
2025-11-12 22:45:04.080 65679 INFO tempest.lib.common.rest_client [req-1d09631b-4e80-4097-99b8-6302b7d30b16 req-1d09631b-4e80-4097-99b8-6302b7d30b16 ] Request (ListServersNegativeTestJSON:setUpClass): 200 GET http://10.180.1.21/compute/v2.1/servers/67e04a3c-c5b6-4187-a239-01341ea0230b 2.130s
2025-11-12 22:45:04.112 65705 INFO tempest.lib.common.rest_client [req-3e358c86-a297-4d6a-8005-ede86cf2dd85 req-3e358c86-a297-4d6a-8005-ede86cf2dd85 ] Request (FlavorsAccessNegativeTestJSON:_run_cleanups): 200 GET http://10.180.1.21/compute/v2.1/flavors/detail 2.140s
2025-11-12 22:45:04.188 65703 INFO tempest.lib.common.rest_client [req-d558058d-8dd6-49e6-8e12-d1f3c238cef1 req-d558058d-8dd6-49e6-8e12-d1f3c238cef1 ] Request (ServerRescueNegativeTestJSON:_run_cleanups): 202 POST http://10.180.1.21/compute/v2.1/servers/7e49302b-aae6-4137-861d-c7040c7ba5bb/action 2.168s
2025-11-12 22:45:04.297 65727 INFO tempest.lib.common.rest_client [req-be396324-912e-41e8-a5ab-3ceaaa58e9a6 req-be396324-912e-41e8-a5ab-3ceaaa58e9a6 ] Request (ServerTagsTestJSON:tearDownClass): 200 GET http://10.180.1.21/compute/v2.1/servers/845b0189-ec38-4f05-8292-2bf4cf76cae1 2.274s
2025-11-12 22:45:04.319 65715 INFO tempest.lib.common.rest_client [req-29b9f8ee-bab5-4b6a-ab4a-ac967a2a1fb9 req-29b9f8ee-bab5-4b6a-ab4a-ac967a2a1fb9 ] Request (MultipleCreateTestJSON:_run_cleanups): 404 GET http://10.180.1.21/compute/v2.1/servers/418827ef-1977-4bec-b71a-3dae4fbf1486 2.224s
2025-11-12 22:45:04.511 65691 INFO tempest.lib.common.rest_client [req-e3d05c27-6c53-4bb2-b809-bdc940dfb97d req-e3d05c27-6c53-4bb2-b809-bdc940dfb97d ] Request (ServersAdminTestJSON:setUpClass): 200 GET http://10.180.1.21/compute/v2.1/servers/eb4cce99-41ab-449c-ba6a-dd737a6b1180 2.273s
2025-11-12 22:45:04.796 65717 INFO tempest.lib.common.rest_client [req-d1de0f4e-30a4-4085-a66c-c82dd7f58fd7 req-d1de0f4e-30a4-4085-a66c-c82dd7f58fd7 ] Request (ServerMetadataNegativeTestJSON:setUpClass): 200 GET http://10.180.1.21/compute/v2.1/servers/cfa9853f-1dfb-466b-bf5f-d573d8fafa43 2.499s
2025-11-12 22:45:04.881 65713 INFO tempest.lib.common.rest_client [req-2c76f6e0-7d5e-4ceb-a9ea-f9e6f748fd84 req-2c76f6e0-7d5e-4ceb-a9ea-f9e6f748fd84 ] Request (ServersTestManualDisk:setUpClass): 200 GET http://10.180.1.21/compute/v2.1/servers/9eee2e68-d3fd-40c2-9259-9216a20afaf0 2.460s
2025-11-12 22:45:05.023 65701 INFO tempest.lib.common.rest_client [req-cf32fb18-5782-4fb0-9b9b-fed9b368c231 req-cf32fb18-5782-4fb0-9b9b-fed9b368c231 ] Request (ImagesTestJSON:test_create_image_from_stopped_server): 200 GET http://10.180.1.21/compute/v2.1/servers/b1271d4f-bf25-4eea-ba33-2bb51fd2ea5f 2.473s
2025-11-12 22:45:05.030 65701 INFO tempest.common.waiters [-] State transition "BUILD/None" ==> "BUILD/spawning" after 49 second wait
2025-11-12 22:45:05.106 65734 INFO tempest.lib.common.rest_client [req-5f9053c6-6ea5-4185-a5ec-f24de44d3ccd req-5f9053c6-6ea5-4185-a5ec-f24de44d3ccd ] Request (ServersV294TestFqdnHostnames:setUpClass): 200 GET http://10.180.1.21/compute/v2.1/servers/6316172d-91a8-4c32-b7f3-8b873f8d3ce3 2.428s
