2024-12-12 14:05:14.386 68066 INFO tempest.lib.common.rest_client [req-67cf25ae-1805-4a94-abb7-b2c5b1c22dc9 req-67cf25ae-1805-4a94-abb7-b2c5b1c22dc9 ] Request (ServersTestMultiNic:test_verify_multiple_nics_order): 200 GET http://10.180.1.21/compute/v2.1/servers/d6332bd4-194a-4708-a682-62bb362d6b4e 0.180s
2024-12-12 14:05:14.407 68040 INFO tempest.lib.common.rest_client [req-d8af1666-6140-412f-83e1-828d52da9d3d req-d8af1666-6140-412f-83e1-828d52da9d3d ] Request (ExtensionsTest:setUpClass): 201 POST http://10.180.1.21/identity/v3/projects 0.033s
2024-12-12 14:05:14.438 68060 INFO tempest.lib.common.rest_client [req-ef1d9ec7-93b5-46d2-90ee-5aa1f6222f00 req-ef1d9ec7-93b5-46d2-90ee-5aa1f6222f00 ] Request (ServerTagsTestJSON:tearDownClass): 200 GET http://10.180.1.21/compute/v2.1/servers/fd0d9093-eff3-41be-ad8e-bd2cf74acfec 0.099s
2024-12-12 14:05:14.471 68040 INFO tempest.lib.common.rest_client [req-43151c56-802e-4a09-a21f-b357fc1617ef req-43151c56-802e-4a09-a21f-b357fc1617ef ] Request (ExtensionsTest:setUpClass): 201 POST http://10.180.1.21/identity/v3/users 0.063s
2024-12-12 14:05:14.478 68054 INFO paramiko.transport [-] Connected (version 2.0, client dropbear_2020.81)
2024-12-12 14:05:14.492 68040 INFO tempest.lib.common.rest_client [req-3e9aa944-dd37-4431-98dc-17d2cf401516 req-3e9aa944-dd37-4431-98dc-17d2cf401516 ] Request (ExtensionsTest:setUpClass): 200 GET http://10.180.1.21/identity/v3/roles 0.020s
2024-12-12 14:05:14.528 68040 INFO tempest.lib.common.rest_client [req-7d79e99d-658f-4074-a6af-f2667e3eebf2 req-7d79e99d-658f-4074-a6af-f2667e3eebf2 ] Request (ExtensionsTest:setUpClass): 204 PUT http://10.180.1.21/identity/v3/projects/5098fe2cac9b429d86a0c5b76969c23a/users/d0a66a9e09e6490aa6fe57a6aadd5ca2/roles/fd8b4490fd0a4c008245365fc7d3fbe7 0.035s
2024-12-12 14:05:14.528 68040 INFO tempest.lib.common.dynamic_creds [-] Dynamic test user d0a66a9e09e6490aa6fe57a6aadd5ca2 is created with scope project and roles: ['member']
2024-12-12 14:05:14.528 68040 INFO tempest.lib.common.dynamic_creds [-] Acquired dynamic creds: credentials: Credentials: {'domain_id': 'default', 'domain_name': 'Default', 'username': 'tempest-ExtensionsTest-335500680-project-member', 'project_domain_id': 'default', 'project_domain_name': 'Default', 'project_id': '5098fe2cac9b429d86a0c5b76969c23a', 'project_name': 'tempest-ExtensionsTest-335500680', 'tenant_id': '5098fe2cac9b429d86a0c5b76969c23a', 'tenant_name': 'tempest-ExtensionsTest-335500680', 'user_domain_id': 'default', 'user_domain_name': 'Default', 'user_id': 'd0a66a9e09e6490aa6fe57a6aadd5ca2', 'system': None}, Network: None, Subnet: None, Router: None
2024-12-12 14:05:14.528 68040 INFO tempest.lib.common.dynamic_creds [-] Created isolated network resources for: credentials: Credentials: {'domain_id': 'default', 'domain_name': 'Default', 'username': 'tempest-ExtensionsTest-335500680-project-member', 'project_domain_id': 'default', 'project_domain_name': 'Default', 'project_id': '5098fe2cac9b429d86a0c5b76969c23a', 'project_name': 'tempest-ExtensionsTest-335500680', 'tenant_id': '5098fe2cac9b429d86a0c5b76969c23a', 'tenant_name': 'tempest-ExtensionsTest-335500680', 'user_domain_id': 'default', 'user_domain_name': 'Default', 'user_id': 'd0a66a9e09e6490aa6fe57a6aadd5ca2', 'system': None}, Network: None, Subnet: None, Router: None
2024-12-12 14:05:14.589 68054 INFO paramiko.transport [-] Authentication (publickey) successful!
2024-12-12 14:05:14.589 68054 INFO tempest.lib.common.ssh [-] ssh connection to cirros@10.180.180.243 successfully created
2024-12-12 14:05:14.620 68040 INFO tempest.lib.common.rest_client [req-47d5a87a-e45c-4073-90f2-363089c8bd1b req-47d5a87a-e45c-4073-90f2-363089c8bd1b ] Request (ExtensionsTest:setUpClass): 201 POST http://10.180.1.21/identity/v3/auth/tokens 0.082s
2024-12-12 14:05:14.687 68054 INFO tempest.lib.common.rest_client [req-91ec2dd7-62da-4148-8d76-bf68cf3d0d4a req-91ec2dd7-62da-4148-8d76-bf68cf3d0d4a ] Request (ServersWithSpecificFlavorTestJSON:test_verify_created_server_ephemeral_disk): 204 DELETE http://10.180.1.21/compute/v2.1/servers/e0994819-1038-43e5-a215-57f0eb2a77e3 0.086s
2024-12-12 14:05:14.689 68040 INFO tempest.lib.common.rest_client [req-2cca2e4c-082e-47b2-a6d7-c52298187928 req-2cca2e4c-082e-47b2-a6d7-c52298187928 ] Request (ExtensionsTest:test_get_extension): 200 GET http://10.180.1.21/compute/v2.1/extensions/os-consoles 0.067s
2024-12-12 14:05:14.699 68040 INFO tempest.lib.common.rest_client [req-450e39df-401c-4b6b-937c-7d6ba3fc7c84 req-450e39df-401c-4b6b-937c-7d6ba3fc7c84 ] Request (ExtensionsTest:test_list_extensions): 200 GET http://10.180.1.21/compute/v2.1/extensions 0.007s
2024-12-12 14:05:14.765 68054 INFO tempest.lib.common.rest_client [req-4694e94f-140e-4aa9-8aa5-0e6131518310 req-4694e94f-140e-4aa9-8aa5-0e6131518310 ] Request (ServersWithSpecificFlavorTestJSON:test_verify_created_server_ephemeral_disk): 201 POST http://10.180.1.21/identity/v3/auth/tokens 0.071s
2024-12-12 14:05:14.765 68054 INFO tempest.lib.common.fixed_network [-] (ServersWithSpecificFlavorTestJSON:test_verify_created_server_ephemeral_disk) Found network {'id': '84ca8a32-ad48-4d0a-8c1b-f3ca05002675', 'name': 'tempest-ServersWithSpecificFlavorTestJSON-2058438564-network', 'tenant_id': 'd48ab9c0b8f14609b047ab5dca895eb3', 'admin_state_up': True, 'mtu': 8950, 'status': 'ACTIVE', 'subnets': [], 'shared': False, 'project_id': 'd48ab9c0b8f14609b047ab5dca895eb3', 'port_security_enabled': True, 'router:external': False, 'provider:network_type': 'vlan', 'provider:physical_network': 'default', 'provider:segmentation_id': 551, 'availability_zone_hints': [], 'availability_zones': [], 'ipv4_address_scope': None, 'ipv6_address_scope': None, 'description': '', 'tags': [], 'created_at': '2024-12-12T14:02:38Z', 'updated_at': '2024-12-12T14:02:38Z', 'revision_number': 1} available for tenant
2024-12-12 14:05:14.812 68040 INFO tempest.lib.common.rest_client [req-355dcf10-2d23-445b-911d-ff7028561bbf req-355dcf10-2d23-445b-911d-ff7028561bbf ] Request (ExtensionsTest:tearDownClass): 204 DELETE http://10.180.1.21/identity/v3/users/d0a66a9e09e6490aa6fe57a6aadd5ca2 0.100s
2024-12-12 14:05:14.812 68040 INFO tempest.lib.common.dynamic_creds [-] Deleting project and security group for project: 5098fe2cac9b429d86a0c5b76969c23a
2024-12-12 14:05:14.854 68084 INFO tempest.lib.common.rest_client [req-50ccc013-467d-41e1-8173-cf67d3478be2 req-50ccc013-467d-41e1-8173-cf67d3478be2 ] Request (MigrationsAdminTest:test_resize_server_revert_deleted_flavor): 200 GET http://10.180.1.21/compute/v2.1/servers/42ace043-c368-4557-89fc-dbbf40c022ce 0.108s
2024-12-12 14:05:14.865 68084 INFO tempest.common.waiters [-] State transition "BUILD/spawning" ==> "ACTIVE/None" after 62 second wait
2024-12-12 14:05:14.873 68040 INFO tempest.lib.common.rest_client [req-1635b384-3345-4b43-a5a8-8e87fda40a24 req-1635b384-3345-4b43-a5a8-8e87fda40a24 ] Request (ExtensionsTest:tearDownClass): 201 POST http://10.180.1.21/identity/v3/auth/tokens 0.061s
2024-12-12 14:05:14.913 68058 INFO tempest.lib.common.rest_client [req-fd498cdb-289b-4e6c-8126-09b264a7f038 req-fd498cdb-289b-4e6c-8126-09b264a7f038 ] Request (FloatingIPsAssociationTestJSON:tearDownClass): 200 GET http://10.180.1.21/compute/v2.1/servers/6e37ca42-4594-46f6-bcaa-88ea37c8de2d 0.083s
2024-12-12 14:05:15.168 68084 INFO tempest.lib.common.rest_client [req-41e13909-abe2-45dd-96c6-f41901c4200b req-41e13909-abe2-45dd-96c6-f41901c4200b ] Request (MigrationsAdminTest:test_resize_server_revert_deleted_flavor): 200 GET http://10.180.1.21/compute/v2.1/servers/42ace043-c368-4557-89fc-dbbf40c022ce 0.303s
2024-12-12 14:05:15.172 68040 INFO tempest.lib.common.rest_client [req-601c520a-73d6-4f69-866c-484d5c23ba2c req-601c520a-73d6-4f69-866c-484d5c23ba2c ] Request (ExtensionsTest:tearDownClass): 200 GET http://10.180.1.21:9696/networking/v2.0/security-groups?tenant_id=5098fe2cac9b429d86a0c5b76969c23a&name=default 0.298s
2024-12-12 14:05:15.192 68068 WARNING tempest.lib.common.ssh [-] Failed to establish authenticated ssh connection to cirros@10.180.180.156 ([Errno None] Unable to connect to port 22 on 10.180.180.156). Number attempts: 3. Retry after 4 seconds.: paramiko.ssh_exception.NoValidConnectionsError: [Errno None] Unable to connect to port 22 on 10.180.180.156
2024-12-12 14:05:15.194 68054 INFO tempest.lib.common.rest_client [req-92a5ffae-2a28-4f19-9579-40ef16b9bb1f req-92a5ffae-2a28-4f19-9579-40ef16b9bb1f ] Request (ServersWithSpecificFlavorTestJSON:test_verify_created_server_ephemeral_disk): 202 POST http://10.180.1.21/compute/v2.1/servers 0.428s
2024-12-12 14:05:15.214 68056 INFO paramiko.transport [-] Connected (version 2.0, client dropbear_2020.81)
2024-12-12 14:05:15.266 68032 INFO tempest.lib.common.rest_client [req-db237b5b-c062-4052-9b4a-a159c8dbeffe req-db237b5b-c062-4052-9b4a-a159c8dbeffe ] Request (ServerExternalEventsTest:tearDownClass): 200 GET http://10.180.1.21/compute/v2.1/servers/78778b25-ccc1-495f-910c-34a2b57ecf3b 0.345s
2024-12-12 14:05:15.281 68056 INFO paramiko.transport [-] Authentication (publickey) successful!
2024-12-12 14:05:15.283 68056 INFO tempest.lib.common.ssh [-] ssh connection to cirros@10.180.180.212 successfully created
2024-12-12 14:05:15.315 68040 INFO tempest.lib.common.rest_client [req-34d4ce4d-67e5-4a1e-b019-5501c169af90 req-34d4ce4d-67e5-4a1e-b019-5501c169af90 ] Request (ExtensionsTest:tearDownClass): 204 DELETE http://10.180.1.21:9696/networking/v2.0/security-groups/59a19b73-28a3-461d-b25b-4fa1c780565f 0.142s
2024-12-12 14:05:15.317 68042 INFO tempest.lib.common.rest_client [req-d5e86e2b-c66c-4ac3-a5c1-efda2f272633 req-d5e86e2b-c66c-4ac3-a5c1-efda2f272633 ] Request (ServersAdminTestJSON:_run_cleanups): 200 GET http://10.180.1.21/compute/v2.1/servers/26cfd079-2044-4975-8902-affe93c35647 0.451s
2024-12-12 14:05:15.326 68088 INFO tempest.lib.common.rest_client [req-3648b38a-7b1e-4536-9e03-dcf192f4522b req-3648b38a-7b1e-4536-9e03-dcf192f4522b ] Request (ServersTestJSON:test_create_server_specify_multibyte_character_name): 200 GET http://10.180.1.21/compute/v2.1/servers/b58ac762-c8e2-46c5-bd84-c0b70666aa5c 0.382s
2024-12-12 14:05:15.378 68048 INFO tempest.lib.common.rest_client [req-eb146195-3a13-4c0f-9134-56f8fde8b98c req-eb146195-3a13-4c0f-9134-56f8fde8b98c ] Request (ServerDiagnosticsV248Test:tearDownClass): 200 GET http://10.180.1.21/compute/v2.1/servers/d88a3d07-ca1b-4002-99a5-555fe6be3435 0.392s
2024-12-12 14:05:15.387 68040 INFO tempest.lib.common.rest_client [req-8de2670c-dae0-4276-8877-a37185fdabf7 req-8de2670c-dae0-4276-8877-a37185fdabf7 ] Request (ExtensionsTest:tearDownClass): 204 DELETE http://10.180.1.21/identity/v3/projects/5098fe2cac9b429d86a0c5b76969c23a 0.072s
2024-12-12 14:05:15.465 68034 INFO tempest.lib.common.rest_client [req-10429566-a897-41ea-83f0-351562ff1b4b req-10429566-a897-41ea-83f0-351562ff1b4b ] Request (ImagesOneServerNegativeTestJSON:_run_cleanups): 200 GET http://10.180.1.21/compute/v2.1/servers/58cda789-5ec7-4f99-88aa-67efb74b9b62 0.416s
2024-12-12 14:05:15.478 68072 INFO tempest.lib.common.rest_client [req-a1e7bd3f-2284-4d73-88b2-f6d93bffe93b req-a1e7bd3f-2284-4d73-88b2-f6d93bffe93b ] Request (ServersNegativeTestJSON:setUpClass): 200 GET http://10.180.1.21/compute/v2.1/servers/dff92cbf-fe7e-4bbd-9b49-0bf20025f2b3 0.479s
2024-12-12 14:05:15.485 68072 INFO tempest.common.waiters [-] State transition "BUILD/networking" ==> "BUILD/spawning" after 60 second wait
2024-12-12 14:05:15.519 68093 INFO tempest.lib.common.rest_client [req-890c8be3-7454-4658-b9e1-731389bdf9a6 req-890c8be3-7454-4658-b9e1-731389bdf9a6 ] Request (SecurityGroupsTestJSON:test_server_security_groups): 200 GET http://10.180.1.21/compute/v2.1/servers/81e5c6eb-ca23-44f6-8ad4-bebac3fe146b 0.451s
2024-12-12 14:05:15.527 68080 INFO tempest.lib.common.rest_client [req-42b06f8d-1ffc-49c6-8f93-e84e91a19dde req-42b06f8d-1ffc-49c6-8f93-e84e91a19dde ] Request (ListServersNegativeTestJSON:setUpClass): 200 GET http://10.180.1.21/compute/v2.1/servers/7bc81540-835a-470c-ab27-6ec1fb8d9cfc 0.385s
2024-12-12 14:05:15.548 68084 INFO tempest.lib.common.rest_client [req-2bbb337c-27e8-45df-aaf0-9618c0f1db92 req-2bbb337c-27e8-45df-aaf0-9618c0f1db92 ] Request (MigrationsAdminTest:test_resize_server_revert_deleted_flavor): 202 DELETE http://10.180.1.21/compute/v2.1/flavors/93f0ef5c-66fe-4d3f-bc37-49d6c9939bed 0.373s
2024-12-12 14:05:15.588 68054 INFO tempest.lib.common.rest_client [req-ca45d1da-1b7e-40ee-bef6-7d3fbc5b86c0 req-ca45d1da-1b7e-40ee-bef6-7d3fbc5b86c0 ] Request (ServersWithSpecificFlavorTestJSON:test_verify_created_server_ephemeral_disk): 200 GET http://10.180.1.21/compute/v2.1/servers/be8f9418-ff2d-4a0f-b24f-869917441642 0.392s
2024-12-12 14:05:15.644 68052 INFO tempest.lib.common.rest_client [req-e4174987-01f0-49f5-b241-d8c18c5eeedf req-e4174987-01f0-49f5-b241-d8c18c5eeedf ] Request (ServerRescueTestJSON:test_rescue_unrescue_instance): 200 GET http://10.180.1.21/compute/v2.1/servers/37f59a1a-2002-42da-b2fe-123649034f89 0.395s
2024-12-12 14:05:15.681 68064 INFO tempest.lib.common.rest_client [req-405c5c66-4c70-4cb7-9626-00b6ebb1f666 req-405c5c66-4c70-4cb7-9626-00b6ebb1f666 ] Request (ServerGroupTestJSON:test_create_server_with_scheduler_hint_group): 200 GET http://10.180.1.21/compute/v2.1/servers/6cb1a1a3-a953-47f1-bcbc-8c484409c460 0.510s
2024-12-12 14:05:15.771 68062 INFO tempest.lib.common.rest_client [req-8d23ab18-1ce7-429c-a79c-2c610b5ec1ac req-8d23ab18-1ce7-429c-a79c-2c610b5ec1ac ] Request (ServersAdminNegativeTestJSON:test_migrate_server_invalid_state): 200 GET http://10.180.1.21/compute/v2.1/servers/7c9e8b0e-9762-420f-b84e-6a3eb24c99ce 0.489s
2024-12-12 14:05:15.840 68070 INFO tempest.lib.common.rest_client [req-cb73ae86-688f-401b-8d7b-305e0473f252 req-cb73ae86-688f-401b-8d7b-305e0473f252 ] Request (VolumesAdminNegativeTest:test_update_attached_volume_with_nonexistent_volume_in_body): 200 GET http://10.180.1.21/compute/v2.1/servers/b64116cf-848e-4a45-a8bc-401f9dd0fe9f 0.504s
2024-12-12 14:05:15.906 68086 INFO tempest.lib.common.rest_client [req-f16b8aca-9f19-4977-a508-7e097e11a5aa req-f16b8aca-9f19-4977-a508-7e097e11a5aa ] Request (ListImageFiltersTestJSON:setUpClass): 200 GET http://10.180.1.21/compute/v2.1/servers/cd606483-2cfa-4a3f-af12-cde244aa4a7c 0.569s
2024-12-12 14:05:15.946 68050 INFO tempest.lib.common.rest_client [req-6567f06a-c03e-4fa7-9c90-67ced4398291 req-6567f06a-c03e-4fa7-9c90-67ced4398291 ] Request (ImagesOneServerTestJSON:test_create_delete_image): 200 GET http://10.180.1.21/compute/v2.1/images/aa4025c2-fee4-493a-a058-c4c9b028d6cb 0.575s
2024-12-12 14:05:15.998 68066 INFO tempest.lib.common.rest_client [req-3181ffaf-f72a-4042-93cd-4b1bf1d90446 req-3181ffaf-f72a-4042-93cd-4b1bf1d90446 ] Request (ServersTestMultiNic:test_verify_multiple_nics_order): 200 GET http://10.180.1.21/compute/v2.1/servers/d6332bd4-194a-4708-a682-62bb362d6b4e 0.603s
2024-12-12 14:05:16.062 68060 INFO tempest.lib.common.rest_client [req-fe9d57d8-ad46-4214-bd0d-88b011026a06 req-fe9d57d8-ad46-4214-bd0d-88b011026a06 ] Request (ServerTagsTestJSON:tearDownClass): 200 GET http://10.180.1.21/compute/v2.1/servers/fd0d9093-eff3-41be-ad8e-bd2cf74acfec 0.612s
2024-12-12 14:05:16.075 68084 INFO tempest.lib.common.rest_client [req-304cffbf-26f4-4593-b091-d7ffb18d2357 req-304cffbf-26f4-4593-b091-d7ffb18d2357 ] Request (MigrationsAdminTest:test_resize_server_revert_deleted_flavor): 200 GET http://10.180.1.21/compute/v2.1/flavors/detail 0.526s
2024-12-12 14:05:16.160 68058 INFO tempest.lib.common.rest_client [req-0ebd93c6-6430-4e53-8a66-46fb329ecbeb req-0ebd93c6-6430-4e53-8a66-46fb329ecbeb ] Request (FloatingIPsAssociationTestJSON:tearDownClass): 200 GET http://10.180.1.21/compute/v2.1/servers/6e37ca42-4594-46f6-bcaa-88ea37c8de2d 0.236s
2024-12-12 14:05:16.297 68084 INFO tempest.lib.common.rest_client [req-66afd557-15f2-4e06-a4f6-5e5fb072b991 req-66afd557-15f2-4e06-a4f6-5e5fb072b991 ] Request (MigrationsAdminTest:test_resize_server_revert_deleted_flavor): 202 POST http://10.180.1.21/compute/v2.1/servers/42ace043-c368-4557-89fc-dbbf40c022ce/action 0.218s
2024-12-12 14:05:16.365 68032 INFO tempest.lib.common.rest_client [req-645857a9-658c-40c9-bb9b-1a441d564e47 req-645857a9-658c-40c9-bb9b-1a441d564e47 ] Request (ServerExternalEventsTest:tearDownClass): 200 GET http://10.180.1.21/compute/v2.1/servers/78778b25-ccc1-495f-910c-34a2b57ecf3b 0.086s
2024-12-12 14:05:16.519 68084 INFO tempest.lib.common.rest_client [req-7ba9223d-3f95-4c9f-a4c2-e4c976143754 req-7ba9223d-3f95-4c9f-a4c2-e4c976143754 ] Request (MigrationsAdminTest:test_resize_server_revert_deleted_flavor): 200 GET http://10.180.1.21/compute/v2.1/servers/42ace043-c368-4557-89fc-dbbf40c022ce 0.221s
2024-12-12 14:05:16.655 68042 INFO tempest.lib.common.rest_client [req-a8613249-6268-4420-b012-baf1a5f51249 req-a8613249-6268-4420-b012-baf1a5f51249 ] Request (ServersAdminTestJSON:_run_cleanups): 200 GET http://10.180.1.21/compute/v2.1/servers/26cfd079-2044-4975-8902-affe93c35647 0.330s
2024-12-12 14:05:16.706 68088 INFO tempest.lib.common.rest_client [req-bba9e728-d749-4596-af99-3cd55635d89a req-bba9e728-d749-4596-af99-3cd55635d89a ] Request (ServersTestJSON:test_create_server_specify_multibyte_character_name): 200 GET http://10.180.1.21/compute/v2.1/servers/b58ac762-c8e2-46c5-bd84-c0b70666aa5c 0.372s
2024-12-12 14:05:16.774 68048 INFO tempest.lib.common.rest_client [req-842d0306-9d6a-4dac-98b6-d45a75aec0cf req-842d0306-9d6a-4dac-98b6-d45a75aec0cf ] Request (ServerDiagnosticsV248Test:tearDownClass): 200 GET http://10.180.1.21/compute/v2.1/servers/d88a3d07-ca1b-4002-99a5-555fe6be3435 0.384s
2024-12-12 14:05:16.783 68048 INFO tempest.common.waiters [-] State transition "ACTIVE/deleting" ==> "DELETED/None" after 5 second wait
2024-12-12 14:05:16.831 68034 INFO tempest.lib.common.rest_client [req-94e825c0-cb31-4790-b475-496e7afb3efd req-94e825c0-cb31-4790-b475-496e7afb3efd ] Request (ImagesOneServerNegativeTestJSON:_run_cleanups): 200 GET http://10.180.1.21/compute/v2.1/servers/58cda789-5ec7-4f99-88aa-67efb74b9b62 0.358s
2024-12-12 14:05:16.921 68072 INFO tempest.lib.common.rest_client [req-290eb358-b6ec-4523-bdf4-07bbc7cf3b97 req-290eb358-b6ec-4523-bdf4-07bbc7cf3b97 ] Request (ServersNegativeTestJSON:setUpClass): 200 GET http://10.180.1.21/compute/v2.1/servers/dff92cbf-fe7e-4bbd-9b49-0bf20025f2b3 0.435s
2024-12-12 14:05:16.923 68044 WARNING tempest.lib.common.ssh [-] Failed to establish authenticated ssh connection to cirros@10.180.180.233 ([Errno None] Unable to connect to port 22 on 10.180.180.233). Number attempts: 1. Retry after 2 seconds.: paramiko.ssh_exception.NoValidConnectionsError: [Errno None] Unable to connect to port 22 on 10.180.180.233
2024-12-12 14:05:16.973 68093 INFO tempest.lib.common.rest_client [req-43fe1f28-ca9f-4390-91f6-4c0c842ba4d0 req-43fe1f28-ca9f-4390-91f6-4c0c842ba4d0 ] Request (SecurityGroupsTestJSON:test_server_security_groups): 200 GET http://10.180.1.21/compute/v2.1/servers/81e5c6eb-ca23-44f6-8ad4-bebac3fe146b 0.446s
2024-12-12 14:05:17.036 68080 INFO tempest.lib.common.rest_client [req-567b3b9e-4858-4680-8b34-1bd7c6c3a5ca req-567b3b9e-4858-4680-8b34-1bd7c6c3a5ca ] Request (ListServersNegativeTestJSON:setUpClass): 200 GET http://10.180.1.21/compute/v2.1/servers/7bc81540-835a-470c-ab27-6ec1fb8d9cfc 0.502s
2024-12-12 14:05:17.043 68080 INFO tempest.common.waiters [-] State transition "BUILD/scheduling" ==> "BUILD/None" after 41 second wait
2024-12-12 14:05:17.083 68054 INFO tempest.lib.common.rest_client [req-c9dcf1ca-b476-42fd-b263-9284bafb3059 req-c9dcf1ca-b476-42fd-b263-9284bafb3059 ] Request (ServersWithSpecificFlavorTestJSON:test_verify_created_server_ephemeral_disk): 200 GET http://10.180.1.21/compute/v2.1/servers/be8f9418-ff2d-4a0f-b24f-869917441642 0.487s
2024-12-12 14:05:17.113 68082 WARNING tempest.lib.common.ssh [-] Failed to establish authenticated ssh connection to cirros@10.180.180.211 ([Errno None] Unable to connect to port 22 on 10.180.180.211). Number attempts: 4. Retry after 5 seconds.: paramiko.ssh_exception.NoValidConnectionsError: [Errno None] Unable to connect to port 22 on 10.180.180.211
2024-12-12 14:05:17.148 68052 INFO tempest.lib.common.rest_client [req-d73231e8-7568-42cd-8d03-6cdab0325ff1 req-d73231e8-7568-42cd-8d03-6cdab0325ff1 ] Request (ServerRescueTestJSON:test_rescue_unrescue_instance): 200 GET http://10.180.1.21/compute/v2.1/servers/37f59a1a-2002-42da-b2fe-123649034f89 0.496s
2024-12-12 14:05:17.290 68064 INFO tempest.lib.common.rest_client [req-62cbacf3-79d5-483f-8489-a47f09de6b1d req-62cbacf3-79d5-483f-8489-a47f09de6b1d ] Request (ServerGroupTestJSON:test_create_server_with_scheduler_hint_group): 200 GET http://10.180.1.21/compute/v2.1/servers/6cb1a1a3-a953-47f1-bcbc-8c484409c460 0.601s
2024-12-12 14:05:17.437 68062 INFO tempest.lib.common.rest_client [req-297a4421-8902-47f9-88c3-908515c4b3a0 req-297a4421-8902-47f9-88c3-908515c4b3a0 ] Request (ServersAdminNegativeTestJSON:test_migrate_server_invalid_state): 200 GET http://10.180.1.21/compute/v2.1/servers/7c9e8b0e-9762-420f-b84e-6a3eb24c99ce 0.658s
2024-12-12 14:05:17.491 68070 INFO tempest.lib.common.rest_client [req-da25c029-78f0-4c7a-806e-a185ffca9485 req-da25c029-78f0-4c7a-806e-a185ffca9485 ] Request (VolumesAdminNegativeTest:test_update_attached_volume_with_nonexistent_volume_in_body): 200 GET http://10.180.1.21/compute/v2.1/servers/b64116cf-848e-4a45-a8bc-401f9dd0fe9f 0.642s
2024-12-12 14:05:17.493 68056 INFO tempest.lib.common.rest_client [req-279b7d97-a7af-4237-adfb-092b1d7a3694 req-279b7d97-a7af-4237-adfb-092b1d7a3694 ] Request (VolumesAssistedSnapshotsTest:test_volume_assisted_snapshot_create_delete): 200 POST http://10.180.1.21/compute/v2.1/servers/88c954d9-53e0-4349-80e0-50ce52e6e8e5/os-volume_attachments 2.206s
2024-12-12 14:05:17.539 68050 INFO tempest.lib.common.rest_client [req-b7e54ae0-a741-4b0c-b484-3d6d5b74c159 req-b7e54ae0-a741-4b0c-b484-3d6d5b74c159 ] Request (ImagesOneServerTestJSON:test_create_delete_image): 200 GET http://10.180.1.21/compute/v2.1/images/aa4025c2-fee4-493a-a058-c4c9b028d6cb 0.590s
2024-12-12 14:05:17.546 68056 INFO tempest.lib.common.rest_client [req-e2bb522d-0251-4744-88f4-cad924b7acf7 req-e2bb522d-0251-4744-88f4-cad924b7acf7 ] Request (VolumesAssistedSnapshotsTest:test_volume_assisted_snapshot_create_delete): 200 GET http://10.180.1.21/volume/v3/volumes/f1fa78d6-642e-4051-817b-1440ce851e33 0.051s
2024-12-12 14:05:17.599 68066 INFO tempest.lib.common.rest_client [req-844e8c7e-7bce-47d2-92c6-f5ccdc52b9c8 req-844e8c7e-7bce-47d2-92c6-f5ccdc52b9c8 ] Request (ServersTestMultiNic:test_verify_multiple_nics_order): 200 GET http://10.180.1.21/compute/v2.1/servers/d6332bd4-194a-4708-a682-62bb362d6b4e 0.594s
2024-12-12 14:05:17.669 68060 INFO tempest.lib.common.rest_client [req-a3756e28-2990-413d-a180-d72b364d1dcf req-a3756e28-2990-413d-a180-d72b364d1dcf ] Request (ServerTagsTestJSON:tearDownClass): 200 GET http://10.180.1.21/compute/v2.1/servers/fd0d9093-eff3-41be-ad8e-bd2cf74acfec 0.599s
2024-12-12 14:05:17.738 68058 INFO tempest.lib.common.rest_client [req-79b98a49-037f-4059-bf89-dbc7f5be338e req-79b98a49-037f-4059-bf89-dbc7f5be338e ] Request (FloatingIPsAssociationTestJSON:tearDownClass): 200 GET http://10.180.1.21/compute/v2.1/servers/6e37ca42-4594-46f6-bcaa-88ea37c8de2d 0.569s
2024-12-12 14:05:17.760 68086 INFO tempest.lib.common.rest_client [req-05c9e992-baea-4de5-b103-44aca14e145b req-05c9e992-baea-4de5-b103-44aca14e145b ] Request (ListImageFiltersTestJSON:setUpClass): 200 GET http://10.180.1.21/compute/v2.1/servers/cd606483-2cfa-4a3f-af12-cde244aa4a7c 0.841s
2024-12-12 14:05:17.765 68032 INFO tempest.lib.common.rest_client [req-cd598eae-e4b6-4222-a660-bfd188a75cc4 req-cd598eae-e4b6-4222-a660-bfd188a75cc4 ] Request (ServerExternalEventsTest:tearDownClass): 404 GET http://10.180.1.21/compute/v2.1/servers/78778b25-ccc1-495f-910c-34a2b57ecf3b 0.391s
2024-12-12 14:05:17.876 68074 WARNING tempest.lib.common.ssh [-] Failed to establish authenticated ssh connection to cirros@10.180.180.252 ([Errno None] Unable to connect to port 22 on 10.180.180.252). Number attempts: 10. Retry after 11 seconds.: paramiko.ssh_exception.NoValidConnectionsError: [Errno None] Unable to connect to port 22 on 10.180.180.252
2024-12-12 14:05:17.892 68032 INFO tempest.lib.common.rest_client [req-4087cd2f-b7dc-43b4-ac9c-24d61833a3ea req-4087cd2f-b7dc-43b4-ac9c-24d61833a3ea ] Request (ServerExternalEventsTest:tearDownClass): 204 DELETE http://10.180.1.21/identity/v3/users/a88290bce1514cc484b60ea9009fc25d 0.126s
2024-12-12 14:05:17.905 68084 INFO tempest.lib.common.rest_client [req-b2f4b110-69e0-4e77-aecc-577e0e245ed5 req-b2f4b110-69e0-4e77-aecc-577e0e245ed5 ] Request (MigrationsAdminTest:test_resize_server_revert_deleted_flavor): 200 GET http://10.180.1.21/compute/v2.1/servers/42ace043-c368-4557-89fc-dbbf40c022ce 0.378s
2024-12-12 14:05:17.917 68042 INFO tempest.lib.common.rest_client [req-0cd3f70e-8382-4d0f-8a7f-16d92e0f6300 req-0cd3f70e-8382-4d0f-8a7f-16d92e0f6300 ] Request (ServersAdminTestJSON:_run_cleanups): 200 GET http://10.180.1.21/compute/v2.1/servers/26cfd079-2044-4975-8902-affe93c35647 0.255s
2024-12-12 14:05:17.924 68042 INFO tempest.common.waiters [-] State transition "REBUILD/rebuild_spawning" ==> "ACTIVE/None" after 11 second wait
2024-12-12 14:05:17.967 68088 INFO tempest.lib.common.rest_client [req-ef0f20b9-0a99-409a-b42a-e02f2ea8d79e req-ef0f20b9-0a99-409a-b42a-e02f2ea8d79e ] Request (ServersTestJSON:test_create_server_specify_multibyte_character_name): 200 GET http://10.180.1.21/compute/v2.1/servers/b58ac762-c8e2-46c5-bd84-c0b70666aa5c 0.252s
2024-12-12 14:05:17.979 68048 INFO tempest.lib.common.rest_client [req-fa009c92-ee51-4ef6-94aa-d4d074254446 req-fa009c92-ee51-4ef6-94aa-d4d074254446 ] Request (ServerDiagnosticsV248Test:tearDownClass): 200 GET http://10.180.1.21/compute/v2.1/servers/d88a3d07-ca1b-4002-99a5-555fe6be3435 0.195s
2024-12-12 14:05:18.003 68032 INFO tempest.lib.common.rest_client [req-028f31ef-f3d9-44b4-8c11-5914393c1db3 req-028f31ef-f3d9-44b4-8c11-5914393c1db3 ] Request (ServerExternalEventsTest:tearDownClass): 204 DELETE http://10.180.1.21/identity/v3/users/bd1f1c79545f4abcad459150d6cc6d33 0.110s
2024-12-12 14:05:18.035 68042 INFO tempest.lib.common.rest_client [req-efa1a40f-5286-4d5d-a00a-57d2b357fc17 req-efa1a40f-5286-4d5d-a00a-57d2b357fc17 ] Request (ServersAdminTestJSON:test_reset_state_server): 202 POST http://10.180.1.21/compute/v2.1/servers/26cfd079-2044-4975-8902-affe93c35647/action 0.109s
2024-12-12 14:05:18.045 68034 INFO tempest.lib.common.rest_client [req-3e12f0a5-c808-4ffb-a945-88f0d7e844df req-3e12f0a5-c808-4ffb-a945-88f0d7e844df ] Request (ImagesOneServerNegativeTestJSON:_run_cleanups): 200 GET http://10.180.1.21/compute/v2.1/servers/58cda789-5ec7-4f99-88aa-67efb74b9b62 0.207s
2024-12-12 14:05:18.122 68093 INFO tempest.lib.common.rest_client [req-3fb5d660-5ac0-499a-851e-3274714aa845 req-3fb5d660-5ac0-499a-851e-3274714aa845 ] Request (SecurityGroupsTestJSON:test_server_security_groups): 200 GET http://10.180.1.21/compute/v2.1/servers/81e5c6eb-ca23-44f6-8ad4-bebac3fe146b 0.140s
2024-12-12 14:05:18.184 68032 INFO tempest.lib.common.rest_client [req-4a9c9cff-20d7-4142-9490-b9076c9866ef req-4a9c9cff-20d7-4142-9490-b9076c9866ef ] Request (ServerExternalEventsTest:tearDownClass): 204 DELETE http://10.180.1.21/identity/v3/users/332261e93b20487589d9be6564057ce3 0.181s
2024-12-12 14:05:18.185 68032 INFO tempest.lib.common.dynamic_creds [-] Deleting project and security group for project: 49620a6a8b244896aa0bda14c40a7b73
2024-12-12 14:05:18.231 68072 INFO tempest.lib.common.rest_client [req-e4dfd4fa-3f84-465b-ae55-4712a009af3e req-e4dfd4fa-3f84-465b-ae55-4712a009af3e ] Request (ServersNegativeTestJSON:setUpClass): 200 GET http://10.180.1.21/compute/v2.1/servers/dff92cbf-fe7e-4bbd-9b49-0bf20025f2b3 0.302s
2024-12-12 14:05:18.263 68032 INFO tempest.lib.common.rest_client [req-30a13f4f-7026-44e4-8a57-309491b8f7b9 req-30a13f4f-7026-44e4-8a57-309491b8f7b9 ] Request (ServerExternalEventsTest:tearDownClass): 201 POST http://10.180.1.21/identity/v3/auth/tokens 0.078s
2024-12-12 14:05:18.276 68042 INFO tempest.lib.common.rest_client [req-4c9f71cf-a0f0-4a37-87f3-6d906317c538 req-4c9f71cf-a0f0-4a37-87f3-6d906317c538 ] Request (ServersAdminTestJSON:test_reset_state_server): 200 GET http://10.180.1.21/compute/v2.1/servers/26cfd079-2044-4975-8902-affe93c35647 0.240s
2024-12-12 14:05:18.298 68080 INFO tempest.lib.common.rest_client [req-b3a6c1ed-9415-4adf-8b79-ecc3f505b21a req-b3a6c1ed-9415-4adf-8b79-ecc3f505b21a ] Request (ListServersNegativeTestJSON:setUpClass): 200 GET http://10.180.1.21/compute/v2.1/servers/7bc81540-835a-470c-ab27-6ec1fb8d9cfc 0.252s
2024-12-12 14:05:18.340 68054 INFO tempest.lib.common.rest_client [req-e244e7af-b7d1-4a4c-8897-28a72e6fd0b2 req-e244e7af-b7d1-4a4c-8897-28a72e6fd0b2 ] Request (ServersWithSpecificFlavorTestJSON:test_verify_created_server_ephemeral_disk): 200 GET http://10.180.1.21/compute/v2.1/servers/be8f9418-ff2d-4a0f-b24f-869917441642 0.248s
2024-12-12 14:05:18.395 68052 INFO tempest.lib.common.rest_client [req-5ea3f19a-2b5b-4f1f-a559-8ccae18d25cb req-5ea3f19a-2b5b-4f1f-a559-8ccae18d25cb ] Request (ServerRescueTestJSON:test_rescue_unrescue_instance): 200 GET http://10.180.1.21/compute/v2.1/servers/37f59a1a-2002-42da-b2fe-123649034f89 0.239s
2024-12-12 14:05:18.458 68042 INFO tempest.lib.common.rest_client [req-131063ac-90c6-4630-9617-42296a555a58 req-131063ac-90c6-4630-9617-42296a555a58 ] Request (ServersAdminTestJSON:test_reset_state_server): 202 POST http://10.180.1.21/compute/v2.1/servers/26cfd079-2044-4975-8902-affe93c35647/action 0.175s
2024-12-12 14:05:18.560 68032 INFO tempest.lib.common.rest_client [req-982960e8-31d7-4667-9675-82f8a2bf8450 req-982960e8-31d7-4667-9675-82f8a2bf8450 ] Request (ServerExternalEventsTest:tearDownClass): 200 GET http://10.180.1.21:9696/networking/v2.0/security-groups?tenant_id=49620a6a8b244896aa0bda14c40a7b73&name=default 0.296s
2024-12-12 14:05:18.569 68064 INFO tempest.lib.common.rest_client [req-086708a7-4451-48d7-a42c-432ef0992d73 req-086708a7-4451-48d7-a42c-432ef0992d73 ] Request (ServerGroupTestJSON:test_create_server_with_scheduler_hint_group): 200 GET http://10.180.1.21/compute/v2.1/servers/6cb1a1a3-a953-47f1-bcbc-8c484409c460 0.267s
2024-12-12 14:05:18.576 68064 INFO tempest.common.waiters [-] State transition "BUILD/spawning" ==> "ACTIVE/None" after 65 second wait
2024-12-12 14:05:18.583 68056 INFO tempest.lib.common.rest_client [req-3c865d7c-3ba5-4a70-a34f-e3b0b044dfd0 req-3c865d7c-3ba5-4a70-a34f-e3b0b044dfd0 ] Request (VolumesAssistedSnapshotsTest:test_volume_assisted_snapshot_create_delete): 200 GET http://10.180.1.21/volume/v3/volumes/f1fa78d6-642e-4051-817b-1440ce851e33 0.030s
2024-12-12 14:05:18.586 68062 INFO tempest.lib.common.rest_client [req-6184f70e-6457-493d-9568-fb3c92d1cc17 req-6184f70e-6457-493d-9568-fb3c92d1cc17 ] Request (ServersAdminNegativeTestJSON:test_migrate_server_invalid_state): 200 GET http://10.180.1.21/compute/v2.1/servers/7c9e8b0e-9762-420f-b84e-6a3eb24c99ce 0.137s
2024-12-12 14:05:18.641 68070 INFO tempest.lib.common.rest_client [req-d5334deb-f109-4464-a3d2-98fc2f2b877d req-d5334deb-f109-4464-a3d2-98fc2f2b877d ] Request (VolumesAdminNegativeTest:test_update_attached_volume_with_nonexistent_volume_in_body): 200 GET http://10.180.1.21/compute/v2.1/servers/b64116cf-848e-4a45-a8bc-401f9dd0fe9f 0.136s
2024-12-12 14:05:18.688 68032 INFO tempest.lib.common.rest_client [req-bf52fd5d-7f4f-45a9-b3f7-2140e71d72ef req-bf52fd5d-7f4f-45a9-b3f7-2140e71d72ef ] Request (ServerExternalEventsTest:tearDownClass): 204 DELETE http://10.180.1.21:9696/networking/v2.0/security-groups/e0cde629-6222-4b43-ab8f-10ab2f4954fb 0.127s
2024-12-12 14:05:18.704 68050 INFO tempest.lib.common.rest_client [req-bcf09f64-07df-4b9f-8770-84b7cb11b08c req-bcf09f64-07df-4b9f-8770-84b7cb11b08c ] Request (ImagesOneServerTestJSON:test_create_delete_image): 200 GET http://10.180.1.21/compute/v2.1/images/aa4025c2-fee4-493a-a058-c4c9b028d6cb 0.160s
2024-12-12 14:05:18.705 68042 INFO tempest.lib.common.rest_client [req-7c2d2de2-ea70-4f7d-b650-6f02d8a9ece2 req-7c2d2de2-ea70-4f7d-b650-6f02d8a9ece2 ] Request (ServersAdminTestJSON:test_reset_state_server): 200 GET http://10.180.1.21/compute/v2.1/servers/26cfd079-2044-4975-8902-affe93c35647 0.247s
2024-12-12 14:05:18.749 68064 INFO tempest.lib.common.rest_client [req-39337694-6307-4712-8663-472e0881f090 req-39337694-6307-4712-8663-472e0881f090 ] Request (ServerGroupTestJSON:test_create_server_with_scheduler_hint_group): 200 GET http://10.180.1.21/compute/v2.1/os-server-groups/3cf13064-3a21-486a-be63-679639d10a63 0.172s
2024-12-12 14:05:18.761 68066 INFO tempest.lib.common.rest_client [req-1d38838c-6785-4172-8e87-a3b583dbd590 req-1d38838c-6785-4172-8e87-a3b583dbd590 ] Request (ServersTestMultiNic:test_verify_multiple_nics_order): 200 GET http://10.180.1.21/compute/v2.1/servers/d6332bd4-194a-4708-a682-62bb362d6b4e 0.153s
2024-12-12 14:05:18.784 68032 INFO tempest.lib.common.rest_client [req-154619ff-c7b2-4476-b1b0-8edd885a025e req-154619ff-c7b2-4476-b1b0-8edd885a025e ] Request (ServerExternalEventsTest:tearDownClass): 204 DELETE http://10.180.1.21/identity/v3/projects/49620a6a8b244896aa0bda14c40a7b73 0.096s
2024-12-12 14:05:18.785 68032 INFO tempest.lib.common.dynamic_creds [-] Deleting project and security group for project: b2b3a07cbe4e42cea28a8d0b17b01619
2024-12-12 14:05:18.834 68060 INFO tempest.lib.common.rest_client [req-a5fd0f39-0006-4a26-b6eb-66dc90d6246e req-a5fd0f39-0006-4a26-b6eb-66dc90d6246e ] Request (ServerTagsTestJSON:tearDownClass): 200 GET http://10.180.1.21/compute/v2.1/servers/fd0d9093-eff3-41be-ad8e-bd2cf74acfec 0.156s
2024-12-12 14:05:18.848 68032 INFO tempest.lib.common.rest_client [req-977af43c-f9d4-46a3-888b-4b737a172a46 req-977af43c-f9d4-46a3-888b-4b737a172a46 ] Request (ServerExternalEventsTest:tearDownClass): 200 GET http://10.180.1.21:9696/networking/v2.0/security-groups?tenant_id=b2b3a07cbe4e42cea28a8d0b17b01619&name=default 0.063s
2024-12-12 14:05:18.858 68042 INFO tempest.lib.common.rest_client [req-ae28af6a-84c3-4928-97ab-13a4b8398203 req-ae28af6a-84c3-4928-97ab-13a4b8398203 ] Request (ServersAdminTestJSON:tearDownClass): 204 DELETE http://10.180.1.21/compute/v2.1/servers/7911008d-bcbb-4fb3-89b5-fb38ccfbd591 0.144s
2024-12-12 14:05:18.918 68058 INFO tempest.lib.common.rest_client [req-f3adc28d-95c9-4367-9967-7b72e63aa6f4 req-f3adc28d-95c9-4367-9967-7b72e63aa6f4 ] Request (FloatingIPsAssociationTestJSON:tearDownClass): 200 GET http://10.180.1.21/compute/v2.1/servers/6e37ca42-4594-46f6-bcaa-88ea37c8de2d 0.172s
2024-12-12 14:05:18.949 68032 INFO tempest.lib.common.rest_client [req-8e0e1210-cda1-47ca-abc5-73b0261de1cd req-8e0e1210-cda1-47ca-abc5-73b0261de1cd ] Request (ServerExternalEventsTest:tearDownClass): 204 DELETE http://10.180.1.21:9696/networking/v2.0/security-groups/84f5dce7-e0ba-4214-9147-65aca7229066 0.100s
2024-12-12 14:05:18.966 68064 INFO tempest.lib.common.rest_client [req-8ea366d1-175f-43d7-9ebf-0cd413e37398 req-8ea366d1-175f-43d7-9ebf-0cd413e37398 ] Request (ServerGroupTestJSON:_run_cleanups): 204 DELETE http://10.180.1.21/compute/v2.1/servers/6cb1a1a3-a953-47f1-bcbc-8c484409c460 0.216s
2024-12-12 14:05:19.094 68032 INFO tempest.lib.common.rest_client [req-6ffaa885-5a31-44a6-ac16-c5d11224907d req-6ffaa885-5a31-44a6-ac16-c5d11224907d ] Request (ServerExternalEventsTest:tearDownClass): 204 DELETE http://10.180.1.21/identity/v3/projects/b2b3a07cbe4e42cea28a8d0b17b01619 0.145s
2024-12-12 14:05:19.094 68032 INFO tempest.lib.common.dynamic_creds [-] Deleting project and security group for project: d53e317ffbab4d7d8347dacb19422c94
2024-12-12 14:05:19.106 68042 INFO tempest.lib.common.rest_client [req-183c4de0-8a74-4057-9914-4e3dfd2c848b req-183c4de0-8a74-4057-9914-4e3dfd2c848b ] Request (ServersAdminTestJSON:tearDownClass): 200 GET http://10.180.1.21/compute/v2.1/servers/7911008d-bcbb-4fb3-89b5-fb38ccfbd591 0.247s
2024-12-12 14:05:19.239 68032 INFO tempest.lib.common.rest_client [req-d0e6aae8-945e-402e-8605-c6edfd893855 req-d0e6aae8-945e-402e-8605-c6edfd893855 ] Request (ServerExternalEventsTest:tearDownClass): 200 GET http://10.180.1.21:9696/networking/v2.0/security-groups?tenant_id=d53e317ffbab4d7d8347dacb19422c94&name=default 0.144s
2024-12-12 14:05:19.257 68086 INFO tempest.lib.common.rest_client [req-a454183a-e186-4181-8356-9bbf0b0541fc req-a454183a-e186-4181-8356-9bbf0b0541fc ] Request (ListImageFiltersTestJSON:setUpClass): 200 GET http://10.180.1.21/compute/v2.1/servers/cd606483-2cfa-4a3f-af12-cde244aa4a7c 0.488s
2024-12-12 14:05:19.270 68084 INFO tempest.lib.common.rest_client [req-7c69d983-d85a-42c0-8878-023b9b18c762 req-7c69d983-d85a-42c0-8878-023b9b18c762 ] Request (MigrationsAdminTest:test_resize_server_revert_deleted_flavor): 200 GET http://10.180.1.21/compute/v2.1/servers/42ace043-c368-4557-89fc-dbbf40c022ce 0.358s
2024-12-12 14:05:19.336 68088 INFO tempest.lib.common.rest_client [req-ec92ed70-8a84-4441-89ec-6dcf76b52c0d req-ec92ed70-8a84-4441-89ec-6dcf76b52c0d ] Request (ServersTestJSON:test_create_server_specify_multibyte_character_name): 200 GET http://10.180.1.21/compute/v2.1/servers/b58ac762-c8e2-46c5-bd84-c0b70666aa5c 0.356s
2024-12-12 14:05:19.343 68088 INFO tempest.common.waiters [-] State transition "BUILD/None" ==> "BUILD/networking" after 62 second wait
2024-12-12 14:05:19.360 68032 INFO tempest.lib.common.rest_client [req-d787f170-6293-4ac1-bd52-d9d8dc632b06 req-d787f170-6293-4ac1-bd52-d9d8dc632b06 ] Request (ServerExternalEventsTest:tearDownClass): 204 DELETE http://10.180.1.21:9696/networking/v2.0/security-groups/cf4b6a9c-369b-40d6-b1ef-b0c3f5a542a1 0.120s
2024-12-12 14:05:19.364 68064 INFO tempest.lib.common.rest_client [req-53cf0687-a3e4-4fd6-9407-acb78934f71e req-53cf0687-a3e4-4fd6-9407-acb78934f71e ] Request (ServerGroupTestJSON:_run_cleanups): 200 GET http://10.180.1.21/compute/v2.1/servers/6cb1a1a3-a953-47f1-bcbc-8c484409c460 0.397s
2024-12-12 14:05:19.409 68048 INFO tempest.lib.common.rest_client [req-4119a21b-95b9-47a9-87e6-83637bfc91f4 req-4119a21b-95b9-47a9-87e6-83637bfc91f4 ] Request (ServerDiagnosticsV248Test:tearDownClass): 200 GET http://10.180.1.21/compute/v2.1/servers/d88a3d07-ca1b-4002-99a5-555fe6be3435 0.418s
2024-12-12 14:05:19.426 68034 INFO tempest.lib.common.rest_client [req-67155d87-46e3-4539-b1af-78325b2bbf14 req-67155d87-46e3-4539-b1af-78325b2bbf14 ] Request (ImagesOneServerNegativeTestJSON:_run_cleanups): 200 GET http://10.180.1.21/compute/v2.1/servers/58cda789-5ec7-4f99-88aa-67efb74b9b62 0.371s
2024-12-12 14:05:19.461 68093 INFO tempest.lib.common.rest_client [req-7280b799-45c9-4e81-a96e-54e141ee3524 req-7280b799-45c9-4e81-a96e-54e141ee3524 ] Request (SecurityGroupsTestJSON:test_server_security_groups): 200 GET http://10.180.1.21/compute/v2.1/servers/81e5c6eb-ca23-44f6-8ad4-bebac3fe146b 0.326s
2024-12-12 14:05:19.484 68032 INFO tempest.lib.common.rest_client [req-7ac62b43-f593-40fd-a552-339fd9c1d1a7 req-7ac62b43-f593-40fd-a552-339fd9c1d1a7 ] Request (ServerExternalEventsTest:tearDownClass): 204 DELETE http://10.180.1.21/identity/v3/projects/d53e317ffbab4d7d8347dacb19422c94 0.124s
2024-12-12 14:05:19.516 68080 INFO tempest.lib.common.rest_client [req-7bdb7fe1-5610-4017-830e-54f1dfe3ef35 req-7bdb7fe1-5610-4017-830e-54f1dfe3ef35 ] Request (ListServersNegativeTestJSON:setUpClass): 200 GET http://10.180.1.21/compute/v2.1/servers/7bc81540-835a-470c-ab27-6ec1fb8d9cfc 0.211s
2024-12-12 14:05:19.531 68072 INFO tempest.lib.common.rest_client [req-8a3815f0-c839-42b0-9543-d9f5da00464e req-8a3815f0-c839-42b0-9543-d9f5da00464e ] Request (ServersNegativeTestJSON:setUpClass): 200 GET http://10.180.1.21/compute/v2.1/servers/dff92cbf-fe7e-4bbd-9b49-0bf20025f2b3 0.288s
2024-12-12 14:05:19.569 68032 INFO tempest.lib.common.rest_client [req-da44ac86-f1cd-4ed6-9c0b-3997c6914de3 req-da44ac86-f1cd-4ed6-9c0b-3997c6914de3 ] Request (ImagesMetadataNegativeTestJSON:setUpClass): 201 POST http://10.180.1.21/identity/v3/auth/tokens 0.083s
2024-12-12 14:05:19.581 68054 INFO tempest.lib.common.rest_client [req-03a96035-5ac9-423e-92be-09a41f189a9f req-03a96035-5ac9-423e-92be-09a41f189a9f ] Request (ServersWithSpecificFlavorTestJSON:test_verify_created_server_ephemeral_disk): 200 GET http://10.180.1.21/compute/v2.1/servers/be8f9418-ff2d-4a0f-b24f-869917441642 0.231s
2024-12-12 14:05:19.610 68052 INFO tempest.lib.common.rest_client [req-9d7e6889-508f-41ef-b0d5-e74938a09404 req-9d7e6889-508f-41ef-b0d5-e74938a09404 ] Request (ServerRescueTestJSON:test_rescue_unrescue_instance): 200 GET http://10.180.1.21/compute/v2.1/servers/37f59a1a-2002-42da-b2fe-123649034f89 0.204s
2024-12-12 14:05:19.613 68032 INFO tempest.lib.common.rest_client [req-80594f80-b062-4055-9184-66d823844c48 req-80594f80-b062-4055-9184-66d823844c48 ] Request (ImagesMetadataNegativeTestJSON:setUpClass): 201 POST http://10.180.1.21/identity/v3/auth/tokens 0.041s
2024-12-12 14:05:19.628 68056 INFO tempest.lib.common.rest_client [req-fddbcbfa-d072-4e59-a194-9a888b91f84a req-fddbcbfa-d072-4e59-a194-9a888b91f84a ] Request (VolumesAssistedSnapshotsTest:test_volume_assisted_snapshot_create_delete): 200 GET http://10.180.1.21/volume/v3/volumes/f1fa78d6-642e-4051-817b-1440ce851e33 0.037s
2024-12-12 14:05:19.640 68032 INFO tempest.lib.common.rest_client [req-1112892f-851f-4b51-ae3d-a317db2f0b12 req-1112892f-851f-4b51-ae3d-a317db2f0b12 ] Request (ImagesMetadataNegativeTestJSON:setUpClass): 200 GET http://10.180.1.21/identity/v3/domains?name=Default 0.027s
2024-12-12 14:05:19.678 68032 INFO tempest.lib.common.rest_client [req-6e1804f7-8faf-4382-be28-d52f82795696 req-6e1804f7-8faf-4382-be28-d52f82795696 ] Request (ImagesMetadataNegativeTestJSON:setUpClass): 201 POST http://10.180.1.21/identity/v3/projects 0.038s
2024-12-12 14:05:19.717 68062 INFO tempest.lib.common.rest_client [req-c4a37a34-c86a-4f4b-9efb-ebdd7242b1b9 req-c4a37a34-c86a-4f4b-9efb-ebdd7242b1b9 ] Request (ServersAdminNegativeTestJSON:test_migrate_server_invalid_state): 200 GET http://10.180.1.21/compute/v2.1/servers/7c9e8b0e-9762-420f-b84e-6a3eb24c99ce 0.124s
2024-12-12 14:05:19.721 68070 INFO tempest.lib.common.rest_client [req-4891e8ee-c297-4040-ad98-e99732a3e490 req-4891e8ee-c297-4040-ad98-e99732a3e490 ] Request (VolumesAdminNegativeTest:test_update_attached_volume_with_nonexistent_volume_in_body): 200 GET http://10.180.1.21/compute/v2.1/servers/b64116cf-848e-4a45-a8bc-401f9dd0fe9f 0.071s
2024-12-12 14:05:19.750 68032 INFO tempest.lib.common.rest_client [req-01f33f38-76ea-4743-8998-bf70d29464a1 req-01f33f38-76ea-4743-8998-bf70d29464a1 ] Request (ImagesMetadataNegativeTestJSON:setUpClass): 201 POST http://10.180.1.21/identity/v3/users 0.070s
2024-12-12 14:05:19.754 68050 INFO tempest.lib.common.rest_client [req-6d928798-196f-471d-b77c-ecc15f16a31b req-6d928798-196f-471d-b77c-ecc15f16a31b ] Request (ImagesOneServerTestJSON:test_create_delete_image): 200 GET http://10.180.1.21/compute/v2.1/images/aa4025c2-fee4-493a-a058-c4c9b028d6cb 0.043s
2024-12-12 14:05:19.771 68032 INFO tempest.lib.common.rest_client [req-dd6eaf1d-ea1b-4c36-80f2-b31424704a1e req-dd6eaf1d-ea1b-4c36-80f2-b31424704a1e ] Request (ImagesMetadataNegativeTestJSON:setUpClass): 200 GET http://10.180.1.21/identity/v3/roles 0.021s
2024-12-12 14:05:19.808 68032 INFO tempest.lib.common.rest_client [req-ba27d176-28db-442c-ac01-7d1bd4d6cd0c req-ba27d176-28db-442c-ac01-7d1bd4d6cd0c ] Request (ImagesMetadataNegativeTestJSON:setUpClass): 204 PUT http://10.180.1.21/identity/v3/projects/bb2942e155d54e1e80c3462988b275be/users/87c38f8416324435a2d2e7a07d22493a/roles/fd8b4490fd0a4c008245365fc7d3fbe7 0.036s
2024-12-12 14:05:19.808 68032 INFO tempest.lib.common.dynamic_creds [-] Dynamic test user 87c38f8416324435a2d2e7a07d22493a is created with scope project and roles: ['member']
2024-12-12 14:05:19.809 68032 INFO tempest.lib.common.dynamic_creds [-] Acquired dynamic creds: credentials: Credentials: {'domain_id': 'default', 'domain_name': 'Default', 'username': 'tempest-ImagesMetadataNegativeTestJSON-157297167-project-member', 'project_domain_id': 'default', 'project_domain_name': 'Default', 'project_id': 'bb2942e155d54e1e80c3462988b275be', 'project_name': 'tempest-ImagesMetadataNegativeTestJSON-157297167', 'tenant_id': 'bb2942e155d54e1e80c3462988b275be', 'tenant_name': 'tempest-ImagesMetadataNegativeTestJSON-157297167', 'user_domain_id': 'default', 'user_domain_name': 'Default', 'user_id': '87c38f8416324435a2d2e7a07d22493a', 'system': None}, Network: None, Subnet: None, Router: None
2024-12-12 14:05:19.809 68032 INFO tempest.lib.common.dynamic_creds [-] Created isolated network resources for: credentials: Credentials: {'domain_id': 'default', 'domain_name': 'Default', 'username': 'tempest-ImagesMetadataNegativeTestJSON-157297167-project-member', 'project_domain_id': 'default', 'project_domain_name': 'Default', 'project_id': 'bb2942e155d54e1e80c3462988b275be', 'project_name': 'tempest-ImagesMetadataNegativeTestJSON-157297167', 'tenant_id': 'bb2942e155d54e1e80c3462988b275be', 'tenant_name': 'tempest-ImagesMetadataNegativeTestJSON-157297167', 'user_domain_id': 'default', 'user_domain_name': 'Default', 'user_id': '87c38f8416324435a2d2e7a07d22493a', 'system': None}, Network: None, Subnet: None, Router: None
2024-12-12 14:05:19.840 68066 INFO tempest.lib.common.rest_client [req-717a38a1-af4a-4fa4-84e9-c72af90adda2 req-717a38a1-af4a-4fa4-84e9-c72af90adda2 ] Request (ServersTestMultiNic:test_verify_multiple_nics_order): 200 GET http://10.180.1.21/compute/v2.1/servers/d6332bd4-194a-4708-a682-62bb362d6b4e 0.064s
2024-12-12 14:05:19.903 68032 INFO tempest.lib.common.rest_client [req-e151c6e7-9018-4804-afec-6fc31a045af4 req-e151c6e7-9018-4804-afec-6fc31a045af4 ] Request (ImagesMetadataNegativeTestJSON:setUpClass): 201 POST http://10.180.1.21/identity/v3/auth/tokens 0.087s
2024-12-12 14:05:19.913 68060 INFO tempest.lib.common.rest_client [req-7548d9ed-6c74-4a03-9f44-2dbef38498ce req-7548d9ed-6c74-4a03-9f44-2dbef38498ce ] Request (ServerTagsTestJSON:tearDownClass): 200 GET http://10.180.1.21/compute/v2.1/servers/fd0d9093-eff3-41be-ad8e-bd2cf74acfec 0.070s
2024-12-12 14:05:19.992 68044 WARNING tempest.lib.common.ssh [-] Failed to establish authenticated ssh connection to cirros@10.180.180.233 ([Errno None] Unable to connect to port 22 on 10.180.180.233). Number attempts: 2. Retry after 3 seconds.: paramiko.ssh_exception.NoValidConnectionsError: [Errno None] Unable to connect to port 22 on 10.180.180.233
2024-12-12 14:05:19.996 68058 INFO tempest.lib.common.rest_client [req-81746d4f-494a-438d-b1c8-16296e7619bd req-81746d4f-494a-438d-b1c8-16296e7619bd ] Request (FloatingIPsAssociationTestJSON:tearDownClass): 200 GET http://10.180.1.21/compute/v2.1/servers/6e37ca42-4594-46f6-bcaa-88ea37c8de2d 0.065s
2024-12-12 14:05:20.002 68032 INFO tempest.lib.common.rest_client [req-77d537c4-60fb-4050-ad8b-9ff0ae7e859a req-77d537c4-60fb-4050-ad8b-9ff0ae7e859a ] Request (ImagesMetadataNegativeTestJSON:test_delete_nonexistent_image_metadata_item): 404 DELETE http://10.180.1.21/compute/v2.1/images/55fe0fc3-9cf6-4035-b641-06a3e9e4dfd1/metadata/os_distro 0.097s
2024-12-12 14:05:20.033 68032 INFO tempest.lib.common.rest_client [req-2c7dd358-9822-4581-9588-b48e2dcb970a req-2c7dd358-9822-4581-9588-b48e2dcb970a ] Request (ImagesMetadataNegativeTestJSON:test_get_nonexistent_image_metadata_item): 404 GET http://10.180.1.21/compute/v2.1/images/e3e282b2-d2c2-473d-b19b-d1154c9e9491/metadata/os_version 0.029s
2024-12-12 14:05:20.059 68032 INFO tempest.lib.common.rest_client [req-df752ace-9640-46c0-a841-cf556369c54f req-df752ace-9640-46c0-a841-cf556369c54f ] Request (ImagesMetadataNegativeTestJSON:test_list_nonexistent_image_metadata): 404 GET http://10.180.1.21/compute/v2.1/images/985c12d0-672b-455d-a632-a38a8d57b70d/metadata 0.024s
2024-12-12 14:05:20.087 68032 INFO tempest.lib.common.rest_client [req-7814b0da-1541-46e7-bd08-b081bb489a90 req-7814b0da-1541-46e7-bd08-b081bb489a90 ] Request (ImagesMetadataNegativeTestJSON:test_set_nonexistent_image_metadata): 404 PUT http://10.180.1.21/compute/v2.1/images/e8ea637d-39ca-4c9e-a0fd-0d6835d1af9e/metadata 0.027s
2024-12-12 14:05:20.116 68032 INFO tempest.lib.common.rest_client [req-1b828525-eb69-43c3-82df-e78bea2a3db8 req-1b828525-eb69-43c3-82df-e78bea2a3db8 ] Request (ImagesMetadataNegativeTestJSON:test_set_nonexistent_image_metadata_item): 404 PUT http://10.180.1.21/compute/v2.1/images/1674b23a-8280-4c78-ab25-a218d665c4e4/metadata/os_distro 0.027s
2024-12-12 14:05:20.141 68032 INFO tempest.lib.common.rest_client [req-9b3ac410-243d-4625-8772-1f7722e02e31 req-9b3ac410-243d-4625-8772-1f7722e02e31 ] Request (ImagesMetadataNegativeTestJSON:test_update_nonexistent_image_metadata): 404 POST http://10.180.1.21/compute/v2.1/images/83b17452-2508-4ae6-bec7-9f2575796f80/metadata 0.023s
2024-12-12 14:05:20.255 68042 INFO tempest.lib.common.rest_client [req-0b2c8a78-35d4-4561-b1df-2ddb993e853f req-0b2c8a78-35d4-4561-b1df-2ddb993e853f ] Request (ServersAdminTestJSON:tearDownClass): 200 GET http://10.180.1.21/compute/v2.1/servers/7911008d-bcbb-4fb3-89b5-fb38ccfbd591 0.140s
2024-12-12 14:05:20.292 68032 INFO tempest.lib.common.rest_client [req-dcb6dc29-c569-4846-8fac-0de543c0d82d req-dcb6dc29-c569-4846-8fac-0de543c0d82d ] Request (ImagesMetadataNegativeTestJSON:tearDownClass): 204 DELETE http://10.180.1.21/identity/v3/users/87c38f8416324435a2d2e7a07d22493a 0.149s
2024-12-12 14:05:20.293 68032 INFO tempest.lib.common.dynamic_creds [-] Deleting project and security group for project: bb2942e155d54e1e80c3462988b275be
2024-12-12 14:05:20.326 68086 INFO tempest.lib.common.rest_client [req-2683eb9a-e0ce-4741-bc37-1a786f2c8f9d req-2683eb9a-e0ce-4741-bc37-1a786f2c8f9d ] Request (ListImageFiltersTestJSON:setUpClass): 200 GET http://10.180.1.21/compute/v2.1/servers/cd606483-2cfa-4a3f-af12-cde244aa4a7c 0.062s
2024-12-12 14:05:20.352 68032 INFO tempest.lib.common.rest_client [req-507ce44d-4f04-4f0e-835f-c02f71ff6365 req-507ce44d-4f04-4f0e-835f-c02f71ff6365 ] Request (ImagesMetadataNegativeTestJSON:tearDownClass): 201 POST http://10.180.1.21/identity/v3/auth/tokens 0.059s
