2024-12-12 14:04:34.452 68090 INFO tempest.lib.common.rest_client [req-e8fc20ef-bcf6-423f-be08-d13fb5dd6f26 req-e8fc20ef-bcf6-423f-be08-d13fb5dd6f26 ] Request (ServerShowV257Test:tearDownClass): 200 GET http://10.180.1.21/compute/v2.1/servers/2bedcd22-de05-41b9-af59-37c0f3ad8969 0.073s
2024-12-12 14:04:34.494 68084 INFO tempest.lib.common.rest_client [req-03ffc060-94f8-4c23-a562-c788d63f93fe req-03ffc060-94f8-4c23-a562-c788d63f93fe ] Request (MigrationsAdminTest:test_resize_server_revert_deleted_flavor): 200 GET http://10.180.1.21/compute/v2.1/servers/42ace043-c368-4557-89fc-dbbf40c022ce 0.064s
2024-12-12 14:04:34.523 68082 INFO tempest.lib.common.rest_client [req-2ae2d3d7-737e-4091-8855-f92a67a7a9cc req-2ae2d3d7-737e-4091-8855-f92a67a7a9cc ] Request (AttachVolumeTestJSON:test_attach_detach_volume): 200 GET http://10.180.1.21/compute/v2.1/servers/57bcc753-9658-4126-ac0a-fa6b0bc1dc81 0.065s
2024-12-12 14:04:34.569 68088 INFO tempest.lib.common.rest_client [req-1a9ebf70-6763-4cf8-8caa-cb9dc334f13b req-1a9ebf70-6763-4cf8-8caa-cb9dc334f13b ] Request (ServersTestJSON:test_create_server_specify_multibyte_character_name): 200 GET http://10.180.1.21/compute/v2.1/servers/b58ac762-c8e2-46c5-bd84-c0b70666aa5c 0.052s
2024-12-12 14:04:34.644 68066 INFO tempest.lib.common.rest_client [req-e81d560a-ac4e-43a0-8a9c-c13dc565c5eb req-e81d560a-ac4e-43a0-8a9c-c13dc565c5eb ] Request (ServersTestMultiNic:_run_cleanups): 200 GET http://10.180.1.21/compute/v2.1/servers/f1f365f0-1d49-4838-8f34-6c3905da7932 0.072s
2024-12-12 14:04:34.663 68072 INFO tempest.lib.common.rest_client [req-9314419b-5e9e-46ad-b74c-82a2d3aa29af req-9314419b-5e9e-46ad-b74c-82a2d3aa29af ] Request (ServersNegativeTestJSON:setUpClass): 200 GET http://10.180.1.21/compute/v2.1/servers/dff92cbf-fe7e-4bbd-9b49-0bf20025f2b3 0.061s
2024-12-12 14:04:34.710 68093 INFO tempest.lib.common.rest_client [req-5a8dd20c-5e23-484a-9edd-9f736d6f98ba req-5a8dd20c-5e23-484a-9edd-9f736d6f98ba ] Request (SecurityGroupsTestJSON:test_server_security_groups): 200 GET http://10.180.1.21/compute/v2.1/servers/81e5c6eb-ca23-44f6-8ad4-bebac3fe146b 0.080s
2024-12-12 14:04:34.751 68068 INFO tempest.lib.common.rest_client [req-8aa21525-11cb-4a6f-9d57-bd085e784772 req-8aa21525-11cb-4a6f-9d57-bd085e784772 ] Request (ServersTestManualDisk:setUpClass): 200 GET http://10.180.1.21/compute/v2.1/servers/687c8f97-8e4a-4a95-bca9-710c0e8c98ff 0.049s
2024-12-12 14:04:34.839 68052 INFO tempest.lib.common.rest_client [req-721d7cb9-47da-40b4-b896-a6c807b167da req-721d7cb9-47da-40b4-b896-a6c807b167da ] Request (ServerRescueTestJSON:test_rescue_unrescue_instance): 200 GET http://10.180.1.21/compute/v2.1/servers/37f59a1a-2002-42da-b2fe-123649034f89 0.060s
2024-12-12 14:04:34.919 68062 INFO tempest.lib.common.rest_client [req-e97d3cd6-453d-4867-9d02-632ff366c9e7 req-e97d3cd6-453d-4867-9d02-632ff366c9e7 ] Request (ServersAdminNegativeTestJSON:test_migrate_server_invalid_state): 200 GET http://10.180.1.21/compute/v2.1/servers/7c9e8b0e-9762-420f-b84e-6a3eb24c99ce 0.076s
2024-12-12 14:04:34.976 68070 INFO tempest.lib.common.rest_client [req-e1076702-37a7-45f0-ab40-fa2c71647428 req-e1076702-37a7-45f0-ab40-fa2c71647428 ] Request (VolumesAdminNegativeTest:test_update_attached_volume_with_nonexistent_volume_in_body): 200 GET http://10.180.1.21/compute/v2.1/servers/b64116cf-848e-4a45-a8bc-401f9dd0fe9f 0.064s
2024-12-12 14:04:35.080 68058 INFO tempest.lib.common.rest_client [req-f33fbc24-7cca-47a1-b1a5-3f78e4dbafc8 req-f33fbc24-7cca-47a1-b1a5-3f78e4dbafc8 ] Request (FloatingIPsAssociationTestJSON:tearDownClass): 200 GET http://10.180.1.21/compute/v2.1/servers/05786a78-3acb-4ec4-b2c8-7da70719319c 0.076s
2024-12-12 14:04:35.097 68040 INFO tempest.lib.common.rest_client [req-44e20e12-9461-4953-9b99-f7c152f802ad req-44e20e12-9461-4953-9b99-f7c152f802ad ] Request (DeleteServersAdminTestJSON:test_delete_server_while_in_error_state): 200 GET http://10.180.1.21/compute/v2.1/servers/25a805c5-d5cd-458f-ae1c-75ef08f5263b 0.124s
2024-12-12 14:04:35.137 68080 INFO tempest.lib.common.rest_client [req-c3f3044a-c142-4925-8c34-c6a85d2886eb req-c3f3044a-c142-4925-8c34-c6a85d2886eb ] Request (ListServersNegativeTestJSON:setUpClass): 200 PUT http://10.180.1.21:9696/networking/v2.0/routers/44406b1e-79f5-4c85-b964-cbdef96eab7d/add_router_interface 1.291s
2024-12-12 14:04:35.137 68080 INFO tempest.lib.common.dynamic_creds [-] Created isolated network resources for: credentials: Credentials: {'domain_id': 'default', 'domain_name': 'Default', 'username': 'tempest-ListServersNegativeTestJSON-331676907-project-member', 'project_domain_id': 'default', 'project_domain_name': 'Default', 'project_id': '0e833ae3165f4863a6a985b465714384', 'project_name': 'tempest-ListServersNegativeTestJSON-331676907', 'tenant_id': '0e833ae3165f4863a6a985b465714384', 'tenant_name': 'tempest-ListServersNegativeTestJSON-331676907', 'user_domain_id': 'default', 'user_domain_name': 'Default', 'user_id': 'af4d9038ffff40f0a94018051059b87c', 'system': None}, Network: {'id': '593864f2-3161-4ea3-907d-2a0bc23e3c7a', 'name': 'tempest-ListServersNegativeTestJSON-948086989-network', 'tenant_id': '0e833ae3165f4863a6a985b465714384', 'admin_state_up': True, 'mtu': 8950, 'status': 'ACTIVE', 'subnets': [], 'shared': False, 'project_id': '0e833ae3165f4863a6a985b465714384', 'port_security_enabled': True, 'router:external': False, 'provider:network_type': 'vlan', 'provider:physical_network': 'default', 'provider:segmentation_id': 995, 'availability_zone_hints': [], 'availability_zones': [], 'ipv4_address_scope': None, 'ipv6_address_scope': None, 'description': '', 'tags': [], 'created_at': '2024-12-12T14:04:32Z', 'updated_at': '2024-12-12T14:04:32Z', 'revision_number': 1}, Subnet: {'id': 'd5c9c022-9f7f-435a-bed1-b9ba0f9e5289', 'name': 'tempest-ListServersNegativeTestJSON-948086989-subnet', 'tenant_id': '0e833ae3165f4863a6a985b465714384', 'network_id': '593864f2-3161-4ea3-907d-2a0bc23e3c7a', 'ip_version': 4, 'subnetpool_id': None, 'enable_dhcp': True, 'ipv6_ra_mode': None, 'ipv6_address_mode': None, 'gateway_ip': '192.168.128.1', 'cidr': '192.168.128.0/28', 'allocation_pools': [{'start': '192.168.128.2', 'end': '192.168.128.14'}], 'host_routes': [], 'dns_nameservers': [], 'description': '', 'router:external': False, 'service_types': [], 'tags': [], 'created_at': '2024-12-12T14:04:32Z', 'updated_at': '2024-12-12T14:04:32Z', 'revision_number': 0, 'project_id': '0e833ae3165f4863a6a985b465714384'}, Router: {'id': '44406b1e-79f5-4c85-b964-cbdef96eab7d', 'name': 'tempest-ListServersNegativeTestJSON-948086989-router', 'tenant_id': '0e833ae3165f4863a6a985b465714384', 'admin_state_up': True, 'status': 'ACTIVE', 'external_gateway_info': {'network_id': '0b84b89b-8bd1-497d-81cb-79aae4a0c08b', 'external_fixed_ips': [{'subnet_id': '2e3571b9-f234-469b-a2f3-73486aed734e', 'ip_address': '10.180.180.226'}], 'enable_snat': True}, 'description': '', 'availability_zones': [], 'distributed': False, 'ha': False, 'availability_zone_hints': [], 'routes': [], 'flavor_id': None, 'tags': [], 'created_at': '2024-12-12T14:04:33Z', 'updated_at': '2024-12-12T14:04:33Z', 'revision_number': 2, 'project_id': '0e833ae3165f4863a6a985b465714384'}
2024-12-12 14:04:35.146 68048 INFO tempest.lib.common.rest_client [req-77a1cc74-edbb-49e8-a813-bff0d402fc95 req-77a1cc74-edbb-49e8-a813-bff0d402fc95 ] Request (ServerDiagnosticsV248Test:test_get_server_diagnostics): 200 GET http://10.180.1.21/compute/v2.1/servers/d88a3d07-ca1b-4002-99a5-555fe6be3435 0.068s
2024-12-12 14:04:35.181 68042 INFO tempest.lib.common.rest_client [req-b4622e55-2a6e-4c51-928d-db33acc3fc0f req-b4622e55-2a6e-4c51-928d-db33acc3fc0f ] Request (ServersAdminTestJSON:test_inject_network_info): 200 GET http://10.180.1.21/compute/v2.1/servers/7911008d-bcbb-4fb3-89b5-fb38ccfbd591 0.060s
2024-12-12 14:04:35.234 68080 INFO tempest.lib.common.rest_client [req-32711bc5-44b0-4771-a203-3b978b9602bd req-32711bc5-44b0-4771-a203-3b978b9602bd ] Request (ListServersNegativeTestJSON:setUpClass): 201 POST http://10.180.1.21/identity/v3/auth/tokens 0.091s
2024-12-12 14:04:35.245 68050 INFO tempest.lib.common.rest_client [req-73172221-745c-4913-b5d7-5f961c05410c req-73172221-745c-4913-b5d7-5f961c05410c ] Request (ImagesOneServerTestJSON:setUpClass): 200 GET http://10.180.1.21/compute/v2.1/servers/c54c2c2c-a066-4b23-b0ed-95c422024d3f 0.054s
2024-12-12 14:04:35.268 68080 INFO tempest.lib.common.rest_client [req-93b1d755-101a-4d38-9bcb-7ee172150752 req-93b1d755-101a-4d38-9bcb-7ee172150752 ] Request (ListServersNegativeTestJSON:setUpClass): 201 POST http://10.180.1.21/identity/v3/auth/tokens 0.029s
2024-12-12 14:04:35.269 68080 INFO tempest.lib.common.fixed_network [-] (ListServersNegativeTestJSON:setUpClass) Found network {'id': '593864f2-3161-4ea3-907d-2a0bc23e3c7a', 'name': 'tempest-ListServersNegativeTestJSON-948086989-network', 'tenant_id': '0e833ae3165f4863a6a985b465714384', 'admin_state_up': True, 'mtu': 8950, 'status': 'ACTIVE', 'subnets': [], 'shared': False, 'project_id': '0e833ae3165f4863a6a985b465714384', 'port_security_enabled': True, 'router:external': False, 'provider:network_type': 'vlan', 'provider:physical_network': 'default', 'provider:segmentation_id': 995, 'availability_zone_hints': [], 'availability_zones': [], 'ipv4_address_scope': None, 'ipv6_address_scope': None, 'description': '', 'tags': [], 'created_at': '2024-12-12T14:04:32Z', 'updated_at': '2024-12-12T14:04:32Z', 'revision_number': 1} available for tenant
2024-12-12 14:04:35.323 68060 INFO tempest.lib.common.rest_client [req-b755708c-bc27-49eb-a618-2599775ffc02 req-b755708c-bc27-49eb-a618-2599775ffc02 ] Request (ServerTagsTestJSON:setUpClass): 200 GET http://10.180.1.21/compute/v2.1/servers/fd0d9093-eff3-41be-ad8e-bd2cf74acfec 0.061s
2024-12-12 14:04:35.340 68034 INFO tempest.lib.common.rest_client [req-8a235b17-4f1b-4bef-bc32-0931fc3a8ae8 req-8a235b17-4f1b-4bef-bc32-0931fc3a8ae8 ] Request (ImagesOneServerNegativeTestJSON:setUpClass): 200 GET http://10.180.1.21/compute/v2.1/servers/58cda789-5ec7-4f99-88aa-67efb74b9b62 0.114s
2024-12-12 14:04:35.381 68044 INFO tempest.lib.common.rest_client [req-15bdeba5-8581-40b9-92b5-3ce14beca20f req-15bdeba5-8581-40b9-92b5-3ce14beca20f ] Request (ServersTestFqdnHostnames:test_create_server_with_fqdn_name): 200 GET http://10.180.1.21/compute/v2.1/servers/ada46b59-e636-461e-8650-8051a98550dc 0.114s
2024-12-12 14:04:35.415 68086 INFO tempest.lib.common.rest_client [req-d8af4430-91f7-48c1-93da-136216986559 req-d8af4430-91f7-48c1-93da-136216986559 ] Request (ListImageFiltersTestJSON:setUpClass): 204 PUT http://10.180.1.21/image/v2/images/bde91092-ad35-4674-81ba-3deaf56f3c3a/file 0.621s
2024-12-12 14:04:35.429 68032 INFO tempest.lib.common.rest_client [req-d5731818-340f-47b2-9f0c-8b9600b5a4ec req-d5731818-340f-47b2-9f0c-8b9600b5a4ec ] Request (ServerExternalEventsTest:test_create_server_external_events): 200 GET http://10.180.1.21/compute/v2.1/servers/78778b25-ccc1-495f-910c-34a2b57ecf3b 0.112s
2024-12-12 14:04:35.435 68032 INFO tempest.common.waiters [-] State transition "BUILD/None" ==> "BUILD/networking" after 38 second wait
2024-12-12 14:04:35.457 68086 INFO tempest.lib.common.rest_client [req-5e5b03e6-139f-48c1-965f-9abf085441e9 req-5e5b03e6-139f-48c1-965f-9abf085441e9 ] Request (ListImageFiltersTestJSON:setUpClass): 200 GET http://10.180.1.21/compute/v2.1/images/bde91092-ad35-4674-81ba-3deaf56f3c3a 0.041s
2024-12-12 14:04:35.506 68064 INFO tempest.lib.common.rest_client [req-78f295a6-07ed-49a1-b2bc-602bb7858f9d req-78f295a6-07ed-49a1-b2bc-602bb7858f9d ] Request (ServerGroupTestJSON:test_create_server_with_scheduler_hint_group): 200 GET http://10.180.1.21/compute/v2.1/servers/6cb1a1a3-a953-47f1-bcbc-8c484409c460 0.085s
2024-12-12 14:04:35.532 68086 INFO tempest.lib.common.rest_client [req-94775042-349b-45b5-9be2-d11f60491b3d req-94775042-349b-45b5-9be2-d11f60491b3d ] Request (ListImageFiltersTestJSON:setUpClass): 200 GET http://10.180.1.21/compute/v2.1/images/bde91092-ad35-4674-81ba-3deaf56f3c3a 0.072s
2024-12-12 14:04:35.599 68090 INFO tempest.lib.common.rest_client [req-44692bfe-5ed0-4303-8058-665df42f4fb6 req-44692bfe-5ed0-4303-8058-665df42f4fb6 ] Request (ServerShowV257Test:tearDownClass): 200 GET http://10.180.1.21/compute/v2.1/servers/2bedcd22-de05-41b9-af59-37c0f3ad8969 0.133s
2024-12-12 14:04:35.661 68084 INFO tempest.lib.common.rest_client [req-1cbd81dd-91d8-4d22-88f9-75a6da9e4456 req-1cbd81dd-91d8-4d22-88f9-75a6da9e4456 ] Request (MigrationsAdminTest:test_resize_server_revert_deleted_flavor): 200 GET http://10.180.1.21/compute/v2.1/servers/42ace043-c368-4557-89fc-dbbf40c022ce 0.159s
2024-12-12 14:04:35.704 68074 WARNING tempest.lib.common.ssh [-] Failed to establish authenticated ssh connection to cirros@10.180.180.252 ([Errno None] Unable to connect to port 22 on 10.180.180.252). Number attempts: 6. Retry after 7 seconds.: paramiko.ssh_exception.NoValidConnectionsError: [Errno None] Unable to connect to port 22 on 10.180.180.252
2024-12-12 14:04:35.717 68082 INFO tempest.lib.common.rest_client [req-eccea697-7818-4418-9817-cab7ecc5cf64 req-eccea697-7818-4418-9817-cab7ecc5cf64 ] Request (AttachVolumeTestJSON:test_attach_detach_volume): 200 GET http://10.180.1.21/compute/v2.1/servers/57bcc753-9658-4126-ac0a-fa6b0bc1dc81 0.187s
2024-12-12 14:04:35.760 68080 INFO tempest.lib.common.rest_client [req-4fc332c7-59bb-4fdf-ba60-82c070c5c80c req-4fc332c7-59bb-4fdf-ba60-82c070c5c80c ] Request (ListServersNegativeTestJSON:setUpClass): 202 POST http://10.180.1.21/compute/v2.1/servers 0.490s
2024-12-12 14:04:35.787 68088 INFO tempest.lib.common.rest_client [req-1840aa3e-fa5c-4f03-8753-c0d46bca6d28 req-1840aa3e-fa5c-4f03-8753-c0d46bca6d28 ] Request (ServersTestJSON:test_create_server_specify_multibyte_character_name): 200 GET http://10.180.1.21/compute/v2.1/servers/b58ac762-c8e2-46c5-bd84-c0b70666aa5c 0.205s
2024-12-12 14:04:35.831 68066 INFO tempest.lib.common.rest_client [req-fab6a144-2344-401f-ae54-f6acd46d125d req-fab6a144-2344-401f-ae54-f6acd46d125d ] Request (ServersTestMultiNic:_run_cleanups): 200 GET http://10.180.1.21/compute/v2.1/servers/f1f365f0-1d49-4838-8f34-6c3905da7932 0.175s
2024-12-12 14:04:35.851 68072 INFO tempest.lib.common.rest_client [req-378d8db9-bdc1-401b-9fc5-ca57b028ca47 req-378d8db9-bdc1-401b-9fc5-ca57b028ca47 ] Request (ServersNegativeTestJSON:setUpClass): 200 GET http://10.180.1.21/compute/v2.1/servers/dff92cbf-fe7e-4bbd-9b49-0bf20025f2b3 0.180s
2024-12-12 14:04:35.885 68086 INFO tempest.lib.common.rest_client [req-d44f291b-6aa0-4cc8-a97d-01c3539566d6 req-d44f291b-6aa0-4cc8-a97d-01c3539566d6 ] Request (ListImageFiltersTestJSON:setUpClass): 201 POST http://10.180.1.21/image/v2/images 0.350s
2024-12-12 14:04:35.886 68093 INFO tempest.lib.common.rest_client [req-34cfb74d-d033-44ab-908c-aa3d167513cf req-34cfb74d-d033-44ab-908c-aa3d167513cf ] Request (SecurityGroupsTestJSON:test_server_security_groups): 200 GET http://10.180.1.21/compute/v2.1/servers/81e5c6eb-ca23-44f6-8ad4-bebac3fe146b 0.168s
2024-12-12 14:04:35.908 68068 INFO tempest.lib.common.rest_client [req-3bec5696-8e05-4189-94a7-ff9a4af7e7b4 req-3bec5696-8e05-4189-94a7-ff9a4af7e7b4 ] Request (ServersTestManualDisk:setUpClass): 200 GET http://10.180.1.21/compute/v2.1/servers/687c8f97-8e4a-4a95-bca9-710c0e8c98ff 0.150s
2024-12-12 14:04:35.948 68080 INFO tempest.lib.common.rest_client [req-372fe3d8-cf9b-4a74-8388-b9e7ef17206e req-372fe3d8-cf9b-4a74-8388-b9e7ef17206e ] Request (ListServersNegativeTestJSON:setUpClass): 200 GET http://10.180.1.21/compute/v2.1/servers 0.187s
2024-12-12 14:04:35.966 68052 INFO tempest.lib.common.rest_client [req-7e8333ba-f357-46fb-8942-658e02332158 req-7e8333ba-f357-46fb-8942-658e02332158 ] Request (ServerRescueTestJSON:test_rescue_unrescue_instance): 200 GET http://10.180.1.21/compute/v2.1/servers/37f59a1a-2002-42da-b2fe-123649034f89 0.119s
2024-12-12 14:04:36.001 68080 INFO tempest.lib.common.rest_client [req-355ddafc-57e1-4ed6-ab7a-92d4033fb027 req-355ddafc-57e1-4ed6-ab7a-92d4033fb027 ] Request (ListServersNegativeTestJSON:setUpClass): 200 GET http://10.180.1.21/compute/v2.1/servers/7bc81540-835a-470c-ab27-6ec1fb8d9cfc 0.051s
2024-12-12 14:04:36.002 68062 INFO tempest.lib.common.rest_client [req-886885ec-9920-40bb-8a67-72c6f586fff8 req-886885ec-9920-40bb-8a67-72c6f586fff8 ] Request (ServersAdminNegativeTestJSON:test_migrate_server_invalid_state): 200 GET http://10.180.1.21/compute/v2.1/servers/7c9e8b0e-9762-420f-b84e-6a3eb24c99ce 0.071s
2024-12-12 14:04:36.046 68070 INFO tempest.lib.common.rest_client [req-e9b0c8b9-a758-4bd5-b285-67c285b93820 req-e9b0c8b9-a758-4bd5-b285-67c285b93820 ] Request (VolumesAdminNegativeTest:test_update_attached_volume_with_nonexistent_volume_in_body): 200 GET http://10.180.1.21/compute/v2.1/servers/b64116cf-848e-4a45-a8bc-401f9dd0fe9f 0.061s
2024-12-12 14:04:36.158 68058 INFO tempest.lib.common.rest_client [req-fc5cea98-2615-4848-bf27-13232827dff4 req-fc5cea98-2615-4848-bf27-13232827dff4 ] Request (FloatingIPsAssociationTestJSON:tearDownClass): 200 GET http://10.180.1.21/compute/v2.1/servers/05786a78-3acb-4ec4-b2c8-7da70719319c 0.069s
2024-12-12 14:04:36.214 68048 INFO tempest.lib.common.rest_client [req-c0fa28af-7b65-422a-afb2-d028fbdfd921 req-c0fa28af-7b65-422a-afb2-d028fbdfd921 ] Request (ServerDiagnosticsV248Test:test_get_server_diagnostics): 200 GET http://10.180.1.21/compute/v2.1/servers/d88a3d07-ca1b-4002-99a5-555fe6be3435 0.059s
2024-12-12 14:04:36.242 68040 INFO tempest.lib.common.rest_client [req-680a3e3f-449f-4b68-85f0-5c3cd0e5945d req-680a3e3f-449f-4b68-85f0-5c3cd0e5945d ] Request (DeleteServersAdminTestJSON:test_delete_server_while_in_error_state): 200 GET http://10.180.1.21/compute/v2.1/servers/25a805c5-d5cd-458f-ae1c-75ef08f5263b 0.135s
2024-12-12 14:04:36.258 68042 INFO tempest.lib.common.rest_client [req-3843549a-82ef-4627-845e-6917ba3685fa req-3843549a-82ef-4627-845e-6917ba3685fa ] Request (ServersAdminTestJSON:test_inject_network_info): 200 GET http://10.180.1.21/compute/v2.1/servers/7911008d-bcbb-4fb3-89b5-fb38ccfbd591 0.071s
2024-12-12 14:04:36.302 68050 INFO tempest.lib.common.rest_client [req-97e93b10-94cd-4191-a0d6-db64ec283c40 req-97e93b10-94cd-4191-a0d6-db64ec283c40 ] Request (ImagesOneServerTestJSON:setUpClass): 200 GET http://10.180.1.21/compute/v2.1/servers/c54c2c2c-a066-4b23-b0ed-95c422024d3f 0.048s
2024-12-12 14:04:36.389 68060 INFO tempest.lib.common.rest_client [req-a4bed988-e17d-4ba5-97c1-9a6cbd232e7a req-a4bed988-e17d-4ba5-97c1-9a6cbd232e7a ] Request (ServerTagsTestJSON:setUpClass): 200 GET http://10.180.1.21/compute/v2.1/servers/fd0d9093-eff3-41be-ad8e-bd2cf74acfec 0.052s
2024-12-12 14:04:36.444 68044 INFO tempest.lib.common.rest_client [req-ad339294-1b0e-4dc9-ad39-8aef3695dd80 req-ad339294-1b0e-4dc9-ad39-8aef3695dd80 ] Request (ServersTestFqdnHostnames:test_create_server_with_fqdn_name): 200 GET http://10.180.1.21/compute/v2.1/servers/ada46b59-e636-461e-8650-8051a98550dc 0.052s
2024-12-12 14:04:36.463 68034 INFO tempest.lib.common.rest_client [req-a0b3430b-ba08-4014-8007-472029264016 req-a0b3430b-ba08-4014-8007-472029264016 ] Request (ImagesOneServerNegativeTestJSON:setUpClass): 200 GET http://10.180.1.21/compute/v2.1/servers/58cda789-5ec7-4f99-88aa-67efb74b9b62 0.114s
2024-12-12 14:04:36.571 68032 INFO tempest.lib.common.rest_client [req-1b0e2176-2b0e-453e-bc3b-1bf15bd0e0a5 req-1b0e2176-2b0e-453e-bc3b-1bf15bd0e0a5 ] Request (ServerExternalEventsTest:test_create_server_external_events): 200 GET http://10.180.1.21/compute/v2.1/servers/78778b25-ccc1-495f-910c-34a2b57ecf3b 0.135s
2024-12-12 14:04:36.574 68064 INFO tempest.lib.common.rest_client [req-8dbc44b1-6638-4d25-a65b-3cca9c3590c9 req-8dbc44b1-6638-4d25-a65b-3cca9c3590c9 ] Request (ServerGroupTestJSON:test_create_server_with_scheduler_hint_group): 200 GET http://10.180.1.21/compute/v2.1/servers/6cb1a1a3-a953-47f1-bcbc-8c484409c460 0.063s
2024-12-12 14:04:36.577 68032 INFO tempest.common.waiters [-] State transition "BUILD/networking" ==> "BUILD/spawning" after 39 second wait
2024-12-12 14:04:36.694 68090 INFO tempest.lib.common.rest_client [req-a4789b6d-29c0-49ab-8171-30f802937c75 req-a4789b6d-29c0-49ab-8171-30f802937c75 ] Request (ServerShowV257Test:tearDownClass): 200 GET http://10.180.1.21/compute/v2.1/servers/2bedcd22-de05-41b9-af59-37c0f3ad8969 0.079s
2024-12-12 14:04:36.738 68084 INFO tempest.lib.common.rest_client [req-1009ad4c-c66f-4783-b222-26c348bda0e8 req-1009ad4c-c66f-4783-b222-26c348bda0e8 ] Request (MigrationsAdminTest:test_resize_server_revert_deleted_flavor): 200 GET http://10.180.1.21/compute/v2.1/servers/42ace043-c368-4557-89fc-dbbf40c022ce 0.066s
2024-12-12 14:04:36.779 68082 INFO tempest.lib.common.rest_client [req-40fa83fd-f2a7-44c8-9bc2-0486bf2ce873 req-40fa83fd-f2a7-44c8-9bc2-0486bf2ce873 ] Request (AttachVolumeTestJSON:test_attach_detach_volume): 200 GET http://10.180.1.21/compute/v2.1/servers/57bcc753-9658-4126-ac0a-fa6b0bc1dc81 0.055s
2024-12-12 14:04:36.843 68088 INFO tempest.lib.common.rest_client [req-c3349c68-464c-421b-b3f3-3f1b7698fa16 req-c3349c68-464c-421b-b3f3-3f1b7698fa16 ] Request (ServersTestJSON:test_create_server_specify_multibyte_character_name): 200 GET http://10.180.1.21/compute/v2.1/servers/b58ac762-c8e2-46c5-bd84-c0b70666aa5c 0.049s
2024-12-12 14:04:36.898 68066 INFO tempest.lib.common.rest_client [req-94d3e828-c18e-4552-a8b5-5d5bc547403f req-94d3e828-c18e-4552-a8b5-5d5bc547403f ] Request (ServersTestMultiNic:_run_cleanups): 200 GET http://10.180.1.21/compute/v2.1/servers/f1f365f0-1d49-4838-8f34-6c3905da7932 0.058s
2024-12-12 14:04:36.907 68072 INFO tempest.lib.common.rest_client [req-ef7d8ffd-1f6d-459c-9c93-b7057aae6fdf req-ef7d8ffd-1f6d-459c-9c93-b7057aae6fdf ] Request (ServersNegativeTestJSON:setUpClass): 200 GET http://10.180.1.21/compute/v2.1/servers/dff92cbf-fe7e-4bbd-9b49-0bf20025f2b3 0.049s
2024-12-12 14:04:36.942 68093 INFO tempest.lib.common.rest_client [req-7d13d60f-d511-4ea8-96ae-d98b0bc9eb28 req-7d13d60f-d511-4ea8-96ae-d98b0bc9eb28 ] Request (SecurityGroupsTestJSON:test_server_security_groups): 200 GET http://10.180.1.21/compute/v2.1/servers/81e5c6eb-ca23-44f6-8ad4-bebac3fe146b 0.050s
2024-12-12 14:04:36.975 68068 INFO tempest.lib.common.rest_client [req-e4b31321-1517-4f56-8aa7-1046d9ed64d0 req-e4b31321-1517-4f56-8aa7-1046d9ed64d0 ] Request (ServersTestManualDisk:setUpClass): 200 GET http://10.180.1.21/compute/v2.1/servers/687c8f97-8e4a-4a95-bca9-710c0e8c98ff 0.055s
2024-12-12 14:04:37.037 68052 INFO tempest.lib.common.rest_client [req-5bf44b16-cf1e-403b-b1a4-018743a2e5ba req-5bf44b16-cf1e-403b-b1a4-018743a2e5ba ] Request (ServerRescueTestJSON:test_rescue_unrescue_instance): 200 GET http://10.180.1.21/compute/v2.1/servers/37f59a1a-2002-42da-b2fe-123649034f89 0.063s
2024-12-12 14:04:37.087 68062 INFO tempest.lib.common.rest_client [req-1386f65c-cee6-4872-a6bb-06cabdf2f264 req-1386f65c-cee6-4872-a6bb-06cabdf2f264 ] Request (ServersAdminNegativeTestJSON:test_migrate_server_invalid_state): 200 GET http://10.180.1.21/compute/v2.1/servers/7c9e8b0e-9762-420f-b84e-6a3eb24c99ce 0.079s
2024-12-12 14:04:37.117 68080 INFO tempest.lib.common.rest_client [req-e25d08dc-aac8-409e-afb5-a810fcff7d29 req-e25d08dc-aac8-409e-afb5-a810fcff7d29 ] Request (ListServersNegativeTestJSON:setUpClass): 200 GET http://10.180.1.21/compute/v2.1/servers/7bc81540-835a-470c-ab27-6ec1fb8d9cfc 0.109s
2024-12-12 14:04:37.174 68070 INFO tempest.lib.common.rest_client [req-52f408e3-0839-4171-9953-8e48d1c49d46 req-52f408e3-0839-4171-9953-8e48d1c49d46 ] Request (VolumesAdminNegativeTest:test_update_attached_volume_with_nonexistent_volume_in_body): 200 GET http://10.180.1.21/compute/v2.1/servers/b64116cf-848e-4a45-a8bc-401f9dd0fe9f 0.118s
2024-12-12 14:04:37.181 68036 WARNING tempest.lib.common.ssh [-] Failed to establish authenticated ssh connection to cirros@10.180.180.153 ([Errno None] Unable to connect to port 22 on 10.180.180.153). Number attempts: 10. Retry after 11 seconds.: paramiko.ssh_exception.NoValidConnectionsError: [Errno None] Unable to connect to port 22 on 10.180.180.153
2024-12-12 14:04:37.252 68058 INFO tempest.lib.common.rest_client [req-638ba259-367d-4e22-8070-b4b1f3380316 req-638ba259-367d-4e22-8070-b4b1f3380316 ] Request (FloatingIPsAssociationTestJSON:tearDownClass): 200 GET http://10.180.1.21/compute/v2.1/servers/05786a78-3acb-4ec4-b2c8-7da70719319c 0.085s
2024-12-12 14:04:37.305 68048 INFO tempest.lib.common.rest_client [req-d0cd155c-ebd6-41c2-bea3-90e886462712 req-d0cd155c-ebd6-41c2-bea3-90e886462712 ] Request (ServerDiagnosticsV248Test:test_get_server_diagnostics): 200 GET http://10.180.1.21/compute/v2.1/servers/d88a3d07-ca1b-4002-99a5-555fe6be3435 0.079s
2024-12-12 14:04:37.358 68042 INFO tempest.lib.common.rest_client [req-89904761-0a34-45e6-a019-dbc0f1a061dd req-89904761-0a34-45e6-a019-dbc0f1a061dd ] Request (ServersAdminTestJSON:test_inject_network_info): 200 GET http://10.180.1.21/compute/v2.1/servers/7911008d-bcbb-4fb3-89b5-fb38ccfbd591 0.093s
2024-12-12 14:04:37.405 68050 INFO tempest.lib.common.rest_client [req-41b84fc5-cd30-4f43-be2a-8f47e05c4d1b req-41b84fc5-cd30-4f43-be2a-8f47e05c4d1b ] Request (ImagesOneServerTestJSON:setUpClass): 200 GET http://10.180.1.21/compute/v2.1/servers/c54c2c2c-a066-4b23-b0ed-95c422024d3f 0.097s
2024-12-12 14:04:37.433 68040 INFO tempest.lib.common.rest_client [req-7d2825e7-9bb3-4dd0-bfe5-88fb16d3b2c1 req-7d2825e7-9bb3-4dd0-bfe5-88fb16d3b2c1 ] Request (DeleteServersAdminTestJSON:test_delete_server_while_in_error_state): 200 GET http://10.180.1.21/compute/v2.1/servers/25a805c5-d5cd-458f-ae1c-75ef08f5263b 0.184s
2024-12-12 14:04:37.457 68060 INFO tempest.lib.common.rest_client [req-b33a9604-bb48-451c-83f5-1d408babf220 req-b33a9604-bb48-451c-83f5-1d408babf220 ] Request (ServerTagsTestJSON:setUpClass): 200 GET http://10.180.1.21/compute/v2.1/servers/fd0d9093-eff3-41be-ad8e-bd2cf74acfec 0.061s
2024-12-12 14:04:37.507 68044 INFO tempest.lib.common.rest_client [req-827ff317-0ddd-466e-bfa1-e323aa4834ea req-827ff317-0ddd-466e-bfa1-e323aa4834ea ] Request (ServersTestFqdnHostnames:test_create_server_with_fqdn_name): 200 GET http://10.180.1.21/compute/v2.1/servers/ada46b59-e636-461e-8650-8051a98550dc 0.056s
2024-12-12 14:04:37.555 68086 INFO tempest.lib.common.rest_client [req-144a440f-4929-4b87-9a36-ef4808c5e381 req-144a440f-4929-4b87-9a36-ef4808c5e381 ] Request (ListImageFiltersTestJSON:setUpClass): 204 PUT http://10.180.1.21/image/v2/images/c9d9974b-7889-4202-917d-065dd6eb8733/file 0.669s
2024-12-12 14:04:37.560 68034 INFO tempest.lib.common.rest_client [req-9c107e25-335a-4abe-9505-7e1337bc4c7d req-9c107e25-335a-4abe-9505-7e1337bc4c7d ] Request (ImagesOneServerNegativeTestJSON:setUpClass): 200 GET http://10.180.1.21/compute/v2.1/servers/58cda789-5ec7-4f99-88aa-67efb74b9b62 0.091s
2024-12-12 14:04:37.584 68086 INFO tempest.lib.common.rest_client [req-bb69db6c-946a-4d74-b8e2-c90ae0da1035 req-bb69db6c-946a-4d74-b8e2-c90ae0da1035 ] Request (ListImageFiltersTestJSON:setUpClass): 200 GET http://10.180.1.21/compute/v2.1/images/c9d9974b-7889-4202-917d-065dd6eb8733 0.028s
2024-12-12 14:04:37.626 68064 INFO tempest.lib.common.rest_client [req-22829f56-7b85-4921-9518-30dde0d03a89 req-22829f56-7b85-4921-9518-30dde0d03a89 ] Request (ServerGroupTestJSON:test_create_server_with_scheduler_hint_group): 200 GET http://10.180.1.21/compute/v2.1/servers/6cb1a1a3-a953-47f1-bcbc-8c484409c460 0.044s
2024-12-12 14:04:37.650 68086 INFO tempest.lib.common.rest_client [req-4c60aa2f-2eb0-479f-9251-ffd42a14ec73 req-4c60aa2f-2eb0-479f-9251-ffd42a14ec73 ] Request (ListImageFiltersTestJSON:setUpClass): 200 GET http://10.180.1.21/compute/v2.1/images/c9d9974b-7889-4202-917d-065dd6eb8733 0.063s
2024-12-12 14:04:37.668 68032 INFO tempest.lib.common.rest_client [req-b104ece5-da79-4e4d-aa38-0185a2c861cf req-b104ece5-da79-4e4d-aa38-0185a2c861cf ] Request (ServerExternalEventsTest:test_create_server_external_events): 200 GET http://10.180.1.21/compute/v2.1/servers/78778b25-ccc1-495f-910c-34a2b57ecf3b 0.090s
2024-12-12 14:04:37.705 68086 INFO tempest.lib.common.rest_client [req-c2ae2aab-69dd-4532-8160-943f4b83fef8 req-c2ae2aab-69dd-4532-8160-943f4b83fef8 ] Request (ListImageFiltersTestJSON:setUpClass): 201 POST http://10.180.1.21/identity/v3/auth/tokens 0.050s
2024-12-12 14:04:37.705 68086 INFO tempest.lib.common.fixed_network [-] (ListImageFiltersTestJSON:setUpClass) Found network None available for tenant
2024-12-12 14:04:37.758 68090 INFO tempest.lib.common.rest_client [req-852d0cac-7827-41df-a34b-8e3008d57cab req-852d0cac-7827-41df-a34b-8e3008d57cab ] Request (ServerShowV257Test:tearDownClass): 200 GET http://10.180.1.21/compute/v2.1/servers/2bedcd22-de05-41b9-af59-37c0f3ad8969 0.056s
2024-12-12 14:04:37.801 68084 INFO tempest.lib.common.rest_client [req-3ba9116e-0513-4cef-83a4-0d7bbadb2582 req-3ba9116e-0513-4cef-83a4-0d7bbadb2582 ] Request (MigrationsAdminTest:test_resize_server_revert_deleted_flavor): 200 GET http://10.180.1.21/compute/v2.1/servers/42ace043-c368-4557-89fc-dbbf40c022ce 0.056s
2024-12-12 14:04:37.852 68082 INFO tempest.lib.common.rest_client [req-2d659c15-0193-40d9-978b-be3e7300fb27 req-2d659c15-0193-40d9-978b-be3e7300fb27 ] Request (AttachVolumeTestJSON:test_attach_detach_volume): 200 GET http://10.180.1.21/compute/v2.1/servers/57bcc753-9658-4126-ac0a-fa6b0bc1dc81 0.066s
2024-12-12 14:04:37.885 68086 INFO tempest.lib.common.rest_client [req-1c767dab-6eaf-4228-be28-3928f5817cc3 req-1c767dab-6eaf-4228-be28-3928f5817cc3 ] Request (ListImageFiltersTestJSON:setUpClass): 202 POST http://10.180.1.21/compute/v2.1/servers 0.179s
2024-12-12 14:04:37.899 68088 INFO tempest.lib.common.rest_client [req-90cd4862-e566-4f3e-af86-2c46bbb58c08 req-90cd4862-e566-4f3e-af86-2c46bbb58c08 ] Request (ServersTestJSON:test_create_server_specify_multibyte_character_name): 200 GET http://10.180.1.21/compute/v2.1/servers/b58ac762-c8e2-46c5-bd84-c0b70666aa5c 0.047s
2024-12-12 14:04:37.915 68086 INFO tempest.lib.common.rest_client [req-1c461e70-280b-44ef-80d0-91e5ca9e1d55 req-1c461e70-280b-44ef-80d0-91e5ca9e1d55 ] Request (ListImageFiltersTestJSON:setUpClass): 201 POST http://10.180.1.21/identity/v3/auth/tokens 0.026s
2024-12-12 14:04:37.915 68086 INFO tempest.lib.common.fixed_network [-] (ListImageFiltersTestJSON:setUpClass) Found network None available for tenant
2024-12-12 14:04:37.961 68066 INFO tempest.lib.common.rest_client [req-a53fd543-4fbc-406c-b0a8-0f38b87e3df9 req-a53fd543-4fbc-406c-b0a8-0f38b87e3df9 ] Request (ServersTestMultiNic:_run_cleanups): 200 GET http://10.180.1.21/compute/v2.1/servers/f1f365f0-1d49-4838-8f34-6c3905da7932 0.056s
2024-12-12 14:04:37.961 68072 INFO tempest.lib.common.rest_client [req-7c2b519a-82cc-461b-a130-9928ee84a3d6 req-7c2b519a-82cc-461b-a130-9928ee84a3d6 ] Request (ServersNegativeTestJSON:setUpClass): 200 GET http://10.180.1.21/compute/v2.1/servers/dff92cbf-fe7e-4bbd-9b49-0bf20025f2b3 0.047s
2024-12-12 14:04:38.004 68093 INFO tempest.lib.common.rest_client [req-65832124-b14f-4c61-9bc1-d0a51285145f req-65832124-b14f-4c61-9bc1-d0a51285145f ] Request (SecurityGroupsTestJSON:test_server_security_groups): 200 GET http://10.180.1.21/compute/v2.1/servers/81e5c6eb-ca23-44f6-8ad4-bebac3fe146b 0.055s
2024-12-12 14:04:38.045 68068 INFO tempest.lib.common.rest_client [req-df63d8a0-db25-4cbd-9fb0-9c660f795478 req-df63d8a0-db25-4cbd-9fb0-9c660f795478 ] Request (ServersTestManualDisk:setUpClass): 200 GET http://10.180.1.21/compute/v2.1/servers/687c8f97-8e4a-4a95-bca9-710c0e8c98ff 0.063s
2024-12-12 14:04:38.092 68052 INFO tempest.lib.common.rest_client [req-fd6e2a8c-322a-42a9-b51f-0c758091da24 req-fd6e2a8c-322a-42a9-b51f-0c758091da24 ] Request (ServerRescueTestJSON:test_rescue_unrescue_instance): 200 GET http://10.180.1.21/compute/v2.1/servers/37f59a1a-2002-42da-b2fe-123649034f89 0.046s
2024-12-12 14:04:38.146 68086 INFO tempest.lib.common.rest_client [req-2a7461d5-c329-434e-a37e-76af556b15f7 req-2a7461d5-c329-434e-a37e-76af556b15f7 ] Request (ListImageFiltersTestJSON:setUpClass): 202 POST http://10.180.1.21/compute/v2.1/servers 0.230s
2024-12-12 14:04:38.149 68062 INFO tempest.lib.common.rest_client [req-2632975e-853c-41d9-85a3-4ca4eba67c48 req-2632975e-853c-41d9-85a3-4ca4eba67c48 ] Request (ServersAdminNegativeTestJSON:test_migrate_server_invalid_state): 200 GET http://10.180.1.21/compute/v2.1/servers/7c9e8b0e-9762-420f-b84e-6a3eb24c99ce 0.053s
2024-12-12 14:04:38.183 68086 INFO tempest.lib.common.rest_client [req-b78e6900-41a6-43ad-8762-daf2dfc737c9 req-b78e6900-41a6-43ad-8762-daf2dfc737c9 ] Request (ListImageFiltersTestJSON:setUpClass): 200 GET http://10.180.1.21/compute/v2.1/servers/cd606483-2cfa-4a3f-af12-cde244aa4a7c 0.036s
2024-12-12 14:04:38.188 68080 INFO tempest.lib.common.rest_client [req-f5e77038-a16e-49ca-9948-ff09a23c9bf4 req-f5e77038-a16e-49ca-9948-ff09a23c9bf4 ] Request (ListServersNegativeTestJSON:setUpClass): 200 GET http://10.180.1.21/compute/v2.1/servers/7bc81540-835a-470c-ab27-6ec1fb8d9cfc 0.061s
2024-12-12 14:04:38.230 68070 INFO tempest.lib.common.rest_client [req-db754c12-a9c3-4e0b-9ac0-828444270cb9 req-db754c12-a9c3-4e0b-9ac0-828444270cb9 ] Request (VolumesAdminNegativeTest:test_update_attached_volume_with_nonexistent_volume_in_body): 200 GET http://10.180.1.21/compute/v2.1/servers/b64116cf-848e-4a45-a8bc-401f9dd0fe9f 0.048s
2024-12-12 14:04:38.368 68048 INFO tempest.lib.common.rest_client [req-0873cb15-bf3a-4523-bf09-b7bcf7be1724 req-0873cb15-bf3a-4523-bf09-b7bcf7be1724 ] Request (ServerDiagnosticsV248Test:test_get_server_diagnostics): 200 GET http://10.180.1.21/compute/v2.1/servers/d88a3d07-ca1b-4002-99a5-555fe6be3435 0.052s
2024-12-12 14:04:38.423 68042 INFO tempest.lib.common.rest_client [req-9ba9233f-2538-4167-af5a-30a9b0197424 req-9ba9233f-2538-4167-af5a-30a9b0197424 ] Request (ServersAdminTestJSON:test_inject_network_info): 200 GET http://10.180.1.21/compute/v2.1/servers/7911008d-bcbb-4fb3-89b5-fb38ccfbd591 0.055s
2024-12-12 14:04:38.480 68050 INFO tempest.lib.common.rest_client [req-da9b8fc5-a380-4413-8dcf-b94eb4938841 req-da9b8fc5-a380-4413-8dcf-b94eb4938841 ] Request (ImagesOneServerTestJSON:setUpClass): 200 GET http://10.180.1.21/compute/v2.1/servers/c54c2c2c-a066-4b23-b0ed-95c422024d3f 0.067s
2024-12-12 14:04:38.517 68058 INFO tempest.lib.common.rest_client [req-d432b056-e23a-4d9d-b6fb-c7182d4fe939 req-d432b056-e23a-4d9d-b6fb-c7182d4fe939 ] Request (FloatingIPsAssociationTestJSON:tearDownClass): 200 GET http://10.180.1.21/compute/v2.1/servers/05786a78-3acb-4ec4-b2c8-7da70719319c 0.257s
2024-12-12 14:04:38.579 68060 INFO tempest.lib.common.rest_client [req-e60a444c-deb7-4e4b-9cf7-3e7be2945543 req-e60a444c-deb7-4e4b-9cf7-3e7be2945543 ] Request (ServerTagsTestJSON:setUpClass): 200 GET http://10.180.1.21/compute/v2.1/servers/fd0d9093-eff3-41be-ad8e-bd2cf74acfec 0.110s
2024-12-12 14:04:38.586 68060 INFO tempest.common.waiters [-] State transition "BUILD/None" ==> "BUILD/networking" after 37 second wait
2024-12-12 14:04:38.617 68040 INFO tempest.lib.common.rest_client [req-643a0a79-d90e-443c-b6fa-bda448985dca req-643a0a79-d90e-443c-b6fa-bda448985dca ] Request (DeleteServersAdminTestJSON:test_delete_server_while_in_error_state): 200 GET http://10.180.1.21/compute/v2.1/servers/25a805c5-d5cd-458f-ae1c-75ef08f5263b 0.176s
2024-12-12 14:04:38.666 68044 INFO tempest.lib.common.rest_client [req-4b750956-6f56-411f-a6cb-479de9acedd0 req-4b750956-6f56-411f-a6cb-479de9acedd0 ] Request (ServersTestFqdnHostnames:test_create_server_with_fqdn_name): 200 GET http://10.180.1.21/compute/v2.1/servers/ada46b59-e636-461e-8650-8051a98550dc 0.152s
2024-12-12 14:04:38.712 68064 INFO tempest.lib.common.rest_client [req-94ac6264-81b3-4c83-b6f9-44da63f4b928 req-94ac6264-81b3-4c83-b6f9-44da63f4b928 ] Request (ServerGroupTestJSON:test_create_server_with_scheduler_hint_group): 200 GET http://10.180.1.21/compute/v2.1/servers/6cb1a1a3-a953-47f1-bcbc-8c484409c460 0.080s
2024-12-12 14:04:38.720 68034 INFO tempest.lib.common.rest_client [req-c608da96-fce7-4f68-a4c0-5a67d8fe6088 req-c608da96-fce7-4f68-a4c0-5a67d8fe6088 ] Request (ImagesOneServerNegativeTestJSON:setUpClass): 200 GET http://10.180.1.21/compute/v2.1/servers/58cda789-5ec7-4f99-88aa-67efb74b9b62 0.152s
2024-12-12 14:04:38.792 68090 INFO tempest.lib.common.rest_client [req-ab1bc1cf-08b7-423f-a66c-e69da29a6ec4 req-ab1bc1cf-08b7-423f-a66c-e69da29a6ec4 ] Request (ServerShowV257Test:tearDownClass): 404 GET http://10.180.1.21/compute/v2.1/servers/2bedcd22-de05-41b9-af59-37c0f3ad8969 0.026s
2024-12-12 14:04:38.809 68032 INFO tempest.lib.common.rest_client [req-8cd196cb-1b1c-4778-b036-5daea5a9b081 req-8cd196cb-1b1c-4778-b036-5daea5a9b081 ] Request (ServerExternalEventsTest:test_create_server_external_events): 200 GET http://10.180.1.21/compute/v2.1/servers/78778b25-ccc1-495f-910c-34a2b57ecf3b 0.135s
2024-12-12 14:04:38.868 68084 INFO tempest.lib.common.rest_client [req-0cc0a592-6608-42ac-89f5-98a77531414d req-0cc0a592-6608-42ac-89f5-98a77531414d ] Request (MigrationsAdminTest:test_resize_server_revert_deleted_flavor): 200 GET http://10.180.1.21/compute/v2.1/servers/42ace043-c368-4557-89fc-dbbf40c022ce 0.060s
2024-12-12 14:04:38.895 68090 INFO tempest.lib.common.rest_client [req-7ee2dccc-2e04-4115-aab4-2e54b0fe503a req-7ee2dccc-2e04-4115-aab4-2e54b0fe503a ] Request (ServerShowV257Test:tearDownClass): 204 DELETE http://10.180.1.21/identity/v3/users/eb8dc35f16284492820b15170f8d65f6 0.102s
2024-12-12 14:04:38.895 68090 INFO tempest.lib.common.dynamic_creds [-] Deleting project and security group for project: a63a0d8388474e8db2cca10ea3df4e2b
2024-12-12 14:04:38.928 68082 INFO tempest.lib.common.rest_client [req-999b949e-2542-4baf-bc31-16e1d61eb689 req-999b949e-2542-4baf-bc31-16e1d61eb689 ] Request (AttachVolumeTestJSON:test_attach_detach_volume): 200 GET http://10.180.1.21/compute/v2.1/servers/57bcc753-9658-4126-ac0a-fa6b0bc1dc81 0.069s
2024-12-12 14:04:38.965 68088 INFO tempest.lib.common.rest_client [req-022ea2ca-49f0-4e06-b96a-1dd4b0a6ce70 req-022ea2ca-49f0-4e06-b96a-1dd4b0a6ce70 ] Request (ServersTestJSON:test_create_server_specify_multibyte_character_name): 200 GET http://10.180.1.21/compute/v2.1/servers/b58ac762-c8e2-46c5-bd84-c0b70666aa5c 0.059s
2024-12-12 14:04:38.978 68090 INFO tempest.lib.common.rest_client [req-73fe8328-aa00-46a8-a6f7-ad6fa0644527 req-73fe8328-aa00-46a8-a6f7-ad6fa0644527 ] Request (ServerShowV257Test:tearDownClass): 201 POST http://10.180.1.21/identity/v3/auth/tokens 0.083s
2024-12-12 14:04:39.031 68072 INFO tempest.lib.common.rest_client [req-9aad607a-a301-4b3a-a591-a47b509d6697 req-9aad607a-a301-4b3a-a591-a47b509d6697 ] Request (ServersNegativeTestJSON:setUpClass): 200 GET http://10.180.1.21/compute/v2.1/servers/dff92cbf-fe7e-4bbd-9b49-0bf20025f2b3 0.060s
2024-12-12 14:04:39.040 68066 INFO tempest.lib.common.rest_client [req-bcdba19d-cd1c-4796-b0e8-06b6ed8b8e99 req-bcdba19d-cd1c-4796-b0e8-06b6ed8b8e99 ] Request (ServersTestMultiNic:_run_cleanups): 200 GET http://10.180.1.21/compute/v2.1/servers/f1f365f0-1d49-4838-8f34-6c3905da7932 0.068s
2024-12-12 14:04:39.086 68093 INFO tempest.lib.common.rest_client [req-57275a45-e2ca-4a82-a7fb-eb31391603e8 req-57275a45-e2ca-4a82-a7fb-eb31391603e8 ] Request (SecurityGroupsTestJSON:test_server_security_groups): 200 GET http://10.180.1.21/compute/v2.1/servers/81e5c6eb-ca23-44f6-8ad4-bebac3fe146b 0.076s
2024-12-12 14:04:39.123 68068 INFO tempest.lib.common.rest_client [req-77350a20-dca7-4cdd-b8bf-2b7a98cf1922 req-77350a20-dca7-4cdd-b8bf-2b7a98cf1922 ] Request (ServersTestManualDisk:setUpClass): 200 GET http://10.180.1.21/compute/v2.1/servers/687c8f97-8e4a-4a95-bca9-710c0e8c98ff 0.069s
2024-12-12 14:04:39.167 68052 INFO tempest.lib.common.rest_client [req-79370235-13c9-41a2-afd5-a8c5186446cb req-79370235-13c9-41a2-afd5-a8c5186446cb ] Request (ServerRescueTestJSON:test_rescue_unrescue_instance): 200 GET http://10.180.1.21/compute/v2.1/servers/37f59a1a-2002-42da-b2fe-123649034f89 0.068s
2024-12-12 14:04:39.182 68090 INFO tempest.lib.common.rest_client [req-9e67316c-a108-469b-b451-e4f8ad1e4c4b req-9e67316c-a108-469b-b451-e4f8ad1e4c4b ] Request (ServerShowV257Test:tearDownClass): 200 GET http://10.180.1.21:9696/networking/v2.0/security-groups?tenant_id=a63a0d8388474e8db2cca10ea3df4e2b&name=default 0.203s
2024-12-12 14:04:39.222 68062 INFO tempest.lib.common.rest_client [req-f4e94316-2f88-43e3-84c3-e1a781cdbfa3 req-f4e94316-2f88-43e3-84c3-e1a781cdbfa3 ] Request (ServersAdminNegativeTestJSON:test_migrate_server_invalid_state): 200 GET http://10.180.1.21/compute/v2.1/servers/7c9e8b0e-9762-420f-b84e-6a3eb24c99ce 0.064s
2024-12-12 14:04:39.253 68086 INFO tempest.lib.common.rest_client [req-ffcb47fa-cb74-407c-af90-e8064ba50b31 req-ffcb47fa-cb74-407c-af90-e8064ba50b31 ] Request (ListImageFiltersTestJSON:setUpClass): 200 GET http://10.180.1.21/compute/v2.1/servers/cd606483-2cfa-4a3f-af12-cde244aa4a7c 0.063s
2024-12-12 14:04:39.276 68080 INFO tempest.lib.common.rest_client [req-5c6ada61-b0d2-4b59-8ab5-ec8f77b7837e req-5c6ada61-b0d2-4b59-8ab5-ec8f77b7837e ] Request (ListServersNegativeTestJSON:setUpClass): 200 GET http://10.180.1.21/compute/v2.1/servers/7bc81540-835a-470c-ab27-6ec1fb8d9cfc 0.082s
2024-12-12 14:04:39.277 68090 INFO tempest.lib.common.rest_client [req-635ee209-e264-44a4-80cc-c06283719b21 req-635ee209-e264-44a4-80cc-c06283719b21 ] Request (ServerShowV257Test:tearDownClass): 204 DELETE http://10.180.1.21:9696/networking/v2.0/security-groups/1e5636a4-6703-4030-8854-f38cb81acc1c 0.094s
2024-12-12 14:04:39.306 68070 INFO tempest.lib.common.rest_client [req-4275a92f-a9ac-4265-ac16-c5f163cde049 req-4275a92f-a9ac-4265-ac16-c5f163cde049 ] Request (VolumesAdminNegativeTest:test_update_attached_volume_with_nonexistent_volume_in_body): 200 GET http://10.180.1.21/compute/v2.1/servers/b64116cf-848e-4a45-a8bc-401f9dd0fe9f 0.066s
2024-12-12 14:04:39.352 68076 WARNING tempest.lib.common.ssh [-] Failed to establish authenticated ssh connection to cirros@10.180.180.160 ([Errno None] Unable to connect to port 22 on 10.180.180.160). Number attempts: 6. Retry after 7 seconds.: paramiko.ssh_exception.NoValidConnectionsError: [Errno None] Unable to connect to port 22 on 10.180.180.160
2024-12-12 14:04:39.353 68090 INFO tempest.lib.common.rest_client [req-72b2e586-a7f8-422b-93af-e997ddf7ee8f req-72b2e586-a7f8-422b-93af-e997ddf7ee8f ] Request (ServerShowV257Test:tearDownClass): 204 DELETE http://10.180.1.21/identity/v3/projects/a63a0d8388474e8db2cca10ea3df4e2b 0.076s
2024-12-12 14:04:39.354 68090 INFO tempest.test [-] raised in AttachVolumeMultiAttachTest.setUpClass. Invoking tearDownClass.
2024-12-12 14:04:39.443 68048 INFO tempest.lib.common.rest_client [req-be138a58-1cb0-466c-82c8-064b6ae846eb req-be138a58-1cb0-466c-82c8-064b6ae846eb ] Request (ServerDiagnosticsV248Test:test_get_server_diagnostics): 200 GET http://10.180.1.21/compute/v2.1/servers/d88a3d07-ca1b-4002-99a5-555fe6be3435 0.062s
2024-12-12 14:04:39.488 68042 INFO tempest.lib.common.rest_client [req-6886b514-c81f-4d8f-99af-f5941c34a6d0 req-6886b514-c81f-4d8f-99af-f5941c34a6d0 ] Request (ServersAdminTestJSON:test_inject_network_info): 200 GET http://10.180.1.21/compute/v2.1/servers/7911008d-bcbb-4fb3-89b5-fb38ccfbd591 0.057s
2024-12-12 14:04:39.555 68050 INFO tempest.lib.common.rest_client [req-348adfc7-fea0-436b-b0e5-ae16b4877c5f req-348adfc7-fea0-436b-b0e5-ae16b4877c5f ] Request (ImagesOneServerTestJSON:setUpClass): 200 GET http://10.180.1.21/compute/v2.1/servers/c54c2c2c-a066-4b23-b0ed-95c422024d3f 0.064s
2024-12-12 14:04:39.582 68058 INFO tempest.lib.common.rest_client [req-e77d2e6d-ef80-4575-be18-28bac595b7b0 req-e77d2e6d-ef80-4575-be18-28bac595b7b0 ] Request (FloatingIPsAssociationTestJSON:tearDownClass): 200 GET http://10.180.1.21/compute/v2.1/servers/05786a78-3acb-4ec4-b2c8-7da70719319c 0.058s
2024-12-12 14:04:39.710 68060 INFO tempest.lib.common.rest_client [req-97aa1b36-e2aa-49c0-8388-5988fa4799e9 req-97aa1b36-e2aa-49c0-8388-5988fa4799e9 ] Request (ServerTagsTestJSON:setUpClass): 200 GET http://10.180.1.21/compute/v2.1/servers/fd0d9093-eff3-41be-ad8e-bd2cf74acfec 0.122s
2024-12-12 14:04:39.718 68060 INFO tempest.common.waiters [-] State transition "BUILD/networking" ==> "BUILD/block_device_mapping" after 38 second wait
2024-12-12 14:04:39.761 68040 INFO tempest.lib.common.rest_client [req-c3087dc7-89d0-43ca-a021-010121c9af1b req-c3087dc7-89d0-43ca-a021-010121c9af1b ] Request (DeleteServersAdminTestJSON:test_delete_server_while_in_error_state): 200 GET http://10.180.1.21/compute/v2.1/servers/25a805c5-d5cd-458f-ae1c-75ef08f5263b 0.136s
2024-12-12 14:04:39.763 68044 INFO tempest.lib.common.rest_client [req-10eb8a22-9f9f-4d93-aeed-37b8fb9a55c1 req-10eb8a22-9f9f-4d93-aeed-37b8fb9a55c1 ] Request (ServersTestFqdnHostnames:test_create_server_with_fqdn_name): 200 GET http://10.180.1.21/compute/v2.1/servers/ada46b59-e636-461e-8650-8051a98550dc 0.090s
2024-12-12 14:04:39.815 68064 INFO tempest.lib.common.rest_client [req-76d47f6b-aa16-45b6-9607-af0b672f2c55 req-76d47f6b-aa16-45b6-9607-af0b672f2c55 ] Request (ServerGroupTestJSON:test_create_server_with_scheduler_hint_group): 200 GET http://10.180.1.21/compute/v2.1/servers/6cb1a1a3-a953-47f1-bcbc-8c484409c460 0.096s
2024-12-12 14:04:39.906 68034 INFO tempest.lib.common.rest_client [req-07968b6a-1ebd-4cef-95ac-6c7dc4921a15 req-07968b6a-1ebd-4cef-95ac-6c7dc4921a15 ] Request (ImagesOneServerNegativeTestJSON:setUpClass): 200 GET http://10.180.1.21/compute/v2.1/servers/58cda789-5ec7-4f99-88aa-67efb74b9b62 0.179s
2024-12-12 14:04:39.948 68032 INFO tempest.lib.common.rest_client [req-94665082-dfe5-47f8-8dd8-32bc2b4fccfe req-94665082-dfe5-47f8-8dd8-32bc2b4fccfe ] Request (ServerExternalEventsTest:test_create_server_external_events): 200 GET http://10.180.1.21/compute/v2.1/servers/78778b25-ccc1-495f-910c-34a2b57ecf3b 0.130s
2024-12-12 14:04:39.948 68084 INFO tempest.lib.common.rest_client [req-ecd0e9d8-b68b-40a4-935e-134f81197d6a req-ecd0e9d8-b68b-40a4-935e-134f81197d6a ] Request (MigrationsAdminTest:test_resize_server_revert_deleted_flavor): 200 GET http://10.180.1.21/compute/v2.1/servers/42ace043-c368-4557-89fc-dbbf40c022ce 0.072s
2024-12-12 14:04:39.990 68082 INFO tempest.lib.common.rest_client [req-6410b1a1-548a-40c7-a083-c083d4f52c8e req-6410b1a1-548a-40c7-a083-c083d4f52c8e ] Request (AttachVolumeTestJSON:test_attach_detach_volume): 200 GET http://10.180.1.21/compute/v2.1/servers/57bcc753-9658-4126-ac0a-fa6b0bc1dc81 0.054s
2024-12-12 14:04:40.025 68088 INFO tempest.lib.common.rest_client [req-88f81a56-5116-4ae9-a984-ac8d796ce6de req-88f81a56-5116-4ae9-a984-ac8d796ce6de ] Request (ServersTestJSON:test_create_server_specify_multibyte_character_name): 200 GET http://10.180.1.21/compute/v2.1/servers/b58ac762-c8e2-46c5-bd84-c0b70666aa5c 0.049s
2024-12-12 14:04:40.089 68072 INFO tempest.lib.common.rest_client [req-88956bc8-d290-4d0b-a0bb-59eb1c30c990 req-88956bc8-d290-4d0b-a0bb-59eb1c30c990 ] Request (ServersNegativeTestJSON:setUpClass): 200 GET http://10.180.1.21/compute/v2.1/servers/dff92cbf-fe7e-4bbd-9b49-0bf20025f2b3 0.049s
2024-12-12 14:04:40.104 68066 INFO tempest.lib.common.rest_client [req-c1b3b4e1-07ef-49f1-8ffc-4b3976c1aa39 req-c1b3b4e1-07ef-49f1-8ffc-4b3976c1aa39 ] Request (ServersTestMultiNic:_run_cleanups): 200 GET http://10.180.1.21/compute/v2.1/servers/f1f365f0-1d49-4838-8f34-6c3905da7932 0.056s
2024-12-12 14:04:40.147 68093 INFO tempest.lib.common.rest_client [req-f2d92689-a4db-4fc4-8679-b45ddc73028f req-f2d92689-a4db-4fc4-8679-b45ddc73028f ] Request (SecurityGroupsTestJSON:test_server_security_groups): 200 GET http://10.180.1.21/compute/v2.1/servers/81e5c6eb-ca23-44f6-8ad4-bebac3fe146b 0.053s
2024-12-12 14:04:40.186 68068 INFO tempest.lib.common.rest_client [req-7efd5b36-31ed-44b7-8a81-db79081972d3 req-7efd5b36-31ed-44b7-8a81-db79081972d3 ] Request (ServersTestManualDisk:setUpClass): 200 GET http://10.180.1.21/compute/v2.1/servers/687c8f97-8e4a-4a95-bca9-710c0e8c98ff 0.054s
2024-12-12 14:04:40.230 68052 INFO tempest.lib.common.rest_client [req-45a52f10-7a5e-49b7-8ae4-3602fc509c1f req-45a52f10-7a5e-49b7-8ae4-3602fc509c1f ] Request (ServerRescueTestJSON:test_rescue_unrescue_instance): 200 GET http://10.180.1.21/compute/v2.1/servers/37f59a1a-2002-42da-b2fe-123649034f89 0.050s
2024-12-12 14:04:40.282 68062 INFO tempest.lib.common.rest_client [req-8d3aec81-bd29-4bba-9a0a-3a6ec5e389c9 req-8d3aec81-bd29-4bba-9a0a-3a6ec5e389c9 ] Request (ServersAdminNegativeTestJSON:test_migrate_server_invalid_state): 200 GET http://10.180.1.21/compute/v2.1/servers/7c9e8b0e-9762-420f-b84e-6a3eb24c99ce 0.049s
2024-12-12 14:04:40.320 68086 INFO tempest.lib.common.rest_client [req-aea3c7c3-7eda-47e9-9730-7a5825d36978 req-aea3c7c3-7eda-47e9-9730-7a5825d36978 ] Request (ListImageFiltersTestJSON:setUpClass): 200 GET http://10.180.1.21/compute/v2.1/servers/cd606483-2cfa-4a3f-af12-cde244aa4a7c 0.056s
2024-12-12 14:04:40.332 68080 INFO tempest.lib.common.rest_client [req-1126e81f-cc68-45f4-95e4-574ef7a6eccf req-1126e81f-cc68-45f4-95e4-574ef7a6eccf ] Request (ListServersNegativeTestJSON:setUpClass): 200 GET http://10.180.1.21/compute/v2.1/servers/7bc81540-835a-470c-ab27-6ec1fb8d9cfc 0.048s
2024-12-12 14:04:40.365 68070 INFO tempest.lib.common.rest_client [req-9d61e68b-494f-4c1d-a106-4b76dd39b612 req-9d61e68b-494f-4c1d-a106-4b76dd39b612 ] Request (VolumesAdminNegativeTest:test_update_attached_volume_with_nonexistent_volume_in_body): 200 GET http://10.180.1.21/compute/v2.1/servers/b64116cf-848e-4a45-a8bc-401f9dd0fe9f 0.051s
2024-12-12 14:04:40.505 68048 INFO tempest.lib.common.rest_client [req-4389bc6e-d965-4750-ba2c-9eb911cb8e02 req-4389bc6e-d965-4750-ba2c-9eb911cb8e02 ] Request (ServerDiagnosticsV248Test:test_get_server_diagnostics): 200 GET http://10.180.1.21/compute/v2.1/servers/d88a3d07-ca1b-4002-99a5-555fe6be3435 0.050s
2024-12-12 14:04:40.556 68042 INFO tempest.lib.common.rest_client [req-98a5489c-efa8-4c65-87d5-0c1f89415f68 req-98a5489c-efa8-4c65-87d5-0c1f89415f68 ] Request (ServersAdminTestJSON:test_inject_network_info): 200 GET http://10.180.1.21/compute/v2.1/servers/7911008d-bcbb-4fb3-89b5-fb38ccfbd591 0.052s
