2024-12-12 14:03:33.939 68093 INFO tempest.lib.common.rest_client [req-ecc39710-84d2-45cf-a429-ad7969ba6a32 req-ecc39710-84d2-45cf-a429-ad7969ba6a32 ] Request (SecurityGroupsTestJSON:test_list_security_groups_by_server): 200 GET http://10.180.1.21/compute/v2.1/servers/8cd420df-88e4-4174-b6e6-753b128f055d 2.942s
2024-12-12 14:03:34.017 68052 INFO tempest.lib.common.rest_client [req-0735c6c2-f1b7-4f11-96e7-825d3610a63c req-0735c6c2-f1b7-4f11-96e7-825d3610a63c ] Request (FloatingIPsTestJSON:tearDownClass): 200 GET http://10.180.1.21:9696/networking/v2.0/security-groups?tenant_id=ca6006f3cd0d47dd998d4dc9aea4bd95&name=default 0.107s
2024-12-12 14:03:34.058 68080 INFO tempest.lib.common.rest_client [req-5af255cb-a2da-4314-bc4f-0e88625922c2 req-5af255cb-a2da-4314-bc4f-0e88625922c2 ] Request (FloatingIPsAssociationNegativeTestJSON:test_associate_ip_to_server_with_floating_ip): 202 POST http://10.180.1.21/compute/v2.1/servers/8789cf92-9fcf-4bc5-af18-c621c373181b/action 3.823s
2024-12-12 14:03:34.118 68086 INFO tempest.lib.common.rest_client [req-150814c8-45e3-451c-a8a9-063594b88a09 req-150814c8-45e3-451c-a8a9-063594b88a09 ] Request (ServersAdmin275Test:test_rebuild_update_server_275): 200 GET http://10.180.1.21/compute/v2.1/servers/8de62141-0f55-411a-b06a-f4e63a433b8b 3.018s
2024-12-12 14:03:34.124 68060 INFO tempest.lib.common.rest_client [req-3ae8db9b-8fe9-47df-a3f2-c7ce5b5bcf14 req-3ae8db9b-8fe9-47df-a3f2-c7ce5b5bcf14 ] Request (FloatingIPDetailsTestJSON:tearDownClass): 204 DELETE http://10.180.1.21:9696/networking/v2.0/routers/13d53542-8ec7-4949-890d-ba2443d8d129 0.618s
2024-12-12 14:03:34.130 68086 INFO tempest.common.waiters [-] State transition "REBUILD/rebuild_spawning" ==> "ACTIVE/None" after 11 second wait
2024-12-12 14:03:34.178 68052 INFO tempest.lib.common.rest_client [req-d2566047-e154-49f4-972a-b8200579aa6e req-d2566047-e154-49f4-972a-b8200579aa6e ] Request (FloatingIPsTestJSON:tearDownClass): 204 DELETE http://10.180.1.21:9696/networking/v2.0/security-groups/810bb711-6a99-4a04-aacc-807aa04ca063 0.160s
2024-12-12 14:03:34.193 68062 INFO tempest.lib.common.rest_client [req-3a29155f-1334-48e1-abea-a3c987ec573d req-3a29155f-1334-48e1-abea-a3c987ec573d ] Request (SecurityGroupsTestAdminJSON:tearDownClass): 204 DELETE http://10.180.1.21:9696/networking/v2.0/security-groups/35ea0e73-1007-498d-99ae-8977996f7071 0.311s
2024-12-12 14:03:34.208 68090 INFO tempest.lib.common.rest_client [req-b197cba6-8837-4c3c-8116-263f86556117 req-b197cba6-8837-4c3c-8116-263f86556117 ] Request (ServerShowV257Test:test_rebuild_server): 200 GET http://10.180.1.21/compute/v2.1/servers/2bedcd22-de05-41b9-af59-37c0f3ad8969 2.957s
2024-12-12 14:03:34.276 68038 INFO tempest.lib.common.rest_client [req-bb0ac87c-148e-475c-810f-c232f48c253a req-bb0ac87c-148e-475c-810f-c232f48c253a ] Request (ServerActionsTestOtherA:setUpClass): 200 GET http://10.180.1.21/compute/v2.1/servers/565f3e30-b352-4f31-ae46-769c18fb8c12 2.936s
2024-12-12 14:03:34.299 68082 INFO tempest.lib.common.rest_client [req-aeb0f221-2b07-4628-826a-1dbe1ec3204e req-aeb0f221-2b07-4628-826a-1dbe1ec3204e ] Request (ListImagesTestJSON:test_get_image): 200 GET http://10.180.1.21/compute/v2.1/images/e2d5bd27-1b7d-4255-a1df-e035847393df 3.089s
2024-12-12 14:03:34.312 68052 INFO tempest.lib.common.rest_client [req-eae47b98-86f2-4e05-ae01-4b7bc5c5d663 req-eae47b98-86f2-4e05-ae01-4b7bc5c5d663 ] Request (FloatingIPsTestJSON:tearDownClass): 204 DELETE http://10.180.1.21/identity/v3/projects/ca6006f3cd0d47dd998d4dc9aea4bd95 0.134s
2024-12-12 14:03:34.313 68062 INFO tempest.lib.common.rest_client [req-e5c202f2-6ef4-4932-b57b-af819f590f5f req-e5c202f2-6ef4-4932-b57b-af819f590f5f ] Request (SecurityGroupsTestAdminJSON:tearDownClass): 204 DELETE http://10.180.1.21/identity/v3/projects/47160d46a7964b5b82c52867558322d5 0.120s
2024-12-12 14:03:34.341 68042 INFO tempest.lib.common.rest_client [req-0812a267-9d8f-41ed-ab03-6141227bab80 req-0812a267-9d8f-41ed-ab03-6141227bab80 ] Request (ServersAdminTestJSON:test_create_server_with_scheduling_hint): 200 GET http://10.180.1.21/compute/v2.1/servers/f2024142-be0c-465d-8e21-20dc270d760d 2.926s
2024-12-12 14:03:34.366 68060 INFO tempest.lib.common.rest_client [req-04fb1687-8f26-4c74-b2d1-1c24a395cdfa req-04fb1687-8f26-4c74-b2d1-1c24a395cdfa ] Request (FloatingIPDetailsTestJSON:tearDownClass): 204 DELETE http://10.180.1.21:9696/networking/v2.0/subnets/9f8485a4-ed63-4b40-83f5-66f67154e208 0.241s
2024-12-12 14:03:34.389 68052 INFO tempest.lib.common.rest_client [req-65580856-3498-40ea-a710-0cf86ed78512 req-65580856-3498-40ea-a710-0cf86ed78512 ] Request (ServerRescueTestJSON:setUpClass): 201 POST http://10.180.1.21/identity/v3/auth/tokens 0.073s
2024-12-12 14:03:34.396 68062 INFO tempest.lib.common.rest_client [req-0db2cb86-0941-42d0-8f39-53c0e78b8019 req-0db2cb86-0941-42d0-8f39-53c0e78b8019 ] Request (ServersAdminNegativeTestJSON:setUpClass): 201 POST http://10.180.1.21/identity/v3/auth/tokens 0.080s
2024-12-12 14:03:34.414 68050 INFO tempest.lib.common.rest_client [req-58725c5c-e690-40a9-8a95-af98be7dca49 req-58725c5c-e690-40a9-8a95-af98be7dca49 ] Request (ImagesNegativeTestJSON:test_create_image_from_deleted_server): 200 GET http://10.180.1.21/compute/v2.1/servers/de8f6b52-0c76-471d-ba59-5879bcf8428e 2.467s
2024-12-12 14:03:34.421 68052 INFO tempest.lib.common.rest_client [req-d97fec2e-7bdf-48d3-8207-3a7730799fe5 req-d97fec2e-7bdf-48d3-8207-3a7730799fe5 ] Request (ServerRescueTestJSON:setUpClass): 201 POST http://10.180.1.21/identity/v3/auth/tokens 0.029s
2024-12-12 14:03:34.426 68062 INFO tempest.lib.common.rest_client [req-a8b68cf7-4b64-4a7f-b2e2-7e7e6b3d1f8f req-a8b68cf7-4b64-4a7f-b2e2-7e7e6b3d1f8f ] Request (ServersAdminNegativeTestJSON:setUpClass): 201 POST http://10.180.1.21/identity/v3/auth/tokens 0.028s
2024-12-12 14:03:34.447 68052 INFO tempest.lib.common.rest_client [req-8e474583-d88f-4c85-a5d4-751ba4ab37b9 req-8e474583-d88f-4c85-a5d4-751ba4ab37b9 ] Request (ServerRescueTestJSON:setUpClass): 200 GET http://10.180.1.21/identity/v3/domains?name=Default 0.025s
2024-12-12 14:03:34.450 68062 INFO tempest.lib.common.rest_client [req-2fcc38fc-b5c4-4736-ac0b-a030f5477d82 req-2fcc38fc-b5c4-4736-ac0b-a030f5477d82 ] Request (ServersAdminNegativeTestJSON:setUpClass): 200 GET http://10.180.1.21/identity/v3/domains?name=Default 0.024s
2024-12-12 14:03:34.480 68062 INFO tempest.lib.common.rest_client [req-bd746abf-9ba0-40db-9be4-97cb08ff9ab9 req-bd746abf-9ba0-40db-9be4-97cb08ff9ab9 ] Request (ServersAdminNegativeTestJSON:setUpClass): 201 POST http://10.180.1.21/identity/v3/projects 0.030s
2024-12-12 14:03:34.482 68052 INFO tempest.lib.common.rest_client [req-50593270-5ce9-42fd-9bcf-35961ad03ed0 req-50593270-5ce9-42fd-9bcf-35961ad03ed0 ] Request (ServerRescueTestJSON:setUpClass): 201 POST http://10.180.1.21/identity/v3/projects 0.035s
2024-12-12 14:03:34.541 68052 INFO tempest.lib.common.rest_client [req-5d230590-2195-4f15-9d96-d2231d535fd1 req-5d230590-2195-4f15-9d96-d2231d535fd1 ] Request (ServerRescueTestJSON:setUpClass): 201 POST http://10.180.1.21/identity/v3/users 0.058s
2024-12-12 14:03:34.558 68062 INFO tempest.lib.common.rest_client [req-db7c02d8-d8d0-400a-ae20-bc8de927a234 req-db7c02d8-d8d0-400a-ae20-bc8de927a234 ] Request (ServersAdminNegativeTestJSON:setUpClass): 201 POST http://10.180.1.21/identity/v3/users 0.077s
2024-12-12 14:03:34.560 68052 INFO tempest.lib.common.rest_client [req-b4e89170-106d-47e5-ad11-b46ee1e637ab req-b4e89170-106d-47e5-ad11-b46ee1e637ab ] Request (ServerRescueTestJSON:setUpClass): 200 GET http://10.180.1.21/identity/v3/roles 0.019s
2024-12-12 14:03:34.573 68062 INFO tempest.lib.common.rest_client [req-1d80d57b-39eb-4427-93ff-124a0d2f8a28 req-1d80d57b-39eb-4427-93ff-124a0d2f8a28 ] Request (ServersAdminNegativeTestJSON:setUpClass): 200 GET http://10.180.1.21/identity/v3/roles 0.014s
2024-12-12 14:03:34.600 68052 INFO tempest.lib.common.rest_client [req-fe23b3be-325e-4f78-9cf6-783b9854f974 req-fe23b3be-325e-4f78-9cf6-783b9854f974 ] Request (ServerRescueTestJSON:setUpClass): 204 PUT http://10.180.1.21/identity/v3/projects/6e65c2666c0d48688252dfaad04e1d41/users/489a7ebe30054255ae477f39c01aea33/roles/fd8b4490fd0a4c008245365fc7d3fbe7 0.039s
2024-12-12 14:03:34.600 68030 INFO tempest.lib.common.rest_client [req-350764af-a97b-400d-b97d-84c5b16bb212 req-350764af-a97b-400d-b97d-84c5b16bb212 ] Request (SecurityGroupRulesTestJSON:test_security_group_rules_create): 200 POST http://10.180.1.21/compute/v2.1/os-security-group-rules 2.568s
2024-12-12 14:03:34.600 68052 INFO tempest.lib.common.dynamic_creds [-] Dynamic test user 489a7ebe30054255ae477f39c01aea33 is created with scope project and roles: ['member']
2024-12-12 14:03:34.602 68052 INFO tempest.lib.common.dynamic_creds [-] Acquired dynamic creds: credentials: Credentials: {'domain_id': 'default', 'domain_name': 'Default', 'username': 'tempest-ServerRescueTestJSON-1933060828-project-member', 'project_domain_id': 'default', 'project_domain_name': 'Default', 'project_id': '6e65c2666c0d48688252dfaad04e1d41', 'project_name': 'tempest-ServerRescueTestJSON-1933060828', 'tenant_id': '6e65c2666c0d48688252dfaad04e1d41', 'tenant_name': 'tempest-ServerRescueTestJSON-1933060828', 'user_domain_id': 'default', 'user_domain_name': 'Default', 'user_id': '489a7ebe30054255ae477f39c01aea33', 'system': None}, Network: None, Subnet: None, Router: None
2024-12-12 14:03:34.615 68062 INFO tempest.lib.common.rest_client [req-72ac4473-e226-44cb-812e-5c8aab52e28d req-72ac4473-e226-44cb-812e-5c8aab52e28d ] Request (ServersAdminNegativeTestJSON:setUpClass): 204 PUT http://10.180.1.21/identity/v3/projects/fa7b499961b240969dc6f7f8a84cf6c7/users/f842129b4e324126a744bc707c9e6de5/roles/fd8b4490fd0a4c008245365fc7d3fbe7 0.041s
2024-12-12 14:03:34.615 68062 INFO tempest.lib.common.dynamic_creds [-] Dynamic test user f842129b4e324126a744bc707c9e6de5 is created with scope project and roles: ['member']
2024-12-12 14:03:34.615 68062 INFO tempest.lib.common.dynamic_creds [-] Acquired dynamic creds: credentials: Credentials: {'domain_id': 'default', 'domain_name': 'Default', 'username': 'tempest-ServersAdminNegativeTestJSON-2141634629-project-member', 'project_domain_id': 'default', 'project_domain_name': 'Default', 'project_id': 'fa7b499961b240969dc6f7f8a84cf6c7', 'project_name': 'tempest-ServersAdminNegativeTestJSON-2141634629', 'tenant_id': 'fa7b499961b240969dc6f7f8a84cf6c7', 'tenant_name': 'tempest-ServersAdminNegativeTestJSON-2141634629', 'user_domain_id': 'default', 'user_domain_name': 'Default', 'user_id': 'f842129b4e324126a744bc707c9e6de5', 'system': None}, Network: None, Subnet: None, Router: None
2024-12-12 14:03:34.615 68062 INFO tempest.lib.common.dynamic_creds [-] Created isolated network resources for: credentials: Credentials: {'domain_id': 'default', 'domain_name': 'Default', 'username': 'tempest-ServersAdminNegativeTestJSON-2141634629-project-member', 'project_domain_id': 'default', 'project_domain_name': 'Default', 'project_id': 'fa7b499961b240969dc6f7f8a84cf6c7', 'project_name': 'tempest-ServersAdminNegativeTestJSON-2141634629', 'tenant_id': 'fa7b499961b240969dc6f7f8a84cf6c7', 'tenant_name': 'tempest-ServersAdminNegativeTestJSON-2141634629', 'user_domain_id': 'default', 'user_domain_name': 'Default', 'user_id': 'f842129b4e324126a744bc707c9e6de5', 'system': None}, Network: None, Subnet: None, Router: None
2024-12-12 14:03:34.627 68048 INFO tempest.lib.common.rest_client [req-76098c21-8927-44d0-a2e4-7351d618e101 req-76098c21-8927-44d0-a2e4-7351d618e101 ] Request (FlavorsAdminTestJSON:test_is_public_string_variations): 200 GET http://10.180.1.21/compute/v2.1/flavors/detail?is_public=f 2.569s
2024-12-12 14:03:34.650 68032 INFO tempest.lib.common.rest_client [req-ca4debd8-5ae6-40d2-8c16-ee4ccfea5669 req-ca4debd8-5ae6-40d2-8c16-ee4ccfea5669 ] Request (AggregatesAdminNegativeTestJSON:_run_cleanups): 200 DELETE http://10.180.1.21/compute/v2.1/os-aggregates/7 2.581s
2024-12-12 14:03:34.653 68056 INFO tempest.lib.common.rest_client [req-f072b9d8-cafe-4c75-b1d5-fa7bf30bf5a1 req-f072b9d8-cafe-4c75-b1d5-fa7bf30bf5a1 ] Request (VolumesAssistedSnapshotsTest:test_volume_assisted_snapshot_create_delete): 200 GET http://10.180.1.21/compute/v2.1/servers/88c954d9-53e0-4349-80e0-50ce52e6e8e5 2.806s
2024-12-12 14:03:34.660 68056 INFO tempest.common.waiters [-] State transition "BUILD/spawning" ==> "ACTIVE/None" after 24 second wait
2024-12-12 14:03:34.671 68052 INFO tempest.lib.common.rest_client [req-0812fd27-536e-44f0-b024-9a6364cd9564 req-0812fd27-536e-44f0-b024-9a6364cd9564 ] Request (ServerRescueTestJSON:setUpClass): 201 POST http://10.180.1.21/identity/v3/auth/tokens 0.068s
2024-12-12 14:03:34.703 68062 INFO tempest.lib.common.rest_client [req-16768b4b-2a1f-4782-a000-d97f19ae6a03 req-16768b4b-2a1f-4782-a000-d97f19ae6a03 ] Request (ServersAdminNegativeTestJSON:setUpClass): 201 POST http://10.180.1.21/identity/v3/auth/tokens 0.084s
2024-12-12 14:03:34.739 68062 INFO tempest.lib.common.rest_client [req-a6e09e5b-79fe-4614-b2ca-f00188b58f25 req-a6e09e5b-79fe-4614-b2ca-f00188b58f25 ] Request (ServersAdminNegativeTestJSON:setUpClass): 201 POST http://10.180.1.21/identity/v3/projects 0.035s
2024-12-12 14:03:34.741 68074 INFO tempest.lib.common.rest_client [req-cbf3688d-e2c5-4e63-8fa5-24c9eaa91f29 req-cbf3688d-e2c5-4e63-8fa5-24c9eaa91f29 ] Request (AttachInterfacesTestJSON:test_create_list_show_delete_interfaces_by_fixed_ip): 200 GET http://10.180.1.21/compute/v2.1/servers/3f17a4b5-b8d3-4a9e-9f85-e6d0634f8241 2.629s
2024-12-12 14:03:34.753 68060 INFO tempest.lib.common.rest_client [req-3b25bd07-bf0d-4245-9e98-c29e07ff16bb req-3b25bd07-bf0d-4245-9e98-c29e07ff16bb ] Request (FloatingIPDetailsTestJSON:tearDownClass): 204 DELETE http://10.180.1.21:9696/networking/v2.0/networks/6ba47a46-1054-4def-a7a1-7cf5e6fe95e7 0.386s
2024-12-12 14:03:34.804 68062 INFO tempest.lib.common.rest_client [req-af782b07-6218-4ddb-882c-a975608dbbec req-af782b07-6218-4ddb-882c-a975608dbbec ] Request (ServersAdminNegativeTestJSON:setUpClass): 201 POST http://10.180.1.21/identity/v3/users 0.065s
2024-12-12 14:03:34.837 68062 INFO tempest.lib.common.rest_client [req-038fa887-2255-4247-9f42-cbf34f33abbb req-038fa887-2255-4247-9f42-cbf34f33abbb ] Request (ServersAdminNegativeTestJSON:setUpClass): 200 GET http://10.180.1.21/identity/v3/roles 0.032s
2024-12-12 14:03:34.878 68060 INFO tempest.lib.common.rest_client [req-b89502c5-545c-4cbe-85a4-7c74742338c1 req-b89502c5-545c-4cbe-85a4-7c74742338c1 ] Request (FloatingIPDetailsTestJSON:tearDownClass): 204 DELETE http://10.180.1.21/identity/v3/users/8d7adfd87af049318f000e924c041dd3 0.125s
2024-12-12 14:03:34.879 68060 INFO tempest.lib.common.dynamic_creds [-] Deleting project and security group for project: 5b32fd5a0e6a4797b28c443d5bff13e9
2024-12-12 14:03:34.899 68054 INFO tempest.lib.common.rest_client [req-193bd859-81eb-4aad-99fc-e1668b5f2471 req-193bd859-81eb-4aad-99fc-e1668b5f2471 ] Request (ServersWithSpecificFlavorTestJSON:test_verify_created_server_ephemeral_disk): 200 GET http://10.180.1.21/compute/v2.1/servers/e0994819-1038-43e5-a215-57f0eb2a77e3 2.635s
2024-12-12 14:03:34.914 68060 INFO tempest.lib.common.rest_client [req-4e87258b-962a-4020-b576-c37e0b47e99d req-4e87258b-962a-4020-b576-c37e0b47e99d ] Request (FloatingIPDetailsTestJSON:tearDownClass): 200 GET http://10.180.1.21:9696/networking/v2.0/security-groups?tenant_id=5b32fd5a0e6a4797b28c443d5bff13e9&name=default 0.035s
2024-12-12 14:03:34.947 68072 INFO tempest.lib.common.rest_client [req-03182525-3410-4b91-bf19-321549d56813 req-03182525-3410-4b91-bf19-321549d56813 ] Request (SecurityGroupRulesNegativeTestJSON:test_create_security_group_rule_with_invalid_port_range): 200 POST http://10.180.1.21/compute/v2.1/os-security-groups 2.753s
2024-12-12 14:03:34.951 68062 INFO tempest.lib.common.rest_client [req-fc4ec4da-683b-41b3-82ed-f9252ca14d8b req-fc4ec4da-683b-41b3-82ed-f9252ca14d8b ] Request (ServersAdminNegativeTestJSON:setUpClass): 204 PUT http://10.180.1.21/identity/v3/projects/73b5f2b8e7724bb387cacc4039f3904c/users/4fc8030dce7748afa68943dc528b1549/roles/38410ac067dd4977b20d5a6907ea3b31 0.113s
2024-12-12 14:03:35.004 68062 INFO tempest.lib.common.rest_client [req-791b25c0-d064-4d82-a865-887923474123 req-791b25c0-d064-4d82-a865-887923474123 ] Request (ServersAdminNegativeTestJSON:setUpClass): 200 GET http://10.180.1.21/identity/v3/roles 0.052s
2024-12-12 14:03:35.024 68062 INFO tempest.lib.common.rest_client [req-2e32b34a-6dc4-4dad-894c-66d80f0b84ca req-2e32b34a-6dc4-4dad-894c-66d80f0b84ca ] Request (ServersAdminNegativeTestJSON:setUpClass): 204 PUT http://10.180.1.21/identity/v3/projects/73b5f2b8e7724bb387cacc4039f3904c/users/4fc8030dce7748afa68943dc528b1549/roles/38410ac067dd4977b20d5a6907ea3b31 0.019s
2024-12-12 14:03:35.024 68062 INFO tempest.lib.common.dynamic_creds [-] Dynamic test user 4fc8030dce7748afa68943dc528b1549 is created with scope project and roles: ['admin']
2024-12-12 14:03:35.024 68062 INFO tempest.lib.common.dynamic_creds [-] Acquired dynamic creds: credentials: Credentials: {'domain_id': 'default', 'domain_name': 'Default', 'username': 'tempest-ServersAdminNegativeTestJSON-751873984-project-admin', 'project_domain_id': 'default', 'project_domain_name': 'Default', 'project_id': '73b5f2b8e7724bb387cacc4039f3904c', 'project_name': 'tempest-ServersAdminNegativeTestJSON-751873984', 'tenant_id': '73b5f2b8e7724bb387cacc4039f3904c', 'tenant_name': 'tempest-ServersAdminNegativeTestJSON-751873984', 'user_domain_id': 'default', 'user_domain_name': 'Default', 'user_id': '4fc8030dce7748afa68943dc528b1549', 'system': None}, Network: None, Subnet: None, Router: None
2024-12-12 14:03:35.024 68062 INFO tempest.lib.common.dynamic_creds [-] Created isolated network resources for: credentials: Credentials: {'domain_id': 'default', 'domain_name': 'Default', 'username': 'tempest-ServersAdminNegativeTestJSON-751873984-project-admin', 'project_domain_id': 'default', 'project_domain_name': 'Default', 'project_id': '73b5f2b8e7724bb387cacc4039f3904c', 'project_name': 'tempest-ServersAdminNegativeTestJSON-751873984', 'tenant_id': '73b5f2b8e7724bb387cacc4039f3904c', 'tenant_name': 'tempest-ServersAdminNegativeTestJSON-751873984', 'user_domain_id': 'default', 'user_domain_name': 'Default', 'user_id': '4fc8030dce7748afa68943dc528b1549', 'system': None}, Network: None, Subnet: None, Router: None
2024-12-12 14:03:35.055 68060 INFO tempest.lib.common.rest_client [req-f9f7bc5a-7c88-459f-8362-5232615899c0 req-f9f7bc5a-7c88-459f-8362-5232615899c0 ] Request (FloatingIPDetailsTestJSON:tearDownClass): 204 DELETE http://10.180.1.21:9696/networking/v2.0/security-groups/27d429cc-e786-4985-bd21-c7145f4e9cf5 0.140s
2024-12-12 14:03:35.113 68034 INFO tempest.lib.common.rest_client [req-068cc42b-9329-4642-84d4-8ea259eaa931 req-068cc42b-9329-4642-84d4-8ea259eaa931 ] Request (QuotasAdminTestV236:test_get_updated_quotas): 200 GET http://10.180.1.21/compute/v2.1/os-quota-sets/b6a9044c8665475eb0fd64ca4867b4b8/detail 2.812s
2024-12-12 14:03:35.123 68062 INFO tempest.lib.common.rest_client [req-eee8c297-feba-4489-ad62-4f1e67f69f5d req-eee8c297-feba-4489-ad62-4f1e67f69f5d ] Request (ServersAdminNegativeTestJSON:setUpClass): 201 POST http://10.180.1.21/identity/v3/auth/tokens 0.092s
2024-12-12 14:03:35.124 68062 WARNING tempest.lib.common.rest_client [-] Deprecated: "tenant_id" property is deprecated for removal, use "project_id" instead
2024-12-12 14:03:35.143 68034 INFO tempest.lib.common.rest_client [req-34a6deec-d6ce-42ae-ac56-d421c8f91f75 req-34a6deec-d6ce-42ae-ac56-d421c8f91f75 ] Request (QuotasAdminTestV236:test_get_updated_quotas): 200 GET http://10.180.1.21/identity/v3/domains?name=Default 0.025s
2024-12-12 14:03:35.189 68060 INFO tempest.lib.common.rest_client [req-d9f2f57e-ef62-44ef-ac1b-724333f32b18 req-d9f2f57e-ef62-44ef-ac1b-724333f32b18 ] Request (FloatingIPDetailsTestJSON:tearDownClass): 204 DELETE http://10.180.1.21/identity/v3/projects/5b32fd5a0e6a4797b28c443d5bff13e9 0.133s
2024-12-12 14:03:35.195 68052 INFO tempest.lib.common.rest_client [req-b3a1189e-6865-4127-ae7b-cd469b190971 req-b3a1189e-6865-4127-ae7b-cd469b190971 ] Request (ServerRescueTestJSON:setUpClass): 201 POST http://10.180.1.21:9696/networking/v2.0/networks 0.524s
2024-12-12 14:03:35.198 68088 INFO tempest.lib.common.rest_client [req-2aa964fb-acc9-43a2-99e4-a9979f66d88e req-2aa964fb-acc9-43a2-99e4-a9979f66d88e ] Request (InstanceActionsTestJSON:test_list_instance_actions): 202 POST http://10.180.1.21/compute/v2.1/servers/1e25ce59-9e11-487e-8ccf-e05b6e8cd3c1/action 2.466s
2024-12-12 14:03:35.199 68062 INFO tempest.lib.common.rest_client [req-7233146c-5f77-4d86-9ae0-e271fbdb9d3b req-7233146c-5f77-4d86-9ae0-e271fbdb9d3b ] Request (ServersAdminNegativeTestJSON:setUpClass): 201 POST http://10.180.1.21/identity/v3/auth/tokens 0.070s
2024-12-12 14:03:35.199 68062 INFO tempest.lib.common.fixed_network [-] (ServersAdminNegativeTestJSON:setUpClass) Found network None available for tenant
2024-12-12 14:03:35.258 68070 INFO tempest.lib.common.rest_client [req-f14ead0a-f19b-4d8f-ab63-388362a677e5 req-f14ead0a-f19b-4d8f-ab63-388362a677e5 ] Request (ServerDiagnosticsTest:test_get_server_diagnostics): 200 GET http://10.180.1.21/compute/v2.1/servers/a3023175-665d-47fd-b8bd-f832b7478869 2.634s
2024-12-12 14:03:35.259 68034 INFO tempest.lib.common.rest_client [req-0411b575-421b-49db-b4aa-fab974b3b323 req-0411b575-421b-49db-b4aa-fab974b3b323 ] Request (QuotasAdminTestV236:test_get_updated_quotas): 201 POST http://10.180.1.21/identity/v3/users 0.115s
2024-12-12 14:03:35.267 68060 INFO tempest.lib.common.rest_client [req-93ebebde-3eca-4c56-8595-2a643a01e8c3 req-93ebebde-3eca-4c56-8595-2a643a01e8c3 ] Request (ServerGroup264TestJSON:setUpClass): 201 POST http://10.180.1.21/identity/v3/auth/tokens 0.076s
2024-12-12 14:03:35.276 68076 INFO tempest.lib.common.rest_client [req-df34ee98-bb12-4b9e-8395-2849b92980ba req-df34ee98-bb12-4b9e-8395-2849b92980ba ] Request (ServerActionsTestOtherB:setUpClass): 200 GET http://10.180.1.21/compute/v2.1/servers/0436abf1-ae0c-4595-912c-e7957b7a64a3 2.129s
2024-12-12 14:03:35.284 68034 INFO tempest.lib.common.rest_client [req-7f3dc593-5805-4757-a196-7a81fbadc2c4 req-7f3dc593-5805-4757-a196-7a81fbadc2c4 ] Request (QuotasAdminTestV236:test_get_updated_quotas): 200 GET http://10.180.1.21/identity/v3/domains?name=Default 0.025s
2024-12-12 14:03:35.302 68060 INFO tempest.lib.common.rest_client [req-9e5b10f3-70ba-4080-9ac4-7fbe4063bed0 req-9e5b10f3-70ba-4080-9ac4-7fbe4063bed0 ] Request (ServerGroup264TestJSON:setUpClass): 201 POST http://10.180.1.21/identity/v3/auth/tokens 0.031s
2024-12-12 14:03:35.327 68060 INFO tempest.lib.common.rest_client [req-898b7639-e722-4ab0-a4e8-0b455cde46e0 req-898b7639-e722-4ab0-a4e8-0b455cde46e0 ] Request (ServerGroup264TestJSON:setUpClass): 200 GET http://10.180.1.21/identity/v3/domains?name=Default 0.024s
2024-12-12 14:03:35.339 68044 INFO tempest.lib.common.rest_client [req-ba8ef1de-e95c-41d9-9890-a01e4332e59e req-ba8ef1de-e95c-41d9-9890-a01e4332e59e ] Request (TenantUsagesTestJSON:tearDownClass): 200 GET http://10.180.1.21/compute/v2.1/servers/26e7e658-e79f-4d85-b84d-7f56714289c0 1.943s
2024-12-12 14:03:35.357 68060 INFO tempest.lib.common.rest_client [req-50b38461-bf87-4fc4-9d6c-0af4b555dc0e req-50b38461-bf87-4fc4-9d6c-0af4b555dc0e ] Request (ServerGroup264TestJSON:setUpClass): 201 POST http://10.180.1.21/identity/v3/projects 0.029s
2024-12-12 14:03:35.382 68064 INFO tempest.lib.common.rest_client [req-7fc3c0d7-78a3-4bf4-9313-501642e4ba19 req-7fc3c0d7-78a3-4bf4-9313-501642e4ba19 ] Request (HypervisorAdminNegativeTestJSON:test_get_hypervisor_list_details_with_non_admin_user): 403 GET http://10.180.1.21/compute/v2.1/os-hypervisors/detail 1.780s
2024-12-12 14:03:35.430 68060 INFO tempest.lib.common.rest_client [req-5d85dbf1-5477-4ea3-8feb-e7c18ac92f79 req-5d85dbf1-5477-4ea3-8feb-e7c18ac92f79 ] Request (ServerGroup264TestJSON:setUpClass): 201 POST http://10.180.1.21/identity/v3/users 0.068s
2024-12-12 14:03:35.434 68066 INFO tempest.lib.common.rest_client [req-79009a59-2f44-4a4d-a811-dbff3a6a0341 req-79009a59-2f44-4a4d-a811-dbff3a6a0341 ] Request (ServersTestMultiNic:test_verify_duplicate_network_nics): 200 GET http://10.180.1.21/compute/v2.1/servers/f1f365f0-1d49-4838-8f34-6c3905da7932 1.739s
2024-12-12 14:03:35.453 68060 INFO tempest.lib.common.rest_client [req-2d1c5e08-ebd4-48dd-bc69-05a20be5dea2 req-2d1c5e08-ebd4-48dd-bc69-05a20be5dea2 ] Request (ServerGroup264TestJSON:setUpClass): 200 GET http://10.180.1.21/identity/v3/roles 0.022s
2024-12-12 14:03:35.467 68068 INFO tempest.lib.common.rest_client [req-cd3c85bc-59af-4809-a615-46f01290f6ed req-cd3c85bc-59af-4809-a615-46f01290f6ed ] Request (ImagesMetadataTestJSON:test_get_image_metadata_item): 200 GET http://10.180.1.21/compute/v2.1/images/08146630-affc-433e-918f-b77da04bb316/metadata/os_distro 1.610s
2024-12-12 14:03:35.478 68060 INFO tempest.lib.common.rest_client [req-931e5632-6d46-45c4-8e0e-633b0f47a024 req-931e5632-6d46-45c4-8e0e-633b0f47a024 ] Request (ServerGroup264TestJSON:setUpClass): 204 PUT http://10.180.1.21/identity/v3/projects/6ceff923d7154a20aba76f27fe77f1da/users/10b771812d41443a80707cd78249eb3d/roles/fd8b4490fd0a4c008245365fc7d3fbe7 0.025s
2024-12-12 14:03:35.479 68060 INFO tempest.lib.common.dynamic_creds [-] Dynamic test user 10b771812d41443a80707cd78249eb3d is created with scope project and roles: ['member']
2024-12-12 14:03:35.479 68060 INFO tempest.lib.common.dynamic_creds [-] Acquired dynamic creds: credentials: Credentials: {'domain_id': 'default', 'domain_name': 'Default', 'username': 'tempest-ServerGroup264TestJSON-1655154965-project-member', 'project_domain_id': 'default', 'project_domain_name': 'Default', 'project_id': '6ceff923d7154a20aba76f27fe77f1da', 'project_name': 'tempest-ServerGroup264TestJSON-1655154965', 'tenant_id': '6ceff923d7154a20aba76f27fe77f1da', 'tenant_name': 'tempest-ServerGroup264TestJSON-1655154965', 'user_domain_id': 'default', 'user_domain_name': 'Default', 'user_id': '10b771812d41443a80707cd78249eb3d', 'system': None}, Network: None, Subnet: None, Router: None
2024-12-12 14:03:35.487 68084 INFO tempest.lib.common.rest_client [req-c7eae7fd-b0ed-456a-be23-58bd48aac651 req-c7eae7fd-b0ed-456a-be23-58bd48aac651 ] Request (MigrationsAdminTest:test_list_migrations_in_flavor_resize_situation): 200 GET http://10.180.1.21/compute/v2.1/servers/29e4f8bb-5f9c-4cc9-8bc5-745977f5412a 1.849s
2024-12-12 14:03:35.493 68084 INFO tempest.common.waiters [-] State transition "RESIZE/resize_migrated" ==> "RESIZE/resize_finish" after 24 second wait
2024-12-12 14:03:35.512 68052 INFO tempest.lib.common.rest_client [req-362ebe0b-c148-4d7c-9b9d-ed84a7145039 req-362ebe0b-c148-4d7c-9b9d-ed84a7145039 ] Request (ServerRescueTestJSON:setUpClass): 201 POST http://10.180.1.21:9696/networking/v2.0/subnets 0.316s
2024-12-12 14:03:35.538 68060 INFO tempest.lib.common.rest_client [req-4b7feed9-e246-4f5b-986a-1050c310e38b req-4b7feed9-e246-4f5b-986a-1050c310e38b ] Request (ServerGroup264TestJSON:setUpClass): 201 POST http://10.180.1.21/identity/v3/auth/tokens 0.059s
2024-12-12 14:03:35.801 68046 WARNING tempest.lib.common.ssh [-] Failed to establish authenticated ssh connection to cirros@10.180.180.205 ([Errno None] Unable to connect to port 22 on 10.180.180.205). Number attempts: 2. Retry after 3 seconds.: paramiko.ssh_exception.NoValidConnectionsError: [Errno None] Unable to connect to port 22 on 10.180.180.205
2024-12-12 14:03:35.861 68086 INFO tempest.lib.common.rest_client [req-a726f54d-ac84-4d12-9c0f-d84986608b90 req-a726f54d-ac84-4d12-9c0f-d84986608b90 ] Request (ServersAdmin275Test:test_rebuild_update_server_275): 202 POST http://10.180.1.21/compute/v2.1/servers/8de62141-0f55-411a-b06a-f4e63a433b8b/action 1.730s
2024-12-12 14:03:35.925 68060 INFO tempest.lib.common.rest_client [req-1516af6e-dcf8-4c95-babb-d906c0dd2117 req-1516af6e-dcf8-4c95-babb-d906c0dd2117 ] Request (ServerGroup264TestJSON:setUpClass): 201 POST http://10.180.1.21:9696/networking/v2.0/networks 0.387s
2024-12-12 14:03:35.926 68040 INFO tempest.lib.common.rest_client [req-e2e88461-7c75-4a7c-ae4f-e65dd16158b4 req-e2e88461-7c75-4a7c-ae4f-e65dd16158b4 ] Request (DeleteServersAdminTestJSON:test_admin_delete_servers_of_others): 200 GET http://10.180.1.21/compute/v2.1/servers/6552085b-032b-484c-99f5-37cc62e24063 1.778s
2024-12-12 14:03:35.992 68082 INFO tempest.lib.common.rest_client [req-a4821f70-28fe-4128-accb-82bad2faf8cf req-a4821f70-28fe-4128-accb-82bad2faf8cf ] Request (ListImagesTestJSON:test_list_images): 200 GET http://10.180.1.21/compute/v2.1/images 1.689s
2024-12-12 14:03:36.213 68080 INFO tempest.lib.common.rest_client [req-ee650d44-cb55-45bb-99ab-a4e36f8312b1 req-ee650d44-cb55-45bb-99ab-a4e36f8312b1 ] Request (FloatingIPsAssociationNegativeTestJSON:test_associate_ip_to_server_with_floating_ip): 200 POST http://10.180.1.21/compute/v2.1/os-floating-ips 2.154s
2024-12-12 14:03:36.365 68030 INFO tempest.lib.common.rest_client [req-10a6cba4-dc10-4e8e-8e5b-21532b6ff7b9 req-10a6cba4-dc10-4e8e-8e5b-21532b6ff7b9 ] Request (SecurityGroupRulesTestJSON:test_security_group_rules_create_with_optional_cidr): 200 POST http://10.180.1.21/compute/v2.1/os-security-groups 1.760s
2024-12-12 14:03:36.386 68060 INFO tempest.lib.common.rest_client [req-a3dbd575-2a92-41c1-9413-d9de96e51486 req-a3dbd575-2a92-41c1-9413-d9de96e51486 ] Request (ServerGroup264TestJSON:setUpClass): 201 POST http://10.180.1.21:9696/networking/v2.0/subnets 0.460s
2024-12-12 14:03:36.385 68058 INFO tempest.lib.common.rest_client [req-1cfa498d-4ef6-45bc-80c9-b672d6075f6f req-1cfa498d-4ef6-45bc-80c9-b672d6075f6f ] Request (FloatingIPsAssociationTestJSON:setUpClass): 200 GET http://10.180.1.21/compute/v2.1/servers/6e37ca42-4594-46f6-bcaa-88ea37c8de2d 1.769s
2024-12-12 14:03:36.442 68032 INFO tempest.lib.common.rest_client [req-8eb6e487-5257-4645-b5c5-8596ef926772 req-8eb6e487-5257-4645-b5c5-8596ef926772 ] Request (AggregatesAdminNegativeTestJSON:test_aggregate_remove_nonexistent_host): 200 POST http://10.180.1.21/compute/v2.1/os-aggregates 1.789s
2024-12-12 14:03:36.447 68048 INFO tempest.lib.common.rest_client [req-10739da9-8e22-45ef-b571-0b5f23bf2e69 req-10739da9-8e22-45ef-b571-0b5f23bf2e69 ] Request (FlavorsAdminTestJSON:test_is_public_string_variations): 200 GET http://10.180.1.21/compute/v2.1/flavors/detail?is_public=false 1.814s
2024-12-12 14:03:36.515 68093 INFO tempest.lib.common.rest_client [req-2fcb5668-923d-4862-908d-87da6df41e99 req-2fcb5668-923d-4862-908d-87da6df41e99 ] Request (SecurityGroupsTestJSON:test_list_security_groups_by_server): 200 GET http://10.180.1.21/compute/v2.1/servers/8cd420df-88e4-4174-b6e6-753b128f055d 1.566s
2024-12-12 14:03:36.521 68093 INFO tempest.common.waiters [-] State transition "BUILD/scheduling" ==> "BUILD/None" after 3 second wait
2024-12-12 14:03:36.582 68072 INFO tempest.lib.common.rest_client [req-09bcda21-3b25-4a91-8550-8ec166373286 req-09bcda21-3b25-4a91-8550-8ec166373286 ] Request (SecurityGroupRulesNegativeTestJSON:test_create_security_group_rule_with_invalid_port_range): 400 POST http://10.180.1.21/compute/v2.1/os-security-group-rules 1.630s
2024-12-12 14:03:36.597 68056 INFO tempest.lib.common.rest_client [req-5393164a-5849-47b3-90ae-8ee79da07fae req-5393164a-5849-47b3-90ae-8ee79da07fae ] Request (VolumesAssistedSnapshotsTest:test_volume_assisted_snapshot_create_delete): 200 GET http://10.180.1.21/compute/v2.1/servers/88c954d9-53e0-4349-80e0-50ce52e6e8e5/os-interface 1.936s
2024-12-12 14:03:36.609 68052 INFO tempest.lib.common.rest_client [req-96a2081e-eca0-475c-8639-f0fbe0f2c71b req-96a2081e-eca0-475c-8639-f0fbe0f2c71b ] Request (ServerRescueTestJSON:setUpClass): 201 POST http://10.180.1.21:9696/networking/v2.0/routers 1.097s
2024-12-12 14:03:36.947 68062 INFO tempest.lib.common.rest_client [req-9f15af0f-2d23-4857-8f28-21b4922059d1 req-9f15af0f-2d23-4857-8f28-21b4922059d1 ] Request (ServersAdminNegativeTestJSON:setUpClass): 202 POST http://10.180.1.21/compute/v2.1/servers 1.747s
2024-12-12 14:03:36.989 68088 INFO tempest.lib.common.rest_client [req-3ef90614-5099-4cb3-89d0-11759cf17efa req-3ef90614-5099-4cb3-89d0-11759cf17efa ] Request (InstanceActionsTestJSON:test_list_instance_actions): 200 GET http://10.180.1.21/compute/v2.1/servers/1e25ce59-9e11-487e-8ccf-e05b6e8cd3c1 1.790s
2024-12-12 14:03:37.027 68090 INFO tempest.lib.common.rest_client [req-52624fa7-9c73-4d82-812e-7bc52104d1fe req-52624fa7-9c73-4d82-812e-7bc52104d1fe ] Request (ServerShowV257Test:test_rebuild_server): 200 GET http://10.180.1.21/compute/v2.1/servers/2bedcd22-de05-41b9-af59-37c0f3ad8969 1.803s
2024-12-12 14:03:37.042 68090 INFO tempest.common.waiters [-] State transition "BUILD/None" ==> "BUILD/spawning" after 20 second wait
2024-12-12 14:03:37.096 68038 INFO tempest.lib.common.rest_client [req-0c5e98e8-2ffc-4838-9761-6651cc2edfc6 req-0c5e98e8-2ffc-4838-9761-6651cc2edfc6 ] Request (ServerActionsTestOtherA:setUpClass): 200 GET http://10.180.1.21/compute/v2.1/servers/565f3e30-b352-4f31-ae46-769c18fb8c12 1.810s
2024-12-12 14:03:37.174 68042 INFO tempest.lib.common.rest_client [req-6ce05f17-7e59-4ba0-9971-246fa2c4bc32 req-6ce05f17-7e59-4ba0-9971-246fa2c4bc32 ] Request (ServersAdminTestJSON:test_create_server_with_scheduling_hint): 200 GET http://10.180.1.21/compute/v2.1/servers/f2024142-be0c-465d-8e21-20dc270d760d 1.823s
2024-12-12 14:03:37.181 68064 INFO tempest.lib.common.rest_client [req-edcac269-0851-4c69-8ec6-7d1a4c361c81 req-edcac269-0851-4c69-8ec6-7d1a4c361c81 ] Request (HypervisorAdminNegativeTestJSON:test_get_hypervisor_list_with_non_admin_user): 403 GET http://10.180.1.21/compute/v2.1/os-hypervisors 1.797s
2024-12-12 14:03:37.192 68034 INFO tempest.lib.common.rest_client [req-0972130b-80f7-42c4-82ef-90536a0935ab req-0972130b-80f7-42c4-82ef-90536a0935ab ] Request (QuotasAdminTestV236:test_get_updated_quotas): 200 PUT http://10.180.1.21/compute/v2.1/os-quota-sets/b6a9044c8665475eb0fd64ca4867b4b8?user_id=c8a79e847f6b47d18adae17828aa4157 1.907s
2024-12-12 14:03:37.273 68050 INFO tempest.lib.common.rest_client [req-da76b706-a05f-4c34-b79d-38e29d88a477 req-da76b706-a05f-4c34-b79d-38e29d88a477 ] Request (ImagesNegativeTestJSON:test_create_image_from_deleted_server): 200 GET http://10.180.1.21/compute/v2.1/servers/de8f6b52-0c76-471d-ba59-5879bcf8428e 1.851s
2024-12-12 14:03:37.346 68074 INFO tempest.lib.common.rest_client [req-e13540e0-c04e-4e92-8a87-5b45b8ec7a71 req-e13540e0-c04e-4e92-8a87-5b45b8ec7a71 ] Request (AttachInterfacesTestJSON:test_create_list_show_delete_interfaces_by_fixed_ip): 200 GET http://10.180.1.21/compute/v2.1/servers/3f17a4b5-b8d3-4a9e-9f85-e6d0634f8241 1.593s
2024-12-12 14:03:37.355 68074 INFO tempest.common.waiters [-] State transition "BUILD/None" ==> "BUILD/networking" after 19 second wait
2024-12-12 14:03:37.367 68068 INFO tempest.lib.common.rest_client [req-ebbe82e9-7abd-4d5e-8ddb-98deb2ac994f req-ebbe82e9-7abd-4d5e-8ddb-98deb2ac994f ] Request (ImagesMetadataTestJSON:setUp): 200 PUT http://10.180.1.21/compute/v2.1/images/08146630-affc-433e-918f-b77da04bb316/metadata 1.899s
2024-12-12 14:03:37.437 68086 INFO tempest.lib.common.rest_client [req-7a89eb47-b8ab-4135-a391-9d4d877e4b40 req-7a89eb47-b8ab-4135-a391-9d4d877e4b40 ] Request (ServersAdmin275Test:_run_cleanups): 200 GET http://10.180.1.21/compute/v2.1/servers/8de62141-0f55-411a-b06a-f4e63a433b8b 1.564s
2024-12-12 14:03:37.501 68082 INFO tempest.lib.common.rest_client [req-530fd1c2-8af6-465c-87f4-f0c7f71140f8 req-530fd1c2-8af6-465c-87f4-f0c7f71140f8 ] Request (ListImagesTestJSON:test_list_images_with_detail): 200 GET http://10.180.1.21/compute/v2.1/images/detail 1.505s
2024-12-12 14:03:37.610 68082 INFO tempest.lib.common.rest_client [req-9f60154c-9b40-4d54-ae55-b14d066885d0 req-9f60154c-9b40-4d54-ae55-b14d066885d0 ] Request (ListImagesTestJSON:tearDownClass): 204 DELETE http://10.180.1.21/identity/v3/users/c4c90ad01fa14ed9ba2a07211dff15ee 0.104s
2024-12-12 14:03:37.610 68082 INFO tempest.lib.common.dynamic_creds [-] Deleting project and security group for project: fdcf58096f544688a59b04c04010ea36
2024-12-12 14:03:37.681 68082 INFO tempest.lib.common.rest_client [req-7e3d6e4f-c55a-452b-939d-5e83282dee1b req-7e3d6e4f-c55a-452b-939d-5e83282dee1b ] Request (ListImagesTestJSON:tearDownClass): 201 POST http://10.180.1.21/identity/v3/auth/tokens 0.070s
2024-12-12 14:03:37.877 68054 INFO tempest.lib.common.rest_client [req-2604f5cc-684e-47dd-be8e-0b47ff960f5b req-2604f5cc-684e-47dd-be8e-0b47ff960f5b ] Request (ServersWithSpecificFlavorTestJSON:test_verify_created_server_ephemeral_disk): 200 GET http://10.180.1.21/compute/v2.1/servers/e0994819-1038-43e5-a215-57f0eb2a77e3 1.968s
2024-12-12 14:03:37.883 68054 INFO tempest.common.waiters [-] State transition "BUILD/spawning" ==> "ACTIVE/None" after 27 second wait
2024-12-12 14:03:38.020 68082 INFO tempest.lib.common.rest_client [req-a124cf55-5835-4668-b123-0a069b31404b req-a124cf55-5835-4668-b123-0a069b31404b ] Request (ListImagesTestJSON:tearDownClass): 200 GET http://10.180.1.21:9696/networking/v2.0/security-groups?tenant_id=fdcf58096f544688a59b04c04010ea36&name=default 0.338s
2024-12-12 14:03:38.058 68070 INFO tempest.lib.common.rest_client [req-21790a83-91cd-4c81-a9c1-d22b70069519 req-21790a83-91cd-4c81-a9c1-d22b70069519 ] Request (ServerDiagnosticsTest:test_get_server_diagnostics): 200 GET http://10.180.1.21/compute/v2.1/servers/a3023175-665d-47fd-b8bd-f832b7478869 1.790s
2024-12-12 14:03:38.072 68080 INFO tempest.lib.common.rest_client [req-e02a60b1-1156-47f9-947f-dd3a3554731e req-e02a60b1-1156-47f9-947f-dd3a3554731e ] Request (FloatingIPsAssociationNegativeTestJSON:test_associate_ip_to_server_with_floating_ip): 400 POST http://10.180.1.21/compute/v2.1/servers/8789cf92-9fcf-4bc5-af18-c621c373181b/action 1.856s
2024-12-12 14:03:38.107 68056 INFO tempest.lib.common.rest_client [req-28660957-3580-4e06-9bf8-329730882141 req-28660957-3580-4e06-9bf8-329730882141 ] Request (VolumesAssistedSnapshotsTest:test_volume_assisted_snapshot_create_delete): 200 PUT http://10.180.1.21:9696/networking/v2.0/floatingips/f40a7513-2a16-4624-b023-5e6d31f067af 1.508s
2024-12-12 14:03:38.108 68056 INFO tempest.lib.common.ssh [-] Creating ssh connection to '10.180.180.212:22' as 'cirros' with public key authentication
2024-12-12 14:03:38.155 68076 INFO tempest.lib.common.rest_client [req-e2c88e67-9807-49c6-bfb4-506ca33c895f req-e2c88e67-9807-49c6-bfb4-506ca33c895f ] Request (ServerActionsTestOtherB:setUpClass): 200 GET http://10.180.1.21/compute/v2.1/servers/0436abf1-ae0c-4595-912c-e7957b7a64a3 1.870s
2024-12-12 14:03:38.159 68044 INFO tempest.lib.common.rest_client [req-a445b9fe-70b9-44ac-ad26-d11cedf58a13 req-a445b9fe-70b9-44ac-ad26-d11cedf58a13 ] Request (TenantUsagesTestJSON:tearDownClass): 200 GET http://10.180.1.21/compute/v2.1/servers/26e7e658-e79f-4d85-b84d-7f56714289c0 1.809s
2024-12-12 14:03:38.191 68032 INFO tempest.lib.common.rest_client [req-60046308-04a0-471a-b0c6-cd424b5ef7be req-60046308-04a0-471a-b0c6-cd424b5ef7be ] Request (AggregatesAdminNegativeTestJSON:test_aggregate_remove_nonexistent_host): 404 POST http://10.180.1.21/compute/v2.1/os-aggregates/8/action 1.747s
2024-12-12 14:03:38.205 68048 INFO tempest.lib.common.rest_client [req-861f03d5-5398-4aec-bd87-f15e6a0ddfe6 req-861f03d5-5398-4aec-bd87-f15e6a0ddfe6 ] Request (FlavorsAdminTestJSON:test_is_public_string_variations): 200 GET http://10.180.1.21/compute/v2.1/flavors/detail?is_public=no 1.755s
2024-12-12 14:03:38.206 68082 INFO tempest.lib.common.rest_client [req-86076d74-f7b7-4aad-999e-cd2daafebc7d req-86076d74-f7b7-4aad-999e-cd2daafebc7d ] Request (ListImagesTestJSON:tearDownClass): 204 DELETE http://10.180.1.21:9696/networking/v2.0/security-groups/4d707249-b258-41b1-b92e-d1ecb7791df2 0.185s
2024-12-12 14:03:38.285 68066 INFO tempest.lib.common.rest_client [req-1e1cabac-fff5-4a9f-85dc-4bc443d14d59 req-1e1cabac-fff5-4a9f-85dc-4bc443d14d59 ] Request (ServersTestMultiNic:test_verify_duplicate_network_nics): 200 GET http://10.180.1.21/compute/v2.1/servers/f1f365f0-1d49-4838-8f34-6c3905da7932 1.839s
2024-12-12 14:03:38.293 68052 INFO tempest.lib.common.rest_client [req-6ac29509-3717-4ea7-9cef-ac9355889462 req-6ac29509-3717-4ea7-9cef-ac9355889462 ] Request (ServerRescueTestJSON:setUpClass): 200 PUT http://10.180.1.21:9696/networking/v2.0/routers/98eece6a-fc6f-4a7f-94d3-11fd29212886/add_router_interface 1.683s
2024-12-12 14:03:38.294 68052 INFO tempest.lib.common.dynamic_creds [-] Created isolated network resources for: credentials: Credentials: {'domain_id': 'default', 'domain_name': 'Default', 'username': 'tempest-ServerRescueTestJSON-1933060828-project-member', 'project_domain_id': 'default', 'project_domain_name': 'Default', 'project_id': '6e65c2666c0d48688252dfaad04e1d41', 'project_name': 'tempest-ServerRescueTestJSON-1933060828', 'tenant_id': '6e65c2666c0d48688252dfaad04e1d41', 'tenant_name': 'tempest-ServerRescueTestJSON-1933060828', 'user_domain_id': 'default', 'user_domain_name': 'Default', 'user_id': '489a7ebe30054255ae477f39c01aea33', 'system': None}, Network: {'id': '4754c46a-1663-4e10-a4ab-3caa37c045aa', 'name': 'tempest-ServerRescueTestJSON-1148109735-network', 'tenant_id': '6e65c2666c0d48688252dfaad04e1d41', 'admin_state_up': True, 'mtu': 8950, 'status': 'ACTIVE', 'subnets': [], 'shared': False, 'project_id': '6e65c2666c0d48688252dfaad04e1d41', 'port_security_enabled': True, 'router:external': False, 'provider:network_type': 'vlan', 'provider:physical_network': 'default', 'provider:segmentation_id': 105, 'availability_zone_hints': [], 'availability_zones': [], 'ipv4_address_scope': None, 'ipv6_address_scope': None, 'description': '', 'tags': [], 'created_at': '2024-12-12T14:03:35Z', 'updated_at': '2024-12-12T14:03:35Z', 'revision_number': 1}, Subnet: {'id': '5f83f11f-db20-48c2-b36b-bd92e0844afd', 'name': 'tempest-ServerRescueTestJSON-1148109735-subnet', 'tenant_id': '6e65c2666c0d48688252dfaad04e1d41', 'network_id': '4754c46a-1663-4e10-a4ab-3caa37c045aa', 'ip_version': 4, 'subnetpool_id': None, 'enable_dhcp': False, 'ipv6_ra_mode': None, 'ipv6_address_mode': None, 'gateway_ip': '192.168.128.1', 'cidr': '192.168.128.0/28', 'allocation_pools': [{'start': '192.168.128.2', 'end': '192.168.128.14'}], 'host_routes': [], 'dns_nameservers': [], 'description': '', 'router:external': False, 'service_types': [], 'tags': [], 'created_at': '2024-12-12T14:03:35Z', 'updated_at': '2024-12-12T14:03:35Z', 'revision_number': 0, 'project_id': '6e65c2666c0d48688252dfaad04e1d41'}, Router: {'id': '98eece6a-fc6f-4a7f-94d3-11fd29212886', 'name': 'tempest-ServerRescueTestJSON-1148109735-router', 'tenant_id': '6e65c2666c0d48688252dfaad04e1d41', 'admin_state_up': True, 'status': 'ACTIVE', 'external_gateway_info': {'network_id': '0b84b89b-8bd1-497d-81cb-79aae4a0c08b', 'external_fixed_ips': [{'subnet_id': '2e3571b9-f234-469b-a2f3-73486aed734e', 'ip_address': '10.180.180.203'}], 'enable_snat': True}, 'description': '', 'availability_zones': [], 'distributed': False, 'ha': False, 'availability_zone_hints': [], 'routes': [], 'flavor_id': None, 'tags': [], 'created_at': '2024-12-12T14:03:35Z', 'updated_at': '2024-12-12T14:03:35Z', 'revision_number': 2, 'project_id': '6e65c2666c0d48688252dfaad04e1d41'}
2024-12-12 14:03:38.301 68082 INFO tempest.lib.common.rest_client [req-9da3c248-5fc0-4488-8cb2-f80659101516 req-9da3c248-5fc0-4488-8cb2-f80659101516 ] Request (ListImagesTestJSON:tearDownClass): 204 DELETE http://10.180.1.21/identity/v3/projects/fdcf58096f544688a59b04c04010ea36 0.094s
2024-12-12 14:03:38.392 68082 INFO tempest.lib.common.rest_client [req-23985d31-744a-4478-a4b1-132216135ae3 req-23985d31-744a-4478-a4b1-132216135ae3 ] Request (KeyPairsNegativeTestJSON:setUpClass): 201 POST http://10.180.1.21/identity/v3/auth/tokens 0.089s
2024-12-12 14:03:38.404 68052 INFO tempest.lib.common.rest_client [req-b7578120-dfcf-4c9e-997d-5e8684d51b79 req-b7578120-dfcf-4c9e-997d-5e8684d51b79 ] Request (ServerRescueTestJSON:setUpClass): 201 POST http://10.180.1.21/identity/v3/auth/tokens 0.106s
2024-12-12 14:03:38.419 68060 INFO tempest.lib.common.rest_client [req-267c6e51-4b9d-4c88-a10b-b235f779551b req-267c6e51-4b9d-4c88-a10b-b235f779551b ] Request (ServerGroup264TestJSON:setUpClass): 201 POST http://10.180.1.21:9696/networking/v2.0/routers 2.033s
2024-12-12 14:03:38.442 68082 INFO tempest.lib.common.rest_client [req-72bc2fee-7657-4a16-97ed-fc48dfe819ff req-72bc2fee-7657-4a16-97ed-fc48dfe819ff ] Request (KeyPairsNegativeTestJSON:setUpClass): 201 POST http://10.180.1.21/identity/v3/auth/tokens 0.047s
2024-12-12 14:03:38.445 68052 INFO tempest.lib.common.rest_client [req-b4c84b1d-65ea-4090-966c-a7a225852997 req-b4c84b1d-65ea-4090-966c-a7a225852997 ] Request (ServerRescueTestJSON:setUpClass): 201 POST http://10.180.1.21/identity/v3/auth/tokens 0.037s
2024-12-12 14:03:38.446 68052 INFO tempest.lib.common.fixed_network [-] (ServerRescueTestJSON:setUpClass) Found network {'id': '4754c46a-1663-4e10-a4ab-3caa37c045aa', 'name': 'tempest-ServerRescueTestJSON-1148109735-network', 'tenant_id': '6e65c2666c0d48688252dfaad04e1d41', 'admin_state_up': True, 'mtu': 8950, 'status': 'ACTIVE', 'subnets': [], 'shared': False, 'project_id': '6e65c2666c0d48688252dfaad04e1d41', 'port_security_enabled': True, 'router:external': False, 'provider:network_type': 'vlan', 'provider:physical_network': 'default', 'provider:segmentation_id': 105, 'availability_zone_hints': [], 'availability_zones': [], 'ipv4_address_scope': None, 'ipv6_address_scope': None, 'description': '', 'tags': [], 'created_at': '2024-12-12T14:03:35Z', 'updated_at': '2024-12-12T14:03:35Z', 'revision_number': 1} available for tenant
2024-12-12 14:03:38.483 68082 INFO tempest.lib.common.rest_client [req-c1fc6a46-ffb6-4a99-a168-5fc4b14d3453 req-c1fc6a46-ffb6-4a99-a168-5fc4b14d3453 ] Request (KeyPairsNegativeTestJSON:setUpClass): 200 GET http://10.180.1.21/identity/v3/domains?name=Default 0.040s
2024-12-12 14:03:38.498 68030 INFO tempest.lib.common.rest_client [req-65f7ec52-c489-49fb-a127-608fb68aea54 req-65f7ec52-c489-49fb-a127-608fb68aea54 ] Request (SecurityGroupRulesTestJSON:test_security_group_rules_create_with_optional_cidr): 200 POST http://10.180.1.21/compute/v2.1/os-security-group-rules 2.131s
2024-12-12 14:03:38.525 68082 INFO tempest.lib.common.rest_client [req-15190b28-4d4e-4e1f-8a81-4e2a636fcf04 req-15190b28-4d4e-4e1f-8a81-4e2a636fcf04 ] Request (KeyPairsNegativeTestJSON:setUpClass): 201 POST http://10.180.1.21/identity/v3/projects 0.042s
2024-12-12 14:03:38.588 68084 INFO tempest.lib.common.rest_client [req-c894fd47-2f3f-46c8-8ca9-e7938064b70d req-c894fd47-2f3f-46c8-8ca9-e7938064b70d ] Request (MigrationsAdminTest:test_list_migrations_in_flavor_resize_situation): 200 GET http://10.180.1.21/compute/v2.1/servers/29e4f8bb-5f9c-4cc9-8bc5-745977f5412a 2.094s
2024-12-12 14:03:38.598 68084 INFO tempest.common.waiters [-] State transition "RESIZE/resize_finish" ==> "VERIFY_RESIZE/None" after 27 second wait
2024-12-12 14:03:38.603 68082 INFO tempest.lib.common.rest_client [req-d1c8e605-f72c-4d1c-aea9-d7a63c1a98fe req-d1c8e605-f72c-4d1c-aea9-d7a63c1a98fe ] Request (KeyPairsNegativeTestJSON:setUpClass): 201 POST http://10.180.1.21/identity/v3/users 0.077s
2024-12-12 14:03:38.624 68082 INFO tempest.lib.common.rest_client [req-fc8ebf4e-3ad7-498e-9b33-0a4ff7b732dd req-fc8ebf4e-3ad7-498e-9b33-0a4ff7b732dd ] Request (KeyPairsNegativeTestJSON:setUpClass): 200 GET http://10.180.1.21/identity/v3/roles 0.021s
2024-12-12 14:03:38.669 68082 INFO tempest.lib.common.rest_client [req-27ba4deb-8dc1-4a39-891e-30b665b6226c req-27ba4deb-8dc1-4a39-891e-30b665b6226c ] Request (KeyPairsNegativeTestJSON:setUpClass): 204 PUT http://10.180.1.21/identity/v3/projects/18192f7c0de44a0190b60afbb2671e74/users/d6a57ce1966d45dc900bf58036f88606/roles/fd8b4490fd0a4c008245365fc7d3fbe7 0.044s
2024-12-12 14:03:38.669 68082 INFO tempest.lib.common.dynamic_creds [-] Dynamic test user d6a57ce1966d45dc900bf58036f88606 is created with scope project and roles: ['member']
2024-12-12 14:03:38.670 68082 INFO tempest.lib.common.dynamic_creds [-] Acquired dynamic creds: credentials: Credentials: {'domain_id': 'default', 'domain_name': 'Default', 'username': 'tempest-KeyPairsNegativeTestJSON-1767489380-project-member', 'project_domain_id': 'default', 'project_domain_name': 'Default', 'project_id': '18192f7c0de44a0190b60afbb2671e74', 'project_name': 'tempest-KeyPairsNegativeTestJSON-1767489380', 'tenant_id': '18192f7c0de44a0190b60afbb2671e74', 'tenant_name': 'tempest-KeyPairsNegativeTestJSON-1767489380', 'user_domain_id': 'default', 'user_domain_name': 'Default', 'user_id': 'd6a57ce1966d45dc900bf58036f88606', 'system': None}, Network: None, Subnet: None, Router: None
2024-12-12 14:03:38.670 68082 INFO tempest.lib.common.dynamic_creds [-] Created isolated network resources for: credentials: Credentials: {'domain_id': 'default', 'domain_name': 'Default', 'username': 'tempest-KeyPairsNegativeTestJSON-1767489380-project-member', 'project_domain_id': 'default', 'project_domain_name': 'Default', 'project_id': '18192f7c0de44a0190b60afbb2671e74', 'project_name': 'tempest-KeyPairsNegativeTestJSON-1767489380', 'tenant_id': '18192f7c0de44a0190b60afbb2671e74', 'tenant_name': 'tempest-KeyPairsNegativeTestJSON-1767489380', 'user_domain_id': 'default', 'user_domain_name': 'Default', 'user_id': 'd6a57ce1966d45dc900bf58036f88606', 'system': None}, Network: None, Subnet: None, Router: None
2024-12-12 14:03:38.706 68040 INFO tempest.lib.common.rest_client [req-a6cc7f15-c4cb-498e-988b-c252e2146849 req-a6cc7f15-c4cb-498e-988b-c252e2146849 ] Request (DeleteServersAdminTestJSON:test_admin_delete_servers_of_others): 200 GET http://10.180.1.21/compute/v2.1/servers/6552085b-032b-484c-99f5-37cc62e24063 1.772s
2024-12-12 14:03:38.763 68082 INFO tempest.lib.common.rest_client [req-f401b2d1-09a1-49fc-a206-9c3f993bd382 req-f401b2d1-09a1-49fc-a206-9c3f993bd382 ] Request (KeyPairsNegativeTestJSON:setUpClass): 201 POST http://10.180.1.21/identity/v3/auth/tokens 0.089s
