2025-04-21 14:22:18.838 70038 INFO tempest.lib.common.dynamic_creds [-] Created isolated network resources for: credentials: Credentials: {'domain_id': 'default', 'domain_name': 'Default', 'username': 'tempest-VolumesAdminNegativeTest-1976664665-project-member', 'project_domain_id': 'default', 'project_domain_name': 'Default', 'project_id': '9b3c79f987284e05a501c587d1367eca', 'project_name': 'tempest-VolumesAdminNegativeTest-1976664665', 'tenant_id': '9b3c79f987284e05a501c587d1367eca', 'tenant_name': 'tempest-VolumesAdminNegativeTest-1976664665', 'user_domain_id': 'default', 'user_domain_name': 'Default', 'user_id': '5a40c1de9eea4f8dbe9a48e7c513943f', 'system': None}, Network: {'id': '5abd0663-7e6c-484b-9051-4e87d5daeed5', 'name': 'tempest-VolumesAdminNegativeTest-1248824998-network', 'tenant_id': '9b3c79f987284e05a501c587d1367eca', 'admin_state_up': True, 'mtu': 8950, 'status': 'ACTIVE', 'subnets': [], 'shared': False, 'project_id': '9b3c79f987284e05a501c587d1367eca', 'port_security_enabled': True, 'router:external': False, 'provider:network_type': 'vlan', 'provider:physical_network': 'default', 'provider:segmentation_id': 767, 'availability_zone_hints': [], 'availability_zones': [], 'ipv4_address_scope': None, 'ipv6_address_scope': None, 'description': '', 'tags': [], 'created_at': '2025-04-21T14:22:16Z', 'updated_at': '2025-04-21T14:22:16Z', 'revision_number': 1}, Subnet: {'id': '8b16a6ef-7378-4c90-9a4e-16f636817f7d', 'name': 'tempest-VolumesAdminNegativeTest-1248824998-subnet', 'tenant_id': '9b3c79f987284e05a501c587d1367eca', 'network_id': '5abd0663-7e6c-484b-9051-4e87d5daeed5', 'ip_version': 4, 'subnetpool_id': None, 'enable_dhcp': True, 'ipv6_ra_mode': None, 'ipv6_address_mode': None, 'gateway_ip': '192.168.128.1', 'cidr': '192.168.128.0/28', 'allocation_pools': [{'start': '192.168.128.2', 'end': '192.168.128.14'}], 'host_routes': [], 'dns_nameservers': [], 'description': '', 'router:external': False, 'service_types': [], 'tags': [], 'created_at': '2025-04-21T14:22:16Z', 'updated_at': '2025-04-21T14:22:16Z', 'revision_number': 0, 'project_id': '9b3c79f987284e05a501c587d1367eca'}, Router: {'id': '877ceeb1-c0fd-4500-9228-5c865d3568f1', 'name': 'tempest-VolumesAdminNegativeTest-1248824998-router', 'tenant_id': '9b3c79f987284e05a501c587d1367eca', 'admin_state_up': True, 'status': 'ACTIVE', 'external_gateway_info': {'network_id': 'cbf6c7b5-2f8b-48ee-9a22-5aaf7dcfd14b', 'external_fixed_ips': [{'subnet_id': '441e6e05-9d97-4194-af6d-6cbedb66a0f0', 'ip_address': '10.180.180.224'}], 'enable_snat': True}, 'description': '', 'availability_zones': [], 'distributed': False, 'ha': False, 'availability_zone_hints': [], 'routes': [], 'flavor_id': None, 'tags': [], 'created_at': '2025-04-21T14:22:16Z', 'updated_at': '2025-04-21T14:22:17Z', 'revision_number': 2, 'project_id': '9b3c79f987284e05a501c587d1367eca'}
2025-04-21 14:22:18.872 70048 INFO tempest.lib.common.rest_client [req-e52d9556-a7a3-4a5b-ab5f-bb38ce2ab4cf req-e52d9556-a7a3-4a5b-ab5f-bb38ce2ab4cf ] Request (ServersTestManualDisk:setUpClass): 200 GET http://10.180.1.21/compute/v2.1/servers/70fa1a36-4cac-46c3-a686-e916e2a8415c 0.506s
2025-04-21 14:22:18.898 70066 INFO tempest.lib.common.rest_client [req-4e1250cf-2cc9-42ea-87ac-e3b8cf2bee45 req-4e1250cf-2cc9-42ea-87ac-e3b8cf2bee45 ] Request (AttachInterfacesV270Test:tearDownClass): 200 GET http://10.180.1.21/compute/v2.1/servers/0442abba-1214-42e4-8822-2bf2c1c5de89 0.436s
2025-04-21 14:22:18.903 70058 INFO tempest.lib.common.rest_client [req-d056888a-5e2a-422b-91e8-dcbb64259c5e req-d056888a-5e2a-422b-91e8-dcbb64259c5e ] Request (FlavorsAdminTestJSON:test_list_public_flavor_with_other_user): 200 POST http://10.180.1.21/compute/v2.1/flavors 0.438s
2025-04-21 14:22:18.926 70038 INFO tempest.lib.common.rest_client [req-ae4217c1-0a26-46fa-a4c8-7d10d6e196a9 req-ae4217c1-0a26-46fa-a4c8-7d10d6e196a9 ] Request (VolumesAdminNegativeTest:setUpClass): 201 POST http://10.180.1.21/identity/v3/auth/tokens 0.083s
2025-04-21 14:22:18.931 70087 INFO tempest.lib.common.rest_client [req-445861d3-e56c-46ed-8efc-1f1120105fd3 req-445861d3-e56c-46ed-8efc-1f1120105fd3 ] Request (ServicesAdminNegativeTestJSON:tearDownClass): 204 DELETE http://10.180.1.21/identity/v3/users/8a4c590d38b84fff9fd36f7c589bd408 0.103s
2025-04-21 14:22:18.991 70065 INFO tempest.lib.common.rest_client [req-bd9646b8-8c70-46ee-a256-3bfa0457dc87 req-bd9646b8-8c70-46ee-a256-3bfa0457dc87 ] Request (ServerActionsV293TestJSON:setUpClass): 200 GET http://10.180.1.21/compute/v2.1/servers/cab0b055-8cc8-42c4-bdac-b29252d9b2cb 0.453s
2025-04-21 14:22:18.992 70034 INFO tempest.lib.common.rest_client [req-e5532410-4e31-4ff3-8265-50aa13ff8d6c req-e5532410-4e31-4ff3-8265-50aa13ff8d6c ] Request (ServersTestMultiNic:setUpClass): 201 POST http://10.180.1.21:9696/networking/v2.0/subnets 0.157s
2025-04-21 14:22:19.006 70038 INFO tempest.lib.common.rest_client [req-7cd712f5-3a67-47ee-b704-c5927b7a04ed req-7cd712f5-3a67-47ee-b704-c5927b7a04ed ] Request (VolumesAdminNegativeTest:setUpClass): 201 POST http://10.180.1.21/identity/v3/projects 0.079s
2025-04-21 14:22:19.030 70087 INFO tempest.lib.common.rest_client [req-4825ff0a-251d-4f06-930f-f1fd1284a6cd req-4825ff0a-251d-4f06-930f-f1fd1284a6cd ] Request (ServicesAdminNegativeTestJSON:tearDownClass): 204 DELETE http://10.180.1.21/identity/v3/users/3c4cc6d8365f4ac18f81431949ddd933 0.098s
2025-04-21 14:22:19.030 70087 INFO tempest.lib.common.dynamic_creds [-] Deleting project and security group for project: 9a44069b10114e8bafda09b1d91ba603
2025-04-21 14:22:19.057 70062 INFO tempest.lib.common.rest_client [req-7572ee55-7d20-4bf6-af00-bfff89e06265 req-7572ee55-7d20-4bf6-af00-bfff89e06265 ] Request (ServerMetadataNegativeTestJSON:setUpClass): 200 GET http://10.180.1.21/compute/v2.1/servers/81711994-e06d-4361-9df7-d0e8293793f4 0.419s
2025-04-21 14:22:19.062 70080 INFO tempest.lib.common.rest_client [req-f892a2e0-f2c4-4802-87de-a1ca00ed9e55 req-f892a2e0-f2c4-4802-87de-a1ca00ed9e55 ] Request (ServersAdminNegativeTestJSON:setUpClass): 200 GET http://10.180.1.21/compute/v2.1/servers/419855f7-7b7a-4454-b8fb-3292a4eb1c80 0.520s
2025-04-21 14:22:19.084 70087 INFO tempest.lib.common.rest_client [req-831b760b-03c8-4738-b060-fe98cb10fac6 req-831b760b-03c8-4738-b060-fe98cb10fac6 ] Request (ServicesAdminNegativeTestJSON:tearDownClass): 201 POST http://10.180.1.21/identity/v3/auth/tokens 0.053s
2025-04-21 14:22:19.110 70038 INFO tempest.lib.common.rest_client [req-29ba2d37-eca7-47da-b9b1-5ae54e532008 req-29ba2d37-eca7-47da-b9b1-5ae54e532008 ] Request (VolumesAdminNegativeTest:setUpClass): 201 POST http://10.180.1.21/identity/v3/users 0.103s
2025-04-21 14:22:19.141 70060 INFO tempest.lib.common.rest_client [req-26cf4049-6637-4591-bec6-4686b4f33b83 req-26cf4049-6637-4591-bec6-4686b4f33b83 ] Request (ServerExternalEventsTest:tearDownClass): 200 GET http://10.180.1.21/compute/v2.1/servers/1ebf75da-6457-4146-824b-828a65de9117 0.499s
2025-04-21 14:22:19.149 70038 INFO tempest.lib.common.rest_client [req-29850f8d-266a-4778-99c4-487dea66e9de req-29850f8d-266a-4778-99c4-487dea66e9de ] Request (VolumesAdminNegativeTest:setUpClass): 200 GET http://10.180.1.21/identity/v3/roles 0.038s
2025-04-21 14:22:19.178 70056 INFO tempest.lib.common.rest_client [req-dbd26e08-1813-4e4f-847d-825127e8fc11 req-dbd26e08-1813-4e4f-847d-825127e8fc11 ] Request (ImagesMetadataTestJSON:test_get_image_metadata_item): 200 GET http://10.180.1.21/compute/v2.1/images/e30aed38-96af-4180-b634-26f5cd6dd142/metadata/os_distro 0.511s
2025-04-21 14:22:19.180 70038 INFO tempest.lib.common.rest_client [req-93d11a8e-5016-46e8-aef0-af64ab3deb61 req-93d11a8e-5016-46e8-aef0-af64ab3deb61 ] Request (VolumesAdminNegativeTest:setUpClass): 204 PUT http://10.180.1.21/identity/v3/projects/e79c1b084e94436495fc0597fb703abe/users/993ac3e90a9442cebc08c8949dbc98e3/roles/ea06209341a84b4b83374cd349337cf7 0.030s
2025-04-21 14:22:19.234 70038 INFO tempest.lib.common.rest_client [req-80b03868-a40f-4766-9fe4-bcb118a8359f req-80b03868-a40f-4766-9fe4-bcb118a8359f ] Request (VolumesAdminNegativeTest:setUpClass): 200 GET http://10.180.1.21/identity/v3/roles 0.053s
2025-04-21 14:22:19.249 70032 INFO tempest.lib.common.rest_client [req-87c5fb44-358e-440e-92ad-7cfc7937584a req-87c5fb44-358e-440e-92ad-7cfc7937584a ] Request (ServerRescueTestJSONUnderV235:setUpClass): 200 GET http://10.180.1.21/compute/v2.1/servers/dcc846cd-4ce5-41e6-a419-d85d964e9f79 0.527s
2025-04-21 14:22:19.259 70038 INFO tempest.lib.common.rest_client [req-9bd7ddea-d07d-4d5c-9915-55f4546741be req-9bd7ddea-d07d-4d5c-9915-55f4546741be ] Request (VolumesAdminNegativeTest:setUpClass): 204 PUT http://10.180.1.21/identity/v3/projects/e79c1b084e94436495fc0597fb703abe/users/993ac3e90a9442cebc08c8949dbc98e3/roles/ea06209341a84b4b83374cd349337cf7 0.024s
2025-04-21 14:22:19.259 70038 INFO tempest.lib.common.dynamic_creds [-] Dynamic test user 993ac3e90a9442cebc08c8949dbc98e3 is created with scope project and roles: ['admin']
2025-04-21 14:22:19.259 70038 INFO tempest.lib.common.dynamic_creds [-] Acquired dynamic creds: credentials: Credentials: {'domain_id': 'default', 'domain_name': 'Default', 'username': 'tempest-VolumesAdminNegativeTest-1727439462-project-admin', 'project_domain_id': 'default', 'project_domain_name': 'Default', 'project_id': 'e79c1b084e94436495fc0597fb703abe', 'project_name': 'tempest-VolumesAdminNegativeTest-1727439462', 'tenant_id': 'e79c1b084e94436495fc0597fb703abe', 'tenant_name': 'tempest-VolumesAdminNegativeTest-1727439462', 'user_domain_id': 'default', 'user_domain_name': 'Default', 'user_id': '993ac3e90a9442cebc08c8949dbc98e3', 'system': None}, Network: None, Subnet: None, Router: None
2025-04-21 14:22:19.285 70028 INFO tempest.lib.common.rest_client [req-6049f080-32e7-4272-8589-9b92da165d8a req-6049f080-32e7-4272-8589-9b92da165d8a ] Request (SecurityGroupRulesTestJSON:tearDownClass): 202 DELETE http://10.180.1.21/compute/v2.1/os-security-groups/89508c71-5647-4d9e-85b7-1e9814263451 0.641s
2025-04-21 14:22:19.315 70083 INFO tempest.lib.common.rest_client [req-8aa32580-865a-446d-b68e-151f8c70aa38 req-8aa32580-865a-446d-b68e-151f8c70aa38 ] Request (ServerTagsTestJSON:test_update_all_tags): 201 PUT http://10.180.1.21/compute/v2.1/servers/c183848a-2b6a-40de-a696-8ca9eb65ea9b/tags/tempest-tag-128830883 0.591s
2025-04-21 14:22:19.453 70040 INFO tempest.lib.common.rest_client [req-0fc6d6e9-4219-45dc-bc38-bcb5a7626f97 req-0fc6d6e9-4219-45dc-bc38-bcb5a7626f97 ] Request (InstanceActionsNegativeTestJSON:setUpClass): 200 GET http://10.180.1.21/compute/v2.1/servers/c7bb457d-14bd-4aea-aa10-6051b1f042f6 0.673s
2025-04-21 14:22:19.483 70087 INFO tempest.lib.common.rest_client [req-1f3f08ee-ee74-437f-908c-dc9d0a72da43 req-1f3f08ee-ee74-437f-908c-dc9d0a72da43 ] Request (ServicesAdminNegativeTestJSON:tearDownClass): 200 GET http://10.180.1.21:9696/networking/v2.0/security-groups?tenant_id=9a44069b10114e8bafda09b1d91ba603&name=default 0.398s
2025-04-21 14:22:19.553 70068 INFO tempest.lib.common.rest_client [req-cec94e3d-4092-47d6-88d6-0d12e1057065 req-cec94e3d-4092-47d6-88d6-0d12e1057065 ] Request (AttachInterfacesTestJSON:test_create_list_show_delete_interfaces_by_fixed_ip): 200 GET http://10.180.1.21/compute/v2.1/servers/422212a4-2f37-4e1c-8ee8-4e64a75a8534 0.679s
2025-04-21 14:22:19.588 70072 INFO tempest.lib.common.rest_client [req-1adfe731-2f99-494e-b536-7ea35a9ddbe8 req-1adfe731-2f99-494e-b536-7ea35a9ddbe8 ] Request (MigrationsAdminTest:test_list_migrations_in_flavor_resize_situation): 200 GET http://10.180.1.21/compute/v2.1/servers/5d375ddb-f946-42ef-b862-258483104c67 0.832s
2025-04-21 14:22:19.595 70072 INFO tempest.common.waiters [-] State transition "RESIZE/resize_migrated" ==> "RESIZE/resize_finish" after 35 second wait
2025-04-21 14:22:19.608 70058 INFO tempest.lib.common.rest_client [req-db000698-a065-475a-a0e4-d4df3ec7cb37 req-db000698-a065-475a-a0e4-d4df3ec7cb37 ] Request (FlavorsAdminTestJSON:test_list_public_flavor_with_other_user): 200 GET http://10.180.1.21/compute/v2.1/flavors/detail 0.702s
2025-04-21 14:22:19.643 70044 INFO tempest.lib.common.rest_client [req-87d79f74-40da-457d-af02-234cb068b35f req-87d79f74-40da-457d-af02-234cb068b35f ] Request (DeleteServersAdminTestJSON:test_delete_server_while_in_error_state): 200 GET http://10.180.1.21/compute/v2.1/servers/7a1b9ecd-9646-4e90-8992-7f3253695b6f 0.767s
2025-04-21 14:22:19.701 70079 INFO tempest.lib.common.rest_client [req-15a8df28-6771-48b4-9418-610d09a8b0ad req-15a8df28-6771-48b4-9418-610d09a8b0ad ] Request (ImagesNegativeTestJSON:test_create_image_from_deleted_server): 200 GET http://10.180.1.21/compute/v2.1/servers/3dda3878-05f3-40fa-a6d0-e793f98b2ea5 0.775s
2025-04-21 14:22:19.713 70074 INFO tempest.lib.common.rest_client [req-39c7d485-cfca-4000-8e89-d8fb3b7d0331 req-39c7d485-cfca-4000-8e89-d8fb3b7d0331 ] Request (ImagesTestJSON:test_create_image_from_suspended_server): 200 GET http://10.180.1.21/compute/v2.1/servers/cab958a0-2481-4ea6-995b-13b7f5a7cea1 0.781s
2025-04-21 14:22:19.744 70087 INFO tempest.lib.common.rest_client [req-0041ef95-6e46-4444-91a6-f93f305ef454 req-0041ef95-6e46-4444-91a6-f93f305ef454 ] Request (ServicesAdminNegativeTestJSON:tearDownClass): 204 DELETE http://10.180.1.21:9696/networking/v2.0/security-groups/c3c6d917-ecbc-4c90-9d96-605183c54e98 0.261s
2025-04-21 14:22:19.798 70054 INFO tempest.lib.common.rest_client [req-7f01ac8f-d585-4d79-8f1f-115136586f29 req-7f01ac8f-d585-4d79-8f1f-115136586f29 ] Request (FloatingIPsAssociationNegativeTestJSON:tearDownClass): 200 GET http://10.180.1.21/compute/v2.1/servers/e884e2ff-a691-4d1e-98ac-18c40bdd9a37 0.774s
2025-04-21 14:22:19.816 70038 INFO tempest.lib.common.rest_client [req-ea80ca42-2ce7-4da3-9f5a-51f04dab0231 req-ea80ca42-2ce7-4da3-9f5a-51f04dab0231 ] Request (VolumesAdminNegativeTest:setUpClass): 201 POST http://10.180.1.21:9696/networking/v2.0/networks 0.557s
2025-04-21 14:22:19.899 70024 INFO tempest.lib.common.rest_client [req-ee13f9db-8853-43a0-9d81-37970e52f5ba req-ee13f9db-8853-43a0-9d81-37970e52f5ba ] Request (ServerDiagnosticsV248Test:test_get_server_diagnostics): 200 GET http://10.180.1.21/compute/v2.1/servers/7cacd294-cab8-49d5-8f6b-df191b81685e 0.789s
2025-04-21 14:22:19.910 70087 INFO tempest.lib.common.rest_client [req-46d80642-bd3d-47b6-b6dd-fb3fd039158a req-46d80642-bd3d-47b6-b6dd-fb3fd039158a ] Request (ServicesAdminNegativeTestJSON:tearDownClass): 204 DELETE http://10.180.1.21/identity/v3/projects/9a44069b10114e8bafda09b1d91ba603 0.165s
2025-04-21 14:22:19.910 70087 INFO tempest.lib.common.dynamic_creds [-] Deleting project and security group for project: 826634c189504b4ebd72af1edb156cd7
2025-04-21 14:22:19.939 70030 INFO tempest.lib.common.rest_client [req-d7f3a136-8498-43ac-8e6f-3cd9430426c9 req-d7f3a136-8498-43ac-8e6f-3cd9430426c9 ] Request (ImagesOneServerNegativeTestJSON:_run_cleanups): 200 GET http://10.180.1.21/compute/v2.1/servers/50f0d38d-f2e0-43e0-a47d-4b0a5a808528 0.888s
2025-04-21 14:22:20.018 70047 INFO tempest.lib.common.rest_client [req-ef114824-cacd-46bc-8bfe-8915e937c87a req-ef114824-cacd-46bc-8bfe-8915e937c87a ] Request (ImagesOneServerTestJSON:setUpClass): 200 GET http://10.180.1.21/compute/v2.1/servers/b2d28914-de45-41cd-9b0c-f5f05b591151 0.823s
2025-04-21 14:22:20.080 70056 INFO tempest.lib.common.rest_client [req-1cba1f67-a002-4f6c-a4a2-c05bdd0ee7d7 req-1cba1f67-a002-4f6c-a4a2-c05bdd0ee7d7 ] Request (ImagesMetadataTestJSON:setUp): 200 PUT http://10.180.1.21/compute/v2.1/images/e30aed38-96af-4180-b634-26f5cd6dd142/metadata 0.901s
2025-04-21 14:22:20.326 70026 INFO tempest.lib.common.rest_client [req-4f80ce50-765f-4d58-b152-34ceec6593ff req-4f80ce50-765f-4d58-b152-34ceec6593ff ] Request (ServerGroupTestJSON:test_create_server_with_scheduler_hint_group): 200 GET http://10.180.1.21/compute/v2.1/servers/9a6d7008-c038-4e29-9d44-0773720c91ad 1.061s
2025-04-21 14:22:20.386 70076 INFO tempest.lib.common.rest_client [req-1cd2fec8-7abf-43b8-ba7e-a80ebe0504cd req-1cd2fec8-7abf-43b8-ba7e-a80ebe0504cd ] Request (ServerActionsTestOtherB:setUpClass): 200 GET http://10.180.1.21/compute/v2.1/servers/b45391be-19be-4a55-88cf-c471c4355ff4 1.102s
2025-04-21 14:22:20.409 70087 INFO tempest.lib.common.rest_client [req-bdc4ba91-a56c-492c-9c65-f7d878272b9e req-bdc4ba91-a56c-492c-9c65-f7d878272b9e ] Request (ServicesAdminNegativeTestJSON:tearDownClass): 200 GET http://10.180.1.21:9696/networking/v2.0/security-groups?tenant_id=826634c189504b4ebd72af1edb156cd7&name=default 0.498s
2025-04-21 14:22:20.418 70034 INFO tempest.lib.common.rest_client [req-20cc8780-7c9a-4327-9a0e-a7090f63c88f req-20cc8780-7c9a-4327-9a0e-a7090f63c88f ] Request (ServersTestMultiNic:setUpClass): 201 POST http://10.180.1.21:9696/networking/v2.0/routers 1.425s
2025-04-21 14:22:20.451 70083 INFO tempest.lib.common.rest_client [req-e9252fc0-1f62-464a-afdb-9fb2b8ba7858 req-e9252fc0-1f62-464a-afdb-9fb2b8ba7858 ] Request (ServerTagsTestJSON:test_update_all_tags): 200 PUT http://10.180.1.21/compute/v2.1/servers/c183848a-2b6a-40de-a696-8ca9eb65ea9b/tags 1.134s
2025-04-21 14:22:20.534 70050 INFO tempest.lib.common.rest_client [req-7e8e72d9-b563-4ca0-811c-4b36433596f3 req-7e8e72d9-b563-4ca0-811c-4b36433596f3 ] Request (ListServersNegativeTestJSON:setUpClass): 200 GET http://10.180.1.21/compute/v2.1/servers/0d10f980-4551-4cc6-99ba-e42a97f9cd80 1.184s
2025-04-21 14:22:20.578 70038 INFO tempest.lib.common.rest_client [req-5081c6c6-61fd-4194-b457-b004a9bbf1c7 req-5081c6c6-61fd-4194-b457-b004a9bbf1c7 ] Request (VolumesAdminNegativeTest:setUpClass): 201 POST http://10.180.1.21:9696/networking/v2.0/subnets 0.762s
2025-04-21 14:22:20.618 70087 INFO tempest.lib.common.rest_client [req-1ebde8d8-aa0c-4a41-b300-25d49bec3abe req-1ebde8d8-aa0c-4a41-b300-25d49bec3abe ] Request (ServicesAdminNegativeTestJSON:tearDownClass): 204 DELETE http://10.180.1.21:9696/networking/v2.0/security-groups/528aeb33-a0b9-41ab-919f-1f3808823788 0.209s
2025-04-21 14:22:20.655 70028 INFO tempest.lib.common.rest_client [req-0a0a58a4-d0c8-4ee4-a1f2-0f30adedd3f4 req-0a0a58a4-d0c8-4ee4-a1f2-0f30adedd3f4 ] Request (SecurityGroupRulesTestJSON:tearDownClass): 202 DELETE http://10.180.1.21/compute/v2.1/os-security-groups/550345e9-cafb-4bc4-80fa-518d52e79074 1.369s
2025-04-21 14:22:20.714 70052 INFO tempest.lib.common.rest_client [req-b6bbd76e-3e01-471f-9ede-36eea4576997 req-b6bbd76e-3e01-471f-9ede-36eea4576997 ] Request (VolumesAssistedSnapshotsTest:test_volume_assisted_snapshot_create_delete): 200 GET http://10.180.1.21/compute/v2.1/servers/02c9949a-ff1f-4ae3-a942-523833e37fdf 1.276s
2025-04-21 14:22:20.738 70085 INFO tempest.lib.common.rest_client [req-35905660-388b-4336-9c3c-21ad4b1b8642 req-35905660-388b-4336-9c3c-21ad4b1b8642 ] Request (ServersListShow298Test:test_list_show_update_rebuild_server_298): 200 GET http://10.180.1.21/compute/v2.1/servers/1704e568-0bc9-41c2-96e8-a45ed3d81534 1.286s
2025-04-21 14:22:20.753 70058 INFO tempest.lib.common.rest_client [req-485ff231-315a-4430-aa6f-333ece9f4d05 req-485ff231-315a-4430-aa6f-333ece9f4d05 ] Request (FlavorsAdminTestJSON:_run_cleanups): 202 DELETE http://10.180.1.21/compute/v2.1/flavors/592802576 1.140s
2025-04-21 14:22:20.794 70087 INFO tempest.lib.common.rest_client [req-004c9120-bbeb-443f-bb05-188f27a5138b req-004c9120-bbeb-443f-bb05-188f27a5138b ] Request (ServicesAdminNegativeTestJSON:tearDownClass): 204 DELETE http://10.180.1.21/identity/v3/projects/826634c189504b4ebd72af1edb156cd7 0.175s
2025-04-21 14:22:20.864 70087 INFO tempest.lib.common.rest_client [req-555f1885-97e5-4b89-86ed-d0410f84d22e req-555f1885-97e5-4b89-86ed-d0410f84d22e ] Request (ServerShowV254Test:setUpClass): 201 POST http://10.180.1.21/identity/v3/auth/tokens 0.068s
2025-04-21 14:22:20.887 70070 INFO tempest.lib.common.rest_client [req-ad1d802e-b945-4388-b3d1-38c666278391 req-ad1d802e-b945-4388-b3d1-38c666278391 ] Request (ServerActionsTestJSON:setUpClass): 200 GET http://10.180.1.21/compute/v2.1/servers/24415407-c84b-49fc-a5e6-6b3449da9d0e 1.254s
2025-04-21 14:22:20.903 70087 INFO tempest.lib.common.rest_client [req-11059af8-dcf3-4b51-8e21-243d2fa2bc2e req-11059af8-dcf3-4b51-8e21-243d2fa2bc2e ] Request (ServerShowV254Test:setUpClass): 201 POST http://10.180.1.21/identity/v3/auth/tokens 0.035s
2025-04-21 14:22:20.909 70036 INFO tempest.lib.common.rest_client [req-10443687-1600-4f24-aeec-f3f6fc1fa44b req-10443687-1600-4f24-aeec-f3f6fc1fa44b ] Request (ServersV294TestFqdnHostnames:setUpClass): 200 GET http://10.180.1.21/compute/v2.1/servers/b1697ea0-f94a-4605-9a91-2b158d047f56 1.181s
2025-04-21 14:22:20.927 70036 INFO tempest.common.waiters [-] State transition "BUILD/networking" ==> "BUILD/spawning" after 32 second wait
2025-04-21 14:22:20.939 70087 INFO tempest.lib.common.rest_client [req-7eaa32e4-6d63-499f-8b5f-b03dcdcc68af req-7eaa32e4-6d63-499f-8b5f-b03dcdcc68af ] Request (ServerShowV254Test:setUpClass): 200 GET http://10.180.1.21/identity/v3/domains?name=Default 0.035s
2025-04-21 14:22:20.951 70042 INFO tempest.lib.common.rest_client [req-09c3ef9a-7906-4116-82fc-90c200423ec7 req-09c3ef9a-7906-4116-82fc-90c200423ec7 ] Request (ServersAdminTestJSON:test_create_server_with_scheduling_hint): 200 GET http://10.180.1.21/compute/v2.1/servers/a2f63117-16e6-4c33-a0b1-48ab2b5faf8e 1.154s
2025-04-21 14:22:20.966 70048 INFO tempest.lib.common.rest_client [req-cea1faf0-3de6-48cb-96d3-f5277d6c04ee req-cea1faf0-3de6-48cb-96d3-f5277d6c04ee ] Request (ServersTestManualDisk:setUpClass): 200 GET http://10.180.1.21/compute/v2.1/servers/70fa1a36-4cac-46c3-a686-e916e2a8415c 1.082s
2025-04-21 14:22:20.971 70087 INFO tempest.lib.common.rest_client [req-261db3b8-ca9a-441f-9753-eae125537384 req-261db3b8-ca9a-441f-9753-eae125537384 ] Request (ServerShowV254Test:setUpClass): 201 POST http://10.180.1.21/identity/v3/projects 0.031s
2025-04-21 14:22:21.024 70066 INFO tempest.lib.common.rest_client [req-50bb2abd-c005-4c21-91d8-cb3c752b0ac0 req-50bb2abd-c005-4c21-91d8-cb3c752b0ac0 ] Request (AttachInterfacesV270Test:tearDownClass): 200 GET http://10.180.1.21/compute/v2.1/servers/0442abba-1214-42e4-8822-2bf2c1c5de89 1.109s
2025-04-21 14:22:21.040 70087 INFO tempest.lib.common.rest_client [req-1515aeeb-624e-43e6-8943-6f116a8e0be0 req-1515aeeb-624e-43e6-8943-6f116a8e0be0 ] Request (ServerShowV254Test:setUpClass): 201 POST http://10.180.1.21/identity/v3/users 0.068s
2025-04-21 14:22:21.051 70065 INFO tempest.lib.common.rest_client [req-f08598c4-e97d-4a6a-970d-98a5415b0d20 req-f08598c4-e97d-4a6a-970d-98a5415b0d20 ] Request (ServerActionsV293TestJSON:setUpClass): 200 GET http://10.180.1.21/compute/v2.1/servers/cab0b055-8cc8-42c4-bdac-b29252d9b2cb 1.045s
2025-04-21 14:22:21.073 70087 INFO tempest.lib.common.rest_client [req-51667c11-8f30-494a-a5af-4c85b636913f req-51667c11-8f30-494a-a5af-4c85b636913f ] Request (ServerShowV254Test:setUpClass): 200 GET http://10.180.1.21/identity/v3/roles 0.033s
2025-04-21 14:22:21.098 70062 INFO tempest.lib.common.rest_client [req-e7f307b1-b6e7-4bad-88ab-53c5c0a319bd req-e7f307b1-b6e7-4bad-88ab-53c5c0a319bd ] Request (ServerMetadataNegativeTestJSON:setUpClass): 200 GET http://10.180.1.21/compute/v2.1/servers/81711994-e06d-4361-9df7-d0e8293793f4 1.029s
2025-04-21 14:22:21.107 70087 INFO tempest.lib.common.rest_client [req-629a463f-0c95-4132-a37d-5e902f1cbe33 req-629a463f-0c95-4132-a37d-5e902f1cbe33 ] Request (ServerShowV254Test:setUpClass): 204 PUT http://10.180.1.21/identity/v3/projects/6e5a73e616f4463688af091f8e256f17/users/36d451e86de740c1a1e8fba11cac9131/roles/c2a1dac024f1481b8c44c81339fb7cf7 0.033s
2025-04-21 14:22:21.107 70087 INFO tempest.lib.common.dynamic_creds [-] Dynamic test user 36d451e86de740c1a1e8fba11cac9131 is created with scope project and roles: ['member']
2025-04-21 14:22:21.108 70087 INFO tempest.lib.common.dynamic_creds [-] Acquired dynamic creds: credentials: Credentials: {'domain_id': 'default', 'domain_name': 'Default', 'username': 'tempest-ServerShowV254Test-1794991553-project-member', 'project_domain_id': 'default', 'project_domain_name': 'Default', 'project_id': '6e5a73e616f4463688af091f8e256f17', 'project_name': 'tempest-ServerShowV254Test-1794991553', 'tenant_id': '6e5a73e616f4463688af091f8e256f17', 'tenant_name': 'tempest-ServerShowV254Test-1794991553', 'user_domain_id': 'default', 'user_domain_name': 'Default', 'user_id': '36d451e86de740c1a1e8fba11cac9131', 'system': None}, Network: None, Subnet: None, Router: None
2025-04-21 14:22:21.108 70087 INFO tempest.lib.common.dynamic_creds [-] Created isolated network resources for: credentials: Credentials: {'domain_id': 'default', 'domain_name': 'Default', 'username': 'tempest-ServerShowV254Test-1794991553-project-member', 'project_domain_id': 'default', 'project_domain_name': 'Default', 'project_id': '6e5a73e616f4463688af091f8e256f17', 'project_name': 'tempest-ServerShowV254Test-1794991553', 'tenant_id': '6e5a73e616f4463688af091f8e256f17', 'tenant_name': 'tempest-ServerShowV254Test-1794991553', 'user_domain_id': 'default', 'user_domain_name': 'Default', 'user_id': '36d451e86de740c1a1e8fba11cac9131', 'system': None}, Network: None, Subnet: None, Router: None
2025-04-21 14:22:21.137 70056 INFO tempest.lib.common.rest_client [req-1c55e5da-49cc-47f5-b8e6-6e67d906c1d9 req-1c55e5da-49cc-47f5-b8e6-6e67d906c1d9 ] Request (ImagesMetadataTestJSON:test_list_image_metadata): 200 GET http://10.180.1.21/compute/v2.1/images/e30aed38-96af-4180-b634-26f5cd6dd142/metadata 1.055s
2025-04-21 14:22:21.205 70080 INFO tempest.lib.common.rest_client [req-4dad0db7-8f98-4d8a-9838-08e0cccc78d6 req-4dad0db7-8f98-4d8a-9838-08e0cccc78d6 ] Request (ServersAdminNegativeTestJSON:setUpClass): 200 GET http://10.180.1.21/compute/v2.1/servers/419855f7-7b7a-4454-b8fb-3292a4eb1c80 1.132s
2025-04-21 14:22:21.213 70060 INFO tempest.lib.common.rest_client [req-cb7ec36d-6a37-4c0f-a7bb-4745eae2d635 req-cb7ec36d-6a37-4c0f-a7bb-4745eae2d635 ] Request (ServerExternalEventsTest:tearDownClass): 200 GET http://10.180.1.21/compute/v2.1/servers/1ebf75da-6457-4146-824b-828a65de9117 1.061s
2025-04-21 14:22:21.217 70087 INFO tempest.lib.common.rest_client [req-999d4c0a-d875-4975-b68c-55ac260e52d8 req-999d4c0a-d875-4975-b68c-55ac260e52d8 ] Request (ServerShowV254Test:setUpClass): 201 POST http://10.180.1.21/identity/v3/auth/tokens 0.106s
2025-04-21 14:22:21.231 70083 INFO tempest.lib.common.rest_client [req-cb4daf3f-8b1b-47f0-bc33-5abff991ee9d req-cb4daf3f-8b1b-47f0-bc33-5abff991ee9d ] Request (ServerTagsTestJSON:test_update_all_tags): 200 GET http://10.180.1.21/compute/v2.1/servers/c183848a-2b6a-40de-a696-8ca9eb65ea9b/tags 0.779s
2025-04-21 14:22:21.250 70087 INFO tempest.lib.common.rest_client [req-87b364ef-4c79-4888-b7c0-0f7e7631528c req-87b364ef-4c79-4888-b7c0-0f7e7631528c ] Request (ServerShowV254Test:test_rebuild_server): 201 POST http://10.180.1.21/identity/v3/auth/tokens 0.028s
2025-04-21 14:22:21.251 70087 INFO tempest.lib.common.fixed_network [-] (ServerShowV254Test:test_rebuild_server) Found network None available for tenant
2025-04-21 14:22:21.257 70032 INFO tempest.lib.common.rest_client [req-7d2ef8ce-a585-432a-bdde-0f9113d87f9d req-7d2ef8ce-a585-432a-bdde-0f9113d87f9d ] Request (ServerRescueTestJSONUnderV235:setUpClass): 200 GET http://10.180.1.21/compute/v2.1/servers/dcc846cd-4ce5-41e6-a419-d85d964e9f79 0.992s
2025-04-21 14:22:21.281 70040 INFO tempest.lib.common.rest_client [req-07b84f99-5739-4844-8b20-6614b426dd2f req-07b84f99-5739-4844-8b20-6614b426dd2f ] Request (InstanceActionsNegativeTestJSON:setUpClass): 200 GET http://10.180.1.21/compute/v2.1/servers/c7bb457d-14bd-4aea-aa10-6051b1f042f6 0.816s
2025-04-21 14:22:21.316 70068 INFO tempest.lib.common.rest_client [req-d00159e7-172c-44cb-9bd6-34ce15c595f9 req-d00159e7-172c-44cb-9bd6-34ce15c595f9 ] Request (AttachInterfacesTestJSON:test_create_list_show_delete_interfaces_by_fixed_ip): 200 GET http://10.180.1.21/compute/v2.1/servers/422212a4-2f37-4e1c-8ee8-4e64a75a8534 0.754s
2025-04-21 14:22:21.372 70044 INFO tempest.lib.common.rest_client [req-c3fc1374-c463-46d8-8e33-8d105724201e req-c3fc1374-c463-46d8-8e33-8d105724201e ] Request (DeleteServersAdminTestJSON:test_delete_server_while_in_error_state): 200 GET http://10.180.1.21/compute/v2.1/servers/7a1b9ecd-9646-4e90-8992-7f3253695b6f 0.721s
2025-04-21 14:22:21.393 70072 INFO tempest.lib.common.rest_client [req-587e4958-2a11-45e3-8836-9127b2b00143 req-587e4958-2a11-45e3-8836-9127b2b00143 ] Request (MigrationsAdminTest:test_list_migrations_in_flavor_resize_situation): 200 GET http://10.180.1.21/compute/v2.1/servers/5d375ddb-f946-42ef-b862-258483104c67 0.795s
2025-04-21 14:22:21.478 70079 INFO tempest.lib.common.rest_client [req-f02070b2-686b-42d0-bff8-e467472d11a4 req-f02070b2-686b-42d0-bff8-e467472d11a4 ] Request (ImagesNegativeTestJSON:test_create_image_from_deleted_server): 200 GET http://10.180.1.21/compute/v2.1/servers/3dda3878-05f3-40fa-a6d0-e793f98b2ea5 0.769s
2025-04-21 14:22:21.487 70079 INFO tempest.common.waiters [-] State transition "BUILD/None" ==> "BUILD/networking" after 32 second wait
2025-04-21 14:22:21.505 70028 INFO tempest.lib.common.rest_client [req-f62382ed-ae40-43ae-ac77-a0436e7db646 req-f62382ed-ae40-43ae-ac77-a0436e7db646 ] Request (SecurityGroupRulesTestJSON:tearDownClass): 202 DELETE http://10.180.1.21/compute/v2.1/os-security-groups/e9319028-2c37-484f-b024-b08fb95c667d 0.849s
2025-04-21 14:22:21.532 70058 INFO tempest.lib.common.rest_client [req-99a4b481-fdbe-4d18-9167-c9dd4af39912 req-99a4b481-fdbe-4d18-9167-c9dd4af39912 ] Request (FlavorsAdminTestJSON:_run_cleanups): 200 GET http://10.180.1.21/compute/v2.1/flavors/detail 0.777s
2025-04-21 14:22:21.544 70074 INFO tempest.lib.common.rest_client [req-f9c60183-f384-420f-b674-dd6b280da3bf req-f9c60183-f384-420f-b674-dd6b280da3bf ] Request (ImagesTestJSON:test_create_image_from_suspended_server): 200 GET http://10.180.1.21/compute/v2.1/servers/cab958a0-2481-4ea6-995b-13b7f5a7cea1 0.821s
2025-04-21 14:22:21.615 70054 INFO tempest.lib.common.rest_client [req-a769cb08-5298-43d3-968e-cb5de1afb84b req-a769cb08-5298-43d3-968e-cb5de1afb84b ] Request (FloatingIPsAssociationNegativeTestJSON:tearDownClass): 200 GET http://10.180.1.21/compute/v2.1/servers/e884e2ff-a691-4d1e-98ac-18c40bdd9a37 0.803s
2025-04-21 14:22:21.634 70024 INFO tempest.lib.common.rest_client [req-98eb8538-ed94-47dc-9d17-fdf357735bee req-98eb8538-ed94-47dc-9d17-fdf357735bee ] Request (ServerDiagnosticsV248Test:test_get_server_diagnostics): 200 GET http://10.180.1.21/compute/v2.1/servers/7cacd294-cab8-49d5-8f6b-df191b81685e 0.722s
2025-04-21 14:22:21.678 70030 INFO tempest.lib.common.rest_client [req-5a642470-c627-44eb-a0e8-98996dca6151 req-5a642470-c627-44eb-a0e8-98996dca6151 ] Request (ImagesOneServerNegativeTestJSON:_run_cleanups): 200 GET http://10.180.1.21/compute/v2.1/servers/50f0d38d-f2e0-43e0-a47d-4b0a5a808528 0.723s
2025-04-21 14:22:21.686 70047 INFO tempest.lib.common.rest_client [req-096a1de3-5100-4a28-9bb7-f0162a6b1de3 req-096a1de3-5100-4a28-9bb7-f0162a6b1de3 ] Request (ImagesOneServerTestJSON:setUpClass): 200 GET http://10.180.1.21/compute/v2.1/servers/b2d28914-de45-41cd-9b0c-f5f05b591151 0.657s
2025-04-21 14:22:21.691 70030 INFO tempest.common.waiters [-] State transition "ACTIVE/deleting" ==> "DELETED/None" after 3 second wait
2025-04-21 14:22:21.692 70058 INFO tempest.lib.common.rest_client [req-46271580-0402-4463-a4d3-3258d22d8e10 req-46271580-0402-4463-a4d3-3258d22d8e10 ] Request (FlavorsAdminTestJSON:tearDownClass): 204 DELETE http://10.180.1.21/identity/v3/users/bf0befa89d0e47f9b7e8be4bdd734ab8 0.152s
2025-04-21 14:22:21.735 70083 INFO tempest.lib.common.rest_client [req-267f8176-8f42-45d2-98e2-d0ecb50f5b2e req-267f8176-8f42-45d2-98e2-d0ecb50f5b2e ] Request (ServerTagsTestJSON:_run_cleanups): 204 DELETE http://10.180.1.21/compute/v2.1/servers/c183848a-2b6a-40de-a696-8ca9eb65ea9b/tags 0.502s
2025-04-21 14:22:21.812 70058 INFO tempest.lib.common.rest_client [req-1877029b-b3ef-43ab-90bb-0007763b42bf req-1877029b-b3ef-43ab-90bb-0007763b42bf ] Request (FlavorsAdminTestJSON:tearDownClass): 204 DELETE http://10.180.1.21/identity/v3/users/b28733470f4e4c589bf8f3b10f2b20df 0.120s
2025-04-21 14:22:21.813 70058 INFO tempest.lib.common.dynamic_creds [-] Deleting project and security group for project: 7718206c4f654c40a517c4825972f566
2025-04-21 14:22:21.842 70056 INFO tempest.lib.common.rest_client [req-7482ea82-f34c-410c-9c1e-89c993fbfe07 req-7482ea82-f34c-410c-9c1e-89c993fbfe07 ] Request (ImagesMetadataTestJSON:setUp): 200 PUT http://10.180.1.21/compute/v2.1/images/e30aed38-96af-4180-b634-26f5cd6dd142/metadata 0.703s
2025-04-21 14:22:21.889 70058 INFO tempest.lib.common.rest_client [req-64f26d54-0724-4708-9b3f-650150291e1a req-64f26d54-0724-4708-9b3f-650150291e1a ] Request (FlavorsAdminTestJSON:tearDownClass): 201 POST http://10.180.1.21/identity/v3/auth/tokens 0.076s
2025-04-21 14:22:21.907 70026 INFO tempest.lib.common.rest_client [req-a7cb2b04-2a5f-4c21-9880-8c4c5b54a163 req-a7cb2b04-2a5f-4c21-9880-8c4c5b54a163 ] Request (ServerGroupTestJSON:test_create_server_with_scheduler_hint_group): 200 GET http://10.180.1.21/compute/v2.1/servers/9a6d7008-c038-4e29-9d44-0773720c91ad 0.571s
2025-04-21 14:22:21.972 70076 INFO tempest.lib.common.rest_client [req-dff95acd-fbcd-4952-b0bd-74c13d46c243 req-dff95acd-fbcd-4952-b0bd-74c13d46c243 ] Request (ServerActionsTestOtherB:setUpClass): 200 GET http://10.180.1.21/compute/v2.1/servers/b45391be-19be-4a55-88cf-c471c4355ff4 0.570s
2025-04-21 14:22:22.010 70087 INFO tempest.lib.common.rest_client [req-7df3fef9-1c92-47b4-9cef-887e6839cd2f req-7df3fef9-1c92-47b4-9cef-887e6839cd2f ] Request (ServerShowV254Test:test_rebuild_server): 202 POST http://10.180.1.21/compute/v2.1/servers 0.758s
2025-04-21 14:22:22.103 70050 INFO tempest.lib.common.rest_client [req-fdeb3e24-cb38-4e7d-8cd0-33f8807bfe06 req-fdeb3e24-cb38-4e7d-8cd0-33f8807bfe06 ] Request (ListServersNegativeTestJSON:setUpClass): 200 GET http://10.180.1.21/compute/v2.1/servers/0d10f980-4551-4cc6-99ba-e42a97f9cd80 0.557s
2025-04-21 14:22:22.204 70028 INFO tempest.lib.common.rest_client [req-b62384cc-dcb5-457c-8d33-c59d3d796918 req-b62384cc-dcb5-457c-8d33-c59d3d796918 ] Request (SecurityGroupRulesTestJSON:tearDownClass): 202 DELETE http://10.180.1.21/compute/v2.1/os-security-groups/5b78977d-0608-4a4d-b4fb-5d96b1c72ce5 0.699s
2025-04-21 14:22:22.298 70038 INFO tempest.lib.common.rest_client [req-ddbe1f9f-2750-42dd-9061-516f21ca5a41 req-ddbe1f9f-2750-42dd-9061-516f21ca5a41 ] Request (VolumesAdminNegativeTest:setUpClass): 201 POST http://10.180.1.21:9696/networking/v2.0/routers 1.719s
2025-04-21 14:22:22.307 70083 INFO tempest.lib.common.rest_client [req-2419d419-5bff-4173-8925-589e74ad5f56 req-2419d419-5bff-4173-8925-589e74ad5f56 ] Request (ServerTagsTestJSON:tearDownClass): 204 DELETE http://10.180.1.21/compute/v2.1/servers/c183848a-2b6a-40de-a696-8ca9eb65ea9b 0.570s
2025-04-21 14:22:22.310 70058 INFO tempest.lib.common.rest_client [req-1cc9c04d-0a2c-44ae-b39c-9fffd41c6526 req-1cc9c04d-0a2c-44ae-b39c-9fffd41c6526 ] Request (FlavorsAdminTestJSON:tearDownClass): 200 GET http://10.180.1.21:9696/networking/v2.0/security-groups?tenant_id=7718206c4f654c40a517c4825972f566&name=default 0.420s
2025-04-21 14:22:22.314 70052 INFO tempest.lib.common.rest_client [req-ac74bc7b-2eb6-46b0-a0fe-5a4dc8758907 req-ac74bc7b-2eb6-46b0-a0fe-5a4dc8758907 ] Request (VolumesAssistedSnapshotsTest:test_volume_assisted_snapshot_create_delete): 200 GET http://10.180.1.21/compute/v2.1/servers/02c9949a-ff1f-4ae3-a942-523833e37fdf 0.590s
2025-04-21 14:22:22.409 70085 INFO tempest.lib.common.rest_client [req-dac344ba-9a0a-4f29-9ad2-55b2ee1edc7a req-dac344ba-9a0a-4f29-9ad2-55b2ee1edc7a ] Request (ServersListShow298Test:test_list_show_update_rebuild_server_298): 200 GET http://10.180.1.21/compute/v2.1/servers/1704e568-0bc9-41c2-96e8-a45ed3d81534 0.649s
2025-04-21 14:22:22.466 70034 INFO tempest.lib.common.rest_client [req-b448c9d3-e982-461d-aa7e-f9ce9d687904 req-b448c9d3-e982-461d-aa7e-f9ce9d687904 ] Request (ServersTestMultiNic:setUpClass): 200 PUT http://10.180.1.21:9696/networking/v2.0/routers/3086ffd3-9385-4bef-9a73-37b440c6deb7/add_router_interface 2.048s
2025-04-21 14:22:22.467 70034 INFO tempest.lib.common.dynamic_creds [-] Created isolated network resources for: credentials: Credentials: {'domain_id': 'default', 'domain_name': 'Default', 'username': 'tempest-ServersTestMultiNic-1000375212-project-member', 'project_domain_id': 'default', 'project_domain_name': 'Default', 'project_id': 'c42fb897deab49dbbfca2db902328638', 'project_name': 'tempest-ServersTestMultiNic-1000375212', 'tenant_id': 'c42fb897deab49dbbfca2db902328638', 'tenant_name': 'tempest-ServersTestMultiNic-1000375212', 'user_domain_id': 'default', 'user_domain_name': 'Default', 'user_id': '039c75192ca64a6e837df76df2645b46', 'system': None}, Network: {'id': '22d63f60-ed61-47ea-b20d-ef199f259a4b', 'name': 'tempest-ServersTestMultiNic-139774333-network', 'tenant_id': 'c42fb897deab49dbbfca2db902328638', 'admin_state_up': True, 'mtu': 8950, 'status': 'ACTIVE', 'subnets': [], 'shared': False, 'project_id': 'c42fb897deab49dbbfca2db902328638', 'port_security_enabled': True, 'router:external': False, 'provider:network_type': 'vlan', 'provider:physical_network': 'default', 'provider:segmentation_id': 437, 'availability_zone_hints': [], 'availability_zones': [], 'ipv4_address_scope': None, 'ipv6_address_scope': None, 'description': '', 'tags': [], 'created_at': '2025-04-21T14:22:18Z', 'updated_at': '2025-04-21T14:22:18Z', 'revision_number': 1}, Subnet: {'id': 'c4e71acb-fa9d-4d1b-af02-c2f2dd8003e8', 'name': 'tempest-ServersTestMultiNic-139774333-subnet', 'tenant_id': 'c42fb897deab49dbbfca2db902328638', 'network_id': '22d63f60-ed61-47ea-b20d-ef199f259a4b', 'ip_version': 4, 'subnetpool_id': None, 'enable_dhcp': True, 'ipv6_ra_mode': None, 'ipv6_address_mode': None, 'gateway_ip': '192.168.128.1', 'cidr': '192.168.128.0/28', 'allocation_pools': [{'start': '192.168.128.2', 'end': '192.168.128.14'}], 'host_routes': [], 'dns_nameservers': [], 'description': '', 'router:external': False, 'service_types': [], 'tags': [], 'created_at': '2025-04-21T14:22:18Z', 'updated_at': '2025-04-21T14:22:18Z', 'revision_number': 0, 'project_id': 'c42fb897deab49dbbfca2db902328638'}, Router: {'id': '3086ffd3-9385-4bef-9a73-37b440c6deb7', 'name': 'tempest-ServersTestMultiNic-139774333-router', 'tenant_id': 'c42fb897deab49dbbfca2db902328638', 'admin_state_up': True, 'status': 'ACTIVE', 'external_gateway_info': {'network_id': 'cbf6c7b5-2f8b-48ee-9a22-5aaf7dcfd14b', 'external_fixed_ips': [{'subnet_id': '441e6e05-9d97-4194-af6d-6cbedb66a0f0', 'ip_address': '10.180.180.225'}], 'enable_snat': True}, 'description': '', 'availability_zones': [], 'distributed': False, 'ha': False, 'availability_zone_hints': [], 'routes': [], 'flavor_id': None, 'tags': [], 'created_at': '2025-04-21T14:22:19Z', 'updated_at': '2025-04-21T14:22:20Z', 'revision_number': 2, 'project_id': 'c42fb897deab49dbbfca2db902328638'}
2025-04-21 14:22:22.570 70058 INFO tempest.lib.common.rest_client [req-e330c1c9-97b7-40c9-9d6c-809cddc833e2 req-e330c1c9-97b7-40c9-9d6c-809cddc833e2 ] Request (FlavorsAdminTestJSON:tearDownClass): 204 DELETE http://10.180.1.21:9696/networking/v2.0/security-groups/59e47849-43b7-4829-af57-934b7e01f8d0 0.260s
2025-04-21 14:22:22.593 70034 INFO tempest.lib.common.rest_client [req-82a9f5b0-4e8c-4aa0-bb85-9a5c62969022 req-82a9f5b0-4e8c-4aa0-bb85-9a5c62969022 ] Request (ServersTestMultiNic:setUpClass): 201 POST http://10.180.1.21/identity/v3/auth/tokens 0.119s
2025-04-21 14:22:22.651 70056 INFO tempest.lib.common.rest_client [req-c2893ce8-98bc-4c97-b3ab-4811bf2a87b3 req-c2893ce8-98bc-4c97-b3ab-4811bf2a87b3 ] Request (ImagesMetadataTestJSON:test_set_image_metadata): 200 PUT http://10.180.1.21/compute/v2.1/images/e30aed38-96af-4180-b634-26f5cd6dd142/metadata 0.806s
2025-04-21 14:22:22.654 70070 INFO tempest.lib.common.rest_client [req-9c29da67-31c3-4204-9b40-f8c62138d357 req-9c29da67-31c3-4204-9b40-f8c62138d357 ] Request (ServerActionsTestJSON:setUpClass): 200 GET http://10.180.1.21/compute/v2.1/servers/24415407-c84b-49fc-a5e6-6b3449da9d0e 0.752s
2025-04-21 14:22:22.673 70070 INFO tempest.common.waiters [-] State transition "BUILD/spawning" ==> "ACTIVE/None" after 51 second wait
2025-04-21 14:22:22.693 70058 INFO tempest.lib.common.rest_client [req-301d59d7-030b-409d-bb74-b340fb0e01e0 req-301d59d7-030b-409d-bb74-b340fb0e01e0 ] Request (FlavorsAdminTestJSON:tearDownClass): 204 DELETE http://10.180.1.21/identity/v3/projects/7718206c4f654c40a517c4825972f566 0.122s
2025-04-21 14:22:22.693 70058 INFO tempest.lib.common.dynamic_creds [-] Deleting project and security group for project: a8aa0fc676384498aaaf2e5e4183f483
2025-04-21 14:22:22.764 70042 INFO tempest.lib.common.rest_client [req-ad35172a-d469-4581-8f56-eee00f3b3598 req-ad35172a-d469-4581-8f56-eee00f3b3598 ] Request (ServersAdminTestJSON:test_create_server_with_scheduling_hint): 200 GET http://10.180.1.21/compute/v2.1/servers/a2f63117-16e6-4c33-a0b1-48ab2b5faf8e 0.804s
2025-04-21 14:22:22.859 70048 INFO tempest.lib.common.rest_client [req-cadca2ed-752c-47c4-9608-74d8658a9aa2 req-cadca2ed-752c-47c4-9608-74d8658a9aa2 ] Request (ServersTestManualDisk:setUpClass): 200 GET http://10.180.1.21/compute/v2.1/servers/70fa1a36-4cac-46c3-a686-e916e2a8415c 0.881s
2025-04-21 14:22:22.894 70036 INFO tempest.lib.common.rest_client [req-00986fb5-b7ba-4cff-b3f8-02507c2e66fc req-00986fb5-b7ba-4cff-b3f8-02507c2e66fc ] Request (ServersV294TestFqdnHostnames:setUpClass): 200 GET http://10.180.1.21/compute/v2.1/servers/b1697ea0-f94a-4605-9a91-2b158d047f56 0.966s
2025-04-21 14:22:23.000 70034 INFO tempest.lib.common.rest_client [req-f1856f9d-d26c-4f62-ae30-d5dc757fd899 req-f1856f9d-d26c-4f62-ae30-d5dc757fd899 ] Request (ServersTestMultiNic:test_verify_duplicate_network_nics): 201 POST http://10.180.1.21:9696/networking/v2.0/networks 0.405s
2025-04-21 14:22:23.008 70087 INFO tempest.lib.common.rest_client [req-34cffd17-8aa5-4457-959c-308a8694b000 req-34cffd17-8aa5-4457-959c-308a8694b000 ] Request (ServerShowV254Test:test_rebuild_server): 200 GET http://10.180.1.21/compute/v2.1/servers/1f5fb1f2-7ad9-46e7-9f8a-9f11adacc1e7 0.996s
2025-04-21 14:22:23.013 70058 INFO tempest.lib.common.rest_client [req-5f78e9e1-5fda-4dde-8d71-dda1b00e48db req-5f78e9e1-5fda-4dde-8d71-dda1b00e48db ] Request (FlavorsAdminTestJSON:tearDownClass): 200 GET http://10.180.1.21:9696/networking/v2.0/security-groups?tenant_id=a8aa0fc676384498aaaf2e5e4183f483&name=default 0.319s
2025-04-21 14:22:23.017 70066 INFO tempest.lib.common.rest_client [req-50ab3bc0-bfbc-4dad-be9d-62b27db3588c req-50ab3bc0-bfbc-4dad-be9d-62b27db3588c ] Request (AttachInterfacesV270Test:tearDownClass): 200 GET http://10.180.1.21/compute/v2.1/servers/0442abba-1214-42e4-8822-2bf2c1c5de89 0.976s
2025-04-21 14:22:23.090 70065 INFO tempest.lib.common.rest_client [req-2f2e3042-0fe8-4565-9b8e-19e4b7c7f374 req-2f2e3042-0fe8-4565-9b8e-19e4b7c7f374 ] Request (ServerActionsV293TestJSON:setUpClass): 200 GET http://10.180.1.21/compute/v2.1/servers/cab0b055-8cc8-42c4-bdac-b29252d9b2cb 1.024s
2025-04-21 14:22:23.090 70062 INFO tempest.lib.common.rest_client [req-479baa6f-8576-465c-bbfc-1a6bc07986cf req-479baa6f-8576-465c-bbfc-1a6bc07986cf ] Request (ServerMetadataNegativeTestJSON:setUpClass): 200 GET http://10.180.1.21/compute/v2.1/servers/81711994-e06d-4361-9df7-d0e8293793f4 0.980s
2025-04-21 14:22:23.209 70058 INFO tempest.lib.common.rest_client [req-c76b2e4a-bde0-4c45-94c8-8b9f458551d6 req-c76b2e4a-bde0-4c45-94c8-8b9f458551d6 ] Request (FlavorsAdminTestJSON:tearDownClass): 204 DELETE http://10.180.1.21:9696/networking/v2.0/security-groups/8c101c2e-4ba1-41ed-8110-37229ad863b2 0.196s
2025-04-21 14:22:23.296 70080 INFO tempest.lib.common.rest_client [req-a752c9c4-37e9-45d3-9a0c-a3ef5f954e96 req-a752c9c4-37e9-45d3-9a0c-a3ef5f954e96 ] Request (ServersAdminNegativeTestJSON:setUpClass): 200 GET http://10.180.1.21/compute/v2.1/servers/419855f7-7b7a-4454-b8fb-3292a4eb1c80 1.081s
2025-04-21 14:22:23.343 70058 INFO tempest.lib.common.rest_client [req-7db6bdd5-92b7-4606-b84d-1582bd1643c9 req-7db6bdd5-92b7-4606-b84d-1582bd1643c9 ] Request (FlavorsAdminTestJSON:tearDownClass): 204 DELETE http://10.180.1.21/identity/v3/projects/a8aa0fc676384498aaaf2e5e4183f483 0.134s
2025-04-21 14:22:23.381 70060 INFO tempest.lib.common.rest_client [req-a3a8897b-a223-4d35-a168-defbcb3186aa req-a3a8897b-a223-4d35-a168-defbcb3186aa ] Request (ServerExternalEventsTest:tearDownClass): 200 GET http://10.180.1.21/compute/v2.1/servers/1ebf75da-6457-4146-824b-828a65de9117 1.154s
2025-04-21 14:22:23.394 70028 INFO tempest.lib.common.rest_client [req-56187a26-81ef-4945-b222-cf2c95d1a6c1 req-56187a26-81ef-4945-b222-cf2c95d1a6c1 ] Request (SecurityGroupRulesTestJSON:tearDownClass): 202 DELETE http://10.180.1.21/compute/v2.1/os-security-groups/60a7563b-67be-47b8-bed6-6de82fac849c 1.189s
2025-04-21 14:22:23.471 70034 INFO tempest.lib.common.rest_client [req-8eec718c-00eb-498b-88c2-792c00655a40 req-8eec718c-00eb-498b-88c2-792c00655a40 ] Request (ServersTestMultiNic:test_verify_duplicate_network_nics): 201 POST http://10.180.1.21:9696/networking/v2.0/subnets 0.471s
2025-04-21 14:22:23.474 70058 INFO tempest.lib.common.rest_client [req-5629d3dc-00f2-4d0d-8f79-d6fa64b06369 req-5629d3dc-00f2-4d0d-8f79-d6fa64b06369 ] Request (ServerDiagnosticsTest:setUpClass): 201 POST http://10.180.1.21/identity/v3/auth/tokens 0.128s
2025-04-21 14:22:23.490 70032 INFO tempest.lib.common.rest_client [req-82bd849b-cc62-43e3-9d50-c71ca27733d8 req-82bd849b-cc62-43e3-9d50-c71ca27733d8 ] Request (ServerRescueTestJSONUnderV235:setUpClass): 200 GET http://10.180.1.21/compute/v2.1/servers/dcc846cd-4ce5-41e6-a419-d85d964e9f79 1.225s
2025-04-21 14:22:23.495 70040 INFO tempest.lib.common.rest_client [req-54cac5a8-7950-4966-b67e-0daba3087bb6 req-54cac5a8-7950-4966-b67e-0daba3087bb6 ] Request (InstanceActionsNegativeTestJSON:setUpClass): 200 GET http://10.180.1.21/compute/v2.1/servers/c7bb457d-14bd-4aea-aa10-6051b1f042f6 1.199s
2025-04-21 14:22:23.521 70058 INFO tempest.lib.common.rest_client [req-99ca312a-a28a-4bef-bd58-52758a16dd1c req-99ca312a-a28a-4bef-bd58-52758a16dd1c ] Request (ServerDiagnosticsTest:setUpClass): 201 POST http://10.180.1.21/identity/v3/auth/tokens 0.043s
2025-04-21 14:22:23.554 70058 INFO tempest.lib.common.rest_client [req-429322fc-a2cf-4c57-888a-8e48035bf802 req-429322fc-a2cf-4c57-888a-8e48035bf802 ] Request (ServerDiagnosticsTest:setUpClass): 200 GET http://10.180.1.21/identity/v3/domains?name=Default 0.032s
2025-04-21 14:22:23.573 70068 INFO tempest.lib.common.rest_client [req-7fd29d8f-880f-4b80-85ee-de562274fd67 req-7fd29d8f-880f-4b80-85ee-de562274fd67 ] Request (AttachInterfacesTestJSON:test_create_list_show_delete_interfaces_by_fixed_ip): 200 GET http://10.180.1.21/compute/v2.1/servers/422212a4-2f37-4e1c-8ee8-4e64a75a8534 1.246s
2025-04-21 14:22:23.587 70058 INFO tempest.lib.common.rest_client [req-26f712c5-5fe0-479d-b0bc-05752362626a req-26f712c5-5fe0-479d-b0bc-05752362626a ] Request (ServerDiagnosticsTest:setUpClass): 201 POST http://10.180.1.21/identity/v3/projects 0.032s
2025-04-21 14:22:23.644 70044 INFO tempest.lib.common.rest_client [req-3fd55b64-6374-43eb-b418-068f2518baf8 req-3fd55b64-6374-43eb-b418-068f2518baf8 ] Request (DeleteServersAdminTestJSON:test_delete_server_while_in_error_state): 200 GET http://10.180.1.21/compute/v2.1/servers/7a1b9ecd-9646-4e90-8992-7f3253695b6f 1.263s
2025-04-21 14:22:23.659 70058 INFO tempest.lib.common.rest_client [req-c3b1e379-a82a-4fb6-936f-f56a539adfbf req-c3b1e379-a82a-4fb6-936f-f56a539adfbf ] Request (ServerDiagnosticsTest:setUpClass): 201 POST http://10.180.1.21/identity/v3/users 0.072s
2025-04-21 14:22:23.668 70034 INFO tempest.lib.common.rest_client [req-b7091012-45e5-4a18-9e85-f513a130d239 req-b7091012-45e5-4a18-9e85-f513a130d239 ] Request (ServersTestMultiNic:test_verify_duplicate_network_nics): 201 POST http://10.180.1.21:9696/networking/v2.0/networks 0.196s
2025-04-21 14:22:23.680 70058 INFO tempest.lib.common.rest_client [req-60b6b4bd-3977-4b24-83d6-0cdcbbe23d89 req-60b6b4bd-3977-4b24-83d6-0cdcbbe23d89 ] Request (ServerDiagnosticsTest:setUpClass): 200 GET http://10.180.1.21/identity/v3/roles 0.020s
2025-04-21 14:22:23.686 70083 INFO tempest.lib.common.rest_client [req-e6a69d8f-1693-4fe2-a205-488cb4897a75 req-e6a69d8f-1693-4fe2-a205-488cb4897a75 ] Request (ServerTagsTestJSON:tearDownClass): 200 GET http://10.180.1.21/compute/v2.1/servers/c183848a-2b6a-40de-a696-8ca9eb65ea9b 1.378s
2025-04-21 14:22:23.710 70058 INFO tempest.lib.common.rest_client [req-82713973-f842-4968-a199-abe5ba5993bc req-82713973-f842-4968-a199-abe5ba5993bc ] Request (ServerDiagnosticsTest:setUpClass): 204 PUT http://10.180.1.21/identity/v3/projects/3bacfeb011364a4c9a953825e4eab4b7/users/8c7def3e018849df95648a85d132bf1b/roles/c2a1dac024f1481b8c44c81339fb7cf7 0.029s
2025-04-21 14:22:23.710 70058 INFO tempest.lib.common.dynamic_creds [-] Dynamic test user 8c7def3e018849df95648a85d132bf1b is created with scope project and roles: ['member']
2025-04-21 14:22:23.710 70058 INFO tempest.lib.common.dynamic_creds [-] Acquired dynamic creds: credentials: Credentials: {'domain_id': 'default', 'domain_name': 'Default', 'username': 'tempest-ServerDiagnosticsTest-815527156-project-member', 'project_domain_id': 'default', 'project_domain_name': 'Default', 'project_id': '3bacfeb011364a4c9a953825e4eab4b7', 'project_name': 'tempest-ServerDiagnosticsTest-815527156', 'tenant_id': '3bacfeb011364a4c9a953825e4eab4b7', 'tenant_name': 'tempest-ServerDiagnosticsTest-815527156', 'user_domain_id': 'default', 'user_domain_name': 'Default', 'user_id': '8c7def3e018849df95648a85d132bf1b', 'system': None}, Network: None, Subnet: None, Router: None
