2025-04-21 14:23:51.606 70044 INFO tempest.lib.common.rest_client [req-956d29e4-e94c-412d-baef-c9a7c1e3789c req-956d29e4-e94c-412d-baef-c9a7c1e3789c ] Request (FlavorsV2TestJSON:setUpClass): 204 PUT http://10.180.1.21/identity/v3/projects/4ae4cfc16d3c43438dcf639589ae1156/users/0b410d9919854c1f9ff217579b5c0667/roles/c2a1dac024f1481b8c44c81339fb7cf7 0.024s
2025-04-21 14:23:51.606 70044 INFO tempest.lib.common.dynamic_creds [-] Dynamic test user 0b410d9919854c1f9ff217579b5c0667 is created with scope project and roles: ['member']
2025-04-21 14:23:51.606 70044 INFO tempest.lib.common.dynamic_creds [-] Acquired dynamic creds: credentials: Credentials: {'domain_id': 'default', 'domain_name': 'Default', 'username': 'tempest-FlavorsV2TestJSON-1708295161-project-member', 'project_domain_id': 'default', 'project_domain_name': 'Default', 'project_id': '4ae4cfc16d3c43438dcf639589ae1156', 'project_name': 'tempest-FlavorsV2TestJSON-1708295161', 'tenant_id': '4ae4cfc16d3c43438dcf639589ae1156', 'tenant_name': 'tempest-FlavorsV2TestJSON-1708295161', 'user_domain_id': 'default', 'user_domain_name': 'Default', 'user_id': '0b410d9919854c1f9ff217579b5c0667', 'system': None}, Network: None, Subnet: None, Router: None
2025-04-21 14:23:51.606 70044 INFO tempest.lib.common.dynamic_creds [-] Created isolated network resources for: credentials: Credentials: {'domain_id': 'default', 'domain_name': 'Default', 'username': 'tempest-FlavorsV2TestJSON-1708295161-project-member', 'project_domain_id': 'default', 'project_domain_name': 'Default', 'project_id': '4ae4cfc16d3c43438dcf639589ae1156', 'project_name': 'tempest-FlavorsV2TestJSON-1708295161', 'tenant_id': '4ae4cfc16d3c43438dcf639589ae1156', 'tenant_name': 'tempest-FlavorsV2TestJSON-1708295161', 'user_domain_id': 'default', 'user_domain_name': 'Default', 'user_id': '0b410d9919854c1f9ff217579b5c0667', 'system': None}, Network: None, Subnet: None, Router: None
2025-04-21 14:23:51.650 70038 INFO tempest.lib.common.rest_client [req-a6d8d296-0791-4a0b-a85d-9ef99b0ffaa0 req-a6d8d296-0791-4a0b-a85d-9ef99b0ffaa0 ] Request (VolumesAdminNegativeTest:test_update_attached_volume_with_nonexistent_volume_in_body): 200 GET http://10.180.1.21/compute/v2.1/servers/e836ad49-6776-4512-94c2-67a095eeebe6 2.660s
2025-04-21 14:23:51.696 70044 INFO tempest.lib.common.rest_client [req-ff048f40-0746-4893-899c-5069815ff5de req-ff048f40-0746-4893-899c-5069815ff5de ] Request (FlavorsV2TestJSON:setUpClass): 201 POST http://10.180.1.21/identity/v3/auth/tokens 0.086s
2025-04-21 14:23:51.763 70034 INFO tempest.lib.common.rest_client [req-ac433d7a-84d3-4266-bc98-40a6c6032460 req-ac433d7a-84d3-4266-bc98-40a6c6032460 ] Request (ServersTestMultiNic:test_verify_duplicate_network_nics): 200 GET http://10.180.1.21/compute/v2.1/servers/8ca899ab-8f2f-4de0-a91c-602d7c497315 2.904s
2025-04-21 14:23:51.771 70034 INFO tempest.common.waiters [-] State transition "BUILD/spawning" ==> "ACTIVE/None" after 84 second wait
2025-04-21 14:23:51.839 70060 INFO tempest.lib.common.rest_client [req-01c593cb-6236-4551-8acc-32c49d166eec req-01c593cb-6236-4551-8acc-32c49d166eec ] Request (AttachInterfacesUnderV243Test:test_add_remove_fixed_ip): 200 GET http://10.180.1.21/compute/v2.1/servers/849db371-fc20-47d4-b1e0-159455f77845 2.643s
2025-04-21 14:23:51.848 70060 INFO tempest.common.waiters [-] State transition "BUILD/block_device_mapping" ==> "BUILD/spawning" after 72 second wait
2025-04-21 14:23:51.855 70068 INFO tempest.lib.common.rest_client [req-796bcf38-73f6-4621-86b9-a4533f865190 req-796bcf38-73f6-4621-86b9-a4533f865190 ] Request (AttachInterfacesTestJSON:test_create_list_show_delete_interfaces_by_fixed_ip): 200 GET http://10.180.1.21/compute/v2.1/servers/422212a4-2f37-4e1c-8ee8-4e64a75a8534/os-interface/1880457d-6494-48e2-9ca2-79d1f6085ca3 1.952s
2025-04-21 14:23:51.876 70087 INFO tempest.lib.common.rest_client [req-9dc65345-4e97-4c1a-bbd5-bd3b93c8b6e4 req-9dc65345-4e97-4c1a-bbd5-bd3b93c8b6e4 ] Request (ServerShowV254Test:_run_cleanups): 204 DELETE http://10.180.1.21/compute/v2.1/os-keypairs/tempest-ServerShowV254Test-keypair-1499062767 1.489s
2025-04-21 14:23:51.941 70080 INFO tempest.lib.common.rest_client [req-04f1df4b-5b19-4332-9c28-c4159dc987f3 req-04f1df4b-5b19-4332-9c28-c4159dc987f3 ] Request (ServersAdminNegativeTestJSON:test_migrate_server_invalid_state): 202 POST http://10.180.1.21/compute/v2.1/servers/97ce2deb-7b93-4ff6-9f01-185cef8d6516/action 1.900s
2025-04-21 14:23:52.022 70079 INFO tempest.lib.common.rest_client [req-37a26416-cfc3-4778-9877-064bb5659617 req-37a26416-cfc3-4778-9877-064bb5659617 ] Request (ServersListShow2100Test:test_list_show_rebuild_update_server_2100): 200 GET http://10.180.1.21/compute/v2.1/servers/d39a7539-a268-4aed-a636-2d9b3bca6411 0.912s
2025-04-21 14:23:52.075 70054 INFO tempest.lib.common.rest_client [req-887e2364-fc93-4b16-a4f0-dcb934494e76 req-887e2364-fc93-4b16-a4f0-dcb934494e76 ] Request (MultipleCreateTestJSON:test_multiple_create): 200 GET http://10.180.1.21/compute/v2.1/servers/c8fe9c05-5c00-4e5a-a4ba-099ab5a5e617 0.611s
2025-04-21 14:23:52.086 70076 INFO tempest.lib.common.rest_client [req-47d948ab-6525-4518-b577-6e68aed0e96c req-47d948ab-6525-4518-b577-6e68aed0e96c ] Request (ServerActionsTestOtherB:test_create_backup): 200 GET http://10.180.1.21/compute/v2.1/servers/b45391be-19be-4a55-88cf-c471c4355ff4 0.989s
2025-04-21 14:23:52.148 70058 INFO tempest.lib.common.rest_client [req-0df438e3-b4d9-481f-8958-e760fa789ba9 req-0df438e3-b4d9-481f-8958-e760fa789ba9 ] Request (ServerDiagnosticsTest:tearDownClass): 200 GET http://10.180.1.21/compute/v2.1/servers/ef6e9895-d55a-40f3-b273-abdc23e3eff5 0.613s
2025-04-21 14:23:52.154 70050 INFO tempest.lib.common.rest_client [req-3ba1954e-31e0-49df-af5f-4afb0ec4fcd4 req-3ba1954e-31e0-49df-af5f-4afb0ec4fcd4 ] Request (ServerAddressesTestJSON:setUpClass): 200 GET http://10.180.1.21/compute/v2.1/servers/889be491-6d76-4f43-9ab2-7fc4ef66caf8 0.566s
2025-04-21 14:23:52.220 70085 INFO tempest.lib.common.rest_client [req-420e78ce-42fa-456b-9cb6-a8b98ece41b4 req-420e78ce-42fa-456b-9cb6-a8b98ece41b4 ] Request (ServersListShow298Test:tearDownClass): 200 GET http://10.180.1.21/compute/v2.1/servers/1704e568-0bc9-41c2-96e8-a45ed3d81534 0.568s
2025-04-21 14:23:52.242 70044 INFO tempest.lib.common.rest_client [req-85cca84d-0e85-4ad8-870a-809e29daaca8 req-85cca84d-0e85-4ad8-870a-809e29daaca8 ] Request (FlavorsV2TestJSON:test_get_flavor): 200 GET http://10.180.1.21/compute/v2.1/flavors/42 0.544s
2025-04-21 14:23:52.312 70048 INFO tempest.lib.common.rest_client [req-aab95678-a245-49a5-a31f-3d2054ece0ba req-aab95678-a245-49a5-a31f-3d2054ece0ba ] Request (ServersTestManualDisk:tearDownClass): 200 GET http://10.180.1.21/compute/v2.1/servers/70fa1a36-4cac-46c3-a686-e916e2a8415c 0.609s
2025-04-21 14:23:52.316 70026 INFO tempest.lib.common.rest_client [req-08274901-282b-48e8-a072-21f5248e5dcd req-08274901-282b-48e8-a072-21f5248e5dcd ] Request (ServerMetadataTestJSON:setUpClass): 200 GET http://10.180.1.21/compute/v2.1/servers/76270db6-94e7-4800-8d8f-03ee7ac7b324 0.566s
2025-04-21 14:23:52.341 70034 INFO tempest.lib.common.rest_client [req-40ae5861-f6b9-4589-85e1-9278dd7506be req-40ae5861-f6b9-4589-85e1-9278dd7506be ] Request (ServersTestMultiNic:test_verify_duplicate_network_nics): 200 GET http://10.180.1.21/compute/v2.1/servers/8ca899ab-8f2f-4de0-a91c-602d7c497315/ips 0.569s
2025-04-21 14:23:52.367 70072 INFO tempest.lib.common.rest_client [req-7dec4f2b-7485-48aa-ac7e-01362d96cc90 req-7dec4f2b-7485-48aa-ac7e-01362d96cc90 ] Request (MigrationsAdminTest:test_resize_server_revert_deleted_flavor): 200 GET http://10.180.1.21/compute/v2.1/servers/0ff0050a-2feb-470c-a69c-7d31748d24f8 0.571s
2025-04-21 14:23:52.397 70062 INFO tempest.lib.common.rest_client [req-2583ddde-2920-4648-983d-b3901f9bc65c req-2583ddde-2920-4648-983d-b3901f9bc65c ] Request (ServerMetadataNegativeTestJSON:tearDownClass): 200 GET http://10.180.1.21/compute/v2.1/servers/81711994-e06d-4361-9df7-d0e8293793f4 0.544s
2025-04-21 14:23:52.468 70068 INFO tempest.lib.common.rest_client [req-f2432dc3-67ae-4e8f-9b9f-e156fa79b64b req-f2432dc3-67ae-4e8f-9b9f-e156fa79b64b ] Request (AttachInterfacesTestJSON:test_create_list_show_delete_interfaces_by_fixed_ip): 200 GET http://10.180.1.21/compute/v2.1/servers/422212a4-2f37-4e1c-8ee8-4e64a75a8534/os-interface 0.611s
2025-04-21 14:23:52.486 70087 INFO tempest.lib.common.rest_client [req-1dfd647e-7465-4805-92a9-b597bbf437e1 req-1dfd647e-7465-4805-92a9-b597bbf437e1 ] Request (ServerShowV254Test:tearDownClass): 204 DELETE http://10.180.1.21/compute/v2.1/servers/1f5fb1f2-7ad9-46e7-9f8a-9f11adacc1e7 0.604s
2025-04-21 14:23:52.612 70036 INFO tempest.lib.common.rest_client [req-15ecce3d-4d6b-4a78-b44c-1d39ecfad2d6 req-15ecce3d-4d6b-4a78-b44c-1d39ecfad2d6 ] Request (ServersV294TestFqdnHostnames:tearDownClass): 200 GET http://10.180.1.21/compute/v2.1/servers/b1697ea0-f94a-4605-9a91-2b158d047f56 0.665s
2025-04-21 14:23:52.664 70047 INFO tempest.lib.common.rest_client [req-8d0b99aa-7e80-4917-9d11-b4e9498da59e req-8d0b99aa-7e80-4917-9d11-b4e9498da59e ] Request (ImagesOneServerTestJSON:tearDownClass): 200 PUT http://10.180.1.21:9696/networking/v2.0/routers/ed10ddd1-bb95-449e-898c-38e137a1b814/remove_router_interface 1.552s
2025-04-21 14:23:52.674 70030 INFO tempest.lib.common.rest_client [req-74056150-704e-475e-b6a4-cac7409cdeae req-74056150-704e-475e-b6a4-cac7409cdeae ] Request (ImagesOneServerNegativeTestJSON:_run_cleanups): 200 GET http://10.180.1.21/compute/v2.1/servers/2cf6c894-903e-45b7-a962-f1f83638ab31 0.675s
2025-04-21 14:23:52.746 70032 INFO tempest.lib.common.rest_client [req-92825995-0b96-4abf-97f1-07a4a1b064d5 req-92825995-0b96-4abf-97f1-07a4a1b064d5 ] Request (ServerRescueTestJSONUnderV235:tearDownClass): 200 GET http://10.180.1.21/compute/v2.1/servers/dcc846cd-4ce5-41e6-a419-d85d964e9f79 0.673s
2025-04-21 14:23:52.799 70074 INFO tempest.lib.common.rest_client [req-c2dc488b-d449-4ba7-8047-104e56c2e88e req-c2dc488b-d449-4ba7-8047-104e56c2e88e ] Request (ImagesTestJSON:test_create_image_from_suspended_server): 200 GET http://10.180.1.21/compute/v2.1/images/a96f74b8-b8b4-46ea-975f-bae235157b7d 0.709s
2025-04-21 14:23:52.810 70080 INFO tempest.lib.common.rest_client [req-24782219-2a9c-4956-90e8-b6268cd71680 req-24782219-2a9c-4956-90e8-b6268cd71680 ] Request (ServersAdminNegativeTestJSON:test_migrate_server_invalid_state): 200 GET http://10.180.1.21/compute/v2.1/servers/97ce2deb-7b93-4ff6-9f01-185cef8d6516 0.869s
2025-04-21 14:23:52.855 70042 INFO tempest.lib.common.rest_client [req-e99d378d-1f9e-4dab-9635-69186c177b7b req-e99d378d-1f9e-4dab-9635-69186c177b7b ] Request (ServersAdminTestJSON:test_inject_network_info): 200 GET http://10.180.1.21/compute/v2.1/servers/6a0633d6-cd86-4b08-aa19-1ec85d3ceb9d 0.713s
2025-04-21 14:23:52.869 70042 INFO tempest.common.waiters [-] State transition "BUILD/scheduling" ==> "BUILD/None" after 17 second wait
2025-04-21 14:23:52.887 70024 INFO tempest.lib.common.rest_client [req-949b378e-1034-438f-a99d-5972eb88c26d req-949b378e-1034-438f-a99d-5972eb88c26d ] Request (ServerDiagnosticsV248Test:tearDownClass): 200 GET http://10.180.1.21/compute/v2.1/servers/7cacd294-cab8-49d5-8f6b-df191b81685e 0.658s
2025-04-21 14:23:52.890 70044 INFO tempest.lib.common.rest_client [req-5b1ac226-b538-45b6-8351-ca5f41241dda req-5b1ac226-b538-45b6-8351-ca5f41241dda ] Request (FlavorsV2TestJSON:test_list_flavors): 200 GET http://10.180.1.21/compute/v2.1/flavors 0.644s
2025-04-21 14:23:52.968 70068 INFO tempest.lib.common.rest_client [req-928bfa13-b3e2-40aa-b3f5-8113e35fd55a req-928bfa13-b3e2-40aa-b3f5-8113e35fd55a ] Request (AttachInterfacesTestJSON:test_create_list_show_delete_interfaces_by_fixed_ip): 200 GET http://10.180.1.21/compute/v2.1/servers/422212a4-2f37-4e1c-8ee8-4e64a75a8534/os-interface/ef259eb0-1a18-4784-a339-87fa9e982808 0.496s
2025-04-21 14:23:52.979 70034 INFO tempest.lib.common.rest_client [req-61c25a82-d793-4353-932f-f7b92ddb15a8 req-61c25a82-d793-4353-932f-f7b92ddb15a8 ] Request (ServersTestMultiNic:_run_cleanups): 204 DELETE http://10.180.1.21/compute/v2.1/servers/8ca899ab-8f2f-4de0-a91c-602d7c497315 0.635s
2025-04-21 14:23:53.052 70087 INFO tempest.lib.common.rest_client [req-4de3cda5-80d6-4b08-9d6e-522056428cfa req-4de3cda5-80d6-4b08-9d6e-522056428cfa ] Request (ServerShowV254Test:tearDownClass): 200 GET http://10.180.1.21/compute/v2.1/servers/1f5fb1f2-7ad9-46e7-9f8a-9f11adacc1e7 0.566s
2025-04-21 14:23:53.074 70047 INFO tempest.lib.common.rest_client [req-487ec77c-f1db-4a10-aa40-cee8f82616b2 req-487ec77c-f1db-4a10-aa40-cee8f82616b2 ] Request (ImagesOneServerTestJSON:tearDownClass): 204 DELETE http://10.180.1.21:9696/networking/v2.0/routers/ed10ddd1-bb95-449e-898c-38e137a1b814 0.409s
2025-04-21 14:23:53.137 70038 INFO tempest.lib.common.rest_client [req-cce515ce-a4ae-45b4-a973-1e40e8ad1e74 req-cce515ce-a4ae-45b4-a973-1e40e8ad1e74 ] Request (VolumesAdminNegativeTest:test_update_attached_volume_with_nonexistent_volume_in_body): 200 GET http://10.180.1.21/compute/v2.1/servers/e836ad49-6776-4512-94c2-67a095eeebe6 0.474s
2025-04-21 14:23:53.153 70044 INFO tempest.lib.common.rest_client [req-5b5422ce-8626-4f98-95ee-670f622b508d req-5b5422ce-8626-4f98-95ee-670f622b508d ] Request (FlavorsV2TestJSON:test_list_flavors): 200 GET http://10.180.1.21/compute/v2.1/flavors/42 0.259s
2025-04-21 14:23:53.192 70060 INFO tempest.lib.common.rest_client [req-cad74ce8-05fa-485d-9b86-fb70792b9532 req-cad74ce8-05fa-485d-9b86-fb70792b9532 ] Request (AttachInterfacesUnderV243Test:test_add_remove_fixed_ip): 200 GET http://10.180.1.21/compute/v2.1/servers/849db371-fc20-47d4-b1e0-159455f77845 0.343s
2025-04-21 14:23:53.199 70047 INFO tempest.lib.common.rest_client [req-ec878aa5-250c-4213-9d63-0af293b39d2b req-ec878aa5-250c-4213-9d63-0af293b39d2b ] Request (ImagesOneServerTestJSON:tearDownClass): 204 DELETE http://10.180.1.21:9696/networking/v2.0/subnets/fb5e7c44-f1e6-4c4c-bf12-a221dd97cdb8 0.125s
2025-04-21 14:23:53.215 70068 INFO tempest.lib.common.rest_client [req-24d7cb64-c1b3-4d71-ac37-54e4f9a969f4 req-24d7cb64-c1b3-4d71-ac37-54e4f9a969f4 ] Request (AttachInterfacesTestJSON:test_create_list_show_delete_interfaces_by_fixed_ip): 202 DELETE http://10.180.1.21/compute/v2.1/servers/422212a4-2f37-4e1c-8ee8-4e64a75a8534/os-interface/1880457d-6494-48e2-9ca2-79d1f6085ca3 0.245s
2025-04-21 14:23:53.306 70079 INFO tempest.lib.common.rest_client [req-9f36212a-70e6-4386-8336-5fc37611ea79 req-9f36212a-70e6-4386-8336-5fc37611ea79 ] Request (ServersListShow2100Test:test_list_show_rebuild_update_server_2100): 200 GET http://10.180.1.21/compute/v2.1/servers/d39a7539-a268-4aed-a636-2d9b3bca6411 0.271s
2025-04-21 14:23:53.344 70034 INFO tempest.lib.common.rest_client [req-6063061e-5b30-491a-9d0b-5c6ad0a8ac58 req-6063061e-5b30-491a-9d0b-5c6ad0a8ac58 ] Request (ServersTestMultiNic:_run_cleanups): 200 GET http://10.180.1.21/compute/v2.1/servers/8ca899ab-8f2f-4de0-a91c-602d7c497315 0.365s
2025-04-21 14:23:53.372 70054 INFO tempest.lib.common.rest_client [req-03a61d76-d135-47b3-b162-feb8203443b5 req-03a61d76-d135-47b3-b162-feb8203443b5 ] Request (MultipleCreateTestJSON:test_multiple_create): 200 GET http://10.180.1.21/compute/v2.1/servers/c8fe9c05-5c00-4e5a-a4ba-099ab5a5e617 0.286s
2025-04-21 14:23:53.386 70044 INFO tempest.lib.common.rest_client [req-fc3f063e-1289-42a2-a4c3-f73f84475d10 req-fc3f063e-1289-42a2-a4c3-f73f84475d10 ] Request (FlavorsV2TestJSON:test_list_flavors_detailed_filter_by_min_disk): 200 GET http://10.180.1.21/compute/v2.1/flavors/42 0.230s
2025-04-21 14:23:53.476 70058 INFO tempest.lib.common.rest_client [req-7c33ed76-c968-4571-806a-d00e07cf52ba req-7c33ed76-c968-4571-806a-d00e07cf52ba ] Request (ServerDiagnosticsTest:tearDownClass): 200 GET http://10.180.1.21/compute/v2.1/servers/ef6e9895-d55a-40f3-b273-abdc23e3eff5 0.319s
2025-04-21 14:23:53.490 70076 INFO tempest.lib.common.rest_client [req-7b54c3c0-f410-4c35-a6b4-cb2146970745 req-7b54c3c0-f410-4c35-a6b4-cb2146970745 ] Request (ServerActionsTestOtherB:test_create_backup): 200 GET http://10.180.1.21/compute/v2.1/servers/b45391be-19be-4a55-88cf-c471c4355ff4 0.394s
2025-04-21 14:23:53.546 70050 INFO tempest.lib.common.rest_client [req-ee81ae69-9786-4cdb-ada6-df0dc607e815 req-ee81ae69-9786-4cdb-ada6-df0dc607e815 ] Request (ServerAddressesTestJSON:setUpClass): 200 GET http://10.180.1.21/compute/v2.1/servers/889be491-6d76-4f43-9ab2-7fc4ef66caf8 0.384s
2025-04-21 14:23:53.608 70068 INFO tempest.lib.common.rest_client [req-7274bfb2-87a9-43de-b144-18c435776238 req-7274bfb2-87a9-43de-b144-18c435776238 ] Request (AttachInterfacesTestJSON:test_create_list_show_delete_interfaces_by_fixed_ip): 200 GET http://10.180.1.21/compute/v2.1/servers/422212a4-2f37-4e1c-8ee8-4e64a75a8534/os-interface 0.393s
2025-04-21 14:23:53.639 70085 INFO tempest.lib.common.rest_client [req-ae0bb9ef-dc4f-4cb3-91e9-3b0de517da99 req-ae0bb9ef-dc4f-4cb3-91e9-3b0de517da99 ] Request (ServersListShow298Test:tearDownClass): 200 GET http://10.180.1.21/compute/v2.1/servers/1704e568-0bc9-41c2-96e8-a45ed3d81534 0.407s
2025-04-21 14:23:53.671 70048 INFO tempest.lib.common.rest_client [req-ac0537c7-5563-4998-811f-078e5c7b45fc req-ac0537c7-5563-4998-811f-078e5c7b45fc ] Request (ServersTestManualDisk:tearDownClass): 200 GET http://10.180.1.21/compute/v2.1/servers/70fa1a36-4cac-46c3-a686-e916e2a8415c 0.350s
2025-04-21 14:23:53.685 70047 INFO tempest.lib.common.rest_client [req-2f075cfe-3b23-4211-8848-1dd6501a18c8 req-2f075cfe-3b23-4211-8848-1dd6501a18c8 ] Request (ImagesOneServerTestJSON:tearDownClass): 204 DELETE http://10.180.1.21:9696/networking/v2.0/networks/a4463d13-567c-4594-84b9-a71e762d2bb4 0.486s
2025-04-21 14:23:53.697 70026 INFO tempest.lib.common.rest_client [req-ea662339-87bd-426f-9530-4e5e39f5332e req-ea662339-87bd-426f-9530-4e5e39f5332e ] Request (ServerMetadataTestJSON:setUpClass): 200 GET http://10.180.1.21/compute/v2.1/servers/76270db6-94e7-4800-8d8f-03ee7ac7b324 0.370s
2025-04-21 14:23:53.717 70072 INFO tempest.lib.common.rest_client [req-bb9262c8-3d86-4fbc-bd66-6f8f9540db62 req-bb9262c8-3d86-4fbc-bd66-6f8f9540db62 ] Request (MigrationsAdminTest:test_resize_server_revert_deleted_flavor): 200 GET http://10.180.1.21/compute/v2.1/servers/0ff0050a-2feb-470c-a69c-7d31748d24f8 0.337s
2025-04-21 14:23:53.720 70044 INFO tempest.lib.common.rest_client [req-d6640294-f192-40ba-9624-e0f71f5ff644 req-d6640294-f192-40ba-9624-e0f71f5ff644 ] Request (FlavorsV2TestJSON:test_list_flavors_detailed_filter_by_min_disk): 200 GET http://10.180.1.21/compute/v2.1/flavors/detail?minDisk=2 0.332s
2025-04-21 14:23:53.784 70062 INFO tempest.lib.common.rest_client [req-8f340f0b-0a26-4f55-857c-3a34be94682a req-8f340f0b-0a26-4f55-857c-3a34be94682a ] Request (ServerMetadataNegativeTestJSON:tearDownClass): 200 GET http://10.180.1.21/compute/v2.1/servers/81711994-e06d-4361-9df7-d0e8293793f4 0.374s
2025-04-21 14:23:53.796 70036 INFO tempest.lib.common.rest_client [req-7c0157b2-5982-474b-b2ec-8f7a67610836 req-7c0157b2-5982-474b-b2ec-8f7a67610836 ] Request (ServersV294TestFqdnHostnames:tearDownClass): 200 GET http://10.180.1.21/compute/v2.1/servers/b1697ea0-f94a-4605-9a91-2b158d047f56 0.173s
2025-04-21 14:23:53.799 70047 INFO tempest.lib.common.rest_client [req-1213638e-db3f-4168-921b-0343f2c2bbf4 req-1213638e-db3f-4168-921b-0343f2c2bbf4 ] Request (ImagesOneServerTestJSON:tearDownClass): 204 DELETE http://10.180.1.21/identity/v3/users/ca4f73f1537e402cbfa70302ae5786cd 0.113s
2025-04-21 14:23:53.799 70047 INFO tempest.lib.common.dynamic_creds [-] Deleting project and security group for project: 86f9ae21497a4f0a92340e0f8d096d4c
2025-04-21 14:23:53.811 70044 INFO tempest.lib.common.rest_client [req-a1282db7-79bc-4639-b4ce-b9ad5f1cf930 req-a1282db7-79bc-4639-b4ce-b9ad5f1cf930 ] Request (FlavorsV2TestJSON:test_list_flavors_detailed_filter_by_min_ram): 200 GET http://10.180.1.21/compute/v2.1/flavors/42 0.086s
2025-04-21 14:23:53.818 70065 WARNING tempest.lib.common.ssh [-] Failed to establish authenticated ssh connection to cirros@10.180.180.195 ([Errno None] Unable to connect to port 22 on 10.180.180.195). Number attempts: 7. Retry after 8 seconds.: paramiko.ssh_exception.NoValidConnectionsError: [Errno None] Unable to connect to port 22 on 10.180.180.195
2025-04-21 14:23:53.848 70030 INFO tempest.lib.common.rest_client [req-f89a3f26-edbd-4428-aadc-dcfe864cf759 req-f89a3f26-edbd-4428-aadc-dcfe864cf759 ] Request (ImagesOneServerNegativeTestJSON:_run_cleanups): 200 GET http://10.180.1.21/compute/v2.1/servers/2cf6c894-903e-45b7-a962-f1f83638ab31 0.164s
2025-04-21 14:23:53.849 70047 INFO tempest.lib.common.rest_client [req-5c3b7660-a560-4d9e-be62-55c92708ca6c req-5c3b7660-a560-4d9e-be62-55c92708ca6c ] Request (ImagesOneServerTestJSON:tearDownClass): 200 GET http://10.180.1.21:9696/networking/v2.0/security-groups?tenant_id=86f9ae21497a4f0a92340e0f8d096d4c&name=default 0.049s
2025-04-21 14:23:53.887 70032 INFO tempest.lib.common.rest_client [req-b2458e6c-c38e-4a2d-933c-7c7f4f69c6b5 req-b2458e6c-c38e-4a2d-933c-7c7f4f69c6b5 ] Request (ServerRescueTestJSONUnderV235:tearDownClass): 200 GET http://10.180.1.21/compute/v2.1/servers/dcc846cd-4ce5-41e6-a419-d85d964e9f79 0.132s
2025-04-21 14:23:53.889 70074 INFO tempest.lib.common.rest_client [req-12204a04-d3a2-468d-a549-6f31f21ef16d req-12204a04-d3a2-468d-a549-6f31f21ef16d ] Request (ImagesTestJSON:test_create_image_from_suspended_server): 200 GET http://10.180.1.21/compute/v2.1/images/a96f74b8-b8b4-46ea-975f-bae235157b7d 0.083s
2025-04-21 14:23:53.914 70044 INFO tempest.lib.common.rest_client [req-a1778d9a-d8bc-47d5-ac90-da0af055cd43 req-a1778d9a-d8bc-47d5-ac90-da0af055cd43 ] Request (FlavorsV2TestJSON:test_list_flavors_detailed_filter_by_min_ram): 200 GET http://10.180.1.21/compute/v2.1/flavors/detail?minRam=193 0.100s
2025-04-21 14:23:53.970 70047 INFO tempest.lib.common.rest_client [req-15d5257b-e1bc-48eb-96cb-50da551d8e9c req-15d5257b-e1bc-48eb-96cb-50da551d8e9c ] Request (ImagesOneServerTestJSON:tearDownClass): 204 DELETE http://10.180.1.21:9696/networking/v2.0/security-groups/82fa8ee8-400d-451f-80cc-0999216ec471 0.121s
2025-04-21 14:23:53.987 70042 INFO tempest.lib.common.rest_client [req-30c18baf-c695-4561-8266-08c6d5eaedf5 req-30c18baf-c695-4561-8266-08c6d5eaedf5 ] Request (ServersAdminTestJSON:test_inject_network_info): 200 GET http://10.180.1.21/compute/v2.1/servers/6a0633d6-cd86-4b08-aa19-1ec85d3ceb9d 0.115s
2025-04-21 14:23:54.039 70080 INFO tempest.lib.common.rest_client [req-4c12d3f2-ea4a-49ed-901d-a8f57d3f0bfd req-4c12d3f2-ea4a-49ed-901d-a8f57d3f0bfd ] Request (ServersAdminNegativeTestJSON:test_migrate_server_invalid_state): 200 GET http://10.180.1.21/compute/v2.1/servers/97ce2deb-7b93-4ff6-9f01-185cef8d6516 0.219s
2025-04-21 14:23:54.046 70080 INFO tempest.common.waiters [-] State transition "ACTIVE/suspending" ==> "SUSPENDED/None" after 2 second wait
2025-04-21 14:23:54.056 70044 INFO tempest.lib.common.rest_client [req-3429bc26-780e-44d1-8eb2-2a350773418f req-3429bc26-780e-44d1-8eb2-2a350773418f ] Request (FlavorsV2TestJSON:test_list_flavors_detailed_limit_results): 200 GET http://10.180.1.21/compute/v2.1/flavors/detail?limit=1 0.136s
2025-04-21 14:23:54.075 70024 INFO tempest.lib.common.rest_client [req-2a7f66b9-e8f8-46e0-a4da-11034bf9389f req-2a7f66b9-e8f8-46e0-a4da-11034bf9389f ] Request (ServerDiagnosticsV248Test:tearDownClass): 200 GET http://10.180.1.21/compute/v2.1/servers/7cacd294-cab8-49d5-8f6b-df191b81685e 0.178s
2025-04-21 14:23:54.094 70044 INFO tempest.lib.common.rest_client [req-0ec96b22-34ef-499c-a855-3394ace5ff46 req-0ec96b22-34ef-499c-a855-3394ace5ff46 ] Request (FlavorsV2TestJSON:test_list_flavors_detailed_using_marker): 200 GET http://10.180.1.21/compute/v2.1/flavors/42 0.033s
2025-04-21 14:23:54.098 70047 INFO tempest.lib.common.rest_client [req-44e9cab6-1f3c-4fc8-bec0-15eec4a92380 req-44e9cab6-1f3c-4fc8-bec0-15eec4a92380 ] Request (ImagesOneServerTestJSON:tearDownClass): 204 DELETE http://10.180.1.21/identity/v3/projects/86f9ae21497a4f0a92340e0f8d096d4c 0.127s
2025-04-21 14:23:54.132 70052 WARNING tempest.lib.common.ssh [-] Failed to establish authenticated ssh connection to cirros@10.180.180.164 ([Errno None] Unable to connect to port 22 on 10.180.180.164). Number attempts: 10. Retry after 11 seconds.: paramiko.ssh_exception.NoValidConnectionsError: [Errno None] Unable to connect to port 22 on 10.180.180.164
2025-04-21 14:23:54.138 70080 INFO tempest.lib.common.rest_client [req-a9405fe2-513a-4281-9fcc-9814873e25a8 req-a9405fe2-513a-4281-9fcc-9814873e25a8 ] Request (ServersAdminNegativeTestJSON:test_migrate_server_invalid_state): 409 POST http://10.180.1.21/compute/v2.1/servers/97ce2deb-7b93-4ff6-9f01-185cef8d6516/action 0.091s
2025-04-21 14:23:54.164 70047 INFO tempest.lib.common.rest_client [req-1f0bccda-faa7-4b9c-b61b-5578a856c42e req-1f0bccda-faa7-4b9c-b61b-5578a856c42e ] Request (KeyPairsNegativeTestJSON:setUpClass): 201 POST http://10.180.1.21/identity/v3/auth/tokens 0.063s
2025-04-21 14:23:54.168 70087 INFO tempest.lib.common.rest_client [req-748746af-95a0-42d7-b59e-30f95a99f183 req-748746af-95a0-42d7-b59e-30f95a99f183 ] Request (ServerShowV254Test:tearDownClass): 200 GET http://10.180.1.21/compute/v2.1/servers/1f5fb1f2-7ad9-46e7-9f8a-9f11adacc1e7 0.106s
2025-04-21 14:23:54.174 70080 INFO tempest.lib.common.rest_client [req-1e880b15-538a-4064-b303-d7c4e3e71514 req-1e880b15-538a-4064-b303-d7c4e3e71514 ] Request (ServersAdminNegativeTestJSON:test_reset_state_server_invalid_state): 400 POST http://10.180.1.21/compute/v2.1/servers/419855f7-7b7a-4454-b8fb-3292a4eb1c80/action 0.034s
2025-04-21 14:23:54.178 70044 INFO tempest.lib.common.rest_client [req-f5407d3c-f060-48d6-a428-8c0dc39dbd19 req-f5407d3c-f060-48d6-a428-8c0dc39dbd19 ] Request (FlavorsV2TestJSON:test_list_flavors_detailed_using_marker): 200 GET http://10.180.1.21/compute/v2.1/flavors/detail?marker=42 0.082s
2025-04-21 14:23:54.184 70080 INFO tempest.lib.common.rest_client [req-d2ea6275-d58a-4a52-b882-c4a4695cd061 req-d2ea6275-d58a-4a52-b882-c4a4695cd061 ] Request (ServersAdminNegativeTestJSON:test_reset_state_server_invalid_type): 400 POST http://10.180.1.21/compute/v2.1/servers/419855f7-7b7a-4454-b8fb-3292a4eb1c80/action 0.008s
2025-04-21 14:23:54.199 70044 INFO tempest.lib.common.rest_client [req-503ca64e-75e5-4a1c-9f84-74a84e3f4b35 req-503ca64e-75e5-4a1c-9f84-74a84e3f4b35 ] Request (FlavorsV2TestJSON:test_list_flavors_filter_by_min_disk): 200 GET http://10.180.1.21/compute/v2.1/flavors/42 0.016s
2025-04-21 14:23:54.207 70080 INFO tempest.lib.common.rest_client [req-59dee5db-402b-47aa-860f-6821b0f0200a req-59dee5db-402b-47aa-860f-6821b0f0200a ] Request (ServersAdminNegativeTestJSON:test_reset_state_server_nonexistent_server): 404 POST http://10.180.1.21/compute/v2.1/servers/999/action 0.020s
2025-04-21 14:23:54.217 70047 INFO tempest.lib.common.rest_client [req-5b9effaa-bc36-44de-8602-ddfd5e3775c3 req-5b9effaa-bc36-44de-8602-ddfd5e3775c3 ] Request (KeyPairsNegativeTestJSON:setUpClass): 201 POST http://10.180.1.21/identity/v3/auth/tokens 0.050s
2025-04-21 14:23:54.247 70047 INFO tempest.lib.common.rest_client [req-bcf2eb79-ecdb-480c-8166-4335bc6ffee7 req-bcf2eb79-ecdb-480c-8166-4335bc6ffee7 ] Request (KeyPairsNegativeTestJSON:setUpClass): 200 GET http://10.180.1.21/identity/v3/domains?name=Default 0.030s
2025-04-21 14:23:54.284 70047 INFO tempest.lib.common.rest_client [req-638a678b-f013-4b8d-a93c-8c1c2d5e2242 req-638a678b-f013-4b8d-a93c-8c1c2d5e2242 ] Request (KeyPairsNegativeTestJSON:setUpClass): 201 POST http://10.180.1.21/identity/v3/projects 0.036s
2025-04-21 14:23:54.354 70038 INFO tempest.lib.common.rest_client [req-e2db8f3a-1d67-4583-ae77-c9386af5268d req-e2db8f3a-1d67-4583-ae77-c9386af5268d ] Request (VolumesAdminNegativeTest:test_update_attached_volume_with_nonexistent_volume_in_body): 200 GET http://10.180.1.21/compute/v2.1/servers/e836ad49-6776-4512-94c2-67a095eeebe6 0.207s
2025-04-21 14:23:54.361 70047 INFO tempest.lib.common.rest_client [req-35abe598-c63b-4bef-9442-5d5816d4737b req-35abe598-c63b-4bef-9442-5d5816d4737b ] Request (KeyPairsNegativeTestJSON:setUpClass): 201 POST http://10.180.1.21/identity/v3/users 0.077s
2025-04-21 14:23:54.366 70038 INFO tempest.common.waiters [-] State transition "BUILD/spawning" ==> "ACTIVE/None" after 84 second wait
2025-04-21 14:23:54.373 70044 INFO tempest.lib.common.rest_client [req-f005785e-febc-45e6-87c6-6df0007c9ed5 req-f005785e-febc-45e6-87c6-6df0007c9ed5 ] Request (FlavorsV2TestJSON:test_list_flavors_filter_by_min_disk): 200 GET http://10.180.1.21/compute/v2.1/flavors?minDisk=2 0.170s
2025-04-21 14:23:54.381 70060 INFO tempest.lib.common.rest_client [req-073525e9-a39b-4507-bef1-933e9172c357 req-073525e9-a39b-4507-bef1-933e9172c357 ] Request (AttachInterfacesUnderV243Test:test_add_remove_fixed_ip): 200 GET http://10.180.1.21/compute/v2.1/servers/849db371-fc20-47d4-b1e0-159455f77845 0.180s
2025-04-21 14:23:54.397 70047 INFO tempest.lib.common.rest_client [req-22dce473-1c77-4c8f-878a-7fc20d93b6f1 req-22dce473-1c77-4c8f-878a-7fc20d93b6f1 ] Request (KeyPairsNegativeTestJSON:setUpClass): 200 GET http://10.180.1.21/identity/v3/roles 0.035s
2025-04-21 14:23:54.436 70047 INFO tempest.lib.common.rest_client [req-f40f90aa-c6cb-4ad0-ba67-26201c9c8b24 req-f40f90aa-c6cb-4ad0-ba67-26201c9c8b24 ] Request (KeyPairsNegativeTestJSON:setUpClass): 204 PUT http://10.180.1.21/identity/v3/projects/383c5dcd832840768c1d1af209b46ce8/users/9af285e812a14f9ca92d314429c1ac07/roles/c2a1dac024f1481b8c44c81339fb7cf7 0.038s
2025-04-21 14:23:54.436 70047 INFO tempest.lib.common.dynamic_creds [-] Dynamic test user 9af285e812a14f9ca92d314429c1ac07 is created with scope project and roles: ['member']
2025-04-21 14:23:54.437 70047 INFO tempest.lib.common.dynamic_creds [-] Acquired dynamic creds: credentials: Credentials: {'domain_id': 'default', 'domain_name': 'Default', 'username': 'tempest-KeyPairsNegativeTestJSON-2136879159-project-member', 'project_domain_id': 'default', 'project_domain_name': 'Default', 'project_id': '383c5dcd832840768c1d1af209b46ce8', 'project_name': 'tempest-KeyPairsNegativeTestJSON-2136879159', 'tenant_id': '383c5dcd832840768c1d1af209b46ce8', 'tenant_name': 'tempest-KeyPairsNegativeTestJSON-2136879159', 'user_domain_id': 'default', 'user_domain_name': 'Default', 'user_id': '9af285e812a14f9ca92d314429c1ac07', 'system': None}, Network: None, Subnet: None, Router: None
2025-04-21 14:23:54.437 70047 INFO tempest.lib.common.dynamic_creds [-] Created isolated network resources for: credentials: Credentials: {'domain_id': 'default', 'domain_name': 'Default', 'username': 'tempest-KeyPairsNegativeTestJSON-2136879159-project-member', 'project_domain_id': 'default', 'project_domain_name': 'Default', 'project_id': '383c5dcd832840768c1d1af209b46ce8', 'project_name': 'tempest-KeyPairsNegativeTestJSON-2136879159', 'tenant_id': '383c5dcd832840768c1d1af209b46ce8', 'tenant_name': 'tempest-KeyPairsNegativeTestJSON-2136879159', 'user_domain_id': 'default', 'user_domain_name': 'Default', 'user_id': '9af285e812a14f9ca92d314429c1ac07', 'system': None}, Network: None, Subnet: None, Router: None
2025-04-21 14:23:54.480 70079 INFO tempest.lib.common.rest_client [req-88fdb865-a6a4-4fa9-9fe6-0f6f54dcddc0 req-88fdb865-a6a4-4fa9-9fe6-0f6f54dcddc0 ] Request (ServersListShow2100Test:test_list_show_rebuild_update_server_2100): 200 GET http://10.180.1.21/compute/v2.1/servers/d39a7539-a268-4aed-a636-2d9b3bca6411 0.157s
2025-04-21 14:23:54.523 70047 INFO tempest.lib.common.rest_client [req-8106ddd0-c17c-4d0b-94b4-ca6931c99227 req-8106ddd0-c17c-4d0b-94b4-ca6931c99227 ] Request (KeyPairsNegativeTestJSON:setUpClass): 201 POST http://10.180.1.21/identity/v3/auth/tokens 0.081s
2025-04-21 14:23:54.583 70080 INFO tempest.lib.common.rest_client [req-e4c2fa11-f47d-4afc-89dc-73f383793936 req-e4c2fa11-f47d-4afc-89dc-73f383793936 ] Request (ServersAdminNegativeTestJSON:test_resize_server_using_overlimit_ram): 200 GET http://10.180.1.21/compute/v2.1/os-quota-sets/ed50b9a6d2454002bf1dc370ed3da5c5 0.374s
2025-04-21 14:23:54.620 70034 INFO tempest.lib.common.rest_client [req-22183ded-73fd-4802-8764-afa47b647ff7 req-22183ded-73fd-4802-8764-afa47b647ff7 ] Request (ServersTestMultiNic:_run_cleanups): 200 GET http://10.180.1.21/compute/v2.1/servers/8ca899ab-8f2f-4de0-a91c-602d7c497315 0.263s
2025-04-21 14:23:54.635 70044 INFO tempest.lib.common.rest_client [req-20d62223-6283-4fb2-a0aa-7767d11ef1af req-20d62223-6283-4fb2-a0aa-7767d11ef1af ] Request (FlavorsV2TestJSON:test_list_flavors_filter_by_min_ram): 200 GET http://10.180.1.21/compute/v2.1/flavors/42 0.255s
2025-04-21 14:23:54.643 70038 INFO tempest.lib.common.rest_client [req-b2fef07f-22b5-4dd2-9b4f-3514ace388ef req-b2fef07f-22b5-4dd2-9b4f-3514ace388ef ] Request (VolumesAdminNegativeTest:test_update_attached_volume_with_nonexistent_volume_in_body): 200 GET http://10.180.1.21/compute/v2.1/servers/e836ad49-6776-4512-94c2-67a095eeebe6/os-interface 0.276s
2025-04-21 14:23:54.689 70054 INFO tempest.lib.common.rest_client [req-ad511a29-f0c3-4ef2-8ade-e38d6c8df8f5 req-ad511a29-f0c3-4ef2-8ade-e38d6c8df8f5 ] Request (MultipleCreateTestJSON:test_multiple_create): 200 GET http://10.180.1.21/compute/v2.1/servers/c8fe9c05-5c00-4e5a-a4ba-099ab5a5e617 0.305s
2025-04-21 14:23:54.724 70058 INFO tempest.lib.common.rest_client [req-d0ccd3c5-03f4-4477-91ea-909e9034f162 req-d0ccd3c5-03f4-4477-91ea-909e9034f162 ] Request (ServerDiagnosticsTest:tearDownClass): 200 GET http://10.180.1.21/compute/v2.1/servers/ef6e9895-d55a-40f3-b273-abdc23e3eff5 0.238s
2025-04-21 14:23:54.795 70047 INFO tempest.lib.common.rest_client [req-49a4eefa-a89d-4c8f-a086-bb63093b3ff4 req-49a4eefa-a89d-4c8f-a086-bb63093b3ff4 ] Request (KeyPairsNegativeTestJSON:test_create_keypair_invalid_name): 400 POST http://10.180.1.21/compute/v2.1/os-keypairs 0.270s
2025-04-21 14:23:54.843 70076 INFO tempest.lib.common.rest_client [req-e303be46-cd3a-4219-b0d3-76ec3b1c8ca8 req-e303be46-cd3a-4219-b0d3-76ec3b1c8ca8 ] Request (ServerActionsTestOtherB:test_create_backup): 200 GET http://10.180.1.21/compute/v2.1/servers/b45391be-19be-4a55-88cf-c471c4355ff4 0.343s
2025-04-21 14:23:54.854 70076 INFO tempest.common.waiters [-] State transition "ACTIVE/image_uploading" ==> "ACTIVE/None" after 2 second wait
2025-04-21 14:23:54.860 70080 INFO tempest.lib.common.rest_client [req-f7f825a1-c9d1-48ba-b0c1-dd2f31c0fadb req-f7f825a1-c9d1-48ba-b0c1-dd2f31c0fadb ] Request (ServersAdminNegativeTestJSON:test_resize_server_using_overlimit_ram): 200 POST http://10.180.1.21/compute/v2.1/flavors 0.272s
2025-04-21 14:23:54.864 70050 INFO tempest.lib.common.rest_client [req-03e84721-2fbe-4b8c-882e-20d3cf36f7ed req-03e84721-2fbe-4b8c-882e-20d3cf36f7ed ] Request (ServerAddressesTestJSON:setUpClass): 200 GET http://10.180.1.21/compute/v2.1/servers/889be491-6d76-4f43-9ab2-7fc4ef66caf8 0.305s
2025-04-21 14:23:54.883 70044 INFO tempest.lib.common.rest_client [req-4bd8274f-8c7f-4382-a8ef-1c82e7dd6afe req-4bd8274f-8c7f-4382-a8ef-1c82e7dd6afe ] Request (FlavorsV2TestJSON:test_list_flavors_filter_by_min_ram): 200 GET http://10.180.1.21/compute/v2.1/flavors?minRam=193 0.245s
2025-04-21 14:23:54.965 70085 INFO tempest.lib.common.rest_client [req-73533b98-42b1-400d-8b55-0850045f0cc2 req-73533b98-42b1-400d-8b55-0850045f0cc2 ] Request (ServersListShow298Test:tearDownClass): 200 GET http://10.180.1.21/compute/v2.1/servers/1704e568-0bc9-41c2-96e8-a45ed3d81534 0.312s
2025-04-21 14:23:55.021 70068 INFO tempest.lib.common.rest_client [req-dde39e66-8a38-41d6-a29a-2dc8ca1f9e4b req-dde39e66-8a38-41d6-a29a-2dc8ca1f9e4b ] Request (AttachInterfacesTestJSON:test_create_list_show_delete_interfaces_by_fixed_ip): 200 GET http://10.180.1.21/compute/v2.1/servers/422212a4-2f37-4e1c-8ee8-4e64a75a8534/os-interface 0.409s
2025-04-21 14:23:55.035 70048 INFO tempest.lib.common.rest_client [req-a25121d6-133c-4e4c-a914-a15d5ce980c6 req-a25121d6-133c-4e4c-a914-a15d5ce980c6 ] Request (ServersTestManualDisk:tearDownClass): 200 GET http://10.180.1.21/compute/v2.1/servers/70fa1a36-4cac-46c3-a686-e916e2a8415c 0.356s
2025-04-21 14:23:55.083 70026 INFO tempest.lib.common.rest_client [req-b46bd682-499c-4452-93b9-739c80ff22af req-b46bd682-499c-4452-93b9-739c80ff22af ] Request (ServerMetadataTestJSON:setUpClass): 200 GET http://10.180.1.21/compute/v2.1/servers/76270db6-94e7-4800-8d8f-03ee7ac7b324 0.378s
2025-04-21 14:23:55.098 70072 INFO tempest.lib.common.rest_client [req-d59cbc9f-5894-4d6c-9815-c8495f0c12b0 req-d59cbc9f-5894-4d6c-9815-c8495f0c12b0 ] Request (MigrationsAdminTest:test_resize_server_revert_deleted_flavor): 200 GET http://10.180.1.21/compute/v2.1/servers/0ff0050a-2feb-470c-a69c-7d31748d24f8 0.369s
2025-04-21 14:23:55.128 70047 INFO tempest.lib.common.rest_client [req-a0675da2-dc37-4254-a58d-3322be06ba64 req-a0675da2-dc37-4254-a58d-3322be06ba64 ] Request (KeyPairsNegativeTestJSON:test_create_keypair_when_public_key_bits_exceeds_maximum): 400 POST http://10.180.1.21/compute/v2.1/os-keypairs 0.328s
2025-04-21 14:23:55.161 70062 INFO tempest.lib.common.rest_client [req-329c3d14-2f62-4f4a-b9a1-23da321f2193 req-329c3d14-2f62-4f4a-b9a1-23da321f2193 ] Request (ServerMetadataNegativeTestJSON:tearDownClass): 200 GET http://10.180.1.21/compute/v2.1/servers/81711994-e06d-4361-9df7-d0e8293793f4 0.367s
2025-04-21 14:23:55.199 70036 INFO tempest.lib.common.rest_client [req-7d8e59a6-6317-4dd1-b02e-97b7ec349ec3 req-7d8e59a6-6317-4dd1-b02e-97b7ec349ec3 ] Request (ServersV294TestFqdnHostnames:tearDownClass): 200 GET http://10.180.1.21/compute/v2.1/servers/b1697ea0-f94a-4605-9a91-2b158d047f56 0.388s
2025-04-21 14:23:55.335 70080 INFO tempest.lib.common.rest_client [req-019fa3e0-b3fb-41f9-9ee6-14f64f21b07c req-019fa3e0-b3fb-41f9-9ee6-14f64f21b07c ] Request (ServersAdminNegativeTestJSON:test_resize_server_using_overlimit_ram): 403 POST http://10.180.1.21/compute/v2.1/servers/419855f7-7b7a-4454-b8fb-3292a4eb1c80/action 0.473s
2025-04-21 14:23:55.402 70030 INFO tempest.lib.common.rest_client [req-031eaa60-ff1f-47b5-a8d4-1dfe32e65bb6 req-031eaa60-ff1f-47b5-a8d4-1dfe32e65bb6 ] Request (ImagesOneServerNegativeTestJSON:_run_cleanups): 200 GET http://10.180.1.21/compute/v2.1/servers/2cf6c894-903e-45b7-a962-f1f83638ab31 0.540s
2025-04-21 14:23:55.422 70044 INFO tempest.lib.common.rest_client [req-3c5b7130-f6f4-4662-b330-a30d150f2989 req-3c5b7130-f6f4-4662-b330-a30d150f2989 ] Request (FlavorsV2TestJSON:test_list_flavors_limit_results): 200 GET http://10.180.1.21/compute/v2.1/flavors?limit=1 0.534s
2025-04-21 14:23:55.443 70038 INFO tempest.lib.common.rest_client [req-3f143c54-806f-407e-992f-4b88e492517f req-3f143c54-806f-407e-992f-4b88e492517f ] Request (VolumesAdminNegativeTest:test_update_attached_volume_with_nonexistent_volume_in_body): 200 PUT http://10.180.1.21:9696/networking/v2.0/floatingips/3665ee62-c777-42e3-ad7f-aaab75d79a3f 0.798s
2025-04-21 14:23:55.444 70038 INFO tempest.lib.common.ssh [-] Creating ssh connection to '10.180.180.182:22' as 'cirros' with public key authentication
2025-04-21 14:23:55.648 70074 INFO tempest.lib.common.rest_client [req-652add7b-04c8-459c-a811-cee6d001b66a req-652add7b-04c8-459c-a811-cee6d001b66a ] Request (ImagesTestJSON:test_create_image_from_suspended_server): 200 GET http://10.180.1.21/compute/v2.1/images/a96f74b8-b8b4-46ea-975f-bae235157b7d 0.754s
2025-04-21 14:23:55.668 70076 INFO tempest.lib.common.rest_client [req-535cd867-a59b-414c-ba70-45631f780319 req-535cd867-a59b-414c-ba70-45631f780319 ] Request (ServerActionsTestOtherB:test_create_backup): 202 POST http://10.180.1.21/compute/v2.1/servers/b45391be-19be-4a55-88cf-c471c4355ff4/action 0.813s
2025-04-21 14:23:55.686 70076 INFO tempest.lib.common.rest_client [req-8667c5fe-d5af-4875-bb84-9a1e3af4256a req-8667c5fe-d5af-4875-bb84-9a1e3af4256a ] Request (ServerActionsTestOtherB:test_create_backup): 200 GET http://10.180.1.21/image/v2/images/53d752e5-68fd-4a98-946b-eef6a960c8b1 0.018s
2025-04-21 14:23:55.730 70032 INFO tempest.lib.common.rest_client [req-bd780bd7-5720-42b8-a09e-6eda77db1e3e req-bd780bd7-5720-42b8-a09e-6eda77db1e3e ] Request (ServerRescueTestJSONUnderV235:tearDownClass): 200 GET http://10.180.1.21/compute/v2.1/servers/dcc846cd-4ce5-41e6-a419-d85d964e9f79 0.831s
2025-04-21 14:23:55.747 70042 INFO tempest.lib.common.rest_client [req-7cc0e452-b9e3-4893-9e5f-4842765e31cf req-7cc0e452-b9e3-4893-9e5f-4842765e31cf ] Request (ServersAdminTestJSON:test_inject_network_info): 200 GET http://10.180.1.21/compute/v2.1/servers/6a0633d6-cd86-4b08-aa19-1ec85d3ceb9d 0.747s
2025-04-21 14:23:55.785 70047 INFO tempest.lib.common.rest_client [req-bfcd264e-63d6-463f-925f-1ff6b28c0a37 req-bfcd264e-63d6-463f-925f-1ff6b28c0a37 ] Request (KeyPairsNegativeTestJSON:test_create_keypair_with_duplicate_name): 200 POST http://10.180.1.21/compute/v2.1/os-keypairs 0.655s
2025-04-21 14:23:55.803 70024 INFO tempest.lib.common.rest_client [req-fe0a8606-9b74-4361-bf18-0feb7059a70c req-fe0a8606-9b74-4361-bf18-0feb7059a70c ] Request (ServerDiagnosticsV248Test:tearDownClass): 200 GET http://10.180.1.21/compute/v2.1/servers/7cacd294-cab8-49d5-8f6b-df191b81685e 0.717s
2025-04-21 14:23:55.828 70080 INFO tempest.lib.common.rest_client [req-082021dd-58cb-47dc-9673-c9b2a5c99781 req-082021dd-58cb-47dc-9673-c9b2a5c99781 ] Request (ServersAdminNegativeTestJSON:_run_cleanups): 202 DELETE http://10.180.1.21/compute/v2.1/flavors/940637192 0.492s
2025-04-21 14:23:55.848 70087 INFO tempest.lib.common.rest_client [req-bd153bf1-fe3e-4038-a131-57762f3b26e1 req-bd153bf1-fe3e-4038-a131-57762f3b26e1 ] Request (ServerShowV254Test:tearDownClass): 200 GET http://10.180.1.21/compute/v2.1/servers/1f5fb1f2-7ad9-46e7-9f8a-9f11adacc1e7 0.663s
2025-04-21 14:23:55.859 70044 INFO tempest.lib.common.rest_client [req-1b8d7b67-e375-48c6-8136-edd70d074080 req-1b8d7b67-e375-48c6-8136-edd70d074080 ] Request (FlavorsV2TestJSON:test_list_flavors_using_marker): 200 GET http://10.180.1.21/compute/v2.1/flavors/42 0.435s
2025-04-21 14:23:55.963 70060 INFO tempest.lib.common.rest_client [req-9c47d371-6f99-4e91-a78b-cb0c29ffba39 req-9c47d371-6f99-4e91-a78b-cb0c29ffba39 ] Request (AttachInterfacesUnderV243Test:test_add_remove_fixed_ip): 200 GET http://10.180.1.21/compute/v2.1/servers/849db371-fc20-47d4-b1e0-159455f77845 0.571s
2025-04-21 14:23:55.963 70079 INFO tempest.lib.common.rest_client [req-93d23842-7b5f-40fe-9d78-be91e9a02e83 req-93d23842-7b5f-40fe-9d78-be91e9a02e83 ] Request (ServersListShow2100Test:test_list_show_rebuild_update_server_2100): 200 GET http://10.180.1.21/compute/v2.1/servers/d39a7539-a268-4aed-a636-2d9b3bca6411 0.468s
2025-04-21 14:23:56.027 70034 INFO tempest.lib.common.rest_client [req-acc21a61-0b01-4e93-ba26-7bd72d19ce83 req-acc21a61-0b01-4e93-ba26-7bd72d19ce83 ] Request (ServersTestMultiNic:_run_cleanups): 200 GET http://10.180.1.21/compute/v2.1/servers/8ca899ab-8f2f-4de0-a91c-602d7c497315 0.398s
2025-04-21 14:23:56.028 70054 INFO tempest.lib.common.rest_client [req-79f7393d-3e56-40b4-b263-c0b12a4b538b req-79f7393d-3e56-40b4-b263-c0b12a4b538b ] Request (MultipleCreateTestJSON:test_multiple_create): 200 GET http://10.180.1.21/compute/v2.1/servers/c8fe9c05-5c00-4e5a-a4ba-099ab5a5e617 0.325s
2025-04-21 14:23:56.060 70047 INFO tempest.lib.common.rest_client [req-fa3e5f79-ca01-4e02-acd5-04bbb10ec1ae req-fa3e5f79-ca01-4e02-acd5-04bbb10ec1ae ] Request (KeyPairsNegativeTestJSON:test_create_keypair_with_duplicate_name): 409 POST http://10.180.1.21/compute/v2.1/os-keypairs 0.273s
2025-04-21 14:23:56.082 70080 INFO tempest.lib.common.rest_client [req-a51603de-49ed-456d-9542-93a015b3c494 req-a51603de-49ed-456d-9542-93a015b3c494 ] Request (ServersAdminNegativeTestJSON:_run_cleanups): 200 GET http://10.180.1.21/compute/v2.1/flavors/detail 0.253s
2025-04-21 14:23:56.090 70058 INFO tempest.lib.common.rest_client [req-1441592c-ba30-452b-bed4-f1e0544454a7 req-1441592c-ba30-452b-bed4-f1e0544454a7 ] Request (ServerDiagnosticsTest:tearDownClass): 200 GET http://10.180.1.21/compute/v2.1/servers/ef6e9895-d55a-40f3-b273-abdc23e3eff5 0.359s
2025-04-21 14:23:56.105 70044 INFO tempest.lib.common.rest_client [req-94cc742a-f642-49ae-a866-a8b660743fda req-94cc742a-f642-49ae-a866-a8b660743fda ] Request (FlavorsV2TestJSON:test_list_flavors_using_marker): 200 GET http://10.180.1.21/compute/v2.1/flavors?marker=42 0.242s
2025-04-21 14:23:56.155 70050 INFO tempest.lib.common.rest_client [req-ecdae458-9f80-410e-8dcb-baa1c29d0a28 req-ecdae458-9f80-410e-8dcb-baa1c29d0a28 ] Request (ServerAddressesTestJSON:setUpClass): 200 GET http://10.180.1.21/compute/v2.1/servers/889be491-6d76-4f43-9ab2-7fc4ef66caf8 0.282s
2025-04-21 14:23:56.180 70085 INFO tempest.lib.common.rest_client [req-c2ac4f63-55ba-43d5-b68e-19cef6228e38 req-c2ac4f63-55ba-43d5-b68e-19cef6228e38 ] Request (ServersListShow298Test:tearDownClass): 200 GET http://10.180.1.21/compute/v2.1/servers/1704e568-0bc9-41c2-96e8-a45ed3d81534 0.201s
2025-04-21 14:23:56.226 70068 INFO tempest.lib.common.rest_client [req-f2f84ebf-3627-4ba3-a83c-0cd3891b9058 req-f2f84ebf-3627-4ba3-a83c-0cd3891b9058 ] Request (AttachInterfacesTestJSON:test_create_list_show_delete_interfaces_by_fixed_ip): 200 GET http://10.180.1.21/compute/v2.1/servers/422212a4-2f37-4e1c-8ee8-4e64a75a8534/os-interface 0.202s
2025-04-21 14:23:56.239 70047 INFO tempest.lib.common.rest_client [req-482ebbf9-8119-43e9-a0ee-f414eea09b98 req-482ebbf9-8119-43e9-a0ee-f414eea09b98 ] Request (KeyPairsNegativeTestJSON:test_create_keypair_with_duplicate_name): 202 DELETE http://10.180.1.21/compute/v2.1/os-keypairs/tempest-keypair-1242553372 0.178s
2025-04-21 14:23:56.248 70048 INFO tempest.lib.common.rest_client [req-eeb8475e-bb07-49fc-9b6d-dd925a0b09b9 req-eeb8475e-bb07-49fc-9b6d-dd925a0b09b9 ] Request (ServersTestManualDisk:tearDownClass): 200 GET http://10.180.1.21/compute/v2.1/servers/70fa1a36-4cac-46c3-a686-e916e2a8415c 0.206s
2025-04-21 14:23:56.280 70080 INFO tempest.lib.common.rest_client [req-aca2ad8b-c95e-46fa-9867-02120a550d04 req-aca2ad8b-c95e-46fa-9867-02120a550d04 ] Request (ServersAdminNegativeTestJSON:test_resize_server_using_overlimit_vcpus): 200 GET http://10.180.1.21/compute/v2.1/os-quota-sets/ed50b9a6d2454002bf1dc370ed3da5c5 0.192s
2025-04-21 14:23:56.301 70044 INFO tempest.lib.common.rest_client [req-9b6458ac-e409-42e8-ac01-570a38cc5d43 req-9b6458ac-e409-42e8-ac01-570a38cc5d43 ] Request (FlavorsV2TestJSON:test_list_flavors_with_detail): 200 GET http://10.180.1.21/compute/v2.1/flavors/detail 0.192s
2025-04-21 14:23:56.550 70026 INFO tempest.lib.common.rest_client [req-fe90a1ff-dd28-4434-87e4-66c5b9876e64 req-fe90a1ff-dd28-4434-87e4-66c5b9876e64 ] Request (ServerMetadataTestJSON:setUpClass): 200 GET http://10.180.1.21/compute/v2.1/servers/76270db6-94e7-4800-8d8f-03ee7ac7b324 0.457s
2025-04-21 14:23:56.557 70072 INFO tempest.lib.common.rest_client [req-ed011224-7fd3-41fd-8fc2-26a35c4dd322 req-ed011224-7fd3-41fd-8fc2-26a35c4dd322 ] Request (MigrationsAdminTest:test_resize_server_revert_deleted_flavor): 200 GET http://10.180.1.21/compute/v2.1/servers/0ff0050a-2feb-470c-a69c-7d31748d24f8 0.446s
2025-04-21 14:23:56.638 70036 INFO tempest.lib.common.rest_client [req-f78e92ea-f0cc-4a3a-a930-72c6f226644c req-f78e92ea-f0cc-4a3a-a930-72c6f226644c ] Request (ServersV294TestFqdnHostnames:tearDownClass): 200 GET http://10.180.1.21/compute/v2.1/servers/b1697ea0-f94a-4605-9a91-2b158d047f56 0.423s
2025-04-21 14:23:56.642 70047 INFO tempest.lib.common.rest_client [req-5400d5c0-d9e3-4a39-9673-a8caf00d0b54 req-5400d5c0-d9e3-4a39-9673-a8caf00d0b54 ] Request (KeyPairsNegativeTestJSON:test_create_keypair_with_empty_name_string): 400 POST http://10.180.1.21/compute/v2.1/os-keypairs 0.400s
2025-04-21 14:23:56.645 70062 INFO tempest.lib.common.rest_client [req-a45eae5f-ff50-4ad0-a011-775661753521 req-a45eae5f-ff50-4ad0-a011-775661753521 ] Request (ServerMetadataNegativeTestJSON:tearDownClass): 200 GET http://10.180.1.21/compute/v2.1/servers/81711994-e06d-4361-9df7-d0e8293793f4 0.476s
2025-04-21 14:23:56.666 70044 INFO tempest.lib.common.rest_client [req-1ec873f2-b5d7-4b41-892e-7df3e794234f req-1ec873f2-b5d7-4b41-892e-7df3e794234f ] Request (FlavorsV2TestJSON:test_list_flavors_with_detail): 200 GET http://10.180.1.21/compute/v2.1/flavors/42 0.361s
2025-04-21 14:23:56.669 70080 INFO tempest.lib.common.rest_client [req-21a7465a-1449-421e-b5b4-1f599b8cafc9 req-21a7465a-1449-421e-b5b4-1f599b8cafc9 ] Request (ServersAdminNegativeTestJSON:test_resize_server_using_overlimit_vcpus): 200 POST http://10.180.1.21/compute/v2.1/flavors 0.387s
2025-04-21 14:23:56.707 70047 INFO tempest.lib.common.rest_client [req-944f9c87-5042-4bcc-b6d0-97f138ca0dc3 req-944f9c87-5042-4bcc-b6d0-97f138ca0dc3 ] Request (KeyPairsNegativeTestJSON:test_create_keypair_with_empty_public_key): 400 POST http://10.180.1.21/compute/v2.1/os-keypairs 0.063s
2025-04-21 14:23:56.708 70076 INFO tempest.lib.common.rest_client [req-2847f1a3-ec29-411d-b0ba-bf184c3c0103 req-2847f1a3-ec29-411d-b0ba-bf184c3c0103 ] Request (ServerActionsTestOtherB:test_create_backup): 200 GET http://10.180.1.21/image/v2/images/53d752e5-68fd-4a98-946b-eef6a960c8b1 0.019s
2025-04-21 14:23:56.730 70030 INFO tempest.lib.common.rest_client [req-a61c80e0-6884-4afb-8ab6-8c8f203ec244 req-a61c80e0-6884-4afb-8ab6-8c8f203ec244 ] Request (ImagesOneServerNegativeTestJSON:_run_cleanups): 200 GET http://10.180.1.21/compute/v2.1/servers/2cf6c894-903e-45b7-a962-f1f83638ab31 0.315s
2025-04-21 14:23:56.743 70074 INFO tempest.lib.common.rest_client [req-7e7ba80d-a346-4f9a-9a2c-bf010e193602 req-7e7ba80d-a346-4f9a-9a2c-bf010e193602 ] Request (ImagesTestJSON:test_create_image_from_suspended_server): 200 GET http://10.180.1.21/compute/v2.1/images/a96f74b8-b8b4-46ea-975f-bae235157b7d 0.090s
2025-04-21 14:23:56.749 70047 INFO tempest.lib.common.rest_client [req-41350809-a9b4-4010-ac3d-acbfde17a94c req-41350809-a9b4-4010-ac3d-acbfde17a94c ] Request (KeyPairsNegativeTestJSON:test_create_keypair_with_long_keynames): 400 POST http://10.180.1.21/compute/v2.1/os-keypairs 0.039s
2025-04-21 14:23:56.786 70044 INFO tempest.lib.common.rest_client [req-19cae2c7-af74-42a7-9b8d-21b163f77d38 req-19cae2c7-af74-42a7-9b8d-21b163f77d38 ] Request (FlavorsV2TestJSON:tearDownClass): 204 DELETE http://10.180.1.21/identity/v3/users/0b410d9919854c1f9ff217579b5c0667 0.116s
