2025-04-21 14:22:02.469 70044 INFO tempest.lib.common.rest_client [req-46315e6b-6266-4d20-ba93-7089f7a38b85 req-46315e6b-6266-4d20-ba93-7089f7a38b85 ] Request (DeleteServersAdminTestJSON:test_admin_delete_servers_of_others): 200 GET http://10.180.1.21/compute/v2.1/servers/6d8d1bfe-bdb1-4995-bb0c-8ed9dd62a244 0.642s
2025-04-21 14:22:02.485 70062 INFO tempest.lib.common.rest_client [req-32c14b7f-b75d-4b2d-8718-cabd3ab74be0 req-32c14b7f-b75d-4b2d-8718-cabd3ab74be0 ] Request (QuotasAdminNegativeTest:tearDownClass): 204 DELETE http://10.180.1.21/identity/v3/projects/85ffbf59dcb645e2937bf771792f7a97 0.217s
2025-04-21 14:22:02.504 70024 INFO tempest.lib.common.rest_client [req-5d866788-d6ac-4fbc-bffd-2ee1772d254e req-5d866788-d6ac-4fbc-bffd-2ee1772d254e ] Request (FlavorsAccessNegativeTestJSON:tearDownClass): 201 POST http://10.180.1.21/identity/v3/auth/tokens 0.152s
2025-04-21 14:22:02.555 70032 INFO tempest.lib.common.rest_client [req-d7f41dd0-a852-4b91-948c-da7407e93cd1 req-d7f41dd0-a852-4b91-948c-da7407e93cd1 ] Request (ServerRescueTestJSONUnderV235:setUpClass): 204 PUT http://10.180.1.21/identity/v3/projects/1afd866e1f8347868b4fca38a120b6cb/users/1573b1271dca4857af467528bc4a9973/roles/c2a1dac024f1481b8c44c81339fb7cf7 0.137s
2025-04-21 14:22:02.555 70032 INFO tempest.lib.common.dynamic_creds [-] Dynamic test user 1573b1271dca4857af467528bc4a9973 is created with scope project and roles: ['member']
2025-04-21 14:22:02.556 70032 INFO tempest.lib.common.dynamic_creds [-] Acquired dynamic creds: credentials: Credentials: {'domain_id': 'default', 'domain_name': 'Default', 'username': 'tempest-ServerRescueTestJSONUnderV235-1591566201-project-member', 'project_domain_id': 'default', 'project_domain_name': 'Default', 'project_id': '1afd866e1f8347868b4fca38a120b6cb', 'project_name': 'tempest-ServerRescueTestJSONUnderV235-1591566201', 'tenant_id': '1afd866e1f8347868b4fca38a120b6cb', 'tenant_name': 'tempest-ServerRescueTestJSONUnderV235-1591566201', 'user_domain_id': 'default', 'user_domain_name': 'Default', 'user_id': '1573b1271dca4857af467528bc4a9973', 'system': None}, Network: None, Subnet: None, Router: None
2025-04-21 14:22:02.573 70066 INFO tempest.lib.common.rest_client [req-fe7b802a-dc8a-4cf0-b669-3312eee90dca req-fe7b802a-dc8a-4cf0-b669-3312eee90dca ] Request (AttachInterfacesV270Test:tearDownClass): 200 GET http://10.180.1.21/compute/v2.1/servers/0442abba-1214-42e4-8822-2bf2c1c5de89 0.644s
2025-04-21 14:22:02.602 70065 INFO tempest.lib.common.rest_client [req-0abb3ec5-4ef0-4045-bb81-9a1f49b1319d req-0abb3ec5-4ef0-4045-bb81-9a1f49b1319d ] Request (ServerActionsV293TestJSON:setUpClass): 200 GET http://10.180.1.21/volume/v3/volumes/606b9a40-2f7f-476c-ab8c-a45496443baa 0.053s
2025-04-21 14:22:02.612 70062 INFO tempest.lib.common.rest_client [req-700ab480-33f3-4d6d-9a01-93c248b73d37 req-700ab480-33f3-4d6d-9a01-93c248b73d37 ] Request (ServerMetadataNegativeTestJSON:setUpClass): 201 POST http://10.180.1.21/identity/v3/auth/tokens 0.125s
2025-04-21 14:22:02.622 70028 INFO tempest.lib.common.rest_client [req-ed918d53-ae1f-49d6-881a-659f7bccd7c2 req-ed918d53-ae1f-49d6-881a-659f7bccd7c2 ] Request (SecurityGroupRulesTestJSON:test_security_group_rules_create_with_optional_cidr): 200 POST http://10.180.1.21/compute/v2.1/os-security-group-rules 0.799s
2025-04-21 14:22:02.639 70032 INFO tempest.lib.common.rest_client [req-d66c16ee-c280-43a3-b099-3ca6a66ca41e req-d66c16ee-c280-43a3-b099-3ca6a66ca41e ] Request (ServerRescueTestJSONUnderV235:setUpClass): 201 POST http://10.180.1.21/identity/v3/auth/tokens 0.083s
2025-04-21 14:22:02.664 70062 INFO tempest.lib.common.rest_client [req-a5876314-128f-40ea-b461-a428f83f07da req-a5876314-128f-40ea-b461-a428f83f07da ] Request (ServerMetadataNegativeTestJSON:setUpClass): 201 POST http://10.180.1.21/identity/v3/auth/tokens 0.048s
2025-04-21 14:22:02.694 70062 INFO tempest.lib.common.rest_client [req-2a2611bd-f74f-442d-ae5a-166b2c7c5067 req-2a2611bd-f74f-442d-ae5a-166b2c7c5067 ] Request (ServerMetadataNegativeTestJSON:setUpClass): 200 GET http://10.180.1.21/identity/v3/domains?name=Default 0.029s
2025-04-21 14:22:02.722 70062 INFO tempest.lib.common.rest_client [req-ab2423a6-b5a1-41d0-8d9f-6130e0e19b81 req-ab2423a6-b5a1-41d0-8d9f-6130e0e19b81 ] Request (ServerMetadataNegativeTestJSON:setUpClass): 201 POST http://10.180.1.21/identity/v3/projects 0.027s
2025-04-21 14:22:02.800 70062 INFO tempest.lib.common.rest_client [req-5687ed35-d09c-4ddc-8358-21763238c76e req-5687ed35-d09c-4ddc-8358-21763238c76e ] Request (ServerMetadataNegativeTestJSON:setUpClass): 201 POST http://10.180.1.21/identity/v3/users 0.078s
2025-04-21 14:22:02.820 70050 INFO tempest.lib.common.rest_client [req-e4d797e3-3b3c-4f75-8ed1-dc2d60a1c47a req-e4d797e3-3b3c-4f75-8ed1-dc2d60a1c47a ] Request (ListServersNegativeTestJSON:setUpClass): 200 GET http://10.180.1.21/compute/v2.1/servers/6a21a7bc-2096-4b27-bcea-b24eb3f9d581 0.859s
2025-04-21 14:22:02.836 70062 INFO tempest.lib.common.rest_client [req-ba879f2f-653e-4f57-bdee-43ccc0ca7bdf req-ba879f2f-653e-4f57-bdee-43ccc0ca7bdf ] Request (ServerMetadataNegativeTestJSON:setUpClass): 200 GET http://10.180.1.21/identity/v3/roles 0.035s
2025-04-21 14:22:02.851 70056 INFO tempest.lib.common.rest_client [req-d0891590-9819-4fe9-9c69-be3af53968cf req-d0891590-9819-4fe9-9c69-be3af53968cf ] Request (ServerDiagnosticsNegativeTest:tearDownClass): 200 GET http://10.180.1.21:9696/networking/v2.0/security-groups?tenant_id=fc47eee855b74626a5c833c19425aab3&name=default 0.410s
2025-04-21 14:22:02.867 70062 INFO tempest.lib.common.rest_client [req-c2a2a4df-eb2a-4e8d-8fa4-db72ade9a668 req-c2a2a4df-eb2a-4e8d-8fa4-db72ade9a668 ] Request (ServerMetadataNegativeTestJSON:setUpClass): 204 PUT http://10.180.1.21/identity/v3/projects/f6767705d4db4c4db085967ce3d35d28/users/1b5d4f48a6e84b6abf9acf28af369c56/roles/c2a1dac024f1481b8c44c81339fb7cf7 0.031s
2025-04-21 14:22:02.867 70062 INFO tempest.lib.common.dynamic_creds [-] Dynamic test user 1b5d4f48a6e84b6abf9acf28af369c56 is created with scope project and roles: ['member']
2025-04-21 14:22:02.867 70062 INFO tempest.lib.common.dynamic_creds [-] Acquired dynamic creds: credentials: Credentials: {'domain_id': 'default', 'domain_name': 'Default', 'username': 'tempest-ServerMetadataNegativeTestJSON-833936766-project-member', 'project_domain_id': 'default', 'project_domain_name': 'Default', 'project_id': 'f6767705d4db4c4db085967ce3d35d28', 'project_name': 'tempest-ServerMetadataNegativeTestJSON-833936766', 'tenant_id': 'f6767705d4db4c4db085967ce3d35d28', 'tenant_name': 'tempest-ServerMetadataNegativeTestJSON-833936766', 'user_domain_id': 'default', 'user_domain_name': 'Default', 'user_id': '1b5d4f48a6e84b6abf9acf28af369c56', 'system': None}, Network: None, Subnet: None, Router: None
2025-04-21 14:22:02.921 70080 INFO tempest.lib.common.rest_client [req-27833c5e-b252-40a3-8c2e-d6c4cf527e83 req-27833c5e-b252-40a3-8c2e-d6c4cf527e83 ] Request (ServersAdminNegativeTestJSON:setUpClass): 200 GET http://10.180.1.21/compute/v2.1/servers/419855f7-7b7a-4454-b8fb-3292a4eb1c80 0.898s
2025-04-21 14:22:02.932 70062 INFO tempest.lib.common.rest_client [req-724b2de1-4d25-4462-bd5d-5fed89d3d7f0 req-724b2de1-4d25-4462-bd5d-5fed89d3d7f0 ] Request (ServerMetadataNegativeTestJSON:setUpClass): 201 POST http://10.180.1.21/identity/v3/auth/tokens 0.065s
2025-04-21 14:22:02.940 70030 INFO tempest.lib.common.rest_client [req-f13960e9-3e23-4fdd-aa15-f38f3ac94ec6 req-f13960e9-3e23-4fdd-aa15-f38f3ac94ec6 ] Request (ImagesOneServerNegativeTestJSON:tearDown): 200 GET http://10.180.1.21/compute/v2.1/servers/50f0d38d-f2e0-43e0-a47d-4b0a5a808528 0.945s
2025-04-21 14:22:03.023 70060 INFO tempest.lib.common.rest_client [req-bf91687e-93ed-4afc-8794-e1be5b0cb7be req-bf91687e-93ed-4afc-8794-e1be5b0cb7be ] Request (ServerExternalEventsTest:tearDownClass): 200 GET http://10.180.1.21/compute/v2.1/servers/1ebf75da-6457-4146-824b-828a65de9117 0.959s
2025-04-21 14:22:03.056 70085 INFO tempest.lib.common.rest_client [req-93d000d3-8d25-4368-bc69-07a034083370 req-93d000d3-8d25-4368-bc69-07a034083370 ] Request (TenantUsagesTestJSON:tearDownClass): 200 GET http://10.180.1.21/compute/v2.1/servers/da8a87e6-4b9d-4e6d-a3f8-11fab9d85e17 0.959s
2025-04-21 14:22:03.077 70024 INFO tempest.lib.common.rest_client [req-081b3d2c-6258-4c30-b101-0e6aa8054c74 req-081b3d2c-6258-4c30-b101-0e6aa8054c74 ] Request (FlavorsAccessNegativeTestJSON:tearDownClass): 200 GET http://10.180.1.21:9696/networking/v2.0/security-groups?tenant_id=13d145e8d1af4238a82f4fd612c5f530&name=default 0.573s
2025-04-21 14:22:03.204 70056 INFO tempest.lib.common.rest_client [req-165face2-b001-4041-99ac-72447df1faa6 req-165face2-b001-4041-99ac-72447df1faa6 ] Request (ServerDiagnosticsNegativeTest:tearDownClass): 204 DELETE http://10.180.1.21:9696/networking/v2.0/security-groups/6b37c36a-18f7-4b70-bfc7-a5746c5b2884 0.352s
2025-04-21 14:22:03.283 70056 INFO tempest.lib.common.rest_client [req-96b71dac-20a3-4f8b-a051-da619861d932 req-96b71dac-20a3-4f8b-a051-da619861d932 ] Request (ServerDiagnosticsNegativeTest:tearDownClass): 204 DELETE http://10.180.1.21/identity/v3/projects/fc47eee855b74626a5c833c19425aab3 0.079s
2025-04-21 14:22:03.284 70056 INFO tempest.lib.common.dynamic_creds [-] Deleting project and security group for project: a6117360f5df4778b2d11d70b68d4fcf
2025-04-21 14:22:03.315 70068 INFO tempest.lib.common.rest_client [req-cf22b61a-9b2a-4fa8-8e0a-e2b8e1804ca6 req-cf22b61a-9b2a-4fa8-8e0a-e2b8e1804ca6 ] Request (AttachInterfacesTestJSON:test_create_list_show_delete_interfaces_by_fixed_ip): 200 GET http://10.180.1.21/compute/v2.1/servers/422212a4-2f37-4e1c-8ee8-4e64a75a8534 1.177s
2025-04-21 14:22:03.382 70038 INFO tempest.lib.common.rest_client [req-f524f728-bcc5-4d71-bfcb-f88c78be7ff3 req-f524f728-bcc5-4d71-bfcb-f88c78be7ff3 ] Request (QuotasAdminTestJSON:_run_cleanups): 200 PUT http://10.180.1.21/compute/v2.1/os-quota-sets/ce91a7704f1a40f2ac023ff4b8807820 1.162s
2025-04-21 14:22:03.388 70056 INFO tempest.lib.common.rest_client [req-37188b6b-aceb-4628-8b19-e6a6d69e56bd req-37188b6b-aceb-4628-8b19-e6a6d69e56bd ] Request (ServerDiagnosticsNegativeTest:tearDownClass): 200 GET http://10.180.1.21:9696/networking/v2.0/security-groups?tenant_id=a6117360f5df4778b2d11d70b68d4fcf&name=default 0.104s
2025-04-21 14:22:03.432 70079 INFO tempest.lib.common.rest_client [req-b9665ab3-56f7-4477-a874-0a2536c00786 req-b9665ab3-56f7-4477-a874-0a2536c00786 ] Request (ImagesNegativeTestJSON:test_create_image_from_deleted_server): 200 GET http://10.180.1.21/compute/v2.1/servers/3dda3878-05f3-40fa-a6d0-e793f98b2ea5 1.208s
2025-04-21 14:22:03.462 70024 INFO tempest.lib.common.rest_client [req-9739d3d3-04cf-4edf-80c9-694d752bb807 req-9739d3d3-04cf-4edf-80c9-694d752bb807 ] Request (FlavorsAccessNegativeTestJSON:tearDownClass): 204 DELETE http://10.180.1.21:9696/networking/v2.0/security-groups/fe8404cc-fb81-49cb-8785-01d601d3c37f 0.384s
2025-04-21 14:22:03.486 70032 INFO tempest.lib.common.rest_client [req-dbff25b0-2fa0-4ad5-a26d-1321e3757620 req-dbff25b0-2fa0-4ad5-a26d-1321e3757620 ] Request (ServerRescueTestJSONUnderV235:setUpClass): 201 POST http://10.180.1.21:9696/networking/v2.0/networks 0.845s
2025-04-21 14:22:03.565 70034 INFO tempest.lib.common.rest_client [req-9c8db01e-4674-482e-9370-bbc418dd50b7 req-9c8db01e-4674-482e-9370-bbc418dd50b7 ] Request (AggregatesAdminNegativeTestJSON:test_aggregate_remove_host_as_user): 200 POST http://10.180.1.21/compute/v2.1/os-aggregates/7/action 1.340s
2025-04-21 14:22:03.571 70087 INFO tempest.lib.common.rest_client [req-0e2f917b-5cf6-44cc-b969-32b1ddc9f3c4 req-0e2f917b-5cf6-44cc-b969-32b1ddc9f3c4 ] Request (QuotasAdminTestV236:test_get_updated_quotas): 200 GET http://10.180.1.21/identity/v3/domains?name=Default 0.138s
2025-04-21 14:22:03.639 70056 INFO tempest.lib.common.rest_client [req-fb2407a1-c9f6-4f84-bd31-c6f974a52391 req-fb2407a1-c9f6-4f84-bd31-c6f974a52391 ] Request (ServerDiagnosticsNegativeTest:tearDownClass): 204 DELETE http://10.180.1.21:9696/networking/v2.0/security-groups/827d0d2c-2eb9-4162-8135-1ce232260781 0.249s
2025-04-21 14:22:03.640 70038 INFO tempest.lib.common.rest_client [req-880b0889-573b-460f-97f3-1206fc5b4ec1 req-880b0889-573b-460f-97f3-1206fc5b4ec1 ] Request (QuotasAdminTestJSON:tearDownClass): 204 DELETE http://10.180.1.21/identity/v3/users/020a0befb80d4cdfb7f8503921a6c76a 0.253s
2025-04-21 14:22:03.646 70062 INFO tempest.lib.common.rest_client [req-f2fea66a-1db2-4df6-a3b3-0f69362d05ee req-f2fea66a-1db2-4df6-a3b3-0f69362d05ee ] Request (ServerMetadataNegativeTestJSON:setUpClass): 201 POST http://10.180.1.21:9696/networking/v2.0/networks 0.713s
2025-04-21 14:22:03.666 70065 INFO tempest.lib.common.rest_client [req-1af874b0-f65a-487c-92dc-a73e9a872144 req-1af874b0-f65a-487c-92dc-a73e9a872144 ] Request (ServerActionsV293TestJSON:setUpClass): 200 GET http://10.180.1.21/volume/v3/volumes/606b9a40-2f7f-476c-ab8c-a45496443baa 0.051s
2025-04-21 14:22:03.674 70065 INFO tempest.common.waiters [-] volume 606b9a40-2f7f-476c-ab8c-a45496443baa reached available after waiting for 21.674227 seconds
2025-04-21 14:22:03.711 70024 INFO tempest.lib.common.rest_client [req-38cf98ec-857c-4069-b5da-8b67fbe3794e req-38cf98ec-857c-4069-b5da-8b67fbe3794e ] Request (FlavorsAccessNegativeTestJSON:tearDownClass): 204 DELETE http://10.180.1.21/identity/v3/projects/13d145e8d1af4238a82f4fd612c5f530 0.249s
2025-04-21 14:22:03.712 70024 INFO tempest.lib.common.dynamic_creds [-] Deleting project and security group for project: a472bbad00a54417a5b3174d7c934c35
2025-04-21 14:22:03.753 70042 INFO tempest.lib.common.rest_client [req-8cd8e6ee-35f4-4441-aebc-9cd4d8f2f8ec req-8cd8e6ee-35f4-4441-aebc-9cd4d8f2f8ec ] Request (ServersAdminTestJSON:setUpClass): 200 GET http://10.180.1.21/compute/v2.1/servers/586675a8-71c7-4717-a849-1a2989b33e53 1.474s
2025-04-21 14:22:03.777 70058 INFO tempest.lib.common.rest_client [req-9d11586b-3fcd-4c2f-af81-188d4619d2bc req-9d11586b-3fcd-4c2f-af81-188d4619d2bc ] Request (FlavorsAdminTestJSON:test_is_public_string_variations): 200 POST http://10.180.1.21/compute/v2.1/flavors 1.450s
2025-04-21 14:22:03.781 70040 INFO tempest.lib.common.rest_client [req-2f25e666-8658-4d44-9587-b487744261a9 req-2f25e666-8658-4d44-9587-b487744261a9 ] Request (InstanceActionsNegativeTestJSON:setUpClass): 200 PUT http://10.180.1.21:9696/networking/v2.0/routers/6952af45-735b-4db1-9d17-8add9b4f9d76/add_router_interface 2.515s
2025-04-21 14:22:03.781 70040 INFO tempest.lib.common.dynamic_creds [-] Created isolated network resources for: credentials: Credentials: {'domain_id': 'default', 'domain_name': 'Default', 'username': 'tempest-InstanceActionsNegativeTestJSON-614929707-project-member', 'project_domain_id': 'default', 'project_domain_name': 'Default', 'project_id': 'd7b8cbb67b6346e3923c23f1ff8942e1', 'project_name': 'tempest-InstanceActionsNegativeTestJSON-614929707', 'tenant_id': 'd7b8cbb67b6346e3923c23f1ff8942e1', 'tenant_name': 'tempest-InstanceActionsNegativeTestJSON-614929707', 'user_domain_id': 'default', 'user_domain_name': 'Default', 'user_id': '6e064de8573940d081a3ff17c72f386d', 'system': None}, Network: {'id': '02dce725-39da-4310-89bf-9058cb4cee34', 'name': 'tempest-InstanceActionsNegativeTestJSON-1075002068-network', 'tenant_id': 'd7b8cbb67b6346e3923c23f1ff8942e1', 'admin_state_up': True, 'mtu': 8950, 'status': 'ACTIVE', 'subnets': [], 'shared': False, 'project_id': 'd7b8cbb67b6346e3923c23f1ff8942e1', 'port_security_enabled': True, 'router:external': False, 'provider:network_type': 'vlan', 'provider:physical_network': 'default', 'provider:segmentation_id': 827, 'availability_zone_hints': [], 'availability_zones': [], 'ipv4_address_scope': None, 'ipv6_address_scope': None, 'description': '', 'tags': [], 'created_at': '2025-04-21T14:21:58Z', 'updated_at': '2025-04-21T14:21:58Z', 'revision_number': 1}, Subnet: {'id': '94d4b9d8-4287-4dd3-89eb-7abab191cae7', 'name': 'tempest-InstanceActionsNegativeTestJSON-1075002068-subnet', 'tenant_id': 'd7b8cbb67b6346e3923c23f1ff8942e1', 'network_id': '02dce725-39da-4310-89bf-9058cb4cee34', 'ip_version': 4, 'subnetpool_id': None, 'enable_dhcp': True, 'ipv6_ra_mode': None, 'ipv6_address_mode': None, 'gateway_ip': '192.168.128.1', 'cidr': '192.168.128.0/28', 'allocation_pools': [{'start': '192.168.128.2', 'end': '192.168.128.14'}], 'host_routes': [], 'dns_nameservers': [], 'description': '', 'router:external': False, 'service_types': [], 'tags': [], 'created_at': '2025-04-21T14:21:59Z', 'updated_at': '2025-04-21T14:21:59Z', 'revision_number': 0, 'project_id': 'd7b8cbb67b6346e3923c23f1ff8942e1'}, Router: {'id': '6952af45-735b-4db1-9d17-8add9b4f9d76', 'name': 'tempest-InstanceActionsNegativeTestJSON-1075002068-router', 'tenant_id': 'd7b8cbb67b6346e3923c23f1ff8942e1', 'admin_state_up': True, 'status': 'ACTIVE', 'external_gateway_info': {'network_id': 'cbf6c7b5-2f8b-48ee-9a22-5aaf7dcfd14b', 'external_fixed_ips': [{'subnet_id': '441e6e05-9d97-4194-af6d-6cbedb66a0f0', 'ip_address': '10.180.180.141'}], 'enable_snat': True}, 'description': '', 'availability_zones': [], 'distributed': False, 'ha': False, 'availability_zone_hints': [], 'routes': [], 'flavor_id': None, 'tags': [], 'created_at': '2025-04-21T14:21:59Z', 'updated_at': '2025-04-21T14:22:00Z', 'revision_number': 2, 'project_id': 'd7b8cbb67b6346e3923c23f1ff8942e1'}
2025-04-21 14:22:03.799 70087 INFO tempest.lib.common.rest_client [req-8ed0591e-7b48-4baf-a7e4-939ec9cdd9b1 req-8ed0591e-7b48-4baf-a7e4-939ec9cdd9b1 ] Request (QuotasAdminTestV236:test_get_updated_quotas): 201 POST http://10.180.1.21/identity/v3/projects 0.227s
2025-04-21 14:22:03.824 70054 INFO tempest.lib.common.rest_client [req-f1ddded9-f903-419c-9055-ddcf9b172f70 req-f1ddded9-f903-419c-9055-ddcf9b172f70 ] Request (FloatingIPsAssociationNegativeTestJSON:tearDownClass): 200 GET http://10.180.1.21/compute/v2.1/servers/e884e2ff-a691-4d1e-98ac-18c40bdd9a37 1.518s
2025-04-21 14:22:03.858 70047 INFO tempest.lib.common.rest_client [req-098b925b-5b44-4e6e-ae85-275bab7a0f9c req-098b925b-5b44-4e6e-ae85-275bab7a0f9c ] Request (ImagesOneServerTestJSON:setUpClass): 200 GET http://10.180.1.21/compute/v2.1/servers/b2d28914-de45-41cd-9b0c-f5f05b591151 1.476s
2025-04-21 14:22:03.896 70024 INFO tempest.lib.common.rest_client [req-ee693359-a833-41ac-bffa-ea9fb51e4da4 req-ee693359-a833-41ac-bffa-ea9fb51e4da4 ] Request (FlavorsAccessNegativeTestJSON:tearDownClass): 200 GET http://10.180.1.21:9696/networking/v2.0/security-groups?tenant_id=a472bbad00a54417a5b3174d7c934c35&name=default 0.184s
2025-04-21 14:22:03.919 70052 INFO tempest.lib.common.rest_client [req-7f07ab24-fb04-4ad3-b134-e017ed8fd1b5 req-7f07ab24-fb04-4ad3-b134-e017ed8fd1b5 ] Request (VolumesAssistedSnapshotsTest:test_volume_assisted_snapshot_create_delete): 200 GET http://10.180.1.21/compute/v2.1/servers/02c9949a-ff1f-4ae3-a942-523833e37fdf 1.448s
2025-04-21 14:22:03.930 70026 INFO tempest.lib.common.rest_client [req-3e143995-07fd-4a1e-adfb-2d85790adc98 req-3e143995-07fd-4a1e-adfb-2d85790adc98 ] Request (ServerGroupTestJSON:test_create_server_with_scheduler_hint_group): 200 GET http://10.180.1.21/compute/v2.1/servers/9a6d7008-c038-4e29-9d44-0773720c91ad 1.450s
2025-04-21 14:22:03.941 70038 INFO tempest.lib.common.rest_client [req-50a00b68-4b51-487e-aa56-fd48edef6bdf req-50a00b68-4b51-487e-aa56-fd48edef6bdf ] Request (QuotasAdminTestJSON:tearDownClass): 204 DELETE http://10.180.1.21/identity/v3/users/70e5e22f206c4810bea5b1422676231d 0.300s
2025-04-21 14:22:03.942 70038 INFO tempest.lib.common.dynamic_creds [-] Deleting project and security group for project: ce91a7704f1a40f2ac023ff4b8807820
2025-04-21 14:22:03.979 70032 INFO tempest.lib.common.rest_client [req-3679e849-91aa-423c-a9d2-1825e8aff590 req-3679e849-91aa-423c-a9d2-1825e8aff590 ] Request (ServerRescueTestJSONUnderV235:setUpClass): 201 POST http://10.180.1.21:9696/networking/v2.0/subnets 0.491s
2025-04-21 14:22:03.997 70076 INFO tempest.lib.common.rest_client [req-a29cecaa-9e8a-4768-8f1f-0c1afa447cab req-a29cecaa-9e8a-4768-8f1f-0c1afa447cab ] Request (ServerActionsTestOtherB:setUpClass): 200 GET http://10.180.1.21/compute/v2.1/servers/b45391be-19be-4a55-88cf-c471c4355ff4 1.423s
2025-04-21 14:22:04.008 70062 INFO tempest.lib.common.rest_client [req-d68c7c64-8344-4010-98db-5a25d02bb1db req-d68c7c64-8344-4010-98db-5a25d02bb1db ] Request (ServerMetadataNegativeTestJSON:setUpClass): 201 POST http://10.180.1.21:9696/networking/v2.0/subnets 0.362s
2025-04-21 14:22:04.054 70024 INFO tempest.lib.common.rest_client [req-dea29b25-6af4-4307-b117-186ed3c7f9fe req-dea29b25-6af4-4307-b117-186ed3c7f9fe ] Request (FlavorsAccessNegativeTestJSON:tearDownClass): 204 DELETE http://10.180.1.21:9696/networking/v2.0/security-groups/f8562986-19a6-4512-afe9-6bcc19d4b2f5 0.157s
2025-04-21 14:22:04.071 70056 INFO tempest.lib.common.rest_client [req-8eef5bcb-af46-4042-b6b2-7716dc4c8f8a req-8eef5bcb-af46-4042-b6b2-7716dc4c8f8a ] Request (ServerDiagnosticsNegativeTest:tearDownClass): 204 DELETE http://10.180.1.21/identity/v3/projects/a6117360f5df4778b2d11d70b68d4fcf 0.432s
2025-04-21 14:22:04.095 70040 INFO tempest.lib.common.rest_client [req-3c82e6fa-67e0-4e2f-8b9d-68d53a05f878 req-3c82e6fa-67e0-4e2f-8b9d-68d53a05f878 ] Request (InstanceActionsNegativeTestJSON:setUpClass): 201 POST http://10.180.1.21/identity/v3/auth/tokens 0.307s
2025-04-21 14:22:04.127 70087 INFO tempest.lib.common.rest_client [req-ce0ee051-e5c4-4a5b-a6f7-ecae757c1aa3 req-ce0ee051-e5c4-4a5b-a6f7-ecae757c1aa3 ] Request (QuotasAdminTestV236:test_get_updated_quotas): 200 GET http://10.180.1.21/identity/v3/domains?name=Default 0.327s
2025-04-21 14:22:04.150 70038 INFO tempest.lib.common.rest_client [req-ca44cc47-5b34-4a96-927d-d60ce76d211d req-ca44cc47-5b34-4a96-927d-d60ce76d211d ] Request (QuotasAdminTestJSON:tearDownClass): 201 POST http://10.180.1.21/identity/v3/auth/tokens 0.207s
2025-04-21 14:22:04.178 70056 INFO tempest.lib.common.rest_client [req-9637c131-bd67-4648-92b3-34b5c27bcd57 req-9637c131-bd67-4648-92b3-34b5c27bcd57 ] Request (ServicesAdminTestJSON:setUpClass): 201 POST http://10.180.1.21/identity/v3/auth/tokens 0.105s
2025-04-21 14:22:04.218 70024 INFO tempest.lib.common.rest_client [req-b396dff0-103b-43a5-ae63-4ffd64e77b08 req-b396dff0-103b-43a5-ae63-4ffd64e77b08 ] Request (FlavorsAccessNegativeTestJSON:tearDownClass): 204 DELETE http://10.180.1.21/identity/v3/projects/a472bbad00a54417a5b3174d7c934c35 0.163s
2025-04-21 14:22:04.218 70024 INFO tempest.lib.common.dynamic_creds [-] Deleting project and security group for project: c84a1e213ec34b2ebae423b29e6c747a
2025-04-21 14:22:04.276 70040 INFO tempest.lib.common.rest_client [req-5e6d1bc4-e8e7-474b-9c49-6663b2eecff9 req-5e6d1bc4-e8e7-474b-9c49-6663b2eecff9 ] Request (InstanceActionsNegativeTestJSON:setUpClass): 201 POST http://10.180.1.21/identity/v3/auth/tokens 0.177s
2025-04-21 14:22:04.276 70040 INFO tempest.lib.common.fixed_network [-] (InstanceActionsNegativeTestJSON:setUpClass) Found network {'id': '02dce725-39da-4310-89bf-9058cb4cee34', 'name': 'tempest-InstanceActionsNegativeTestJSON-1075002068-network', 'tenant_id': 'd7b8cbb67b6346e3923c23f1ff8942e1', 'admin_state_up': True, 'mtu': 8950, 'status': 'ACTIVE', 'subnets': [], 'shared': False, 'project_id': 'd7b8cbb67b6346e3923c23f1ff8942e1', 'port_security_enabled': True, 'router:external': False, 'provider:network_type': 'vlan', 'provider:physical_network': 'default', 'provider:segmentation_id': 827, 'availability_zone_hints': [], 'availability_zones': [], 'ipv4_address_scope': None, 'ipv6_address_scope': None, 'description': '', 'tags': [], 'created_at': '2025-04-21T14:21:58Z', 'updated_at': '2025-04-21T14:21:58Z', 'revision_number': 1} available for tenant
2025-04-21 14:22:04.304 70028 INFO tempest.lib.common.rest_client [req-b4cdcd57-ba57-43df-987e-c0d0acaea5cb req-b4cdcd57-ba57-43df-987e-c0d0acaea5cb ] Request (SecurityGroupRulesTestJSON:test_security_group_rules_create_with_optional_group_id): 200 POST http://10.180.1.21/compute/v2.1/os-security-groups 1.676s
2025-04-21 14:22:04.341 70056 INFO tempest.lib.common.rest_client [req-838921a7-1a09-4aa8-8cc3-d35aa996b431 req-838921a7-1a09-4aa8-8cc3-d35aa996b431 ] Request (ServicesAdminTestJSON:setUpClass): 201 POST http://10.180.1.21/identity/v3/auth/tokens 0.161s
2025-04-21 14:22:04.357 70083 INFO tempest.lib.common.rest_client [req-fad0e578-fb80-4241-a84d-2c4e8d619b38 req-fad0e578-fb80-4241-a84d-2c4e8d619b38 ] Request (ServerTagsTestJSON:setUpClass): 200 GET http://10.180.1.21/compute/v2.1/servers/c183848a-2b6a-40de-a696-8ca9eb65ea9b 1.643s
2025-04-21 14:22:04.368 70024 INFO tempest.lib.common.rest_client [req-58ae0da1-50dc-4704-9859-a2ebbfbc075d req-58ae0da1-50dc-4704-9859-a2ebbfbc075d ] Request (FlavorsAccessNegativeTestJSON:tearDownClass): 200 GET http://10.180.1.21:9696/networking/v2.0/security-groups?tenant_id=c84a1e213ec34b2ebae423b29e6c747a&name=default 0.149s
2025-04-21 14:22:04.422 70056 INFO tempest.lib.common.rest_client [req-8f96418d-4420-460b-a884-b73392718ee3 req-8f96418d-4420-460b-a884-b73392718ee3 ] Request (ServicesAdminTestJSON:setUpClass): 200 GET http://10.180.1.21/identity/v3/domains?name=Default 0.080s
2025-04-21 14:22:04.466 70056 INFO tempest.lib.common.rest_client [req-4f7e75f6-38d0-480c-a246-e86fc6ad2f9a req-4f7e75f6-38d0-480c-a246-e86fc6ad2f9a ] Request (ServicesAdminTestJSON:setUpClass): 201 POST http://10.180.1.21/identity/v3/projects 0.043s
2025-04-21 14:22:04.477 70070 INFO tempest.lib.common.rest_client [req-d68cda09-41ce-49aa-9977-2b5751c4e142 req-d68cda09-41ce-49aa-9977-2b5751c4e142 ] Request (ServerActionsTestJSON:setUpClass): 200 GET http://10.180.1.21/compute/v2.1/servers/24415407-c84b-49fc-a5e6-6b3449da9d0e 1.474s
2025-04-21 14:22:04.555 70056 INFO tempest.lib.common.rest_client [req-0376416e-52db-473f-b3c7-9fecf2120beb req-0376416e-52db-473f-b3c7-9fecf2120beb ] Request (ServicesAdminTestJSON:setUpClass): 201 POST http://10.180.1.21/identity/v3/users 0.088s
2025-04-21 14:22:04.577 70024 INFO tempest.lib.common.rest_client [req-ea91eb44-c535-40c6-a0b0-1fe543d76cd5 req-ea91eb44-c535-40c6-a0b0-1fe543d76cd5 ] Request (FlavorsAccessNegativeTestJSON:tearDownClass): 204 DELETE http://10.180.1.21:9696/networking/v2.0/security-groups/9a00cfab-3102-4008-8820-641f9dab98e9 0.209s
2025-04-21 14:22:04.582 70038 INFO tempest.lib.common.rest_client [req-9afaf5fa-c07d-477a-96c8-74d07f4b075a req-9afaf5fa-c07d-477a-96c8-74d07f4b075a ] Request (QuotasAdminTestJSON:tearDownClass): 200 GET http://10.180.1.21:9696/networking/v2.0/security-groups?tenant_id=ce91a7704f1a40f2ac023ff4b8807820&name=default 0.430s
2025-04-21 14:22:04.592 70036 INFO tempest.lib.common.rest_client [req-1d28bbc8-cac7-4d55-8497-17e0a58c9a5f req-1d28bbc8-cac7-4d55-8497-17e0a58c9a5f ] Request (ServersV294TestFqdnHostnames:setUpClass): 200 GET http://10.180.1.21/compute/v2.1/servers/b1697ea0-f94a-4605-9a91-2b158d047f56 1.496s
2025-04-21 14:22:04.602 70056 INFO tempest.lib.common.rest_client [req-eb402163-8fc7-4512-a04b-9dbe730c6bf7 req-eb402163-8fc7-4512-a04b-9dbe730c6bf7 ] Request (ServicesAdminTestJSON:setUpClass): 200 GET http://10.180.1.21/identity/v3/roles 0.046s
2025-04-21 14:22:04.629 70030 INFO tempest.lib.common.rest_client [req-81550b5b-51e2-4256-8fd0-2071284458ff req-81550b5b-51e2-4256-8fd0-2071284458ff ] Request (ImagesOneServerNegativeTestJSON:setUp): 200 GET http://10.180.1.21/compute/v2.1/servers/50f0d38d-f2e0-43e0-a47d-4b0a5a808528 1.681s
2025-04-21 14:22:04.669 70074 INFO tempest.lib.common.rest_client [req-394b32d3-2394-45eb-9399-f62db9ec43fe req-394b32d3-2394-45eb-9399-f62db9ec43fe ] Request (ImagesTestJSON:test_create_image_from_stopped_server): 200 GET http://10.180.1.21/compute/v2.1/images/89c0b1c5-c968-415a-be07-b05a2c88865c 1.462s
2025-04-21 14:22:04.694 70038 INFO tempest.lib.common.rest_client [req-748af9fe-2951-4402-9ac2-50ae3804bd05 req-748af9fe-2951-4402-9ac2-50ae3804bd05 ] Request (QuotasAdminTestJSON:tearDownClass): 204 DELETE http://10.180.1.21:9696/networking/v2.0/security-groups/0fa3ef3b-418f-4e3e-86dd-6f6e24d2acef 0.112s
2025-04-21 14:22:04.700 70056 INFO tempest.lib.common.rest_client [req-cfd7929e-c3a1-4395-a9b9-7fac5f126fad req-cfd7929e-c3a1-4395-a9b9-7fac5f126fad ] Request (ServicesAdminTestJSON:setUpClass): 204 PUT http://10.180.1.21/identity/v3/projects/a370c4e93bfb4eeb9af37aa5aa0977f8/users/6164e14ddae447cf847909dc1ac457e3/roles/c2a1dac024f1481b8c44c81339fb7cf7 0.098s
2025-04-21 14:22:04.700 70056 INFO tempest.lib.common.dynamic_creds [-] Dynamic test user 6164e14ddae447cf847909dc1ac457e3 is created with scope project and roles: ['member']
2025-04-21 14:22:04.700 70056 INFO tempest.lib.common.dynamic_creds [-] Acquired dynamic creds: credentials: Credentials: {'domain_id': 'default', 'domain_name': 'Default', 'username': 'tempest-ServicesAdminTestJSON-1136800724-project-member', 'project_domain_id': 'default', 'project_domain_name': 'Default', 'project_id': 'a370c4e93bfb4eeb9af37aa5aa0977f8', 'project_name': 'tempest-ServicesAdminTestJSON-1136800724', 'tenant_id': 'a370c4e93bfb4eeb9af37aa5aa0977f8', 'tenant_name': 'tempest-ServicesAdminTestJSON-1136800724', 'user_domain_id': 'default', 'user_domain_name': 'Default', 'user_id': '6164e14ddae447cf847909dc1ac457e3', 'system': None}, Network: None, Subnet: None, Router: None
2025-04-21 14:22:04.701 70056 INFO tempest.lib.common.dynamic_creds [-] Created isolated network resources for: credentials: Credentials: {'domain_id': 'default', 'domain_name': 'Default', 'username': 'tempest-ServicesAdminTestJSON-1136800724-project-member', 'project_domain_id': 'default', 'project_domain_name': 'Default', 'project_id': 'a370c4e93bfb4eeb9af37aa5aa0977f8', 'project_name': 'tempest-ServicesAdminTestJSON-1136800724', 'tenant_id': 'a370c4e93bfb4eeb9af37aa5aa0977f8', 'tenant_name': 'tempest-ServicesAdminTestJSON-1136800724', 'user_domain_id': 'default', 'user_domain_name': 'Default', 'user_id': '6164e14ddae447cf847909dc1ac457e3', 'system': None}, Network: None, Subnet: None, Router: None
2025-04-21 14:22:04.711 70048 INFO tempest.lib.common.rest_client [req-5e810ac5-7aa1-40c0-964d-395cce2bceb3 req-5e810ac5-7aa1-40c0-964d-395cce2bceb3 ] Request (ServersTestManualDisk:setUpClass): 200 GET http://10.180.1.21/compute/v2.1/servers/70fa1a36-4cac-46c3-a686-e916e2a8415c 1.543s
2025-04-21 14:22:04.737 70024 INFO tempest.lib.common.rest_client [req-d40f7508-b690-4bef-a953-c5746303c8ae req-d40f7508-b690-4bef-a953-c5746303c8ae ] Request (FlavorsAccessNegativeTestJSON:tearDownClass): 204 DELETE http://10.180.1.21/identity/v3/projects/c84a1e213ec34b2ebae423b29e6c747a 0.158s
2025-04-21 14:22:04.746 70044 INFO tempest.lib.common.rest_client [req-69e43d16-0576-4c3e-8ecc-9849720396a5 req-69e43d16-0576-4c3e-8ecc-9849720396a5 ] Request (DeleteServersAdminTestJSON:test_admin_delete_servers_of_others): 404 GET http://10.180.1.21/compute/v2.1/servers/6d8d1bfe-bdb1-4995-bb0c-8ed9dd62a244 1.263s
2025-04-21 14:22:04.759 70034 INFO tempest.lib.common.rest_client [req-262ad349-80b1-409b-9d0b-2259665ca86b req-262ad349-80b1-409b-9d0b-2259665ca86b ] Request (AggregatesAdminNegativeTestJSON:test_aggregate_remove_host_as_user): 403 POST http://10.180.1.21/compute/v2.1/os-aggregates/7/action 1.191s
2025-04-21 14:22:04.867 70066 INFO tempest.lib.common.rest_client [req-30a7e2da-c394-4d94-9f1a-c5b8be8e8894 req-30a7e2da-c394-4d94-9f1a-c5b8be8e8894 ] Request (AttachInterfacesV270Test:tearDownClass): 200 GET http://10.180.1.21/compute/v2.1/servers/0442abba-1214-42e4-8822-2bf2c1c5de89 1.279s
2025-04-21 14:22:04.868 70056 INFO tempest.lib.common.rest_client [req-120ee048-b781-4f00-9cca-ddab7a6d2f10 req-120ee048-b781-4f00-9cca-ddab7a6d2f10 ] Request (ServicesAdminTestJSON:setUpClass): 201 POST http://10.180.1.21/identity/v3/auth/tokens 0.164s
2025-04-21 14:22:04.870 70038 INFO tempest.lib.common.rest_client [req-33c8f432-d9f1-4222-b621-a7449eeade37 req-33c8f432-d9f1-4222-b621-a7449eeade37 ] Request (QuotasAdminTestJSON:tearDownClass): 204 DELETE http://10.180.1.21/identity/v3/projects/ce91a7704f1a40f2ac023ff4b8807820 0.173s
2025-04-21 14:22:04.870 70038 INFO tempest.lib.common.dynamic_creds [-] Deleting project and security group for project: 3e8fdb7a58e44a7493e5a49d1051954d
2025-04-21 14:22:04.916 70044 INFO tempest.lib.common.rest_client [req-60f1bd4d-1aab-4958-8de5-4b542ea3081e req-60f1bd4d-1aab-4958-8de5-4b542ea3081e ] Request (DeleteServersAdminTestJSON:test_delete_server_while_in_error_state): 201 POST http://10.180.1.21/identity/v3/auth/tokens 0.155s
2025-04-21 14:22:04.916 70044 INFO tempest.lib.common.fixed_network [-] (DeleteServersAdminTestJSON:test_delete_server_while_in_error_state) Found network None available for tenant
2025-04-21 14:22:04.926 70024 INFO tempest.lib.common.rest_client [req-06bb4e42-349f-42ff-9140-334c46616215 req-06bb4e42-349f-42ff-9140-334c46616215 ] Request (ServerDiagnosticsV248Test:setUpClass): 201 POST http://10.180.1.21/identity/v3/auth/tokens 0.187s
2025-04-21 14:22:04.961 70056 INFO tempest.lib.common.rest_client [req-e0286bd3-fe72-42a4-b47c-bdfa3a54cf81 req-e0286bd3-fe72-42a4-b47c-bdfa3a54cf81 ] Request (ServicesAdminTestJSON:setUpClass): 201 POST http://10.180.1.21/identity/v3/projects 0.092s
2025-04-21 14:22:04.986 70038 INFO tempest.lib.common.rest_client [req-4c13a9c1-849f-4f72-9bb9-1dc4cade4b2e req-4c13a9c1-849f-4f72-9bb9-1dc4cade4b2e ] Request (QuotasAdminTestJSON:tearDownClass): 200 GET http://10.180.1.21:9696/networking/v2.0/security-groups?tenant_id=3e8fdb7a58e44a7493e5a49d1051954d&name=default 0.115s
2025-04-21 14:22:05.021 70024 INFO tempest.lib.common.rest_client [req-5f5e062d-f23f-46c0-8d79-e54a71d04163 req-5f5e062d-f23f-46c0-8d79-e54a71d04163 ] Request (ServerDiagnosticsV248Test:setUpClass): 201 POST http://10.180.1.21/identity/v3/auth/tokens 0.092s
2025-04-21 14:22:05.064 70056 INFO tempest.lib.common.rest_client [req-5548d9f0-52d7-497f-85b7-8f2fd9786878 req-5548d9f0-52d7-497f-85b7-8f2fd9786878 ] Request (ServicesAdminTestJSON:setUpClass): 201 POST http://10.180.1.21/identity/v3/users 0.102s
2025-04-21 14:22:05.064 70072 INFO tempest.lib.common.rest_client [req-1f34b1a2-5d41-41ca-bc17-6c3d0d8abf2a req-1f34b1a2-5d41-41ca-bc17-6c3d0d8abf2a ] Request (MigrationsAdminTest:test_list_migrations_in_flavor_resize_situation): 200 GET http://10.180.1.21/compute/v2.1/servers/5d375ddb-f946-42ef-b862-258483104c67 1.675s
2025-04-21 14:22:05.080 70038 INFO tempest.lib.common.rest_client [req-4d4e2e07-82b8-491c-b170-02e3121a7603 req-4d4e2e07-82b8-491c-b170-02e3121a7603 ] Request (QuotasAdminTestJSON:tearDownClass): 204 DELETE http://10.180.1.21:9696/networking/v2.0/security-groups/c6a3ef9d-b546-470e-9678-0d47448ebac0 0.094s
2025-04-21 14:22:05.082 70058 INFO tempest.lib.common.rest_client [req-92775595-3a30-4a43-8054-ca66cf91e990 req-92775595-3a30-4a43-8054-ca66cf91e990 ] Request (FlavorsAdminTestJSON:test_is_public_string_variations): 200 GET http://10.180.1.21/compute/v2.1/flavors/detail?is_public=f 1.301s
2025-04-21 14:22:05.087 70024 INFO tempest.lib.common.rest_client [req-6a729941-e0a7-4722-8f0f-dc7904a43448 req-6a729941-e0a7-4722-8f0f-dc7904a43448 ] Request (ServerDiagnosticsV248Test:setUpClass): 200 GET http://10.180.1.21/identity/v3/domains?name=Default 0.065s
2025-04-21 14:22:05.107 70056 INFO tempest.lib.common.rest_client [req-8545f630-93bc-40e1-9645-29123723edff req-8545f630-93bc-40e1-9645-29123723edff ] Request (ServicesAdminTestJSON:setUpClass): 200 GET http://10.180.1.21/identity/v3/roles 0.042s
2025-04-21 14:22:05.140 70024 INFO tempest.lib.common.rest_client [req-26320a04-7e38-4aa2-aa50-c268c511d6fe req-26320a04-7e38-4aa2-aa50-c268c511d6fe ] Request (ServerDiagnosticsV248Test:setUpClass): 201 POST http://10.180.1.21/identity/v3/projects 0.052s
2025-04-21 14:22:05.167 70038 INFO tempest.lib.common.rest_client [req-0c92f12f-2138-457e-8f22-71b20980b180 req-0c92f12f-2138-457e-8f22-71b20980b180 ] Request (QuotasAdminTestJSON:tearDownClass): 204 DELETE http://10.180.1.21/identity/v3/projects/3e8fdb7a58e44a7493e5a49d1051954d 0.086s
2025-04-21 14:22:05.228 70024 INFO tempest.lib.common.rest_client [req-0f7d9385-66b7-4300-9bac-c8960edc523a req-0f7d9385-66b7-4300-9bac-c8960edc523a ] Request (ServerDiagnosticsV248Test:setUpClass): 201 POST http://10.180.1.21/identity/v3/users 0.088s
2025-04-21 14:22:05.240 70056 INFO tempest.lib.common.rest_client [req-cf8f8420-1a31-4fa1-954f-353ff34722eb req-cf8f8420-1a31-4fa1-954f-353ff34722eb ] Request (ServicesAdminTestJSON:setUpClass): 204 PUT http://10.180.1.21/identity/v3/projects/9ecb52a4af3a43049ed3de1b74c51bc4/users/6b260c5986e043769200bacc79089496/roles/ea06209341a84b4b83374cd349337cf7 0.132s
2025-04-21 14:22:05.282 70024 INFO tempest.lib.common.rest_client [req-11514a59-5c02-44c6-8bcf-6ed541ad62ff req-11514a59-5c02-44c6-8bcf-6ed541ad62ff ] Request (ServerDiagnosticsV248Test:setUpClass): 200 GET http://10.180.1.21/identity/v3/roles 0.054s
2025-04-21 14:22:05.287 70038 INFO tempest.lib.common.rest_client [req-a0107d83-4031-4a24-b447-e17834dbd837 req-a0107d83-4031-4a24-b447-e17834dbd837 ] Request (ServicesAdminNegativeV253TestJSON:setUpClass): 201 POST http://10.180.1.21/identity/v3/auth/tokens 0.118s
2025-04-21 14:22:05.302 70050 INFO tempest.lib.common.rest_client [req-59c0a597-3977-4b12-bbe9-e2199e079d33 req-59c0a597-3977-4b12-bbe9-e2199e079d33 ] Request (ListServersNegativeTestJSON:setUpClass): 200 GET http://10.180.1.21/compute/v2.1/servers/6a21a7bc-2096-4b27-bcea-b24eb3f9d581 1.471s
2025-04-21 14:22:05.311 70024 INFO tempest.lib.common.rest_client [req-f530c104-7895-4516-bf3a-f2f478525861 req-f530c104-7895-4516-bf3a-f2f478525861 ] Request (ServerDiagnosticsV248Test:setUpClass): 204 PUT http://10.180.1.21/identity/v3/projects/f885c6da74be41a4b070661dfd8e83c3/users/92ca96644e674296a62d4d6b005fb7af/roles/c2a1dac024f1481b8c44c81339fb7cf7 0.028s
2025-04-21 14:22:05.311 70050 INFO tempest.common.waiters [-] State transition "BUILD/spawning" ==> "ACTIVE/None" after 10 second wait
2025-04-21 14:22:05.311 70024 INFO tempest.lib.common.dynamic_creds [-] Dynamic test user 92ca96644e674296a62d4d6b005fb7af is created with scope project and roles: ['member']
2025-04-21 14:22:05.311 70024 INFO tempest.lib.common.dynamic_creds [-] Acquired dynamic creds: credentials: Credentials: {'domain_id': 'default', 'domain_name': 'Default', 'username': 'tempest-ServerDiagnosticsV248Test-645348175-project-member', 'project_domain_id': 'default', 'project_domain_name': 'Default', 'project_id': 'f885c6da74be41a4b070661dfd8e83c3', 'project_name': 'tempest-ServerDiagnosticsV248Test-645348175', 'tenant_id': 'f885c6da74be41a4b070661dfd8e83c3', 'tenant_name': 'tempest-ServerDiagnosticsV248Test-645348175', 'user_domain_id': 'default', 'user_domain_name': 'Default', 'user_id': '92ca96644e674296a62d4d6b005fb7af', 'system': None}, Network: None, Subnet: None, Router: None
2025-04-21 14:22:05.312 70024 INFO tempest.lib.common.dynamic_creds [-] Created isolated network resources for: credentials: Credentials: {'domain_id': 'default', 'domain_name': 'Default', 'username': 'tempest-ServerDiagnosticsV248Test-645348175-project-member', 'project_domain_id': 'default', 'project_domain_name': 'Default', 'project_id': 'f885c6da74be41a4b070661dfd8e83c3', 'project_name': 'tempest-ServerDiagnosticsV248Test-645348175', 'tenant_id': 'f885c6da74be41a4b070661dfd8e83c3', 'tenant_name': 'tempest-ServerDiagnosticsV248Test-645348175', 'user_domain_id': 'default', 'user_domain_name': 'Default', 'user_id': '92ca96644e674296a62d4d6b005fb7af', 'system': None}, Network: None, Subnet: None, Router: None
2025-04-21 14:22:05.323 70056 INFO tempest.lib.common.rest_client [req-8c49ee04-90f3-410b-9f34-6a480aebf649 req-8c49ee04-90f3-410b-9f34-6a480aebf649 ] Request (ServicesAdminTestJSON:setUpClass): 200 GET http://10.180.1.21/identity/v3/roles 0.080s
2025-04-21 14:22:05.387 70038 INFO tempest.lib.common.rest_client [req-e3bc2f15-05f8-4277-930e-5ac3a31389ef req-e3bc2f15-05f8-4277-930e-5ac3a31389ef ] Request (ServicesAdminNegativeV253TestJSON:setUpClass): 201 POST http://10.180.1.21/identity/v3/auth/tokens 0.094s
2025-04-21 14:22:05.391 70080 INFO tempest.lib.common.rest_client [req-f5d4ca53-d0a6-4426-86b0-eb976598b0a0 req-f5d4ca53-d0a6-4426-86b0-eb976598b0a0 ] Request (ServersAdminNegativeTestJSON:setUpClass): 200 GET http://10.180.1.21/compute/v2.1/servers/419855f7-7b7a-4454-b8fb-3292a4eb1c80 1.459s
2025-04-21 14:22:05.403 70024 INFO tempest.lib.common.rest_client [req-46fa0f8f-c79b-4dd3-a176-e71c1351373a req-46fa0f8f-c79b-4dd3-a176-e71c1351373a ] Request (ServerDiagnosticsV248Test:setUpClass): 201 POST http://10.180.1.21/identity/v3/auth/tokens 0.088s
2025-04-21 14:22:05.407 70056 INFO tempest.lib.common.rest_client [req-c8f06578-2891-4282-8db3-4ac486ffc3ba req-c8f06578-2891-4282-8db3-4ac486ffc3ba ] Request (ServicesAdminTestJSON:setUpClass): 204 PUT http://10.180.1.21/identity/v3/projects/9ecb52a4af3a43049ed3de1b74c51bc4/users/6b260c5986e043769200bacc79089496/roles/ea06209341a84b4b83374cd349337cf7 0.083s
2025-04-21 14:22:05.407 70056 INFO tempest.lib.common.dynamic_creds [-] Dynamic test user 6b260c5986e043769200bacc79089496 is created with scope project and roles: ['admin']
2025-04-21 14:22:05.407 70056 INFO tempest.lib.common.dynamic_creds [-] Acquired dynamic creds: credentials: Credentials: {'domain_id': 'default', 'domain_name': 'Default', 'username': 'tempest-ServicesAdminTestJSON-1682256948-project-admin', 'project_domain_id': 'default', 'project_domain_name': 'Default', 'project_id': '9ecb52a4af3a43049ed3de1b74c51bc4', 'project_name': 'tempest-ServicesAdminTestJSON-1682256948', 'tenant_id': '9ecb52a4af3a43049ed3de1b74c51bc4', 'tenant_name': 'tempest-ServicesAdminTestJSON-1682256948', 'user_domain_id': 'default', 'user_domain_name': 'Default', 'user_id': '6b260c5986e043769200bacc79089496', 'system': None}, Network: None, Subnet: None, Router: None
2025-04-21 14:22:05.407 70056 INFO tempest.lib.common.dynamic_creds [-] Created isolated network resources for: credentials: Credentials: {'domain_id': 'default', 'domain_name': 'Default', 'username': 'tempest-ServicesAdminTestJSON-1682256948-project-admin', 'project_domain_id': 'default', 'project_domain_name': 'Default', 'project_id': '9ecb52a4af3a43049ed3de1b74c51bc4', 'project_name': 'tempest-ServicesAdminTestJSON-1682256948', 'tenant_id': '9ecb52a4af3a43049ed3de1b74c51bc4', 'tenant_name': 'tempest-ServicesAdminTestJSON-1682256948', 'user_domain_id': 'default', 'user_domain_name': 'Default', 'user_id': '6b260c5986e043769200bacc79089496', 'system': None}, Network: None, Subnet: None, Router: None
2025-04-21 14:22:05.467 70038 INFO tempest.lib.common.rest_client [req-8c623fd9-af6d-4f49-9575-385ab5d8343c req-8c623fd9-af6d-4f49-9575-385ab5d8343c ] Request (ServicesAdminNegativeV253TestJSON:setUpClass): 200 GET http://10.180.1.21/identity/v3/domains?name=Default 0.079s
2025-04-21 14:22:05.473 70024 INFO tempest.lib.common.rest_client [req-53fa538c-3f09-4ffd-a0f7-76779b7b6821 req-53fa538c-3f09-4ffd-a0f7-76779b7b6821 ] Request (ServerDiagnosticsV248Test:setUpClass): 201 POST http://10.180.1.21/identity/v3/projects 0.070s
2025-04-21 14:22:05.506 70060 INFO tempest.lib.common.rest_client [req-b1af6d7e-57fd-4fca-8bb4-cf493bc99808 req-b1af6d7e-57fd-4fca-8bb4-cf493bc99808 ] Request (ServerExternalEventsTest:tearDownClass): 200 GET http://10.180.1.21/compute/v2.1/servers/1ebf75da-6457-4146-824b-828a65de9117 1.468s
2025-04-21 14:22:05.540 70056 INFO tempest.lib.common.rest_client [req-8d087d71-fe7c-488e-ac24-58684e2ea863 req-8d087d71-fe7c-488e-ac24-58684e2ea863 ] Request (ServicesAdminTestJSON:setUpClass): 201 POST http://10.180.1.21/identity/v3/auth/tokens 0.129s
2025-04-21 14:22:05.544 70038 INFO tempest.lib.common.rest_client [req-c75e2975-fee4-42f0-b078-26fc52a5d4ff req-c75e2975-fee4-42f0-b078-26fc52a5d4ff ] Request (ServicesAdminNegativeV253TestJSON:setUpClass): 201 POST http://10.180.1.21/identity/v3/projects 0.076s
2025-04-21 14:22:05.601 70024 INFO tempest.lib.common.rest_client [req-dc17bbdf-6017-472b-ae4d-88f6b66d2775 req-dc17bbdf-6017-472b-ae4d-88f6b66d2775 ] Request (ServerDiagnosticsV248Test:setUpClass): 201 POST http://10.180.1.21/identity/v3/users 0.127s
2025-04-21 14:22:05.601 70085 INFO tempest.lib.common.rest_client [req-709b5a3c-57d6-4fb9-b73a-7225a4b14e7c req-709b5a3c-57d6-4fb9-b73a-7225a4b14e7c ] Request (TenantUsagesTestJSON:tearDownClass): 200 GET http://10.180.1.21/compute/v2.1/servers/da8a87e6-4b9d-4e6d-a3f8-11fab9d85e17 1.535s
2025-04-21 14:22:05.615 70038 INFO tempest.lib.common.rest_client [req-9cdd44f0-f244-4afa-ba8b-3aa2a68c93a6 req-9cdd44f0-f244-4afa-ba8b-3aa2a68c93a6 ] Request (ServicesAdminNegativeV253TestJSON:setUpClass): 201 POST http://10.180.1.21/identity/v3/users 0.070s
2025-04-21 14:22:05.636 70024 INFO tempest.lib.common.rest_client [req-55830559-f741-42a6-ace3-3e69ca19cc8a req-55830559-f741-42a6-ace3-3e69ca19cc8a ] Request (ServerDiagnosticsV248Test:setUpClass): 200 GET http://10.180.1.21/identity/v3/roles 0.034s
2025-04-21 14:22:05.655 70038 INFO tempest.lib.common.rest_client [req-956dbd69-6750-4cdd-bbfd-b3eccea1b4fe req-956dbd69-6750-4cdd-bbfd-b3eccea1b4fe ] Request (ServicesAdminNegativeV253TestJSON:setUpClass): 200 GET http://10.180.1.21/identity/v3/roles 0.039s
2025-04-21 14:22:05.686 70024 INFO tempest.lib.common.rest_client [req-2312a209-4e7b-4dc2-8285-bf6f9f240f58 req-2312a209-4e7b-4dc2-8285-bf6f9f240f58 ] Request (ServerDiagnosticsV248Test:setUpClass): 204 PUT http://10.180.1.21/identity/v3/projects/36ff0633a91b4c308532e3538ff55bbd/users/364994224e62447b9461381c15aa30b2/roles/ea06209341a84b4b83374cd349337cf7 0.050s
2025-04-21 14:22:05.756 70038 INFO tempest.lib.common.rest_client [req-c31c7b2b-296c-4ba4-9286-6056f631852c req-c31c7b2b-296c-4ba4-9286-6056f631852c ] Request (ServicesAdminNegativeV253TestJSON:setUpClass): 204 PUT http://10.180.1.21/identity/v3/projects/4b871f74dfc146f78f3795665bf884c4/users/f4582618f0d44396bfe595eea426d9f8/roles/c2a1dac024f1481b8c44c81339fb7cf7 0.101s
2025-04-21 14:22:05.757 70038 INFO tempest.lib.common.dynamic_creds [-] Dynamic test user f4582618f0d44396bfe595eea426d9f8 is created with scope project and roles: ['member']
2025-04-21 14:22:05.757 70038 INFO tempest.lib.common.dynamic_creds [-] Acquired dynamic creds: credentials: Credentials: {'domain_id': 'default', 'domain_name': 'Default', 'username': 'tempest-ServicesAdminNegativeV253TestJSON-993559345-project-member', 'project_domain_id': 'default', 'project_domain_name': 'Default', 'project_id': '4b871f74dfc146f78f3795665bf884c4', 'project_name': 'tempest-ServicesAdminNegativeV253TestJSON-993559345', 'tenant_id': '4b871f74dfc146f78f3795665bf884c4', 'tenant_name': 'tempest-ServicesAdminNegativeV253TestJSON-993559345', 'user_domain_id': 'default', 'user_domain_name': 'Default', 'user_id': 'f4582618f0d44396bfe595eea426d9f8', 'system': None}, Network: None, Subnet: None, Router: None
2025-04-21 14:22:05.757 70038 INFO tempest.lib.common.dynamic_creds [-] Created isolated network resources for: credentials: Credentials: {'domain_id': 'default', 'domain_name': 'Default', 'username': 'tempest-ServicesAdminNegativeV253TestJSON-993559345-project-member', 'project_domain_id': 'default', 'project_domain_name': 'Default', 'project_id': '4b871f74dfc146f78f3795665bf884c4', 'project_name': 'tempest-ServicesAdminNegativeV253TestJSON-993559345', 'tenant_id': '4b871f74dfc146f78f3795665bf884c4', 'tenant_name': 'tempest-ServicesAdminNegativeV253TestJSON-993559345', 'user_domain_id': 'default', 'user_domain_name': 'Default', 'user_id': 'f4582618f0d44396bfe595eea426d9f8', 'system': None}, Network: None, Subnet: None, Router: None
2025-04-21 14:22:05.758 70024 INFO tempest.lib.common.rest_client [req-5137cc72-486e-4d68-bd0d-9d69377a11e5 req-5137cc72-486e-4d68-bd0d-9d69377a11e5 ] Request (ServerDiagnosticsV248Test:setUpClass): 200 GET http://10.180.1.21/identity/v3/roles 0.072s
2025-04-21 14:22:05.822 70024 INFO tempest.lib.common.rest_client [req-3e3bb097-8e08-43b6-8915-7a247ea0246d req-3e3bb097-8e08-43b6-8915-7a247ea0246d ] Request (ServerDiagnosticsV248Test:setUpClass): 204 PUT http://10.180.1.21/identity/v3/projects/36ff0633a91b4c308532e3538ff55bbd/users/364994224e62447b9461381c15aa30b2/roles/ea06209341a84b4b83374cd349337cf7 0.063s
2025-04-21 14:22:05.822 70024 INFO tempest.lib.common.dynamic_creds [-] Dynamic test user 364994224e62447b9461381c15aa30b2 is created with scope project and roles: ['admin']
2025-04-21 14:22:05.822 70024 INFO tempest.lib.common.dynamic_creds [-] Acquired dynamic creds: credentials: Credentials: {'domain_id': 'default', 'domain_name': 'Default', 'username': 'tempest-ServerDiagnosticsV248Test-1677581728-project-admin', 'project_domain_id': 'default', 'project_domain_name': 'Default', 'project_id': '36ff0633a91b4c308532e3538ff55bbd', 'project_name': 'tempest-ServerDiagnosticsV248Test-1677581728', 'tenant_id': '36ff0633a91b4c308532e3538ff55bbd', 'tenant_name': 'tempest-ServerDiagnosticsV248Test-1677581728', 'user_domain_id': 'default', 'user_domain_name': 'Default', 'user_id': '364994224e62447b9461381c15aa30b2', 'system': None}, Network: None, Subnet: None, Router: None
2025-04-21 14:22:05.823 70024 INFO tempest.lib.common.dynamic_creds [-] Created isolated network resources for: credentials: Credentials: {'domain_id': 'default', 'domain_name': 'Default', 'username': 'tempest-ServerDiagnosticsV248Test-1677581728-project-admin', 'project_domain_id': 'default', 'project_domain_name': 'Default', 'project_id': '36ff0633a91b4c308532e3538ff55bbd', 'project_name': 'tempest-ServerDiagnosticsV248Test-1677581728', 'tenant_id': '36ff0633a91b4c308532e3538ff55bbd', 'tenant_name': 'tempest-ServerDiagnosticsV248Test-1677581728', 'user_domain_id': 'default', 'user_domain_name': 'Default', 'user_id': '364994224e62447b9461381c15aa30b2', 'system': None}, Network: None, Subnet: None, Router: None
2025-04-21 14:22:05.911 70038 INFO tempest.lib.common.rest_client [req-e9d87de4-158a-4a8e-9399-11502e473b7f req-e9d87de4-158a-4a8e-9399-11502e473b7f ] Request (ServicesAdminNegativeV253TestJSON:setUpClass): 201 POST http://10.180.1.21/identity/v3/auth/tokens 0.148s
