2025-04-21 14:21:40.251 70072 INFO tempest.lib.common.rest_client [req-f3d302f9-d86e-4441-85fb-1da25b928065 req-f3d302f9-d86e-4441-85fb-1da25b928065 ] Request (MigrationsAdminTest:test_list_migrations_in_flavor_resize_situation): 202 POST http://10.180.1.21/compute/v2.1/servers/5d375ddb-f946-42ef-b862-258483104c67/action 2.789s
2025-04-21 14:21:40.290 70047 INFO tempest.lib.common.rest_client [req-aeca3ba3-0228-40fe-98cd-1c763fbfbf4b req-aeca3ba3-0228-40fe-98cd-1c763fbfbf4b ] Request (ImagesOneServerTestJSON:setUpClass): 201 POST http://10.180.1.21/identity/v3/projects 0.044s
2025-04-21 14:21:40.376 70065 INFO tempest.lib.common.rest_client [req-578bd5fe-66bf-40c1-916d-e3c1af94b0c2 req-578bd5fe-66bf-40c1-916d-e3c1af94b0c2 ] Request (ServerActionsV293TestJSON:setUpClass): 201 POST http://10.180.1.21:9696/networking/v2.0/security-group-rules 0.309s
2025-04-21 14:21:40.387 70047 INFO tempest.lib.common.rest_client [req-d9081e67-8c41-4ac9-8f0c-ab43cf6f1ac3 req-d9081e67-8c41-4ac9-8f0c-ab43cf6f1ac3 ] Request (ImagesOneServerTestJSON:setUpClass): 201 POST http://10.180.1.21/identity/v3/users 0.096s
2025-04-21 14:21:40.467 70062 INFO tempest.lib.common.rest_client [req-a50ba21d-8f69-4e8e-a253-461d511cb0c7 req-a50ba21d-8f69-4e8e-a253-461d511cb0c7 ] Request (QuotasAdminNegativeTest:test_create_server_when_instances_quota_is_full): 200 GET http://10.180.1.21/compute/v2.1/os-quota-sets/85ffbf59dcb645e2937bf771792f7a97 2.631s
2025-04-21 14:21:40.471 70047 INFO tempest.lib.common.rest_client [req-662ed44d-f172-4313-a43d-9340cef5e622 req-662ed44d-f172-4313-a43d-9340cef5e622 ] Request (ImagesOneServerTestJSON:setUpClass): 200 GET http://10.180.1.21/identity/v3/roles 0.084s
2025-04-21 14:21:40.476 70087 INFO tempest.lib.common.rest_client [req-f182212e-bd62-494b-ba38-47a28cff263f req-f182212e-bd62-494b-ba38-47a28cff263f ] Request (HostsAdminNegativeTestJSON:test_update_host_without_param): 400 PUT http://10.180.1.21/compute/v2.1/os-hosts/devstack 2.636s
2025-04-21 14:21:40.503 70047 INFO tempest.lib.common.rest_client [req-daa7a344-3ddf-4577-9de3-60eb13daffa6 req-daa7a344-3ddf-4577-9de3-60eb13daffa6 ] Request (ImagesOneServerTestJSON:setUpClass): 204 PUT http://10.180.1.21/identity/v3/projects/86f9ae21497a4f0a92340e0f8d096d4c/users/ca4f73f1537e402cbfa70302ae5786cd/roles/c2a1dac024f1481b8c44c81339fb7cf7 0.032s
2025-04-21 14:21:40.503 70047 INFO tempest.lib.common.dynamic_creds [-] Dynamic test user ca4f73f1537e402cbfa70302ae5786cd is created with scope project and roles: ['member']
2025-04-21 14:21:40.504 70047 INFO tempest.lib.common.dynamic_creds [-] Acquired dynamic creds: credentials: Credentials: {'domain_id': 'default', 'domain_name': 'Default', 'username': 'tempest-ImagesOneServerTestJSON-101516324-project-member', 'project_domain_id': 'default', 'project_domain_name': 'Default', 'project_id': '86f9ae21497a4f0a92340e0f8d096d4c', 'project_name': 'tempest-ImagesOneServerTestJSON-101516324', 'tenant_id': '86f9ae21497a4f0a92340e0f8d096d4c', 'tenant_name': 'tempest-ImagesOneServerTestJSON-101516324', 'user_domain_id': 'default', 'user_domain_name': 'Default', 'user_id': 'ca4f73f1537e402cbfa70302ae5786cd', 'system': None}, Network: None, Subnet: None, Router: None
2025-04-21 14:21:40.537 70068 INFO tempest.lib.common.rest_client [req-2048ed0a-3dce-46fd-aa56-75ff12bc0086 req-2048ed0a-3dce-46fd-aa56-75ff12bc0086 ] Request (TenantUsagesNegativeTestJSON:test_get_usage_tenant_with_empty_tenant_id): 404 GET http://10.180.1.21/compute/v2.1/os-simple-tenant-usage/?start=2025-04-20T14%3A21%3A37.943855&end=2025-04-22T14%3A21%3A37.943855 2.593s
2025-04-21 14:21:40.538 70068 WARNING tempest.lib.common.rest_client [-] Deprecated: "tenant_id" property is deprecated for removal, use "project_id" instead
2025-04-21 14:21:40.566 70026 INFO tempest.lib.common.rest_client [req-64ff264b-c09c-4bef-b6f4-e4a275f63d8e req-64ff264b-c09c-4bef-b6f4-e4a275f63d8e ] Request (ServerGroupTestJSON:test_create_delete_server_group_with_affinity_policy): 200 GET http://10.180.1.21/compute/v2.1/os-server-groups 2.605s
2025-04-21 14:21:40.616 70047 INFO tempest.lib.common.rest_client [req-f2b779bf-54ab-4658-bb60-15b2af3122be req-f2b779bf-54ab-4658-bb60-15b2af3122be ] Request (ImagesOneServerTestJSON:setUpClass): 201 POST http://10.180.1.21/identity/v3/auth/tokens 0.112s
2025-04-21 14:21:40.679 70036 INFO tempest.lib.common.rest_client [req-a2d112e2-81e8-446b-8a82-f7677d7adea7 req-a2d112e2-81e8-446b-8a82-f7677d7adea7 ] Request (ServersV294TestFqdnHostnames:setUpClass): 201 POST http://10.180.1.21/compute/v2.1/os-keypairs 2.501s
2025-04-21 14:21:40.879 70040 INFO tempest.lib.common.rest_client [req-a3e3ec6c-65f6-4766-9986-2bb3b3938d77 req-a3e3ec6c-65f6-4766-9986-2bb3b3938d77 ] Request (HypervisorAdminTestJSON:tearDownClass): 204 DELETE http://10.180.1.21:9696/networking/v2.0/security-groups/839f42b0-e666-4255-980c-8be30cf4f788 0.650s
2025-04-21 14:21:40.889 70050 INFO tempest.lib.common.rest_client [req-51975125-689a-4216-b445-50620ff0d10e req-51975125-689a-4216-b445-50620ff0d10e ] Request (ListServersNegativeTestJSON:setUpClass): 200 GET http://10.180.1.21/compute/v2.1/servers/0d10f980-4551-4cc6-99ba-e42a97f9cd80 3.365s
2025-04-21 14:21:40.897 70050 INFO tempest.common.waiters [-] State transition "BUILD/None" ==> "BUILD/spawning" after 15 second wait
2025-04-21 14:21:40.921 70060 INFO tempest.lib.common.rest_client [req-b783aeb0-1b59-4aad-b875-428a975b697d req-b783aeb0-1b59-4aad-b875-428a975b697d ] Request (ServerExternalEventsTest:test_create_server_external_events): 200 GET http://10.180.1.21/compute/v2.1/servers/1ebf75da-6457-4146-824b-828a65de9117 2.692s
2025-04-21 14:21:40.945 70079 INFO tempest.lib.common.rest_client [req-f832dfef-50b5-4f9a-9f8f-fdadb2e09ec4 req-f832dfef-50b5-4f9a-9f8f-fdadb2e09ec4 ] Request (ImagesNegativeTestJSON:setUpClass): 201 POST http://10.180.1.21:9696/networking/v2.0/routers 2.140s
2025-04-21 14:21:40.947 70034 INFO tempest.lib.common.rest_client [req-fffb946e-9b31-412a-bf0d-fd9cf07da8aa req-fffb946e-9b31-412a-bf0d-fd9cf07da8aa ] Request (AggregatesAdminNegativeTestJSON:test_aggregate_create_with_existent_aggregate_name): 409 POST http://10.180.1.21/compute/v2.1/os-aggregates 2.314s
2025-04-21 14:21:40.969 70058 INFO tempest.lib.common.rest_client [req-b7cfcd0e-01eb-492c-95e3-6b3a6afd637a req-b7cfcd0e-01eb-492c-95e3-6b3a6afd637a ] Request (FlavorsAdminTestJSON:_run_cleanups): 202 DELETE http://10.180.1.21/compute/v2.1/flavors/b4e42bbe-ef5f-4f3e-a133-7f516cd42ca1 2.244s
2025-04-21 14:21:40.999 70040 INFO tempest.lib.common.rest_client [req-2e84e342-58d1-4f2d-ba24-fd35e89b1c3f req-2e84e342-58d1-4f2d-ba24-fd35e89b1c3f ] Request (HypervisorAdminTestJSON:tearDownClass): 204 DELETE http://10.180.1.21/identity/v3/projects/278a4055353b44518b96548837d55778 0.119s
2025-04-21 14:21:40.999 70040 INFO tempest.lib.common.dynamic_creds [-] Deleting project and security group for project: a7787fd63cee4fe49fc329177c031524
2025-04-21 14:21:41.081 70036 INFO tempest.lib.common.rest_client [req-4fabcd32-6a8b-4b74-bc7d-fa294d62327c req-4fabcd32-6a8b-4b74-bc7d-fa294d62327c ] Request (ServersV294TestFqdnHostnames:setUpClass): 201 POST http://10.180.1.21:9696/networking/v2.0/security-groups 0.400s
2025-04-21 14:21:41.148 70076 INFO tempest.lib.common.rest_client [req-7deb6143-b204-4a05-b359-c13b4e4907d0 req-7deb6143-b204-4a05-b359-c13b4e4907d0 ] Request (HypervisorAdminV228Test:test_get_list_hypervisor_details): 200 GET http://10.180.1.21/compute/v2.1/os-hypervisors 2.615s
2025-04-21 14:21:41.172 70024 INFO tempest.lib.common.rest_client [req-f24d729a-84ba-43d2-8296-fd38cf954e7b req-f24d729a-84ba-43d2-8296-fd38cf954e7b ] Request (FlavorsAccessNegativeTestJSON:_run_cleanups): 200 GET http://10.180.1.21/compute/v2.1/flavors/detail 2.410s
2025-04-21 14:21:41.270 70080 INFO tempest.lib.common.rest_client [req-d99e1d4d-4a72-4fa6-8e94-f3457ce8d48c req-d99e1d4d-4a72-4fa6-8e94-f3457ce8d48c ] Request (ServersAdminNegativeTestJSON:setUpClass): 200 GET http://10.180.1.21/compute/v2.1/servers/419855f7-7b7a-4454-b8fb-3292a4eb1c80 2.328s
2025-04-21 14:21:41.412 70040 INFO tempest.lib.common.rest_client [req-99ddf299-47e0-4393-99de-b9dd5114edc7 req-99ddf299-47e0-4393-99de-b9dd5114edc7 ] Request (HypervisorAdminTestJSON:tearDownClass): 200 GET http://10.180.1.21:9696/networking/v2.0/security-groups?tenant_id=a7787fd63cee4fe49fc329177c031524&name=default 0.413s
2025-04-21 14:21:41.435 70038 INFO tempest.lib.common.rest_client [req-1aa03ded-dd9b-4af8-83dd-dad9d65a244d req-1aa03ded-dd9b-4af8-83dd-dad9d65a244d ] Request (QuotasAdminTestJSON:test_delete_quota): 200 PUT http://10.180.1.21/compute/v2.1/os-quota-sets/46c2f106a6fc405bb3f6323d08b3c359 2.484s
2025-04-21 14:21:41.447 70036 INFO tempest.lib.common.rest_client [req-d4b811d1-75be-4fc0-afa2-9914a9a48214 req-d4b811d1-75be-4fc0-afa2-9914a9a48214 ] Request (ServersV294TestFqdnHostnames:setUpClass): 201 POST http://10.180.1.21:9696/networking/v2.0/security-group-rules 0.366s
2025-04-21 14:21:41.488 70047 INFO tempest.lib.common.rest_client [req-046df029-a84a-4bfb-a58d-c5b483cbdda2 req-046df029-a84a-4bfb-a58d-c5b483cbdda2 ] Request (ImagesOneServerTestJSON:setUpClass): 201 POST http://10.180.1.21:9696/networking/v2.0/networks 0.871s
2025-04-21 14:21:41.536 70065 INFO tempest.lib.common.rest_client [req-c78c7617-8d8e-4309-b6a7-ba99a237be93 req-c78c7617-8d8e-4309-b6a7-ba99a237be93 ] Request (ServerActionsV293TestJSON:setUpClass): 201 POST http://10.180.1.21:9696/networking/v2.0/floatingips 1.159s
2025-04-21 14:21:41.620 70065 INFO tempest.lib.common.rest_client [req-11d47109-7f80-435b-82a4-7666676b02e0 req-11d47109-7f80-435b-82a4-7666676b02e0 ] Request (ServerActionsV293TestJSON:setUpClass): 201 POST http://10.180.1.21/identity/v3/auth/tokens 0.080s
2025-04-21 14:21:41.621 70065 INFO tempest.lib.common.fixed_network [-] (ServerActionsV293TestJSON:setUpClass) Found network {'id': '7e00002a-181d-42db-a69f-bda190c119e8', 'name': 'tempest-ServerActionsV293TestJSON-868301375-network', 'tenant_id': '306ca163034145c8b4e1461ad716c5fd', 'admin_state_up': True, 'mtu': 8950, 'status': 'ACTIVE', 'subnets': [], 'shared': False, 'project_id': '306ca163034145c8b4e1461ad716c5fd', 'port_security_enabled': True, 'router:external': False, 'provider:network_type': 'vlan', 'provider:physical_network': 'default', 'provider:segmentation_id': 829, 'availability_zone_hints': [], 'availability_zones': [], 'ipv4_address_scope': None, 'ipv6_address_scope': None, 'description': '', 'tags': [], 'created_at': '2025-04-21T14:21:32Z', 'updated_at': '2025-04-21T14:21:32Z', 'revision_number': 1} available for tenant
2025-04-21 14:21:41.744 70066 INFO tempest.lib.common.rest_client [req-b420091a-db9a-47b9-97ef-5d1e9c4b7aa9 req-b420091a-db9a-47b9-97ef-5d1e9c4b7aa9 ] Request (AttachInterfacesV270Test:test_create_get_list_interfaces): 200 GET http://10.180.1.21/compute/v2.1/servers/0442abba-1214-42e4-8822-2bf2c1c5de89 2.234s
2025-04-21 14:21:41.933 70040 INFO tempest.lib.common.rest_client [req-de5ecd0e-b0ba-4b61-ad4d-6c8d3a10fcf1 req-de5ecd0e-b0ba-4b61-ad4d-6c8d3a10fcf1 ] Request (HypervisorAdminTestJSON:tearDownClass): 204 DELETE http://10.180.1.21:9696/networking/v2.0/security-groups/7d76203b-63f9-4abf-887a-56fefd320d0c 0.519s
2025-04-21 14:21:42.002 70036 INFO tempest.lib.common.rest_client [req-a42bdc16-1d6f-4369-a824-d2bb3712f740 req-a42bdc16-1d6f-4369-a824-d2bb3712f740 ] Request (ServersV294TestFqdnHostnames:setUpClass): 201 POST http://10.180.1.21:9696/networking/v2.0/security-group-rules 0.555s
2025-04-21 14:21:42.087 70040 INFO tempest.lib.common.rest_client [req-06d55781-fa81-452d-9b1b-6b35611c2856 req-06d55781-fa81-452d-9b1b-6b35611c2856 ] Request (HypervisorAdminTestJSON:tearDownClass): 204 DELETE http://10.180.1.21/identity/v3/projects/a7787fd63cee4fe49fc329177c031524 0.153s
2025-04-21 14:21:42.186 70040 INFO tempest.lib.common.rest_client [req-2f2422eb-ff31-4ee0-bea0-9b3a93892ee3 req-2f2422eb-ff31-4ee0-bea0-9b3a93892ee3 ] Request (HypervisorAdminV253TestBase:setUpClass): 201 POST http://10.180.1.21/identity/v3/auth/tokens 0.097s
2025-04-21 14:21:42.225 70040 INFO tempest.lib.common.rest_client [req-321aa62f-237d-49aa-a21e-581f7645ec81 req-321aa62f-237d-49aa-a21e-581f7645ec81 ] Request (HypervisorAdminV253TestBase:setUpClass): 201 POST http://10.180.1.21/identity/v3/auth/tokens 0.036s
2025-04-21 14:21:42.240 70047 INFO tempest.lib.common.rest_client [req-54c6fabd-3a4b-47df-a55e-f493992b6981 req-54c6fabd-3a4b-47df-a55e-f493992b6981 ] Request (ImagesOneServerTestJSON:setUpClass): 201 POST http://10.180.1.21:9696/networking/v2.0/subnets 0.751s
2025-04-21 14:21:42.258 70040 INFO tempest.lib.common.rest_client [req-adb894ae-48b9-49be-aa59-4a39bb015e16 req-adb894ae-48b9-49be-aa59-4a39bb015e16 ] Request (HypervisorAdminV253TestBase:setUpClass): 200 GET http://10.180.1.21/identity/v3/domains?name=Default 0.033s
2025-04-21 14:21:42.268 70085 INFO tempest.lib.common.rest_client [req-cf9b6aad-9c13-4cdb-a858-f3007564c096 req-cf9b6aad-9c13-4cdb-a858-f3007564c096 ] Request (TenantUsagesTestJSON:tearDownClass): 200 GET http://10.180.1.21/compute/v2.1/servers/da8a87e6-4b9d-4e6d-a3f8-11fab9d85e17 2.720s
2025-04-21 14:21:42.306 70040 INFO tempest.lib.common.rest_client [req-a677901c-b6ea-42b3-b7c8-1f18eb5d2d4c req-a677901c-b6ea-42b3-b7c8-1f18eb5d2d4c ] Request (HypervisorAdminV253TestBase:setUpClass): 201 POST http://10.180.1.21/identity/v3/projects 0.047s
2025-04-21 14:21:42.388 70042 INFO tempest.lib.common.rest_client [req-5bfd33aa-b1a7-4a42-9253-e48d3be6f737 req-5bfd33aa-b1a7-4a42-9253-e48d3be6f737 ] Request (ServersAdminTestJSON:setUpClass): 200 GET http://10.180.1.21/compute/v2.1/servers/586675a8-71c7-4717-a849-1a2989b33e53 2.771s
2025-04-21 14:21:42.394 70040 INFO tempest.lib.common.rest_client [req-ca2ce9db-355d-472e-bde7-b0cb47483521 req-ca2ce9db-355d-472e-bde7-b0cb47483521 ] Request (HypervisorAdminV253TestBase:setUpClass): 201 POST http://10.180.1.21/identity/v3/users 0.087s
2025-04-21 14:21:42.406 70065 INFO tempest.lib.common.rest_client [req-0408607e-67d7-4da0-a567-77789e83398e req-0408607e-67d7-4da0-a567-77789e83398e ] Request (ServerActionsV293TestJSON:setUpClass): 202 POST http://10.180.1.21/volume/v3/volumes 0.784s
2025-04-21 14:21:42.431 70040 INFO tempest.lib.common.rest_client [req-a2f43609-4090-4290-ba34-85ca86808be3 req-a2f43609-4090-4290-ba34-85ca86808be3 ] Request (HypervisorAdminV253TestBase:setUpClass): 200 GET http://10.180.1.21/identity/v3/roles 0.037s
2025-04-21 14:21:42.472 70040 INFO tempest.lib.common.rest_client [req-acfeb666-1e4e-419e-ab5d-181a11c1b76b req-acfeb666-1e4e-419e-ab5d-181a11c1b76b ] Request (HypervisorAdminV253TestBase:setUpClass): 204 PUT http://10.180.1.21/identity/v3/projects/b1a406e7f24e4d17ae4f2171e25bb4cc/users/0e10d81d82da4ed7a35ff6b2adc966ac/roles/c2a1dac024f1481b8c44c81339fb7cf7 0.040s
2025-04-21 14:21:42.472 70040 INFO tempest.lib.common.dynamic_creds [-] Dynamic test user 0e10d81d82da4ed7a35ff6b2adc966ac is created with scope project and roles: ['member']
2025-04-21 14:21:42.473 70040 INFO tempest.lib.common.dynamic_creds [-] Acquired dynamic creds: credentials: Credentials: {'domain_id': 'default', 'domain_name': 'Default', 'username': 'tempest-HypervisorAdminV253TestBase-697890435-project-member', 'project_domain_id': 'default', 'project_domain_name': 'Default', 'project_id': 'b1a406e7f24e4d17ae4f2171e25bb4cc', 'project_name': 'tempest-HypervisorAdminV253TestBase-697890435', 'tenant_id': 'b1a406e7f24e4d17ae4f2171e25bb4cc', 'tenant_name': 'tempest-HypervisorAdminV253TestBase-697890435', 'user_domain_id': 'default', 'user_domain_name': 'Default', 'user_id': '0e10d81d82da4ed7a35ff6b2adc966ac', 'system': None}, Network: None, Subnet: None, Router: None
2025-04-21 14:21:42.473 70040 INFO tempest.lib.common.dynamic_creds [-] Created isolated network resources for: credentials: Credentials: {'domain_id': 'default', 'domain_name': 'Default', 'username': 'tempest-HypervisorAdminV253TestBase-697890435-project-member', 'project_domain_id': 'default', 'project_domain_name': 'Default', 'project_id': 'b1a406e7f24e4d17ae4f2171e25bb4cc', 'project_name': 'tempest-HypervisorAdminV253TestBase-697890435', 'tenant_id': 'b1a406e7f24e4d17ae4f2171e25bb4cc', 'tenant_name': 'tempest-HypervisorAdminV253TestBase-697890435', 'user_domain_id': 'default', 'user_domain_name': 'Default', 'user_id': '0e10d81d82da4ed7a35ff6b2adc966ac', 'system': None}, Network: None, Subnet: None, Router: None
2025-04-21 14:21:42.489 70065 INFO tempest.lib.common.rest_client [req-b32124b1-f0f6-48ae-8806-24160d4bb44e req-b32124b1-f0f6-48ae-8806-24160d4bb44e ] Request (ServerActionsV293TestJSON:setUpClass): 200 GET http://10.180.1.21/volume/v3/volumes/606b9a40-2f7f-476c-ab8c-a45496443baa 0.074s
2025-04-21 14:21:42.578 70040 INFO tempest.lib.common.rest_client [req-e4b7231e-848a-492f-b12c-10f2a1e92e9c req-e4b7231e-848a-492f-b12c-10f2a1e92e9c ] Request (HypervisorAdminV253TestBase:setUpClass): 201 POST http://10.180.1.21/identity/v3/auth/tokens 0.102s
2025-04-21 14:21:42.658 70040 INFO tempest.lib.common.rest_client [req-6e0804cd-b76b-4b1d-9cef-55206fdd26b5 req-6e0804cd-b76b-4b1d-9cef-55206fdd26b5 ] Request (HypervisorAdminV253TestBase:setUpClass): 201 POST http://10.180.1.21/identity/v3/projects 0.079s
2025-04-21 14:21:42.726 70040 INFO tempest.lib.common.rest_client [req-dbb54d14-f07b-4eaf-9c10-14b12dc4e17f req-dbb54d14-f07b-4eaf-9c10-14b12dc4e17f ] Request (HypervisorAdminV253TestBase:setUpClass): 201 POST http://10.180.1.21/identity/v3/users 0.067s
2025-04-21 14:21:42.750 70040 INFO tempest.lib.common.rest_client [req-cf991422-a3b4-4e92-9bb0-c59e95ef5d2d req-cf991422-a3b4-4e92-9bb0-c59e95ef5d2d ] Request (HypervisorAdminV253TestBase:setUpClass): 200 GET http://10.180.1.21/identity/v3/roles 0.023s
2025-04-21 14:21:42.784 70040 INFO tempest.lib.common.rest_client [req-b5d7ff45-950d-413e-b9a8-81e49c45a2d2 req-b5d7ff45-950d-413e-b9a8-81e49c45a2d2 ] Request (HypervisorAdminV253TestBase:setUpClass): 204 PUT http://10.180.1.21/identity/v3/projects/cac4754cbb9848ef825564d5a2eb4bf8/users/3c92249cddc04cbaab44501b896a9cec/roles/ea06209341a84b4b83374cd349337cf7 0.033s
2025-04-21 14:21:42.812 70036 INFO tempest.lib.common.rest_client [req-f331438a-b5ea-4021-97d9-14f99d1199ff req-f331438a-b5ea-4021-97d9-14f99d1199ff ] Request (ServersV294TestFqdnHostnames:setUpClass): 201 POST http://10.180.1.21:9696/networking/v2.0/floatingips 0.807s
2025-04-21 14:21:42.847 70040 INFO tempest.lib.common.rest_client [req-e5b26d3e-a84f-4cd6-a0b6-ee9a3b272d6b req-e5b26d3e-a84f-4cd6-a0b6-ee9a3b272d6b ] Request (HypervisorAdminV253TestBase:setUpClass): 200 GET http://10.180.1.21/identity/v3/roles 0.063s
2025-04-21 14:21:42.868 70040 INFO tempest.lib.common.rest_client [req-d8469383-dad2-4aa0-8d37-f548cef8499c req-d8469383-dad2-4aa0-8d37-f548cef8499c ] Request (HypervisorAdminV253TestBase:setUpClass): 204 PUT http://10.180.1.21/identity/v3/projects/cac4754cbb9848ef825564d5a2eb4bf8/users/3c92249cddc04cbaab44501b896a9cec/roles/ea06209341a84b4b83374cd349337cf7 0.019s
2025-04-21 14:21:42.869 70040 INFO tempest.lib.common.dynamic_creds [-] Dynamic test user 3c92249cddc04cbaab44501b896a9cec is created with scope project and roles: ['admin']
2025-04-21 14:21:42.869 70040 INFO tempest.lib.common.dynamic_creds [-] Acquired dynamic creds: credentials: Credentials: {'domain_id': 'default', 'domain_name': 'Default', 'username': 'tempest-HypervisorAdminV253TestBase-1945522985-project-admin', 'project_domain_id': 'default', 'project_domain_name': 'Default', 'project_id': 'cac4754cbb9848ef825564d5a2eb4bf8', 'project_name': 'tempest-HypervisorAdminV253TestBase-1945522985', 'tenant_id': 'cac4754cbb9848ef825564d5a2eb4bf8', 'tenant_name': 'tempest-HypervisorAdminV253TestBase-1945522985', 'user_domain_id': 'default', 'user_domain_name': 'Default', 'user_id': '3c92249cddc04cbaab44501b896a9cec', 'system': None}, Network: None, Subnet: None, Router: None
2025-04-21 14:21:42.869 70040 INFO tempest.lib.common.dynamic_creds [-] Created isolated network resources for: credentials: Credentials: {'domain_id': 'default', 'domain_name': 'Default', 'username': 'tempest-HypervisorAdminV253TestBase-1945522985-project-admin', 'project_domain_id': 'default', 'project_domain_name': 'Default', 'project_id': 'cac4754cbb9848ef825564d5a2eb4bf8', 'project_name': 'tempest-HypervisorAdminV253TestBase-1945522985', 'tenant_id': 'cac4754cbb9848ef825564d5a2eb4bf8', 'tenant_name': 'tempest-HypervisorAdminV253TestBase-1945522985', 'user_domain_id': 'default', 'user_domain_name': 'Default', 'user_id': '3c92249cddc04cbaab44501b896a9cec', 'system': None}, Network: None, Subnet: None, Router: None
2025-04-21 14:21:42.905 70036 INFO tempest.lib.common.rest_client [req-b284923a-a99f-4e91-87fd-2e3156978610 req-b284923a-a99f-4e91-87fd-2e3156978610 ] Request (ServersV294TestFqdnHostnames:setUpClass): 201 POST http://10.180.1.21/identity/v3/auth/tokens 0.089s
2025-04-21 14:21:42.907 70036 INFO tempest.lib.common.fixed_network [-] (ServersV294TestFqdnHostnames:setUpClass) Found network {'id': '3c7fac7d-61fe-4f20-9fc6-2409ca5aeeef', 'name': 'tempest-ServersV294TestFqdnHostnames-175318309-network', 'tenant_id': '17e248e10810467db95cdb288ca12a9f', 'admin_state_up': True, 'mtu': 8950, 'status': 'ACTIVE', 'subnets': [], 'shared': False, 'project_id': '17e248e10810467db95cdb288ca12a9f', 'port_security_enabled': True, 'router:external': False, 'provider:network_type': 'vlan', 'provider:physical_network': 'default', 'provider:segmentation_id': 818, 'availability_zone_hints': [], 'availability_zones': [], 'ipv4_address_scope': None, 'ipv6_address_scope': None, 'description': '', 'tags': [], 'created_at': '2025-04-21T14:21:34Z', 'updated_at': '2025-04-21T14:21:34Z', 'revision_number': 1} available for tenant
2025-04-21 14:21:42.956 70040 INFO tempest.lib.common.rest_client [req-57e72f64-2068-4dda-a639-d35ec882d334 req-57e72f64-2068-4dda-a639-d35ec882d334 ] Request (HypervisorAdminV253TestBase:setUpClass): 201 POST http://10.180.1.21/identity/v3/auth/tokens 0.085s
2025-04-21 14:21:43.257 70028 INFO tempest.lib.common.rest_client [req-1f62bfeb-be70-41af-8d11-638de6fc9095 req-1f62bfeb-be70-41af-8d11-638de6fc9095 ] Request (FloatingIPDetailsTestJSON:tearDownClass): 200 PUT http://10.180.1.21:9696/networking/v2.0/routers/821dddeb-c66a-4d56-abf0-370c111ad24f/remove_router_interface 3.030s
2025-04-21 14:21:43.357 70047 INFO tempest.lib.common.rest_client [req-07d2c2f3-62c1-411e-921d-c51ba5f2b134 req-07d2c2f3-62c1-411e-921d-c51ba5f2b134 ] Request (ImagesOneServerTestJSON:setUpClass): 201 POST http://10.180.1.21:9696/networking/v2.0/routers 1.116s
2025-04-21 14:21:43.542 70065 INFO tempest.lib.common.rest_client [req-5503a3cf-8465-482b-a22d-1948aae39893 req-5503a3cf-8465-482b-a22d-1948aae39893 ] Request (ServerActionsV293TestJSON:setUpClass): 200 GET http://10.180.1.21/volume/v3/volumes/606b9a40-2f7f-476c-ab8c-a45496443baa 0.035s
2025-04-21 14:21:44.112 70054 INFO tempest.lib.common.rest_client [req-27bafee2-1778-4024-bcd8-53ba81ce8c7c req-27bafee2-1778-4024-bcd8-53ba81ce8c7c ] Request (FloatingIPsAssociationNegativeTestJSON:test_associate_ip_to_server_with_floating_ip): 202 POST http://10.180.1.21/compute/v2.1/servers/e884e2ff-a691-4d1e-98ac-18c40bdd9a37/action 5.367s
2025-04-21 14:21:44.182 70083 INFO tempest.lib.common.rest_client [req-33ab2a2b-41a0-4b3d-a306-021da431d96e req-33ab2a2b-41a0-4b3d-a306-021da431d96e ] Request (ServerTagsTestJSON:setUpClass): 200 GET http://10.180.1.21/compute/v2.1/servers/c183848a-2b6a-40de-a696-8ca9eb65ea9b 4.472s
2025-04-21 14:21:44.194 70048 INFO tempest.lib.common.rest_client [req-03933027-9981-4c41-a3a7-7c56e60b1294 req-03933027-9981-4c41-a3a7-7c56e60b1294 ] Request (HypervisorAdminNegativeTestJSON:test_show_nonexistent_hypervisor): 404 GET http://10.180.1.21/compute/v2.1/os-hypervisors/71526c05-6430-41ee-be0a-8d1ef70edccb 4.368s
2025-04-21 14:21:44.276 70052 INFO tempest.lib.common.rest_client [req-f57872a4-bfcc-4c61-bf63-9ee0196d88cb req-f57872a4-bfcc-4c61-bf63-9ee0196d88cb ] Request (VolumesAssistedSnapshotsTest:test_volume_assisted_snapshot_create_delete): 200 GET http://10.180.1.21/compute/v2.1/servers/02c9949a-ff1f-4ae3-a942-523833e37fdf 4.236s
2025-04-21 14:21:44.347 70048 INFO tempest.lib.common.rest_client [req-bcfb4932-468f-4475-9881-7d3ddb9647d9 req-bcfb4932-468f-4475-9881-7d3ddb9647d9 ] Request (HypervisorAdminNegativeTestJSON:tearDownClass): 204 DELETE http://10.180.1.21/identity/v3/users/fd956e011bc4457bbf47e011d6f1eef9 0.150s
2025-04-21 14:21:44.353 70079 INFO tempest.lib.common.rest_client [req-9e982938-991b-4c21-8be4-6b589b04b02d req-9e982938-991b-4c21-8be4-6b589b04b02d ] Request (ImagesNegativeTestJSON:setUpClass): 200 PUT http://10.180.1.21:9696/networking/v2.0/routers/2e2357f5-3272-4ec6-abee-b3d3ad1f9120/add_router_interface 3.408s
2025-04-21 14:21:44.354 70079 INFO tempest.lib.common.dynamic_creds [-] Created isolated network resources for: credentials: Credentials: {'domain_id': 'default', 'domain_name': 'Default', 'username': 'tempest-ImagesNegativeTestJSON-2082962991-project-member', 'project_domain_id': 'default', 'project_domain_name': 'Default', 'project_id': '45dcd55416944fa09ca924918a7db771', 'project_name': 'tempest-ImagesNegativeTestJSON-2082962991', 'tenant_id': '45dcd55416944fa09ca924918a7db771', 'tenant_name': 'tempest-ImagesNegativeTestJSON-2082962991', 'user_domain_id': 'default', 'user_domain_name': 'Default', 'user_id': 'c1b8df69c0c54378a18d6c67dbf23460', 'system': None}, Network: {'id': '3f6d60c0-eaf8-488c-bb81-e307490fe364', 'name': 'tempest-ImagesNegativeTestJSON-702541136-network', 'tenant_id': '45dcd55416944fa09ca924918a7db771', 'admin_state_up': True, 'mtu': 8950, 'status': 'ACTIVE', 'subnets': [], 'shared': False, 'project_id': '45dcd55416944fa09ca924918a7db771', 'port_security_enabled': True, 'router:external': False, 'provider:network_type': 'vlan', 'provider:physical_network': 'default', 'provider:segmentation_id': 234, 'availability_zone_hints': [], 'availability_zones': [], 'ipv4_address_scope': None, 'ipv6_address_scope': None, 'description': '', 'tags': [], 'created_at': '2025-04-21T14:21:37Z', 'updated_at': '2025-04-21T14:21:37Z', 'revision_number': 1}, Subnet: {'id': '08c589b3-0ccf-4c2f-bbbb-2a133d0100bc', 'name': 'tempest-ImagesNegativeTestJSON-702541136-subnet', 'tenant_id': '45dcd55416944fa09ca924918a7db771', 'network_id': '3f6d60c0-eaf8-488c-bb81-e307490fe364', 'ip_version': 4, 'subnetpool_id': None, 'enable_dhcp': True, 'ipv6_ra_mode': None, 'ipv6_address_mode': None, 'gateway_ip': '192.168.128.1', 'cidr': '192.168.128.0/28', 'allocation_pools': [{'start': '192.168.128.2', 'end': '192.168.128.14'}], 'host_routes': [], 'dns_nameservers': [], 'description': '', 'router:external': False, 'service_types': [], 'tags': [], 'created_at': '2025-04-21T14:21:38Z', 'updated_at': '2025-04-21T14:21:38Z', 'revision_number': 0, 'project_id': '45dcd55416944fa09ca924918a7db771'}, Router: {'id': '2e2357f5-3272-4ec6-abee-b3d3ad1f9120', 'name': 'tempest-ImagesNegativeTestJSON-702541136-router', 'tenant_id': '45dcd55416944fa09ca924918a7db771', 'admin_state_up': True, 'status': 'ACTIVE', 'external_gateway_info': {'network_id': 'cbf6c7b5-2f8b-48ee-9a22-5aaf7dcfd14b', 'external_fixed_ips': [{'subnet_id': '441e6e05-9d97-4194-af6d-6cbedb66a0f0', 'ip_address': '10.180.180.166'}], 'enable_snat': True}, 'description': '', 'availability_zones': [], 'distributed': False, 'ha': False, 'availability_zone_hints': [], 'routes': [], 'flavor_id': None, 'tags': [], 'created_at': '2025-04-21T14:21:38Z', 'updated_at': '2025-04-21T14:21:39Z', 'revision_number': 2, 'project_id': '45dcd55416944fa09ca924918a7db771'}
2025-04-21 14:21:44.410 70047 INFO tempest.lib.common.rest_client [req-6b77f486-43ee-4d5b-a823-43f545ced052 req-6b77f486-43ee-4d5b-a823-43f545ced052 ] Request (ImagesOneServerTestJSON:setUpClass): 200 PUT http://10.180.1.21:9696/networking/v2.0/routers/ed10ddd1-bb95-449e-898c-38e137a1b814/add_router_interface 1.052s
2025-04-21 14:21:44.410 70047 INFO tempest.lib.common.dynamic_creds [-] Created isolated network resources for: credentials: Credentials: {'domain_id': 'default', 'domain_name': 'Default', 'username': 'tempest-ImagesOneServerTestJSON-101516324-project-member', 'project_domain_id': 'default', 'project_domain_name': 'Default', 'project_id': '86f9ae21497a4f0a92340e0f8d096d4c', 'project_name': 'tempest-ImagesOneServerTestJSON-101516324', 'tenant_id': '86f9ae21497a4f0a92340e0f8d096d4c', 'tenant_name': 'tempest-ImagesOneServerTestJSON-101516324', 'user_domain_id': 'default', 'user_domain_name': 'Default', 'user_id': 'ca4f73f1537e402cbfa70302ae5786cd', 'system': None}, Network: {'id': 'a4463d13-567c-4594-84b9-a71e762d2bb4', 'name': 'tempest-ImagesOneServerTestJSON-209294712-network', 'tenant_id': '86f9ae21497a4f0a92340e0f8d096d4c', 'admin_state_up': True, 'mtu': 8950, 'status': 'ACTIVE', 'subnets': [], 'shared': False, 'project_id': '86f9ae21497a4f0a92340e0f8d096d4c', 'port_security_enabled': True, 'router:external': False, 'provider:network_type': 'vlan', 'provider:physical_network': 'default', 'provider:segmentation_id': 575, 'availability_zone_hints': [], 'availability_zones': [], 'ipv4_address_scope': None, 'ipv6_address_scope': None, 'description': '', 'tags': [], 'created_at': '2025-04-21T14:21:41Z', 'updated_at': '2025-04-21T14:21:41Z', 'revision_number': 1}, Subnet: {'id': 'fb5e7c44-f1e6-4c4c-bf12-a221dd97cdb8', 'name': 'tempest-ImagesOneServerTestJSON-209294712-subnet', 'tenant_id': '86f9ae21497a4f0a92340e0f8d096d4c', 'network_id': 'a4463d13-567c-4594-84b9-a71e762d2bb4', 'ip_version': 4, 'subnetpool_id': None, 'enable_dhcp': True, 'ipv6_ra_mode': None, 'ipv6_address_mode': None, 'gateway_ip': '192.168.128.1', 'cidr': '192.168.128.0/28', 'allocation_pools': [{'start': '192.168.128.2', 'end': '192.168.128.14'}], 'host_routes': [], 'dns_nameservers': [], 'description': '', 'router:external': False, 'service_types': [], 'tags': [], 'created_at': '2025-04-21T14:21:41Z', 'updated_at': '2025-04-21T14:21:41Z', 'revision_number': 0, 'project_id': '86f9ae21497a4f0a92340e0f8d096d4c'}, Router: {'id': 'ed10ddd1-bb95-449e-898c-38e137a1b814', 'name': 'tempest-ImagesOneServerTestJSON-209294712-router', 'tenant_id': '86f9ae21497a4f0a92340e0f8d096d4c', 'admin_state_up': True, 'status': 'ACTIVE', 'external_gateway_info': {'network_id': 'cbf6c7b5-2f8b-48ee-9a22-5aaf7dcfd14b', 'external_fixed_ips': [{'subnet_id': '441e6e05-9d97-4194-af6d-6cbedb66a0f0', 'ip_address': '10.180.180.226'}], 'enable_snat': True}, 'description': '', 'availability_zones': [], 'distributed': False, 'ha': False, 'availability_zone_hints': [], 'routes': [], 'flavor_id': None, 'tags': [], 'created_at': '2025-04-21T14:21:42Z', 'updated_at': '2025-04-21T14:21:42Z', 'revision_number': 2, 'project_id': '86f9ae21497a4f0a92340e0f8d096d4c'}
2025-04-21 14:21:44.442 70079 INFO tempest.lib.common.rest_client [req-dfd8c8e0-4c0c-495a-8e54-e0b39d811a12 req-dfd8c8e0-4c0c-495a-8e54-e0b39d811a12 ] Request (ImagesNegativeTestJSON:setUpClass): 201 POST http://10.180.1.21/identity/v3/auth/tokens 0.080s
2025-04-21 14:21:44.474 70048 INFO tempest.lib.common.rest_client [req-02c37e75-6d4f-4ce5-ad1f-a003fcd776e0 req-02c37e75-6d4f-4ce5-ad1f-a003fcd776e0 ] Request (HypervisorAdminNegativeTestJSON:tearDownClass): 204 DELETE http://10.180.1.21/identity/v3/users/0371ea1f9e9c43c5ba5633bd12ae0c29 0.127s
2025-04-21 14:21:44.474 70048 INFO tempest.lib.common.dynamic_creds [-] Deleting project and security group for project: b5ad9d24780449429a5658c952a9ed02
2025-04-21 14:21:44.490 70032 INFO tempest.lib.common.rest_client [req-36bbf9ff-9bda-49a7-a915-a1382d27537a req-36bbf9ff-9bda-49a7-a915-a1382d27537a ] Request (FloatingIPsTestJSON:test_allocate_floating_ip): 200 POST http://10.180.1.21/compute/v2.1/os-floating-ips 4.856s
2025-04-21 14:21:44.519 70028 INFO tempest.lib.common.rest_client [req-9fcd64be-2ecf-4881-8f9b-c0ec755aeb7a req-9fcd64be-2ecf-4881-8f9b-c0ec755aeb7a ] Request (FloatingIPDetailsTestJSON:tearDownClass): 204 DELETE http://10.180.1.21:9696/networking/v2.0/routers/821dddeb-c66a-4d56-abf0-370c111ad24f 1.260s
2025-04-21 14:21:44.531 70047 INFO tempest.lib.common.rest_client [req-d1468a2b-c61d-43be-a759-d0e02df4f365 req-d1468a2b-c61d-43be-a759-d0e02df4f365 ] Request (ImagesOneServerTestJSON:setUpClass): 201 POST http://10.180.1.21/identity/v3/auth/tokens 0.117s
2025-04-21 14:21:44.549 70079 INFO tempest.lib.common.rest_client [req-f344f219-3deb-4a3b-8422-136071a03f97 req-f344f219-3deb-4a3b-8422-136071a03f97 ] Request (ImagesNegativeTestJSON:test_create_image_from_deleted_server): 201 POST http://10.180.1.21/identity/v3/auth/tokens 0.103s
2025-04-21 14:21:44.550 70079 INFO tempest.lib.common.fixed_network [-] (ImagesNegativeTestJSON:test_create_image_from_deleted_server) Found network {'id': '3f6d60c0-eaf8-488c-bb81-e307490fe364', 'name': 'tempest-ImagesNegativeTestJSON-702541136-network', 'tenant_id': '45dcd55416944fa09ca924918a7db771', 'admin_state_up': True, 'mtu': 8950, 'status': 'ACTIVE', 'subnets': [], 'shared': False, 'project_id': '45dcd55416944fa09ca924918a7db771', 'port_security_enabled': True, 'router:external': False, 'provider:network_type': 'vlan', 'provider:physical_network': 'default', 'provider:segmentation_id': 234, 'availability_zone_hints': [], 'availability_zones': [], 'ipv4_address_scope': None, 'ipv6_address_scope': None, 'description': '', 'tags': [], 'created_at': '2025-04-21T14:21:37Z', 'updated_at': '2025-04-21T14:21:37Z', 'revision_number': 1} available for tenant
2025-04-21 14:21:44.606 70030 INFO tempest.lib.common.rest_client [req-7d29d110-d701-4e70-9ad4-3a1409fb92f0 req-7d29d110-d701-4e70-9ad4-3a1409fb92f0 ] Request (ImagesOneServerNegativeTestJSON:setUpClass): 200 GET http://10.180.1.21/compute/v2.1/servers/50f0d38d-f2e0-43e0-a47d-4b0a5a808528 4.453s
2025-04-21 14:21:44.610 70065 INFO tempest.lib.common.rest_client [req-7f68b172-cb05-45ed-9df6-08f74c6bbc3a req-7f68b172-cb05-45ed-9df6-08f74c6bbc3a ] Request (ServerActionsV293TestJSON:setUpClass): 200 GET http://10.180.1.21/volume/v3/volumes/606b9a40-2f7f-476c-ab8c-a45496443baa 0.057s
2025-04-21 14:21:44.622 70048 INFO tempest.lib.common.rest_client [req-0e8894dd-e89e-405b-994b-d639dfaf52c7 req-0e8894dd-e89e-405b-994b-d639dfaf52c7 ] Request (HypervisorAdminNegativeTestJSON:tearDownClass): 201 POST http://10.180.1.21/identity/v3/auth/tokens 0.148s
2025-04-21 14:21:44.626 70047 INFO tempest.lib.common.rest_client [req-353b886b-8fd1-40a1-a3b7-bd18dea8e81f req-353b886b-8fd1-40a1-a3b7-bd18dea8e81f ] Request (ImagesOneServerTestJSON:setUpClass): 201 POST http://10.180.1.21/identity/v3/auth/tokens 0.088s
2025-04-21 14:21:44.626 70047 INFO tempest.lib.common.fixed_network [-] (ImagesOneServerTestJSON:setUpClass) Found network {'id': 'a4463d13-567c-4594-84b9-a71e762d2bb4', 'name': 'tempest-ImagesOneServerTestJSON-209294712-network', 'tenant_id': '86f9ae21497a4f0a92340e0f8d096d4c', 'admin_state_up': True, 'mtu': 8950, 'status': 'ACTIVE', 'subnets': [], 'shared': False, 'project_id': '86f9ae21497a4f0a92340e0f8d096d4c', 'port_security_enabled': True, 'router:external': False, 'provider:network_type': 'vlan', 'provider:physical_network': 'default', 'provider:segmentation_id': 575, 'availability_zone_hints': [], 'availability_zones': [], 'ipv4_address_scope': None, 'ipv6_address_scope': None, 'description': '', 'tags': [], 'created_at': '2025-04-21T14:21:41Z', 'updated_at': '2025-04-21T14:21:41Z', 'revision_number': 1} available for tenant
2025-04-21 14:21:44.690 70056 INFO tempest.lib.common.rest_client [req-7e3ad7e8-d2c9-4adb-b2a9-32aab7e637b2 req-7e3ad7e8-d2c9-4adb-b2a9-32aab7e637b2 ] Request (ServerDiagnosticsNegativeTest:tearDownClass): 200 GET http://10.180.1.21/compute/v2.1/servers/9bb41043-b7c1-4c78-b309-edc851c514de 4.469s
2025-04-21 14:21:44.697 70070 INFO tempest.lib.common.rest_client [req-1ef37185-55ba-4a0f-9187-a50c3b9860ac req-1ef37185-55ba-4a0f-9187-a50c3b9860ac ] Request (ServerActionsTestJSON:setUpClass): 200 GET http://10.180.1.21/compute/v2.1/servers/24415407-c84b-49fc-a5e6-6b3449da9d0e 4.463s
2025-04-21 14:21:44.698 70056 INFO tempest.common.waiters [-] State transition "ACTIVE/deleting" ==> "DELETED/None" after 5 second wait
2025-04-21 14:21:44.703 70028 INFO tempest.lib.common.rest_client [req-3867f6ee-1d32-4dc8-ad71-0906734ef809 req-3867f6ee-1d32-4dc8-ad71-0906734ef809 ] Request (FloatingIPDetailsTestJSON:tearDownClass): 204 DELETE http://10.180.1.21:9696/networking/v2.0/subnets/acec366e-ab2b-4dbb-9f44-131191e6ef75 0.184s
2025-04-21 14:21:44.863 70048 INFO tempest.lib.common.rest_client [req-05eb6daf-9a24-49b4-8322-5050c26fc407 req-05eb6daf-9a24-49b4-8322-5050c26fc407 ] Request (HypervisorAdminNegativeTestJSON:tearDownClass): 200 GET http://10.180.1.21:9696/networking/v2.0/security-groups?tenant_id=b5ad9d24780449429a5658c952a9ed02&name=default 0.238s
2025-04-21 14:21:44.930 70072 INFO tempest.lib.common.rest_client [req-82568c6f-0ae9-4999-9f32-1cbf058aa7f1 req-82568c6f-0ae9-4999-9f32-1cbf058aa7f1 ] Request (MigrationsAdminTest:test_list_migrations_in_flavor_resize_situation): 200 GET http://10.180.1.21/compute/v2.1/servers/5d375ddb-f946-42ef-b862-258483104c67 4.679s
2025-04-21 14:21:44.951 70074 INFO tempest.lib.common.rest_client [req-3ffc131f-7f4e-47ac-975e-d22893e05d08 req-3ffc131f-7f4e-47ac-975e-d22893e05d08 ] Request (ImagesTestJSON:test_create_image_from_stopped_server): 200 GET http://10.180.1.21/compute/v2.1/servers/3f3a3c72-b278-4708-a295-d7e194bf65cf 4.541s
2025-04-21 14:21:44.956 70048 INFO tempest.lib.common.rest_client [req-4dd22c65-944f-4835-93e1-9310b364471a req-4dd22c65-944f-4835-93e1-9310b364471a ] Request (HypervisorAdminNegativeTestJSON:tearDownClass): 204 DELETE http://10.180.1.21:9696/networking/v2.0/security-groups/a37cd1f4-e3ce-45c5-8fa7-02f88a4d04b8 0.092s
2025-04-21 14:21:44.965 70087 INFO tempest.lib.common.rest_client [req-f0556993-f9bd-40ff-8643-68ac468cefca req-f0556993-f9bd-40ff-8643-68ac468cefca ] Request (HostsAdminNegativeTestJSON:test_update_nonexistent_host): 404 PUT http://10.180.1.21/compute/v2.1/os-hosts/nonexistent_hostname 4.487s
2025-04-21 14:21:44.977 70068 INFO tempest.lib.common.rest_client [req-bb90f7a4-173f-4890-9e2c-255e79acc4d9 req-bb90f7a4-173f-4890-9e2c-255e79acc4d9 ] Request (TenantUsagesNegativeTestJSON:test_get_usage_tenant_with_invalid_date): 400 GET http://10.180.1.21/compute/v2.1/os-simple-tenant-usage/0488600c38694b4984b90ab0b737a7ce?start=2025-04-22T14%3A21%3A37.943855&end=2025-04-20T14%3A21%3A37.943855 4.438s
2025-04-21 14:21:45.049 70048 INFO tempest.lib.common.rest_client [req-b828dc43-6e8d-497f-bb3a-a74bf7c46b0b req-b828dc43-6e8d-497f-bb3a-a74bf7c46b0b ] Request (HypervisorAdminNegativeTestJSON:tearDownClass): 204 DELETE http://10.180.1.21/identity/v3/projects/b5ad9d24780449429a5658c952a9ed02 0.093s
2025-04-21 14:21:45.049 70026 INFO tempest.lib.common.rest_client [req-e5776a88-7c78-4ed2-8f5e-2735652b0b0f req-e5776a88-7c78-4ed2-8f5e-2735652b0b0f ] Request (ServerGroupTestJSON:test_create_delete_server_group_with_anti_affinity_policy): 200 POST http://10.180.1.21/compute/v2.1/os-server-groups 4.472s
2025-04-21 14:21:45.049 70048 INFO tempest.lib.common.dynamic_creds [-] Deleting project and security group for project: 7c4d1afabaaf4996aabe62720ee34a00
2025-04-21 14:21:45.116 70028 INFO tempest.lib.common.rest_client [req-1fc43f17-b035-46bc-b82b-1fa1930c2302 req-1fc43f17-b035-46bc-b82b-1fa1930c2302 ] Request (FloatingIPDetailsTestJSON:tearDownClass): 204 DELETE http://10.180.1.21:9696/networking/v2.0/networks/84805456-bba0-48ea-bb6e-1188f1baebe8 0.412s
2025-04-21 14:21:45.117 70044 INFO tempest.lib.common.rest_client [req-164101b0-74ae-4405-a73e-f0724c31f9d0 req-164101b0-74ae-4405-a73e-f0724c31f9d0 ] Request (DeleteServersAdminTestJSON:test_admin_delete_servers_of_others): 200 GET http://10.180.1.21/compute/v2.1/servers/6d8d1bfe-bdb1-4995-bb0c-8ed9dd62a244 4.296s
2025-04-21 14:21:45.127 70044 INFO tempest.common.waiters [-] State transition "ACTIVE/deleting" ==> "DELETED/None" after 6 second wait
2025-04-21 14:21:45.142 70034 INFO tempest.lib.common.rest_client [req-8e103ad2-5a95-4fa0-862d-6ea3d977a568 req-8e103ad2-5a95-4fa0-862d-6ea3d977a568 ] Request (AggregatesAdminNegativeTestJSON:_run_cleanups): 200 DELETE http://10.180.1.21/compute/v2.1/os-aggregates/4 4.193s
2025-04-21 14:21:45.167 70058 INFO tempest.lib.common.rest_client [req-827ef3cc-960d-40ca-b7b6-3ee57950af3f req-827ef3cc-960d-40ca-b7b6-3ee57950af3f ] Request (FlavorsAdminTestJSON:_run_cleanups): 200 GET http://10.180.1.21/compute/v2.1/flavors/detail 4.198s
2025-04-21 14:21:45.200 70076 INFO tempest.lib.common.rest_client [req-fdd2b08b-75b7-44ab-9e99-a4e4b9cd91bc req-fdd2b08b-75b7-44ab-9e99-a4e4b9cd91bc ] Request (HypervisorAdminV228Test:test_get_list_hypervisor_details): 200 GET http://10.180.1.21/compute/v2.1/os-hypervisors/1 4.050s
2025-04-21 14:21:45.212 70048 INFO tempest.lib.common.rest_client [req-6d85262c-0843-4e93-a865-3d4470569f91 req-6d85262c-0843-4e93-a865-3d4470569f91 ] Request (HypervisorAdminNegativeTestJSON:tearDownClass): 200 GET http://10.180.1.21:9696/networking/v2.0/security-groups?tenant_id=7c4d1afabaaf4996aabe62720ee34a00&name=default 0.162s
2025-04-21 14:21:45.219 70024 INFO tempest.lib.common.rest_client [req-bac2c928-6e9a-4041-ad11-5b7a858a14c1 req-bac2c928-6e9a-4041-ad11-5b7a858a14c1 ] Request (FlavorsAccessNegativeTestJSON:test_flavor_non_admin_remove): 200 POST http://10.180.1.21/compute/v2.1/flavors 4.041s
2025-04-21 14:21:45.230 70087 INFO tempest.lib.common.rest_client [req-e68b6d97-fe29-412b-80e6-57be668e3b6a req-e68b6d97-fe29-412b-80e6-57be668e3b6a ] Request (HostsAdminNegativeTestJSON:tearDownClass): 204 DELETE http://10.180.1.21/identity/v3/users/82410c6896af4f9786b511adff83fc45 0.261s
2025-04-21 14:21:45.239 70062 INFO tempest.lib.common.rest_client [req-8a16a234-33c7-471d-a6f3-6eb14e65fde6 req-8a16a234-33c7-471d-a6f3-6eb14e65fde6 ] Request (QuotasAdminNegativeTest:test_create_server_when_instances_quota_is_full): 200 PUT http://10.180.1.21/compute/v2.1/os-quota-sets/85ffbf59dcb645e2937bf771792f7a97 4.769s
2025-04-21 14:21:45.239 70038 INFO tempest.lib.common.rest_client [req-6012e059-b53a-4597-99ae-6108ca44b002 req-6012e059-b53a-4597-99ae-6108ca44b002 ] Request (QuotasAdminTestJSON:test_delete_quota): 202 DELETE http://10.180.1.21/compute/v2.1/os-quota-sets/46c2f106a6fc405bb3f6323d08b3c359 3.802s
2025-04-21 14:21:45.250 70028 INFO tempest.lib.common.rest_client [req-00ab8cfb-553d-4eed-af39-0aebc21cdf9b req-00ab8cfb-553d-4eed-af39-0aebc21cdf9b ] Request (FloatingIPDetailsTestJSON:tearDownClass): 204 DELETE http://10.180.1.21/identity/v3/users/70d4d734701645abba55451d7e1ef294 0.134s
2025-04-21 14:21:45.250 70028 INFO tempest.lib.common.dynamic_creds [-] Deleting project and security group for project: ea3a29ca1b3e43f5819e0c41bedf780d
2025-04-21 14:21:45.310 70028 INFO tempest.lib.common.rest_client [req-0948fdb3-fc2a-472e-88e3-edc97c400250 req-0948fdb3-fc2a-472e-88e3-edc97c400250 ] Request (FloatingIPDetailsTestJSON:tearDownClass): 200 GET http://10.180.1.21:9696/networking/v2.0/security-groups?tenant_id=ea3a29ca1b3e43f5819e0c41bedf780d&name=default 0.059s
2025-04-21 14:21:45.384 70076 INFO tempest.lib.common.rest_client [req-bd527143-ba75-4e75-a07e-2dafa6b61bfc req-bd527143-ba75-4e75-a07e-2dafa6b61bfc ] Request (HypervisorAdminV228Test:tearDownClass): 204 DELETE http://10.180.1.21/identity/v3/users/4ba2ef11489f489dae36e62bd7062341 0.169s
2025-04-21 14:21:45.397 70048 INFO tempest.lib.common.rest_client [req-7dc38984-0305-4af9-a7c7-9dde3482b87b req-7dc38984-0305-4af9-a7c7-9dde3482b87b ] Request (HypervisorAdminNegativeTestJSON:tearDownClass): 204 DELETE http://10.180.1.21:9696/networking/v2.0/security-groups/88aeec3e-615b-4309-9c58-9c303a597e05 0.184s
2025-04-21 14:21:45.399 70087 INFO tempest.lib.common.rest_client [req-7e8a7e63-0be4-47ef-ab58-68b6406599e3 req-7e8a7e63-0be4-47ef-ab58-68b6406599e3 ] Request (HostsAdminNegativeTestJSON:tearDownClass): 204 DELETE http://10.180.1.21/identity/v3/users/da6d69f529f6421c925b1f6dbaa1b367 0.168s
2025-04-21 14:21:45.400 70087 INFO tempest.lib.common.dynamic_creds [-] Deleting project and security group for project: f0ef175e8bab411781f117e056ef12b3
2025-04-21 14:21:45.424 70050 INFO tempest.lib.common.rest_client [req-f5f2ddae-eadd-44c7-b421-b5ffa1b2f5c5 req-f5f2ddae-eadd-44c7-b421-b5ffa1b2f5c5 ] Request (ListServersNegativeTestJSON:setUpClass): 200 GET http://10.180.1.21/compute/v2.1/servers/0d10f980-4551-4cc6-99ba-e42a97f9cd80 3.526s
2025-04-21 14:21:45.438 70060 INFO tempest.lib.common.rest_client [req-aab9c6a1-d8a3-4f54-8c85-34424d8827ae req-aab9c6a1-d8a3-4f54-8c85-34424d8827ae ] Request (ServerExternalEventsTest:test_create_server_external_events): 200 GET http://10.180.1.21/compute/v2.1/servers/1ebf75da-6457-4146-824b-828a65de9117 3.501s
2025-04-21 14:21:45.453 70060 INFO tempest.common.waiters [-] State transition "BUILD/spawning" ==> "ACTIVE/None" after 26 second wait
2025-04-21 14:21:45.459 70028 INFO tempest.lib.common.rest_client [req-8011f505-77d6-4335-8937-e0a3e91823d8 req-8011f505-77d6-4335-8937-e0a3e91823d8 ] Request (FloatingIPDetailsTestJSON:tearDownClass): 204 DELETE http://10.180.1.21:9696/networking/v2.0/security-groups/8cd12df6-951d-4d5b-acde-390fe410f87c 0.148s
2025-04-21 14:21:45.467 70062 INFO tempest.lib.common.rest_client [req-93a59473-189d-4d8e-a658-c0a9ef96ad34 req-93a59473-189d-4d8e-a658-c0a9ef96ad34 ] Request (QuotasAdminNegativeTest:test_create_server_when_instances_quota_is_full): 201 POST http://10.180.1.21/identity/v3/auth/tokens 0.219s
2025-04-21 14:21:45.467 70062 INFO tempest.lib.common.fixed_network [-] (QuotasAdminNegativeTest:test_create_server_when_instances_quota_is_full) Found network None available for tenant
2025-04-21 14:21:45.518 70080 INFO tempest.lib.common.rest_client [req-8614db6e-b741-4907-93ae-39663b007787 req-8614db6e-b741-4907-93ae-39663b007787 ] Request (ServersAdminNegativeTestJSON:setUpClass): 200 GET http://10.180.1.21/compute/v2.1/servers/419855f7-7b7a-4454-b8fb-3292a4eb1c80 3.234s
2025-04-21 14:21:45.563 70076 INFO tempest.lib.common.rest_client [req-2b95de13-b5bb-4dd9-b484-e6f58d7d5bb6 req-2b95de13-b5bb-4dd9-b484-e6f58d7d5bb6 ] Request (HypervisorAdminV228Test:tearDownClass): 204 DELETE http://10.180.1.21/identity/v3/users/53a62e15b99445deaad6feb4d6261eae 0.179s
2025-04-21 14:21:45.563 70076 INFO tempest.lib.common.dynamic_creds [-] Deleting project and security group for project: 5704ba1dc09c45d8af85c050944232bb
2025-04-21 14:21:45.575 70048 INFO tempest.lib.common.rest_client [req-efab8c4a-2e40-4a05-babf-a32b11bfb3b1 req-efab8c4a-2e40-4a05-babf-a32b11bfb3b1 ] Request (HypervisorAdminNegativeTestJSON:tearDownClass): 204 DELETE http://10.180.1.21/identity/v3/projects/7c4d1afabaaf4996aabe62720ee34a00 0.177s
2025-04-21 14:21:45.576 70048 INFO tempest.test [-] raised in LiveMigrationTest.setUpClass. Invoking tearDownClass.
2025-04-21 14:21:45.639 70087 INFO tempest.lib.common.rest_client [req-5db8afba-f3e3-466f-8c0f-542db652eedb req-5db8afba-f3e3-466f-8c0f-542db652eedb ] Request (HostsAdminNegativeTestJSON:tearDownClass): 201 POST http://10.180.1.21/identity/v3/auth/tokens 0.238s
2025-04-21 14:21:45.668 70065 INFO tempest.lib.common.rest_client [req-c9b98e26-024b-43e7-bcbd-f4cc0fd6a9d9 req-c9b98e26-024b-43e7-bcbd-f4cc0fd6a9d9 ] Request (ServerActionsV293TestJSON:setUpClass): 200 GET http://10.180.1.21/volume/v3/volumes/606b9a40-2f7f-476c-ab8c-a45496443baa 0.041s
2025-04-21 14:21:45.670 70076 INFO tempest.lib.common.rest_client [req-5136e66b-4e61-44b4-841b-cda93703ac49 req-5136e66b-4e61-44b4-841b-cda93703ac49 ] Request (HypervisorAdminV228Test:tearDownClass): 201 POST http://10.180.1.21/identity/v3/auth/tokens 0.106s
2025-04-21 14:21:45.678 70066 INFO tempest.lib.common.rest_client [req-265fd52d-2d58-4f74-aed4-8b9339f5ccd8 req-265fd52d-2d58-4f74-aed4-8b9339f5ccd8 ] Request (AttachInterfacesV270Test:test_create_get_list_interfaces): 200 GET http://10.180.1.21/compute/v2.1/servers/0442abba-1214-42e4-8822-2bf2c1c5de89 2.924s
2025-04-21 14:21:45.691 70066 INFO tempest.common.waiters [-] State transition "BUILD/spawning" ==> "ACTIVE/None" after 25 second wait
2025-04-21 14:21:45.704 70048 INFO tempest.lib.common.rest_client [req-89a5b1f7-6052-4657-af08-9e68c260a2e0 req-89a5b1f7-6052-4657-af08-9e68c260a2e0 ] Request (ServersTestManualDisk:setUpClass): 201 POST http://10.180.1.21/identity/v3/auth/tokens 0.115s
2025-04-21 14:21:45.726 70028 INFO tempest.lib.common.rest_client [req-5edf8402-b045-49cf-87bc-d10b94a61f9a req-5edf8402-b045-49cf-87bc-d10b94a61f9a ] Request (FloatingIPDetailsTestJSON:tearDownClass): 204 DELETE http://10.180.1.21/identity/v3/projects/ea3a29ca1b3e43f5819e0c41bedf780d 0.266s
2025-04-21 14:21:45.926 70048 INFO tempest.lib.common.rest_client [req-0cecd5ac-0b88-461d-a20f-fb13c3c13432 req-0cecd5ac-0b88-461d-a20f-fb13c3c13432 ] Request (ServersTestManualDisk:setUpClass): 201 POST http://10.180.1.21/identity/v3/auth/tokens 0.217s
2025-04-21 14:21:45.954 70028 INFO tempest.lib.common.rest_client [req-e28266ab-dda5-4fad-a7a0-ae5d8796e2cc req-e28266ab-dda5-4fad-a7a0-ae5d8796e2cc ] Request (ListImagesTestJSON:setUpClass): 201 POST http://10.180.1.21/identity/v3/auth/tokens 0.226s
2025-04-21 14:21:45.980 70048 INFO tempest.lib.common.rest_client [req-a93808a5-5474-4a60-852c-ba7ecf5891e7 req-a93808a5-5474-4a60-852c-ba7ecf5891e7 ] Request (ServersTestManualDisk:setUpClass): 200 GET http://10.180.1.21/identity/v3/domains?name=Default 0.054s
2025-04-21 14:21:45.989 70076 INFO tempest.lib.common.rest_client [req-60e87187-a680-4129-a3bc-8bf6a6e6885a req-60e87187-a680-4129-a3bc-8bf6a6e6885a ] Request (HypervisorAdminV228Test:tearDownClass): 200 GET http://10.180.1.21:9696/networking/v2.0/security-groups?tenant_id=5704ba1dc09c45d8af85c050944232bb&name=default 0.319s
2025-04-21 14:21:46.000 70028 INFO tempest.lib.common.rest_client [req-19629be7-c55b-4175-b9f8-98fb4a8a349d req-19629be7-c55b-4175-b9f8-98fb4a8a349d ] Request (ListImagesTestJSON:setUpClass): 201 POST http://10.180.1.21/identity/v3/auth/tokens 0.044s
