2025-04-21 14:22:56.174 70042 INFO tempest.lib.common.rest_client [req-25c3177d-d9d0-4e97-8291-10ef651063a3 req-25c3177d-d9d0-4e97-8291-10ef651063a3 ] Request (ServersAdminTestJSON:test_create_server_with_scheduling_hint): 200 GET http://10.180.1.21/compute/v2.1/servers/a2f63117-16e6-4c33-a0b1-48ab2b5faf8e 0.096s
2025-04-21 14:22:56.222 70034 INFO tempest.lib.common.rest_client [req-0e64fef2-8a63-46bc-aaa8-2a968888a888 req-0e64fef2-8a63-46bc-aaa8-2a968888a888 ] Request (ServersTestMultiNic:test_verify_duplicate_network_nics): 200 GET http://10.180.1.21/compute/v2.1/servers/8ca899ab-8f2f-4de0-a91c-602d7c497315 0.086s
2025-04-21 14:22:56.269 70062 INFO tempest.lib.common.rest_client [req-6b03a768-47fb-4ddc-8b57-186ec8ff6bd3 req-6b03a768-47fb-4ddc-8b57-186ec8ff6bd3 ] Request (ServerMetadataNegativeTestJSON:setUpClass): 200 GET http://10.180.1.21/compute/v2.1/servers/81711994-e06d-4361-9df7-d0e8293793f4 0.115s
2025-04-21 14:22:56.340 70087 INFO tempest.lib.common.rest_client [req-40019c0d-d783-4b40-8621-83bd503b7e74 req-40019c0d-d783-4b40-8621-83bd503b7e74 ] Request (ServerShowV254Test:test_rebuild_server): 200 GET http://10.180.1.21/compute/v2.1/servers/1f5fb1f2-7ad9-46e7-9f8a-9f11adacc1e7 0.112s
2025-04-21 14:22:56.349 70087 INFO tempest.common.waiters [-] State transition "BUILD/scheduling" ==> "BUILD/None" after 33 second wait
2025-04-21 14:22:56.392 70032 INFO tempest.lib.common.rest_client [req-bca196d9-47ec-432e-b776-4218dc3f5fee req-bca196d9-47ec-432e-b776-4218dc3f5fee ] Request (ServerRescueTestJSONUnderV235:setUpClass): 200 GET http://10.180.1.21/compute/v2.1/servers/dcc846cd-4ce5-41e6-a419-d85d964e9f79 0.098s
2025-04-21 14:22:56.444 70044 INFO tempest.lib.common.rest_client [req-7459b3ac-c321-47aa-8025-a0b7b8293031 req-7459b3ac-c321-47aa-8025-a0b7b8293031 ] Request (DeleteServersAdminTestJSON:test_delete_server_while_in_error_state): 200 GET http://10.180.1.21/compute/v2.1/servers/7a1b9ecd-9646-4e90-8992-7f3253695b6f 0.078s
2025-04-21 14:22:56.550 70047 INFO tempest.lib.common.rest_client [req-3ce514c9-a23a-4cdc-94f2-d1197f7f7eb8 req-3ce514c9-a23a-4cdc-94f2-d1197f7f7eb8 ] Request (ImagesOneServerTestJSON:test_create_image_specify_multibyte_character_image_name): 202 POST http://10.180.1.21/compute/v2.1/servers/b2d28914-de45-41cd-9b0c-f5f05b591151/action 0.427s
2025-04-21 14:22:56.602 70040 INFO tempest.lib.common.rest_client [req-96069933-007e-4359-a47a-49b8cadd31ac req-96069933-007e-4359-a47a-49b8cadd31ac ] Request (InstanceActionsNegativeTestJSON:setUpClass): 200 GET http://10.180.1.21/compute/v2.1/servers/c7bb457d-14bd-4aea-aa10-6051b1f042f6 0.201s
2025-04-21 14:22:56.614 70040 INFO tempest.common.waiters [-] State transition "BUILD/block_device_mapping" ==> "BUILD/spawning" after 48 second wait
2025-04-21 14:22:56.616 70030 INFO tempest.lib.common.rest_client [req-efbbc4b9-abd9-4b1a-90a0-71c8cdd47af8 req-efbbc4b9-abd9-4b1a-90a0-71c8cdd47af8 ] Request (ImagesOneServerNegativeTestJSON:_run_cleanups): 200 GET http://10.180.1.21/compute/v2.1/servers/2cf6c894-903e-45b7-a962-f1f83638ab31 0.185s
2025-04-21 14:22:56.651 70047 INFO tempest.lib.common.rest_client [req-b4e33f15-0be0-44a8-aa51-6146829b77c5 req-b4e33f15-0be0-44a8-aa51-6146829b77c5 ] Request (ImagesOneServerTestJSON:test_create_image_specify_multibyte_character_image_name): 200 GET http://10.180.1.21/compute/v2.1/images/73e4fdd1-1890-44e1-8e57-5add11fa7ba3 0.097s
2025-04-21 14:22:56.671 70026 INFO tempest.lib.common.rest_client [req-863f2ed6-10d7-48f6-a9be-7abcf64e8236 req-863f2ed6-10d7-48f6-a9be-7abcf64e8236 ] Request (ServerGroupTestJSON:_run_cleanups): 200 GET http://10.180.1.21/compute/v2.1/servers/9a6d7008-c038-4e29-9d44-0773720c91ad 0.157s
2025-04-21 14:22:56.757 70074 INFO tempest.lib.common.rest_client [req-98c1cb05-7b94-45bc-84ac-7764d781300e req-98c1cb05-7b94-45bc-84ac-7764d781300e ] Request (ImagesTestJSON:test_create_image_from_suspended_server): 200 GET http://10.180.1.21/compute/v2.1/servers/cab958a0-2481-4ea6-995b-13b7f5a7cea1 0.197s
2025-04-21 14:22:56.825 70038 INFO tempest.lib.common.rest_client [req-01b83849-b764-469d-ab50-fdeec06c6c61 req-01b83849-b764-469d-ab50-fdeec06c6c61 ] Request (VolumesAdminNegativeTest:test_update_attached_volume_with_nonexistent_volume_in_body): 200 GET http://10.180.1.21/compute/v2.1/servers/e836ad49-6776-4512-94c2-67a095eeebe6 0.215s
2025-04-21 14:22:56.830 70065 INFO tempest.lib.common.rest_client [req-aa3c2513-c48d-4be5-ac18-0ac252f68fd2 req-aa3c2513-c48d-4be5-ac18-0ac252f68fd2 ] Request (ServerActionsV293TestJSON:setUpClass): 200 GET http://10.180.1.21/compute/v2.1/servers/cab0b055-8cc8-42c4-bdac-b29252d9b2cb 0.275s
2025-04-21 14:22:56.887 70060 INFO tempest.lib.common.rest_client [req-8427e239-9cee-49c9-945d-e110de4075c3 req-8427e239-9cee-49c9-945d-e110de4075c3 ] Request (AttachInterfacesUnderV243Test:test_add_remove_fixed_ip): 200 GET http://10.180.1.21/compute/v2.1/servers/849db371-fc20-47d4-b1e0-159455f77845 0.273s
2025-04-21 14:22:56.896 70024 INFO tempest.lib.common.rest_client [req-017b6512-2a9b-4ec3-bcf4-98654c1c4aaf req-017b6512-2a9b-4ec3-bcf4-98654c1c4aaf ] Request (ServerDiagnosticsV248Test:test_get_server_diagnostics): 200 GET http://10.180.1.21/compute/v2.1/servers/7cacd294-cab8-49d5-8f6b-df191b81685e 0.231s
2025-04-21 14:22:56.917 70083 INFO tempest.lib.common.rest_client [req-a15bb113-a35c-4f70-abc9-d2dbab9c748f req-a15bb113-a35c-4f70-abc9-d2dbab9c748f ] Request (ServerTagsTestJSON:tearDownClass): 404 GET http://10.180.1.21/compute/v2.1/servers/c183848a-2b6a-40de-a696-8ca9eb65ea9b 0.233s
2025-04-21 14:22:56.974 70050 INFO tempest.lib.common.rest_client [req-5b1f2c1a-1670-4a38-af69-19e51d0cf378 req-5b1f2c1a-1670-4a38-af69-19e51d0cf378 ] Request (ListServersNegativeTestJSON:tearDownClass): 200 GET http://10.180.1.21/compute/v2.1/servers/d666d38b-4e9e-4b05-b266-f280c3a0a768 0.250s
2025-04-21 14:22:56.985 70080 INFO tempest.lib.common.rest_client [req-64525bdf-9303-4beb-9363-84010ea8cb1e req-64525bdf-9303-4beb-9363-84010ea8cb1e ] Request (ServersAdminNegativeTestJSON:test_migrate_server_invalid_state): 200 GET http://10.180.1.21/compute/v2.1/servers/97ce2deb-7b93-4ff6-9f01-185cef8d6516 0.235s
2025-04-21 14:22:57.056 70058 INFO tempest.lib.common.rest_client [req-5238135a-d1e8-47d2-8daf-16f825be4731 req-5238135a-d1e8-47d2-8daf-16f825be4731 ] Request (ServerDiagnosticsTest:test_get_server_diagnostics): 200 GET http://10.180.1.21/compute/v2.1/servers/ef6e9895-d55a-40f3-b273-abdc23e3eff5 0.118s
2025-04-21 14:22:57.063 70085 INFO tempest.lib.common.rest_client [req-8c7341af-2ce8-44bc-8c3f-f37e57d08009 req-8c7341af-2ce8-44bc-8c3f-f37e57d08009 ] Request (ServersListShow298Test:test_list_show_update_rebuild_server_298): 200 GET http://10.180.1.21/compute/v2.1/servers/1704e568-0bc9-41c2-96e8-a45ed3d81534 0.277s
2025-04-21 14:22:57.111 70054 INFO tempest.lib.common.rest_client [req-81f023f4-68c2-401e-b6f0-edc76a92cea1 req-81f023f4-68c2-401e-b6f0-edc76a92cea1 ] Request (MultipleCreateTestJSON:test_multiple_create): 200 GET http://10.180.1.21/compute/v2.1/servers/c8fe9c05-5c00-4e5a-a4ba-099ab5a5e617 0.107s
2025-04-21 14:22:57.197 70079 INFO tempest.lib.common.rest_client [req-714a1f70-bf2b-4bc6-8966-1a8968971665 req-714a1f70-bf2b-4bc6-8966-1a8968971665 ] Request (ImagesNegativeTestJSON:test_create_image_from_deleted_server): 200 GET http://10.180.1.21/compute/v2.1/servers/3dda3878-05f3-40fa-a6d0-e793f98b2ea5 0.061s
2025-04-21 14:22:57.237 70072 INFO tempest.lib.common.rest_client [req-02dd33f4-58f9-4a18-8894-138b94cb45ef req-02dd33f4-58f9-4a18-8894-138b94cb45ef ] Request (MigrationsAdminTest:test_list_migrations_in_flavor_resize_situation): 200 GET http://10.180.1.21/compute/v2.1/servers/5d375ddb-f946-42ef-b862-258483104c67 0.129s
2025-04-21 14:22:57.262 70042 INFO tempest.lib.common.rest_client [req-fa39bf02-1a8f-42b3-a1a9-a1296c24f5bb req-fa39bf02-1a8f-42b3-a1a9-a1296c24f5bb ] Request (ServersAdminTestJSON:test_create_server_with_scheduling_hint): 200 GET http://10.180.1.21/compute/v2.1/servers/a2f63117-16e6-4c33-a0b1-48ab2b5faf8e 0.080s
2025-04-21 14:22:57.302 70034 INFO tempest.lib.common.rest_client [req-def5b8fd-e819-4596-a155-c75319e160e1 req-def5b8fd-e819-4596-a155-c75319e160e1 ] Request (ServersTestMultiNic:test_verify_duplicate_network_nics): 200 GET http://10.180.1.21/compute/v2.1/servers/8ca899ab-8f2f-4de0-a91c-602d7c497315 0.069s
2025-04-21 14:22:57.325 70062 INFO tempest.lib.common.rest_client [req-df8e1efe-7ba4-4cba-a12b-98b785cb18a3 req-df8e1efe-7ba4-4cba-a12b-98b785cb18a3 ] Request (ServerMetadataNegativeTestJSON:setUpClass): 200 GET http://10.180.1.21/compute/v2.1/servers/81711994-e06d-4361-9df7-d0e8293793f4 0.048s
2025-04-21 14:22:57.417 70087 INFO tempest.lib.common.rest_client [req-62760b05-8b1d-4cd0-bd42-49b2266532a4 req-62760b05-8b1d-4cd0-bd42-49b2266532a4 ] Request (ServerShowV254Test:test_rebuild_server): 200 GET http://10.180.1.21/compute/v2.1/servers/1f5fb1f2-7ad9-46e7-9f8a-9f11adacc1e7 0.066s
2025-04-21 14:22:57.458 70032 INFO tempest.lib.common.rest_client [req-95fecc1e-e837-4d10-8dc7-25ed36084486 req-95fecc1e-e837-4d10-8dc7-25ed36084486 ] Request (ServerRescueTestJSONUnderV235:setUpClass): 200 GET http://10.180.1.21/compute/v2.1/servers/dcc846cd-4ce5-41e6-a419-d85d964e9f79 0.056s
2025-04-21 14:22:57.516 70044 INFO tempest.lib.common.rest_client [req-83f35abd-d760-48b7-a33f-35a432fa831b req-83f35abd-d760-48b7-a33f-35a432fa831b ] Request (DeleteServersAdminTestJSON:test_delete_server_while_in_error_state): 200 GET http://10.180.1.21/compute/v2.1/servers/7a1b9ecd-9646-4e90-8992-7f3253695b6f 0.062s
2025-04-21 14:22:57.718 70030 INFO tempest.lib.common.rest_client [req-972b615e-db9c-4142-947c-d3d8a538cccb req-972b615e-db9c-4142-947c-d3d8a538cccb ] Request (ImagesOneServerNegativeTestJSON:_run_cleanups): 200 GET http://10.180.1.21/compute/v2.1/servers/2cf6c894-903e-45b7-a962-f1f83638ab31 0.094s
2025-04-21 14:22:57.765 70047 INFO tempest.lib.common.rest_client [req-b137d33b-e4c9-42c0-888e-9cf0cf938f25 req-b137d33b-e4c9-42c0-888e-9cf0cf938f25 ] Request (ImagesOneServerTestJSON:test_create_image_specify_multibyte_character_image_name): 200 GET http://10.180.1.21/compute/v2.1/images/73e4fdd1-1890-44e1-8e57-5add11fa7ba3 0.105s
2025-04-21 14:22:57.780 70040 INFO tempest.lib.common.rest_client [req-ee3a3b5e-4be8-4d86-b543-90c43ce7c4f8 req-ee3a3b5e-4be8-4d86-b543-90c43ce7c4f8 ] Request (InstanceActionsNegativeTestJSON:setUpClass): 200 GET http://10.180.1.21/compute/v2.1/servers/c7bb457d-14bd-4aea-aa10-6051b1f042f6 0.164s
2025-04-21 14:22:57.819 70048 WARNING tempest.lib.common.ssh [-] Failed to establish authenticated ssh connection to cirros@10.180.180.234 ([Errno None] Unable to connect to port 22 on 10.180.180.234). Number attempts: 2. Retry after 3 seconds.: paramiko.ssh_exception.NoValidConnectionsError: [Errno None] Unable to connect to port 22 on 10.180.180.234
2025-04-21 14:22:57.845 70074 INFO tempest.lib.common.rest_client [req-647cc797-7d78-4dff-b1b4-e8ab33151f6d req-647cc797-7d78-4dff-b1b4-e8ab33151f6d ] Request (ImagesTestJSON:test_create_image_from_suspended_server): 200 GET http://10.180.1.21/compute/v2.1/servers/cab958a0-2481-4ea6-995b-13b7f5a7cea1 0.073s
2025-04-21 14:22:57.854 70083 INFO tempest.lib.common.rest_client [req-b0651631-cba0-431b-a966-16e8ac7a39dd req-b0651631-cba0-431b-a966-16e8ac7a39dd ] Request (ServerTagsTestJSON:tearDownClass): 200 PUT http://10.180.1.21:9696/networking/v2.0/routers/731c792f-38c4-4cb8-8f71-f57428d44246/remove_router_interface 0.936s
2025-04-21 14:22:57.855 70026 INFO tempest.lib.common.rest_client [req-3b8926a1-cd71-4684-bdd7-0482197b5e3f req-3b8926a1-cd71-4684-bdd7-0482197b5e3f ] Request (ServerGroupTestJSON:_run_cleanups): 200 GET http://10.180.1.21/compute/v2.1/servers/9a6d7008-c038-4e29-9d44-0773720c91ad 0.171s
2025-04-21 14:22:57.912 70038 INFO tempest.lib.common.rest_client [req-d04d0893-ac16-42df-8604-c679985566e1 req-d04d0893-ac16-42df-8604-c679985566e1 ] Request (VolumesAdminNegativeTest:test_update_attached_volume_with_nonexistent_volume_in_body): 200 GET http://10.180.1.21/compute/v2.1/servers/e836ad49-6776-4512-94c2-67a095eeebe6 0.078s
2025-04-21 14:22:57.978 70060 INFO tempest.lib.common.rest_client [req-76854876-4017-4462-8705-6633ca8e8692 req-76854876-4017-4462-8705-6633ca8e8692 ] Request (AttachInterfacesUnderV243Test:test_add_remove_fixed_ip): 200 GET http://10.180.1.21/compute/v2.1/servers/849db371-fc20-47d4-b1e0-159455f77845 0.079s
2025-04-21 14:22:58.026 70065 INFO tempest.lib.common.rest_client [req-dbc3fb96-dc3b-49d8-8847-fde8d8af20cb req-dbc3fb96-dc3b-49d8-8847-fde8d8af20cb ] Request (ServerActionsV293TestJSON:setUpClass): 200 GET http://10.180.1.21/compute/v2.1/servers/cab0b055-8cc8-42c4-bdac-b29252d9b2cb 0.183s
2025-04-21 14:22:58.040 70024 INFO tempest.lib.common.rest_client [req-6cb7a41c-1800-4da9-a3e6-ceab68ac8df8 req-6cb7a41c-1800-4da9-a3e6-ceab68ac8df8 ] Request (ServerDiagnosticsV248Test:test_get_server_diagnostics): 200 GET http://10.180.1.21/compute/v2.1/servers/7cacd294-cab8-49d5-8f6b-df191b81685e 0.134s
2025-04-21 14:22:58.095 70080 INFO tempest.lib.common.rest_client [req-dfe64773-75e0-43a6-8722-f7776e41fbff req-dfe64773-75e0-43a6-8722-f7776e41fbff ] Request (ServersAdminNegativeTestJSON:test_migrate_server_invalid_state): 200 GET http://10.180.1.21/compute/v2.1/servers/97ce2deb-7b93-4ff6-9f01-185cef8d6516 0.099s
2025-04-21 14:22:58.117 70050 INFO tempest.lib.common.rest_client [req-f4b0c2ff-c2cf-4cab-a466-befea12efbb9 req-f4b0c2ff-c2cf-4cab-a466-befea12efbb9 ] Request (ListServersNegativeTestJSON:tearDownClass): 200 GET http://10.180.1.21/compute/v2.1/servers/d666d38b-4e9e-4b05-b266-f280c3a0a768 0.132s
2025-04-21 14:22:58.160 70058 INFO tempest.lib.common.rest_client [req-8f2b3618-c6a4-4316-8491-b76475b48009 req-8f2b3618-c6a4-4316-8491-b76475b48009 ] Request (ServerDiagnosticsTest:test_get_server_diagnostics): 200 GET http://10.180.1.21/compute/v2.1/servers/ef6e9895-d55a-40f3-b273-abdc23e3eff5 0.094s
2025-04-21 14:22:58.195 70085 INFO tempest.lib.common.rest_client [req-7de7d6a1-c4ff-40b5-a884-cd038031f251 req-7de7d6a1-c4ff-40b5-a884-cd038031f251 ] Request (ServersListShow298Test:test_list_show_update_rebuild_server_298): 200 GET http://10.180.1.21/compute/v2.1/servers/1704e568-0bc9-41c2-96e8-a45ed3d81534 0.116s
2025-04-21 14:22:58.232 70054 INFO tempest.lib.common.rest_client [req-a12dfc94-4c87-486f-99b1-c04c88006a51 req-a12dfc94-4c87-486f-99b1-c04c88006a51 ] Request (MultipleCreateTestJSON:test_multiple_create): 200 GET http://10.180.1.21/compute/v2.1/servers/c8fe9c05-5c00-4e5a-a4ba-099ab5a5e617 0.112s
2025-04-21 14:22:58.369 70083 INFO tempest.lib.common.rest_client [req-412e7643-fb6c-4ccd-8374-7d3dc2657840 req-412e7643-fb6c-4ccd-8374-7d3dc2657840 ] Request (ServerTagsTestJSON:tearDownClass): 204 DELETE http://10.180.1.21:9696/networking/v2.0/routers/731c792f-38c4-4cb8-8f71-f57428d44246 0.514s
2025-04-21 14:22:58.502 70083 INFO tempest.lib.common.rest_client [req-921c7cb7-ae37-4fa6-aa99-5b8791bba6d0 req-921c7cb7-ae37-4fa6-aa99-5b8791bba6d0 ] Request (ServerTagsTestJSON:tearDownClass): 204 DELETE http://10.180.1.21:9696/networking/v2.0/subnets/b9cdf713-0219-44ff-964a-5231d75f92d5 0.133s
2025-04-21 14:22:58.542 70079 INFO tempest.lib.common.rest_client [req-0ec78523-a39d-418d-9d52-199cf4789b63 req-0ec78523-a39d-418d-9d52-199cf4789b63 ] Request (ImagesNegativeTestJSON:test_create_image_from_deleted_server): 200 GET http://10.180.1.21/compute/v2.1/servers/3dda3878-05f3-40fa-a6d0-e793f98b2ea5 0.335s
2025-04-21 14:22:58.636 70042 INFO tempest.lib.common.rest_client [req-c72d64bb-62ea-4c48-ad0e-ca54d6d5ee15 req-c72d64bb-62ea-4c48-ad0e-ca54d6d5ee15 ] Request (ServersAdminTestJSON:test_create_server_with_scheduling_hint): 200 GET http://10.180.1.21/compute/v2.1/servers/a2f63117-16e6-4c33-a0b1-48ab2b5faf8e 0.364s
2025-04-21 14:22:58.676 70072 INFO tempest.lib.common.rest_client [req-16bed75f-b205-43e2-99d8-7142cf332355 req-16bed75f-b205-43e2-99d8-7142cf332355 ] Request (MigrationsAdminTest:test_list_migrations_in_flavor_resize_situation): 200 GET http://10.180.1.21/compute/v2.1/servers/5d375ddb-f946-42ef-b862-258483104c67 0.418s
2025-04-21 14:22:58.713 70034 INFO tempest.lib.common.rest_client [req-879a0a85-756e-4641-b90e-b901231e0e76 req-879a0a85-756e-4641-b90e-b901231e0e76 ] Request (ServersTestMultiNic:test_verify_duplicate_network_nics): 200 GET http://10.180.1.21/compute/v2.1/servers/8ca899ab-8f2f-4de0-a91c-602d7c497315 0.403s
2025-04-21 14:22:58.742 70062 INFO tempest.lib.common.rest_client [req-6af007eb-de38-42c1-b1ce-3021e70a7b45 req-6af007eb-de38-42c1-b1ce-3021e70a7b45 ] Request (ServerMetadataNegativeTestJSON:setUpClass): 200 GET http://10.180.1.21/compute/v2.1/servers/81711994-e06d-4361-9df7-d0e8293793f4 0.410s
2025-04-21 14:22:58.743 70083 INFO tempest.lib.common.rest_client [req-3b373816-d2ad-4ef7-ab03-15f5d963f5e2 req-3b373816-d2ad-4ef7-ab03-15f5d963f5e2 ] Request (ServerTagsTestJSON:tearDownClass): 204 DELETE http://10.180.1.21:9696/networking/v2.0/networks/0702a089-e9c0-4934-ae6c-99ba71d3652a 0.241s
2025-04-21 14:22:58.784 70087 INFO tempest.lib.common.rest_client [req-9f2e6155-8046-4f9c-aa78-dfb988f177e4 req-9f2e6155-8046-4f9c-aa78-dfb988f177e4 ] Request (ServerShowV254Test:test_rebuild_server): 200 GET http://10.180.1.21/compute/v2.1/servers/1f5fb1f2-7ad9-46e7-9f8a-9f11adacc1e7 0.356s
2025-04-21 14:22:58.814 70032 INFO tempest.lib.common.rest_client [req-f530d9f5-e939-495d-b795-2229cd7e1fda req-f530d9f5-e939-495d-b795-2229cd7e1fda ] Request (ServerRescueTestJSONUnderV235:setUpClass): 200 GET http://10.180.1.21/compute/v2.1/servers/dcc846cd-4ce5-41e6-a419-d85d964e9f79 0.348s
2025-04-21 14:22:58.849 70083 INFO tempest.lib.common.rest_client [req-a6e9ef09-1fa6-4caf-b72c-706b7b415318 req-a6e9ef09-1fa6-4caf-b72c-706b7b415318 ] Request (ServerTagsTestJSON:tearDownClass): 204 DELETE http://10.180.1.21/identity/v3/users/f25d30706dd84814bd66598a1fc65f3f 0.105s
2025-04-21 14:22:58.849 70083 INFO tempest.lib.common.dynamic_creds [-] Deleting project and security group for project: 0c4c75202006415e8e0be1dc66324443
2025-04-21 14:22:58.875 70083 INFO tempest.lib.common.rest_client [req-47d6053c-59bd-4af8-a4f8-7488ecca63ff req-47d6053c-59bd-4af8-a4f8-7488ecca63ff ] Request (ServerTagsTestJSON:tearDownClass): 200 GET http://10.180.1.21:9696/networking/v2.0/security-groups?tenant_id=0c4c75202006415e8e0be1dc66324443&name=default 0.026s
2025-04-21 14:22:58.875 70044 INFO tempest.lib.common.rest_client [req-1d0c5365-b610-402b-90d4-d2682089a0d2 req-1d0c5365-b610-402b-90d4-d2682089a0d2 ] Request (DeleteServersAdminTestJSON:test_delete_server_while_in_error_state): 200 GET http://10.180.1.21/compute/v2.1/servers/7a1b9ecd-9646-4e90-8992-7f3253695b6f 0.352s
2025-04-21 14:22:58.877 70030 INFO tempest.lib.common.rest_client [req-b6539210-dd12-4317-89ec-67be76145bc4 req-b6539210-dd12-4317-89ec-67be76145bc4 ] Request (ImagesOneServerNegativeTestJSON:_run_cleanups): 200 GET http://10.180.1.21/compute/v2.1/servers/2cf6c894-903e-45b7-a962-f1f83638ab31 0.151s
2025-04-21 14:22:58.906 70068 WARNING tempest.lib.common.ssh [-] Failed to establish authenticated ssh connection to cirros@10.180.180.169 ([Errno None] Unable to connect to port 22 on 10.180.180.169). Number attempts: 2. Retry after 3 seconds.: paramiko.ssh_exception.NoValidConnectionsError: [Errno None] Unable to connect to port 22 on 10.180.180.169
2025-04-21 14:22:58.913 70047 INFO tempest.lib.common.rest_client [req-9f434f7c-0fed-4b44-9fa0-f43915a07a8e req-9f434f7c-0fed-4b44-9fa0-f43915a07a8e ] Request (ImagesOneServerTestJSON:test_create_image_specify_multibyte_character_image_name): 200 GET http://10.180.1.21/compute/v2.1/images/73e4fdd1-1890-44e1-8e57-5add11fa7ba3 0.138s
2025-04-21 14:22:58.987 70074 INFO tempest.lib.common.rest_client [req-3feefabc-4881-4707-b84a-c80809b3e766 req-3feefabc-4881-4707-b84a-c80809b3e766 ] Request (ImagesTestJSON:test_create_image_from_suspended_server): 200 GET http://10.180.1.21/compute/v2.1/servers/cab958a0-2481-4ea6-995b-13b7f5a7cea1 0.133s
2025-04-21 14:22:59.007 70040 INFO tempest.lib.common.rest_client [req-91c87e21-6fb5-4483-b405-a4dd85d1aeb4 req-91c87e21-6fb5-4483-b405-a4dd85d1aeb4 ] Request (InstanceActionsNegativeTestJSON:setUpClass): 200 GET http://10.180.1.21/compute/v2.1/servers/c7bb457d-14bd-4aea-aa10-6051b1f042f6 0.213s
2025-04-21 14:22:59.009 70083 INFO tempest.lib.common.rest_client [req-6cfe1a68-3997-44a6-a954-8326af612311 req-6cfe1a68-3997-44a6-a954-8326af612311 ] Request (ServerTagsTestJSON:tearDownClass): 204 DELETE http://10.180.1.21:9696/networking/v2.0/security-groups/c3351912-dc00-4670-aff5-89a7840fae95 0.133s
2025-04-21 14:22:59.050 70026 INFO tempest.lib.common.rest_client [req-4c7f58e2-838a-4bff-ae40-7436c270868a req-4c7f58e2-838a-4bff-ae40-7436c270868a ] Request (ServerGroupTestJSON:_run_cleanups): 200 GET http://10.180.1.21/compute/v2.1/servers/9a6d7008-c038-4e29-9d44-0773720c91ad 0.185s
2025-04-21 14:22:59.070 70038 INFO tempest.lib.common.rest_client [req-5fcb5503-0931-43b9-ac17-db7a552e1a2b req-5fcb5503-0931-43b9-ac17-db7a552e1a2b ] Request (VolumesAdminNegativeTest:test_update_attached_volume_with_nonexistent_volume_in_body): 200 GET http://10.180.1.21/compute/v2.1/servers/e836ad49-6776-4512-94c2-67a095eeebe6 0.146s
2025-04-21 14:22:59.118 70060 INFO tempest.lib.common.rest_client [req-aed5a6d4-19e8-4df0-ad1a-3b0ddee80d89 req-aed5a6d4-19e8-4df0-ad1a-3b0ddee80d89 ] Request (AttachInterfacesUnderV243Test:test_add_remove_fixed_ip): 200 GET http://10.180.1.21/compute/v2.1/servers/849db371-fc20-47d4-b1e0-159455f77845 0.129s
2025-04-21 14:22:59.123 70083 INFO tempest.lib.common.rest_client [req-3b6df290-d4d0-493d-a09d-4f29fa89214e req-3b6df290-d4d0-493d-a09d-4f29fa89214e ] Request (ServerTagsTestJSON:tearDownClass): 204 DELETE http://10.180.1.21/identity/v3/projects/0c4c75202006415e8e0be1dc66324443 0.113s
2025-04-21 14:22:59.173 70065 INFO tempest.lib.common.rest_client [req-e15d0a5d-510d-4d6d-8770-1c80ea457287 req-e15d0a5d-510d-4d6d-8770-1c80ea457287 ] Request (ServerActionsV293TestJSON:setUpClass): 200 GET http://10.180.1.21/compute/v2.1/servers/cab0b055-8cc8-42c4-bdac-b29252d9b2cb 0.137s
2025-04-21 14:22:59.184 70024 INFO tempest.lib.common.rest_client [req-f3072888-ba26-486f-9da8-b7ab5c560087 req-f3072888-ba26-486f-9da8-b7ab5c560087 ] Request (ServerDiagnosticsV248Test:test_get_server_diagnostics): 200 GET http://10.180.1.21/compute/v2.1/servers/7cacd294-cab8-49d5-8f6b-df191b81685e 0.128s
2025-04-21 14:22:59.187 70083 INFO tempest.lib.common.rest_client [req-159dd450-ea8a-4945-ada0-7fedade951da req-159dd450-ea8a-4945-ada0-7fedade951da ] Request (ServerShowV263Test:setUpClass): 201 POST http://10.180.1.21/identity/v3/auth/tokens 0.062s
2025-04-21 14:22:59.220 70083 INFO tempest.lib.common.rest_client [req-1e0609c2-6768-4fff-b2a1-9d43c34bbd6d req-1e0609c2-6768-4fff-b2a1-9d43c34bbd6d ] Request (ServerShowV263Test:setUpClass): 201 POST http://10.180.1.21/identity/v3/auth/tokens 0.030s
2025-04-21 14:22:59.223 70080 INFO tempest.lib.common.rest_client [req-8d1caaea-a296-4750-8c67-7dd008e37786 req-8d1caaea-a296-4750-8c67-7dd008e37786 ] Request (ServersAdminNegativeTestJSON:test_migrate_server_invalid_state): 200 GET http://10.180.1.21/compute/v2.1/servers/97ce2deb-7b93-4ff6-9f01-185cef8d6516 0.116s
2025-04-21 14:22:59.240 70050 INFO tempest.lib.common.rest_client [req-72753f2c-570c-4d64-8613-a6b0f23797f2 req-72753f2c-570c-4d64-8613-a6b0f23797f2 ] Request (ListServersNegativeTestJSON:tearDownClass): 200 GET http://10.180.1.21/compute/v2.1/servers/d666d38b-4e9e-4b05-b266-f280c3a0a768 0.110s
2025-04-21 14:22:59.249 70083 INFO tempest.lib.common.rest_client [req-fd21ea69-ddc1-4185-899b-d9833bcf4494 req-fd21ea69-ddc1-4185-899b-d9833bcf4494 ] Request (ServerShowV263Test:setUpClass): 200 GET http://10.180.1.21/identity/v3/domains?name=Default 0.028s
2025-04-21 14:22:59.272 70058 INFO tempest.lib.common.rest_client [req-6ab4653b-9c07-4af3-afb1-948f10117a40 req-6ab4653b-9c07-4af3-afb1-948f10117a40 ] Request (ServerDiagnosticsTest:test_get_server_diagnostics): 200 GET http://10.180.1.21/compute/v2.1/servers/ef6e9895-d55a-40f3-b273-abdc23e3eff5 0.102s
2025-04-21 14:22:59.287 70083 INFO tempest.lib.common.rest_client [req-575e5cde-acf2-4901-bbf7-457c01da5438 req-575e5cde-acf2-4901-bbf7-457c01da5438 ] Request (ServerShowV263Test:setUpClass): 201 POST http://10.180.1.21/identity/v3/projects 0.037s
2025-04-21 14:22:59.297 70085 INFO tempest.lib.common.rest_client [req-63f9e5c0-29bf-4540-ae6c-9c7797984631 req-63f9e5c0-29bf-4540-ae6c-9c7797984631 ] Request (ServersListShow298Test:test_list_show_update_rebuild_server_298): 200 GET http://10.180.1.21/compute/v2.1/servers/1704e568-0bc9-41c2-96e8-a45ed3d81534 0.089s
2025-04-21 14:22:59.336 70054 INFO tempest.lib.common.rest_client [req-515f9184-de28-489b-a8fa-0969450ac5ac req-515f9184-de28-489b-a8fa-0969450ac5ac ] Request (MultipleCreateTestJSON:test_multiple_create): 200 GET http://10.180.1.21/compute/v2.1/servers/c8fe9c05-5c00-4e5a-a4ba-099ab5a5e617 0.090s
2025-04-21 14:22:59.342 70083 INFO tempest.lib.common.rest_client [req-6fe256e2-09c9-44db-a3ab-754b8509ef4c req-6fe256e2-09c9-44db-a3ab-754b8509ef4c ] Request (ServerShowV263Test:setUpClass): 201 POST http://10.180.1.21/identity/v3/users 0.055s
2025-04-21 14:22:59.363 70083 INFO tempest.lib.common.rest_client [req-b4b59f1f-3fa2-401d-baa7-93e043ec3134 req-b4b59f1f-3fa2-401d-baa7-93e043ec3134 ] Request (ServerShowV263Test:setUpClass): 200 GET http://10.180.1.21/identity/v3/roles 0.020s
2025-04-21 14:22:59.408 70083 INFO tempest.lib.common.rest_client [req-4036fdd6-ddc0-416d-b06d-090e02f0eac3 req-4036fdd6-ddc0-416d-b06d-090e02f0eac3 ] Request (ServerShowV263Test:setUpClass): 204 PUT http://10.180.1.21/identity/v3/projects/6837842a5fcf463bb46355a79036a578/users/21a05195023d4c0bb08ab5d628bdb141/roles/c2a1dac024f1481b8c44c81339fb7cf7 0.045s
2025-04-21 14:22:59.409 70083 INFO tempest.lib.common.dynamic_creds [-] Dynamic test user 21a05195023d4c0bb08ab5d628bdb141 is created with scope project and roles: ['member']
2025-04-21 14:22:59.409 70083 INFO tempest.lib.common.dynamic_creds [-] Acquired dynamic creds: credentials: Credentials: {'domain_id': 'default', 'domain_name': 'Default', 'username': 'tempest-ServerShowV263Test-1513788157-project-member', 'project_domain_id': 'default', 'project_domain_name': 'Default', 'project_id': '6837842a5fcf463bb46355a79036a578', 'project_name': 'tempest-ServerShowV263Test-1513788157', 'tenant_id': '6837842a5fcf463bb46355a79036a578', 'tenant_name': 'tempest-ServerShowV263Test-1513788157', 'user_domain_id': 'default', 'user_domain_name': 'Default', 'user_id': '21a05195023d4c0bb08ab5d628bdb141', 'system': None}, Network: None, Subnet: None, Router: None
2025-04-21 14:22:59.409 70083 INFO tempest.lib.common.dynamic_creds [-] Created isolated network resources for: credentials: Credentials: {'domain_id': 'default', 'domain_name': 'Default', 'username': 'tempest-ServerShowV263Test-1513788157-project-member', 'project_domain_id': 'default', 'project_domain_name': 'Default', 'project_id': '6837842a5fcf463bb46355a79036a578', 'project_name': 'tempest-ServerShowV263Test-1513788157', 'tenant_id': '6837842a5fcf463bb46355a79036a578', 'tenant_name': 'tempest-ServerShowV263Test-1513788157', 'user_domain_id': 'default', 'user_domain_name': 'Default', 'user_id': '21a05195023d4c0bb08ab5d628bdb141', 'system': None}, Network: None, Subnet: None, Router: None
2025-04-21 14:22:59.488 70083 INFO tempest.lib.common.rest_client [req-07b76133-ddbd-417d-978e-af5c3be228d0 req-07b76133-ddbd-417d-978e-af5c3be228d0 ] Request (ServerShowV263Test:setUpClass): 201 POST http://10.180.1.21/identity/v3/auth/tokens 0.075s
2025-04-21 14:22:59.530 70083 INFO tempest.lib.common.rest_client [req-923dea51-eb50-4330-8f93-107ececb1ff0 req-923dea51-eb50-4330-8f93-107ececb1ff0 ] Request (ServerShowV263Test:setUpClass): 200 GET http://10.180.1.21/identity/v3/projects/6837842a5fcf463bb46355a79036a578 0.042s
2025-04-21 14:22:59.531 70083 INFO tempest.lib.common.dynamic_creds [-] Using the existing project 6837842a5fcf463bb46355a79036a578 for scope project and roles: ['reader']
2025-04-21 14:22:59.561 70083 INFO tempest.lib.common.rest_client [req-e0c68d12-bd95-49e4-964f-ca86882e6242 req-e0c68d12-bd95-49e4-964f-ca86882e6242 ] Request (ServerShowV263Test:setUpClass): 201 POST http://10.180.1.21/identity/v3/users 0.030s
2025-04-21 14:22:59.585 70083 INFO tempest.lib.common.rest_client [req-0bbfc6f0-0e8a-4cc4-b877-548bc6e32407 req-0bbfc6f0-0e8a-4cc4-b877-548bc6e32407 ] Request (ServerShowV263Test:setUpClass): 200 GET http://10.180.1.21/identity/v3/roles 0.024s
2025-04-21 14:22:59.611 70083 INFO tempest.lib.common.rest_client [req-aac6d8ae-ff14-4c3e-aba7-770d5af6ea6b req-aac6d8ae-ff14-4c3e-aba7-770d5af6ea6b ] Request (ServerShowV263Test:setUpClass): 204 PUT http://10.180.1.21/identity/v3/projects/6837842a5fcf463bb46355a79036a578/users/f11e55e7bd604608b86f1745799c7dd8/roles/168632b498e34e9b831b4a4e3623832e 0.025s
2025-04-21 14:22:59.612 70083 INFO tempest.lib.common.dynamic_creds [-] Dynamic test user f11e55e7bd604608b86f1745799c7dd8 is created with scope project and roles: ['reader']
2025-04-21 14:22:59.612 70083 INFO tempest.lib.common.dynamic_creds [-] Acquired dynamic creds: credentials: Credentials: {'domain_id': 'default', 'domain_name': 'Default', 'username': 'tempest-ServerShowV263Test-1513788157-project-reader', 'project_domain_id': 'default', 'project_domain_name': 'Default', 'project_id': '6837842a5fcf463bb46355a79036a578', 'project_name': 'tempest-ServerShowV263Test-1513788157', 'tenant_id': '6837842a5fcf463bb46355a79036a578', 'tenant_name': 'tempest-ServerShowV263Test-1513788157', 'user_domain_id': 'default', 'user_domain_name': 'Default', 'user_id': 'f11e55e7bd604608b86f1745799c7dd8', 'system': None}, Network: None, Subnet: None, Router: None
2025-04-21 14:22:59.612 70083 INFO tempest.lib.common.dynamic_creds [-] Network resources are not created for requested scope: project and credentials: Credentials: {'domain_id': 'default', 'domain_name': 'Default', 'username': 'tempest-ServerShowV263Test-1513788157-project-reader', 'project_domain_id': 'default', 'project_domain_name': 'Default', 'project_id': '6837842a5fcf463bb46355a79036a578', 'project_name': 'tempest-ServerShowV263Test-1513788157', 'tenant_id': '6837842a5fcf463bb46355a79036a578', 'tenant_name': 'tempest-ServerShowV263Test-1513788157', 'user_domain_id': 'default', 'user_domain_name': 'Default', 'user_id': 'f11e55e7bd604608b86f1745799c7dd8', 'system': None}, Network: None, Subnet: None, Router: None
2025-04-21 14:22:59.622 70079 INFO tempest.lib.common.rest_client [req-3332a6b1-0c1d-4b1b-b250-d78bac073102 req-3332a6b1-0c1d-4b1b-b250-d78bac073102 ] Request (ImagesNegativeTestJSON:test_create_image_from_deleted_server): 200 GET http://10.180.1.21/compute/v2.1/servers/3dda3878-05f3-40fa-a6d0-e793f98b2ea5 0.071s
2025-04-21 14:22:59.674 70083 INFO tempest.lib.common.rest_client [req-a45f2f09-887a-4192-9f4d-9369eb03a148 req-a45f2f09-887a-4192-9f4d-9369eb03a148 ] Request (ServerShowV263Test:setUpClass): 201 POST http://10.180.1.21/identity/v3/auth/tokens 0.060s
2025-04-21 14:22:59.702 70042 INFO tempest.lib.common.rest_client [req-f7849c9e-dde3-45bf-b811-be53d76658a1 req-f7849c9e-dde3-45bf-b811-be53d76658a1 ] Request (ServersAdminTestJSON:test_create_server_with_scheduling_hint): 200 GET http://10.180.1.21/compute/v2.1/servers/a2f63117-16e6-4c33-a0b1-48ab2b5faf8e 0.054s
2025-04-21 14:22:59.775 70083 INFO tempest.lib.common.rest_client [req-c8332e19-c566-43b8-a770-33074201a50d req-c8332e19-c566-43b8-a770-33074201a50d ] Request (ServerShowV263Test:tearDownClass): 204 DELETE http://10.180.1.21/identity/v3/users/21a05195023d4c0bb08ab5d628bdb141 0.095s
2025-04-21 14:22:59.781 70034 INFO tempest.lib.common.rest_client [req-a1384ffa-8e5c-442c-8cfc-be1ee5669aea req-a1384ffa-8e5c-442c-8cfc-be1ee5669aea ] Request (ServersTestMultiNic:test_verify_duplicate_network_nics): 200 GET http://10.180.1.21/compute/v2.1/servers/8ca899ab-8f2f-4de0-a91c-602d7c497315 0.057s
2025-04-21 14:22:59.808 70072 INFO tempest.lib.common.rest_client [req-bfad24c2-c0df-4300-b557-7beebd0da116 req-bfad24c2-c0df-4300-b557-7beebd0da116 ] Request (MigrationsAdminTest:test_list_migrations_in_flavor_resize_situation): 200 GET http://10.180.1.21/compute/v2.1/servers/5d375ddb-f946-42ef-b862-258483104c67 0.120s
2025-04-21 14:22:59.817 70072 INFO tempest.common.waiters [-] State transition "VERIFY_RESIZE/None" ==> "ACTIVE/None" after 33 second wait
2025-04-21 14:22:59.833 70062 INFO tempest.lib.common.rest_client [req-0468c27d-94c5-4009-8765-184155709416 req-0468c27d-94c5-4009-8765-184155709416 ] Request (ServerMetadataNegativeTestJSON:setUpClass): 200 GET http://10.180.1.21/compute/v2.1/servers/81711994-e06d-4361-9df7-d0e8293793f4 0.077s
2025-04-21 14:22:59.859 70083 INFO tempest.lib.common.rest_client [req-db16ff55-ff62-44ba-a16c-c93bd22d5049 req-db16ff55-ff62-44ba-a16c-c93bd22d5049 ] Request (ServerShowV263Test:tearDownClass): 204 DELETE http://10.180.1.21/identity/v3/users/f11e55e7bd604608b86f1745799c7dd8 0.083s
2025-04-21 14:22:59.859 70083 INFO tempest.lib.common.dynamic_creds [-] Deleting project and security group for project: 6837842a5fcf463bb46355a79036a578
2025-04-21 14:22:59.870 70087 INFO tempest.lib.common.rest_client [req-1e217781-fb10-4677-98bc-27c4dcf22be7 req-1e217781-fb10-4677-98bc-27c4dcf22be7 ] Request (ServerShowV254Test:test_rebuild_server): 200 GET http://10.180.1.21/compute/v2.1/servers/1f5fb1f2-7ad9-46e7-9f8a-9f11adacc1e7 0.075s
2025-04-21 14:22:59.929 70032 INFO tempest.lib.common.rest_client [req-ceaea27a-ef50-421c-9ced-ecb15c11fd25 req-ceaea27a-ef50-421c-9ced-ecb15c11fd25 ] Request (ServerRescueTestJSONUnderV235:setUpClass): 200 GET http://10.180.1.21/compute/v2.1/servers/dcc846cd-4ce5-41e6-a419-d85d964e9f79 0.104s
2025-04-21 14:22:59.929 70083 INFO tempest.lib.common.rest_client [req-677f42fb-712d-4e59-9442-33666fc63cbf req-677f42fb-712d-4e59-9442-33666fc63cbf ] Request (ServerShowV263Test:tearDownClass): 201 POST http://10.180.1.21/identity/v3/auth/tokens 0.070s
2025-04-21 14:22:59.949 70072 INFO tempest.lib.common.rest_client [req-9264e18b-ac47-4ebe-b7fc-6c0750a3828b req-9264e18b-ac47-4ebe-b7fc-6c0750a3828b ] Request (MigrationsAdminTest:test_list_migrations_in_flavor_resize_situation): 200 GET http://10.180.1.21/compute/v2.1/servers/5d375ddb-f946-42ef-b862-258483104c67 0.132s
2025-04-21 14:22:59.978 70044 INFO tempest.lib.common.rest_client [req-e9adf398-e073-4cfc-bda4-dcc3a7338263 req-e9adf398-e073-4cfc-bda4-dcc3a7338263 ] Request (DeleteServersAdminTestJSON:test_delete_server_while_in_error_state): 200 GET http://10.180.1.21/compute/v2.1/servers/7a1b9ecd-9646-4e90-8992-7f3253695b6f 0.095s
2025-04-21 14:23:00.007 70030 INFO tempest.lib.common.rest_client [req-7b52b99d-b857-4ef4-b8f5-02a8dfd44480 req-7b52b99d-b857-4ef4-b8f5-02a8dfd44480 ] Request (ImagesOneServerNegativeTestJSON:_run_cleanups): 200 GET http://10.180.1.21/compute/v2.1/servers/2cf6c894-903e-45b7-a962-f1f83638ab31 0.122s
2025-04-21 14:23:00.015 70047 INFO tempest.lib.common.rest_client [req-5bb829cf-772f-4c79-9343-183c0e8ed59b req-5bb829cf-772f-4c79-9343-183c0e8ed59b ] Request (ImagesOneServerTestJSON:test_create_image_specify_multibyte_character_image_name): 200 GET http://10.180.1.21/compute/v2.1/images/73e4fdd1-1890-44e1-8e57-5add11fa7ba3 0.098s
2025-04-21 14:23:00.051 70072 INFO tempest.lib.common.rest_client [req-bd486834-4888-4b5d-b3b9-87d9dcac31cd req-bd486834-4888-4b5d-b3b9-87d9dcac31cd ] Request (MigrationsAdminTest:test_list_migrations_in_flavor_resize_situation): 200 POST http://10.180.1.21/compute/v2.1/os-keypairs 0.093s
2025-04-21 14:23:00.060 70076 WARNING tempest.lib.common.ssh [-] Failed to establish authenticated ssh connection to cirros@10.180.180.206 ([Errno None] Unable to connect to port 22 on 10.180.180.206). Number attempts: 1. Retry after 2 seconds.: paramiko.ssh_exception.NoValidConnectionsError: [Errno None] Unable to connect to port 22 on 10.180.180.206
2025-04-21 14:23:00.061 70036 WARNING tempest.lib.common.ssh [-] Failed to establish authenticated ssh connection to cirros@10.180.180.244 ([Errno None] Unable to connect to port 22 on 10.180.180.244). Number attempts: 5. Retry after 6 seconds.: paramiko.ssh_exception.NoValidConnectionsError: [Errno None] Unable to connect to port 22 on 10.180.180.244
2025-04-21 14:23:00.076 70074 INFO tempest.lib.common.rest_client [req-bac2cfa8-c16a-4e3d-b4f1-8374b2853823 req-bac2cfa8-c16a-4e3d-b4f1-8374b2853823 ] Request (ImagesTestJSON:test_create_image_from_suspended_server): 200 GET http://10.180.1.21/compute/v2.1/servers/cab958a0-2481-4ea6-995b-13b7f5a7cea1 0.079s
2025-04-21 14:23:00.130 70083 INFO tempest.lib.common.rest_client [req-0086c5b5-2b6c-4117-8bb2-783b2d418500 req-0086c5b5-2b6c-4117-8bb2-783b2d418500 ] Request (ServerShowV263Test:tearDownClass): 200 GET http://10.180.1.21:9696/networking/v2.0/security-groups?tenant_id=6837842a5fcf463bb46355a79036a578&name=default 0.200s
2025-04-21 14:23:00.142 70070 INFO paramiko.transport [-] Connected (version 2.0, client dropbear_2020.81)
2025-04-21 14:23:00.145 70026 INFO tempest.lib.common.rest_client [req-90c9b579-3743-47bb-8ab4-3dc72fa1829e req-90c9b579-3743-47bb-8ab4-3dc72fa1829e ] Request (ServerGroupTestJSON:_run_cleanups): 200 GET http://10.180.1.21/compute/v2.1/servers/9a6d7008-c038-4e29-9d44-0773720c91ad 0.088s
2025-04-21 14:23:00.184 70040 INFO tempest.lib.common.rest_client [req-d68adfba-d8ca-4dbb-8cb7-036ed9370671 req-d68adfba-d8ca-4dbb-8cb7-036ed9370671 ] Request (InstanceActionsNegativeTestJSON:setUpClass): 200 GET http://10.180.1.21/compute/v2.1/servers/c7bb457d-14bd-4aea-aa10-6051b1f042f6 0.168s
2025-04-21 14:23:00.214 70038 INFO tempest.lib.common.rest_client [req-a5e82edc-4a85-411a-a7fa-ed08832d876e req-a5e82edc-4a85-411a-a7fa-ed08832d876e ] Request (VolumesAdminNegativeTest:test_update_attached_volume_with_nonexistent_volume_in_body): 200 GET http://10.180.1.21/compute/v2.1/servers/e836ad49-6776-4512-94c2-67a095eeebe6 0.134s
2025-04-21 14:23:00.230 70072 INFO tempest.lib.common.rest_client [req-93c32cdd-ceba-4a40-b495-d1a8433e579e req-93c32cdd-ceba-4a40-b495-d1a8433e579e ] Request (MigrationsAdminTest:test_list_migrations_in_flavor_resize_situation): 201 POST http://10.180.1.21:9696/networking/v2.0/security-groups 0.174s
2025-04-21 14:23:00.246 70070 INFO paramiko.transport [-] Authentication (publickey) successful!
2025-04-21 14:23:00.246 70070 INFO tempest.lib.common.ssh [-] ssh connection to cirros@10.180.180.242 successfully created
2025-04-21 14:23:00.255 70060 INFO tempest.lib.common.rest_client [req-b8798504-77a6-48fa-b7b5-90c97bb27f89 req-b8798504-77a6-48fa-b7b5-90c97bb27f89 ] Request (AttachInterfacesUnderV243Test:test_add_remove_fixed_ip): 200 GET http://10.180.1.21/compute/v2.1/servers/849db371-fc20-47d4-b1e0-159455f77845 0.130s
2025-04-21 14:23:00.261 70083 INFO tempest.lib.common.rest_client [req-df1645a6-d3a8-4779-a160-277ab56c1e83 req-df1645a6-d3a8-4779-a160-277ab56c1e83 ] Request (ServerShowV263Test:tearDownClass): 204 DELETE http://10.180.1.21:9696/networking/v2.0/security-groups/7959901e-3493-4cc3-a787-b4973c0db8ba 0.130s
2025-04-21 14:23:00.332 70024 INFO tempest.lib.common.rest_client [req-91a61d97-457b-4f91-acf1-ae6d05fd26f7 req-91a61d97-457b-4f91-acf1-ae6d05fd26f7 ] Request (ServerDiagnosticsV248Test:test_get_server_diagnostics): 200 GET http://10.180.1.21/compute/v2.1/servers/7cacd294-cab8-49d5-8f6b-df191b81685e 0.138s
2025-04-21 14:23:00.344 70083 INFO tempest.lib.common.rest_client [req-7a427bf2-337d-475f-b6cf-6d184e4f8ded req-7a427bf2-337d-475f-b6cf-6d184e4f8ded ] Request (ServerShowV263Test:tearDownClass): 204 DELETE http://10.180.1.21/identity/v3/projects/6837842a5fcf463bb46355a79036a578 0.083s
2025-04-21 14:23:00.361 70065 INFO tempest.lib.common.rest_client [req-9b473a2c-cf52-48ed-9a7c-2adaba7c36c4 req-9b473a2c-cf52-48ed-9a7c-2adaba7c36c4 ] Request (ServerActionsV293TestJSON:setUpClass): 200 GET http://10.180.1.21/compute/v2.1/servers/cab0b055-8cc8-42c4-bdac-b29252d9b2cb 0.177s
2025-04-21 14:23:00.401 70080 INFO tempest.lib.common.rest_client [req-a167e831-3d4c-43b7-853b-f2d15de4cdfd req-a167e831-3d4c-43b7-853b-f2d15de4cdfd ] Request (ServersAdminNegativeTestJSON:test_migrate_server_invalid_state): 200 GET http://10.180.1.21/compute/v2.1/servers/97ce2deb-7b93-4ff6-9f01-185cef8d6516 0.170s
2025-04-21 14:23:00.417 70072 INFO tempest.lib.common.rest_client [req-efc73986-6a73-43cf-953b-5329a1b87e93 req-efc73986-6a73-43cf-953b-5329a1b87e93 ] Request (MigrationsAdminTest:test_list_migrations_in_flavor_resize_situation): 201 POST http://10.180.1.21:9696/networking/v2.0/security-group-rules 0.187s
2025-04-21 14:23:00.486 70050 INFO tempest.lib.common.rest_client [req-3ab313fe-ce16-483f-984a-64d809a6929c req-3ab313fe-ce16-483f-984a-64d809a6929c ] Request (ListServersNegativeTestJSON:tearDownClass): 200 GET http://10.180.1.21/compute/v2.1/servers/d666d38b-4e9e-4b05-b266-f280c3a0a768 0.237s
2025-04-21 14:23:00.560 70058 INFO tempest.lib.common.rest_client [req-267b55c4-396d-431b-8b22-ae04fafa8840 req-267b55c4-396d-431b-8b22-ae04fafa8840 ] Request (ServerDiagnosticsTest:test_get_server_diagnostics): 200 GET http://10.180.1.21/compute/v2.1/servers/ef6e9895-d55a-40f3-b273-abdc23e3eff5 0.280s
2025-04-21 14:23:00.591 70072 INFO tempest.lib.common.rest_client [req-c09599fb-3df9-4f41-bea9-25990f48cede req-c09599fb-3df9-4f41-bea9-25990f48cede ] Request (MigrationsAdminTest:test_list_migrations_in_flavor_resize_situation): 201 POST http://10.180.1.21:9696/networking/v2.0/security-group-rules 0.172s
2025-04-21 14:23:00.597 70070 INFO tempest.lib.common.rest_client [req-9fdb1435-894b-4aa5-9518-366414fc450a req-9fdb1435-894b-4aa5-9518-366414fc450a ] Request (ServerActionsTestJSON:setUp): 200 GET http://10.180.1.21/compute/v2.1/servers/24415407-c84b-49fc-a5e6-6b3449da9d0e 0.350s
2025-04-21 14:23:00.633 70085 INFO tempest.lib.common.rest_client [req-3ec15a84-a062-412d-a569-16a43ae38458 req-3ec15a84-a062-412d-a569-16a43ae38458 ] Request (ServersListShow298Test:test_list_show_update_rebuild_server_298): 200 GET http://10.180.1.21/compute/v2.1/servers/1704e568-0bc9-41c2-96e8-a45ed3d81534 0.321s
2025-04-21 14:23:00.661 70054 INFO tempest.lib.common.rest_client [req-5b42fb11-1fb7-4ded-b2ae-e84b859de709 req-5b42fb11-1fb7-4ded-b2ae-e84b859de709 ] Request (MultipleCreateTestJSON:test_multiple_create): 200 GET http://10.180.1.21/compute/v2.1/servers/c8fe9c05-5c00-4e5a-a4ba-099ab5a5e617 0.312s
2025-04-21 14:23:00.722 70070 INFO tempest.lib.common.rest_client [req-7c389491-ce6a-483d-8a56-154c63c08449 req-7c389491-ce6a-483d-8a56-154c63c08449 ] Request (ServerActionsTestJSON:test_lock_unlock_server): 202 POST http://10.180.1.21/compute/v2.1/servers/24415407-c84b-49fc-a5e6-6b3449da9d0e/action 0.116s
2025-04-21 14:23:00.740 70079 INFO tempest.lib.common.rest_client [req-05d26dd7-128d-4924-9f8a-175b9f87fd3a req-05d26dd7-128d-4924-9f8a-175b9f87fd3a ] Request (ImagesNegativeTestJSON:test_create_image_from_deleted_server): 200 GET http://10.180.1.21/compute/v2.1/servers/3dda3878-05f3-40fa-a6d0-e793f98b2ea5 0.110s
2025-04-21 14:23:00.779 70042 INFO tempest.lib.common.rest_client [req-ad39709c-9d55-4032-8f59-902b011637eb req-ad39709c-9d55-4032-8f59-902b011637eb ] Request (ServersAdminTestJSON:test_create_server_with_scheduling_hint): 200 GET http://10.180.1.21/compute/v2.1/servers/a2f63117-16e6-4c33-a0b1-48ab2b5faf8e 0.066s
2025-04-21 14:23:00.857 70034 INFO tempest.lib.common.rest_client [req-120e0a14-86e0-4b0a-94fa-09deeeaf6eed req-120e0a14-86e0-4b0a-94fa-09deeeaf6eed ] Request (ServersTestMultiNic:test_verify_duplicate_network_nics): 200 GET http://10.180.1.21/compute/v2.1/servers/8ca899ab-8f2f-4de0-a91c-602d7c497315 0.067s
2025-04-21 14:23:00.874 70070 INFO tempest.lib.common.rest_client [req-5a7de811-2222-4b91-bb10-ecec8add4dcb req-5a7de811-2222-4b91-bb10-ecec8add4dcb ] Request (ServerActionsTestJSON:test_lock_unlock_server): 200 GET http://10.180.1.21/compute/v2.1/servers/24415407-c84b-49fc-a5e6-6b3449da9d0e 0.152s
2025-04-21 14:23:00.909 70070 INFO tempest.lib.common.rest_client [req-6d4143c7-3ced-47bc-a473-bf4c406a52f5 req-6d4143c7-3ced-47bc-a473-bf4c406a52f5 ] Request (ServerActionsTestJSON:test_lock_unlock_server): 409 POST http://10.180.1.21/compute/v2.1/servers/24415407-c84b-49fc-a5e6-6b3449da9d0e/action 0.027s
2025-04-21 14:23:00.914 70062 INFO tempest.lib.common.rest_client [req-1fa53d7c-d954-4e93-869c-13f070138f3b req-1fa53d7c-d954-4e93-869c-13f070138f3b ] Request (ServerMetadataNegativeTestJSON:setUpClass): 200 GET http://10.180.1.21/compute/v2.1/servers/81711994-e06d-4361-9df7-d0e8293793f4 0.070s
2025-04-21 14:23:00.968 70087 INFO tempest.lib.common.rest_client [req-cfec55e6-76df-48f8-a5ce-1dd598d24a1a req-cfec55e6-76df-48f8-a5ce-1dd598d24a1a ] Request (ServerShowV254Test:test_rebuild_server): 200 GET http://10.180.1.21/compute/v2.1/servers/1f5fb1f2-7ad9-46e7-9f8a-9f11adacc1e7 0.083s
2025-04-21 14:23:00.974 70070 INFO tempest.lib.common.rest_client [req-d3ecf79e-bd78-4b26-bc2d-2ee632860685 req-d3ecf79e-bd78-4b26-bc2d-2ee632860685 ] Request (ServerActionsTestJSON:test_lock_unlock_server): 202 POST http://10.180.1.21/compute/v2.1/servers/24415407-c84b-49fc-a5e6-6b3449da9d0e/action 0.064s
2025-04-21 14:23:01.021 70032 INFO tempest.lib.common.rest_client [req-ecd442b6-56b9-438a-bfd5-6da97cd3c43b req-ecd442b6-56b9-438a-bfd5-6da97cd3c43b ] Request (ServerRescueTestJSONUnderV235:setUpClass): 200 GET http://10.180.1.21/compute/v2.1/servers/dcc846cd-4ce5-41e6-a419-d85d964e9f79 0.082s
2025-04-21 14:23:01.054 70070 INFO tempest.lib.common.rest_client [req-40abdf78-1052-4136-b047-30de610c08d4 req-40abdf78-1052-4136-b047-30de610c08d4 ] Request (ServerActionsTestJSON:test_lock_unlock_server): 202 POST http://10.180.1.21/compute/v2.1/servers/24415407-c84b-49fc-a5e6-6b3449da9d0e/action 0.079s
2025-04-21 14:23:01.077 70044 INFO tempest.lib.common.rest_client [req-5150d934-0991-4fad-80e5-844bc59027d9 req-5150d934-0991-4fad-80e5-844bc59027d9 ] Request (DeleteServersAdminTestJSON:test_delete_server_while_in_error_state): 200 GET http://10.180.1.21/compute/v2.1/servers/7a1b9ecd-9646-4e90-8992-7f3253695b6f 0.086s
2025-04-21 14:23:01.104 70030 INFO tempest.lib.common.rest_client [req-7faedc8b-9fcb-4225-998a-f55aaa93115e req-7faedc8b-9fcb-4225-998a-f55aaa93115e ] Request (ImagesOneServerNegativeTestJSON:_run_cleanups): 200 GET http://10.180.1.21/compute/v2.1/servers/2cf6c894-903e-45b7-a962-f1f83638ab31 0.089s
2025-04-21 14:23:01.114 70047 INFO tempest.lib.common.rest_client [req-04a01a38-faef-4a1a-9ef4-d148fc73c300 req-04a01a38-faef-4a1a-9ef4-d148fc73c300 ] Request (ImagesOneServerTestJSON:test_create_image_specify_multibyte_character_image_name): 200 GET http://10.180.1.21/compute/v2.1/images/73e4fdd1-1890-44e1-8e57-5add11fa7ba3 0.095s
2025-04-21 14:23:01.187 70072 INFO tempest.lib.common.rest_client [req-8363774b-548b-440d-bd66-735095982f41 req-8363774b-548b-440d-bd66-735095982f41 ] Request (MigrationsAdminTest:test_list_migrations_in_flavor_resize_situation): 201 POST http://10.180.1.21:9696/networking/v2.0/floatingips 0.596s
2025-04-21 14:23:01.198 70074 INFO tempest.lib.common.rest_client [req-42bd7e2c-ad84-4658-b6a0-1749c4f663e8 req-42bd7e2c-ad84-4658-b6a0-1749c4f663e8 ] Request (ImagesTestJSON:test_create_image_from_suspended_server): 200 GET http://10.180.1.21/compute/v2.1/servers/cab958a0-2481-4ea6-995b-13b7f5a7cea1 0.112s
2025-04-21 14:23:01.232 70070 INFO tempest.lib.common.rest_client [req-2030e03f-ee6b-4de0-95d7-5d0a37af66d3 req-2030e03f-ee6b-4de0-95d7-5d0a37af66d3 ] Request (ServerActionsTestJSON:test_lock_unlock_server): 200 GET http://10.180.1.21/compute/v2.1/servers/24415407-c84b-49fc-a5e6-6b3449da9d0e 0.178s
2025-04-21 14:23:01.245 70072 INFO tempest.lib.common.rest_client [req-e65ae334-d610-4ddd-bb3b-dc2b7521b12e req-e65ae334-d610-4ddd-bb3b-dc2b7521b12e ] Request (MigrationsAdminTest:test_list_migrations_in_flavor_resize_situation): 200 GET http://10.180.1.21/compute/v2.1/os-migrations 0.057s
2025-04-21 14:23:01.251 70026 INFO tempest.lib.common.rest_client [req-88911014-279d-44ab-b8b2-cf6926f7dff7 req-88911014-279d-44ab-b8b2-cf6926f7dff7 ] Request (ServerGroupTestJSON:_run_cleanups): 200 GET http://10.180.1.21/compute/v2.1/servers/9a6d7008-c038-4e29-9d44-0773720c91ad 0.086s
2025-04-21 14:23:01.318 70038 INFO tempest.lib.common.rest_client [req-3bb965b8-e60b-4cf8-96dd-c275e43d10eb req-3bb965b8-e60b-4cf8-96dd-c275e43d10eb ] Request (VolumesAdminNegativeTest:test_update_attached_volume_with_nonexistent_volume_in_body): 200 GET http://10.180.1.21/compute/v2.1/servers/e836ad49-6776-4512-94c2-67a095eeebe6 0.090s
2025-04-21 14:23:01.335 70072 INFO tempest.lib.common.rest_client [req-08b7a554-990f-48f2-a420-b72bc1c72dec req-08b7a554-990f-48f2-a420-b72bc1c72dec ] Request (MigrationsAdminTest:test_resize_server_revert_deleted_flavor): 200 GET http://10.180.1.21/compute/v2.1/flavors/42 0.085s
2025-04-21 14:23:01.354 70040 INFO tempest.lib.common.rest_client [req-781ccce1-38f3-40ca-9920-bcb231dde244 req-781ccce1-38f3-40ca-9920-bcb231dde244 ] Request (InstanceActionsNegativeTestJSON:setUpClass): 200 GET http://10.180.1.21/compute/v2.1/servers/c7bb457d-14bd-4aea-aa10-6051b1f042f6 0.161s
2025-04-21 14:23:01.375 70072 INFO tempest.lib.common.rest_client [req-f88b03f2-ef43-48f0-9031-b15cc78e3d38 req-f88b03f2-ef43-48f0-9031-b15cc78e3d38 ] Request (MigrationsAdminTest:test_resize_server_revert_deleted_flavor): 200 POST http://10.180.1.21/compute/v2.1/flavors 0.034s
2025-04-21 14:23:01.385 70060 INFO tempest.lib.common.rest_client [req-afe7499f-0687-44a0-ab97-af4411411421 req-afe7499f-0687-44a0-ab97-af4411411421 ] Request (AttachInterfacesUnderV243Test:test_add_remove_fixed_ip): 200 GET http://10.180.1.21/compute/v2.1/servers/849db371-fc20-47d4-b1e0-159455f77845 0.121s
2025-04-21 14:23:01.436 70024 INFO tempest.lib.common.rest_client [req-5bcdd1bd-f51c-46e8-b830-df0c1632cda1 req-5bcdd1bd-f51c-46e8-b830-df0c1632cda1 ] Request (ServerDiagnosticsV248Test:test_get_server_diagnostics): 200 GET http://10.180.1.21/compute/v2.1/servers/7cacd294-cab8-49d5-8f6b-df191b81685e 0.088s
