2025-03-21 14:01:18.672 69291 INFO tempest.lib.common.rest_client [req-f8583b6d-be1b-4397-ac9d-10db89ff9ff5 req-f8583b6d-be1b-4397-ac9d-10db89ff9ff5 ] Request (ServersWithSpecificFlavorTestJSON:test_verify_created_server_ephemeral_disk): 200 GET http://10.180.1.21/compute/v2.1/servers/aa5786dd-1106-4a7e-b9c0-b34f7d1802fc 0.725s
2025-03-21 14:01:18.680 69291 INFO tempest.common.waiters [-] State transition "BUILD/networking" ==> "BUILD/spawning" after 40 second wait
2025-03-21 14:01:18.714 69295 INFO tempest.lib.common.rest_client [req-2e351f9f-738d-4417-b4be-8f906f4aa0d1 req-2e351f9f-738d-4417-b4be-8f906f4aa0d1 ] Request (InstanceActionsV221TestJSON:test_get_list_deleted_instance_actions): 200 GET http://10.180.1.21/compute/v2.1/servers/fb396636-f789-4fd4-acce-61b6c60565fb 0.670s
2025-03-21 14:01:18.739 69305 INFO tempest.lib.common.rest_client [req-c03978ff-6613-48e9-a5f3-8723837455b4 req-c03978ff-6613-48e9-a5f3-8723837455b4 ] Request (InstanceActionsNegativeTestJSON:tearDownClass): 200 GET http://10.180.1.21/compute/v2.1/servers/16036e17-76b4-4e56-ada5-efc37e2e4f5a 0.629s
2025-03-21 14:01:18.810 69297 INFO tempest.lib.common.rest_client [req-be95e4ea-4845-4590-9010-824b09f6996c req-be95e4ea-4845-4590-9010-824b09f6996c ] Request (ServerTagsTestJSON:setUpClass): 200 GET http://10.180.1.21/compute/v2.1/servers/91772ff3-f07c-413e-a54e-104e3e1e21a0 0.636s
2025-03-21 14:01:18.831 69259 INFO tempest.lib.common.rest_client [req-aef438bd-5a06-4712-b45c-1e89f1afce99 req-aef438bd-5a06-4712-b45c-1e89f1afce99 ] Request (ListServersNegativeTestJSON:setUpClass): 200 GET http://10.180.1.21/compute/v2.1/servers/20a3286d-dc1c-4338-9606-c26176b55807 0.670s
2025-03-21 14:01:18.900 69281 INFO tempest.lib.common.rest_client [req-2e5b0ebe-cba5-49a3-8024-e322db154950 req-2e5b0ebe-cba5-49a3-8024-e322db154950 ] Request (ImagesOneServerNegativeTestJSON:_run_cleanups): 200 GET http://10.180.1.21/compute/v2.1/servers/90ecff07-a783-43f5-be53-0e6f6fc1e7a5 0.668s
2025-03-21 14:01:18.980 69257 INFO tempest.lib.common.rest_client [req-87997a11-a0a0-47cc-95c4-2a665f108fcd req-87997a11-a0a0-47cc-95c4-2a665f108fcd ] Request (ServersAdminTestJSON:test_create_server_with_scheduling_hint): 200 GET http://10.180.1.21/compute/v2.1/servers/4cea04f6-c084-4849-b683-21396c6d6150 0.722s
2025-03-21 14:01:19.033 69267 INFO tempest.lib.common.rest_client [req-3fd7f2bb-5f5b-4a58-8d20-c58fa5bcc1f1 req-3fd7f2bb-5f5b-4a58-8d20-c58fa5bcc1f1 ] Request (SecurityGroupsTestJSON:test_list_security_groups_by_server): 200 GET http://10.180.1.21/compute/v2.1/servers/93f0c629-4ea1-42bb-b1db-eb53771c4c1c 0.737s
2025-03-21 14:01:19.256 69279 INFO tempest.lib.common.rest_client [req-3c583e98-1086-4688-b107-b3bb5b8c6f0a req-3c583e98-1086-4688-b107-b3bb5b8c6f0a ] Request (FloatingIPsTestJSON:test_delete_floating_ip): 202 DELETE http://10.180.1.21/compute/v2.1/os-floating-ips/4967e780-0e12-4d35-add1-286971b4011f 1.071s
2025-03-21 14:01:19.321 69263 INFO tempest.lib.common.rest_client [req-3be8f767-6d84-495d-911d-ab210fa06910 req-3be8f767-6d84-495d-911d-ab210fa06910 ] Request (FloatingIPsAssociationTestJSON:test_associate_already_associated_floating_ip): 200 GET http://10.180.1.21/compute/v2.1/servers/35024f1d-406f-471c-b999-b7f7ad30d1bb 0.997s
2025-03-21 14:01:19.369 69303 INFO tempest.lib.common.rest_client [req-4af34639-fbd1-471d-af9f-9973fc54f865 req-4af34639-fbd1-471d-af9f-9973fc54f865 ] Request (ServerExternalEventsTest:test_create_server_external_events): 200 GET http://10.180.1.21/compute/v2.1/servers/9acf0cdf-9800-4192-87c3-22259fe3b2f4 1.004s
2025-03-21 14:01:19.370 69289 INFO tempest.lib.common.rest_client [req-e0d0b407-cc5c-4396-8605-1e3a460e4494 req-e0d0b407-cc5c-4396-8605-1e3a460e4494 ] Request (ListServerFiltersTestJSON:setUpClass): 202 POST http://10.180.1.21/compute/v2.1/servers 1.053s
2025-03-21 14:01:19.399 69265 INFO tempest.lib.common.rest_client [req-042b8537-da47-4f43-8bd2-1c7ef359fd0e req-042b8537-da47-4f43-8bd2-1c7ef359fd0e ] Request (ImagesOneServerTestJSON:test_create_image_specify_multibyte_character_image_name): 200 GET http://10.180.1.21/compute/v2.1/images/3617cdfb-dc67-4cd5-b67a-6cb9c9117ee3 1.004s
2025-03-21 14:01:19.413 69289 INFO tempest.lib.common.rest_client [req-981c2356-cf33-44a5-8463-4f3cdbc96cdd req-981c2356-cf33-44a5-8463-4f3cdbc96cdd ] Request (ListServerFiltersTestJSON:setUpClass): 201 POST http://10.180.1.21/identity/v3/auth/tokens 0.038s
2025-03-21 14:01:19.413 69289 INFO tempest.lib.common.fixed_network [-] (ListServerFiltersTestJSON:setUpClass) Found network {'id': '485ee3fd-4524-4f7f-a742-861664facb58', 'name': 'tempest-ListServerFiltersTestJSON-700371332-network', 'tenant_id': 'd4cdfd7074464ddba2906ce649661fb1', 'admin_state_up': True, 'mtu': 8950, 'status': 'ACTIVE', 'subnets': [], 'shared': False, 'project_id': 'd4cdfd7074464ddba2906ce649661fb1', 'port_security_enabled': True, 'router:external': False, 'provider:network_type': 'vlan', 'provider:physical_network': 'default', 'provider:segmentation_id': 322, 'availability_zone_hints': [], 'availability_zones': [], 'ipv4_address_scope': None, 'ipv6_address_scope': None, 'description': '', 'tags': [], 'created_at': '2025-03-21T14:01:16Z', 'updated_at': '2025-03-21T14:01:16Z', 'revision_number': 1} available for tenant
2025-03-21 14:01:19.413 69261 INFO tempest.lib.common.rest_client [req-028db05f-9410-437d-81da-af226adb9341 req-028db05f-9410-437d-81da-af226adb9341 ] Request (FlavorsV2TestJSON:test_list_flavors_detailed_limit_results): 200 GET http://10.180.1.21/compute/v2.1/flavors/detail?limit=1 0.910s
2025-03-21 14:01:19.430 69309 INFO tempest.lib.common.rest_client [req-180d913f-c82c-471b-a696-67f363b80c35 req-180d913f-c82c-471b-a696-67f363b80c35 ] Request (AttachInterfacesTestJSON:test_create_list_show_delete_interfaces_by_fixed_ip): 200 GET http://10.180.1.21/compute/v2.1/servers/db1a6cbd-b6d9-420d-8619-14d68e950fb9 0.952s
2025-03-21 14:01:19.475 69315 INFO tempest.lib.common.rest_client [req-fb53a6e5-e3a5-459b-b411-5ba70e7b74dd req-fb53a6e5-e3a5-459b-b411-5ba70e7b74dd ] Request (ServerDiagnosticsV248Test:tearDownClass): 200 GET http://10.180.1.21/compute/v2.1/servers/8a2d5e9e-ee58-4762-8e28-f4fa8aa9e96f 0.883s
2025-03-21 14:01:19.494 69293 INFO tempest.lib.common.rest_client [req-03d06ab6-60dc-43ad-a924-e5a8f16d5e3f req-03d06ab6-60dc-43ad-a924-e5a8f16d5e3f ] Request (ServersListShow2100Test:tearDownClass): 200 GET http://10.180.1.21/compute/v2.1/servers/c597adf2-b172-451d-80bf-64fce9c6869b 0.791s
2025-03-21 14:01:19.506 69293 INFO tempest.common.waiters [-] State transition "ACTIVE/deleting" ==> "DELETED/None" after 5 second wait
2025-03-21 14:01:19.570 69307 INFO tempest.lib.common.rest_client [req-5e4908bd-e783-4d36-b398-76c9bd9b7908 req-5e4908bd-e783-4d36-b398-76c9bd9b7908 ] Request (DeleteServersAdminTestJSON:test_admin_delete_servers_of_others): 200 GET http://10.180.1.21/compute/v2.1/servers/9493b14e-c374-4689-9b62-f927e467cc00 0.799s
2025-03-21 14:01:19.570 69271 INFO tempest.lib.common.rest_client [req-59ffa5f8-2e11-4627-ae24-c0288455ec66 req-59ffa5f8-2e11-4627-ae24-c0288455ec66 ] Request (ServerDiagnosticsTest:tearDownClass): 200 GET http://10.180.1.21/compute/v2.1/servers/a6b3579a-92fc-4cc1-ba35-7d1234144a80 0.729s
2025-03-21 14:01:19.632 69255 INFO tempest.lib.common.rest_client [req-d6795ed9-c92c-4f09-8edd-3cee5903f2ce req-d6795ed9-c92c-4f09-8edd-3cee5903f2ce ] Request (ImagesNegativeTestJSON:test_create_image_from_deleted_server): 200 GET http://10.180.1.21/compute/v2.1/servers/d6fdba9a-ee56-4e8f-9ad9-097d2b9bcbe6 0.388s
2025-03-21 14:01:19.637 69273 INFO tempest.lib.common.rest_client [req-2c5d6699-d9ec-4830-99bd-b27645c675fa req-2c5d6699-d9ec-4830-99bd-b27645c675fa ] Request (TenantUsagesTestJSON:setUpClass): 200 GET http://10.180.1.21/compute/v2.1/servers/38d9e4ec-d8b3-4e48-bf0d-74d34ad1285d 0.744s
2025-03-21 14:01:19.658 69279 INFO tempest.lib.common.rest_client [req-77361b45-3f8f-47ae-b779-4d2c67dff489 req-77361b45-3f8f-47ae-b779-4d2c67dff489 ] Request (FloatingIPsTestJSON:test_delete_floating_ip): 404 GET http://10.180.1.21/compute/v2.1/os-floating-ips/4967e780-0e12-4d35-add1-286971b4011f 0.402s
2025-03-21 14:01:19.685 69287 INFO tempest.lib.common.rest_client [req-41479c03-75c0-4a34-b32b-3e68eb18f915 req-41479c03-75c0-4a34-b32b-3e68eb18f915 ] Request (ImagesTestJSON:test_create_image_from_stopped_server): 200 GET http://10.180.1.21/compute/v2.1/servers/252d4911-0e62-46be-aeff-4b964a018205 0.334s
2025-03-21 14:01:19.765 69311 INFO tempest.lib.common.rest_client [req-66cc42c6-c488-48ae-8d12-5c8989f083f6 req-66cc42c6-c488-48ae-8d12-5c8989f083f6 ] Request (ServersAdminNegativeTestJSON:setUpClass): 200 GET http://10.180.1.21/compute/v2.1/servers/d0aed944-cd89-4ac0-908a-c93423113ee0 0.406s
2025-03-21 14:01:19.776 69261 INFO tempest.lib.common.rest_client [req-df179caf-99d2-4dc3-83f3-f9304757cc56 req-df179caf-99d2-4dc3-83f3-f9304757cc56 ] Request (FlavorsV2TestJSON:test_list_flavors_detailed_using_marker): 200 GET http://10.180.1.21/compute/v2.1/flavors/42 0.358s
2025-03-21 14:01:19.818 69275 WARNING tempest.lib.common.ssh [-] Failed to establish authenticated ssh connection to cirros@10.180.180.177 ([Errno None] Unable to connect to port 22 on 10.180.180.177). Number attempts: 3. Retry after 4 seconds.: paramiko.ssh_exception.NoValidConnectionsError: [Errno None] Unable to connect to port 22 on 10.180.180.177
2025-03-21 14:01:19.833 69283 INFO tempest.lib.common.rest_client [req-32578ffa-84bd-4fda-b643-3a3f51602453 req-32578ffa-84bd-4fda-b643-3a3f51602453 ] Request (ServerAddressesTestJSON:setUpClass): 200 GET http://10.180.1.21/compute/v2.1/servers/1201d68c-d8f2-4867-9a8e-c0f3aa0b3160 0.414s
2025-03-21 14:01:19.908 69301 INFO tempest.lib.common.rest_client [req-4bee4b82-df57-4a13-b4ba-228e2794733a req-4bee4b82-df57-4a13-b4ba-228e2794733a ] Request (ServersAdmin275Test:tearDownClass): 200 GET http://10.180.1.21/compute/v2.1/servers/46825de6-bba3-4833-af06-eb2ba1526aa7 0.486s
2025-03-21 14:01:19.955 69269 INFO tempest.lib.common.rest_client [req-4be3f1da-c1eb-46ae-abf5-efe7f87a3285 req-4be3f1da-c1eb-46ae-abf5-efe7f87a3285 ] Request (ServersTestMultiNic:test_verify_duplicate_network_nics): 200 GET http://10.180.1.21/compute/v2.1/servers/2ec1cadf-f4f9-47a0-bf13-04cc81e40a37 0.479s
2025-03-21 14:01:19.959 69289 INFO tempest.lib.common.rest_client [req-6d442914-ea33-4b6d-b3a0-a508fb5546e4 req-6d442914-ea33-4b6d-b3a0-a508fb5546e4 ] Request (ListServerFiltersTestJSON:setUpClass): 202 POST http://10.180.1.21/compute/v2.1/servers 0.545s
2025-03-21 14:01:20.016 69313 INFO tempest.lib.common.rest_client [req-e2eff10d-1eda-4bd4-aa5d-a3a6db6c7066 req-e2eff10d-1eda-4bd4-aa5d-a3a6db6c7066 ] Request (ServerShowV254Test:test_rebuild_server): 200 GET http://10.180.1.21/compute/v2.1/servers/4252d347-76e1-4d37-9b71-bf46eb42c336 0.486s
2025-03-21 14:01:20.022 69299 INFO tempest.lib.common.rest_client [req-88c8455c-37a3-4906-bf20-f80a21469049 req-88c8455c-37a3-4906-bf20-f80a21469049 ] Request (DeleteServersTestJSON:test_delete_active_server): 200 GET http://10.180.1.21/compute/v2.1/servers/779e4d61-890e-4701-9ae8-59314d2486ac 0.544s
2025-03-21 14:01:20.053 69279 INFO tempest.lib.common.rest_client [req-9f2ee6ae-3450-4e6b-a780-5a4dccc83fb0 req-9f2ee6ae-3450-4e6b-a780-5a4dccc83fb0 ] Request (FloatingIPsTestJSON:_run_cleanups): 404 DELETE http://10.180.1.21/compute/v2.1/os-floating-ips/4967e780-0e12-4d35-add1-286971b4011f 0.394s
2025-03-21 14:01:20.075 69253 INFO tempest.lib.common.rest_client [req-43560409-6915-4475-9635-1246f1667949 req-43560409-6915-4475-9635-1246f1667949 ] Request (ServerDiagnosticsNegativeTest:test_get_server_diagnostics_by_non_admin): 200 GET http://10.180.1.21/compute/v2.1/servers/0d101f71-a83e-4e8a-8e98-ebfee1ce5f9d 0.473s
2025-03-21 14:01:20.109 69277 INFO tempest.lib.common.rest_client [req-181cd806-5e09-4e46-b32d-3bd04bca1995 req-181cd806-5e09-4e46-b32d-3bd04bca1995 ] Request (MultipleCreateTestJSON:test_multiple_create): 200 GET http://10.180.1.21/compute/v2.1/servers/1b14a037-a9bc-4540-b6a2-6e68436a8425 0.446s
2025-03-21 14:01:20.173 69295 INFO tempest.lib.common.rest_client [req-1e4b2728-7a04-4b5f-b316-a127af36a5f9 req-1e4b2728-7a04-4b5f-b316-a127af36a5f9 ] Request (InstanceActionsV221TestJSON:test_get_list_deleted_instance_actions): 200 GET http://10.180.1.21/compute/v2.1/servers/fb396636-f789-4fd4-acce-61b6c60565fb 0.449s
2025-03-21 14:01:20.220 69291 INFO tempest.lib.common.rest_client [req-d906eef2-8954-4875-a3b2-ad5310f77490 req-d906eef2-8954-4875-a3b2-ad5310f77490 ] Request (ServersWithSpecificFlavorTestJSON:test_verify_created_server_ephemeral_disk): 200 GET http://10.180.1.21/compute/v2.1/servers/aa5786dd-1106-4a7e-b9c0-b34f7d1802fc 0.539s
2025-03-21 14:01:20.244 69305 INFO tempest.lib.common.rest_client [req-0abb40c5-90e0-4fa8-be96-66686b53122a req-0abb40c5-90e0-4fa8-be96-66686b53122a ] Request (InstanceActionsNegativeTestJSON:tearDownClass): 200 GET http://10.180.1.21/compute/v2.1/servers/16036e17-76b4-4e56-ada5-efc37e2e4f5a 0.493s
2025-03-21 14:01:20.302 69297 INFO tempest.lib.common.rest_client [req-986633ea-f38d-47a6-ade8-c3fd936dda46 req-986633ea-f38d-47a6-ade8-c3fd936dda46 ] Request (ServerTagsTestJSON:setUpClass): 200 GET http://10.180.1.21/compute/v2.1/servers/91772ff3-f07c-413e-a54e-104e3e1e21a0 0.481s
2025-03-21 14:01:20.391 69259 INFO tempest.lib.common.rest_client [req-c625928a-c06d-441b-813c-2c91353d8950 req-c625928a-c06d-441b-813c-2c91353d8950 ] Request (ListServersNegativeTestJSON:setUpClass): 200 GET http://10.180.1.21/compute/v2.1/servers/20a3286d-dc1c-4338-9606-c26176b55807 0.550s
2025-03-21 14:01:20.451 69281 INFO tempest.lib.common.rest_client [req-1394184a-794e-49d4-b78b-e2168d2507a8 req-1394184a-794e-49d4-b78b-e2168d2507a8 ] Request (ImagesOneServerNegativeTestJSON:_run_cleanups): 200 GET http://10.180.1.21/compute/v2.1/servers/90ecff07-a783-43f5-be53-0e6f6fc1e7a5 0.538s
2025-03-21 14:01:20.479 69261 INFO tempest.lib.common.rest_client [req-a366f420-a0ab-461b-94f3-3daad2bc8de1 req-a366f420-a0ab-461b-94f3-3daad2bc8de1 ] Request (FlavorsV2TestJSON:test_list_flavors_detailed_using_marker): 200 GET http://10.180.1.21/compute/v2.1/flavors/detail?marker=42 0.700s
2025-03-21 14:01:20.491 69289 INFO tempest.lib.common.rest_client [req-9826c31e-e3ca-45ec-a276-47179fac9b28 req-9826c31e-e3ca-45ec-a276-47179fac9b28 ] Request (ListServerFiltersTestJSON:setUpClass): 200 GET http://10.180.1.21/compute/v2.1/servers/e8755b21-59b1-4137-8a85-41592cc3453a 0.530s
2025-03-21 14:01:20.530 69257 INFO tempest.lib.common.rest_client [req-39c1b222-2d07-4590-b7c0-38f7465097d9 req-39c1b222-2d07-4590-b7c0-38f7465097d9 ] Request (ServersAdminTestJSON:test_create_server_with_scheduling_hint): 200 GET http://10.180.1.21/compute/v2.1/servers/4cea04f6-c084-4849-b683-21396c6d6150 0.538s
2025-03-21 14:01:20.545 69267 INFO tempest.lib.common.rest_client [req-a9d0b641-36a0-4dbc-a4c8-01e32ff60b2d req-a9d0b641-36a0-4dbc-a4c8-01e32ff60b2d ] Request (SecurityGroupsTestJSON:test_list_security_groups_by_server): 200 GET http://10.180.1.21/compute/v2.1/servers/93f0c629-4ea1-42bb-b1db-eb53771c4c1c 0.499s
2025-03-21 14:01:20.578 69263 INFO tempest.lib.common.rest_client [req-977d1d4c-4071-4e77-9dbc-71dd0e65302d req-977d1d4c-4071-4e77-9dbc-71dd0e65302d ] Request (FloatingIPsAssociationTestJSON:test_associate_already_associated_floating_ip): 200 GET http://10.180.1.21/compute/v2.1/servers/35024f1d-406f-471c-b999-b7f7ad30d1bb 0.247s
2025-03-21 14:01:20.616 69265 INFO tempest.lib.common.rest_client [req-4696190b-6d3e-436c-85b1-ffe1ed178c1e req-4696190b-6d3e-436c-85b1-ffe1ed178c1e ] Request (ImagesOneServerTestJSON:test_create_image_specify_multibyte_character_image_name): 200 GET http://10.180.1.21/compute/v2.1/images/3617cdfb-dc67-4cd5-b67a-6cb9c9117ee3 0.210s
2025-03-21 14:01:20.619 69303 INFO tempest.lib.common.rest_client [req-c0132d9b-ad08-40b0-8346-b7b7261ef832 req-c0132d9b-ad08-40b0-8346-b7b7261ef832 ] Request (ServerExternalEventsTest:test_create_server_external_events): 200 GET http://10.180.1.21/compute/v2.1/servers/9acf0cdf-9800-4192-87c3-22259fe3b2f4 0.240s
2025-03-21 14:01:20.626 69303 INFO tempest.common.waiters [-] State transition "BUILD/None" ==> "BUILD/networking" after 41 second wait
2025-03-21 14:01:20.640 69261 INFO tempest.lib.common.rest_client [req-f3d1c4c1-bc39-4f0f-8652-2717b1c42c99 req-f3d1c4c1-bc39-4f0f-8652-2717b1c42c99 ] Request (FlavorsV2TestJSON:test_list_flavors_filter_by_min_disk): 200 GET http://10.180.1.21/compute/v2.1/flavors/42 0.155s
2025-03-21 14:01:20.681 69309 INFO tempest.lib.common.rest_client [req-ad13e5be-564a-40a5-b9a8-8cfc1ffad651 req-ad13e5be-564a-40a5-b9a8-8cfc1ffad651 ] Request (AttachInterfacesTestJSON:test_create_list_show_delete_interfaces_by_fixed_ip): 200 GET http://10.180.1.21/compute/v2.1/servers/db1a6cbd-b6d9-420d-8619-14d68e950fb9 0.241s
2025-03-21 14:01:20.726 69315 INFO tempest.lib.common.rest_client [req-4f725193-fb66-4f96-813d-63e010fc9f9d req-4f725193-fb66-4f96-813d-63e010fc9f9d ] Request (ServerDiagnosticsV248Test:tearDownClass): 200 GET http://10.180.1.21/compute/v2.1/servers/8a2d5e9e-ee58-4762-8e28-f4fa8aa9e96f 0.241s
2025-03-21 14:01:20.769 69293 INFO tempest.lib.common.rest_client [req-c83940f7-1cc3-4375-b052-dd37393c40ea req-c83940f7-1cc3-4375-b052-dd37393c40ea ] Request (ServersListShow2100Test:tearDownClass): 200 GET http://10.180.1.21/compute/v2.1/servers/c597adf2-b172-451d-80bf-64fce9c6869b 0.262s
2025-03-21 14:01:20.795 69307 INFO tempest.lib.common.rest_client [req-0c62dab4-03b4-4db9-911d-9b6c251ec4c9 req-0c62dab4-03b4-4db9-911d-9b6c251ec4c9 ] Request (DeleteServersAdminTestJSON:test_admin_delete_servers_of_others): 200 GET http://10.180.1.21/compute/v2.1/servers/9493b14e-c374-4689-9b62-f927e467cc00 0.218s
2025-03-21 14:01:20.835 69271 INFO tempest.lib.common.rest_client [req-a0808987-fafd-452d-8854-7218ebafa99e req-a0808987-fafd-452d-8854-7218ebafa99e ] Request (ServerDiagnosticsTest:tearDownClass): 200 GET http://10.180.1.21/compute/v2.1/servers/a6b3579a-92fc-4cc1-ba35-7d1234144a80 0.256s
2025-03-21 14:01:20.851 69255 INFO tempest.lib.common.rest_client [req-d3f3f7e0-5339-406f-b7db-63cf1ef1d277 req-d3f3f7e0-5339-406f-b7db-63cf1ef1d277 ] Request (ImagesNegativeTestJSON:test_create_image_from_deleted_server): 200 GET http://10.180.1.21/compute/v2.1/servers/d6fdba9a-ee56-4e8f-9ad9-097d2b9bcbe6 0.210s
2025-03-21 14:01:20.855 69279 INFO tempest.lib.common.rest_client [req-41ae39f0-f13c-4cd9-b009-5a771c8ab782 req-41ae39f0-f13c-4cd9-b009-5a771c8ab782 ] Request (FloatingIPsTestJSON:tearDownClass): 200 PUT http://10.180.1.21:9696/networking/v2.0/routers/1f7973ff-08c4-4c43-8e65-a12178231e31/remove_router_interface 0.800s
2025-03-21 14:01:20.858 69261 INFO tempest.lib.common.rest_client [req-c9b16974-e82c-4513-9eb4-f87abcfaddc2 req-c9b16974-e82c-4513-9eb4-f87abcfaddc2 ] Request (FlavorsV2TestJSON:test_list_flavors_filter_by_min_disk): 200 GET http://10.180.1.21/compute/v2.1/flavors?minDisk=2 0.216s
2025-03-21 14:01:20.920 69287 INFO tempest.lib.common.rest_client [req-419345be-3e75-43c9-8c79-602f2411ab8b req-419345be-3e75-43c9-8c79-602f2411ab8b ] Request (ImagesTestJSON:test_create_image_from_stopped_server): 200 GET http://10.180.1.21/compute/v2.1/servers/252d4911-0e62-46be-aeff-4b964a018205 0.227s
2025-03-21 14:01:20.925 69273 INFO tempest.lib.common.rest_client [req-b7992761-62e9-4d19-9eaf-a8423eb49d37 req-b7992761-62e9-4d19-9eaf-a8423eb49d37 ] Request (TenantUsagesTestJSON:setUpClass): 200 GET http://10.180.1.21/compute/v2.1/servers/38d9e4ec-d8b3-4e48-bf0d-74d34ad1285d 0.280s
2025-03-21 14:01:20.983 69283 INFO tempest.lib.common.rest_client [req-79565e57-7fc9-423a-95f4-6ac557237101 req-79565e57-7fc9-423a-95f4-6ac557237101 ] Request (ServerAddressesTestJSON:setUpClass): 200 GET http://10.180.1.21/compute/v2.1/servers/1201d68c-d8f2-4867-9a8e-c0f3aa0b3160 0.140s
2025-03-21 14:01:20.996 69261 INFO tempest.lib.common.rest_client [req-86c1b813-eef9-4514-affe-1f11c6bdd64c req-86c1b813-eef9-4514-affe-1f11c6bdd64c ] Request (FlavorsV2TestJSON:test_list_flavors_filter_by_min_ram): 200 GET http://10.180.1.21/compute/v2.1/flavors/42 0.132s
2025-03-21 14:01:21.090 69301 INFO tempest.lib.common.rest_client [req-560c35fc-98b6-4ce4-b026-c6f8c9567e6e req-560c35fc-98b6-4ce4-b026-c6f8c9567e6e ] Request (ServersAdmin275Test:tearDownClass): 200 GET http://10.180.1.21/compute/v2.1/servers/46825de6-bba3-4833-af06-eb2ba1526aa7 0.172s
2025-03-21 14:01:21.163 69269 INFO tempest.lib.common.rest_client [req-903110be-397e-490a-95fb-5c20f24acad1 req-903110be-397e-490a-95fb-5c20f24acad1 ] Request (ServersTestMultiNic:test_verify_duplicate_network_nics): 200 GET http://10.180.1.21/compute/v2.1/servers/2ec1cadf-f4f9-47a0-bf13-04cc81e40a37 0.201s
2025-03-21 14:01:21.164 69311 INFO tempest.lib.common.rest_client [req-2542545c-ad1a-4816-b7c6-cdb29ada1ecb req-2542545c-ad1a-4816-b7c6-cdb29ada1ecb ] Request (ServersAdminNegativeTestJSON:setUpClass): 200 GET http://10.180.1.21/compute/v2.1/servers/d0aed944-cd89-4ac0-908a-c93423113ee0 0.389s
2025-03-21 14:01:21.197 69261 INFO tempest.lib.common.rest_client [req-c304f22d-c741-4134-91a1-3ef38dde1be7 req-c304f22d-c741-4134-91a1-3ef38dde1be7 ] Request (FlavorsV2TestJSON:test_list_flavors_filter_by_min_ram): 200 GET http://10.180.1.21/compute/v2.1/flavors?minRam=193 0.197s
2025-03-21 14:01:21.230 69313 INFO tempest.lib.common.rest_client [req-1c8c022a-50f5-4a12-b265-94f558c1a3d5 req-1c8c022a-50f5-4a12-b265-94f558c1a3d5 ] Request (ServerShowV254Test:test_rebuild_server): 200 GET http://10.180.1.21/compute/v2.1/servers/4252d347-76e1-4d37-9b71-bf46eb42c336 0.204s
2025-03-21 14:01:21.243 69313 INFO tempest.common.waiters [-] State transition "BUILD/scheduling" ==> "BUILD/None" after 34 second wait
2025-03-21 14:01:21.247 69279 INFO tempest.lib.common.rest_client [req-2c950093-cd63-408d-94e4-93cb5f4eb455 req-2c950093-cd63-408d-94e4-93cb5f4eb455 ] Request (FloatingIPsTestJSON:tearDownClass): 204 DELETE http://10.180.1.21:9696/networking/v2.0/routers/1f7973ff-08c4-4c43-8e65-a12178231e31 0.390s
2025-03-21 14:01:21.294 69299 INFO tempest.lib.common.rest_client [req-a89cb7be-834a-4f7b-9f2b-947e58d35830 req-a89cb7be-834a-4f7b-9f2b-947e58d35830 ] Request (DeleteServersTestJSON:test_delete_active_server): 200 GET http://10.180.1.21/compute/v2.1/servers/779e4d61-890e-4701-9ae8-59314d2486ac 0.262s
2025-03-21 14:01:21.303 69253 INFO tempest.lib.common.rest_client [req-1f4fcf2f-79f2-43a9-8b2d-a82095d37fb5 req-1f4fcf2f-79f2-43a9-8b2d-a82095d37fb5 ] Request (ServerDiagnosticsNegativeTest:test_get_server_diagnostics_by_non_admin): 200 GET http://10.180.1.21/compute/v2.1/servers/0d101f71-a83e-4e8a-8e98-ebfee1ce5f9d 0.219s
2025-03-21 14:01:21.369 69295 INFO tempest.lib.common.rest_client [req-3b993286-bd3a-4d6f-b115-ee8e196d27fb req-3b993286-bd3a-4d6f-b115-ee8e196d27fb ] Request (InstanceActionsV221TestJSON:test_get_list_deleted_instance_actions): 200 GET http://10.180.1.21/compute/v2.1/servers/fb396636-f789-4fd4-acce-61b6c60565fb 0.186s
2025-03-21 14:01:21.380 69277 INFO tempest.lib.common.rest_client [req-8169f45f-22c2-4a73-9a2f-2f96724ef7e1 req-8169f45f-22c2-4a73-9a2f-2f96724ef7e1 ] Request (MultipleCreateTestJSON:test_multiple_create): 200 GET http://10.180.1.21/compute/v2.1/servers/1b14a037-a9bc-4540-b6a2-6e68436a8425 0.256s
2025-03-21 14:01:21.385 69261 INFO tempest.lib.common.rest_client [req-3bc71b70-9fb4-40a3-a20b-53fef430b5c5 req-3bc71b70-9fb4-40a3-a20b-53fef430b5c5 ] Request (FlavorsV2TestJSON:test_list_flavors_limit_results): 200 GET http://10.180.1.21/compute/v2.1/flavors?limit=1 0.179s
2025-03-21 14:01:21.427 69279 INFO tempest.lib.common.rest_client [req-0bc5e1a7-59f7-48d0-8c70-6b9363cd3a18 req-0bc5e1a7-59f7-48d0-8c70-6b9363cd3a18 ] Request (FloatingIPsTestJSON:tearDownClass): 204 DELETE http://10.180.1.21:9696/networking/v2.0/subnets/d1d1095f-c4ea-4ad1-9287-e0b7c95a15ed 0.179s
2025-03-21 14:01:21.475 69305 INFO tempest.lib.common.rest_client [req-724ca662-3ab6-474a-b9d9-f1761efcfc82 req-724ca662-3ab6-474a-b9d9-f1761efcfc82 ] Request (InstanceActionsNegativeTestJSON:tearDownClass): 200 GET http://10.180.1.21/compute/v2.1/servers/16036e17-76b4-4e56-ada5-efc37e2e4f5a 0.221s
2025-03-21 14:01:21.534 69297 INFO tempest.lib.common.rest_client [req-a22bd12a-7dba-4367-85f9-ef4e148751bc req-a22bd12a-7dba-4367-85f9-ef4e148751bc ] Request (ServerTagsTestJSON:setUpClass): 200 GET http://10.180.1.21/compute/v2.1/servers/91772ff3-f07c-413e-a54e-104e3e1e21a0 0.222s
2025-03-21 14:01:21.545 69291 INFO tempest.lib.common.rest_client [req-767864dc-6c02-489b-a1e1-6c02a03b7e89 req-767864dc-6c02-489b-a1e1-6c02a03b7e89 ] Request (ServersWithSpecificFlavorTestJSON:test_verify_created_server_ephemeral_disk): 200 GET http://10.180.1.21/compute/v2.1/servers/aa5786dd-1106-4a7e-b9c0-b34f7d1802fc 0.317s
2025-03-21 14:01:21.553 69261 INFO tempest.lib.common.rest_client [req-06b04a8f-9d3c-4715-b553-2159593b6a80 req-06b04a8f-9d3c-4715-b553-2159593b6a80 ] Request (FlavorsV2TestJSON:test_list_flavors_using_marker): 200 GET http://10.180.1.21/compute/v2.1/flavors/42 0.164s
2025-03-21 14:01:21.635 69279 INFO tempest.lib.common.rest_client [req-0311a7b9-dba6-4691-961b-e8747570bb7e req-0311a7b9-dba6-4691-961b-e8747570bb7e ] Request (FloatingIPsTestJSON:tearDownClass): 204 DELETE http://10.180.1.21:9696/networking/v2.0/networks/0f80ff08-8e8b-4f14-aaf1-4a0d0781e4c3 0.207s
2025-03-21 14:01:21.649 69281 INFO tempest.lib.common.rest_client [req-35086dd6-580c-4280-b966-36e47e395eef req-35086dd6-580c-4280-b966-36e47e395eef ] Request (ImagesOneServerNegativeTestJSON:_run_cleanups): 200 GET http://10.180.1.21/compute/v2.1/servers/90ecff07-a783-43f5-be53-0e6f6fc1e7a5 0.187s
2025-03-21 14:01:21.751 69289 INFO tempest.lib.common.rest_client [req-04246d33-29d6-4617-8ab9-9768ff1329f4 req-04246d33-29d6-4617-8ab9-9768ff1329f4 ] Request (ListServerFiltersTestJSON:setUpClass): 200 GET http://10.180.1.21/compute/v2.1/servers/e8755b21-59b1-4137-8a85-41592cc3453a 0.248s
2025-03-21 14:01:21.759 69279 INFO tempest.lib.common.rest_client [req-80de63c4-6af0-4542-b828-84f82db51db5 req-80de63c4-6af0-4542-b828-84f82db51db5 ] Request (FloatingIPsTestJSON:tearDownClass): 204 DELETE http://10.180.1.21/identity/v3/users/749027e5c6f1433cb51d5e26f82b8082 0.123s
2025-03-21 14:01:21.759 69279 INFO tempest.lib.common.dynamic_creds [-] Deleting project and security group for project: 1317d8008d0d4551b2665a933da97ba5
2025-03-21 14:01:21.777 69259 INFO tempest.lib.common.rest_client [req-8901caa3-ce85-46d3-9ee0-f8d1c62850ec req-8901caa3-ce85-46d3-9ee0-f8d1c62850ec ] Request (ListServersNegativeTestJSON:setUpClass): 200 GET http://10.180.1.21/compute/v2.1/servers/20a3286d-dc1c-4338-9606-c26176b55807 0.377s
2025-03-21 14:01:21.785 69259 INFO tempest.common.waiters [-] State transition "BUILD/spawning" ==> "ACTIVE/None" after 43 second wait
2025-03-21 14:01:21.790 69279 INFO tempest.lib.common.rest_client [req-97c185e4-7da9-4316-8bcc-8739d43069af req-97c185e4-7da9-4316-8bcc-8739d43069af ] Request (FloatingIPsTestJSON:tearDownClass): 200 GET http://10.180.1.21:9696/networking/v2.0/security-groups?tenant_id=1317d8008d0d4551b2665a933da97ba5&name=default 0.031s
2025-03-21 14:01:21.809 69257 INFO tempest.lib.common.rest_client [req-31df4613-3bd2-485a-89b2-cc00f336942d req-31df4613-3bd2-485a-89b2-cc00f336942d ] Request (ServersAdminTestJSON:test_create_server_with_scheduling_hint): 200 GET http://10.180.1.21/compute/v2.1/servers/4cea04f6-c084-4849-b683-21396c6d6150 0.266s
2025-03-21 14:01:21.839 69267 INFO tempest.lib.common.rest_client [req-a66e7dc5-5056-4a0b-b4ae-b1c72ca7c331 req-a66e7dc5-5056-4a0b-b4ae-b1c72ca7c331 ] Request (SecurityGroupsTestJSON:test_list_security_groups_by_server): 200 GET http://10.180.1.21/compute/v2.1/servers/93f0c629-4ea1-42bb-b1db-eb53771c4c1c 0.282s
2025-03-21 14:01:21.845 69261 INFO tempest.lib.common.rest_client [req-24daefce-99cf-4daa-9f86-c0257492b677 req-24daefce-99cf-4daa-9f86-c0257492b677 ] Request (FlavorsV2TestJSON:test_list_flavors_using_marker): 200 GET http://10.180.1.21/compute/v2.1/flavors?marker=42 0.287s
2025-03-21 14:01:21.881 69265 INFO tempest.lib.common.rest_client [req-50e02b7c-10d3-47f5-8ff8-072d0db86dfe req-50e02b7c-10d3-47f5-8ff8-072d0db86dfe ] Request (ImagesOneServerTestJSON:test_create_image_specify_multibyte_character_image_name): 200 GET http://10.180.1.21/compute/v2.1/images/3617cdfb-dc67-4cd5-b67a-6cb9c9117ee3 0.259s
2025-03-21 14:01:21.894 69279 INFO tempest.lib.common.rest_client [req-4b0da35c-b3af-44fb-ab82-1d2043d7d085 req-4b0da35c-b3af-44fb-ab82-1d2043d7d085 ] Request (FloatingIPsTestJSON:tearDownClass): 204 DELETE http://10.180.1.21:9696/networking/v2.0/security-groups/6d30ab67-8a3c-4c15-80e0-b25e0cb67020 0.103s
2025-03-21 14:01:21.905 69263 INFO tempest.lib.common.rest_client [req-3447d8b0-ab7b-4ed7-8405-5c25fef8c21d req-3447d8b0-ab7b-4ed7-8405-5c25fef8c21d ] Request (FloatingIPsAssociationTestJSON:test_associate_already_associated_floating_ip): 200 GET http://10.180.1.21/compute/v2.1/servers/35024f1d-406f-471c-b999-b7f7ad30d1bb 0.319s
2025-03-21 14:01:21.956 69309 INFO tempest.lib.common.rest_client [req-2deffefa-ebd6-4323-b189-488d9ea84b02 req-2deffefa-ebd6-4323-b189-488d9ea84b02 ] Request (AttachInterfacesTestJSON:test_create_list_show_delete_interfaces_by_fixed_ip): 200 GET http://10.180.1.21/compute/v2.1/servers/db1a6cbd-b6d9-420d-8619-14d68e950fb9 0.261s
2025-03-21 14:01:21.998 69303 INFO tempest.lib.common.rest_client [req-2ad39461-b5b3-4cc1-a72f-0d342517c4e1 req-2ad39461-b5b3-4cc1-a72f-0d342517c4e1 ] Request (ServerExternalEventsTest:test_create_server_external_events): 200 GET http://10.180.1.21/compute/v2.1/servers/9acf0cdf-9800-4192-87c3-22259fe3b2f4 0.370s
2025-03-21 14:01:22.005 69303 INFO tempest.common.waiters [-] State transition "BUILD/networking" ==> "BUILD/spawning" after 43 second wait
2025-03-21 14:01:22.006 69279 INFO tempest.lib.common.rest_client [req-a443acfd-9656-4220-99d6-4a5b16f96c76 req-a443acfd-9656-4220-99d6-4a5b16f96c76 ] Request (FloatingIPsTestJSON:tearDownClass): 204 DELETE http://10.180.1.21/identity/v3/projects/1317d8008d0d4551b2665a933da97ba5 0.112s
2025-03-21 14:01:22.025 69315 INFO tempest.lib.common.rest_client [req-d817c50a-df8f-47c5-a780-fca4ea635206 req-d817c50a-df8f-47c5-a780-fca4ea635206 ] Request (ServerDiagnosticsV248Test:tearDownClass): 200 GET http://10.180.1.21/compute/v2.1/servers/8a2d5e9e-ee58-4762-8e28-f4fa8aa9e96f 0.287s
2025-03-21 14:01:22.068 69279 INFO tempest.lib.common.rest_client [req-6a984e80-99f4-4b59-a2c9-2c145bd99ff5 req-6a984e80-99f4-4b59-a2c9-2c145bd99ff5 ] Request (InstanceActionsTestJSON:setUpClass): 201 POST http://10.180.1.21/identity/v3/auth/tokens 0.060s
2025-03-21 14:01:22.101 69293 INFO tempest.lib.common.rest_client [req-db13aa0f-e3b5-4d1c-b295-ce1cd73c2aa0 req-db13aa0f-e3b5-4d1c-b295-ce1cd73c2aa0 ] Request (ServersListShow2100Test:tearDownClass): 200 GET http://10.180.1.21/compute/v2.1/servers/c597adf2-b172-451d-80bf-64fce9c6869b 0.316s
2025-03-21 14:01:22.103 69279 INFO tempest.lib.common.rest_client [req-869e2bba-6b1f-418f-a8a7-e29ae186eff6 req-869e2bba-6b1f-418f-a8a7-e29ae186eff6 ] Request (InstanceActionsTestJSON:setUpClass): 201 POST http://10.180.1.21/identity/v3/auth/tokens 0.033s
2025-03-21 14:01:22.104 69259 INFO tempest.lib.common.rest_client [req-92e6fe10-63e0-491c-889d-8668ccdb4068 req-92e6fe10-63e0-491c-889d-8668ccdb4068 ] Request (ListServersNegativeTestJSON:setUpClass): 200 GET http://10.180.1.21/compute/v2.1/servers/b964e1b2-3af0-460c-ba6a-60ac36446ca9 0.319s
2025-03-21 14:01:22.127 69279 INFO tempest.lib.common.rest_client [req-b17976e4-ee51-43fd-8d82-674a427a4cf6 req-b17976e4-ee51-43fd-8d82-674a427a4cf6 ] Request (InstanceActionsTestJSON:setUpClass): 200 GET http://10.180.1.21/identity/v3/domains?name=Default 0.023s
2025-03-21 14:01:22.163 69271 INFO tempest.lib.common.rest_client [req-6f22d322-3e69-484d-b547-c72db42cd1ef req-6f22d322-3e69-484d-b547-c72db42cd1ef ] Request (ServerDiagnosticsTest:tearDownClass): 200 GET http://10.180.1.21/compute/v2.1/servers/a6b3579a-92fc-4cc1-ba35-7d1234144a80 0.318s
2025-03-21 14:01:22.166 69279 INFO tempest.lib.common.rest_client [req-b17f0ef7-0e8b-47d6-9f90-69bea28757c2 req-b17f0ef7-0e8b-47d6-9f90-69bea28757c2 ] Request (InstanceActionsTestJSON:setUpClass): 201 POST http://10.180.1.21/identity/v3/projects 0.038s
2025-03-21 14:01:22.170 69307 INFO tempest.lib.common.rest_client [req-fe083194-76ca-433d-9640-cc3c3ac98be9 req-fe083194-76ca-433d-9640-cc3c3ac98be9 ] Request (DeleteServersAdminTestJSON:test_admin_delete_servers_of_others): 200 GET http://10.180.1.21/compute/v2.1/servers/9493b14e-c374-4689-9b62-f927e467cc00 0.364s
2025-03-21 14:01:22.186 69261 INFO tempest.lib.common.rest_client [req-ad3f3019-758a-4a44-8096-a7b71029f15c req-ad3f3019-758a-4a44-8096-a7b71029f15c ] Request (FlavorsV2TestJSON:test_list_flavors_with_detail): 200 GET http://10.180.1.21/compute/v2.1/flavors/detail 0.330s
2025-03-21 14:01:22.223 69255 INFO tempest.lib.common.rest_client [req-cab706ac-d43d-42eb-b554-27619042bf06 req-cab706ac-d43d-42eb-b554-27619042bf06 ] Request (ImagesNegativeTestJSON:test_create_image_from_deleted_server): 200 GET http://10.180.1.21/compute/v2.1/servers/d6fdba9a-ee56-4e8f-9ad9-097d2b9bcbe6 0.362s
2025-03-21 14:01:22.235 69279 INFO tempest.lib.common.rest_client [req-1c2569c8-053d-4c3b-972a-cb088ce7b065 req-1c2569c8-053d-4c3b-972a-cb088ce7b065 ] Request (InstanceActionsTestJSON:setUpClass): 201 POST http://10.180.1.21/identity/v3/users 0.068s
2025-03-21 14:01:22.238 69273 INFO tempest.lib.common.rest_client [req-ab23deb2-e916-4735-8f05-26a9dbbe5207 req-ab23deb2-e916-4735-8f05-26a9dbbe5207 ] Request (TenantUsagesTestJSON:setUpClass): 200 GET http://10.180.1.21/compute/v2.1/servers/38d9e4ec-d8b3-4e48-bf0d-74d34ad1285d 0.306s
2025-03-21 14:01:22.261 69279 INFO tempest.lib.common.rest_client [req-461c160d-8b66-4c9e-b337-412aa714e7ac req-461c160d-8b66-4c9e-b337-412aa714e7ac ] Request (InstanceActionsTestJSON:setUpClass): 200 GET http://10.180.1.21/identity/v3/roles 0.025s
2025-03-21 14:01:22.281 69287 INFO tempest.lib.common.rest_client [req-7bfb58d6-d0d5-4ed1-a296-559d83517214 req-7bfb58d6-d0d5-4ed1-a296-559d83517214 ] Request (ImagesTestJSON:test_create_image_from_stopped_server): 200 GET http://10.180.1.21/compute/v2.1/servers/252d4911-0e62-46be-aeff-4b964a018205 0.348s
2025-03-21 14:01:22.295 69279 INFO tempest.lib.common.rest_client [req-6fbd2003-3ae1-43e2-9b21-1eef4b4a97f5 req-6fbd2003-3ae1-43e2-9b21-1eef4b4a97f5 ] Request (InstanceActionsTestJSON:setUpClass): 204 PUT http://10.180.1.21/identity/v3/projects/f7ccfebdabf045f594474abd465c2007/users/c48620c5a72146edbcaf8b45fe3ff363/roles/240e1e70df294e06b321e7450ab02630 0.032s
2025-03-21 14:01:22.296 69279 INFO tempest.lib.common.dynamic_creds [-] Dynamic test user c48620c5a72146edbcaf8b45fe3ff363 is created with scope project and roles: ['member']
2025-03-21 14:01:22.296 69279 INFO tempest.lib.common.dynamic_creds [-] Acquired dynamic creds: credentials: Credentials: {'domain_id': 'default', 'domain_name': 'Default', 'username': 'tempest-InstanceActionsTestJSON-1999947837-project-member', 'project_domain_id': 'default', 'project_domain_name': 'Default', 'project_id': 'f7ccfebdabf045f594474abd465c2007', 'project_name': 'tempest-InstanceActionsTestJSON-1999947837', 'tenant_id': 'f7ccfebdabf045f594474abd465c2007', 'tenant_name': 'tempest-InstanceActionsTestJSON-1999947837', 'user_domain_id': 'default', 'user_domain_name': 'Default', 'user_id': 'c48620c5a72146edbcaf8b45fe3ff363', 'system': None}, Network: None, Subnet: None, Router: None
2025-03-21 14:01:22.364 69279 INFO tempest.lib.common.rest_client [req-6b4ff29c-b9f4-419e-b059-312a6e861b9a req-6b4ff29c-b9f4-419e-b059-312a6e861b9a ] Request (InstanceActionsTestJSON:setUpClass): 201 POST http://10.180.1.21/identity/v3/auth/tokens 0.068s
2025-03-21 14:01:22.383 69259 INFO tempest.lib.common.rest_client [req-229522da-aea7-4b46-bf71-d7452f089221 req-229522da-aea7-4b46-bf71-d7452f089221 ] Request (ListServersNegativeTestJSON:setUpClass): 200 GET http://10.180.1.21/compute/v2.1/servers/fd8e543a-f06d-41ef-9db2-0dede9660a6c 0.271s
2025-03-21 14:01:22.455 69301 INFO tempest.lib.common.rest_client [req-bafbc7ab-64e2-4274-b65e-e8e2930b70cd req-bafbc7ab-64e2-4274-b65e-e8e2930b70cd ] Request (ServersAdmin275Test:tearDownClass): 200 GET http://10.180.1.21/compute/v2.1/servers/46825de6-bba3-4833-af06-eb2ba1526aa7 0.343s
2025-03-21 14:01:22.491 69283 INFO tempest.lib.common.rest_client [req-f18869d3-6679-44b3-b116-bebc76564feb req-f18869d3-6679-44b3-b116-bebc76564feb ] Request (ServerAddressesTestJSON:setUpClass): 200 GET http://10.180.1.21/compute/v2.1/servers/1201d68c-d8f2-4867-9a8e-c0f3aa0b3160 0.497s
2025-03-21 14:01:22.523 69269 INFO tempest.lib.common.rest_client [req-454ee4db-8f23-42d1-9260-b510e41195db req-454ee4db-8f23-42d1-9260-b510e41195db ] Request (ServersTestMultiNic:test_verify_duplicate_network_nics): 200 GET http://10.180.1.21/compute/v2.1/servers/2ec1cadf-f4f9-47a0-bf13-04cc81e40a37 0.349s
2025-03-21 14:01:22.538 69261 INFO tempest.lib.common.rest_client [req-7b04305d-f7c8-4b72-8139-c9da2ef7f257 req-7b04305d-f7c8-4b72-8139-c9da2ef7f257 ] Request (FlavorsV2TestJSON:test_list_flavors_with_detail): 200 GET http://10.180.1.21/compute/v2.1/flavors/42 0.347s
2025-03-21 14:01:22.601 69313 INFO tempest.lib.common.rest_client [req-91d2a6ff-1929-4ce8-8a86-ff990113a1eb req-91d2a6ff-1929-4ce8-8a86-ff990113a1eb ] Request (ServerShowV254Test:test_rebuild_server): 200 GET http://10.180.1.21/compute/v2.1/servers/4252d347-76e1-4d37-9b71-bf46eb42c336 0.356s
2025-03-21 14:01:22.675 69299 INFO tempest.lib.common.rest_client [req-20a8217c-dc4c-48d5-a484-9f9c18fb3a47 req-20a8217c-dc4c-48d5-a484-9f9c18fb3a47 ] Request (DeleteServersTestJSON:test_delete_active_server): 200 GET http://10.180.1.21/compute/v2.1/servers/779e4d61-890e-4701-9ae8-59314d2486ac 0.368s
2025-03-21 14:01:22.687 69261 INFO tempest.lib.common.rest_client [req-64dcb778-7bb5-4d93-89df-59b3e9642e34 req-64dcb778-7bb5-4d93-89df-59b3e9642e34 ] Request (FlavorsV2TestJSON:tearDownClass): 204 DELETE http://10.180.1.21/identity/v3/users/8cbfe5a7a896438f8514f2115ec1d048 0.144s
2025-03-21 14:01:22.687 69261 INFO tempest.lib.common.dynamic_creds [-] Deleting project and security group for project: 4da32aa4ad744aee972eb35a3729aed6
2025-03-21 14:01:22.689 69311 INFO tempest.lib.common.rest_client [req-cefc4abd-e629-4c04-b0e4-f1a4a6d3c296 req-cefc4abd-e629-4c04-b0e4-f1a4a6d3c296 ] Request (ServersAdminNegativeTestJSON:setUpClass): 200 GET http://10.180.1.21/compute/v2.1/servers/d0aed944-cd89-4ac0-908a-c93423113ee0 0.513s
2025-03-21 14:01:22.753 69279 INFO tempest.lib.common.rest_client [req-bd4b626a-0951-4670-8c1d-c80f113e3435 req-bd4b626a-0951-4670-8c1d-c80f113e3435 ] Request (InstanceActionsTestJSON:setUpClass): 201 POST http://10.180.1.21:9696/networking/v2.0/networks 0.388s
2025-03-21 14:01:22.780 69253 INFO tempest.lib.common.rest_client [req-de6c67a1-88fe-4cd4-8a84-51f732050886 req-de6c67a1-88fe-4cd4-8a84-51f732050886 ] Request (ServerDiagnosticsNegativeTest:test_get_server_diagnostics_by_non_admin): 200 GET http://10.180.1.21/compute/v2.1/servers/0d101f71-a83e-4e8a-8e98-ebfee1ce5f9d 0.468s
2025-03-21 14:01:22.791 69295 INFO tempest.lib.common.rest_client [req-5a7526c1-807d-4de7-8fb3-8df047ffd0ad req-5a7526c1-807d-4de7-8fb3-8df047ffd0ad ] Request (InstanceActionsV221TestJSON:test_get_list_deleted_instance_actions): 200 GET http://10.180.1.21/compute/v2.1/servers/fb396636-f789-4fd4-acce-61b6c60565fb 0.411s
2025-03-21 14:01:22.811 69261 INFO tempest.lib.common.rest_client [req-ca4ee60c-7f88-443a-8946-e22fc0935105 req-ca4ee60c-7f88-443a-8946-e22fc0935105 ] Request (FlavorsV2TestJSON:tearDownClass): 201 POST http://10.180.1.21/identity/v3/auth/tokens 0.124s
2025-03-21 14:01:22.839 69277 INFO tempest.lib.common.rest_client [req-f0279e1b-bad7-4553-b1da-b30eea31e7f8 req-f0279e1b-bad7-4553-b1da-b30eea31e7f8 ] Request (MultipleCreateTestJSON:test_multiple_create): 200 GET http://10.180.1.21/compute/v2.1/servers/1b14a037-a9bc-4540-b6a2-6e68436a8425 0.447s
2025-03-21 14:01:22.873 69259 INFO tempest.lib.common.rest_client [req-0223b575-f49e-43be-8725-4cc27d334f9d req-0223b575-f49e-43be-8725-4cc27d334f9d ] Request (ListServersNegativeTestJSON:setUpClass): 204 DELETE http://10.180.1.21/compute/v2.1/servers/fd8e543a-f06d-41ef-9db2-0dede9660a6c 0.478s
2025-03-21 14:01:22.912 69305 INFO tempest.lib.common.rest_client [req-f78a2508-9a18-4bb1-a3eb-5eb174acd14e req-f78a2508-9a18-4bb1-a3eb-5eb174acd14e ] Request (InstanceActionsNegativeTestJSON:tearDownClass): 200 GET http://10.180.1.21/compute/v2.1/servers/16036e17-76b4-4e56-ada5-efc37e2e4f5a 0.428s
2025-03-21 14:01:22.937 69297 INFO tempest.lib.common.rest_client [req-6cb784ac-8887-4d77-b972-5e0442a8a8ec req-6cb784ac-8887-4d77-b972-5e0442a8a8ec ] Request (ServerTagsTestJSON:setUpClass): 200 GET http://10.180.1.21/compute/v2.1/servers/91772ff3-f07c-413e-a54e-104e3e1e21a0 0.388s
2025-03-21 14:01:22.956 69279 INFO tempest.lib.common.rest_client [req-d70dee0a-caf9-49a6-a2e0-70f64b386def req-d70dee0a-caf9-49a6-a2e0-70f64b386def ] Request (InstanceActionsTestJSON:setUpClass): 201 POST http://10.180.1.21:9696/networking/v2.0/subnets 0.203s
2025-03-21 14:01:23.025 69281 INFO tempest.lib.common.rest_client [req-fa192a2c-b74e-4436-a49f-65d5a59b65c9 req-fa192a2c-b74e-4436-a49f-65d5a59b65c9 ] Request (ImagesOneServerNegativeTestJSON:_run_cleanups): 200 GET http://10.180.1.21/compute/v2.1/servers/90ecff07-a783-43f5-be53-0e6f6fc1e7a5 0.362s
2025-03-21 14:01:23.097 69289 INFO tempest.lib.common.rest_client [req-2202f976-c083-43af-82cd-e5cb83472325 req-2202f976-c083-43af-82cd-e5cb83472325 ] Request (ListServerFiltersTestJSON:setUpClass): 200 GET http://10.180.1.21/compute/v2.1/servers/e8755b21-59b1-4137-8a85-41592cc3453a 0.334s
2025-03-21 14:01:23.109 69291 INFO tempest.lib.common.rest_client [req-fb44751a-b51f-40d4-8cc5-3af919a98a36 req-fb44751a-b51f-40d4-8cc5-3af919a98a36 ] Request (ServersWithSpecificFlavorTestJSON:test_verify_created_server_ephemeral_disk): 200 GET http://10.180.1.21/compute/v2.1/servers/aa5786dd-1106-4a7e-b9c0-b34f7d1802fc 0.551s
2025-03-21 14:01:23.128 69261 INFO tempest.lib.common.rest_client [req-a4b4c462-42fa-457e-9bc4-634a9bc84015 req-a4b4c462-42fa-457e-9bc4-634a9bc84015 ] Request (FlavorsV2TestJSON:tearDownClass): 200 GET http://10.180.1.21:9696/networking/v2.0/security-groups?tenant_id=4da32aa4ad744aee972eb35a3729aed6&name=default 0.317s
2025-03-21 14:01:23.159 69257 INFO tempest.lib.common.rest_client [req-3b87c6f2-d8c1-4f00-849c-fa650c3fca49 req-3b87c6f2-d8c1-4f00-849c-fa650c3fca49 ] Request (ServersAdminTestJSON:test_create_server_with_scheduling_hint): 200 GET http://10.180.1.21/compute/v2.1/servers/4cea04f6-c084-4849-b683-21396c6d6150 0.342s
2025-03-21 14:01:23.169 69267 INFO tempest.lib.common.rest_client [req-ea3fce94-c0f1-452c-9ccc-87b316c27f31 req-ea3fce94-c0f1-452c-9ccc-87b316c27f31 ] Request (SecurityGroupsTestJSON:test_list_security_groups_by_server): 200 GET http://10.180.1.21/compute/v2.1/servers/93f0c629-4ea1-42bb-b1db-eb53771c4c1c 0.318s
2025-03-21 14:01:23.208 69265 INFO tempest.lib.common.rest_client [req-e19e2e2d-988a-44e1-93de-0ae557b3a468 req-e19e2e2d-988a-44e1-93de-0ae557b3a468 ] Request (ImagesOneServerTestJSON:test_create_image_specify_multibyte_character_image_name): 200 GET http://10.180.1.21/compute/v2.1/images/3617cdfb-dc67-4cd5-b67a-6cb9c9117ee3 0.320s
2025-03-21 14:01:23.256 69261 INFO tempest.lib.common.rest_client [req-ab2c637f-0b12-4fbf-9767-0f53eade96f9 req-ab2c637f-0b12-4fbf-9767-0f53eade96f9 ] Request (FlavorsV2TestJSON:tearDownClass): 204 DELETE http://10.180.1.21:9696/networking/v2.0/security-groups/fbdc0ffd-3714-4bb8-8bad-42a05262431d 0.126s
2025-03-21 14:01:23.297 69263 INFO tempest.lib.common.rest_client [req-15cabc27-c3f0-4ef3-8e92-f6e4da0cf06b req-15cabc27-c3f0-4ef3-8e92-f6e4da0cf06b ] Request (FloatingIPsAssociationTestJSON:test_associate_already_associated_floating_ip): 200 GET http://10.180.1.21/compute/v2.1/servers/35024f1d-406f-471c-b999-b7f7ad30d1bb 0.384s
2025-03-21 14:01:23.308 69259 INFO tempest.lib.common.rest_client [req-c0bb18eb-0e03-4d53-8dae-7609d69d466c req-c0bb18eb-0e03-4d53-8dae-7609d69d466c ] Request (ListServersNegativeTestJSON:setUpClass): 200 GET http://10.180.1.21/compute/v2.1/servers/fd8e543a-f06d-41ef-9db2-0dede9660a6c 0.434s
2025-03-21 14:01:23.339 69261 INFO tempest.lib.common.rest_client [req-3912daba-94af-422d-8bb7-347ab261b49b req-3912daba-94af-422d-8bb7-347ab261b49b ] Request (FlavorsV2TestJSON:tearDownClass): 204 DELETE http://10.180.1.21/identity/v3/projects/4da32aa4ad744aee972eb35a3729aed6 0.083s
2025-03-21 14:01:23.418 69261 INFO tempest.lib.common.rest_client [req-07b440c5-7524-4c68-9676-31b002b94772 req-07b440c5-7524-4c68-9676-31b002b94772 ] Request (KeyPairsNegativeTestJSON:setUpClass): 201 POST http://10.180.1.21/identity/v3/auth/tokens 0.077s
2025-03-21 14:01:23.464 69261 INFO tempest.lib.common.rest_client [req-3d9a5da7-54f9-4697-82d5-78cb3379f697 req-3d9a5da7-54f9-4697-82d5-78cb3379f697 ] Request (KeyPairsNegativeTestJSON:setUpClass): 201 POST http://10.180.1.21/identity/v3/auth/tokens 0.041s
2025-03-21 14:01:23.491 69261 INFO tempest.lib.common.rest_client [req-82e31957-5cb7-4e6e-891d-7eb5501b0649 req-82e31957-5cb7-4e6e-891d-7eb5501b0649 ] Request (KeyPairsNegativeTestJSON:setUpClass): 200 GET http://10.180.1.21/identity/v3/domains?name=Default 0.026s
2025-03-21 14:01:23.540 69261 INFO tempest.lib.common.rest_client [req-de87bcc3-4139-44b0-b642-f34164565244 req-de87bcc3-4139-44b0-b642-f34164565244 ] Request (KeyPairsNegativeTestJSON:setUpClass): 201 POST http://10.180.1.21/identity/v3/projects 0.049s
2025-03-21 14:01:23.590 69309 INFO tempest.lib.common.rest_client [req-619394ef-e897-4b46-96c0-ebed31d11877 req-619394ef-e897-4b46-96c0-ebed31d11877 ] Request (AttachInterfacesTestJSON:test_create_list_show_delete_interfaces_by_fixed_ip): 200 GET http://10.180.1.21/compute/v2.1/servers/db1a6cbd-b6d9-420d-8619-14d68e950fb9 0.623s
2025-03-21 14:01:23.638 69261 INFO tempest.lib.common.rest_client [req-293094fa-c9af-48e4-b64e-b99f93f71f60 req-293094fa-c9af-48e4-b64e-b99f93f71f60 ] Request (KeyPairsNegativeTestJSON:setUpClass): 201 POST http://10.180.1.21/identity/v3/users 0.097s
2025-03-21 14:01:23.669 69261 INFO tempest.lib.common.rest_client [req-e4098da8-00e2-4ba9-ad5a-a77e18b05d35 req-e4098da8-00e2-4ba9-ad5a-a77e18b05d35 ] Request (KeyPairsNegativeTestJSON:setUpClass): 200 GET http://10.180.1.21/identity/v3/roles 0.031s
2025-03-21 14:01:23.671 69303 INFO tempest.lib.common.rest_client [req-0a5883a8-1cea-4f84-b911-49b3e4f6a021 req-0a5883a8-1cea-4f84-b911-49b3e4f6a021 ] Request (ServerExternalEventsTest:test_create_server_external_events): 200 GET http://10.180.1.21/compute/v2.1/servers/9acf0cdf-9800-4192-87c3-22259fe3b2f4 0.665s
2025-03-21 14:01:23.688 69315 INFO tempest.lib.common.rest_client [req-7740d827-76ef-4b02-9631-1c2fbf319dec req-7740d827-76ef-4b02-9631-1c2fbf319dec ] Request (ServerDiagnosticsV248Test:tearDownClass): 200 GET http://10.180.1.21/compute/v2.1/servers/8a2d5e9e-ee58-4762-8e28-f4fa8aa9e96f 0.651s
2025-03-21 14:01:23.705 69261 INFO tempest.lib.common.rest_client [req-e5168185-bee1-44e7-ad2c-92eced8fecb6 req-e5168185-bee1-44e7-ad2c-92eced8fecb6 ] Request (KeyPairsNegativeTestJSON:setUpClass): 204 PUT http://10.180.1.21/identity/v3/projects/0dfcd41ae497479994362da56beecd4a/users/2a677d4219b745349e61ac837bc271ce/roles/240e1e70df294e06b321e7450ab02630 0.035s
2025-03-21 14:01:23.705 69261 INFO tempest.lib.common.dynamic_creds [-] Dynamic test user 2a677d4219b745349e61ac837bc271ce is created with scope project and roles: ['member']
2025-03-21 14:01:23.705 69261 INFO tempest.lib.common.dynamic_creds [-] Acquired dynamic creds: credentials: Credentials: {'domain_id': 'default', 'domain_name': 'Default', 'username': 'tempest-KeyPairsNegativeTestJSON-1227833974-project-member', 'project_domain_id': 'default', 'project_domain_name': 'Default', 'project_id': '0dfcd41ae497479994362da56beecd4a', 'project_name': 'tempest-KeyPairsNegativeTestJSON-1227833974', 'tenant_id': '0dfcd41ae497479994362da56beecd4a', 'tenant_name': 'tempest-KeyPairsNegativeTestJSON-1227833974', 'user_domain_id': 'default', 'user_domain_name': 'Default', 'user_id': '2a677d4219b745349e61ac837bc271ce', 'system': None}, Network: None, Subnet: None, Router: None
2025-03-21 14:01:23.706 69261 INFO tempest.lib.common.dynamic_creds [-] Created isolated network resources for: credentials: Credentials: {'domain_id': 'default', 'domain_name': 'Default', 'username': 'tempest-KeyPairsNegativeTestJSON-1227833974-project-member', 'project_domain_id': 'default', 'project_domain_name': 'Default', 'project_id': '0dfcd41ae497479994362da56beecd4a', 'project_name': 'tempest-KeyPairsNegativeTestJSON-1227833974', 'tenant_id': '0dfcd41ae497479994362da56beecd4a', 'tenant_name': 'tempest-KeyPairsNegativeTestJSON-1227833974', 'user_domain_id': 'default', 'user_domain_name': 'Default', 'user_id': '2a677d4219b745349e61ac837bc271ce', 'system': None}, Network: None, Subnet: None, Router: None
2025-03-21 14:01:23.762 69271 INFO tempest.lib.common.rest_client [req-a563f96c-28b0-4cdb-9c8a-070f4a11c35c req-a563f96c-28b0-4cdb-9c8a-070f4a11c35c ] Request (ServerDiagnosticsTest:tearDownClass): 200 GET http://10.180.1.21/compute/v2.1/servers/a6b3579a-92fc-4cc1-ba35-7d1234144a80 0.590s
2025-03-21 14:01:23.779 69293 INFO tempest.lib.common.rest_client [req-c5b6fd6e-9d3b-485d-ac81-8693afbb662f req-c5b6fd6e-9d3b-485d-ac81-8693afbb662f ] Request (ServersListShow2100Test:tearDownClass): 200 GET http://10.180.1.21/compute/v2.1/servers/c597adf2-b172-451d-80bf-64fce9c6869b 0.662s
2025-03-21 14:01:23.801 69261 INFO tempest.lib.common.rest_client [req-dcaf59e7-c9f3-4286-87e0-e3b8d5d7c381 req-dcaf59e7-c9f3-4286-87e0-e3b8d5d7c381 ] Request (KeyPairsNegativeTestJSON:setUpClass): 201 POST http://10.180.1.21/identity/v3/auth/tokens 0.091s
