2025-03-21 14:00:38.884 69253 INFO tempest.lib.common.rest_client [req-13d2ca55-739a-4795-a9ad-6e9ed4f12869 req-13d2ca55-739a-4795-a9ad-6e9ed4f12869 ] Request (ServerDiagnosticsNegativeTest:setUpClass): 201 POST http://10.180.1.21/identity/v3/auth/tokens 0.032s
2025-03-21 14:00:38.914 69293 INFO tempest.lib.common.rest_client [req-03c90db9-1b47-4eec-a86e-1fbdd4344e11 req-03c90db9-1b47-4eec-a86e-1fbdd4344e11 ] Request (ServersListShow2100Test:test_list_show_rebuild_update_server_2100): 200 GET http://10.180.1.21/compute/v2.1/servers/c597adf2-b172-451d-80bf-64fce9c6869b 1.312s
2025-03-21 14:00:38.914 69285 INFO tempest.lib.common.rest_client [req-66df9c5e-97b2-4590-a1c1-5309e22972ef req-66df9c5e-97b2-4590-a1c1-5309e22972ef ] Request (ServerShowV263Test:setUpClass): 201 POST http://10.180.1.21/identity/v3/projects 0.039s
2025-03-21 14:00:38.935 69313 INFO tempest.lib.common.rest_client [req-bb88b63c-918e-49d6-8f67-a18ab5829c0c req-bb88b63c-918e-49d6-8f67-a18ab5829c0c ] Request (HostsAdminNegativeTestJSON:tearDownClass): 204 DELETE http://10.180.1.21/identity/v3/projects/475fce59e14848bdb01955d3ede68b1e 0.072s
2025-03-21 14:00:38.973 69253 INFO tempest.lib.common.rest_client [req-5e249e7c-ea64-4bdf-afff-5c39fc88c5a5 req-5e249e7c-ea64-4bdf-afff-5c39fc88c5a5 ] Request (ServerDiagnosticsNegativeTest:setUpClass): 200 GET http://10.180.1.21/identity/v3/domains?name=Default 0.087s
2025-03-21 14:00:38.975 69299 INFO tempest.lib.common.rest_client [req-cd433d9e-b227-4270-a1e3-124708bd6d4f req-cd433d9e-b227-4270-a1e3-124708bd6d4f ] Request (DeleteServersTestJSON:test_delete_active_server): 200 GET http://10.180.1.21/compute/v2.1/servers/779e4d61-890e-4701-9ae8-59314d2486ac 1.369s
2025-03-21 14:00:39.006 69313 INFO tempest.lib.common.rest_client [req-a0292685-3695-4c58-954e-2fa685a306d2 req-a0292685-3695-4c58-954e-2fa685a306d2 ] Request (InstanceUsageAuditLogTestJSON:setUpClass): 201 POST http://10.180.1.21/identity/v3/auth/tokens 0.069s
2025-03-21 14:00:39.010 69255 INFO tempest.lib.common.rest_client [req-1981b68d-88a8-4e3b-bb3c-dfc8d53d15f4 req-1981b68d-88a8-4e3b-bb3c-dfc8d53d15f4 ] Request (ImagesMetadataNegativeTestJSON:test_list_nonexistent_image_metadata): 404 GET http://10.180.1.21/compute/v2.1/images/cb1b6fc0-83ae-4554-802b-b9e2d82c237d/metadata 1.354s
2025-03-21 14:00:39.039 69285 INFO tempest.lib.common.rest_client [req-7dcf9916-a535-43ff-a0dd-29f3828d4af7 req-7dcf9916-a535-43ff-a0dd-29f3828d4af7 ] Request (ServerShowV263Test:setUpClass): 201 POST http://10.180.1.21/identity/v3/users 0.124s
2025-03-21 14:00:39.046 69253 INFO tempest.lib.common.rest_client [req-33489506-4b8e-478b-b2b4-074ae7939fe3 req-33489506-4b8e-478b-b2b4-074ae7939fe3 ] Request (ServerDiagnosticsNegativeTest:setUpClass): 201 POST http://10.180.1.21/identity/v3/projects 0.073s
2025-03-21 14:00:39.053 69287 INFO tempest.lib.common.rest_client [req-ce46f09f-aca7-498e-adac-b51771cbc659 req-ce46f09f-aca7-498e-adac-b51771cbc659 ] Request (ImagesTestJSON:test_create_image_from_stopped_server): 202 POST http://10.180.1.21/compute/v2.1/servers 1.924s
2025-03-21 14:00:39.113 69285 INFO tempest.lib.common.rest_client [req-72266552-acfd-4a27-bf7f-79122009f9da req-72266552-acfd-4a27-bf7f-79122009f9da ] Request (ServerShowV263Test:setUpClass): 200 GET http://10.180.1.21/identity/v3/roles 0.073s
2025-03-21 14:00:39.128 69313 INFO tempest.lib.common.rest_client [req-03dc9c09-8818-4119-b1d4-c4191874a6ea req-03dc9c09-8818-4119-b1d4-c4191874a6ea ] Request (InstanceUsageAuditLogTestJSON:setUpClass): 201 POST http://10.180.1.21/identity/v3/auth/tokens 0.107s
2025-03-21 14:00:39.145 69253 INFO tempest.lib.common.rest_client [req-7e7a657e-1c7f-4db6-928c-93fd7997f0b9 req-7e7a657e-1c7f-4db6-928c-93fd7997f0b9 ] Request (ServerDiagnosticsNegativeTest:setUpClass): 201 POST http://10.180.1.21/identity/v3/users 0.098s
2025-03-21 14:00:39.149 69315 INFO tempest.lib.common.rest_client [req-22e923d9-462e-40b8-b6e3-9882b55700cb req-22e923d9-462e-40b8-b6e3-9882b55700cb ] Request (ServerDiagnosticsV248Test:test_get_server_diagnostics): 200 GET http://10.180.1.21/compute/v2.1/servers/8a2d5e9e-ee58-4762-8e28-f4fa8aa9e96f 1.307s
2025-03-21 14:00:39.174 69285 INFO tempest.lib.common.rest_client [req-520287f7-debd-4246-9225-bb5a062cf208 req-520287f7-debd-4246-9225-bb5a062cf208 ] Request (ServerShowV263Test:setUpClass): 204 PUT http://10.180.1.21/identity/v3/projects/38d473866243471ab80b5d857dccd162/users/23e38cb194604be1a0632a1e9a26d744/roles/240e1e70df294e06b321e7450ab02630 0.061s
2025-03-21 14:00:39.174 69285 INFO tempest.lib.common.dynamic_creds [-] Dynamic test user 23e38cb194604be1a0632a1e9a26d744 is created with scope project and roles: ['member']
2025-03-21 14:00:39.175 69285 INFO tempest.lib.common.dynamic_creds [-] Acquired dynamic creds: credentials: Credentials: {'domain_id': 'default', 'domain_name': 'Default', 'username': 'tempest-ServerShowV263Test-1558325646-project-member', 'project_domain_id': 'default', 'project_domain_name': 'Default', 'project_id': '38d473866243471ab80b5d857dccd162', 'project_name': 'tempest-ServerShowV263Test-1558325646', 'tenant_id': '38d473866243471ab80b5d857dccd162', 'tenant_name': 'tempest-ServerShowV263Test-1558325646', 'user_domain_id': 'default', 'user_domain_name': 'Default', 'user_id': '23e38cb194604be1a0632a1e9a26d744', 'system': None}, Network: None, Subnet: None, Router: None
2025-03-21 14:00:39.175 69285 INFO tempest.lib.common.dynamic_creds [-] Created isolated network resources for: credentials: Credentials: {'domain_id': 'default', 'domain_name': 'Default', 'username': 'tempest-ServerShowV263Test-1558325646-project-member', 'project_domain_id': 'default', 'project_domain_name': 'Default', 'project_id': '38d473866243471ab80b5d857dccd162', 'project_name': 'tempest-ServerShowV263Test-1558325646', 'tenant_id': '38d473866243471ab80b5d857dccd162', 'tenant_name': 'tempest-ServerShowV263Test-1558325646', 'user_domain_id': 'default', 'user_domain_name': 'Default', 'user_id': '23e38cb194604be1a0632a1e9a26d744', 'system': None}, Network: None, Subnet: None, Router: None
2025-03-21 14:00:39.237 69313 INFO tempest.lib.common.rest_client [req-2c570b32-8a11-431e-b494-d8263e31d1ab req-2c570b32-8a11-431e-b494-d8263e31d1ab ] Request (InstanceUsageAuditLogTestJSON:setUpClass): 200 GET http://10.180.1.21/identity/v3/domains?name=Default 0.108s
2025-03-21 14:00:39.253 69253 INFO tempest.lib.common.rest_client [req-44b61b77-cb1b-43f6-9928-2d0c64a65f73 req-44b61b77-cb1b-43f6-9928-2d0c64a65f73 ] Request (ServerDiagnosticsNegativeTest:setUpClass): 200 GET http://10.180.1.21/identity/v3/roles 0.107s
2025-03-21 14:00:39.321 69313 INFO tempest.lib.common.rest_client [req-d826f40a-ef41-449c-b84d-642a2a397aa1 req-d826f40a-ef41-449c-b84d-642a2a397aa1 ] Request (InstanceUsageAuditLogTestJSON:setUpClass): 201 POST http://10.180.1.21/identity/v3/projects 0.082s
2025-03-21 14:00:39.326 69285 INFO tempest.lib.common.rest_client [req-8812dbf4-de2f-4061-b2c3-bd0b417c72d8 req-8812dbf4-de2f-4061-b2c3-bd0b417c72d8 ] Request (ServerShowV263Test:setUpClass): 201 POST http://10.180.1.21/identity/v3/auth/tokens 0.143s
2025-03-21 14:00:39.382 69313 INFO tempest.lib.common.rest_client [req-3db29b28-f1ec-4d23-8f80-72c0aaff098e req-3db29b28-f1ec-4d23-8f80-72c0aaff098e ] Request (InstanceUsageAuditLogTestJSON:setUpClass): 201 POST http://10.180.1.21/identity/v3/users 0.061s
2025-03-21 14:00:39.384 69297 INFO tempest.lib.common.rest_client [req-c658ca61-9ca8-4929-aa14-763802925f34 req-c658ca61-9ca8-4929-aa14-763802925f34 ] Request (QuotasAdminTestJSON:test_get_updated_quotas): 200 PUT http://10.180.1.21/compute/v2.1/os-quota-sets/2175f89d923f4e948f428461a600849d?user_id=41f67646e86a42d7aaf20f57d7d8f7fd 1.579s
2025-03-21 14:00:39.389 69253 INFO tempest.lib.common.rest_client [req-66f0da9d-2d03-458a-9f12-246047757ef0 req-66f0da9d-2d03-458a-9f12-246047757ef0 ] Request (ServerDiagnosticsNegativeTest:setUpClass): 204 PUT http://10.180.1.21/identity/v3/projects/3adfd91314304731a41d6faf154e3e7f/users/2847669ff6cd4efeaa8ea8c0139e1e4b/roles/240e1e70df294e06b321e7450ab02630 0.136s
2025-03-21 14:00:39.390 69253 INFO tempest.lib.common.dynamic_creds [-] Dynamic test user 2847669ff6cd4efeaa8ea8c0139e1e4b is created with scope project and roles: ['member']
2025-03-21 14:00:39.391 69253 INFO tempest.lib.common.dynamic_creds [-] Acquired dynamic creds: credentials: Credentials: {'domain_id': 'default', 'domain_name': 'Default', 'username': 'tempest-ServerDiagnosticsNegativeTest-960979297-project-member', 'project_domain_id': 'default', 'project_domain_name': 'Default', 'project_id': '3adfd91314304731a41d6faf154e3e7f', 'project_name': 'tempest-ServerDiagnosticsNegativeTest-960979297', 'tenant_id': '3adfd91314304731a41d6faf154e3e7f', 'tenant_name': 'tempest-ServerDiagnosticsNegativeTest-960979297', 'user_domain_id': 'default', 'user_domain_name': 'Default', 'user_id': '2847669ff6cd4efeaa8ea8c0139e1e4b', 'system': None}, Network: None, Subnet: None, Router: None
2025-03-21 14:00:39.391 69253 INFO tempest.lib.common.dynamic_creds [-] Created isolated network resources for: credentials: Credentials: {'domain_id': 'default', 'domain_name': 'Default', 'username': 'tempest-ServerDiagnosticsNegativeTest-960979297-project-member', 'project_domain_id': 'default', 'project_domain_name': 'Default', 'project_id': '3adfd91314304731a41d6faf154e3e7f', 'project_name': 'tempest-ServerDiagnosticsNegativeTest-960979297', 'tenant_id': '3adfd91314304731a41d6faf154e3e7f', 'tenant_name': 'tempest-ServerDiagnosticsNegativeTest-960979297', 'user_domain_id': 'default', 'user_domain_name': 'Default', 'user_id': '2847669ff6cd4efeaa8ea8c0139e1e4b', 'system': None}, Network: None, Subnet: None, Router: None
2025-03-21 14:00:39.414 69307 INFO tempest.lib.common.rest_client [req-4e6c19c2-2568-4373-a576-8ca19ad0dee7 req-4e6c19c2-2568-4373-a576-8ca19ad0dee7 ] Request (DeleteServersAdminTestJSON:test_admin_delete_servers_of_others): 200 GET http://10.180.1.21/compute/v2.1/servers/9493b14e-c374-4689-9b62-f927e467cc00 1.389s
2025-03-21 14:00:39.424 69285 INFO tempest.lib.common.rest_client [req-d5233d9a-f7f0-40df-9129-d1abd7ee9f8e req-d5233d9a-f7f0-40df-9129-d1abd7ee9f8e ] Request (ServerShowV263Test:setUpClass): 200 GET http://10.180.1.21/identity/v3/projects/38d473866243471ab80b5d857dccd162 0.098s
2025-03-21 14:00:39.425 69285 INFO tempest.lib.common.dynamic_creds [-] Using the existing project 38d473866243471ab80b5d857dccd162 for scope project and roles: ['reader']
2025-03-21 14:00:39.440 69313 INFO tempest.lib.common.rest_client [req-8fcacc4b-41a6-4049-b7b6-529e0fb467de req-8fcacc4b-41a6-4049-b7b6-529e0fb467de ] Request (InstanceUsageAuditLogTestJSON:setUpClass): 200 GET http://10.180.1.21/identity/v3/roles 0.057s
2025-03-21 14:00:39.461 69285 INFO tempest.lib.common.rest_client [req-e197bdd2-f1ba-4527-b7f0-870419c7b3b3 req-e197bdd2-f1ba-4527-b7f0-870419c7b3b3 ] Request (ServerShowV263Test:setUpClass): 201 POST http://10.180.1.21/identity/v3/users 0.036s
2025-03-21 14:00:39.496 69253 INFO tempest.lib.common.rest_client [req-622a9ae7-bcd9-4ad1-9093-63ee053ca974 req-622a9ae7-bcd9-4ad1-9093-63ee053ca974 ] Request (ServerDiagnosticsNegativeTest:setUpClass): 201 POST http://10.180.1.21/identity/v3/auth/tokens 0.101s
2025-03-21 14:00:39.500 69313 INFO tempest.lib.common.rest_client [req-c2fc8157-6f05-42e1-9e43-b059e4ac32c5 req-c2fc8157-6f05-42e1-9e43-b059e4ac32c5 ] Request (InstanceUsageAuditLogTestJSON:setUpClass): 204 PUT http://10.180.1.21/identity/v3/projects/d595be5a3d4343198c5677829bd7cfeb/users/205f251224fc450f9c4c28c017c8d172/roles/240e1e70df294e06b321e7450ab02630 0.060s
2025-03-21 14:00:39.500 69313 INFO tempest.lib.common.dynamic_creds [-] Dynamic test user 205f251224fc450f9c4c28c017c8d172 is created with scope project and roles: ['member']
2025-03-21 14:00:39.500 69313 INFO tempest.lib.common.dynamic_creds [-] Acquired dynamic creds: credentials: Credentials: {'domain_id': 'default', 'domain_name': 'Default', 'username': 'tempest-InstanceUsageAuditLogTestJSON-1124255434-project-member', 'project_domain_id': 'default', 'project_domain_name': 'Default', 'project_id': 'd595be5a3d4343198c5677829bd7cfeb', 'project_name': 'tempest-InstanceUsageAuditLogTestJSON-1124255434', 'tenant_id': 'd595be5a3d4343198c5677829bd7cfeb', 'tenant_name': 'tempest-InstanceUsageAuditLogTestJSON-1124255434', 'user_domain_id': 'default', 'user_domain_name': 'Default', 'user_id': '205f251224fc450f9c4c28c017c8d172', 'system': None}, Network: None, Subnet: None, Router: None
2025-03-21 14:00:39.501 69313 INFO tempest.lib.common.dynamic_creds [-] Created isolated network resources for: credentials: Credentials: {'domain_id': 'default', 'domain_name': 'Default', 'username': 'tempest-InstanceUsageAuditLogTestJSON-1124255434-project-member', 'project_domain_id': 'default', 'project_domain_name': 'Default', 'project_id': 'd595be5a3d4343198c5677829bd7cfeb', 'project_name': 'tempest-InstanceUsageAuditLogTestJSON-1124255434', 'tenant_id': 'd595be5a3d4343198c5677829bd7cfeb', 'tenant_name': 'tempest-InstanceUsageAuditLogTestJSON-1124255434', 'user_domain_id': 'default', 'user_domain_name': 'Default', 'user_id': '205f251224fc450f9c4c28c017c8d172', 'system': None}, Network: None, Subnet: None, Router: None
2025-03-21 14:00:39.546 69309 INFO tempest.lib.common.rest_client [req-d75e7e7b-08d1-4b0e-9d22-f4117746bae7 req-d75e7e7b-08d1-4b0e-9d22-f4117746bae7 ] Request (ValidationResourcesFixture:setUp): 201 POST http://10.180.1.21:9696/networking/v2.0/floatingips 0.831s
2025-03-21 14:00:39.565 69285 INFO tempest.lib.common.rest_client [req-8366f4d9-fb6b-4324-9cc8-70eb6a0cbf24 req-8366f4d9-fb6b-4324-9cc8-70eb6a0cbf24 ] Request (ServerShowV263Test:setUpClass): 200 GET http://10.180.1.21/identity/v3/roles 0.103s
2025-03-21 14:00:39.578 69253 INFO tempest.lib.common.rest_client [req-2e3143a9-6b9e-453c-933e-05cb97266c6b req-2e3143a9-6b9e-453c-933e-05cb97266c6b ] Request (ServerDiagnosticsNegativeTest:setUpClass): 201 POST http://10.180.1.21/identity/v3/projects 0.081s
2025-03-21 14:00:39.623 69271 INFO tempest.lib.common.rest_client [req-82ebe47a-1d81-464a-afd5-e8843c70bd39 req-82ebe47a-1d81-464a-afd5-e8843c70bd39 ] Request (ServerDiagnosticsTest:test_get_server_diagnostics): 200 GET http://10.180.1.21/compute/v2.1/servers/a6b3579a-92fc-4cc1-ba35-7d1234144a80 1.455s
2025-03-21 14:00:39.623 69263 INFO tempest.lib.common.rest_client [req-58d8650a-5371-41a2-af7d-23bb858e2946 req-58d8650a-5371-41a2-af7d-23bb858e2946 ] Request (FloatingIPsAssociationTestJSON:setUpClass): 200 GET http://10.180.1.21/compute/v2.1/servers/cede76ff-96e6-4595-aae6-b607fc431029 1.496s
2025-03-21 14:00:39.635 69263 INFO tempest.common.waiters [-] State transition "BUILD/spawning" ==> "ACTIVE/None" after 20 second wait
2025-03-21 14:00:39.639 69295 INFO tempest.lib.common.rest_client [req-dd41703d-05a1-4dc0-8dce-ef8ef50dd112 req-dd41703d-05a1-4dc0-8dce-ef8ef50dd112 ] Request (AggregatesAdminNegativeTestJSON:test_aggregate_create_as_user): 403 POST http://10.180.1.21/compute/v2.1/os-aggregates 1.360s
2025-03-21 14:00:39.642 69309 INFO tempest.lib.common.rest_client [req-41494972-40bf-4f45-a504-51738977b496 req-41494972-40bf-4f45-a504-51738977b496 ] Request (AttachInterfacesTestJSON:test_create_list_show_delete_interfaces_by_fixed_ip): 201 POST http://10.180.1.21/identity/v3/auth/tokens 0.093s
2025-03-21 14:00:39.642 69309 INFO tempest.lib.common.fixed_network [-] (AttachInterfacesTestJSON:test_create_list_show_delete_interfaces_by_fixed_ip) Found network {'id': '831e4d87-3158-478a-9145-f891cf48a815', 'name': 'tempest-AttachInterfacesTestJSON-1582090978-network', 'tenant_id': 'bd401908334f4898ab12b3fdeba11b74', 'admin_state_up': True, 'mtu': 8950, 'status': 'ACTIVE', 'subnets': [], 'shared': False, 'project_id': 'bd401908334f4898ab12b3fdeba11b74', 'port_security_enabled': True, 'router:external': False, 'provider:network_type': 'vlan', 'provider:physical_network': 'default', 'provider:segmentation_id': 198, 'availability_zone_hints': [], 'availability_zones': [], 'ipv4_address_scope': None, 'ipv6_address_scope': None, 'description': '', 'tags': [], 'created_at': '2025-03-21T14:00:30Z', 'updated_at': '2025-03-21T14:00:30Z', 'revision_number': 1} available for tenant
2025-03-21 14:00:39.686 69261 INFO tempest.lib.common.rest_client [req-d45f200f-43fe-4539-b1bf-ad014a5e0af5 req-d45f200f-43fe-4539-b1bf-ad014a5e0af5 ] Request (FlavorsAccessNegativeTestJSON:test_flavor_non_admin_remove): 200 POST http://10.180.1.21/compute/v2.1/flavors 1.377s
2025-03-21 14:00:39.706 69313 INFO tempest.lib.common.rest_client [req-549ac3d1-9a53-47a1-94a3-42bf6af450a6 req-549ac3d1-9a53-47a1-94a3-42bf6af450a6 ] Request (InstanceUsageAuditLogTestJSON:setUpClass): 201 POST http://10.180.1.21/identity/v3/auth/tokens 0.202s
2025-03-21 14:00:39.718 69269 INFO tempest.lib.common.rest_client [req-bd55d434-1c63-456c-b972-409462bf6d99 req-bd55d434-1c63-456c-b972-409462bf6d99 ] Request (ServicesAdminTestJSON:test_get_service_by_service_binary_name): 200 GET http://10.180.1.21/compute/v2.1/os-services?binary=nova-compute 1.401s
2025-03-21 14:00:39.720 69267 INFO tempest.lib.common.rest_client [req-6459e1e4-f062-47d7-9b9b-5acb8afead25 req-6459e1e4-f062-47d7-9b9b-5acb8afead25 ] Request (SecurityGroupsTestJSON:setUpClass): 200 PUT http://10.180.1.21:9696/networking/v2.0/routers/3cb5c5f2-3c0a-473b-ab26-41f1ca741d41/add_router_interface 1.922s
2025-03-21 14:00:39.720 69267 INFO tempest.lib.common.dynamic_creds [-] Created isolated network resources for: credentials: Credentials: {'domain_id': 'default', 'domain_name': 'Default', 'username': 'tempest-SecurityGroupsTestJSON-312938130-project-member', 'project_domain_id': 'default', 'project_domain_name': 'Default', 'project_id': '759b86bfbac641169eb8825f5b0990dd', 'project_name': 'tempest-SecurityGroupsTestJSON-312938130', 'tenant_id': '759b86bfbac641169eb8825f5b0990dd', 'tenant_name': 'tempest-SecurityGroupsTestJSON-312938130', 'user_domain_id': 'default', 'user_domain_name': 'Default', 'user_id': 'cd0d6c6f443448d4bb508b5f6a7d817a', 'system': None}, Network: {'id': 'faa7f474-664c-494b-9311-d0ccf9c7a9ff', 'name': 'tempest-SecurityGroupsTestJSON-396799107-network', 'tenant_id': '759b86bfbac641169eb8825f5b0990dd', 'admin_state_up': True, 'mtu': 8950, 'status': 'ACTIVE', 'subnets': [], 'shared': False, 'project_id': '759b86bfbac641169eb8825f5b0990dd', 'port_security_enabled': True, 'router:external': False, 'provider:network_type': 'vlan', 'provider:physical_network': 'default', 'provider:segmentation_id': 644, 'availability_zone_hints': [], 'availability_zones': [], 'ipv4_address_scope': None, 'ipv6_address_scope': None, 'description': '', 'tags': [], 'created_at': '2025-03-21T14:00:35Z', 'updated_at': '2025-03-21T14:00:35Z', 'revision_number': 1}, Subnet: {'id': '8abab282-b496-44fd-9a0d-4197b6e7ce08', 'name': 'tempest-SecurityGroupsTestJSON-396799107-subnet', 'tenant_id': '759b86bfbac641169eb8825f5b0990dd', 'network_id': 'faa7f474-664c-494b-9311-d0ccf9c7a9ff', 'ip_version': 4, 'subnetpool_id': None, 'enable_dhcp': True, 'ipv6_ra_mode': None, 'ipv6_address_mode': None, 'gateway_ip': '192.168.128.1', 'cidr': '192.168.128.0/28', 'allocation_pools': [{'start': '192.168.128.2', 'end': '192.168.128.14'}], 'host_routes': [], 'dns_nameservers': [], 'description': '', 'router:external': False, 'service_types': [], 'tags': [], 'created_at': '2025-03-21T14:00:35Z', 'updated_at': '2025-03-21T14:00:35Z', 'revision_number': 0, 'project_id': '759b86bfbac641169eb8825f5b0990dd'}, Router: {'id': '3cb5c5f2-3c0a-473b-ab26-41f1ca741d41', 'name': 'tempest-SecurityGroupsTestJSON-396799107-router', 'tenant_id': '759b86bfbac641169eb8825f5b0990dd', 'admin_state_up': True, 'status': 'ACTIVE', 'external_gateway_info': {'network_id': 'b39e0739-39ed-45d1-a302-b3b61e7e08f4', 'external_fixed_ips': [{'subnet_id': 'fdd2d186-b32e-4a45-b0e8-82fdda672ffa', 'ip_address': '10.180.180.210'}], 'enable_snat': True}, 'description': '', 'availability_zones': [], 'distributed': False, 'ha': False, 'availability_zone_hints': [], 'routes': [], 'flavor_id': None, 'tags': [], 'created_at': '2025-03-21T14:00:36Z', 'updated_at': '2025-03-21T14:00:37Z', 'revision_number': 2, 'project_id': '759b86bfbac641169eb8825f5b0990dd'}
2025-03-21 14:00:39.727 69285 INFO tempest.lib.common.rest_client [req-addfd1ac-dc0e-4013-a5cd-7b237d4d25b7 req-addfd1ac-dc0e-4013-a5cd-7b237d4d25b7 ] Request (ServerShowV263Test:setUpClass): 204 PUT http://10.180.1.21/identity/v3/projects/38d473866243471ab80b5d857dccd162/users/a9b19026e39c4f98a9e4e82c63a0bc21/roles/8c40e6078f974952a3aa48ed7c49edb9 0.161s
2025-03-21 14:00:39.728 69285 INFO tempest.lib.common.dynamic_creds [-] Dynamic test user a9b19026e39c4f98a9e4e82c63a0bc21 is created with scope project and roles: ['reader']
2025-03-21 14:00:39.729 69285 INFO tempest.lib.common.dynamic_creds [-] Acquired dynamic creds: credentials: Credentials: {'domain_id': 'default', 'domain_name': 'Default', 'username': 'tempest-ServerShowV263Test-1558325646-project-reader', 'project_domain_id': 'default', 'project_domain_name': 'Default', 'project_id': '38d473866243471ab80b5d857dccd162', 'project_name': 'tempest-ServerShowV263Test-1558325646', 'tenant_id': '38d473866243471ab80b5d857dccd162', 'tenant_name': 'tempest-ServerShowV263Test-1558325646', 'user_domain_id': 'default', 'user_domain_name': 'Default', 'user_id': 'a9b19026e39c4f98a9e4e82c63a0bc21', 'system': None}, Network: None, Subnet: None, Router: None
2025-03-21 14:00:39.729 69285 INFO tempest.lib.common.dynamic_creds [-] Network resources are not created for requested scope: project and credentials: Credentials: {'domain_id': 'default', 'domain_name': 'Default', 'username': 'tempest-ServerShowV263Test-1558325646-project-reader', 'project_domain_id': 'default', 'project_domain_name': 'Default', 'project_id': '38d473866243471ab80b5d857dccd162', 'project_name': 'tempest-ServerShowV263Test-1558325646', 'tenant_id': '38d473866243471ab80b5d857dccd162', 'tenant_name': 'tempest-ServerShowV263Test-1558325646', 'user_domain_id': 'default', 'user_domain_name': 'Default', 'user_id': 'a9b19026e39c4f98a9e4e82c63a0bc21', 'system': None}, Network: None, Subnet: None, Router: None
2025-03-21 14:00:39.735 69289 INFO tempest.lib.common.rest_client [req-ee8ee196-ee23-4d68-8e73-36e40b20050e req-ee8ee196-ee23-4d68-8e73-36e40b20050e ] Request (FlavorsAdminTestJSON:test_create_list_flavor_without_extra_data): 200 POST http://10.180.1.21/compute/v2.1/flavors 1.289s
2025-03-21 14:00:39.744 69253 INFO tempest.lib.common.rest_client [req-43fe764f-e4a5-4124-a4a8-26d83c0f18b0 req-43fe764f-e4a5-4124-a4a8-26d83c0f18b0 ] Request (ServerDiagnosticsNegativeTest:setUpClass): 201 POST http://10.180.1.21/identity/v3/users 0.165s
2025-03-21 14:00:39.800 69313 INFO tempest.lib.common.rest_client [req-2dc8869f-c675-4010-ae5f-5206c907b2f8 req-2dc8869f-c675-4010-ae5f-5206c907b2f8 ] Request (InstanceUsageAuditLogTestJSON:setUpClass): 201 POST http://10.180.1.21/identity/v3/projects 0.093s
2025-03-21 14:00:39.823 69267 INFO tempest.lib.common.rest_client [req-5a45f2be-7c8c-4f99-8849-4bb0ffbac026 req-5a45f2be-7c8c-4f99-8849-4bb0ffbac026 ] Request (SecurityGroupsTestJSON:setUpClass): 201 POST http://10.180.1.21/identity/v3/auth/tokens 0.097s
2025-03-21 14:00:39.877 69285 INFO tempest.lib.common.rest_client [req-f9636b54-a432-43e1-9771-902a11ac7154 req-f9636b54-a432-43e1-9771-902a11ac7154 ] Request (ServerShowV263Test:setUpClass): 201 POST http://10.180.1.21/identity/v3/auth/tokens 0.142s
2025-03-21 14:00:39.880 69253 INFO tempest.lib.common.rest_client [req-dcbb16c3-1b21-42f6-99dd-2da074a5060c req-dcbb16c3-1b21-42f6-99dd-2da074a5060c ] Request (ServerDiagnosticsNegativeTest:setUpClass): 200 GET http://10.180.1.21/identity/v3/roles 0.136s
2025-03-21 14:00:39.901 69313 INFO tempest.lib.common.rest_client [req-156a1eb8-2c4f-48f3-b7f6-dbf23a720d1f req-156a1eb8-2c4f-48f3-b7f6-dbf23a720d1f ] Request (InstanceUsageAuditLogTestJSON:setUpClass): 201 POST http://10.180.1.21/identity/v3/users 0.100s
2025-03-21 14:00:39.920 69303 INFO tempest.lib.common.rest_client [req-3f9cdbfb-e455-448f-b196-cbe68b2793a4 req-3f9cdbfb-e455-448f-b196-cbe68b2793a4 ] Request (ServerExternalEventsTest:test_create_server_external_events): 200 GET http://10.180.1.21/compute/v2.1/servers/9acf0cdf-9800-4192-87c3-22259fe3b2f4 1.648s
2025-03-21 14:00:39.928 69277 INFO tempest.lib.common.rest_client [req-a3e36586-92b7-4708-b0b2-2b700a3f8ede req-a3e36586-92b7-4708-b0b2-2b700a3f8ede ] Request (HypervisorAdminNegativeTestJSON:test_get_hypervisor_stats_with_non_admin_user): 403 GET http://10.180.1.21/compute/v2.1/os-hypervisors/statistics 1.143s
2025-03-21 14:00:39.940 69253 INFO tempest.lib.common.rest_client [req-13f29892-e370-4f56-847a-fd59cac9637f req-13f29892-e370-4f56-847a-fd59cac9637f ] Request (ServerDiagnosticsNegativeTest:setUpClass): 204 PUT http://10.180.1.21/identity/v3/projects/450d30e6781e4104b2041985e48badef/users/3ce86aa13fe049d4b17d494d7600ed77/roles/54b88770287f4db28a647058d91a3a89 0.059s
2025-03-21 14:00:39.950 69285 INFO tempest.lib.common.rest_client [req-b2e046e5-2172-4a96-854a-80bf21e496c9 req-b2e046e5-2172-4a96-854a-80bf21e496c9 ] Request (ServerShowV263Test:tearDownClass): 204 DELETE http://10.180.1.21/identity/v3/users/23e38cb194604be1a0632a1e9a26d744 0.071s
2025-03-21 14:00:40.017 69265 INFO tempest.lib.common.rest_client [req-4690be11-5c52-498e-a562-f27a4117ba8e req-4690be11-5c52-498e-a562-f27a4117ba8e ] Request (ImagesOneServerTestJSON:setUpClass): 200 GET http://10.180.1.21/compute/v2.1/servers/0d8f8de8-12ea-4b25-ae40-14a86b30fc0f 1.323s
2025-03-21 14:00:40.030 69265 INFO tempest.common.waiters [-] State transition "BUILD/spawning" ==> "ACTIVE/None" after 20 second wait
2025-03-21 14:00:40.066 69313 INFO tempest.lib.common.rest_client [req-ee03ad1c-0630-42a4-b46f-7f975ca0d21e req-ee03ad1c-0630-42a4-b46f-7f975ca0d21e ] Request (InstanceUsageAuditLogTestJSON:setUpClass): 200 GET http://10.180.1.21/identity/v3/roles 0.164s
2025-03-21 14:00:40.106 69253 INFO tempest.lib.common.rest_client [req-2c48d7a2-b78d-408f-81fa-8a1a7af960fc req-2c48d7a2-b78d-408f-81fa-8a1a7af960fc ] Request (ServerDiagnosticsNegativeTest:setUpClass): 200 GET http://10.180.1.21/identity/v3/roles 0.165s
2025-03-21 14:00:40.145 69313 INFO tempest.lib.common.rest_client [req-b7e09ce9-518c-4620-8834-1b984fe877da req-b7e09ce9-518c-4620-8834-1b984fe877da ] Request (InstanceUsageAuditLogTestJSON:setUpClass): 204 PUT http://10.180.1.21/identity/v3/projects/99c421fbe1bc48729eda62b454cbc249/users/f8c761e156cd4a5481ce322be4728e35/roles/54b88770287f4db28a647058d91a3a89 0.078s
2025-03-21 14:00:40.200 69305 INFO tempest.lib.common.rest_client [req-9a9a9d20-636f-4871-a53c-bd61a995381c req-9a9a9d20-636f-4871-a53c-bd61a995381c ] Request (InstanceActionsNegativeTestJSON:setUpClass): 200 GET http://10.180.1.21/compute/v2.1/servers/16036e17-76b4-4e56-ada5-efc37e2e4f5a 1.337s
2025-03-21 14:00:40.211 69305 INFO tempest.common.waiters [-] State transition "BUILD/block_device_mapping" ==> "BUILD/spawning" after 17 second wait
2025-03-21 14:00:40.213 69285 INFO tempest.lib.common.rest_client [req-26f361fd-bcad-45e7-924a-4445d83f35a3 req-26f361fd-bcad-45e7-924a-4445d83f35a3 ] Request (ServerShowV263Test:tearDownClass): 204 DELETE http://10.180.1.21/identity/v3/users/a9b19026e39c4f98a9e4e82c63a0bc21 0.262s
2025-03-21 14:00:40.213 69285 INFO tempest.lib.common.dynamic_creds [-] Deleting project and security group for project: 38d473866243471ab80b5d857dccd162
2025-03-21 14:00:40.228 69255 INFO tempest.lib.common.rest_client [req-e1f556cd-3389-447b-a9cf-fd394917498a req-e1f556cd-3389-447b-a9cf-fd394917498a ] Request (ImagesMetadataNegativeTestJSON:test_set_nonexistent_image_metadata): 404 PUT http://10.180.1.21/compute/v2.1/images/b9d517fe-ecd4-4a33-bc84-0961fe42be67/metadata 1.213s
2025-03-21 14:00:40.244 69253 INFO tempest.lib.common.rest_client [req-d7c246fb-fd5a-418e-b9b2-087bd3de23c5 req-d7c246fb-fd5a-418e-b9b2-087bd3de23c5 ] Request (ServerDiagnosticsNegativeTest:setUpClass): 204 PUT http://10.180.1.21/identity/v3/projects/450d30e6781e4104b2041985e48badef/users/3ce86aa13fe049d4b17d494d7600ed77/roles/54b88770287f4db28a647058d91a3a89 0.137s
2025-03-21 14:00:40.244 69253 INFO tempest.lib.common.dynamic_creds [-] Dynamic test user 3ce86aa13fe049d4b17d494d7600ed77 is created with scope project and roles: ['admin']
2025-03-21 14:00:40.245 69253 INFO tempest.lib.common.dynamic_creds [-] Acquired dynamic creds: credentials: Credentials: {'domain_id': 'default', 'domain_name': 'Default', 'username': 'tempest-ServerDiagnosticsNegativeTest-1661942242-project-admin', 'project_domain_id': 'default', 'project_domain_name': 'Default', 'project_id': '450d30e6781e4104b2041985e48badef', 'project_name': 'tempest-ServerDiagnosticsNegativeTest-1661942242', 'tenant_id': '450d30e6781e4104b2041985e48badef', 'tenant_name': 'tempest-ServerDiagnosticsNegativeTest-1661942242', 'user_domain_id': 'default', 'user_domain_name': 'Default', 'user_id': '3ce86aa13fe049d4b17d494d7600ed77', 'system': None}, Network: None, Subnet: None, Router: None
2025-03-21 14:00:40.245 69253 INFO tempest.lib.common.dynamic_creds [-] Created isolated network resources for: credentials: Credentials: {'domain_id': 'default', 'domain_name': 'Default', 'username': 'tempest-ServerDiagnosticsNegativeTest-1661942242-project-admin', 'project_domain_id': 'default', 'project_domain_name': 'Default', 'project_id': '450d30e6781e4104b2041985e48badef', 'project_name': 'tempest-ServerDiagnosticsNegativeTest-1661942242', 'tenant_id': '450d30e6781e4104b2041985e48badef', 'tenant_name': 'tempest-ServerDiagnosticsNegativeTest-1661942242', 'user_domain_id': 'default', 'user_domain_name': 'Default', 'user_id': '3ce86aa13fe049d4b17d494d7600ed77', 'system': None}, Network: None, Subnet: None, Router: None
2025-03-21 14:00:40.300 69285 INFO tempest.lib.common.rest_client [req-79c18898-488b-4288-8173-b9f7ad52e972 req-79c18898-488b-4288-8173-b9f7ad52e972 ] Request (ServerShowV263Test:tearDownClass): 201 POST http://10.180.1.21/identity/v3/auth/tokens 0.087s
2025-03-21 14:00:40.312 69313 INFO tempest.lib.common.rest_client [req-01c40b4e-7ff5-41af-bd50-97f5ffac8d1e req-01c40b4e-7ff5-41af-bd50-97f5ffac8d1e ] Request (InstanceUsageAuditLogTestJSON:setUpClass): 200 GET http://10.180.1.21/identity/v3/roles 0.163s
2025-03-21 14:00:40.379 69313 INFO tempest.lib.common.rest_client [req-c78955f7-f58a-40dc-9ed6-ff89b5cb8409 req-c78955f7-f58a-40dc-9ed6-ff89b5cb8409 ] Request (InstanceUsageAuditLogTestJSON:setUpClass): 204 PUT http://10.180.1.21/identity/v3/projects/99c421fbe1bc48729eda62b454cbc249/users/f8c761e156cd4a5481ce322be4728e35/roles/54b88770287f4db28a647058d91a3a89 0.066s
2025-03-21 14:00:40.379 69313 INFO tempest.lib.common.dynamic_creds [-] Dynamic test user f8c761e156cd4a5481ce322be4728e35 is created with scope project and roles: ['admin']
2025-03-21 14:00:40.380 69313 INFO tempest.lib.common.dynamic_creds [-] Acquired dynamic creds: credentials: Credentials: {'domain_id': 'default', 'domain_name': 'Default', 'username': 'tempest-InstanceUsageAuditLogTestJSON-223516768-project-admin', 'project_domain_id': 'default', 'project_domain_name': 'Default', 'project_id': '99c421fbe1bc48729eda62b454cbc249', 'project_name': 'tempest-InstanceUsageAuditLogTestJSON-223516768', 'tenant_id': '99c421fbe1bc48729eda62b454cbc249', 'tenant_name': 'tempest-InstanceUsageAuditLogTestJSON-223516768', 'user_domain_id': 'default', 'user_domain_name': 'Default', 'user_id': 'f8c761e156cd4a5481ce322be4728e35', 'system': None}, Network: None, Subnet: None, Router: None
2025-03-21 14:00:40.380 69313 INFO tempest.lib.common.dynamic_creds [-] Created isolated network resources for: credentials: Credentials: {'domain_id': 'default', 'domain_name': 'Default', 'username': 'tempest-InstanceUsageAuditLogTestJSON-223516768-project-admin', 'project_domain_id': 'default', 'project_domain_name': 'Default', 'project_id': '99c421fbe1bc48729eda62b454cbc249', 'project_name': 'tempest-InstanceUsageAuditLogTestJSON-223516768', 'tenant_id': '99c421fbe1bc48729eda62b454cbc249', 'tenant_name': 'tempest-InstanceUsageAuditLogTestJSON-223516768', 'user_domain_id': 'default', 'user_domain_name': 'Default', 'user_id': 'f8c761e156cd4a5481ce322be4728e35', 'system': None}, Network: None, Subnet: None, Router: None
2025-03-21 14:00:40.383 69253 INFO tempest.lib.common.rest_client [req-4411416c-5651-4a3b-9307-e229952aea79 req-4411416c-5651-4a3b-9307-e229952aea79 ] Request (ServerDiagnosticsNegativeTest:setUpClass): 201 POST http://10.180.1.21/identity/v3/auth/tokens 0.134s
2025-03-21 14:00:40.437 69281 INFO tempest.lib.common.rest_client [req-83b85754-f506-4b7d-811f-75466ecbce21 req-83b85754-f506-4b7d-811f-75466ecbce21 ] Request (ImagesOneServerNegativeTestJSON:setUpClass): 200 GET http://10.180.1.21/compute/v2.1/servers/90ecff07-a783-43f5-be53-0e6f6fc1e7a5 1.381s
2025-03-21 14:00:40.454 69283 INFO tempest.lib.common.rest_client [req-dcaf0efc-befd-45d5-a4b0-062129763c06 req-dcaf0efc-befd-45d5-a4b0-062129763c06 ] Request (QuotasAdminNegativeTest:test_create_server_when_cpu_quota_is_full): 403 POST http://10.180.1.21/compute/v2.1/servers 1.629s
2025-03-21 14:00:40.456 69253 INFO tempest.lib.common.rest_client [req-d0a0b57e-8bf2-442a-bcbe-c1b92cd4a75a req-d0a0b57e-8bf2-442a-bcbe-c1b92cd4a75a ] Request (ServerDiagnosticsNegativeTest:test_get_server_diagnostics_by_non_admin): 201 POST http://10.180.1.21/identity/v3/auth/tokens 0.067s
2025-03-21 14:00:40.457 69253 INFO tempest.lib.common.fixed_network [-] (ServerDiagnosticsNegativeTest:test_get_server_diagnostics_by_non_admin) Found network None available for tenant
2025-03-21 14:00:40.482 69313 INFO tempest.lib.common.rest_client [req-32e96ad7-b20e-4290-95ea-600f6089a086 req-32e96ad7-b20e-4290-95ea-600f6089a086 ] Request (InstanceUsageAuditLogTestJSON:setUpClass): 201 POST http://10.180.1.21/identity/v3/auth/tokens 0.099s
2025-03-21 14:00:40.492 69285 INFO tempest.lib.common.rest_client [req-e10275c8-bd57-4a3e-a441-d4171419e40b req-e10275c8-bd57-4a3e-a441-d4171419e40b ] Request (ServerShowV263Test:tearDownClass): 200 GET http://10.180.1.21:9696/networking/v2.0/security-groups?tenant_id=38d473866243471ab80b5d857dccd162&name=default 0.191s
2025-03-21 14:00:40.535 69311 INFO tempest.lib.common.rest_client [req-ec0438f2-350c-4e99-8c7a-18cefe90f013 req-ec0438f2-350c-4e99-8c7a-18cefe90f013 ] Request (ServersAdminNegativeTestJSON:setUpClass): 200 GET http://10.180.1.21/compute/v2.1/servers/d0aed944-cd89-4ac0-908a-c93423113ee0 1.417s
2025-03-21 14:00:40.538 69287 INFO tempest.lib.common.rest_client [req-e54c558b-ef28-4dae-9475-16e0a64c44ca req-e54c558b-ef28-4dae-9475-16e0a64c44ca ] Request (ImagesTestJSON:test_create_image_from_stopped_server): 200 GET http://10.180.1.21/compute/v2.1/servers/252d4911-0e62-46be-aeff-4b964a018205 1.481s
2025-03-21 14:00:40.607 69285 INFO tempest.lib.common.rest_client [req-a60a8fea-d8f3-4151-a46d-3759a7547463 req-a60a8fea-d8f3-4151-a46d-3759a7547463 ] Request (ServerShowV263Test:tearDownClass): 204 DELETE http://10.180.1.21:9696/networking/v2.0/security-groups/2e6abd37-34f1-42ac-a94c-abb6bc9063f7 0.114s
2025-03-21 14:00:40.619 69291 INFO tempest.lib.common.rest_client [req-3a35574c-67f7-4fdd-bf0a-b179598ea260 req-3a35574c-67f7-4fdd-bf0a-b179598ea260 ] Request (ServersWithSpecificFlavorTestJSON:test_verify_created_server_ephemeral_disk): 200 GET http://10.180.1.21/compute/v2.1/servers/aa5786dd-1106-4a7e-b9c0-b34f7d1802fc 1.404s
2025-03-21 14:00:40.625 69257 INFO tempest.lib.common.rest_client [req-640977c4-1006-4247-8df0-a869a7db3b60 req-640977c4-1006-4247-8df0-a869a7db3b60 ] Request (ServersAdminTestJSON:setUpClass): 200 GET http://10.180.1.21/compute/v2.1/servers/b947d6e8-242d-4339-90c9-8cbe3ab4e5dd 1.327s
2025-03-21 14:00:40.712 69259 INFO tempest.lib.common.rest_client [req-a912f17a-57fa-42e6-a191-cdedd289065f req-a912f17a-57fa-42e6-a191-cdedd289065f ] Request (ListServersNegativeTestJSON:setUpClass): 200 GET http://10.180.1.21/compute/v2.1/servers/20a3286d-dc1c-4338-9606-c26176b55807 1.287s
2025-03-21 14:00:40.779 69285 INFO tempest.lib.common.rest_client [req-4f67bd23-331d-4ef3-8b86-a4df12b55df6 req-4f67bd23-331d-4ef3-8b86-a4df12b55df6 ] Request (ServerShowV263Test:tearDownClass): 204 DELETE http://10.180.1.21/identity/v3/projects/38d473866243471ab80b5d857dccd162 0.171s
2025-03-21 14:00:40.818 69297 INFO tempest.lib.common.rest_client [req-7c34d90c-bcdc-41f6-9860-5ef0a595c2d7 req-7c34d90c-bcdc-41f6-9860-5ef0a595c2d7 ] Request (QuotasAdminTestJSON:test_get_updated_quotas): 200 GET http://10.180.1.21/compute/v2.1/os-quota-sets/2175f89d923f4e948f428461a600849d?user_id=41f67646e86a42d7aaf20f57d7d8f7fd 1.429s
2025-03-21 14:00:40.845 69295 INFO tempest.lib.common.rest_client [req-c1237f8c-d93c-4082-bd1d-e6d51b8b4d9b req-c1237f8c-d93c-4082-bd1d-e6d51b8b4d9b ] Request (AggregatesAdminNegativeTestJSON:test_aggregate_create_with_existent_aggregate_name): 200 POST http://10.180.1.21/compute/v2.1/os-aggregates 1.204s
2025-03-21 14:00:40.852 69285 INFO tempest.lib.common.rest_client [req-9468d7aa-4f5d-4847-8825-3d66f3019e6e req-9468d7aa-4f5d-4847-8825-3d66f3019e6e ] Request (QuotasTestJSON:setUpClass): 201 POST http://10.180.1.21/identity/v3/auth/tokens 0.071s
2025-03-21 14:00:40.896 69297 INFO tempest.lib.common.rest_client [req-6eb562e3-1375-4a95-96a5-0d03ebf3cf1e req-6eb562e3-1375-4a95-96a5-0d03ebf3cf1e ] Request (QuotasAdminTestJSON:_run_cleanups): 204 DELETE http://10.180.1.21/identity/v3/users/41f67646e86a42d7aaf20f57d7d8f7fd 0.075s
2025-03-21 14:00:40.914 69285 INFO tempest.lib.common.rest_client [req-f2026f6c-1b78-4bc8-99c1-885873df4906 req-f2026f6c-1b78-4bc8-99c1-885873df4906 ] Request (QuotasTestJSON:setUpClass): 201 POST http://10.180.1.21/identity/v3/auth/tokens 0.059s
2025-03-21 14:00:40.966 69285 INFO tempest.lib.common.rest_client [req-51de8f88-c9ea-4522-a23f-5a6fd07dadd0 req-51de8f88-c9ea-4522-a23f-5a6fd07dadd0 ] Request (QuotasTestJSON:setUpClass): 200 GET http://10.180.1.21/identity/v3/domains?name=Default 0.052s
2025-03-21 14:00:40.991 69297 INFO tempest.lib.common.rest_client [req-96387bcc-36d1-4037-8865-f71d284aa701 req-96387bcc-36d1-4037-8865-f71d284aa701 ] Request (QuotasAdminTestJSON:_run_cleanups): 204 DELETE http://10.180.1.21/identity/v3/projects/2175f89d923f4e948f428461a600849d 0.094s
2025-03-21 14:00:41.038 69285 INFO tempest.lib.common.rest_client [req-a6a077a7-a8b5-48ba-802e-e7262182e795 req-a6a077a7-a8b5-48ba-802e-e7262182e795 ] Request (QuotasTestJSON:setUpClass): 201 POST http://10.180.1.21/identity/v3/projects 0.071s
2025-03-21 14:00:41.121 69285 INFO tempest.lib.common.rest_client [req-f8692168-9709-4741-b965-46357293ddee req-f8692168-9709-4741-b965-46357293ddee ] Request (QuotasTestJSON:setUpClass): 201 POST http://10.180.1.21/identity/v3/users 0.081s
2025-03-21 14:00:41.150 69285 INFO tempest.lib.common.rest_client [req-1c86a68e-6854-4950-a6d5-90149535f89b req-1c86a68e-6854-4950-a6d5-90149535f89b ] Request (QuotasTestJSON:setUpClass): 200 GET http://10.180.1.21/identity/v3/roles 0.028s
2025-03-21 14:00:41.180 69285 INFO tempest.lib.common.rest_client [req-daa10d1a-ff38-43f9-bbf6-2dd8e91fd52e req-daa10d1a-ff38-43f9-bbf6-2dd8e91fd52e ] Request (QuotasTestJSON:setUpClass): 204 PUT http://10.180.1.21/identity/v3/projects/8595c929b09b4fa8ac0502d2837408fd/users/285711fc14f24ff3934a52e2adc22956/roles/240e1e70df294e06b321e7450ab02630 0.029s
2025-03-21 14:00:41.180 69285 INFO tempest.lib.common.dynamic_creds [-] Dynamic test user 285711fc14f24ff3934a52e2adc22956 is created with scope project and roles: ['member']
2025-03-21 14:00:41.180 69285 INFO tempest.lib.common.dynamic_creds [-] Acquired dynamic creds: credentials: Credentials: {'domain_id': 'default', 'domain_name': 'Default', 'username': 'tempest-QuotasTestJSON-2124850356-project-member', 'project_domain_id': 'default', 'project_domain_name': 'Default', 'project_id': '8595c929b09b4fa8ac0502d2837408fd', 'project_name': 'tempest-QuotasTestJSON-2124850356', 'tenant_id': '8595c929b09b4fa8ac0502d2837408fd', 'tenant_name': 'tempest-QuotasTestJSON-2124850356', 'user_domain_id': 'default', 'user_domain_name': 'Default', 'user_id': '285711fc14f24ff3934a52e2adc22956', 'system': None}, Network: None, Subnet: None, Router: None
2025-03-21 14:00:41.180 69285 INFO tempest.lib.common.dynamic_creds [-] Created isolated network resources for: credentials: Credentials: {'domain_id': 'default', 'domain_name': 'Default', 'username': 'tempest-QuotasTestJSON-2124850356-project-member', 'project_domain_id': 'default', 'project_domain_name': 'Default', 'project_id': '8595c929b09b4fa8ac0502d2837408fd', 'project_name': 'tempest-QuotasTestJSON-2124850356', 'tenant_id': '8595c929b09b4fa8ac0502d2837408fd', 'tenant_name': 'tempest-QuotasTestJSON-2124850356', 'user_domain_id': 'default', 'user_domain_name': 'Default', 'user_id': '285711fc14f24ff3934a52e2adc22956', 'system': None}, Network: None, Subnet: None, Router: None
2025-03-21 14:00:41.263 69285 INFO tempest.lib.common.rest_client [req-562fc0d0-3013-4446-87f9-4b455a4f1667 req-562fc0d0-3013-4446-87f9-4b455a4f1667 ] Request (QuotasTestJSON:setUpClass): 201 POST http://10.180.1.21/identity/v3/auth/tokens 0.076s
2025-03-21 14:00:41.360 69309 INFO tempest.lib.common.rest_client [req-b7cfd65b-1f32-4a42-85d2-1554336233bc req-b7cfd65b-1f32-4a42-85d2-1554336233bc ] Request (AttachInterfacesTestJSON:test_create_list_show_delete_interfaces_by_fixed_ip): 202 POST http://10.180.1.21/compute/v2.1/servers 1.717s
2025-03-21 14:00:41.486 69263 INFO tempest.lib.common.rest_client [req-28cb7bf3-fdd7-4525-a533-9fdea15b6fad req-28cb7bf3-fdd7-4525-a533-9fdea15b6fad ] Request (FloatingIPsAssociationTestJSON:setUpClass): 200 POST http://10.180.1.21/compute/v2.1/os-floating-ips 1.851s
2025-03-21 14:00:41.490 69261 INFO tempest.lib.common.rest_client [req-22d08b9b-c291-4a8f-9745-e12f3c89117e req-22d08b9b-c291-4a8f-9745-e12f3c89117e ] Request (FlavorsAccessNegativeTestJSON:test_flavor_non_admin_remove): 200 POST http://10.180.1.21/compute/v2.1/flavors/971797888/action 1.794s
2025-03-21 14:00:41.506 69289 INFO tempest.lib.common.rest_client [req-af7a6d67-4dd3-464c-98ea-2431ee05f6cc req-af7a6d67-4dd3-464c-98ea-2431ee05f6cc ] Request (FlavorsAdminTestJSON:test_create_list_flavor_without_extra_data): 200 GET http://10.180.1.21/compute/v2.1/flavors/797473964 1.769s
2025-03-21 14:00:41.514 69269 INFO tempest.lib.common.rest_client [req-67253156-558c-4a03-804d-5d4470516ef5 req-67253156-558c-4a03-804d-5d4470516ef5 ] Request (ServicesAdminTestJSON:test_list_services): 200 GET http://10.180.1.21/compute/v2.1/os-services 1.789s
2025-03-21 14:00:41.578 69263 INFO tempest.lib.common.rest_client [req-3d394213-3b0f-4879-8286-756d39027608 req-3d394213-3b0f-4879-8286-756d39027608 ] Request (FloatingIPsAssociationTestJSON:test_associate_already_associated_floating_ip): 201 POST http://10.180.1.21/identity/v3/auth/tokens 0.081s
2025-03-21 14:00:41.579 69263 INFO tempest.lib.common.fixed_network [-] (FloatingIPsAssociationTestJSON:test_associate_already_associated_floating_ip) Found network {'id': 'c8d56b06-0665-4ad0-a86c-8b1831f3232c', 'name': 'tempest-FloatingIPsAssociationTestJSON-1717151614-network', 'tenant_id': '323667b3a9514f67ac85906c37a771ef', 'admin_state_up': True, 'mtu': 8950, 'status': 'ACTIVE', 'subnets': [], 'shared': False, 'project_id': '323667b3a9514f67ac85906c37a771ef', 'port_security_enabled': True, 'router:external': False, 'provider:network_type': 'vlan', 'provider:physical_network': 'default', 'provider:segmentation_id': 150, 'availability_zone_hints': [], 'availability_zones': [], 'ipv4_address_scope': None, 'ipv6_address_scope': None, 'description': '', 'tags': [], 'created_at': '2025-03-21T14:00:08Z', 'updated_at': '2025-03-21T14:00:08Z', 'revision_number': 1} available for tenant
2025-03-21 14:00:41.602 69301 INFO tempest.lib.common.rest_client [req-b09d770c-2015-40a3-b5aa-4e8a1d261681 req-b09d770c-2015-40a3-b5aa-4e8a1d261681 ] Request (ServersAdmin275Test:test_rebuild_update_server_275): 200 GET http://10.180.1.21/compute/v2.1/servers/46825de6-bba3-4833-af06-eb2ba1526aa7 1.814s
2025-03-21 14:00:41.617 69301 INFO tempest.common.waiters [-] State transition "BUILD/spawning" ==> "ACTIVE/None" after 17 second wait
2025-03-21 14:00:41.663 69275 INFO tempest.lib.common.rest_client [req-ce21cf5b-2663-4ebb-b092-e82aff1d8e54 req-ce21cf5b-2663-4ebb-b092-e82aff1d8e54 ] Request (VolumesAssistedSnapshotsTest:test_volume_assisted_snapshot_create_delete): 200 GET http://10.180.1.21/compute/v2.1/servers/8b383bf0-0355-4e0b-80b4-f20cdef90488 1.811s
2025-03-21 14:00:41.670 69275 INFO tempest.common.waiters [-] State transition "BUILD/scheduling" ==> "BUILD/None" after 5 second wait
2025-03-21 14:00:41.717 69269 INFO tempest.lib.common.rest_client [req-e8598983-8c95-4b6a-9e7e-a83949420ee4 req-e8598983-8c95-4b6a-9e7e-a83949420ee4 ] Request (ServicesAdminTestJSON:tearDownClass): 204 DELETE http://10.180.1.21/identity/v3/users/477d038364a34c3880a8bfd7a95c6653 0.199s
2025-03-21 14:00:41.751 69267 INFO tempest.lib.common.rest_client [req-a82bedb3-149d-4386-b34f-4a8dc0692bb6 req-a82bedb3-149d-4386-b34f-4a8dc0692bb6 ] Request (SecurityGroupsTestJSON:test_list_security_groups_by_server): 200 POST http://10.180.1.21/compute/v2.1/os-security-groups 1.925s
2025-03-21 14:00:41.835 69293 INFO tempest.lib.common.rest_client [req-a1e90019-7e64-42d7-bd7b-2f670dd66653 req-a1e90019-7e64-42d7-bd7b-2f670dd66653 ] Request (ServersListShow2100Test:test_list_show_rebuild_update_server_2100): 200 GET http://10.180.1.21/compute/v2.1/servers/c597adf2-b172-451d-80bf-64fce9c6869b 1.905s
2025-03-21 14:00:41.836 69277 INFO tempest.lib.common.rest_client [req-4cae0ac1-9315-4fd4-b86c-8496dc6ef377 req-4cae0ac1-9315-4fd4-b86c-8496dc6ef377 ] Request (HypervisorAdminNegativeTestJSON:test_get_hypervisor_uptime_with_non_admin_user): 200 GET http://10.180.1.21/compute/v2.1/os-hypervisors 1.907s
2025-03-21 14:00:41.843 69269 INFO tempest.lib.common.rest_client [req-4141339b-fdb1-4fc4-bd46-b9f5f1149f3c req-4141339b-fdb1-4fc4-bd46-b9f5f1149f3c ] Request (ServicesAdminTestJSON:tearDownClass): 204 DELETE http://10.180.1.21/identity/v3/users/053d214d6584469990a41774beb802d6 0.125s
2025-03-21 14:00:41.844 69269 INFO tempest.lib.common.dynamic_creds [-] Deleting project and security group for project: 846c49146dea4e8e830c578cfd8838a6
2025-03-21 14:00:41.862 69293 INFO tempest.common.waiters [-] State transition "BUILD/scheduling" ==> "BUILD/None" after 11 second wait
2025-03-21 14:00:41.885 69299 INFO tempest.lib.common.rest_client [req-c496a2ff-98b3-4214-9d89-25203035d005 req-c496a2ff-98b3-4214-9d89-25203035d005 ] Request (DeleteServersTestJSON:test_delete_active_server): 200 GET http://10.180.1.21/compute/v2.1/servers/779e4d61-890e-4701-9ae8-59314d2486ac 1.894s
2025-03-21 14:00:41.897 69299 INFO tempest.common.waiters [-] State transition "BUILD/scheduling" ==> "BUILD/None" after 5 second wait
2025-03-21 14:00:41.918 69269 INFO tempest.lib.common.rest_client [req-af2b6eb4-5f98-4382-9a21-bdc754865257 req-af2b6eb4-5f98-4382-9a21-bdc754865257 ] Request (ServicesAdminTestJSON:tearDownClass): 201 POST http://10.180.1.21/identity/v3/auth/tokens 0.074s
2025-03-21 14:00:41.948 69315 INFO tempest.lib.common.rest_client [req-918982a0-803c-4c48-aa09-436b9d5d6b97 req-918982a0-803c-4c48-aa09-436b9d5d6b97 ] Request (ServerDiagnosticsV248Test:test_get_server_diagnostics): 200 GET http://10.180.1.21/compute/v2.1/servers/8a2d5e9e-ee58-4762-8e28-f4fa8aa9e96f 1.785s
2025-03-21 14:00:41.961 69315 INFO tempest.common.waiters [-] State transition "BUILD/None" ==> "BUILD/networking" after 16 second wait
2025-03-21 14:00:41.969 69255 INFO tempest.lib.common.rest_client [req-6c726cd6-7f0a-48fc-a558-1b287e22607a req-6c726cd6-7f0a-48fc-a558-1b287e22607a ] Request (ImagesMetadataNegativeTestJSON:test_set_nonexistent_image_metadata_item): 404 PUT http://10.180.1.21/compute/v2.1/images/7cc21a0b-a330-4230-a43c-f0ef305e0ae2/metadata/os_distro 1.739s
2025-03-21 14:00:42.078 69307 INFO tempest.lib.common.rest_client [req-15dfe2c4-fd40-4bb5-9216-16ca14c9a63f req-15dfe2c4-fd40-4bb5-9216-16ca14c9a63f ] Request (DeleteServersAdminTestJSON:test_admin_delete_servers_of_others): 200 GET http://10.180.1.21/compute/v2.1/servers/9493b14e-c374-4689-9b62-f927e467cc00 1.654s
2025-03-21 14:00:42.080 69269 INFO tempest.lib.common.rest_client [req-f9be4c68-0434-4ca8-8f94-673e6babaa4f req-f9be4c68-0434-4ca8-8f94-673e6babaa4f ] Request (ServicesAdminTestJSON:tearDownClass): 200 GET http://10.180.1.21:9696/networking/v2.0/security-groups?tenant_id=846c49146dea4e8e830c578cfd8838a6&name=default 0.160s
2025-03-21 14:00:42.171 69269 INFO tempest.lib.common.rest_client [req-3305a3c2-67f0-4d75-94cb-b634a7e365e3 req-3305a3c2-67f0-4d75-94cb-b634a7e365e3 ] Request (ServicesAdminTestJSON:tearDownClass): 204 DELETE http://10.180.1.21:9696/networking/v2.0/security-groups/be788a50-9a1f-40fa-88c2-44054c442a28 0.090s
2025-03-21 14:00:42.228 69283 INFO tempest.lib.common.rest_client [req-30eeade5-b08f-452e-9dd5-c37e9d797c31 req-30eeade5-b08f-452e-9dd5-c37e9d797c31 ] Request (QuotasAdminNegativeTest:_run_cleanups): 200 PUT http://10.180.1.21/compute/v2.1/os-quota-sets/ce3f5d940d4e480095d145ac95e66ee4 1.773s
2025-03-21 14:00:42.244 69269 INFO tempest.lib.common.rest_client [req-7058e7c0-8c0f-4e36-a886-49a22a33ee47 req-7058e7c0-8c0f-4e36-a886-49a22a33ee47 ] Request (ServicesAdminTestJSON:tearDownClass): 204 DELETE http://10.180.1.21/identity/v3/projects/846c49146dea4e8e830c578cfd8838a6 0.073s
2025-03-21 14:00:42.244 69269 INFO tempest.lib.common.dynamic_creds [-] Deleting project and security group for project: 35e53ded612e4fb8a701617d691df0e8
2025-03-21 14:00:42.335 69269 INFO tempest.lib.common.rest_client [req-79b1f816-d44e-4897-bee2-e3ec7908b45e req-79b1f816-d44e-4897-bee2-e3ec7908b45e ] Request (ServicesAdminTestJSON:tearDownClass): 200 GET http://10.180.1.21:9696/networking/v2.0/security-groups?tenant_id=35e53ded612e4fb8a701617d691df0e8&name=default 0.089s
