2025-02-16 23:05:28.432 62891 INFO tempest.lib.common.rest_client [req-a325de14-2e45-4696-aadb-5a98109161ad req-a325de14-2e45-4696-aadb-5a98109161ad ] Request (ServerExternalEventsTest:setUpClass): 204 PUT http://10.180.1.21/identity/v3/projects/a155196f9c5d4e9bb214e2ffc325cb40/users/ddd4e74232eb4ace9e59edf61dd7da5c/roles/be1a6208979e4f5fa5617d51194bc5f8 0.209s
2025-02-16 23:05:28.475 62883 INFO tempest.lib.common.rest_client [req-9031748f-3552-45b7-a84d-7c545e585e15 req-9031748f-3552-45b7-a84d-7c545e585e15 ] Request (FlavorMetadataValidation:test_flavor_update_with_custom_namespace): 200 POST http://10.180.1.21/compute/v2.1/flavors 2.578s
2025-02-16 23:05:28.486 62889 INFO tempest.lib.common.rest_client [req-9e9f8f3b-7ba1-4cfe-8577-ef83da8a37d4 req-9e9f8f3b-7ba1-4cfe-8577-ef83da8a37d4 ] Request (AZAdminNegativeTestJSON:tearDownClass): 201 POST http://10.180.1.21/identity/v3/auth/tokens 0.208s
2025-02-16 23:05:28.497 62893 INFO tempest.lib.common.rest_client [req-13033b90-aad6-4078-bfac-27156ebc6248 req-13033b90-aad6-4078-bfac-27156ebc6248 ] Request (QuotaClassesAdminTestJSON:setUpClass): 204 PUT http://10.180.1.21/identity/v3/projects/ed8bb4110fe249e1a67d0776bff6298c/users/3bc3f9a4467f42a5a7adac1b205031f5/roles/be1a6208979e4f5fa5617d51194bc5f8 0.168s
2025-02-16 23:05:28.544 62901 INFO tempest.lib.common.rest_client [req-784e086a-0440-4325-86c8-e7bf157ff513 req-784e086a-0440-4325-86c8-e7bf157ff513 ] Request (VolumesAssistedSnapshotsTest:setUpClass): 204 PUT http://10.180.1.21/identity/v3/projects/b7a05f91b9dd43d0bfb50fa69d6b1ce4/users/9727dd3a19a3408fb374b429ae97f07c/roles/be1a6208979e4f5fa5617d51194bc5f8 0.196s
2025-02-16 23:05:28.550 62877 INFO tempest.lib.common.rest_client [req-67e9a455-9680-4ff6-9891-fefb4b24d5e1 req-67e9a455-9680-4ff6-9891-fefb4b24d5e1 ] Request (ServersWithSpecificFlavorTestJSON:setUpClass): 201 POST http://10.180.1.21:9696/networking/v2.0/networks 0.177s
2025-02-16 23:05:28.588 62925 INFO tempest.lib.common.rest_client [req-3c4cb53c-cb25-45a8-ba5e-ef5820240ce3 req-3c4cb53c-cb25-45a8-ba5e-ef5820240ce3 ] Request (TenantUsagesNegativeTestJSON:test_get_usage_tenant_with_empty_tenant_id): 404 GET http://10.180.1.21/compute/v2.1/os-simple-tenant-usage/?start=2025-02-15T23%3A05%3A26.326445&end=2025-02-17T23%3A05%3A26.326445 2.261s
2025-02-16 23:05:28.593 62925 WARNING tempest.lib.common.rest_client [-] Deprecated: "tenant_id" property is deprecated for removal, use "project_id" instead
2025-02-16 23:05:28.600 62891 INFO tempest.lib.common.rest_client [req-f17e82e7-797a-4572-83b9-c975aaee679c req-f17e82e7-797a-4572-83b9-c975aaee679c ] Request (ServerExternalEventsTest:setUpClass): 200 GET http://10.180.1.21/identity/v3/roles 0.167s
2025-02-16 23:05:28.627 62899 INFO tempest.lib.common.rest_client [req-50bae18c-73b0-4576-a3b3-df89940372c0 req-50bae18c-73b0-4576-a3b3-df89940372c0 ] Request (QuotasSecurityGroupAdminNegativeTest:tearDownClass): 204 DELETE http://10.180.1.21/identity/v3/projects/70308509b0c145c8b7f95d1119cd6ece 0.200s
2025-02-16 23:05:28.641 62873 INFO tempest.lib.common.rest_client [req-7483ea22-b5f3-453c-83e0-1ca3103bd300 req-7483ea22-b5f3-453c-83e0-1ca3103bd300 ] Request (HypervisorAdminUnderV252Test:test_get_hypervisor_show_servers): 200 GET http://10.180.1.21/compute/v2.1/os-hypervisors/domain-c8.fc996f14-c53b-4953-92e3-bdfa48f5cc28/servers 1.546s
2025-02-16 23:05:28.685 62877 INFO tempest.lib.common.rest_client [req-65bcff2e-989d-4f0b-bf40-11349cdd7339 req-65bcff2e-989d-4f0b-bf40-11349cdd7339 ] Request (ServersWithSpecificFlavorTestJSON:setUpClass): 201 POST http://10.180.1.21:9696/networking/v2.0/subnets 0.135s
2025-02-16 23:05:28.728 62893 INFO tempest.lib.common.rest_client [req-af9547f0-6c4a-4adb-9f30-4c5e4e2326b0 req-af9547f0-6c4a-4adb-9f30-4c5e4e2326b0 ] Request (QuotaClassesAdminTestJSON:setUpClass): 200 GET http://10.180.1.21/identity/v3/roles 0.230s
2025-02-16 23:05:28.739 62911 INFO tempest.lib.common.rest_client [req-46676897-acf5-48ce-be79-84e985fe1450 req-46676897-acf5-48ce-be79-84e985fe1450 ] Request (FlavorsAccessTestJSON:test_flavor_access_add_remove): 200 POST http://10.180.1.21/compute/v2.1/flavors 1.814s
2025-02-16 23:05:28.745 62901 INFO tempest.lib.common.rest_client [req-720034ad-dfec-4cd6-8f27-2007d71d645f req-720034ad-dfec-4cd6-8f27-2007d71d645f ] Request (VolumesAssistedSnapshotsTest:setUpClass): 200 GET http://10.180.1.21/identity/v3/roles 0.201s
2025-02-16 23:05:28.757 62891 INFO tempest.lib.common.rest_client [req-5706098a-3de5-449c-91bc-f01bd359bbfd req-5706098a-3de5-449c-91bc-f01bd359bbfd ] Request (ServerExternalEventsTest:setUpClass): 204 PUT http://10.180.1.21/identity/v3/projects/a155196f9c5d4e9bb214e2ffc325cb40/users/ddd4e74232eb4ace9e59edf61dd7da5c/roles/714a2e807ca4434da85b0b0b282421fd 0.157s
2025-02-16 23:05:28.757 62891 INFO tempest.lib.common.dynamic_creds [-] Dynamic test user ddd4e74232eb4ace9e59edf61dd7da5c is created with scope project and roles: ['admin', 'service']
2025-02-16 23:05:28.758 62891 INFO tempest.lib.common.dynamic_creds [-] Acquired dynamic creds: credentials: Credentials: {'domain_id': 'default', 'domain_name': 'Default', 'username': 'tempest-ServerExternalEventsTest-23120033-project', 'project_domain_id': 'default', 'project_domain_name': 'Default', 'project_id': 'a155196f9c5d4e9bb214e2ffc325cb40', 'project_name': 'tempest-ServerExternalEventsTest-23120033', 'tenant_id': 'a155196f9c5d4e9bb214e2ffc325cb40', 'tenant_name': 'tempest-ServerExternalEventsTest-23120033', 'user_domain_id': 'default', 'user_domain_name': 'Default', 'user_id': 'ddd4e74232eb4ace9e59edf61dd7da5c', 'system': None}, Network: None, Subnet: None, Router: None
2025-02-16 23:05:28.758 62891 INFO tempest.lib.common.dynamic_creds [-] Created isolated network resources for: credentials: Credentials: {'domain_id': 'default', 'domain_name': 'Default', 'username': 'tempest-ServerExternalEventsTest-23120033-project', 'project_domain_id': 'default', 'project_domain_name': 'Default', 'project_id': 'a155196f9c5d4e9bb214e2ffc325cb40', 'project_name': 'tempest-ServerExternalEventsTest-23120033', 'tenant_id': 'a155196f9c5d4e9bb214e2ffc325cb40', 'tenant_name': 'tempest-ServerExternalEventsTest-23120033', 'user_domain_id': 'default', 'user_domain_name': 'Default', 'user_id': 'ddd4e74232eb4ace9e59edf61dd7da5c', 'system': None}, Network: None, Subnet: None, Router: None
2025-02-16 23:05:28.797 62899 INFO tempest.lib.common.rest_client [req-7a9cd575-8851-4ff6-95eb-9fb976a99e42 req-7a9cd575-8851-4ff6-95eb-9fb976a99e42 ] Request (ServerDiagnosticsTest:setUpClass): 201 POST http://10.180.1.21/identity/v3/auth/tokens 0.168s
2025-02-16 23:05:28.811 62893 INFO tempest.lib.common.rest_client [req-431f0cd4-8a86-4818-b1ad-3d836ac7385b req-431f0cd4-8a86-4818-b1ad-3d836ac7385b ] Request (QuotaClassesAdminTestJSON:setUpClass): 204 PUT http://10.180.1.21/identity/v3/projects/ed8bb4110fe249e1a67d0776bff6298c/users/3bc3f9a4467f42a5a7adac1b205031f5/roles/be1a6208979e4f5fa5617d51194bc5f8 0.082s
2025-02-16 23:05:28.811 62893 INFO tempest.lib.common.dynamic_creds [-] Dynamic test user 3bc3f9a4467f42a5a7adac1b205031f5 is created with scope project and roles: ['admin']
2025-02-16 23:05:28.811 62893 INFO tempest.lib.common.dynamic_creds [-] Acquired dynamic creds: credentials: Credentials: {'domain_id': 'default', 'domain_name': 'Default', 'username': 'tempest-QuotaClassesAdminTestJSON-1100711471-project-admin', 'project_domain_id': 'default', 'project_domain_name': 'Default', 'project_id': 'ed8bb4110fe249e1a67d0776bff6298c', 'project_name': 'tempest-QuotaClassesAdminTestJSON-1100711471', 'tenant_id': 'ed8bb4110fe249e1a67d0776bff6298c', 'tenant_name': 'tempest-QuotaClassesAdminTestJSON-1100711471', 'user_domain_id': 'default', 'user_domain_name': 'Default', 'user_id': '3bc3f9a4467f42a5a7adac1b205031f5', 'system': None}, Network: None, Subnet: None, Router: None
2025-02-16 23:05:28.811 62893 INFO tempest.lib.common.dynamic_creds [-] Created isolated network resources for: credentials: Credentials: {'domain_id': 'default', 'domain_name': 'Default', 'username': 'tempest-QuotaClassesAdminTestJSON-1100711471-project-admin', 'project_domain_id': 'default', 'project_domain_name': 'Default', 'project_id': 'ed8bb4110fe249e1a67d0776bff6298c', 'project_name': 'tempest-QuotaClassesAdminTestJSON-1100711471', 'tenant_id': 'ed8bb4110fe249e1a67d0776bff6298c', 'tenant_name': 'tempest-QuotaClassesAdminTestJSON-1100711471', 'user_domain_id': 'default', 'user_domain_name': 'Default', 'user_id': '3bc3f9a4467f42a5a7adac1b205031f5', 'system': None}, Network: None, Subnet: None, Router: None
2025-02-16 23:05:28.827 62889 INFO tempest.lib.common.rest_client [req-743031c8-651a-425e-8e9c-f5b528a24c90 req-743031c8-651a-425e-8e9c-f5b528a24c90 ] Request (AZAdminNegativeTestJSON:tearDownClass): 200 GET http://10.180.1.21:9696/networking/v2.0/security-groups?tenant_id=053accfd1a084b9ead73e3398620b02c&name=default 0.340s
2025-02-16 23:05:28.889 62901 INFO tempest.lib.common.rest_client [req-8cc8dcf4-3744-4475-96ee-dc97b9cb1f46 req-8cc8dcf4-3744-4475-96ee-dc97b9cb1f46 ] Request (VolumesAssistedSnapshotsTest:setUpClass): 204 PUT http://10.180.1.21/identity/v3/projects/b7a05f91b9dd43d0bfb50fa69d6b1ce4/users/9727dd3a19a3408fb374b429ae97f07c/roles/be1a6208979e4f5fa5617d51194bc5f8 0.143s
2025-02-16 23:05:28.889 62901 INFO tempest.lib.common.dynamic_creds [-] Dynamic test user 9727dd3a19a3408fb374b429ae97f07c is created with scope project and roles: ['admin']
2025-02-16 23:05:28.889 62901 INFO tempest.lib.common.dynamic_creds [-] Acquired dynamic creds: credentials: Credentials: {'domain_id': 'default', 'domain_name': 'Default', 'username': 'tempest-VolumesAssistedSnapshotsTest-422230817-project-admin', 'project_domain_id': 'default', 'project_domain_name': 'Default', 'project_id': 'b7a05f91b9dd43d0bfb50fa69d6b1ce4', 'project_name': 'tempest-VolumesAssistedSnapshotsTest-422230817', 'tenant_id': 'b7a05f91b9dd43d0bfb50fa69d6b1ce4', 'tenant_name': 'tempest-VolumesAssistedSnapshotsTest-422230817', 'user_domain_id': 'default', 'user_domain_name': 'Default', 'user_id': '9727dd3a19a3408fb374b429ae97f07c', 'system': None}, Network: None, Subnet: None, Router: None
2025-02-16 23:05:28.917 62909 INFO tempest.lib.common.rest_client [req-c8ed438b-f913-4ec3-b4c6-891efd23ed27 req-c8ed438b-f913-4ec3-b4c6-891efd23ed27 ] Request (MigrationsAdminTest:test_list_migrations): 200 GET http://10.180.1.21/compute/v2.1/os-migrations 1.648s
2025-02-16 23:05:28.949 62899 INFO tempest.lib.common.rest_client [req-293f994b-905b-4d96-8477-c108339ece90 req-293f994b-905b-4d96-8477-c108339ece90 ] Request (ServerDiagnosticsTest:setUpClass): 201 POST http://10.180.1.21/identity/v3/auth/tokens 0.149s
2025-02-16 23:05:28.955 62927 INFO tempest.lib.common.rest_client [req-e8e3db4e-859c-45e0-8edb-b90340253a28 req-e8e3db4e-859c-45e0-8edb-b90340253a28 ] Request (NetworksTest:test_get_network): 200 GET http://10.180.1.21/compute/v2.1/os-networks 1.838s
2025-02-16 23:05:28.968 62891 INFO tempest.lib.common.rest_client [req-8da85298-febf-40b9-8acb-df544fdfa28b req-8da85298-febf-40b9-8acb-df544fdfa28b ] Request (ServerExternalEventsTest:setUpClass): 201 POST http://10.180.1.21/identity/v3/auth/tokens 0.208s
2025-02-16 23:05:29.057 62893 INFO tempest.lib.common.rest_client [req-a91327ed-509c-4fe7-8258-1de61cd14bf2 req-a91327ed-509c-4fe7-8258-1de61cd14bf2 ] Request (QuotaClassesAdminTestJSON:setUpClass): 201 POST http://10.180.1.21/identity/v3/auth/tokens 0.242s
2025-02-16 23:05:29.068 62889 INFO tempest.lib.common.rest_client [req-33bd023c-48d5-4364-9247-1b8b1f561799 req-33bd023c-48d5-4364-9247-1b8b1f561799 ] Request (AZAdminNegativeTestJSON:tearDownClass): 204 DELETE http://10.180.1.21:9696/networking/v2.0/security-groups/0c58baaa-dfa1-405d-8a91-c2c58c19dc92 0.240s
2025-02-16 23:05:29.082 62899 INFO tempest.lib.common.rest_client [req-ddeb1910-49c8-4dd1-93a1-d7c4d0abf570 req-ddeb1910-49c8-4dd1-93a1-d7c4d0abf570 ] Request (ServerDiagnosticsTest:setUpClass): 200 GET http://10.180.1.21/identity/v3/domains?name=Default 0.132s
2025-02-16 23:05:29.107 62909 INFO tempest.lib.common.rest_client [req-290d64d7-0577-4ca0-bd5f-fd1c34f3f5c8 req-290d64d7-0577-4ca0-bd5f-fd1c34f3f5c8 ] Request (MigrationsAdminTest:test_list_migrations_in_flavor_resize_situation): 201 POST http://10.180.1.21/identity/v3/auth/tokens 0.175s
2025-02-16 23:05:29.107 62909 INFO tempest.lib.common.fixed_network [-] (MigrationsAdminTest:test_list_migrations_in_flavor_resize_situation) Found network None available for tenant
2025-02-16 23:05:29.152 62891 INFO tempest.lib.common.rest_client [req-cdff54a0-c122-4e6e-8984-ddec42e004de req-cdff54a0-c122-4e6e-8984-ddec42e004de ] Request (ServerExternalEventsTest:test_create_server_external_events): 201 POST http://10.180.1.21/identity/v3/auth/tokens 0.178s
2025-02-16 23:05:29.153 62891 INFO tempest.lib.common.fixed_network [-] (ServerExternalEventsTest:test_create_server_external_events) Found network None available for tenant
2025-02-16 23:05:29.154 62879 INFO tempest.lib.common.rest_client [req-170de2fb-5eee-427b-840d-e38d89c292c9 req-170de2fb-5eee-427b-840d-e38d89c292c9 ] Request (HypervisorAdminTestJSON:test_get_hypervisor_list): 200 GET http://10.180.1.21/compute/v2.1/os-hypervisors 1.800s
2025-02-16 23:05:29.176 62899 INFO tempest.lib.common.rest_client [req-c23fcc39-33cd-498c-aa21-bfebcc0cbc67 req-c23fcc39-33cd-498c-aa21-bfebcc0cbc67 ] Request (ServerDiagnosticsTest:setUpClass): 201 POST http://10.180.1.21/identity/v3/projects 0.094s
2025-02-16 23:05:29.193 62889 INFO tempest.lib.common.rest_client [req-748aa581-5416-412a-987d-d1454c344801 req-748aa581-5416-412a-987d-d1454c344801 ] Request (AZAdminNegativeTestJSON:tearDownClass): 204 DELETE http://10.180.1.21/identity/v3/projects/053accfd1a084b9ead73e3398620b02c 0.125s
2025-02-16 23:05:29.194 62889 INFO tempest.lib.common.dynamic_creds [-] Deleting project and security group for project: 18c510daf7f0421d912ee95cbbcf10b9
2025-02-16 23:05:29.263 62901 INFO tempest.lib.common.rest_client [req-9a8544ff-33b1-4ef4-aca1-3489397fe987 req-9a8544ff-33b1-4ef4-aca1-3489397fe987 ] Request (VolumesAssistedSnapshotsTest:setUpClass): 201 POST http://10.180.1.21:9696/networking/v2.0/networks 0.373s
2025-02-16 23:05:29.282 62899 INFO tempest.lib.common.rest_client [req-4121696d-f0a1-4ecd-909d-c47864db148c req-4121696d-f0a1-4ecd-909d-c47864db148c ] Request (ServerDiagnosticsTest:setUpClass): 201 POST http://10.180.1.21/identity/v3/users 0.105s
2025-02-16 23:05:29.287 62903 INFO tempest.lib.common.rest_client [req-2b78fa0c-3197-47a2-a87c-304fad3792ca req-2b78fa0c-3197-47a2-a87c-304fad3792ca ] Request (HostsAdminNegativeTestJSON:setUpClass): 200 GET http://10.180.1.21/compute/v2.1/os-hosts 1.876s
2025-02-16 23:05:29.306 62899 INFO tempest.lib.common.rest_client [req-b70c97c1-7b56-4533-83a3-94b6d0ad4eac req-b70c97c1-7b56-4533-83a3-94b6d0ad4eac ] Request (ServerDiagnosticsTest:setUpClass): 200 GET http://10.180.1.21/identity/v3/roles 0.023s
2025-02-16 23:05:29.331 62899 INFO tempest.lib.common.rest_client [req-fcd51ba3-50ec-4780-8b64-1ff94b51ee5f req-fcd51ba3-50ec-4780-8b64-1ff94b51ee5f ] Request (ServerDiagnosticsTest:setUpClass): 204 PUT http://10.180.1.21/identity/v3/projects/bc59f98a632a46ebbb8aebebbab493ea/users/40e00b88d7fc4b42983f9577086b6e52/roles/1b5c882c05ed4b56be6c4b3d6213d207 0.025s
2025-02-16 23:05:29.332 62899 INFO tempest.lib.common.dynamic_creds [-] Dynamic test user 40e00b88d7fc4b42983f9577086b6e52 is created with scope project and roles: ['member']
2025-02-16 23:05:29.332 62899 INFO tempest.lib.common.dynamic_creds [-] Acquired dynamic creds: credentials: Credentials: {'domain_id': 'default', 'domain_name': 'Default', 'username': 'tempest-ServerDiagnosticsTest-885247850-project-member', 'project_domain_id': 'default', 'project_domain_name': 'Default', 'project_id': 'bc59f98a632a46ebbb8aebebbab493ea', 'project_name': 'tempest-ServerDiagnosticsTest-885247850', 'tenant_id': 'bc59f98a632a46ebbb8aebebbab493ea', 'tenant_name': 'tempest-ServerDiagnosticsTest-885247850', 'user_domain_id': 'default', 'user_domain_name': 'Default', 'user_id': '40e00b88d7fc4b42983f9577086b6e52', 'system': None}, Network: None, Subnet: None, Router: None
2025-02-16 23:05:29.332 62899 INFO tempest.lib.common.dynamic_creds [-] Created isolated network resources for: credentials: Credentials: {'domain_id': 'default', 'domain_name': 'Default', 'username': 'tempest-ServerDiagnosticsTest-885247850-project-member', 'project_domain_id': 'default', 'project_domain_name': 'Default', 'project_id': 'bc59f98a632a46ebbb8aebebbab493ea', 'project_name': 'tempest-ServerDiagnosticsTest-885247850', 'tenant_id': 'bc59f98a632a46ebbb8aebebbab493ea', 'tenant_name': 'tempest-ServerDiagnosticsTest-885247850', 'user_domain_id': 'default', 'user_domain_name': 'Default', 'user_id': '40e00b88d7fc4b42983f9577086b6e52', 'system': None}, Network: None, Subnet: None, Router: None
2025-02-16 23:05:29.344 62889 INFO tempest.lib.common.rest_client [req-6edc2453-8997-4b00-9e5f-6cf099cd8f96 req-6edc2453-8997-4b00-9e5f-6cf099cd8f96 ] Request (AZAdminNegativeTestJSON:tearDownClass): 200 GET http://10.180.1.21:9696/networking/v2.0/security-groups?tenant_id=18c510daf7f0421d912ee95cbbcf10b9&name=default 0.150s
2025-02-16 23:05:29.373 62917 INFO tempest.lib.common.rest_client [req-a5434495-92ec-40c7-9c66-f449f3a6852c req-a5434495-92ec-40c7-9c66-f449f3a6852c ] Request (ServicesAdminNegativeTestJSON:test_get_service_by_invalid_params): 200 GET http://10.180.1.21/compute/v2.1/os-services 1.933s
2025-02-16 23:05:29.405 62899 INFO tempest.lib.common.rest_client [req-de5c17be-447c-4a5a-b3a6-1e99c7aeccff req-de5c17be-447c-4a5a-b3a6-1e99c7aeccff ] Request (ServerDiagnosticsTest:setUpClass): 201 POST http://10.180.1.21/identity/v3/auth/tokens 0.069s
2025-02-16 23:05:29.470 62899 INFO tempest.lib.common.rest_client [req-5ad95c3c-73a5-4191-afec-21bd45749fcb req-5ad95c3c-73a5-4191-afec-21bd45749fcb ] Request (ServerDiagnosticsTest:setUpClass): 201 POST http://10.180.1.21/identity/v3/projects 0.064s
2025-02-16 23:05:29.473 62889 INFO tempest.lib.common.rest_client [req-bd224644-3fff-4798-a341-b2af9b3bb4dc req-bd224644-3fff-4798-a341-b2af9b3bb4dc ] Request (AZAdminNegativeTestJSON:tearDownClass): 204 DELETE http://10.180.1.21:9696/networking/v2.0/security-groups/260a6a43-076f-423d-a5b3-e102fa65d4c3 0.128s
2025-02-16 23:05:29.504 62867 INFO tempest.lib.common.rest_client [req-67ba3596-7223-415a-ad64-77c855f17145 req-67ba3596-7223-415a-ad64-77c855f17145 ] Request (HypervisorAdminV253TestBase:test_list_show_detail_hypervisors): 200 GET http://10.180.1.21/compute/v2.1/os-hypervisors/detail?with_servers=True 1.989s
2025-02-16 23:05:29.512 62881 INFO tempest.lib.common.rest_client [req-c2a25276-4194-4069-bfb8-9b3166ac5138 req-c2a25276-4194-4069-bfb8-9b3166ac5138 ] Request (TenantUsagesTestJSON:setUpClass): 202 POST http://10.180.1.21/compute/v2.1/servers 2.216s
2025-02-16 23:05:29.519 62901 INFO tempest.lib.common.rest_client [req-f23ce79f-4278-4aa1-af4a-a3bb1a27343e req-f23ce79f-4278-4aa1-af4a-a3bb1a27343e ] Request (VolumesAssistedSnapshotsTest:setUpClass): 201 POST http://10.180.1.21:9696/networking/v2.0/subnets 0.255s
2025-02-16 23:05:29.529 62899 INFO tempest.lib.common.rest_client [req-59cc08b0-a629-4165-b8b8-473a5db1d154 req-59cc08b0-a629-4165-b8b8-473a5db1d154 ] Request (ServerDiagnosticsTest:setUpClass): 201 POST http://10.180.1.21/identity/v3/users 0.059s
2025-02-16 23:05:29.586 62889 INFO tempest.lib.common.rest_client [req-e5489fd8-d8f9-4df9-b21a-3c592bbeb3f8 req-e5489fd8-d8f9-4df9-b21a-3c592bbeb3f8 ] Request (AZAdminNegativeTestJSON:tearDownClass): 204 DELETE http://10.180.1.21/identity/v3/projects/18c510daf7f0421d912ee95cbbcf10b9 0.112s
2025-02-16 23:05:29.671 62887 INFO tempest.lib.common.rest_client [req-9971a138-72e9-477c-b295-39bedc2a353e req-9971a138-72e9-477c-b295-39bedc2a353e ] Request (AggregatesAdminNegativeTestJSON:setUpClass): 200 GET http://10.180.1.21/compute/v2.1/os-services?binary=nova-compute 2.097s
2025-02-16 23:05:29.715 62899 INFO tempest.lib.common.rest_client [req-b770a81a-8d8c-4e75-955d-048a786b329a req-b770a81a-8d8c-4e75-955d-048a786b329a ] Request (ServerDiagnosticsTest:setUpClass): 200 GET http://10.180.1.21/identity/v3/roles 0.185s
2025-02-16 23:05:29.720 62921 INFO tempest.lib.common.rest_client [req-8d8102cd-02f9-47c9-951c-200465d44f9d req-8d8102cd-02f9-47c9-951c-200465d44f9d ] Request (FlavorsExtraSpecsTestJSON:setUpClass): 200 POST http://10.180.1.21/compute/v2.1/flavors 2.137s
2025-02-16 23:05:29.742 62889 INFO tempest.lib.common.rest_client [req-ee7d02c0-c5a4-495b-9390-f19910adc32c req-ee7d02c0-c5a4-495b-9390-f19910adc32c ] Request (FlavorsExtraSpecsNegativeTestJSON:setUpClass): 201 POST http://10.180.1.21/identity/v3/auth/tokens 0.155s
2025-02-16 23:05:29.762 62877 INFO tempest.lib.common.rest_client [req-053bcb16-c2d7-473f-a644-8a0c9f9a3423 req-053bcb16-c2d7-473f-a644-8a0c9f9a3423 ] Request (ServersWithSpecificFlavorTestJSON:setUpClass): 201 POST http://10.180.1.21:9696/networking/v2.0/routers 1.077s
2025-02-16 23:05:29.806 62899 INFO tempest.lib.common.rest_client [req-59835d1a-60cf-4f34-8eb0-520ae6013d0f req-59835d1a-60cf-4f34-8eb0-520ae6013d0f ] Request (ServerDiagnosticsTest:setUpClass): 204 PUT http://10.180.1.21/identity/v3/projects/ff5da9435ea34f7492225620beac30fb/users/9246c81fe35f4f2c8da1a5ab96b14da6/roles/be1a6208979e4f5fa5617d51194bc5f8 0.091s
2025-02-16 23:05:29.903 62889 INFO tempest.lib.common.rest_client [req-68e3517d-aaa7-4088-944f-e83bfe7d3d5a req-68e3517d-aaa7-4088-944f-e83bfe7d3d5a ] Request (FlavorsExtraSpecsNegativeTestJSON:setUpClass): 201 POST http://10.180.1.21/identity/v3/auth/tokens 0.159s
2025-02-16 23:05:29.940 62899 INFO tempest.lib.common.rest_client [req-1fcb0b01-4806-4a96-bff2-af2fbc97bf80 req-1fcb0b01-4806-4a96-bff2-af2fbc97bf80 ] Request (ServerDiagnosticsTest:setUpClass): 200 GET http://10.180.1.21/identity/v3/roles 0.133s
2025-02-16 23:05:29.966 62889 INFO tempest.lib.common.rest_client [req-7cd7a2fa-0e17-416a-a181-ba31109e92ce req-7cd7a2fa-0e17-416a-a181-ba31109e92ce ] Request (FlavorsExtraSpecsNegativeTestJSON:setUpClass): 200 GET http://10.180.1.21/identity/v3/domains?name=Default 0.062s
2025-02-16 23:05:29.990 62899 INFO tempest.lib.common.rest_client [req-214f2ea1-8256-47e1-b3e7-2f1282260f4a req-214f2ea1-8256-47e1-b3e7-2f1282260f4a ] Request (ServerDiagnosticsTest:setUpClass): 204 PUT http://10.180.1.21/identity/v3/projects/ff5da9435ea34f7492225620beac30fb/users/9246c81fe35f4f2c8da1a5ab96b14da6/roles/be1a6208979e4f5fa5617d51194bc5f8 0.049s
2025-02-16 23:05:29.990 62899 INFO tempest.lib.common.dynamic_creds [-] Dynamic test user 9246c81fe35f4f2c8da1a5ab96b14da6 is created with scope project and roles: ['admin']
2025-02-16 23:05:29.990 62899 INFO tempest.lib.common.dynamic_creds [-] Acquired dynamic creds: credentials: Credentials: {'domain_id': 'default', 'domain_name': 'Default', 'username': 'tempest-ServerDiagnosticsTest-1973664607-project-admin', 'project_domain_id': 'default', 'project_domain_name': 'Default', 'project_id': 'ff5da9435ea34f7492225620beac30fb', 'project_name': 'tempest-ServerDiagnosticsTest-1973664607', 'tenant_id': 'ff5da9435ea34f7492225620beac30fb', 'tenant_name': 'tempest-ServerDiagnosticsTest-1973664607', 'user_domain_id': 'default', 'user_domain_name': 'Default', 'user_id': '9246c81fe35f4f2c8da1a5ab96b14da6', 'system': None}, Network: None, Subnet: None, Router: None
2025-02-16 23:05:29.990 62899 INFO tempest.lib.common.dynamic_creds [-] Created isolated network resources for: credentials: Credentials: {'domain_id': 'default', 'domain_name': 'Default', 'username': 'tempest-ServerDiagnosticsTest-1973664607-project-admin', 'project_domain_id': 'default', 'project_domain_name': 'Default', 'project_id': 'ff5da9435ea34f7492225620beac30fb', 'project_name': 'tempest-ServerDiagnosticsTest-1973664607', 'tenant_id': 'ff5da9435ea34f7492225620beac30fb', 'tenant_name': 'tempest-ServerDiagnosticsTest-1973664607', 'user_domain_id': 'default', 'user_domain_name': 'Default', 'user_id': '9246c81fe35f4f2c8da1a5ab96b14da6', 'system': None}, Network: None, Subnet: None, Router: None
2025-02-16 23:05:30.066 62889 INFO tempest.lib.common.rest_client [req-ddc9de17-c995-4ff0-91a8-c4ff3564cdf8 req-ddc9de17-c995-4ff0-91a8-c4ff3564cdf8 ] Request (FlavorsExtraSpecsNegativeTestJSON:setUpClass): 201 POST http://10.180.1.21/identity/v3/projects 0.099s
2025-02-16 23:05:30.112 62913 INFO tempest.lib.common.rest_client [req-12a0e293-1eec-462a-b67e-00066cacd18a req-12a0e293-1eec-462a-b67e-00066cacd18a ] Request (QuotasAdminNegativeTest:test_create_server_when_cpu_quota_is_full): 200 PUT http://10.180.1.21/compute/v2.1/os-quota-sets/6735239917444d6fb4cff190dbc260e6 2.365s
2025-02-16 23:05:30.135 62899 INFO tempest.lib.common.rest_client [req-ef77d3fb-8ad3-43ae-b8ec-7869dde4754a req-ef77d3fb-8ad3-43ae-b8ec-7869dde4754a ] Request (ServerDiagnosticsTest:setUpClass): 201 POST http://10.180.1.21/identity/v3/auth/tokens 0.142s
2025-02-16 23:05:30.159 62889 INFO tempest.lib.common.rest_client [req-417ed088-86f8-4089-becb-291428fac9af req-417ed088-86f8-4089-becb-291428fac9af ] Request (FlavorsExtraSpecsNegativeTestJSON:setUpClass): 201 POST http://10.180.1.21/identity/v3/users 0.093s
2025-02-16 23:05:30.174 62871 INFO tempest.lib.common.rest_client [req-3c220fe3-c578-4098-8019-f82a46f31abe req-3c220fe3-c578-4098-8019-f82a46f31abe ] Request (DeleteServersAdminTestJSON:test_admin_delete_servers_of_others): 202 POST http://10.180.1.21/compute/v2.1/servers 2.545s
2025-02-16 23:05:30.193 62913 INFO tempest.lib.common.rest_client [req-4a71281c-e204-4281-adff-cc0b493847f6 req-4a71281c-e204-4281-adff-cc0b493847f6 ] Request (QuotasAdminNegativeTest:test_create_server_when_cpu_quota_is_full): 201 POST http://10.180.1.21/identity/v3/auth/tokens 0.072s
2025-02-16 23:05:30.193 62913 INFO tempest.lib.common.fixed_network [-] (QuotasAdminNegativeTest:test_create_server_when_cpu_quota_is_full) Found network None available for tenant
2025-02-16 23:05:30.196 62905 INFO tempest.lib.common.rest_client [req-3490db30-b225-4705-8aee-e1cc7271bfa4 req-3490db30-b225-4705-8aee-e1cc7271bfa4 ] Request (ImagesMetadataNegativeTestJSON:test_list_nonexistent_image_metadata): 404 GET http://10.180.1.21/compute/v2.1/images/1e0e7b2b-b27e-4775-b589-197bd0c7cbc2/metadata 2.349s
2025-02-16 23:05:30.209 62875 INFO tempest.lib.common.rest_client [req-ca1b7833-4c90-4c3d-b8de-086a6cf1ce3c req-ca1b7833-4c90-4c3d-b8de-086a6cf1ce3c ] Request (SecurityGroupRulesNegativeTestJSON:test_create_security_group_rule_duplicate): 400 POST http://10.180.1.21/compute/v2.1/os-security-group-rules 2.387s
2025-02-16 23:05:30.214 62889 INFO tempest.lib.common.rest_client [req-8a122ce1-90cd-4f10-aafa-08ca10ea0b7e req-8a122ce1-90cd-4f10-aafa-08ca10ea0b7e ] Request (FlavorsExtraSpecsNegativeTestJSON:setUpClass): 200 GET http://10.180.1.21/identity/v3/roles 0.054s
2025-02-16 23:05:30.218 62895 INFO tempest.lib.common.rest_client [req-854a2408-4b8a-4737-b431-256cc42aa628 req-854a2408-4b8a-4737-b431-256cc42aa628 ] Request (FlavorsV2TestJSON:test_list_flavors): 200 GET http://10.180.1.21/compute/v2.1/flavors/42 2.332s
2025-02-16 23:05:30.228 62899 INFO tempest.lib.common.rest_client [req-8c54df8b-8f63-4c1c-991b-106ec0c7819a req-8c54df8b-8f63-4c1c-991b-106ec0c7819a ] Request (ServerDiagnosticsTest:test_get_server_diagnostics): 201 POST http://10.180.1.21/identity/v3/auth/tokens 0.090s
2025-02-16 23:05:30.228 62899 INFO tempest.lib.common.fixed_network [-] (ServerDiagnosticsTest:test_get_server_diagnostics) Found network None available for tenant
2025-02-16 23:05:30.257 62889 INFO tempest.lib.common.rest_client [req-270a169a-15de-4dd2-8494-9858bc6974e9 req-270a169a-15de-4dd2-8494-9858bc6974e9 ] Request (FlavorsExtraSpecsNegativeTestJSON:setUpClass): 204 PUT http://10.180.1.21/identity/v3/projects/43c428b5a63c4f8a90e8f74ac4b48689/users/119b9d261b6a4a8a80e47db83a575282/roles/1b5c882c05ed4b56be6c4b3d6213d207 0.042s
2025-02-16 23:05:30.257 62889 INFO tempest.lib.common.dynamic_creds [-] Dynamic test user 119b9d261b6a4a8a80e47db83a575282 is created with scope project and roles: ['member']
2025-02-16 23:05:30.257 62889 INFO tempest.lib.common.dynamic_creds [-] Acquired dynamic creds: credentials: Credentials: {'domain_id': 'default', 'domain_name': 'Default', 'username': 'tempest-FlavorsExtraSpecsNegativeTestJSON-375427126-project-member', 'project_domain_id': 'default', 'project_domain_name': 'Default', 'project_id': '43c428b5a63c4f8a90e8f74ac4b48689', 'project_name': 'tempest-FlavorsExtraSpecsNegativeTestJSON-375427126', 'tenant_id': '43c428b5a63c4f8a90e8f74ac4b48689', 'tenant_name': 'tempest-FlavorsExtraSpecsNegativeTestJSON-375427126', 'user_domain_id': 'default', 'user_domain_name': 'Default', 'user_id': '119b9d261b6a4a8a80e47db83a575282', 'system': None}, Network: None, Subnet: None, Router: None
2025-02-16 23:05:30.257 62889 INFO tempest.lib.common.dynamic_creds [-] Created isolated network resources for: credentials: Credentials: {'domain_id': 'default', 'domain_name': 'Default', 'username': 'tempest-FlavorsExtraSpecsNegativeTestJSON-375427126-project-member', 'project_domain_id': 'default', 'project_domain_name': 'Default', 'project_id': '43c428b5a63c4f8a90e8f74ac4b48689', 'project_name': 'tempest-FlavorsExtraSpecsNegativeTestJSON-375427126', 'tenant_id': '43c428b5a63c4f8a90e8f74ac4b48689', 'tenant_name': 'tempest-FlavorsExtraSpecsNegativeTestJSON-375427126', 'user_domain_id': 'default', 'user_domain_name': 'Default', 'user_id': '119b9d261b6a4a8a80e47db83a575282', 'system': None}, Network: None, Subnet: None, Router: None
2025-02-16 23:05:30.326 62889 INFO tempest.lib.common.rest_client [req-a0eb82a1-aea0-4e2d-bb75-a3d74b290d5e req-a0eb82a1-aea0-4e2d-bb75-a3d74b290d5e ] Request (FlavorsExtraSpecsNegativeTestJSON:setUpClass): 201 POST http://10.180.1.21/identity/v3/auth/tokens 0.065s
2025-02-16 23:05:30.382 62889 INFO tempest.lib.common.rest_client [req-f592afae-0a4a-4b71-a7e6-a3b7e33743f3 req-f592afae-0a4a-4b71-a7e6-a3b7e33743f3 ] Request (FlavorsExtraSpecsNegativeTestJSON:setUpClass): 201 POST http://10.180.1.21/identity/v3/projects 0.055s
2025-02-16 23:05:30.444 62889 INFO tempest.lib.common.rest_client [req-0fae5d85-ea1e-4cc5-9168-c9d89a1f9d87 req-0fae5d85-ea1e-4cc5-9168-c9d89a1f9d87 ] Request (FlavorsExtraSpecsNegativeTestJSON:setUpClass): 201 POST http://10.180.1.21/identity/v3/users 0.062s
2025-02-16 23:05:30.464 62889 INFO tempest.lib.common.rest_client [req-5535976b-7050-442c-8faf-10b144d87054 req-5535976b-7050-442c-8faf-10b144d87054 ] Request (FlavorsExtraSpecsNegativeTestJSON:setUpClass): 200 GET http://10.180.1.21/identity/v3/roles 0.019s
2025-02-16 23:05:30.491 62889 INFO tempest.lib.common.rest_client [req-104bf658-1143-4c5a-b03b-19ace3569ba5 req-104bf658-1143-4c5a-b03b-19ace3569ba5 ] Request (FlavorsExtraSpecsNegativeTestJSON:setUpClass): 204 PUT http://10.180.1.21/identity/v3/projects/d1e2d98bc5424a0da38d88cef82a7d46/users/ffc9e92af0674d7c869dd8e2f9286c69/roles/be1a6208979e4f5fa5617d51194bc5f8 0.026s
2025-02-16 23:05:30.537 62889 INFO tempest.lib.common.rest_client [req-ec800601-7961-487c-9ea4-fd012d621adf req-ec800601-7961-487c-9ea4-fd012d621adf ] Request (FlavorsExtraSpecsNegativeTestJSON:setUpClass): 200 GET http://10.180.1.21/identity/v3/roles 0.046s
2025-02-16 23:05:30.556 62889 INFO tempest.lib.common.rest_client [req-996d663f-af80-4157-be96-8557f39d5ff9 req-996d663f-af80-4157-be96-8557f39d5ff9 ] Request (FlavorsExtraSpecsNegativeTestJSON:setUpClass): 204 PUT http://10.180.1.21/identity/v3/projects/d1e2d98bc5424a0da38d88cef82a7d46/users/ffc9e92af0674d7c869dd8e2f9286c69/roles/be1a6208979e4f5fa5617d51194bc5f8 0.018s
2025-02-16 23:05:30.557 62889 INFO tempest.lib.common.dynamic_creds [-] Dynamic test user ffc9e92af0674d7c869dd8e2f9286c69 is created with scope project and roles: ['admin']
2025-02-16 23:05:30.557 62889 INFO tempest.lib.common.dynamic_creds [-] Acquired dynamic creds: credentials: Credentials: {'domain_id': 'default', 'domain_name': 'Default', 'username': 'tempest-FlavorsExtraSpecsNegativeTestJSON-1979620686-project-admin', 'project_domain_id': 'default', 'project_domain_name': 'Default', 'project_id': 'd1e2d98bc5424a0da38d88cef82a7d46', 'project_name': 'tempest-FlavorsExtraSpecsNegativeTestJSON-1979620686', 'tenant_id': 'd1e2d98bc5424a0da38d88cef82a7d46', 'tenant_name': 'tempest-FlavorsExtraSpecsNegativeTestJSON-1979620686', 'user_domain_id': 'default', 'user_domain_name': 'Default', 'user_id': 'ffc9e92af0674d7c869dd8e2f9286c69', 'system': None}, Network: None, Subnet: None, Router: None
2025-02-16 23:05:30.557 62889 INFO tempest.lib.common.dynamic_creds [-] Created isolated network resources for: credentials: Credentials: {'domain_id': 'default', 'domain_name': 'Default', 'username': 'tempest-FlavorsExtraSpecsNegativeTestJSON-1979620686-project-admin', 'project_domain_id': 'default', 'project_domain_name': 'Default', 'project_id': 'd1e2d98bc5424a0da38d88cef82a7d46', 'project_name': 'tempest-FlavorsExtraSpecsNegativeTestJSON-1979620686', 'tenant_id': 'd1e2d98bc5424a0da38d88cef82a7d46', 'tenant_name': 'tempest-FlavorsExtraSpecsNegativeTestJSON-1979620686', 'user_domain_id': 'default', 'user_domain_name': 'Default', 'user_id': 'ffc9e92af0674d7c869dd8e2f9286c69', 'system': None}, Network: None, Subnet: None, Router: None
2025-02-16 23:05:30.642 62889 INFO tempest.lib.common.rest_client [req-42cba52c-23a0-41d3-9c02-4159f2a90618 req-42cba52c-23a0-41d3-9c02-4159f2a90618 ] Request (FlavorsExtraSpecsNegativeTestJSON:setUpClass): 201 POST http://10.180.1.21/identity/v3/auth/tokens 0.083s
2025-02-16 23:05:30.824 62901 INFO tempest.lib.common.rest_client [req-34233d17-8d64-42b3-8c52-53c30d0786a6 req-34233d17-8d64-42b3-8c52-53c30d0786a6 ] Request (VolumesAssistedSnapshotsTest:setUpClass): 201 POST http://10.180.1.21:9696/networking/v2.0/routers 1.305s
2025-02-16 23:05:30.831 62907 INFO tempest.lib.common.rest_client [req-2cc3dd25-2322-49f3-ae32-746762e85524 req-2cc3dd25-2322-49f3-ae32-746762e85524 ] Request (FloatingIPsAssociationTestJSON:setUpClass): 202 POST http://10.180.1.21/compute/v2.1/servers 2.822s
2025-02-16 23:05:30.863 62897 INFO tempest.lib.common.rest_client [req-6766a186-c1aa-41c0-b841-15f5a073a874 req-6766a186-c1aa-41c0-b841-15f5a073a874 ] Request (AZAdminV2TestJSON:test_get_availability_zone_list_detail): 200 GET http://10.180.1.21/compute/v2.1/os-availability-zone/detail 2.683s
2025-02-16 23:05:31.008 62885 INFO tempest.lib.common.rest_client [req-6b12ffb4-696f-4372-88f7-7d046cce639a req-6b12ffb4-696f-4372-88f7-7d046cce639a ] Request (QuotasAdminTestJSON:test_delete_quota): 200 GET http://10.180.1.21/compute/v2.1/os-quota-sets/80443ee37adb469b9f68aba3db883208 2.811s
2025-02-16 23:05:31.033 62865 INFO tempest.lib.common.rest_client [req-a2c3bc64-2e00-461b-af38-e3738a11a1e5 req-a2c3bc64-2e00-461b-af38-e3738a11a1e5 ] Request (FlavorsAdminTestJSON:_run_cleanups): 202 DELETE http://10.180.1.21/compute/v2.1/flavors/1097779779 2.814s
2025-02-16 23:05:31.050 62897 INFO tempest.lib.common.rest_client [req-ef8e92d1-37cf-4330-ab5b-ea79741efad7 req-ef8e92d1-37cf-4330-ab5b-ea79741efad7 ] Request (AZAdminV2TestJSON:tearDownClass): 204 DELETE http://10.180.1.21/identity/v3/users/329a70c43eb043389d49b90ce6220108 0.182s
2025-02-16 23:05:31.065 62920 INFO tempest.lib.common.rest_client [req-c98bc892-ccaa-4128-b03c-d447cb8a1bd9 req-c98bc892-ccaa-4128-b03c-d447cb8a1bd9 ] Request (ImagesDeleteNegativeTestJSON:test_delete_image_non_hex_string_id): 404 DELETE http://10.180.1.21/compute/v2.1/images/9dd3fcef-d042-4a2f-8f62-ddb7c8ae3bej 2.814s
2025-02-16 23:05:31.074 62869 INFO tempest.lib.common.rest_client [req-10c3af19-0fcd-4820-a10b-f84e6fba9468 req-10c3af19-0fcd-4820-a10b-f84e6fba9468 ] Request (HypervisorAdminNegativeTestJSON:test_get_hypervisor_stats_with_non_admin_user): 403 GET http://10.180.1.21/compute/v2.1/os-hypervisors/statistics 2.816s
2025-02-16 23:05:31.086 62923 INFO tempest.lib.common.rest_client [req-5a83b0ac-a2de-4f05-b7b9-64a96dc88707 req-5a83b0ac-a2de-4f05-b7b9-64a96dc88707 ] Request (ServersAdminTestJSON:setUpClass): 202 POST http://10.180.1.21/compute/v2.1/servers 3.199s
2025-02-16 23:05:31.101 62925 INFO tempest.lib.common.rest_client [req-66f68159-8f6e-47e7-9f0b-6e8c41616589 req-66f68159-8f6e-47e7-9f0b-6e8c41616589 ] Request (TenantUsagesNegativeTestJSON:test_get_usage_tenant_with_invalid_date): 400 GET http://10.180.1.21/compute/v2.1/os-simple-tenant-usage/b491e4b797a54ce0b43c2c7946a9629c?start=2025-02-17T23%3A05%3A26.326445&end=2025-02-15T23%3A05%3A26.326445 2.504s
2025-02-16 23:05:31.142 62873 INFO tempest.lib.common.rest_client [req-ac4f416f-e9e2-412a-848c-6a7258e9211b req-ac4f416f-e9e2-412a-848c-6a7258e9211b ] Request (HypervisorAdminUnderV252Test:test_search_hypervisor): 200 GET http://10.180.1.21/compute/v2.1/os-hypervisors 2.492s
2025-02-16 23:05:31.182 62923 INFO tempest.lib.common.rest_client [req-4c1681d4-80b7-4ca4-83c7-fae893037caa req-4c1681d4-80b7-4ca4-83c7-fae893037caa ] Request (ServersAdminTestJSON:setUpClass): 201 POST http://10.180.1.21/identity/v3/auth/tokens 0.088s
2025-02-16 23:05:31.183 62923 INFO tempest.lib.common.fixed_network [-] (ServersAdminTestJSON:setUpClass) Found network {'id': '2e59ea59-ec16-4aa9-90a3-3d91e44cdeb9', 'name': 'tempest-ServersAdminTestJSON-124417922-network', 'tenant_id': '6aa4ee3eae874704ad41fe2120ae183c', 'admin_state_up': True, 'mtu': 8950, 'status': 'ACTIVE', 'subnets': [], 'shared': False, 'project_id': '6aa4ee3eae874704ad41fe2120ae183c', 'port_security_enabled': True, 'router:external': False, 'provider:network_type': 'vlan', 'provider:physical_network': 'default', 'provider:segmentation_id': 410, 'availability_zone_hints': [], 'availability_zones': [], 'ipv4_address_scope': None, 'ipv6_address_scope': None, 'description': '', 'tags': [], 'created_at': '2025-02-16T23:05:18Z', 'updated_at': '2025-02-16T23:05:18Z', 'revision_number': 1} available for tenant
2025-02-16 23:05:31.194 62897 INFO tempest.lib.common.rest_client [req-91261a98-8bf8-4a16-b741-e8af42fd991e req-91261a98-8bf8-4a16-b741-e8af42fd991e ] Request (AZAdminV2TestJSON:tearDownClass): 204 DELETE http://10.180.1.21/identity/v3/users/ab060eb92d7f450a83b504fe3d23a1fa 0.142s
2025-02-16 23:05:31.194 62897 INFO tempest.lib.common.dynamic_creds [-] Deleting project and security group for project: fa34d54f2b6644f3883f5c9695028523
2025-02-16 23:05:31.196 62883 INFO tempest.lib.common.rest_client [req-5751a92a-128e-4a13-bf42-6f82f544e115 req-5751a92a-128e-4a13-bf42-6f82f544e115 ] Request (FlavorMetadataValidation:test_flavor_update_with_custom_namespace): 200 POST http://10.180.1.21/compute/v2.1/flavors/741194275/os-extra_specs 2.719s
2025-02-16 23:05:31.242 62877 INFO tempest.lib.common.rest_client [req-16d9f067-d2c0-4415-8551-497abf54ad60 req-16d9f067-d2c0-4415-8551-497abf54ad60 ] Request (ServersWithSpecificFlavorTestJSON:setUpClass): 200 PUT http://10.180.1.21:9696/networking/v2.0/routers/fac6cf6e-2db1-4c42-b027-59a62d7999f2/add_router_interface 1.479s
2025-02-16 23:05:31.242 62877 INFO tempest.lib.common.dynamic_creds [-] Created isolated network resources for: credentials: Credentials: {'domain_id': 'default', 'domain_name': 'Default', 'username': 'tempest-ServersWithSpecificFlavorTestJSON-1383438091-project-admin', 'project_domain_id': 'default', 'project_domain_name': 'Default', 'project_id': 'dc7a8fad920f49f1a3f09ddf041c62c2', 'project_name': 'tempest-ServersWithSpecificFlavorTestJSON-1383438091', 'tenant_id': 'dc7a8fad920f49f1a3f09ddf041c62c2', 'tenant_name': 'tempest-ServersWithSpecificFlavorTestJSON-1383438091', 'user_domain_id': 'default', 'user_domain_name': 'Default', 'user_id': '07e5d1122cb04f2e879f6e31ede0240d', 'system': None}, Network: {'id': '60c42fd3-1b18-4148-9994-d3ec777202d5', 'name': 'tempest-ServersWithSpecificFlavorTestJSON-1959526264-network', 'tenant_id': 'dc7a8fad920f49f1a3f09ddf041c62c2', 'admin_state_up': True, 'mtu': 8950, 'status': 'ACTIVE', 'subnets': [], 'shared': False, 'project_id': 'dc7a8fad920f49f1a3f09ddf041c62c2', 'port_security_enabled': True, 'router:external': False, 'provider:network_type': 'vlan', 'provider:physical_network': 'default', 'provider:segmentation_id': 44, 'availability_zone_hints': [], 'availability_zones': [], 'ipv4_address_scope': None, 'ipv6_address_scope': None, 'description': '', 'tags': [], 'created_at': '2025-02-16T23:05:28Z', 'updated_at': '2025-02-16T23:05:28Z', 'revision_number': 1}, Subnet: {'id': '6e460487-5dc0-4978-a67d-895d96d5e3c6', 'name': 'tempest-ServersWithSpecificFlavorTestJSON-1959526264-subnet', 'tenant_id': 'dc7a8fad920f49f1a3f09ddf041c62c2', 'network_id': '60c42fd3-1b18-4148-9994-d3ec777202d5', 'ip_version': 4, 'subnetpool_id': None, 'enable_dhcp': True, 'ipv6_ra_mode': None, 'ipv6_address_mode': None, 'gateway_ip': '192.168.128.1', 'cidr': '192.168.128.0/28', 'allocation_pools': [{'start': '192.168.128.2', 'end': '192.168.128.14'}], 'host_routes': [], 'dns_nameservers': [], 'description': '', 'router:external': False, 'service_types': [], 'tags': [], 'created_at': '2025-02-16T23:05:28Z', 'updated_at': '2025-02-16T23:05:28Z', 'revision_number': 0, 'project_id': 'dc7a8fad920f49f1a3f09ddf041c62c2'}, Router: {'id': 'fac6cf6e-2db1-4c42-b027-59a62d7999f2', 'name': 'tempest-ServersWithSpecificFlavorTestJSON-1959526264-router', 'tenant_id': 'dc7a8fad920f49f1a3f09ddf041c62c2', 'admin_state_up': True, 'status': 'ACTIVE', 'external_gateway_info': {'network_id': '88361233-c0c2-4b0c-813f-ee797ecc8f04', 'external_fixed_ips': [{'subnet_id': 'd43a3b7c-89ca-4ed1-bd2b-03f36c33c6a8', 'ip_address': '10.180.180.244'}], 'enable_snat': True}, 'description': '', 'availability_zones': [], 'distributed': False, 'ha': False, 'availability_zone_hints': [], 'routes': [], 'flavor_id': None, 'tags': [], 'created_at': '2025-02-16T23:05:28Z', 'updated_at': '2025-02-16T23:05:29Z', 'revision_number': 2, 'project_id': 'dc7a8fad920f49f1a3f09ddf041c62c2'}
2025-02-16 23:05:31.251 62927 INFO tempest.lib.common.rest_client [req-5c5a235a-dfca-4b4e-ab7e-460e99fb3193 req-5c5a235a-dfca-4b4e-ab7e-460e99fb3193 ] Request (NetworksTest:test_get_network): 200 GET http://10.180.1.21/compute/v2.1/os-networks/88361233-c0c2-4b0c-813f-ee797ecc8f04 2.295s
2025-02-16 23:05:31.263 62897 INFO tempest.lib.common.rest_client [req-66517923-bfcb-45e8-9827-b3542a2615b1 req-66517923-bfcb-45e8-9827-b3542a2615b1 ] Request (AZAdminV2TestJSON:tearDownClass): 201 POST http://10.180.1.21/identity/v3/auth/tokens 0.068s
2025-02-16 23:05:31.352 62911 INFO tempest.lib.common.rest_client [req-77d176e9-6cb7-4b17-a29a-1affed661c0f req-77d176e9-6cb7-4b17-a29a-1affed661c0f ] Request (FlavorsAccessTestJSON:test_flavor_access_add_remove): 200 POST http://10.180.1.21/compute/v2.1/flavors/1986641735/action 2.609s
2025-02-16 23:05:31.437 62877 INFO tempest.lib.common.rest_client [req-25a32875-0eb5-4d78-a54f-0d8621b1bdd3 req-25a32875-0eb5-4d78-a54f-0d8621b1bdd3 ] Request (ServersWithSpecificFlavorTestJSON:setUpClass): 201 POST http://10.180.1.21/identity/v3/auth/tokens 0.141s
2025-02-16 23:05:31.637 62891 INFO tempest.lib.common.rest_client [req-891bbc2d-5ac7-4286-91de-e2a251c45e96 req-891bbc2d-5ac7-4286-91de-e2a251c45e96 ] Request (ServerExternalEventsTest:test_create_server_external_events): 202 POST http://10.180.1.21/compute/v2.1/servers 2.483s
2025-02-16 23:05:31.662 62879 INFO tempest.lib.common.rest_client [req-483fb1cb-571b-45fa-80ab-ad71e98de88c req-483fb1cb-571b-45fa-80ab-ad71e98de88c ] Request (HypervisorAdminTestJSON:test_get_hypervisor_list_details): 200 GET http://10.180.1.21/compute/v2.1/os-hypervisors/detail 2.499s
2025-02-16 23:05:31.692 62897 INFO tempest.lib.common.rest_client [req-95e84944-77fd-4d57-a4d9-af282cd73760 req-95e84944-77fd-4d57-a4d9-af282cd73760 ] Request (AZAdminV2TestJSON:tearDownClass): 200 GET http://10.180.1.21:9696/networking/v2.0/security-groups?tenant_id=fa34d54f2b6644f3883f5c9695028523&name=default 0.429s
2025-02-16 23:05:31.751 62903 INFO tempest.lib.common.rest_client [req-58d0177f-8eb0-46e8-a6a3-21f295e46bc4 req-58d0177f-8eb0-46e8-a6a3-21f295e46bc4 ] Request (HostsAdminNegativeTestJSON:test_list_hosts_with_non_admin_user): 403 GET http://10.180.1.21/compute/v2.1/os-hosts 2.462s
2025-02-16 23:05:31.755 62909 INFO tempest.lib.common.rest_client [req-062ff5a8-f959-44e4-a020-5757b0c552e6 req-062ff5a8-f959-44e4-a020-5757b0c552e6 ] Request (MigrationsAdminTest:test_list_migrations_in_flavor_resize_situation): 202 POST http://10.180.1.21/compute/v2.1/servers 2.647s
2025-02-16 23:05:31.778 62917 INFO tempest.lib.common.rest_client [req-da17bc11-4f76-4a4a-bdb3-f678008ca853 req-da17bc11-4f76-4a4a-bdb3-f678008ca853 ] Request (ServicesAdminNegativeTestJSON:test_get_service_by_invalid_params): 200 GET http://10.180.1.21/compute/v2.1/os-services?xxx=nova-compute 2.403s
2025-02-16 23:05:31.798 62867 INFO tempest.lib.common.rest_client [req-c1283c25-cd86-4dbb-87ed-d8bf6ff55c88 req-c1283c25-cd86-4dbb-87ed-d8bf6ff55c88 ] Request (HypervisorAdminV253TestBase:test_list_show_detail_hypervisors): 200 GET http://10.180.1.21/compute/v2.1/os-hypervisors?with_servers=True 2.286s
2025-02-16 23:05:31.821 62897 INFO tempest.lib.common.rest_client [req-88a7f3d5-8c4f-404c-aa1f-a142301c196f req-88a7f3d5-8c4f-404c-aa1f-a142301c196f ] Request (AZAdminV2TestJSON:tearDownClass): 204 DELETE http://10.180.1.21:9696/networking/v2.0/security-groups/dcb1db86-a075-4389-b512-84e094812ca0 0.128s
2025-02-16 23:05:31.828 62887 INFO tempest.lib.common.rest_client [req-096f7f03-4fa4-4a55-84ac-39fac6876852 req-096f7f03-4fa4-4a55-84ac-39fac6876852 ] Request (AggregatesAdminNegativeTestJSON:test_aggregate_add_existent_host): 200 POST http://10.180.1.21/compute/v2.1/os-aggregates 2.152s
2025-02-16 23:05:31.871 62921 INFO tempest.lib.common.rest_client [req-41dffd4c-8631-4c4f-b00d-01bfe61fc2ec req-41dffd4c-8631-4c4f-b00d-01bfe61fc2ec ] Request (FlavorsExtraSpecsTestJSON:test_flavor_non_admin_get_all_keys): 200 POST http://10.180.1.21/compute/v2.1/flavors/944397972/os-extra_specs 2.146s
2025-02-16 23:05:31.898 62897 INFO tempest.lib.common.rest_client [req-42f18807-fb11-4f5a-b099-5875ef0b7081 req-42f18807-fb11-4f5a-b099-5875ef0b7081 ] Request (AZAdminV2TestJSON:tearDownClass): 204 DELETE http://10.180.1.21/identity/v3/projects/fa34d54f2b6644f3883f5c9695028523 0.076s
2025-02-16 23:05:31.899 62897 INFO tempest.lib.common.dynamic_creds [-] Deleting project and security group for project: 431464218d684d44b72b2bf14d77f568
2025-02-16 23:05:31.916 62881 INFO tempest.lib.common.rest_client [req-31e9c5cc-ff0c-488f-a166-f7ab71cccd2a req-31e9c5cc-ff0c-488f-a166-f7ab71cccd2a ] Request (TenantUsagesTestJSON:setUpClass): 200 GET http://10.180.1.21/compute/v2.1/servers/3791101d-9f8e-4023-b380-2dbda925d284 2.402s
2025-02-16 23:05:31.929 62901 INFO tempest.lib.common.rest_client [req-12617ee3-3293-4d0f-b25b-f5591ecf7cc4 req-12617ee3-3293-4d0f-b25b-f5591ecf7cc4 ] Request (VolumesAssistedSnapshotsTest:setUpClass): 200 PUT http://10.180.1.21:9696/networking/v2.0/routers/1e5d8a3b-71ab-4747-9789-83d9a6e1cd85/add_router_interface 1.104s
2025-02-16 23:05:31.929 62901 INFO tempest.lib.common.dynamic_creds [-] Created isolated network resources for: credentials: Credentials: {'domain_id': 'default', 'domain_name': 'Default', 'username': 'tempest-VolumesAssistedSnapshotsTest-422230817-project-admin', 'project_domain_id': 'default', 'project_domain_name': 'Default', 'project_id': 'b7a05f91b9dd43d0bfb50fa69d6b1ce4', 'project_name': 'tempest-VolumesAssistedSnapshotsTest-422230817', 'tenant_id': 'b7a05f91b9dd43d0bfb50fa69d6b1ce4', 'tenant_name': 'tempest-VolumesAssistedSnapshotsTest-422230817', 'user_domain_id': 'default', 'user_domain_name': 'Default', 'user_id': '9727dd3a19a3408fb374b429ae97f07c', 'system': None}, Network: {'id': '4159f24e-d14f-46a4-8cee-e0e2c938c3ca', 'name': 'tempest-VolumesAssistedSnapshotsTest-1731000838-network', 'tenant_id': 'b7a05f91b9dd43d0bfb50fa69d6b1ce4', 'admin_state_up': True, 'mtu': 8950, 'status': 'ACTIVE', 'subnets': [], 'shared': False, 'project_id': 'b7a05f91b9dd43d0bfb50fa69d6b1ce4', 'port_security_enabled': True, 'router:external': False, 'provider:network_type': 'vlan', 'provider:physical_network': 'default', 'provider:segmentation_id': 735, 'availability_zone_hints': [], 'availability_zones': [], 'ipv4_address_scope': None, 'ipv6_address_scope': None, 'description': '', 'tags': [], 'created_at': '2025-02-16T23:05:29Z', 'updated_at': '2025-02-16T23:05:29Z', 'revision_number': 1}, Subnet: {'id': 'df1c485d-ae21-43f3-99c7-bbe0fbbc8610', 'name': 'tempest-VolumesAssistedSnapshotsTest-1731000838-subnet', 'tenant_id': 'b7a05f91b9dd43d0bfb50fa69d6b1ce4', 'network_id': '4159f24e-d14f-46a4-8cee-e0e2c938c3ca', 'ip_version': 4, 'subnetpool_id': None, 'enable_dhcp': True, 'ipv6_ra_mode': None, 'ipv6_address_mode': None, 'gateway_ip': '192.168.128.1', 'cidr': '192.168.128.0/28', 'allocation_pools': [{'start': '192.168.128.2', 'end': '192.168.128.14'}], 'host_routes': [], 'dns_nameservers': [], 'description': '', 'router:external': False, 'service_types': [], 'tags': [], 'created_at': '2025-02-16T23:05:29Z', 'updated_at': '2025-02-16T23:05:29Z', 'revision_number': 0, 'project_id': 'b7a05f91b9dd43d0bfb50fa69d6b1ce4'}, Router: {'id': '1e5d8a3b-71ab-4747-9789-83d9a6e1cd85', 'name': 'tempest-VolumesAssistedSnapshotsTest-1731000838-router', 'tenant_id': 'b7a05f91b9dd43d0bfb50fa69d6b1ce4', 'admin_state_up': True, 'status': 'ACTIVE', 'external_gateway_info': {'network_id': '88361233-c0c2-4b0c-813f-ee797ecc8f04', 'external_fixed_ips': [{'subnet_id': 'd43a3b7c-89ca-4ed1-bd2b-03f36c33c6a8', 'ip_address': '10.180.180.170'}], 'enable_snat': True}, 'description': '', 'availability_zones': [], 'distributed': False, 'ha': False, 'availability_zone_hints': [], 'routes': [], 'flavor_id': None, 'tags': [], 'created_at': '2025-02-16T23:05:29Z', 'updated_at': '2025-02-16T23:05:30Z', 'revision_number': 2, 'project_id': 'b7a05f91b9dd43d0bfb50fa69d6b1ce4'}
