2025-02-16 23:06:38.661 62893 INFO tempest.lib.common.dynamic_creds [-] Deleting project and security group for project: 76362e8f252d4ea79e0aac5335a0e890
2025-02-16 23:06:38.676 62891 INFO tempest.lib.common.rest_client [req-714199f7-bea6-4c14-9f49-689975fe5f31 req-714199f7-bea6-4c14-9f49-689975fe5f31 ] Request (ServerAddressesNegativeTestJSON:setUpClass): 201 POST http://10.180.1.21/identity/v3/auth/tokens 0.070s
2025-02-16 23:06:38.676 62891 INFO tempest.lib.common.fixed_network [-] (ServerAddressesNegativeTestJSON:setUpClass) Found network {'id': '9afa8292-05ae-4ce6-8d2c-c63c115d3184', 'name': 'tempest-ServerAddressesNegativeTestJSON-280830277-network', 'tenant_id': 'cf4aa9b980ff42ad87cc329bf4c4df75', 'admin_state_up': True, 'mtu': 8950, 'status': 'ACTIVE', 'subnets': [], 'shared': False, 'project_id': 'cf4aa9b980ff42ad87cc329bf4c4df75', 'port_security_enabled': True, 'router:external': False, 'provider:network_type': 'vlan', 'provider:physical_network': 'default', 'provider:segmentation_id': 651, 'availability_zone_hints': [], 'availability_zones': [], 'ipv4_address_scope': None, 'ipv6_address_scope': None, 'description': '', 'tags': [], 'created_at': '2025-02-16T23:06:35Z', 'updated_at': '2025-02-16T23:06:35Z', 'revision_number': 1} available for tenant
2025-02-16 23:06:38.685 62909 INFO tempest.lib.common.rest_client [req-44c19a15-0bd7-4166-a4ca-7688bb8fa629 req-44c19a15-0bd7-4166-a4ca-7688bb8fa629 ] Request (MigrationsAdminTest:test_list_migrations_in_flavor_resize_situation): 200 GET http://10.180.1.21/compute/v2.1/servers/a566548a-61e1-446e-8af0-f56f091f6f8a 0.925s
2025-02-16 23:06:38.693 62909 INFO tempest.common.waiters [-] State transition "RESIZE/resize_migrating" ==> "RESIZE/resize_migrated" after 27 second wait
2025-02-16 23:06:38.731 62865 INFO tempest.lib.common.rest_client [req-74aeddf4-b99a-476b-b531-97a04cfd9eaf req-74aeddf4-b99a-476b-b531-97a04cfd9eaf ] Request (ServerDiagnosticsV248Test:setUpClass): 201 POST http://10.180.1.21/identity/v3/users 0.104s
2025-02-16 23:06:38.746 62915 INFO tempest.lib.common.rest_client [req-3de53ae3-dc15-4a8f-bdc0-9ff05ee24b8e req-3de53ae3-dc15-4a8f-bdc0-9ff05ee24b8e ] Request (VolumesTestJSON:tearDownClass): 204 DELETE http://10.180.1.21/identity/v3/projects/839dfe48fb3c4f139d3c4d02f7ad3dfd 0.123s
2025-02-16 23:06:38.747 62905 INFO tempest.lib.common.rest_client [req-7d761986-eb48-40b6-b2bb-7629275e0a02 req-7d761986-eb48-40b6-b2bb-7629275e0a02 ] Request (ImagesNegativeTestJSON:test_create_image_from_deleted_server): 200 GET http://10.180.1.21/compute/v2.1/servers/ae88ae36-a3d3-4452-b1af-05e9cee1d1b4 0.644s
2025-02-16 23:06:38.787 62893 INFO tempest.lib.common.rest_client [req-4551145e-12cb-4a9f-9d62-0163379d55ff req-4551145e-12cb-4a9f-9d62-0163379d55ff ] Request (AbsoluteLimitsTestJSON:tearDownClass): 201 POST http://10.180.1.21/identity/v3/auth/tokens 0.126s
2025-02-16 23:06:38.813 62865 INFO tempest.lib.common.rest_client [req-5e4171f4-72a6-4092-8392-18bcb83c5fa6 req-5e4171f4-72a6-4092-8392-18bcb83c5fa6 ] Request (ServerDiagnosticsV248Test:setUpClass): 200 GET http://10.180.1.21/identity/v3/roles 0.081s
2025-02-16 23:06:38.830 62899 INFO tempest.lib.common.rest_client [req-9c00a6e1-4420-4553-8beb-b759142b5f99 req-9c00a6e1-4420-4553-8beb-b759142b5f99 ] Request (ServersAdmin275Test:test_rebuild_update_server_275): 200 GET http://10.180.1.21/compute/v2.1/servers/6441fd8c-9d9a-4ab6-b267-660c36733858 0.698s
2025-02-16 23:06:38.850 62865 INFO tempest.lib.common.rest_client [req-4c1a4cf2-7cd8-4243-b857-51e570925ad7 req-4c1a4cf2-7cd8-4243-b857-51e570925ad7 ] Request (ServerDiagnosticsV248Test:setUpClass): 204 PUT http://10.180.1.21/identity/v3/projects/6a2feb3ffa4645fca724db1ec9974abd/users/29eac9d716a64f55815e973f9fb0673e/roles/be1a6208979e4f5fa5617d51194bc5f8 0.037s
2025-02-16 23:06:38.886 62917 INFO tempest.lib.common.rest_client [req-54cbcba6-3cd5-4563-9d41-801b01ef8d3f req-54cbcba6-3cd5-4563-9d41-801b01ef8d3f ] Request (ServersTestBootFromVolume:setUpClass): 200 GET http://10.180.1.21/compute/v2.1/servers/0646aa64-13f2-4a1a-89a5-d95db3e82b87 0.716s
2025-02-16 23:06:38.927 62865 INFO tempest.lib.common.rest_client [req-0f9d8f6d-99c8-4bb4-bfa4-94a7341a8942 req-0f9d8f6d-99c8-4bb4-bfa4-94a7341a8942 ] Request (ServerDiagnosticsV248Test:setUpClass): 200 GET http://10.180.1.21/identity/v3/roles 0.075s
2025-02-16 23:06:38.946 62865 INFO tempest.lib.common.rest_client [req-0d2ceffe-f2af-4345-adcb-2e113f2f9ada req-0d2ceffe-f2af-4345-adcb-2e113f2f9ada ] Request (ServerDiagnosticsV248Test:setUpClass): 204 PUT http://10.180.1.21/identity/v3/projects/6a2feb3ffa4645fca724db1ec9974abd/users/29eac9d716a64f55815e973f9fb0673e/roles/be1a6208979e4f5fa5617d51194bc5f8 0.018s
2025-02-16 23:06:38.946 62865 INFO tempest.lib.common.dynamic_creds [-] Dynamic test user 29eac9d716a64f55815e973f9fb0673e is created with scope project and roles: ['admin']
2025-02-16 23:06:38.946 62865 INFO tempest.lib.common.dynamic_creds [-] Acquired dynamic creds: credentials: Credentials: {'domain_id': 'default', 'domain_name': 'Default', 'username': 'tempest-ServerDiagnosticsV248Test-1014758655-project-admin', 'project_domain_id': 'default', 'project_domain_name': 'Default', 'project_id': '6a2feb3ffa4645fca724db1ec9974abd', 'project_name': 'tempest-ServerDiagnosticsV248Test-1014758655', 'tenant_id': '6a2feb3ffa4645fca724db1ec9974abd', 'tenant_name': 'tempest-ServerDiagnosticsV248Test-1014758655', 'user_domain_id': 'default', 'user_domain_name': 'Default', 'user_id': '29eac9d716a64f55815e973f9fb0673e', 'system': None}, Network: None, Subnet: None, Router: None
2025-02-16 23:06:38.946 62865 INFO tempest.lib.common.dynamic_creds [-] Created isolated network resources for: credentials: Credentials: {'domain_id': 'default', 'domain_name': 'Default', 'username': 'tempest-ServerDiagnosticsV248Test-1014758655-project-admin', 'project_domain_id': 'default', 'project_domain_name': 'Default', 'project_id': '6a2feb3ffa4645fca724db1ec9974abd', 'project_name': 'tempest-ServerDiagnosticsV248Test-1014758655', 'tenant_id': '6a2feb3ffa4645fca724db1ec9974abd', 'tenant_name': 'tempest-ServerDiagnosticsV248Test-1014758655', 'user_domain_id': 'default', 'user_domain_name': 'Default', 'user_id': '29eac9d716a64f55815e973f9fb0673e', 'system': None}, Network: None, Subnet: None, Router: None
2025-02-16 23:06:38.951 62875 INFO tempest.lib.common.rest_client [req-bda8f61b-7d68-42c6-9280-80b18ed535b9 req-bda8f61b-7d68-42c6-9280-80b18ed535b9 ] Request (DeleteServersTestJSON:test_delete_active_server): 200 GET http://10.180.1.21/compute/v2.1/servers/54c2a0d7-d032-4089-bb47-7bb88173e66c 0.693s
2025-02-16 23:06:39.006 62885 INFO tempest.lib.common.rest_client [req-b027089b-34a9-4e8e-a60d-14f5e342d2c7 req-b027089b-34a9-4e8e-a60d-14f5e342d2c7 ] Request (ServersAdminNegativeTestJSON:test_migrate_server_invalid_state): 200 GET http://10.180.1.21/compute/v2.1/servers/d80e393b-3f47-4923-b759-2022e56b4744 0.635s
2025-02-16 23:06:39.039 62865 INFO tempest.lib.common.rest_client [req-ad4cb4d2-70af-400a-abfe-c6d290133f61 req-ad4cb4d2-70af-400a-abfe-c6d290133f61 ] Request (ServerDiagnosticsV248Test:setUpClass): 201 POST http://10.180.1.21/identity/v3/auth/tokens 0.089s
2025-02-16 23:06:39.083 62893 INFO tempest.lib.common.rest_client [req-f8ed6ee4-b8ff-44dc-8d79-41d4dc62bb7e req-f8ed6ee4-b8ff-44dc-8d79-41d4dc62bb7e ] Request (AbsoluteLimitsTestJSON:tearDownClass): 200 GET http://10.180.1.21:9696/networking/v2.0/security-groups?tenant_id=76362e8f252d4ea79e0aac5335a0e890&name=default 0.295s
2025-02-16 23:06:39.095 62869 INFO tempest.lib.common.rest_client [req-2addce4c-d94a-4898-ad30-d2b011b8d1a0 req-2addce4c-d94a-4898-ad30-d2b011b8d1a0 ] Request (InstanceActionsNegativeTestJSON:tearDownClass): 200 GET http://10.180.1.21/compute/v2.1/servers/e25c0210-46c5-46f9-bad0-01c81aebdcd6 0.645s
2025-02-16 23:06:39.116 62865 INFO tempest.lib.common.rest_client [req-6c641cc5-1a61-40ff-b843-e4a37c5cd48d req-6c641cc5-1a61-40ff-b843-e4a37c5cd48d ] Request (ServerDiagnosticsV248Test:test_get_server_diagnostics): 201 POST http://10.180.1.21/identity/v3/auth/tokens 0.070s
2025-02-16 23:06:39.117 62865 INFO tempest.lib.common.fixed_network [-] (ServerDiagnosticsV248Test:test_get_server_diagnostics) Found network None available for tenant
2025-02-16 23:06:39.214 62893 INFO tempest.lib.common.rest_client [req-30ff0d87-09b6-4948-b19f-28e047af9d6f req-30ff0d87-09b6-4948-b19f-28e047af9d6f ] Request (AbsoluteLimitsTestJSON:tearDownClass): 204 DELETE http://10.180.1.21:9696/networking/v2.0/security-groups/df43d893-327f-425d-858d-a6a6ffca7e34 0.130s
2025-02-16 23:06:39.229 62913 INFO tempest.lib.common.rest_client [req-d702f143-625d-4a94-a328-1eef64d01cb4 req-d702f143-625d-4a94-a328-1eef64d01cb4 ] Request (SecurityGroupRulesTestJSON:tearDownClass): 202 DELETE http://10.180.1.21/compute/v2.1/os-security-groups/d0d60c6f-5873-4423-be01-7bcb87e98739 0.764s
2025-02-16 23:06:39.324 62893 INFO tempest.lib.common.rest_client [req-2c26f382-3b12-48ef-8975-667bd79a0c79 req-2c26f382-3b12-48ef-8975-667bd79a0c79 ] Request (AbsoluteLimitsTestJSON:tearDownClass): 204 DELETE http://10.180.1.21/identity/v3/projects/76362e8f252d4ea79e0aac5335a0e890 0.110s
2025-02-16 23:06:39.459 62889 INFO tempest.lib.common.rest_client [req-a4ef8f08-486e-4294-a5f9-4c2e7c79d9c5 req-a4ef8f08-486e-4294-a5f9-4c2e7c79d9c5 ] Request (FloatingIPsAssociationNegativeTestJSON:test_associate_ip_to_server_with_floating_ip): 202 POST http://10.180.1.21/compute/v2.1/servers/871d434f-10da-4097-a09e-713d5382b6fe/action 1.932s
2025-02-16 23:06:39.507 62867 INFO tempest.lib.common.rest_client [req-04ed663c-cac9-473f-9e7b-e2626f4c9e70 req-04ed663c-cac9-473f-9e7b-e2626f4c9e70 ] Request (ServerGroupTestJSON:test_create_server_with_scheduler_hint_group): 200 GET http://10.180.1.21/compute/v2.1/servers/19b7cfe3-2e02-4d0f-9cfe-bea00ebaf1ca 0.776s
2025-02-16 23:06:39.622 62907 INFO tempest.lib.common.rest_client [req-b8ed45b5-8749-4550-af9f-a7037aa96d8e req-b8ed45b5-8749-4550-af9f-a7037aa96d8e ] Request (FloatingIPsAssociationTestJSON:test_associate_already_associated_floating_ip): 200 GET http://10.180.1.21/compute/v2.1/servers/2ed4e1b1-5f53-4974-b245-ea24d5ee17d4 0.779s
2025-02-16 23:06:39.629 62907 INFO tempest.common.waiters [-] State transition "BUILD/spawning" ==> "ACTIVE/None" after 39 second wait
2025-02-16 23:06:39.659 62891 INFO tempest.lib.common.rest_client [req-e113d284-96d8-4dd0-acbb-17036fb54800 req-e113d284-96d8-4dd0-acbb-17036fb54800 ] Request (ServerAddressesNegativeTestJSON:setUpClass): 202 POST http://10.180.1.21/compute/v2.1/servers 0.982s
2025-02-16 23:06:39.712 62887 INFO tempest.lib.common.rest_client [req-f797db77-6dab-47fc-9b94-812b358649a9 req-f797db77-6dab-47fc-9b94-812b358649a9 ] Request (InstanceActionsTestJSON:setUpClass): 200 GET http://10.180.1.21/compute/v2.1/servers/daaad35a-03fb-464b-9c45-0261fe578dc5 0.788s
2025-02-16 23:06:39.733 62883 INFO tempest.lib.common.rest_client [req-cd4a3dd5-2259-4844-b12c-e8ff6568869a req-cd4a3dd5-2259-4844-b12c-e8ff6568869a ] Request (ImagesTestJSON:test_create_image_from_stopped_server): 200 GET http://10.180.1.21/compute/v2.1/servers/bbd82d1c-e0ef-4039-a836-45977b9e3eb4 0.838s
2025-02-16 23:06:39.741 62883 INFO tempest.common.waiters [-] State transition "BUILD/spawning" ==> "ACTIVE/None" after 32 second wait
2025-02-16 23:06:39.764 62879 INFO tempest.lib.common.rest_client [req-7e1ec4a6-fec6-44e5-b6cd-b1d4e428c101 req-7e1ec4a6-fec6-44e5-b6cd-b1d4e428c101 ] Request (ImagesOneServerNegativeTestJSON:setUpClass): 200 GET http://10.180.1.21/compute/v2.1/servers/accbc757-5dfb-4332-97a1-702495b4a7fd 0.802s
2025-02-16 23:06:39.787 62871 INFO tempest.lib.common.rest_client [req-9eaac5c6-9477-4abe-9897-bca958052370 req-9eaac5c6-9477-4abe-9897-bca958052370 ] Request (DeleteServersAdminTestJSON:test_delete_server_while_in_error_state): 200 GET http://10.180.1.21/compute/v2.1/servers/ced22162-01bd-4bc7-b7ee-cc8839b84e55 0.768s
2025-02-16 23:06:39.832 62903 INFO tempest.lib.common.rest_client [req-97fb2b60-a762-4519-a39f-dda14eddc1d0 req-97fb2b60-a762-4519-a39f-dda14eddc1d0 ] Request (ServerActionsV293TestJSON:setUpClass): 200 GET http://10.180.1.21/compute/v2.1/servers/a66e0e56-02a8-4f76-a4b2-d886cacfa3a2 0.782s
2025-02-16 23:06:40.001 62923 INFO tempest.lib.common.rest_client [req-86e43bc7-51c5-4f7f-98a4-82311a1599d3 req-86e43bc7-51c5-4f7f-98a4-82311a1599d3 ] Request (ServersAdminTestJSON:test_create_server_with_scheduling_hint): 200 GET http://10.180.1.21/compute/v2.1/servers/ef534e57-9e0a-43c5-893c-3ee4ad8209d3 0.831s
2025-02-16 23:06:40.033 62865 INFO tempest.lib.common.rest_client [req-b967e802-25e7-453a-8435-24ee21903c4c req-b967e802-25e7-453a-8435-24ee21903c4c ] Request (ServerDiagnosticsV248Test:test_get_server_diagnostics): 202 POST http://10.180.1.21/compute/v2.1/servers 0.915s
2025-02-16 23:06:40.084 62925 INFO tempest.lib.common.rest_client [req-1696042c-7862-4e21-bf91-58078ca03088 req-1696042c-7862-4e21-bf91-58078ca03088 ] Request (ServerPasswordTestJSON:tearDownClass): 200 GET http://10.180.1.21/compute/v2.1/servers/c544660f-ea05-4dbe-81df-041094a38074 0.857s
2025-02-16 23:06:40.139 62897 INFO tempest.lib.common.rest_client [req-011c8ee2-a403-451a-840d-47d1c1a448de req-011c8ee2-a403-451a-840d-47d1c1a448de ] Request (ListServerFiltersTestJSON:setUpClass): 200 GET http://10.180.1.21/compute/v2.1/servers/8de2d8a7-c80e-4a0b-8f7b-3334302797d4 0.880s
2025-02-16 23:06:40.191 62881 INFO tempest.lib.common.rest_client [req-748be147-5bff-43d7-a812-2c0512403bfb req-748be147-5bff-43d7-a812-2c0512403bfb ] Request (ServersTestJSON:setUpClass): 200 GET http://10.180.1.21/compute/v2.1/servers/26c49404-8008-4939-abaf-54fd5d256673 0.884s
2025-02-16 23:06:40.225 62913 INFO tempest.lib.common.rest_client [req-5df59575-e9b2-4d25-a3ff-f2c4567aa9d3 req-5df59575-e9b2-4d25-a3ff-f2c4567aa9d3 ] Request (SecurityGroupRulesTestJSON:tearDownClass): 202 DELETE http://10.180.1.21/compute/v2.1/os-security-groups/cfb9a20d-8c32-4f87-b7be-31ad3f3795bc 0.995s
2025-02-16 23:06:40.265 62873 INFO tempest.lib.common.rest_client [req-01324fae-480b-4b8a-8104-19bbdb386e2b req-01324fae-480b-4b8a-8104-19bbdb386e2b ] Request (ServersAaction247Test:test_create_backup): 200 GET http://10.180.1.21/compute/v2.1/servers/df2fdac3-8302-4e16-86ee-b5769cb6bad1 0.941s
2025-02-16 23:06:40.278 62873 INFO tempest.common.waiters [-] State transition "BUILD/None" ==> "BUILD/block_device_mapping" after 21 second wait
2025-02-16 23:06:40.293 62911 INFO tempest.lib.common.rest_client [req-b136d965-ea2b-47a7-9747-398eddd9ff1c req-b136d965-ea2b-47a7-9747-398eddd9ff1c ] Request (ListImageFiltersTestJSON:setUpClass): 200 GET http://10.180.1.21/compute/v2.1/servers/8d65164f-b4e0-4963-81fc-66897bf4f78d 0.921s
2025-02-16 23:06:40.300 62911 INFO tempest.common.waiters [-] State transition "BUILD/scheduling" ==> "BUILD/None" after 13 second wait
2025-02-16 23:06:40.328 62895 INFO tempest.lib.common.rest_client [req-b18b0581-9b92-4a5a-8321-00618f9549ea req-b18b0581-9b92-4a5a-8321-00618f9549ea ] Request (ServersV294TestFqdnHostnames:setUpClass): 200 GET http://10.180.1.21/compute/v2.1/servers/99359438-d4a0-4709-a1fd-04aa37359b68 0.880s
2025-02-16 23:06:41.173 62889 INFO tempest.lib.common.rest_client [req-e35b8ec8-b333-4942-abc7-f8c78b65a396 req-e35b8ec8-b333-4942-abc7-f8c78b65a396 ] Request (FloatingIPsAssociationNegativeTestJSON:test_associate_ip_to_server_with_floating_ip): 200 POST http://10.180.1.21/compute/v2.1/os-floating-ips 1.714s
2025-02-16 23:06:41.237 62891 INFO tempest.lib.common.rest_client [req-da8a88b8-efa4-4580-ab34-4558c5e1fa17 req-da8a88b8-efa4-4580-ab34-4558c5e1fa17 ] Request (ServerAddressesNegativeTestJSON:setUpClass): 200 GET http://10.180.1.21/compute/v2.1/servers/2898a453-9d7a-4015-b530-83754d3d00c0 1.576s
2025-02-16 23:06:41.367 62909 INFO tempest.lib.common.rest_client [req-f88fb5f7-738e-4466-9cbf-87c2ed200ff9 req-f88fb5f7-738e-4466-9cbf-87c2ed200ff9 ] Request (MigrationsAdminTest:test_list_migrations_in_flavor_resize_situation): 200 GET http://10.180.1.21/compute/v2.1/servers/a566548a-61e1-446e-8af0-f56f091f6f8a 1.673s
2025-02-16 23:06:41.374 62909 INFO tempest.common.waiters [-] State transition "RESIZE/resize_migrated" ==> "RESIZE/resize_finish" after 30 second wait
2025-02-16 23:06:41.430 62883 INFO tempest.lib.common.rest_client [req-d010a6cf-7b02-4fde-acc0-c932d8229189 req-d010a6cf-7b02-4fde-acc0-c932d8229189 ] Request (ImagesTestJSON:test_create_image_from_stopped_server): 202 POST http://10.180.1.21/compute/v2.1/servers/bbd82d1c-e0ef-4039-a836-45977b9e3eb4/action 1.688s
2025-02-16 23:06:41.494 62905 INFO tempest.lib.common.rest_client [req-5d964b39-7520-419d-bf2d-a8baee821cef req-5d964b39-7520-419d-bf2d-a8baee821cef ] Request (ImagesNegativeTestJSON:test_create_image_from_deleted_server): 200 GET http://10.180.1.21/compute/v2.1/servers/ae88ae36-a3d3-4452-b1af-05e9cee1d1b4 1.733s
2025-02-16 23:06:41.545 62899 INFO tempest.lib.common.rest_client [req-93570840-047f-4076-a6e3-f887b6dc8e74 req-93570840-047f-4076-a6e3-f887b6dc8e74 ] Request (ServersAdmin275Test:test_rebuild_update_server_275): 200 GET http://10.180.1.21/compute/v2.1/servers/6441fd8c-9d9a-4ab6-b267-660c36733858 1.704s
2025-02-16 23:06:41.560 62907 INFO tempest.lib.common.rest_client [req-c80ab821-f79f-467c-95de-4f090c6e44b1 req-c80ab821-f79f-467c-95de-4f090c6e44b1 ] Request (FloatingIPsAssociationTestJSON:test_associate_already_associated_floating_ip): 202 POST http://10.180.1.21/compute/v2.1/servers/428e75cc-6627-47f8-8359-222b694fa4c0/action 1.931s
2025-02-16 23:06:41.592 62917 INFO tempest.lib.common.rest_client [req-316c1abd-6470-4b97-a784-7f68005536f3 req-316c1abd-6470-4b97-a784-7f68005536f3 ] Request (ServersTestBootFromVolume:setUpClass): 200 GET http://10.180.1.21/compute/v2.1/servers/0646aa64-13f2-4a1a-89a5-d95db3e82b87 1.693s
2025-02-16 23:06:41.610 62875 INFO tempest.lib.common.rest_client [req-239c0b66-946a-4076-a004-8f6c9c29166c req-239c0b66-946a-4076-a004-8f6c9c29166c ] Request (DeleteServersTestJSON:test_delete_active_server): 200 GET http://10.180.1.21/compute/v2.1/servers/54c2a0d7-d032-4089-bb47-7bb88173e66c 1.648s
2025-02-16 23:06:41.617 62875 INFO tempest.common.waiters [-] State transition "BUILD/scheduling" ==> "BUILD/None" after 11 second wait
2025-02-16 23:06:41.639 62885 INFO tempest.lib.common.rest_client [req-0ab0f3ab-1c1f-4ed8-913a-b86a7349641b req-0ab0f3ab-1c1f-4ed8-913a-b86a7349641b ] Request (ServersAdminNegativeTestJSON:test_migrate_server_invalid_state): 200 GET http://10.180.1.21/compute/v2.1/servers/d80e393b-3f47-4923-b759-2022e56b4744 1.622s
2025-02-16 23:06:41.660 62865 INFO tempest.lib.common.rest_client [req-c106ffdb-cef0-4f2c-a998-de451ca418fd req-c106ffdb-cef0-4f2c-a998-de451ca418fd ] Request (ServerDiagnosticsV248Test:test_get_server_diagnostics): 200 GET http://10.180.1.21/compute/v2.1/servers/caad4fd3-dd81-4280-953c-eda92a2d9c62 1.625s
2025-02-16 23:06:41.696 62869 INFO tempest.lib.common.rest_client [req-24783ab2-4eec-406d-b3c9-8953cbb87e9f req-24783ab2-4eec-406d-b3c9-8953cbb87e9f ] Request (InstanceActionsNegativeTestJSON:tearDownClass): 200 GET http://10.180.1.21/compute/v2.1/servers/e25c0210-46c5-46f9-bad0-01c81aebdcd6 1.590s
2025-02-16 23:06:41.756 62913 INFO tempest.lib.common.rest_client [req-32bafb9b-eb9c-4feb-b031-dc44cadc71a1 req-32bafb9b-eb9c-4feb-b031-dc44cadc71a1 ] Request (SecurityGroupRulesTestJSON:tearDownClass): 202 DELETE http://10.180.1.21/compute/v2.1/os-security-groups/c69bea43-c0f7-47c9-83c7-9e7f085ae2db 1.531s
2025-02-16 23:06:41.762 62867 INFO tempest.lib.common.rest_client [req-811ca786-8bee-401b-96de-144ad8a133b7 req-811ca786-8bee-401b-96de-144ad8a133b7 ] Request (ServerGroupTestJSON:test_create_server_with_scheduler_hint_group): 200 GET http://10.180.1.21/compute/v2.1/servers/19b7cfe3-2e02-4d0f-9cfe-bea00ebaf1ca 1.248s
2025-02-16 23:06:41.812 62887 INFO tempest.lib.common.rest_client [req-31a11868-e6d1-4307-a135-b1d6dadfb0ca req-31a11868-e6d1-4307-a135-b1d6dadfb0ca ] Request (InstanceActionsTestJSON:setUpClass): 200 GET http://10.180.1.21/compute/v2.1/servers/daaad35a-03fb-464b-9c45-0261fe578dc5 1.091s
2025-02-16 23:06:41.825 62879 INFO tempest.lib.common.rest_client [req-31b52d9d-31c4-4127-99c8-5383086a8b83 req-31b52d9d-31c4-4127-99c8-5383086a8b83 ] Request (ImagesOneServerNegativeTestJSON:setUpClass): 200 GET http://10.180.1.21/compute/v2.1/servers/accbc757-5dfb-4332-97a1-702495b4a7fd 1.054s
2025-02-16 23:06:41.866 62871 INFO tempest.lib.common.rest_client [req-294d49c8-68ec-49ac-b585-39d20207c51e req-294d49c8-68ec-49ac-b585-39d20207c51e ] Request (DeleteServersAdminTestJSON:test_delete_server_while_in_error_state): 200 GET http://10.180.1.21/compute/v2.1/servers/ced22162-01bd-4bc7-b7ee-cc8839b84e55 1.066s
2025-02-16 23:06:41.882 62903 INFO tempest.lib.common.rest_client [req-55e10b46-e689-4587-bd43-93571dff45b7 req-55e10b46-e689-4587-bd43-93571dff45b7 ] Request (ServerActionsV293TestJSON:setUpClass): 200 GET http://10.180.1.21/compute/v2.1/servers/a66e0e56-02a8-4f76-a4b2-d886cacfa3a2 1.040s
2025-02-16 23:06:41.945 62925 INFO tempest.lib.common.rest_client [req-c7e666e1-497a-4e31-aa15-ea7b38e43193 req-c7e666e1-497a-4e31-aa15-ea7b38e43193 ] Request (ServerPasswordTestJSON:tearDownClass): 200 GET http://10.180.1.21/compute/v2.1/servers/c544660f-ea05-4dbe-81df-041094a38074 0.850s
2025-02-16 23:06:41.981 62923 INFO tempest.lib.common.rest_client [req-5f68f355-7bf7-4262-a975-e1030d4509d4 req-5f68f355-7bf7-4262-a975-e1030d4509d4 ] Request (ServersAdminTestJSON:test_create_server_with_scheduling_hint): 200 GET http://10.180.1.21/compute/v2.1/servers/ef534e57-9e0a-43c5-893c-3ee4ad8209d3 0.969s
2025-02-16 23:06:42.003 62897 INFO tempest.lib.common.rest_client [req-27bffcc9-7b1b-454d-bc1a-52eb2ea666da req-27bffcc9-7b1b-454d-bc1a-52eb2ea666da ] Request (ListServerFiltersTestJSON:setUpClass): 200 GET http://10.180.1.21/compute/v2.1/servers/8de2d8a7-c80e-4a0b-8f7b-3334302797d4 0.853s
2025-02-16 23:06:42.049 62881 INFO tempest.lib.common.rest_client [req-8d27c79b-ec5c-4220-b3a4-c693698f30e7 req-8d27c79b-ec5c-4220-b3a4-c693698f30e7 ] Request (ServersTestJSON:setUpClass): 200 GET http://10.180.1.21/compute/v2.1/servers/26c49404-8008-4939-abaf-54fd5d256673 0.844s
2025-02-16 23:06:42.098 62873 INFO tempest.lib.common.rest_client [req-8712d48c-ca9a-4fb5-9c02-be7a3388e15b req-8712d48c-ca9a-4fb5-9c02-be7a3388e15b ] Request (ServersAaction247Test:test_create_backup): 200 GET http://10.180.1.21/compute/v2.1/servers/df2fdac3-8302-4e16-86ee-b5769cb6bad1 0.819s
2025-02-16 23:06:42.106 62873 INFO tempest.common.waiters [-] State transition "BUILD/block_device_mapping" ==> "BUILD/spawning" after 23 second wait
2025-02-16 23:06:42.143 62911 INFO tempest.lib.common.rest_client [req-12a29ee9-6502-46ec-b844-41ef725063a8 req-12a29ee9-6502-46ec-b844-41ef725063a8 ] Request (ListImageFiltersTestJSON:setUpClass): 200 GET http://10.180.1.21/compute/v2.1/servers/8d65164f-b4e0-4963-81fc-66897bf4f78d 0.841s
2025-02-16 23:06:42.208 62889 INFO tempest.lib.common.rest_client [req-7afb36b4-81c3-4418-95ee-dcfa546cc3d5 req-7afb36b4-81c3-4418-95ee-dcfa546cc3d5 ] Request (FloatingIPsAssociationNegativeTestJSON:test_associate_ip_to_server_with_floating_ip): 400 POST http://10.180.1.21/compute/v2.1/servers/871d434f-10da-4097-a09e-713d5382b6fe/action 1.031s
2025-02-16 23:06:42.214 62895 INFO tempest.lib.common.rest_client [req-74f519d4-3208-4d5d-8aa9-7679835cd94b req-74f519d4-3208-4d5d-8aa9-7679835cd94b ] Request (ServersV294TestFqdnHostnames:setUpClass): 200 GET http://10.180.1.21/compute/v2.1/servers/99359438-d4a0-4709-a1fd-04aa37359b68 0.874s
2025-02-16 23:06:42.319 62883 INFO tempest.lib.common.rest_client [req-f3250aa0-6d4e-4254-ad43-b9d07b49e091 req-f3250aa0-6d4e-4254-ad43-b9d07b49e091 ] Request (ImagesTestJSON:test_create_image_from_stopped_server): 200 GET http://10.180.1.21/compute/v2.1/servers/bbd82d1c-e0ef-4039-a836-45977b9e3eb4 0.889s
2025-02-16 23:06:42.425 62913 INFO tempest.lib.common.rest_client [req-25854762-3a00-4986-81a6-3f2b33eba06c req-25854762-3a00-4986-81a6-3f2b33eba06c ] Request (SecurityGroupRulesTestJSON:tearDownClass): 202 DELETE http://10.180.1.21/compute/v2.1/os-security-groups/f47a7749-a009-4874-a61a-8a8eebb11569 0.669s
2025-02-16 23:06:42.741 62889 INFO tempest.lib.common.rest_client [req-2fe67d99-077c-47a7-9e1d-c36240a7092c req-2fe67d99-077c-47a7-9e1d-c36240a7092c ] Request (FloatingIPsAssociationNegativeTestJSON:_run_cleanups): 202 DELETE http://10.180.1.21/compute/v2.1/os-floating-ips/2b1070cd-913c-4dc4-9fd8-89f54668a28b 0.533s
2025-02-16 23:06:42.787 62891 INFO tempest.lib.common.rest_client [req-1555fb24-49c9-4b65-a05a-46cf51017236 req-1555fb24-49c9-4b65-a05a-46cf51017236 ] Request (ServerAddressesNegativeTestJSON:setUpClass): 200 GET http://10.180.1.21/compute/v2.1/servers/2898a453-9d7a-4015-b530-83754d3d00c0 0.542s
2025-02-16 23:06:42.930 62909 INFO tempest.lib.common.rest_client [req-c5b15522-a17b-4ca8-8e4b-5d85864e2b2c req-c5b15522-a17b-4ca8-8e4b-5d85864e2b2c ] Request (MigrationsAdminTest:test_list_migrations_in_flavor_resize_situation): 200 GET http://10.180.1.21/compute/v2.1/servers/a566548a-61e1-446e-8af0-f56f091f6f8a 0.555s
2025-02-16 23:06:43.084 62920 WARNING tempest.lib.common.ssh [-] Failed to establish authenticated ssh connection to cirros@10.180.180.235 ([Errno None] Unable to connect to port 22 on 10.180.180.235). Number attempts: 3. Retry after 4 seconds.: paramiko.ssh_exception.NoValidConnectionsError: [Errno None] Unable to connect to port 22 on 10.180.180.235
2025-02-16 23:06:43.141 62913 INFO tempest.lib.common.rest_client [req-7fc066c3-bcfc-4e61-9530-32abc64af989 req-7fc066c3-bcfc-4e61-9530-32abc64af989 ] Request (SecurityGroupRulesTestJSON:tearDownClass): 202 DELETE http://10.180.1.21/compute/v2.1/os-security-groups/6caef7d3-2bf3-4a55-8d90-8c87f958af54 0.716s
2025-02-16 23:06:43.226 62905 INFO tempest.lib.common.rest_client [req-3d4e69eb-8aff-4bd6-8f08-c2d2d7a1c146 req-3d4e69eb-8aff-4bd6-8f08-c2d2d7a1c146 ] Request (ImagesNegativeTestJSON:test_create_image_from_deleted_server): 200 GET http://10.180.1.21/compute/v2.1/servers/ae88ae36-a3d3-4452-b1af-05e9cee1d1b4 0.722s
2025-02-16 23:06:43.284 62899 INFO tempest.lib.common.rest_client [req-3ac177b4-6c5c-411b-bc08-ddd8e2e13c7c req-3ac177b4-6c5c-411b-bc08-ddd8e2e13c7c ] Request (ServersAdmin275Test:test_rebuild_update_server_275): 200 GET http://10.180.1.21/compute/v2.1/servers/6441fd8c-9d9a-4ab6-b267-660c36733858 0.726s
2025-02-16 23:06:43.331 62917 INFO tempest.lib.common.rest_client [req-bf3fb0da-e56d-4803-b8a1-f08e60b73274 req-bf3fb0da-e56d-4803-b8a1-f08e60b73274 ] Request (ServersTestBootFromVolume:setUpClass): 200 GET http://10.180.1.21/compute/v2.1/servers/0646aa64-13f2-4a1a-89a5-d95db3e82b87 0.731s
2025-02-16 23:06:43.378 62875 INFO tempest.lib.common.rest_client [req-50563c70-671d-4892-a8cb-c85f4524d65d req-50563c70-671d-4892-a8cb-c85f4524d65d ] Request (DeleteServersTestJSON:test_delete_active_server): 200 GET http://10.180.1.21/compute/v2.1/servers/54c2a0d7-d032-4089-bb47-7bb88173e66c 0.760s
2025-02-16 23:06:43.430 62885 INFO tempest.lib.common.rest_client [req-575ff06a-0d2e-4393-9b99-f322a1301d1b req-575ff06a-0d2e-4393-9b99-f322a1301d1b ] Request (ServersAdminNegativeTestJSON:test_migrate_server_invalid_state): 200 GET http://10.180.1.21/compute/v2.1/servers/d80e393b-3f47-4923-b759-2022e56b4744 0.777s
2025-02-16 23:06:43.482 62865 INFO tempest.lib.common.rest_client [req-c9df5d55-cbe7-46b5-bef2-51a7ba86fdd2 req-c9df5d55-cbe7-46b5-bef2-51a7ba86fdd2 ] Request (ServerDiagnosticsV248Test:test_get_server_diagnostics): 200 GET http://10.180.1.21/compute/v2.1/servers/caad4fd3-dd81-4280-953c-eda92a2d9c62 0.809s
2025-02-16 23:06:43.542 62869 INFO tempest.lib.common.rest_client [req-89cfe744-44f3-48b0-94fc-4b962d5b3af1 req-89cfe744-44f3-48b0-94fc-4b962d5b3af1 ] Request (InstanceActionsNegativeTestJSON:tearDownClass): 200 GET http://10.180.1.21/compute/v2.1/servers/e25c0210-46c5-46f9-bad0-01c81aebdcd6 0.837s
2025-02-16 23:06:44.211 62907 INFO tempest.lib.common.rest_client [req-7fc6dfde-536b-48a5-9bc1-20121de27b41 req-7fc6dfde-536b-48a5-9bc1-20121de27b41 ] Request (FloatingIPsAssociationTestJSON:test_associate_already_associated_floating_ip): 202 POST http://10.180.1.21/compute/v2.1/servers/2ed4e1b1-5f53-4974-b245-ea24d5ee17d4/action 2.650s
2025-02-16 23:06:44.236 62877 WARNING tempest.lib.common.ssh [-] Failed to establish authenticated ssh connection to cirros@10.180.180.226 ([Errno None] Unable to connect to port 22 on 10.180.180.226). Number attempts: 5. Retry after 6 seconds.: paramiko.ssh_exception.NoValidConnectionsError: [Errno None] Unable to connect to port 22 on 10.180.180.226
2025-02-16 23:06:44.331 62889 INFO tempest.lib.common.rest_client [req-591eab29-a14f-4977-93b3-3dec8e4cb260 req-591eab29-a14f-4977-93b3-3dec8e4cb260 ] Request (FloatingIPsAssociationNegativeTestJSON:_run_cleanups): 202 POST http://10.180.1.21/compute/v2.1/servers/871d434f-10da-4097-a09e-713d5382b6fe/action 1.589s
2025-02-16 23:06:44.381 62887 INFO tempest.lib.common.rest_client [req-2ed7f48f-1c61-46d1-b32a-3a2ed68db6e7 req-2ed7f48f-1c61-46d1-b32a-3a2ed68db6e7 ] Request (InstanceActionsTestJSON:setUpClass): 200 GET http://10.180.1.21/compute/v2.1/servers/daaad35a-03fb-464b-9c45-0261fe578dc5 1.555s
2025-02-16 23:06:44.426 62879 INFO tempest.lib.common.rest_client [req-fe2946d0-bbec-43be-9060-d1d1945c6de7 req-fe2946d0-bbec-43be-9060-d1d1945c6de7 ] Request (ImagesOneServerNegativeTestJSON:setUpClass): 200 GET http://10.180.1.21/compute/v2.1/servers/accbc757-5dfb-4332-97a1-702495b4a7fd 1.590s
2025-02-16 23:06:44.475 62871 INFO tempest.lib.common.rest_client [req-e986e004-483a-472f-b155-9efcaaf2b073 req-e986e004-483a-472f-b155-9efcaaf2b073 ] Request (DeleteServersAdminTestJSON:test_delete_server_while_in_error_state): 200 GET http://10.180.1.21/compute/v2.1/servers/ced22162-01bd-4bc7-b7ee-cc8839b84e55 1.596s
2025-02-16 23:06:44.487 62871 INFO tempest.common.waiters [-] State transition "BUILD/None" ==> "BUILD/networking" after 24 second wait
2025-02-16 23:06:44.529 62903 INFO tempest.lib.common.rest_client [req-fb6ebe16-8a25-4567-9ad9-4dd83e122905 req-fb6ebe16-8a25-4567-9ad9-4dd83e122905 ] Request (ServerActionsV293TestJSON:setUpClass): 200 GET http://10.180.1.21/compute/v2.1/servers/a66e0e56-02a8-4f76-a4b2-d886cacfa3a2 1.634s
2025-02-16 23:06:44.586 62867 INFO tempest.lib.common.rest_client [req-8aeb0088-f5b8-487f-a19a-00cde083e39c req-8aeb0088-f5b8-487f-a19a-00cde083e39c ] Request (ServerGroupTestJSON:test_create_server_with_scheduler_hint_group): 200 GET http://10.180.1.21/compute/v2.1/servers/19b7cfe3-2e02-4d0f-9cfe-bea00ebaf1ca 1.815s
2025-02-16 23:06:44.593 62867 INFO tempest.common.waiters [-] State transition "BUILD/None" ==> "BUILD/spawning" after 25 second wait
2025-02-16 23:06:44.609 62925 INFO tempest.lib.common.rest_client [req-af0ca75e-f7e0-4155-8645-50a05474f90f req-af0ca75e-f7e0-4155-8645-50a05474f90f ] Request (ServerPasswordTestJSON:tearDownClass): 200 GET http://10.180.1.21/compute/v2.1/servers/c544660f-ea05-4dbe-81df-041094a38074 1.655s
2025-02-16 23:06:44.674 62897 INFO tempest.lib.common.rest_client [req-73aee480-1b9a-46d5-b0a2-17fe33aa2887 req-73aee480-1b9a-46d5-b0a2-17fe33aa2887 ] Request (ListServerFiltersTestJSON:setUpClass): 200 GET http://10.180.1.21/compute/v2.1/servers/8de2d8a7-c80e-4a0b-8f7b-3334302797d4 1.664s
2025-02-16 23:06:44.743 62881 INFO tempest.lib.common.rest_client [req-5648a7de-934a-4330-91dd-d65df7b63650 req-5648a7de-934a-4330-91dd-d65df7b63650 ] Request (ServersTestJSON:setUpClass): 200 GET http://10.180.1.21/compute/v2.1/servers/26c49404-8008-4939-abaf-54fd5d256673 1.685s
2025-02-16 23:06:44.778 62913 INFO tempest.lib.common.rest_client [req-5544cfe2-b155-447b-b03a-405d4242436b req-5544cfe2-b155-447b-b03a-405d4242436b ] Request (SecurityGroupRulesTestJSON:tearDownClass): 200 PUT http://10.180.1.21:9696/networking/v2.0/routers/b24fad59-9709-4f30-9ad7-ca65e51f29cd/remove_router_interface 1.636s
2025-02-16 23:06:44.780 62923 INFO tempest.lib.common.rest_client [req-73536b09-2faa-4ff3-925e-966af92bd4d8 req-73536b09-2faa-4ff3-925e-966af92bd4d8 ] Request (ServersAdminTestJSON:test_create_server_with_scheduling_hint): 200 GET http://10.180.1.21/compute/v2.1/servers/ef534e57-9e0a-43c5-893c-3ee4ad8209d3 1.787s
2025-02-16 23:06:44.815 62873 INFO tempest.lib.common.rest_client [req-d85fc063-5cec-4cd9-9447-6f404f9ae721 req-d85fc063-5cec-4cd9-9447-6f404f9ae721 ] Request (ServersAaction247Test:test_create_backup): 200 GET http://10.180.1.21/compute/v2.1/servers/df2fdac3-8302-4e16-86ee-b5769cb6bad1 1.707s
2025-02-16 23:06:44.848 62911 INFO tempest.lib.common.rest_client [req-113f664f-c08a-4618-832a-cb31c92d6227 req-113f664f-c08a-4618-832a-cb31c92d6227 ] Request (ListImageFiltersTestJSON:setUpClass): 200 GET http://10.180.1.21/compute/v2.1/servers/8d65164f-b4e0-4963-81fc-66897bf4f78d 1.696s
2025-02-16 23:06:44.904 62895 INFO tempest.lib.common.rest_client [req-c94516ce-8917-4e71-8a4e-0c4704012509 req-c94516ce-8917-4e71-8a4e-0c4704012509 ] Request (ServersV294TestFqdnHostnames:setUpClass): 200 GET http://10.180.1.21/compute/v2.1/servers/99359438-d4a0-4709-a1fd-04aa37359b68 1.680s
2025-02-16 23:06:44.979 62891 INFO tempest.lib.common.rest_client [req-3abac218-72b1-4a5a-976c-fa406429c596 req-3abac218-72b1-4a5a-976c-fa406429c596 ] Request (ServerAddressesNegativeTestJSON:setUpClass): 200 GET http://10.180.1.21/compute/v2.1/servers/2898a453-9d7a-4015-b530-83754d3d00c0 1.177s
2025-02-16 23:06:45.056 62883 INFO tempest.lib.common.rest_client [req-9f2a46fb-d31e-4c5c-a2e2-e7355f568c10 req-9f2a46fb-d31e-4c5c-a2e2-e7355f568c10 ] Request (ImagesTestJSON:test_create_image_from_stopped_server): 200 GET http://10.180.1.21/compute/v2.1/servers/bbd82d1c-e0ef-4039-a836-45977b9e3eb4 1.728s
2025-02-16 23:06:45.064 62883 INFO tempest.common.waiters [-] State transition "ACTIVE/powering-off" ==> "SHUTOFF/None" after 3 second wait
2025-02-16 23:06:45.119 62909 INFO tempest.lib.common.rest_client [req-6c5c1bdb-ea73-4b47-b4d8-ff2c1eed5eda req-6c5c1bdb-ea73-4b47-b4d8-ff2c1eed5eda ] Request (MigrationsAdminTest:test_list_migrations_in_flavor_resize_situation): 200 GET http://10.180.1.21/compute/v2.1/servers/a566548a-61e1-446e-8af0-f56f091f6f8a 1.175s
2025-02-16 23:06:45.130 62909 INFO tempest.common.waiters [-] State transition "RESIZE/resize_finish" ==> "VERIFY_RESIZE/None" after 34 second wait
2025-02-16 23:06:45.197 62905 INFO tempest.lib.common.rest_client [req-0223f80c-0f01-4f0b-8632-896348e3fd4a req-0223f80c-0f01-4f0b-8632-896348e3fd4a ] Request (ImagesNegativeTestJSON:test_create_image_from_deleted_server): 200 GET http://10.180.1.21/compute/v2.1/servers/ae88ae36-a3d3-4452-b1af-05e9cee1d1b4 0.960s
2025-02-16 23:06:45.262 62899 INFO tempest.lib.common.rest_client [req-678f0b29-5d22-445f-af1d-bd7db4a166c3 req-678f0b29-5d22-445f-af1d-bd7db4a166c3 ] Request (ServersAdmin275Test:test_rebuild_update_server_275): 200 GET http://10.180.1.21/compute/v2.1/servers/6441fd8c-9d9a-4ab6-b267-660c36733858 0.966s
2025-02-16 23:06:45.334 62913 INFO tempest.lib.common.rest_client [req-1c6bb5a2-9a7f-4fdc-b86c-aeaf11334054 req-1c6bb5a2-9a7f-4fdc-b86c-aeaf11334054 ] Request (SecurityGroupRulesTestJSON:tearDownClass): 204 DELETE http://10.180.1.21:9696/networking/v2.0/routers/b24fad59-9709-4f30-9ad7-ca65e51f29cd 0.556s
2025-02-16 23:06:45.398 62907 INFO tempest.lib.common.rest_client [req-f75a5a42-d73b-40e0-b808-9eef0348ac7b req-f75a5a42-d73b-40e0-b808-9eef0348ac7b ] Request (FloatingIPsAssociationTestJSON:test_associate_already_associated_floating_ip): 409 POST http://10.180.1.21/compute/v2.1/servers/428e75cc-6627-47f8-8359-222b694fa4c0/action 1.187s
2025-02-16 23:06:45.454 62917 INFO tempest.lib.common.rest_client [req-fbb9cfd2-8004-49e4-b888-cde19b27926f req-fbb9cfd2-8004-49e4-b888-cde19b27926f ] Request (ServersTestBootFromVolume:setUpClass): 200 GET http://10.180.1.21/compute/v2.1/servers/0646aa64-13f2-4a1a-89a5-d95db3e82b87 1.114s
2025-02-16 23:06:45.473 62913 INFO tempest.lib.common.rest_client [req-37286720-bd8e-451f-8e87-69dd605bcddb req-37286720-bd8e-451f-8e87-69dd605bcddb ] Request (SecurityGroupRulesTestJSON:tearDownClass): 204 DELETE http://10.180.1.21:9696/networking/v2.0/subnets/6e5f7583-d4be-42b0-af0b-894ea66c99d0 0.138s
2025-02-16 23:06:45.509 62875 INFO tempest.lib.common.rest_client [req-c271b476-7c86-4d06-87a4-77876f5d41f7 req-c271b476-7c86-4d06-87a4-77876f5d41f7 ] Request (DeleteServersTestJSON:test_delete_active_server): 200 GET http://10.180.1.21/compute/v2.1/servers/54c2a0d7-d032-4089-bb47-7bb88173e66c 1.122s
2025-02-16 23:06:45.559 62885 INFO tempest.lib.common.rest_client [req-b453812c-afd5-4476-84f5-caae07aee1c4 req-b453812c-afd5-4476-84f5-caae07aee1c4 ] Request (ServersAdminNegativeTestJSON:test_migrate_server_invalid_state): 200 GET http://10.180.1.21/compute/v2.1/servers/d80e393b-3f47-4923-b759-2022e56b4744 1.115s
2025-02-16 23:06:45.626 62865 INFO tempest.lib.common.rest_client [req-fc9a8942-437a-4729-b6de-12dd031ee8db req-fc9a8942-437a-4729-b6de-12dd031ee8db ] Request (ServerDiagnosticsV248Test:test_get_server_diagnostics): 200 GET http://10.180.1.21/compute/v2.1/servers/caad4fd3-dd81-4280-953c-eda92a2d9c62 1.135s
2025-02-16 23:06:45.667 62889 INFO tempest.lib.common.rest_client [req-fa218c30-b6c4-4c3c-b40d-8ff269c9ee54 req-fa218c30-b6c4-4c3c-b40d-8ff269c9ee54 ] Request (FloatingIPsAssociationNegativeTestJSON:_run_cleanups): 202 DELETE http://10.180.1.21/compute/v2.1/os-floating-ips/66344fcd-0203-4bf0-ac60-0126f776d814 1.336s
2025-02-16 23:06:45.691 62869 INFO tempest.lib.common.rest_client [req-ddca6c35-d9a6-4f40-b0b0-d9944484c0aa req-ddca6c35-d9a6-4f40-b0b0-d9944484c0aa ] Request (InstanceActionsNegativeTestJSON:tearDownClass): 200 GET http://10.180.1.21/compute/v2.1/servers/e25c0210-46c5-46f9-bad0-01c81aebdcd6 1.137s
2025-02-16 23:06:45.756 62909 INFO tempest.lib.common.rest_client [req-6837a4ae-3f87-4f30-9e4d-4351a7103df4 req-6837a4ae-3f87-4f30-9e4d-4351a7103df4 ] Request (MigrationsAdminTest:test_list_migrations_in_flavor_resize_situation): 204 POST http://10.180.1.21/compute/v2.1/servers/a566548a-61e1-446e-8af0-f56f091f6f8a/action 0.626s
2025-02-16 23:06:45.820 62913 INFO tempest.lib.common.rest_client [req-b24066e6-2318-4486-8b84-ce8ec3ad24e6 req-b24066e6-2318-4486-8b84-ce8ec3ad24e6 ] Request (SecurityGroupRulesTestJSON:tearDownClass): 204 DELETE http://10.180.1.21:9696/networking/v2.0/networks/d796ad77-814d-459e-ac29-42b41a1598ee 0.347s
2025-02-16 23:06:45.940 62913 INFO tempest.lib.common.rest_client [req-9e6cd071-9587-421c-91df-61335a7e2add req-9e6cd071-9587-421c-91df-61335a7e2add ] Request (SecurityGroupRulesTestJSON:tearDownClass): 204 DELETE http://10.180.1.21/identity/v3/users/8b93531a290549f79ee7fcf285acae07 0.119s
2025-02-16 23:06:45.940 62913 INFO tempest.lib.common.dynamic_creds [-] Deleting project and security group for project: 8a237e0cd7ee48db8af6bab2afbc764f
2025-02-16 23:06:45.980 62913 INFO tempest.lib.common.rest_client [req-f28594fd-7355-42f4-942e-adb2fe57c339 req-f28594fd-7355-42f4-942e-adb2fe57c339 ] Request (SecurityGroupRulesTestJSON:tearDownClass): 200 GET http://10.180.1.21:9696/networking/v2.0/security-groups?tenant_id=8a237e0cd7ee48db8af6bab2afbc764f&name=default 0.040s
2025-02-16 23:06:46.043 62887 INFO tempest.lib.common.rest_client [req-4dbb8f38-31f2-4a34-8b73-471274547a5f req-4dbb8f38-31f2-4a34-8b73-471274547a5f ] Request (InstanceActionsTestJSON:setUpClass): 200 GET http://10.180.1.21/compute/v2.1/servers/daaad35a-03fb-464b-9c45-0261fe578dc5 0.652s
2025-02-16 23:06:46.069 62913 INFO tempest.lib.common.rest_client [req-b687b7f1-8d4c-47b5-92e6-84376c91ba65 req-b687b7f1-8d4c-47b5-92e6-84376c91ba65 ] Request (SecurityGroupRulesTestJSON:tearDownClass): 204 DELETE http://10.180.1.21:9696/networking/v2.0/security-groups/66c4a908-3927-4d45-bfdb-a760304a27d0 0.087s
2025-02-16 23:06:46.161 62913 INFO tempest.lib.common.rest_client [req-1f688f77-25a3-4c44-aa40-2061e4af7865 req-1f688f77-25a3-4c44-aa40-2061e4af7865 ] Request (SecurityGroupRulesTestJSON:tearDownClass): 204 DELETE http://10.180.1.21/identity/v3/projects/8a237e0cd7ee48db8af6bab2afbc764f 0.092s
2025-02-16 23:06:46.212 62883 INFO tempest.lib.common.rest_client [req-85346a13-34ae-4d06-bf13-ef255c6bfea2 req-85346a13-34ae-4d06-bf13-ef255c6bfea2 ] Request (ImagesTestJSON:test_create_image_from_stopped_server): 202 POST http://10.180.1.21/compute/v2.1/servers/bbd82d1c-e0ef-4039-a836-45977b9e3eb4/action 1.147s
2025-02-16 23:06:46.218 62901 WARNING tempest.lib.common.ssh [-] Failed to establish authenticated ssh connection to cirros@10.180.180.172 ([Errno None] Unable to connect to port 22 on 10.180.180.172). Number attempts: 5. Retry after 6 seconds.: paramiko.ssh_exception.NoValidConnectionsError: [Errno None] Unable to connect to port 22 on 10.180.180.172
2025-02-16 23:06:46.272 62879 INFO tempest.lib.common.rest_client [req-cfece508-bdb3-442f-ba2b-7f6b628ab247 req-cfece508-bdb3-442f-ba2b-7f6b628ab247 ] Request (ImagesOneServerNegativeTestJSON:setUpClass): 200 GET http://10.180.1.21/compute/v2.1/servers/accbc757-5dfb-4332-97a1-702495b4a7fd 0.837s
2025-02-16 23:06:46.394 62871 INFO tempest.lib.common.rest_client [req-69d5ed69-36f4-4201-8c8c-33d404dfe2e1 req-69d5ed69-36f4-4201-8c8c-33d404dfe2e1 ] Request (DeleteServersAdminTestJSON:test_delete_server_while_in_error_state): 200 GET http://10.180.1.21/compute/v2.1/servers/ced22162-01bd-4bc7-b7ee-cc8839b84e55 0.907s
2025-02-16 23:06:46.405 62871 INFO tempest.common.waiters [-] State transition "BUILD/networking" ==> "BUILD/spawning" after 26 second wait
2025-02-16 23:06:46.455 62903 INFO tempest.lib.common.rest_client [req-a8a9c1b0-e655-40dc-a3d4-5a8d550a5334 req-a8a9c1b0-e655-40dc-a3d4-5a8d550a5334 ] Request (ServerActionsV293TestJSON:setUpClass): 200 GET http://10.180.1.21/compute/v2.1/servers/a66e0e56-02a8-4f76-a4b2-d886cacfa3a2 0.910s
2025-02-16 23:06:46.590 62867 INFO tempest.lib.common.rest_client [req-2c6fffca-8121-4d0c-85ee-e59001dc4be3 req-2c6fffca-8121-4d0c-85ee-e59001dc4be3 ] Request (ServerGroupTestJSON:test_create_server_with_scheduler_hint_group): 200 GET http://10.180.1.21/compute/v2.1/servers/19b7cfe3-2e02-4d0f-9cfe-bea00ebaf1ca 0.996s
2025-02-16 23:06:46.615 62925 INFO tempest.lib.common.rest_client [req-2560be1a-bef9-4e8b-ab78-a0c21319f171 req-2560be1a-bef9-4e8b-ab78-a0c21319f171 ] Request (ServerPasswordTestJSON:tearDownClass): 404 GET http://10.180.1.21/compute/v2.1/servers/c544660f-ea05-4dbe-81df-041094a38074 0.992s
2025-02-16 23:06:46.620 62889 INFO tempest.lib.common.rest_client [req-6cfe5413-db5c-44ea-8fa2-cd4f0c4e4e49 req-6cfe5413-db5c-44ea-8fa2-cd4f0c4e4e49 ] Request (FloatingIPsAssociationNegativeTestJSON:test_associate_ip_to_server_without_passing_floating_ip): 400 POST http://10.180.1.21/compute/v2.1/servers/871d434f-10da-4097-a09e-713d5382b6fe/action 0.951s
2025-02-16 23:06:46.687 62897 INFO tempest.lib.common.rest_client [req-e7174144-f90f-48eb-903c-6e4db49128fb req-e7174144-f90f-48eb-903c-6e4db49128fb ] Request (ListServerFiltersTestJSON:setUpClass): 200 GET http://10.180.1.21/compute/v2.1/servers/8de2d8a7-c80e-4a0b-8f7b-3334302797d4 1.003s
2025-02-16 23:06:46.757 62881 INFO tempest.lib.common.rest_client [req-fcda59bf-7fcd-460a-b4bb-bfbee82967d9 req-fcda59bf-7fcd-460a-b4bb-bfbee82967d9 ] Request (ServersTestJSON:setUpClass): 200 GET http://10.180.1.21/compute/v2.1/servers/26c49404-8008-4939-abaf-54fd5d256673 1.003s
2025-02-16 23:06:46.946 62907 INFO tempest.lib.common.rest_client [req-85d18e4b-7255-498e-9de6-a7fcfaf2468d req-85d18e4b-7255-498e-9de6-a7fcfaf2468d ] Request (FloatingIPsAssociationTestJSON:_run_cleanups): 202 POST http://10.180.1.21/compute/v2.1/servers/2ed4e1b1-5f53-4974-b245-ea24d5ee17d4/action 1.547s
2025-02-16 23:06:47.116 62909 INFO tempest.lib.common.rest_client [req-1d877587-cb65-4f4d-89c2-71fe35589b02 req-1d877587-cb65-4f4d-89c2-71fe35589b02 ] Request (MigrationsAdminTest:test_list_migrations_in_flavor_resize_situation): 200 GET http://10.180.1.21/compute/v2.1/servers/a566548a-61e1-446e-8af0-f56f091f6f8a 1.359s
2025-02-16 23:06:47.170 62923 INFO tempest.lib.common.rest_client [req-64d8d2fc-4ee5-486d-bc66-8d53ddf38c6a req-64d8d2fc-4ee5-486d-bc66-8d53ddf38c6a ] Request (ServersAdminTestJSON:test_create_server_with_scheduling_hint): 200 GET http://10.180.1.21/compute/v2.1/servers/ef534e57-9e0a-43c5-893c-3ee4ad8209d3 1.374s
2025-02-16 23:06:47.179 62873 INFO tempest.lib.common.rest_client [req-c4946873-05f0-4451-8e63-d18ffe7f74a1 req-c4946873-05f0-4451-8e63-d18ffe7f74a1 ] Request (ServersAaction247Test:test_create_backup): 200 GET http://10.180.1.21/compute/v2.1/servers/df2fdac3-8302-4e16-86ee-b5769cb6bad1 1.353s
2025-02-16 23:06:47.239 62911 INFO tempest.lib.common.rest_client [req-77c7b2f5-1ffb-4327-b77d-221d3aa85c4f req-77c7b2f5-1ffb-4327-b77d-221d3aa85c4f ] Request (ListImageFiltersTestJSON:setUpClass): 200 GET http://10.180.1.21/compute/v2.1/servers/8d65164f-b4e0-4963-81fc-66897bf4f78d 1.382s
2025-02-16 23:06:47.251 62895 INFO tempest.lib.common.rest_client [req-4cb1dfe5-a781-4f25-8327-919bdb12bb97 req-4cb1dfe5-a781-4f25-8327-919bdb12bb97 ] Request (ServersV294TestFqdnHostnames:setUpClass): 200 GET http://10.180.1.21/compute/v2.1/servers/99359438-d4a0-4709-a1fd-04aa37359b68 1.332s
2025-02-16 23:06:47.291 62891 INFO tempest.lib.common.rest_client [req-27ead7eb-b07a-46f6-a2cb-dcc8bdebe09a req-27ead7eb-b07a-46f6-a2cb-dcc8bdebe09a ] Request (ServerAddressesNegativeTestJSON:setUpClass): 200 GET http://10.180.1.21/compute/v2.1/servers/2898a453-9d7a-4015-b530-83754d3d00c0 1.304s
2025-02-16 23:06:47.310 62905 INFO tempest.lib.common.rest_client [req-85ff3463-57b4-4332-bb90-d5248e06d0d1 req-85ff3463-57b4-4332-bb90-d5248e06d0d1 ] Request (ImagesNegativeTestJSON:test_create_image_from_deleted_server): 200 GET http://10.180.1.21/compute/v2.1/servers/ae88ae36-a3d3-4452-b1af-05e9cee1d1b4 1.103s
2025-02-16 23:06:47.333 62883 INFO tempest.lib.common.rest_client [req-b1cdc7c6-0cfa-453f-8b5a-baa7bd7c0a92 req-b1cdc7c6-0cfa-453f-8b5a-baa7bd7c0a92 ] Request (ImagesTestJSON:test_create_image_from_stopped_server): 200 GET http://10.180.1.21/compute/v2.1/images/bb6c2dd5-b7c4-426b-8d21-2bcb3a8ba11a 1.120s
2025-02-16 23:06:47.376 62899 INFO tempest.lib.common.rest_client [req-ea9eb55a-eb7e-40dd-a6be-d52215fc6ca5 req-ea9eb55a-eb7e-40dd-a6be-d52215fc6ca5 ] Request (ServersAdmin275Test:test_rebuild_update_server_275): 200 GET http://10.180.1.21/compute/v2.1/servers/6441fd8c-9d9a-4ab6-b267-660c36733858 1.098s
2025-02-16 23:06:47.395 62917 INFO tempest.lib.common.rest_client [req-c1561533-9423-42a9-b9ce-63f447b4d70e req-c1561533-9423-42a9-b9ce-63f447b4d70e ] Request (ServersTestBootFromVolume:setUpClass): 200 GET http://10.180.1.21/compute/v2.1/servers/0646aa64-13f2-4a1a-89a5-d95db3e82b87 0.924s
2025-02-16 23:06:47.440 62885 INFO tempest.lib.common.rest_client [req-f52d162c-dfe9-4419-bff6-db3715dc1da5 req-f52d162c-dfe9-4419-bff6-db3715dc1da5 ] Request (ServersAdminNegativeTestJSON:test_migrate_server_invalid_state): 200 GET http://10.180.1.21/compute/v2.1/servers/d80e393b-3f47-4923-b759-2022e56b4744 0.869s
2025-02-16 23:06:47.445 62875 INFO tempest.lib.common.rest_client [req-879cbdce-8be1-41fc-bf13-58ef9f09f533 req-879cbdce-8be1-41fc-bf13-58ef9f09f533 ] Request (DeleteServersTestJSON:test_delete_active_server): 200 GET http://10.180.1.21/compute/v2.1/servers/54c2a0d7-d032-4089-bb47-7bb88173e66c 0.929s
2025-02-16 23:06:47.498 62865 INFO tempest.lib.common.rest_client [req-24794e09-3a67-4a97-9f5b-9afa14eac25b req-24794e09-3a67-4a97-9f5b-9afa14eac25b ] Request (ServerDiagnosticsV248Test:test_get_server_diagnostics): 200 GET http://10.180.1.21/compute/v2.1/servers/caad4fd3-dd81-4280-953c-eda92a2d9c62 0.856s
2025-02-16 23:06:47.548 62869 INFO tempest.lib.common.rest_client [req-fd716edf-1ebd-4444-84d4-7eafd4ba5afe req-fd716edf-1ebd-4444-84d4-7eafd4ba5afe ] Request (InstanceActionsNegativeTestJSON:tearDownClass): 200 GET http://10.180.1.21/compute/v2.1/servers/e25c0210-46c5-46f9-bad0-01c81aebdcd6 0.848s
2025-02-16 23:06:47.559 62925 INFO tempest.lib.common.rest_client [req-34faa264-5302-496b-b782-4a58cbb97461 req-34faa264-5302-496b-b782-4a58cbb97461 ] Request (ServerPasswordTestJSON:tearDownClass): 200 PUT http://10.180.1.21:9696/networking/v2.0/routers/bf4f36e8-f785-4958-9131-b6954101cb91/remove_router_interface 0.944s
2025-02-16 23:06:47.576 62889 INFO tempest.lib.common.rest_client [req-c9a92669-0dd5-4b4e-9cbb-a90ad97042ca req-c9a92669-0dd5-4b4e-9cbb-a90ad97042ca ] Request (FloatingIPsAssociationNegativeTestJSON:test_associate_nonexistent_floating_ip): 404 POST http://10.180.1.21/compute/v2.1/servers/871d434f-10da-4097-a09e-713d5382b6fe/action 0.955s
2025-02-16 23:06:47.625 62907 INFO tempest.lib.common.rest_client [req-acc44c16-8ccb-4bdf-a76e-88c447d70679 req-acc44c16-8ccb-4bdf-a76e-88c447d70679 ] Request (FloatingIPsAssociationTestJSON:_run_cleanups): 204 DELETE http://10.180.1.21/compute/v2.1/servers/2ed4e1b1-5f53-4974-b245-ea24d5ee17d4 0.679s
2025-02-16 23:06:47.639 62887 INFO tempest.lib.common.rest_client [req-20424dca-0b2e-43d8-ab13-aa38524312a3 req-20424dca-0b2e-43d8-ab13-aa38524312a3 ] Request (InstanceActionsTestJSON:setUpClass): 200 GET http://10.180.1.21/compute/v2.1/servers/daaad35a-03fb-464b-9c45-0261fe578dc5 0.588s
2025-02-16 23:06:47.704 62879 INFO tempest.lib.common.rest_client [req-c9f99826-2493-4f00-946b-9cf720c04180 req-c9f99826-2493-4f00-946b-9cf720c04180 ] Request (ImagesOneServerNegativeTestJSON:setUpClass): 200 GET http://10.180.1.21/compute/v2.1/servers/accbc757-5dfb-4332-97a1-702495b4a7fd 0.418s
2025-02-16 23:06:47.764 62871 INFO tempest.lib.common.rest_client [req-8025c273-95b1-4f36-85c4-b33542b5ab53 req-8025c273-95b1-4f36-85c4-b33542b5ab53 ] Request (DeleteServersAdminTestJSON:test_delete_server_while_in_error_state): 200 GET http://10.180.1.21/compute/v2.1/servers/ced22162-01bd-4bc7-b7ee-cc8839b84e55 0.358s
2025-02-16 23:06:47.764 62903 INFO tempest.lib.common.rest_client [req-58c365fa-e1f2-4dd0-9e2a-5d683a8bb151 req-58c365fa-e1f2-4dd0-9e2a-5d683a8bb151 ] Request (ServerActionsV293TestJSON:setUpClass): 200 GET http://10.180.1.21/compute/v2.1/servers/a66e0e56-02a8-4f76-a4b2-d886cacfa3a2 0.299s
