2025-02-16 23:05:52.432 62911 INFO tempest.lib.common.rest_client [req-8cb9a599-2a9f-4686-a9fc-ccc6b27c9159 req-8cb9a599-2a9f-4686-a9fc-ccc6b27c9159 ] Request (FloatingIPsNegativeTestJSON:setUpClass): 201 POST http://10.180.1.21/identity/v3/auth/tokens 0.136s
2025-02-16 23:05:52.432 62883 INFO tempest.lib.common.rest_client [req-5c5a605c-876d-4a9c-be8c-15eac748cbee req-5c5a605c-876d-4a9c-be8c-15eac748cbee ] Request (HostsAdminTestJSON:tearDownClass): 200 GET http://10.180.1.21:9696/networking/v2.0/security-groups?tenant_id=e2c6e78c60a447feb2141ef9c478bb31&name=default 0.774s
2025-02-16 23:05:52.477 62873 INFO tempest.lib.common.rest_client [req-310f9373-52eb-434e-9c79-144a34745a04 req-310f9373-52eb-434e-9c79-144a34745a04 ] Request (SecurityGroupsTestAdminJSON:test_list_security_groups_list_all_tenants_filter): 200 POST http://10.180.1.21/compute/v2.1/os-security-groups 2.167s
2025-02-16 23:05:52.477 62897 INFO tempest.lib.common.rest_client [req-049ebcd8-f9b2-453c-8895-cae40ee87c85 req-049ebcd8-f9b2-453c-8895-cae40ee87c85 ] Request (QuotasAdminTestV236:test_get_updated_quotas): 201 POST http://10.180.1.21/identity/v3/users 0.065s
2025-02-16 23:05:52.515 62897 INFO tempest.lib.common.rest_client [req-7d4229b6-467d-4758-9377-7bf05c14427d req-7d4229b6-467d-4758-9377-7bf05c14427d ] Request (QuotasAdminTestV236:test_get_updated_quotas): 200 GET http://10.180.1.21/identity/v3/domains?name=Default 0.037s
2025-02-16 23:05:52.534 62881 INFO tempest.lib.common.rest_client [req-d74be9a1-3a75-4fe7-917f-7a53097ac471 req-d74be9a1-3a75-4fe7-917f-7a53097ac471 ] Request (TenantUsagesTestJSON:test_get_usage_tenant): 200 GET http://10.180.1.21/compute/v2.1/os-simple-tenant-usage/0d7985a163404cdca56d5189908d3524?start=2025-02-15T23%3A05%3A50.864869&end=2025-02-17T23%3A05%3A50.864869 1.668s
2025-02-16 23:05:52.610 62879 INFO tempest.lib.common.rest_client [req-70e547cf-0a36-496d-ae9c-31a05a095b0d req-70e547cf-0a36-496d-ae9c-31a05a095b0d ] Request (HypervisorAdminNegativeUnderV252Test:tearDownClass): 204 DELETE http://10.180.1.21:9696/networking/v2.0/security-groups/e5e5fa1e-1b84-4e11-af8f-c65750f1ac3a 0.500s
2025-02-16 23:05:52.698 62879 INFO tempest.lib.common.rest_client [req-9112972a-7832-4ace-9e8b-ee771db61241 req-9112972a-7832-4ace-9e8b-ee771db61241 ] Request (HypervisorAdminNegativeUnderV252Test:tearDownClass): 204 DELETE http://10.180.1.21/identity/v3/projects/2db023408c09457bb3b8e4aee86af337 0.087s
2025-02-16 23:05:52.698 62879 INFO tempest.lib.common.dynamic_creds [-] Deleting project and security group for project: da27fab74b284bfe9a27fcc7b765cb4e
2025-02-16 23:05:52.957 62883 INFO tempest.lib.common.rest_client [req-e485a152-2e76-443b-bce9-3e65d262bbd4 req-e485a152-2e76-443b-bce9-3e65d262bbd4 ] Request (HostsAdminTestJSON:tearDownClass): 204 DELETE http://10.180.1.21:9696/networking/v2.0/security-groups/1384a5d6-eaf8-4be3-9166-c8df8a65b219 0.524s
2025-02-16 23:05:53.025 62885 INFO tempest.lib.common.rest_client [req-fda5c08a-228c-4c69-b055-83de08254f37 req-fda5c08a-228c-4c69-b055-83de08254f37 ] Request (ServersAdminNegativeTestJSON:setUpClass): 202 POST http://10.180.1.21/compute/v2.1/servers 2.124s
2025-02-16 23:05:53.030 62889 INFO tempest.lib.common.rest_client [req-64e8809c-3c6b-4a39-a8f3-d1285a5d4d57 req-64e8809c-3c6b-4a39-a8f3-d1285a5d4d57 ] Request (FloatingIPsAssociationNegativeTestJSON:setUpClass): 200 PUT http://10.180.1.21:9696/networking/v2.0/routers/101649c2-c49c-471b-8969-1ea8bceb4f1a/add_router_interface 4.220s
2025-02-16 23:05:53.030 62889 INFO tempest.lib.common.dynamic_creds [-] Created isolated network resources for: credentials: Credentials: {'domain_id': 'default', 'domain_name': 'Default', 'username': 'tempest-FloatingIPsAssociationNegativeTestJSON-1464913581-project-member', 'project_domain_id': 'default', 'project_domain_name': 'Default', 'project_id': '66b265455193435ea994fb4f087bacea', 'project_name': 'tempest-FloatingIPsAssociationNegativeTestJSON-1464913581', 'tenant_id': '66b265455193435ea994fb4f087bacea', 'tenant_name': 'tempest-FloatingIPsAssociationNegativeTestJSON-1464913581', 'user_domain_id': 'default', 'user_domain_name': 'Default', 'user_id': '8b14f8803afa41f9aabe6b3f22e326b0', 'system': None}, Network: {'id': '19543f27-21d4-416c-883f-c9611c974071', 'name': 'tempest-FloatingIPsAssociationNegativeTestJSON-1750961474-network', 'tenant_id': '66b265455193435ea994fb4f087bacea', 'admin_state_up': True, 'mtu': 8950, 'status': 'ACTIVE', 'subnets': [], 'shared': False, 'project_id': '66b265455193435ea994fb4f087bacea', 'port_security_enabled': True, 'router:external': False, 'provider:network_type': 'vlan', 'provider:physical_network': 'default', 'provider:segmentation_id': 423, 'availability_zone_hints': [], 'availability_zones': [], 'ipv4_address_scope': None, 'ipv6_address_scope': None, 'description': '', 'tags': [], 'created_at': '2025-02-16T23:05:42Z', 'updated_at': '2025-02-16T23:05:43Z', 'revision_number': 1}, Subnet: {'id': 'efcfb251-f103-42e4-9414-a18fad06d175', 'name': 'tempest-FloatingIPsAssociationNegativeTestJSON-1750961474-subnet', 'tenant_id': '66b265455193435ea994fb4f087bacea', 'network_id': '19543f27-21d4-416c-883f-c9611c974071', 'ip_version': 4, 'subnetpool_id': None, 'enable_dhcp': True, 'ipv6_ra_mode': None, 'ipv6_address_mode': None, 'gateway_ip': '192.168.128.1', 'cidr': '192.168.128.0/28', 'allocation_pools': [{'start': '192.168.128.2', 'end': '192.168.128.14'}], 'host_routes': [], 'dns_nameservers': [], 'description': '', 'router:external': False, 'service_types': [], 'tags': [], 'created_at': '2025-02-16T23:05:43Z', 'updated_at': '2025-02-16T23:05:43Z', 'revision_number': 0, 'project_id': '66b265455193435ea994fb4f087bacea'}, Router: {'id': '101649c2-c49c-471b-8969-1ea8bceb4f1a', 'name': 'tempest-FloatingIPsAssociationNegativeTestJSON-1750961474-router', 'tenant_id': '66b265455193435ea994fb4f087bacea', 'admin_state_up': True, 'status': 'ACTIVE', 'external_gateway_info': {'network_id': '88361233-c0c2-4b0c-813f-ee797ecc8f04', 'external_fixed_ips': [{'subnet_id': 'd43a3b7c-89ca-4ed1-bd2b-03f36c33c6a8', 'ip_address': '10.180.180.213'}], 'enable_snat': True}, 'description': '', 'availability_zones': [], 'distributed': False, 'ha': False, 'availability_zone_hints': [], 'routes': [], 'flavor_id': None, 'tags': [], 'created_at': '2025-02-16T23:05:44Z', 'updated_at': '2025-02-16T23:05:46Z', 'revision_number': 2, 'project_id': '66b265455193435ea994fb4f087bacea'}
2025-02-16 23:05:53.150 62883 INFO tempest.lib.common.rest_client [req-aca29d23-d415-4a58-9a79-1cef58d52833 req-aca29d23-d415-4a58-9a79-1cef58d52833 ] Request (HostsAdminTestJSON:tearDownClass): 204 DELETE http://10.180.1.21/identity/v3/projects/e2c6e78c60a447feb2141ef9c478bb31 0.191s
2025-02-16 23:05:53.150 62883 INFO tempest.lib.common.dynamic_creds [-] Deleting project and security group for project: 342a581614d9490cb7cdc69a2e9ff38d
2025-02-16 23:05:53.234 62889 INFO tempest.lib.common.rest_client [req-ef232b06-fe04-45b6-b3bb-3241de56d01d req-ef232b06-fe04-45b6-b3bb-3241de56d01d ] Request (FloatingIPsAssociationNegativeTestJSON:setUpClass): 201 POST http://10.180.1.21/identity/v3/auth/tokens 0.198s
2025-02-16 23:05:53.278 62889 INFO tempest.lib.common.rest_client [req-a125ed65-999d-4a4f-8342-e6ca3c1687ed req-a125ed65-999d-4a4f-8342-e6ca3c1687ed ] Request (FloatingIPsAssociationNegativeTestJSON:setUpClass): 201 POST http://10.180.1.21/identity/v3/auth/tokens 0.036s
2025-02-16 23:05:53.278 62889 INFO tempest.lib.common.fixed_network [-] (FloatingIPsAssociationNegativeTestJSON:setUpClass) Found network {'id': '19543f27-21d4-416c-883f-c9611c974071', 'name': 'tempest-FloatingIPsAssociationNegativeTestJSON-1750961474-network', 'tenant_id': '66b265455193435ea994fb4f087bacea', 'admin_state_up': True, 'mtu': 8950, 'status': 'ACTIVE', 'subnets': [], 'shared': False, 'project_id': '66b265455193435ea994fb4f087bacea', 'port_security_enabled': True, 'router:external': False, 'provider:network_type': 'vlan', 'provider:physical_network': 'default', 'provider:segmentation_id': 423, 'availability_zone_hints': [], 'availability_zones': [], 'ipv4_address_scope': None, 'ipv6_address_scope': None, 'description': '', 'tags': [], 'created_at': '2025-02-16T23:05:42Z', 'updated_at': '2025-02-16T23:05:43Z', 'revision_number': 1} available for tenant
2025-02-16 23:05:53.334 62879 INFO tempest.lib.common.rest_client [req-63d927c1-ff29-4714-97cc-2e2631bf312d req-63d927c1-ff29-4714-97cc-2e2631bf312d ] Request (HypervisorAdminNegativeUnderV252Test:tearDownClass): 200 GET http://10.180.1.21:9696/networking/v2.0/security-groups?tenant_id=da27fab74b284bfe9a27fcc7b765cb4e&name=default 0.636s
2025-02-16 23:05:53.625 62879 INFO tempest.lib.common.rest_client [req-e7cbeb37-b40d-46ca-8378-95e9d439e7ff req-e7cbeb37-b40d-46ca-8378-95e9d439e7ff ] Request (HypervisorAdminNegativeUnderV252Test:tearDownClass): 204 DELETE http://10.180.1.21:9696/networking/v2.0/security-groups/f9697beb-7b55-4e2e-a2ed-75cfb5f333ec 0.290s
2025-02-16 23:05:53.696 62869 INFO tempest.lib.common.rest_client [req-74ba6bf5-e619-4ded-b76b-604ecb9f34c3 req-74ba6bf5-e619-4ded-b76b-604ecb9f34c3 ] Request (InstanceActionsNegativeTestJSON:setUpClass): 202 POST http://10.180.1.21/compute/v2.1/servers 2.597s
2025-02-16 23:05:53.720 62913 INFO tempest.lib.common.rest_client [req-e13b2390-5cb6-4246-8fb8-6bfd69b47ba4 req-e13b2390-5cb6-4246-8fb8-6bfd69b47ba4 ] Request (ServicesAdminNegativeV253TestJSON:test_disable_service_with_invalid_service_id): 404 PUT http://10.180.1.21/compute/v2.1/os-services/38421999-f4c0-4015-9b35-c3fa4f904807 2.478s
2025-02-16 23:05:53.744 62920 INFO tempest.lib.common.rest_client [req-6ac57937-13eb-4040-b736-61279840881c req-6ac57937-13eb-4040-b736-61279840881c ] Request (ServersTestManualDisk:setUpClass): 202 POST http://10.180.1.21/compute/v2.1/servers 2.830s
2025-02-16 23:05:53.749 62887 INFO tempest.lib.common.rest_client [req-618619b0-64e4-4c6c-9f59-c8b603e0723e req-618619b0-64e4-4c6c-9f59-c8b603e0723e ] Request (AggregatesAdminNegativeTestJSON:_run_cleanups): 200 DELETE http://10.180.1.21/compute/v2.1/os-aggregates/5 2.494s
2025-02-16 23:05:53.770 62865 INFO tempest.lib.common.rest_client [req-a4d1438e-c6f2-424d-b230-bc5dd3c9f1a2 req-a4d1438e-c6f2-424d-b230-bc5dd3c9f1a2 ] Request (FlavorsAdminTestJSON:test_create_server_with_non_public_flavor): 400 POST http://10.180.1.21/compute/v2.1/servers 2.487s
2025-02-16 23:05:53.784 62921 INFO tempest.lib.common.rest_client [req-b6556c17-766c-400c-91c4-dc82320b41bc req-b6556c17-766c-400c-91c4-dc82320b41bc ] Request (FlavorsV255TestJSON:test_crud_flavor): 200 GET http://10.180.1.21/compute/v2.1/flavors/detail 2.453s
2025-02-16 23:05:53.789 62879 INFO tempest.lib.common.rest_client [req-9f7bb473-2304-4358-83a7-b16cdf6bd996 req-9f7bb473-2304-4358-83a7-b16cdf6bd996 ] Request (HypervisorAdminNegativeUnderV252Test:tearDownClass): 204 DELETE http://10.180.1.21/identity/v3/projects/da27fab74b284bfe9a27fcc7b765cb4e 0.164s
2025-02-16 23:05:53.920 62879 INFO tempest.lib.common.rest_client [req-bd2b5bdb-4d8c-452a-b964-3386d8cb54c1 req-bd2b5bdb-4d8c-452a-b964-3386d8cb54c1 ] Request (FloatingIPDetailsTestJSON:setUpClass): 201 POST http://10.180.1.21/identity/v3/auth/tokens 0.129s
2025-02-16 23:05:53.964 62879 INFO tempest.lib.common.rest_client [req-a98d1ac2-31f5-4a31-b016-b24e40a9dec8 req-a98d1ac2-31f5-4a31-b016-b24e40a9dec8 ] Request (FloatingIPDetailsTestJSON:setUpClass): 201 POST http://10.180.1.21/identity/v3/auth/tokens 0.038s
2025-02-16 23:05:54.005 62879 INFO tempest.lib.common.rest_client [req-1b58bd78-426c-4c38-81cc-7333c52da034 req-1b58bd78-426c-4c38-81cc-7333c52da034 ] Request (FloatingIPDetailsTestJSON:setUpClass): 200 GET http://10.180.1.21/identity/v3/domains?name=Default 0.040s
2025-02-16 23:05:54.050 62879 INFO tempest.lib.common.rest_client [req-5e74fcbf-a8c0-4dc4-a8cd-f2efa8e0c82a req-5e74fcbf-a8c0-4dc4-a8cd-f2efa8e0c82a ] Request (FloatingIPDetailsTestJSON:setUpClass): 201 POST http://10.180.1.21/identity/v3/projects 0.045s
2025-02-16 23:05:54.077 62867 INFO tempest.lib.common.rest_client [req-0709d9b3-613d-4f33-9fa1-d57e44f37746 req-0709d9b3-613d-4f33-9fa1-d57e44f37746 ] Request (ServerGroupTestJSON:setUp): 200 POST http://10.180.1.21/compute/v2.1/os-server-groups 2.536s
2025-02-16 23:05:54.137 62879 INFO tempest.lib.common.rest_client [req-59c248cd-67a2-40cc-ac2a-8483db1d4894 req-59c248cd-67a2-40cc-ac2a-8483db1d4894 ] Request (FloatingIPDetailsTestJSON:setUpClass): 201 POST http://10.180.1.21/identity/v3/users 0.086s
2025-02-16 23:05:54.163 62879 INFO tempest.lib.common.rest_client [req-9b67a656-4933-41d5-bbe6-ffaa0deb5a9b req-9b67a656-4933-41d5-bbe6-ffaa0deb5a9b ] Request (FloatingIPDetailsTestJSON:setUpClass): 200 GET http://10.180.1.21/identity/v3/roles 0.026s
2025-02-16 23:05:54.200 62879 INFO tempest.lib.common.rest_client [req-fdef7ff5-2d74-4529-a1b3-70bd21073170 req-fdef7ff5-2d74-4529-a1b3-70bd21073170 ] Request (FloatingIPDetailsTestJSON:setUpClass): 204 PUT http://10.180.1.21/identity/v3/projects/698294711ad240948bf112f80b901fed/users/93e533c6cc754a84b5890f2ad42d1162/roles/1b5c882c05ed4b56be6c4b3d6213d207 0.037s
2025-02-16 23:05:54.200 62879 INFO tempest.lib.common.dynamic_creds [-] Dynamic test user 93e533c6cc754a84b5890f2ad42d1162 is created with scope project and roles: ['member']
2025-02-16 23:05:54.201 62879 INFO tempest.lib.common.dynamic_creds [-] Acquired dynamic creds: credentials: Credentials: {'domain_id': 'default', 'domain_name': 'Default', 'username': 'tempest-FloatingIPDetailsTestJSON-1825627872-project-member', 'project_domain_id': 'default', 'project_domain_name': 'Default', 'project_id': '698294711ad240948bf112f80b901fed', 'project_name': 'tempest-FloatingIPDetailsTestJSON-1825627872', 'tenant_id': '698294711ad240948bf112f80b901fed', 'tenant_name': 'tempest-FloatingIPDetailsTestJSON-1825627872', 'user_domain_id': 'default', 'user_domain_name': 'Default', 'user_id': '93e533c6cc754a84b5890f2ad42d1162', 'system': None}, Network: None, Subnet: None, Router: None
2025-02-16 23:05:54.230 62883 INFO tempest.lib.common.rest_client [req-7b1b711e-ce73-4a28-9516-2a505d0693d3 req-7b1b711e-ce73-4a28-9516-2a505d0693d3 ] Request (HostsAdminTestJSON:tearDownClass): 200 GET http://10.180.1.21:9696/networking/v2.0/security-groups?tenant_id=342a581614d9490cb7cdc69a2e9ff38d&name=default 1.079s
2025-02-16 23:05:54.245 62875 INFO tempest.lib.common.rest_client [req-95b28e28-b983-4262-b84a-08f0d4447119 req-95b28e28-b983-4262-b84a-08f0d4447119 ] Request (SecurityGroupRulesNegativeTestJSON:tearDownClass): 204 DELETE http://10.180.1.21:9696/networking/v2.0/routers/11080402-be6e-4452-b5fc-42278c1e6bb3 2.477s
2025-02-16 23:05:54.259 62879 INFO tempest.lib.common.rest_client [req-65534765-35a2-44a6-b3e4-cd707b2d40c5 req-65534765-35a2-44a6-b3e4-cd707b2d40c5 ] Request (FloatingIPDetailsTestJSON:setUpClass): 201 POST http://10.180.1.21/identity/v3/auth/tokens 0.058s
2025-02-16 23:05:54.521 62923 INFO tempest.lib.common.rest_client [req-364c5c24-db3a-42f4-8008-18908660eaca req-364c5c24-db3a-42f4-8008-18908660eaca ] Request (ServersAdminTestJSON:setUpClass): 200 GET http://10.180.1.21/compute/v2.1/servers/dc6ba048-7bcc-4bc9-a04c-997e92db3b3c 2.989s
2025-02-16 23:05:54.530 62923 INFO tempest.common.waiters [-] State transition "BUILD/None" ==> "BUILD/spawning" after 20 second wait
2025-02-16 23:05:54.604 62877 INFO tempest.lib.common.rest_client [req-4d41343a-3ff8-4ad5-a341-4bc2e6588d12 req-4d41343a-3ff8-4ad5-a341-4bc2e6588d12 ] Request (ServersWithSpecificFlavorTestJSON:test_verify_created_server_ephemeral_disk): 200 GET http://10.180.1.21/compute/v2.1/servers/8a7329fe-c387-463f-9db3-e093ceac1587 2.638s
2025-02-16 23:05:54.618 62877 INFO tempest.common.waiters [-] State transition "BUILD/None" ==> "BUILD/networking" after 12 second wait
2025-02-16 23:05:54.621 62883 INFO tempest.lib.common.rest_client [req-8c4bdd63-c6a6-442c-8a8d-055d6aa97ab8 req-8c4bdd63-c6a6-442c-8a8d-055d6aa97ab8 ] Request (HostsAdminTestJSON:tearDownClass): 204 DELETE http://10.180.1.21:9696/networking/v2.0/security-groups/42a29d4f-a3ca-476d-b4c2-523e31140909 0.391s
2025-02-16 23:05:54.670 62875 INFO tempest.lib.common.rest_client [req-647a5d17-0332-474e-bb56-4f0aa0faf5f0 req-647a5d17-0332-474e-bb56-4f0aa0faf5f0 ] Request (SecurityGroupRulesNegativeTestJSON:tearDownClass): 204 DELETE http://10.180.1.21:9696/networking/v2.0/subnets/e7c60946-a54c-4529-add9-3c514a657a00 0.424s
2025-02-16 23:05:54.822 62883 INFO tempest.lib.common.rest_client [req-d6fa48e1-eeb0-4b19-a0f9-8f63282b885b req-d6fa48e1-eeb0-4b19-a0f9-8f63282b885b ] Request (HostsAdminTestJSON:tearDownClass): 204 DELETE http://10.180.1.21/identity/v3/projects/342a581614d9490cb7cdc69a2e9ff38d 0.200s
2025-02-16 23:05:54.908 62883 INFO tempest.lib.common.rest_client [req-1da84d7e-c3f8-473c-8355-411a0185e7c6 req-1da84d7e-c3f8-473c-8355-411a0185e7c6 ] Request (ImagesTestJSON:setUpClass): 201 POST http://10.180.1.21/identity/v3/auth/tokens 0.084s
2025-02-16 23:05:54.947 62883 INFO tempest.lib.common.rest_client [req-eaa054fb-f601-4cfa-a22a-79b1fe02106f req-eaa054fb-f601-4cfa-a22a-79b1fe02106f ] Request (ImagesTestJSON:setUpClass): 201 POST http://10.180.1.21/identity/v3/auth/tokens 0.037s
2025-02-16 23:05:54.968 62879 INFO tempest.lib.common.rest_client [req-c67e9e04-7aa7-459e-a940-89e5eadbf98a req-c67e9e04-7aa7-459e-a940-89e5eadbf98a ] Request (FloatingIPDetailsTestJSON:setUpClass): 201 POST http://10.180.1.21:9696/networking/v2.0/networks 0.708s
2025-02-16 23:05:54.987 62883 INFO tempest.lib.common.rest_client [req-840b2691-1c2d-46cf-859c-ea6ed1029915 req-840b2691-1c2d-46cf-859c-ea6ed1029915 ] Request (ImagesTestJSON:setUpClass): 200 GET http://10.180.1.21/identity/v3/domains?name=Default 0.040s
2025-02-16 23:05:55.027 62883 INFO tempest.lib.common.rest_client [req-2e698190-3599-4b32-85ba-9281744319ae req-2e698190-3599-4b32-85ba-9281744319ae ] Request (ImagesTestJSON:setUpClass): 201 POST http://10.180.1.21/identity/v3/projects 0.040s
2025-02-16 23:05:55.057 62895 INFO tempest.lib.common.rest_client [req-cd9a3edf-9e85-4fb5-b30f-c8527ea38418 req-cd9a3edf-9e85-4fb5-b30f-c8527ea38418 ] Request (FlavorsV2NegativeTest:test_boot_with_low_ram): 400 POST http://10.180.1.21/compute/v2.1/servers 3.088s
2025-02-16 23:05:55.124 62903 INFO tempest.lib.common.rest_client [req-5b1f1827-94eb-4101-9daf-486fcfc01e3d req-5b1f1827-94eb-4101-9daf-486fcfc01e3d ] Request (ServerActionsV293TestJSON:setUpClass): 200 PUT http://10.180.1.21:9696/networking/v2.0/routers/5bbe57af-08eb-4848-99b1-b81c105324e4/add_router_interface 4.363s
2025-02-16 23:05:55.124 62903 INFO tempest.lib.common.dynamic_creds [-] Created isolated network resources for: credentials: Credentials: {'domain_id': 'default', 'domain_name': 'Default', 'username': 'tempest-ServerActionsV293TestJSON-544266864-project-member', 'project_domain_id': 'default', 'project_domain_name': 'Default', 'project_id': '4a950066ab9d4fc585cea9f083c96afa', 'project_name': 'tempest-ServerActionsV293TestJSON-544266864', 'tenant_id': '4a950066ab9d4fc585cea9f083c96afa', 'tenant_name': 'tempest-ServerActionsV293TestJSON-544266864', 'user_domain_id': 'default', 'user_domain_name': 'Default', 'user_id': 'cc1b159976894bba86ff858e85922406', 'system': None}, Network: {'id': '38419a36-1cf6-497f-b7e0-7be126d309cc', 'name': 'tempest-ServerActionsV293TestJSON-1357523208-network', 'tenant_id': '4a950066ab9d4fc585cea9f083c96afa', 'admin_state_up': True, 'mtu': 8950, 'status': 'ACTIVE', 'subnets': [], 'shared': False, 'project_id': '4a950066ab9d4fc585cea9f083c96afa', 'port_security_enabled': True, 'router:external': False, 'provider:network_type': 'vlan', 'provider:physical_network': 'default', 'provider:segmentation_id': 721, 'availability_zone_hints': [], 'availability_zones': [], 'ipv4_address_scope': None, 'ipv6_address_scope': None, 'description': '', 'tags': [], 'created_at': '2025-02-16T23:05:44Z', 'updated_at': '2025-02-16T23:05:45Z', 'revision_number': 1}, Subnet: {'id': 'aa8af69e-3127-42b8-9f27-7ab63271d47f', 'name': 'tempest-ServerActionsV293TestJSON-1357523208-subnet', 'tenant_id': '4a950066ab9d4fc585cea9f083c96afa', 'network_id': '38419a36-1cf6-497f-b7e0-7be126d309cc', 'ip_version': 4, 'subnetpool_id': None, 'enable_dhcp': True, 'ipv6_ra_mode': None, 'ipv6_address_mode': None, 'gateway_ip': '192.168.128.1', 'cidr': '192.168.128.0/28', 'allocation_pools': [{'start': '192.168.128.2', 'end': '192.168.128.14'}], 'host_routes': [], 'dns_nameservers': [], 'description': '', 'router:external': False, 'service_types': [], 'tags': [], 'created_at': '2025-02-16T23:05:46Z', 'updated_at': '2025-02-16T23:05:46Z', 'revision_number': 0, 'project_id': '4a950066ab9d4fc585cea9f083c96afa'}, Router: {'id': '5bbe57af-08eb-4848-99b1-b81c105324e4', 'name': 'tempest-ServerActionsV293TestJSON-1357523208-router', 'tenant_id': '4a950066ab9d4fc585cea9f083c96afa', 'admin_state_up': True, 'status': 'ACTIVE', 'external_gateway_info': {'network_id': '88361233-c0c2-4b0c-813f-ee797ecc8f04', 'external_fixed_ips': [{'subnet_id': 'd43a3b7c-89ca-4ed1-bd2b-03f36c33c6a8', 'ip_address': '10.180.180.195'}], 'enable_snat': True}, 'description': '', 'availability_zones': [], 'distributed': False, 'ha': False, 'availability_zone_hints': [], 'routes': [], 'flavor_id': None, 'tags': [], 'created_at': '2025-02-16T23:05:47Z', 'updated_at': '2025-02-16T23:05:49Z', 'revision_number': 2, 'project_id': '4a950066ab9d4fc585cea9f083c96afa'}
2025-02-16 23:05:55.125 62883 INFO tempest.lib.common.rest_client [req-a687c1d1-9af8-4bd3-b2ef-854e8f353e58 req-a687c1d1-9af8-4bd3-b2ef-854e8f353e58 ] Request (ImagesTestJSON:setUpClass): 201 POST http://10.180.1.21/identity/v3/users 0.097s
2025-02-16 23:05:55.125 62895 INFO tempest.lib.common.rest_client [req-bd3ee12e-35b8-4070-a311-47bb0c7ecdca req-bd3ee12e-35b8-4070-a311-47bb0c7ecdca ] Request (FlavorsV2NegativeTest:_run_cleanups): 204 DELETE http://10.180.1.21/image/v2/images/b71404ce-3e2c-4d4d-9bef-0ecf9bb186e3 0.067s
2025-02-16 23:05:55.154 62883 INFO tempest.lib.common.rest_client [req-48695e28-e380-4c3d-8b97-d6cf3c66fc7c req-48695e28-e380-4c3d-8b97-d6cf3c66fc7c ] Request (ImagesTestJSON:setUpClass): 200 GET http://10.180.1.21/identity/v3/roles 0.028s
2025-02-16 23:05:55.169 62925 INFO tempest.lib.common.rest_client [req-caa4716f-1274-44f3-8355-6b85ed7bdc96 req-caa4716f-1274-44f3-8355-6b85ed7bdc96 ] Request (ServerPasswordTestJSON:setUpClass): 200 GET http://10.180.1.21/compute/v2.1/servers/c544660f-ea05-4dbe-81df-041094a38074 3.089s
2025-02-16 23:05:55.199 62917 INFO tempest.lib.common.rest_client [req-9fd27ce5-3a65-45b5-834e-6661a12fbfaf req-9fd27ce5-3a65-45b5-834e-6661a12fbfaf ] Request (ServersTestBootFromVolume:setUpClass): 200 PUT http://10.180.1.21:9696/networking/v2.0/routers/4a400cb9-0712-40d0-b19c-346eda35afe2/add_router_interface 4.403s
2025-02-16 23:05:55.199 62917 INFO tempest.lib.common.dynamic_creds [-] Created isolated network resources for: credentials: Credentials: {'domain_id': 'default', 'domain_name': 'Default', 'username': 'tempest-ServersTestBootFromVolume-1161560388-project-member', 'project_domain_id': 'default', 'project_domain_name': 'Default', 'project_id': '31e8668fe71649d9bf4c82c4758c3fff', 'project_name': 'tempest-ServersTestBootFromVolume-1161560388', 'tenant_id': '31e8668fe71649d9bf4c82c4758c3fff', 'tenant_name': 'tempest-ServersTestBootFromVolume-1161560388', 'user_domain_id': 'default', 'user_domain_name': 'Default', 'user_id': '8057714fc0ca4591841334705c2db257', 'system': None}, Network: {'id': 'e27c589c-2804-4eea-b718-9a75e97f482e', 'name': 'tempest-ServersTestBootFromVolume-1461017785-network', 'tenant_id': '31e8668fe71649d9bf4c82c4758c3fff', 'admin_state_up': True, 'mtu': 8950, 'status': 'ACTIVE', 'subnets': [], 'shared': False, 'project_id': '31e8668fe71649d9bf4c82c4758c3fff', 'port_security_enabled': True, 'router:external': False, 'provider:network_type': 'vlan', 'provider:physical_network': 'default', 'provider:segmentation_id': 415, 'availability_zone_hints': [], 'availability_zones': [], 'ipv4_address_scope': None, 'ipv6_address_scope': None, 'description': '', 'tags': [], 'created_at': '2025-02-16T23:05:45Z', 'updated_at': '2025-02-16T23:05:45Z', 'revision_number': 1}, Subnet: {'id': 'dce349c5-bbaf-4c35-905d-05cf9983c856', 'name': 'tempest-ServersTestBootFromVolume-1461017785-subnet', 'tenant_id': '31e8668fe71649d9bf4c82c4758c3fff', 'network_id': 'e27c589c-2804-4eea-b718-9a75e97f482e', 'ip_version': 4, 'subnetpool_id': None, 'enable_dhcp': True, 'ipv6_ra_mode': None, 'ipv6_address_mode': None, 'gateway_ip': '192.168.128.1', 'cidr': '192.168.128.0/28', 'allocation_pools': [{'start': '192.168.128.2', 'end': '192.168.128.14'}], 'host_routes': [], 'dns_nameservers': [], 'description': '', 'router:external': False, 'service_types': [], 'tags': [], 'created_at': '2025-02-16T23:05:45Z', 'updated_at': '2025-02-16T23:05:45Z', 'revision_number': 0, 'project_id': '31e8668fe71649d9bf4c82c4758c3fff'}, Router: {'id': '4a400cb9-0712-40d0-b19c-346eda35afe2', 'name': 'tempest-ServersTestBootFromVolume-1461017785-router', 'tenant_id': '31e8668fe71649d9bf4c82c4758c3fff', 'admin_state_up': True, 'status': 'ACTIVE', 'external_gateway_info': {'network_id': '88361233-c0c2-4b0c-813f-ee797ecc8f04', 'external_fixed_ips': [{'subnet_id': 'd43a3b7c-89ca-4ed1-bd2b-03f36c33c6a8', 'ip_address': '10.180.180.166'}], 'enable_snat': True}, 'description': '', 'availability_zones': [], 'distributed': False, 'ha': False, 'availability_zone_hints': [], 'routes': [], 'flavor_id': None, 'tags': [], 'created_at': '2025-02-16T23:05:46Z', 'updated_at': '2025-02-16T23:05:48Z', 'revision_number': 2, 'project_id': '31e8668fe71649d9bf4c82c4758c3fff'}
2025-02-16 23:05:55.230 62895 INFO tempest.lib.common.rest_client [req-759ccc11-a0a2-4606-9f2a-f8ce144ff7ba req-759ccc11-a0a2-4606-9f2a-f8ce144ff7ba ] Request (FlavorsV2NegativeTest:tearDownClass): 204 DELETE http://10.180.1.21/identity/v3/users/fb0bbc1244df4261a9f5a12e00cfab44 0.102s
2025-02-16 23:05:55.230 62895 INFO tempest.lib.common.dynamic_creds [-] Deleting project and security group for project: 091889cd9e8b4cba8bd01895610adb3f
2025-02-16 23:05:55.231 62903 INFO tempest.lib.common.rest_client [req-c055dd21-3290-41c9-aeef-a791646f4638 req-c055dd21-3290-41c9-aeef-a791646f4638 ] Request (ServerActionsV293TestJSON:setUpClass): 201 POST http://10.180.1.21/identity/v3/auth/tokens 0.103s
2025-02-16 23:05:55.312 62917 INFO tempest.lib.common.rest_client [req-c05bed52-d068-44ac-b0c1-831cdb68a629 req-c05bed52-d068-44ac-b0c1-831cdb68a629 ] Request (ServersTestBootFromVolume:setUpClass): 201 POST http://10.180.1.21/identity/v3/auth/tokens 0.107s
2025-02-16 23:05:55.354 62907 INFO tempest.lib.common.rest_client [req-cbbfd650-7eef-4980-9b06-6c10a6928eac req-cbbfd650-7eef-4980-9b06-6c10a6928eac ] Request (FloatingIPsAssociationTestJSON:setUpClass): 200 POST http://10.180.1.21/compute/v2.1/os-floating-ips 3.641s
2025-02-16 23:05:55.359 62895 INFO tempest.lib.common.rest_client [req-953edc16-89d8-4199-9df1-3eb523cc50ad req-953edc16-89d8-4199-9df1-3eb523cc50ad ] Request (FlavorsV2NegativeTest:tearDownClass): 201 POST http://10.180.1.21/identity/v3/auth/tokens 0.129s
2025-02-16 23:05:55.364 62883 INFO tempest.lib.common.rest_client [req-47aa0f80-7585-45b9-a2f5-0f649c3693d5 req-47aa0f80-7585-45b9-a2f5-0f649c3693d5 ] Request (ImagesTestJSON:setUpClass): 204 PUT http://10.180.1.21/identity/v3/projects/982169c3e7de46e7bfff0a38976165a3/users/9947bb61ab424e0daf21d377577d8581/roles/1b5c882c05ed4b56be6c4b3d6213d207 0.210s
2025-02-16 23:05:55.365 62883 INFO tempest.lib.common.dynamic_creds [-] Dynamic test user 9947bb61ab424e0daf21d377577d8581 is created with scope project and roles: ['member']
2025-02-16 23:05:55.365 62883 INFO tempest.lib.common.dynamic_creds [-] Acquired dynamic creds: credentials: Credentials: {'domain_id': 'default', 'domain_name': 'Default', 'username': 'tempest-ImagesTestJSON-876405015-project-member', 'project_domain_id': 'default', 'project_domain_name': 'Default', 'project_id': '982169c3e7de46e7bfff0a38976165a3', 'project_name': 'tempest-ImagesTestJSON-876405015', 'tenant_id': '982169c3e7de46e7bfff0a38976165a3', 'tenant_name': 'tempest-ImagesTestJSON-876405015', 'user_domain_id': 'default', 'user_domain_name': 'Default', 'user_id': '9947bb61ab424e0daf21d377577d8581', 'system': None}, Network: None, Subnet: None, Router: None
2025-02-16 23:05:55.420 62907 INFO tempest.lib.common.rest_client [req-8b283a31-95f6-4bd2-9701-3cb20ba80fdd req-8b283a31-95f6-4bd2-9701-3cb20ba80fdd ] Request (FloatingIPsAssociationTestJSON:test_associate_already_associated_floating_ip): 201 POST http://10.180.1.21/identity/v3/auth/tokens 0.058s
2025-02-16 23:05:55.420 62907 INFO tempest.lib.common.fixed_network [-] (FloatingIPsAssociationTestJSON:test_associate_already_associated_floating_ip) Found network {'id': 'f194b64c-0e9c-460d-afe9-2af8f1a17bc8', 'name': 'tempest-FloatingIPsAssociationTestJSON-748761387-network', 'tenant_id': 'b204f57df2c8404886cdf9497b794b02', 'admin_state_up': True, 'mtu': 8950, 'status': 'ACTIVE', 'subnets': [], 'shared': False, 'project_id': 'b204f57df2c8404886cdf9497b794b02', 'port_security_enabled': True, 'router:external': False, 'provider:network_type': 'vlan', 'provider:physical_network': 'default', 'provider:segmentation_id': 780, 'availability_zone_hints': [], 'availability_zones': [], 'ipv4_address_scope': None, 'ipv6_address_scope': None, 'description': '', 'tags': [], 'created_at': '2025-02-16T23:05:24Z', 'updated_at': '2025-02-16T23:05:24Z', 'revision_number': 1} available for tenant
2025-02-16 23:05:55.437 62871 INFO tempest.lib.common.rest_client [req-dfff94d5-539f-4f37-9e36-6c257eef4c5c req-dfff94d5-539f-4f37-9e36-6c257eef4c5c ] Request (DeleteServersAdminTestJSON:test_admin_delete_servers_of_others): 200 GET http://10.180.1.21/compute/v2.1/servers/ae2956e9-3d9c-4805-bb91-9afd1382c8f7 3.275s
2025-02-16 23:05:55.443 62879 INFO tempest.lib.common.rest_client [req-ac964932-860f-4f7a-8ad0-d72865460400 req-ac964932-860f-4f7a-8ad0-d72865460400 ] Request (FloatingIPDetailsTestJSON:setUpClass): 201 POST http://10.180.1.21:9696/networking/v2.0/subnets 0.474s
2025-02-16 23:05:55.450 62871 INFO tempest.common.waiters [-] State transition "BUILD/spawning" ==> "ACTIVE/None" after 24 second wait
2025-02-16 23:05:55.472 62883 INFO tempest.lib.common.rest_client [req-53bc03ab-14e6-4e63-a7a3-9c07c61d7207 req-53bc03ab-14e6-4e63-a7a3-9c07c61d7207 ] Request (ImagesTestJSON:setUpClass): 201 POST http://10.180.1.21/identity/v3/auth/tokens 0.106s
2025-02-16 23:05:55.488 62875 INFO tempest.lib.common.rest_client [req-662e88e7-7897-4497-a1a5-b72049393e54 req-662e88e7-7897-4497-a1a5-b72049393e54 ] Request (SecurityGroupRulesNegativeTestJSON:tearDownClass): 204 DELETE http://10.180.1.21:9696/networking/v2.0/networks/a1819877-9e6f-434c-abd5-34ca3db2ebb2 0.817s
2025-02-16 23:05:55.551 62911 INFO tempest.lib.common.rest_client [req-d22b28a7-fd20-41d0-a32c-89784a3f1cba req-d22b28a7-fd20-41d0-a32c-89784a3f1cba ] Request (FloatingIPsNegativeTestJSON:setUpClass): 200 GET http://10.180.1.21/compute/v2.1/os-floating-ips 3.118s
2025-02-16 23:05:55.606 62875 INFO tempest.lib.common.rest_client [req-74a95168-7f68-43a7-bfd1-18a30356cf15 req-74a95168-7f68-43a7-bfd1-18a30356cf15 ] Request (SecurityGroupRulesNegativeTestJSON:tearDownClass): 204 DELETE http://10.180.1.21/identity/v3/users/0dfec765116d44dc80f8052b3d5a53f6 0.118s
2025-02-16 23:05:55.606 62875 INFO tempest.lib.common.dynamic_creds [-] Deleting project and security group for project: 40be58cc8ecf4e62826cb0aec06bbb25
2025-02-16 23:05:55.678 62895 INFO tempest.lib.common.rest_client [req-072658e0-02e1-4d4c-9807-90846a2acb48 req-072658e0-02e1-4d4c-9807-90846a2acb48 ] Request (FlavorsV2NegativeTest:tearDownClass): 200 GET http://10.180.1.21:9696/networking/v2.0/security-groups?tenant_id=091889cd9e8b4cba8bd01895610adb3f&name=default 0.319s
2025-02-16 23:05:55.807 62897 INFO tempest.lib.common.rest_client [req-f1b00ea7-21ad-41ca-a0b3-efe9bd8858a4 req-f1b00ea7-21ad-41ca-a0b3-efe9bd8858a4 ] Request (QuotasAdminTestV236:test_get_updated_quotas): 200 PUT http://10.180.1.21/compute/v2.1/os-quota-sets/d57574200b5847619448c502155521ba?user_id=0c97e9276fec40908dbacc1faefa78ed 3.291s
2025-02-16 23:05:55.936 62875 INFO tempest.lib.common.rest_client [req-8b5acef0-8ebd-471d-92cb-257f6ee8ced4 req-8b5acef0-8ebd-471d-92cb-257f6ee8ced4 ] Request (SecurityGroupRulesNegativeTestJSON:tearDownClass): 200 GET http://10.180.1.21:9696/networking/v2.0/security-groups?tenant_id=40be58cc8ecf4e62826cb0aec06bbb25&name=default 0.329s
2025-02-16 23:05:56.019 62895 INFO tempest.lib.common.rest_client [req-c55830b2-fb0c-4996-9a06-8eb20ed36799 req-c55830b2-fb0c-4996-9a06-8eb20ed36799 ] Request (FlavorsV2NegativeTest:tearDownClass): 204 DELETE http://10.180.1.21:9696/networking/v2.0/security-groups/5eebbb32-5078-4d22-9af1-9abcaff4ffda 0.339s
2025-02-16 23:05:56.197 62895 INFO tempest.lib.common.rest_client [req-09777109-59e4-4e71-9ae3-ea6e8375558e req-09777109-59e4-4e71-9ae3-ea6e8375558e ] Request (FlavorsV2NegativeTest:tearDownClass): 204 DELETE http://10.180.1.21/identity/v3/projects/091889cd9e8b4cba8bd01895610adb3f 0.177s
2025-02-16 23:05:56.243 62909 INFO tempest.lib.common.rest_client [req-d2205d4e-5e79-40ac-b438-f8155e74ddaa req-d2205d4e-5e79-40ac-b438-f8155e74ddaa ] Request (MigrationsAdminTest:test_list_migrations_in_flavor_resize_situation): 200 GET http://10.180.1.21/compute/v2.1/servers/a566548a-61e1-446e-8af0-f56f091f6f8a 3.700s
2025-02-16 23:05:56.304 62881 INFO tempest.lib.common.rest_client [req-5b5ac2d9-26df-459f-8e16-5843fac767a0 req-5b5ac2d9-26df-459f-8e16-5843fac767a0 ] Request (TenantUsagesTestJSON:test_get_usage_tenant_with_non_admin_user): 200 GET http://10.180.1.21/compute/v2.1/os-simple-tenant-usage/0d7985a163404cdca56d5189908d3524?start=2025-02-15T23%3A05%3A50.864869&end=2025-02-17T23%3A05%3A50.864869 3.752s
2025-02-16 23:05:56.321 62895 INFO tempest.lib.common.rest_client [req-26f4a3a0-84a4-47fa-a51e-e287a0cebfc9 req-26f4a3a0-84a4-47fa-a51e-e287a0cebfc9 ] Request (FloatingIPDetailsNegativeTestJSON:setUpClass): 201 POST http://10.180.1.21/identity/v3/auth/tokens 0.122s
2025-02-16 23:05:56.354 62895 INFO tempest.lib.common.rest_client [req-51e1239b-8a9c-42a0-848c-aaf210bc66a5 req-51e1239b-8a9c-42a0-848c-aaf210bc66a5 ] Request (FloatingIPDetailsNegativeTestJSON:setUpClass): 201 POST http://10.180.1.21/identity/v3/auth/tokens 0.031s
2025-02-16 23:05:56.389 62901 INFO tempest.lib.common.rest_client [req-9cd82699-ce6a-4fe2-a3c2-badecaeb97a0 req-9cd82699-ce6a-4fe2-a3c2-badecaeb97a0 ] Request (VolumesAssistedSnapshotsTest:test_volume_assisted_snapshot_create_delete): 200 GET http://10.180.1.21/compute/v2.1/servers/42b890a6-9eb2-4cfa-a1e3-b2550aef48ee 3.725s
2025-02-16 23:05:56.389 62895 INFO tempest.lib.common.rest_client [req-9a3d02a1-2479-4551-9f53-0f8557439378 req-9a3d02a1-2479-4551-9f53-0f8557439378 ] Request (FloatingIPDetailsNegativeTestJSON:setUpClass): 200 GET http://10.180.1.21/identity/v3/domains?name=Default 0.035s
2025-02-16 23:05:56.393 62875 INFO tempest.lib.common.rest_client [req-9061fc29-699a-408c-9060-7f1382f047fc req-9061fc29-699a-408c-9060-7f1382f047fc ] Request (SecurityGroupRulesNegativeTestJSON:tearDownClass): 204 DELETE http://10.180.1.21:9696/networking/v2.0/security-groups/284a1840-5890-400b-bbfd-8cd5c9fa3a5a 0.456s
2025-02-16 23:05:56.399 62901 INFO tempest.common.waiters [-] State transition "BUILD/None" ==> "BUILD/networking" after 13 second wait
2025-02-16 23:05:56.422 62895 INFO tempest.lib.common.rest_client [req-9e7b5ff9-3b87-40a3-bf22-fb70b066cb6a req-9e7b5ff9-3b87-40a3-bf22-fb70b066cb6a ] Request (FloatingIPDetailsNegativeTestJSON:setUpClass): 201 POST http://10.180.1.21/identity/v3/projects 0.032s
2025-02-16 23:05:56.454 62875 INFO tempest.lib.common.rest_client [req-a467d543-b6a6-442c-b46f-2e989e29a67c req-a467d543-b6a6-442c-b46f-2e989e29a67c ] Request (SecurityGroupRulesNegativeTestJSON:tearDownClass): 204 DELETE http://10.180.1.21/identity/v3/projects/40be58cc8ecf4e62826cb0aec06bbb25 0.060s
2025-02-16 23:05:56.485 62899 INFO tempest.lib.common.rest_client [req-8ee4e219-7067-4d55-acab-3fe36c1bae3f req-8ee4e219-7067-4d55-acab-3fe36c1bae3f ] Request (ServerDiagnosticsTest:test_get_server_diagnostics): 200 GET http://10.180.1.21/compute/v2.1/servers/90c03d3c-ac81-46fa-993e-cc76598c52ff 3.532s
2025-02-16 23:05:56.529 62895 INFO tempest.lib.common.rest_client [req-f258ec3c-f63f-483c-aa6f-145c035a0085 req-f258ec3c-f63f-483c-aa6f-145c035a0085 ] Request (FloatingIPDetailsNegativeTestJSON:setUpClass): 201 POST http://10.180.1.21/identity/v3/users 0.106s
2025-02-16 23:05:56.533 62875 INFO tempest.lib.common.rest_client [req-fa8d2c2f-ada6-4d0d-a892-9cb9ac1dfd1c req-fa8d2c2f-ada6-4d0d-a892-9cb9ac1dfd1c ] Request (SecurityGroupsNegativeTestJSON:setUpClass): 201 POST http://10.180.1.21/identity/v3/auth/tokens 0.076s
2025-02-16 23:05:56.559 62873 INFO tempest.lib.common.rest_client [req-939a0417-9a6f-48bb-865e-61a8f8d90014 req-939a0417-9a6f-48bb-865e-61a8f8d90014 ] Request (SecurityGroupsTestAdminJSON:test_list_security_groups_list_all_tenants_filter): 200 POST http://10.180.1.21/compute/v2.1/os-security-groups 4.079s
2025-02-16 23:05:56.562 62895 INFO tempest.lib.common.rest_client [req-d434319f-04fc-4c4d-a73a-a87b799c899d req-d434319f-04fc-4c4d-a73a-a87b799c899d ] Request (FloatingIPDetailsNegativeTestJSON:setUpClass): 200 GET http://10.180.1.21/identity/v3/roles 0.032s
2025-02-16 23:05:56.562 62883 INFO tempest.lib.common.rest_client [req-32d223ba-7124-4533-9c25-fd78c6ec5f76 req-32d223ba-7124-4533-9c25-fd78c6ec5f76 ] Request (ImagesTestJSON:setUpClass): 201 POST http://10.180.1.21:9696/networking/v2.0/networks 1.090s
2025-02-16 23:05:56.571 62875 INFO tempest.lib.common.rest_client [req-fb9c8126-eacb-498e-8d07-7c310d6ce5ed req-fb9c8126-eacb-498e-8d07-7c310d6ce5ed ] Request (SecurityGroupsNegativeTestJSON:setUpClass): 201 POST http://10.180.1.21/identity/v3/auth/tokens 0.034s
2025-02-16 23:05:56.583 62885 INFO tempest.lib.common.rest_client [req-3780142e-793b-4615-87b8-f7c13aab459a req-3780142e-793b-4615-87b8-f7c13aab459a ] Request (ServersAdminNegativeTestJSON:setUpClass): 200 GET http://10.180.1.21/compute/v2.1/servers/88de8623-ecc8-4012-b68f-a35b3e2660f2 3.556s
2025-02-16 23:05:56.599 62875 INFO tempest.lib.common.rest_client [req-d0085349-fef9-4ddc-9a69-9f9599ccc3a8 req-d0085349-fef9-4ddc-9a69-9f9599ccc3a8 ] Request (SecurityGroupsNegativeTestJSON:setUpClass): 200 GET http://10.180.1.21/identity/v3/domains?name=Default 0.028s
2025-02-16 23:05:56.603 62895 INFO tempest.lib.common.rest_client [req-2f45c34f-3a8b-44c1-8181-e617b67d4006 req-2f45c34f-3a8b-44c1-8181-e617b67d4006 ] Request (FloatingIPDetailsNegativeTestJSON:setUpClass): 204 PUT http://10.180.1.21/identity/v3/projects/253145e06f804eaab86f94310e14425f/users/99442b76404c4af9a4f2598c2f07e7cf/roles/1b5c882c05ed4b56be6c4b3d6213d207 0.041s
2025-02-16 23:05:56.604 62895 INFO tempest.lib.common.dynamic_creds [-] Dynamic test user 99442b76404c4af9a4f2598c2f07e7cf is created with scope project and roles: ['member']
2025-02-16 23:05:56.604 62895 INFO tempest.lib.common.dynamic_creds [-] Acquired dynamic creds: credentials: Credentials: {'domain_id': 'default', 'domain_name': 'Default', 'username': 'tempest-FloatingIPDetailsNegativeTestJSON-256917544-project-member', 'project_domain_id': 'default', 'project_domain_name': 'Default', 'project_id': '253145e06f804eaab86f94310e14425f', 'project_name': 'tempest-FloatingIPDetailsNegativeTestJSON-256917544', 'tenant_id': '253145e06f804eaab86f94310e14425f', 'tenant_name': 'tempest-FloatingIPDetailsNegativeTestJSON-256917544', 'user_domain_id': 'default', 'user_domain_name': 'Default', 'user_id': '99442b76404c4af9a4f2598c2f07e7cf', 'system': None}, Network: None, Subnet: None, Router: None
2025-02-16 23:05:56.634 62905 INFO tempest.lib.common.rest_client [req-1c4e0a18-8784-4064-9b0d-d43a955b2cc3 req-1c4e0a18-8784-4064-9b0d-d43a955b2cc3 ] Request (ImagesNegativeTestJSON:test_create_image_from_deleted_server): 200 GET http://10.180.1.21/compute/v2.1/servers/ae88ae36-a3d3-4452-b1af-05e9cee1d1b4 3.583s
2025-02-16 23:05:56.641 62905 INFO tempest.common.waiters [-] State transition "BUILD/scheduling" ==> "BUILD/None" after 4 second wait
2025-02-16 23:05:56.665 62895 INFO tempest.lib.common.rest_client [req-f585f529-f3ed-4e59-8610-373cf6319edb req-f585f529-f3ed-4e59-8610-373cf6319edb ] Request (FloatingIPDetailsNegativeTestJSON:setUpClass): 201 POST http://10.180.1.21/identity/v3/auth/tokens 0.060s
2025-02-16 23:05:56.667 62875 INFO tempest.lib.common.rest_client [req-372c788f-fcea-49da-835e-5eb6b34dd512 req-372c788f-fcea-49da-835e-5eb6b34dd512 ] Request (SecurityGroupsNegativeTestJSON:setUpClass): 201 POST http://10.180.1.21/identity/v3/projects 0.067s
2025-02-16 23:05:56.726 62891 INFO tempest.lib.common.rest_client [req-7a3b665c-d6f0-4965-bf74-4d8d66a17eeb req-7a3b665c-d6f0-4965-bf74-4d8d66a17eeb ] Request (ServerExternalEventsTest:test_create_server_external_events): 200 GET http://10.180.1.21/compute/v2.1/servers/495420a0-b53a-4bab-8914-ef0cdc3fa4f0 3.522s
2025-02-16 23:05:56.739 62875 INFO tempest.lib.common.rest_client [req-f00905d9-a3a9-4349-942c-4d8145ebc10a req-f00905d9-a3a9-4349-942c-4d8145ebc10a ] Request (SecurityGroupsNegativeTestJSON:setUpClass): 201 POST http://10.180.1.21/identity/v3/users 0.071s
2025-02-16 23:05:56.799 62869 INFO tempest.lib.common.rest_client [req-89076159-d75e-456f-b89b-466582282631 req-89076159-d75e-456f-b89b-466582282631 ] Request (InstanceActionsNegativeTestJSON:setUpClass): 200 GET http://10.180.1.21/compute/v2.1/servers/e25c0210-46c5-46f9-bad0-01c81aebdcd6 3.100s
2025-02-16 23:05:56.816 62913 INFO tempest.lib.common.rest_client [req-0dec0885-8e45-4647-8bb7-d2b0369e7d78 req-0dec0885-8e45-4647-8bb7-d2b0369e7d78 ] Request (ServicesAdminNegativeV253TestJSON:test_enable_service_with_invalid_service_id): 404 PUT http://10.180.1.21/compute/v2.1/os-services/38421999-f4c0-4015-9b35-c3fa4f904807 3.095s
2025-02-16 23:05:56.824 62875 INFO tempest.lib.common.rest_client [req-9bf2f5d3-291b-4a0c-859a-b9c92590d0a3 req-9bf2f5d3-291b-4a0c-859a-b9c92590d0a3 ] Request (SecurityGroupsNegativeTestJSON:setUpClass): 200 GET http://10.180.1.21/identity/v3/roles 0.084s
2025-02-16 23:05:56.859 62875 INFO tempest.lib.common.rest_client [req-1e8a0206-8c9c-4f5b-97a4-09cfa2bd458a req-1e8a0206-8c9c-4f5b-97a4-09cfa2bd458a ] Request (SecurityGroupsNegativeTestJSON:setUpClass): 204 PUT http://10.180.1.21/identity/v3/projects/b30ee99adc3c4eedb230e759d25b7c38/users/202e690a33d0487d84246fa57bd00266/roles/1b5c882c05ed4b56be6c4b3d6213d207 0.035s
2025-02-16 23:05:56.859 62875 INFO tempest.lib.common.dynamic_creds [-] Dynamic test user 202e690a33d0487d84246fa57bd00266 is created with scope project and roles: ['member']
2025-02-16 23:05:56.860 62875 INFO tempest.lib.common.dynamic_creds [-] Acquired dynamic creds: credentials: Credentials: {'domain_id': 'default', 'domain_name': 'Default', 'username': 'tempest-SecurityGroupsNegativeTestJSON-1355975903-project-member', 'project_domain_id': 'default', 'project_domain_name': 'Default', 'project_id': 'b30ee99adc3c4eedb230e759d25b7c38', 'project_name': 'tempest-SecurityGroupsNegativeTestJSON-1355975903', 'tenant_id': 'b30ee99adc3c4eedb230e759d25b7c38', 'tenant_name': 'tempest-SecurityGroupsNegativeTestJSON-1355975903', 'user_domain_id': 'default', 'user_domain_name': 'Default', 'user_id': '202e690a33d0487d84246fa57bd00266', 'system': None}, Network: None, Subnet: None, Router: None
2025-02-16 23:05:56.921 62920 INFO tempest.lib.common.rest_client [req-92eefd31-f121-4d21-85cc-cb3c4cc6eecc req-92eefd31-f121-4d21-85cc-cb3c4cc6eecc ] Request (ServersTestManualDisk:setUpClass): 200 GET http://10.180.1.21/compute/v2.1/servers/7c2ab5d9-0bcc-4c11-9e7f-74436ce90749 3.174s
2025-02-16 23:05:56.937 62887 INFO tempest.lib.common.rest_client [req-db476e62-cce5-4f0f-9cc6-a76521248efd req-db476e62-cce5-4f0f-9cc6-a76521248efd ] Request (AggregatesAdminNegativeTestJSON:test_aggregate_delete_with_invalid_id): 404 DELETE http://10.180.1.21/compute/v2.1/os-aggregates/-1 3.186s
2025-02-16 23:05:56.962 62883 INFO tempest.lib.common.rest_client [req-619ddd38-608d-4fa9-92f6-90acb05a0c57 req-619ddd38-608d-4fa9-92f6-90acb05a0c57 ] Request (ImagesTestJSON:setUpClass): 201 POST http://10.180.1.21:9696/networking/v2.0/subnets 0.398s
2025-02-16 23:05:56.962 62865 INFO tempest.lib.common.rest_client [req-664a56c6-9951-42f2-8c33-b21108004220 req-664a56c6-9951-42f2-8c33-b21108004220 ] Request (FlavorsAdminTestJSON:_run_cleanups): 202 DELETE http://10.180.1.21/compute/v2.1/flavors/1127149546 3.192s
2025-02-16 23:05:56.971 62875 INFO tempest.lib.common.rest_client [req-42664fe8-b213-414b-9a2e-dd90979af240 req-42664fe8-b213-414b-9a2e-dd90979af240 ] Request (SecurityGroupsNegativeTestJSON:setUpClass): 201 POST http://10.180.1.21/identity/v3/auth/tokens 0.111s
2025-02-16 23:05:56.982 62921 INFO tempest.lib.common.rest_client [req-78af9df3-46b6-48c4-8679-8e718fb6a543 req-78af9df3-46b6-48c4-8679-8e718fb6a543 ] Request (FlavorsV255TestJSON:test_crud_flavor): 200 GET http://10.180.1.21/compute/v2.1/flavors 3.190s
2025-02-16 23:05:57.038 62867 INFO tempest.lib.common.rest_client [req-23bbd905-dbd0-4129-947e-67a0061c4c63 req-23bbd905-dbd0-4129-947e-67a0061c4c63 ] Request (ServerGroupTestJSON:test_create_delete_multiple_server_groups_with_same_name_policy): 200 POST http://10.180.1.21/compute/v2.1/os-server-groups 2.959s
2025-02-16 23:05:57.190 62903 INFO tempest.lib.common.rest_client [req-5408a647-3c21-4b1c-a8e6-01f1c0b34a54 req-5408a647-3c21-4b1c-a8e6-01f1c0b34a54 ] Request (ServerActionsV293TestJSON:setUpClass): 201 POST http://10.180.1.21/compute/v2.1/os-keypairs 1.957s
2025-02-16 23:05:57.286 62917 INFO tempest.lib.common.rest_client [req-a15e62f7-0a1b-4eff-a5c6-acecc0b9866e req-a15e62f7-0a1b-4eff-a5c6-acecc0b9866e ] Request (ServersTestBootFromVolume:setUpClass): 200 POST http://10.180.1.21/compute/v2.1/os-keypairs 1.972s
2025-02-16 23:05:57.404 62889 INFO tempest.lib.common.rest_client [req-259c477d-b863-4d32-b2b5-99cf176d1410 req-259c477d-b863-4d32-b2b5-99cf176d1410 ] Request (FloatingIPsAssociationNegativeTestJSON:setUpClass): 202 POST http://10.180.1.21/compute/v2.1/servers 4.126s
2025-02-16 23:05:57.460 62875 INFO tempest.lib.common.rest_client [req-d1e60281-f6ab-4c41-b39a-f4d4bfba8cbc req-d1e60281-f6ab-4c41-b39a-f4d4bfba8cbc ] Request (SecurityGroupsNegativeTestJSON:setUpClass): 201 POST http://10.180.1.21:9696/networking/v2.0/networks 0.488s
2025-02-16 23:05:57.481 62879 INFO tempest.lib.common.rest_client [req-395d8b29-358f-4b1e-9d9d-f981ad472718 req-395d8b29-358f-4b1e-9d9d-f981ad472718 ] Request (FloatingIPDetailsTestJSON:setUpClass): 201 POST http://10.180.1.21:9696/networking/v2.0/routers 2.037s
2025-02-16 23:05:57.622 62895 INFO tempest.lib.common.rest_client [req-efa4b6a6-1e82-4923-b735-311552d6e453 req-efa4b6a6-1e82-4923-b735-311552d6e453 ] Request (FloatingIPDetailsNegativeTestJSON:setUpClass): 201 POST http://10.180.1.21:9696/networking/v2.0/networks 0.956s
2025-02-16 23:05:57.624 62871 INFO tempest.lib.common.rest_client [req-f12f6b12-fc6b-495a-b74e-ea2fb649eb31 req-f12f6b12-fc6b-495a-b74e-ea2fb649eb31 ] Request (DeleteServersAdminTestJSON:test_admin_delete_servers_of_others): 204 DELETE http://10.180.1.21/compute/v2.1/servers/ae2956e9-3d9c-4805-bb91-9afd1382c8f7 2.174s
2025-02-16 23:05:57.790 62903 INFO tempest.lib.common.rest_client [req-98a656a5-cf3a-48a3-9307-1efacaa2c4db req-98a656a5-cf3a-48a3-9307-1efacaa2c4db ] Request (ServerActionsV293TestJSON:setUpClass): 201 POST http://10.180.1.21:9696/networking/v2.0/security-groups 0.598s
2025-02-16 23:05:57.856 62923 INFO tempest.lib.common.rest_client [req-e3cf1ab2-9f85-43f5-8f08-dc64050b8fbe req-e3cf1ab2-9f85-43f5-8f08-dc64050b8fbe ] Request (ServersAdminTestJSON:setUpClass): 200 GET http://10.180.1.21/compute/v2.1/servers/dc6ba048-7bcc-4bc9-a04c-997e92db3b3c 2.325s
2025-02-16 23:05:57.910 62911 INFO tempest.lib.common.rest_client [req-39ac3e6c-0837-45cd-b693-c6061bd9aeae req-39ac3e6c-0837-45cd-b693-c6061bd9aeae ] Request (FloatingIPsNegativeTestJSON:test_allocate_floating_ip_from_nonexistent_pool): 404 POST http://10.180.1.21/compute/v2.1/os-floating-ips 2.356s
2025-02-16 23:05:57.957 62917 INFO tempest.lib.common.rest_client [req-ca480496-ddd2-42cf-ae75-6c10ec341304 req-ca480496-ddd2-42cf-ae75-6c10ec341304 ] Request (ServersTestBootFromVolume:setUpClass): 201 POST http://10.180.1.21:9696/networking/v2.0/security-groups 0.670s
2025-02-16 23:05:58.059 62875 INFO tempest.lib.common.rest_client [req-c4111776-f514-4385-ab98-2ab6e19420a2 req-c4111776-f514-4385-ab98-2ab6e19420a2 ] Request (SecurityGroupsNegativeTestJSON:setUpClass): 201 POST http://10.180.1.21:9696/networking/v2.0/subnets 0.599s
2025-02-16 23:05:58.183 62877 INFO tempest.lib.common.rest_client [req-988d90b1-49e2-40dd-a8f8-9fcfbe097a4f req-988d90b1-49e2-40dd-a8f8-9fcfbe097a4f ] Request (ServersWithSpecificFlavorTestJSON:test_verify_created_server_ephemeral_disk): 200 GET http://10.180.1.21/compute/v2.1/servers/8a7329fe-c387-463f-9db3-e093ceac1587 2.564s
2025-02-16 23:05:58.192 62877 INFO tempest.common.waiters [-] State transition "BUILD/networking" ==> "BUILD/spawning" after 16 second wait
2025-02-16 23:05:58.242 62903 INFO tempest.lib.common.rest_client [req-2726b715-a1d4-481c-9616-0364a6ccbe08 req-2726b715-a1d4-481c-9616-0364a6ccbe08 ] Request (ServerActionsV293TestJSON:setUpClass): 201 POST http://10.180.1.21:9696/networking/v2.0/security-group-rules 0.451s
2025-02-16 23:05:58.302 62897 INFO tempest.lib.common.rest_client [req-5ad4f53a-8dd8-4e29-904e-bedd47f35118 req-5ad4f53a-8dd8-4e29-904e-bedd47f35118 ] Request (QuotasAdminTestV236:test_get_updated_quotas): 200 GET http://10.180.1.21/compute/v2.1/os-quota-sets/d57574200b5847619448c502155521ba?user_id=0c97e9276fec40908dbacc1faefa78ed 2.491s
2025-02-16 23:05:58.403 62897 INFO tempest.lib.common.rest_client [req-b7646cc9-3c47-464c-841e-ff0c0121525c req-b7646cc9-3c47-464c-841e-ff0c0121525c ] Request (QuotasAdminTestV236:_run_cleanups): 204 DELETE http://10.180.1.21/identity/v3/users/0c97e9276fec40908dbacc1faefa78ed 0.099s
