2025-02-16 23:06:05.501 62875 INFO tempest.lib.common.rest_client [req-84e804e2-4733-4029-8e5f-7bba1d4423ab req-84e804e2-4733-4029-8e5f-7bba1d4423ab ] Request (SecurityGroupsNegativeTestJSON:setUpClass): 201 POST http://10.180.1.21/identity/v3/auth/tokens 0.102s
2025-02-16 23:06:05.631 62911 INFO tempest.lib.common.rest_client [req-b803c009-42be-47eb-a293-1e55a242f5af req-b803c009-42be-47eb-a293-1e55a242f5af ] Request (FloatingIPsNegativeTestJSON:tearDownClass): 204 DELETE http://10.180.1.21/identity/v3/projects/30bf731e7b5540d2879fd143d7405f16 0.168s
2025-02-16 23:06:05.703 62911 INFO tempest.lib.common.rest_client [req-a4c607f7-300a-4784-8739-f759077067f5 req-a4c607f7-300a-4784-8739-f759077067f5 ] Request (ListImageFiltersTestJSON:setUpClass): 201 POST http://10.180.1.21/identity/v3/auth/tokens 0.070s
2025-02-16 23:06:05.740 62911 INFO tempest.lib.common.rest_client [req-d7dae27f-c209-4a9b-a7fe-5c34326fc573 req-d7dae27f-c209-4a9b-a7fe-5c34326fc573 ] Request (ListImageFiltersTestJSON:setUpClass): 201 POST http://10.180.1.21/identity/v3/auth/tokens 0.034s
2025-02-16 23:06:05.780 62917 INFO tempest.lib.common.rest_client [req-4bcdae3a-c495-488c-ac55-3151d5b77c3c req-4bcdae3a-c495-488c-ac55-3151d5b77c3c ] Request (ServersTestBootFromVolume:setUpClass): 200 GET http://10.180.1.21/volume/v3/volumes/ad97c519-894f-4c6c-8112-d685916214ae 0.047s
2025-02-16 23:06:05.781 62911 INFO tempest.lib.common.rest_client [req-692cec6c-b535-4ec5-9bab-fe22029f24a0 req-692cec6c-b535-4ec5-9bab-fe22029f24a0 ] Request (ListImageFiltersTestJSON:setUpClass): 200 GET http://10.180.1.21/identity/v3/domains?name=Default 0.040s
2025-02-16 23:06:05.825 62911 INFO tempest.lib.common.rest_client [req-5d82c54f-c75e-4d80-9407-587e972a13ae req-5d82c54f-c75e-4d80-9407-587e972a13ae ] Request (ListImageFiltersTestJSON:setUpClass): 201 POST http://10.180.1.21/identity/v3/projects 0.043s
2025-02-16 23:06:05.942 62911 INFO tempest.lib.common.rest_client [req-fa567615-0b3f-436b-8538-aaf95e6579af req-fa567615-0b3f-436b-8538-aaf95e6579af ] Request (ListImageFiltersTestJSON:setUpClass): 201 POST http://10.180.1.21/identity/v3/users 0.116s
2025-02-16 23:06:05.973 62911 INFO tempest.lib.common.rest_client [req-1d785d13-09b9-4f87-b17a-7104f27261f1 req-1d785d13-09b9-4f87-b17a-7104f27261f1 ] Request (ListImageFiltersTestJSON:setUpClass): 200 GET http://10.180.1.21/identity/v3/roles 0.030s
2025-02-16 23:06:05.981 62883 INFO tempest.lib.common.rest_client [req-9a1f5dce-302d-4226-928f-30a53000ec52 req-9a1f5dce-302d-4226-928f-30a53000ec52 ] Request (ImagesTestJSON:test_create_image_from_stopped_server): 202 POST http://10.180.1.21/compute/v2.1/servers 2.785s
2025-02-16 23:06:06.029 62911 INFO tempest.lib.common.rest_client [req-7a93a35e-4628-4ccb-bbd1-ab2bf5703b90 req-7a93a35e-4628-4ccb-bbd1-ab2bf5703b90 ] Request (ListImageFiltersTestJSON:setUpClass): 204 PUT http://10.180.1.21/identity/v3/projects/bf36cda7678549f0b750855800598e3a/users/96ba3ae36a7a4d4891f30745869be7f6/roles/1b5c882c05ed4b56be6c4b3d6213d207 0.056s
2025-02-16 23:06:06.029 62911 INFO tempest.lib.common.dynamic_creds [-] Dynamic test user 96ba3ae36a7a4d4891f30745869be7f6 is created with scope project and roles: ['member']
2025-02-16 23:06:06.030 62911 INFO tempest.lib.common.dynamic_creds [-] Acquired dynamic creds: credentials: Credentials: {'domain_id': 'default', 'domain_name': 'Default', 'username': 'tempest-ListImageFiltersTestJSON-1000262256-project-member', 'project_domain_id': 'default', 'project_domain_name': 'Default', 'project_id': 'bf36cda7678549f0b750855800598e3a', 'project_name': 'tempest-ListImageFiltersTestJSON-1000262256', 'tenant_id': 'bf36cda7678549f0b750855800598e3a', 'tenant_name': 'tempest-ListImageFiltersTestJSON-1000262256', 'user_domain_id': 'default', 'user_domain_name': 'Default', 'user_id': '96ba3ae36a7a4d4891f30745869be7f6', 'system': None}, Network: None, Subnet: None, Router: None
2025-02-16 23:06:06.030 62911 INFO tempest.lib.common.dynamic_creds [-] Created isolated network resources for: credentials: Credentials: {'domain_id': 'default', 'domain_name': 'Default', 'username': 'tempest-ListImageFiltersTestJSON-1000262256-project-member', 'project_domain_id': 'default', 'project_domain_name': 'Default', 'project_id': 'bf36cda7678549f0b750855800598e3a', 'project_name': 'tempest-ListImageFiltersTestJSON-1000262256', 'tenant_id': 'bf36cda7678549f0b750855800598e3a', 'tenant_name': 'tempest-ListImageFiltersTestJSON-1000262256', 'user_domain_id': 'default', 'user_domain_name': 'Default', 'user_id': '96ba3ae36a7a4d4891f30745869be7f6', 'system': None}, Network: None, Subnet: None, Router: None
2025-02-16 23:06:06.129 62911 INFO tempest.lib.common.rest_client [req-7915be84-870c-4d21-af51-f15d2ce55ce5 req-7915be84-870c-4d21-af51-f15d2ce55ce5 ] Request (ListImageFiltersTestJSON:setUpClass): 201 POST http://10.180.1.21/identity/v3/auth/tokens 0.095s
2025-02-16 23:06:06.192 62891 INFO tempest.lib.common.rest_client [req-54bffd23-83d0-4cd6-a10b-24d0574f7b3c req-54bffd23-83d0-4cd6-a10b-24d0574f7b3c ] Request (ServerExternalEventsTest:test_create_server_external_events): 200 POST http://10.180.1.21/compute/v2.1/os-server-external-events 2.873s
2025-02-16 23:06:06.224 62895 INFO tempest.lib.common.rest_client [req-1ce00fd0-5381-442d-8066-f7c299d9cb34 req-1ce00fd0-5381-442d-8066-f7c299d9cb34 ] Request (FloatingIPDetailsNegativeTestJSON:setUpClass): 200 PUT http://10.180.1.21:9696/networking/v2.0/routers/a2b3250e-b782-44e0-966a-1ccf5020a22d/add_router_interface 3.738s
2025-02-16 23:06:06.225 62895 INFO tempest.lib.common.dynamic_creds [-] Created isolated network resources for: credentials: Credentials: {'domain_id': 'default', 'domain_name': 'Default', 'username': 'tempest-FloatingIPDetailsNegativeTestJSON-256917544-project-member', 'project_domain_id': 'default', 'project_domain_name': 'Default', 'project_id': '253145e06f804eaab86f94310e14425f', 'project_name': 'tempest-FloatingIPDetailsNegativeTestJSON-256917544', 'tenant_id': '253145e06f804eaab86f94310e14425f', 'tenant_name': 'tempest-FloatingIPDetailsNegativeTestJSON-256917544', 'user_domain_id': 'default', 'user_domain_name': 'Default', 'user_id': '99442b76404c4af9a4f2598c2f07e7cf', 'system': None}, Network: {'id': '4d1ded41-0bd2-46a5-bcdd-f7c735bcbd5c', 'name': 'tempest-FloatingIPDetailsNegativeTestJSON-508572556-network', 'tenant_id': '253145e06f804eaab86f94310e14425f', 'admin_state_up': True, 'mtu': 8950, 'status': 'ACTIVE', 'subnets': [], 'shared': False, 'project_id': '253145e06f804eaab86f94310e14425f', 'port_security_enabled': True, 'router:external': False, 'provider:network_type': 'vlan', 'provider:physical_network': 'default', 'provider:segmentation_id': 364, 'availability_zone_hints': [], 'availability_zones': [], 'ipv4_address_scope': None, 'ipv6_address_scope': None, 'description': '', 'tags': [], 'created_at': '2025-02-16T23:05:57Z', 'updated_at': '2025-02-16T23:05:57Z', 'revision_number': 1}, Subnet: {'id': '44d563da-3a5f-41a3-ab30-266e8771266b', 'name': 'tempest-FloatingIPDetailsNegativeTestJSON-508572556-subnet', 'tenant_id': '253145e06f804eaab86f94310e14425f', 'network_id': '4d1ded41-0bd2-46a5-bcdd-f7c735bcbd5c', 'ip_version': 4, 'subnetpool_id': None, 'enable_dhcp': True, 'ipv6_ra_mode': None, 'ipv6_address_mode': None, 'gateway_ip': '192.168.128.1', 'cidr': '192.168.128.0/28', 'allocation_pools': [{'start': '192.168.128.2', 'end': '192.168.128.14'}], 'host_routes': [], 'dns_nameservers': [], 'description': '', 'router:external': False, 'service_types': [], 'tags': [], 'created_at': '2025-02-16T23:05:57Z', 'updated_at': '2025-02-16T23:05:57Z', 'revision_number': 0, 'project_id': '253145e06f804eaab86f94310e14425f'}, Router: {'id': 'a2b3250e-b782-44e0-966a-1ccf5020a22d', 'name': 'tempest-FloatingIPDetailsNegativeTestJSON-508572556-router', 'tenant_id': '253145e06f804eaab86f94310e14425f', 'admin_state_up': True, 'status': 'ACTIVE', 'external_gateway_info': {'network_id': '88361233-c0c2-4b0c-813f-ee797ecc8f04', 'external_fixed_ips': [{'subnet_id': 'd43a3b7c-89ca-4ed1-bd2b-03f36c33c6a8', 'ip_address': '10.180.180.196'}], 'enable_snat': True}, 'description': '', 'availability_zones': [], 'distributed': False, 'ha': False, 'availability_zone_hints': [], 'routes': [], 'flavor_id': None, 'tags': [], 'created_at': '2025-02-16T23:05:58Z', 'updated_at': '2025-02-16T23:06:00Z', 'revision_number': 2, 'project_id': '253145e06f804eaab86f94310e14425f'}
2025-02-16 23:06:06.298 62903 INFO tempest.lib.common.rest_client [req-54b3e755-16ba-4208-b566-888a7751fa3a req-54b3e755-16ba-4208-b566-888a7751fa3a ] Request (ServerActionsV293TestJSON:setUpClass): 200 GET http://10.180.1.21/volume/v3/volumes/bc160cb4-f828-4e3f-aa8c-0807ea940e12 0.030s
2025-02-16 23:06:06.317 62895 INFO tempest.lib.common.rest_client [req-7faf9c1f-236c-471c-b737-2c64a8ad6ec4 req-7faf9c1f-236c-471c-b737-2c64a8ad6ec4 ] Request (FloatingIPDetailsNegativeTestJSON:setUpClass): 201 POST http://10.180.1.21/identity/v3/auth/tokens 0.089s
2025-02-16 23:06:06.340 62901 INFO tempest.lib.common.rest_client [req-45d6ecd3-ab7e-4531-a985-d87d57869c7c req-45d6ecd3-ab7e-4531-a985-d87d57869c7c ] Request (VolumesAssistedSnapshotsTest:test_volume_assisted_snapshot_create_delete): 200 GET http://10.180.1.21/compute/v2.1/servers/42b890a6-9eb2-4cfa-a1e3-b2550aef48ee 2.980s
2025-02-16 23:06:06.392 62889 INFO tempest.lib.common.rest_client [req-20a1cd18-6f6a-4d6d-acb4-ca85b4200838 req-20a1cd18-6f6a-4d6d-acb4-ca85b4200838 ] Request (FloatingIPsAssociationNegativeTestJSON:setUpClass): 200 GET http://10.180.1.21/compute/v2.1/servers/871d434f-10da-4097-a09e-713d5382b6fe 2.940s
2025-02-16 23:06:06.442 62885 INFO tempest.lib.common.rest_client [req-b6a23894-89c8-4051-aa1c-a355a4e97ade req-b6a23894-89c8-4051-aa1c-a355a4e97ade ] Request (ServersAdminNegativeTestJSON:setUpClass): 200 GET http://10.180.1.21/compute/v2.1/servers/88de8623-ecc8-4012-b68f-a35b3e2660f2 2.716s
2025-02-16 23:06:06.548 62899 INFO tempest.lib.common.rest_client [req-df5774ea-6333-434a-8a79-ff7327b74c9c req-df5774ea-6333-434a-8a79-ff7327b74c9c ] Request (ServerDiagnosticsTest:test_get_server_diagnostics): 200 GET http://10.180.1.21/compute/v2.1/servers/90c03d3c-ac81-46fa-993e-cc76598c52ff 2.582s
2025-02-16 23:06:06.563 62899 INFO tempest.common.waiters [-] State transition "BUILD/spawning" ==> "ACTIVE/None" after 32 second wait
2025-02-16 23:06:06.572 62911 INFO tempest.lib.common.rest_client [req-6b48e726-fae9-410b-b6c3-a9fec9a41d96 req-6b48e726-fae9-410b-b6c3-a9fec9a41d96 ] Request (ListImageFiltersTestJSON:setUpClass): 201 POST http://10.180.1.21/image/v2/images 0.442s
2025-02-16 23:06:06.617 62871 INFO tempest.lib.common.rest_client [req-36b28fb8-27b2-49bf-b0ae-359d3df1a912 req-36b28fb8-27b2-49bf-b0ae-359d3df1a912 ] Request (DeleteServersAdminTestJSON:test_admin_delete_servers_of_others): 200 GET http://10.180.1.21/compute/v2.1/servers/ae2956e9-3d9c-4805-bb91-9afd1382c8f7 2.514s
2025-02-16 23:06:06.624 62871 INFO tempest.common.waiters [-] State transition "ACTIVE/deleting" ==> "DELETED/None" after 7 second wait
2025-02-16 23:06:06.673 62905 INFO tempest.lib.common.rest_client [req-e6000fd0-a451-47d4-bdc8-417571b569a9 req-e6000fd0-a451-47d4-bdc8-417571b569a9 ] Request (ImagesNegativeTestJSON:test_create_image_from_deleted_server): 200 GET http://10.180.1.21/compute/v2.1/servers/ae88ae36-a3d3-4452-b1af-05e9cee1d1b4 2.476s
2025-02-16 23:06:06.765 62873 INFO tempest.lib.common.rest_client [req-47f389b3-0337-4985-9322-13178258168e req-47f389b3-0337-4985-9322-13178258168e ] Request (SecurityGroupsTestAdminJSON:test_list_security_groups_list_all_tenants_filter): 200 GET http://10.180.1.21/compute/v2.1/os-security-groups?all_tenants=true 7.640s
2025-02-16 23:06:06.817 62917 INFO tempest.lib.common.rest_client [req-604c7228-f28c-4eef-bdb7-35b0e563d9c2 req-604c7228-f28c-4eef-bdb7-35b0e563d9c2 ] Request (ServersTestBootFromVolume:setUpClass): 200 GET http://10.180.1.21/volume/v3/volumes/ad97c519-894f-4c6c-8112-d685916214ae 0.029s
2025-02-16 23:06:06.835 62869 INFO tempest.lib.common.rest_client [req-aa58f7ad-68b0-4ba8-8631-36d42868f0d6 req-aa58f7ad-68b0-4ba8-8631-36d42868f0d6 ] Request (InstanceActionsNegativeTestJSON:setUpClass): 200 GET http://10.180.1.21/compute/v2.1/servers/e25c0210-46c5-46f9-bad0-01c81aebdcd6 2.451s
2025-02-16 23:06:06.849 62897 INFO tempest.lib.common.rest_client [req-2938d94a-032d-4c01-98ba-a67ff9f98d4b req-2938d94a-032d-4c01-98ba-a67ff9f98d4b ] Request (KeyPairsV2TestJSON:test_get_keypair_detail): 200 GET http://10.180.1.21/compute/v2.1/os-keypairs/tempest-keypair-2033627601 2.448s
2025-02-16 23:06:06.881 62913 INFO tempest.lib.common.rest_client [req-14219f3d-df0b-446f-aec4-026ca7b3489c req-14219f3d-df0b-446f-aec4-026ca7b3489c ] Request (ServicesAdminNegativeV253TestJSON:test_get_service_with_valid_service_and_invalid_host): 200 GET http://10.180.1.21/compute/v2.1/os-services 2.453s
2025-02-16 23:06:06.955 62920 INFO tempest.lib.common.rest_client [req-e57cf42b-81e8-4f6e-afee-ffab92df499c req-e57cf42b-81e8-4f6e-afee-ffab92df499c ] Request (ServersTestManualDisk:setUpClass): 200 GET http://10.180.1.21/compute/v2.1/servers/7c2ab5d9-0bcc-4c11-9e7f-74436ce90749 2.505s
2025-02-16 23:06:07.036 62907 INFO tempest.lib.common.rest_client [req-a4cc8c8c-418e-4100-b91f-a27e3d141f10 req-a4cc8c8c-418e-4100-b91f-a27e3d141f10 ] Request (FloatingIPsAssociationTestJSON:test_associate_already_associated_floating_ip): 200 GET http://10.180.1.21/compute/v2.1/servers/2ed4e1b1-5f53-4974-b245-ea24d5ee17d4 2.539s
2025-02-16 23:06:07.044 62887 INFO tempest.lib.common.rest_client [req-daaae486-fae8-4d86-b48e-341c65fa408c req-daaae486-fae8-4d86-b48e-341c65fa408c ] Request (AggregatesAdminNegativeTestJSON:test_aggregate_list_as_user): 403 GET http://10.180.1.21/compute/v2.1/os-aggregates 2.458s
2025-02-16 23:06:07.065 62865 INFO tempest.lib.common.rest_client [req-a2c0be1e-7c10-480f-9ca2-8a4224ea6210 req-a2c0be1e-7c10-480f-9ca2-8a4224ea6210 ] Request (FlavorsAdminTestJSON:test_is_public_string_variations): 200 GET http://10.180.1.21/compute/v2.1/flavors/detail?is_public=false 2.241s
2025-02-16 23:06:07.081 62867 INFO tempest.lib.common.rest_client [req-775e9cc2-11c3-45ca-9aef-bb63e4e2537e req-775e9cc2-11c3-45ca-9aef-bb63e4e2537e ] Request (ServerGroupTestJSON:test_create_delete_multiple_server_groups_with_same_name_policy): 200 GET http://10.180.1.21/compute/v2.1/os-server-groups 2.237s
2025-02-16 23:06:07.115 62915 INFO tempest.lib.common.rest_client [req-4095e931-da7a-421d-9de4-4e4dc3c37d80 req-4095e931-da7a-421d-9de4-4e4dc3c37d80 ] Request (QuotaClassesAdmin257Test:_run_cleanups): 200 PUT http://10.180.1.21/compute/v2.1/os-quota-class-sets/default 1.910s
2025-02-16 23:06:07.221 62875 INFO tempest.lib.common.rest_client [req-be4c67ab-35b2-4348-84e9-d82eb7897616 req-be4c67ab-35b2-4348-84e9-d82eb7897616 ] Request (SecurityGroupsNegativeTestJSON:test_delete_nonexistent_security_group): 404 DELETE http://10.180.1.21/compute/v2.1/os-security-groups/9da2c959-dedc-4553-919c-2b2abe47ebf4 1.717s
2025-02-16 23:06:07.248 62879 INFO tempest.lib.common.rest_client [req-15953911-4e0d-480e-8855-1aedf3f522f3 req-15953911-4e0d-480e-8855-1aedf3f522f3 ] Request (FloatingIPDetailsTestJSON:setUpClass): 200 POST http://10.180.1.21/compute/v2.1/os-floating-ips 2.973s
2025-02-16 23:06:07.297 62915 INFO tempest.lib.common.rest_client [req-be88d817-b208-4b65-b759-a0112822236c req-be88d817-b208-4b65-b759-a0112822236c ] Request (QuotaClassesAdmin257Test:tearDownClass): 204 DELETE http://10.180.1.21/identity/v3/users/c73c1502322e4604a1511eb540c3cbcd 0.169s
2025-02-16 23:06:07.317 62927 INFO tempest.lib.common.rest_client [req-6163d1e9-8ffb-4c7f-9299-b3440c07f0f2 req-6163d1e9-8ffb-4c7f-9299-b3440c07f0f2 ] Request (QuotasAdminTestV257:test_get_updated_quotas): 200 GET http://10.180.1.21/identity/v3/domains?name=Default 0.133s
2025-02-16 23:06:07.324 62883 INFO tempest.lib.common.rest_client [req-856edd45-10fd-4779-aff0-438560443edb req-856edd45-10fd-4779-aff0-438560443edb ] Request (ImagesTestJSON:test_create_image_from_stopped_server): 200 GET http://10.180.1.21/compute/v2.1/servers/bbd82d1c-e0ef-4039-a836-45977b9e3eb4 1.341s
2025-02-16 23:06:07.350 62903 INFO tempest.lib.common.rest_client [req-74a1b70b-6b0a-43fb-991a-9a00f9970919 req-74a1b70b-6b0a-43fb-991a-9a00f9970919 ] Request (ServerActionsV293TestJSON:setUpClass): 200 GET http://10.180.1.21/volume/v3/volumes/bc160cb4-f828-4e3f-aa8c-0807ea940e12 0.043s
2025-02-16 23:06:07.383 62927 INFO tempest.lib.common.rest_client [req-8c08fcf0-8062-416e-ab1b-3eef4be7e3cf req-8c08fcf0-8062-416e-ab1b-3eef4be7e3cf ] Request (QuotasAdminTestV257:test_get_updated_quotas): 201 POST http://10.180.1.21/identity/v3/projects 0.065s
2025-02-16 23:06:07.406 62923 INFO tempest.lib.common.rest_client [req-110ca234-9118-4e25-9fd4-33befad8a3c8 req-110ca234-9118-4e25-9fd4-33befad8a3c8 ] Request (ServersAdminTestJSON:setUpClass): 200 GET http://10.180.1.21/compute/v2.1/servers/dc6ba048-7bcc-4bc9-a04c-997e92db3b3c 1.823s
2025-02-16 23:06:07.434 62915 INFO tempest.lib.common.rest_client [req-80793750-555b-47a8-935b-b957bc694303 req-80793750-555b-47a8-935b-b957bc694303 ] Request (QuotaClassesAdmin257Test:tearDownClass): 204 DELETE http://10.180.1.21/identity/v3/users/f285a910247b4717915b969e9d6cf399 0.137s
2025-02-16 23:06:07.434 62915 INFO tempest.lib.common.dynamic_creds [-] Deleting project and security group for project: 2aa716b2402e4d3095b551425a24ccd7
2025-02-16 23:06:07.471 62877 INFO tempest.lib.common.rest_client [req-6c7de01f-930b-4a37-8bac-d5c41d377049 req-6c7de01f-930b-4a37-8bac-d5c41d377049 ] Request (ServersWithSpecificFlavorTestJSON:test_verify_created_server_ephemeral_disk): 200 GET http://10.180.1.21/compute/v2.1/servers/8a7329fe-c387-463f-9db3-e093ceac1587 1.430s
2025-02-16 23:06:07.477 62927 INFO tempest.lib.common.rest_client [req-dc000310-6c2c-455f-8c52-84296e6abc27 req-dc000310-6c2c-455f-8c52-84296e6abc27 ] Request (QuotasAdminTestV257:test_get_updated_quotas): 200 GET http://10.180.1.21/identity/v3/domains?name=Default 0.093s
2025-02-16 23:06:07.493 62915 INFO tempest.lib.common.rest_client [req-92b14e51-686b-4a76-8a35-5a4f104d87c6 req-92b14e51-686b-4a76-8a35-5a4f104d87c6 ] Request (QuotaClassesAdmin257Test:tearDownClass): 201 POST http://10.180.1.21/identity/v3/auth/tokens 0.058s
2025-02-16 23:06:07.540 62891 INFO tempest.lib.common.rest_client [req-a5c916ec-ecb6-43cf-9211-f7ba0bf169de req-a5c916ec-ecb6-43cf-9211-f7ba0bf169de ] Request (ServerExternalEventsTest:tearDownClass): 204 DELETE http://10.180.1.21/compute/v2.1/servers/495420a0-b53a-4bab-8914-ef0cdc3fa4f0 1.338s
2025-02-16 23:06:07.592 62925 INFO tempest.lib.common.rest_client [req-55d98c23-3e6d-4ab3-8008-7dfdaff93e9a req-55d98c23-3e6d-4ab3-8008-7dfdaff93e9a ] Request (ServerPasswordTestJSON:setUpClass): 200 GET http://10.180.1.21/compute/v2.1/servers/c544660f-ea05-4dbe-81df-041094a38074 1.399s
2025-02-16 23:06:07.685 62915 INFO tempest.lib.common.rest_client [req-1da019b0-7782-4bdf-8c11-67f74de273c7 req-1da019b0-7782-4bdf-8c11-67f74de273c7 ] Request (QuotaClassesAdmin257Test:tearDownClass): 200 GET http://10.180.1.21:9696/networking/v2.0/security-groups?tenant_id=2aa716b2402e4d3095b551425a24ccd7&name=default 0.191s
2025-02-16 23:06:07.687 62895 INFO tempest.lib.common.rest_client [req-374f3afe-a595-4d51-abc1-d0523d41a0ed req-374f3afe-a595-4d51-abc1-d0523d41a0ed ] Request (FloatingIPDetailsNegativeTestJSON:test_get_nonexistent_floating_ip_details): 404 GET http://10.180.1.21/compute/v2.1/os-floating-ips/58a44c84-9a17-41ba-9ac2-7f75772c9139 1.369s
2025-02-16 23:06:07.786 62881 INFO tempest.lib.common.rest_client [req-d2d82cfb-2967-46a9-8579-a5d83f35d77f req-d2d82cfb-2967-46a9-8579-a5d83f35d77f ] Request (TenantUsagesTestJSON:tearDownClass): 200 GET http://10.180.1.21/compute/v2.1/servers/3791101d-9f8e-4023-b380-2dbda925d284 1.334s
2025-02-16 23:06:07.799 62909 INFO tempest.lib.common.rest_client [req-7de9c54e-0a85-4f2c-880c-61cb38460185 req-7de9c54e-0a85-4f2c-880c-61cb38460185 ] Request (MigrationsAdminTest:test_list_migrations_in_flavor_resize_situation): 200 GET http://10.180.1.21/compute/v2.1/servers/a566548a-61e1-446e-8af0-f56f091f6f8a 1.456s
2025-02-16 23:06:07.811 62909 INFO tempest.common.waiters [-] State transition "BUILD/spawning" ==> "ACTIVE/None" after 34 second wait
2025-02-16 23:06:07.865 62917 INFO tempest.lib.common.rest_client [req-aa6fb64e-e0b8-4897-bc19-a33174514ac6 req-aa6fb64e-e0b8-4897-bc19-a33174514ac6 ] Request (ServersTestBootFromVolume:setUpClass): 200 GET http://10.180.1.21/volume/v3/volumes/ad97c519-894f-4c6c-8112-d685916214ae 0.039s
2025-02-16 23:06:07.929 62915 INFO tempest.lib.common.rest_client [req-26ccce4b-a2e8-4a11-a066-b9d329312eac req-26ccce4b-a2e8-4a11-a066-b9d329312eac ] Request (QuotaClassesAdmin257Test:tearDownClass): 204 DELETE http://10.180.1.21:9696/networking/v2.0/security-groups/3b2a10a0-16cf-4329-a5e3-e6d94695ee07 0.243s
2025-02-16 23:06:08.020 62873 INFO tempest.lib.common.rest_client [req-89885aca-bb70-4738-a107-0f1f3cc3e7a1 req-89885aca-bb70-4738-a107-0f1f3cc3e7a1 ] Request (SecurityGroupsTestAdminJSON:test_list_security_groups_list_all_tenants_filter): 200 GET http://10.180.1.21/compute/v2.1/os-security-groups?all_tenants=true 1.242s
2025-02-16 23:06:08.047 62897 INFO tempest.lib.common.rest_client [req-cf43ea08-3b0a-4053-9a17-8d16802e2b8e req-cf43ea08-3b0a-4053-9a17-8d16802e2b8e ] Request (KeyPairsV2TestJSON:_run_cleanups): 202 DELETE http://10.180.1.21/compute/v2.1/os-keypairs/tempest-keypair-2033627601 1.196s
2025-02-16 23:06:08.071 62915 INFO tempest.lib.common.rest_client [req-f9a65b00-0a9e-4ad1-a130-9a23c8eddb6e req-f9a65b00-0a9e-4ad1-a130-9a23c8eddb6e ] Request (QuotaClassesAdmin257Test:tearDownClass): 204 DELETE http://10.180.1.21/identity/v3/projects/2aa716b2402e4d3095b551425a24ccd7 0.141s
2025-02-16 23:06:08.071 62915 INFO tempest.lib.common.dynamic_creds [-] Deleting project and security group for project: 3b72a4a41b8f4a7abfdefe0214fe49d4
2025-02-16 23:06:08.080 62913 INFO tempest.lib.common.rest_client [req-551acf8f-2d14-425d-8ea7-27fd6a24aa07 req-551acf8f-2d14-425d-8ea7-27fd6a24aa07 ] Request (ServicesAdminNegativeV253TestJSON:test_get_service_with_valid_service_and_invalid_host): 200 GET http://10.180.1.21/compute/v2.1/os-services?host=xxx&binary=nova-scheduler 1.196s
2025-02-16 23:06:08.152 62887 INFO tempest.lib.common.rest_client [req-7b7df271-0890-45d5-ab4a-80869637ab7d req-7b7df271-0890-45d5-ab4a-80869637ab7d ] Request (AggregatesAdminNegativeTestJSON:test_aggregate_remove_host_as_user): 200 POST http://10.180.1.21/compute/v2.1/os-aggregates 1.106s
2025-02-16 23:06:08.197 62865 INFO tempest.lib.common.rest_client [req-b6a3408a-0078-43db-a457-e47398edc566 req-b6a3408a-0078-43db-a457-e47398edc566 ] Request (FlavorsAdminTestJSON:test_is_public_string_variations): 200 GET http://10.180.1.21/compute/v2.1/flavors/detail?is_public=no 1.129s
2025-02-16 23:06:08.234 62915 INFO tempest.lib.common.rest_client [req-610c7557-ec4e-48d7-bf1a-316f5fbb4d79 req-610c7557-ec4e-48d7-bf1a-316f5fbb4d79 ] Request (QuotaClassesAdmin257Test:tearDownClass): 200 GET http://10.180.1.21:9696/networking/v2.0/security-groups?tenant_id=3b72a4a41b8f4a7abfdefe0214fe49d4&name=default 0.163s
2025-02-16 23:06:08.268 62867 INFO tempest.lib.common.rest_client [req-0dbfd4d1-8cae-44f2-b97a-23589c9b7827 req-0dbfd4d1-8cae-44f2-b97a-23589c9b7827 ] Request (ServerGroupTestJSON:test_create_delete_server_group_with_affinity_policy): 200 POST http://10.180.1.21/compute/v2.1/os-server-groups 1.184s
2025-02-16 23:06:08.268 62875 INFO tempest.lib.common.rest_client [req-08491b3a-84ef-4673-b67c-630576abba54 req-08491b3a-84ef-4673-b67c-630576abba54 ] Request (SecurityGroupsNegativeTestJSON:test_delete_security_group_without_passing_id): 404 DELETE http://10.180.1.21/compute/v2.1/os-security-groups/ 1.046s
2025-02-16 23:06:08.366 62915 INFO tempest.lib.common.rest_client [req-8b9b11c7-bd7b-4a10-9787-366b92adf6b0 req-8b9b11c7-bd7b-4a10-9787-366b92adf6b0 ] Request (QuotaClassesAdmin257Test:tearDownClass): 204 DELETE http://10.180.1.21:9696/networking/v2.0/security-groups/58ba41d1-aef6-4436-8e93-c8576c9bcdb9 0.131s
2025-02-16 23:06:08.378 62911 INFO tempest.lib.common.rest_client [req-78f373bd-21aa-4f40-b5ab-b56735c59e72 req-78f373bd-21aa-4f40-b5ab-b56735c59e72 ] Request (ListImageFiltersTestJSON:setUpClass): 204 PUT http://10.180.1.21/image/v2/images/ef70d113-cff1-40b7-94b7-8f1df4bc9fa3/file 0.804s
2025-02-16 23:06:08.398 62903 INFO tempest.lib.common.rest_client [req-a5e3a921-968f-4065-b336-31128b521712 req-a5e3a921-968f-4065-b336-31128b521712 ] Request (ServerActionsV293TestJSON:setUpClass): 200 GET http://10.180.1.21/volume/v3/volumes/bc160cb4-f828-4e3f-aa8c-0807ea940e12 0.036s
2025-02-16 23:06:08.474 62915 INFO tempest.lib.common.rest_client [req-cdce4000-ed94-47c9-b8e5-f5499a875424 req-cdce4000-ed94-47c9-b8e5-f5499a875424 ] Request (QuotaClassesAdmin257Test:tearDownClass): 204 DELETE http://10.180.1.21/identity/v3/projects/3b72a4a41b8f4a7abfdefe0214fe49d4 0.108s
2025-02-16 23:06:08.489 62899 INFO tempest.lib.common.rest_client [req-e860d29f-449e-4ce7-b826-64df38b8dc5c req-e860d29f-449e-4ce7-b826-64df38b8dc5c ] Request (ServerDiagnosticsTest:test_get_server_diagnostics): 200 GET http://10.180.1.21/compute/v2.1/servers/90c03d3c-ac81-46fa-993e-cc76598c52ff/diagnostics 1.924s
2025-02-16 23:06:08.536 62915 INFO tempest.lib.common.rest_client [req-ef73d616-5f24-4492-9ffa-6eee00595a28 req-ef73d616-5f24-4492-9ffa-6eee00595a28 ] Request (ServersListShow296Test:setUpClass): 201 POST http://10.180.1.21/identity/v3/auth/tokens 0.060s
2025-02-16 23:06:08.566 62915 INFO tempest.lib.common.rest_client [req-65a5c6b3-8f1e-4282-b959-0fa80e6e69da req-65a5c6b3-8f1e-4282-b959-0fa80e6e69da ] Request (ServersListShow296Test:setUpClass): 201 POST http://10.180.1.21/identity/v3/auth/tokens 0.027s
2025-02-16 23:06:08.590 62915 INFO tempest.lib.common.rest_client [req-5ab3c6a4-07cf-4407-a415-2c86dfbfa88c req-5ab3c6a4-07cf-4407-a415-2c86dfbfa88c ] Request (ServersListShow296Test:setUpClass): 200 GET http://10.180.1.21/identity/v3/domains?name=Default 0.024s
2025-02-16 23:06:08.624 62915 INFO tempest.lib.common.rest_client [req-548ca5c5-90e4-4bed-819d-5a16abd4ea78 req-548ca5c5-90e4-4bed-819d-5a16abd4ea78 ] Request (ServersListShow296Test:setUpClass): 201 POST http://10.180.1.21/identity/v3/projects 0.033s
2025-02-16 23:06:08.654 62901 INFO tempest.lib.common.rest_client [req-d5934d41-2328-46be-846d-e382c3369f49 req-d5934d41-2328-46be-846d-e382c3369f49 ] Request (VolumesAssistedSnapshotsTest:test_volume_assisted_snapshot_create_delete): 200 GET http://10.180.1.21/compute/v2.1/servers/42b890a6-9eb2-4cfa-a1e3-b2550aef48ee 1.299s
2025-02-16 23:06:08.690 62915 INFO tempest.lib.common.rest_client [req-926f3ff1-20bc-44b1-82b2-0082a1ce9de6 req-926f3ff1-20bc-44b1-82b2-0082a1ce9de6 ] Request (ServersListShow296Test:setUpClass): 201 POST http://10.180.1.21/identity/v3/users 0.065s
2025-02-16 23:06:08.715 62915 INFO tempest.lib.common.rest_client [req-709ddf28-24e9-480c-8c14-58d61c1e7518 req-709ddf28-24e9-480c-8c14-58d61c1e7518 ] Request (ServersListShow296Test:setUpClass): 200 GET http://10.180.1.21/identity/v3/roles 0.025s
2025-02-16 23:06:08.721 62889 INFO tempest.lib.common.rest_client [req-811f36d5-2dc4-4dd7-8b85-02556ec073f6 req-811f36d5-2dc4-4dd7-8b85-02556ec073f6 ] Request (FloatingIPsAssociationNegativeTestJSON:setUpClass): 200 GET http://10.180.1.21/compute/v2.1/servers/871d434f-10da-4097-a09e-713d5382b6fe 1.318s
2025-02-16 23:06:08.729 62889 INFO tempest.common.waiters [-] State transition "BUILD/scheduling" ==> "BUILD/None" after 9 second wait
2025-02-16 23:06:08.757 62915 INFO tempest.lib.common.rest_client [req-236f26d5-9d53-490a-884e-18be78841b08 req-236f26d5-9d53-490a-884e-18be78841b08 ] Request (ServersListShow296Test:setUpClass): 204 PUT http://10.180.1.21/identity/v3/projects/6e0d1072d71d452980b3fc4986e283b4/users/b011c9746f4d4c26a8e0a941d0df0004/roles/1b5c882c05ed4b56be6c4b3d6213d207 0.041s
2025-02-16 23:06:08.757 62915 INFO tempest.lib.common.dynamic_creds [-] Dynamic test user b011c9746f4d4c26a8e0a941d0df0004 is created with scope project and roles: ['member']
2025-02-16 23:06:08.757 62915 INFO tempest.lib.common.dynamic_creds [-] Acquired dynamic creds: credentials: Credentials: {'domain_id': 'default', 'domain_name': 'Default', 'username': 'tempest-ServersListShow296Test-1700841157-project-member', 'project_domain_id': 'default', 'project_domain_name': 'Default', 'project_id': '6e0d1072d71d452980b3fc4986e283b4', 'project_name': 'tempest-ServersListShow296Test-1700841157', 'tenant_id': '6e0d1072d71d452980b3fc4986e283b4', 'tenant_name': 'tempest-ServersListShow296Test-1700841157', 'user_domain_id': 'default', 'user_domain_name': 'Default', 'user_id': 'b011c9746f4d4c26a8e0a941d0df0004', 'system': None}, Network: None, Subnet: None, Router: None
2025-02-16 23:06:08.757 62915 INFO tempest.lib.common.dynamic_creds [-] Created isolated network resources for: credentials: Credentials: {'domain_id': 'default', 'domain_name': 'Default', 'username': 'tempest-ServersListShow296Test-1700841157-project-member', 'project_domain_id': 'default', 'project_domain_name': 'Default', 'project_id': '6e0d1072d71d452980b3fc4986e283b4', 'project_name': 'tempest-ServersListShow296Test-1700841157', 'tenant_id': '6e0d1072d71d452980b3fc4986e283b4', 'tenant_name': 'tempest-ServersListShow296Test-1700841157', 'user_domain_id': 'default', 'user_domain_name': 'Default', 'user_id': 'b011c9746f4d4c26a8e0a941d0df0004', 'system': None}, Network: None, Subnet: None, Router: None
2025-02-16 23:06:08.785 62885 INFO tempest.lib.common.rest_client [req-5f10ab19-35aa-42a6-8c91-2792a30c35b1 req-5f10ab19-35aa-42a6-8c91-2792a30c35b1 ] Request (ServersAdminNegativeTestJSON:setUpClass): 200 GET http://10.180.1.21/compute/v2.1/servers/88de8623-ecc8-4012-b68f-a35b3e2660f2 1.331s
2025-02-16 23:06:08.862 62879 INFO tempest.lib.common.rest_client [req-4dd5bb9d-124b-4330-bf16-8c78dfbd7930 req-4dd5bb9d-124b-4330-bf16-8c78dfbd7930 ] Request (FloatingIPDetailsTestJSON:setUpClass): 200 POST http://10.180.1.21/compute/v2.1/os-floating-ips 1.611s
2025-02-16 23:06:08.866 62915 INFO tempest.lib.common.rest_client [req-00434ba8-739e-4c7e-b28e-ec445e538872 req-00434ba8-739e-4c7e-b28e-ec445e538872 ] Request (ServersListShow296Test:setUpClass): 201 POST http://10.180.1.21/identity/v3/auth/tokens 0.104s
2025-02-16 23:06:08.911 62915 INFO tempest.lib.common.rest_client [req-3090269e-2edc-489d-9c36-1f5a423bf93d req-3090269e-2edc-489d-9c36-1f5a423bf93d ] Request (ServersListShow296Test:test_list_show_server_296): 201 POST http://10.180.1.21/identity/v3/auth/tokens 0.039s
2025-02-16 23:06:08.912 62915 INFO tempest.lib.common.fixed_network [-] (ServersListShow296Test:test_list_show_server_296) Found network None available for tenant
2025-02-16 23:06:08.923 62917 INFO tempest.lib.common.rest_client [req-fb980576-ca64-4f53-b28d-ca35d7e45090 req-fb980576-ca64-4f53-b28d-ca35d7e45090 ] Request (ServersTestBootFromVolume:setUpClass): 200 GET http://10.180.1.21/volume/v3/volumes/ad97c519-894f-4c6c-8112-d685916214ae 0.046s
2025-02-16 23:06:08.945 62895 INFO tempest.lib.common.rest_client [req-beb98ab4-a53a-4f04-8fe9-41915943446a req-beb98ab4-a53a-4f04-8fe9-41915943446a ] Request (FloatingIPDetailsNegativeTestJSON:tearDownClass): 200 PUT http://10.180.1.21:9696/networking/v2.0/routers/a2b3250e-b782-44e0-966a-1ccf5020a22d/remove_router_interface 1.255s
2025-02-16 23:06:09.013 62891 INFO tempest.lib.common.rest_client [req-75bfda85-ef85-49a3-a19c-a55041a765b5 req-75bfda85-ef85-49a3-a19c-a55041a765b5 ] Request (ServerExternalEventsTest:tearDownClass): 200 GET http://10.180.1.21/compute/v2.1/servers/495420a0-b53a-4bab-8914-ef0cdc3fa4f0 1.472s
2025-02-16 23:06:09.019 62927 INFO tempest.lib.common.rest_client [req-fe1baf7b-e4d4-4a43-8a66-963e660dce3f req-fe1baf7b-e4d4-4a43-8a66-963e660dce3f ] Request (QuotasAdminTestV257:test_get_updated_quotas): 200 PUT http://10.180.1.21/compute/v2.1/os-quota-sets/6bed95776960496db1e0901261f2e0c1 1.542s
2025-02-16 23:06:09.082 62871 INFO tempest.lib.common.rest_client [req-eec2c9da-56a2-4fe9-af91-8e9a1d6290f9 req-eec2c9da-56a2-4fe9-af91-8e9a1d6290f9 ] Request (DeleteServersAdminTestJSON:test_admin_delete_servers_of_others): 200 GET http://10.180.1.21/compute/v2.1/servers/ae2956e9-3d9c-4805-bb91-9afd1382c8f7 1.457s
2025-02-16 23:06:09.191 62905 INFO tempest.lib.common.rest_client [req-1ede2127-ace6-4068-8e02-34272403cb10 req-1ede2127-ace6-4068-8e02-34272403cb10 ] Request (ImagesNegativeTestJSON:test_create_image_from_deleted_server): 200 GET http://10.180.1.21/compute/v2.1/servers/ae88ae36-a3d3-4452-b1af-05e9cee1d1b4 1.508s
2025-02-16 23:06:09.201 62905 INFO tempest.common.waiters [-] State transition "BUILD/None" ==> "BUILD/spawning" after 17 second wait
2025-02-16 23:06:09.249 62869 INFO tempest.lib.common.rest_client [req-37c4702c-3557-4e4a-b961-391f9523d18c req-37c4702c-3557-4e4a-b961-391f9523d18c ] Request (InstanceActionsNegativeTestJSON:setUpClass): 200 GET http://10.180.1.21/compute/v2.1/servers/e25c0210-46c5-46f9-bad0-01c81aebdcd6 1.400s
2025-02-16 23:06:09.285 62909 INFO tempest.lib.common.rest_client [req-b56e436c-d13c-4d7a-bf13-081c28556e2a req-b56e436c-d13c-4d7a-bf13-081c28556e2a ] Request (MigrationsAdminTest:test_list_migrations_in_flavor_resize_situation): 202 POST http://10.180.1.21/compute/v2.1/servers/a566548a-61e1-446e-8af0-f56f091f6f8a/action 1.474s
2025-02-16 23:06:09.307 62920 INFO tempest.lib.common.rest_client [req-629d3268-1078-40cb-ba07-8402376010bf req-629d3268-1078-40cb-ba07-8402376010bf ] Request (ServersTestManualDisk:setUpClass): 200 GET http://10.180.1.21/compute/v2.1/servers/7c2ab5d9-0bcc-4c11-9e7f-74436ce90749 1.339s
2025-02-16 23:06:09.375 62907 INFO tempest.lib.common.rest_client [req-6add88e1-a036-4e09-b7b6-660880553cdc req-6add88e1-a036-4e09-b7b6-660880553cdc ] Request (FloatingIPsAssociationTestJSON:test_associate_already_associated_floating_ip): 200 GET http://10.180.1.21/compute/v2.1/servers/2ed4e1b1-5f53-4974-b245-ea24d5ee17d4 1.326s
2025-02-16 23:06:09.385 62907 INFO tempest.common.waiters [-] State transition "BUILD/scheduling" ==> "BUILD/None" after 9 second wait
2025-02-16 23:06:09.413 62897 INFO tempest.lib.common.rest_client [req-d1fc7f6f-0732-4705-a441-15d76f526dfc req-d1fc7f6f-0732-4705-a441-15d76f526dfc ] Request (KeyPairsV2TestJSON:test_keypair_create_delete): 200 POST http://10.180.1.21/compute/v2.1/os-keypairs 1.364s
2025-02-16 23:06:09.414 62895 INFO tempest.lib.common.rest_client [req-81770e6d-cd62-46cb-b427-6611ff05ca00 req-81770e6d-cd62-46cb-b427-6611ff05ca00 ] Request (FloatingIPDetailsNegativeTestJSON:tearDownClass): 204 DELETE http://10.180.1.21:9696/networking/v2.0/routers/a2b3250e-b782-44e0-966a-1ccf5020a22d 0.468s
2025-02-16 23:06:09.424 62873 INFO tempest.lib.common.rest_client [req-4f34c516-2b6f-40b9-81ee-f74fab2adc58 req-4f34c516-2b6f-40b9-81ee-f74fab2adc58 ] Request (SecurityGroupsTestAdminJSON:_run_cleanups): 202 DELETE http://10.180.1.21/compute/v2.1/os-security-groups/f452b6aa-c08e-4df3-8687-633042691e8b 1.401s
2025-02-16 23:06:09.448 62903 INFO tempest.lib.common.rest_client [req-fdbc3420-4bc4-40f4-9b29-47bfcbaf695c req-fdbc3420-4bc4-40f4-9b29-47bfcbaf695c ] Request (ServerActionsV293TestJSON:setUpClass): 200 GET http://10.180.1.21/volume/v3/volumes/bc160cb4-f828-4e3f-aa8c-0807ea940e12 0.041s
2025-02-16 23:06:09.497 62913 INFO tempest.lib.common.rest_client [req-53459e44-ba09-4fbd-bb7d-91c73f4198d7 req-53459e44-ba09-4fbd-bb7d-91c73f4198d7 ] Request (ServicesAdminNegativeV253TestJSON:test_list_services_with_non_admin_user): 403 GET http://10.180.1.21/compute/v2.1/os-services 1.412s
2025-02-16 23:06:09.518 62865 INFO tempest.lib.common.rest_client [req-5edbd7a6-f526-4726-94d9-b677926043b1 req-5edbd7a6-f526-4726-94d9-b677926043b1 ] Request (FlavorsAdminTestJSON:test_is_public_string_variations): 200 GET http://10.180.1.21/compute/v2.1/flavors/detail?is_public=0 1.317s
2025-02-16 23:06:09.597 62895 INFO tempest.lib.common.rest_client [req-cf45a6a9-67b9-4ccc-9bb7-8a6a6b1323ea req-cf45a6a9-67b9-4ccc-9bb7-8a6a6b1323ea ] Request (FloatingIPDetailsNegativeTestJSON:tearDownClass): 204 DELETE http://10.180.1.21:9696/networking/v2.0/subnets/44d563da-3a5f-41a3-ab30-266e8771266b 0.182s
2025-02-16 23:06:09.637 62913 INFO tempest.lib.common.rest_client [req-89df5554-a211-4a9b-99d3-5c925bbe22f0 req-89df5554-a211-4a9b-99d3-5c925bbe22f0 ] Request (ServicesAdminNegativeV253TestJSON:tearDownClass): 204 DELETE http://10.180.1.21/identity/v3/users/5741cb6ca1984be0b9817ecaff9d8efe 0.138s
2025-02-16 23:06:09.725 62875 INFO tempest.lib.common.rest_client [req-e3fa35eb-0f0c-40a5-a20a-aca216697df8 req-e3fa35eb-0f0c-40a5-a20a-aca216697df8 ] Request (SecurityGroupsNegativeTestJSON:test_delete_the_default_security_group): 200 GET http://10.180.1.21/compute/v2.1/os-security-groups 1.455s
2025-02-16 23:06:09.748 62867 INFO tempest.lib.common.rest_client [req-e7b3e069-119a-4b3d-b30b-ac1658110f79 req-e7b3e069-119a-4b3d-b30b-ac1658110f79 ] Request (ServerGroupTestJSON:test_create_delete_server_group_with_affinity_policy): 204 DELETE http://10.180.1.21/compute/v2.1/os-server-groups/84b5f4ab-55eb-47be-83dd-a3558d1767fa 1.478s
2025-02-16 23:06:09.751 62913 INFO tempest.lib.common.rest_client [req-03874221-126e-4c20-9f87-b6c75ed82b5f req-03874221-126e-4c20-9f87-b6c75ed82b5f ] Request (ServicesAdminNegativeV253TestJSON:tearDownClass): 204 DELETE http://10.180.1.21/identity/v3/users/932bb69c923c4cc0991f07fcbaeb2190 0.112s
2025-02-16 23:06:09.751 62913 INFO tempest.lib.common.dynamic_creds [-] Deleting project and security group for project: 170bb3a1536644b49c7e9f9cffcd5718
2025-02-16 23:06:09.824 62895 INFO tempest.lib.common.rest_client [req-50c1f940-06bd-4382-b8bd-17faf846fbcf req-50c1f940-06bd-4382-b8bd-17faf846fbcf ] Request (FloatingIPDetailsNegativeTestJSON:tearDownClass): 204 DELETE http://10.180.1.21:9696/networking/v2.0/networks/4d1ded41-0bd2-46a5-bcdd-f7c735bcbd5c 0.226s
2025-02-16 23:06:09.824 62883 INFO tempest.lib.common.rest_client [req-09338290-abf2-4673-9f36-f9e94a53bec6 req-09338290-abf2-4673-9f36-f9e94a53bec6 ] Request (ImagesTestJSON:test_create_image_from_stopped_server): 200 GET http://10.180.1.21/compute/v2.1/servers/bbd82d1c-e0ef-4039-a836-45977b9e3eb4 1.491s
2025-02-16 23:06:09.825 62913 INFO tempest.lib.common.rest_client [req-58205314-fbf7-4ecc-861d-f97b6525f263 req-58205314-fbf7-4ecc-861d-f97b6525f263 ] Request (ServicesAdminNegativeV253TestJSON:tearDownClass): 201 POST http://10.180.1.21/identity/v3/auth/tokens 0.074s
2025-02-16 23:06:09.835 62883 INFO tempest.common.waiters [-] State transition "BUILD/scheduling" ==> "BUILD/None" after 2 second wait
2025-02-16 23:06:09.850 62887 INFO tempest.lib.common.rest_client [req-ec6ec360-fbb6-40d1-9ab0-f748f3b22ac6 req-ec6ec360-fbb6-40d1-9ab0-f748f3b22ac6 ] Request (AggregatesAdminNegativeTestJSON:test_aggregate_remove_host_as_user): 200 POST http://10.180.1.21/compute/v2.1/os-aggregates/7/action 1.693s
2025-02-16 23:06:09.877 62911 INFO tempest.lib.common.rest_client [req-b679c66a-54f8-4255-80f5-8cb49075b580 req-b679c66a-54f8-4255-80f5-8cb49075b580 ] Request (ListImageFiltersTestJSON:setUpClass): 200 GET http://10.180.1.21/compute/v2.1/images/ef70d113-cff1-40b7-94b7-8f1df4bc9fa3 1.498s
2025-02-16 23:06:09.921 62895 INFO tempest.lib.common.rest_client [req-371b038b-93dd-4002-a92f-d54ef520825f req-371b038b-93dd-4002-a92f-d54ef520825f ] Request (FloatingIPDetailsNegativeTestJSON:tearDownClass): 204 DELETE http://10.180.1.21/identity/v3/users/99442b76404c4af9a4f2598c2f07e7cf 0.096s
2025-02-16 23:06:09.921 62895 INFO tempest.lib.common.dynamic_creds [-] Deleting project and security group for project: 253145e06f804eaab86f94310e14425f
2025-02-16 23:06:09.980 62895 INFO tempest.lib.common.rest_client [req-af8f35e8-ea3b-4b87-b2a4-f23d9524f847 req-af8f35e8-ea3b-4b87-b2a4-f23d9524f847 ] Request (FloatingIPDetailsNegativeTestJSON:tearDownClass): 200 GET http://10.180.1.21:9696/networking/v2.0/security-groups?tenant_id=253145e06f804eaab86f94310e14425f&name=default 0.058s
2025-02-16 23:06:09.985 62917 INFO tempest.lib.common.rest_client [req-3b8aa6ad-f220-495e-b3fc-ca76686f3874 req-3b8aa6ad-f220-495e-b3fc-ca76686f3874 ] Request (ServersTestBootFromVolume:setUpClass): 200 GET http://10.180.1.21/volume/v3/volumes/ad97c519-894f-4c6c-8112-d685916214ae 0.041s
2025-02-16 23:06:10.026 62923 INFO tempest.lib.common.rest_client [req-a8626b05-4229-4b3a-b6f3-0ac6cdfde61e req-a8626b05-4229-4b3a-b6f3-0ac6cdfde61e ] Request (ServersAdminTestJSON:setUpClass): 200 GET http://10.180.1.21/compute/v2.1/servers/dc6ba048-7bcc-4bc9-a04c-997e92db3b3c 1.606s
2025-02-16 23:06:10.036 62923 INFO tempest.common.waiters [-] State transition "BUILD/spawning" ==> "ACTIVE/None" after 36 second wait
2025-02-16 23:06:10.038 62877 INFO tempest.lib.common.rest_client [req-75be6989-f235-4c11-a6ba-91ece53b7927 req-75be6989-f235-4c11-a6ba-91ece53b7927 ] Request (ServersWithSpecificFlavorTestJSON:test_verify_created_server_ephemeral_disk): 200 GET http://10.180.1.21/compute/v2.1/servers/8a7329fe-c387-463f-9db3-e093ceac1587 1.558s
2025-02-16 23:06:10.051 62877 INFO tempest.common.waiters [-] State transition "BUILD/spawning" ==> "ACTIVE/None" after 28 second wait
2025-02-16 23:06:10.202 62895 INFO tempest.lib.common.rest_client [req-22d6913c-4faf-4741-a71d-8b963e7e570d req-22d6913c-4faf-4741-a71d-8b963e7e570d ] Request (FloatingIPDetailsNegativeTestJSON:tearDownClass): 204 DELETE http://10.180.1.21:9696/networking/v2.0/security-groups/8ddb3dd7-5d98-44e9-802a-cc445e2be2ae 0.222s
2025-02-16 23:06:10.273 62895 INFO tempest.lib.common.rest_client [req-94ee2fba-700c-418b-bb4b-3e385a3b8947 req-94ee2fba-700c-418b-bb4b-3e385a3b8947 ] Request (FloatingIPDetailsNegativeTestJSON:tearDownClass): 204 DELETE http://10.180.1.21/identity/v3/projects/253145e06f804eaab86f94310e14425f 0.070s
2025-02-16 23:06:10.327 62925 INFO tempest.lib.common.rest_client [req-3d98ce79-34a5-469f-88dd-1f4b87afec61 req-3d98ce79-34a5-469f-88dd-1f4b87afec61 ] Request (ServerPasswordTestJSON:setUpClass): 200 GET http://10.180.1.21/compute/v2.1/servers/c544660f-ea05-4dbe-81df-041094a38074 1.726s
2025-02-16 23:06:10.347 62895 INFO tempest.lib.common.rest_client [req-bc8ec9af-fc99-4a64-b742-52ec74980ec1 req-bc8ec9af-fc99-4a64-b742-52ec74980ec1 ] Request (ServersV294TestFqdnHostnames:setUpClass): 201 POST http://10.180.1.21/identity/v3/auth/tokens 0.072s
2025-02-16 23:06:10.368 62899 INFO tempest.lib.common.rest_client [req-229be916-388a-433c-8924-547f68764787 req-229be916-388a-433c-8924-547f68764787 ] Request (ServerDiagnosticsTest:tearDownClass): 204 DELETE http://10.180.1.21/compute/v2.1/servers/90c03d3c-ac81-46fa-993e-cc76598c52ff 1.877s
2025-02-16 23:06:10.399 62895 INFO tempest.lib.common.rest_client [req-e4dbf66d-2ff2-4bd3-ac2d-9e6ca6bb5b90 req-e4dbf66d-2ff2-4bd3-ac2d-9e6ca6bb5b90 ] Request (ServersV294TestFqdnHostnames:setUpClass): 201 POST http://10.180.1.21/identity/v3/auth/tokens 0.048s
2025-02-16 23:06:10.415 62881 INFO tempest.lib.common.rest_client [req-f169041c-f474-49f8-a13a-ae3893b790fb req-f169041c-f474-49f8-a13a-ae3893b790fb ] Request (TenantUsagesTestJSON:tearDownClass): 200 GET http://10.180.1.21/compute/v2.1/servers/3791101d-9f8e-4023-b380-2dbda925d284 1.609s
2025-02-16 23:06:10.433 62895 INFO tempest.lib.common.rest_client [req-1bb2fc1e-ca69-4b2d-989d-3ea8cf9c2333 req-1bb2fc1e-ca69-4b2d-989d-3ea8cf9c2333 ] Request (ServersV294TestFqdnHostnames:setUpClass): 200 GET http://10.180.1.21/identity/v3/domains?name=Default 0.034s
2025-02-16 23:06:10.439 62913 INFO tempest.lib.common.rest_client [req-4fcdacf9-f317-45d8-bac5-6d45ede40c8c req-4fcdacf9-f317-45d8-bac5-6d45ede40c8c ] Request (ServicesAdminNegativeV253TestJSON:tearDownClass): 200 GET http://10.180.1.21:9696/networking/v2.0/security-groups?tenant_id=170bb3a1536644b49c7e9f9cffcd5718&name=default 0.614s
2025-02-16 23:06:10.467 62895 INFO tempest.lib.common.rest_client [req-44ab53b4-99e8-4421-8a4a-f3add05bf836 req-44ab53b4-99e8-4421-8a4a-f3add05bf836 ] Request (ServersV294TestFqdnHostnames:setUpClass): 201 POST http://10.180.1.21/identity/v3/projects 0.033s
2025-02-16 23:06:10.490 62903 INFO tempest.lib.common.rest_client [req-0a9ab156-c19e-4625-a5e8-ea6518239ba6 req-0a9ab156-c19e-4625-a5e8-ea6518239ba6 ] Request (ServerActionsV293TestJSON:setUpClass): 200 GET http://10.180.1.21/volume/v3/volumes/bc160cb4-f828-4e3f-aa8c-0807ea940e12 0.033s
2025-02-16 23:06:10.541 62895 INFO tempest.lib.common.rest_client [req-cd68b0fb-8374-4840-a7e8-81ccc475b717 req-cd68b0fb-8374-4840-a7e8-81ccc475b717 ] Request (ServersV294TestFqdnHostnames:setUpClass): 201 POST http://10.180.1.21/identity/v3/users 0.073s
2025-02-16 23:06:10.564 62895 INFO tempest.lib.common.rest_client [req-6a1a49e2-28c2-4953-99c0-9beb084ffde6 req-6a1a49e2-28c2-4953-99c0-9beb084ffde6 ] Request (ServersV294TestFqdnHostnames:setUpClass): 200 GET http://10.180.1.21/identity/v3/roles 0.022s
2025-02-16 23:06:10.600 62895 INFO tempest.lib.common.rest_client [req-e207fea1-3b2e-4112-a440-f612a8b7f2db req-e207fea1-3b2e-4112-a440-f612a8b7f2db ] Request (ServersV294TestFqdnHostnames:setUpClass): 204 PUT http://10.180.1.21/identity/v3/projects/5894dafc08a7493ca10110e158aef58e/users/5aa865e597854d6fa2ade9e5b2a34d9f/roles/1b5c882c05ed4b56be6c4b3d6213d207 0.036s
2025-02-16 23:06:10.600 62895 INFO tempest.lib.common.dynamic_creds [-] Dynamic test user 5aa865e597854d6fa2ade9e5b2a34d9f is created with scope project and roles: ['member']
2025-02-16 23:06:10.601 62895 INFO tempest.lib.common.dynamic_creds [-] Acquired dynamic creds: credentials: Credentials: {'domain_id': 'default', 'domain_name': 'Default', 'username': 'tempest-ServersV294TestFqdnHostnames-1517843599-project-member', 'project_domain_id': 'default', 'project_domain_name': 'Default', 'project_id': '5894dafc08a7493ca10110e158aef58e', 'project_name': 'tempest-ServersV294TestFqdnHostnames-1517843599', 'tenant_id': '5894dafc08a7493ca10110e158aef58e', 'tenant_name': 'tempest-ServersV294TestFqdnHostnames-1517843599', 'user_domain_id': 'default', 'user_domain_name': 'Default', 'user_id': '5aa865e597854d6fa2ade9e5b2a34d9f', 'system': None}, Network: None, Subnet: None, Router: None
2025-02-16 23:06:10.601 62913 INFO tempest.lib.common.rest_client [req-f3f6aef1-c0d2-44da-8953-3c25096ed7f8 req-f3f6aef1-c0d2-44da-8953-3c25096ed7f8 ] Request (ServicesAdminNegativeV253TestJSON:tearDownClass): 204 DELETE http://10.180.1.21:9696/networking/v2.0/security-groups/8f14f13f-3bac-4269-84b4-2acb6f4fb340 0.161s
2025-02-16 23:06:10.666 62895 INFO tempest.lib.common.rest_client [req-59a60568-6d45-4b1a-88c5-7e3560b0012a req-59a60568-6d45-4b1a-88c5-7e3560b0012a ] Request (ServersV294TestFqdnHostnames:setUpClass): 201 POST http://10.180.1.21/identity/v3/auth/tokens 0.064s
2025-02-16 23:06:10.731 62913 INFO tempest.lib.common.rest_client [req-098d3f9a-00e8-4003-9fc3-fa29e92a96df req-098d3f9a-00e8-4003-9fc3-fa29e92a96df ] Request (ServicesAdminNegativeV253TestJSON:tearDownClass): 204 DELETE http://10.180.1.21/identity/v3/projects/170bb3a1536644b49c7e9f9cffcd5718 0.127s
2025-02-16 23:06:10.732 62913 INFO tempest.lib.common.dynamic_creds [-] Deleting project and security group for project: c7fa7d9ce2be4992890c956a71546fff
2025-02-16 23:06:10.764 62915 INFO tempest.lib.common.rest_client [req-18e19203-d9e1-4208-a9b6-1d65ff612a8b req-18e19203-d9e1-4208-a9b6-1d65ff612a8b ] Request (ServersListShow296Test:test_list_show_server_296): 202 POST http://10.180.1.21/compute/v2.1/servers 1.851s
2025-02-16 23:06:10.870 62913 INFO tempest.lib.common.rest_client [req-991e17be-6360-4e5e-a4c6-2e0766497ced req-991e17be-6360-4e5e-a4c6-2e0766497ced ] Request (ServicesAdminNegativeV253TestJSON:tearDownClass): 200 GET http://10.180.1.21:9696/networking/v2.0/security-groups?tenant_id=c7fa7d9ce2be4992890c956a71546fff&name=default 0.138s
2025-02-16 23:06:10.945 62927 INFO tempest.lib.common.rest_client [req-22ba3e3c-259f-4abe-aeb8-b00603ae735a req-22ba3e3c-259f-4abe-aeb8-b00603ae735a ] Request (QuotasAdminTestV257:test_get_updated_quotas): 200 GET http://10.180.1.21/compute/v2.1/os-quota-sets/6bed95776960496db1e0901261f2e0c1/detail 1.924s
2025-02-16 23:06:10.981 62927 INFO tempest.lib.common.rest_client [req-7ca209d4-50c2-4cf9-a4d9-bd9f1d568912 req-7ca209d4-50c2-4cf9-a4d9-bd9f1d568912 ] Request (QuotasAdminTestV257:test_get_updated_quotas): 200 GET http://10.180.1.21/identity/v3/domains?name=Default 0.031s
2025-02-16 23:06:11.019 62927 INFO tempest.lib.common.rest_client [req-94a6d71f-e605-4b90-b742-7cc443ffa070 req-94a6d71f-e605-4b90-b742-7cc443ffa070 ] Request (QuotasAdminTestV257:test_get_updated_quotas): 201 POST http://10.180.1.21/identity/v3/users 0.038s
2025-02-16 23:06:11.035 62917 INFO tempest.lib.common.rest_client [req-29638060-b0ab-41df-8ffb-dab7bfb4f88b req-29638060-b0ab-41df-8ffb-dab7bfb4f88b ] Request (ServersTestBootFromVolume:setUpClass): 200 GET http://10.180.1.21/volume/v3/volumes/ad97c519-894f-4c6c-8112-d685916214ae 0.040s
2025-02-16 23:06:11.037 62913 INFO tempest.lib.common.rest_client [req-d2809a6a-4357-43cb-b84c-349db6c4d392 req-d2809a6a-4357-43cb-b84c-349db6c4d392 ] Request (ServicesAdminNegativeV253TestJSON:tearDownClass): 204 DELETE http://10.180.1.21:9696/networking/v2.0/security-groups/381ddd4d-8855-48ab-99d3-d525a951ba4c 0.166s
2025-02-16 23:06:11.065 62927 INFO tempest.lib.common.rest_client [req-eddb19da-88ed-4489-a408-4dd5ecb3c9a5 req-eddb19da-88ed-4489-a408-4dd5ecb3c9a5 ] Request (QuotasAdminTestV257:test_get_updated_quotas): 200 GET http://10.180.1.21/identity/v3/domains?name=Default 0.045s
2025-02-16 23:06:11.086 62909 INFO tempest.lib.common.rest_client [req-d873ce10-94dd-46a5-bac3-0a8e5e2be142 req-d873ce10-94dd-46a5-bac3-0a8e5e2be142 ] Request (MigrationsAdminTest:test_list_migrations_in_flavor_resize_situation): 200 GET http://10.180.1.21/compute/v2.1/servers/a566548a-61e1-446e-8af0-f56f091f6f8a 1.800s
