2025-03-06 06:35:44.940 69228 INFO tempest.lib.common.rest_client [req-ce37c42c-b75e-41b3-954a-6e7791f459a9 req-ce37c42c-b75e-41b3-954a-6e7791f459a9 ] Request (ListImageFiltersTestJSON:setUpClass): 200 GET http://10.180.1.21/compute/v2.1/images/82971452-a309-448d-8e8a-ee962ed8fdc6 0.106s
2025-03-06 06:35:44.978 69246 WARNING tempest.lib.common.ssh [-] Failed to establish authenticated ssh connection to cirros@10.180.180.233 ([Errno None] Unable to connect to port 22 on 10.180.180.233). Number attempts: 3. Retry after 4 seconds.: paramiko.ssh_exception.NoValidConnectionsError: [Errno None] Unable to connect to port 22 on 10.180.180.233
2025-03-06 06:35:44.986 69240 INFO tempest.lib.common.rest_client [req-0e4ca3a3-1d56-4c6d-98bf-c01e0e368840 req-0e4ca3a3-1d56-4c6d-98bf-c01e0e368840 ] Request (ServersAdminNegativeTestJSON:tearDownClass): 200 GET http://10.180.1.21/compute/v2.1/servers/1e106741-a2d1-40cc-b287-3f2af59084ca 0.196s
2025-03-06 06:35:45.004 69262 INFO tempest.lib.common.rest_client [req-3e185aaa-dcd7-416f-bceb-f03e3c2a50c3 req-3e185aaa-dcd7-416f-bceb-f03e3c2a50c3 ] Request (ServersAdmin275Test:test_rebuild_update_server_275): 200 GET http://10.180.1.21/compute/v2.1/servers/bfc2d904-8005-4693-871f-5745dc3d29fd 0.160s
2025-03-06 06:35:45.055 69248 INFO tempest.lib.common.rest_client [req-0f495ef5-07ce-43fc-8eea-87eecfb02715 req-0f495ef5-07ce-43fc-8eea-87eecfb02715 ] Request (ServerMetadataNegativeTestJSON:setUpClass): 200 GET http://10.180.1.21/compute/v2.1/servers/b33e73d3-3470-4cc1-ba04-c0d25f13cfea 0.151s
2025-03-06 06:35:45.077 69212 INFO tempest.lib.common.rest_client [req-9e1b7bc1-c996-419b-b00b-8c89d4834261 req-9e1b7bc1-c996-419b-b00b-8c89d4834261 ] Request (ServersListShow296Test:test_list_show_update_rebuild_server_296): 200 GET http://10.180.1.21/compute/v2.1/servers/8cd7dab4-e083-415f-937c-8d3e0c9fc26c 0.157s
2025-03-06 06:35:45.090 69228 INFO tempest.lib.common.rest_client [req-eed83b98-ecf6-4ca2-99cf-f2de6d9724c1 req-eed83b98-ecf6-4ca2-99cf-f2de6d9724c1 ] Request (ListImageFiltersTestJSON:setUpClass): 200 GET http://10.180.1.21/compute/v2.1/images/82971452-a309-448d-8e8a-ee962ed8fdc6 0.142s
2025-03-06 06:35:45.138 69250 INFO tempest.lib.common.rest_client [req-dce04a94-0045-4c12-8c31-d9d05d4f6b8f req-dce04a94-0045-4c12-8c31-d9d05d4f6b8f ] Request (ServersAdminTestJSON:test_create_server_with_scheduling_hint): 200 GET http://10.180.1.21/compute/v2.1/servers/92f9ce8c-c3a3-4c6b-8e10-81123681378d 0.174s
2025-03-06 06:35:45.162 69264 INFO tempest.lib.common.rest_client [req-b4d191b1-ab90-4aef-9085-f668f2be7287 req-b4d191b1-ab90-4aef-9085-f668f2be7287 ] Request (InstanceActionsTestJSON:tearDownClass): 200 GET http://10.180.1.21/compute/v2.1/servers/3f20bd77-e350-409c-beb3-6e8a188048ab 0.126s
2025-03-06 06:35:45.217 69268 INFO tempest.lib.common.rest_client [req-b80e72db-d64d-45b9-af44-a731f4d5873f req-b80e72db-d64d-45b9-af44-a731f4d5873f ] Request (MultipleCreateTestJSON:test_multiple_create): 200 GET http://10.180.1.21/compute/v2.1/servers/3d1591a1-3e98-4978-a25b-38b4c304230a 0.111s
2025-03-06 06:35:45.242 69232 INFO tempest.lib.common.rest_client [req-a5c7eca0-7496-4e6d-967c-cf79503289eb req-a5c7eca0-7496-4e6d-967c-cf79503289eb ] Request (ServerExternalEventsTest:tearDownClass): 404 GET http://10.180.1.21/compute/v2.1/servers/d00e31be-e1ca-4417-af4f-3f85d95e1b4b 0.107s
2025-03-06 06:35:45.278 69256 INFO tempest.lib.common.rest_client [req-e1490202-1d93-4558-af74-797576950577 req-e1490202-1d93-4558-af74-797576950577 ] Request (ServerMetadataTestJSON:setUpClass): 200 GET http://10.180.1.21/compute/v2.1/servers/91617bdb-49a9-45b5-a147-d9d09248bb1c 0.217s
2025-03-06 06:35:45.305 69216 INFO tempest.lib.common.rest_client [req-9e0d5e67-2386-441c-aa4d-cda140fc45d7 req-9e0d5e67-2386-441c-aa4d-cda140fc45d7 ] Request (ImagesOneServerTestJSON:tearDownClass): 200 GET http://10.180.1.21/compute/v2.1/servers/29bce734-9f04-41eb-92e5-df9248dc10a3 0.127s
2025-03-06 06:35:45.346 69254 INFO tempest.lib.common.rest_client [req-02327964-c84a-430b-b737-3fe44706d536 req-02327964-c84a-430b-b737-3fe44706d536 ] Request (AttachInterfacesTestJSON:test_create_list_show_delete_interfaces_by_fixed_ip): 200 GET http://10.180.1.21/compute/v2.1/servers/80fa04f2-e0a6-452e-9a88-73eeb0ac347e 0.161s
2025-03-06 06:35:45.363 69214 INFO tempest.lib.common.rest_client [req-3ded3375-da2d-4157-b549-cad13ac3c5ad req-3ded3375-da2d-4157-b549-cad13ac3c5ad ] Request (TenantUsagesTestJSON:tearDownClass): 200 GET http://10.180.1.21/compute/v2.1/servers/15785bfd-102b-4abf-b9ab-12e38c653a49 0.128s
2025-03-06 06:35:45.387 69232 INFO tempest.lib.common.rest_client [req-cdbab3e0-7abe-4d67-884e-850ef805f7d8 req-cdbab3e0-7abe-4d67-884e-850ef805f7d8 ] Request (ServerExternalEventsTest:tearDownClass): 204 DELETE http://10.180.1.21/identity/v3/users/7806ca3e3b7f465682972b9f9953c0ff 0.144s
2025-03-06 06:35:45.456 69228 INFO tempest.lib.common.rest_client [req-2085993c-7cba-4524-b15a-f37ef9257a4e req-2085993c-7cba-4524-b15a-f37ef9257a4e ] Request (ListImageFiltersTestJSON:setUpClass): 201 POST http://10.180.1.21/image/v2/images 0.363s
2025-03-06 06:35:45.465 69258 INFO tempest.lib.common.rest_client [req-ef29f835-49b1-4e32-8a41-504bb34754ee req-ef29f835-49b1-4e32-8a41-504bb34754ee ] Request (MigrationsAdminTest:test_list_migrations_in_flavor_resize_situation): 200 GET http://10.180.1.21/compute/v2.1/servers/d2187069-2dba-4d01-969f-510f659fc163 0.123s
2025-03-06 06:35:45.478 69226 INFO tempest.lib.common.rest_client [req-25d24c4e-01b2-4b58-ab20-d8999d07e2a4 req-25d24c4e-01b2-4b58-ab20-d8999d07e2a4 ] Request (ServersTestBootFromVolume:setUpClass): 200 GET http://10.180.1.21/volume/v3/volumes/e200063e-617b-45b5-8fb3-312b30226f1b 0.034s
2025-03-06 06:35:45.486 69232 INFO tempest.lib.common.rest_client [req-741d2914-ad3c-4b3c-a001-99d909747b19 req-741d2914-ad3c-4b3c-a001-99d909747b19 ] Request (ServerExternalEventsTest:tearDownClass): 204 DELETE http://10.180.1.21/identity/v3/users/823c2574b975441baace80ae45304cb9 0.098s
2025-03-06 06:35:45.487 69236 INFO tempest.lib.common.rest_client [req-dc03d601-c257-4b94-9680-bb3c230e993f req-dc03d601-c257-4b94-9680-bb3c230e993f ] Request (ServerAddressesNegativeTestJSON:setUpClass): 200 GET http://10.180.1.21/compute/v2.1/servers/4bb94a41-5549-4e59-a44b-094fff269e78 0.183s
2025-03-06 06:35:45.520 69234 INFO tempest.lib.common.rest_client [req-91404c64-abff-4443-8822-181cccafec3d req-91404c64-abff-4443-8822-181cccafec3d ] Request (SecurityGroupsTestJSON:test_list_security_groups_by_server): 200 GET http://10.180.1.21/compute/v2.1/servers/9bed2863-be23-41c8-9794-5f7dfbeaf219 0.167s
2025-03-06 06:35:45.537 69270 INFO tempest.lib.common.rest_client [req-3d489d9f-919e-4ab8-babb-0d7d5fab6e0d req-3d489d9f-919e-4ab8-babb-0d7d5fab6e0d ] Request (ServerActionsTestOtherA:setUpClass): 200 GET http://10.180.1.21/compute/v2.1/servers/8c560e82-533e-49c7-aaf4-82e123f75240 0.138s
2025-03-06 06:35:45.574 69224 INFO tempest.lib.common.rest_client [req-f42b1b60-f6df-4338-b5ec-c45b0c468765 req-f42b1b60-f6df-4338-b5ec-c45b0c468765 ] Request (FloatingIPsAssociationNegativeTestJSON:tearDownClass): 200 GET http://10.180.1.21/compute/v2.1/servers/17c90488-234d-4203-964f-a4863bbe5e47 0.136s
2025-03-06 06:35:45.580 69232 INFO tempest.lib.common.rest_client [req-5495b2b9-0e10-4f5f-8a66-835dda771779 req-5495b2b9-0e10-4f5f-8a66-835dda771779 ] Request (ServerExternalEventsTest:tearDownClass): 204 DELETE http://10.180.1.21/identity/v3/users/b8530f10777b45e5b49ee515696eca73 0.094s
2025-03-06 06:35:45.580 69232 INFO tempest.lib.common.dynamic_creds [-] Deleting project and security group for project: c6e9581bee8d433facef3095a166ac88
2025-03-06 06:35:45.585 69267 INFO tempest.lib.common.rest_client [req-8163d1af-4e5d-498e-897d-5f67632dd11d req-8163d1af-4e5d-498e-897d-5f67632dd11d ] Request (DeleteServersTestJSON:test_delete_active_server): 200 GET http://10.180.1.21/compute/v2.1/servers/42bec1a5-e2e2-4746-a6d7-57edb4b60715 0.135s
2025-03-06 06:35:45.631 69210 INFO tempest.lib.common.rest_client [req-56e636a6-a935-4578-b603-6b252dca6ddf req-56e636a6-a935-4578-b603-6b252dca6ddf ] Request (ImagesOneServerNegativeTestJSON:setUpClass): 200 GET http://10.180.1.21/compute/v2.1/servers/5ba2b5c7-ec6d-49da-82ce-e76c402497fb 0.072s
2025-03-06 06:35:45.634 69220 INFO tempest.lib.common.rest_client [req-d02f59be-a8ac-47f0-96a8-1c2588404680 req-d02f59be-a8ac-47f0-96a8-1c2588404680 ] Request (ListServerFiltersTestJSON:tearDownClass): 200 GET http://10.180.1.21/compute/v2.1/servers/427db270-9f81-4bed-8039-a8e1d87ab427 0.130s
2025-03-06 06:35:45.642 69232 INFO tempest.lib.common.rest_client [req-61df2f0d-4201-4472-b704-84d3a6fb6601 req-61df2f0d-4201-4472-b704-84d3a6fb6601 ] Request (ServerExternalEventsTest:tearDownClass): 201 POST http://10.180.1.21/identity/v3/auth/tokens 0.061s
2025-03-06 06:35:45.821 69232 INFO tempest.lib.common.rest_client [req-bb42c614-5781-4a72-a9e6-ef065bafd173 req-bb42c614-5781-4a72-a9e6-ef065bafd173 ] Request (ServerExternalEventsTest:tearDownClass): 200 GET http://10.180.1.21:9696/networking/v2.0/security-groups?tenant_id=c6e9581bee8d433facef3095a166ac88&name=default 0.179s
2025-03-06 06:35:45.850 69252 INFO tempest.lib.common.rest_client [req-19397291-b3d8-4520-9566-7f2222841496 req-19397291-b3d8-4520-9566-7f2222841496 ] Request (ServerGroupTestJSON:test_create_server_with_scheduler_hint_group): 200 GET http://10.180.1.21/compute/v2.1/servers/2a1280e2-4ad2-442f-a89e-06b541a310a1 0.145s
2025-03-06 06:35:45.859 69252 INFO tempest.common.waiters [-] State transition "BUILD/networking" ==> "BUILD/spawning" after 49 second wait
2025-03-06 06:35:45.916 69238 INFO tempest.lib.common.rest_client [req-7cc69525-90ee-48b0-b93b-4cc85c737787 req-7cc69525-90ee-48b0-b93b-4cc85c737787 ] Request (FloatingIPsAssociationTestJSON:test_associate_already_associated_floating_ip): 200 GET http://10.180.1.21/compute/v2.1/servers/3f7dc844-a0a8-4c16-a947-f695a646512c 0.056s
2025-03-06 06:35:45.923 69232 INFO tempest.lib.common.rest_client [req-59cd0e61-3c18-4ade-a6ab-fed9a0f8fb93 req-59cd0e61-3c18-4ade-a6ab-fed9a0f8fb93 ] Request (ServerExternalEventsTest:tearDownClass): 204 DELETE http://10.180.1.21:9696/networking/v2.0/security-groups/831f6a7f-a47d-42c7-ad4c-541fb7219db5 0.101s
2025-03-06 06:35:45.954 69242 INFO tempest.lib.common.rest_client [req-a9c9cf29-c0a8-49d3-ad45-bc7e0204e7ec req-a9c9cf29-c0a8-49d3-ad45-bc7e0204e7ec ] Request (AttachVolumeTestJSON:test_attach_detach_volume): 200 GET http://10.180.1.21/compute/v2.1/servers/b7c373f5-60c3-44c6-bbe7-d66be17f34fd 0.098s
2025-03-06 06:35:45.965 69222 INFO tempest.lib.common.rest_client [req-e43c6967-231f-4503-8b81-46ecc4b0cc67 req-e43c6967-231f-4503-8b81-46ecc4b0cc67 ] Request (DeleteServersAdminTestJSON:test_delete_server_while_in_error_state): 200 GET http://10.180.1.21/compute/v2.1/servers/f72552ae-2213-4d26-a1e2-82015336df56 0.051s
2025-03-06 06:35:45.987 69232 INFO tempest.lib.common.rest_client [req-068529d0-60c2-4398-b4cb-fa7921e5c016 req-068529d0-60c2-4398-b4cb-fa7921e5c016 ] Request (ServerExternalEventsTest:tearDownClass): 204 DELETE http://10.180.1.21/identity/v3/projects/c6e9581bee8d433facef3095a166ac88 0.063s
2025-03-06 06:35:45.987 69232 INFO tempest.lib.common.dynamic_creds [-] Deleting project and security group for project: 7fde6c6cb02c4aa1952c299caf3cc11a
2025-03-06 06:35:46.013 69232 INFO tempest.lib.common.rest_client [req-0d6b6843-356b-448b-907c-b1c634e75100 req-0d6b6843-356b-448b-907c-b1c634e75100 ] Request (ServerExternalEventsTest:tearDownClass): 200 GET http://10.180.1.21:9696/networking/v2.0/security-groups?tenant_id=7fde6c6cb02c4aa1952c299caf3cc11a&name=default 0.026s
2025-03-06 06:35:46.075 69262 INFO tempest.lib.common.rest_client [req-c721cb7d-06d2-4853-b14d-1c3abf2adaa6 req-c721cb7d-06d2-4853-b14d-1c3abf2adaa6 ] Request (ServersAdmin275Test:test_rebuild_update_server_275): 200 GET http://10.180.1.21/compute/v2.1/servers/bfc2d904-8005-4693-871f-5745dc3d29fd 0.059s
2025-03-06 06:35:46.121 69248 INFO tempest.lib.common.rest_client [req-51427987-2632-45b9-b2bc-f079e5565f04 req-51427987-2632-45b9-b2bc-f079e5565f04 ] Request (ServerMetadataNegativeTestJSON:setUpClass): 200 GET http://10.180.1.21/compute/v2.1/servers/b33e73d3-3470-4cc1-ba04-c0d25f13cfea 0.058s
2025-03-06 06:35:46.161 69240 INFO tempest.lib.common.rest_client [req-31afd0c8-2ce6-4824-af4f-9ea7c03483b9 req-31afd0c8-2ce6-4824-af4f-9ea7c03483b9 ] Request (ServersAdminNegativeTestJSON:tearDownClass): 200 GET http://10.180.1.21/compute/v2.1/servers/1e106741-a2d1-40cc-b287-3f2af59084ca 0.163s
2025-03-06 06:35:46.172 69232 INFO tempest.lib.common.rest_client [req-77809324-6bb4-4f68-b98c-991a1cd1f93c req-77809324-6bb4-4f68-b98c-991a1cd1f93c ] Request (ServerExternalEventsTest:tearDownClass): 204 DELETE http://10.180.1.21:9696/networking/v2.0/security-groups/865100c5-8580-413e-a1ce-bf02fa2a34e7 0.158s
2025-03-06 06:35:46.179 69212 INFO tempest.lib.common.rest_client [req-31f02fe4-a4a0-415c-b7df-dc564f1d6af2 req-31f02fe4-a4a0-415c-b7df-dc564f1d6af2 ] Request (ServersListShow296Test:test_list_show_update_rebuild_server_296): 200 GET http://10.180.1.21/compute/v2.1/servers/8cd7dab4-e083-415f-937c-8d3e0c9fc26c 0.090s
2025-03-06 06:35:46.220 69250 INFO tempest.lib.common.rest_client [req-40f34552-3b9c-411f-94f8-43681c71ab6d req-40f34552-3b9c-411f-94f8-43681c71ab6d ] Request (ServersAdminTestJSON:test_create_server_with_scheduling_hint): 200 GET http://10.180.1.21/compute/v2.1/servers/92f9ce8c-c3a3-4c6b-8e10-81123681378d 0.073s
2025-03-06 06:35:46.235 69264 INFO tempest.lib.common.rest_client [req-65f276db-b263-496b-8a96-3cb2a6cc0ec8 req-65f276db-b263-496b-8a96-3cb2a6cc0ec8 ] Request (InstanceActionsTestJSON:tearDownClass): 200 GET http://10.180.1.21/compute/v2.1/servers/3f20bd77-e350-409c-beb3-6e8a188048ab 0.062s
2025-03-06 06:35:46.278 69232 INFO tempest.lib.common.rest_client [req-12246af1-0b78-4292-a38b-e0211b2d8f51 req-12246af1-0b78-4292-a38b-e0211b2d8f51 ] Request (ServerExternalEventsTest:tearDownClass): 204 DELETE http://10.180.1.21/identity/v3/projects/7fde6c6cb02c4aa1952c299caf3cc11a 0.106s
2025-03-06 06:35:46.278 69232 INFO tempest.lib.common.dynamic_creds [-] Deleting project and security group for project: 46b95b44e43d433087d187c7d00c95c9
2025-03-06 06:35:46.295 69268 INFO tempest.lib.common.rest_client [req-fa78ec8a-aa55-4f9d-af0b-c66f54666b54 req-fa78ec8a-aa55-4f9d-af0b-c66f54666b54 ] Request (MultipleCreateTestJSON:test_multiple_create): 200 GET http://10.180.1.21/compute/v2.1/servers/3d1591a1-3e98-4978-a25b-38b4c304230a 0.063s
2025-03-06 06:35:46.381 69216 INFO tempest.lib.common.rest_client [req-feb8cba0-3872-4a61-b1a0-ee29e6586dfc req-feb8cba0-3872-4a61-b1a0-ee29e6586dfc ] Request (ImagesOneServerTestJSON:tearDownClass): 200 GET http://10.180.1.21/compute/v2.1/servers/29bce734-9f04-41eb-92e5-df9248dc10a3 0.066s
2025-03-06 06:35:46.410 69256 INFO tempest.lib.common.rest_client [req-92290177-dedc-4e19-9e25-32af0f7b2e24 req-92290177-dedc-4e19-9e25-32af0f7b2e24 ] Request (ServerMetadataTestJSON:setUpClass): 200 GET http://10.180.1.21/compute/v2.1/servers/91617bdb-49a9-45b5-a147-d9d09248bb1c 0.122s
2025-03-06 06:35:46.441 69254 INFO tempest.lib.common.rest_client [req-97ef2fd1-120c-422e-b50d-39ab9a119353 req-97ef2fd1-120c-422e-b50d-39ab9a119353 ] Request (AttachInterfacesTestJSON:test_create_list_show_delete_interfaces_by_fixed_ip): 200 GET http://10.180.1.21/compute/v2.1/servers/80fa04f2-e0a6-452e-9a88-73eeb0ac347e 0.087s
2025-03-06 06:35:46.448 69232 INFO tempest.lib.common.rest_client [req-5f3a6114-08fd-4519-89f8-d6efd1f45062 req-5f3a6114-08fd-4519-89f8-d6efd1f45062 ] Request (ServerExternalEventsTest:tearDownClass): 200 GET http://10.180.1.21:9696/networking/v2.0/security-groups?tenant_id=46b95b44e43d433087d187c7d00c95c9&name=default 0.170s
2025-03-06 06:35:46.472 69214 INFO tempest.lib.common.rest_client [req-28939919-05ec-43b5-bc52-09beadb61a01 req-28939919-05ec-43b5-bc52-09beadb61a01 ] Request (TenantUsagesTestJSON:tearDownClass): 200 GET http://10.180.1.21/compute/v2.1/servers/15785bfd-102b-4abf-b9ab-12e38c653a49 0.097s
2025-03-06 06:35:46.525 69226 INFO tempest.lib.common.rest_client [req-f9040c08-ea8d-4841-b889-b3af787c1ba6 req-f9040c08-ea8d-4841-b889-b3af787c1ba6 ] Request (ServersTestBootFromVolume:setUpClass): 200 GET http://10.180.1.21/volume/v3/volumes/e200063e-617b-45b5-8fb3-312b30226f1b 0.036s
2025-03-06 06:35:46.582 69232 INFO tempest.lib.common.rest_client [req-4f658f00-1d62-49c5-bbf0-c63e9d33fdb2 req-4f658f00-1d62-49c5-bbf0-c63e9d33fdb2 ] Request (ServerExternalEventsTest:tearDownClass): 204 DELETE http://10.180.1.21:9696/networking/v2.0/security-groups/08dbcb10-e916-46a8-81fe-0d76b9329134 0.133s
2025-03-06 06:35:46.599 69258 INFO tempest.lib.common.rest_client [req-b7c1b1b7-6614-4b54-b2c5-e605ae17cf46 req-b7c1b1b7-6614-4b54-b2c5-e605ae17cf46 ] Request (MigrationsAdminTest:test_list_migrations_in_flavor_resize_situation): 200 GET http://10.180.1.21/compute/v2.1/servers/d2187069-2dba-4d01-969f-510f659fc163 0.125s
2025-03-06 06:35:46.635 69236 INFO tempest.lib.common.rest_client [req-09416bce-3c33-4829-ae89-a8b2def80e4c req-09416bce-3c33-4829-ae89-a8b2def80e4c ] Request (ServerAddressesNegativeTestJSON:setUpClass): 200 GET http://10.180.1.21/compute/v2.1/servers/4bb94a41-5549-4e59-a44b-094fff269e78 0.141s
2025-03-06 06:35:46.655 69234 INFO tempest.lib.common.rest_client [req-6494841a-7a42-4e75-869d-d756c7d60fff req-6494841a-7a42-4e75-869d-d756c7d60fff ] Request (SecurityGroupsTestJSON:test_list_security_groups_by_server): 200 GET http://10.180.1.21/compute/v2.1/servers/9bed2863-be23-41c8-9794-5f7dfbeaf219 0.125s
2025-03-06 06:35:46.697 69270 INFO tempest.lib.common.rest_client [req-6d83e162-8338-4408-93bd-22ff433aeb82 req-6d83e162-8338-4408-93bd-22ff433aeb82 ] Request (ServerActionsTestOtherA:setUpClass): 200 GET http://10.180.1.21/compute/v2.1/servers/8c560e82-533e-49c7-aaf4-82e123f75240 0.152s
2025-03-06 06:35:46.703 69232 INFO tempest.lib.common.rest_client [req-5fd93b8c-4005-4a80-8559-df8b44e8bc5f req-5fd93b8c-4005-4a80-8559-df8b44e8bc5f ] Request (ServerExternalEventsTest:tearDownClass): 204 DELETE http://10.180.1.21/identity/v3/projects/46b95b44e43d433087d187c7d00c95c9 0.121s
2025-03-06 06:35:46.721 69224 INFO tempest.lib.common.rest_client [req-8374b4f0-36da-44fc-8146-2dd635e5b242 req-8374b4f0-36da-44fc-8146-2dd635e5b242 ] Request (FloatingIPsAssociationNegativeTestJSON:tearDownClass): 200 GET http://10.180.1.21/compute/v2.1/servers/17c90488-234d-4203-964f-a4863bbe5e47 0.138s
2025-03-06 06:35:46.767 69232 INFO tempest.lib.common.rest_client [req-87d2c4be-1586-489d-a0c9-cc55896c44b5 req-87d2c4be-1586-489d-a0c9-cc55896c44b5 ] Request (ServersV294TestFqdnHostnames:setUpClass): 201 POST http://10.180.1.21/identity/v3/auth/tokens 0.061s
2025-03-06 06:35:46.768 69267 INFO tempest.lib.common.rest_client [req-04fc9281-986e-43e9-aab6-5efaf015086b req-04fc9281-986e-43e9-aab6-5efaf015086b ] Request (DeleteServersTestJSON:test_delete_active_server): 200 GET http://10.180.1.21/compute/v2.1/servers/42bec1a5-e2e2-4746-a6d7-57edb4b60715 0.174s
2025-03-06 06:35:46.775 69210 INFO tempest.lib.common.rest_client [req-46580dea-21ad-4bdf-8887-b932b221e7b1 req-46580dea-21ad-4bdf-8887-b932b221e7b1 ] Request (ImagesOneServerNegativeTestJSON:setUpClass): 200 GET http://10.180.1.21/compute/v2.1/servers/5ba2b5c7-ec6d-49da-82ce-e76c402497fb 0.135s
2025-03-06 06:35:46.800 69232 INFO tempest.lib.common.rest_client [req-a045f36c-2b67-4319-92e4-354d516dfe31 req-a045f36c-2b67-4319-92e4-354d516dfe31 ] Request (ServersV294TestFqdnHostnames:setUpClass): 201 POST http://10.180.1.21/identity/v3/auth/tokens 0.027s
2025-03-06 06:35:46.822 69232 INFO tempest.lib.common.rest_client [req-84f9075d-966b-4497-bd24-c6613cecf1e4 req-84f9075d-966b-4497-bd24-c6613cecf1e4 ] Request (ServersV294TestFqdnHostnames:setUpClass): 200 GET http://10.180.1.21/identity/v3/domains?name=Default 0.022s
2025-03-06 06:35:46.853 69232 INFO tempest.lib.common.rest_client [req-e8c181b4-8328-405d-a659-4715174d1ce0 req-e8c181b4-8328-405d-a659-4715174d1ce0 ] Request (ServersV294TestFqdnHostnames:setUpClass): 201 POST http://10.180.1.21/identity/v3/projects 0.030s
2025-03-06 06:35:46.855 69220 INFO tempest.lib.common.rest_client [req-b71e0173-36d9-4649-8aaa-f8465f33027c req-b71e0173-36d9-4649-8aaa-f8465f33027c ] Request (ListServerFiltersTestJSON:tearDownClass): 200 GET http://10.180.1.21/compute/v2.1/servers/427db270-9f81-4bed-8039-a8e1d87ab427 0.213s
2025-03-06 06:35:46.941 69232 INFO tempest.lib.common.rest_client [req-1c07ecc3-0b59-4e6f-8299-d2a324f65c51 req-1c07ecc3-0b59-4e6f-8299-d2a324f65c51 ] Request (ServersV294TestFqdnHostnames:setUpClass): 201 POST http://10.180.1.21/identity/v3/users 0.087s
2025-03-06 06:35:46.962 69232 INFO tempest.lib.common.rest_client [req-70e58c87-a7bc-4756-b068-6865c87dc975 req-70e58c87-a7bc-4756-b068-6865c87dc975 ] Request (ServersV294TestFqdnHostnames:setUpClass): 200 GET http://10.180.1.21/identity/v3/roles 0.021s
2025-03-06 06:35:46.976 69252 INFO tempest.lib.common.rest_client [req-a8759202-c046-470c-8a6e-b16b2701e302 req-a8759202-c046-470c-8a6e-b16b2701e302 ] Request (ServerGroupTestJSON:test_create_server_with_scheduler_hint_group): 200 GET http://10.180.1.21/compute/v2.1/servers/2a1280e2-4ad2-442f-a89e-06b541a310a1 0.116s
2025-03-06 06:35:46.978 69238 INFO tempest.lib.common.rest_client [req-6eb60c4d-2156-4623-a0b7-0e8e7f0cc02b req-6eb60c4d-2156-4623-a0b7-0e8e7f0cc02b ] Request (FloatingIPsAssociationTestJSON:test_associate_already_associated_floating_ip): 200 GET http://10.180.1.21/compute/v2.1/servers/3f7dc844-a0a8-4c16-a947-f695a646512c 0.054s
2025-03-06 06:35:46.991 69232 INFO tempest.lib.common.rest_client [req-f878f183-4a9f-4154-a73d-d23e395077ae req-f878f183-4a9f-4154-a73d-d23e395077ae ] Request (ServersV294TestFqdnHostnames:setUpClass): 204 PUT http://10.180.1.21/identity/v3/projects/a7fb8a53dfcc4bf691c02fa95112f4bc/users/beb73160ddaf4d938abb29cd65dad423/roles/fcbdfd3e287e4889b059a43b9c90fef6 0.028s
2025-03-06 06:35:46.991 69232 INFO tempest.lib.common.dynamic_creds [-] Dynamic test user beb73160ddaf4d938abb29cd65dad423 is created with scope project and roles: ['member']
2025-03-06 06:35:46.991 69232 INFO tempest.lib.common.dynamic_creds [-] Acquired dynamic creds: credentials: Credentials: {'domain_id': 'default', 'domain_name': 'Default', 'username': 'tempest-ServersV294TestFqdnHostnames-1826523196-project-member', 'project_domain_id': 'default', 'project_domain_name': 'Default', 'project_id': 'a7fb8a53dfcc4bf691c02fa95112f4bc', 'project_name': 'tempest-ServersV294TestFqdnHostnames-1826523196', 'tenant_id': 'a7fb8a53dfcc4bf691c02fa95112f4bc', 'tenant_name': 'tempest-ServersV294TestFqdnHostnames-1826523196', 'user_domain_id': 'default', 'user_domain_name': 'Default', 'user_id': 'beb73160ddaf4d938abb29cd65dad423', 'system': None}, Network: None, Subnet: None, Router: None
2025-03-06 06:35:47.031 69222 INFO tempest.lib.common.rest_client [req-9a0c6849-4513-4db6-91fc-b28398e9b5ab req-9a0c6849-4513-4db6-91fc-b28398e9b5ab ] Request (DeleteServersAdminTestJSON:test_delete_server_while_in_error_state): 200 GET http://10.180.1.21/compute/v2.1/servers/f72552ae-2213-4d26-a1e2-82015336df56 0.058s
2025-03-06 06:35:47.050 69232 INFO tempest.lib.common.rest_client [req-e33cefdc-84ed-4ab0-b92e-fb49a4f79f5f req-e33cefdc-84ed-4ab0-b92e-fb49a4f79f5f ] Request (ServersV294TestFqdnHostnames:setUpClass): 201 POST http://10.180.1.21/identity/v3/auth/tokens 0.059s
2025-03-06 06:35:47.079 69242 INFO tempest.lib.common.rest_client [req-4fe438ba-88ff-4b3c-87bb-0acb672144ab req-4fe438ba-88ff-4b3c-87bb-0acb672144ab ] Request (AttachVolumeTestJSON:test_attach_detach_volume): 200 GET http://10.180.1.21/compute/v2.1/servers/b7c373f5-60c3-44c6-bbe7-d66be17f34fd 0.115s
2025-03-06 06:35:47.150 69262 INFO tempest.lib.common.rest_client [req-f1501d34-72a3-4dd8-9dbc-e817f75fc4b7 req-f1501d34-72a3-4dd8-9dbc-e817f75fc4b7 ] Request (ServersAdmin275Test:test_rebuild_update_server_275): 200 GET http://10.180.1.21/compute/v2.1/servers/bfc2d904-8005-4693-871f-5745dc3d29fd 0.064s
2025-03-06 06:35:47.172 69228 INFO tempest.lib.common.rest_client [req-be7a3864-37d4-47c0-a8a6-a4020635a957 req-be7a3864-37d4-47c0-a8a6-a4020635a957 ] Request (ListImageFiltersTestJSON:setUpClass): 204 PUT http://10.180.1.21/image/v2/images/f81a31be-c6ce-42e4-9941-4b9c0a3acce1/file 0.711s
2025-03-06 06:35:47.183 69248 INFO tempest.lib.common.rest_client [req-799daf63-6acf-4278-b2aa-5c7a78747839 req-799daf63-6acf-4278-b2aa-5c7a78747839 ] Request (ServerMetadataNegativeTestJSON:setUpClass): 200 GET http://10.180.1.21/compute/v2.1/servers/b33e73d3-3470-4cc1-ba04-c0d25f13cfea 0.053s
2025-03-06 06:35:47.204 69228 INFO tempest.lib.common.rest_client [req-93b53002-e39b-4ea6-b2fa-584221fb77bc req-93b53002-e39b-4ea6-b2fa-584221fb77bc ] Request (ListImageFiltersTestJSON:setUpClass): 200 GET http://10.180.1.21/compute/v2.1/images/f81a31be-c6ce-42e4-9941-4b9c0a3acce1 0.032s
2025-03-06 06:35:47.239 69240 INFO tempest.lib.common.rest_client [req-b6970bcc-3c60-40d1-af91-c2a9a9ca6e77 req-b6970bcc-3c60-40d1-af91-c2a9a9ca6e77 ] Request (ServersAdminNegativeTestJSON:tearDownClass): 200 GET http://10.180.1.21/compute/v2.1/servers/1e106741-a2d1-40cc-b287-3f2af59084ca 0.063s
2025-03-06 06:35:47.274 69228 INFO tempest.lib.common.rest_client [req-882ff1c9-7198-40c1-9e02-a32d19ad3b81 req-882ff1c9-7198-40c1-9e02-a32d19ad3b81 ] Request (ListImageFiltersTestJSON:setUpClass): 200 GET http://10.180.1.21/compute/v2.1/images/f81a31be-c6ce-42e4-9941-4b9c0a3acce1 0.067s
2025-03-06 06:35:47.278 69212 INFO tempest.lib.common.rest_client [req-3665dc9b-98be-4cca-a705-5f8611fc03b3 req-3665dc9b-98be-4cca-a705-5f8611fc03b3 ] Request (ServersListShow296Test:test_list_show_update_rebuild_server_296): 200 GET http://10.180.1.21/compute/v2.1/servers/8cd7dab4-e083-415f-937c-8d3e0c9fc26c 0.086s
2025-03-06 06:35:47.332 69250 INFO tempest.lib.common.rest_client [req-4def8320-f717-4dc8-8159-fa1f38bd2b29 req-4def8320-f717-4dc8-8159-fa1f38bd2b29 ] Request (ServersAdminTestJSON:test_create_server_with_scheduling_hint): 200 GET http://10.180.1.21/compute/v2.1/servers/92f9ce8c-c3a3-4c6b-8e10-81123681378d 0.103s
2025-03-06 06:35:47.343 69232 INFO tempest.lib.common.rest_client [req-81de450a-3101-4891-b4a4-3034a0af2afa req-81de450a-3101-4891-b4a4-3034a0af2afa ] Request (ServersV294TestFqdnHostnames:setUpClass): 201 POST http://10.180.1.21:9696/networking/v2.0/networks 0.292s
2025-03-06 06:35:47.347 69264 INFO tempest.lib.common.rest_client [req-b77aa385-3622-4566-befc-d13678a33fcf req-b77aa385-3622-4566-befc-d13678a33fcf ] Request (InstanceActionsTestJSON:tearDownClass): 200 GET http://10.180.1.21/compute/v2.1/servers/3f20bd77-e350-409c-beb3-6e8a188048ab 0.104s
2025-03-06 06:35:47.357 69228 INFO tempest.lib.common.rest_client [req-4500290a-8f97-46b4-86e4-d8138706b064 req-4500290a-8f97-46b4-86e4-d8138706b064 ] Request (ListImageFiltersTestJSON:setUpClass): 201 POST http://10.180.1.21/identity/v3/auth/tokens 0.076s
2025-03-06 06:35:47.358 69228 INFO tempest.lib.common.fixed_network [-] (ListImageFiltersTestJSON:setUpClass) Found network None available for tenant
2025-03-06 06:35:47.392 69268 INFO tempest.lib.common.rest_client [req-8fd3e7e1-2ed3-41e7-bd51-2cb63ac4c90a req-8fd3e7e1-2ed3-41e7-bd51-2cb63ac4c90a ] Request (MultipleCreateTestJSON:test_multiple_create): 200 GET http://10.180.1.21/compute/v2.1/servers/3d1591a1-3e98-4978-a25b-38b4c304230a 0.087s
2025-03-06 06:35:47.458 69216 INFO tempest.lib.common.rest_client [req-86faa308-988e-486b-afc0-c4a94f20e305 req-86faa308-988e-486b-afc0-c4a94f20e305 ] Request (ImagesOneServerTestJSON:tearDownClass): 200 GET http://10.180.1.21/compute/v2.1/servers/29bce734-9f04-41eb-92e5-df9248dc10a3 0.063s
2025-03-06 06:35:47.566 69226 INFO tempest.lib.common.rest_client [req-ca3e18fe-7e6e-4c3e-96ff-4cd37385b507 req-ca3e18fe-7e6e-4c3e-96ff-4cd37385b507 ] Request (ServersTestBootFromVolume:setUpClass): 200 GET http://10.180.1.21/volume/v3/volumes/e200063e-617b-45b5-8fb3-312b30226f1b 0.026s
2025-03-06 06:35:47.576 69256 INFO tempest.lib.common.rest_client [req-f3653c79-e92e-4fee-8260-205af37d4d73 req-f3653c79-e92e-4fee-8260-205af37d4d73 ] Request (ServerMetadataTestJSON:setUpClass): 200 GET http://10.180.1.21/compute/v2.1/servers/91617bdb-49a9-45b5-a147-d9d09248bb1c 0.150s
2025-03-06 06:35:47.627 69232 INFO tempest.lib.common.rest_client [req-9d42a9fe-fcd6-4671-9dd9-ec880b0f0040 req-9d42a9fe-fcd6-4671-9dd9-ec880b0f0040 ] Request (ServersV294TestFqdnHostnames:setUpClass): 201 POST http://10.180.1.21:9696/networking/v2.0/subnets 0.284s
2025-03-06 06:35:47.638 69228 INFO tempest.lib.common.rest_client [req-6d031ea6-0d85-481f-b9c5-949e1d594d45 req-6d031ea6-0d85-481f-b9c5-949e1d594d45 ] Request (ListImageFiltersTestJSON:setUpClass): 202 POST http://10.180.1.21/compute/v2.1/servers 0.280s
2025-03-06 06:35:47.643 69254 INFO tempest.lib.common.rest_client [req-c66acd40-b6ae-47f3-92e1-1391a5250b9b req-c66acd40-b6ae-47f3-92e1-1391a5250b9b ] Request (AttachInterfacesTestJSON:test_create_list_show_delete_interfaces_by_fixed_ip): 200 GET http://10.180.1.21/compute/v2.1/servers/80fa04f2-e0a6-452e-9a88-73eeb0ac347e 0.188s
2025-03-06 06:35:47.689 69228 INFO tempest.lib.common.rest_client [req-6afc5556-8f3b-4c18-88e1-f359704a2cbf req-6afc5556-8f3b-4c18-88e1-f359704a2cbf ] Request (ListImageFiltersTestJSON:setUpClass): 201 POST http://10.180.1.21/identity/v3/auth/tokens 0.044s
2025-03-06 06:35:47.689 69228 INFO tempest.lib.common.fixed_network [-] (ListImageFiltersTestJSON:setUpClass) Found network None available for tenant
2025-03-06 06:35:47.753 69214 INFO tempest.lib.common.rest_client [req-bc275a41-9740-4f31-8612-38b108e57875 req-bc275a41-9740-4f31-8612-38b108e57875 ] Request (TenantUsagesTestJSON:tearDownClass): 200 GET http://10.180.1.21/compute/v2.1/servers/15785bfd-102b-4abf-b9ab-12e38c653a49 0.273s
2025-03-06 06:35:47.770 69258 INFO tempest.lib.common.rest_client [req-29a9ecab-c2b1-4507-b566-ce90068c8aa1 req-29a9ecab-c2b1-4507-b566-ce90068c8aa1 ] Request (MigrationsAdminTest:test_list_migrations_in_flavor_resize_situation): 200 GET http://10.180.1.21/compute/v2.1/servers/d2187069-2dba-4d01-969f-510f659fc163 0.158s
2025-03-06 06:35:47.828 69234 INFO tempest.lib.common.rest_client [req-c198e08f-ede4-4b97-bc53-f0214a87484a req-c198e08f-ede4-4b97-bc53-f0214a87484a ] Request (SecurityGroupsTestJSON:test_list_security_groups_by_server): 200 GET http://10.180.1.21/compute/v2.1/servers/9bed2863-be23-41c8-9794-5f7dfbeaf219 0.164s
2025-03-06 06:35:47.835 69234 INFO tempest.common.waiters [-] State transition "BUILD/None" ==> "BUILD/networking" after 47 second wait
2025-03-06 06:35:47.928 69236 INFO tempest.lib.common.rest_client [req-a07326c3-a94f-4cb3-b591-984f3b28353f req-a07326c3-a94f-4cb3-b591-984f3b28353f ] Request (ServerAddressesNegativeTestJSON:setUpClass): 200 GET http://10.180.1.21/compute/v2.1/servers/4bb94a41-5549-4e59-a44b-094fff269e78 0.285s
2025-03-06 06:35:47.935 69236 INFO tempest.common.waiters [-] State transition "BUILD/spawning" ==> "ACTIVE/None" after 58 second wait
2025-03-06 06:35:47.989 69270 INFO tempest.lib.common.rest_client [req-02cde48f-9f4d-4d00-a9e5-d02cfb1e006b req-02cde48f-9f4d-4d00-a9e5-d02cfb1e006b ] Request (ServerActionsTestOtherA:setUpClass): 200 GET http://10.180.1.21/compute/v2.1/servers/8c560e82-533e-49c7-aaf4-82e123f75240 0.284s
2025-03-06 06:35:48.019 69228 INFO tempest.lib.common.rest_client [req-15c2c0c0-6669-4469-987b-be65f8f446ed req-15c2c0c0-6669-4469-987b-be65f8f446ed ] Request (ListImageFiltersTestJSON:setUpClass): 202 POST http://10.180.1.21/compute/v2.1/servers 0.328s
2025-03-06 06:35:48.052 69224 INFO tempest.lib.common.rest_client [req-68e91e1d-8d38-4097-b190-f2ccba6b1229 req-68e91e1d-8d38-4097-b190-f2ccba6b1229 ] Request (FloatingIPsAssociationNegativeTestJSON:tearDownClass): 200 GET http://10.180.1.21/compute/v2.1/servers/17c90488-234d-4203-964f-a4863bbe5e47 0.324s
2025-03-06 06:35:48.069 69267 INFO tempest.lib.common.rest_client [req-9861ac06-d30a-4fc9-aeda-11fcea608c77 req-9861ac06-d30a-4fc9-aeda-11fcea608c77 ] Request (DeleteServersTestJSON:test_delete_active_server): 200 GET http://10.180.1.21/compute/v2.1/servers/42bec1a5-e2e2-4746-a6d7-57edb4b60715 0.287s
2025-03-06 06:35:48.111 69210 INFO tempest.lib.common.rest_client [req-fdcc1309-ff71-4db1-a4ca-e554c2f22b12 req-fdcc1309-ff71-4db1-a4ca-e554c2f22b12 ] Request (ImagesOneServerNegativeTestJSON:setUpClass): 200 GET http://10.180.1.21/compute/v2.1/servers/5ba2b5c7-ec6d-49da-82ce-e76c402497fb 0.326s
2025-03-06 06:35:48.135 69220 INFO tempest.lib.common.rest_client [req-3144c528-5598-4a5b-b953-ffd7e926dff3 req-3144c528-5598-4a5b-b953-ffd7e926dff3 ] Request (ListServerFiltersTestJSON:tearDownClass): 200 GET http://10.180.1.21/compute/v2.1/servers/427db270-9f81-4bed-8039-a8e1d87ab427 0.271s
2025-03-06 06:35:48.137 69236 INFO tempest.lib.common.rest_client [req-3199581f-3348-4c2d-a238-d94d0c56e6f5 req-3199581f-3348-4c2d-a238-d94d0c56e6f5 ] Request (ServerAddressesNegativeTestJSON:test_list_server_addresses_by_network_neg): 404 GET http://10.180.1.21/compute/v2.1/servers/4bb94a41-5549-4e59-a44b-094fff269e78/ips/invalid 0.201s
2025-03-06 06:35:48.190 69238 INFO tempest.lib.common.rest_client [req-edba11e8-0ad9-4e9f-8465-52eeadbeb47c req-edba11e8-0ad9-4e9f-8465-52eeadbeb47c ] Request (FloatingIPsAssociationTestJSON:test_associate_already_associated_floating_ip): 200 GET http://10.180.1.21/compute/v2.1/servers/3f7dc844-a0a8-4c16-a947-f695a646512c 0.200s
2025-03-06 06:35:48.239 69252 INFO tempest.lib.common.rest_client [req-ec4c7fcb-1219-42aa-8a62-3daf1bf33c22 req-ec4c7fcb-1219-42aa-8a62-3daf1bf33c22 ] Request (ServerGroupTestJSON:test_create_server_with_scheduler_hint_group): 200 GET http://10.180.1.21/compute/v2.1/servers/2a1280e2-4ad2-442f-a89e-06b541a310a1 0.255s
2025-03-06 06:35:48.250 69228 INFO tempest.lib.common.rest_client [req-e32e9383-8896-4b39-b577-ecd5cedbbeae req-e32e9383-8896-4b39-b577-ecd5cedbbeae ] Request (ListImageFiltersTestJSON:setUpClass): 200 GET http://10.180.1.21/compute/v2.1/servers/3870f0d6-e7bb-4565-be1c-9b8377a81281 0.230s
2025-03-06 06:35:48.312 69222 INFO tempest.lib.common.rest_client [req-1db0ef25-a0fa-4013-affd-3f667d340c1b req-1db0ef25-a0fa-4013-affd-3f667d340c1b ] Request (DeleteServersAdminTestJSON:test_delete_server_while_in_error_state): 200 GET http://10.180.1.21/compute/v2.1/servers/f72552ae-2213-4d26-a1e2-82015336df56 0.273s
2025-03-06 06:35:48.319 69236 INFO tempest.lib.common.rest_client [req-17717a75-36d2-48bd-a108-ebc1c2582fcb req-17717a75-36d2-48bd-a108-ebc1c2582fcb ] Request (ServerAddressesNegativeTestJSON:test_list_server_addresses_invalid_server_id): 404 GET http://10.180.1.21/compute/v2.1/servers/999/ips 0.180s
2025-03-06 06:35:48.374 69262 INFO tempest.lib.common.rest_client [req-e3465ed0-212c-47b5-a881-668ab2333bad req-e3465ed0-212c-47b5-a881-668ab2333bad ] Request (ServersAdmin275Test:test_rebuild_update_server_275): 200 GET http://10.180.1.21/compute/v2.1/servers/bfc2d904-8005-4693-871f-5745dc3d29fd 0.212s
2025-03-06 06:35:48.398 69242 INFO tempest.lib.common.rest_client [req-b47b90fa-2073-41fb-89db-b9d79a30b067 req-b47b90fa-2073-41fb-89db-b9d79a30b067 ] Request (AttachVolumeTestJSON:test_attach_detach_volume): 200 GET http://10.180.1.21/compute/v2.1/servers/b7c373f5-60c3-44c6-bbe7-d66be17f34fd 0.309s
2025-03-06 06:35:48.433 69248 INFO tempest.lib.common.rest_client [req-43c25a6c-aed2-44e6-9b88-92c6e3bbd08a req-43c25a6c-aed2-44e6-9b88-92c6e3bbd08a ] Request (ServerMetadataNegativeTestJSON:setUpClass): 200 GET http://10.180.1.21/compute/v2.1/servers/b33e73d3-3470-4cc1-ba04-c0d25f13cfea 0.242s
2025-03-06 06:35:48.473 69240 INFO tempest.lib.common.rest_client [req-fbfaf124-fced-4920-ae7a-3b96a8e095ac req-fbfaf124-fced-4920-ae7a-3b96a8e095ac ] Request (ServersAdminNegativeTestJSON:tearDownClass): 200 GET http://10.180.1.21/compute/v2.1/servers/1e106741-a2d1-40cc-b287-3f2af59084ca 0.224s
2025-03-06 06:35:48.482 69240 INFO tempest.common.waiters [-] State transition "SUSPENDED/deleting" ==> "DELETED/None" after 4 second wait
2025-03-06 06:35:48.496 69212 INFO tempest.lib.common.rest_client [req-04d09348-abb3-4343-b323-b082ee285559 req-04d09348-abb3-4343-b323-b082ee285559 ] Request (ServersListShow296Test:test_list_show_update_rebuild_server_296): 200 GET http://10.180.1.21/compute/v2.1/servers/8cd7dab4-e083-415f-937c-8d3e0c9fc26c 0.205s
2025-03-06 06:35:48.552 69250 INFO tempest.lib.common.rest_client [req-ea797af2-5166-4f32-abc6-a5479213f333 req-ea797af2-5166-4f32-abc6-a5479213f333 ] Request (ServersAdminTestJSON:test_create_server_with_scheduling_hint): 200 GET http://10.180.1.21/compute/v2.1/servers/92f9ce8c-c3a3-4c6b-8e10-81123681378d 0.211s
2025-03-06 06:35:48.583 69236 INFO tempest.lib.common.rest_client [req-3042252e-cb10-4859-a714-97c76c198c8f req-3042252e-cb10-4859-a714-97c76c198c8f ] Request (ServerAddressesNegativeTestJSON:tearDownClass): 204 DELETE http://10.180.1.21/compute/v2.1/servers/4bb94a41-5549-4e59-a44b-094fff269e78 0.262s
2025-03-06 06:35:48.619 69226 INFO tempest.lib.common.rest_client [req-ce2a50b3-8efa-435b-9e30-fd199651ac4e req-ce2a50b3-8efa-435b-9e30-fd199651ac4e ] Request (ServersTestBootFromVolume:setUpClass): 200 GET http://10.180.1.21/volume/v3/volumes/e200063e-617b-45b5-8fb3-312b30226f1b 0.041s
2025-03-06 06:35:48.627 69264 INFO tempest.lib.common.rest_client [req-c9fda960-b7bc-48ea-bb2a-7ca65ddd3234 req-c9fda960-b7bc-48ea-bb2a-7ca65ddd3234 ] Request (InstanceActionsTestJSON:tearDownClass): 200 GET http://10.180.1.21/compute/v2.1/servers/3f20bd77-e350-409c-beb3-6e8a188048ab 0.272s
2025-03-06 06:35:48.667 69268 INFO tempest.lib.common.rest_client [req-5343fcf0-c0e2-4d16-ae99-305b5c15db56 req-5343fcf0-c0e2-4d16-ae99-305b5c15db56 ] Request (MultipleCreateTestJSON:test_multiple_create): 200 GET http://10.180.1.21/compute/v2.1/servers/3d1591a1-3e98-4978-a25b-38b4c304230a 0.266s
2025-03-06 06:35:48.680 69232 INFO tempest.lib.common.rest_client [req-a473784f-f6e3-4c81-a4a9-2e235f71ed1e req-a473784f-f6e3-4c81-a4a9-2e235f71ed1e ] Request (ServersV294TestFqdnHostnames:setUpClass): 201 POST http://10.180.1.21:9696/networking/v2.0/routers 1.052s
2025-03-06 06:35:48.706 69216 INFO tempest.lib.common.rest_client [req-cb299698-03e6-45da-9cf7-f970e368b3d3 req-cb299698-03e6-45da-9cf7-f970e368b3d3 ] Request (ImagesOneServerTestJSON:tearDownClass): 200 GET http://10.180.1.21/compute/v2.1/servers/29bce734-9f04-41eb-92e5-df9248dc10a3 0.233s
2025-03-06 06:35:48.831 69256 INFO tempest.lib.common.rest_client [req-200572bc-e67e-4fe0-8302-33d7d374604d req-200572bc-e67e-4fe0-8302-33d7d374604d ] Request (ServerMetadataTestJSON:setUpClass): 200 GET http://10.180.1.21/compute/v2.1/servers/91617bdb-49a9-45b5-a147-d9d09248bb1c 0.243s
2025-03-06 06:35:48.834 69236 INFO tempest.lib.common.rest_client [req-81f22744-0930-4871-8ac6-7ebd3decca51 req-81f22744-0930-4871-8ac6-7ebd3decca51 ] Request (ServerAddressesNegativeTestJSON:tearDownClass): 200 GET http://10.180.1.21/compute/v2.1/servers/4bb94a41-5549-4e59-a44b-094fff269e78 0.250s
2025-03-06 06:35:48.897 69254 INFO tempest.lib.common.rest_client [req-7fca5aec-0940-4e5d-9015-0256b6c0b7af req-7fca5aec-0940-4e5d-9015-0256b6c0b7af ] Request (AttachInterfacesTestJSON:test_create_list_show_delete_interfaces_by_fixed_ip): 200 GET http://10.180.1.21/compute/v2.1/servers/80fa04f2-e0a6-452e-9a88-73eeb0ac347e 0.244s
2025-03-06 06:35:48.932 69214 INFO tempest.lib.common.rest_client [req-0c6e592d-b575-42d9-bdb9-6e48a4e9585e req-0c6e592d-b575-42d9-bdb9-6e48a4e9585e ] Request (TenantUsagesTestJSON:tearDownClass): 200 GET http://10.180.1.21/compute/v2.1/servers/15785bfd-102b-4abf-b9ab-12e38c653a49 0.170s
2025-03-06 06:35:48.945 69230 WARNING tempest.lib.common.ssh [-] Failed to establish authenticated ssh connection to cirros@10.180.180.176 ([Errno None] Unable to connect to port 22 on 10.180.180.176). Number attempts: 5. Retry after 6 seconds.: paramiko.ssh_exception.NoValidConnectionsError: [Errno None] Unable to connect to port 22 on 10.180.180.176
2025-03-06 06:35:49.063 69258 INFO tempest.lib.common.rest_client [req-cb10996f-0b97-4d00-98f3-01ca47a6e8a2 req-cb10996f-0b97-4d00-98f3-01ca47a6e8a2 ] Request (MigrationsAdminTest:test_list_migrations_in_flavor_resize_situation): 200 GET http://10.180.1.21/compute/v2.1/servers/d2187069-2dba-4d01-969f-510f659fc163 0.281s
2025-03-06 06:35:49.077 69234 INFO tempest.lib.common.rest_client [req-bcbf72e3-ef7e-4cde-b52d-47edac54cf36 req-bcbf72e3-ef7e-4cde-b52d-47edac54cf36 ] Request (SecurityGroupsTestJSON:test_list_security_groups_by_server): 200 GET http://10.180.1.21/compute/v2.1/servers/9bed2863-be23-41c8-9794-5f7dfbeaf219 0.240s
2025-03-06 06:35:49.090 69234 INFO tempest.common.waiters [-] State transition "BUILD/networking" ==> "BUILD/block_device_mapping" after 49 second wait
2025-03-06 06:35:49.145 69270 INFO tempest.lib.common.rest_client [req-518bf1e6-0069-4e66-8062-3df9440d0aa9 req-518bf1e6-0069-4e66-8062-3df9440d0aa9 ] Request (ServerActionsTestOtherA:setUpClass): 200 GET http://10.180.1.21/compute/v2.1/servers/8c560e82-533e-49c7-aaf4-82e123f75240 0.148s
2025-03-06 06:35:49.150 69224 INFO tempest.lib.common.rest_client [req-5344d341-09b2-4f47-be61-e4b375b3b36f req-5344d341-09b2-4f47-be61-e4b375b3b36f ] Request (FloatingIPsAssociationNegativeTestJSON:tearDownClass): 200 GET http://10.180.1.21/compute/v2.1/servers/17c90488-234d-4203-964f-a4863bbe5e47 0.086s
2025-03-06 06:35:49.200 69267 INFO tempest.lib.common.rest_client [req-dd5a00b2-e6e1-43f7-bacd-6d4481045392 req-dd5a00b2-e6e1-43f7-bacd-6d4481045392 ] Request (DeleteServersTestJSON:test_delete_active_server): 200 GET http://10.180.1.21/compute/v2.1/servers/42bec1a5-e2e2-4746-a6d7-57edb4b60715 0.121s
2025-03-06 06:35:49.217 69210 INFO tempest.lib.common.rest_client [req-b4bc55a1-8e6e-4a6f-b474-5b247ad1f1ce req-b4bc55a1-8e6e-4a6f-b474-5b247ad1f1ce ] Request (ImagesOneServerNegativeTestJSON:setUpClass): 200 GET http://10.180.1.21/compute/v2.1/servers/5ba2b5c7-ec6d-49da-82ce-e76c402497fb 0.094s
2025-03-06 06:35:49.273 69220 INFO tempest.lib.common.rest_client [req-f31d65d7-ff83-45aa-baa5-bbf354620b18 req-f31d65d7-ff83-45aa-baa5-bbf354620b18 ] Request (ListServerFiltersTestJSON:tearDownClass): 200 GET http://10.180.1.21/compute/v2.1/servers/427db270-9f81-4bed-8039-a8e1d87ab427 0.128s
2025-03-06 06:35:49.280 69238 INFO tempest.lib.common.rest_client [req-59d16371-94f4-4ffa-9bf2-b9127d1c2945 req-59d16371-94f4-4ffa-9bf2-b9127d1c2945 ] Request (FloatingIPsAssociationTestJSON:test_associate_already_associated_floating_ip): 200 GET http://10.180.1.21/compute/v2.1/servers/3f7dc844-a0a8-4c16-a947-f695a646512c 0.078s
2025-03-06 06:35:49.345 69228 INFO tempest.lib.common.rest_client [req-132dea9b-ca56-4324-aa34-26b7f78db74d req-132dea9b-ca56-4324-aa34-26b7f78db74d ] Request (ListImageFiltersTestJSON:setUpClass): 200 GET http://10.180.1.21/compute/v2.1/servers/3870f0d6-e7bb-4565-be1c-9b8377a81281 0.077s
2025-03-06 06:35:49.359 69252 INFO tempest.lib.common.rest_client [req-c7fc054f-84eb-4f0e-b913-b48c870b7d17 req-c7fc054f-84eb-4f0e-b913-b48c870b7d17 ] Request (ServerGroupTestJSON:test_create_server_with_scheduler_hint_group): 200 GET http://10.180.1.21/compute/v2.1/servers/2a1280e2-4ad2-442f-a89e-06b541a310a1 0.107s
2025-03-06 06:35:49.415 69222 INFO tempest.lib.common.rest_client [req-c8546ce0-8a29-4ce8-a6f1-a8e6631db182 req-c8546ce0-8a29-4ce8-a6f1-a8e6631db182 ] Request (DeleteServersAdminTestJSON:test_delete_server_while_in_error_state): 200 GET http://10.180.1.21/compute/v2.1/servers/f72552ae-2213-4d26-a1e2-82015336df56 0.093s
2025-03-06 06:35:49.450 69262 INFO tempest.lib.common.rest_client [req-d3448f88-379c-4308-bf98-6a53d0114873 req-d3448f88-379c-4308-bf98-6a53d0114873 ] Request (ServersAdmin275Test:test_rebuild_update_server_275): 200 GET http://10.180.1.21/compute/v2.1/servers/bfc2d904-8005-4693-871f-5745dc3d29fd 0.060s
2025-03-06 06:35:49.496 69248 INFO tempest.lib.common.rest_client [req-e0a47ecd-2858-4ce2-9d77-31aa6fd576cc req-e0a47ecd-2858-4ce2-9d77-31aa6fd576cc ] Request (ServerMetadataNegativeTestJSON:setUpClass): 200 GET http://10.180.1.21/compute/v2.1/servers/b33e73d3-3470-4cc1-ba04-c0d25f13cfea 0.050s
2025-03-06 06:35:49.549 69240 INFO tempest.lib.common.rest_client [req-6be27a0c-d60f-4327-b85f-1370a131ce56 req-6be27a0c-d60f-4327-b85f-1370a131ce56 ] Request (ServersAdminNegativeTestJSON:tearDownClass): 200 GET http://10.180.1.21/compute/v2.1/servers/1e106741-a2d1-40cc-b287-3f2af59084ca 0.065s
2025-03-06 06:35:49.615 69212 INFO tempest.lib.common.rest_client [req-9836a04e-e54b-457c-8d38-ebbcae17b8b6 req-9836a04e-e54b-457c-8d38-ebbcae17b8b6 ] Request (ServersListShow296Test:test_list_show_update_rebuild_server_296): 200 GET http://10.180.1.21/compute/v2.1/servers/8cd7dab4-e083-415f-937c-8d3e0c9fc26c 0.102s
2025-03-06 06:35:49.664 69226 INFO tempest.lib.common.rest_client [req-54d1be23-9185-4b2e-adab-5ff57996e307 req-54d1be23-9185-4b2e-adab-5ff57996e307 ] Request (ServersTestBootFromVolume:setUpClass): 200 GET http://10.180.1.21/volume/v3/volumes/e200063e-617b-45b5-8fb3-312b30226f1b 0.033s
2025-03-06 06:35:49.671 69250 INFO tempest.lib.common.rest_client [req-4bb33e29-4cf6-4367-b90b-1bda5fe7d094 req-4bb33e29-4cf6-4367-b90b-1bda5fe7d094 ] Request (ServersAdminTestJSON:test_create_server_with_scheduling_hint): 200 GET http://10.180.1.21/compute/v2.1/servers/92f9ce8c-c3a3-4c6b-8e10-81123681378d 0.107s
2025-03-06 06:35:49.743 69264 INFO tempest.lib.common.rest_client [req-c49c9062-6a2f-4460-94db-dda0bd551e5e req-c49c9062-6a2f-4460-94db-dda0bd551e5e ] Request (InstanceActionsTestJSON:tearDownClass): 200 GET http://10.180.1.21/compute/v2.1/servers/3f20bd77-e350-409c-beb3-6e8a188048ab 0.105s
2025-03-06 06:35:49.801 69268 INFO tempest.lib.common.rest_client [req-8f5d4391-1ce0-4bcf-97e8-f8228da72b23 req-8f5d4391-1ce0-4bcf-97e8-f8228da72b23 ] Request (MultipleCreateTestJSON:test_multiple_create): 200 GET http://10.180.1.21/compute/v2.1/servers/3d1591a1-3e98-4978-a25b-38b4c304230a 0.122s
2025-03-06 06:35:49.829 69242 INFO tempest.lib.common.rest_client [req-9fb1042f-fea9-4adb-9468-009df2305ae3 req-9fb1042f-fea9-4adb-9468-009df2305ae3 ] Request (AttachVolumeTestJSON:test_attach_detach_volume): 200 GET http://10.180.1.21/compute/v2.1/servers/b7c373f5-60c3-44c6-bbe7-d66be17f34fd 0.423s
2025-03-06 06:35:49.838 69242 INFO tempest.common.waiters [-] State transition "BUILD/spawning" ==> "ACTIVE/None" after 59 second wait
2025-03-06 06:35:49.863 69216 INFO tempest.lib.common.rest_client [req-e8847295-84bf-4a23-bdd7-05b2c85f3071 req-e8847295-84bf-4a23-bdd7-05b2c85f3071 ] Request (ImagesOneServerTestJSON:tearDownClass): 200 GET http://10.180.1.21/compute/v2.1/servers/29bce734-9f04-41eb-92e5-df9248dc10a3 0.146s
2025-03-06 06:35:49.921 69242 INFO tempest.lib.common.rest_client [req-00c1899b-401f-4227-8a0f-de14dff43256 req-00c1899b-401f-4227-8a0f-de14dff43256 ] Request (AttachVolumeTestJSON:test_attach_detach_volume): 200 GET http://10.180.1.21/compute/v2.1/servers/b7c373f5-60c3-44c6-bbe7-d66be17f34fd/os-interface 0.082s
2025-03-06 06:35:49.971 69256 INFO tempest.lib.common.rest_client [req-37d025f1-1f0e-4a68-9933-bde7154c2b84 req-37d025f1-1f0e-4a68-9933-bde7154c2b84 ] Request (ServerMetadataTestJSON:setUpClass): 200 GET http://10.180.1.21/compute/v2.1/servers/91617bdb-49a9-45b5-a147-d9d09248bb1c 0.128s
2025-03-06 06:35:50.025 69254 INFO tempest.lib.common.rest_client [req-71fb3d44-623a-4da6-8393-9df7eeb75c83 req-71fb3d44-623a-4da6-8393-9df7eeb75c83 ] Request (AttachInterfacesTestJSON:test_create_list_show_delete_interfaces_by_fixed_ip): 200 GET http://10.180.1.21/compute/v2.1/servers/80fa04f2-e0a6-452e-9a88-73eeb0ac347e 0.118s
2025-03-06 06:35:50.081 69214 INFO tempest.lib.common.rest_client [req-c0ae1059-8062-4087-ad4a-7d37ec4fa180 req-c0ae1059-8062-4087-ad4a-7d37ec4fa180 ] Request (TenantUsagesTestJSON:tearDownClass): 200 GET http://10.180.1.21/compute/v2.1/servers/15785bfd-102b-4abf-b9ab-12e38c653a49 0.139s
2025-03-06 06:35:50.104 69236 INFO tempest.lib.common.rest_client [req-99033c5e-e2af-4019-9e49-bc2b9dbc6c30 req-99033c5e-e2af-4019-9e49-bc2b9dbc6c30 ] Request (ServerAddressesNegativeTestJSON:tearDownClass): 200 GET http://10.180.1.21/compute/v2.1/servers/4bb94a41-5549-4e59-a44b-094fff269e78 0.260s
2025-03-06 06:35:50.185 69258 INFO tempest.lib.common.rest_client [req-fdd0fdcd-a032-40e9-bd57-caecb234d4ed req-fdd0fdcd-a032-40e9-bd57-caecb234d4ed ] Request (MigrationsAdminTest:test_list_migrations_in_flavor_resize_situation): 200 GET http://10.180.1.21/compute/v2.1/servers/d2187069-2dba-4d01-969f-510f659fc163 0.113s
2025-03-06 06:35:50.241 69270 INFO tempest.lib.common.rest_client [req-35830fc2-299b-4ab3-bf82-e92e82ded08d req-35830fc2-299b-4ab3-bf82-e92e82ded08d ] Request (ServerActionsTestOtherA:setUpClass): 200 GET http://10.180.1.21/compute/v2.1/servers/8c560e82-533e-49c7-aaf4-82e123f75240 0.085s
2025-03-06 06:35:50.304 69224 INFO tempest.lib.common.rest_client [req-2a45fa11-5591-430b-8f43-2fb9476f233b req-2a45fa11-5591-430b-8f43-2fb9476f233b ] Request (FloatingIPsAssociationNegativeTestJSON:tearDownClass): 200 GET http://10.180.1.21/compute/v2.1/servers/17c90488-234d-4203-964f-a4863bbe5e47 0.143s
2025-03-06 06:35:50.350 69234 INFO tempest.lib.common.rest_client [req-c338677c-a3c4-4b2f-a12e-85f57b55520e req-c338677c-a3c4-4b2f-a12e-85f57b55520e ] Request (SecurityGroupsTestJSON:test_list_security_groups_by_server): 200 GET http://10.180.1.21/compute/v2.1/servers/9bed2863-be23-41c8-9794-5f7dfbeaf219 0.258s
2025-03-06 06:35:50.355 69267 INFO tempest.lib.common.rest_client [req-5e0c4172-1cae-498c-9f3c-aea3cb757555 req-5e0c4172-1cae-498c-9f3c-aea3cb757555 ] Request (DeleteServersTestJSON:test_delete_active_server): 200 GET http://10.180.1.21/compute/v2.1/servers/42bec1a5-e2e2-4746-a6d7-57edb4b60715 0.141s
2025-03-06 06:35:50.364 69234 INFO tempest.common.waiters [-] State transition "BUILD/block_device_mapping" ==> "BUILD/spawning" after 50 second wait
