2025-03-06 06:35:09.098 69268 INFO tempest.lib.common.dynamic_creds [-] Created isolated network resources for: credentials: Credentials: {'domain_id': 'default', 'domain_name': 'Default', 'username': 'tempest-MultipleCreateTestJSON-742490774-project-member', 'project_domain_id': 'default', 'project_domain_name': 'Default', 'project_id': 'f7e4c959477a4484a345417bea845b45', 'project_name': 'tempest-MultipleCreateTestJSON-742490774', 'tenant_id': 'f7e4c959477a4484a345417bea845b45', 'tenant_name': 'tempest-MultipleCreateTestJSON-742490774', 'user_domain_id': 'default', 'user_domain_name': 'Default', 'user_id': 'c67b0a186b024f3d9eeec0fc2bfa91ab', 'system': None}, Network: {'id': '8ffc3d99-7eff-4db7-b4d7-1bf822f14026', 'name': 'tempest-MultipleCreateTestJSON-1234556711-network', 'tenant_id': 'f7e4c959477a4484a345417bea845b45', 'admin_state_up': True, 'mtu': 8950, 'status': 'ACTIVE', 'subnets': [], 'shared': False, 'project_id': 'f7e4c959477a4484a345417bea845b45', 'port_security_enabled': True, 'router:external': False, 'provider:network_type': 'vlan', 'provider:physical_network': 'default', 'provider:segmentation_id': 57, 'availability_zone_hints': [], 'availability_zones': [], 'ipv4_address_scope': None, 'ipv6_address_scope': None, 'description': '', 'tags': [], 'created_at': '2025-03-06T06:35:03Z', 'updated_at': '2025-03-06T06:35:04Z', 'revision_number': 1}, Subnet: {'id': 'c954c2e3-3f1f-4093-b2a2-526096d7ee4c', 'name': 'tempest-MultipleCreateTestJSON-1234556711-subnet', 'tenant_id': 'f7e4c959477a4484a345417bea845b45', 'network_id': '8ffc3d99-7eff-4db7-b4d7-1bf822f14026', 'ip_version': 4, 'subnetpool_id': None, 'enable_dhcp': True, 'ipv6_ra_mode': None, 'ipv6_address_mode': None, 'gateway_ip': '192.168.128.1', 'cidr': '192.168.128.0/28', 'allocation_pools': [{'start': '192.168.128.2', 'end': '192.168.128.14'}], 'host_routes': [], 'dns_nameservers': [], 'description': '', 'router:external': False, 'service_types': [], 'tags': [], 'created_at': '2025-03-06T06:35:04Z', 'updated_at': '2025-03-06T06:35:04Z', 'revision_number': 0, 'project_id': 'f7e4c959477a4484a345417bea845b45'}, Router: {'id': 'd1312436-2bf2-46ad-93de-9007bea576a5', 'name': 'tempest-MultipleCreateTestJSON-1234556711-router', 'tenant_id': 'f7e4c959477a4484a345417bea845b45', 'admin_state_up': True, 'status': 'ACTIVE', 'external_gateway_info': {'network_id': 'b173a814-45e2-4483-9295-11b79aa52e6b', 'external_fixed_ips': [{'subnet_id': 'b5d78c97-a177-496b-b9ea-7e1093714abf', 'ip_address': '10.180.180.249'}], 'enable_snat': True}, 'description': '', 'availability_zones': [], 'distributed': False, 'ha': False, 'availability_zone_hints': [], 'routes': [], 'flavor_id': None, 'tags': [], 'created_at': '2025-03-06T06:35:04Z', 'updated_at': '2025-03-06T06:35:05Z', 'revision_number': 2, 'project_id': 'f7e4c959477a4484a345417bea845b45'}
2025-03-06 06:35:09.104 69256 INFO tempest.lib.common.rest_client [req-b9c8bc60-a274-4b43-a9f7-6c585686115b req-b9c8bc60-a274-4b43-a9f7-6c585686115b ] Request (ServerMetadataTestJSON:setUpClass): 200 GET http://10.180.1.21/compute/v2.1/servers/91617bdb-49a9-45b5-a147-d9d09248bb1c 1.146s
2025-03-06 06:35:09.176 69254 INFO tempest.lib.common.rest_client [req-7e800cd1-b92b-4014-8f47-ff6d5de07068 req-7e800cd1-b92b-4014-8f47-ff6d5de07068 ] Request (AttachInterfacesTestJSON:test_create_list_show_delete_interfaces_by_fixed_ip): 200 GET http://10.180.1.21/compute/v2.1/servers/80fa04f2-e0a6-452e-9a88-73eeb0ac347e 1.016s
2025-03-06 06:35:09.242 69268 INFO tempest.lib.common.rest_client [req-05b8249b-b2d4-44d1-824c-8b909c37e1bd req-05b8249b-b2d4-44d1-824c-8b909c37e1bd ] Request (MultipleCreateTestJSON:setUpClass): 201 POST http://10.180.1.21/identity/v3/auth/tokens 0.135s
2025-03-06 06:35:09.276 69236 INFO tempest.lib.common.rest_client [req-735add61-cd92-4135-98ab-5ee1314ad93d req-735add61-cd92-4135-98ab-5ee1314ad93d ] Request (ServerAddressesNegativeTestJSON:setUpClass): 200 GET http://10.180.1.21/compute/v2.1/servers/4bb94a41-5549-4e59-a44b-094fff269e78 1.064s
2025-03-06 06:35:09.281 69210 INFO tempest.lib.common.rest_client [req-515fa970-eb59-493c-bdd9-ce0ba8089453 req-515fa970-eb59-493c-bdd9-ce0ba8089453 ] Request (FloatingIPsNegativeTestJSON:tearDownClass): 204 DELETE http://10.180.1.21:9696/networking/v2.0/networks/432a945a-475f-417d-aa73-f9d97906bd11 0.602s
2025-03-06 06:35:09.293 69216 INFO tempest.lib.common.rest_client [req-5c54a4ea-a783-4594-8354-2d3df201c63d req-5c54a4ea-a783-4594-8354-2d3df201c63d ] Request (ImagesOneServerTestJSON:test_create_delete_image): 204 DELETE http://10.180.1.21/compute/v2.1/images/2bf38ed2-e84c-4df7-9fa8-91af673a974d 1.120s
2025-03-06 06:35:09.293 69268 INFO tempest.lib.common.rest_client [req-b357ccd0-e412-4d5f-908a-b5c010e944b6 req-b357ccd0-e412-4d5f-908a-b5c010e944b6 ] Request (MultipleCreateTestJSON:test_multiple_create): 201 POST http://10.180.1.21/identity/v3/auth/tokens 0.043s
2025-03-06 06:35:09.294 69268 INFO tempest.lib.common.fixed_network [-] (MultipleCreateTestJSON:test_multiple_create) Found network {'id': '8ffc3d99-7eff-4db7-b4d7-1bf822f14026', 'name': 'tempest-MultipleCreateTestJSON-1234556711-network', 'tenant_id': 'f7e4c959477a4484a345417bea845b45', 'admin_state_up': True, 'mtu': 8950, 'status': 'ACTIVE', 'subnets': [], 'shared': False, 'project_id': 'f7e4c959477a4484a345417bea845b45', 'port_security_enabled': True, 'router:external': False, 'provider:network_type': 'vlan', 'provider:physical_network': 'default', 'provider:segmentation_id': 57, 'availability_zone_hints': [], 'availability_zones': [], 'ipv4_address_scope': None, 'ipv6_address_scope': None, 'description': '', 'tags': [], 'created_at': '2025-03-06T06:35:03Z', 'updated_at': '2025-03-06T06:35:04Z', 'revision_number': 1} available for tenant
2025-03-06 06:35:09.363 69246 INFO tempest.lib.common.rest_client [req-fdfcf531-fec9-42ed-926e-5af690a9111f req-fdfcf531-fec9-42ed-926e-5af690a9111f ] Request (ServersWithSpecificFlavorTestJSON:test_verify_created_server_ephemeral_disk): 200 GET http://10.180.1.21/compute/v2.1/servers/a18eb1c3-0700-4e59-be23-2c91afa4b7b1 1.120s
2025-03-06 06:35:09.381 69270 INFO tempest.lib.common.rest_client [req-0cb34b7d-151d-404a-9adb-cf93073789e2 req-0cb34b7d-151d-404a-9adb-cf93073789e2 ] Request (ServerActionsTestOtherA:setUpClass): 201 POST http://10.180.1.21:9696/networking/v2.0/floatingips 1.417s
2025-03-06 06:35:09.393 69228 INFO tempest.lib.common.rest_client [req-44c43262-23eb-4077-93fa-52eb19df2311 req-44c43262-23eb-4077-93fa-52eb19df2311 ] Request (ServerDiagnosticsV248Test:tearDownClass): 200 GET http://10.180.1.21/compute/v2.1/servers/856fd677-c151-4e53-9a1b-b684ee27dc37 1.072s
2025-03-06 06:35:09.413 69270 INFO tempest.lib.common.rest_client [req-3f9dace7-8ac2-4537-a886-c0c405fd5d5f req-3f9dace7-8ac2-4537-a886-c0c405fd5d5f ] Request (ServerActionsTestOtherA:setUpClass): 201 POST http://10.180.1.21/identity/v3/auth/tokens 0.029s
2025-03-06 06:35:09.413 69270 INFO tempest.lib.common.fixed_network [-] (ServerActionsTestOtherA:setUpClass) Found network {'id': '535054b4-40f2-4085-93ee-f88482a820b2', 'name': 'tempest-ServerActionsTestOtherA-1842438762-network', 'tenant_id': '84cbde965bb240928baaf86257a83746', 'admin_state_up': True, 'mtu': 8950, 'status': 'ACTIVE', 'subnets': [], 'shared': False, 'project_id': '84cbde965bb240928baaf86257a83746', 'port_security_enabled': True, 'router:external': False, 'provider:network_type': 'vlan', 'provider:physical_network': 'default', 'provider:segmentation_id': 296, 'availability_zone_hints': [], 'availability_zones': [], 'ipv4_address_scope': None, 'ipv6_address_scope': None, 'description': '', 'tags': [], 'created_at': '2025-03-06T06:35:00Z', 'updated_at': '2025-03-06T06:35:00Z', 'revision_number': 1} available for tenant
2025-03-06 06:35:09.448 69234 INFO tempest.lib.common.rest_client [req-7e225ff7-b534-43b0-9d32-b83cf2ddb28b req-7e225ff7-b534-43b0-9d32-b83cf2ddb28b ] Request (SecurityGroupsTestJSON:test_list_security_groups_by_server): 200 GET http://10.180.1.21/compute/v2.1/servers/9bed2863-be23-41c8-9794-5f7dfbeaf219 1.030s
2025-03-06 06:35:09.457 69210 INFO tempest.lib.common.rest_client [req-764d3897-4613-4d0a-b669-f3940cae116f req-764d3897-4613-4d0a-b669-f3940cae116f ] Request (FloatingIPsNegativeTestJSON:tearDownClass): 204 DELETE http://10.180.1.21/identity/v3/users/b6bcacb114b244989d0708221b664f63 0.175s
2025-03-06 06:35:09.457 69210 INFO tempest.lib.common.dynamic_creds [-] Deleting project and security group for project: 442f2f328b21424390aed2df1294339b
2025-03-06 06:35:09.485 69220 INFO tempest.lib.common.rest_client [req-14e7264a-6b86-468f-a730-956e8859d90d req-14e7264a-6b86-468f-a730-956e8859d90d ] Request (ListServerFiltersTestJSON:test_list_servers_filter_by_limit): 200 GET http://10.180.1.21/compute/v2.1/servers?limit=1 0.975s
2025-03-06 06:35:09.490 69210 INFO tempest.lib.common.rest_client [req-fec9c7c4-bf6b-4f48-b169-5359a26d0554 req-fec9c7c4-bf6b-4f48-b169-5359a26d0554 ] Request (FloatingIPsNegativeTestJSON:tearDownClass): 200 GET http://10.180.1.21:9696/networking/v2.0/security-groups?tenant_id=442f2f328b21424390aed2df1294339b&name=default 0.032s
2025-03-06 06:35:09.497 69267 INFO tempest.lib.common.rest_client [req-113c1170-d552-4ec2-b482-df3919c0e9aa req-113c1170-d552-4ec2-b482-df3919c0e9aa ] Request (DeleteServersTestJSON:test_delete_active_server): 200 GET http://10.180.1.21/compute/v2.1/servers/42bec1a5-e2e2-4746-a6d7-57edb4b60715 1.043s
2025-03-06 06:35:09.535 69240 INFO tempest.lib.common.rest_client [req-dacfa6d9-2f21-4d4b-b3af-b4ebe6a8a316 req-dacfa6d9-2f21-4d4b-b3af-b4ebe6a8a316 ] Request (ServersAdminNegativeTestJSON:test_migrate_server_invalid_state): 200 GET http://10.180.1.21/compute/v2.1/servers/1e106741-a2d1-40cc-b287-3f2af59084ca 1.004s
2025-03-06 06:35:09.550 69218 INFO tempest.lib.common.rest_client [req-5455a3e1-58d0-4b0e-a500-ffd3ecee05ca req-5455a3e1-58d0-4b0e-a500-ffd3ecee05ca ] Request (KeyPairsV22TestJSON:test_keypairs_create_list_delete): 200 GET http://10.180.1.21/compute/v2.1/os-keypairs 0.915s
2025-03-06 06:35:09.577 69242 INFO tempest.lib.common.rest_client [req-84f9a19a-dac0-44db-809c-9120e07b9b4e req-84f9a19a-dac0-44db-809c-9120e07b9b4e ] Request (AttachVolumeTestJSON:test_attach_detach_volume): 200 GET http://10.180.1.21/compute/v2.1/servers/b7c373f5-60c3-44c6-bbe7-d66be17f34fd 0.990s
2025-03-06 06:35:09.603 69210 INFO tempest.lib.common.rest_client [req-211fda61-1ab4-49f8-abd5-11ff2f048d09 req-211fda61-1ab4-49f8-abd5-11ff2f048d09 ] Request (FloatingIPsNegativeTestJSON:tearDownClass): 204 DELETE http://10.180.1.21:9696/networking/v2.0/security-groups/f7733a06-7119-4cfc-b03d-81fe7bab14be 0.113s
2025-03-06 06:35:09.614 69214 INFO tempest.lib.common.rest_client [req-92d5918f-36cf-4931-ae93-3cfe7b3a3a44 req-92d5918f-36cf-4931-ae93-3cfe7b3a3a44 ] Request (TenantUsagesTestJSON:setUpClass): 200 GET http://10.180.1.21/compute/v2.1/servers/15785bfd-102b-4abf-b9ab-12e38c653a49 0.911s
2025-03-06 06:35:09.676 69252 INFO tempest.lib.common.rest_client [req-305786cd-16e6-4168-8961-7e20399f322a req-305786cd-16e6-4168-8961-7e20399f322a ] Request (ServerGroupTestJSON:test_create_server_with_scheduler_hint_group): 200 GET http://10.180.1.21/compute/v2.1/servers/2a1280e2-4ad2-442f-a89e-06b541a310a1 0.852s
2025-03-06 06:35:09.759 69210 INFO tempest.lib.common.rest_client [req-151eb542-7626-4c44-b893-4bc096cfb3d5 req-151eb542-7626-4c44-b893-4bc096cfb3d5 ] Request (FloatingIPsNegativeTestJSON:tearDownClass): 204 DELETE http://10.180.1.21/identity/v3/projects/442f2f328b21424390aed2df1294339b 0.156s
2025-03-06 06:35:09.781 69258 INFO tempest.lib.common.rest_client [req-00755562-6043-4f75-b222-edbf052705ef req-00755562-6043-4f75-b222-edbf052705ef ] Request (MigrationsAdminTest:test_list_migrations_in_flavor_resize_situation): 200 GET http://10.180.1.21/compute/v2.1/servers/d2187069-2dba-4d01-969f-510f659fc163 0.617s
2025-03-06 06:35:09.791 69212 INFO tempest.lib.common.rest_client [req-35bb7062-5484-4e29-8485-0fb339fd2c69 req-35bb7062-5484-4e29-8485-0fb339fd2c69 ] Request (ServerAddressesTestJSON:setUpClass): 200 GET http://10.180.1.21/compute/v2.1/servers/e3de132a-5a8c-49f7-8dde-273070d38b23 1.058s
2025-03-06 06:35:09.832 69238 INFO tempest.lib.common.rest_client [req-a9d08696-4dd5-451c-855c-a04f7e8d9ae5 req-a9d08696-4dd5-451c-855c-a04f7e8d9ae5 ] Request (FloatingIPsAssociationTestJSON:test_associate_already_associated_floating_ip): 200 GET http://10.180.1.21/compute/v2.1/servers/3f7dc844-a0a8-4c16-a947-f695a646512c 0.613s
2025-03-06 06:35:09.832 69210 INFO tempest.lib.common.rest_client [req-2c616e2e-3956-4b10-a86f-cd1ea698a0e8 req-2c616e2e-3956-4b10-a86f-cd1ea698a0e8 ] Request (ImagesOneServerNegativeTestJSON:setUpClass): 201 POST http://10.180.1.21/identity/v3/auth/tokens 0.071s
2025-03-06 06:35:09.843 69222 INFO tempest.lib.common.rest_client [req-07213ff8-b72d-4938-95d0-78050a062180 req-07213ff8-b72d-4938-95d0-78050a062180 ] Request (DeleteServersAdminTestJSON:test_delete_server_while_in_error_state): 200 GET http://10.180.1.21/compute/v2.1/servers/f72552ae-2213-4d26-a1e2-82015336df56 0.576s
2025-03-06 06:35:09.866 69210 INFO tempest.lib.common.rest_client [req-1f08a7ad-93f8-43c8-a920-b8ed3dde56be req-1f08a7ad-93f8-43c8-a920-b8ed3dde56be ] Request (ImagesOneServerNegativeTestJSON:setUpClass): 201 POST http://10.180.1.21/identity/v3/auth/tokens 0.031s
2025-03-06 06:35:09.872 69216 INFO tempest.lib.common.rest_client [req-e0c6785d-39a5-439c-9165-69a307004ef8 req-e0c6785d-39a5-439c-9165-69a307004ef8 ] Request (ImagesOneServerTestJSON:test_create_delete_image): 404 GET http://10.180.1.21/compute/v2.1/images/2bf38ed2-e84c-4df7-9fa8-91af673a974d 0.573s
2025-03-06 06:35:09.896 69210 INFO tempest.lib.common.rest_client [req-f287a8fb-f4f8-4541-a9b4-f2b5991a0210 req-f287a8fb-f4f8-4541-a9b4-f2b5991a0210 ] Request (ImagesOneServerNegativeTestJSON:setUpClass): 200 GET http://10.180.1.21/identity/v3/domains?name=Default 0.029s
2025-03-06 06:35:09.925 69210 INFO tempest.lib.common.rest_client [req-a54358f4-3732-4fb9-a926-df21aa18c0cb req-a54358f4-3732-4fb9-a926-df21aa18c0cb ] Request (ImagesOneServerNegativeTestJSON:setUpClass): 201 POST http://10.180.1.21/identity/v3/projects 0.028s
2025-03-06 06:35:09.985 69210 INFO tempest.lib.common.rest_client [req-2f6d8261-5d14-4187-96e9-c618880ccfe7 req-2f6d8261-5d14-4187-96e9-c618880ccfe7 ] Request (ImagesOneServerNegativeTestJSON:setUpClass): 201 POST http://10.180.1.21/identity/v3/users 0.059s
2025-03-06 06:35:10.011 69210 INFO tempest.lib.common.rest_client [req-3fb4147c-6cef-4ff5-aeb0-ee9b640f77d7 req-3fb4147c-6cef-4ff5-aeb0-ee9b640f77d7 ] Request (ImagesOneServerNegativeTestJSON:setUpClass): 200 GET http://10.180.1.21/identity/v3/roles 0.026s
2025-03-06 06:35:10.029 69262 INFO tempest.lib.common.rest_client [req-a3959190-2a22-4862-af64-b15d55247a9b req-a3959190-2a22-4862-af64-b15d55247a9b ] Request (ServersAdmin275Test:test_rebuild_update_server_275): 200 GET http://10.180.1.21/compute/v2.1/servers/bfc2d904-8005-4693-871f-5745dc3d29fd 0.692s
2025-03-06 06:35:10.042 69226 INFO tempest.lib.common.rest_client [req-c8e35275-bc8a-4410-ad73-a1f0ef2087e5 req-c8e35275-bc8a-4410-ad73-a1f0ef2087e5 ] Request (SecurityGroupRulesTestJSON:setUpClass): 200 PUT http://10.180.1.21:9696/networking/v2.0/routers/932086b5-50b3-459e-8194-b82cfbfe4c92/add_router_interface 1.933s
2025-03-06 06:35:10.043 69226 INFO tempest.lib.common.dynamic_creds [-] Created isolated network resources for: credentials: Credentials: {'domain_id': 'default', 'domain_name': 'Default', 'username': 'tempest-SecurityGroupRulesTestJSON-1086487366-project-member', 'project_domain_id': 'default', 'project_domain_name': 'Default', 'project_id': '63636a575c3548b1a4a711aa268cb565', 'project_name': 'tempest-SecurityGroupRulesTestJSON-1086487366', 'tenant_id': '63636a575c3548b1a4a711aa268cb565', 'tenant_name': 'tempest-SecurityGroupRulesTestJSON-1086487366', 'user_domain_id': 'default', 'user_domain_name': 'Default', 'user_id': '0262c8a38c884537920ec2862f48ca50', 'system': None}, Network: {'id': '69e9d3c7-f9c6-47cb-ab65-5151f9284c30', 'name': 'tempest-SecurityGroupRulesTestJSON-462959378-network', 'tenant_id': '63636a575c3548b1a4a711aa268cb565', 'admin_state_up': True, 'mtu': 8950, 'status': 'ACTIVE', 'subnets': [], 'shared': False, 'project_id': '63636a575c3548b1a4a711aa268cb565', 'port_security_enabled': True, 'router:external': False, 'provider:network_type': 'vlan', 'provider:physical_network': 'default', 'provider:segmentation_id': 229, 'availability_zone_hints': [], 'availability_zones': [], 'ipv4_address_scope': None, 'ipv6_address_scope': None, 'description': '', 'tags': [], 'created_at': '2025-03-06T06:35:05Z', 'updated_at': '2025-03-06T06:35:05Z', 'revision_number': 1}, Subnet: {'id': '92e74967-b1a1-46e2-a8d2-b7826d8030ef', 'name': 'tempest-SecurityGroupRulesTestJSON-462959378-subnet', 'tenant_id': '63636a575c3548b1a4a711aa268cb565', 'network_id': '69e9d3c7-f9c6-47cb-ab65-5151f9284c30', 'ip_version': 4, 'subnetpool_id': None, 'enable_dhcp': True, 'ipv6_ra_mode': None, 'ipv6_address_mode': None, 'gateway_ip': '192.168.128.1', 'cidr': '192.168.128.0/28', 'allocation_pools': [{'start': '192.168.128.2', 'end': '192.168.128.14'}], 'host_routes': [], 'dns_nameservers': [], 'description': '', 'router:external': False, 'service_types': [], 'tags': [], 'created_at': '2025-03-06T06:35:06Z', 'updated_at': '2025-03-06T06:35:06Z', 'revision_number': 0, 'project_id': '63636a575c3548b1a4a711aa268cb565'}, Router: {'id': '932086b5-50b3-459e-8194-b82cfbfe4c92', 'name': 'tempest-SecurityGroupRulesTestJSON-462959378-router', 'tenant_id': '63636a575c3548b1a4a711aa268cb565', 'admin_state_up': True, 'status': 'ACTIVE', 'external_gateway_info': {'network_id': 'b173a814-45e2-4483-9295-11b79aa52e6b', 'external_fixed_ips': [{'subnet_id': 'b5d78c97-a177-496b-b9ea-7e1093714abf', 'ip_address': '10.180.180.161'}], 'enable_snat': True}, 'description': '', 'availability_zones': [], 'distributed': False, 'ha': False, 'availability_zone_hints': [], 'routes': [], 'flavor_id': None, 'tags': [], 'created_at': '2025-03-06T06:35:06Z', 'updated_at': '2025-03-06T06:35:07Z', 'revision_number': 2, 'project_id': '63636a575c3548b1a4a711aa268cb565'}
2025-03-06 06:35:10.043 69210 INFO tempest.lib.common.rest_client [req-bc4c7a84-b954-499e-893a-54593ec51501 req-bc4c7a84-b954-499e-893a-54593ec51501 ] Request (ImagesOneServerNegativeTestJSON:setUpClass): 204 PUT http://10.180.1.21/identity/v3/projects/c0d6266d09ad44e8bb08d2abc90dbda5/users/4b1919c626b648daa1dbee9fbe23bb93/roles/fcbdfd3e287e4889b059a43b9c90fef6 0.032s
2025-03-06 06:35:10.043 69210 INFO tempest.lib.common.dynamic_creds [-] Dynamic test user 4b1919c626b648daa1dbee9fbe23bb93 is created with scope project and roles: ['member']
2025-03-06 06:35:10.044 69210 INFO tempest.lib.common.dynamic_creds [-] Acquired dynamic creds: credentials: Credentials: {'domain_id': 'default', 'domain_name': 'Default', 'username': 'tempest-ImagesOneServerNegativeTestJSON-1290041227-project-member', 'project_domain_id': 'default', 'project_domain_name': 'Default', 'project_id': 'c0d6266d09ad44e8bb08d2abc90dbda5', 'project_name': 'tempest-ImagesOneServerNegativeTestJSON-1290041227', 'tenant_id': 'c0d6266d09ad44e8bb08d2abc90dbda5', 'tenant_name': 'tempest-ImagesOneServerNegativeTestJSON-1290041227', 'user_domain_id': 'default', 'user_domain_name': 'Default', 'user_id': '4b1919c626b648daa1dbee9fbe23bb93', 'system': None}, Network: None, Subnet: None, Router: None
2025-03-06 06:35:10.115 69210 INFO tempest.lib.common.rest_client [req-b9d013e2-8fa6-4c5f-900a-aa51a6985267 req-b9d013e2-8fa6-4c5f-900a-aa51a6985267 ] Request (ImagesOneServerNegativeTestJSON:setUpClass): 201 POST http://10.180.1.21/identity/v3/auth/tokens 0.068s
2025-03-06 06:35:10.130 69226 INFO tempest.lib.common.rest_client [req-e1f1c7fe-f540-4ce3-bc4a-ae9c18bcb039 req-e1f1c7fe-f540-4ce3-bc4a-ae9c18bcb039 ] Request (SecurityGroupRulesTestJSON:setUpClass): 201 POST http://10.180.1.21/identity/v3/auth/tokens 0.083s
2025-03-06 06:35:10.328 69268 INFO tempest.lib.common.rest_client [req-1deb091f-90be-4f72-b969-b2bed2ba01e9 req-1deb091f-90be-4f72-b969-b2bed2ba01e9 ] Request (MultipleCreateTestJSON:test_multiple_create): 202 POST http://10.180.1.21/compute/v2.1/servers 1.031s
2025-03-06 06:35:10.452 69232 INFO tempest.lib.common.rest_client [req-c943a2d2-a9d2-47f0-b18d-b7e12f2230a8 req-c943a2d2-a9d2-47f0-b18d-b7e12f2230a8 ] Request (ServerExternalEventsTest:test_create_server_external_events): 200 GET http://10.180.1.21/compute/v2.1/servers/d00e31be-e1ca-4417-af4f-3f85d95e1b4b 1.021s
2025-03-06 06:35:10.474 69210 INFO tempest.lib.common.rest_client [req-29d1846e-428d-4983-b220-ff4062a8d6aa req-29d1846e-428d-4983-b220-ff4062a8d6aa ] Request (ImagesOneServerNegativeTestJSON:setUpClass): 201 POST http://10.180.1.21:9696/networking/v2.0/networks 0.358s
2025-03-06 06:35:10.484 69270 INFO tempest.lib.common.rest_client [req-b4c2fda7-aee8-4776-965c-c1e9b40ce895 req-b4c2fda7-aee8-4776-965c-c1e9b40ce895 ] Request (ServerActionsTestOtherA:setUpClass): 202 POST http://10.180.1.21/compute/v2.1/servers 1.070s
2025-03-06 06:35:10.500 69218 INFO tempest.lib.common.rest_client [req-1d74fa76-9bf8-4aaf-8a02-0b2b6ac588d1 req-1d74fa76-9bf8-4aaf-8a02-0b2b6ac588d1 ] Request (KeyPairsV22TestJSON:_run_cleanups): 204 DELETE http://10.180.1.21/compute/v2.1/os-keypairs/tempest-KeyPairsV22TestJSON-keypair-1153443221 0.948s
2025-03-06 06:35:10.560 69220 INFO tempest.lib.common.rest_client [req-9a9834a7-5e61-481a-b758-03092f246d12 req-9a9834a7-5e61-481a-b758-03092f246d12 ] Request (ListServerFiltersTestJSON:test_list_servers_filter_by_server_name): 200 GET http://10.180.1.21/compute/v2.1/servers?name=tempest-ListServerFiltersTestJSON-instance-1569443182 1.071s
2025-03-06 06:35:10.583 69248 INFO tempest.lib.common.rest_client [req-1bcfe310-6c0e-4533-805b-3ec0fa488c3a req-1bcfe310-6c0e-4533-805b-3ec0fa488c3a ] Request (ServerDiagnosticsTest:tearDownClass): 404 GET http://10.180.1.21/compute/v2.1/servers/a1ae5389-8497-4b29-a00b-a5b357b4c433 0.848s
2025-03-06 06:35:10.696 69248 INFO tempest.lib.common.rest_client [req-6f14683a-997e-402f-bbe3-e3877115f3bb req-6f14683a-997e-402f-bbe3-e3877115f3bb ] Request (ServerDiagnosticsTest:tearDownClass): 204 DELETE http://10.180.1.21/identity/v3/users/4023b1791e8f4b718440bb224c0476de 0.112s
2025-03-06 06:35:10.752 69224 INFO tempest.lib.common.rest_client [req-b194a6cf-312a-4101-8597-a85510eb2f4c req-b194a6cf-312a-4101-8597-a85510eb2f4c ] Request (FloatingIPsAssociationNegativeTestJSON:setUpClass): 200 GET http://10.180.1.21/compute/v2.1/servers/17c90488-234d-4203-964f-a4863bbe5e47 1.148s
2025-03-06 06:35:10.752 69230 INFO tempest.lib.common.rest_client [req-b34723f3-7653-4d04-9490-04bd4ed9e3f5 req-b34723f3-7653-4d04-9490-04bd4ed9e3f5 ] Request (VolumesAssistedSnapshotsTest:test_volume_assisted_snapshot_create_delete): 200 GET http://10.180.1.21/compute/v2.1/servers/0584a6fd-aa46-4da6-bc9a-90ee80698237 0.928s
2025-03-06 06:35:10.831 69210 INFO tempest.lib.common.rest_client [req-665fb2ae-6ad0-4179-9a62-a3c3307725a5 req-665fb2ae-6ad0-4179-9a62-a3c3307725a5 ] Request (ImagesOneServerNegativeTestJSON:setUpClass): 201 POST http://10.180.1.21:9696/networking/v2.0/subnets 0.356s
2025-03-06 06:35:10.848 69248 INFO tempest.lib.common.rest_client [req-98d5c3b9-4e3a-44c9-b14e-ee0a09bdb890 req-98d5c3b9-4e3a-44c9-b14e-ee0a09bdb890 ] Request (ServerDiagnosticsTest:tearDownClass): 204 DELETE http://10.180.1.21/identity/v3/users/a2d777b7d06f401bbe991a3ed7919656 0.151s
2025-03-06 06:35:10.848 69248 INFO tempest.lib.common.dynamic_creds [-] Deleting project and security group for project: fc0b26b45e8a459eb6d6f367b1a741bc
2025-03-06 06:35:10.865 69250 INFO tempest.lib.common.rest_client [req-22cbc07b-51b0-417c-afb1-76f69ab883e0 req-22cbc07b-51b0-417c-afb1-76f69ab883e0 ] Request (ServersAdminTestJSON:setUpClass): 200 GET http://10.180.1.21/compute/v2.1/servers/74e4929e-3ae3-4358-9544-e64b5c2f237f 0.825s
2025-03-06 06:35:10.929 69264 INFO tempest.lib.common.rest_client [req-53aa34cf-2532-4a3b-bb7e-bf1076258c43 req-53aa34cf-2532-4a3b-bb7e-bf1076258c43 ] Request (InstanceActionsTestJSON:setUpClass): 200 GET http://10.180.1.21/compute/v2.1/servers/3f20bd77-e350-409c-beb3-6e8a188048ab 0.820s
2025-03-06 06:35:10.948 69248 INFO tempest.lib.common.rest_client [req-eb5dd776-62fc-4c7c-b74f-b0830008dfa6 req-eb5dd776-62fc-4c7c-b74f-b0830008dfa6 ] Request (ServerDiagnosticsTest:tearDownClass): 201 POST http://10.180.1.21/identity/v3/auth/tokens 0.100s
2025-03-06 06:35:11.013 69256 INFO tempest.lib.common.rest_client [req-ff8810e8-66c5-454e-8a01-f59d63e610cb req-ff8810e8-66c5-454e-8a01-f59d63e610cb ] Request (ServerMetadataTestJSON:setUpClass): 200 GET http://10.180.1.21/compute/v2.1/servers/91617bdb-49a9-45b5-a147-d9d09248bb1c 0.897s
2025-03-06 06:35:11.091 69248 INFO tempest.lib.common.rest_client [req-2fe26da8-d36e-47be-b1b8-d93d12f91721 req-2fe26da8-d36e-47be-b1b8-d93d12f91721 ] Request (ServerDiagnosticsTest:tearDownClass): 200 GET http://10.180.1.21:9696/networking/v2.0/security-groups?tenant_id=fc0b26b45e8a459eb6d6f367b1a741bc&name=default 0.142s
2025-03-06 06:35:11.198 69248 INFO tempest.lib.common.rest_client [req-4e4de2fe-806e-4b4d-be2b-a0d55e523b84 req-4e4de2fe-806e-4b4d-be2b-a0d55e523b84 ] Request (ServerDiagnosticsTest:tearDownClass): 204 DELETE http://10.180.1.21:9696/networking/v2.0/security-groups/f9a7ec14-130d-4fa0-8a84-1c4d4c0a3ad4 0.106s
2025-03-06 06:35:11.283 69248 INFO tempest.lib.common.rest_client [req-25466796-a17b-4caf-b889-43b17d4d2127 req-25466796-a17b-4caf-b889-43b17d4d2127 ] Request (ServerDiagnosticsTest:tearDownClass): 204 DELETE http://10.180.1.21/identity/v3/projects/fc0b26b45e8a459eb6d6f367b1a741bc 0.084s
2025-03-06 06:35:11.283 69248 INFO tempest.lib.common.dynamic_creds [-] Deleting project and security group for project: 17f15ea0d6a64673b648a878d792feb2
2025-03-06 06:35:11.289 69226 INFO tempest.lib.common.rest_client [req-96bdf605-b7c3-4eca-9389-0180e4b0a7bb req-96bdf605-b7c3-4eca-9389-0180e4b0a7bb ] Request (SecurityGroupRulesTestJSON:test_security_group_rules_create): 200 POST http://10.180.1.21/compute/v2.1/os-security-groups 1.158s
2025-03-06 06:35:11.367 69254 INFO tempest.lib.common.rest_client [req-1749b0cd-655a-431e-812a-dbb7cf346a2f req-1749b0cd-655a-431e-812a-dbb7cf346a2f ] Request (AttachInterfacesTestJSON:test_create_list_show_delete_interfaces_by_fixed_ip): 200 GET http://10.180.1.21/compute/v2.1/servers/80fa04f2-e0a6-452e-9a88-73eeb0ac347e 1.177s
2025-03-06 06:35:11.401 69216 INFO tempest.lib.common.rest_client [req-ed5d5f7c-8570-4609-baab-564ad2b0df62 req-ed5d5f7c-8570-4609-baab-564ad2b0df62 ] Request (ImagesOneServerTestJSON:test_create_image_specify_multibyte_character_image_name): 202 POST http://10.180.1.21/compute/v2.1/servers/29bce734-9f04-41eb-92e5-df9248dc10a3/action 1.521s
2025-03-06 06:35:11.439 69236 INFO tempest.lib.common.rest_client [req-2391865e-e85c-4f60-9c27-ff651c26608c req-2391865e-e85c-4f60-9c27-ff651c26608c ] Request (ServerAddressesNegativeTestJSON:setUpClass): 200 GET http://10.180.1.21/compute/v2.1/servers/4bb94a41-5549-4e59-a44b-094fff269e78 1.152s
2025-03-06 06:35:11.457 69268 INFO tempest.lib.common.rest_client [req-c4425dc0-0cba-4c67-86fc-095d09d4af2d req-c4425dc0-0cba-4c67-86fc-095d09d4af2d ] Request (MultipleCreateTestJSON:test_multiple_create): 200 GET http://10.180.1.21/compute/v2.1/servers 1.127s
2025-03-06 06:35:11.491 69248 INFO tempest.lib.common.rest_client [req-7f74d553-2fa4-4338-b89b-a7e3a3e7bc74 req-7f74d553-2fa4-4338-b89b-a7e3a3e7bc74 ] Request (ServerDiagnosticsTest:tearDownClass): 200 GET http://10.180.1.21:9696/networking/v2.0/security-groups?tenant_id=17f15ea0d6a64673b648a878d792feb2&name=default 0.207s
2025-03-06 06:35:11.514 69246 INFO tempest.lib.common.rest_client [req-35ef854e-80e9-4621-8bd2-22b1f03b2474 req-35ef854e-80e9-4621-8bd2-22b1f03b2474 ] Request (ServersWithSpecificFlavorTestJSON:test_verify_created_server_ephemeral_disk): 200 GET http://10.180.1.21/compute/v2.1/servers/a18eb1c3-0700-4e59-be23-2c91afa4b7b1 1.140s
2025-03-06 06:35:11.530 69228 INFO tempest.lib.common.rest_client [req-d2293bed-98a4-4934-91db-983fa5746f68 req-d2293bed-98a4-4934-91db-983fa5746f68 ] Request (ServerDiagnosticsV248Test:tearDownClass): 200 GET http://10.180.1.21/compute/v2.1/servers/856fd677-c151-4e53-9a1b-b684ee27dc37 1.112s
2025-03-06 06:35:11.578 69234 INFO tempest.lib.common.rest_client [req-fec23bd8-f61c-4ce1-9faa-36da068ca53c req-fec23bd8-f61c-4ce1-9faa-36da068ca53c ] Request (SecurityGroupsTestJSON:test_list_security_groups_by_server): 200 GET http://10.180.1.21/compute/v2.1/servers/9bed2863-be23-41c8-9794-5f7dfbeaf219 1.116s
2025-03-06 06:35:11.581 69270 INFO tempest.lib.common.rest_client [req-43cee34f-e58d-4821-b527-493eedd9223c req-43cee34f-e58d-4821-b527-493eedd9223c ] Request (ServerActionsTestOtherA:setUpClass): 200 GET http://10.180.1.21/compute/v2.1/servers/8c560e82-533e-49c7-aaf4-82e123f75240 1.094s
2025-03-06 06:35:11.604 69248 INFO tempest.lib.common.rest_client [req-ba8ddd32-2245-43a0-ae36-3241b9fcda0a req-ba8ddd32-2245-43a0-ae36-3241b9fcda0a ] Request (ServerDiagnosticsTest:tearDownClass): 204 DELETE http://10.180.1.21:9696/networking/v2.0/security-groups/6b0e26c8-c905-44f1-b7f7-8ea5fdc3f45d 0.112s
2025-03-06 06:35:11.609 69218 INFO tempest.lib.common.rest_client [req-fb243294-5804-47c9-a134-ae6ad99dc6bc req-fb243294-5804-47c9-a134-ae6ad99dc6bc ] Request (KeyPairsV22TestJSON:_run_cleanups): 204 DELETE http://10.180.1.21/compute/v2.1/os-keypairs/tempest-KeyPairsV22TestJSON-keypair-1776434919 1.107s
2025-03-06 06:35:11.642 69267 INFO tempest.lib.common.rest_client [req-37179f2d-30a6-4137-87b4-e4cef94157de req-37179f2d-30a6-4137-87b4-e4cef94157de ] Request (DeleteServersTestJSON:test_delete_active_server): 200 GET http://10.180.1.21/compute/v2.1/servers/42bec1a5-e2e2-4746-a6d7-57edb4b60715 1.135s
2025-03-06 06:35:11.696 69240 INFO tempest.lib.common.rest_client [req-af652a77-0ab0-4b77-8524-693d17e4b139 req-af652a77-0ab0-4b77-8524-693d17e4b139 ] Request (ServersAdminNegativeTestJSON:test_migrate_server_invalid_state): 200 GET http://10.180.1.21/compute/v2.1/servers/1e106741-a2d1-40cc-b287-3f2af59084ca 1.153s
2025-03-06 06:35:11.730 69248 INFO tempest.lib.common.rest_client [req-66ad6798-825e-4112-859e-ecd160d8b62f req-66ad6798-825e-4112-859e-ecd160d8b62f ] Request (ServerDiagnosticsTest:tearDownClass): 204 DELETE http://10.180.1.21/identity/v3/projects/17f15ea0d6a64673b648a878d792feb2 0.125s
2025-03-06 06:35:11.735 69220 INFO tempest.lib.common.rest_client [req-0feec039-d524-4a41-96e5-42d74bdf1cc2 req-0feec039-d524-4a41-96e5-42d74bdf1cc2 ] Request (ListServerFiltersTestJSON:test_list_servers_filter_by_shutoff_status): 202 POST http://10.180.1.21/compute/v2.1/servers/ea8f3ce4-4b6e-4bd1-b959-2412268d1b3e/action 1.170s
2025-03-06 06:35:11.770 69242 INFO tempest.lib.common.rest_client [req-1eb5113c-b168-45b8-8005-eed65a38595e req-1eb5113c-b168-45b8-8005-eed65a38595e ] Request (AttachVolumeTestJSON:test_attach_detach_volume): 200 GET http://10.180.1.21/compute/v2.1/servers/b7c373f5-60c3-44c6-bbe7-d66be17f34fd 1.181s
2025-03-06 06:35:11.798 69214 INFO tempest.lib.common.rest_client [req-2ef9ca24-c6e3-4881-9aff-3e0d64efba6e req-2ef9ca24-c6e3-4881-9aff-3e0d64efba6e ] Request (TenantUsagesTestJSON:setUpClass): 200 GET http://10.180.1.21/compute/v2.1/servers/15785bfd-102b-4abf-b9ab-12e38c653a49 1.171s
2025-03-06 06:35:11.823 69248 INFO tempest.lib.common.rest_client [req-668115ef-9a99-4d1c-941e-1afbed278247 req-668115ef-9a99-4d1c-941e-1afbed278247 ] Request (FlavorsV2TestJSON:setUpClass): 201 POST http://10.180.1.21/identity/v3/auth/tokens 0.092s
2025-03-06 06:35:11.831 69252 INFO tempest.lib.common.rest_client [req-32d00c9d-caf6-4ccd-ac38-0074b716e37e req-32d00c9d-caf6-4ccd-ac38-0074b716e37e ] Request (ServerGroupTestJSON:test_create_server_with_scheduler_hint_group): 200 GET http://10.180.1.21/compute/v2.1/servers/2a1280e2-4ad2-442f-a89e-06b541a310a1 1.140s
2025-03-06 06:35:11.854 69210 INFO tempest.lib.common.rest_client [req-f21c1c03-7db1-4a5c-bdfb-4d88b65f163c req-f21c1c03-7db1-4a5c-bdfb-4d88b65f163c ] Request (ImagesOneServerNegativeTestJSON:setUpClass): 201 POST http://10.180.1.21:9696/networking/v2.0/routers 1.022s
2025-03-06 06:35:11.872 69248 INFO tempest.lib.common.rest_client [req-2f8aaae0-8271-4dc5-ac46-852c7362f7f5 req-2f8aaae0-8271-4dc5-ac46-852c7362f7f5 ] Request (FlavorsV2TestJSON:setUpClass): 201 POST http://10.180.1.21/identity/v3/auth/tokens 0.043s
2025-03-06 06:35:11.909 69248 INFO tempest.lib.common.rest_client [req-9ee9cae6-ea77-466e-8edc-1643843287a7 req-9ee9cae6-ea77-466e-8edc-1643843287a7 ] Request (FlavorsV2TestJSON:setUpClass): 200 GET http://10.180.1.21/identity/v3/domains?name=Default 0.037s
2025-03-06 06:35:11.958 69248 INFO tempest.lib.common.rest_client [req-f032dcd5-fff6-482a-9eb9-a3ebc41c5fa7 req-f032dcd5-fff6-482a-9eb9-a3ebc41c5fa7 ] Request (FlavorsV2TestJSON:setUpClass): 201 POST http://10.180.1.21/identity/v3/projects 0.046s
2025-03-06 06:35:11.966 69212 INFO tempest.lib.common.rest_client [req-b7fafc5b-ba8c-4f27-9542-26284a647ba5 req-b7fafc5b-ba8c-4f27-9542-26284a647ba5 ] Request (ServerAddressesTestJSON:setUpClass): 200 GET http://10.180.1.21/compute/v2.1/servers/e3de132a-5a8c-49f7-8dde-273070d38b23 1.165s
2025-03-06 06:35:11.975 69212 INFO tempest.common.waiters [-] State transition "BUILD/spawning" ==> "ACTIVE/None" after 40 second wait
2025-03-06 06:35:11.979 69258 INFO tempest.lib.common.rest_client [req-a6c0dba5-5ef2-4a68-ba95-08de373fc6d9 req-a6c0dba5-5ef2-4a68-ba95-08de373fc6d9 ] Request (MigrationsAdminTest:test_list_migrations_in_flavor_resize_situation): 200 GET http://10.180.1.21/compute/v2.1/servers/d2187069-2dba-4d01-969f-510f659fc163 1.181s
2025-03-06 06:35:11.989 69258 INFO tempest.common.waiters [-] State transition "RESIZE/resize_prep" ==> "RESIZE/resize_migrating" after 28 second wait
2025-03-06 06:35:12.026 69238 INFO tempest.lib.common.rest_client [req-220268fd-dd68-423a-8f1f-fe65da7e1743 req-220268fd-dd68-423a-8f1f-fe65da7e1743 ] Request (FloatingIPsAssociationTestJSON:test_associate_already_associated_floating_ip): 200 GET http://10.180.1.21/compute/v2.1/servers/3f7dc844-a0a8-4c16-a947-f695a646512c 1.180s
2025-03-06 06:35:12.043 69248 INFO tempest.lib.common.rest_client [req-69d1ea6f-dcc6-4c42-a7e4-735bc48db48d req-69d1ea6f-dcc6-4c42-a7e4-735bc48db48d ] Request (FlavorsV2TestJSON:setUpClass): 201 POST http://10.180.1.21/identity/v3/users 0.085s
2025-03-06 06:35:12.045 69222 INFO tempest.lib.common.rest_client [req-8d10846b-94ab-4188-b574-055be7b2ffa7 req-8d10846b-94ab-4188-b574-055be7b2ffa7 ] Request (DeleteServersAdminTestJSON:test_delete_server_while_in_error_state): 200 GET http://10.180.1.21/compute/v2.1/servers/f72552ae-2213-4d26-a1e2-82015336df56 1.189s
2025-03-06 06:35:12.076 69248 INFO tempest.lib.common.rest_client [req-d404dc82-7e4e-4b31-8cc4-18574e1c69fb req-d404dc82-7e4e-4b31-8cc4-18574e1c69fb ] Request (FlavorsV2TestJSON:setUpClass): 200 GET http://10.180.1.21/identity/v3/roles 0.031s
2025-03-06 06:35:12.090 69262 INFO tempest.lib.common.rest_client [req-086571b2-f5a8-4335-ae4d-adfc108daecf req-086571b2-f5a8-4335-ae4d-adfc108daecf ] Request (ServersAdmin275Test:test_rebuild_update_server_275): 200 GET http://10.180.1.21/compute/v2.1/servers/bfc2d904-8005-4693-871f-5745dc3d29fd 1.047s
2025-03-06 06:35:12.111 69248 INFO tempest.lib.common.rest_client [req-b0cb230b-2787-458d-af7b-e11a0f88fba6 req-b0cb230b-2787-458d-af7b-e11a0f88fba6 ] Request (FlavorsV2TestJSON:setUpClass): 204 PUT http://10.180.1.21/identity/v3/projects/a57ad16ff9a54f13aa9f222911b3250c/users/c515472b5a564d1a806293219a2287f0/roles/fcbdfd3e287e4889b059a43b9c90fef6 0.034s
2025-03-06 06:35:12.111 69248 INFO tempest.lib.common.dynamic_creds [-] Dynamic test user c515472b5a564d1a806293219a2287f0 is created with scope project and roles: ['member']
2025-03-06 06:35:12.111 69248 INFO tempest.lib.common.dynamic_creds [-] Acquired dynamic creds: credentials: Credentials: {'domain_id': 'default', 'domain_name': 'Default', 'username': 'tempest-FlavorsV2TestJSON-668544830-project-member', 'project_domain_id': 'default', 'project_domain_name': 'Default', 'project_id': 'a57ad16ff9a54f13aa9f222911b3250c', 'project_name': 'tempest-FlavorsV2TestJSON-668544830', 'tenant_id': 'a57ad16ff9a54f13aa9f222911b3250c', 'tenant_name': 'tempest-FlavorsV2TestJSON-668544830', 'user_domain_id': 'default', 'user_domain_name': 'Default', 'user_id': 'c515472b5a564d1a806293219a2287f0', 'system': None}, Network: None, Subnet: None, Router: None
2025-03-06 06:35:12.111 69248 INFO tempest.lib.common.dynamic_creds [-] Created isolated network resources for: credentials: Credentials: {'domain_id': 'default', 'domain_name': 'Default', 'username': 'tempest-FlavorsV2TestJSON-668544830-project-member', 'project_domain_id': 'default', 'project_domain_name': 'Default', 'project_id': 'a57ad16ff9a54f13aa9f222911b3250c', 'project_name': 'tempest-FlavorsV2TestJSON-668544830', 'tenant_id': 'a57ad16ff9a54f13aa9f222911b3250c', 'tenant_name': 'tempest-FlavorsV2TestJSON-668544830', 'user_domain_id': 'default', 'user_domain_name': 'Default', 'user_id': 'c515472b5a564d1a806293219a2287f0', 'system': None}, Network: None, Subnet: None, Router: None
2025-03-06 06:35:12.130 69216 INFO tempest.lib.common.rest_client [req-0d8f8fcb-5bfe-4353-b605-127832203893 req-0d8f8fcb-5bfe-4353-b605-127832203893 ] Request (ImagesOneServerTestJSON:test_create_image_specify_multibyte_character_image_name): 200 GET http://10.180.1.21/compute/v2.1/images/9da5f87b-47da-4857-94c2-0d37d522c00a 0.727s
2025-03-06 06:35:12.190 69268 INFO tempest.lib.common.rest_client [req-88234926-e156-4839-86af-eabf1422546a req-88234926-e156-4839-86af-eabf1422546a ] Request (MultipleCreateTestJSON:test_multiple_create): 200 GET http://10.180.1.21/compute/v2.1/servers/3d1591a1-3e98-4978-a25b-38b4c304230a 0.729s
2025-03-06 06:35:12.192 69248 INFO tempest.lib.common.rest_client [req-43357a80-a70f-4b9c-8556-8250d70b2484 req-43357a80-a70f-4b9c-8556-8250d70b2484 ] Request (FlavorsV2TestJSON:setUpClass): 201 POST http://10.180.1.21/identity/v3/auth/tokens 0.077s
2025-03-06 06:35:12.233 69226 INFO tempest.lib.common.rest_client [req-f61a953a-d816-4c2c-9065-fa169208a24d req-f61a953a-d816-4c2c-9065-fa169208a24d ] Request (SecurityGroupRulesTestJSON:test_security_group_rules_create): 200 POST http://10.180.1.21/compute/v2.1/os-security-group-rules 0.939s
2025-03-06 06:35:12.253 69218 INFO tempest.lib.common.rest_client [req-08c2e44a-5540-4e3f-8e50-6bdfa9c5a55e req-08c2e44a-5540-4e3f-8e50-6bdfa9c5a55e ] Request (KeyPairsV22TestJSON:_run_cleanups): 204 DELETE http://10.180.1.21/compute/v2.1/os-keypairs/tempest-KeyPairsV22TestJSON-keypair-555234590 0.644s
2025-03-06 06:35:12.332 69232 INFO tempest.lib.common.rest_client [req-5ec75fb4-a42b-4f20-bfb5-fd19b95419d3 req-5ec75fb4-a42b-4f20-bfb5-fd19b95419d3 ] Request (ServerExternalEventsTest:test_create_server_external_events): 200 GET http://10.180.1.21/compute/v2.1/servers/d00e31be-e1ca-4417-af4f-3f85d95e1b4b 0.865s
2025-03-06 06:35:12.441 69220 INFO tempest.lib.common.rest_client [req-4107f86f-7621-4bc9-b54c-a00d732e91c0 req-4107f86f-7621-4bc9-b54c-a00d732e91c0 ] Request (ListServerFiltersTestJSON:test_list_servers_filter_by_shutoff_status): 200 GET http://10.180.1.21/compute/v2.1/servers/ea8f3ce4-4b6e-4bd1-b959-2412268d1b3e 0.706s
2025-03-06 06:35:12.451 69224 INFO tempest.lib.common.rest_client [req-29676472-8fa1-4a5d-8c85-525a7c85f334 req-29676472-8fa1-4a5d-8c85-525a7c85f334 ] Request (FloatingIPsAssociationNegativeTestJSON:setUpClass): 200 GET http://10.180.1.21/compute/v2.1/servers/17c90488-234d-4203-964f-a4863bbe5e47 0.692s
2025-03-06 06:35:12.509 69250 INFO tempest.lib.common.rest_client [req-78b596db-3c25-4f68-b4cf-2c8f41896f5d req-78b596db-3c25-4f68-b4cf-2c8f41896f5d ] Request (ServersAdminTestJSON:setUpClass): 200 GET http://10.180.1.21/compute/v2.1/servers/74e4929e-3ae3-4358-9544-e64b5c2f237f 0.634s
2025-03-06 06:35:12.557 69264 INFO tempest.lib.common.rest_client [req-f0671ae6-4360-4e75-aea6-c863af3d0929 req-f0671ae6-4360-4e75-aea6-c863af3d0929 ] Request (InstanceActionsTestJSON:setUpClass): 200 GET http://10.180.1.21/compute/v2.1/servers/3f20bd77-e350-409c-beb3-6e8a188048ab 0.615s
2025-03-06 06:35:12.566 69264 INFO tempest.common.waiters [-] State transition "BUILD/None" ==> "BUILD/networking" after 37 second wait
2025-03-06 06:35:12.585 69212 INFO tempest.lib.common.rest_client [req-d1e4f0ac-0e48-4f9c-8721-6aedf6aa02cd req-d1e4f0ac-0e48-4f9c-8721-6aedf6aa02cd ] Request (ServerAddressesTestJSON:test_list_server_addresses): 200 GET http://10.180.1.21/compute/v2.1/servers/e3de132a-5a8c-49f7-8dde-273070d38b23/ips 0.608s
2025-03-06 06:35:12.619 69230 INFO tempest.lib.common.rest_client [req-7a674ae0-0b33-4505-b664-6bb172b59d49 req-7a674ae0-0b33-4505-b664-6bb172b59d49 ] Request (VolumesAssistedSnapshotsTest:test_volume_assisted_snapshot_create_delete): 200 GET http://10.180.1.21/compute/v2.1/servers/0584a6fd-aa46-4da6-bc9a-90ee80698237 0.856s
2025-03-06 06:35:12.650 69256 INFO tempest.lib.common.rest_client [req-6d7e9d67-ab2c-415d-a8cf-6d581f9b83f1 req-6d7e9d67-ab2c-415d-a8cf-6d581f9b83f1 ] Request (ServerMetadataTestJSON:setUpClass): 200 GET http://10.180.1.21/compute/v2.1/servers/91617bdb-49a9-45b5-a147-d9d09248bb1c 0.628s
2025-03-06 06:35:12.722 69248 INFO tempest.lib.common.rest_client [req-935774f0-ebb5-47d6-9ec4-cb5e590432f3 req-935774f0-ebb5-47d6-9ec4-cb5e590432f3 ] Request (FlavorsV2TestJSON:test_get_flavor): 200 GET http://10.180.1.21/compute/v2.1/flavors/42 0.528s
2025-03-06 06:35:12.769 69218 INFO tempest.lib.common.rest_client [req-e9d2d51b-deb4-40cd-8892-00f44bbfa03e req-e9d2d51b-deb4-40cd-8892-00f44bbfa03e ] Request (KeyPairsV22TestJSON:test_keypairsv22_create_list_show): 201 POST http://10.180.1.21/compute/v2.1/os-keypairs 0.514s
2025-03-06 06:35:12.775 69226 INFO tempest.lib.common.rest_client [req-77d407c2-8a40-43ff-b0a3-14c6f696baa3 req-77d407c2-8a40-43ff-b0a3-14c6f696baa3 ] Request (SecurityGroupRulesTestJSON:test_security_group_rules_create_with_optional_cidr): 200 POST http://10.180.1.21/compute/v2.1/os-security-groups 0.539s
2025-03-06 06:35:12.847 69236 INFO tempest.lib.common.rest_client [req-f966f8ac-76d7-42a5-a6ed-81f4dc7ddf3f req-f966f8ac-76d7-42a5-a6ed-81f4dc7ddf3f ] Request (ServerAddressesNegativeTestJSON:setUpClass): 200 GET http://10.180.1.21/compute/v2.1/servers/4bb94a41-5549-4e59-a44b-094fff269e78 0.397s
2025-03-06 06:35:12.857 69254 INFO tempest.lib.common.rest_client [req-59792791-0a5a-4864-88c5-16014ad9ae69 req-59792791-0a5a-4864-88c5-16014ad9ae69 ] Request (AttachInterfacesTestJSON:test_create_list_show_delete_interfaces_by_fixed_ip): 200 GET http://10.180.1.21/compute/v2.1/servers/80fa04f2-e0a6-452e-9a88-73eeb0ac347e 0.478s
2025-03-06 06:35:12.857 69236 INFO tempest.common.waiters [-] State transition "BUILD/scheduling" ==> "BUILD/None" after 23 second wait
2025-03-06 06:35:12.928 69246 INFO tempest.lib.common.rest_client [req-8465a9af-4252-49bc-9340-8d1b8bc601e0 req-8465a9af-4252-49bc-9340-8d1b8bc601e0 ] Request (ServersWithSpecificFlavorTestJSON:test_verify_created_server_ephemeral_disk): 200 GET http://10.180.1.21/compute/v2.1/servers/a18eb1c3-0700-4e59-be23-2c91afa4b7b1 0.405s
2025-03-06 06:35:12.960 69228 INFO tempest.lib.common.rest_client [req-2e21a2c5-e021-4135-b4ba-1b8802541d0d req-2e21a2c5-e021-4135-b4ba-1b8802541d0d ] Request (ServerDiagnosticsV248Test:tearDownClass): 200 GET http://10.180.1.21/compute/v2.1/servers/856fd677-c151-4e53-9a1b-b684ee27dc37 0.418s
2025-03-06 06:35:12.963 69212 INFO tempest.lib.common.rest_client [req-d25362ec-06fc-4728-85da-2987f2eee6e2 req-d25362ec-06fc-4728-85da-2987f2eee6e2 ] Request (ServerAddressesTestJSON:test_list_server_addresses_by_network): 200 GET http://10.180.1.21/compute/v2.1/servers/e3de132a-5a8c-49f7-8dde-273070d38b23/ips 0.373s
2025-03-06 06:35:13.049 69234 INFO tempest.lib.common.rest_client [req-03cfbf72-6497-4523-a039-ef16186ce0b9 req-03cfbf72-6497-4523-a039-ef16186ce0b9 ] Request (SecurityGroupsTestJSON:test_list_security_groups_by_server): 200 GET http://10.180.1.21/compute/v2.1/servers/9bed2863-be23-41c8-9794-5f7dfbeaf219 0.458s
2025-03-06 06:35:13.053 69270 INFO tempest.lib.common.rest_client [req-322bb204-e78e-4eba-8c40-bf121bd02cbc req-322bb204-e78e-4eba-8c40-bf121bd02cbc ] Request (ServerActionsTestOtherA:setUpClass): 200 GET http://10.180.1.21/compute/v2.1/servers/8c560e82-533e-49c7-aaf4-82e123f75240 0.457s
2025-03-06 06:35:13.119 69240 INFO tempest.lib.common.rest_client [req-e715d0ec-3a12-4cb7-819d-149c0bb81026 req-e715d0ec-3a12-4cb7-819d-149c0bb81026 ] Request (ServersAdminNegativeTestJSON:test_migrate_server_invalid_state): 200 GET http://10.180.1.21/compute/v2.1/servers/1e106741-a2d1-40cc-b287-3f2af59084ca 0.411s
2025-03-06 06:35:13.120 69267 INFO tempest.lib.common.rest_client [req-ad5cc03c-e5fc-4b81-be88-5b68b9c4e42f req-ad5cc03c-e5fc-4b81-be88-5b68b9c4e42f ] Request (DeleteServersTestJSON:test_delete_active_server): 200 GET http://10.180.1.21/compute/v2.1/servers/42bec1a5-e2e2-4746-a6d7-57edb4b60715 0.465s
2025-03-06 06:35:13.128 69218 INFO tempest.lib.common.rest_client [req-afc9af16-b102-4ec6-b499-2ce54a24a08c req-afc9af16-b102-4ec6-b499-2ce54a24a08c ] Request (KeyPairsV22TestJSON:test_keypairsv22_create_list_show): 200 GET http://10.180.1.21/compute/v2.1/os-keypairs/tempest-keypair-1454681543 0.357s
2025-03-06 06:35:13.142 69248 INFO tempest.lib.common.rest_client [req-3d5cf48e-7d33-4c4a-b2ba-3bb9c110b49a req-3d5cf48e-7d33-4c4a-b2ba-3bb9c110b49a ] Request (FlavorsV2TestJSON:test_list_flavors): 200 GET http://10.180.1.21/compute/v2.1/flavors 0.416s
2025-03-06 06:35:13.196 69242 INFO tempest.lib.common.rest_client [req-2b007ffc-da43-4dc1-87ab-e21249ab9d0c req-2b007ffc-da43-4dc1-87ab-e21249ab9d0c ] Request (AttachVolumeTestJSON:test_attach_detach_volume): 200 GET http://10.180.1.21/compute/v2.1/servers/b7c373f5-60c3-44c6-bbe7-d66be17f34fd 0.411s
2025-03-06 06:35:13.253 69214 INFO tempest.lib.common.rest_client [req-acd4e6b0-de5a-49f7-872a-66c0153a2d10 req-acd4e6b0-de5a-49f7-872a-66c0153a2d10 ] Request (TenantUsagesTestJSON:setUpClass): 200 GET http://10.180.1.21/compute/v2.1/servers/15785bfd-102b-4abf-b9ab-12e38c653a49 0.443s
2025-03-06 06:35:13.305 69252 INFO tempest.lib.common.rest_client [req-38fe8b5b-7025-4a7a-9f2e-eedf0696e016 req-38fe8b5b-7025-4a7a-9f2e-eedf0696e016 ] Request (ServerGroupTestJSON:test_create_server_with_scheduler_hint_group): 200 GET http://10.180.1.21/compute/v2.1/servers/2a1280e2-4ad2-442f-a89e-06b541a310a1 0.464s
2025-03-06 06:35:13.333 69212 INFO tempest.lib.common.rest_client [req-e3712810-abfc-4ae9-8387-543e5eaf15a2 req-e3712810-abfc-4ae9-8387-543e5eaf15a2 ] Request (ServerAddressesTestJSON:test_list_server_addresses_by_network): 200 GET http://10.180.1.21/compute/v2.1/servers/e3de132a-5a8c-49f7-8dde-273070d38b23/ips/tempest-ServerAddressesTestJSON-1037081495-network 0.364s
2025-03-06 06:35:13.400 69210 INFO tempest.lib.common.rest_client [req-e8b49c68-63cd-4f69-9888-fde666316d90 req-e8b49c68-63cd-4f69-9888-fde666316d90 ] Request (ImagesOneServerNegativeTestJSON:setUpClass): 200 PUT http://10.180.1.21:9696/networking/v2.0/routers/a8b12139-55e6-449b-aedc-c1d2881b2fe3/add_router_interface 1.546s
