2025-03-06 06:35:03.474 69268 INFO tempest.lib.common.dynamic_creds [-] Acquired dynamic creds: credentials: Credentials: {'domain_id': 'default', 'domain_name': 'Default', 'username': 'tempest-MultipleCreateTestJSON-742490774-project-member', 'project_domain_id': 'default', 'project_domain_name': 'Default', 'project_id': 'f7e4c959477a4484a345417bea845b45', 'project_name': 'tempest-MultipleCreateTestJSON-742490774', 'tenant_id': 'f7e4c959477a4484a345417bea845b45', 'tenant_name': 'tempest-MultipleCreateTestJSON-742490774', 'user_domain_id': 'default', 'user_domain_name': 'Default', 'user_id': 'c67b0a186b024f3d9eeec0fc2bfa91ab', 'system': None}, Network: None, Subnet: None, Router: None
2025-03-06 06:35:03.490 69226 INFO tempest.lib.common.rest_client [req-08d178fe-3ada-4172-a256-d6b2a1161c22 req-08d178fe-3ada-4172-a256-d6b2a1161c22 ] Request (ServerDiagnosticsNegativeTest:tearDownClass): 204 DELETE http://10.180.1.21/identity/v3/users/93b547de0d9b43c3931bfa0b139b1f3a 0.159s
2025-03-06 06:35:03.499 69214 INFO tempest.lib.common.rest_client [req-143cd5da-244f-4078-b420-fec002b430c0 req-143cd5da-244f-4078-b420-fec002b430c0 ] Request (TenantUsagesTestJSON:setUpClass): 200 GET http://10.180.1.21/compute/v2.1/servers/15785bfd-102b-4abf-b9ab-12e38c653a49 1.464s
2025-03-06 06:35:03.534 69216 INFO tempest.lib.common.rest_client [req-27be32d3-1de2-4098-8054-5f8d8f3660a4 req-27be32d3-1de2-4098-8054-5f8d8f3660a4 ] Request (ImagesOneServerTestJSON:test_create_delete_image): 200 GET http://10.180.1.21/compute/v2.1/images/2bf38ed2-e84c-4df7-9fa8-91af673a974d 1.459s
2025-03-06 06:35:03.549 69268 INFO tempest.lib.common.rest_client [req-3c357e49-d6e8-473f-84da-89e05d6960aa req-3c357e49-d6e8-473f-84da-89e05d6960aa ] Request (MultipleCreateTestJSON:setUpClass): 201 POST http://10.180.1.21/identity/v3/auth/tokens 0.074s
2025-03-06 06:35:03.554 69262 INFO tempest.lib.common.rest_client [req-996ef43d-5b39-4e55-baa2-f9c5f1bda2f0 req-996ef43d-5b39-4e55-baa2-f9c5f1bda2f0 ] Request (AggregatesAdminNegativeTestJSON:tearDownClass): 200 GET http://10.180.1.21:9696/networking/v2.0/security-groups?tenant_id=b46f0e325f464ba696d410e94886e761&name=default 0.191s
2025-03-06 06:35:03.614 69226 INFO tempest.lib.common.rest_client [req-1ee0cca4-ba5a-4801-8bf0-f8847c652855 req-1ee0cca4-ba5a-4801-8bf0-f8847c652855 ] Request (ServerDiagnosticsNegativeTest:tearDownClass): 204 DELETE http://10.180.1.21/identity/v3/users/243fc81fabcf49e4816f1cda1e68d2c4 0.123s
2025-03-06 06:35:03.614 69226 INFO tempest.lib.common.dynamic_creds [-] Deleting project and security group for project: 3213409bc68a4d4e8f035ed88298351a
2025-03-06 06:35:03.634 69252 INFO tempest.lib.common.rest_client [req-29626b01-3796-491e-be11-8da582a1e705 req-29626b01-3796-491e-be11-8da582a1e705 ] Request (ServerGroupTestJSON:test_create_server_with_scheduler_hint_group): 200 GET http://10.180.1.21/compute/v2.1/servers/2a1280e2-4ad2-442f-a89e-06b541a310a1 1.483s
2025-03-06 06:35:03.761 69258 INFO tempest.lib.common.rest_client [req-968b424d-2192-490e-961d-aa4152b97491 req-968b424d-2192-490e-961d-aa4152b97491 ] Request (MigrationsAdminTest:test_list_migrations_in_flavor_resize_situation): 200 GET http://10.180.1.21/compute/v2.1/servers/d2187069-2dba-4d01-969f-510f659fc163 1.392s
2025-03-06 06:35:03.788 69226 INFO tempest.lib.common.rest_client [req-83658edc-e1fd-490b-bfc8-4bc7755b9ad1 req-83658edc-e1fd-490b-bfc8-4bc7755b9ad1 ] Request (ServerDiagnosticsNegativeTest:tearDownClass): 201 POST http://10.180.1.21/identity/v3/auth/tokens 0.174s
2025-03-06 06:35:03.851 69262 INFO tempest.lib.common.rest_client [req-7565c3ae-ae6d-40d4-a329-7c7cc5756f6d req-7565c3ae-ae6d-40d4-a329-7c7cc5756f6d ] Request (AggregatesAdminNegativeTestJSON:tearDownClass): 204 DELETE http://10.180.1.21:9696/networking/v2.0/security-groups/b715852b-7e61-4e51-803c-805e65088cbe 0.297s
2025-03-06 06:35:03.893 69232 INFO tempest.lib.common.rest_client [req-c6033d9a-685d-4136-86b2-0a61c5890350 req-c6033d9a-685d-4136-86b2-0a61c5890350 ] Request (ServerExternalEventsTest:test_create_server_external_events): 200 GET http://10.180.1.21/compute/v2.1/servers/d00e31be-e1ca-4417-af4f-3f85d95e1b4b 1.448s
2025-03-06 06:35:03.907 69226 INFO tempest.lib.common.rest_client [req-a6514814-6283-4d4d-a8d0-954833847007 req-a6514814-6283-4d4d-a8d0-954833847007 ] Request (ServerDiagnosticsNegativeTest:tearDownClass): 200 GET http://10.180.1.21:9696/networking/v2.0/security-groups?tenant_id=3213409bc68a4d4e8f035ed88298351a&name=default 0.118s
2025-03-06 06:35:03.928 69262 INFO tempest.lib.common.rest_client [req-776a7dea-46a2-4cc2-a788-123c9ad69a8e req-776a7dea-46a2-4cc2-a788-123c9ad69a8e ] Request (AggregatesAdminNegativeTestJSON:tearDownClass): 204 DELETE http://10.180.1.21/identity/v3/projects/b46f0e325f464ba696d410e94886e761 0.076s
2025-03-06 06:35:03.961 69254 INFO tempest.lib.common.rest_client [req-62bc1e6d-fa61-4fab-b19e-ac3d41fba269 req-62bc1e6d-fa61-4fab-b19e-ac3d41fba269 ] Request (ValidationResourcesFixture:setUp): 201 POST http://10.180.1.21:9696/networking/v2.0/floatingips 1.252s
2025-03-06 06:35:03.964 69224 INFO tempest.lib.common.rest_client [req-3afe75c5-5933-478e-84d6-a35b3d72b776 req-3afe75c5-5933-478e-84d6-a35b3d72b776 ] Request (FloatingIPsAssociationNegativeTestJSON:setUpClass): 200 GET http://10.180.1.21/compute/v2.1/servers/17c90488-234d-4203-964f-a4863bbe5e47 1.498s
2025-03-06 06:35:03.974 69224 INFO tempest.common.waiters [-] State transition "BUILD/None" ==> "BUILD/spawning" after 32 second wait
2025-03-06 06:35:04.009 69262 INFO tempest.lib.common.rest_client [req-47c2b689-6e46-4267-beda-a3f7e7776cc7 req-47c2b689-6e46-4267-beda-a3f7e7776cc7 ] Request (ServersAdmin275Test:setUpClass): 201 POST http://10.180.1.21/identity/v3/auth/tokens 0.079s
2025-03-06 06:35:04.029 69254 INFO tempest.lib.common.rest_client [req-b79efdf3-2bc1-4bb8-b864-241a0f774a34 req-b79efdf3-2bc1-4bb8-b864-241a0f774a34 ] Request (AttachInterfacesTestJSON:test_create_list_show_delete_interfaces_by_fixed_ip): 201 POST http://10.180.1.21/identity/v3/auth/tokens 0.064s
2025-03-06 06:35:04.030 69254 INFO tempest.lib.common.fixed_network [-] (AttachInterfacesTestJSON:test_create_list_show_delete_interfaces_by_fixed_ip) Found network {'id': '024e10c8-0890-4be3-81cc-2be8eac35dc9', 'name': 'tempest-AttachInterfacesTestJSON-116676947-network', 'tenant_id': '564a5b6c6f4f4e42aeeef87662301380', 'admin_state_up': True, 'mtu': 8950, 'status': 'ACTIVE', 'subnets': [], 'shared': False, 'project_id': '564a5b6c6f4f4e42aeeef87662301380', 'port_security_enabled': True, 'router:external': False, 'provider:network_type': 'vlan', 'provider:physical_network': 'default', 'provider:segmentation_id': 899, 'availability_zone_hints': [], 'availability_zones': [], 'ipv4_address_scope': None, 'ipv6_address_scope': None, 'description': '', 'tags': [], 'created_at': '2025-03-06T06:34:56Z', 'updated_at': '2025-03-06T06:34:56Z', 'revision_number': 1} available for tenant
2025-03-06 06:35:04.038 69230 INFO tempest.lib.common.rest_client [req-6783cccc-477a-4f62-9cf5-74eca222ce31 req-6783cccc-477a-4f62-9cf5-74eca222ce31 ] Request (VolumesAssistedSnapshotsTest:test_volume_assisted_snapshot_create_delete): 200 GET http://10.180.1.21/compute/v2.1/servers/0584a6fd-aa46-4da6-bc9a-90ee80698237 1.445s
2025-03-06 06:35:04.046 69262 INFO tempest.lib.common.rest_client [req-5da8006b-5e62-494a-a496-f2aa8089d07a req-5da8006b-5e62-494a-a496-f2aa8089d07a ] Request (ServersAdmin275Test:setUpClass): 201 POST http://10.180.1.21/identity/v3/auth/tokens 0.032s
2025-03-06 06:35:04.078 69262 INFO tempest.lib.common.rest_client [req-cbed7d91-9ba9-403a-ac47-0389a3f79806 req-cbed7d91-9ba9-403a-ac47-0389a3f79806 ] Request (ServersAdmin275Test:setUpClass): 200 GET http://10.180.1.21/identity/v3/domains?name=Default 0.031s
2025-03-06 06:35:04.095 69210 INFO tempest.lib.common.rest_client [req-f4c7d49b-f8f9-4890-8de6-84536a64f2bc req-f4c7d49b-f8f9-4890-8de6-84536a64f2bc ] Request (FloatingIPsNegativeTestJSON:test_allocate_floating_ip_from_nonexistent_pool): 404 POST http://10.180.1.21/compute/v2.1/os-floating-ips 1.329s
2025-03-06 06:35:04.108 69262 INFO tempest.lib.common.rest_client [req-654bfb15-2165-4d3b-b965-620e184b5a23 req-654bfb15-2165-4d3b-b965-620e184b5a23 ] Request (ServersAdmin275Test:setUpClass): 201 POST http://10.180.1.21/identity/v3/projects 0.030s
2025-03-06 06:35:04.125 69268 INFO tempest.lib.common.rest_client [req-5d8aae20-2226-4417-acfe-b58dc156af5c req-5d8aae20-2226-4417-acfe-b58dc156af5c ] Request (MultipleCreateTestJSON:setUpClass): 201 POST http://10.180.1.21:9696/networking/v2.0/networks 0.575s
2025-03-06 06:35:04.163 69220 INFO tempest.lib.common.rest_client [req-80c007aa-46cf-4c2b-93a2-0ddda4c5dae0 req-80c007aa-46cf-4c2b-93a2-0ddda4c5dae0 ] Request (ListServerFiltersTestJSON:test_list_servers_detailed_limit_results): 200 GET http://10.180.1.21/compute/v2.1/servers/detail?limit=1 1.636s
2025-03-06 06:35:04.169 69226 INFO tempest.lib.common.rest_client [req-a14350b0-4b06-40dc-bc84-49811fbd2feb req-a14350b0-4b06-40dc-bc84-49811fbd2feb ] Request (ServerDiagnosticsNegativeTest:tearDownClass): 204 DELETE http://10.180.1.21:9696/networking/v2.0/security-groups/3eedebd7-7938-4771-8379-4ff6c76d8861 0.262s
2025-03-06 06:35:04.180 69248 INFO tempest.lib.common.rest_client [req-60177083-f013-482f-854a-0001cb111af5 req-60177083-f013-482f-854a-0001cb111af5 ] Request (ServerDiagnosticsTest:tearDownClass): 200 GET http://10.180.1.21/compute/v2.1/servers/a1ae5389-8497-4b29-a00b-a5b357b4c433 1.339s
2025-03-06 06:35:04.184 69262 INFO tempest.lib.common.rest_client [req-f73f8617-98af-468b-8c93-bc5f6b7ebe2d req-f73f8617-98af-468b-8c93-bc5f6b7ebe2d ] Request (ServersAdmin275Test:setUpClass): 201 POST http://10.180.1.21/identity/v3/users 0.075s
2025-03-06 06:35:04.216 69262 INFO tempest.lib.common.rest_client [req-f121d911-a95d-4678-824e-58a20293b88d req-f121d911-a95d-4678-824e-58a20293b88d ] Request (ServersAdmin275Test:setUpClass): 200 GET http://10.180.1.21/identity/v3/roles 0.032s
2025-03-06 06:35:04.251 69262 INFO tempest.lib.common.rest_client [req-b0130a7a-6cb2-4453-9129-66697ebcbc9c req-b0130a7a-6cb2-4453-9129-66697ebcbc9c ] Request (ServersAdmin275Test:setUpClass): 204 PUT http://10.180.1.21/identity/v3/projects/0dc7acd2b60a4ed9962b4b63f21e39e7/users/45c64ed836074ae6a0273137ab4b96e1/roles/fcbdfd3e287e4889b059a43b9c90fef6 0.034s
2025-03-06 06:35:04.251 69262 INFO tempest.lib.common.dynamic_creds [-] Dynamic test user 45c64ed836074ae6a0273137ab4b96e1 is created with scope project and roles: ['member']
2025-03-06 06:35:04.251 69262 INFO tempest.lib.common.dynamic_creds [-] Acquired dynamic creds: credentials: Credentials: {'domain_id': 'default', 'domain_name': 'Default', 'username': 'tempest-ServersAdmin275Test-1977748172-project-member', 'project_domain_id': 'default', 'project_domain_name': 'Default', 'project_id': '0dc7acd2b60a4ed9962b4b63f21e39e7', 'project_name': 'tempest-ServersAdmin275Test-1977748172', 'tenant_id': '0dc7acd2b60a4ed9962b4b63f21e39e7', 'tenant_name': 'tempest-ServersAdmin275Test-1977748172', 'user_domain_id': 'default', 'user_domain_name': 'Default', 'user_id': '45c64ed836074ae6a0273137ab4b96e1', 'system': None}, Network: None, Subnet: None, Router: None
2025-03-06 06:35:04.251 69262 INFO tempest.lib.common.dynamic_creds [-] Created isolated network resources for: credentials: Credentials: {'domain_id': 'default', 'domain_name': 'Default', 'username': 'tempest-ServersAdmin275Test-1977748172-project-member', 'project_domain_id': 'default', 'project_domain_name': 'Default', 'project_id': '0dc7acd2b60a4ed9962b4b63f21e39e7', 'project_name': 'tempest-ServersAdmin275Test-1977748172', 'tenant_id': '0dc7acd2b60a4ed9962b4b63f21e39e7', 'tenant_name': 'tempest-ServersAdmin275Test-1977748172', 'user_domain_id': 'default', 'user_domain_name': 'Default', 'user_id': '45c64ed836074ae6a0273137ab4b96e1', 'system': None}, Network: None, Subnet: None, Router: None
2025-03-06 06:35:04.258 69226 INFO tempest.lib.common.rest_client [req-b5f1d83a-d87c-4e6b-a224-2b2e397b00cc req-b5f1d83a-d87c-4e6b-a224-2b2e397b00cc ] Request (ServerDiagnosticsNegativeTest:tearDownClass): 204 DELETE http://10.180.1.21/identity/v3/projects/3213409bc68a4d4e8f035ed88298351a 0.088s
2025-03-06 06:35:04.258 69226 INFO tempest.lib.common.dynamic_creds [-] Deleting project and security group for project: 6c2de20e93a242bd9f0750ab35622961
2025-03-06 06:35:04.276 69250 INFO tempest.lib.common.rest_client [req-30c57c47-7acb-4f53-a77b-3c79a6496b10 req-30c57c47-7acb-4f53-a77b-3c79a6496b10 ] Request (ServersAdminTestJSON:setUpClass): 200 GET http://10.180.1.21/compute/v2.1/servers/74e4929e-3ae3-4358-9544-e64b5c2f237f 1.367s
2025-03-06 06:35:04.329 69262 INFO tempest.lib.common.rest_client [req-65859148-7c71-42f7-b24e-f677173e1b1f req-65859148-7c71-42f7-b24e-f677173e1b1f ] Request (ServersAdmin275Test:setUpClass): 201 POST http://10.180.1.21/identity/v3/auth/tokens 0.074s
2025-03-06 06:35:04.346 69256 INFO tempest.lib.common.rest_client [req-f89b351f-8c41-46da-8e9b-7c1b0f981e6e req-f89b351f-8c41-46da-8e9b-7c1b0f981e6e ] Request (ServerMetadataTestJSON:setUpClass): 200 GET http://10.180.1.21/compute/v2.1/servers/91617bdb-49a9-45b5-a147-d9d09248bb1c 1.361s
2025-03-06 06:35:04.420 69268 INFO tempest.lib.common.rest_client [req-45995aff-8a79-42ec-b4cc-7ac6fd97ce75 req-45995aff-8a79-42ec-b4cc-7ac6fd97ce75 ] Request (MultipleCreateTestJSON:setUpClass): 201 POST http://10.180.1.21:9696/networking/v2.0/subnets 0.294s
2025-03-06 06:35:04.438 69226 INFO tempest.lib.common.rest_client [req-391b5dcf-5969-4f3a-9d07-cc1736206bb9 req-391b5dcf-5969-4f3a-9d07-cc1736206bb9 ] Request (ServerDiagnosticsNegativeTest:tearDownClass): 200 GET http://10.180.1.21:9696/networking/v2.0/security-groups?tenant_id=6c2de20e93a242bd9f0750ab35622961&name=default 0.179s
2025-03-06 06:35:04.454 69262 INFO tempest.lib.common.rest_client [req-2004499e-6282-409b-99f8-1f360901ff7c req-2004499e-6282-409b-99f8-1f360901ff7c ] Request (ServersAdmin275Test:setUpClass): 201 POST http://10.180.1.21/identity/v3/projects 0.124s
2025-03-06 06:35:04.507 69272 INFO tempest.lib.common.rest_client [req-227212d2-ef65-40f2-aeaf-2a85cfa38b64 req-227212d2-ef65-40f2-aeaf-2a85cfa38b64 ] Request (QuotasTestJSON:test_get_quotas): 200 GET http://10.180.1.21/compute/v2.1/os-quota-sets/84fbd8b15b2947b5a0a3e7ff8ea788d5 1.486s
2025-03-06 06:35:04.510 69262 INFO tempest.lib.common.rest_client [req-263f0704-95dc-431a-aa7c-a2b3cb85fa43 req-263f0704-95dc-431a-aa7c-a2b3cb85fa43 ] Request (ServersAdmin275Test:setUpClass): 201 POST http://10.180.1.21/identity/v3/users 0.056s
2025-03-06 06:35:04.532 69244 WARNING tempest.lib.common.ssh [-] Failed to establish authenticated ssh connection to cirros@10.180.180.208 ([Errno None] Unable to connect to port 22 on 10.180.180.208). Number attempts: 1. Retry after 2 seconds.: paramiko.ssh_exception.NoValidConnectionsError: [Errno None] Unable to connect to port 22 on 10.180.180.208
2025-03-06 06:35:04.538 69262 INFO tempest.lib.common.rest_client [req-fe2c7c47-baea-4d9a-9a7f-bb38f14a2991 req-fe2c7c47-baea-4d9a-9a7f-bb38f14a2991 ] Request (ServersAdmin275Test:setUpClass): 200 GET http://10.180.1.21/identity/v3/roles 0.028s
2025-03-06 06:35:04.571 69262 INFO tempest.lib.common.rest_client [req-7974c822-5b45-445d-94e6-f8328b08530f req-7974c822-5b45-445d-94e6-f8328b08530f ] Request (ServersAdmin275Test:setUpClass): 204 PUT http://10.180.1.21/identity/v3/projects/b29ece45e8944fd6ac8ed9cfec08d554/users/f6f035f3b0b042a58c10de2a085fa56e/roles/cce7d5faf8dc4650905b95ae25a929f8 0.032s
2025-03-06 06:35:04.643 69226 INFO tempest.lib.common.rest_client [req-dd307897-afee-4075-a37b-4bbea98130a7 req-dd307897-afee-4075-a37b-4bbea98130a7 ] Request (ServerDiagnosticsNegativeTest:tearDownClass): 204 DELETE http://10.180.1.21:9696/networking/v2.0/security-groups/a4789363-72dd-4e23-a15e-2f6b495362b4 0.204s
2025-03-06 06:35:04.645 69262 INFO tempest.lib.common.rest_client [req-62f1e0ac-15f1-498a-8bec-c52c2c45dc18 req-62f1e0ac-15f1-498a-8bec-c52c2c45dc18 ] Request (ServersAdmin275Test:setUpClass): 200 GET http://10.180.1.21/identity/v3/roles 0.073s
2025-03-06 06:35:04.675 69262 INFO tempest.lib.common.rest_client [req-aa194438-a909-4e00-b358-782520838cbb req-aa194438-a909-4e00-b358-782520838cbb ] Request (ServersAdmin275Test:setUpClass): 204 PUT http://10.180.1.21/identity/v3/projects/b29ece45e8944fd6ac8ed9cfec08d554/users/f6f035f3b0b042a58c10de2a085fa56e/roles/cce7d5faf8dc4650905b95ae25a929f8 0.029s
2025-03-06 06:35:04.676 69262 INFO tempest.lib.common.dynamic_creds [-] Dynamic test user f6f035f3b0b042a58c10de2a085fa56e is created with scope project and roles: ['admin']
2025-03-06 06:35:04.676 69262 INFO tempest.lib.common.dynamic_creds [-] Acquired dynamic creds: credentials: Credentials: {'domain_id': 'default', 'domain_name': 'Default', 'username': 'tempest-ServersAdmin275Test-1539933831-project-admin', 'project_domain_id': 'default', 'project_domain_name': 'Default', 'project_id': 'b29ece45e8944fd6ac8ed9cfec08d554', 'project_name': 'tempest-ServersAdmin275Test-1539933831', 'tenant_id': 'b29ece45e8944fd6ac8ed9cfec08d554', 'tenant_name': 'tempest-ServersAdmin275Test-1539933831', 'user_domain_id': 'default', 'user_domain_name': 'Default', 'user_id': 'f6f035f3b0b042a58c10de2a085fa56e', 'system': None}, Network: None, Subnet: None, Router: None
2025-03-06 06:35:04.676 69262 INFO tempest.lib.common.dynamic_creds [-] Created isolated network resources for: credentials: Credentials: {'domain_id': 'default', 'domain_name': 'Default', 'username': 'tempest-ServersAdmin275Test-1539933831-project-admin', 'project_domain_id': 'default', 'project_domain_name': 'Default', 'project_id': 'b29ece45e8944fd6ac8ed9cfec08d554', 'project_name': 'tempest-ServersAdmin275Test-1539933831', 'tenant_id': 'b29ece45e8944fd6ac8ed9cfec08d554', 'tenant_name': 'tempest-ServersAdmin275Test-1539933831', 'user_domain_id': 'default', 'user_domain_name': 'Default', 'user_id': 'f6f035f3b0b042a58c10de2a085fa56e', 'system': None}, Network: None, Subnet: None, Router: None
2025-03-06 06:35:04.704 69238 INFO tempest.lib.common.rest_client [req-ecbdfde8-07b6-4939-bb56-f06e7618d7b1 req-ecbdfde8-07b6-4939-bb56-f06e7618d7b1 ] Request (FloatingIPsAssociationTestJSON:test_associate_already_associated_floating_ip): 202 POST http://10.180.1.21/compute/v2.1/servers 1.857s
2025-03-06 06:35:04.761 69218 INFO tempest.lib.common.rest_client [req-b3763f90-cea8-4a8a-b0fb-f9a8713874ff req-b3763f90-cea8-4a8a-b0fb-f9a8713874ff ] Request (KeyPairsV22TestJSON:test_keypair_create_with_pub_key): 201 POST http://10.180.1.21/compute/v2.1/os-keypairs 1.295s
2025-03-06 06:35:04.771 69262 INFO tempest.lib.common.rest_client [req-7669b54e-c172-4fe4-a498-0126563d3179 req-7669b54e-c172-4fe4-a498-0126563d3179 ] Request (ServersAdmin275Test:setUpClass): 201 POST http://10.180.1.21/identity/v3/auth/tokens 0.091s
2025-03-06 06:35:04.816 69216 INFO tempest.lib.common.rest_client [req-4f6329fe-2c14-4798-8960-a3b5faa524a7 req-4f6329fe-2c14-4798-8960-a3b5faa524a7 ] Request (ImagesOneServerTestJSON:test_create_delete_image): 200 GET http://10.180.1.21/compute/v2.1/images/2bf38ed2-e84c-4df7-9fa8-91af673a974d 1.275s
2025-03-06 06:35:04.854 69226 INFO tempest.lib.common.rest_client [req-da447ff1-07e5-449b-bce4-125612761bb0 req-da447ff1-07e5-449b-bce4-125612761bb0 ] Request (ServerDiagnosticsNegativeTest:tearDownClass): 204 DELETE http://10.180.1.21/identity/v3/projects/6c2de20e93a242bd9f0750ab35622961 0.211s
2025-03-06 06:35:04.870 69262 INFO tempest.lib.common.rest_client [req-36de2b17-71b6-4e28-884b-a6deedc4d56b req-36de2b17-71b6-4e28-884b-a6deedc4d56b ] Request (ServersAdmin275Test:test_rebuild_update_server_275): 201 POST http://10.180.1.21/identity/v3/auth/tokens 0.094s
2025-03-06 06:35:04.870 69262 INFO tempest.lib.common.fixed_network [-] (ServersAdmin275Test:test_rebuild_update_server_275) Found network None available for tenant
2025-03-06 06:35:04.882 69222 INFO tempest.lib.common.rest_client [req-3bdf9b04-294f-4687-981c-7ee0d3c2e8f6 req-3bdf9b04-294f-4687-981c-7ee0d3c2e8f6 ] Request (DeleteServersAdminTestJSON:test_delete_server_while_in_error_state): 202 POST http://10.180.1.21/compute/v2.1/servers 1.483s
2025-03-06 06:35:04.907 69264 INFO tempest.lib.common.rest_client [req-396d0b60-26ac-4991-9527-46d43a62ee8f req-396d0b60-26ac-4991-9527-46d43a62ee8f ] Request (InstanceActionsTestJSON:setUpClass): 200 GET http://10.180.1.21/compute/v2.1/servers/3f20bd77-e350-409c-beb3-6e8a188048ab 1.032s
2025-03-06 06:35:04.946 69226 INFO tempest.lib.common.rest_client [req-732ab5ac-c71c-488d-9e10-2193946a9ab9 req-732ab5ac-c71c-488d-9e10-2193946a9ab9 ] Request (SecurityGroupRulesTestJSON:setUpClass): 201 POST http://10.180.1.21/identity/v3/auth/tokens 0.090s
2025-03-06 06:35:04.966 69236 INFO tempest.lib.common.rest_client [req-d860788b-8399-4ebc-810b-ea8baadb8e29 req-d860788b-8399-4ebc-810b-ea8baadb8e29 ] Request (ServerAddressesNegativeTestJSON:setUpClass): 200 GET http://10.180.1.21/compute/v2.1/servers/4bb94a41-5549-4e59-a44b-094fff269e78 1.079s
2025-03-06 06:35:04.986 69226 INFO tempest.lib.common.rest_client [req-c1848c17-1b81-43f6-a4bd-dc68c3c1b3ed req-c1848c17-1b81-43f6-a4bd-dc68c3c1b3ed ] Request (SecurityGroupRulesTestJSON:setUpClass): 201 POST http://10.180.1.21/identity/v3/auth/tokens 0.037s
2025-03-06 06:35:04.994 69246 INFO tempest.lib.common.rest_client [req-6d2c10ce-bc6b-4391-bfe3-15ddeba68239 req-6d2c10ce-bc6b-4391-bfe3-15ddeba68239 ] Request (ServersWithSpecificFlavorTestJSON:test_verify_created_server_ephemeral_disk): 200 GET http://10.180.1.21/compute/v2.1/servers/a18eb1c3-0700-4e59-be23-2c91afa4b7b1 1.028s
2025-03-06 06:35:05.030 69226 INFO tempest.lib.common.rest_client [req-9e7e9e52-6d0e-4ee5-a6c7-9c17c1023ccd req-9e7e9e52-6d0e-4ee5-a6c7-9c17c1023ccd ] Request (SecurityGroupRulesTestJSON:setUpClass): 200 GET http://10.180.1.21/identity/v3/domains?name=Default 0.043s
2025-03-06 06:35:05.081 69226 INFO tempest.lib.common.rest_client [req-c4e44a1a-9153-45ff-81ac-bff69b63b43f req-c4e44a1a-9153-45ff-81ac-bff69b63b43f ] Request (SecurityGroupRulesTestJSON:setUpClass): 201 POST http://10.180.1.21/identity/v3/projects 0.050s
2025-03-06 06:35:05.090 69228 INFO tempest.lib.common.rest_client [req-148b061a-9308-4cb8-975c-db0e798b39e8 req-148b061a-9308-4cb8-975c-db0e798b39e8 ] Request (ServerDiagnosticsV248Test:tearDownClass): 200 GET http://10.180.1.21/compute/v2.1/servers/856fd677-c151-4e53-9a1b-b684ee27dc37 1.003s
2025-03-06 06:35:05.139 69210 INFO tempest.lib.common.rest_client [req-a520c1e3-d12e-4e25-8922-ae5a0dda1883 req-a520c1e3-d12e-4e25-8922-ae5a0dda1883 ] Request (FloatingIPsNegativeTestJSON:test_delete_nonexistent_floating_ip): 404 DELETE http://10.180.1.21/compute/v2.1/os-floating-ips/1d213bd3-b864-4009-bf57-70fd6df650d0 1.042s
2025-03-06 06:35:05.151 69226 INFO tempest.lib.common.rest_client [req-902d1263-0426-4763-be75-6c552549cf51 req-902d1263-0426-4763-be75-6c552549cf51 ] Request (SecurityGroupRulesTestJSON:setUpClass): 201 POST http://10.180.1.21/identity/v3/users 0.070s
2025-03-06 06:35:05.195 69226 INFO tempest.lib.common.rest_client [req-261ccb4f-b937-4381-9726-4b67b5221dba req-261ccb4f-b937-4381-9726-4b67b5221dba ] Request (SecurityGroupRulesTestJSON:setUpClass): 200 GET http://10.180.1.21/identity/v3/roles 0.043s
2025-03-06 06:35:05.262 69226 INFO tempest.lib.common.rest_client [req-ce9ac1fe-c9b2-4c49-8e49-f8afed09c299 req-ce9ac1fe-c9b2-4c49-8e49-f8afed09c299 ] Request (SecurityGroupRulesTestJSON:setUpClass): 204 PUT http://10.180.1.21/identity/v3/projects/63636a575c3548b1a4a711aa268cb565/users/0262c8a38c884537920ec2862f48ca50/roles/fcbdfd3e287e4889b059a43b9c90fef6 0.066s
2025-03-06 06:35:05.262 69226 INFO tempest.lib.common.dynamic_creds [-] Dynamic test user 0262c8a38c884537920ec2862f48ca50 is created with scope project and roles: ['member']
2025-03-06 06:35:05.262 69226 INFO tempest.lib.common.dynamic_creds [-] Acquired dynamic creds: credentials: Credentials: {'domain_id': 'default', 'domain_name': 'Default', 'username': 'tempest-SecurityGroupRulesTestJSON-1086487366-project-member', 'project_domain_id': 'default', 'project_domain_name': 'Default', 'project_id': '63636a575c3548b1a4a711aa268cb565', 'project_name': 'tempest-SecurityGroupRulesTestJSON-1086487366', 'tenant_id': '63636a575c3548b1a4a711aa268cb565', 'tenant_name': 'tempest-SecurityGroupRulesTestJSON-1086487366', 'user_domain_id': 'default', 'user_domain_name': 'Default', 'user_id': '0262c8a38c884537920ec2862f48ca50', 'system': None}, Network: None, Subnet: None, Router: None
2025-03-06 06:35:05.372 69226 INFO tempest.lib.common.rest_client [req-5c4289f6-ab3e-4c15-af98-08cdddc4f7ca req-5c4289f6-ab3e-4c15-af98-08cdddc4f7ca ] Request (SecurityGroupRulesTestJSON:setUpClass): 201 POST http://10.180.1.21/identity/v3/auth/tokens 0.109s
2025-03-06 06:35:05.421 69234 INFO tempest.lib.common.rest_client [req-2f5dd3b3-3d8a-444a-8047-8c1fca19e636 req-2f5dd3b3-3d8a-444a-8047-8c1fca19e636 ] Request (SecurityGroupsTestJSON:test_list_security_groups_by_server): 200 GET http://10.180.1.21/compute/v2.1/servers/9bed2863-be23-41c8-9794-5f7dfbeaf219 1.301s
2025-03-06 06:35:05.442 69270 INFO tempest.lib.common.rest_client [req-cbddde73-4b31-4033-8733-e74ba5bc59e1 req-cbddde73-4b31-4033-8733-e74ba5bc59e1 ] Request (ServerActionsTestOtherA:setUpClass): 200 PUT http://10.180.1.21:9696/networking/v2.0/routers/4929cdf1-b0a0-4770-bf11-ac9b31e658f2/add_router_interface 2.442s
2025-03-06 06:35:05.443 69270 INFO tempest.lib.common.dynamic_creds [-] Created isolated network resources for: credentials: Credentials: {'domain_id': 'default', 'domain_name': 'Default', 'username': 'tempest-ServerActionsTestOtherA-2089888-project-member', 'project_domain_id': 'default', 'project_domain_name': 'Default', 'project_id': '84cbde965bb240928baaf86257a83746', 'project_name': 'tempest-ServerActionsTestOtherA-2089888', 'tenant_id': '84cbde965bb240928baaf86257a83746', 'tenant_name': 'tempest-ServerActionsTestOtherA-2089888', 'user_domain_id': 'default', 'user_domain_name': 'Default', 'user_id': 'f2f2f6100b614d45bdc37e6310ea70c5', 'system': None}, Network: {'id': '535054b4-40f2-4085-93ee-f88482a820b2', 'name': 'tempest-ServerActionsTestOtherA-1842438762-network', 'tenant_id': '84cbde965bb240928baaf86257a83746', 'admin_state_up': True, 'mtu': 8950, 'status': 'ACTIVE', 'subnets': [], 'shared': False, 'project_id': '84cbde965bb240928baaf86257a83746', 'port_security_enabled': True, 'router:external': False, 'provider:network_type': 'vlan', 'provider:physical_network': 'default', 'provider:segmentation_id': 296, 'availability_zone_hints': [], 'availability_zones': [], 'ipv4_address_scope': None, 'ipv6_address_scope': None, 'description': '', 'tags': [], 'created_at': '2025-03-06T06:35:00Z', 'updated_at': '2025-03-06T06:35:00Z', 'revision_number': 1}, Subnet: {'id': '5a8fb403-5893-470e-bd71-4ee1f38a2d2c', 'name': 'tempest-ServerActionsTestOtherA-1842438762-subnet', 'tenant_id': '84cbde965bb240928baaf86257a83746', 'network_id': '535054b4-40f2-4085-93ee-f88482a820b2', 'ip_version': 4, 'subnetpool_id': None, 'enable_dhcp': True, 'ipv6_ra_mode': None, 'ipv6_address_mode': None, 'gateway_ip': '192.168.128.1', 'cidr': '192.168.128.0/28', 'allocation_pools': [{'start': '192.168.128.2', 'end': '192.168.128.14'}], 'host_routes': [], 'dns_nameservers': [], 'description': '', 'router:external': False, 'service_types': [], 'tags': [], 'created_at': '2025-03-06T06:35:00Z', 'updated_at': '2025-03-06T06:35:00Z', 'revision_number': 0, 'project_id': '84cbde965bb240928baaf86257a83746'}, Router: {'id': '4929cdf1-b0a0-4770-bf11-ac9b31e658f2', 'name': 'tempest-ServerActionsTestOtherA-1842438762-router', 'tenant_id': '84cbde965bb240928baaf86257a83746', 'admin_state_up': True, 'status': 'ACTIVE', 'external_gateway_info': {'network_id': 'b173a814-45e2-4483-9295-11b79aa52e6b', 'external_fixed_ips': [{'subnet_id': 'b5d78c97-a177-496b-b9ea-7e1093714abf', 'ip_address': '10.180.180.231'}], 'enable_snat': True}, 'description': '', 'availability_zones': [], 'distributed': False, 'ha': False, 'availability_zone_hints': [], 'routes': [], 'flavor_id': None, 'tags': [], 'created_at': '2025-03-06T06:35:01Z', 'updated_at': '2025-03-06T06:35:01Z', 'revision_number': 2, 'project_id': '84cbde965bb240928baaf86257a83746'}
2025-03-06 06:35:05.502 69267 INFO tempest.lib.common.rest_client [req-6b483104-4845-4d59-bf52-3921356336b0 req-6b483104-4845-4d59-bf52-3921356336b0 ] Request (DeleteServersTestJSON:test_delete_active_server): 200 GET http://10.180.1.21/compute/v2.1/servers/42bec1a5-e2e2-4746-a6d7-57edb4b60715 1.340s
2025-03-06 06:35:05.560 69270 INFO tempest.lib.common.rest_client [req-89fa91bc-b407-4cc7-be2d-72c2bf141fc9 req-89fa91bc-b407-4cc7-be2d-72c2bf141fc9 ] Request (ServerActionsTestOtherA:setUpClass): 201 POST http://10.180.1.21/identity/v3/auth/tokens 0.113s
2025-03-06 06:35:05.616 69220 INFO tempest.lib.common.rest_client [req-e8fcc722-cbdf-45d9-b3c6-a32f9ff59ee5 req-e8fcc722-cbdf-45d9-b3c6-a32f9ff59ee5 ] Request (ListServerFiltersTestJSON:test_list_servers_filter_by_active_status): 200 GET http://10.180.1.21/compute/v2.1/servers?status=active 1.438s
2025-03-06 06:35:05.689 69240 INFO tempest.lib.common.rest_client [req-fa8621f3-026c-4c07-9462-fb8e1173d762 req-fa8621f3-026c-4c07-9462-fb8e1173d762 ] Request (ServersAdminNegativeTestJSON:test_migrate_server_invalid_state): 200 GET http://10.180.1.21/compute/v2.1/servers/1e106741-a2d1-40cc-b287-3f2af59084ca 1.414s
2025-03-06 06:35:05.747 69242 INFO tempest.lib.common.rest_client [req-2c927b45-6601-47d0-804a-b0e647c2b935 req-2c927b45-6601-47d0-804a-b0e647c2b935 ] Request (AttachVolumeTestJSON:test_attach_detach_volume): 200 GET http://10.180.1.21/compute/v2.1/servers/b7c373f5-60c3-44c6-bbe7-d66be17f34fd 1.328s
2025-03-06 06:35:05.918 69254 INFO tempest.lib.common.rest_client [req-b89b6ae2-ebe1-483f-be25-9e9942a7f148 req-b89b6ae2-ebe1-483f-be25-9e9942a7f148 ] Request (AttachInterfacesTestJSON:test_create_list_show_delete_interfaces_by_fixed_ip): 202 POST http://10.180.1.21/compute/v2.1/servers 1.888s
2025-03-06 06:35:05.941 69212 INFO tempest.lib.common.rest_client [req-aec262a5-b06b-496f-9f1f-f88f3d123ab7 req-aec262a5-b06b-496f-9f1f-f88f3d123ab7 ] Request (ServerAddressesTestJSON:setUpClass): 200 GET http://10.180.1.21/compute/v2.1/servers/e3de132a-5a8c-49f7-8dde-273070d38b23 1.491s
2025-03-06 06:35:06.001 69260 WARNING tempest.lib.common.ssh [-] Failed to establish authenticated ssh connection to cirros@10.180.180.163 ([Errno None] Unable to connect to port 22 on 10.180.180.163). Number attempts: 3. Retry after 4 seconds.: paramiko.ssh_exception.NoValidConnectionsError: [Errno None] Unable to connect to port 22 on 10.180.180.163
2025-03-06 06:35:06.019 69214 INFO tempest.lib.common.rest_client [req-62083b90-715c-46ca-a275-c14da7dbe99a req-62083b90-715c-46ca-a275-c14da7dbe99a ] Request (TenantUsagesTestJSON:setUpClass): 200 GET http://10.180.1.21/compute/v2.1/servers/15785bfd-102b-4abf-b9ab-12e38c653a49 1.503s
2025-03-06 06:35:06.089 69272 INFO tempest.lib.common.rest_client [req-f372f83e-2e0a-4929-b109-37f6d0396015 req-f372f83e-2e0a-4929-b109-37f6d0396015 ] Request (QuotasTestJSON:test_get_quotas): 200 GET http://10.180.1.21/compute/v2.1/os-quota-sets/84fbd8b15b2947b5a0a3e7ff8ea788d5?user_id=8dcfd2fc176d4426bfd2e45ce971c2b2 1.577s
2025-03-06 06:35:06.093 69252 INFO tempest.lib.common.rest_client [req-0b3c40b2-93ad-4526-a6a4-7029a890169d req-0b3c40b2-93ad-4526-a6a4-7029a890169d ] Request (ServerGroupTestJSON:test_create_server_with_scheduler_hint_group): 200 GET http://10.180.1.21/compute/v2.1/servers/2a1280e2-4ad2-442f-a89e-06b541a310a1 1.445s
2025-03-06 06:35:06.113 69218 INFO tempest.lib.common.rest_client [req-ef9d7335-ecb9-4c84-95b1-120c625db53a req-ef9d7335-ecb9-4c84-95b1-120c625db53a ] Request (KeyPairsV22TestJSON:_run_cleanups): 204 DELETE http://10.180.1.21/compute/v2.1/os-keypairs/tempest-keypair-318932458 1.350s
2025-03-06 06:35:06.173 69272 INFO tempest.lib.common.rest_client [req-41a400b8-083c-4443-9903-286a883cbd8a req-41a400b8-083c-4443-9903-286a883cbd8a ] Request (QuotasTestJSON:tearDownClass): 204 DELETE http://10.180.1.21/identity/v3/users/8dcfd2fc176d4426bfd2e45ce971c2b2 0.076s
2025-03-06 06:35:06.173 69272 INFO tempest.lib.common.dynamic_creds [-] Deleting project and security group for project: 84fbd8b15b2947b5a0a3e7ff8ea788d5
2025-03-06 06:35:06.236 69272 INFO tempest.lib.common.rest_client [req-56eb561f-eb22-426a-b196-5b759154fcf5 req-56eb561f-eb22-426a-b196-5b759154fcf5 ] Request (QuotasTestJSON:tearDownClass): 201 POST http://10.180.1.21/identity/v3/auth/tokens 0.062s
2025-03-06 06:35:06.245 69258 INFO tempest.lib.common.rest_client [req-69413aad-0f26-4d2d-992e-77fb3a293b1f req-69413aad-0f26-4d2d-992e-77fb3a293b1f ] Request (MigrationsAdminTest:test_list_migrations_in_flavor_resize_situation): 200 GET http://10.180.1.21/compute/v2.1/servers/d2187069-2dba-4d01-969f-510f659fc163 1.474s
2025-03-06 06:35:06.316 69238 INFO tempest.lib.common.rest_client [req-d5fc12f9-65f3-42b0-b698-1a5e222c16ff req-d5fc12f9-65f3-42b0-b698-1a5e222c16ff ] Request (FloatingIPsAssociationTestJSON:test_associate_already_associated_floating_ip): 200 GET http://10.180.1.21/compute/v2.1/servers/3f7dc844-a0a8-4c16-a947-f695a646512c 1.610s
2025-03-06 06:35:06.383 69226 INFO tempest.lib.common.rest_client [req-e89641fa-9fa4-456b-8db3-c40cb2a2990b req-e89641fa-9fa4-456b-8db3-c40cb2a2990b ] Request (SecurityGroupRulesTestJSON:setUpClass): 201 POST http://10.180.1.21:9696/networking/v2.0/networks 1.010s
2025-03-06 06:35:06.438 69216 INFO tempest.lib.common.rest_client [req-b040295b-2c89-49ef-9d79-404a1fbc2272 req-b040295b-2c89-49ef-9d79-404a1fbc2272 ] Request (ImagesOneServerTestJSON:test_create_delete_image): 200 GET http://10.180.1.21/compute/v2.1/servers/29bce734-9f04-41eb-92e5-df9248dc10a3 1.615s
2025-03-06 06:35:06.509 69272 INFO tempest.lib.common.rest_client [req-92003772-921a-476d-af80-322acf154b34 req-92003772-921a-476d-af80-322acf154b34 ] Request (QuotasTestJSON:tearDownClass): 200 GET http://10.180.1.21:9696/networking/v2.0/security-groups?tenant_id=84fbd8b15b2947b5a0a3e7ff8ea788d5&name=default 0.273s
2025-03-06 06:35:06.516 69222 INFO tempest.lib.common.rest_client [req-6bfdfb0e-0395-4b52-a9be-917ae6e388bc req-6bfdfb0e-0395-4b52-a9be-917ae6e388bc ] Request (DeleteServersAdminTestJSON:test_delete_server_while_in_error_state): 200 GET http://10.180.1.21/compute/v2.1/servers/f72552ae-2213-4d26-a1e2-82015336df56 1.631s
2025-03-06 06:35:06.558 69262 INFO tempest.lib.common.rest_client [req-ed52a9b4-16f2-44f7-b4d2-acf796de8581 req-ed52a9b4-16f2-44f7-b4d2-acf796de8581 ] Request (ServersAdmin275Test:test_rebuild_update_server_275): 202 POST http://10.180.1.21/compute/v2.1/servers 1.687s
2025-03-06 06:35:06.671 69232 INFO tempest.lib.common.rest_client [req-3a293a50-749c-4d98-a0e2-319a9b6b6f36 req-3a293a50-749c-4d98-a0e2-319a9b6b6f36 ] Request (ServerExternalEventsTest:test_create_server_external_events): 200 GET http://10.180.1.21/compute/v2.1/servers/d00e31be-e1ca-4417-af4f-3f85d95e1b4b 1.765s
2025-03-06 06:35:06.699 69268 INFO tempest.lib.common.rest_client [req-d922b05f-a537-4e88-82cc-679a481e21b3 req-d922b05f-a537-4e88-82cc-679a481e21b3 ] Request (MultipleCreateTestJSON:setUpClass): 201 POST http://10.180.1.21:9696/networking/v2.0/routers 2.278s
2025-03-06 06:35:06.737 69226 INFO tempest.lib.common.rest_client [req-8c553e98-dcf5-421b-9dc9-623af39750d5 req-8c553e98-dcf5-421b-9dc9-623af39750d5 ] Request (SecurityGroupRulesTestJSON:setUpClass): 201 POST http://10.180.1.21:9696/networking/v2.0/subnets 0.354s
2025-03-06 06:35:06.748 69272 INFO tempest.lib.common.rest_client [req-9f2acabd-fc6a-4dd8-947d-0fe815f07311 req-9f2acabd-fc6a-4dd8-947d-0fe815f07311 ] Request (QuotasTestJSON:tearDownClass): 204 DELETE http://10.180.1.21:9696/networking/v2.0/security-groups/1fd77d2b-ada6-432d-b260-7ed19e040cb8 0.238s
2025-03-06 06:35:06.771 69224 INFO tempest.lib.common.rest_client [req-96114216-3f8d-42c8-a425-8aba77a7e01c req-96114216-3f8d-42c8-a425-8aba77a7e01c ] Request (FloatingIPsAssociationNegativeTestJSON:setUpClass): 200 GET http://10.180.1.21/compute/v2.1/servers/17c90488-234d-4203-964f-a4863bbe5e47 1.794s
2025-03-06 06:35:06.829 69272 INFO tempest.lib.common.rest_client [req-d75c14f5-443d-494a-a2b8-06a9fe808214 req-d75c14f5-443d-494a-a2b8-06a9fe808214 ] Request (QuotasTestJSON:tearDownClass): 204 DELETE http://10.180.1.21/identity/v3/projects/84fbd8b15b2947b5a0a3e7ff8ea788d5 0.080s
2025-03-06 06:35:06.834 69230 INFO tempest.lib.common.rest_client [req-babbe706-08fa-4738-b80f-9782401aa7fb req-babbe706-08fa-4738-b80f-9782401aa7fb ] Request (VolumesAssistedSnapshotsTest:test_volume_assisted_snapshot_create_delete): 200 GET http://10.180.1.21/compute/v2.1/servers/0584a6fd-aa46-4da6-bc9a-90ee80698237 1.785s
2025-03-06 06:35:06.849 69230 INFO tempest.common.waiters [-] State transition "BUILD/None" ==> "BUILD/spawning" after 34 second wait
2025-03-06 06:35:06.872 69248 INFO tempest.lib.common.rest_client [req-541f7919-fceb-459b-bc22-feeb31a530ea req-541f7919-fceb-459b-bc22-feeb31a530ea ] Request (ServerDiagnosticsTest:tearDownClass): 200 GET http://10.180.1.21/compute/v2.1/servers/a1ae5389-8497-4b29-a00b-a5b357b4c433 1.680s
2025-03-06 06:35:06.900 69250 INFO tempest.lib.common.rest_client [req-64506cda-ef9c-43fb-81d3-2cc5c6ea23f3 req-64506cda-ef9c-43fb-81d3-2cc5c6ea23f3 ] Request (ServersAdminTestJSON:setUpClass): 200 GET http://10.180.1.21/compute/v2.1/servers/74e4929e-3ae3-4358-9544-e64b5c2f237f 1.616s
2025-03-06 06:35:06.947 69256 INFO tempest.lib.common.rest_client [req-1ceed850-8ae1-4487-9e1a-4c9a03deaee5 req-1ceed850-8ae1-4487-9e1a-4c9a03deaee5 ] Request (ServerMetadataTestJSON:setUpClass): 200 GET http://10.180.1.21/compute/v2.1/servers/91617bdb-49a9-45b5-a147-d9d09248bb1c 1.589s
2025-03-06 06:35:07.037 69270 INFO tempest.lib.common.rest_client [req-58a5e102-ebce-4c73-a947-e4e69495074d req-58a5e102-ebce-4c73-a947-e4e69495074d ] Request (ServerActionsTestOtherA:setUpClass): 200 POST http://10.180.1.21/compute/v2.1/os-keypairs 1.475s
2025-03-06 06:35:07.057 69220 INFO tempest.lib.common.rest_client [req-32221853-b430-45c5-a086-a02f3237a11d req-32221853-b430-45c5-a086-a02f3237a11d ] Request (ListServerFiltersTestJSON:test_list_servers_filter_by_exceed_limit): 200 GET http://10.180.1.21/compute/v2.1/servers?limit=100000 1.437s
2025-03-06 06:35:07.111 69264 INFO tempest.lib.common.rest_client [req-3f123b2c-ae41-40f3-975d-1b5a5cd774a7 req-3f123b2c-ae41-40f3-975d-1b5a5cd774a7 ] Request (InstanceActionsTestJSON:setUpClass): 200 GET http://10.180.1.21/compute/v2.1/servers/3f20bd77-e350-409c-beb3-6e8a188048ab 1.191s
2025-03-06 06:35:07.149 69254 INFO tempest.lib.common.rest_client [req-f2e0c93c-efbd-47d6-8b98-c63830682792 req-f2e0c93c-efbd-47d6-8b98-c63830682792 ] Request (AttachInterfacesTestJSON:test_create_list_show_delete_interfaces_by_fixed_ip): 200 GET http://10.180.1.21/compute/v2.1/servers/80fa04f2-e0a6-452e-9a88-73eeb0ac347e 1.228s
2025-03-06 06:35:07.199 69236 INFO tempest.lib.common.rest_client [req-902706cc-69c9-4f65-9588-0cb8a564eeef req-902706cc-69c9-4f65-9588-0cb8a564eeef ] Request (ServerAddressesNegativeTestJSON:setUpClass): 200 GET http://10.180.1.21/compute/v2.1/servers/4bb94a41-5549-4e59-a44b-094fff269e78 1.221s
2025-03-06 06:35:07.229 69246 INFO tempest.lib.common.rest_client [req-1b081ea2-ece7-464e-b894-21240b1d0c51 req-1b081ea2-ece7-464e-b894-21240b1d0c51 ] Request (ServersWithSpecificFlavorTestJSON:test_verify_created_server_ephemeral_disk): 200 GET http://10.180.1.21/compute/v2.1/servers/a18eb1c3-0700-4e59-be23-2c91afa4b7b1 1.221s
2025-03-06 06:35:07.266 69218 INFO tempest.lib.common.rest_client [req-0a3f07a0-be57-45f0-b949-e9f02245dbe1 req-0a3f07a0-be57-45f0-b949-e9f02245dbe1 ] Request (KeyPairsV22TestJSON:test_keypairs_create_list_delete): 201 POST http://10.180.1.21/compute/v2.1/os-keypairs 1.151s
2025-03-06 06:35:07.302 69210 INFO tempest.lib.common.rest_client [req-6768dfa1-3a5a-40d5-84bc-710805a15dc9 req-6768dfa1-3a5a-40d5-84bc-710805a15dc9 ] Request (FloatingIPsNegativeTestJSON:tearDownClass): 200 PUT http://10.180.1.21:9696/networking/v2.0/routers/c6441926-a711-41f4-a8a8-33c501519d51/remove_router_interface 2.161s
2025-03-06 06:35:07.306 69270 INFO tempest.lib.common.rest_client [req-8b173cf1-edb1-4dc8-9000-9a87ca816a5d req-8b173cf1-edb1-4dc8-9000-9a87ca816a5d ] Request (ServerActionsTestOtherA:setUpClass): 201 POST http://10.180.1.21:9696/networking/v2.0/security-groups 0.267s
2025-03-06 06:35:07.307 69228 INFO tempest.lib.common.rest_client [req-483151f6-c6f0-4675-a33f-4b87c1739ba8 req-483151f6-c6f0-4675-a33f-4b87c1739ba8 ] Request (ServerDiagnosticsV248Test:tearDownClass): 200 GET http://10.180.1.21/compute/v2.1/servers/856fd677-c151-4e53-9a1b-b684ee27dc37 1.202s
2025-03-06 06:35:07.368 69216 INFO tempest.lib.common.rest_client [req-6c713849-d218-4080-8139-4b80743216b4 req-6c713849-d218-4080-8139-4b80743216b4 ] Request (ImagesOneServerTestJSON:test_create_delete_image): 200 GET http://10.180.1.21/compute/v2.1/images/1879d0a5-54a9-4bf5-9700-e9a6c6e8e21f 0.918s
2025-03-06 06:35:07.406 69234 INFO tempest.lib.common.rest_client [req-8a72f1ba-5e86-4953-a3b8-d88eb50764aa req-8a72f1ba-5e86-4953-a3b8-d88eb50764aa ] Request (SecurityGroupsTestJSON:test_list_security_groups_by_server): 200 GET http://10.180.1.21/compute/v2.1/servers/9bed2863-be23-41c8-9794-5f7dfbeaf219 0.973s
2025-03-06 06:35:07.443 69267 INFO tempest.lib.common.rest_client [req-9816d4e0-1fd3-41cb-8922-ab9667bcdfae req-9816d4e0-1fd3-41cb-8922-ab9667bcdfae ] Request (DeleteServersTestJSON:test_delete_active_server): 200 GET http://10.180.1.21/compute/v2.1/servers/42bec1a5-e2e2-4746-a6d7-57edb4b60715 0.928s
2025-03-06 06:35:07.522 69240 INFO tempest.lib.common.rest_client [req-27943e7f-9b69-4810-9831-74b45bed436c req-27943e7f-9b69-4810-9831-74b45bed436c ] Request (ServersAdminNegativeTestJSON:test_migrate_server_invalid_state): 200 GET http://10.180.1.21/compute/v2.1/servers/1e106741-a2d1-40cc-b287-3f2af59084ca 0.823s
2025-03-06 06:35:07.577 69242 INFO tempest.lib.common.rest_client [req-17be02fe-b25b-46ed-9bdd-5419dfbd1aef req-17be02fe-b25b-46ed-9bdd-5419dfbd1aef ] Request (AttachVolumeTestJSON:test_attach_detach_volume): 200 GET http://10.180.1.21/compute/v2.1/servers/b7c373f5-60c3-44c6-bbe7-d66be17f34fd 0.821s
2025-03-06 06:35:07.588 69262 INFO tempest.lib.common.rest_client [req-5a5b72b6-5a38-4ba3-ae23-8cc378fea57f req-5a5b72b6-5a38-4ba3-ae23-8cc378fea57f ] Request (ServersAdmin275Test:test_rebuild_update_server_275): 200 PUT http://10.180.1.21/compute/v2.1/servers/bfc2d904-8005-4693-871f-5745dc3d29fd 1.028s
2025-03-06 06:35:07.600 69244 WARNING tempest.lib.common.ssh [-] Failed to establish authenticated ssh connection to cirros@10.180.180.208 ([Errno None] Unable to connect to port 22 on 10.180.180.208). Number attempts: 2. Retry after 3 seconds.: paramiko.ssh_exception.NoValidConnectionsError: [Errno None] Unable to connect to port 22 on 10.180.180.208
2025-03-06 06:35:07.671 69270 INFO tempest.lib.common.rest_client [req-4b39f27d-f174-448a-bb65-d9f8fcf6dc65 req-4b39f27d-f174-448a-bb65-d9f8fcf6dc65 ] Request (ServerActionsTestOtherA:setUpClass): 201 POST http://10.180.1.21:9696/networking/v2.0/security-group-rules 0.364s
2025-03-06 06:35:07.693 69214 INFO tempest.lib.common.rest_client [req-f41326cb-d0df-4ac2-997a-a6ad565d5118 req-f41326cb-d0df-4ac2-997a-a6ad565d5118 ] Request (TenantUsagesTestJSON:setUpClass): 200 GET http://10.180.1.21/compute/v2.1/servers/15785bfd-102b-4abf-b9ab-12e38c653a49 0.664s
2025-03-06 06:35:07.718 69212 INFO tempest.lib.common.rest_client [req-8954e482-06a0-495a-bbf0-84cf14e960f5 req-8954e482-06a0-495a-bbf0-84cf14e960f5 ] Request (ServerAddressesTestJSON:setUpClass): 200 GET http://10.180.1.21/compute/v2.1/servers/e3de132a-5a8c-49f7-8dde-273070d38b23 0.766s
2025-03-06 06:35:07.812 69220 INFO tempest.lib.common.rest_client [req-2b552084-34b5-4435-869a-3d4eeb5aaea6 req-2b552084-34b5-4435-869a-3d4eeb5aaea6 ] Request (ListServerFiltersTestJSON:test_list_servers_filter_by_exceed_limit): 200 GET http://10.180.1.21/compute/v2.1/servers 0.752s
2025-03-06 06:35:07.812 69252 INFO tempest.lib.common.rest_client [req-8b2e9159-3336-41e7-918f-fd1e7ede166f req-8b2e9159-3336-41e7-918f-fd1e7ede166f ] Request (ServerGroupTestJSON:test_create_server_with_scheduler_hint_group): 200 GET http://10.180.1.21/compute/v2.1/servers/2a1280e2-4ad2-442f-a89e-06b541a310a1 0.709s
2025-03-06 06:35:07.881 69218 INFO tempest.lib.common.rest_client [req-b05e72e6-b9de-4fbf-b98d-bf227ad802f5 req-b05e72e6-b9de-4fbf-b98d-bf227ad802f5 ] Request (KeyPairsV22TestJSON:test_keypairs_create_list_delete): 201 POST http://10.180.1.21/compute/v2.1/os-keypairs 0.613s
2025-03-06 06:35:07.964 69270 INFO tempest.lib.common.rest_client [req-d4efe439-36af-4a9f-9ba3-10d022013703 req-d4efe439-36af-4a9f-9ba3-10d022013703 ] Request (ServerActionsTestOtherA:setUpClass): 201 POST http://10.180.1.21:9696/networking/v2.0/security-group-rules 0.292s
2025-03-06 06:35:08.109 69226 INFO tempest.lib.common.rest_client [req-62b9c7f3-0b2e-482d-8d05-1ef64c6281b2 req-62b9c7f3-0b2e-482d-8d05-1ef64c6281b2 ] Request (SecurityGroupRulesTestJSON:setUpClass): 201 POST http://10.180.1.21:9696/networking/v2.0/routers 1.370s
2025-03-06 06:35:08.152 69258 INFO tempest.lib.common.rest_client [req-b4b76eff-39c2-4116-b688-26ae5a195edc req-b4b76eff-39c2-4116-b688-26ae5a195edc ] Request (MigrationsAdminTest:test_list_migrations_in_flavor_resize_situation): 200 GET http://10.180.1.21/compute/v2.1/servers/d2187069-2dba-4d01-969f-510f659fc163 0.894s
2025-03-06 06:35:08.170 69216 INFO tempest.lib.common.rest_client [req-7cbf0d79-47da-444c-91d8-c1d95001f50c req-7cbf0d79-47da-444c-91d8-c1d95001f50c ] Request (ImagesOneServerTestJSON:test_create_delete_image): 200 GET http://10.180.1.21/compute/v2.1/flavors/42 0.799s
2025-03-06 06:35:08.211 69238 INFO tempest.lib.common.rest_client [req-af477ab3-60a9-4fc1-8c2a-37d13f994cda req-af477ab3-60a9-4fc1-8c2a-37d13f994cda ] Request (FloatingIPsAssociationTestJSON:test_associate_already_associated_floating_ip): 200 GET http://10.180.1.21/compute/v2.1/servers/3f7dc844-a0a8-4c16-a947-f695a646512c 0.883s
2025-03-06 06:35:08.252 69222 INFO tempest.lib.common.rest_client [req-f01b4561-a097-4aae-b7c7-2903931ffd86 req-f01b4561-a097-4aae-b7c7-2903931ffd86 ] Request (DeleteServersAdminTestJSON:test_delete_server_while_in_error_state): 200 GET http://10.180.1.21/compute/v2.1/servers/f72552ae-2213-4d26-a1e2-82015336df56 0.727s
2025-03-06 06:35:08.325 69262 INFO tempest.lib.common.rest_client [req-e982aa69-7901-4751-b474-7ff15ccd940f req-e982aa69-7901-4751-b474-7ff15ccd940f ] Request (ServersAdmin275Test:test_rebuild_update_server_275): 200 GET http://10.180.1.21/compute/v2.1/servers/bfc2d904-8005-4693-871f-5745dc3d29fd 0.720s
2025-03-06 06:35:08.391 69210 INFO tempest.lib.common.rest_client [req-7af0a376-8c66-41f2-a56f-ad46c6db7cda req-7af0a376-8c66-41f2-a56f-ad46c6db7cda ] Request (FloatingIPsNegativeTestJSON:tearDownClass): 204 DELETE http://10.180.1.21:9696/networking/v2.0/routers/c6441926-a711-41f4-a8a8-33c501519d51 1.088s
2025-03-06 06:35:08.421 69232 INFO tempest.lib.common.rest_client [req-66446861-6ec9-47a7-8da6-471f1e6da695 req-66446861-6ec9-47a7-8da6-471f1e6da695 ] Request (ServerExternalEventsTest:test_create_server_external_events): 200 GET http://10.180.1.21/compute/v2.1/servers/d00e31be-e1ca-4417-af4f-3f85d95e1b4b 0.739s
2025-03-06 06:35:08.507 69220 INFO tempest.lib.common.rest_client [req-13a07a10-e081-45b1-b6bd-4a4c70a535a1 req-13a07a10-e081-45b1-b6bd-4a4c70a535a1 ] Request (ListServerFiltersTestJSON:test_list_servers_filter_by_flavor): 200 GET http://10.180.1.21/compute/v2.1/servers?flavor=84 0.687s
2025-03-06 06:35:08.593 69224 INFO tempest.lib.common.rest_client [req-30661d5d-c2b0-4484-b095-4d8c2fbee048 req-30661d5d-c2b0-4484-b095-4d8c2fbee048 ] Request (FloatingIPsAssociationNegativeTestJSON:setUpClass): 200 GET http://10.180.1.21/compute/v2.1/servers/17c90488-234d-4203-964f-a4863bbe5e47 0.810s
2025-03-06 06:35:08.633 69218 INFO tempest.lib.common.rest_client [req-eb8733fe-1187-4696-8493-4b21c2e287aa req-eb8733fe-1187-4696-8493-4b21c2e287aa ] Request (KeyPairsV22TestJSON:test_keypairs_create_list_delete): 201 POST http://10.180.1.21/compute/v2.1/os-keypairs 0.750s
2025-03-06 06:35:08.678 69210 INFO tempest.lib.common.rest_client [req-2757938c-5e04-455c-8d03-b4ae7e4e8046 req-2757938c-5e04-455c-8d03-b4ae7e4e8046 ] Request (FloatingIPsNegativeTestJSON:tearDownClass): 204 DELETE http://10.180.1.21:9696/networking/v2.0/subnets/fed11fd9-f579-419e-90a3-d098436cc710 0.287s
2025-03-06 06:35:08.724 69248 INFO tempest.lib.common.rest_client [req-17f690d1-0539-4f59-ab36-a9a7a6e5a934 req-17f690d1-0539-4f59-ab36-a9a7a6e5a934 ] Request (ServerDiagnosticsTest:tearDownClass): 200 GET http://10.180.1.21/compute/v2.1/servers/a1ae5389-8497-4b29-a00b-a5b357b4c433 0.840s
2025-03-06 06:35:08.816 69230 INFO tempest.lib.common.rest_client [req-1b088d19-7166-4b48-bb02-3ed158e45a17 req-1b088d19-7166-4b48-bb02-3ed158e45a17 ] Request (VolumesAssistedSnapshotsTest:test_volume_assisted_snapshot_create_delete): 200 GET http://10.180.1.21/compute/v2.1/servers/0584a6fd-aa46-4da6-bc9a-90ee80698237 0.966s
2025-03-06 06:35:09.028 69250 INFO tempest.lib.common.rest_client [req-9393eaab-29d2-4508-bd53-e01295c01ea4 req-9393eaab-29d2-4508-bd53-e01295c01ea4 ] Request (ServersAdminTestJSON:setUpClass): 200 GET http://10.180.1.21/compute/v2.1/servers/74e4929e-3ae3-4358-9544-e64b5c2f237f 1.112s
2025-03-06 06:35:09.092 69264 INFO tempest.lib.common.rest_client [req-3b3840f4-5503-470e-b28e-4c17b89662ec req-3b3840f4-5503-470e-b28e-4c17b89662ec ] Request (InstanceActionsTestJSON:setUpClass): 200 GET http://10.180.1.21/compute/v2.1/servers/3f20bd77-e350-409c-beb3-6e8a188048ab 0.972s
2025-03-06 06:35:09.098 69268 INFO tempest.lib.common.rest_client [req-3f82aa8c-fabc-4572-8257-b96df4a3b5c5 req-3f82aa8c-fabc-4572-8257-b96df4a3b5c5 ] Request (MultipleCreateTestJSON:setUpClass): 200 PUT http://10.180.1.21:9696/networking/v2.0/routers/d1312436-2bf2-46ad-93de-9007bea576a5/add_router_interface 2.399s
