2025-03-06 06:34:38.016 69268 INFO tempest.lib.common.dynamic_creds [-] Created isolated network resources for: credentials: Credentials: {'domain_id': 'default', 'domain_name': 'Default', 'username': 'tempest-ImagesMetadataTestJSON-1837691556-project-member', 'project_domain_id': 'default', 'project_domain_name': 'Default', 'project_id': 'ede343f1cb754280a0ca7c048485f9d8', 'project_name': 'tempest-ImagesMetadataTestJSON-1837691556', 'tenant_id': 'ede343f1cb754280a0ca7c048485f9d8', 'tenant_name': 'tempest-ImagesMetadataTestJSON-1837691556', 'user_domain_id': 'default', 'user_domain_name': 'Default', 'user_id': '8cf9db4b50034d4899541a4648447178', 'system': None}, Network: None, Subnet: None, Router: None
2025-03-06 06:34:38.081 69258 INFO tempest.lib.common.rest_client [req-7762724d-513b-4e73-985e-73ecda1cc6c5 req-7762724d-513b-4e73-985e-73ecda1cc6c5 ] Request (MigrationsAdminTest:test_list_migrations_in_flavor_resize_situation): 200 GET http://10.180.1.21/compute/v2.1/servers/d2187069-2dba-4d01-969f-510f659fc163 1.316s
2025-03-06 06:34:38.079 69214 INFO tempest.lib.common.rest_client [req-2afef07d-3ab9-4423-8d74-2087b1309940 req-2afef07d-3ab9-4423-8d74-2087b1309940 ] Request (TenantUsagesTestJSON:setUpClass): 201 POST http://10.180.1.21/identity/v3/auth/tokens 0.177s
2025-03-06 06:34:38.082 69214 INFO tempest.lib.common.fixed_network [-] (TenantUsagesTestJSON:setUpClass) Found network None available for tenant
2025-03-06 06:34:38.088 69234 INFO tempest.lib.common.rest_client [req-f67d0a6f-df06-4d4f-a2ba-b0a9d8b437bd req-f67d0a6f-df06-4d4f-a2ba-b0a9d8b437bd ] Request (SecurityGroupsTestAdminJSON:tearDownClass): 200 GET http://10.180.1.21:9696/networking/v2.0/security-groups?tenant_id=d75032c7087741aeb0d9ee1f7472f880&name=default 0.114s
2025-03-06 06:34:38.107 69242 INFO tempest.lib.common.rest_client [req-9a825151-c5d5-4e83-a98e-fd3c350a11de req-9a825151-c5d5-4e83-a98e-fd3c350a11de ] Request (AttachVolumeTestJSON:setUpClass): 200 GET http://10.180.1.21/identity/v3/domains?name=Default 0.167s
2025-03-06 06:34:38.123 69272 INFO tempest.lib.common.rest_client [req-c8d25719-7bda-4610-b2a7-c90e5ef1e366 req-c8d25719-7bda-4610-b2a7-c90e5ef1e366 ] Request (QuotasTestJSON:setUpClass): 204 PUT http://10.180.1.21/identity/v3/projects/84fbd8b15b2947b5a0a3e7ff8ea788d5/users/8dcfd2fc176d4426bfd2e45ce971c2b2/roles/fcbdfd3e287e4889b059a43b9c90fef6 0.322s
2025-03-06 06:34:38.123 69272 INFO tempest.lib.common.dynamic_creds [-] Dynamic test user 8dcfd2fc176d4426bfd2e45ce971c2b2 is created with scope project and roles: ['member']
2025-03-06 06:34:38.123 69272 INFO tempest.lib.common.dynamic_creds [-] Acquired dynamic creds: credentials: Credentials: {'domain_id': 'default', 'domain_name': 'Default', 'username': 'tempest-QuotasTestJSON-278078468-project-member', 'project_domain_id': 'default', 'project_domain_name': 'Default', 'project_id': '84fbd8b15b2947b5a0a3e7ff8ea788d5', 'project_name': 'tempest-QuotasTestJSON-278078468', 'tenant_id': '84fbd8b15b2947b5a0a3e7ff8ea788d5', 'tenant_name': 'tempest-QuotasTestJSON-278078468', 'user_domain_id': 'default', 'user_domain_name': 'Default', 'user_id': '8dcfd2fc176d4426bfd2e45ce971c2b2', 'system': None}, Network: None, Subnet: None, Router: None
2025-03-06 06:34:38.123 69272 INFO tempest.lib.common.dynamic_creds [-] Created isolated network resources for: credentials: Credentials: {'domain_id': 'default', 'domain_name': 'Default', 'username': 'tempest-QuotasTestJSON-278078468-project-member', 'project_domain_id': 'default', 'project_domain_name': 'Default', 'project_id': '84fbd8b15b2947b5a0a3e7ff8ea788d5', 'project_name': 'tempest-QuotasTestJSON-278078468', 'tenant_id': '84fbd8b15b2947b5a0a3e7ff8ea788d5', 'tenant_name': 'tempest-QuotasTestJSON-278078468', 'user_domain_id': 'default', 'user_domain_name': 'Default', 'user_id': '8dcfd2fc176d4426bfd2e45ce971c2b2', 'system': None}, Network: None, Subnet: None, Router: None
2025-03-06 06:34:38.186 69260 INFO tempest.lib.common.rest_client [req-60bfcc95-a7c3-497d-90c6-8d4e2e2d07f8 req-60bfcc95-a7c3-497d-90c6-8d4e2e2d07f8 ] Request (ServersTestFqdnHostnames:test_create_server_with_fqdn_name): 200 GET http://10.180.1.21/compute/v2.1/servers/8aa9ad1d-d3b0-4038-acd1-0fca895a3ac1 1.399s
2025-03-06 06:34:38.196 69260 INFO tempest.common.waiters [-] State transition "BUILD/networking" ==> "BUILD/spawning" after 18 second wait
2025-03-06 06:34:38.198 69242 INFO tempest.lib.common.rest_client [req-5c717427-8b0f-4af5-91ac-a2f0edc1acbf req-5c717427-8b0f-4af5-91ac-a2f0edc1acbf ] Request (AttachVolumeTestJSON:setUpClass): 201 POST http://10.180.1.21/identity/v3/projects 0.090s
2025-03-06 06:34:38.203 69236 INFO tempest.lib.common.rest_client [req-18022932-67f9-4732-8202-649f3c327f7a req-18022932-67f9-4732-8202-649f3c327f7a ] Request (FloatingIPsTestJSON:tearDownClass): 204 DELETE http://10.180.1.21:9696/networking/v2.0/subnets/428c0b93-a1cc-4ed3-9477-3eed54f7d08e 0.337s
2025-03-06 06:34:38.208 69268 INFO tempest.lib.common.rest_client [req-b2a26a52-3d63-462f-ac32-3bcbacfc3fa1 req-b2a26a52-3d63-462f-ac32-3bcbacfc3fa1 ] Request (ImagesMetadataTestJSON:setUpClass): 201 POST http://10.180.1.21/identity/v3/auth/tokens 0.188s
2025-03-06 06:34:38.248 69264 INFO tempest.lib.common.rest_client [req-2f9fef99-21c7-4343-8e91-8efe12365d05 req-2f9fef99-21c7-4343-8e91-8efe12365d05 ] Request (InstanceActionsTestJSON:setUpClass): 200 GET http://10.180.1.21/compute/v2.1/servers/3f20bd77-e350-409c-beb3-6e8a188048ab 1.268s
2025-03-06 06:34:38.302 69272 INFO tempest.lib.common.rest_client [req-79e6f2a7-59e6-4395-93ec-5d589c66ce67 req-79e6f2a7-59e6-4395-93ec-5d589c66ce67 ] Request (QuotasTestJSON:setUpClass): 201 POST http://10.180.1.21/identity/v3/auth/tokens 0.173s
2025-03-06 06:34:38.304 69272 WARNING tempest.lib.common.rest_client [-] Deprecated: "tenant_id" property is deprecated for removal, use "project_id" instead
2025-03-06 06:34:38.360 69234 INFO tempest.lib.common.rest_client [req-35012b82-7e3c-4f83-bf09-96fd045965bb req-35012b82-7e3c-4f83-bf09-96fd045965bb ] Request (SecurityGroupsTestAdminJSON:tearDownClass): 204 DELETE http://10.180.1.21:9696/networking/v2.0/security-groups/8e831b40-a291-4449-a2d1-742dbac0312b 0.271s
2025-03-06 06:34:38.367 69242 INFO tempest.lib.common.rest_client [req-43975305-7316-40ee-b535-124139f76570 req-43975305-7316-40ee-b535-124139f76570 ] Request (AttachVolumeTestJSON:setUpClass): 201 POST http://10.180.1.21/identity/v3/users 0.167s
2025-03-06 06:34:38.389 69267 INFO tempest.lib.common.rest_client [req-28c195b8-b24c-41f1-bb45-e2d4eb72bb7d req-28c195b8-b24c-41f1-bb45-e2d4eb72bb7d ] Request (QuotasAdminTestJSON:test_delete_quota): 200 PUT http://10.180.1.21/compute/v2.1/os-quota-sets/faef9482ade54c9c87e593e98eb626dc 1.482s
2025-03-06 06:34:38.422 69240 INFO tempest.lib.common.rest_client [req-4317b022-f772-496a-a890-2e5d0715f2d6 req-4317b022-f772-496a-a890-2e5d0715f2d6 ] Request (ServersAdminNegativeTestJSON:setUpClass): 200 GET http://10.180.1.21/compute/v2.1/servers/292718c1-e976-4462-aede-a2ed6b8415de 1.353s
2025-03-06 06:34:38.426 69234 INFO tempest.lib.common.rest_client [req-87ced5ae-dc2f-4187-81d6-a02745d0de5d req-87ced5ae-dc2f-4187-81d6-a02745d0de5d ] Request (SecurityGroupsTestAdminJSON:tearDownClass): 204 DELETE http://10.180.1.21/identity/v3/projects/d75032c7087741aeb0d9ee1f7472f880 0.065s
2025-03-06 06:34:38.455 69218 INFO tempest.lib.common.rest_client [req-d67658d3-24cd-4d88-9d02-77a543f72a46 req-d67658d3-24cd-4d88-9d02-77a543f72a46 ] Request (HostsAdminTestJSON:test_show_host_detail): 200 GET http://10.180.1.21/compute/v2.1/os-hosts 1.328s
2025-03-06 06:34:38.470 69210 INFO tempest.lib.common.rest_client [req-86be85ae-d9b7-456a-b0df-05aedf130238 req-86be85ae-d9b7-456a-b0df-05aedf130238 ] Request (KeyPairsV210TestJSON:_run_cleanups): 204 DELETE http://10.180.1.21/compute/v2.1/os-keypairs/tempest-keypair-618653426?user_id=6925f896ddf04c0c86760b41828204d1 1.316s
2025-03-06 06:34:38.492 69234 INFO tempest.lib.common.rest_client [req-9866563c-3880-436b-a0bd-cbe95cab1412 req-9866563c-3880-436b-a0bd-cbe95cab1412 ] Request (ServicesAdminNegativeTestJSON:setUpClass): 201 POST http://10.180.1.21/identity/v3/auth/tokens 0.065s
2025-03-06 06:34:38.496 69254 INFO tempest.lib.common.rest_client [req-d6aa9765-462b-4c4f-a46a-1753c036595f req-d6aa9765-462b-4c4f-a46a-1753c036595f ] Request (FlavorsAccessNegativeTestJSON:test_flavor_non_admin_add): 200 POST http://10.180.1.21/compute/v2.1/flavors 1.342s
2025-03-06 06:34:38.510 69242 INFO tempest.lib.common.rest_client [req-718f68c7-0735-48c9-909b-90fe41df7864 req-718f68c7-0735-48c9-909b-90fe41df7864 ] Request (AttachVolumeTestJSON:setUpClass): 200 GET http://10.180.1.21/identity/v3/roles 0.143s
2025-03-06 06:34:38.552 69234 INFO tempest.lib.common.rest_client [req-510136e2-925b-4668-b950-3ec117d76132 req-510136e2-925b-4668-b950-3ec117d76132 ] Request (ServicesAdminNegativeTestJSON:setUpClass): 201 POST http://10.180.1.21/identity/v3/auth/tokens 0.053s
2025-03-06 06:34:38.583 69212 INFO tempest.lib.common.rest_client [req-4395f4b1-a487-46cd-907d-1d7e16676811 req-4395f4b1-a487-46cd-907d-1d7e16676811 ] Request (ServerAddressesTestJSON:setUpClass): 200 GET http://10.180.1.21/compute/v2.1/servers/e3de132a-5a8c-49f7-8dde-273070d38b23 1.421s
2025-03-06 06:34:38.597 69212 INFO tempest.common.waiters [-] State transition "BUILD/scheduling" ==> "BUILD/None" after 7 second wait
2025-03-06 06:34:38.598 69262 INFO tempest.lib.common.rest_client [req-cae410a5-884d-4cff-bcdd-aa139245325a req-cae410a5-884d-4cff-bcdd-aa139245325a ] Request (AggregatesAdminNegativeTestJSON:test_aggregate_create_aggregate_name_length_less_than_1): 400 POST http://10.180.1.21/compute/v2.1/os-aggregates 1.430s
2025-03-06 06:34:38.605 69242 INFO tempest.lib.common.rest_client [req-6c4bb785-b65c-49ab-8fd4-fbc0616c8d48 req-6c4bb785-b65c-49ab-8fd4-fbc0616c8d48 ] Request (AttachVolumeTestJSON:setUpClass): 204 PUT http://10.180.1.21/identity/v3/projects/4064ede1a11d4834b85e4081e6eb81aa/users/3526fc62bd2b4cfcbbb48bec996e7715/roles/fcbdfd3e287e4889b059a43b9c90fef6 0.094s
2025-03-06 06:34:38.605 69242 INFO tempest.lib.common.dynamic_creds [-] Dynamic test user 3526fc62bd2b4cfcbbb48bec996e7715 is created with scope project and roles: ['member']
2025-03-06 06:34:38.606 69242 INFO tempest.lib.common.dynamic_creds [-] Acquired dynamic creds: credentials: Credentials: {'domain_id': 'default', 'domain_name': 'Default', 'username': 'tempest-AttachVolumeTestJSON-1815967481-project-member', 'project_domain_id': 'default', 'project_domain_name': 'Default', 'project_id': '4064ede1a11d4834b85e4081e6eb81aa', 'project_name': 'tempest-AttachVolumeTestJSON-1815967481', 'tenant_id': '4064ede1a11d4834b85e4081e6eb81aa', 'tenant_name': 'tempest-AttachVolumeTestJSON-1815967481', 'user_domain_id': 'default', 'user_domain_name': 'Default', 'user_id': '3526fc62bd2b4cfcbbb48bec996e7715', 'system': None}, Network: None, Subnet: None, Router: None
2025-03-06 06:34:38.639 69270 INFO tempest.lib.common.rest_client [req-faf4eb8f-91c8-46bd-9db7-0c1df025e9e8 req-faf4eb8f-91c8-46bd-9db7-0c1df025e9e8 ] Request (FlavorsExtraSpecsTestJSON:tearDownClass): 200 GET http://10.180.1.21/compute/v2.1/flavors/detail 1.457s
2025-03-06 06:34:38.659 69222 INFO tempest.lib.common.rest_client [req-e175bf46-b5c0-4868-99fa-b5814f5b7615 req-e175bf46-b5c0-4868-99fa-b5814f5b7615 ] Request (DeleteServersAdminTestJSON:test_admin_delete_servers_of_others): 200 GET http://10.180.1.21/compute/v2.1/servers/a70c7ae6-8758-4bc9-a3eb-57c7051ebbc7 1.574s
2025-03-06 06:34:38.699 69236 INFO tempest.lib.common.rest_client [req-0fb7cbe1-fa01-400d-bfa6-961f22a86998 req-0fb7cbe1-fa01-400d-bfa6-961f22a86998 ] Request (FloatingIPsTestJSON:tearDownClass): 204 DELETE http://10.180.1.21:9696/networking/v2.0/networks/0b73acea-6b71-457b-969c-a629b9fa4c96 0.496s
2025-03-06 06:34:38.705 69242 INFO tempest.lib.common.rest_client [req-fc5099a8-95ef-4076-9659-1de67fde590a req-fc5099a8-95ef-4076-9659-1de67fde590a ] Request (AttachVolumeTestJSON:setUpClass): 201 POST http://10.180.1.21/identity/v3/auth/tokens 0.099s
2025-03-06 06:34:38.705 69234 INFO tempest.lib.common.rest_client [req-54e110ab-9635-4628-b6ee-20d60439075f req-54e110ab-9635-4628-b6ee-20d60439075f ] Request (ServicesAdminNegativeTestJSON:setUpClass): 200 GET http://10.180.1.21/identity/v3/domains?name=Default 0.153s
2025-03-06 06:34:38.750 69244 INFO tempest.lib.common.rest_client [req-92b15a9b-398f-4f16-8746-d75c617f88f4 req-92b15a9b-398f-4f16-8746-d75c617f88f4 ] Request (VolumesAdminNegativeTest:test_update_attached_volume_with_nonexistent_volume_in_body): 200 GET http://10.180.1.21/compute/v2.1/servers/add4ef29-6e07-4272-b41a-04a95f62e169 1.528s
2025-03-06 06:34:38.852 69270 INFO tempest.lib.common.rest_client [req-14530672-2dbf-4a2e-89da-98cd8970d859 req-14530672-2dbf-4a2e-89da-98cd8970d859 ] Request (FlavorsExtraSpecsTestJSON:tearDownClass): 204 DELETE http://10.180.1.21/identity/v3/users/60e7df1c2c49407f8553e0c1860bb2e6 0.203s
2025-03-06 06:34:38.927 69234 INFO tempest.lib.common.rest_client [req-4ce27501-3df7-4140-8271-599dc00b63df req-4ce27501-3df7-4140-8271-599dc00b63df ] Request (ServicesAdminNegativeTestJSON:setUpClass): 201 POST http://10.180.1.21/identity/v3/projects 0.221s
2025-03-06 06:34:38.976 69226 INFO tempest.lib.common.rest_client [req-d068ead4-289d-4f77-804d-0426e6af6b04 req-d068ead4-289d-4f77-804d-0426e6af6b04 ] Request (ServerDiagnosticsNegativeTest:tearDownClass): 200 GET http://10.180.1.21/compute/v2.1/servers/68c585a7-41de-4a16-848b-548a1adf0aec 1.674s
2025-03-06 06:34:39.004 69236 INFO tempest.lib.common.rest_client [req-9a60a548-cffa-4153-8eb0-92afb895016c req-9a60a548-cffa-4153-8eb0-92afb895016c ] Request (FloatingIPsTestJSON:tearDownClass): 204 DELETE http://10.180.1.21/identity/v3/users/1402bc62928f40f1b68ceff00b97e63b 0.304s
2025-03-06 06:34:39.005 69236 INFO tempest.lib.common.dynamic_creds [-] Deleting project and security group for project: f041d4e43e394c05993f252c9c96c2ef
2025-03-06 06:34:39.098 69232 INFO tempest.lib.common.rest_client [req-7f2e4bb1-b112-4fe1-ab55-64c04afaf3a5 req-7f2e4bb1-b112-4fe1-ab55-64c04afaf3a5 ] Request (ServerExternalEventsTest:test_create_server_external_events): 200 GET http://10.180.1.21/compute/v2.1/servers/d00e31be-e1ca-4417-af4f-3f85d95e1b4b 1.376s
2025-03-06 06:34:39.122 69236 INFO tempest.lib.common.rest_client [req-ce95f4a5-c39f-46ef-8fac-b0908c3a9c9d req-ce95f4a5-c39f-46ef-8fac-b0908c3a9c9d ] Request (FloatingIPsTestJSON:tearDownClass): 200 GET http://10.180.1.21:9696/networking/v2.0/security-groups?tenant_id=f041d4e43e394c05993f252c9c96c2ef&name=default 0.116s
2025-03-06 06:34:39.250 69270 INFO tempest.lib.common.rest_client [req-e9b44e05-83ab-4aea-9979-6ad71a2812fd req-e9b44e05-83ab-4aea-9979-6ad71a2812fd ] Request (FlavorsExtraSpecsTestJSON:tearDownClass): 204 DELETE http://10.180.1.21/identity/v3/users/c8c9d5e16e824b4b86bed6ac087cfb77 0.398s
2025-03-06 06:34:39.251 69270 INFO tempest.lib.common.dynamic_creds [-] Deleting project and security group for project: 53c0be7a27d34f0cb02e31b927105e40
2025-03-06 06:34:39.271 69234 INFO tempest.lib.common.rest_client [req-f160497e-72d5-43c3-8be4-c9bcdeb4d9c2 req-f160497e-72d5-43c3-8be4-c9bcdeb4d9c2 ] Request (ServicesAdminNegativeTestJSON:setUpClass): 201 POST http://10.180.1.21/identity/v3/users 0.344s
2025-03-06 06:34:39.402 69268 INFO tempest.lib.common.rest_client [req-3e353de0-ca55-412a-b7bf-36d1c88dfdfc req-3e353de0-ca55-412a-b7bf-36d1c88dfdfc ] Request (ImagesMetadataTestJSON:setUpClass): 201 POST http://10.180.1.21/image/v2/images 1.193s
2025-03-06 06:34:39.428 69270 INFO tempest.lib.common.rest_client [req-b4b53f98-c4c5-4a3a-94b0-2952c5a3d73f req-b4b53f98-c4c5-4a3a-94b0-2952c5a3d73f ] Request (FlavorsExtraSpecsTestJSON:tearDownClass): 201 POST http://10.180.1.21/identity/v3/auth/tokens 0.177s
2025-03-06 06:34:39.443 69246 INFO tempest.lib.common.rest_client [req-ebd86513-13de-40ee-8b19-faf447db1c59 req-ebd86513-13de-40ee-8b19-faf447db1c59 ] Request (ServersWithSpecificFlavorTestJSON:test_verify_created_server_ephemeral_disk): 202 POST http://10.180.1.21/compute/v2.1/servers 2.028s
2025-03-06 06:34:39.446 69234 INFO tempest.lib.common.rest_client [req-ad4468a9-bbd7-41a3-8ae9-7b904d0027d3 req-ad4468a9-bbd7-41a3-8ae9-7b904d0027d3 ] Request (ServicesAdminNegativeTestJSON:setUpClass): 200 GET http://10.180.1.21/identity/v3/roles 0.173s
2025-03-06 06:34:39.448 69256 INFO tempest.lib.common.rest_client [req-912e83f9-dc7d-4fa3-9e74-e2474db745f6 req-912e83f9-dc7d-4fa3-9e74-e2474db745f6 ] Request (QuotasAdminNegativeTest:test_update_quota_normal_user): 403 PUT http://10.180.1.21/compute/v2.1/os-quota-sets/cf3a1437d4bf4c93b488ee99348cf0cd 1.454s
2025-03-06 06:34:39.542 69242 INFO tempest.lib.common.rest_client [req-75044b05-3cfc-44f1-9737-56812da4e10f req-75044b05-3cfc-44f1-9737-56812da4e10f ] Request (AttachVolumeTestJSON:setUpClass): 201 POST http://10.180.1.21:9696/networking/v2.0/networks 0.836s
2025-03-06 06:34:39.550 69234 INFO tempest.lib.common.rest_client [req-80d0bc77-1c59-43ff-b0bf-75ae152c28e2 req-80d0bc77-1c59-43ff-b0bf-75ae152c28e2 ] Request (ServicesAdminNegativeTestJSON:setUpClass): 204 PUT http://10.180.1.21/identity/v3/projects/b739a552eccc439f83cfe41efe8f260a/users/ff10efba45ff416c8cff5e11af710c41/roles/fcbdfd3e287e4889b059a43b9c90fef6 0.104s
2025-03-06 06:34:39.550 69234 INFO tempest.lib.common.dynamic_creds [-] Dynamic test user ff10efba45ff416c8cff5e11af710c41 is created with scope project and roles: ['member']
2025-03-06 06:34:39.551 69234 INFO tempest.lib.common.dynamic_creds [-] Acquired dynamic creds: credentials: Credentials: {'domain_id': 'default', 'domain_name': 'Default', 'username': 'tempest-ServicesAdminNegativeTestJSON-659480070-project-member', 'project_domain_id': 'default', 'project_domain_name': 'Default', 'project_id': 'b739a552eccc439f83cfe41efe8f260a', 'project_name': 'tempest-ServicesAdminNegativeTestJSON-659480070', 'tenant_id': 'b739a552eccc439f83cfe41efe8f260a', 'tenant_name': 'tempest-ServicesAdminNegativeTestJSON-659480070', 'user_domain_id': 'default', 'user_domain_name': 'Default', 'user_id': 'ff10efba45ff416c8cff5e11af710c41', 'system': None}, Network: None, Subnet: None, Router: None
2025-03-06 06:34:39.551 69234 INFO tempest.lib.common.dynamic_creds [-] Created isolated network resources for: credentials: Credentials: {'domain_id': 'default', 'domain_name': 'Default', 'username': 'tempest-ServicesAdminNegativeTestJSON-659480070-project-member', 'project_domain_id': 'default', 'project_domain_name': 'Default', 'project_id': 'b739a552eccc439f83cfe41efe8f260a', 'project_name': 'tempest-ServicesAdminNegativeTestJSON-659480070', 'tenant_id': 'b739a552eccc439f83cfe41efe8f260a', 'tenant_name': 'tempest-ServicesAdminNegativeTestJSON-659480070', 'user_domain_id': 'default', 'user_domain_name': 'Default', 'user_id': 'ff10efba45ff416c8cff5e11af710c41', 'system': None}, Network: None, Subnet: None, Router: None
2025-03-06 06:34:39.733 69256 INFO tempest.lib.common.rest_client [req-34b6541f-97ee-4fc8-84f8-4ece82bd03d3 req-34b6541f-97ee-4fc8-84f8-4ece82bd03d3 ] Request (QuotasAdminNegativeTest:tearDownClass): 204 DELETE http://10.180.1.21/identity/v3/users/9c2c044d916245209fdd815fd77c2eb2 0.283s
2025-03-06 06:34:39.782 69236 INFO tempest.lib.common.rest_client [req-150dcc00-5e91-4e00-b2c7-1cbdf7d82360 req-150dcc00-5e91-4e00-b2c7-1cbdf7d82360 ] Request (FloatingIPsTestJSON:tearDownClass): 204 DELETE http://10.180.1.21:9696/networking/v2.0/security-groups/78485b01-1622-4334-8954-92431da8c06d 0.660s
2025-03-06 06:34:39.823 69234 INFO tempest.lib.common.rest_client [req-f25b75e2-c0c7-4497-834b-d2cb19bb50a7 req-f25b75e2-c0c7-4497-834b-d2cb19bb50a7 ] Request (ServicesAdminNegativeTestJSON:setUpClass): 201 POST http://10.180.1.21/identity/v3/auth/tokens 0.264s
2025-03-06 06:34:39.917 69270 INFO tempest.lib.common.rest_client [req-27872cd9-a67d-4d55-8066-10d0a8866dde req-27872cd9-a67d-4d55-8066-10d0a8866dde ] Request (FlavorsExtraSpecsTestJSON:tearDownClass): 200 GET http://10.180.1.21:9696/networking/v2.0/security-groups?tenant_id=53c0be7a27d34f0cb02e31b927105e40&name=default 0.488s
2025-03-06 06:34:39.922 69256 INFO tempest.lib.common.rest_client [req-0eafdce3-0d03-4424-aebe-80df453909af req-0eafdce3-0d03-4424-aebe-80df453909af ] Request (QuotasAdminNegativeTest:tearDownClass): 204 DELETE http://10.180.1.21/identity/v3/users/252b51c191a04886b844a1725e71b740 0.188s
2025-03-06 06:34:39.922 69256 INFO tempest.lib.common.dynamic_creds [-] Deleting project and security group for project: 3abff8c15b2a443e9065261e1dec9284
2025-03-06 06:34:39.985 69234 INFO tempest.lib.common.rest_client [req-fce10eca-76ab-47be-a9e6-4348f2cf218f req-fce10eca-76ab-47be-a9e6-4348f2cf218f ] Request (ServicesAdminNegativeTestJSON:setUpClass): 201 POST http://10.180.1.21/identity/v3/projects 0.162s
2025-03-06 06:34:39.992 69248 INFO tempest.lib.common.rest_client [req-5c6e7210-6e69-4c86-9244-6cb0c6175bca req-5c6e7210-6e69-4c86-9244-6cb0c6175bca ] Request (ServerDiagnosticsTest:test_get_server_diagnostics): 200 GET http://10.180.1.21/compute/v2.1/servers/a1ae5389-8497-4b29-a00b-a5b357b4c433/diagnostics 2.079s
2025-03-06 06:34:39.997 69236 INFO tempest.lib.common.rest_client [req-80d0d4e8-c675-448c-851e-ee8fd5a5e091 req-80d0d4e8-c675-448c-851e-ee8fd5a5e091 ] Request (FloatingIPsTestJSON:tearDownClass): 204 DELETE http://10.180.1.21/identity/v3/projects/f041d4e43e394c05993f252c9c96c2ef 0.215s
2025-03-06 06:34:40.073 69256 INFO tempest.lib.common.rest_client [req-b5e3e198-f5e3-4bd7-8cc4-048c37fac929 req-b5e3e198-f5e3-4bd7-8cc4-048c37fac929 ] Request (QuotasAdminNegativeTest:tearDownClass): 201 POST http://10.180.1.21/identity/v3/auth/tokens 0.151s
2025-03-06 06:34:40.113 69224 INFO tempest.lib.common.rest_client [req-b637de47-e9cf-4ba0-a12f-f0ef6aaa524d req-b637de47-e9cf-4ba0-a12f-f0ef6aaa524d ] Request (FloatingIPsAssociationNegativeTestJSON:setUpClass): 200 GET http://10.180.1.21/compute/v2.1/servers/17c90488-234d-4203-964f-a4863bbe5e47 1.982s
2025-03-06 06:34:40.124 69236 INFO tempest.lib.common.rest_client [req-87a879d9-4f98-4475-a459-d29023cdd637 req-87a879d9-4f98-4475-a459-d29023cdd637 ] Request (ServerAddressesNegativeTestJSON:setUpClass): 201 POST http://10.180.1.21/identity/v3/auth/tokens 0.124s
2025-03-06 06:34:40.143 69234 INFO tempest.lib.common.rest_client [req-f1f4b599-4f94-4b6c-9ed3-b0399b1579ef req-f1f4b599-4f94-4b6c-9ed3-b0399b1579ef ] Request (ServicesAdminNegativeTestJSON:setUpClass): 201 POST http://10.180.1.21/identity/v3/users 0.157s
2025-03-06 06:34:40.181 69214 INFO tempest.lib.common.rest_client [req-30ddcb9f-7ba9-4d4c-8e55-e68be63b3515 req-30ddcb9f-7ba9-4d4c-8e55-e68be63b3515 ] Request (TenantUsagesTestJSON:setUpClass): 202 POST http://10.180.1.21/compute/v2.1/servers 2.098s
2025-03-06 06:34:40.186 69242 INFO tempest.lib.common.rest_client [req-e99ac032-6658-4ef7-bf2e-8e3351a2db3f req-e99ac032-6658-4ef7-bf2e-8e3351a2db3f ] Request (AttachVolumeTestJSON:setUpClass): 201 POST http://10.180.1.21:9696/networking/v2.0/subnets 0.643s
2025-03-06 06:34:40.197 69267 INFO tempest.lib.common.rest_client [req-33491893-87da-47ef-9bfe-dd9fa9144e9a req-33491893-87da-47ef-9bfe-dd9fa9144e9a ] Request (QuotasAdminTestJSON:test_delete_quota): 202 DELETE http://10.180.1.21/compute/v2.1/os-quota-sets/faef9482ade54c9c87e593e98eb626dc 1.805s
2025-03-06 06:34:40.232 69230 INFO tempest.lib.common.rest_client [req-04fcd3e5-a9a0-4afc-8664-f665b194bdcc req-04fcd3e5-a9a0-4afc-8664-f665b194bdcc ] Request (VolumesAssistedSnapshotsTest:test_volume_assisted_snapshot_create_delete): 200 GET http://10.180.1.21/compute/v2.1/servers/0584a6fd-aa46-4da6-bc9a-90ee80698237 1.903s
2025-03-06 06:34:40.236 69252 INFO tempest.lib.common.rest_client [req-ff950c60-af98-44ea-927d-3a0c6484e8da req-ff950c60-af98-44ea-927d-3a0c6484e8da ] Request (ServerGroupTestJSON:setUpClass): 200 PUT http://10.180.1.21:9696/networking/v2.0/routers/935b396c-89a9-456c-b200-da8aad9bf310/add_router_interface 3.874s
2025-03-06 06:34:40.237 69252 INFO tempest.lib.common.dynamic_creds [-] Created isolated network resources for: credentials: Credentials: {'domain_id': 'default', 'domain_name': 'Default', 'username': 'tempest-ServerGroupTestJSON-479684333-project-member', 'project_domain_id': 'default', 'project_domain_name': 'Default', 'project_id': '9ae48faf6dc340c09febe8e620e57ef8', 'project_name': 'tempest-ServerGroupTestJSON-479684333', 'tenant_id': '9ae48faf6dc340c09febe8e620e57ef8', 'tenant_name': 'tempest-ServerGroupTestJSON-479684333', 'user_domain_id': 'default', 'user_domain_name': 'Default', 'user_id': '4088ab6140fe46758255059132e47f1c', 'system': None}, Network: {'id': '98c166c4-5755-475b-810f-2602007f0fb1', 'name': 'tempest-ServerGroupTestJSON-1373645499-network', 'tenant_id': '9ae48faf6dc340c09febe8e620e57ef8', 'admin_state_up': True, 'mtu': 8950, 'status': 'ACTIVE', 'subnets': [], 'shared': False, 'project_id': '9ae48faf6dc340c09febe8e620e57ef8', 'port_security_enabled': True, 'router:external': False, 'provider:network_type': 'vlan', 'provider:physical_network': 'default', 'provider:segmentation_id': 65, 'availability_zone_hints': [], 'availability_zones': [], 'ipv4_address_scope': None, 'ipv6_address_scope': None, 'description': '', 'tags': [], 'created_at': '2025-03-06T06:34:33Z', 'updated_at': '2025-03-06T06:34:33Z', 'revision_number': 1}, Subnet: {'id': '8db28578-9ce5-4378-8d6f-2c4a931fbde9', 'name': 'tempest-ServerGroupTestJSON-1373645499-subnet', 'tenant_id': '9ae48faf6dc340c09febe8e620e57ef8', 'network_id': '98c166c4-5755-475b-810f-2602007f0fb1', 'ip_version': 4, 'subnetpool_id': None, 'enable_dhcp': True, 'ipv6_ra_mode': None, 'ipv6_address_mode': None, 'gateway_ip': '192.168.128.1', 'cidr': '192.168.128.0/28', 'allocation_pools': [{'start': '192.168.128.2', 'end': '192.168.128.14'}], 'host_routes': [], 'dns_nameservers': [], 'description': '', 'router:external': False, 'service_types': [], 'tags': [], 'created_at': '2025-03-06T06:34:33Z', 'updated_at': '2025-03-06T06:34:33Z', 'revision_number': 0, 'project_id': '9ae48faf6dc340c09febe8e620e57ef8'}, Router: {'id': '935b396c-89a9-456c-b200-da8aad9bf310', 'name': 'tempest-ServerGroupTestJSON-1373645499-router', 'tenant_id': '9ae48faf6dc340c09febe8e620e57ef8', 'admin_state_up': True, 'status': 'ACTIVE', 'external_gateway_info': {'network_id': 'b173a814-45e2-4483-9295-11b79aa52e6b', 'external_fixed_ips': [{'subnet_id': 'b5d78c97-a177-496b-b9ea-7e1093714abf', 'ip_address': '10.180.180.216'}], 'enable_snat': True}, 'description': '', 'availability_zones': [], 'distributed': False, 'ha': False, 'availability_zone_hints': [], 'routes': [], 'flavor_id': None, 'tags': [], 'created_at': '2025-03-06T06:34:33Z', 'updated_at': '2025-03-06T06:34:34Z', 'revision_number': 2, 'project_id': '9ae48faf6dc340c09febe8e620e57ef8'}
2025-03-06 06:34:40.243 69236 INFO tempest.lib.common.rest_client [req-50732bb6-421e-46ce-87df-0941293d49a8 req-50732bb6-421e-46ce-87df-0941293d49a8 ] Request (ServerAddressesNegativeTestJSON:setUpClass): 201 POST http://10.180.1.21/identity/v3/auth/tokens 0.116s
2025-03-06 06:34:40.245 69218 INFO tempest.lib.common.rest_client [req-713dff9e-51f5-4c56-a897-30f80adf51a9 req-713dff9e-51f5-4c56-a897-30f80adf51a9 ] Request (HostsAdminTestJSON:test_show_host_detail): 200 GET http://10.180.1.21/compute/v2.1/os-hosts/cpu-1 1.787s
2025-03-06 06:34:40.256 69210 INFO tempest.lib.common.rest_client [req-b2f8411b-04be-47d0-a366-876f68595b85 req-b2f8411b-04be-47d0-a366-876f68595b85 ] Request (KeyPairsV210TestJSON:_run_cleanups): 204 DELETE http://10.180.1.21/compute/v2.1/os-keypairs/tempest-keypair-512076509?user_id=6925f896ddf04c0c86760b41828204d1 1.785s
2025-03-06 06:34:40.259 69234 INFO tempest.lib.common.rest_client [req-0f3c8a43-feb5-44d0-9ab5-c5a246b4e31c req-0f3c8a43-feb5-44d0-9ab5-c5a246b4e31c ] Request (ServicesAdminNegativeTestJSON:setUpClass): 200 GET http://10.180.1.21/identity/v3/roles 0.114s
2025-03-06 06:34:40.266 69262 INFO tempest.lib.common.rest_client [req-48aaec2e-e119-42ea-8bb5-cbdad14a4447 req-48aaec2e-e119-42ea-8bb5-cbdad14a4447 ] Request (AggregatesAdminNegativeTestJSON:test_aggregate_create_as_user): 403 POST http://10.180.1.21/compute/v2.1/os-aggregates 1.665s
2025-03-06 06:34:40.298 69236 INFO tempest.lib.common.rest_client [req-dc5a92cb-df70-4e6c-b48e-b67b346472ea req-dc5a92cb-df70-4e6c-b48e-b67b346472ea ] Request (ServerAddressesNegativeTestJSON:setUpClass): 200 GET http://10.180.1.21/identity/v3/domains?name=Default 0.055s
2025-03-06 06:34:40.312 69270 INFO tempest.lib.common.rest_client [req-f7860ebe-b098-4db2-8ee7-ee0dd5344dc8 req-f7860ebe-b098-4db2-8ee7-ee0dd5344dc8 ] Request (FlavorsExtraSpecsTestJSON:tearDownClass): 204 DELETE http://10.180.1.21:9696/networking/v2.0/security-groups/2c473d5f-500f-4e46-b943-cd832f857eb3 0.395s
2025-03-06 06:34:40.344 69252 INFO tempest.lib.common.rest_client [req-a11490d3-6d81-42b0-90fa-80c276003907 req-a11490d3-6d81-42b0-90fa-80c276003907 ] Request (ServerGroupTestJSON:setUpClass): 201 POST http://10.180.1.21/identity/v3/auth/tokens 0.101s
2025-03-06 06:34:40.365 69220 INFO tempest.lib.common.rest_client [req-0fc37cc5-77c5-4cf1-8074-b696f86a39c7 req-0fc37cc5-77c5-4cf1-8074-b696f86a39c7 ] Request (ListServerFiltersTestJSON:setUpClass): 200 GET http://10.180.1.21/compute/v2.1/servers/427db270-9f81-4bed-8039-a8e1d87ab427 1.753s
2025-03-06 06:34:40.432 69254 INFO tempest.lib.common.rest_client [req-785a0d90-775d-45b6-b4f8-f0b3632a1dab req-785a0d90-775d-45b6-b4f8-f0b3632a1dab ] Request (FlavorsAccessNegativeTestJSON:test_flavor_non_admin_add): 403 POST http://10.180.1.21/compute/v2.1/flavors/1981522743/action 1.930s
2025-03-06 06:34:40.459 69218 INFO tempest.lib.common.rest_client [req-7867b461-8b39-402f-ae46-0b555617b5cf req-7867b461-8b39-402f-ae46-0b555617b5cf ] Request (HostsAdminTestJSON:tearDownClass): 204 DELETE http://10.180.1.21/identity/v3/users/40a09ef24d664776940d36fe8ea53735 0.210s
2025-03-06 06:34:40.471 69238 INFO tempest.lib.common.rest_client [req-c658ae86-0bc0-4fbb-b695-ae87df6bd11d req-c658ae86-0bc0-4fbb-b695-ae87df6bd11d ] Request (FloatingIPsAssociationTestJSON:setUpClass): 200 GET http://10.180.1.21/compute/v2.1/servers/d09a64f4-84e1-4eb5-9cd1-32e9de8b921d 1.780s
2025-03-06 06:34:40.526 69234 INFO tempest.lib.common.rest_client [req-37514076-5993-469c-9fa6-8f0de23ff711 req-37514076-5993-469c-9fa6-8f0de23ff711 ] Request (ServicesAdminNegativeTestJSON:setUpClass): 204 PUT http://10.180.1.21/identity/v3/projects/77ba7a74e35842a5973de47025d13182/users/5e42c95a1ece4edfa32aa63ac99af96d/roles/cce7d5faf8dc4650905b95ae25a929f8 0.267s
2025-03-06 06:34:40.543 69210 INFO tempest.lib.common.rest_client [req-deb0dae6-672d-4ec4-891f-863e78c51faa req-deb0dae6-672d-4ec4-891f-863e78c51faa ] Request (KeyPairsV210TestJSON:tearDownClass): 204 DELETE http://10.180.1.21/identity/v3/users/6925f896ddf04c0c86760b41828204d1 0.285s
2025-03-06 06:34:40.624 69256 INFO tempest.lib.common.rest_client [req-f9b61d80-8d8b-4b58-b9cb-f31fe11b1396 req-f9b61d80-8d8b-4b58-b9cb-f31fe11b1396 ] Request (QuotasAdminNegativeTest:tearDownClass): 200 GET http://10.180.1.21:9696/networking/v2.0/security-groups?tenant_id=3abff8c15b2a443e9065261e1dec9284&name=default 0.550s
2025-03-06 06:34:40.637 69216 INFO tempest.lib.common.rest_client [req-253dba12-2f69-486e-9ce7-b0bd970fb462 req-253dba12-2f69-486e-9ce7-b0bd970fb462 ] Request (ImagesOneServerTestJSON:setUpClass): 200 GET http://10.180.1.21/compute/v2.1/servers/29bce734-9f04-41eb-92e5-df9248dc10a3 1.915s
2025-03-06 06:34:40.649 69236 INFO tempest.lib.common.rest_client [req-0ad0fa86-9e20-48de-becf-26e8cc4fafd2 req-0ad0fa86-9e20-48de-becf-26e8cc4fafd2 ] Request (ServerAddressesNegativeTestJSON:setUpClass): 201 POST http://10.180.1.21/identity/v3/projects 0.350s
2025-03-06 06:34:40.707 69270 INFO tempest.lib.common.rest_client [req-006d1fe9-a52e-4613-8b82-1f68545e29db req-006d1fe9-a52e-4613-8b82-1f68545e29db ] Request (FlavorsExtraSpecsTestJSON:tearDownClass): 204 DELETE http://10.180.1.21/identity/v3/projects/53c0be7a27d34f0cb02e31b927105e40 0.395s
2025-03-06 06:34:40.707 69270 INFO tempest.lib.common.dynamic_creds [-] Deleting project and security group for project: 8f1dd56b69f74e5fa84a9745452784e3
2025-03-06 06:34:40.781 69256 INFO tempest.lib.common.rest_client [req-9f1181a3-836d-4a14-ae75-4e77233dd86f req-9f1181a3-836d-4a14-ae75-4e77233dd86f ] Request (QuotasAdminNegativeTest:tearDownClass): 204 DELETE http://10.180.1.21:9696/networking/v2.0/security-groups/1c26202f-720c-442c-9222-f6857581ec80 0.156s
2025-03-06 06:34:40.812 69260 INFO tempest.lib.common.rest_client [req-a6cfe364-0b57-401c-84df-d2ceb9465ce7 req-a6cfe364-0b57-401c-84df-d2ceb9465ce7 ] Request (ServersTestFqdnHostnames:test_create_server_with_fqdn_name): 200 GET http://10.180.1.21/compute/v2.1/servers/8aa9ad1d-d3b0-4038-acd1-0fca895a3ac1 1.613s
2025-03-06 06:34:40.822 69234 INFO tempest.lib.common.rest_client [req-c59f7a91-57f9-4b3d-ba2d-383ae38f60b5 req-c59f7a91-57f9-4b3d-ba2d-383ae38f60b5 ] Request (ServicesAdminNegativeTestJSON:setUpClass): 200 GET http://10.180.1.21/identity/v3/roles 0.295s
2025-03-06 06:34:40.839 69258 INFO tempest.lib.common.rest_client [req-18ed797f-11f3-4962-b42d-05dc0c9fdf40 req-18ed797f-11f3-4962-b42d-05dc0c9fdf40 ] Request (MigrationsAdminTest:test_list_migrations_in_flavor_resize_situation): 200 GET http://10.180.1.21/compute/v2.1/servers/d2187069-2dba-4d01-969f-510f659fc163 1.746s
2025-03-06 06:34:40.851 69258 INFO tempest.common.waiters [-] State transition "BUILD/spawning" ==> "ACTIVE/None" after 23 second wait
2025-03-06 06:34:40.864 69218 INFO tempest.lib.common.rest_client [req-b4fcc782-d080-4b69-8072-dac0de577ca2 req-b4fcc782-d080-4b69-8072-dac0de577ca2 ] Request (HostsAdminTestJSON:tearDownClass): 204 DELETE http://10.180.1.21/identity/v3/users/86c1e663f812484384ee0b6184a61561 0.404s
2025-03-06 06:34:40.864 69218 INFO tempest.lib.common.dynamic_creds [-] Deleting project and security group for project: a8a60d16da884222818fbcdee44ea71b
2025-03-06 06:34:40.886 69264 INFO tempest.lib.common.rest_client [req-a91dd22c-117a-4985-b704-f7a54970a58b req-a91dd22c-117a-4985-b704-f7a54970a58b ] Request (InstanceActionsTestJSON:setUpClass): 200 GET http://10.180.1.21/compute/v2.1/servers/3f20bd77-e350-409c-beb3-6e8a188048ab 1.626s
2025-03-06 06:34:40.926 69236 INFO tempest.lib.common.rest_client [req-a8828411-38a1-4db4-aebe-b99f8a16c3a3 req-a8828411-38a1-4db4-aebe-b99f8a16c3a3 ] Request (ServerAddressesNegativeTestJSON:setUpClass): 201 POST http://10.180.1.21/identity/v3/users 0.276s
2025-03-06 06:34:40.953 69210 INFO tempest.lib.common.rest_client [req-0d352184-a087-4c58-ae6c-bc1faab96af5 req-0d352184-a087-4c58-ae6c-bc1faab96af5 ] Request (KeyPairsV210TestJSON:tearDownClass): 204 DELETE http://10.180.1.21/identity/v3/users/fb88b72bfbdf40d7a05317c1c4b9474a 0.409s
2025-03-06 06:34:40.953 69210 INFO tempest.lib.common.dynamic_creds [-] Deleting project and security group for project: 3a654338cd954a28adbbb7edb02f69e7
2025-03-06 06:34:40.980 69246 INFO tempest.lib.common.rest_client [req-1e9c7236-8914-462b-9bc8-2152a830e66b req-1e9c7236-8914-462b-9bc8-2152a830e66b ] Request (ServersWithSpecificFlavorTestJSON:test_verify_created_server_ephemeral_disk): 200 GET http://10.180.1.21/compute/v2.1/servers/a18eb1c3-0700-4e59-be23-2c91afa4b7b1 1.531s
2025-03-06 06:34:41.018 69234 INFO tempest.lib.common.rest_client [req-88b107bd-5fa2-45bb-b3b9-0b3ace21efab req-88b107bd-5fa2-45bb-b3b9-0b3ace21efab ] Request (ServicesAdminNegativeTestJSON:setUpClass): 204 PUT http://10.180.1.21/identity/v3/projects/77ba7a74e35842a5973de47025d13182/users/5e42c95a1ece4edfa32aa63ac99af96d/roles/cce7d5faf8dc4650905b95ae25a929f8 0.195s
2025-03-06 06:34:41.019 69234 INFO tempest.lib.common.dynamic_creds [-] Dynamic test user 5e42c95a1ece4edfa32aa63ac99af96d is created with scope project and roles: ['admin']
2025-03-06 06:34:41.019 69234 INFO tempest.lib.common.dynamic_creds [-] Acquired dynamic creds: credentials: Credentials: {'domain_id': 'default', 'domain_name': 'Default', 'username': 'tempest-ServicesAdminNegativeTestJSON-821257465-project-admin', 'project_domain_id': 'default', 'project_domain_name': 'Default', 'project_id': '77ba7a74e35842a5973de47025d13182', 'project_name': 'tempest-ServicesAdminNegativeTestJSON-821257465', 'tenant_id': '77ba7a74e35842a5973de47025d13182', 'tenant_name': 'tempest-ServicesAdminNegativeTestJSON-821257465', 'user_domain_id': 'default', 'user_domain_name': 'Default', 'user_id': '5e42c95a1ece4edfa32aa63ac99af96d', 'system': None}, Network: None, Subnet: None, Router: None
2025-03-06 06:34:41.019 69234 INFO tempest.lib.common.dynamic_creds [-] Created isolated network resources for: credentials: Credentials: {'domain_id': 'default', 'domain_name': 'Default', 'username': 'tempest-ServicesAdminNegativeTestJSON-821257465-project-admin', 'project_domain_id': 'default', 'project_domain_name': 'Default', 'project_id': '77ba7a74e35842a5973de47025d13182', 'project_name': 'tempest-ServicesAdminNegativeTestJSON-821257465', 'tenant_id': '77ba7a74e35842a5973de47025d13182', 'tenant_name': 'tempest-ServicesAdminNegativeTestJSON-821257465', 'user_domain_id': 'default', 'user_domain_name': 'Default', 'user_id': '5e42c95a1ece4edfa32aa63ac99af96d', 'system': None}, Network: None, Subnet: None, Router: None
2025-03-06 06:34:41.031 69212 INFO tempest.lib.common.rest_client [req-935682a7-1105-4304-be82-6f06b4b8ff96 req-935682a7-1105-4304-be82-6f06b4b8ff96 ] Request (ServerAddressesTestJSON:setUpClass): 200 GET http://10.180.1.21/compute/v2.1/servers/e3de132a-5a8c-49f7-8dde-273070d38b23 1.432s
2025-03-06 06:34:41.043 69256 INFO tempest.lib.common.rest_client [req-b1d0844c-6e4d-4021-9380-587bea9906e0 req-b1d0844c-6e4d-4021-9380-587bea9906e0 ] Request (QuotasAdminNegativeTest:tearDownClass): 204 DELETE http://10.180.1.21/identity/v3/projects/3abff8c15b2a443e9065261e1dec9284 0.261s
2025-03-06 06:34:41.043 69256 INFO tempest.lib.common.dynamic_creds [-] Deleting project and security group for project: cf3a1437d4bf4c93b488ee99348cf0cd
2025-03-06 06:34:41.080 69218 INFO tempest.lib.common.rest_client [req-cf646da4-69ad-4019-9b29-3ff27e0efde5 req-cf646da4-69ad-4019-9b29-3ff27e0efde5 ] Request (HostsAdminTestJSON:tearDownClass): 201 POST http://10.180.1.21/identity/v3/auth/tokens 0.216s
2025-03-06 06:34:41.096 69236 INFO tempest.lib.common.rest_client [req-0627db06-0e96-44d0-a904-8865d488df55 req-0627db06-0e96-44d0-a904-8865d488df55 ] Request (ServerAddressesNegativeTestJSON:setUpClass): 200 GET http://10.180.1.21/identity/v3/roles 0.170s
2025-03-06 06:34:41.104 69210 INFO tempest.lib.common.rest_client [req-a07bb9bb-5de1-46c1-aefc-dfc4bd213b26 req-a07bb9bb-5de1-46c1-aefc-dfc4bd213b26 ] Request (KeyPairsV210TestJSON:tearDownClass): 201 POST http://10.180.1.21/identity/v3/auth/tokens 0.151s
2025-03-06 06:34:41.128 69222 INFO tempest.lib.common.rest_client [req-9998699b-d7b9-4dd1-beea-326c1aab05d6 req-9998699b-d7b9-4dd1-beea-326c1aab05d6 ] Request (DeleteServersAdminTestJSON:test_admin_delete_servers_of_others): 200 GET http://10.180.1.21/compute/v2.1/servers/a70c7ae6-8758-4bc9-a3eb-57c7051ebbc7 1.443s
2025-03-06 06:34:41.183 69234 INFO tempest.lib.common.rest_client [req-6f08f512-2583-43f8-baf9-1983f1815108 req-6f08f512-2583-43f8-baf9-1983f1815108 ] Request (ServicesAdminNegativeTestJSON:setUpClass): 201 POST http://10.180.1.21/identity/v3/auth/tokens 0.162s
2025-03-06 06:34:41.194 69270 INFO tempest.lib.common.rest_client [req-cc7ef650-0365-4e0c-a190-8e3972150dce req-cc7ef650-0365-4e0c-a190-8e3972150dce ] Request (FlavorsExtraSpecsTestJSON:tearDownClass): 200 GET http://10.180.1.21:9696/networking/v2.0/security-groups?tenant_id=8f1dd56b69f74e5fa84a9745452784e3&name=default 0.486s
2025-03-06 06:34:41.196 69240 INFO tempest.lib.common.rest_client [req-861d642d-d10a-4a2c-ad67-ff9f4bb552f7 req-861d642d-d10a-4a2c-ad67-ff9f4bb552f7 ] Request (ServersAdminNegativeTestJSON:setUpClass): 200 GET http://10.180.1.21/compute/v2.1/servers/292718c1-e976-4462-aede-a2ed6b8415de 1.759s
2025-03-06 06:34:41.210 69240 INFO tempest.common.waiters [-] State transition "BUILD/spawning" ==> "ACTIVE/None" after 24 second wait
2025-03-06 06:34:41.225 69244 INFO tempest.lib.common.rest_client [req-111d0158-eb1f-4f8a-a8f1-b2a25e93ee8a req-111d0158-eb1f-4f8a-a8f1-b2a25e93ee8a ] Request (VolumesAdminNegativeTest:test_update_attached_volume_with_nonexistent_volume_in_body): 200 GET http://10.180.1.21/compute/v2.1/servers/add4ef29-6e07-4272-b41a-04a95f62e169 1.458s
2025-03-06 06:34:41.232 69236 INFO tempest.lib.common.rest_client [req-ed608f9d-8b94-4d73-8691-73394378d728 req-ed608f9d-8b94-4d73-8691-73394378d728 ] Request (ServerAddressesNegativeTestJSON:setUpClass): 204 PUT http://10.180.1.21/identity/v3/projects/754dffcc59b44e7e93e555816136c2d7/users/6fdf83e0e6ce42c5b0ff12c91ec2744c/roles/fcbdfd3e287e4889b059a43b9c90fef6 0.133s
2025-03-06 06:34:41.232 69236 INFO tempest.lib.common.dynamic_creds [-] Dynamic test user 6fdf83e0e6ce42c5b0ff12c91ec2744c is created with scope project and roles: ['member']
2025-03-06 06:34:41.232 69236 INFO tempest.lib.common.dynamic_creds [-] Acquired dynamic creds: credentials: Credentials: {'domain_id': 'default', 'domain_name': 'Default', 'username': 'tempest-ServerAddressesNegativeTestJSON-1075330625-project-member', 'project_domain_id': 'default', 'project_domain_name': 'Default', 'project_id': '754dffcc59b44e7e93e555816136c2d7', 'project_name': 'tempest-ServerAddressesNegativeTestJSON-1075330625', 'tenant_id': '754dffcc59b44e7e93e555816136c2d7', 'tenant_name': 'tempest-ServerAddressesNegativeTestJSON-1075330625', 'user_domain_id': 'default', 'user_domain_name': 'Default', 'user_id': '6fdf83e0e6ce42c5b0ff12c91ec2744c', 'system': None}, Network: None, Subnet: None, Router: None
2025-03-06 06:34:41.326 69226 INFO tempest.lib.common.rest_client [req-5f00771f-53e2-4d12-98f3-dfe59c853734 req-5f00771f-53e2-4d12-98f3-dfe59c853734 ] Request (ServerDiagnosticsNegativeTest:tearDownClass): 200 GET http://10.180.1.21/compute/v2.1/servers/68c585a7-41de-4a16-848b-548a1adf0aec 1.336s
2025-03-06 06:34:41.338 69256 INFO tempest.lib.common.rest_client [req-cb5527ca-0562-4f39-bd01-e0f4d2375d3f req-cb5527ca-0562-4f39-bd01-e0f4d2375d3f ] Request (QuotasAdminNegativeTest:tearDownClass): 200 GET http://10.180.1.21:9696/networking/v2.0/security-groups?tenant_id=cf3a1437d4bf4c93b488ee99348cf0cd&name=default 0.295s
2025-03-06 06:34:41.341 69248 INFO tempest.lib.common.rest_client [req-085754d0-a0f9-431d-aa5a-0b9e73b52542 req-085754d0-a0f9-431d-aa5a-0b9e73b52542 ] Request (ServerDiagnosticsTest:tearDownClass): 204 DELETE http://10.180.1.21/compute/v2.1/servers/a1ae5389-8497-4b29-a00b-a5b357b4c433 1.337s
2025-03-06 06:34:41.379 69236 INFO tempest.lib.common.rest_client [req-fe8aeb06-94cd-40b6-94b6-1e8c1dd2d56e req-fe8aeb06-94cd-40b6-94b6-1e8c1dd2d56e ] Request (ServerAddressesNegativeTestJSON:setUpClass): 201 POST http://10.180.1.21/identity/v3/auth/tokens 0.146s
2025-03-06 06:34:41.450 69268 INFO tempest.lib.common.rest_client [req-2ff71fec-90af-4dd6-81fc-cf8e0c449b91 req-2ff71fec-90af-4dd6-81fc-cf8e0c449b91 ] Request (ImagesMetadataTestJSON:setUpClass): 204 PUT http://10.180.1.21/image/v2/images/ad8fe482-2296-4dee-8ed1-094699f075d8/file 2.047s
2025-03-06 06:34:41.459 69214 INFO tempest.lib.common.rest_client [req-32d7eb88-43b7-47a3-b928-45cebafee109 req-32d7eb88-43b7-47a3-b928-45cebafee109 ] Request (TenantUsagesTestJSON:setUpClass): 200 GET http://10.180.1.21/compute/v2.1/servers/15785bfd-102b-4abf-b9ab-12e38c653a49 1.274s
2025-03-06 06:34:41.464 69232 INFO tempest.lib.common.rest_client [req-146da6dd-58fd-4f46-b9dc-daec4bacd2cb req-146da6dd-58fd-4f46-b9dc-daec4bacd2cb ] Request (ServerExternalEventsTest:test_create_server_external_events): 200 GET http://10.180.1.21/compute/v2.1/servers/d00e31be-e1ca-4417-af4f-3f85d95e1b4b 1.356s
2025-03-06 06:34:41.476 69232 INFO tempest.common.waiters [-] State transition "BUILD/scheduling" ==> "BUILD/None" after 10 second wait
2025-03-06 06:34:41.495 69262 INFO tempest.lib.common.rest_client [req-7caa6568-1bc1-4c38-bf87-98a1c0fb1a32 req-7caa6568-1bc1-4c38-bf87-98a1c0fb1a32 ] Request (AggregatesAdminNegativeTestJSON:test_aggregate_create_with_existent_aggregate_name): 200 POST http://10.180.1.21/compute/v2.1/os-aggregates 1.225s
2025-03-06 06:34:41.611 69267 INFO tempest.lib.common.rest_client [req-788b3cb1-9b86-483f-8d14-2bdf3db9ee01 req-788b3cb1-9b86-483f-8d14-2bdf3db9ee01 ] Request (QuotasAdminTestJSON:test_delete_quota): 200 GET http://10.180.1.21/compute/v2.1/os-quota-sets/faef9482ade54c9c87e593e98eb626dc 1.412s
2025-03-06 06:34:41.623 69270 INFO tempest.lib.common.rest_client [req-75c8bc2c-ccdf-4986-be01-6f6e74a60da3 req-75c8bc2c-ccdf-4986-be01-6f6e74a60da3 ] Request (FlavorsExtraSpecsTestJSON:tearDownClass): 204 DELETE http://10.180.1.21:9696/networking/v2.0/security-groups/23717d09-22a3-4fca-a38f-ce46312e6e9b 0.428s
2025-03-06 06:34:41.636 69254 INFO tempest.lib.common.rest_client [req-ea100233-2e84-4f7a-a99b-72d2f053b061 req-ea100233-2e84-4f7a-a99b-72d2f053b061 ] Request (FlavorsAccessNegativeTestJSON:_run_cleanups): 202 DELETE http://10.180.1.21/compute/v2.1/flavors/1981522743 1.203s
2025-03-06 06:34:41.659 69218 INFO tempest.lib.common.rest_client [req-a9477729-d138-4815-9858-77519fee948e req-a9477729-d138-4815-9858-77519fee948e ] Request (HostsAdminTestJSON:tearDownClass): 200 GET http://10.180.1.21:9696/networking/v2.0/security-groups?tenant_id=a8a60d16da884222818fbcdee44ea71b&name=default 0.578s
2025-03-06 06:34:41.661 69256 INFO tempest.lib.common.rest_client [req-b333d1be-be53-4996-b752-9af0396df6c6 req-b333d1be-be53-4996-b752-9af0396df6c6 ] Request (QuotasAdminNegativeTest:tearDownClass): 204 DELETE http://10.180.1.21:9696/networking/v2.0/security-groups/bae5570f-bb2a-4777-81ff-28ba0c479909 0.322s
2025-03-06 06:34:41.678 69250 INFO tempest.lib.common.rest_client [req-d4eb29c0-e3cc-4477-996c-f3373c428800 req-d4eb29c0-e3cc-4477-996c-f3373c428800 ] Request (ServersAdminTestJSON:setUpClass): 200 PUT http://10.180.1.21:9696/networking/v2.0/routers/e0eb8949-600c-4f42-a476-b1d98331f20d/add_router_interface 3.786s
2025-03-06 06:34:41.678 69250 INFO tempest.lib.common.dynamic_creds [-] Created isolated network resources for: credentials: Credentials: {'domain_id': 'default', 'domain_name': 'Default', 'username': 'tempest-ServersAdminTestJSON-995840027-project-admin', 'project_domain_id': 'default', 'project_domain_name': 'Default', 'project_id': '9b3b85a2970e4a1cb06f57d90c344ff5', 'project_name': 'tempest-ServersAdminTestJSON-995840027', 'tenant_id': '9b3b85a2970e4a1cb06f57d90c344ff5', 'tenant_name': 'tempest-ServersAdminTestJSON-995840027', 'user_domain_id': 'default', 'user_domain_name': 'Default', 'user_id': 'ed1a2948fa384d6fac485a79c7bf3bd1', 'system': None}, Network: {'id': '0121e430-ba60-4e68-96ce-d8af05c5d6d4', 'name': 'tempest-ServersAdminTestJSON-1627704157-network', 'tenant_id': '9b3b85a2970e4a1cb06f57d90c344ff5', 'admin_state_up': True, 'mtu': 8950, 'status': 'ACTIVE', 'subnets': [], 'shared': False, 'project_id': '9b3b85a2970e4a1cb06f57d90c344ff5', 'port_security_enabled': True, 'router:external': False, 'provider:network_type': 'vlan', 'provider:physical_network': 'default', 'provider:segmentation_id': 192, 'availability_zone_hints': [], 'availability_zones': [], 'ipv4_address_scope': None, 'ipv6_address_scope': None, 'description': '', 'tags': [], 'created_at': '2025-03-06T06:34:34Z', 'updated_at': '2025-03-06T06:34:34Z', 'revision_number': 1}, Subnet: {'id': '3c705a0f-4ed2-48ea-9e7e-0b9d5d7f3430', 'name': 'tempest-ServersAdminTestJSON-1627704157-subnet', 'tenant_id': '9b3b85a2970e4a1cb06f57d90c344ff5', 'network_id': '0121e430-ba60-4e68-96ce-d8af05c5d6d4', 'ip_version': 4, 'subnetpool_id': None, 'enable_dhcp': True, 'ipv6_ra_mode': None, 'ipv6_address_mode': None, 'gateway_ip': '192.168.128.1', 'cidr': '192.168.128.0/28', 'allocation_pools': [{'start': '192.168.128.2', 'end': '192.168.128.14'}], 'host_routes': [], 'dns_nameservers': [], 'description': '', 'router:external': False, 'service_types': [], 'tags': [], 'created_at': '2025-03-06T06:34:34Z', 'updated_at': '2025-03-06T06:34:34Z', 'revision_number': 0, 'project_id': '9b3b85a2970e4a1cb06f57d90c344ff5'}, Router: {'id': 'e0eb8949-600c-4f42-a476-b1d98331f20d', 'name': 'tempest-ServersAdminTestJSON-1627704157-router', 'tenant_id': '9b3b85a2970e4a1cb06f57d90c344ff5', 'admin_state_up': True, 'status': 'ACTIVE', 'external_gateway_info': {'network_id': 'b173a814-45e2-4483-9295-11b79aa52e6b', 'external_fixed_ips': [{'subnet_id': 'b5d78c97-a177-496b-b9ea-7e1093714abf', 'ip_address': '10.180.180.168'}], 'enable_snat': True}, 'description': '', 'availability_zones': [], 'distributed': False, 'ha': False, 'availability_zone_hints': [], 'routes': [], 'flavor_id': None, 'tags': [], 'created_at': '2025-03-06T06:34:35Z', 'updated_at': '2025-03-06T06:34:36Z', 'revision_number': 2, 'project_id': '9b3b85a2970e4a1cb06f57d90c344ff5'}
2025-03-06 06:34:41.734 69267 INFO tempest.lib.common.rest_client [req-1158e05a-41ab-4f89-918f-3c628e9a2801 req-1158e05a-41ab-4f89-918f-3c628e9a2801 ] Request (QuotasAdminTestJSON:_run_cleanups): 204 DELETE http://10.180.1.21/identity/v3/projects/faef9482ade54c9c87e593e98eb626dc 0.120s
2025-03-06 06:34:41.755 69210 INFO tempest.lib.common.rest_client [req-07fc2afa-2fae-4786-9ca8-ada2b889590e req-07fc2afa-2fae-4786-9ca8-ada2b889590e ] Request (KeyPairsV210TestJSON:tearDownClass): 200 GET http://10.180.1.21:9696/networking/v2.0/security-groups?tenant_id=3a654338cd954a28adbbb7edb02f69e7&name=default 0.650s
2025-03-06 06:34:41.766 69270 INFO tempest.lib.common.rest_client [req-83df34e1-e1e0-4996-80f5-018008f5ed50 req-83df34e1-e1e0-4996-80f5-018008f5ed50 ] Request (FlavorsExtraSpecsTestJSON:tearDownClass): 204 DELETE http://10.180.1.21/identity/v3/projects/8f1dd56b69f74e5fa84a9745452784e3 0.143s
2025-03-06 06:34:41.785 69252 INFO tempest.lib.common.rest_client [req-f0a8217f-5afa-47ad-8f71-ffa736a3066e req-f0a8217f-5afa-47ad-8f71-ffa736a3066e ] Request (ServerGroupTestJSON:setUp): 200 POST http://10.180.1.21/compute/v2.1/os-server-groups 1.439s
