2025-03-06 06:35:50.416 69220 INFO tempest.lib.common.rest_client [req-5ce486e6-0f2a-493d-bf55-c43b04b99f9f req-5ce486e6-0f2a-493d-bf55-c43b04b99f9f ] Request (ListServerFiltersTestJSON:tearDownClass): 200 GET http://10.180.1.21/compute/v2.1/servers/427db270-9f81-4bed-8039-a8e1d87ab427 0.135s
2025-03-06 06:35:50.435 69210 INFO tempest.lib.common.rest_client [req-37b97b95-27c8-49f2-a7c5-9c02f1429c7a req-37b97b95-27c8-49f2-a7c5-9c02f1429c7a ] Request (ImagesOneServerNegativeTestJSON:setUpClass): 200 GET http://10.180.1.21/compute/v2.1/servers/5ba2b5c7-ec6d-49da-82ce-e76c402497fb 0.208s
2025-03-06 06:35:50.472 69238 INFO tempest.lib.common.rest_client [req-2924586b-1142-43c9-9f80-d5bb19fd250b req-2924586b-1142-43c9-9f80-d5bb19fd250b ] Request (FloatingIPsAssociationTestJSON:test_associate_already_associated_floating_ip): 200 GET http://10.180.1.21/compute/v2.1/servers/3f7dc844-a0a8-4c16-a947-f695a646512c 0.185s
2025-03-06 06:35:50.518 69228 INFO tempest.lib.common.rest_client [req-88afc158-f553-4efc-a67b-433419db03a8 req-88afc158-f553-4efc-a67b-433419db03a8 ] Request (ListImageFiltersTestJSON:setUpClass): 200 GET http://10.180.1.21/compute/v2.1/servers/3870f0d6-e7bb-4565-be1c-9b8377a81281 0.158s
2025-03-06 06:35:50.598 69222 INFO tempest.lib.common.rest_client [req-3b4c04e6-83d6-4a35-a12d-b9b6724b5895 req-3b4c04e6-83d6-4a35-a12d-b9b6724b5895 ] Request (DeleteServersAdminTestJSON:test_delete_server_while_in_error_state): 200 GET http://10.180.1.21/compute/v2.1/servers/f72552ae-2213-4d26-a1e2-82015336df56 0.173s
2025-03-06 06:35:50.609 69244 WARNING tempest.lib.common.ssh [-] Failed to establish authenticated ssh connection to cirros@10.180.180.208 ([Errno None] Unable to connect to port 22 on 10.180.180.208). Number attempts: 7. Retry after 8 seconds.: paramiko.ssh_exception.NoValidConnectionsError: [Errno None] Unable to connect to port 22 on 10.180.180.208
2025-03-06 06:35:50.644 69252 INFO tempest.lib.common.rest_client [req-4827a784-aafe-4a13-af63-1a4f2b0b370f req-4827a784-aafe-4a13-af63-1a4f2b0b370f ] Request (ServerGroupTestJSON:test_create_server_with_scheduler_hint_group): 200 GET http://10.180.1.21/compute/v2.1/servers/2a1280e2-4ad2-442f-a89e-06b541a310a1 0.277s
2025-03-06 06:35:50.695 69262 INFO tempest.lib.common.rest_client [req-fe8477c3-55b0-4999-9ec2-393ec27c4712 req-fe8477c3-55b0-4999-9ec2-393ec27c4712 ] Request (ServersAdmin275Test:test_rebuild_update_server_275): 200 GET http://10.180.1.21/compute/v2.1/servers/bfc2d904-8005-4693-871f-5745dc3d29fd 0.231s
2025-03-06 06:35:50.708 69248 INFO tempest.lib.common.rest_client [req-62258f30-4c28-4cac-81ca-9dc1067bef9d req-62258f30-4c28-4cac-81ca-9dc1067bef9d ] Request (ServerMetadataNegativeTestJSON:setUpClass): 200 GET http://10.180.1.21/compute/v2.1/servers/b33e73d3-3470-4cc1-ba04-c0d25f13cfea 0.203s
2025-03-06 06:35:50.712 69226 INFO tempest.lib.common.rest_client [req-8d6be2cd-1635-4dac-b3af-8eb33cd39029 req-8d6be2cd-1635-4dac-b3af-8eb33cd39029 ] Request (ServersTestBootFromVolume:setUpClass): 200 GET http://10.180.1.21/volume/v3/volumes/e200063e-617b-45b5-8fb3-312b30226f1b 0.041s
2025-03-06 06:35:50.782 69212 INFO tempest.lib.common.rest_client [req-3d23f42d-ade0-49bd-a363-81d65b7c58e1 req-3d23f42d-ade0-49bd-a363-81d65b7c58e1 ] Request (ServersListShow296Test:test_list_show_update_rebuild_server_296): 200 GET http://10.180.1.21/compute/v2.1/servers/8cd7dab4-e083-415f-937c-8d3e0c9fc26c 0.150s
2025-03-06 06:35:50.797 69240 INFO tempest.lib.common.rest_client [req-ef52ac24-8a7b-4897-bda2-55cb1f626bf7 req-ef52ac24-8a7b-4897-bda2-55cb1f626bf7 ] Request (ServersAdminNegativeTestJSON:tearDownClass): 200 GET http://10.180.1.21/compute/v2.1/servers/1e106741-a2d1-40cc-b287-3f2af59084ca 0.235s
2025-03-06 06:35:50.825 69232 INFO tempest.lib.common.rest_client [req-49545a81-6964-4649-bfce-d8d7f440b258 req-49545a81-6964-4649-bfce-d8d7f440b258 ] Request (ServersV294TestFqdnHostnames:setUpClass): 200 PUT http://10.180.1.21:9696/networking/v2.0/routers/591cb1d5-056e-444f-9ec5-a66f740320b0/add_router_interface 2.143s
2025-03-06 06:35:50.826 69232 INFO tempest.lib.common.dynamic_creds [-] Created isolated network resources for: credentials: Credentials: {'domain_id': 'default', 'domain_name': 'Default', 'username': 'tempest-ServersV294TestFqdnHostnames-1826523196-project-member', 'project_domain_id': 'default', 'project_domain_name': 'Default', 'project_id': 'a7fb8a53dfcc4bf691c02fa95112f4bc', 'project_name': 'tempest-ServersV294TestFqdnHostnames-1826523196', 'tenant_id': 'a7fb8a53dfcc4bf691c02fa95112f4bc', 'tenant_name': 'tempest-ServersV294TestFqdnHostnames-1826523196', 'user_domain_id': 'default', 'user_domain_name': 'Default', 'user_id': 'beb73160ddaf4d938abb29cd65dad423', 'system': None}, Network: {'id': 'afe709b4-f0ed-4e95-bfb2-b9a0e4a17edc', 'name': 'tempest-ServersV294TestFqdnHostnames-1568760384-network', 'tenant_id': 'a7fb8a53dfcc4bf691c02fa95112f4bc', 'admin_state_up': True, 'mtu': 8950, 'status': 'ACTIVE', 'subnets': [], 'shared': False, 'project_id': 'a7fb8a53dfcc4bf691c02fa95112f4bc', 'port_security_enabled': True, 'router:external': False, 'provider:network_type': 'vlan', 'provider:physical_network': 'default', 'provider:segmentation_id': 413, 'availability_zone_hints': [], 'availability_zones': [], 'ipv4_address_scope': None, 'ipv6_address_scope': None, 'description': '', 'tags': [], 'created_at': '2025-03-06T06:35:47Z', 'updated_at': '2025-03-06T06:35:47Z', 'revision_number': 1}, Subnet: {'id': 'dc3724dd-b119-47e0-a4a0-441e9331f9e3', 'name': 'tempest-ServersV294TestFqdnHostnames-1568760384-subnet', 'tenant_id': 'a7fb8a53dfcc4bf691c02fa95112f4bc', 'network_id': 'afe709b4-f0ed-4e95-bfb2-b9a0e4a17edc', 'ip_version': 4, 'subnetpool_id': None, 'enable_dhcp': True, 'ipv6_ra_mode': None, 'ipv6_address_mode': None, 'gateway_ip': '192.168.128.1', 'cidr': '192.168.128.0/28', 'allocation_pools': [{'start': '192.168.128.2', 'end': '192.168.128.14'}], 'host_routes': [], 'dns_nameservers': [], 'description': '', 'router:external': False, 'service_types': [], 'tags': [], 'created_at': '2025-03-06T06:35:47Z', 'updated_at': '2025-03-06T06:35:47Z', 'revision_number': 0, 'project_id': 'a7fb8a53dfcc4bf691c02fa95112f4bc'}, Router: {'id': '591cb1d5-056e-444f-9ec5-a66f740320b0', 'name': 'tempest-ServersV294TestFqdnHostnames-1568760384-router', 'tenant_id': 'a7fb8a53dfcc4bf691c02fa95112f4bc', 'admin_state_up': True, 'status': 'ACTIVE', 'external_gateway_info': {'network_id': 'b173a814-45e2-4483-9295-11b79aa52e6b', 'external_fixed_ips': [{'subnet_id': 'b5d78c97-a177-496b-b9ea-7e1093714abf', 'ip_address': '10.180.180.245'}], 'enable_snat': True}, 'description': '', 'availability_zones': [], 'distributed': False, 'ha': False, 'availability_zone_hints': [], 'routes': [], 'flavor_id': None, 'tags': [], 'created_at': '2025-03-06T06:35:47Z', 'updated_at': '2025-03-06T06:35:48Z', 'revision_number': 2, 'project_id': 'a7fb8a53dfcc4bf691c02fa95112f4bc'}
2025-03-06 06:35:50.851 69250 INFO tempest.lib.common.rest_client [req-dc0148ee-3987-4f6a-a050-afc7bca0e922 req-dc0148ee-3987-4f6a-a050-afc7bca0e922 ] Request (ServersAdminTestJSON:test_create_server_with_scheduling_hint): 200 GET http://10.180.1.21/compute/v2.1/servers/92f9ce8c-c3a3-4c6b-8e10-81123681378d 0.170s
2025-03-06 06:35:50.872 69264 INFO tempest.lib.common.rest_client [req-681405e1-8046-48ce-900d-092f19046e63 req-681405e1-8046-48ce-900d-092f19046e63 ] Request (InstanceActionsTestJSON:tearDownClass): 200 GET http://10.180.1.21/compute/v2.1/servers/3f20bd77-e350-409c-beb3-6e8a188048ab 0.116s
2025-03-06 06:35:50.914 69268 INFO tempest.lib.common.rest_client [req-9822bd86-9112-4322-a5c3-bed6602852c9 req-9822bd86-9112-4322-a5c3-bed6602852c9 ] Request (MultipleCreateTestJSON:test_multiple_create): 200 GET http://10.180.1.21/compute/v2.1/servers/3d1591a1-3e98-4978-a25b-38b4c304230a 0.104s
2025-03-06 06:35:50.932 69268 INFO tempest.common.waiters [-] State transition "BUILD/scheduling" ==> "BUILD/None" after 38 second wait
2025-03-06 06:35:50.940 69232 INFO tempest.lib.common.rest_client [req-6e84c493-9c6e-47b7-bae7-0e2a52fbf5c2 req-6e84c493-9c6e-47b7-bae7-0e2a52fbf5c2 ] Request (ServersV294TestFqdnHostnames:setUpClass): 201 POST http://10.180.1.21/identity/v3/auth/tokens 0.110s
2025-03-06 06:35:50.970 69216 INFO tempest.lib.common.rest_client [req-0b9b3aad-77a7-4b67-b465-0775f92c096d req-0b9b3aad-77a7-4b67-b465-0775f92c096d ] Request (ImagesOneServerTestJSON:tearDownClass): 200 GET http://10.180.1.21/compute/v2.1/servers/29bce734-9f04-41eb-92e5-df9248dc10a3 0.090s
2025-03-06 06:35:51.022 69242 INFO tempest.lib.common.rest_client [req-c3c790e8-594d-4bd3-b04a-dc7b5293336d req-c3c790e8-594d-4bd3-b04a-dc7b5293336d ] Request (AttachVolumeTestJSON:test_attach_detach_volume): 200 PUT http://10.180.1.21:9696/networking/v2.0/floatingips/bafdb1d4-6c33-44ae-b574-5b5d1bd0c891 1.099s
2025-03-06 06:35:51.024 69242 INFO tempest.lib.common.ssh [-] Creating ssh connection to '10.180.180.252:22' as 'cirros' with public key authentication
2025-03-06 06:35:51.089 69232 INFO tempest.lib.common.rest_client [req-a0ee6590-9acb-4ee4-b885-309753641293 req-a0ee6590-9acb-4ee4-b885-309753641293 ] Request (ServersV294TestFqdnHostnames:setUpClass): 201 POST http://10.180.1.21/compute/v2.1/os-keypairs 0.148s
2025-03-06 06:35:51.245 69256 INFO tempest.lib.common.rest_client [req-bc2932e4-7376-40b0-8f91-7559d0043024 req-bc2932e4-7376-40b0-8f91-7559d0043024 ] Request (ServerMetadataTestJSON:setUpClass): 200 GET http://10.180.1.21/compute/v2.1/servers/91617bdb-49a9-45b5-a147-d9d09248bb1c 0.261s
2025-03-06 06:35:51.307 69232 INFO tempest.lib.common.rest_client [req-605020e8-29a4-42ad-9653-335e8d9d4a58 req-605020e8-29a4-42ad-9653-335e8d9d4a58 ] Request (ServersV294TestFqdnHostnames:setUpClass): 201 POST http://10.180.1.21:9696/networking/v2.0/security-groups 0.216s
2025-03-06 06:35:51.316 69254 INFO tempest.lib.common.rest_client [req-539bf5a3-fd15-45ca-96ca-a731d3319d3a req-539bf5a3-fd15-45ca-96ca-a731d3319d3a ] Request (AttachInterfacesTestJSON:test_create_list_show_delete_interfaces_by_fixed_ip): 200 GET http://10.180.1.21/compute/v2.1/servers/80fa04f2-e0a6-452e-9a88-73eeb0ac347e 0.280s
2025-03-06 06:35:51.333 69214 INFO tempest.lib.common.rest_client [req-df71324c-1ea1-4780-843b-3c176e25b780 req-df71324c-1ea1-4780-843b-3c176e25b780 ] Request (TenantUsagesTestJSON:tearDownClass): 200 GET http://10.180.1.21/compute/v2.1/servers/15785bfd-102b-4abf-b9ab-12e38c653a49 0.244s
2025-03-06 06:35:51.374 69236 INFO tempest.lib.common.rest_client [req-662249cb-f70d-49b0-b3d4-17059a9a53c9 req-662249cb-f70d-49b0-b3d4-17059a9a53c9 ] Request (ServerAddressesNegativeTestJSON:tearDownClass): 200 GET http://10.180.1.21/compute/v2.1/servers/4bb94a41-5549-4e59-a44b-094fff269e78 0.258s
2025-03-06 06:35:51.432 69270 INFO tempest.lib.common.rest_client [req-50ad47f0-94c6-48ac-ae50-b7e2ad5cc953 req-50ad47f0-94c6-48ac-ae50-b7e2ad5cc953 ] Request (ServerActionsTestOtherA:setUpClass): 200 GET http://10.180.1.21/compute/v2.1/servers/8c560e82-533e-49c7-aaf4-82e123f75240 0.180s
2025-03-06 06:35:51.444 69232 INFO tempest.lib.common.rest_client [req-d6611625-9347-46d2-971e-be74aa815738 req-d6611625-9347-46d2-971e-be74aa815738 ] Request (ServersV294TestFqdnHostnames:setUpClass): 201 POST http://10.180.1.21:9696/networking/v2.0/security-group-rules 0.136s
2025-03-06 06:35:51.456 69258 INFO tempest.lib.common.rest_client [req-fc8ebf80-a0aa-4ed4-85e7-c8d7b91f7021 req-fc8ebf80-a0aa-4ed4-85e7-c8d7b91f7021 ] Request (MigrationsAdminTest:test_list_migrations_in_flavor_resize_situation): 200 GET http://10.180.1.21/compute/v2.1/servers/d2187069-2dba-4d01-969f-510f659fc163 0.263s
2025-03-06 06:35:51.464 69258 INFO tempest.common.waiters [-] State transition "VERIFY_RESIZE/None" ==> "ACTIVE/None" after 25 second wait
2025-03-06 06:35:51.505 69224 INFO tempest.lib.common.rest_client [req-8ab489d1-0357-4ef0-93e4-d318852a7750 req-8ab489d1-0357-4ef0-93e4-d318852a7750 ] Request (FloatingIPsAssociationNegativeTestJSON:tearDownClass): 200 GET http://10.180.1.21/compute/v2.1/servers/17c90488-234d-4203-964f-a4863bbe5e47 0.193s
2025-03-06 06:35:51.519 69267 INFO tempest.lib.common.rest_client [req-31412ca8-7a5e-4cd0-a059-538118885ef8 req-31412ca8-7a5e-4cd0-a059-538118885ef8 ] Request (DeleteServersTestJSON:test_delete_active_server): 200 GET http://10.180.1.21/compute/v2.1/servers/42bec1a5-e2e2-4746-a6d7-57edb4b60715 0.154s
2025-03-06 06:35:51.573 69232 INFO tempest.lib.common.rest_client [req-341555ed-8233-464f-bfbd-8d9d0f823135 req-341555ed-8233-464f-bfbd-8d9d0f823135 ] Request (ServersV294TestFqdnHostnames:setUpClass): 201 POST http://10.180.1.21:9696/networking/v2.0/security-group-rules 0.128s
2025-03-06 06:35:51.626 69220 INFO tempest.lib.common.rest_client [req-e6d81b33-39ba-43ce-a312-e6b1867c9e06 req-e6d81b33-39ba-43ce-a312-e6b1867c9e06 ] Request (ListServerFiltersTestJSON:tearDownClass): 200 GET http://10.180.1.21/compute/v2.1/servers/427db270-9f81-4bed-8039-a8e1d87ab427 0.196s
2025-03-06 06:35:51.693 69210 INFO tempest.lib.common.rest_client [req-929602de-9a7c-4a67-93d7-5fca783af11f req-929602de-9a7c-4a67-93d7-5fca783af11f ] Request (ImagesOneServerNegativeTestJSON:setUpClass): 200 GET http://10.180.1.21/compute/v2.1/servers/5ba2b5c7-ec6d-49da-82ce-e76c402497fb 0.249s
2025-03-06 06:35:51.692 69234 INFO tempest.lib.common.rest_client [req-087a3884-a88c-4702-b392-25cc74d2b765 req-087a3884-a88c-4702-b392-25cc74d2b765 ] Request (SecurityGroupsTestJSON:test_list_security_groups_by_server): 200 GET http://10.180.1.21/compute/v2.1/servers/9bed2863-be23-41c8-9794-5f7dfbeaf219 0.327s
2025-03-06 06:35:51.753 69238 INFO tempest.lib.common.rest_client [req-93dafcac-47c3-4361-8354-74921b2e60a1 req-93dafcac-47c3-4361-8354-74921b2e60a1 ] Request (FloatingIPsAssociationTestJSON:test_associate_already_associated_floating_ip): 200 GET http://10.180.1.21/compute/v2.1/servers/3f7dc844-a0a8-4c16-a947-f695a646512c 0.272s
2025-03-06 06:35:51.763 69226 INFO tempest.lib.common.rest_client [req-bcfc4c09-5742-414b-88c3-44844bfc3276 req-bcfc4c09-5742-414b-88c3-44844bfc3276 ] Request (ServersTestBootFromVolume:setUpClass): 200 GET http://10.180.1.21/volume/v3/volumes/e200063e-617b-45b5-8fb3-312b30226f1b 0.043s
2025-03-06 06:35:51.812 69258 INFO tempest.lib.common.rest_client [req-8911a5cc-5ca7-4dc7-a13e-fff919b76baf req-8911a5cc-5ca7-4dc7-a13e-fff919b76baf ] Request (MigrationsAdminTest:test_list_migrations_in_flavor_resize_situation): 200 GET http://10.180.1.21/compute/v2.1/servers/d2187069-2dba-4d01-969f-510f659fc163 0.347s
2025-03-06 06:35:51.813 69228 INFO tempest.lib.common.rest_client [req-f05e7a5d-d775-4f8c-a78e-137e7b090d66 req-f05e7a5d-d775-4f8c-a78e-137e7b090d66 ] Request (ListImageFiltersTestJSON:setUpClass): 200 GET http://10.180.1.21/compute/v2.1/servers/3870f0d6-e7bb-4565-be1c-9b8377a81281 0.281s
2025-03-06 06:35:51.862 69222 INFO tempest.lib.common.rest_client [req-0b9612c9-43fc-4a99-930b-d936c0e2e792 req-0b9612c9-43fc-4a99-930b-d936c0e2e792 ] Request (DeleteServersAdminTestJSON:test_delete_server_while_in_error_state): 200 GET http://10.180.1.21/compute/v2.1/servers/f72552ae-2213-4d26-a1e2-82015336df56 0.253s
2025-03-06 06:35:51.926 69262 INFO tempest.lib.common.rest_client [req-c7bbe209-85aa-4fab-b5dc-9ad9695b1ddd req-c7bbe209-85aa-4fab-b5dc-9ad9695b1ddd ] Request (ServersAdmin275Test:test_rebuild_update_server_275): 200 GET http://10.180.1.21/compute/v2.1/servers/bfc2d904-8005-4693-871f-5745dc3d29fd 0.220s
2025-03-06 06:35:51.931 69252 INFO tempest.lib.common.rest_client [req-91a959c8-e11f-4e9c-a2bf-10a1a366a1d3 req-91a959c8-e11f-4e9c-a2bf-10a1a366a1d3 ] Request (ServerGroupTestJSON:test_create_server_with_scheduler_hint_group): 200 GET http://10.180.1.21/compute/v2.1/servers/2a1280e2-4ad2-442f-a89e-06b541a310a1 0.277s
2025-03-06 06:35:51.975 69248 INFO tempest.lib.common.rest_client [req-38242c4d-c0dc-41b8-8da5-65929e838232 req-38242c4d-c0dc-41b8-8da5-65929e838232 ] Request (ServerMetadataNegativeTestJSON:setUpClass): 200 GET http://10.180.1.21/compute/v2.1/servers/b33e73d3-3470-4cc1-ba04-c0d25f13cfea 0.257s
2025-03-06 06:35:51.998 69212 INFO tempest.lib.common.rest_client [req-cf835478-5836-4013-b599-4d3fe58f007c req-cf835478-5836-4013-b599-4d3fe58f007c ] Request (ServersListShow296Test:test_list_show_update_rebuild_server_296): 200 GET http://10.180.1.21/compute/v2.1/servers/8cd7dab4-e083-415f-937c-8d3e0c9fc26c 0.198s
2025-03-06 06:35:52.031 69258 INFO tempest.lib.common.rest_client [req-45b16869-78d9-495a-995a-a3b89d4ed702 req-45b16869-78d9-495a-995a-a3b89d4ed702 ] Request (MigrationsAdminTest:test_list_migrations_in_flavor_resize_situation): 200 POST http://10.180.1.21/compute/v2.1/os-keypairs 0.209s
2025-03-06 06:35:52.035 69240 INFO tempest.lib.common.rest_client [req-59e29813-ed5b-456f-b70e-11a17c830d26 req-59e29813-ed5b-456f-b70e-11a17c830d26 ] Request (ServersAdminNegativeTestJSON:tearDownClass): 200 GET http://10.180.1.21/compute/v2.1/servers/1e106741-a2d1-40cc-b287-3f2af59084ca 0.228s
2025-03-06 06:35:52.102 69264 INFO tempest.lib.common.rest_client [req-e4329737-4c1e-4fce-ae25-15b0b3423069 req-e4329737-4c1e-4fce-ae25-15b0b3423069 ] Request (InstanceActionsTestJSON:tearDownClass): 200 GET http://10.180.1.21/compute/v2.1/servers/3f20bd77-e350-409c-beb3-6e8a188048ab 0.219s
2025-03-06 06:35:52.123 69232 INFO tempest.lib.common.rest_client [req-3a506507-3234-411c-b701-0f6a42424800 req-3a506507-3234-411c-b701-0f6a42424800 ] Request (ServersV294TestFqdnHostnames:setUpClass): 201 POST http://10.180.1.21:9696/networking/v2.0/floatingips 0.549s
2025-03-06 06:35:52.157 69268 INFO tempest.lib.common.rest_client [req-857841dd-68d9-4e73-9acb-b6b6586ffebc req-857841dd-68d9-4e73-9acb-b6b6586ffebc ] Request (MultipleCreateTestJSON:test_multiple_create): 200 GET http://10.180.1.21/compute/v2.1/servers/3d1591a1-3e98-4978-a25b-38b4c304230a 0.222s
2025-03-06 06:35:52.163 69232 INFO tempest.lib.common.rest_client [req-f85810f5-93c5-4a00-afc5-472e39983413 req-f85810f5-93c5-4a00-afc5-472e39983413 ] Request (ServersV294TestFqdnHostnames:setUpClass): 201 POST http://10.180.1.21/identity/v3/auth/tokens 0.036s
2025-03-06 06:35:52.163 69232 INFO tempest.lib.common.fixed_network [-] (ServersV294TestFqdnHostnames:setUpClass) Found network {'id': 'afe709b4-f0ed-4e95-bfb2-b9a0e4a17edc', 'name': 'tempest-ServersV294TestFqdnHostnames-1568760384-network', 'tenant_id': 'a7fb8a53dfcc4bf691c02fa95112f4bc', 'admin_state_up': True, 'mtu': 8950, 'status': 'ACTIVE', 'subnets': [], 'shared': False, 'project_id': 'a7fb8a53dfcc4bf691c02fa95112f4bc', 'port_security_enabled': True, 'router:external': False, 'provider:network_type': 'vlan', 'provider:physical_network': 'default', 'provider:segmentation_id': 413, 'availability_zone_hints': [], 'availability_zones': [], 'ipv4_address_scope': None, 'ipv6_address_scope': None, 'description': '', 'tags': [], 'created_at': '2025-03-06T06:35:47Z', 'updated_at': '2025-03-06T06:35:47Z', 'revision_number': 1} available for tenant
2025-03-06 06:35:52.186 69258 INFO tempest.lib.common.rest_client [req-513317c9-87d1-4984-839a-36445433dad7 req-513317c9-87d1-4984-839a-36445433dad7 ] Request (MigrationsAdminTest:test_list_migrations_in_flavor_resize_situation): 201 POST http://10.180.1.21:9696/networking/v2.0/security-groups 0.153s
2025-03-06 06:35:52.216 69216 INFO tempest.lib.common.rest_client [req-b7534bea-6a64-41f7-9732-0df56a2ab9e7 req-b7534bea-6a64-41f7-9732-0df56a2ab9e7 ] Request (ImagesOneServerTestJSON:tearDownClass): 200 GET http://10.180.1.21/compute/v2.1/servers/29bce734-9f04-41eb-92e5-df9248dc10a3 0.219s
2025-03-06 06:35:52.279 69258 INFO tempest.lib.common.rest_client [req-49b5f5b2-5506-46d6-9707-d9278e152835 req-49b5f5b2-5506-46d6-9707-d9278e152835 ] Request (MigrationsAdminTest:test_list_migrations_in_flavor_resize_situation): 201 POST http://10.180.1.21:9696/networking/v2.0/security-group-rules 0.092s
2025-03-06 06:35:52.319 69250 INFO tempest.lib.common.rest_client [req-beae5224-458a-4f1c-9785-f9c6a3c99ed1 req-beae5224-458a-4f1c-9785-f9c6a3c99ed1 ] Request (ServersAdminTestJSON:test_create_server_with_scheduling_hint): 200 GET http://10.180.1.21/compute/v2.1/servers/92f9ce8c-c3a3-4c6b-8e10-81123681378d 0.457s
2025-03-06 06:35:52.425 69256 INFO tempest.lib.common.rest_client [req-94705e31-f288-46f2-8b42-ee213eae3694 req-94705e31-f288-46f2-8b42-ee213eae3694 ] Request (ServerMetadataTestJSON:setUpClass): 200 GET http://10.180.1.21/compute/v2.1/servers/91617bdb-49a9-45b5-a147-d9d09248bb1c 0.160s
2025-03-06 06:35:52.435 69256 INFO tempest.common.waiters [-] State transition "BUILD/spawning" ==> "ACTIVE/None" after 62 second wait
2025-03-06 06:35:52.481 69254 INFO tempest.lib.common.rest_client [req-4cb65539-ca90-4c09-85fd-f20231503b51 req-4cb65539-ca90-4c09-85fd-f20231503b51 ] Request (AttachInterfacesTestJSON:test_create_list_show_delete_interfaces_by_fixed_ip): 200 GET http://10.180.1.21/compute/v2.1/servers/80fa04f2-e0a6-452e-9a88-73eeb0ac347e 0.153s
2025-03-06 06:35:52.521 69258 INFO tempest.lib.common.rest_client [req-354f997c-aaa7-4130-974f-1df468e140b9 req-354f997c-aaa7-4130-974f-1df468e140b9 ] Request (MigrationsAdminTest:test_list_migrations_in_flavor_resize_situation): 201 POST http://10.180.1.21:9696/networking/v2.0/security-group-rules 0.241s
2025-03-06 06:35:52.545 69214 INFO tempest.lib.common.rest_client [req-2016391d-8d5f-4ad0-a9b9-75d8415b45a9 req-2016391d-8d5f-4ad0-a9b9-75d8415b45a9 ] Request (TenantUsagesTestJSON:tearDownClass): 200 GET http://10.180.1.21/compute/v2.1/servers/15785bfd-102b-4abf-b9ab-12e38c653a49 0.202s
2025-03-06 06:35:52.593 69246 WARNING tempest.lib.common.ssh [-] Failed to establish authenticated ssh connection to cirros@10.180.180.233 ([Errno None] Unable to connect to port 22 on 10.180.180.233). Number attempts: 4. Retry after 5 seconds.: paramiko.ssh_exception.NoValidConnectionsError: [Errno None] Unable to connect to port 22 on 10.180.180.233
2025-03-06 06:35:52.610 69236 INFO tempest.lib.common.rest_client [req-6e319431-78cc-442a-9252-032cef232519 req-6e319431-78cc-442a-9252-032cef232519 ] Request (ServerAddressesNegativeTestJSON:tearDownClass): 200 GET http://10.180.1.21/compute/v2.1/servers/4bb94a41-5549-4e59-a44b-094fff269e78 0.223s
2025-03-06 06:35:52.622 69236 INFO tempest.common.waiters [-] State transition "ACTIVE/deleting" ==> "DELETED/None" after 4 second wait
2025-03-06 06:35:52.689 69256 INFO tempest.lib.common.rest_client [req-387ef38e-885f-498e-901c-bfbe3a1ba487 req-387ef38e-885f-498e-901c-bfbe3a1ba487 ] Request (ServerMetadataTestJSON:setUp): 200 PUT http://10.180.1.21/compute/v2.1/servers/91617bdb-49a9-45b5-a147-d9d09248bb1c/metadata 0.253s
2025-03-06 06:35:52.767 69270 INFO tempest.lib.common.rest_client [req-9149529a-e281-4fa6-bcaa-74fc9361816d req-9149529a-e281-4fa6-bcaa-74fc9361816d ] Request (ServerActionsTestOtherA:setUpClass): 200 GET http://10.180.1.21/compute/v2.1/servers/8c560e82-533e-49c7-aaf4-82e123f75240 0.325s
2025-03-06 06:35:52.778 69232 INFO tempest.lib.common.rest_client [req-aadea761-5e27-46f9-b4df-be6558ebf305 req-aadea761-5e27-46f9-b4df-be6558ebf305 ] Request (ServersV294TestFqdnHostnames:setUpClass): 202 POST http://10.180.1.21/compute/v2.1/servers 0.614s
2025-03-06 06:35:52.813 69226 INFO tempest.lib.common.rest_client [req-f9dff485-01a3-4605-af21-879405ef34fe req-f9dff485-01a3-4605-af21-879405ef34fe ] Request (ServersTestBootFromVolume:setUpClass): 200 GET http://10.180.1.21/volume/v3/volumes/e200063e-617b-45b5-8fb3-312b30226f1b 0.040s
2025-03-06 06:35:52.839 69224 INFO tempest.lib.common.rest_client [req-49d018d8-9013-478c-b620-c3e5417cc698 req-49d018d8-9013-478c-b620-c3e5417cc698 ] Request (FloatingIPsAssociationNegativeTestJSON:tearDownClass): 200 GET http://10.180.1.21/compute/v2.1/servers/17c90488-234d-4203-964f-a4863bbe5e47 0.326s
2025-03-06 06:35:52.841 69267 INFO tempest.lib.common.rest_client [req-3cb8785e-aa76-4aa0-bf16-0894b0787965 req-3cb8785e-aa76-4aa0-bf16-0894b0787965 ] Request (DeleteServersTestJSON:test_delete_active_server): 200 GET http://10.180.1.21/compute/v2.1/servers/42bec1a5-e2e2-4746-a6d7-57edb4b60715 0.308s
2025-03-06 06:35:52.874 69256 INFO tempest.lib.common.rest_client [req-76559125-b947-4ac1-b27c-c2882266fbba req-76559125-b947-4ac1-b27c-c2882266fbba ] Request (ServerMetadataTestJSON:test_delete_server_metadata_item): 204 DELETE http://10.180.1.21/compute/v2.1/servers/91617bdb-49a9-45b5-a147-d9d09248bb1c/metadata/key1 0.184s
2025-03-06 06:35:52.900 69220 INFO tempest.lib.common.rest_client [req-fe83d30b-99e3-42b7-a38b-085d3c11de14 req-fe83d30b-99e3-42b7-a38b-085d3c11de14 ] Request (ListServerFiltersTestJSON:tearDownClass): 200 GET http://10.180.1.21/compute/v2.1/servers/427db270-9f81-4bed-8039-a8e1d87ab427 0.265s
2025-03-06 06:35:52.931 69210 INFO tempest.lib.common.rest_client [req-4d3c8c80-9788-4fb6-b05f-ebcc0c1e300d req-4d3c8c80-9788-4fb6-b05f-ebcc0c1e300d ] Request (ImagesOneServerNegativeTestJSON:setUpClass): 200 GET http://10.180.1.21/compute/v2.1/servers/5ba2b5c7-ec6d-49da-82ce-e76c402497fb 0.228s
2025-03-06 06:35:52.985 69238 INFO tempest.lib.common.rest_client [req-58b8ab86-68ab-4246-a356-eeef6176f13c req-58b8ab86-68ab-4246-a356-eeef6176f13c ] Request (FloatingIPsAssociationTestJSON:test_associate_already_associated_floating_ip): 200 GET http://10.180.1.21/compute/v2.1/servers/3f7dc844-a0a8-4c16-a947-f695a646512c 0.222s
2025-03-06 06:35:52.991 69234 INFO tempest.lib.common.rest_client [req-f8df258d-63ae-4b8f-ad23-9ccebc0e0cba req-f8df258d-63ae-4b8f-ad23-9ccebc0e0cba ] Request (SecurityGroupsTestJSON:test_list_security_groups_by_server): 200 GET http://10.180.1.21/compute/v2.1/servers/9bed2863-be23-41c8-9794-5f7dfbeaf219 0.285s
2025-03-06 06:35:53.031 69232 INFO tempest.lib.common.rest_client [req-537d3e66-6925-46af-bbc5-2cd9472b3e10 req-537d3e66-6925-46af-bbc5-2cd9472b3e10 ] Request (ServersV294TestFqdnHostnames:setUpClass): 200 GET http://10.180.1.21/compute/v2.1/servers/31e47e18-e4e3-4f5f-90e4-1468a77dff2e 0.250s
2025-03-06 06:35:53.047 69228 INFO tempest.lib.common.rest_client [req-e53bbbeb-5858-4ede-81e4-f2054e01b748 req-e53bbbeb-5858-4ede-81e4-f2054e01b748 ] Request (ListImageFiltersTestJSON:setUpClass): 200 GET http://10.180.1.21/compute/v2.1/servers/3870f0d6-e7bb-4565-be1c-9b8377a81281 0.226s
2025-03-06 06:35:53.057 69256 INFO tempest.lib.common.rest_client [req-bc9c7735-0049-4339-a571-bfafca96f548 req-bc9c7735-0049-4339-a571-bfafca96f548 ] Request (ServerMetadataTestJSON:test_delete_server_metadata_item): 200 GET http://10.180.1.21/compute/v2.1/servers/91617bdb-49a9-45b5-a147-d9d09248bb1c/metadata 0.182s
2025-03-06 06:35:53.085 69258 INFO tempest.lib.common.rest_client [req-412a4bf6-81c8-4a6d-8535-825d42f8394d req-412a4bf6-81c8-4a6d-8535-825d42f8394d ] Request (MigrationsAdminTest:test_list_migrations_in_flavor_resize_situation): 201 POST http://10.180.1.21:9696/networking/v2.0/floatingips 0.563s
2025-03-06 06:35:53.098 69222 INFO tempest.lib.common.rest_client [req-b4c616ea-9346-4da9-ad9f-d7ed2289e3de req-b4c616ea-9346-4da9-ad9f-d7ed2289e3de ] Request (DeleteServersAdminTestJSON:test_delete_server_while_in_error_state): 200 GET http://10.180.1.21/compute/v2.1/servers/f72552ae-2213-4d26-a1e2-82015336df56 0.221s
2025-03-06 06:35:53.108 69262 INFO tempest.lib.common.rest_client [req-db4ae471-76a7-454a-98c1-0db6996d10c6 req-db4ae471-76a7-454a-98c1-0db6996d10c6 ] Request (ServersAdmin275Test:test_rebuild_update_server_275): 200 GET http://10.180.1.21/compute/v2.1/servers/bfc2d904-8005-4693-871f-5745dc3d29fd 0.169s
2025-03-06 06:35:53.155 69248 INFO tempest.lib.common.rest_client [req-fe25dc60-e192-405e-8ddc-a1483aeef762 req-fe25dc60-e192-405e-8ddc-a1483aeef762 ] Request (ServerMetadataNegativeTestJSON:setUpClass): 200 GET http://10.180.1.21/compute/v2.1/servers/b33e73d3-3470-4cc1-ba04-c0d25f13cfea 0.173s
2025-03-06 06:35:53.184 69252 INFO tempest.lib.common.rest_client [req-16f70917-d1aa-4f57-8aa3-647aa9558fdb req-16f70917-d1aa-4f57-8aa3-647aa9558fdb ] Request (ServerGroupTestJSON:test_create_server_with_scheduler_hint_group): 200 GET http://10.180.1.21/compute/v2.1/servers/2a1280e2-4ad2-442f-a89e-06b541a310a1 0.242s
2025-03-06 06:35:53.235 69212 INFO tempest.lib.common.rest_client [req-c0641732-aa2a-4a6a-a048-1fe7ce3f2eff req-c0641732-aa2a-4a6a-a048-1fe7ce3f2eff ] Request (ServersListShow296Test:test_list_show_update_rebuild_server_296): 200 GET http://10.180.1.21/compute/v2.1/servers/8cd7dab4-e083-415f-937c-8d3e0c9fc26c 0.224s
2025-03-06 06:35:53.248 69240 INFO tempest.lib.common.rest_client [req-c54ce73a-695e-4370-88fa-6c81b1a16926 req-c54ce73a-695e-4370-88fa-6c81b1a16926 ] Request (ServersAdminNegativeTestJSON:tearDownClass): 200 GET http://10.180.1.21/compute/v2.1/servers/1e106741-a2d1-40cc-b287-3f2af59084ca 0.197s
2025-03-06 06:35:53.264 69258 INFO tempest.lib.common.rest_client [req-4059713c-9689-4436-9b3d-f2b488d09b6b req-4059713c-9689-4436-9b3d-f2b488d09b6b ] Request (MigrationsAdminTest:test_list_migrations_in_flavor_resize_situation): 200 GET http://10.180.1.21/compute/v2.1/os-migrations 0.178s
2025-03-06 06:35:53.315 69256 INFO tempest.lib.common.rest_client [req-87a5fa19-564f-4e43-8df4-973f06467007 req-87a5fa19-564f-4e43-8df4-973f06467007 ] Request (ServerMetadataTestJSON:setUp): 200 PUT http://10.180.1.21/compute/v2.1/servers/91617bdb-49a9-45b5-a147-d9d09248bb1c/metadata 0.256s
2025-03-06 06:35:53.320 69264 INFO tempest.lib.common.rest_client [req-997a6f57-d906-4913-93b8-2441ce3d0f16 req-997a6f57-d906-4913-93b8-2441ce3d0f16 ] Request (InstanceActionsTestJSON:tearDownClass): 200 GET http://10.180.1.21/compute/v2.1/servers/3f20bd77-e350-409c-beb3-6e8a188048ab 0.210s
2025-03-06 06:35:53.363 69268 INFO tempest.lib.common.rest_client [req-c4a9ed23-c31a-46aa-bda8-64f93650a97c req-c4a9ed23-c31a-46aa-bda8-64f93650a97c ] Request (MultipleCreateTestJSON:test_multiple_create): 200 GET http://10.180.1.21/compute/v2.1/servers/3d1591a1-3e98-4978-a25b-38b4c304230a 0.199s
2025-03-06 06:35:53.377 69258 INFO tempest.lib.common.rest_client [req-e1e859ee-589e-419b-acd4-0c4432dcc0d4 req-e1e859ee-589e-419b-acd4-0c4432dcc0d4 ] Request (MigrationsAdminTest:test_resize_server_revert_deleted_flavor): 200 GET http://10.180.1.21/compute/v2.1/flavors/42 0.107s
2025-03-06 06:35:53.378 69216 INFO tempest.lib.common.rest_client [req-7f7ebc88-a46f-4263-9747-023c8a1f3c60 req-7f7ebc88-a46f-4263-9747-023c8a1f3c60 ] Request (ImagesOneServerTestJSON:tearDownClass): 200 GET http://10.180.1.21/compute/v2.1/servers/29bce734-9f04-41eb-92e5-df9248dc10a3 0.148s
2025-03-06 06:35:53.402 69256 INFO tempest.lib.common.rest_client [req-ac8f9e9d-5080-4758-87c6-23ebeb88d5eb req-ac8f9e9d-5080-4758-87c6-23ebeb88d5eb ] Request (ServerMetadataTestJSON:test_get_server_metadata_item): 200 GET http://10.180.1.21/compute/v2.1/servers/91617bdb-49a9-45b5-a147-d9d09248bb1c/metadata/key2 0.087s
2025-03-06 06:35:53.420 69258 INFO tempest.lib.common.rest_client [req-1b288a00-e9a1-4d1a-9267-f6a3f8acd97c req-1b288a00-e9a1-4d1a-9267-f6a3f8acd97c ] Request (MigrationsAdminTest:test_resize_server_revert_deleted_flavor): 200 POST http://10.180.1.21/compute/v2.1/flavors 0.041s
2025-03-06 06:35:53.424 69250 INFO tempest.lib.common.rest_client [req-afe9f5ea-4cee-4e86-b1ce-4003dd077bcc req-afe9f5ea-4cee-4e86-b1ce-4003dd077bcc ] Request (ServersAdminTestJSON:test_create_server_with_scheduling_hint): 200 GET http://10.180.1.21/compute/v2.1/servers/92f9ce8c-c3a3-4c6b-8e10-81123681378d 0.088s
2025-03-06 06:35:53.435 69258 INFO tempest.lib.common.rest_client [req-694638e2-5a27-4721-947c-2a0edeebc502 req-694638e2-5a27-4721-947c-2a0edeebc502 ] Request (MigrationsAdminTest:test_resize_server_revert_deleted_flavor): 200 GET http://10.180.1.21/compute/v2.1/flavors/42/os-extra_specs 0.012s
2025-03-06 06:35:53.457 69258 INFO tempest.lib.common.rest_client [req-06c28386-4deb-4828-b1f2-e72078d3ef09 req-06c28386-4deb-4828-b1f2-e72078d3ef09 ] Request (MigrationsAdminTest:test_resize_server_revert_deleted_flavor): 200 POST http://10.180.1.21/compute/v2.1/flavors/7b6de200-70a1-4450-b5e2-0845006b400c/os-extra_specs 0.021s
2025-03-06 06:35:53.476 69256 INFO tempest.lib.common.rest_client [req-63852a14-0c9b-498d-9d5b-703d9da2216c req-63852a14-0c9b-498d-9d5b-703d9da2216c ] Request (ServerMetadataTestJSON:setUp): 200 PUT http://10.180.1.21/compute/v2.1/servers/91617bdb-49a9-45b5-a147-d9d09248bb1c/metadata 0.072s
2025-03-06 06:35:53.507 69256 INFO tempest.lib.common.rest_client [req-8b9fbf2c-a00a-4b99-ae8f-c0b3797155a2 req-8b9fbf2c-a00a-4b99-ae8f-c0b3797155a2 ] Request (ServerMetadataTestJSON:test_list_server_metadata): 200 GET http://10.180.1.21/compute/v2.1/servers/91617bdb-49a9-45b5-a147-d9d09248bb1c/metadata 0.030s
2025-03-06 06:35:53.523 69258 INFO tempest.lib.common.rest_client [req-75b711ad-6905-4a0d-9601-09502215fb96 req-75b711ad-6905-4a0d-9601-09502215fb96 ] Request (MigrationsAdminTest:test_resize_server_revert_deleted_flavor): 201 POST http://10.180.1.21/identity/v3/auth/tokens 0.062s
2025-03-06 06:35:53.523 69258 INFO tempest.lib.common.fixed_network [-] (MigrationsAdminTest:test_resize_server_revert_deleted_flavor) Found network None available for tenant
2025-03-06 06:35:53.544 69254 INFO tempest.lib.common.rest_client [req-97a5c2e4-a34b-49fe-9ffe-62a29127109b req-97a5c2e4-a34b-49fe-9ffe-62a29127109b ] Request (AttachInterfacesTestJSON:test_create_list_show_delete_interfaces_by_fixed_ip): 200 GET http://10.180.1.21/compute/v2.1/servers/80fa04f2-e0a6-452e-9a88-73eeb0ac347e 0.049s
2025-03-06 06:35:53.565 69256 INFO tempest.lib.common.rest_client [req-fcee3055-2c07-44b3-bdfd-b3100caac3e6 req-fcee3055-2c07-44b3-bdfd-b3100caac3e6 ] Request (ServerMetadataTestJSON:setUp): 200 PUT http://10.180.1.21/compute/v2.1/servers/91617bdb-49a9-45b5-a147-d9d09248bb1c/metadata 0.055s
2025-03-06 06:35:53.619 69214 INFO tempest.lib.common.rest_client [req-5df29d98-d658-44ed-a08c-c86655c7baf8 req-5df29d98-d658-44ed-a08c-c86655c7baf8 ] Request (TenantUsagesTestJSON:tearDownClass): 200 GET http://10.180.1.21/compute/v2.1/servers/15785bfd-102b-4abf-b9ab-12e38c653a49 0.064s
2025-03-06 06:35:53.705 69256 INFO tempest.lib.common.rest_client [req-6b251634-8144-4862-aa7e-fa80f53292df req-6b251634-8144-4862-aa7e-fa80f53292df ] Request (ServerMetadataTestJSON:test_set_server_metadata): 200 PUT http://10.180.1.21/compute/v2.1/servers/91617bdb-49a9-45b5-a147-d9d09248bb1c/metadata 0.139s
2025-03-06 06:35:53.771 69236 INFO tempest.lib.common.rest_client [req-e2f52ea7-da9a-4ec2-b1ac-e5273a1ed160 req-e2f52ea7-da9a-4ec2-b1ac-e5273a1ed160 ] Request (ServerAddressesNegativeTestJSON:tearDownClass): 200 GET http://10.180.1.21/compute/v2.1/servers/4bb94a41-5549-4e59-a44b-094fff269e78 0.148s
2025-03-06 06:35:53.780 69258 INFO tempest.lib.common.rest_client [req-cf65ad1b-b84c-47a1-9c4a-124d48e842fa req-cf65ad1b-b84c-47a1-9c4a-124d48e842fa ] Request (MigrationsAdminTest:test_resize_server_revert_deleted_flavor): 202 POST http://10.180.1.21/compute/v2.1/servers 0.256s
2025-03-06 06:35:53.807 69256 INFO tempest.lib.common.rest_client [req-8f6d5f21-7fc3-4530-859a-5d26e0189722 req-8f6d5f21-7fc3-4530-859a-5d26e0189722 ] Request (ServerMetadataTestJSON:test_set_server_metadata): 200 GET http://10.180.1.21/compute/v2.1/servers/91617bdb-49a9-45b5-a147-d9d09248bb1c/metadata 0.101s
2025-03-06 06:35:53.841 69258 INFO tempest.lib.common.rest_client [req-f5d384fd-cd97-4928-a5d9-ae765871c021 req-f5d384fd-cd97-4928-a5d9-ae765871c021 ] Request (MigrationsAdminTest:test_resize_server_revert_deleted_flavor): 200 GET http://10.180.1.21/compute/v2.1/servers/bd49c388-5a16-4af3-91cf-777982d4567f 0.059s
2025-03-06 06:35:53.852 69226 INFO tempest.lib.common.rest_client [req-4ebced61-eabf-4189-9f54-560cece19c6d req-4ebced61-eabf-4189-9f54-560cece19c6d ] Request (ServersTestBootFromVolume:setUpClass): 200 GET http://10.180.1.21/volume/v3/volumes/e200063e-617b-45b5-8fb3-312b30226f1b 0.031s
2025-03-06 06:35:53.865 69270 INFO tempest.lib.common.rest_client [req-0633e0bf-f4b8-4fec-9d46-f1cfd45acbb4 req-0633e0bf-f4b8-4fec-9d46-f1cfd45acbb4 ] Request (ServerActionsTestOtherA:setUpClass): 200 GET http://10.180.1.21/compute/v2.1/servers/8c560e82-533e-49c7-aaf4-82e123f75240 0.083s
2025-03-06 06:35:53.875 69270 INFO tempest.common.waiters [-] State transition "BUILD/scheduling" ==> "BUILD/None" after 42 second wait
2025-03-06 06:35:53.920 69256 INFO tempest.lib.common.rest_client [req-4c43fa26-8016-457c-b1cb-4d0f2315ec15 req-4c43fa26-8016-457c-b1cb-4d0f2315ec15 ] Request (ServerMetadataTestJSON:setUp): 200 PUT http://10.180.1.21/compute/v2.1/servers/91617bdb-49a9-45b5-a147-d9d09248bb1c/metadata 0.112s
2025-03-06 06:35:53.936 69260 WARNING tempest.lib.common.ssh [-] Failed to establish authenticated ssh connection to cirros@10.180.180.163 ([Errno None] Unable to connect to port 22 on 10.180.180.163). Number attempts: 8. Retry after 9 seconds.: paramiko.ssh_exception.NoValidConnectionsError: [Errno None] Unable to connect to port 22 on 10.180.180.163
2025-03-06 06:35:53.946 69224 INFO tempest.lib.common.rest_client [req-851ef379-9d39-4619-a02f-eeab5e99558b req-851ef379-9d39-4619-a02f-eeab5e99558b ] Request (FloatingIPsAssociationNegativeTestJSON:tearDownClass): 200 GET http://10.180.1.21/compute/v2.1/servers/17c90488-234d-4203-964f-a4863bbe5e47 0.098s
2025-03-06 06:35:53.981 69267 INFO tempest.lib.common.rest_client [req-8091235d-e814-497f-b5c9-42725b904faf req-8091235d-e814-497f-b5c9-42725b904faf ] Request (DeleteServersTestJSON:test_delete_active_server): 200 GET http://10.180.1.21/compute/v2.1/servers/42bec1a5-e2e2-4746-a6d7-57edb4b60715 0.130s
2025-03-06 06:35:53.989 69267 INFO tempest.common.waiters [-] State transition "BUILD/None" ==> "BUILD/networking" after 50 second wait
2025-03-06 06:35:54.009 69220 INFO tempest.lib.common.rest_client [req-f69145a3-93dc-401c-823c-e338b2449be8 req-f69145a3-93dc-401c-823c-e338b2449be8 ] Request (ListServerFiltersTestJSON:tearDownClass): 200 GET http://10.180.1.21/compute/v2.1/servers/427db270-9f81-4bed-8039-a8e1d87ab427 0.101s
2025-03-06 06:35:54.040 69256 INFO tempest.lib.common.rest_client [req-283310a0-1a04-45e3-a2ad-fca9d1e84c56 req-283310a0-1a04-45e3-a2ad-fca9d1e84c56 ] Request (ServerMetadataTestJSON:test_set_server_metadata_item): 200 PUT http://10.180.1.21/compute/v2.1/servers/91617bdb-49a9-45b5-a147-d9d09248bb1c/metadata/nova 0.119s
2025-03-06 06:35:54.063 69210 INFO tempest.lib.common.rest_client [req-fc95b73c-5d51-4808-914b-9d1e85f3de75 req-fc95b73c-5d51-4808-914b-9d1e85f3de75 ] Request (ImagesOneServerNegativeTestJSON:setUpClass): 200 GET http://10.180.1.21/compute/v2.1/servers/5ba2b5c7-ec6d-49da-82ce-e76c402497fb 0.124s
2025-03-06 06:35:54.098 69238 INFO tempest.lib.common.rest_client [req-794ce425-2bbb-464c-9790-4d873512207a req-794ce425-2bbb-464c-9790-4d873512207a ] Request (FloatingIPsAssociationTestJSON:test_associate_already_associated_floating_ip): 200 GET http://10.180.1.21/compute/v2.1/servers/3f7dc844-a0a8-4c16-a947-f695a646512c 0.104s
2025-03-06 06:35:54.124 69256 INFO tempest.lib.common.rest_client [req-3dddf29b-228a-4777-8356-8048039c7a9a req-3dddf29b-228a-4777-8356-8048039c7a9a ] Request (ServerMetadataTestJSON:test_set_server_metadata_item): 200 GET http://10.180.1.21/compute/v2.1/servers/91617bdb-49a9-45b5-a147-d9d09248bb1c/metadata 0.082s
2025-03-06 06:35:54.178 69232 INFO tempest.lib.common.rest_client [req-436d5235-19be-4329-8168-d01ac22cd401 req-436d5235-19be-4329-8168-d01ac22cd401 ] Request (ServersV294TestFqdnHostnames:setUpClass): 200 GET http://10.180.1.21/compute/v2.1/servers/31e47e18-e4e3-4f5f-90e4-1468a77dff2e 0.135s
2025-03-06 06:35:54.225 69234 INFO tempest.lib.common.rest_client [req-dcebddd3-fe55-4ba5-b57c-3b65294974f6 req-dcebddd3-fe55-4ba5-b57c-3b65294974f6 ] Request (SecurityGroupsTestJSON:test_list_security_groups_by_server): 200 GET http://10.180.1.21/compute/v2.1/servers/9bed2863-be23-41c8-9794-5f7dfbeaf219 0.221s
2025-03-06 06:35:54.226 69228 INFO tempest.lib.common.rest_client [req-a342b2da-0a98-4f23-b8b7-164d50c61db0 req-a342b2da-0a98-4f23-b8b7-164d50c61db0 ] Request (ListImageFiltersTestJSON:setUpClass): 200 GET http://10.180.1.21/compute/v2.1/servers/3870f0d6-e7bb-4565-be1c-9b8377a81281 0.168s
2025-03-06 06:35:54.281 69222 INFO tempest.lib.common.rest_client [req-af1d6d7a-5d3d-48c2-a8d2-07f86e631375 req-af1d6d7a-5d3d-48c2-a8d2-07f86e631375 ] Request (DeleteServersAdminTestJSON:test_delete_server_while_in_error_state): 200 GET http://10.180.1.21/compute/v2.1/servers/f72552ae-2213-4d26-a1e2-82015336df56 0.175s
2025-03-06 06:35:54.288 69262 INFO tempest.lib.common.rest_client [req-a3266c57-ffe0-409d-b759-ca95059c4bdf req-a3266c57-ffe0-409d-b759-ca95059c4bdf ] Request (ServersAdmin275Test:test_rebuild_update_server_275): 200 GET http://10.180.1.21/compute/v2.1/servers/bfc2d904-8005-4693-871f-5745dc3d29fd 0.170s
2025-03-06 06:35:54.344 69256 INFO tempest.lib.common.rest_client [req-5475d842-94b5-48bc-bf9b-71ff0ebebaa9 req-5475d842-94b5-48bc-bf9b-71ff0ebebaa9 ] Request (ServerMetadataTestJSON:setUp): 200 PUT http://10.180.1.21/compute/v2.1/servers/91617bdb-49a9-45b5-a147-d9d09248bb1c/metadata 0.218s
2025-03-06 06:35:54.345 69248 INFO tempest.lib.common.rest_client [req-3e9d3e77-4db1-43b2-bcc9-34c31e815d76 req-3e9d3e77-4db1-43b2-bcc9-34c31e815d76 ] Request (ServerMetadataNegativeTestJSON:setUpClass): 200 GET http://10.180.1.21/compute/v2.1/servers/b33e73d3-3470-4cc1-ba04-c0d25f13cfea 0.181s
2025-03-06 06:35:54.408 69212 INFO tempest.lib.common.rest_client [req-bd52bcdd-d070-46ca-8465-3df9fb2798e4 req-bd52bcdd-d070-46ca-8465-3df9fb2798e4 ] Request (ServersListShow296Test:test_list_show_update_rebuild_server_296): 200 GET http://10.180.1.21/compute/v2.1/servers/8cd7dab4-e083-415f-937c-8d3e0c9fc26c 0.160s
2025-03-06 06:35:54.459 69252 INFO tempest.lib.common.rest_client [req-878c1e65-4a79-46d8-a3a8-ddbb662e0e0f req-878c1e65-4a79-46d8-a3a8-ddbb662e0e0f ] Request (ServerGroupTestJSON:test_create_server_with_scheduler_hint_group): 200 GET http://10.180.1.21/compute/v2.1/servers/2a1280e2-4ad2-442f-a89e-06b541a310a1 0.267s
2025-03-06 06:35:54.475 69240 INFO tempest.lib.common.rest_client [req-3047f7f9-ed0e-4f6a-b095-a7f592760f59 req-3047f7f9-ed0e-4f6a-b095-a7f592760f59 ] Request (ServersAdminNegativeTestJSON:tearDownClass): 200 GET http://10.180.1.21/compute/v2.1/servers/1e106741-a2d1-40cc-b287-3f2af59084ca 0.216s
2025-03-06 06:35:54.525 69264 INFO tempest.lib.common.rest_client [req-1f1c910f-cb52-466e-8680-decc020a0c25 req-1f1c910f-cb52-466e-8680-decc020a0c25 ] Request (InstanceActionsTestJSON:tearDownClass): 200 GET http://10.180.1.21/compute/v2.1/servers/3f20bd77-e350-409c-beb3-6e8a188048ab 0.193s
2025-03-06 06:35:54.533 69256 INFO tempest.lib.common.rest_client [req-8b89865d-1d4c-47af-8585-cac514c458a1 req-8b89865d-1d4c-47af-8585-cac514c458a1 ] Request (ServerMetadataTestJSON:test_update_metadata_empty_body): 200 POST http://10.180.1.21/compute/v2.1/servers/91617bdb-49a9-45b5-a147-d9d09248bb1c/metadata 0.188s
2025-03-06 06:35:54.579 69268 INFO tempest.lib.common.rest_client [req-1b621296-90c5-43fc-92dd-455545e5f3ab req-1b621296-90c5-43fc-92dd-455545e5f3ab ] Request (MultipleCreateTestJSON:test_multiple_create): 200 GET http://10.180.1.21/compute/v2.1/servers/3d1591a1-3e98-4978-a25b-38b4c304230a 0.208s
2025-03-06 06:35:54.598 69216 INFO tempest.lib.common.rest_client [req-bc257539-dfc8-4ec5-9f85-8dd350d01ea9 req-bc257539-dfc8-4ec5-9f85-8dd350d01ea9 ] Request (ImagesOneServerTestJSON:tearDownClass): 200 GET http://10.180.1.21/compute/v2.1/servers/29bce734-9f04-41eb-92e5-df9248dc10a3 0.212s
2025-03-06 06:35:54.627 69250 INFO tempest.lib.common.rest_client [req-11875562-5d73-4cac-9c2a-b4a5fecc5c61 req-11875562-5d73-4cac-9c2a-b4a5fecc5c61 ] Request (ServersAdminTestJSON:test_create_server_with_scheduling_hint): 200 GET http://10.180.1.21/compute/v2.1/servers/92f9ce8c-c3a3-4c6b-8e10-81123681378d 0.193s
2025-03-06 06:35:54.633 69256 INFO tempest.lib.common.rest_client [req-ab1fa388-fcf1-42b1-955b-8d92e347804b req-ab1fa388-fcf1-42b1-955b-8d92e347804b ] Request (ServerMetadataTestJSON:test_update_metadata_empty_body): 200 GET http://10.180.1.21/compute/v2.1/servers/91617bdb-49a9-45b5-a147-d9d09248bb1c/metadata 0.098s
2025-03-06 06:35:54.681 69254 INFO tempest.lib.common.rest_client [req-05bed1e1-d989-4236-81f2-f1361eb01c34 req-05bed1e1-d989-4236-81f2-f1361eb01c34 ] Request (AttachInterfacesTestJSON:test_create_list_show_delete_interfaces_by_fixed_ip): 200 GET http://10.180.1.21/compute/v2.1/servers/80fa04f2-e0a6-452e-9a88-73eeb0ac347e 0.129s
2025-03-06 06:35:54.698 69214 INFO tempest.lib.common.rest_client [req-5461dea7-814a-4966-80f3-629c5087e872 req-5461dea7-814a-4966-80f3-629c5087e872 ] Request (TenantUsagesTestJSON:tearDownClass): 200 GET http://10.180.1.21/compute/v2.1/servers/15785bfd-102b-4abf-b9ab-12e38c653a49 0.066s
2025-03-06 06:35:54.739 69256 INFO tempest.lib.common.rest_client [req-5ba37750-9c6d-41ed-8a5c-207233c6040b req-5ba37750-9c6d-41ed-8a5c-207233c6040b ] Request (ServerMetadataTestJSON:setUp): 200 PUT http://10.180.1.21/compute/v2.1/servers/91617bdb-49a9-45b5-a147-d9d09248bb1c/metadata 0.104s
2025-03-06 06:35:54.799 69256 INFO tempest.lib.common.rest_client [req-b489bbc8-a1af-4005-bea3-d4b70ce13b77 req-b489bbc8-a1af-4005-bea3-d4b70ce13b77 ] Request (ServerMetadataTestJSON:test_update_server_metadata): 200 POST http://10.180.1.21/compute/v2.1/servers/91617bdb-49a9-45b5-a147-d9d09248bb1c/metadata 0.059s
2025-03-06 06:35:54.827 69256 INFO tempest.lib.common.rest_client [req-a53a598e-5bbd-4ac2-a369-618d341402fa req-a53a598e-5bbd-4ac2-a369-618d341402fa ] Request (ServerMetadataTestJSON:test_update_server_metadata): 200 GET http://10.180.1.21/compute/v2.1/servers/91617bdb-49a9-45b5-a147-d9d09248bb1c/metadata 0.026s
2025-03-06 06:35:54.838 69236 INFO tempest.lib.common.rest_client [req-227d7125-9a14-447e-a133-a6e3ef61ba91 req-227d7125-9a14-447e-a133-a6e3ef61ba91 ] Request (ServerAddressesNegativeTestJSON:tearDownClass): 200 GET http://10.180.1.21/compute/v2.1/servers/4bb94a41-5549-4e59-a44b-094fff269e78 0.058s
2025-03-06 06:35:54.887 69226 INFO tempest.lib.common.rest_client [req-890846be-b121-4f50-ae42-8aad01eded25 req-890846be-b121-4f50-ae42-8aad01eded25 ] Request (ServersTestBootFromVolume:setUpClass): 200 GET http://10.180.1.21/volume/v3/volumes/e200063e-617b-45b5-8fb3-312b30226f1b 0.027s
2025-03-06 06:35:54.898 69256 INFO tempest.lib.common.rest_client [req-c61ea9ce-3fe2-4714-b554-ec62523291ae req-c61ea9ce-3fe2-4714-b554-ec62523291ae ] Request (ServerMetadataTestJSON:tearDownClass): 204 DELETE http://10.180.1.21/compute/v2.1/servers/91617bdb-49a9-45b5-a147-d9d09248bb1c 0.069s
2025-03-06 06:35:54.904 69258 INFO tempest.lib.common.rest_client [req-84789977-cdf4-41b1-9cf3-d3ee2c5098f9 req-84789977-cdf4-41b1-9cf3-d3ee2c5098f9 ] Request (MigrationsAdminTest:test_resize_server_revert_deleted_flavor): 200 GET http://10.180.1.21/compute/v2.1/servers/bd49c388-5a16-4af3-91cf-777982d4567f 0.053s
2025-03-06 06:35:54.949 69270 INFO tempest.lib.common.rest_client [req-7d12547b-fd62-49cd-aedb-0952b5c6621b req-7d12547b-fd62-49cd-aedb-0952b5c6621b ] Request (ServerActionsTestOtherA:setUpClass): 200 GET http://10.180.1.21/compute/v2.1/servers/8c560e82-533e-49c7-aaf4-82e123f75240 0.073s
2025-03-06 06:35:54.990 69256 INFO tempest.lib.common.rest_client [req-19ac3426-80d2-40da-a85f-c0862308f6d1 req-19ac3426-80d2-40da-a85f-c0862308f6d1 ] Request (ServerMetadataTestJSON:tearDownClass): 200 GET http://10.180.1.21/compute/v2.1/servers/91617bdb-49a9-45b5-a147-d9d09248bb1c 0.092s
2025-03-06 06:35:55.009 69224 INFO tempest.lib.common.rest_client [req-f11e5412-71da-4457-b1ac-bc6e1bc73ba8 req-f11e5412-71da-4457-b1ac-bc6e1bc73ba8 ] Request (FloatingIPsAssociationNegativeTestJSON:tearDownClass): 200 GET http://10.180.1.21/compute/v2.1/servers/17c90488-234d-4203-964f-a4863bbe5e47 0.053s
2025-03-06 06:35:55.072 69267 INFO tempest.lib.common.rest_client [req-61c37766-2019-485b-b9fc-aecd164dafe1 req-61c37766-2019-485b-b9fc-aecd164dafe1 ] Request (DeleteServersTestJSON:test_delete_active_server): 200 GET http://10.180.1.21/compute/v2.1/servers/42bec1a5-e2e2-4746-a6d7-57edb4b60715 0.082s
2025-03-06 06:35:55.074 69220 INFO tempest.lib.common.rest_client [req-3a3b1c34-a363-4d6f-9d79-ce6af0b2b38e req-3a3b1c34-a363-4d6f-9d79-ce6af0b2b38e ] Request (ListServerFiltersTestJSON:tearDownClass): 200 GET http://10.180.1.21/compute/v2.1/servers/427db270-9f81-4bed-8039-a8e1d87ab427 0.055s
2025-03-06 06:35:55.079 69267 INFO tempest.common.waiters [-] State transition "BUILD/networking" ==> "BUILD/spawning" after 52 second wait
2025-03-06 06:35:55.120 69210 INFO tempest.lib.common.rest_client [req-54d1d997-79e5-46ac-b2cb-68a6eafd494e req-54d1d997-79e5-46ac-b2cb-68a6eafd494e ] Request (ImagesOneServerNegativeTestJSON:setUpClass): 200 GET http://10.180.1.21/compute/v2.1/servers/5ba2b5c7-ec6d-49da-82ce-e76c402497fb 0.047s
2025-03-06 06:35:55.154 69242 WARNING tempest.lib.common.ssh [-] Failed to establish authenticated ssh connection to cirros@10.180.180.252 ([Errno None] Unable to connect to port 22 on 10.180.180.252). Number attempts: 1. Retry after 2 seconds.: paramiko.ssh_exception.NoValidConnectionsError: [Errno None] Unable to connect to port 22 on 10.180.180.252
2025-03-06 06:35:55.169 69238 INFO tempest.lib.common.rest_client [req-d41aeed4-5747-4cf3-a468-3f2bc6f94beb req-d41aeed4-5747-4cf3-a468-3f2bc6f94beb ] Request (FloatingIPsAssociationTestJSON:test_associate_already_associated_floating_ip): 200 GET http://10.180.1.21/compute/v2.1/servers/3f7dc844-a0a8-4c16-a947-f695a646512c 0.062s
2025-03-06 06:35:55.243 69232 INFO tempest.lib.common.rest_client [req-71e91000-b4ba-44cd-832a-26e6f94316e6 req-71e91000-b4ba-44cd-832a-26e6f94316e6 ] Request (ServersV294TestFqdnHostnames:setUpClass): 200 GET http://10.180.1.21/compute/v2.1/servers/31e47e18-e4e3-4f5f-90e4-1468a77dff2e 0.054s
2025-03-06 06:35:55.289 69228 INFO tempest.lib.common.rest_client [req-ddb0d92f-6820-4d70-8f67-99347ea3181a req-ddb0d92f-6820-4d70-8f67-99347ea3181a ] Request (ListImageFiltersTestJSON:setUpClass): 200 GET http://10.180.1.21/compute/v2.1/servers/3870f0d6-e7bb-4565-be1c-9b8377a81281 0.054s
