2025-03-06 06:35:19.084 69256 INFO tempest.lib.common.rest_client [req-e59dc8ab-c596-4a39-8644-b0bc2d9c798e req-e59dc8ab-c596-4a39-8644-b0bc2d9c798e ] Request (ServerMetadataTestJSON:setUpClass): 200 GET http://10.180.1.21/compute/v2.1/servers/91617bdb-49a9-45b5-a147-d9d09248bb1c 0.785s
2025-03-06 06:35:19.094 69256 INFO tempest.common.waiters [-] State transition "BUILD/scheduling" ==> "BUILD/None" after 29 second wait
2025-03-06 06:35:19.160 69232 INFO tempest.lib.common.rest_client [req-e615ba4a-75a3-4a57-8b2f-95a07dbd4af3 req-e615ba4a-75a3-4a57-8b2f-95a07dbd4af3 ] Request (ServerExternalEventsTest:tearDownClass): 200 GET http://10.180.1.21/compute/v2.1/servers/d00e31be-e1ca-4417-af4f-3f85d95e1b4b 0.828s
2025-03-06 06:35:19.163 69228 INFO tempest.lib.common.rest_client [req-16d519a1-9a09-424d-9bc4-b19e7d7fe11d req-16d519a1-9a09-424d-9bc4-b19e7d7fe11d ] Request (FloatingIPDetailsTestJSON:setUpClass): 201 POST http://10.180.1.21/identity/v3/users 0.093s
2025-03-06 06:35:19.169 69232 INFO tempest.common.waiters [-] State transition "ACTIVE/deleting" ==> "DELETED/None" after 4 second wait
2025-03-06 06:35:19.189 69228 INFO tempest.lib.common.rest_client [req-5307a73d-3e37-4f65-860e-ca6e641b53a3 req-5307a73d-3e37-4f65-860e-ca6e641b53a3 ] Request (FloatingIPDetailsTestJSON:setUpClass): 200 GET http://10.180.1.21/identity/v3/roles 0.026s
2025-03-06 06:35:19.227 69236 INFO tempest.lib.common.rest_client [req-ac6acf2d-3afc-42cf-98a0-8f1c07456c5e req-ac6acf2d-3afc-42cf-98a0-8f1c07456c5e ] Request (ServerAddressesNegativeTestJSON:setUpClass): 200 GET http://10.180.1.21/compute/v2.1/servers/4bb94a41-5549-4e59-a44b-094fff269e78 0.723s
2025-03-06 06:35:19.230 69228 INFO tempest.lib.common.rest_client [req-22bb326a-f7ba-4b63-82cf-081d2ed94898 req-22bb326a-f7ba-4b63-82cf-081d2ed94898 ] Request (FloatingIPDetailsTestJSON:setUpClass): 204 PUT http://10.180.1.21/identity/v3/projects/67005218f497493184fb8ee9f231bf52/users/e35ec44614a04c5494bfce0607a36c72/roles/fcbdfd3e287e4889b059a43b9c90fef6 0.040s
2025-03-06 06:35:19.230 69228 INFO tempest.lib.common.dynamic_creds [-] Dynamic test user e35ec44614a04c5494bfce0607a36c72 is created with scope project and roles: ['member']
2025-03-06 06:35:19.231 69228 INFO tempest.lib.common.dynamic_creds [-] Acquired dynamic creds: credentials: Credentials: {'domain_id': 'default', 'domain_name': 'Default', 'username': 'tempest-FloatingIPDetailsTestJSON-1846558444-project-member', 'project_domain_id': 'default', 'project_domain_name': 'Default', 'project_id': '67005218f497493184fb8ee9f231bf52', 'project_name': 'tempest-FloatingIPDetailsTestJSON-1846558444', 'tenant_id': '67005218f497493184fb8ee9f231bf52', 'tenant_name': 'tempest-FloatingIPDetailsTestJSON-1846558444', 'user_domain_id': 'default', 'user_domain_name': 'Default', 'user_id': 'e35ec44614a04c5494bfce0607a36c72', 'system': None}, Network: None, Subnet: None, Router: None
2025-03-06 06:35:19.293 69212 INFO tempest.lib.common.rest_client [req-2b35427f-b39f-4a82-93f7-12c28083eec2 req-2b35427f-b39f-4a82-93f7-12c28083eec2 ] Request (ServerAddressesTestJSON:tearDownClass): 200 GET http://10.180.1.21/compute/v2.1/servers/e3de132a-5a8c-49f7-8dde-273070d38b23 0.708s
2025-03-06 06:35:19.306 69228 INFO tempest.lib.common.rest_client [req-d2231478-7db8-47d4-b139-bb733e23cc9f req-d2231478-7db8-47d4-b139-bb733e23cc9f ] Request (FloatingIPDetailsTestJSON:setUpClass): 201 POST http://10.180.1.21/identity/v3/auth/tokens 0.075s
2025-03-06 06:35:19.347 69254 INFO tempest.lib.common.rest_client [req-2e47cbe1-3039-4a9c-b9f6-c365224df008 req-2e47cbe1-3039-4a9c-b9f6-c365224df008 ] Request (AttachInterfacesTestJSON:test_create_list_show_delete_interfaces_by_fixed_ip): 200 GET http://10.180.1.21/compute/v2.1/servers/80fa04f2-e0a6-452e-9a88-73eeb0ac347e 0.692s
2025-03-06 06:35:19.602 69246 INFO tempest.lib.common.rest_client [req-7dc1b390-323b-4b07-a516-3ae4c048cf02 req-7dc1b390-323b-4b07-a516-3ae4c048cf02 ] Request (ServersWithSpecificFlavorTestJSON:test_verify_created_server_ephemeral_disk): 200 GET http://10.180.1.21/compute/v2.1/servers/a18eb1c3-0700-4e59-be23-2c91afa4b7b1 0.759s
2025-03-06 06:35:19.836 69228 INFO tempest.lib.common.rest_client [req-748852ca-c4b5-47e3-8548-8ec943002232 req-748852ca-c4b5-47e3-8548-8ec943002232 ] Request (FloatingIPDetailsTestJSON:setUpClass): 201 POST http://10.180.1.21:9696/networking/v2.0/networks 0.529s
2025-03-06 06:35:19.862 69226 INFO tempest.lib.common.rest_client [req-cb2f0c00-f731-4181-b481-5ab23253d91a req-cb2f0c00-f731-4181-b481-5ab23253d91a ] Request (SecurityGroupRulesTestJSON:test_security_group_rules_list): 200 POST http://10.180.1.21/compute/v2.1/os-security-group-rules 1.009s
2025-03-06 06:35:19.918 69234 INFO tempest.lib.common.rest_client [req-09104867-e004-4bb0-bb84-960a0369e4f1 req-09104867-e004-4bb0-bb84-960a0369e4f1 ] Request (SecurityGroupsTestJSON:test_list_security_groups_by_server): 200 GET http://10.180.1.21/compute/v2.1/servers/9bed2863-be23-41c8-9794-5f7dfbeaf219 0.994s
2025-03-06 06:35:19.940 69248 INFO tempest.lib.common.rest_client [req-f0f3476b-5e0b-4e6e-a18a-c977ca4d004d req-f0f3476b-5e0b-4e6e-a18a-c977ca4d004d ] Request (FlavorsV2TestJSON:test_list_flavors_filter_by_min_ram): 200 GET http://10.180.1.21/compute/v2.1/flavors?minRam=193 0.910s
2025-03-06 06:35:19.991 69270 INFO tempest.lib.common.rest_client [req-213a74c5-56bd-4198-92d8-290755ad5772 req-213a74c5-56bd-4198-92d8-290755ad5772 ] Request (ServerActionsTestOtherA:setUpClass): 200 GET http://10.180.1.21/compute/v2.1/servers/8c560e82-533e-49c7-aaf4-82e123f75240 0.929s
2025-03-06 06:35:20.042 69240 INFO tempest.lib.common.rest_client [req-efb24624-2c36-4c9b-8200-0a3a87c8da47 req-efb24624-2c36-4c9b-8200-0a3a87c8da47 ] Request (ServersAdminNegativeTestJSON:test_migrate_server_invalid_state): 200 GET http://10.180.1.21/compute/v2.1/servers/1e106741-a2d1-40cc-b287-3f2af59084ca 0.930s
2025-03-06 06:35:20.088 69242 INFO tempest.lib.common.rest_client [req-6ddc960a-8361-4b1c-bf78-be82270ba290 req-6ddc960a-8361-4b1c-bf78-be82270ba290 ] Request (AttachVolumeTestJSON:test_attach_detach_volume): 200 GET http://10.180.1.21/compute/v2.1/servers/b7c373f5-60c3-44c6-bbe7-d66be17f34fd 0.923s
2025-03-06 06:35:20.114 69228 INFO tempest.lib.common.rest_client [req-a2b1e9f1-1f13-413e-a1ad-58462d4a9c12 req-a2b1e9f1-1f13-413e-a1ad-58462d4a9c12 ] Request (FloatingIPDetailsTestJSON:setUpClass): 201 POST http://10.180.1.21:9696/networking/v2.0/subnets 0.277s
2025-03-06 06:35:20.149 69267 INFO tempest.lib.common.rest_client [req-99499e90-591a-47be-b712-1d41cfb3dc9b req-99499e90-591a-47be-b712-1d41cfb3dc9b ] Request (DeleteServersTestJSON:test_delete_active_server): 200 GET http://10.180.1.21/compute/v2.1/servers/42bec1a5-e2e2-4746-a6d7-57edb4b60715 0.979s
2025-03-06 06:35:20.174 69224 INFO tempest.lib.common.rest_client [req-db11aa68-e5c1-4191-9693-3cd4549bf81f req-db11aa68-e5c1-4191-9693-3cd4549bf81f ] Request (FloatingIPsAssociationNegativeTestJSON:test_associate_ip_to_server_with_floating_ip): 202 POST http://10.180.1.21/compute/v2.1/servers/17c90488-234d-4203-964f-a4863bbe5e47/action 2.139s
2025-03-06 06:35:20.219 69214 INFO tempest.lib.common.rest_client [req-2b128b30-c72f-4a23-b297-d806fd590b2b req-2b128b30-c72f-4a23-b297-d806fd590b2b ] Request (TenantUsagesTestJSON:setUpClass): 200 GET http://10.180.1.21/compute/v2.1/servers/15785bfd-102b-4abf-b9ab-12e38c653a49 0.993s
2025-03-06 06:35:20.224 69210 INFO tempest.lib.common.rest_client [req-123636b9-619d-4849-a0eb-b9660f809fcf req-123636b9-619d-4849-a0eb-b9660f809fcf ] Request (ImagesOneServerNegativeTestJSON:setUpClass): 200 GET http://10.180.1.21/compute/v2.1/servers/5ba2b5c7-ec6d-49da-82ce-e76c402497fb 0.989s
2025-03-06 06:35:20.227 69214 INFO tempest.common.waiters [-] State transition "BUILD/None" ==> "BUILD/networking" after 39 second wait
2025-03-06 06:35:20.468 69252 INFO tempest.lib.common.rest_client [req-6c937cc9-dfba-4a4c-9dfb-f8676b27c7be req-6c937cc9-dfba-4a4c-9dfb-f8676b27c7be ] Request (ServerGroupTestJSON:test_create_server_with_scheduler_hint_group): 200 GET http://10.180.1.21/compute/v2.1/servers/2a1280e2-4ad2-442f-a89e-06b541a310a1 1.184s
2025-03-06 06:35:20.476 69252 INFO tempest.common.waiters [-] State transition "BUILD/scheduling" ==> "BUILD/None" after 24 second wait
2025-03-06 06:35:20.495 69238 INFO tempest.lib.common.rest_client [req-1e33af94-191a-48b0-8e18-0feec0f20351 req-1e33af94-191a-48b0-8e18-0feec0f20351 ] Request (FloatingIPsAssociationTestJSON:test_associate_already_associated_floating_ip): 200 GET http://10.180.1.21/compute/v2.1/servers/3f7dc844-a0a8-4c16-a947-f695a646512c 1.163s
2025-03-06 06:35:20.542 69222 INFO tempest.lib.common.rest_client [req-1994acb1-fe46-4c8c-b271-c8a6e60723b7 req-1994acb1-fe46-4c8c-b271-c8a6e60723b7 ] Request (DeleteServersAdminTestJSON:test_delete_server_while_in_error_state): 200 GET http://10.180.1.21/compute/v2.1/servers/f72552ae-2213-4d26-a1e2-82015336df56 1.139s
2025-03-06 06:35:20.587 69216 INFO tempest.lib.common.rest_client [req-fdfda0f5-d188-4c42-b663-64e656effbc9 req-fdfda0f5-d188-4c42-b663-64e656effbc9 ] Request (ImagesOneServerTestJSON:test_create_image_specify_multibyte_character_image_name): 200 GET http://10.180.1.21/compute/v2.1/images/9da5f87b-47da-4857-94c2-0d37d522c00a 1.136s
2025-03-06 06:35:20.630 69258 INFO tempest.lib.common.rest_client [req-e286f452-05ef-4250-8f34-f3c5dc3853ca req-e286f452-05ef-4250-8f34-f3c5dc3853ca ] Request (MigrationsAdminTest:test_list_migrations_in_flavor_resize_situation): 200 GET http://10.180.1.21/compute/v2.1/servers/d2187069-2dba-4d01-969f-510f659fc163 1.195s
2025-03-06 06:35:20.637 69258 INFO tempest.common.waiters [-] State transition "RESIZE/resize_migrated" ==> "RESIZE/resize_finish" after 37 second wait
2025-03-06 06:35:20.667 69262 INFO tempest.lib.common.rest_client [req-808eecec-d180-4bc5-ab68-d557b49d7c89 req-808eecec-d180-4bc5-ab68-d557b49d7c89 ] Request (ServersAdmin275Test:test_rebuild_update_server_275): 200 GET http://10.180.1.21/compute/v2.1/servers/bfc2d904-8005-4693-871f-5745dc3d29fd 1.162s
2025-03-06 06:35:20.691 69268 INFO tempest.lib.common.rest_client [req-80255ba2-99ec-40fd-a611-80fbf212e25a req-80255ba2-99ec-40fd-a611-80fbf212e25a ] Request (MultipleCreateTestJSON:test_multiple_create): 200 GET http://10.180.1.21/compute/v2.1/servers/3d1591a1-3e98-4978-a25b-38b4c304230a 1.147s
2025-03-06 06:35:20.748 69250 INFO tempest.lib.common.rest_client [req-688a9397-c4fa-4008-92f1-8118ca029bca req-688a9397-c4fa-4008-92f1-8118ca029bca ] Request (ServersAdminTestJSON:setUpClass): 200 GET http://10.180.1.21/compute/v2.1/servers/74e4929e-3ae3-4358-9544-e64b5c2f237f 1.170s
2025-03-06 06:35:20.827 69264 INFO tempest.lib.common.rest_client [req-a06a20ff-4cc0-4188-9a39-f0edbf92ca23 req-a06a20ff-4cc0-4188-9a39-f0edbf92ca23 ] Request (InstanceActionsTestJSON:setUpClass): 200 GET http://10.180.1.21/compute/v2.1/servers/3f20bd77-e350-409c-beb3-6e8a188048ab 1.086s
2025-03-06 06:35:20.879 69248 INFO tempest.lib.common.rest_client [req-3706a0f2-29e8-4ddb-bbb8-26300841d40e req-3706a0f2-29e8-4ddb-bbb8-26300841d40e ] Request (FlavorsV2TestJSON:test_list_flavors_limit_results): 200 GET http://10.180.1.21/compute/v2.1/flavors?limit=1 0.931s
2025-03-06 06:35:21.008 69220 INFO tempest.lib.common.rest_client [req-3c0b11f4-192c-4220-baa7-a6d90b3a545a req-3c0b11f4-192c-4220-baa7-a6d90b3a545a ] Request (ListServerFiltersTestJSON:test_list_servers_filter_by_shutoff_status): 200 GET http://10.180.1.21/compute/v2.1/servers/ea8f3ce4-4b6e-4bd1-b959-2412268d1b3e 0.997s
2025-03-06 06:35:21.019 69226 INFO tempest.lib.common.rest_client [req-cf6ebd49-7c52-4115-8106-76e8cc3a289b req-cf6ebd49-7c52-4115-8106-76e8cc3a289b ] Request (SecurityGroupRulesTestJSON:test_security_group_rules_list): 200 POST http://10.180.1.21/compute/v2.1/os-security-group-rules 1.154s
2025-03-06 06:35:21.068 69256 INFO tempest.lib.common.rest_client [req-755f5e1f-2f50-49b2-9c73-e13d1c1d7e7f req-755f5e1f-2f50-49b2-9c73-e13d1c1d7e7f ] Request (ServerMetadataTestJSON:setUpClass): 200 GET http://10.180.1.21/compute/v2.1/servers/91617bdb-49a9-45b5-a147-d9d09248bb1c 0.972s
2025-03-06 06:35:21.110 69232 INFO tempest.lib.common.rest_client [req-15cb003e-68ff-4c99-b5c4-4f80d651c4a5 req-15cb003e-68ff-4c99-b5c4-4f80d651c4a5 ] Request (ServerExternalEventsTest:tearDownClass): 200 GET http://10.180.1.21/compute/v2.1/servers/d00e31be-e1ca-4417-af4f-3f85d95e1b4b 0.940s
2025-03-06 06:35:21.185 69236 INFO tempest.lib.common.rest_client [req-7d52d636-91d3-47a9-b791-847fb9fbd6d2 req-7d52d636-91d3-47a9-b791-847fb9fbd6d2 ] Request (ServerAddressesNegativeTestJSON:setUpClass): 200 GET http://10.180.1.21/compute/v2.1/servers/4bb94a41-5549-4e59-a44b-094fff269e78 0.948s
2025-03-06 06:35:21.259 69212 INFO tempest.lib.common.rest_client [req-b4a2d292-9ca9-4742-82ec-cf96cde3d05f req-b4a2d292-9ca9-4742-82ec-cf96cde3d05f ] Request (ServerAddressesTestJSON:tearDownClass): 200 GET http://10.180.1.21/compute/v2.1/servers/e3de132a-5a8c-49f7-8dde-273070d38b23 0.956s
2025-03-06 06:35:21.339 69254 INFO tempest.lib.common.rest_client [req-dcddd7ca-e66f-43a9-a9e3-e668ecc7f1fc req-dcddd7ca-e66f-43a9-a9e3-e668ecc7f1fc ] Request (AttachInterfacesTestJSON:test_create_list_show_delete_interfaces_by_fixed_ip): 200 GET http://10.180.1.21/compute/v2.1/servers/80fa04f2-e0a6-452e-9a88-73eeb0ac347e 0.978s
2025-03-06 06:35:21.522 69246 INFO tempest.lib.common.rest_client [req-0229cc37-7b06-4587-8fba-1b1b13c52803 req-0229cc37-7b06-4587-8fba-1b1b13c52803 ] Request (ServersWithSpecificFlavorTestJSON:test_verify_created_server_ephemeral_disk): 200 GET http://10.180.1.21/compute/v2.1/servers/a18eb1c3-0700-4e59-be23-2c91afa4b7b1 0.909s
2025-03-06 06:35:21.538 69248 INFO tempest.lib.common.rest_client [req-1e30abf4-bade-4a24-acbc-240a7b2e9e46 req-1e30abf4-bade-4a24-acbc-240a7b2e9e46 ] Request (FlavorsV2TestJSON:test_list_flavors_using_marker): 200 GET http://10.180.1.21/compute/v2.1/flavors/42 0.657s
2025-03-06 06:35:21.605 69234 INFO tempest.lib.common.rest_client [req-a5ac019b-c2b3-4bab-b0fa-6c3c316d3136 req-a5ac019b-c2b3-4bab-b0fa-6c3c316d3136 ] Request (SecurityGroupsTestJSON:test_list_security_groups_by_server): 200 GET http://10.180.1.21/compute/v2.1/servers/9bed2863-be23-41c8-9794-5f7dfbeaf219 0.678s
2025-03-06 06:35:21.680 69270 INFO tempest.lib.common.rest_client [req-e54d3322-822c-4afa-a93d-e3bd00221405 req-e54d3322-822c-4afa-a93d-e3bd00221405 ] Request (ServerActionsTestOtherA:setUpClass): 200 GET http://10.180.1.21/compute/v2.1/servers/8c560e82-533e-49c7-aaf4-82e123f75240 0.681s
2025-03-06 06:35:21.686 69224 INFO tempest.lib.common.rest_client [req-a45ee80c-fefe-491f-8e85-e125f942279d req-a45ee80c-fefe-491f-8e85-e125f942279d ] Request (FloatingIPsAssociationNegativeTestJSON:test_associate_ip_to_server_with_floating_ip): 200 POST http://10.180.1.21/compute/v2.1/os-floating-ips 1.511s
2025-03-06 06:35:21.708 69228 INFO tempest.lib.common.rest_client [req-60010911-fa9f-42ec-bec8-62aaeb4c97de req-60010911-fa9f-42ec-bec8-62aaeb4c97de ] Request (FloatingIPDetailsTestJSON:setUpClass): 201 POST http://10.180.1.21:9696/networking/v2.0/routers 1.594s
2025-03-06 06:35:21.737 69226 INFO tempest.lib.common.rest_client [req-6a8f2ed9-5598-422a-a38f-a00bd79c4cb3 req-6a8f2ed9-5598-422a-a38f-a00bd79c4cb3 ] Request (SecurityGroupRulesTestJSON:test_security_group_rules_list): 200 GET http://10.180.1.21/compute/v2.1/os-security-groups/31536dcc-b61a-4853-9ad6-9bf291d61831 0.715s
2025-03-06 06:35:21.764 69240 INFO tempest.lib.common.rest_client [req-4c17ca8b-6678-43b4-af56-ac7346fd1348 req-4c17ca8b-6678-43b4-af56-ac7346fd1348 ] Request (ServersAdminNegativeTestJSON:test_migrate_server_invalid_state): 200 GET http://10.180.1.21/compute/v2.1/servers/1e106741-a2d1-40cc-b287-3f2af59084ca 0.709s
2025-03-06 06:35:21.810 69244 WARNING tempest.lib.common.ssh [-] Failed to establish authenticated ssh connection to cirros@10.180.180.208 ([Errno None] Unable to connect to port 22 on 10.180.180.208). Number attempts: 4. Retry after 5 seconds.: paramiko.ssh_exception.NoValidConnectionsError: [Errno None] Unable to connect to port 22 on 10.180.180.208
2025-03-06 06:35:21.811 69242 INFO tempest.lib.common.rest_client [req-4debebe5-2dd0-45ec-9360-de180781a80f req-4debebe5-2dd0-45ec-9360-de180781a80f ] Request (AttachVolumeTestJSON:test_attach_detach_volume): 200 GET http://10.180.1.21/compute/v2.1/servers/b7c373f5-60c3-44c6-bbe7-d66be17f34fd 0.715s
2025-03-06 06:35:21.835 69267 INFO tempest.lib.common.rest_client [req-c617e677-1509-4ea9-854b-b480c4c1c6f0 req-c617e677-1509-4ea9-854b-b480c4c1c6f0 ] Request (DeleteServersTestJSON:test_delete_active_server): 200 GET http://10.180.1.21/compute/v2.1/servers/42bec1a5-e2e2-4746-a6d7-57edb4b60715 0.678s
2025-03-06 06:35:21.897 69210 INFO tempest.lib.common.rest_client [req-04fe24fe-337d-4343-a69b-27e55037e674 req-04fe24fe-337d-4343-a69b-27e55037e674 ] Request (ImagesOneServerNegativeTestJSON:setUpClass): 200 GET http://10.180.1.21/compute/v2.1/servers/5ba2b5c7-ec6d-49da-82ce-e76c402497fb 0.665s
2025-03-06 06:35:21.907 69214 INFO tempest.lib.common.rest_client [req-4198ce04-ba9c-4653-9502-9533dedf3f8e req-4198ce04-ba9c-4653-9502-9533dedf3f8e ] Request (TenantUsagesTestJSON:setUpClass): 200 GET http://10.180.1.21/compute/v2.1/servers/15785bfd-102b-4abf-b9ab-12e38c653a49 0.679s
2025-03-06 06:35:21.914 69214 INFO tempest.common.waiters [-] State transition "BUILD/networking" ==> "BUILD/spawning" after 40 second wait
2025-03-06 06:35:21.954 69252 INFO tempest.lib.common.rest_client [req-24f3d366-77b1-4e66-bd5f-e12af0a86667 req-24f3d366-77b1-4e66-bd5f-e12af0a86667 ] Request (ServerGroupTestJSON:test_create_server_with_scheduler_hint_group): 200 GET http://10.180.1.21/compute/v2.1/servers/2a1280e2-4ad2-442f-a89e-06b541a310a1 0.477s
2025-03-06 06:35:21.961 69238 INFO tempest.lib.common.rest_client [req-5da6f12a-b60a-435f-9206-d0f752bb1401 req-5da6f12a-b60a-435f-9206-d0f752bb1401 ] Request (FloatingIPsAssociationTestJSON:test_associate_already_associated_floating_ip): 200 GET http://10.180.1.21/compute/v2.1/servers/3f7dc844-a0a8-4c16-a947-f695a646512c 0.458s
2025-03-06 06:35:21.987 69248 INFO tempest.lib.common.rest_client [req-726ca2a5-d400-4483-8871-6ff238071e47 req-726ca2a5-d400-4483-8871-6ff238071e47 ] Request (FlavorsV2TestJSON:test_list_flavors_using_marker): 200 GET http://10.180.1.21/compute/v2.1/flavors?marker=42 0.445s
2025-03-06 06:35:22.018 69222 INFO tempest.lib.common.rest_client [req-4b375f78-7040-4cd6-aeba-9584f18219c6 req-4b375f78-7040-4cd6-aeba-9584f18219c6 ] Request (DeleteServersAdminTestJSON:test_delete_server_while_in_error_state): 200 GET http://10.180.1.21/compute/v2.1/servers/f72552ae-2213-4d26-a1e2-82015336df56 0.460s
2025-03-06 06:35:22.025 69216 INFO tempest.lib.common.rest_client [req-8d5cabf1-39b6-45f2-91cf-7b203f242a98 req-8d5cabf1-39b6-45f2-91cf-7b203f242a98 ] Request (ImagesOneServerTestJSON:test_create_image_specify_multibyte_character_image_name): 200 GET http://10.180.1.21/compute/v2.1/images/9da5f87b-47da-4857-94c2-0d37d522c00a 0.432s
2025-03-06 06:35:22.087 69262 INFO tempest.lib.common.rest_client [req-9782c944-1048-4896-a85f-550d66a1eafa req-9782c944-1048-4896-a85f-550d66a1eafa ] Request (ServersAdmin275Test:test_rebuild_update_server_275): 200 GET http://10.180.1.21/compute/v2.1/servers/bfc2d904-8005-4693-871f-5745dc3d29fd 0.409s
2025-03-06 06:35:22.132 69258 INFO tempest.lib.common.rest_client [req-5fba037b-a3fe-4d85-9ba0-848fe877723f req-5fba037b-a3fe-4d85-9ba0-848fe877723f ] Request (MigrationsAdminTest:test_list_migrations_in_flavor_resize_situation): 200 GET http://10.180.1.21/compute/v2.1/servers/d2187069-2dba-4d01-969f-510f659fc163 0.492s
2025-03-06 06:35:22.182 69268 INFO tempest.lib.common.rest_client [req-c25e2b1b-0bfb-4a12-9bd5-29a48ed4b703 req-c25e2b1b-0bfb-4a12-9bd5-29a48ed4b703 ] Request (MultipleCreateTestJSON:test_multiple_create): 200 GET http://10.180.1.21/compute/v2.1/servers/3d1591a1-3e98-4978-a25b-38b4c304230a 0.480s
2025-03-06 06:35:22.193 69260 WARNING tempest.lib.common.ssh [-] Failed to establish authenticated ssh connection to cirros@10.180.180.163 ([Errno None] Unable to connect to port 22 on 10.180.180.163). Number attempts: 5. Retry after 6 seconds.: paramiko.ssh_exception.NoValidConnectionsError: [Errno None] Unable to connect to port 22 on 10.180.180.163
2025-03-06 06:35:22.313 69226 INFO tempest.lib.common.rest_client [req-6ee201d0-e873-4d0d-9ca4-a73f31b91458 req-6ee201d0-e873-4d0d-9ca4-a73f31b91458 ] Request (SecurityGroupRulesTestJSON:_run_cleanups): 202 DELETE http://10.180.1.21/compute/v2.1/os-security-group-rules/39c9a431-ad48-46e8-8128-07b7dfa35062 0.572s
2025-03-06 06:35:22.365 69250 INFO tempest.lib.common.rest_client [req-4429826f-8e8b-4f0a-9b46-2a1114305ae5 req-4429826f-8e8b-4f0a-9b46-2a1114305ae5 ] Request (ServersAdminTestJSON:setUpClass): 200 GET http://10.180.1.21/compute/v2.1/servers/74e4929e-3ae3-4358-9544-e64b5c2f237f 0.606s
2025-03-06 06:35:22.385 69224 INFO tempest.lib.common.rest_client [req-2451a2a3-dda3-4e75-a3a0-6de73206a7fa req-2451a2a3-dda3-4e75-a3a0-6de73206a7fa ] Request (FloatingIPsAssociationNegativeTestJSON:test_associate_ip_to_server_with_floating_ip): 400 POST http://10.180.1.21/compute/v2.1/servers/17c90488-234d-4203-964f-a4863bbe5e47/action 0.697s
2025-03-06 06:35:22.418 69248 INFO tempest.lib.common.rest_client [req-93ff8477-4a08-4eee-adc5-a72c864ad99d req-93ff8477-4a08-4eee-adc5-a72c864ad99d ] Request (FlavorsV2TestJSON:test_list_flavors_with_detail): 200 GET http://10.180.1.21/compute/v2.1/flavors/detail 0.426s
2025-03-06 06:35:22.494 69264 INFO tempest.lib.common.rest_client [req-51a8b070-90e6-4edb-aa30-77395a335a5d req-51a8b070-90e6-4edb-aa30-77395a335a5d ] Request (InstanceActionsTestJSON:setUpClass): 200 GET http://10.180.1.21/compute/v2.1/servers/3f20bd77-e350-409c-beb3-6e8a188048ab 0.658s
2025-03-06 06:35:22.548 69256 INFO tempest.lib.common.rest_client [req-1c24c256-ca07-4820-8861-c374e95dfb7c req-1c24c256-ca07-4820-8861-c374e95dfb7c ] Request (ServerMetadataTestJSON:setUpClass): 200 GET http://10.180.1.21/compute/v2.1/servers/91617bdb-49a9-45b5-a147-d9d09248bb1c 0.471s
2025-03-06 06:35:22.563 69220 INFO tempest.lib.common.rest_client [req-5c4c89e1-bc5f-4190-bb0c-d599a4a59a80 req-5c4c89e1-bc5f-4190-bb0c-d599a4a59a80 ] Request (ListServerFiltersTestJSON:test_list_servers_filter_by_shutoff_status): 200 GET http://10.180.1.21/compute/v2.1/servers/ea8f3ce4-4b6e-4bd1-b959-2412268d1b3e 0.546s
2025-03-06 06:35:22.575 69220 INFO tempest.common.waiters [-] State transition "SHUTOFF/powering-on" ==> "ACTIVE/None" after 5 second wait
2025-03-06 06:35:22.615 69232 INFO tempest.lib.common.rest_client [req-726008a9-13cd-4dc6-9d0e-f461c8e8047b req-726008a9-13cd-4dc6-9d0e-f461c8e8047b ] Request (ServerExternalEventsTest:tearDownClass): 200 GET http://10.180.1.21/compute/v2.1/servers/d00e31be-e1ca-4417-af4f-3f85d95e1b4b 0.497s
2025-03-06 06:35:22.642 69236 INFO tempest.lib.common.rest_client [req-1c153ed9-b607-44bd-83b7-af3393eff69e req-1c153ed9-b607-44bd-83b7-af3393eff69e ] Request (ServerAddressesNegativeTestJSON:setUpClass): 200 GET http://10.180.1.21/compute/v2.1/servers/4bb94a41-5549-4e59-a44b-094fff269e78 0.446s
2025-03-06 06:35:22.681 69212 INFO tempest.lib.common.rest_client [req-15276934-9d29-40d9-930d-a30c1ffd5be3 req-15276934-9d29-40d9-930d-a30c1ffd5be3 ] Request (ServerAddressesTestJSON:tearDownClass): 200 GET http://10.180.1.21/compute/v2.1/servers/e3de132a-5a8c-49f7-8dde-273070d38b23 0.412s
2025-03-06 06:35:22.731 69254 INFO tempest.lib.common.rest_client [req-b67c47b9-3919-4d0d-81ea-d25b451f33c9 req-b67c47b9-3919-4d0d-81ea-d25b451f33c9 ] Request (AttachInterfacesTestJSON:test_create_list_show_delete_interfaces_by_fixed_ip): 200 GET http://10.180.1.21/compute/v2.1/servers/80fa04f2-e0a6-452e-9a88-73eeb0ac347e 0.381s
2025-03-06 06:35:22.983 69226 INFO tempest.lib.common.rest_client [req-9aa0d1a7-ea6c-4148-81d5-e706b215ce51 req-9aa0d1a7-ea6c-4148-81d5-e706b215ce51 ] Request (SecurityGroupRulesTestJSON:tearDownClass): 202 DELETE http://10.180.1.21/compute/v2.1/os-security-groups/31536dcc-b61a-4853-9ad6-9bf291d61831 0.669s
2025-03-06 06:35:23.004 69248 INFO tempest.lib.common.rest_client [req-7983f6dd-3fb0-4bbe-8979-6ff4b006bc28 req-7983f6dd-3fb0-4bbe-8979-6ff4b006bc28 ] Request (FlavorsV2TestJSON:test_list_flavors_with_detail): 200 GET http://10.180.1.21/compute/v2.1/flavors/42 0.581s
2025-03-06 06:35:23.090 69230 WARNING tempest.lib.common.ssh [-] Failed to establish authenticated ssh connection to cirros@10.180.180.176 ([Errno None] Unable to connect to port 22 on 10.180.180.176). Number attempts: 1. Retry after 2 seconds.: paramiko.ssh_exception.NoValidConnectionsError: [Errno None] Unable to connect to port 22 on 10.180.180.176
2025-03-06 06:35:23.128 69248 INFO tempest.lib.common.rest_client [req-993c4854-3d40-4df1-a282-55710e6d58e4 req-993c4854-3d40-4df1-a282-55710e6d58e4 ] Request (FlavorsV2TestJSON:tearDownClass): 204 DELETE http://10.180.1.21/identity/v3/users/c515472b5a564d1a806293219a2287f0 0.114s
2025-03-06 06:35:23.128 69248 INFO tempest.lib.common.dynamic_creds [-] Deleting project and security group for project: a57ad16ff9a54f13aa9f222911b3250c
2025-03-06 06:35:23.191 69224 INFO tempest.lib.common.rest_client [req-d89f2aa6-b957-45d6-9ddd-df565e12c349 req-d89f2aa6-b957-45d6-9ddd-df565e12c349 ] Request (FloatingIPsAssociationNegativeTestJSON:_run_cleanups): 202 DELETE http://10.180.1.21/compute/v2.1/os-floating-ips/8581af14-fe26-4441-af9d-840714a244c0 0.805s
2025-03-06 06:35:23.207 69248 INFO tempest.lib.common.rest_client [req-a301867e-66da-4cdd-95bc-0bb9d1cf0152 req-a301867e-66da-4cdd-95bc-0bb9d1cf0152 ] Request (FlavorsV2TestJSON:tearDownClass): 201 POST http://10.180.1.21/identity/v3/auth/tokens 0.078s
2025-03-06 06:35:23.208 69220 INFO tempest.lib.common.rest_client [req-128b0b25-985b-42a8-9fc2-71376d2b8e6d req-128b0b25-985b-42a8-9fc2-71376d2b8e6d ] Request (ListServerFiltersTestJSON:test_list_servers_filter_by_zero_limit): 200 GET http://10.180.1.21/compute/v2.1/servers?limit=0 0.632s
2025-03-06 06:35:23.275 69234 INFO tempest.lib.common.rest_client [req-e82d4a9c-a5fa-4c54-994c-bc833423fff1 req-e82d4a9c-a5fa-4c54-994c-bc833423fff1 ] Request (SecurityGroupsTestJSON:test_list_security_groups_by_server): 200 GET http://10.180.1.21/compute/v2.1/servers/9bed2863-be23-41c8-9794-5f7dfbeaf219 0.659s
2025-03-06 06:35:23.281 69228 INFO tempest.lib.common.rest_client [req-2c6e7fbf-5758-4fd7-92df-f766d83e2c3d req-2c6e7fbf-5758-4fd7-92df-f766d83e2c3d ] Request (FloatingIPDetailsTestJSON:setUpClass): 200 PUT http://10.180.1.21:9696/networking/v2.0/routers/0d584d20-1101-45dc-b3df-6c49c0548aa3/add_router_interface 1.572s
2025-03-06 06:35:23.282 69228 INFO tempest.lib.common.dynamic_creds [-] Created isolated network resources for: credentials: Credentials: {'domain_id': 'default', 'domain_name': 'Default', 'username': 'tempest-FloatingIPDetailsTestJSON-1846558444-project-member', 'project_domain_id': 'default', 'project_domain_name': 'Default', 'project_id': '67005218f497493184fb8ee9f231bf52', 'project_name': 'tempest-FloatingIPDetailsTestJSON-1846558444', 'tenant_id': '67005218f497493184fb8ee9f231bf52', 'tenant_name': 'tempest-FloatingIPDetailsTestJSON-1846558444', 'user_domain_id': 'default', 'user_domain_name': 'Default', 'user_id': 'e35ec44614a04c5494bfce0607a36c72', 'system': None}, Network: {'id': '144d4a55-26c7-485a-a56b-116b683998ed', 'name': 'tempest-FloatingIPDetailsTestJSON-1899060729-network', 'tenant_id': '67005218f497493184fb8ee9f231bf52', 'admin_state_up': True, 'mtu': 8950, 'status': 'ACTIVE', 'subnets': [], 'shared': False, 'project_id': '67005218f497493184fb8ee9f231bf52', 'port_security_enabled': True, 'router:external': False, 'provider:network_type': 'vlan', 'provider:physical_network': 'default', 'provider:segmentation_id': 761, 'availability_zone_hints': [], 'availability_zones': [], 'ipv4_address_scope': None, 'ipv6_address_scope': None, 'description': '', 'tags': [], 'created_at': '2025-03-06T06:35:19Z', 'updated_at': '2025-03-06T06:35:19Z', 'revision_number': 1}, Subnet: {'id': '5a8a8006-3333-4917-9950-d3ce0ef607da', 'name': 'tempest-FloatingIPDetailsTestJSON-1899060729-subnet', 'tenant_id': '67005218f497493184fb8ee9f231bf52', 'network_id': '144d4a55-26c7-485a-a56b-116b683998ed', 'ip_version': 4, 'subnetpool_id': None, 'enable_dhcp': True, 'ipv6_ra_mode': None, 'ipv6_address_mode': None, 'gateway_ip': '192.168.128.1', 'cidr': '192.168.128.0/28', 'allocation_pools': [{'start': '192.168.128.2', 'end': '192.168.128.14'}], 'host_routes': [], 'dns_nameservers': [], 'description': '', 'router:external': False, 'service_types': [], 'tags': [], 'created_at': '2025-03-06T06:35:19Z', 'updated_at': '2025-03-06T06:35:19Z', 'revision_number': 0, 'project_id': '67005218f497493184fb8ee9f231bf52'}, Router: {'id': '0d584d20-1101-45dc-b3df-6c49c0548aa3', 'name': 'tempest-FloatingIPDetailsTestJSON-1899060729-router', 'tenant_id': '67005218f497493184fb8ee9f231bf52', 'admin_state_up': True, 'status': 'ACTIVE', 'external_gateway_info': {'network_id': 'b173a814-45e2-4483-9295-11b79aa52e6b', 'external_fixed_ips': [{'subnet_id': 'b5d78c97-a177-496b-b9ea-7e1093714abf', 'ip_address': '10.180.180.158'}], 'enable_snat': True}, 'description': '', 'availability_zones': [], 'distributed': False, 'ha': False, 'availability_zone_hints': [], 'routes': [], 'flavor_id': None, 'tags': [], 'created_at': '2025-03-06T06:35:20Z', 'updated_at': '2025-03-06T06:35:21Z', 'revision_number': 2, 'project_id': '67005218f497493184fb8ee9f231bf52'}
2025-03-06 06:35:23.317 69246 INFO tempest.lib.common.rest_client [req-e12abbeb-3356-49ee-960f-69b0073bf5db req-e12abbeb-3356-49ee-960f-69b0073bf5db ] Request (ServersWithSpecificFlavorTestJSON:test_verify_created_server_ephemeral_disk): 200 GET http://10.180.1.21/compute/v2.1/servers/a18eb1c3-0700-4e59-be23-2c91afa4b7b1 0.787s
2025-03-06 06:35:23.355 69270 INFO tempest.lib.common.rest_client [req-9c5e4568-c3f2-4450-9012-a5a51af3015a req-9c5e4568-c3f2-4450-9012-a5a51af3015a ] Request (ServerActionsTestOtherA:setUpClass): 200 GET http://10.180.1.21/compute/v2.1/servers/8c560e82-533e-49c7-aaf4-82e123f75240 0.666s
2025-03-06 06:35:23.397 69240 INFO tempest.lib.common.rest_client [req-d803db15-b36e-4c45-ab52-bd67aab183d9 req-d803db15-b36e-4c45-ab52-bd67aab183d9 ] Request (ServersAdminNegativeTestJSON:test_migrate_server_invalid_state): 200 GET http://10.180.1.21/compute/v2.1/servers/1e106741-a2d1-40cc-b287-3f2af59084ca 0.626s
2025-03-06 06:35:23.410 69228 INFO tempest.lib.common.rest_client [req-8200054f-c125-4a99-b929-5f1403a3b212 req-8200054f-c125-4a99-b929-5f1403a3b212 ] Request (FloatingIPDetailsTestJSON:setUpClass): 201 POST http://10.180.1.21/identity/v3/auth/tokens 0.121s
2025-03-06 06:35:23.425 69242 INFO tempest.lib.common.rest_client [req-e8fa0878-63c5-487f-a02c-ed189c903948 req-e8fa0878-63c5-487f-a02c-ed189c903948 ] Request (AttachVolumeTestJSON:test_attach_detach_volume): 200 GET http://10.180.1.21/compute/v2.1/servers/b7c373f5-60c3-44c6-bbe7-d66be17f34fd 0.606s
2025-03-06 06:35:23.467 69267 INFO tempest.lib.common.rest_client [req-7556680d-7200-498e-8311-c8f09b8456a0 req-7556680d-7200-498e-8311-c8f09b8456a0 ] Request (DeleteServersTestJSON:test_delete_active_server): 200 GET http://10.180.1.21/compute/v2.1/servers/42bec1a5-e2e2-4746-a6d7-57edb4b60715 0.620s
2025-03-06 06:35:23.492 69210 INFO tempest.lib.common.rest_client [req-ee950456-cf7b-4083-a067-8c0b66d54830 req-ee950456-cf7b-4083-a067-8c0b66d54830 ] Request (ImagesOneServerNegativeTestJSON:setUpClass): 200 GET http://10.180.1.21/compute/v2.1/servers/5ba2b5c7-ec6d-49da-82ce-e76c402497fb 0.583s
2025-03-06 06:35:23.502 69248 INFO tempest.lib.common.rest_client [req-1480fe27-515e-487d-87bb-acfecb84b081 req-1480fe27-515e-487d-87bb-acfecb84b081 ] Request (FlavorsV2TestJSON:tearDownClass): 200 GET http://10.180.1.21:9696/networking/v2.0/security-groups?tenant_id=a57ad16ff9a54f13aa9f222911b3250c&name=default 0.295s
2025-03-06 06:35:23.553 69252 INFO tempest.lib.common.rest_client [req-d969ab82-9473-4097-b587-efa56e6416fe req-d969ab82-9473-4097-b587-efa56e6416fe ] Request (ServerGroupTestJSON:test_create_server_with_scheduler_hint_group): 200 GET http://10.180.1.21/compute/v2.1/servers/2a1280e2-4ad2-442f-a89e-06b541a310a1 0.590s
2025-03-06 06:35:23.608 69238 INFO tempest.lib.common.rest_client [req-db1758b5-7a1f-48e3-b22f-74f1f76df054 req-db1758b5-7a1f-48e3-b22f-74f1f76df054 ] Request (FloatingIPsAssociationTestJSON:test_associate_already_associated_floating_ip): 200 GET http://10.180.1.21/compute/v2.1/servers/3f7dc844-a0a8-4c16-a947-f695a646512c 0.638s
2025-03-06 06:35:23.614 69214 INFO tempest.lib.common.rest_client [req-48c6aaa0-5686-494e-a25e-f2433e5b1f33 req-48c6aaa0-5686-494e-a25e-f2433e5b1f33 ] Request (TenantUsagesTestJSON:setUpClass): 200 GET http://10.180.1.21/compute/v2.1/servers/15785bfd-102b-4abf-b9ab-12e38c653a49 0.699s
2025-03-06 06:35:23.616 69248 INFO tempest.lib.common.rest_client [req-8b1a1c4a-d38c-4c77-841a-52506bb133d4 req-8b1a1c4a-d38c-4c77-841a-52506bb133d4 ] Request (FlavorsV2TestJSON:tearDownClass): 204 DELETE http://10.180.1.21:9696/networking/v2.0/security-groups/5ca31a95-8119-4dfb-8dc9-8dfc9c559c6c 0.113s
2025-03-06 06:35:23.630 69226 INFO tempest.lib.common.rest_client [req-e472631d-9bff-459a-a26b-1d02c930e8fd req-e472631d-9bff-459a-a26b-1d02c930e8fd ] Request (SecurityGroupRulesTestJSON:tearDownClass): 404 DELETE http://10.180.1.21/compute/v2.1/os-security-groups/7d7f4133-5f67-48f0-a1bf-1f15a22a156a 0.647s
2025-03-06 06:35:23.661 69216 INFO tempest.lib.common.rest_client [req-669fb213-865f-4c3c-baf0-1221e922051d req-669fb213-865f-4c3c-baf0-1221e922051d ] Request (ImagesOneServerTestJSON:test_create_image_specify_multibyte_character_image_name): 200 GET http://10.180.1.21/compute/v2.1/images/9da5f87b-47da-4857-94c2-0d37d522c00a 0.630s
2025-03-06 06:35:23.737 69222 INFO tempest.lib.common.rest_client [req-e7fc55dc-65a1-4300-ba6d-d9016058b93c req-e7fc55dc-65a1-4300-ba6d-d9016058b93c ] Request (DeleteServersAdminTestJSON:test_delete_server_while_in_error_state): 200 GET http://10.180.1.21/compute/v2.1/servers/f72552ae-2213-4d26-a1e2-82015336df56 0.705s
2025-03-06 06:35:23.793 69248 INFO tempest.lib.common.rest_client [req-9852918c-15b1-4aa9-b77f-d1eca57ec56c req-9852918c-15b1-4aa9-b77f-d1eca57ec56c ] Request (FlavorsV2TestJSON:tearDownClass): 204 DELETE http://10.180.1.21/identity/v3/projects/a57ad16ff9a54f13aa9f222911b3250c 0.177s
2025-03-06 06:35:23.806 69262 INFO tempest.lib.common.rest_client [req-fa64d57c-e837-4388-9e1e-e5ed3e0daaaa req-fa64d57c-e837-4388-9e1e-e5ed3e0daaaa ] Request (ServersAdmin275Test:test_rebuild_update_server_275): 200 GET http://10.180.1.21/compute/v2.1/servers/bfc2d904-8005-4693-871f-5745dc3d29fd 0.708s
2025-03-06 06:35:23.870 69248 INFO tempest.lib.common.rest_client [req-07694c94-85c9-4f44-bd29-4c7555b08423 req-07694c94-85c9-4f44-bd29-4c7555b08423 ] Request (KeyPairsV2TestJSON:setUpClass): 201 POST http://10.180.1.21/identity/v3/auth/tokens 0.075s
2025-03-06 06:35:23.903 69258 INFO tempest.lib.common.rest_client [req-0c94961e-0021-4d64-a8da-d63f20b7a27b req-0c94961e-0021-4d64-a8da-d63f20b7a27b ] Request (MigrationsAdminTest:test_list_migrations_in_flavor_resize_situation): 200 GET http://10.180.1.21/compute/v2.1/servers/d2187069-2dba-4d01-969f-510f659fc163 0.758s
2025-03-06 06:35:23.909 69248 INFO tempest.lib.common.rest_client [req-dfb4bff4-d75d-498d-af8a-dc59159868bc req-dfb4bff4-d75d-498d-af8a-dc59159868bc ] Request (KeyPairsV2TestJSON:setUpClass): 201 POST http://10.180.1.21/identity/v3/auth/tokens 0.035s
2025-03-06 06:35:23.912 69258 INFO tempest.common.waiters [-] State transition "RESIZE/resize_finish" ==> "VERIFY_RESIZE/None" after 40 second wait
2025-03-06 06:35:23.949 69248 INFO tempest.lib.common.rest_client [req-d80da8a4-0557-4db7-a94e-3bfb3e88ba54 req-d80da8a4-0557-4db7-a94e-3bfb3e88ba54 ] Request (KeyPairsV2TestJSON:setUpClass): 200 GET http://10.180.1.21/identity/v3/domains?name=Default 0.039s
2025-03-06 06:35:23.966 69268 INFO tempest.lib.common.rest_client [req-5112fdb8-65fd-4504-bd70-46760a488706 req-5112fdb8-65fd-4504-bd70-46760a488706 ] Request (MultipleCreateTestJSON:test_multiple_create): 200 GET http://10.180.1.21/compute/v2.1/servers/3d1591a1-3e98-4978-a25b-38b4c304230a 0.771s
2025-03-06 06:35:23.983 69248 INFO tempest.lib.common.rest_client [req-ac734072-b5a6-45ee-a49d-efa291960c9b req-ac734072-b5a6-45ee-a49d-efa291960c9b ] Request (KeyPairsV2TestJSON:setUpClass): 201 POST http://10.180.1.21/identity/v3/projects 0.034s
2025-03-06 06:35:24.059 69248 INFO tempest.lib.common.rest_client [req-0e197fd2-dca3-41fd-a0b4-8ba2fb275f35 req-0e197fd2-dca3-41fd-a0b4-8ba2fb275f35 ] Request (KeyPairsV2TestJSON:setUpClass): 201 POST http://10.180.1.21/identity/v3/users 0.075s
2025-03-06 06:35:24.088 69220 INFO tempest.lib.common.rest_client [req-1c6a5aae-b94b-402c-b62b-152f13c80259 req-1c6a5aae-b94b-402c-b62b-152f13c80259 ] Request (ListServerFiltersTestJSON:test_list_servers_filtered_by_ip): 200 GET http://10.180.1.21/compute/v2.1/servers/ea8f3ce4-4b6e-4bd1-b959-2412268d1b3e 0.876s
2025-03-06 06:35:24.088 69248 INFO tempest.lib.common.rest_client [req-1e02fa1b-022c-4fb1-9256-97e9daa4245f req-1e02fa1b-022c-4fb1-9256-97e9daa4245f ] Request (KeyPairsV2TestJSON:setUpClass): 200 GET http://10.180.1.21/identity/v3/roles 0.029s
2025-03-06 06:35:24.119 69248 INFO tempest.lib.common.rest_client [req-cf659cd4-5b58-4fcb-955a-0c48ac62c552 req-cf659cd4-5b58-4fcb-955a-0c48ac62c552 ] Request (KeyPairsV2TestJSON:setUpClass): 204 PUT http://10.180.1.21/identity/v3/projects/cab3f3a95e3c4d54addc3977e6dd365f/users/c3cc45b7af9a4cb9b83a828803155179/roles/fcbdfd3e287e4889b059a43b9c90fef6 0.030s
2025-03-06 06:35:24.119 69248 INFO tempest.lib.common.dynamic_creds [-] Dynamic test user c3cc45b7af9a4cb9b83a828803155179 is created with scope project and roles: ['member']
2025-03-06 06:35:24.120 69248 INFO tempest.lib.common.dynamic_creds [-] Acquired dynamic creds: credentials: Credentials: {'domain_id': 'default', 'domain_name': 'Default', 'username': 'tempest-KeyPairsV2TestJSON-282627744-project-member', 'project_domain_id': 'default', 'project_domain_name': 'Default', 'project_id': 'cab3f3a95e3c4d54addc3977e6dd365f', 'project_name': 'tempest-KeyPairsV2TestJSON-282627744', 'tenant_id': 'cab3f3a95e3c4d54addc3977e6dd365f', 'tenant_name': 'tempest-KeyPairsV2TestJSON-282627744', 'user_domain_id': 'default', 'user_domain_name': 'Default', 'user_id': 'c3cc45b7af9a4cb9b83a828803155179', 'system': None}, Network: None, Subnet: None, Router: None
2025-03-06 06:35:24.120 69248 INFO tempest.lib.common.dynamic_creds [-] Created isolated network resources for: credentials: Credentials: {'domain_id': 'default', 'domain_name': 'Default', 'username': 'tempest-KeyPairsV2TestJSON-282627744-project-member', 'project_domain_id': 'default', 'project_domain_name': 'Default', 'project_id': 'cab3f3a95e3c4d54addc3977e6dd365f', 'project_name': 'tempest-KeyPairsV2TestJSON-282627744', 'tenant_id': 'cab3f3a95e3c4d54addc3977e6dd365f', 'tenant_name': 'tempest-KeyPairsV2TestJSON-282627744', 'user_domain_id': 'default', 'user_domain_name': 'Default', 'user_id': 'c3cc45b7af9a4cb9b83a828803155179', 'system': None}, Network: None, Subnet: None, Router: None
2025-03-06 06:35:24.138 69250 INFO tempest.lib.common.rest_client [req-28482453-a423-4b02-acce-ce14235e751d req-28482453-a423-4b02-acce-ce14235e751d ] Request (ServersAdminTestJSON:setUpClass): 200 GET http://10.180.1.21/compute/v2.1/servers/74e4929e-3ae3-4358-9544-e64b5c2f237f 0.760s
2025-03-06 06:35:24.198 69248 INFO tempest.lib.common.rest_client [req-d99cfecc-ff6d-404a-a26f-679e1ba994d1 req-d99cfecc-ff6d-404a-a26f-679e1ba994d1 ] Request (KeyPairsV2TestJSON:setUpClass): 201 POST http://10.180.1.21/identity/v3/auth/tokens 0.074s
2025-03-06 06:35:24.874 69228 INFO tempest.lib.common.rest_client [req-9e714acf-c9c9-4abb-9ad6-b247e21a38c3 req-9e714acf-c9c9-4abb-9ad6-b247e21a38c3 ] Request (FloatingIPDetailsTestJSON:setUpClass): 200 POST http://10.180.1.21/compute/v2.1/os-floating-ips 1.462s
2025-03-06 06:35:24.985 69264 INFO tempest.lib.common.rest_client [req-c684080a-bb33-4e99-a6ce-174957115ee7 req-c684080a-bb33-4e99-a6ce-174957115ee7 ] Request (InstanceActionsTestJSON:setUpClass): 200 GET http://10.180.1.21/compute/v2.1/servers/3f20bd77-e350-409c-beb3-6e8a188048ab 1.482s
2025-03-06 06:35:24.999 69264 INFO tempest.common.waiters [-] State transition "BUILD/spawning" ==> "ACTIVE/None" after 49 second wait
2025-03-06 06:35:25.026 69224 INFO tempest.lib.common.rest_client [req-82343a3e-5bcf-4a5d-8a77-874e41cc1b71 req-82343a3e-5bcf-4a5d-8a77-874e41cc1b71 ] Request (FloatingIPsAssociationNegativeTestJSON:_run_cleanups): 202 POST http://10.180.1.21/compute/v2.1/servers/17c90488-234d-4203-964f-a4863bbe5e47/action 1.834s
2025-03-06 06:35:25.039 69256 INFO tempest.lib.common.rest_client [req-9721516c-92ed-460f-b659-043a8b7d92ed req-9721516c-92ed-460f-b659-043a8b7d92ed ] Request (ServerMetadataTestJSON:setUpClass): 200 GET http://10.180.1.21/compute/v2.1/servers/91617bdb-49a9-45b5-a147-d9d09248bb1c 1.481s
2025-03-06 06:35:25.096 69232 INFO tempest.lib.common.rest_client [req-404bc0c6-bb87-4999-9082-92456c411411 req-404bc0c6-bb87-4999-9082-92456c411411 ] Request (ServerExternalEventsTest:tearDownClass): 200 GET http://10.180.1.21/compute/v2.1/servers/d00e31be-e1ca-4417-af4f-3f85d95e1b4b 1.472s
2025-03-06 06:35:25.139 69226 INFO tempest.lib.common.rest_client [req-e59773b3-7d8f-4e9c-ab5a-f95e6e3ff23f req-e59773b3-7d8f-4e9c-ab5a-f95e6e3ff23f ] Request (SecurityGroupRulesTestJSON:tearDownClass): 202 DELETE http://10.180.1.21/compute/v2.1/os-security-groups/925ce3a5-3fd5-486b-9237-2be485fb2b8c 1.508s
2025-03-06 06:35:25.144 69236 INFO tempest.lib.common.rest_client [req-6f6a1d18-d688-4982-90c1-6bf3250b231f req-6f6a1d18-d688-4982-90c1-6bf3250b231f ] Request (ServerAddressesNegativeTestJSON:setUpClass): 200 GET http://10.180.1.21/compute/v2.1/servers/4bb94a41-5549-4e59-a44b-094fff269e78 1.491s
2025-03-06 06:35:25.198 69212 INFO tempest.lib.common.rest_client [req-187162f1-44f8-43e5-9ebe-b4de24d1da50 req-187162f1-44f8-43e5-9ebe-b4de24d1da50 ] Request (ServerAddressesTestJSON:tearDownClass): 200 GET http://10.180.1.21/compute/v2.1/servers/e3de132a-5a8c-49f7-8dde-273070d38b23 1.510s
2025-03-06 06:35:25.204 69254 INFO tempest.lib.common.rest_client [req-0e69aa41-24c8-4358-a97a-c55cae5c7fa5 req-0e69aa41-24c8-4358-a97a-c55cae5c7fa5 ] Request (AttachInterfacesTestJSON:test_create_list_show_delete_interfaces_by_fixed_ip): 200 GET http://10.180.1.21/compute/v2.1/servers/80fa04f2-e0a6-452e-9a88-73eeb0ac347e 1.464s
2025-03-06 06:35:25.277 69258 INFO tempest.lib.common.rest_client [req-7a7c54d3-07a4-4ad7-9280-64cf6a6f3fff req-7a7c54d3-07a4-4ad7-9280-64cf6a6f3fff ] Request (MigrationsAdminTest:test_list_migrations_in_flavor_resize_situation): 204 POST http://10.180.1.21/compute/v2.1/servers/d2187069-2dba-4d01-969f-510f659fc163/action 1.361s
2025-03-06 06:35:25.315 69220 INFO tempest.lib.common.rest_client [req-1c8df09e-1155-445e-896b-5c743014400d req-1c8df09e-1155-445e-896b-5c743014400d ] Request (ListServerFiltersTestJSON:test_list_servers_filtered_by_ip): 200 GET http://10.180.1.21/compute/v2.1/servers/49227832-6556-4c04-8875-6a4b9414b1d8 1.219s
2025-03-06 06:35:25.363 69248 INFO tempest.lib.common.rest_client [req-6591b954-a9ee-4e79-b386-029c52b353fb req-6591b954-a9ee-4e79-b386-029c52b353fb ] Request (KeyPairsV2TestJSON:test_get_keypair_detail): 200 POST http://10.180.1.21/compute/v2.1/os-keypairs 1.162s
2025-03-06 06:35:25.386 69234 INFO tempest.lib.common.rest_client [req-1ebf4d8a-6478-4813-a17b-6c94ab519623 req-1ebf4d8a-6478-4813-a17b-6c94ab519623 ] Request (SecurityGroupsTestJSON:test_list_security_groups_by_server): 200 GET http://10.180.1.21/compute/v2.1/servers/9bed2863-be23-41c8-9794-5f7dfbeaf219 1.098s
2025-03-06 06:35:25.397 69234 INFO tempest.common.waiters [-] State transition "BUILD/scheduling" ==> "BUILD/None" after 25 second wait
2025-03-06 06:35:25.457 69270 INFO tempest.lib.common.rest_client [req-a06e53d0-13e8-49d1-bc8c-deb118805b54 req-a06e53d0-13e8-49d1-bc8c-deb118805b54 ] Request (ServerActionsTestOtherA:setUpClass): 200 GET http://10.180.1.21/compute/v2.1/servers/8c560e82-533e-49c7-aaf4-82e123f75240 1.091s
2025-03-06 06:35:25.516 69246 INFO tempest.lib.common.rest_client [req-6941a48f-1781-4fbd-861f-56e331aca17a req-6941a48f-1781-4fbd-861f-56e331aca17a ] Request (ServersWithSpecificFlavorTestJSON:test_verify_created_server_ephemeral_disk): 200 GET http://10.180.1.21/compute/v2.1/servers/a18eb1c3-0700-4e59-be23-2c91afa4b7b1 1.189s
2025-03-06 06:35:25.526 69240 INFO tempest.lib.common.rest_client [req-a1f71fa6-79ba-436f-b2a9-4cbb72b83518 req-a1f71fa6-79ba-436f-b2a9-4cbb72b83518 ] Request (ServersAdminNegativeTestJSON:test_migrate_server_invalid_state): 200 GET http://10.180.1.21/compute/v2.1/servers/1e106741-a2d1-40cc-b287-3f2af59084ca 1.114s
2025-03-06 06:35:25.534 69240 INFO tempest.common.waiters [-] State transition "BUILD/None" ==> "BUILD/networking" after 39 second wait
2025-03-06 06:35:25.577 69242 INFO tempest.lib.common.rest_client [req-a24d14b7-bd8e-4626-a549-a90093711f98 req-a24d14b7-bd8e-4626-a549-a90093711f98 ] Request (AttachVolumeTestJSON:test_attach_detach_volume): 200 GET http://10.180.1.21/compute/v2.1/servers/b7c373f5-60c3-44c6-bbe7-d66be17f34fd 1.140s
2025-03-06 06:35:25.587 69267 INFO tempest.lib.common.rest_client [req-a492f9d7-9e7c-4d1d-95a4-2c8fc9d22af3 req-a492f9d7-9e7c-4d1d-95a4-2c8fc9d22af3 ] Request (DeleteServersTestJSON:test_delete_active_server): 200 GET http://10.180.1.21/compute/v2.1/servers/42bec1a5-e2e2-4746-a6d7-57edb4b60715 1.111s
2025-03-06 06:35:25.638 69210 INFO tempest.lib.common.rest_client [req-4a02472e-2b0d-46e9-ac79-741e524d9aba req-4a02472e-2b0d-46e9-ac79-741e524d9aba ] Request (ImagesOneServerNegativeTestJSON:setUpClass): 200 GET http://10.180.1.21/compute/v2.1/servers/5ba2b5c7-ec6d-49da-82ce-e76c402497fb 1.134s
2025-03-06 06:35:25.652 69252 INFO tempest.lib.common.rest_client [req-3380fea3-c762-4585-8ba4-60331e7eff2a req-3380fea3-c762-4585-8ba4-60331e7eff2a ] Request (ServerGroupTestJSON:test_create_server_with_scheduler_hint_group): 200 GET http://10.180.1.21/compute/v2.1/servers/2a1280e2-4ad2-442f-a89e-06b541a310a1 1.090s
2025-03-06 06:35:25.695 69238 INFO tempest.lib.common.rest_client [req-00fa8b5c-8093-432e-9ea3-c063a5ed8816 req-00fa8b5c-8093-432e-9ea3-c063a5ed8816 ] Request (FloatingIPsAssociationTestJSON:test_associate_already_associated_floating_ip): 200 GET http://10.180.1.21/compute/v2.1/servers/3f7dc844-a0a8-4c16-a947-f695a646512c 1.075s
2025-03-06 06:35:25.736 69216 INFO tempest.lib.common.rest_client [req-d31ef74d-ee6a-446e-a9d9-f2b55787f0aa req-d31ef74d-ee6a-446e-a9d9-f2b55787f0aa ] Request (ImagesOneServerTestJSON:test_create_image_specify_multibyte_character_image_name): 200 GET http://10.180.1.21/compute/v2.1/images/9da5f87b-47da-4857-94c2-0d37d522c00a 1.070s
2025-03-06 06:35:25.831 69222 INFO tempest.lib.common.rest_client [req-17129db4-b1ab-4920-a5a1-18e3a47e294a req-17129db4-b1ab-4920-a5a1-18e3a47e294a ] Request (DeleteServersAdminTestJSON:test_delete_server_while_in_error_state): 200 GET http://10.180.1.21/compute/v2.1/servers/f72552ae-2213-4d26-a1e2-82015336df56 1.081s
2025-03-06 06:35:25.841 69214 INFO tempest.lib.common.rest_client [req-be12d501-7e6a-4689-a656-686c4fc5222c req-be12d501-7e6a-4689-a656-686c4fc5222c ] Request (TenantUsagesTestJSON:setUpClass): 200 GET http://10.180.1.21/compute/v2.1/servers/15785bfd-102b-4abf-b9ab-12e38c653a49 1.219s
2025-03-06 06:35:25.886 69262 INFO tempest.lib.common.rest_client [req-f4ff82fc-37eb-428e-bbf4-74688e695929 req-f4ff82fc-37eb-428e-bbf4-74688e695929 ] Request (ServersAdmin275Test:test_rebuild_update_server_275): 200 GET http://10.180.1.21/compute/v2.1/servers/bfc2d904-8005-4693-871f-5745dc3d29fd 1.069s
2025-03-06 06:35:25.933 69268 INFO tempest.lib.common.rest_client [req-8a6429a6-e255-4a93-9709-861fd6b851df req-8a6429a6-e255-4a93-9709-861fd6b851df ] Request (MultipleCreateTestJSON:test_multiple_create): 200 GET http://10.180.1.21/compute/v2.1/servers/3d1591a1-3e98-4978-a25b-38b4c304230a 0.956s
2025-03-06 06:35:25.965 69264 INFO tempest.lib.common.rest_client [req-a77cc01e-d85b-4c81-ad8e-1a0afd2e883e req-a77cc01e-d85b-4c81-ad8e-1a0afd2e883e ] Request (InstanceActionsTestJSON:test_get_instance_action): 200 GET http://10.180.1.21/compute/v2.1/servers/3f20bd77-e350-409c-beb3-6e8a188048ab/os-instance-actions/req-cef36878-b1fc-4161-9a48-858492d0df42 0.964s
2025-03-06 06:35:26.160 69230 WARNING tempest.lib.common.ssh [-] Failed to establish authenticated ssh connection to cirros@10.180.180.176 ([Errno None] Unable to connect to port 22 on 10.180.180.176). Number attempts: 2. Retry after 3 seconds.: paramiko.ssh_exception.NoValidConnectionsError: [Errno None] Unable to connect to port 22 on 10.180.180.176
2025-03-06 06:35:26.346 69224 INFO tempest.lib.common.rest_client [req-0593399a-0ee7-4145-8aba-8c292e2ee400 req-0593399a-0ee7-4145-8aba-8c292e2ee400 ] Request (FloatingIPsAssociationNegativeTestJSON:_run_cleanups): 202 DELETE http://10.180.1.21/compute/v2.1/os-floating-ips/7fd8830f-edbc-4fcf-950c-0c71962b5acf 1.319s
2025-03-06 06:35:26.642 69228 INFO tempest.lib.common.rest_client [req-a94e937c-267e-459f-a124-c33dd50af145 req-a94e937c-267e-459f-a124-c33dd50af145 ] Request (FloatingIPDetailsTestJSON:setUpClass): 200 POST http://10.180.1.21/compute/v2.1/os-floating-ips 1.763s
2025-03-06 06:35:26.703 69250 INFO tempest.lib.common.rest_client [req-0cc17dac-17f7-494c-b864-069e98ecc3c3 req-0cc17dac-17f7-494c-b864-069e98ecc3c3 ] Request (ServersAdminTestJSON:setUpClass): 200 GET http://10.180.1.21/compute/v2.1/servers/74e4929e-3ae3-4358-9544-e64b5c2f237f 1.557s
2025-03-06 06:35:26.725 69226 INFO tempest.lib.common.rest_client [req-630ddfdc-52d8-4336-a81a-cc6885f47831 req-630ddfdc-52d8-4336-a81a-cc6885f47831 ] Request (SecurityGroupRulesTestJSON:tearDownClass): 202 DELETE http://10.180.1.21/compute/v2.1/os-security-groups/0eb847c1-1c6b-4bd9-b7cc-36646363c5aa 1.586s
