2025-03-06 06:34:18.323 69264 INFO tempest.lib.common.dynamic_creds [-] Acquired dynamic creds: credentials: Credentials: {'domain_id': 'default', 'domain_name': 'Default', 'username': 'tempest-NetworksTest-578902547-project-member', 'project_domain_id': 'default', 'project_domain_name': 'Default', 'project_id': 'af28cd5a889b49ccb28455e364d85785', 'project_name': 'tempest-NetworksTest-578902547', 'tenant_id': 'af28cd5a889b49ccb28455e364d85785', 'tenant_name': 'tempest-NetworksTest-578902547', 'user_domain_id': 'default', 'user_domain_name': 'Default', 'user_id': '6aefa428bb4d40d0904df66a090ece87', 'system': None}, Network: None, Subnet: None, Router: None
2025-03-06 06:34:18.323 69264 INFO tempest.lib.common.dynamic_creds [-] Created isolated network resources for: credentials: Credentials: {'domain_id': 'default', 'domain_name': 'Default', 'username': 'tempest-NetworksTest-578902547-project-member', 'project_domain_id': 'default', 'project_domain_name': 'Default', 'project_id': 'af28cd5a889b49ccb28455e364d85785', 'project_name': 'tempest-NetworksTest-578902547', 'tenant_id': 'af28cd5a889b49ccb28455e364d85785', 'tenant_name': 'tempest-NetworksTest-578902547', 'user_domain_id': 'default', 'user_domain_name': 'Default', 'user_id': '6aefa428bb4d40d0904df66a090ece87', 'system': None}, Network: None, Subnet: None, Router: None
2025-03-06 06:34:18.325 69224 INFO tempest.lib.common.rest_client [req-3003137e-f841-4a34-b519-a37247138e86 req-3003137e-f841-4a34-b519-a37247138e86 ] Request (InstanceUsageAuditLogNegativeTestJSON:tearDownClass): 200 GET http://10.180.1.21:9696/networking/v2.0/security-groups?tenant_id=d6c46575578849d3969a0101edd654e1&name=default 0.212s
2025-03-06 06:34:18.328 69252 INFO tempest.lib.common.rest_client [req-a62b4b88-ef3e-4c18-8d88-ced1b5c2dcf0 req-a62b4b88-ef3e-4c18-8d88-ced1b5c2dcf0 ] Request (FloatingIPDetailsNegativeTestJSON:tearDownClass): 204 DELETE http://10.180.1.21:9696/networking/v2.0/routers/4bd6518d-5e34-4b54-aef9-332e7544a8ec 0.529s
2025-03-06 06:34:18.334 69222 INFO tempest.common.waiters [-] State transition "BUILD/None" ==> "BUILD/networking" after 5 second wait
2025-03-06 06:34:18.383 69212 INFO tempest.lib.common.rest_client [req-b3cdd4aa-69ac-4fbb-b58c-a9bacf431a0e req-b3cdd4aa-69ac-4fbb-b58c-a9bacf431a0e ] Request (ServerAddressesTestJSON:setUpClass): 201 POST http://10.180.1.21/identity/v3/users 0.097s
2025-03-06 06:34:18.411 69238 INFO tempest.lib.common.rest_client [req-2cc5379e-8f2b-4724-91c7-e5aa69520805 req-2cc5379e-8f2b-4724-91c7-e5aa69520805 ] Request (FloatingIPsAssociationTestJSON:setUpClass): 204 PUT http://10.180.1.21/identity/v3/projects/7150b1757bb64298a92e8121a5b8e631/users/6a93998c8c8541679b3db62df07c5f71/roles/fcbdfd3e287e4889b059a43b9c90fef6 0.140s
2025-03-06 06:34:18.412 69238 INFO tempest.lib.common.dynamic_creds [-] Dynamic test user 6a93998c8c8541679b3db62df07c5f71 is created with scope project and roles: ['member']
2025-03-06 06:34:18.412 69238 INFO tempest.lib.common.dynamic_creds [-] Acquired dynamic creds: credentials: Credentials: {'domain_id': 'default', 'domain_name': 'Default', 'username': 'tempest-FloatingIPsAssociationTestJSON-929288558-project-member', 'project_domain_id': 'default', 'project_domain_name': 'Default', 'project_id': '7150b1757bb64298a92e8121a5b8e631', 'project_name': 'tempest-FloatingIPsAssociationTestJSON-929288558', 'tenant_id': '7150b1757bb64298a92e8121a5b8e631', 'tenant_name': 'tempest-FloatingIPsAssociationTestJSON-929288558', 'user_domain_id': 'default', 'user_domain_name': 'Default', 'user_id': '6a93998c8c8541679b3db62df07c5f71', 'system': None}, Network: None, Subnet: None, Router: None
2025-03-06 06:34:18.445 69264 INFO tempest.lib.common.rest_client [req-c251441c-26e8-42df-bc34-6dded68d274f req-c251441c-26e8-42df-bc34-6dded68d274f ] Request (NetworksTest:setUpClass): 201 POST http://10.180.1.21/identity/v3/auth/tokens 0.117s
2025-03-06 06:34:18.451 69224 INFO tempest.lib.common.rest_client [req-0821b61f-da64-44f6-b0ea-9d270d2bd351 req-0821b61f-da64-44f6-b0ea-9d270d2bd351 ] Request (InstanceUsageAuditLogNegativeTestJSON:tearDownClass): 204 DELETE http://10.180.1.21:9696/networking/v2.0/security-groups/820c5210-985e-49f9-955f-8f1a0f92edcd 0.125s
2025-03-06 06:34:18.491 69212 INFO tempest.lib.common.rest_client [req-4b9420e3-55aa-4ae6-be53-6ff6a57da84a req-4b9420e3-55aa-4ae6-be53-6ff6a57da84a ] Request (ServerAddressesTestJSON:setUpClass): 200 GET http://10.180.1.21/identity/v3/roles 0.107s
2025-03-06 06:34:18.505 69242 INFO tempest.lib.common.rest_client [req-620530cc-492c-4565-9797-0ca04838f948 req-620530cc-492c-4565-9797-0ca04838f948 ] Request (QuotasAdminTestV257:tearDownClass): 200 GET http://10.180.1.21:9696/networking/v2.0/security-groups?tenant_id=76bd821881754f6093fbeb20b2691e0c&name=default 0.449s
2025-03-06 06:34:18.515 69238 INFO tempest.lib.common.rest_client [req-1f031b65-48b5-4e83-945c-8a8162916b9c req-1f031b65-48b5-4e83-945c-8a8162916b9c ] Request (FloatingIPsAssociationTestJSON:setUpClass): 201 POST http://10.180.1.21/identity/v3/auth/tokens 0.102s
2025-03-06 06:34:18.521 69264 INFO tempest.lib.common.rest_client [req-526cf382-395d-402e-8474-b77b7ecb27c6 req-526cf382-395d-402e-8474-b77b7ecb27c6 ] Request (NetworksTest:setUpClass): 201 POST http://10.180.1.21/identity/v3/projects 0.075s
2025-03-06 06:34:18.531 69268 INFO tempest.lib.common.rest_client [req-2311d4c4-dcee-4eee-86e4-709eebedf24b req-2311d4c4-dcee-4eee-86e4-709eebedf24b ] Request (FlavorsAccessTestJSON:test_flavor_access_add_remove): 200 GET http://10.180.1.21/compute/v2.1/flavors/detail 3.756s
2025-03-06 06:34:18.594 69212 INFO tempest.lib.common.rest_client [req-2f74f598-5186-4a55-8021-c2e3434b0d90 req-2f74f598-5186-4a55-8021-c2e3434b0d90 ] Request (ServerAddressesTestJSON:setUpClass): 204 PUT http://10.180.1.21/identity/v3/projects/8635c8ff3bcd494fbba2da2c3079e1a7/users/3516f40d9d7d4e3b92d18cf7ef798773/roles/fcbdfd3e287e4889b059a43b9c90fef6 0.101s
2025-03-06 06:34:18.594 69212 INFO tempest.lib.common.dynamic_creds [-] Dynamic test user 3516f40d9d7d4e3b92d18cf7ef798773 is created with scope project and roles: ['member']
2025-03-06 06:34:18.595 69212 INFO tempest.lib.common.dynamic_creds [-] Acquired dynamic creds: credentials: Credentials: {'domain_id': 'default', 'domain_name': 'Default', 'username': 'tempest-ServerAddressesTestJSON-1988724560-project-member', 'project_domain_id': 'default', 'project_domain_name': 'Default', 'project_id': '8635c8ff3bcd494fbba2da2c3079e1a7', 'project_name': 'tempest-ServerAddressesTestJSON-1988724560', 'tenant_id': '8635c8ff3bcd494fbba2da2c3079e1a7', 'tenant_name': 'tempest-ServerAddressesTestJSON-1988724560', 'user_domain_id': 'default', 'user_domain_name': 'Default', 'user_id': '3516f40d9d7d4e3b92d18cf7ef798773', 'system': None}, Network: None, Subnet: None, Router: None
2025-03-06 06:34:18.602 69252 INFO tempest.lib.common.rest_client [req-5b09a6db-3e4f-4fde-9093-41e444904028 req-5b09a6db-3e4f-4fde-9093-41e444904028 ] Request (FloatingIPDetailsNegativeTestJSON:tearDownClass): 204 DELETE http://10.180.1.21:9696/networking/v2.0/subnets/af36eb04-c573-495b-8c7b-75f75630a3e7 0.274s
2025-03-06 06:34:18.619 69228 INFO tempest.lib.common.rest_client [req-fbb1159c-42c3-4a6b-bd36-abe5b773009d req-fbb1159c-42c3-4a6b-bd36-abe5b773009d ] Request (ServerDiagnosticsV248Test:test_get_server_diagnostics): 200 GET http://10.180.1.21/compute/v2.1/servers/856fd677-c151-4e53-9a1b-b684ee27dc37 3.728s
2025-03-06 06:34:18.631 69224 INFO tempest.lib.common.rest_client [req-38a5af60-7308-4dce-a95b-4fd71e0550fb req-38a5af60-7308-4dce-a95b-4fd71e0550fb ] Request (InstanceUsageAuditLogNegativeTestJSON:tearDownClass): 204 DELETE http://10.180.1.21/identity/v3/projects/d6c46575578849d3969a0101edd654e1 0.180s
2025-03-06 06:34:18.642 69242 INFO tempest.lib.common.rest_client [req-1da83147-53d7-4b2d-a2d9-3882a92f9662 req-1da83147-53d7-4b2d-a2d9-3882a92f9662 ] Request (QuotasAdminTestV257:tearDownClass): 204 DELETE http://10.180.1.21:9696/networking/v2.0/security-groups/c5a22166-bba3-43ad-9f9f-d7abafd17a92 0.136s
2025-03-06 06:34:18.700 69264 INFO tempest.lib.common.rest_client [req-37c0191d-34bf-4f3b-ba69-8510a1df7f0f req-37c0191d-34bf-4f3b-ba69-8510a1df7f0f ] Request (NetworksTest:setUpClass): 201 POST http://10.180.1.21/identity/v3/users 0.178s
2025-03-06 06:34:18.704 69260 INFO tempest.lib.common.rest_client [req-a4dd925b-530e-42a3-8b41-f841dfde56a6 req-a4dd925b-530e-42a3-8b41-f841dfde56a6 ] Request (ServersTestFqdnHostnames:test_create_server_with_fqdn_name): 202 POST http://10.180.1.21/compute/v2.1/servers 3.934s
2025-03-06 06:34:18.713 69212 INFO tempest.lib.common.rest_client [req-6410a720-746c-4e8e-8c97-e5b4d8b8f328 req-6410a720-746c-4e8e-8c97-e5b4d8b8f328 ] Request (ServerAddressesTestJSON:setUpClass): 201 POST http://10.180.1.21/identity/v3/auth/tokens 0.118s
2025-03-06 06:34:18.738 69224 INFO tempest.lib.common.rest_client [req-c4bf6567-b489-4782-9b50-cfc016959c4a req-c4bf6567-b489-4782-9b50-cfc016959c4a ] Request (FloatingIPsAssociationNegativeTestJSON:setUpClass): 201 POST http://10.180.1.21/identity/v3/auth/tokens 0.105s
2025-03-06 06:34:18.811 69242 INFO tempest.lib.common.rest_client [req-428480ac-e52b-487d-baac-b20e607cb290 req-428480ac-e52b-487d-baac-b20e607cb290 ] Request (QuotasAdminTestV257:tearDownClass): 204 DELETE http://10.180.1.21/identity/v3/projects/76bd821881754f6093fbeb20b2691e0c 0.168s
2025-03-06 06:34:18.811 69242 INFO tempest.lib.common.dynamic_creds [-] Deleting project and security group for project: 7b8fa9f6b05e4d26b562a97a2a6b5595
2025-03-06 06:34:18.816 69246 INFO tempest.lib.common.rest_client [req-dd6c9aef-164f-4195-89f6-7e73710ab4d1 req-dd6c9aef-164f-4195-89f6-7e73710ab4d1 ] Request (ServersWithSpecificFlavorTestJSON:test_verify_created_server_ephemeral_disk): 200 GET http://10.180.1.21/compute/v2.1/flavors/42 2.588s
2025-03-06 06:34:18.822 69267 INFO tempest.lib.common.rest_client [req-8c9e1ef3-e7f1-40e0-8f63-855042ffa085 req-8c9e1ef3-e7f1-40e0-8f63-855042ffa085 ] Request (HypervisorAdminNegativeTestJSON:test_get_hypervisor_stats_with_non_admin_user): 403 GET http://10.180.1.21/compute/v2.1/os-hypervisors/statistics 2.534s
2025-03-06 06:34:18.830 69214 INFO tempest.lib.common.rest_client [req-345520e9-4807-495a-b34b-ce95d643f665 req-345520e9-4807-495a-b34b-ce95d643f665 ] Request (FlavorsExtraSpecsNegativeTestJSON:test_flavor_non_admin_unset_keys): 403 DELETE http://10.180.1.21/compute/v2.1/flavors/2071068030/os-extra_specs/hw:numa_nodes 2.427s
2025-03-06 06:34:18.834 69210 INFO tempest.lib.common.rest_client [req-85b3aa46-6fe8-4e41-8e5d-a0807ad6ac70 req-85b3aa46-6fe8-4e41-8e5d-a0807ad6ac70 ] Request (HostsAdminNegativeTestJSON:test_update_host_with_non_admin_user): 403 PUT http://10.180.1.21/compute/v2.1/os-hosts/devstack 2.424s
2025-03-06 06:34:18.897 69264 INFO tempest.lib.common.rest_client [req-efa41fa6-93a4-4bcd-aea5-2615b0d68df5 req-efa41fa6-93a4-4bcd-aea5-2615b0d68df5 ] Request (NetworksTest:setUpClass): 200 GET http://10.180.1.21/identity/v3/roles 0.196s
2025-03-06 06:34:18.915 69224 INFO tempest.lib.common.rest_client [req-ced604a9-23b3-4dfd-898f-581380ad456c req-ced604a9-23b3-4dfd-898f-581380ad456c ] Request (FloatingIPsAssociationNegativeTestJSON:setUpClass): 201 POST http://10.180.1.21/identity/v3/auth/tokens 0.172s
2025-03-06 06:34:18.945 69264 INFO tempest.lib.common.rest_client [req-8e424ffa-a0e7-4ee5-95c7-3ed06691c1be req-8e424ffa-a0e7-4ee5-95c7-3ed06691c1be ] Request (NetworksTest:setUpClass): 204 PUT http://10.180.1.21/identity/v3/projects/8bf589e43af54018b3e8346b30dba6d1/users/fa788484732d432c912e1929dc5c8c87/roles/cce7d5faf8dc4650905b95ae25a929f8 0.047s
2025-03-06 06:34:19.001 69224 INFO tempest.lib.common.rest_client [req-eecae684-69b4-43ef-a1bd-4f81c7196796 req-eecae684-69b4-43ef-a1bd-4f81c7196796 ] Request (FloatingIPsAssociationNegativeTestJSON:setUpClass): 200 GET http://10.180.1.21/identity/v3/domains?name=Default 0.086s
2025-03-06 06:34:19.017 69264 INFO tempest.lib.common.rest_client [req-4a42beb9-8839-41c1-a321-814c2e741282 req-4a42beb9-8839-41c1-a321-814c2e741282 ] Request (NetworksTest:setUpClass): 200 GET http://10.180.1.21/identity/v3/roles 0.072s
2025-03-06 06:34:19.044 69224 INFO tempest.lib.common.rest_client [req-f76da087-1516-4eb3-a4be-51f61e843c28 req-f76da087-1516-4eb3-a4be-51f61e843c28 ] Request (FloatingIPsAssociationNegativeTestJSON:setUpClass): 201 POST http://10.180.1.21/identity/v3/projects 0.042s
2025-03-06 06:34:19.056 69254 INFO tempest.lib.common.rest_client [req-b4ae9ea1-f0f5-4bce-8833-4b80a499f6d7 req-b4ae9ea1-f0f5-4bce-8833-4b80a499f6d7 ] Request (FlavorsAccessNegativeTestJSON:test_add_flavor_access_duplicate): 200 POST http://10.180.1.21/compute/v2.1/flavors 2.601s
2025-03-06 06:34:19.056 69236 INFO tempest.lib.common.rest_client [req-a1840ce7-302c-48e5-a122-9f06ebc160d3 req-a1840ce7-302c-48e5-a122-9f06ebc160d3 ] Request (FloatingIPsTestJSON:test_allocate_floating_ip): 200 GET http://10.180.1.21/compute/v2.1/os-floating-ips/dbdfd43c-b519-463c-b4b2-e52e93825d97 2.775s
2025-03-06 06:34:19.074 69270 INFO tempest.lib.common.rest_client [req-3108aaa8-ef21-42eb-abc4-d79c2f5ec82e req-3108aaa8-ef21-42eb-abc4-d79c2f5ec82e ] Request (FlavorsExtraSpecsTestJSON:test_flavor_non_admin_get_specific_key): 200 POST http://10.180.1.21/compute/v2.1/flavors/1186510103/os-extra_specs 2.286s
2025-03-06 06:34:19.097 69218 INFO tempest.lib.common.rest_client [req-e0c3f191-bf69-42cc-8037-c29c711ffd21 req-e0c3f191-bf69-42cc-8037-c29c711ffd21 ] Request (FlavorsV261TestJSON:test_crud_flavor): 200 GET http://10.180.1.21/compute/v2.1/flavors/detail 2.268s
2025-03-06 06:34:19.105 69264 INFO tempest.lib.common.rest_client [req-3f25fd41-8274-4089-8e6e-0c84221a6c85 req-3f25fd41-8274-4089-8e6e-0c84221a6c85 ] Request (NetworksTest:setUpClass): 204 PUT http://10.180.1.21/identity/v3/projects/8bf589e43af54018b3e8346b30dba6d1/users/fa788484732d432c912e1929dc5c8c87/roles/cce7d5faf8dc4650905b95ae25a929f8 0.087s
2025-03-06 06:34:19.105 69264 INFO tempest.lib.common.dynamic_creds [-] Dynamic test user fa788484732d432c912e1929dc5c8c87 is created with scope project and roles: ['admin']
2025-03-06 06:34:19.105 69264 INFO tempest.lib.common.dynamic_creds [-] Acquired dynamic creds: credentials: Credentials: {'domain_id': 'default', 'domain_name': 'Default', 'username': 'tempest-NetworksTest-1077249402-project-admin', 'project_domain_id': 'default', 'project_domain_name': 'Default', 'project_id': '8bf589e43af54018b3e8346b30dba6d1', 'project_name': 'tempest-NetworksTest-1077249402', 'tenant_id': '8bf589e43af54018b3e8346b30dba6d1', 'tenant_name': 'tempest-NetworksTest-1077249402', 'user_domain_id': 'default', 'user_domain_name': 'Default', 'user_id': 'fa788484732d432c912e1929dc5c8c87', 'system': None}, Network: None, Subnet: None, Router: None
2025-03-06 06:34:19.105 69264 INFO tempest.lib.common.dynamic_creds [-] Created isolated network resources for: credentials: Credentials: {'domain_id': 'default', 'domain_name': 'Default', 'username': 'tempest-NetworksTest-1077249402-project-admin', 'project_domain_id': 'default', 'project_domain_name': 'Default', 'project_id': '8bf589e43af54018b3e8346b30dba6d1', 'project_name': 'tempest-NetworksTest-1077249402', 'tenant_id': '8bf589e43af54018b3e8346b30dba6d1', 'tenant_name': 'tempest-NetworksTest-1077249402', 'user_domain_id': 'default', 'user_domain_name': 'Default', 'user_id': 'fa788484732d432c912e1929dc5c8c87', 'system': None}, Network: None, Subnet: None, Router: None
2025-03-06 06:34:19.112 69252 INFO tempest.lib.common.rest_client [req-bf601e96-dbd1-4779-a7d1-777badba404a req-bf601e96-dbd1-4779-a7d1-777badba404a ] Request (FloatingIPDetailsNegativeTestJSON:tearDownClass): 204 DELETE http://10.180.1.21:9696/networking/v2.0/networks/9f36f2bd-d162-4629-a02b-26eb5917c148 0.509s
2025-03-06 06:34:19.115 69224 INFO tempest.lib.common.rest_client [req-182b467d-ae37-4ab0-8cdb-d769a73d272f req-182b467d-ae37-4ab0-8cdb-d769a73d272f ] Request (FloatingIPsAssociationNegativeTestJSON:setUpClass): 201 POST http://10.180.1.21/identity/v3/users 0.070s
2025-03-06 06:34:19.182 69238 INFO tempest.lib.common.rest_client [req-898c88d9-b9ed-4fe2-b2aa-bf0a2e870755 req-898c88d9-b9ed-4fe2-b2aa-bf0a2e870755 ] Request (FloatingIPsAssociationTestJSON:setUpClass): 201 POST http://10.180.1.21:9696/networking/v2.0/networks 0.667s
2025-03-06 06:34:19.218 69216 INFO tempest.lib.common.rest_client [req-bf509afe-b65a-43cc-a37e-4be4b166d29c req-bf509afe-b65a-43cc-a37e-4be4b166d29c ] Request (ImagesOneServerTestJSON:setUpClass): 200 GET http://10.180.1.21/compute/v2.1/servers/29bce734-9f04-41eb-92e5-df9248dc10a3 2.363s
2025-03-06 06:34:19.244 69272 INFO tempest.lib.common.rest_client [req-6f69f5fe-efa9-4577-bbbf-0aab1fb1ba43 req-6f69f5fe-efa9-4577-bbbf-0aab1fb1ba43 ] Request (FlavorMetadataValidation:_run_cleanups): 200 GET http://10.180.1.21/compute/v2.1/flavors/detail 1.981s
2025-03-06 06:34:19.247 69264 INFO tempest.lib.common.rest_client [req-82b8fd6b-41e7-4f83-933e-a6eaacbd64d3 req-82b8fd6b-41e7-4f83-933e-a6eaacbd64d3 ] Request (NetworksTest:setUpClass): 201 POST http://10.180.1.21/identity/v3/auth/tokens 0.137s
2025-03-06 06:34:19.325 69224 INFO tempest.lib.common.rest_client [req-eaf57159-67a0-4793-a4d0-8506997c3be8 req-eaf57159-67a0-4793-a4d0-8506997c3be8 ] Request (FloatingIPsAssociationNegativeTestJSON:setUpClass): 200 GET http://10.180.1.21/identity/v3/roles 0.209s
2025-03-06 06:34:19.339 69248 INFO tempest.lib.common.rest_client [req-5b32c4d7-a7ce-4636-9baf-2fba0d73c071 req-5b32c4d7-a7ce-4636-9baf-2fba0d73c071 ] Request (ServerDiagnosticsTest:test_get_server_diagnostics): 200 GET http://10.180.1.21/compute/v2.1/servers/a1ae5389-8497-4b29-a00b-a5b357b4c433 1.955s
2025-03-06 06:34:19.352 69242 INFO tempest.lib.common.rest_client [req-94e79991-5acc-407f-86b5-7f6cce95fa8e req-94e79991-5acc-407f-86b5-7f6cce95fa8e ] Request (QuotasAdminTestV257:tearDownClass): 200 GET http://10.180.1.21:9696/networking/v2.0/security-groups?tenant_id=7b8fa9f6b05e4d26b562a97a2a6b5595&name=default 0.540s
2025-03-06 06:34:19.352 69252 INFO tempest.lib.common.rest_client [req-ebea90d7-1d51-432d-b5a7-bf2d2e26eeb6 req-ebea90d7-1d51-432d-b5a7-bf2d2e26eeb6 ] Request (FloatingIPDetailsNegativeTestJSON:tearDownClass): 204 DELETE http://10.180.1.21/identity/v3/users/d6cac424fb73422fa18d0061e975a012 0.240s
2025-03-06 06:34:19.353 69252 INFO tempest.lib.common.dynamic_creds [-] Deleting project and security group for project: 5d4d6ebd54684861a29092455adecbd0
2025-03-06 06:34:19.381 69230 INFO tempest.lib.common.rest_client [req-bc978a5e-cb00-4b31-b5e4-d58a6158f012 req-bc978a5e-cb00-4b31-b5e4-d58a6158f012 ] Request (VolumesAssistedSnapshotsTest:setUpClass): 201 POST http://10.180.1.21:9696/networking/v2.0/routers 1.666s
2025-03-06 06:34:19.417 69224 INFO tempest.lib.common.rest_client [req-3c64da13-d3c6-46e8-bdd6-43d2403fe4d3 req-3c64da13-d3c6-46e8-bdd6-43d2403fe4d3 ] Request (FloatingIPsAssociationNegativeTestJSON:setUpClass): 204 PUT http://10.180.1.21/identity/v3/projects/237abbb80b96493ba754645b0e3cc89f/users/25f7a24b02bb4cfea02f57c7efba33e7/roles/fcbdfd3e287e4889b059a43b9c90fef6 0.092s
2025-03-06 06:34:19.418 69224 INFO tempest.lib.common.dynamic_creds [-] Dynamic test user 25f7a24b02bb4cfea02f57c7efba33e7 is created with scope project and roles: ['member']
2025-03-06 06:34:19.418 69224 INFO tempest.lib.common.dynamic_creds [-] Acquired dynamic creds: credentials: Credentials: {'domain_id': 'default', 'domain_name': 'Default', 'username': 'tempest-FloatingIPsAssociationNegativeTestJSON-159533486-project-member', 'project_domain_id': 'default', 'project_domain_name': 'Default', 'project_id': '237abbb80b96493ba754645b0e3cc89f', 'project_name': 'tempest-FloatingIPsAssociationNegativeTestJSON-159533486', 'tenant_id': '237abbb80b96493ba754645b0e3cc89f', 'tenant_name': 'tempest-FloatingIPsAssociationNegativeTestJSON-159533486', 'user_domain_id': 'default', 'user_domain_name': 'Default', 'user_id': '25f7a24b02bb4cfea02f57c7efba33e7', 'system': None}, Network: None, Subnet: None, Router: None
2025-03-06 06:34:19.455 69272 INFO tempest.lib.common.rest_client [req-205ad06f-6750-4071-8172-41789cf07b24 req-205ad06f-6750-4071-8172-41789cf07b24 ] Request (FlavorMetadataValidation:tearDownClass): 204 DELETE http://10.180.1.21/identity/v3/users/a233af6c2823481daedb4d6c758eb003 0.191s
2025-03-06 06:34:19.468 69252 INFO tempest.lib.common.rest_client [req-d33d8f0d-5ece-4966-b911-1643c69e0faa req-d33d8f0d-5ece-4966-b911-1643c69e0faa ] Request (FloatingIPDetailsNegativeTestJSON:tearDownClass): 200 GET http://10.180.1.21:9696/networking/v2.0/security-groups?tenant_id=5d4d6ebd54684861a29092455adecbd0&name=default 0.113s
2025-03-06 06:34:19.519 69238 INFO tempest.lib.common.rest_client [req-aa210b72-4fa9-497a-884e-821cd63dfa20 req-aa210b72-4fa9-497a-884e-821cd63dfa20 ] Request (FloatingIPsAssociationTestJSON:setUpClass): 201 POST http://10.180.1.21:9696/networking/v2.0/subnets 0.336s
2025-03-06 06:34:19.551 69224 INFO tempest.lib.common.rest_client [req-c07851ae-28bc-4320-8cd9-eb2276bbf40d req-c07851ae-28bc-4320-8cd9-eb2276bbf40d ] Request (FloatingIPsAssociationNegativeTestJSON:setUpClass): 201 POST http://10.180.1.21/identity/v3/auth/tokens 0.133s
2025-03-06 06:34:19.582 69250 INFO tempest.lib.common.rest_client [req-f9b29fc7-ea7e-4994-95be-b974a507979c req-f9b29fc7-ea7e-4994-95be-b974a507979c ] Request (QuotaClassesAdminTestJSON:test_update_default_quotas): 200 GET http://10.180.1.21/compute/v2.1/os-quota-class-sets/default 2.085s
2025-03-06 06:34:19.639 69272 INFO tempest.lib.common.rest_client [req-97a75fe0-8a6c-4b23-bb76-967c1a9d8838 req-97a75fe0-8a6c-4b23-bb76-967c1a9d8838 ] Request (FlavorMetadataValidation:tearDownClass): 204 DELETE http://10.180.1.21/identity/v3/users/04c6bc948f1942dab4db7e44b8fecced 0.184s
2025-03-06 06:34:19.641 69272 INFO tempest.lib.common.dynamic_creds [-] Deleting project and security group for project: 411cc55a7e3c46f0844f465b9529586d
2025-03-06 06:34:19.668 69242 INFO tempest.lib.common.rest_client [req-5bf8fa46-7aa0-44d0-8f60-3be59ffd7c3f req-5bf8fa46-7aa0-44d0-8f60-3be59ffd7c3f ] Request (QuotasAdminTestV257:tearDownClass): 204 DELETE http://10.180.1.21:9696/networking/v2.0/security-groups/4c3ae8e0-9df6-404a-b0d1-35e615d0e066 0.315s
2025-03-06 06:34:19.721 69234 INFO tempest.lib.common.rest_client [req-ce2824e1-a071-4024-beb7-993c7f5203e7 req-ce2824e1-a071-4024-beb7-993c7f5203e7 ] Request (SecurityGroupsTestAdminJSON:test_list_security_groups_list_all_tenants_filter): 200 POST http://10.180.1.21/compute/v2.1/os-security-groups 3.027s
2025-03-06 06:34:19.729 69252 INFO tempest.lib.common.rest_client [req-b1397f47-f597-48aa-84d4-1a2ee859cfe7 req-b1397f47-f597-48aa-84d4-1a2ee859cfe7 ] Request (FloatingIPDetailsNegativeTestJSON:tearDownClass): 204 DELETE http://10.180.1.21:9696/networking/v2.0/security-groups/044c09df-344b-44fa-9591-09da2526aff1 0.261s
2025-03-06 06:34:19.750 69232 INFO tempest.lib.common.rest_client [req-46ce47a5-e8e5-4289-83b3-fadb66212828 req-46ce47a5-e8e5-4289-83b3-fadb66212828 ] Request (HypervisorAdminTestJSON:test_get_hypervisor_show_details): 200 GET http://10.180.1.21/compute/v2.1/os-hypervisors/1 2.135s
2025-03-06 06:34:19.779 69212 INFO tempest.lib.common.rest_client [req-3b3c6ab6-33e2-4094-a5d7-f0aae3dabcc1 req-3b3c6ab6-33e2-4094-a5d7-f0aae3dabcc1 ] Request (ServerAddressesTestJSON:setUpClass): 201 POST http://10.180.1.21:9696/networking/v2.0/networks 1.066s
2025-03-06 06:34:19.789 69272 INFO tempest.lib.common.rest_client [req-558e4ea3-1fd1-4020-aafc-56ec3c78b250 req-558e4ea3-1fd1-4020-aafc-56ec3c78b250 ] Request (FlavorMetadataValidation:tearDownClass): 201 POST http://10.180.1.21/identity/v3/auth/tokens 0.148s
2025-03-06 06:34:19.801 69244 INFO tempest.lib.common.rest_client [req-f4f1f3f1-b17c-45b2-86c6-2640c316bcc0 req-f4f1f3f1-b17c-45b2-86c6-2640c316bcc0 ] Request (VolumesAdminNegativeTest:test_update_attached_volume_with_nonexistent_volume_in_body): 200 POST http://10.180.1.21/compute/v2.1/os-keypairs 2.204s
2025-03-06 06:34:19.845 69242 INFO tempest.lib.common.rest_client [req-73f05e25-5274-4736-916f-708469dfba19 req-73f05e25-5274-4736-916f-708469dfba19 ] Request (QuotasAdminTestV257:tearDownClass): 204 DELETE http://10.180.1.21/identity/v3/projects/7b8fa9f6b05e4d26b562a97a2a6b5595 0.177s
2025-03-06 06:34:19.852 69262 INFO tempest.lib.common.rest_client [req-f3e9129a-7538-41e2-b0ac-b6642f16a3f5 req-f3e9129a-7538-41e2-b0ac-b6642f16a3f5 ] Request (AggregatesAdminNegativeTestJSON:test_aggregate_add_existent_host): 409 POST http://10.180.1.21/compute/v2.1/os-aggregates/1/action 1.827s
2025-03-06 06:34:19.856 69252 INFO tempest.lib.common.rest_client [req-57aa3fad-7619-451d-a8df-69c6672d0757 req-57aa3fad-7619-451d-a8df-69c6672d0757 ] Request (FloatingIPDetailsNegativeTestJSON:tearDownClass): 204 DELETE http://10.180.1.21/identity/v3/projects/5d4d6ebd54684861a29092455adecbd0 0.126s
2025-03-06 06:34:19.922 69242 INFO tempest.lib.common.rest_client [req-42f7ff85-de6c-47cb-8073-d5a5710fd126 req-42f7ff85-de6c-47cb-8073-d5a5710fd126 ] Request (ImagesDeleteNegativeTestJSON:setUpClass): 201 POST http://10.180.1.21/identity/v3/auth/tokens 0.075s
2025-03-06 06:34:19.945 69252 INFO tempest.lib.common.rest_client [req-713cd728-7324-4065-997b-111555c759a3 req-713cd728-7324-4065-997b-111555c759a3 ] Request (AbsoluteLimitsNegativeTestJSON:setUpClass): 201 POST http://10.180.1.21/identity/v3/auth/tokens 0.087s
2025-03-06 06:34:19.949 69258 INFO tempest.lib.common.rest_client [req-b2323fdf-8443-4c54-b1e0-6faaa91efb8f req-b2323fdf-8443-4c54-b1e0-6faaa91efb8f ] Request (MigrationsAdminTest:test_list_migrations_in_flavor_resize_situation): 200 GET http://10.180.1.21/compute/v2.1/servers/d2187069-2dba-4d01-969f-510f659fc163 1.699s
2025-03-06 06:34:19.962 69242 INFO tempest.lib.common.rest_client [req-7ecb41d1-eb9b-4716-9dfe-0ec6bfe360c5 req-7ecb41d1-eb9b-4716-9dfe-0ec6bfe360c5 ] Request (ImagesDeleteNegativeTestJSON:setUpClass): 201 POST http://10.180.1.21/identity/v3/auth/tokens 0.035s
2025-03-06 06:34:19.984 69252 INFO tempest.lib.common.rest_client [req-c29aa7f0-4dc3-4feb-8af4-5d4384c45140 req-c29aa7f0-4dc3-4feb-8af4-5d4384c45140 ] Request (AbsoluteLimitsNegativeTestJSON:setUpClass): 201 POST http://10.180.1.21/identity/v3/auth/tokens 0.037s
2025-03-06 06:34:19.988 69242 INFO tempest.lib.common.rest_client [req-68c7cebd-7b21-4dec-8381-81e6ade9b412 req-68c7cebd-7b21-4dec-8381-81e6ade9b412 ] Request (ImagesDeleteNegativeTestJSON:setUpClass): 200 GET http://10.180.1.21/identity/v3/domains?name=Default 0.026s
2025-03-06 06:34:20.010 69252 INFO tempest.lib.common.rest_client [req-7b24508a-7845-4a24-b74f-a063bd25a2f5 req-7b24508a-7845-4a24-b74f-a063bd25a2f5 ] Request (AbsoluteLimitsNegativeTestJSON:setUpClass): 200 GET http://10.180.1.21/identity/v3/domains?name=Default 0.025s
2025-03-06 06:34:20.035 69242 INFO tempest.lib.common.rest_client [req-3a980f70-c97e-4592-a09c-a76c33b582e4 req-3a980f70-c97e-4592-a09c-a76c33b582e4 ] Request (ImagesDeleteNegativeTestJSON:setUpClass): 201 POST http://10.180.1.21/identity/v3/projects 0.046s
2025-03-06 06:34:20.086 69252 INFO tempest.lib.common.rest_client [req-d2a3b386-f59f-49a2-a6d4-1bc41a46830b req-d2a3b386-f59f-49a2-a6d4-1bc41a46830b ] Request (AbsoluteLimitsNegativeTestJSON:setUpClass): 201 POST http://10.180.1.21/identity/v3/projects 0.075s
2025-03-06 06:34:20.125 69272 INFO tempest.lib.common.rest_client [req-746ae9a8-bd35-40f1-8756-27a762f97a8b req-746ae9a8-bd35-40f1-8756-27a762f97a8b ] Request (FlavorMetadataValidation:tearDownClass): 200 GET http://10.180.1.21:9696/networking/v2.0/security-groups?tenant_id=411cc55a7e3c46f0844f465b9529586d&name=default 0.335s
2025-03-06 06:34:20.142 69242 INFO tempest.lib.common.rest_client [req-5c976832-de2b-4fb6-b8d2-62d50d8bf402 req-5c976832-de2b-4fb6-b8d2-62d50d8bf402 ] Request (ImagesDeleteNegativeTestJSON:setUpClass): 201 POST http://10.180.1.21/identity/v3/users 0.107s
2025-03-06 06:34:20.157 69244 INFO tempest.lib.common.rest_client [req-e4cb7832-4f9f-40ae-9fd8-14e809c24f9c req-e4cb7832-4f9f-40ae-9fd8-14e809c24f9c ] Request (VolumesAdminNegativeTest:test_update_attached_volume_with_nonexistent_volume_in_body): 201 POST http://10.180.1.21:9696/networking/v2.0/security-groups 0.354s
2025-03-06 06:34:20.163 69256 INFO tempest.lib.common.rest_client [req-9a6aec93-8411-45f9-8fac-d4a6eedc163a req-9a6aec93-8411-45f9-8fac-d4a6eedc163a ] Request (QuotasAdminNegativeTest:_run_cleanups): 200 PUT http://10.180.1.21/compute/v2.1/os-quota-sets/cf3a1437d4bf4c93b488ee99348cf0cd 1.875s
2025-03-06 06:34:20.165 69242 INFO tempest.lib.common.rest_client [req-e539fc54-53ff-4901-acd3-6d2cbd8d5cf5 req-e539fc54-53ff-4901-acd3-6d2cbd8d5cf5 ] Request (ImagesDeleteNegativeTestJSON:setUpClass): 200 GET http://10.180.1.21/identity/v3/roles 0.022s
2025-03-06 06:34:20.178 69252 INFO tempest.lib.common.rest_client [req-52bcf4cc-c5f1-441c-8ed5-45e60cbf02b5 req-52bcf4cc-c5f1-441c-8ed5-45e60cbf02b5 ] Request (AbsoluteLimitsNegativeTestJSON:setUpClass): 201 POST http://10.180.1.21/identity/v3/users 0.091s
2025-03-06 06:34:20.199 69242 INFO tempest.lib.common.rest_client [req-b0546d87-f83c-444f-85de-0ad85856a1f5 req-b0546d87-f83c-444f-85de-0ad85856a1f5 ] Request (ImagesDeleteNegativeTestJSON:setUpClass): 204 PUT http://10.180.1.21/identity/v3/projects/d4e5ed2f17944bf1b240866473ee879b/users/0fbd3ec816fa490fbf8243092576a283/roles/fcbdfd3e287e4889b059a43b9c90fef6 0.034s
2025-03-06 06:34:20.199 69242 INFO tempest.lib.common.dynamic_creds [-] Dynamic test user 0fbd3ec816fa490fbf8243092576a283 is created with scope project and roles: ['member']
2025-03-06 06:34:20.200 69242 INFO tempest.lib.common.dynamic_creds [-] Acquired dynamic creds: credentials: Credentials: {'domain_id': 'default', 'domain_name': 'Default', 'username': 'tempest-ImagesDeleteNegativeTestJSON-1952568797-project-member', 'project_domain_id': 'default', 'project_domain_name': 'Default', 'project_id': 'd4e5ed2f17944bf1b240866473ee879b', 'project_name': 'tempest-ImagesDeleteNegativeTestJSON-1952568797', 'tenant_id': 'd4e5ed2f17944bf1b240866473ee879b', 'tenant_name': 'tempest-ImagesDeleteNegativeTestJSON-1952568797', 'user_domain_id': 'default', 'user_domain_name': 'Default', 'user_id': '0fbd3ec816fa490fbf8243092576a283', 'system': None}, Network: None, Subnet: None, Router: None
2025-03-06 06:34:20.200 69242 INFO tempest.lib.common.dynamic_creds [-] Created isolated network resources for: credentials: Credentials: {'domain_id': 'default', 'domain_name': 'Default', 'username': 'tempest-ImagesDeleteNegativeTestJSON-1952568797-project-member', 'project_domain_id': 'default', 'project_domain_name': 'Default', 'project_id': 'd4e5ed2f17944bf1b240866473ee879b', 'project_name': 'tempest-ImagesDeleteNegativeTestJSON-1952568797', 'tenant_id': 'd4e5ed2f17944bf1b240866473ee879b', 'tenant_name': 'tempest-ImagesDeleteNegativeTestJSON-1952568797', 'user_domain_id': 'default', 'user_domain_name': 'Default', 'user_id': '0fbd3ec816fa490fbf8243092576a283', 'system': None}, Network: None, Subnet: None, Router: None
2025-03-06 06:34:20.201 69252 INFO tempest.lib.common.rest_client [req-a4190782-56ff-4b07-95a0-0740cb45cabd req-a4190782-56ff-4b07-95a0-0740cb45cabd ] Request (AbsoluteLimitsNegativeTestJSON:setUpClass): 200 GET http://10.180.1.21/identity/v3/roles 0.022s
2025-03-06 06:34:20.264 69252 INFO tempest.lib.common.rest_client [req-ed614aa4-f390-49f8-8a25-f76a2ae68f70 req-ed614aa4-f390-49f8-8a25-f76a2ae68f70 ] Request (AbsoluteLimitsNegativeTestJSON:setUpClass): 204 PUT http://10.180.1.21/identity/v3/projects/dbf3772de00841e4ba968d71cbbe5649/users/95a673970b2640c29ce4726170c7a42d/roles/fcbdfd3e287e4889b059a43b9c90fef6 0.063s
2025-03-06 06:34:20.265 69252 INFO tempest.lib.common.dynamic_creds [-] Dynamic test user 95a673970b2640c29ce4726170c7a42d is created with scope project and roles: ['member']
2025-03-06 06:34:20.265 69252 INFO tempest.lib.common.dynamic_creds [-] Acquired dynamic creds: credentials: Credentials: {'domain_id': 'default', 'domain_name': 'Default', 'username': 'tempest-AbsoluteLimitsNegativeTestJSON-1883838377-project-member', 'project_domain_id': 'default', 'project_domain_name': 'Default', 'project_id': 'dbf3772de00841e4ba968d71cbbe5649', 'project_name': 'tempest-AbsoluteLimitsNegativeTestJSON-1883838377', 'tenant_id': 'dbf3772de00841e4ba968d71cbbe5649', 'tenant_name': 'tempest-AbsoluteLimitsNegativeTestJSON-1883838377', 'user_domain_id': 'default', 'user_domain_name': 'Default', 'user_id': '95a673970b2640c29ce4726170c7a42d', 'system': None}, Network: None, Subnet: None, Router: None
2025-03-06 06:34:20.265 69252 INFO tempest.lib.common.dynamic_creds [-] Created isolated network resources for: credentials: Credentials: {'domain_id': 'default', 'domain_name': 'Default', 'username': 'tempest-AbsoluteLimitsNegativeTestJSON-1883838377-project-member', 'project_domain_id': 'default', 'project_domain_name': 'Default', 'project_id': 'dbf3772de00841e4ba968d71cbbe5649', 'project_name': 'tempest-AbsoluteLimitsNegativeTestJSON-1883838377', 'tenant_id': 'dbf3772de00841e4ba968d71cbbe5649', 'tenant_name': 'tempest-AbsoluteLimitsNegativeTestJSON-1883838377', 'user_domain_id': 'default', 'user_domain_name': 'Default', 'user_id': '95a673970b2640c29ce4726170c7a42d', 'system': None}, Network: None, Subnet: None, Router: None
2025-03-06 06:34:20.287 69244 INFO tempest.lib.common.rest_client [req-c1af852b-584e-498b-bb41-3cbbb6984b91 req-c1af852b-584e-498b-bb41-3cbbb6984b91 ] Request (VolumesAdminNegativeTest:test_update_attached_volume_with_nonexistent_volume_in_body): 201 POST http://10.180.1.21:9696/networking/v2.0/security-group-rules 0.129s
2025-03-06 06:34:20.308 69272 INFO tempest.lib.common.rest_client [req-fbe68ffb-5a92-4179-94bd-46af108e6b75 req-fbe68ffb-5a92-4179-94bd-46af108e6b75 ] Request (FlavorMetadataValidation:tearDownClass): 204 DELETE http://10.180.1.21:9696/networking/v2.0/security-groups/62bc53fb-1b8f-4413-abc7-710b1be52892 0.183s
2025-03-06 06:34:20.347 69268 INFO tempest.lib.common.rest_client [req-6a545bfe-74ba-4cae-9379-eff44cc8bbd6 req-6a545bfe-74ba-4cae-9379-eff44cc8bbd6 ] Request (FlavorsAccessTestJSON:test_flavor_access_add_remove): 200 POST http://10.180.1.21/compute/v2.1/flavors/589587436/action 1.805s
2025-03-06 06:34:20.350 69242 INFO tempest.lib.common.rest_client [req-66afa438-3693-4991-8d9d-4a8d4144e751 req-66afa438-3693-4991-8d9d-4a8d4144e751 ] Request (ImagesDeleteNegativeTestJSON:setUpClass): 201 POST http://10.180.1.21/identity/v3/auth/tokens 0.146s
2025-03-06 06:34:20.379 69220 INFO tempest.lib.common.rest_client [req-7beb3c86-4353-458e-b7cf-7882851bf516 req-7beb3c86-4353-458e-b7cf-7882851bf516 ] Request (ListServerFiltersTestJSON:setUpClass): 202 POST http://10.180.1.21/compute/v2.1/servers 2.613s
2025-03-06 06:34:20.387 69224 INFO tempest.lib.common.rest_client [req-55bfa331-90d9-43fb-81c0-190780e8b78d req-55bfa331-90d9-43fb-81c0-190780e8b78d ] Request (FloatingIPsAssociationNegativeTestJSON:setUpClass): 201 POST http://10.180.1.21:9696/networking/v2.0/networks 0.835s
2025-03-06 06:34:20.405 69252 INFO tempest.lib.common.rest_client [req-784da374-0f57-4256-bd15-c193d4824ebc req-784da374-0f57-4256-bd15-c193d4824ebc ] Request (AbsoluteLimitsNegativeTestJSON:setUpClass): 201 POST http://10.180.1.21/identity/v3/auth/tokens 0.134s
2025-03-06 06:34:20.432 69212 INFO tempest.lib.common.rest_client [req-e009ad90-773d-4762-aaca-21f603f236d1 req-e009ad90-773d-4762-aaca-21f603f236d1 ] Request (ServerAddressesTestJSON:setUpClass): 201 POST http://10.180.1.21:9696/networking/v2.0/subnets 0.652s
2025-03-06 06:34:20.453 69260 INFO tempest.lib.common.rest_client [req-2e41996f-4bea-4fc2-8ea6-189641d0e9b4 req-2e41996f-4bea-4fc2-8ea6-189641d0e9b4 ] Request (ServersTestFqdnHostnames:test_create_server_with_fqdn_name): 200 GET http://10.180.1.21/compute/v2.1/servers/8aa9ad1d-d3b0-4038-acd1-0fca895a3ac1 1.746s
2025-03-06 06:34:20.457 69240 INFO tempest.lib.common.rest_client [req-9455e67a-1e74-4ef6-8887-82ae9ac4e578 req-9455e67a-1e74-4ef6-8887-82ae9ac4e578 ] Request (ServersAdminNegativeTestJSON:setUpClass): 200 GET http://10.180.1.21/compute/v2.1/servers/292718c1-e976-4462-aede-a2ed6b8415de 1.725s
2025-03-06 06:34:20.479 69220 INFO tempest.lib.common.rest_client [req-33c7c8ff-e54f-4132-b6da-87457476c6d2 req-33c7c8ff-e54f-4132-b6da-87457476c6d2 ] Request (ListServerFiltersTestJSON:setUpClass): 201 POST http://10.180.1.21/identity/v3/auth/tokens 0.095s
2025-03-06 06:34:20.479 69220 INFO tempest.lib.common.fixed_network [-] (ListServerFiltersTestJSON:setUpClass) Found network {'id': '7c47df7c-11e4-4add-bbbc-9f3e8b65146e', 'name': 'tempest-ListServerFiltersTestJSON-128273444-network', 'tenant_id': '547b6d99a78b47ee92a40b782653e73d', 'admin_state_up': True, 'mtu': 8950, 'status': 'ACTIVE', 'subnets': [], 'shared': False, 'project_id': '547b6d99a78b47ee92a40b782653e73d', 'port_security_enabled': True, 'router:external': False, 'provider:network_type': 'vlan', 'provider:physical_network': 'default', 'provider:segmentation_id': 431, 'availability_zone_hints': [], 'availability_zones': [], 'ipv4_address_scope': None, 'ipv6_address_scope': None, 'description': '', 'tags': [], 'created_at': '2025-03-06T06:34:12Z', 'updated_at': '2025-03-06T06:34:13Z', 'revision_number': 1} available for tenant
2025-03-06 06:34:20.498 69244 INFO tempest.lib.common.rest_client [req-1375323e-af6c-4294-ac91-e01599b68f83 req-1375323e-af6c-4294-ac91-e01599b68f83 ] Request (VolumesAdminNegativeTest:test_update_attached_volume_with_nonexistent_volume_in_body): 201 POST http://10.180.1.21:9696/networking/v2.0/security-group-rules 0.210s
2025-03-06 06:34:20.501 69272 INFO tempest.lib.common.rest_client [req-6ffaf861-331f-4c2f-891b-8c3569bfae80 req-6ffaf861-331f-4c2f-891b-8c3569bfae80 ] Request (FlavorMetadataValidation:tearDownClass): 204 DELETE http://10.180.1.21/identity/v3/projects/411cc55a7e3c46f0844f465b9529586d 0.192s
2025-03-06 06:34:20.501 69272 INFO tempest.lib.common.dynamic_creds [-] Deleting project and security group for project: 30ae1a61ffcb499d8dd029aa930643a5
2025-03-06 06:34:20.639 69246 INFO tempest.lib.common.rest_client [req-a3c8c0bf-109c-412c-99ab-10157e36b355 req-a3c8c0bf-109c-412c-99ab-10157e36b355 ] Request (ServersWithSpecificFlavorTestJSON:test_verify_created_server_ephemeral_disk): 200 POST http://10.180.1.21/compute/v2.1/flavors 1.820s
2025-03-06 06:34:20.647 69267 INFO tempest.lib.common.rest_client [req-e8428313-ec06-4c75-a9e9-2cf992b5c568 req-e8428313-ec06-4c75-a9e9-2cf992b5c568 ] Request (HypervisorAdminNegativeTestJSON:test_get_hypervisor_uptime_with_non_admin_user): 200 GET http://10.180.1.21/compute/v2.1/os-hypervisors 1.823s
2025-03-06 06:34:20.654 69210 INFO tempest.lib.common.rest_client [req-bb2d2dde-cac8-49d4-9ffd-774e84993a3a req-bb2d2dde-cac8-49d4-9ffd-774e84993a3a ] Request (HostsAdminNegativeTestJSON:test_update_host_without_param): 400 PUT http://10.180.1.21/compute/v2.1/os-hosts/devstack 1.818s
2025-03-06 06:34:20.671 69214 INFO tempest.lib.common.rest_client [req-780c3cf5-6808-43ce-8d7b-555b1e095cc6 req-780c3cf5-6808-43ce-8d7b-555b1e095cc6 ] Request (FlavorsExtraSpecsNegativeTestJSON:test_flavor_non_admin_update_specific_key): 200 POST http://10.180.1.21/compute/v2.1/flavors/2071068030/os-extra_specs 1.839s
2025-03-06 06:34:20.756 69254 INFO tempest.lib.common.rest_client [req-bc27b9b7-cfd8-4b99-bfc4-1468ff568555 req-bc27b9b7-cfd8-4b99-bfc4-1468ff568555 ] Request (FlavorsAccessNegativeTestJSON:test_add_flavor_access_duplicate): 200 POST http://10.180.1.21/compute/v2.1/flavors/340642680/action 1.696s
2025-03-06 06:34:20.769 69270 INFO tempest.lib.common.rest_client [req-1b9aba26-4207-43db-aa09-1ab1252ddc85 req-1b9aba26-4207-43db-aa09-1ab1252ddc85 ] Request (FlavorsExtraSpecsTestJSON:test_flavor_non_admin_get_specific_key): 200 GET http://10.180.1.21/compute/v2.1/flavors/1186510103/os-extra_specs/hw:numa_nodes 1.693s
2025-03-06 06:34:20.793 69218 INFO tempest.lib.common.rest_client [req-2bba7b1c-71ae-4405-b751-09c40ac34011 req-2bba7b1c-71ae-4405-b751-09c40ac34011 ] Request (FlavorsV261TestJSON:test_crud_flavor): 200 GET http://10.180.1.21/compute/v2.1/flavors 1.682s
2025-03-06 06:34:20.995 69272 INFO tempest.lib.common.rest_client [req-26e5737c-61df-4994-a548-d23b5f78ae92 req-26e5737c-61df-4994-a548-d23b5f78ae92 ] Request (FlavorMetadataValidation:tearDownClass): 200 GET http://10.180.1.21:9696/networking/v2.0/security-groups?tenant_id=30ae1a61ffcb499d8dd029aa930643a5&name=default 0.493s
2025-03-06 06:34:21.023 69236 INFO tempest.lib.common.rest_client [req-5b19427a-beaa-4606-a209-6b1c20ae0d9a req-5b19427a-beaa-4606-a209-6b1c20ae0d9a ] Request (FloatingIPsTestJSON:test_allocate_floating_ip): 200 GET http://10.180.1.21/compute/v2.1/os-floating-ips 1.964s
2025-03-06 06:34:21.029 69226 INFO tempest.lib.common.rest_client [req-406cd1d2-d18d-4c7b-b8ec-576b365cc7c0 req-406cd1d2-d18d-4c7b-b8ec-576b365cc7c0 ] Request (ServerDiagnosticsNegativeTest:test_get_server_diagnostics_by_non_admin): 200 GET http://10.180.1.21/compute/v2.1/servers/68c585a7-41de-4a16-848b-548a1adf0aec 1.807s
2025-03-06 06:34:21.243 69224 INFO tempest.lib.common.rest_client [req-b22f72c9-6cb2-4b98-a200-a4685eb10d59 req-b22f72c9-6cb2-4b98-a200-a4685eb10d59 ] Request (FloatingIPsAssociationNegativeTestJSON:setUpClass): 201 POST http://10.180.1.21:9696/networking/v2.0/subnets 0.855s
2025-03-06 06:34:21.266 69264 INFO tempest.lib.common.rest_client [req-3805a95a-e488-4544-a8aa-2d958fb99bef req-3805a95a-e488-4544-a8aa-2d958fb99bef ] Request (NetworksTest:test_get_network): 200 GET http://10.180.1.21/compute/v2.1/os-networks 2.016s
2025-03-06 06:34:21.412 69222 INFO tempest.lib.common.rest_client [req-24aaac0c-7cb7-41f2-9aed-7c81bfd4a5a6 req-24aaac0c-7cb7-41f2-9aed-7c81bfd4a5a6 ] Request (DeleteServersAdminTestJSON:test_admin_delete_servers_of_others): 200 GET http://10.180.1.21/compute/v2.1/servers/a70c7ae6-8758-4bc9-a3eb-57c7051ebbc7 2.077s
2025-03-06 06:34:21.419 69222 INFO tempest.common.waiters [-] State transition "BUILD/networking" ==> "BUILD/spawning" after 8 second wait
2025-03-06 06:34:21.443 69250 INFO tempest.lib.common.rest_client [req-f1ec9e8a-cab5-46bd-ac39-fd5c3aceaebc req-f1ec9e8a-cab5-46bd-ac39-fd5c3aceaebc ] Request (QuotaClassesAdminTestJSON:test_update_default_quotas): 200 PUT http://10.180.1.21/compute/v2.1/os-quota-class-sets/default 1.859s
2025-03-06 06:34:21.461 69272 INFO tempest.lib.common.rest_client [req-b954fbda-6a29-4b21-81ee-f90e6e78de8d req-b954fbda-6a29-4b21-81ee-f90e6e78de8d ] Request (FlavorMetadataValidation:tearDownClass): 204 DELETE http://10.180.1.21:9696/networking/v2.0/security-groups/5648d724-4725-4caf-8e4e-31d72270753a 0.465s
2025-03-06 06:34:21.511 69228 INFO tempest.lib.common.rest_client [req-5228e0f1-818d-41d3-8ace-a239cb601552 req-5228e0f1-818d-41d3-8ace-a239cb601552 ] Request (ServerDiagnosticsV248Test:test_get_server_diagnostics): 200 GET http://10.180.1.21/compute/v2.1/servers/856fd677-c151-4e53-9a1b-b684ee27dc37 1.881s
2025-03-06 06:34:21.526 69228 INFO tempest.common.waiters [-] State transition "BUILD/None" ==> "BUILD/spawning" after 8 second wait
2025-03-06 06:34:21.538 69232 INFO tempest.lib.common.rest_client [req-d74b7778-e989-4f32-b635-f95b2ec044da req-d74b7778-e989-4f32-b635-f95b2ec044da ] Request (HypervisorAdminTestJSON:test_get_hypervisor_stats): 200 GET http://10.180.1.21/compute/v2.1/os-hypervisors/statistics 1.780s
2025-03-06 06:34:21.583 69272 INFO tempest.lib.common.rest_client [req-f80f18b6-93b6-4805-a81f-c45f77d9c1a1 req-f80f18b6-93b6-4805-a81f-c45f77d9c1a1 ] Request (FlavorMetadataValidation:tearDownClass): 204 DELETE http://10.180.1.21/identity/v3/projects/30ae1a61ffcb499d8dd029aa930643a5 0.121s
2025-03-06 06:34:21.615 69272 INFO tempest.lib.common.rest_client [req-4d270829-beb4-4a5f-b8ce-e9e05f074776 req-4d270829-beb4-4a5f-b8ce-e9e05f074776 ] Request (HypervisorAdminV228Test:setUpClass): 201 POST http://10.180.1.21/identity/v3/auth/tokens 0.030s
2025-03-06 06:34:21.659 69230 INFO tempest.lib.common.rest_client [req-1b5fc108-3e31-4012-bd71-de17e7073de4 req-1b5fc108-3e31-4012-bd71-de17e7073de4 ] Request (VolumesAssistedSnapshotsTest:setUpClass): 200 PUT http://10.180.1.21:9696/networking/v2.0/routers/68d229fe-8ade-4f98-8859-2313b94f43f6/add_router_interface 2.277s
2025-03-06 06:34:21.659 69230 INFO tempest.lib.common.dynamic_creds [-] Created isolated network resources for: credentials: Credentials: {'domain_id': 'default', 'domain_name': 'Default', 'username': 'tempest-VolumesAssistedSnapshotsTest-442355382-project', 'project_domain_id': 'default', 'project_domain_name': 'Default', 'project_id': 'fbdf5b241838437299180640cc6a43b9', 'project_name': 'tempest-VolumesAssistedSnapshotsTest-442355382', 'tenant_id': 'fbdf5b241838437299180640cc6a43b9', 'tenant_name': 'tempest-VolumesAssistedSnapshotsTest-442355382', 'user_domain_id': 'default', 'user_domain_name': 'Default', 'user_id': '4b2371d769084b479b0952dc48517e64', 'system': None}, Network: {'id': 'ca4e852c-2573-4025-b785-1f319ac0207e', 'name': 'tempest-VolumesAssistedSnapshotsTest-1878316219-network', 'tenant_id': 'fbdf5b241838437299180640cc6a43b9', 'admin_state_up': True, 'mtu': 8950, 'status': 'ACTIVE', 'subnets': [], 'shared': False, 'project_id': 'fbdf5b241838437299180640cc6a43b9', 'port_security_enabled': True, 'router:external': False, 'provider:network_type': 'vlan', 'provider:physical_network': 'default', 'provider:segmentation_id': 611, 'availability_zone_hints': [], 'availability_zones': [], 'ipv4_address_scope': None, 'ipv6_address_scope': None, 'description': '', 'tags': [], 'created_at': '2025-03-06T06:34:16Z', 'updated_at': '2025-03-06T06:34:16Z', 'revision_number': 1}, Subnet: {'id': '4e5f14e1-79eb-40e7-9ac1-7f5064ec5202', 'name': 'tempest-VolumesAssistedSnapshotsTest-1878316219-subnet', 'tenant_id': 'fbdf5b241838437299180640cc6a43b9', 'network_id': 'ca4e852c-2573-4025-b785-1f319ac0207e', 'ip_version': 4, 'subnetpool_id': None, 'enable_dhcp': True, 'ipv6_ra_mode': None, 'ipv6_address_mode': None, 'gateway_ip': '192.168.128.1', 'cidr': '192.168.128.0/28', 'allocation_pools': [{'start': '192.168.128.2', 'end': '192.168.128.14'}], 'host_routes': [], 'dns_nameservers': [], 'description': '', 'router:external': False, 'service_types': [], 'tags': [], 'created_at': '2025-03-06T06:34:17Z', 'updated_at': '2025-03-06T06:34:17Z', 'revision_number': 0, 'project_id': 'fbdf5b241838437299180640cc6a43b9'}, Router: {'id': '68d229fe-8ade-4f98-8859-2313b94f43f6', 'name': 'tempest-VolumesAssistedSnapshotsTest-1878316219-router', 'tenant_id': 'fbdf5b241838437299180640cc6a43b9', 'admin_state_up': True, 'status': 'ACTIVE', 'external_gateway_info': {'network_id': 'b173a814-45e2-4483-9295-11b79aa52e6b', 'external_fixed_ips': [{'subnet_id': 'b5d78c97-a177-496b-b9ea-7e1093714abf', 'ip_address': '10.180.180.155'}], 'enable_snat': True}, 'description': '', 'availability_zones': [], 'distributed': False, 'ha': False, 'availability_zone_hints': [], 'routes': [], 'flavor_id': None, 'tags': [], 'created_at': '2025-03-06T06:34:17Z', 'updated_at': '2025-03-06T06:34:18Z', 'revision_number': 2, 'project_id': 'fbdf5b241838437299180640cc6a43b9'}
2025-03-06 06:34:21.662 69232 INFO tempest.lib.common.rest_client [req-74b32dbc-0469-40b0-aa40-6402215d7649 req-74b32dbc-0469-40b0-aa40-6402215d7649 ] Request (HypervisorAdminTestJSON:tearDownClass): 204 DELETE http://10.180.1.21/identity/v3/users/f2cccdfa121542618b509a78e37ed1a0 0.120s
2025-03-06 06:34:21.714 69272 INFO tempest.lib.common.rest_client [req-6b202284-9674-429a-8503-43aee0489df8 req-6b202284-9674-429a-8503-43aee0489df8 ] Request (HypervisorAdminV228Test:setUpClass): 201 POST http://10.180.1.21/identity/v3/auth/tokens 0.096s
2025-03-06 06:34:21.775 69232 INFO tempest.lib.common.rest_client [req-22075d02-d94b-4bb8-a4d5-b7860aa5040b req-22075d02-d94b-4bb8-a4d5-b7860aa5040b ] Request (HypervisorAdminTestJSON:tearDownClass): 204 DELETE http://10.180.1.21/identity/v3/users/7e8ae29200994bf6ab52716234a517f7 0.112s
2025-03-06 06:34:21.775 69232 INFO tempest.lib.common.dynamic_creds [-] Deleting project and security group for project: c4ec2fba2b824215b023fae92e1a99da
2025-03-06 06:34:21.779 69230 INFO tempest.lib.common.rest_client [req-e9b1ce14-523c-4cf3-9ed4-2db592ba2268 req-e9b1ce14-523c-4cf3-9ed4-2db592ba2268 ] Request (VolumesAssistedSnapshotsTest:setUpClass): 201 POST http://10.180.1.21/identity/v3/auth/tokens 0.116s
2025-03-06 06:34:21.796 69212 INFO tempest.lib.common.rest_client [req-245832ac-7db6-48de-b074-2083b7808c6e req-245832ac-7db6-48de-b074-2083b7808c6e ] Request (ServerAddressesTestJSON:setUpClass): 201 POST http://10.180.1.21:9696/networking/v2.0/routers 1.363s
2025-03-06 06:34:21.807 69238 INFO tempest.lib.common.rest_client [req-7ce5ac6f-5ea6-4537-b565-a7f550b26d03 req-7ce5ac6f-5ea6-4537-b565-a7f550b26d03 ] Request (FloatingIPsAssociationTestJSON:setUpClass): 201 POST http://10.180.1.21:9696/networking/v2.0/routers 2.288s
2025-03-06 06:34:21.841 69272 INFO tempest.lib.common.rest_client [req-4bdc89cc-b770-4b93-8908-de05a91019b1 req-4bdc89cc-b770-4b93-8908-de05a91019b1 ] Request (HypervisorAdminV228Test:setUpClass): 200 GET http://10.180.1.21/identity/v3/domains?name=Default 0.127s
2025-03-06 06:34:21.866 69232 INFO tempest.lib.common.rest_client [req-2caa6e11-1f26-4e65-8182-1e5fb17d60c6 req-2caa6e11-1f26-4e65-8182-1e5fb17d60c6 ] Request (HypervisorAdminTestJSON:tearDownClass): 201 POST http://10.180.1.21/identity/v3/auth/tokens 0.091s
2025-03-06 06:34:21.900 69272 INFO tempest.lib.common.rest_client [req-424dc614-6fc5-41d6-a95d-4c564720213e req-424dc614-6fc5-41d6-a95d-4c564720213e ] Request (HypervisorAdminV228Test:setUpClass): 201 POST http://10.180.1.21/identity/v3/projects 0.058s
2025-03-06 06:34:21.935 69234 INFO tempest.lib.common.rest_client [req-0002a07c-ce84-4f01-ab6f-926a923711aa req-0002a07c-ce84-4f01-ab6f-926a923711aa ] Request (SecurityGroupsTestAdminJSON:test_list_security_groups_list_all_tenants_filter): 200 POST http://10.180.1.21/compute/v2.1/os-security-groups 2.210s
