2024-08-02 13:34:56.222 61539 INFO tempest.lib.common.dynamic_creds [-] Created isolated network resources for: credentials: Credentials: {'domain_id': 'default', 'domain_name': 'Default', 'username': 'tempest-ServerGroupTestJSON-900251174-project-member', 'project_domain_id': 'default', 'project_domain_name': 'Default', 'project_id': '683850b1cecd48ad9939566a9745c1aa', 'project_name': 'tempest-ServerGroupTestJSON-900251174', 'tenant_id': '683850b1cecd48ad9939566a9745c1aa', 'tenant_name': 'tempest-ServerGroupTestJSON-900251174', 'user_domain_id': 'default', 'user_domain_name': 'Default', 'user_id': 'c29f650cbd91401d995341c03f795e88', 'system': None}, Network: {'id': '13294786-33e7-43ef-9da3-8ec50be1f4f8', 'name': 'tempest-ServerGroupTestJSON-1728985773-network', 'tenant_id': '683850b1cecd48ad9939566a9745c1aa', 'admin_state_up': True, 'mtu': 8950, 'status': 'ACTIVE', 'subnets': [], 'shared': False, 'project_id': '683850b1cecd48ad9939566a9745c1aa', 'port_security_enabled': True, 'router:external': False, 'provider:network_type': 'vlan', 'provider:physical_network': 'default', 'provider:segmentation_id': 7, 'is_default': False, 'availability_zone_hints': [], 'availability_zones': [], 'ipv4_address_scope': None, 'ipv6_address_scope': None, 'description': '', 'tags': [], 'created_at': '2024-08-02T13:34:53Z', 'updated_at': '2024-08-02T13:34:53Z', 'revision_number': 1}, Subnet: {'id': '1f4bce7e-21d8-4cb0-bbe8-ee47f1b02173', 'name': 'tempest-ServerGroupTestJSON-1728985773-subnet', 'tenant_id': '683850b1cecd48ad9939566a9745c1aa', 'network_id': '13294786-33e7-43ef-9da3-8ec50be1f4f8', 'ip_version': 4, 'subnetpool_id': None, 'enable_dhcp': True, 'ipv6_ra_mode': None, 'ipv6_address_mode': None, 'gateway_ip': '192.168.128.1', 'cidr': '192.168.128.0/28', 'allocation_pools': [{'start': '192.168.128.2', 'end': '192.168.128.14'}], 'host_routes': [], 'dns_nameservers': [], 'description': '', 'router:external': False, 'service_types': [], 'tags': [], 'created_at': '2024-08-02T13:34:53Z', 'updated_at': '2024-08-02T13:34:53Z', 'revision_number': 0, 'project_id': '683850b1cecd48ad9939566a9745c1aa'}, Router: {'id': '1faa370d-e393-4556-acc3-b51fd0188890', 'name': 'tempest-ServerGroupTestJSON-1728985773-router', 'tenant_id': '683850b1cecd48ad9939566a9745c1aa', 'admin_state_up': True, 'status': 'ACTIVE', 'external_gateway_info': {'network_id': '7dae1803-a608-4764-a89f-f7d4384bd1f8', 'external_fixed_ips': [{'subnet_id': '9fb89573-4769-4878-a244-b51a0477d814', 'ip_address': '10.180.180.216'}], 'enable_snat': True}, 'description': '', 'availability_zones': [], 'distributed': False, 'ha': False, 'availability_zone_hints': [], 'routes': [], 'flavor_id': None, 'tags': [], 'created_at': '2024-08-02T13:34:53Z', 'updated_at': '2024-08-02T13:34:54Z', 'revision_number': 2, 'project_id': '683850b1cecd48ad9939566a9745c1aa'}
2024-08-02 13:34:56.271 61594 INFO tempest.lib.common.rest_client [req-c2c02513-2ced-4eba-9ab2-000e2ac1a27e req-c2c02513-2ced-4eba-9ab2-000e2ac1a27e ] Request (ServerTagsTestJSON:setUpClass): 200 GET http://10.180.1.21/compute/v2.1/servers/32b57d1b-d35f-488e-be23-9119f2f56562 0.420s
2024-08-02 13:34:56.274 61553 INFO tempest.lib.common.rest_client [req-44823c9c-99d2-44a3-9c57-da7fc6fa5fd8 req-44823c9c-99d2-44a3-9c57-da7fc6fa5fd8 ] Request (ServerDiagnosticsTest:test_get_server_diagnostics): 200 GET http://10.180.1.21/compute/v2.1/servers/7d1f7566-8e5e-476c-9d19-49ed7b16c308 0.521s
2024-08-02 13:34:56.286 61553 INFO tempest.common.waiters [-] State transition "BUILD/None" ==> "BUILD/block_device_mapping" after 48 second wait
2024-08-02 13:34:56.306 61561 INFO tempest.lib.common.rest_client [req-ec489508-c2fd-43ea-96f8-b7cff7e16b53 req-ec489508-c2fd-43ea-96f8-b7cff7e16b53 ] Request (ServerActionsV293TestJSON:setUpClass): 200 GET http://10.180.1.21/volume/v3/039a458fcf5642eaae5d4353f569d660/volumes/770432a3-4ca1-4717-9890-c964bd2d2419 0.028s
2024-08-02 13:34:56.331 61539 INFO tempest.lib.common.rest_client [req-b5a28d3b-c2ac-4e47-9977-a3c158ad4ec9 req-b5a28d3b-c2ac-4e47-9977-a3c158ad4ec9 ] Request (ServerGroupTestJSON:setUpClass): 201 POST http://10.180.1.21/identity/v3/auth/tokens 0.105s
2024-08-02 13:34:56.337 61537 INFO tempest.lib.common.rest_client [req-fa81b2b4-f9b9-46b9-8d1e-ca0b30a69f4d req-fa81b2b4-f9b9-46b9-8d1e-ca0b30a69f4d ] Request (VolumesAssistedSnapshotsTest:test_volume_assisted_snapshot_create_delete): 200 GET http://10.180.1.21/compute/v2.1/servers/1d64d913-45f0-4768-8375-7863d9ae43c3 0.474s
2024-08-02 13:34:56.353 61565 INFO tempest.lib.common.rest_client [req-0b930edb-f067-4142-a4d0-c2923e06f648 req-0b930edb-f067-4142-a4d0-c2923e06f648 ] Request (ServerAddressesTestJSON:setUpClass): 200 GET http://10.180.1.21/compute/v2.1/servers/e2560c8e-61c6-4343-82cb-47dc5b1997fb 0.284s
2024-08-02 13:34:56.395 61558 INFO tempest.lib.common.rest_client [req-62a192fe-b589-4e34-9ed6-fe1ad81d342c req-62a192fe-b589-4e34-9ed6-fe1ad81d342c ] Request (ServerActionsTestOtherA:setUpClass): 200 GET http://10.180.1.21/compute/v2.1/servers/3f1f549f-8034-4685-b6f0-db5a7a2a4a32 0.309s
2024-08-02 13:34:56.411 61591 INFO tempest.lib.common.rest_client [req-2a2547f5-8a70-4d2e-a149-cd567fae87d0 req-2a2547f5-8a70-4d2e-a149-cd567fae87d0 ] Request (AttachInterfacesV270Test:test_create_get_list_interfaces): 200 GET http://10.180.1.21/compute/v2.1/servers/f0c26eb3-e6d6-4d9f-9f07-5add9de6d126 0.273s
2024-08-02 13:34:56.461 61547 INFO tempest.lib.common.rest_client [req-45e4ce8a-e225-437e-9d88-7cc56cf32dd3 req-45e4ce8a-e225-437e-9d88-7cc56cf32dd3 ] Request (FloatingIPsAssociationTestJSON:setUpClass): 200 GET http://10.180.1.21/compute/v2.1/servers/12c47e99-faf4-4083-a46f-4e33c451e980 0.271s
2024-08-02 13:34:56.472 61545 INFO tempest.lib.common.rest_client [req-a2b642d9-a138-434f-827d-137e3bd9686b req-a2b642d9-a138-434f-827d-137e3bd9686b ] Request (ServerActionsTestJSON:setUpClass): 200 GET http://10.180.1.21/compute/v2.1/servers/5ea287cd-ba85-446d-85d0-5a050fe49f17 0.331s
2024-08-02 13:34:56.533 61543 INFO tempest.lib.common.rest_client [req-145e9d51-a28f-406a-8c99-1dd6eebfb300 req-145e9d51-a28f-406a-8c99-1dd6eebfb300 ] Request (ServerDiagnosticsV248Test:tearDownClass): 200 GET http://10.180.1.21/compute/v2.1/servers/62c3b24d-bee7-4dd2-a6c7-9303c7c28cca 0.318s
2024-08-02 13:34:56.592 61541 INFO tempest.lib.common.rest_client [req-5998cb71-4ec0-4ef4-807f-a2b2426a784c req-5998cb71-4ec0-4ef4-807f-a2b2426a784c ] Request (ServersAdminNegativeTestJSON:setUpClass): 200 GET http://10.180.1.21/compute/v2.1/servers/1336becb-9691-490c-86ea-3bc70d13d7df 0.236s
2024-08-02 13:34:56.632 61539 INFO tempest.lib.common.rest_client [req-44212c4e-2abb-4aa2-8048-81c301e65c3b req-44212c4e-2abb-4aa2-8048-81c301e65c3b ] Request (ServerGroupTestJSON:setUp): 200 POST http://10.180.1.21/compute/v2.1/os-server-groups 0.299s
2024-08-02 13:34:56.652 61569 INFO tempest.lib.common.rest_client [req-b106f580-e322-4dba-a24f-2eb7d376a3d6 req-b106f580-e322-4dba-a24f-2eb7d376a3d6 ] Request (ServersNegativeTestJSON:setUpClass): 200 GET http://10.180.1.21/compute/v2.1/servers/297a5546-6159-462c-a436-032d94855c00 0.269s
2024-08-02 13:34:56.688 61551 INFO tempest.lib.common.rest_client [req-22898fa2-2cf4-4c04-9011-950f7a3f2748 req-22898fa2-2cf4-4c04-9011-950f7a3f2748 ] Request (MigrationsAdminTest:test_resize_server_revert_deleted_flavor): 200 GET http://10.180.1.21/compute/v2.1/servers/2b87dfbe-2b94-4787-a795-94f8b63f651c 0.248s
2024-08-02 13:34:56.708 61578 INFO tempest.lib.common.rest_client [req-41212ffb-1875-4cd3-a0d7-c8407cc0c03b req-41212ffb-1875-4cd3-a0d7-c8407cc0c03b ] Request (ServerRescueNegativeTestJSON:setUpClass): 200 GET http://10.180.1.21/compute/v2.1/servers/7f8b08d4-3535-48ab-ba3f-a159511e2a64 0.236s
2024-08-02 13:34:56.745 61535 INFO tempest.lib.common.rest_client [req-d2572703-cc3a-487a-b7cf-020edc7c6706 req-d2572703-cc3a-487a-b7cf-020edc7c6706 ] Request (ServersTestManualDisk:setUpClass): 200 GET http://10.180.1.21/compute/v2.1/servers/30ed4438-4f74-4bc3-a6cc-a59420751940 0.227s
2024-08-02 13:34:56.760 61583 INFO tempest.lib.common.rest_client [req-b0e1d480-4156-451f-88a1-f4ba23667880 req-b0e1d480-4156-451f-88a1-f4ba23667880 ] Request (ServerMetadataNegativeTestJSON:setUpClass): 200 GET http://10.180.1.21/compute/v2.1/servers/1804f229-97b9-4ee3-933d-715431a900f8 0.229s
2024-08-02 13:34:56.789 61559 INFO tempest.lib.common.rest_client [req-9ce56556-63f5-4076-bd4c-0fb730ccd32c req-9ce56556-63f5-4076-bd4c-0fb730ccd32c ] Request (ServerActionsTestOtherB:setUpClass): 200 GET http://10.180.1.21/compute/v2.1/servers/767d7956-954b-4be7-8cc6-45872ff4cfce 0.177s
2024-08-02 13:34:56.813 61597 INFO tempest.lib.common.rest_client [req-e3f2ec7f-0cc4-4d5c-9d63-19bd76bc3edd req-e3f2ec7f-0cc4-4d5c-9d63-19bd76bc3edd ] Request (DeleteServersAdminTestJSON:test_delete_server_while_in_error_state): 200 GET http://10.180.1.21/compute/v2.1/servers/d4d3db12-8de6-4daf-a087-89bb043d1217 0.199s
2024-08-02 13:34:56.852 61539 INFO tempest.lib.common.rest_client [req-e06fe9b5-ee4f-41f0-8949-39ee1f10bff0 req-e06fe9b5-ee4f-41f0-8949-39ee1f10bff0 ] Request (ServerGroupTestJSON:test_create_delete_multiple_server_groups_with_same_name_policy): 200 POST http://10.180.1.21/compute/v2.1/os-server-groups 0.218s
2024-08-02 13:34:56.873 61572 INFO tempest.lib.common.rest_client [req-9f7f0341-fdf5-4d36-a337-4441d6b3502f req-9f7f0341-fdf5-4d36-a337-4441d6b3502f ] Request (ServersTestJSON:setUpClass): 200 GET http://10.180.1.21/compute/v2.1/servers/13c1d417-4087-46ad-b513-fc3317995d18 0.162s
2024-08-02 13:34:56.899 61567 INFO tempest.lib.common.rest_client [req-a8566f74-8f22-4828-b937-ccc5e7f136e6 req-a8566f74-8f22-4828-b937-ccc5e7f136e6 ] Request (ServersTestBootFromVolume:setUpClass): 200 GET http://10.180.1.21/volume/v3/233511ca341849e3a8d33ee8152f429a/volumes/4602f78a-d619-4e07-8958-2029cb61c217 0.032s
2024-08-02 13:34:56.938 61589 INFO tempest.lib.common.rest_client [req-6b2c2397-856f-4958-9d7d-96f2b4736d8c req-6b2c2397-856f-4958-9d7d-96f2b4736d8c ] Request (ImagesTestJSON:test_create_image_from_stopped_server): 200 GET http://10.180.1.21/compute/v2.1/servers/1d84bcbd-9b55-4d6f-b6c7-24391c8600a7 0.143s
2024-08-02 13:34:56.952 61563 INFO tempest.lib.common.rest_client [req-92623feb-bc34-46eb-ab47-5f2a49f68d29 req-92623feb-bc34-46eb-ab47-5f2a49f68d29 ] Request (ServersAdmin275Test:tearDownClass): 200 GET http://10.180.1.21/compute/v2.1/servers/4d75a1ec-6c11-4cdd-ba0e-aa6d3add80f2 0.137s
2024-08-02 13:34:56.988 61539 INFO tempest.lib.common.rest_client [req-6e41c182-f1fc-4f41-b8d5-7fbaba73183a req-6e41c182-f1fc-4f41-b8d5-7fbaba73183a ] Request (ServerGroupTestJSON:test_create_delete_multiple_server_groups_with_same_name_policy): 200 POST http://10.180.1.21/compute/v2.1/os-server-groups 0.134s
2024-08-02 13:34:57.001 61579 INFO tempest.lib.common.rest_client [req-7f86911a-8706-42ba-a821-84610ada689e req-7f86911a-8706-42ba-a821-84610ada689e ] Request (DeleteServersTestJSON:test_delete_server_while_in_attached_volume): 200 GET http://10.180.1.21/compute/v2.1/servers/017b1da4-7c9b-477d-92a3-29b2248317d3 0.098s
2024-08-02 13:34:57.027 61539 INFO tempest.lib.common.rest_client [req-64814bb2-a04e-4721-bdaa-355c09f4ac47 req-64814bb2-a04e-4721-bdaa-355c09f4ac47 ] Request (ServerGroupTestJSON:test_create_delete_multiple_server_groups_with_same_name_policy): 204 DELETE http://10.180.1.21/compute/v2.1/os-server-groups/c3606b59-2f7e-4fe2-8f38-34c4c6f0ba60 0.038s
2024-08-02 13:34:57.044 61539 INFO tempest.lib.common.rest_client [req-ed2deb34-1ac5-444d-92ca-29d783ca5d5e req-ed2deb34-1ac5-444d-92ca-29d783ca5d5e ] Request (ServerGroupTestJSON:test_create_delete_multiple_server_groups_with_same_name_policy): 200 GET http://10.180.1.21/compute/v2.1/os-server-groups 0.016s
2024-08-02 13:34:57.051 61533 INFO tempest.lib.common.rest_client [req-9e0e33ad-bd62-40b3-a691-a730c73f6c0f req-9e0e33ad-bd62-40b3-a691-a730c73f6c0f ] Request (ServersWithSpecificFlavorTestJSON:test_verify_created_server_ephemeral_disk): 200 GET http://10.180.1.21/compute/v2.1/servers/36c3ac75-5bfd-4a89-9ddb-28fded8da39c 0.148s
2024-08-02 13:34:57.081 61539 INFO tempest.lib.common.rest_client [req-2f6266ef-d762-44cd-ac52-c3f2dc6fffb2 req-2f6266ef-d762-44cd-ac52-c3f2dc6fffb2 ] Request (ServerGroupTestJSON:test_create_delete_multiple_server_groups_with_same_name_policy): 204 DELETE http://10.180.1.21/compute/v2.1/os-server-groups/313f8cac-ac1c-4e24-8ca6-ce3ad9348520 0.034s
2024-08-02 13:34:57.090 61555 INFO tempest.lib.common.rest_client [req-c26f03d2-e78d-45c5-bef2-626800125c90 req-c26f03d2-e78d-45c5-bef2-626800125c90 ] Request (InstanceActionsNegativeTestJSON:setUpClass): 200 GET http://10.180.1.21/compute/v2.1/servers/782dc85a-56f4-4f03-8711-b78bbadb33ce 0.054s
2024-08-02 13:34:57.100 61539 INFO tempest.lib.common.rest_client [req-028cbb58-13fd-4f55-b3ad-9c32773ef268 req-028cbb58-13fd-4f55-b3ad-9c32773ef268 ] Request (ServerGroupTestJSON:test_create_delete_multiple_server_groups_with_same_name_policy): 200 GET http://10.180.1.21/compute/v2.1/os-server-groups 0.019s
2024-08-02 13:34:57.138 61581 INFO tempest.lib.common.rest_client [req-1f8c57b5-25ac-4fe8-8198-bcd8e8e0f76d req-1f8c57b5-25ac-4fe8-8198-bcd8e8e0f76d ] Request (SecurityGroupsTestJSON:test_list_security_groups_by_server): 200 GET http://10.180.1.21/compute/v2.1/servers/8f37dfb3-c4d2-4c41-91eb-e3c7ca640050 0.086s
2024-08-02 13:34:57.151 61539 INFO tempest.lib.common.rest_client [req-b2baece3-d47c-45d0-9168-b4f7116c9fd0 req-b2baece3-d47c-45d0-9168-b4f7116c9fd0 ] Request (ServerGroupTestJSON:test_create_delete_server_group_with_affinity_policy): 200 POST http://10.180.1.21/compute/v2.1/os-server-groups 0.049s
2024-08-02 13:34:57.169 61539 INFO tempest.lib.common.rest_client [req-9301ba5a-f83c-42fa-9ab3-c97c6a86480b req-9301ba5a-f83c-42fa-9ab3-c97c6a86480b ] Request (ServerGroupTestJSON:test_create_delete_server_group_with_affinity_policy): 204 DELETE http://10.180.1.21/compute/v2.1/os-server-groups/a89c45c0-1e59-42db-8349-ee59c4763f37 0.016s
2024-08-02 13:34:57.179 61539 INFO tempest.lib.common.rest_client [req-72c293d0-062f-443d-b73b-e4c8b069d3a1 req-72c293d0-062f-443d-b73b-e4c8b069d3a1 ] Request (ServerGroupTestJSON:test_create_delete_server_group_with_affinity_policy): 200 GET http://10.180.1.21/compute/v2.1/os-server-groups 0.009s
2024-08-02 13:34:57.186 61585 INFO tempest.lib.common.rest_client [req-09b080b1-6f8a-4cc7-9484-b1c7f4d0e478 req-09b080b1-6f8a-4cc7-9484-b1c7f4d0e478 ] Request (ServersAaction247Test:test_create_backup): 200 GET http://10.180.1.21/compute/v2.1/servers/109fc11e-d640-4617-99a3-0defe0a5aa6c 0.073s
2024-08-02 13:34:57.228 61539 INFO tempest.lib.common.rest_client [req-d564af9e-1604-4599-9ef6-75f966233c0d req-d564af9e-1604-4599-9ef6-75f966233c0d ] Request (ServerGroupTestJSON:test_create_delete_server_group_with_anti_affinity_policy): 200 POST http://10.180.1.21/compute/v2.1/os-server-groups 0.046s
2024-08-02 13:34:57.241 61574 INFO tempest.lib.common.rest_client [req-9a3936e9-be1f-4243-87c8-3db4d3c428df req-9a3936e9-be1f-4243-87c8-3db4d3c428df ] Request (TenantUsagesTestJSON:setUpClass): 200 GET http://10.180.1.21/compute/v2.1/servers/b41c6d21-5e7f-427f-95ce-830fe0da8bc6 0.051s
2024-08-02 13:34:57.250 61539 INFO tempest.lib.common.rest_client [req-83618637-33f3-48be-b77b-01550cda117b req-83618637-33f3-48be-b77b-01550cda117b ] Request (ServerGroupTestJSON:test_create_delete_server_group_with_anti_affinity_policy): 204 DELETE http://10.180.1.21/compute/v2.1/os-server-groups/58772f5a-e826-40ec-bcdd-1ff7ec2b1911 0.021s
2024-08-02 13:34:57.264 61539 INFO tempest.lib.common.rest_client [req-0ea40017-1197-495b-9c20-bc1f5f434729 req-0ea40017-1197-495b-9c20-bc1f5f434729 ] Request (ServerGroupTestJSON:test_create_delete_server_group_with_anti_affinity_policy): 200 GET http://10.180.1.21/compute/v2.1/os-server-groups 0.013s
2024-08-02 13:34:57.300 61539 INFO tempest.lib.common.rest_client [req-436c8a51-1733-4cd4-bd58-15c863ee87f0 req-436c8a51-1733-4cd4-bd58-15c863ee87f0 ] Request (ServerGroupTestJSON:test_create_server_with_scheduler_hint_group): 201 POST http://10.180.1.21/identity/v3/auth/tokens 0.029s
2024-08-02 13:34:57.300 61539 INFO tempest.lib.common.fixed_network [-] (ServerGroupTestJSON:test_create_server_with_scheduler_hint_group) Found network {'id': '13294786-33e7-43ef-9da3-8ec50be1f4f8', 'name': 'tempest-ServerGroupTestJSON-1728985773-network', 'tenant_id': '683850b1cecd48ad9939566a9745c1aa', 'admin_state_up': True, 'mtu': 8950, 'status': 'ACTIVE', 'subnets': [], 'shared': False, 'project_id': '683850b1cecd48ad9939566a9745c1aa', 'port_security_enabled': True, 'router:external': False, 'provider:network_type': 'vlan', 'provider:physical_network': 'default', 'provider:segmentation_id': 7, 'is_default': False, 'availability_zone_hints': [], 'availability_zones': [], 'ipv4_address_scope': None, 'ipv6_address_scope': None, 'description': '', 'tags': [], 'created_at': '2024-08-02T13:34:53Z', 'updated_at': '2024-08-02T13:34:53Z', 'revision_number': 1} available for tenant
2024-08-02 13:34:57.337 61561 INFO tempest.lib.common.rest_client [req-eea6610c-7f19-4279-ab01-561ae9ad174b req-eea6610c-7f19-4279-ab01-561ae9ad174b ] Request (ServerActionsV293TestJSON:setUpClass): 200 GET http://10.180.1.21/volume/v3/039a458fcf5642eaae5d4353f569d660/volumes/770432a3-4ca1-4717-9890-c964bd2d2419 0.023s
2024-08-02 13:34:57.351 61594 INFO tempest.lib.common.rest_client [req-109cb196-6f52-4340-8437-a021f4c77ec1 req-109cb196-6f52-4340-8437-a021f4c77ec1 ] Request (ServerTagsTestJSON:setUpClass): 200 GET http://10.180.1.21/compute/v2.1/servers/32b57d1b-d35f-488e-be23-9119f2f56562 0.071s
2024-08-02 13:34:57.356 61553 INFO tempest.lib.common.rest_client [req-c9ac6ecb-4446-4a7b-8e0a-d8136612db1c req-c9ac6ecb-4446-4a7b-8e0a-d8136612db1c ] Request (ServerDiagnosticsTest:test_get_server_diagnostics): 200 GET http://10.180.1.21/compute/v2.1/servers/7d1f7566-8e5e-476c-9d19-49ed7b16c308 0.069s
2024-08-02 13:34:57.362 61553 INFO tempest.common.waiters [-] State transition "BUILD/block_device_mapping" ==> "BUILD/spawning" after 49 second wait
2024-08-02 13:34:57.440 61537 INFO tempest.lib.common.rest_client [req-ff425859-b20e-4ba5-a708-0340d0e09640 req-ff425859-b20e-4ba5-a708-0340d0e09640 ] Request (VolumesAssistedSnapshotsTest:test_volume_assisted_snapshot_create_delete): 200 GET http://10.180.1.21/compute/v2.1/servers/1d64d913-45f0-4768-8375-7863d9ae43c3 0.096s
2024-08-02 13:34:57.483 61565 INFO tempest.lib.common.rest_client [req-23632025-be44-42a3-bf18-82188fef5319 req-23632025-be44-42a3-bf18-82188fef5319 ] Request (ServerAddressesTestJSON:setUpClass): 200 GET http://10.180.1.21/compute/v2.1/servers/e2560c8e-61c6-4343-82cb-47dc5b1997fb 0.123s
2024-08-02 13:34:57.529 61558 INFO tempest.lib.common.rest_client [req-74d5495e-b178-4894-85c6-f95a526f191d req-74d5495e-b178-4894-85c6-f95a526f191d ] Request (ServerActionsTestOtherA:setUpClass): 200 GET http://10.180.1.21/compute/v2.1/servers/3f1f549f-8034-4685-b6f0-db5a7a2a4a32 0.127s
2024-08-02 13:34:57.584 61591 INFO tempest.lib.common.rest_client [req-cb1f0d82-499e-4d65-8e2f-6b66cbf29fce req-cb1f0d82-499e-4d65-8e2f-6b66cbf29fce ] Request (AttachInterfacesV270Test:test_create_get_list_interfaces): 200 GET http://10.180.1.21/compute/v2.1/servers/f0c26eb3-e6d6-4d9f-9f07-5add9de6d126 0.157s
2024-08-02 13:34:57.636 61547 INFO tempest.lib.common.rest_client [req-d84e69e1-2cc2-4da3-9047-7c1807fecabe req-d84e69e1-2cc2-4da3-9047-7c1807fecabe ] Request (FloatingIPsAssociationTestJSON:setUpClass): 200 GET http://10.180.1.21/compute/v2.1/servers/12c47e99-faf4-4083-a46f-4e33c451e980 0.168s
2024-08-02 13:34:57.695 61545 INFO tempest.lib.common.rest_client [req-d9207b2d-6e95-49d3-b06d-38bb28c2f4d7 req-d9207b2d-6e95-49d3-b06d-38bb28c2f4d7 ] Request (ServerActionsTestJSON:setUpClass): 200 GET http://10.180.1.21/compute/v2.1/servers/5ea287cd-ba85-446d-85d0-5a050fe49f17 0.212s
2024-08-02 13:34:57.745 61539 INFO tempest.lib.common.rest_client [req-d26c7b29-1c09-4fcd-b378-a0fc6d64532f req-d26c7b29-1c09-4fcd-b378-a0fc6d64532f ] Request (ServerGroupTestJSON:test_create_server_with_scheduler_hint_group): 202 POST http://10.180.1.21/compute/v2.1/servers 0.444s
2024-08-02 13:34:57.783 61543 INFO tempest.lib.common.rest_client [req-1ab3ba69-217d-4701-9e32-992c8477fdbc req-1ab3ba69-217d-4701-9e32-992c8477fdbc ] Request (ServerDiagnosticsV248Test:tearDownClass): 200 GET http://10.180.1.21/compute/v2.1/servers/62c3b24d-bee7-4dd2-a6c7-9303c7c28cca 0.241s
2024-08-02 13:34:57.796 61541 INFO tempest.lib.common.rest_client [req-3bd189d9-6fca-498b-ba52-99faa6cb304b req-3bd189d9-6fca-498b-ba52-99faa6cb304b ] Request (ServersAdminNegativeTestJSON:setUpClass): 200 GET http://10.180.1.21/compute/v2.1/servers/1336becb-9691-490c-86ea-3bc70d13d7df 0.197s
2024-08-02 13:34:57.849 61569 INFO tempest.lib.common.rest_client [req-3afd8f1b-a5e3-48cc-b0e4-105e1d486e55 req-3afd8f1b-a5e3-48cc-b0e4-105e1d486e55 ] Request (ServersNegativeTestJSON:setUpClass): 200 GET http://10.180.1.21/compute/v2.1/servers/297a5546-6159-462c-a436-032d94855c00 0.188s
2024-08-02 13:34:57.859 61551 INFO tempest.lib.common.rest_client [req-8b182484-a840-4826-8603-c4f598c91640 req-8b182484-a840-4826-8603-c4f598c91640 ] Request (MigrationsAdminTest:test_resize_server_revert_deleted_flavor): 200 GET http://10.180.1.21/compute/v2.1/servers/2b87dfbe-2b94-4787-a795-94f8b63f651c 0.163s
2024-08-02 13:34:57.899 61539 INFO tempest.lib.common.rest_client [req-dfb0b320-bfe9-4d6e-a16f-a87de16cde3b req-dfb0b320-bfe9-4d6e-a16f-a87de16cde3b ] Request (ServerGroupTestJSON:test_create_server_with_scheduler_hint_group): 200 GET http://10.180.1.21/compute/v2.1/servers/3635532a-2af3-4ef5-a922-37fc763c9708 0.152s
2024-08-02 13:34:57.918 61578 INFO tempest.lib.common.rest_client [req-3825e554-3600-47ba-8b6f-564457de5ceb req-3825e554-3600-47ba-8b6f-564457de5ceb ] Request (ServerRescueNegativeTestJSON:setUpClass): 200 GET http://10.180.1.21/compute/v2.1/servers/7f8b08d4-3535-48ab-ba3f-a159511e2a64 0.202s
2024-08-02 13:34:57.934 61567 INFO tempest.lib.common.rest_client [req-de90b627-af5d-4901-8ae2-150b46fe65ad req-de90b627-af5d-4901-8ae2-150b46fe65ad ] Request (ServersTestBootFromVolume:setUpClass): 200 GET http://10.180.1.21/volume/v3/233511ca341849e3a8d33ee8152f429a/volumes/4602f78a-d619-4e07-8958-2029cb61c217 0.027s
2024-08-02 13:34:57.981 61583 INFO tempest.lib.common.rest_client [req-80f9e435-aea0-4afc-a356-1a2941c3ee64 req-80f9e435-aea0-4afc-a356-1a2941c3ee64 ] Request (ServerMetadataNegativeTestJSON:setUpClass): 200 GET http://10.180.1.21/compute/v2.1/servers/1804f229-97b9-4ee3-933d-715431a900f8 0.214s
2024-08-02 13:34:57.983 61535 INFO tempest.lib.common.rest_client [req-ba35b959-1f19-4cd5-a638-55d59b0fcaa3 req-ba35b959-1f19-4cd5-a638-55d59b0fcaa3 ] Request (ServersTestManualDisk:setUpClass): 200 GET http://10.180.1.21/compute/v2.1/servers/30ed4438-4f74-4bc3-a6cc-a59420751940 0.231s
2024-08-02 13:34:58.028 61559 INFO tempest.lib.common.rest_client [req-106dd170-97cd-4040-a65a-a8c8b6705848 req-106dd170-97cd-4040-a65a-a8c8b6705848 ] Request (ServerActionsTestOtherB:setUpClass): 200 GET http://10.180.1.21/compute/v2.1/servers/767d7956-954b-4be7-8cc6-45872ff4cfce 0.232s
2024-08-02 13:34:58.038 61597 INFO tempest.lib.common.rest_client [req-214b0b89-d0b1-4b04-8390-2e5d83524f39 req-214b0b89-d0b1-4b04-8390-2e5d83524f39 ] Request (DeleteServersAdminTestJSON:test_delete_server_while_in_error_state): 200 GET http://10.180.1.21/compute/v2.1/servers/d4d3db12-8de6-4daf-a087-89bb043d1217 0.218s
2024-08-02 13:34:58.076 61572 INFO tempest.lib.common.rest_client [req-c61f3fb9-c368-4a6f-82c5-5ddd7b0d95a0 req-c61f3fb9-c368-4a6f-82c5-5ddd7b0d95a0 ] Request (ServersTestJSON:setUpClass): 200 GET http://10.180.1.21/compute/v2.1/servers/13c1d417-4087-46ad-b513-fc3317995d18 0.194s
2024-08-02 13:34:58.087 61589 INFO tempest.lib.common.rest_client [req-e520bb53-5e69-4e61-aecf-d715d0f6398f req-e520bb53-5e69-4e61-aecf-d715d0f6398f ] Request (ImagesTestJSON:test_create_image_from_stopped_server): 200 GET http://10.180.1.21/compute/v2.1/servers/1d84bcbd-9b55-4d6f-b6c7-24391c8600a7 0.140s
2024-08-02 13:34:58.143 61579 INFO tempest.lib.common.rest_client [req-2df885d1-4664-4ce4-9ad6-5e10d325b58b req-2df885d1-4664-4ce4-9ad6-5e10d325b58b ] Request (DeleteServersTestJSON:test_delete_server_while_in_attached_volume): 200 GET http://10.180.1.21/compute/v2.1/servers/017b1da4-7c9b-477d-92a3-29b2248317d3 0.134s
2024-08-02 13:34:58.144 61563 INFO tempest.lib.common.rest_client [req-e179ce4b-3ed2-4233-b4f7-0c139437e2a0 req-e179ce4b-3ed2-4233-b4f7-0c139437e2a0 ] Request (ServersAdmin275Test:tearDownClass): 200 GET http://10.180.1.21/compute/v2.1/servers/4d75a1ec-6c11-4cdd-ba0e-aa6d3add80f2 0.184s
2024-08-02 13:34:58.199 61555 INFO tempest.lib.common.rest_client [req-2a8636e0-6c07-48dd-b56e-4bbe9e9a9f21 req-2a8636e0-6c07-48dd-b56e-4bbe9e9a9f21 ] Request (InstanceActionsNegativeTestJSON:setUpClass): 200 GET http://10.180.1.21/compute/v2.1/servers/782dc85a-56f4-4f03-8711-b78bbadb33ce 0.103s
2024-08-02 13:34:58.200 61533 INFO tempest.lib.common.rest_client [req-89063741-23c1-4bdd-a934-5c4d3bda5310 req-89063741-23c1-4bdd-a934-5c4d3bda5310 ] Request (ServersWithSpecificFlavorTestJSON:test_verify_created_server_ephemeral_disk): 200 GET http://10.180.1.21/compute/v2.1/servers/36c3ac75-5bfd-4a89-9ddb-28fded8da39c 0.141s
2024-08-02 13:34:58.254 61581 INFO tempest.lib.common.rest_client [req-09fee373-188c-4077-841b-9c4bac12bb7a req-09fee373-188c-4077-841b-9c4bac12bb7a ] Request (SecurityGroupsTestJSON:test_list_security_groups_by_server): 200 GET http://10.180.1.21/compute/v2.1/servers/8f37dfb3-c4d2-4c41-91eb-e3c7ca640050 0.106s
2024-08-02 13:34:58.256 61585 INFO tempest.lib.common.rest_client [req-64d3bb88-7706-4584-bc0b-ae0c88504211 req-64d3bb88-7706-4584-bc0b-ae0c88504211 ] Request (ServersAaction247Test:test_create_backup): 200 GET http://10.180.1.21/compute/v2.1/servers/109fc11e-d640-4617-99a3-0defe0a5aa6c 0.061s
2024-08-02 13:34:58.299 61574 INFO tempest.lib.common.rest_client [req-21b7250f-aac0-46dc-8975-6ec0631a0d2e req-21b7250f-aac0-46dc-8975-6ec0631a0d2e ] Request (TenantUsagesTestJSON:setUpClass): 200 GET http://10.180.1.21/compute/v2.1/servers/b41c6d21-5e7f-427f-95ce-830fe0da8bc6 0.051s
2024-08-02 13:34:58.366 61561 INFO tempest.lib.common.rest_client [req-d205666a-2752-4a1e-a8e3-82e707500055 req-d205666a-2752-4a1e-a8e3-82e707500055 ] Request (ServerActionsV293TestJSON:setUpClass): 200 GET http://10.180.1.21/volume/v3/039a458fcf5642eaae5d4353f569d660/volumes/770432a3-4ca1-4717-9890-c964bd2d2419 0.022s
2024-08-02 13:34:58.420 61553 INFO tempest.lib.common.rest_client [req-ea9c6118-d515-4bf1-8b0e-39a41d9c289b req-ea9c6118-d515-4bf1-8b0e-39a41d9c289b ] Request (ServerDiagnosticsTest:test_get_server_diagnostics): 200 GET http://10.180.1.21/compute/v2.1/servers/7d1f7566-8e5e-476c-9d19-49ed7b16c308 0.057s
2024-08-02 13:34:58.421 61594 INFO tempest.lib.common.rest_client [req-fe67761c-3981-4454-a2f4-3ef6a22a0cbf req-fe67761c-3981-4454-a2f4-3ef6a22a0cbf ] Request (ServerTagsTestJSON:setUpClass): 200 GET http://10.180.1.21/compute/v2.1/servers/32b57d1b-d35f-488e-be23-9119f2f56562 0.061s
2024-08-02 13:34:58.495 61537 INFO tempest.lib.common.rest_client [req-ec6a1c83-4ffd-4787-b991-6a23d67ccd60 req-ec6a1c83-4ffd-4787-b991-6a23d67ccd60 ] Request (VolumesAssistedSnapshotsTest:test_volume_assisted_snapshot_create_delete): 200 GET http://10.180.1.21/compute/v2.1/servers/1d64d913-45f0-4768-8375-7863d9ae43c3 0.048s
2024-08-02 13:34:58.537 61565 INFO tempest.lib.common.rest_client [req-cdcb28af-d5b7-48be-af65-989f58225573 req-cdcb28af-d5b7-48be-af65-989f58225573 ] Request (ServerAddressesTestJSON:setUpClass): 200 GET http://10.180.1.21/compute/v2.1/servers/e2560c8e-61c6-4343-82cb-47dc5b1997fb 0.047s
2024-08-02 13:34:58.583 61558 INFO tempest.lib.common.rest_client [req-8a1fd93a-9401-40d8-ba69-99a18e7a8f6d req-8a1fd93a-9401-40d8-ba69-99a18e7a8f6d ] Request (ServerActionsTestOtherA:setUpClass): 200 GET http://10.180.1.21/compute/v2.1/servers/3f1f549f-8034-4685-b6f0-db5a7a2a4a32 0.047s
2024-08-02 13:34:58.646 61591 INFO tempest.lib.common.rest_client [req-7fe6d66f-a4f8-435d-9699-bfa8a8f84b5f req-7fe6d66f-a4f8-435d-9699-bfa8a8f84b5f ] Request (AttachInterfacesV270Test:test_create_get_list_interfaces): 200 GET http://10.180.1.21/compute/v2.1/servers/f0c26eb3-e6d6-4d9f-9f07-5add9de6d126 0.053s
2024-08-02 13:34:58.686 61547 INFO tempest.lib.common.rest_client [req-aeb4f9e5-adad-4867-8bd8-2156e773a529 req-aeb4f9e5-adad-4867-8bd8-2156e773a529 ] Request (FloatingIPsAssociationTestJSON:setUpClass): 200 GET http://10.180.1.21/compute/v2.1/servers/12c47e99-faf4-4083-a46f-4e33c451e980 0.042s
2024-08-02 13:34:58.747 61545 INFO tempest.lib.common.rest_client [req-f5aa07e2-f807-41d8-9c0c-467e2af09c3a req-f5aa07e2-f807-41d8-9c0c-467e2af09c3a ] Request (ServerActionsTestJSON:setUpClass): 200 GET http://10.180.1.21/compute/v2.1/servers/5ea287cd-ba85-446d-85d0-5a050fe49f17 0.045s
2024-08-02 13:34:58.857 61541 INFO tempest.lib.common.rest_client [req-901b86d7-1f0f-4e74-9464-b31040d0aaee req-901b86d7-1f0f-4e74-9464-b31040d0aaee ] Request (ServersAdminNegativeTestJSON:setUpClass): 200 GET http://10.180.1.21/compute/v2.1/servers/1336becb-9691-490c-86ea-3bc70d13d7df 0.054s
2024-08-02 13:34:58.859 61543 INFO tempest.lib.common.rest_client [req-74ac2866-fb4b-4699-9f99-cbeddf2a7756 req-74ac2866-fb4b-4699-9f99-cbeddf2a7756 ] Request (ServerDiagnosticsV248Test:tearDownClass): 200 GET http://10.180.1.21/compute/v2.1/servers/62c3b24d-bee7-4dd2-a6c7-9303c7c28cca 0.068s
2024-08-02 13:34:58.907 61569 INFO tempest.lib.common.rest_client [req-154fc9bb-17b5-49d0-9b9f-95a3ca73c505 req-154fc9bb-17b5-49d0-9b9f-95a3ca73c505 ] Request (ServersNegativeTestJSON:setUpClass): 200 GET http://10.180.1.21/compute/v2.1/servers/297a5546-6159-462c-a436-032d94855c00 0.051s
2024-08-02 13:34:58.918 61551 INFO tempest.lib.common.rest_client [req-4e10b1b9-143b-479b-8963-fc1780b605ee req-4e10b1b9-143b-479b-8963-fc1780b605ee ] Request (MigrationsAdminTest:test_resize_server_revert_deleted_flavor): 200 GET http://10.180.1.21/compute/v2.1/servers/2b87dfbe-2b94-4787-a795-94f8b63f651c 0.050s
2024-08-02 13:34:58.967 61567 INFO tempest.lib.common.rest_client [req-9c070d98-c0ad-4688-9199-31a93eaed729 req-9c070d98-c0ad-4688-9199-31a93eaed729 ] Request (ServersTestBootFromVolume:setUpClass): 200 GET http://10.180.1.21/volume/v3/233511ca341849e3a8d33ee8152f429a/volumes/4602f78a-d619-4e07-8958-2029cb61c217 0.026s
2024-08-02 13:34:58.969 61539 INFO tempest.lib.common.rest_client [req-676fbf8e-f149-44e9-ae02-6f33f5363b2b req-676fbf8e-f149-44e9-ae02-6f33f5363b2b ] Request (ServerGroupTestJSON:test_create_server_with_scheduler_hint_group): 200 GET http://10.180.1.21/compute/v2.1/servers/3635532a-2af3-4ef5-a922-37fc763c9708 0.063s
2024-08-02 13:34:58.977 61578 INFO tempest.lib.common.rest_client [req-357d9906-0f9d-473c-aff4-f803725090d1 req-357d9906-0f9d-473c-aff4-f803725090d1 ] Request (ServerRescueNegativeTestJSON:setUpClass): 200 GET http://10.180.1.21/compute/v2.1/servers/7f8b08d4-3535-48ab-ba3f-a159511e2a64 0.051s
2024-08-02 13:34:59.036 61583 INFO tempest.lib.common.rest_client [req-726cd7f1-43fc-446c-adcd-7e813cdaf651 req-726cd7f1-43fc-446c-adcd-7e813cdaf651 ] Request (ServerMetadataNegativeTestJSON:setUpClass): 200 GET http://10.180.1.21/compute/v2.1/servers/1804f229-97b9-4ee3-933d-715431a900f8 0.048s
2024-08-02 13:34:59.042 61535 INFO tempest.lib.common.rest_client [req-162e31ae-9e5a-4adc-aae9-69c6f083bbe2 req-162e31ae-9e5a-4adc-aae9-69c6f083bbe2 ] Request (ServersTestManualDisk:setUpClass): 200 GET http://10.180.1.21/compute/v2.1/servers/30ed4438-4f74-4bc3-a6cc-a59420751940 0.051s
2024-08-02 13:34:59.086 61559 INFO tempest.lib.common.rest_client [req-ece75abd-ad9e-4184-8f7e-a6b4d0383d34 req-ece75abd-ad9e-4184-8f7e-a6b4d0383d34 ] Request (ServerActionsTestOtherB:setUpClass): 200 GET http://10.180.1.21/compute/v2.1/servers/767d7956-954b-4be7-8cc6-45872ff4cfce 0.050s
2024-08-02 13:34:59.098 61597 INFO tempest.lib.common.rest_client [req-4499dce6-6b03-4670-b493-787712ee391d req-4499dce6-6b03-4670-b493-787712ee391d ] Request (DeleteServersAdminTestJSON:test_delete_server_while_in_error_state): 200 GET http://10.180.1.21/compute/v2.1/servers/d4d3db12-8de6-4daf-a087-89bb043d1217 0.052s
2024-08-02 13:34:59.131 61572 INFO tempest.lib.common.rest_client [req-673ea4a5-a0bb-40b7-be12-76794faca43a req-673ea4a5-a0bb-40b7-be12-76794faca43a ] Request (ServersTestJSON:setUpClass): 200 GET http://10.180.1.21/compute/v2.1/servers/13c1d417-4087-46ad-b513-fc3317995d18 0.047s
2024-08-02 13:34:59.140 61589 INFO tempest.lib.common.rest_client [req-4cb4dc1c-031f-457e-b56e-b669d8cdd9bb req-4cb4dc1c-031f-457e-b56e-b669d8cdd9bb ] Request (ImagesTestJSON:test_create_image_from_stopped_server): 200 GET http://10.180.1.21/compute/v2.1/servers/1d84bcbd-9b55-4d6f-b6c7-24391c8600a7 0.046s
2024-08-02 13:34:59.196 61579 INFO tempest.lib.common.rest_client [req-877c2cfc-fe83-49b7-aaab-6819ca58fd26 req-877c2cfc-fe83-49b7-aaab-6819ca58fd26 ] Request (DeleteServersTestJSON:test_delete_server_while_in_attached_volume): 200 GET http://10.180.1.21/compute/v2.1/servers/017b1da4-7c9b-477d-92a3-29b2248317d3 0.046s
2024-08-02 13:34:59.215 61563 INFO tempest.lib.common.rest_client [req-2a762770-460a-427f-a567-27d3ef45d044 req-2a762770-460a-427f-a567-27d3ef45d044 ] Request (ServersAdmin275Test:tearDownClass): 200 GET http://10.180.1.21/compute/v2.1/servers/4d75a1ec-6c11-4cdd-ba0e-aa6d3add80f2 0.060s
2024-08-02 13:34:59.257 61555 INFO tempest.lib.common.rest_client [req-e8ef9284-8445-48ef-8600-b9bbff033eff req-e8ef9284-8445-48ef-8600-b9bbff033eff ] Request (InstanceActionsNegativeTestJSON:setUpClass): 200 GET http://10.180.1.21/compute/v2.1/servers/782dc85a-56f4-4f03-8711-b78bbadb33ce 0.051s
2024-08-02 13:34:59.262 61533 INFO tempest.lib.common.rest_client [req-5f906c00-1ae6-4791-a8f6-78a1af9834e6 req-5f906c00-1ae6-4791-a8f6-78a1af9834e6 ] Request (ServersWithSpecificFlavorTestJSON:test_verify_created_server_ephemeral_disk): 200 GET http://10.180.1.21/compute/v2.1/servers/36c3ac75-5bfd-4a89-9ddb-28fded8da39c 0.055s
2024-08-02 13:34:59.322 61581 INFO tempest.lib.common.rest_client [req-777dafcd-eed5-4214-877c-3e60d37d986d req-777dafcd-eed5-4214-877c-3e60d37d986d ] Request (SecurityGroupsTestJSON:test_list_security_groups_by_server): 200 GET http://10.180.1.21/compute/v2.1/servers/8f37dfb3-c4d2-4c41-91eb-e3c7ca640050 0.062s
2024-08-02 13:34:59.330 61585 INFO tempest.lib.common.rest_client [req-d6e223c4-311a-48f7-8c3b-664718d60051 req-d6e223c4-311a-48f7-8c3b-664718d60051 ] Request (ServersAaction247Test:test_create_backup): 200 GET http://10.180.1.21/compute/v2.1/servers/109fc11e-d640-4617-99a3-0defe0a5aa6c 0.065s
2024-08-02 13:34:59.368 61574 INFO tempest.lib.common.rest_client [req-b5fc264b-7755-4052-a367-cc231b6569dd req-b5fc264b-7755-4052-a367-cc231b6569dd ] Request (TenantUsagesTestJSON:setUpClass): 200 GET http://10.180.1.21/compute/v2.1/servers/b41c6d21-5e7f-427f-95ce-830fe0da8bc6 0.062s
2024-08-02 13:34:59.399 61561 INFO tempest.lib.common.rest_client [req-1057eaec-a1f9-4388-9cda-8db247e20eb1 req-1057eaec-a1f9-4388-9cda-8db247e20eb1 ] Request (ServerActionsV293TestJSON:setUpClass): 200 GET http://10.180.1.21/volume/v3/039a458fcf5642eaae5d4353f569d660/volumes/770432a3-4ca1-4717-9890-c964bd2d2419 0.026s
2024-08-02 13:34:59.485 61553 INFO tempest.lib.common.rest_client [req-4c782dda-5e44-4715-a463-0db795832998 req-4c782dda-5e44-4715-a463-0db795832998 ] Request (ServerDiagnosticsTest:test_get_server_diagnostics): 200 GET http://10.180.1.21/compute/v2.1/servers/7d1f7566-8e5e-476c-9d19-49ed7b16c308 0.057s
2024-08-02 13:34:59.487 61594 INFO tempest.lib.common.rest_client [req-6cd2bf90-5ec9-4072-83fc-3ae81a4df591 req-6cd2bf90-5ec9-4072-83fc-3ae81a4df591 ] Request (ServerTagsTestJSON:setUpClass): 200 GET http://10.180.1.21/compute/v2.1/servers/32b57d1b-d35f-488e-be23-9119f2f56562 0.058s
2024-08-02 13:34:59.548 61537 INFO tempest.lib.common.rest_client [req-d987cd1b-e502-49f9-8073-95e3dea0273c req-d987cd1b-e502-49f9-8073-95e3dea0273c ] Request (VolumesAssistedSnapshotsTest:test_volume_assisted_snapshot_create_delete): 200 GET http://10.180.1.21/compute/v2.1/servers/1d64d913-45f0-4768-8375-7863d9ae43c3 0.044s
2024-08-02 13:34:59.592 61565 INFO tempest.lib.common.rest_client [req-d9df6041-90d7-41b5-947b-2dafe228f1b1 req-d9df6041-90d7-41b5-947b-2dafe228f1b1 ] Request (ServerAddressesTestJSON:setUpClass): 200 GET http://10.180.1.21/compute/v2.1/servers/e2560c8e-61c6-4343-82cb-47dc5b1997fb 0.048s
2024-08-02 13:34:59.642 61558 INFO tempest.lib.common.rest_client [req-ec713b6d-08ec-468f-93e1-39b9725ff39a req-ec713b6d-08ec-468f-93e1-39b9725ff39a ] Request (ServerActionsTestOtherA:setUpClass): 200 GET http://10.180.1.21/compute/v2.1/servers/3f1f549f-8034-4685-b6f0-db5a7a2a4a32 0.052s
2024-08-02 13:34:59.702 61591 INFO tempest.lib.common.rest_client [req-88cb0be8-6a0c-4413-a880-14a7552cbd1b req-88cb0be8-6a0c-4413-a880-14a7552cbd1b ] Request (AttachInterfacesV270Test:test_create_get_list_interfaces): 200 GET http://10.180.1.21/compute/v2.1/servers/f0c26eb3-e6d6-4d9f-9f07-5add9de6d126 0.047s
2024-08-02 13:34:59.738 61547 INFO tempest.lib.common.rest_client [req-ffe97e4c-7749-4031-a647-894bb65cc7bc req-ffe97e4c-7749-4031-a647-894bb65cc7bc ] Request (FloatingIPsAssociationTestJSON:setUpClass): 200 GET http://10.180.1.21/compute/v2.1/servers/12c47e99-faf4-4083-a46f-4e33c451e980 0.045s
2024-08-02 13:34:59.797 61545 INFO tempest.lib.common.rest_client [req-2e98e977-ec02-4760-9abe-79ae30ebd6a7 req-2e98e977-ec02-4760-9abe-79ae30ebd6a7 ] Request (ServerActionsTestJSON:setUpClass): 200 GET http://10.180.1.21/compute/v2.1/servers/5ea287cd-ba85-446d-85d0-5a050fe49f17 0.043s
2024-08-02 13:34:59.928 61541 INFO tempest.lib.common.rest_client [req-a95efc90-24da-4f3b-ae6f-50985af68257 req-a95efc90-24da-4f3b-ae6f-50985af68257 ] Request (ServersAdminNegativeTestJSON:setUpClass): 200 GET http://10.180.1.21/compute/v2.1/servers/1336becb-9691-490c-86ea-3bc70d13d7df 0.064s
2024-08-02 13:34:59.940 61543 INFO tempest.lib.common.rest_client [req-7aec64d5-a4d0-4af9-b6ac-efdb7d274868 req-7aec64d5-a4d0-4af9-b6ac-efdb7d274868 ] Request (ServerDiagnosticsV248Test:tearDownClass): 200 GET http://10.180.1.21/compute/v2.1/servers/62c3b24d-bee7-4dd2-a6c7-9303c7c28cca 0.070s
2024-08-02 13:34:59.982 61569 INFO tempest.lib.common.rest_client [req-f4f70ecd-bb78-4d76-82f0-821a65f03a11 req-f4f70ecd-bb78-4d76-82f0-821a65f03a11 ] Request (ServersNegativeTestJSON:setUpClass): 200 GET http://10.180.1.21/compute/v2.1/servers/297a5546-6159-462c-a436-032d94855c00 0.067s
2024-08-02 13:34:59.992 61551 INFO tempest.lib.common.rest_client [req-a634891d-2f4c-40d7-99d5-f56ba44efb13 req-a634891d-2f4c-40d7-99d5-f56ba44efb13 ] Request (MigrationsAdminTest:test_resize_server_revert_deleted_flavor): 200 GET http://10.180.1.21/compute/v2.1/servers/2b87dfbe-2b94-4787-a795-94f8b63f651c 0.067s
2024-08-02 13:35:00.001 61567 INFO tempest.lib.common.rest_client [req-87f78cde-365d-41b4-b68d-9066b988dd7f req-87f78cde-365d-41b4-b68d-9066b988dd7f ] Request (ServersTestBootFromVolume:setUpClass): 200 GET http://10.180.1.21/volume/v3/233511ca341849e3a8d33ee8152f429a/volumes/4602f78a-d619-4e07-8958-2029cb61c217 0.027s
2024-08-02 13:35:00.039 61578 INFO tempest.lib.common.rest_client [req-61cd5f0f-823d-4dec-abd9-74f8ed02ebb6 req-61cd5f0f-823d-4dec-abd9-74f8ed02ebb6 ] Request (ServerRescueNegativeTestJSON:setUpClass): 200 GET http://10.180.1.21/compute/v2.1/servers/7f8b08d4-3535-48ab-ba3f-a159511e2a64 0.055s
2024-08-02 13:35:00.039 61539 INFO tempest.lib.common.rest_client [req-cff43496-b413-4486-84cd-53b7c9821bb4 req-cff43496-b413-4486-84cd-53b7c9821bb4 ] Request (ServerGroupTestJSON:test_create_server_with_scheduler_hint_group): 200 GET http://10.180.1.21/compute/v2.1/servers/3635532a-2af3-4ef5-a922-37fc763c9708 0.063s
2024-08-02 13:35:00.101 61583 INFO tempest.lib.common.rest_client [req-144b1c2a-1df9-43a0-8c5b-5f56949c2b04 req-144b1c2a-1df9-43a0-8c5b-5f56949c2b04 ] Request (ServerMetadataNegativeTestJSON:setUpClass): 200 GET http://10.180.1.21/compute/v2.1/servers/1804f229-97b9-4ee3-933d-715431a900f8 0.058s
2024-08-02 13:35:00.104 61535 INFO tempest.lib.common.rest_client [req-9aa3c344-1f45-4f7e-8c3c-65cdb23c4553 req-9aa3c344-1f45-4f7e-8c3c-65cdb23c4553 ] Request (ServersTestManualDisk:setUpClass): 200 GET http://10.180.1.21/compute/v2.1/servers/30ed4438-4f74-4bc3-a6cc-a59420751940 0.055s
2024-08-02 13:35:00.151 61559 INFO tempest.lib.common.rest_client [req-af6a7d75-5459-4e23-b589-49efecbd2517 req-af6a7d75-5459-4e23-b589-49efecbd2517 ] Request (ServerActionsTestOtherB:setUpClass): 200 GET http://10.180.1.21/compute/v2.1/servers/767d7956-954b-4be7-8cc6-45872ff4cfce 0.058s
2024-08-02 13:35:00.157 61597 INFO tempest.lib.common.rest_client [req-83bcc106-873b-49d3-9dcd-3ec5a4249868 req-83bcc106-873b-49d3-9dcd-3ec5a4249868 ] Request (DeleteServersAdminTestJSON:test_delete_server_while_in_error_state): 200 GET http://10.180.1.21/compute/v2.1/servers/d4d3db12-8de6-4daf-a087-89bb043d1217 0.053s
2024-08-02 13:35:00.198 61572 INFO tempest.lib.common.rest_client [req-b274bc8a-ef34-4d4c-89ce-9da6ab2b1ea5 req-b274bc8a-ef34-4d4c-89ce-9da6ab2b1ea5 ] Request (ServersTestJSON:setUpClass): 200 GET http://10.180.1.21/compute/v2.1/servers/13c1d417-4087-46ad-b513-fc3317995d18 0.060s
2024-08-02 13:35:00.209 61589 INFO tempest.lib.common.rest_client [req-c6ac4989-c39d-4d27-8964-0d5614d08bd8 req-c6ac4989-c39d-4d27-8964-0d5614d08bd8 ] Request (ImagesTestJSON:test_create_image_from_stopped_server): 200 GET http://10.180.1.21/compute/v2.1/servers/1d84bcbd-9b55-4d6f-b6c7-24391c8600a7 0.061s
2024-08-02 13:35:00.246 61563 INFO tempest.lib.common.rest_client [req-6a0d4474-48b6-43fe-89b9-b6fcd31797a6 req-6a0d4474-48b6-43fe-89b9-b6fcd31797a6 ] Request (ServersAdmin275Test:tearDownClass): 404 GET http://10.180.1.21/compute/v2.1/servers/4d75a1ec-6c11-4cdd-ba0e-aa6d3add80f2 0.022s
2024-08-02 13:35:00.250 61579 INFO tempest.lib.common.rest_client [req-aaa5626d-766e-4a90-8238-9c2eac06cad8 req-aaa5626d-766e-4a90-8238-9c2eac06cad8 ] Request (DeleteServersTestJSON:test_delete_server_while_in_attached_volume): 200 GET http://10.180.1.21/compute/v2.1/servers/017b1da4-7c9b-477d-92a3-29b2248317d3 0.047s
2024-08-02 13:35:00.315 61563 INFO tempest.lib.common.rest_client [req-0b556033-cfcc-4842-85c1-064c8b36f5fc req-0b556033-cfcc-4842-85c1-064c8b36f5fc ] Request (ServersAdmin275Test:tearDownClass): 204 DELETE http://10.180.1.21/identity/v3/users/c082680fa2254a3286797922adf42920 0.068s
2024-08-02 13:35:00.321 61555 INFO tempest.lib.common.rest_client [req-5993fc2e-744a-4f02-8f69-af3e2d66cc73 req-5993fc2e-744a-4f02-8f69-af3e2d66cc73 ] Request (InstanceActionsNegativeTestJSON:setUpClass): 200 GET http://10.180.1.21/compute/v2.1/servers/782dc85a-56f4-4f03-8711-b78bbadb33ce 0.055s
2024-08-02 13:35:00.328 61533 INFO tempest.lib.common.rest_client [req-55caa76e-da6e-48db-8f7c-a268d15065a4 req-55caa76e-da6e-48db-8f7c-a268d15065a4 ] Request (ServersWithSpecificFlavorTestJSON:test_verify_created_server_ephemeral_disk): 200 GET http://10.180.1.21/compute/v2.1/servers/36c3ac75-5bfd-4a89-9ddb-28fded8da39c 0.058s
2024-08-02 13:35:00.390 61563 INFO tempest.lib.common.rest_client [req-ad45df65-cdbc-4202-bce6-3f3eb04d35bb req-ad45df65-cdbc-4202-bce6-3f3eb04d35bb ] Request (ServersAdmin275Test:tearDownClass): 204 DELETE http://10.180.1.21/identity/v3/users/0129a37234ad464a972a4173a1f4f8ee 0.075s
2024-08-02 13:35:00.390 61563 INFO tempest.lib.common.dynamic_creds [-] Deleting project and security group for project: e61a8cf922be483bb43f177dbbf0072e
2024-08-02 13:35:00.405 61581 INFO tempest.lib.common.rest_client [req-ce49fa14-d434-4c7d-a901-b91551e1ed83 req-ce49fa14-d434-4c7d-a901-b91551e1ed83 ] Request (SecurityGroupsTestJSON:test_list_security_groups_by_server): 200 GET http://10.180.1.21/compute/v2.1/servers/8f37dfb3-c4d2-4c41-91eb-e3c7ca640050 0.076s
2024-08-02 13:35:00.407 61585 INFO tempest.lib.common.rest_client [req-09ec22ca-a179-4e09-9179-4a7f7a3f2fff req-09ec22ca-a179-4e09-9179-4a7f7a3f2fff ] Request (ServersAaction247Test:test_create_backup): 200 GET http://10.180.1.21/compute/v2.1/servers/109fc11e-d640-4617-99a3-0defe0a5aa6c 0.067s
2024-08-02 13:35:00.435 61561 INFO tempest.lib.common.rest_client [req-82e25d89-f84e-4a9f-920a-d2cb5246e740 req-82e25d89-f84e-4a9f-920a-d2cb5246e740 ] Request (ServerActionsV293TestJSON:setUpClass): 200 GET http://10.180.1.21/volume/v3/039a458fcf5642eaae5d4353f569d660/volumes/770432a3-4ca1-4717-9890-c964bd2d2419 0.028s
2024-08-02 13:35:00.446 61563 INFO tempest.lib.common.rest_client [req-99a94ebe-c958-4618-9a13-db0ae4bd1f8e req-99a94ebe-c958-4618-9a13-db0ae4bd1f8e ] Request (ServersAdmin275Test:tearDownClass): 201 POST http://10.180.1.21/identity/v3/auth/tokens 0.055s
2024-08-02 13:35:00.454 61574 INFO tempest.lib.common.rest_client [req-1fe3ee90-5dbd-4d1a-9e50-ce8ff582ab21 req-1fe3ee90-5dbd-4d1a-9e50-ce8ff582ab21 ] Request (TenantUsagesTestJSON:setUpClass): 200 GET http://10.180.1.21/compute/v2.1/servers/b41c6d21-5e7f-427f-95ce-830fe0da8bc6 0.079s
2024-08-02 13:35:00.563 61553 INFO tempest.lib.common.rest_client [req-d49d4ee0-6114-4f6a-aaa5-5de52302f4fa req-d49d4ee0-6114-4f6a-aaa5-5de52302f4fa ] Request (ServerDiagnosticsTest:test_get_server_diagnostics): 200 GET http://10.180.1.21/compute/v2.1/servers/7d1f7566-8e5e-476c-9d19-49ed7b16c308 0.070s
2024-08-02 13:35:00.582 61594 INFO tempest.lib.common.rest_client [req-0c107057-eb64-4385-a65a-a09073c95843 req-0c107057-eb64-4385-a65a-a09073c95843 ] Request (ServerTagsTestJSON:setUpClass): 200 GET http://10.180.1.21/compute/v2.1/servers/32b57d1b-d35f-488e-be23-9119f2f56562 0.087s
2024-08-02 13:35:00.626 61537 INFO tempest.lib.common.rest_client [req-7bc262d7-5bb2-44ad-8f24-93014e9632ed req-7bc262d7-5bb2-44ad-8f24-93014e9632ed ] Request (VolumesAssistedSnapshotsTest:test_volume_assisted_snapshot_create_delete): 200 GET http://10.180.1.21/compute/v2.1/servers/1d64d913-45f0-4768-8375-7863d9ae43c3 0.071s
2024-08-02 13:35:00.633 61537 INFO tempest.common.waiters [-] State transition "BUILD/spawning" ==> "ERROR/None" after 68 second wait
2024-08-02 13:35:00.646 61563 INFO tempest.lib.common.rest_client [req-f92fa71f-0cbc-498d-a783-5b9f559e75fb req-f92fa71f-0cbc-498d-a783-5b9f559e75fb ] Request (ServersAdmin275Test:tearDownClass): 200 GET http://10.180.1.21:9696/networking/v2.0/security-groups?tenant_id=e61a8cf922be483bb43f177dbbf0072e&name=default 0.199s
2024-08-02 13:35:00.670 61565 INFO tempest.lib.common.rest_client [req-e21c7e03-5f84-47c4-8749-1a2fa09ec8a9 req-e21c7e03-5f84-47c4-8749-1a2fa09ec8a9 ] Request (ServerAddressesTestJSON:setUpClass): 200 GET http://10.180.1.21/compute/v2.1/servers/e2560c8e-61c6-4343-82cb-47dc5b1997fb 0.071s
2024-08-02 13:35:00.728 61558 INFO tempest.lib.common.rest_client [req-a85007c9-73af-47ee-bc17-988e6aa29d3c req-a85007c9-73af-47ee-bc17-988e6aa29d3c ] Request (ServerActionsTestOtherA:setUpClass): 200 GET http://10.180.1.21/compute/v2.1/servers/3f1f549f-8034-4685-b6f0-db5a7a2a4a32 0.079s
2024-08-02 13:35:00.760 61563 INFO tempest.lib.common.rest_client [req-b934fcf0-c846-46c6-a34b-452c350e329b req-b934fcf0-c846-46c6-a34b-452c350e329b ] Request (ServersAdmin275Test:tearDownClass): 204 DELETE http://10.180.1.21:9696/networking/v2.0/security-groups/610ea9f4-e4a9-4428-8017-4a5ef4f1459d 0.113s
2024-08-02 13:35:00.782 61591 INFO tempest.lib.common.rest_client [req-51b89fe3-6bca-470c-afca-bfd583ead072 req-51b89fe3-6bca-470c-afca-bfd583ead072 ] Request (AttachInterfacesV270Test:test_create_get_list_interfaces): 200 GET http://10.180.1.21/compute/v2.1/servers/f0c26eb3-e6d6-4d9f-9f07-5add9de6d126 0.071s
2024-08-02 13:35:00.816 61537 INFO tempest.lib.common.rest_client [req-df779ed0-298b-4598-8d7f-30bd573ce41f req-df779ed0-298b-4598-8d7f-30bd573ce41f ] Request (VolumesAssistedSnapshotsTest:test_volume_assisted_snapshot_create_delete): 204 DELETE http://10.180.1.21/compute/v2.1/servers/1d64d913-45f0-4768-8375-7863d9ae43c3 0.183s
2024-08-02 13:35:00.834 61563 INFO tempest.lib.common.rest_client [req-5b5964be-1a30-41d9-835e-4a04641e4e77 req-5b5964be-1a30-41d9-835e-4a04641e4e77 ] Request (ServersAdmin275Test:tearDownClass): 204 DELETE http://10.180.1.21/identity/v3/projects/e61a8cf922be483bb43f177dbbf0072e 0.074s
2024-08-02 13:35:00.834 61563 INFO tempest.lib.common.dynamic_creds [-] Deleting project and security group for project: e50b6ecfe84a44d6821b987722cfa474
2024-08-02 13:35:00.835 61547 INFO tempest.lib.common.rest_client [req-f6638ab6-8b10-40c8-abb9-7479f71908bc req-f6638ab6-8b10-40c8-abb9-7479f71908bc ] Request (FloatingIPsAssociationTestJSON:setUpClass): 200 GET http://10.180.1.21/compute/v2.1/servers/12c47e99-faf4-4083-a46f-4e33c451e980 0.091s
2024-08-02 13:35:00.855 61537 INFO tempest.lib.common.rest_client [req-57334731-cf35-43da-9e3f-9a02fba64385 req-57334731-cf35-43da-9e3f-9a02fba64385 ] Request (VolumesAssistedSnapshotsTest:test_volume_assisted_snapshot_create_delete): 404 GET http://10.180.1.21/compute/v2.1/servers/1d64d913-45f0-4768-8375-7863d9ae43c3 0.038s
2024-08-02 13:35:00.871 61545 INFO tempest.lib.common.rest_client [req-4a7b8fd3-d5c1-44ad-85f9-bb8d57309671 req-4a7b8fd3-d5c1-44ad-85f9-bb8d57309671 ] Request (ServerActionsTestJSON:setUpClass): 200 GET http://10.180.1.21/compute/v2.1/servers/5ea287cd-ba85-446d-85d0-5a050fe49f17 0.066s
2024-08-02 13:35:00.900 61537 INFO tempest.lib.common.rest_client [req-2e573765-9598-4f54-942b-2dca3f70688b req-2e573765-9598-4f54-942b-2dca3f70688b ] Request (VolumesAssistedSnapshotsTest:_run_cleanups): 202 DELETE http://10.180.1.21/volume/v3/2b924ec5a24a424791529413794f2914/volumes/ab63e920-5e0c-48ec-8785-f23ec7e299ac 0.043s
2024-08-02 13:35:00.925 61537 INFO tempest.lib.common.rest_client [req-748cebc0-c53b-4666-b654-6e62a9fa43f9 req-748cebc0-c53b-4666-b654-6e62a9fa43f9 ] Request (VolumesAssistedSnapshotsTest:_run_cleanups): 200 GET http://10.180.1.21/volume/v3/2b924ec5a24a424791529413794f2914/volumes/ab63e920-5e0c-48ec-8785-f23ec7e299ac 0.025s
