2024-08-02 13:35:00.982 61563 INFO tempest.lib.common.rest_client [req-ce27f83b-583c-4542-89e1-3b99dbd4e2f3 req-ce27f83b-583c-4542-89e1-3b99dbd4e2f3 ] Request (ServersAdmin275Test:tearDownClass): 200 GET http://10.180.1.21:9696/networking/v2.0/security-groups?tenant_id=e50b6ecfe84a44d6821b987722cfa474&name=default 0.148s
2024-08-02 13:35:01.022 61541 INFO tempest.lib.common.rest_client [req-1f7b9065-8ae4-43fc-b0bd-86f410e88acc req-1f7b9065-8ae4-43fc-b0bd-86f410e88acc ] Request (ServersAdminNegativeTestJSON:setUpClass): 200 GET http://10.180.1.21/compute/v2.1/servers/1336becb-9691-490c-86ea-3bc70d13d7df 0.086s
2024-08-02 13:35:01.028 61543 INFO tempest.lib.common.rest_client [req-12c2174b-1c08-4de5-9c53-d7e4f040d748 req-12c2174b-1c08-4de5-9c53-d7e4f040d748 ] Request (ServerDiagnosticsV248Test:tearDownClass): 200 GET http://10.180.1.21/compute/v2.1/servers/62c3b24d-bee7-4dd2-a6c7-9303c7c28cca 0.077s
2024-08-02 13:35:01.041 61567 INFO tempest.lib.common.rest_client [req-8a166582-b6c0-49d8-a018-bdb60939b10b req-8a166582-b6c0-49d8-a018-bdb60939b10b ] Request (ServersTestBootFromVolume:setUpClass): 200 GET http://10.180.1.21/volume/v3/233511ca341849e3a8d33ee8152f429a/volumes/4602f78a-d619-4e07-8958-2029cb61c217 0.033s
2024-08-02 13:35:01.088 61569 INFO tempest.lib.common.rest_client [req-2406439f-7b5d-428d-a3ed-05b9d62e4847 req-2406439f-7b5d-428d-a3ed-05b9d62e4847 ] Request (ServersNegativeTestJSON:setUpClass): 200 GET http://10.180.1.21/compute/v2.1/servers/297a5546-6159-462c-a436-032d94855c00 0.099s
2024-08-02 13:35:01.089 61551 INFO tempest.lib.common.rest_client [req-8d5d0622-976b-4031-aac0-b86c64477d53 req-8d5d0622-976b-4031-aac0-b86c64477d53 ] Request (MigrationsAdminTest:test_resize_server_revert_deleted_flavor): 200 GET http://10.180.1.21/compute/v2.1/servers/2b87dfbe-2b94-4787-a795-94f8b63f651c 0.088s
2024-08-02 13:35:01.119 61563 INFO tempest.lib.common.rest_client [req-7b9c9c7c-6bad-4c6c-9452-7d91dea162ca req-7b9c9c7c-6bad-4c6c-9452-7d91dea162ca ] Request (ServersAdmin275Test:tearDownClass): 204 DELETE http://10.180.1.21:9696/networking/v2.0/security-groups/936c51d4-8c4f-4d08-b1ce-b75afb6e7dce 0.136s
2024-08-02 13:35:01.139 61578 INFO tempest.lib.common.rest_client [req-fd53e09b-e8c3-4ab7-a578-e131b158132c req-fd53e09b-e8c3-4ab7-a578-e131b158132c ] Request (ServerRescueNegativeTestJSON:setUpClass): 200 GET http://10.180.1.21/compute/v2.1/servers/7f8b08d4-3535-48ab-ba3f-a159511e2a64 0.092s
2024-08-02 13:35:01.145 61539 INFO tempest.lib.common.rest_client [req-56724d91-3e61-47a8-b370-ef8e71523acd req-56724d91-3e61-47a8-b370-ef8e71523acd ] Request (ServerGroupTestJSON:test_create_server_with_scheduler_hint_group): 200 GET http://10.180.1.21/compute/v2.1/servers/3635532a-2af3-4ef5-a922-37fc763c9708 0.098s
2024-08-02 13:35:01.185 61583 INFO tempest.lib.common.rest_client [req-a06c4340-279f-4d27-bc66-a47d0a3c658c req-a06c4340-279f-4d27-bc66-a47d0a3c658c ] Request (ServerMetadataNegativeTestJSON:setUpClass): 200 GET http://10.180.1.21/compute/v2.1/servers/1804f229-97b9-4ee3-933d-715431a900f8 0.078s
2024-08-02 13:35:01.198 61535 INFO tempest.lib.common.rest_client [req-02663501-32b6-4e52-ab1c-7ebee09ac207 req-02663501-32b6-4e52-ab1c-7ebee09ac207 ] Request (ServersTestManualDisk:setUpClass): 200 GET http://10.180.1.21/compute/v2.1/servers/30ed4438-4f74-4bc3-a6cc-a59420751940 0.087s
2024-08-02 13:35:01.199 61563 INFO tempest.lib.common.rest_client [req-07005254-5037-4362-8e23-d9d13816c6c9 req-07005254-5037-4362-8e23-d9d13816c6c9 ] Request (ServersAdmin275Test:tearDownClass): 204 DELETE http://10.180.1.21/identity/v3/projects/e50b6ecfe84a44d6821b987722cfa474 0.079s
2024-08-02 13:35:01.232 61559 INFO tempest.lib.common.rest_client [req-56f703e5-6507-4ed8-91e1-59e2185dc11b req-56f703e5-6507-4ed8-91e1-59e2185dc11b ] Request (ServerActionsTestOtherB:setUpClass): 200 GET http://10.180.1.21/compute/v2.1/servers/767d7956-954b-4be7-8cc6-45872ff4cfce 0.074s
2024-08-02 13:35:01.247 61597 INFO tempest.lib.common.rest_client [req-b11236e5-73a8-40b1-bfc8-992730fa5d89 req-b11236e5-73a8-40b1-bfc8-992730fa5d89 ] Request (DeleteServersAdminTestJSON:test_delete_server_while_in_error_state): 200 GET http://10.180.1.21/compute/v2.1/servers/d4d3db12-8de6-4daf-a087-89bb043d1217 0.083s
2024-08-02 13:35:01.255 61563 INFO tempest.lib.common.rest_client [req-436fc49e-4632-4b2f-9c5c-92d56d3baec3 req-436fc49e-4632-4b2f-9c5c-92d56d3baec3 ] Request (VolumesAdminNegativeTest:setUpClass): 201 POST http://10.180.1.21/identity/v3/auth/tokens 0.054s
2024-08-02 13:35:01.276 61563 INFO tempest.lib.common.rest_client [req-e3eee2dc-8e0e-4b7b-a409-d06f89370df5 req-e3eee2dc-8e0e-4b7b-a409-d06f89370df5 ] Request (VolumesAdminNegativeTest:setUpClass): 201 POST http://10.180.1.21/identity/v3/auth/tokens 0.019s
2024-08-02 13:35:01.280 61572 INFO tempest.lib.common.rest_client [req-990068ee-0958-4005-96b6-7183c8dc505d req-990068ee-0958-4005-96b6-7183c8dc505d ] Request (ServersTestJSON:setUpClass): 200 GET http://10.180.1.21/compute/v2.1/servers/13c1d417-4087-46ad-b513-fc3317995d18 0.075s
2024-08-02 13:35:01.296 61589 INFO tempest.lib.common.rest_client [req-2f0d8874-7423-4737-8802-c1b1a93e2bac req-2f0d8874-7423-4737-8802-c1b1a93e2bac ] Request (ImagesTestJSON:test_create_image_from_stopped_server): 200 GET http://10.180.1.21/compute/v2.1/servers/1d84bcbd-9b55-4d6f-b6c7-24391c8600a7 0.080s
2024-08-02 13:35:01.303 61563 INFO tempest.lib.common.rest_client [req-b1310b96-c647-4abb-98f2-32c4f7d6cbf5 req-b1310b96-c647-4abb-98f2-32c4f7d6cbf5 ] Request (VolumesAdminNegativeTest:setUpClass): 200 GET http://10.180.1.21/identity/v3/domains?name=Default 0.026s
2024-08-02 13:35:01.326 61563 INFO tempest.lib.common.rest_client [req-bace987c-17f4-405c-a1c3-bed507236727 req-bace987c-17f4-405c-a1c3-bed507236727 ] Request (VolumesAdminNegativeTest:setUpClass): 201 POST http://10.180.1.21/identity/v3/projects 0.022s
2024-08-02 13:35:01.331 61579 INFO tempest.lib.common.rest_client [req-51d51580-4614-408c-86e8-6760157b70bc req-51d51580-4614-408c-86e8-6760157b70bc ] Request (DeleteServersTestJSON:test_delete_server_while_in_attached_volume): 200 GET http://10.180.1.21/compute/v2.1/servers/017b1da4-7c9b-477d-92a3-29b2248317d3 0.074s
2024-08-02 13:35:01.375 61555 INFO tempest.lib.common.rest_client [req-e53d726b-fb75-4fa8-972f-d2f0eab61abb req-e53d726b-fb75-4fa8-972f-d2f0eab61abb ] Request (InstanceActionsNegativeTestJSON:setUpClass): 200 GET http://10.180.1.21/compute/v2.1/servers/782dc85a-56f4-4f03-8711-b78bbadb33ce 0.047s
2024-08-02 13:35:01.381 61563 INFO tempest.lib.common.rest_client [req-c0d30eb0-9de0-4ef9-b23c-138a580dd3f3 req-c0d30eb0-9de0-4ef9-b23c-138a580dd3f3 ] Request (VolumesAdminNegativeTest:setUpClass): 201 POST http://10.180.1.21/identity/v3/users 0.055s
2024-08-02 13:35:01.391 61533 INFO tempest.lib.common.rest_client [req-97f7d4ef-07cd-4f4e-8beb-2f4637d8ebb7 req-97f7d4ef-07cd-4f4e-8beb-2f4637d8ebb7 ] Request (ServersWithSpecificFlavorTestJSON:test_verify_created_server_ephemeral_disk): 200 GET http://10.180.1.21/compute/v2.1/servers/36c3ac75-5bfd-4a89-9ddb-28fded8da39c 0.056s
2024-08-02 13:35:01.401 61563 INFO tempest.lib.common.rest_client [req-6e848652-9ae0-4624-a853-782fcd694ee1 req-6e848652-9ae0-4624-a853-782fcd694ee1 ] Request (VolumesAdminNegativeTest:setUpClass): 200 GET http://10.180.1.21/identity/v3/roles 0.019s
2024-08-02 13:35:01.428 61563 INFO tempest.lib.common.rest_client [req-5218c468-08da-451c-9d9c-47aa432220f3 req-5218c468-08da-451c-9d9c-47aa432220f3 ] Request (VolumesAdminNegativeTest:setUpClass): 204 PUT http://10.180.1.21/identity/v3/projects/c6ac2fa4041e4f24bee18db89143d7dc/users/438a167fe61344bc9371e3b42d5344c8/roles/9b25f2d1840d44f38e447db6ad316e74 0.027s
2024-08-02 13:35:01.429 61563 INFO tempest.lib.common.dynamic_creds [-] Dynamic test user 438a167fe61344bc9371e3b42d5344c8 is created with scope project and roles: ['member']
2024-08-02 13:35:01.429 61563 INFO tempest.lib.common.dynamic_creds [-] Acquired dynamic creds: credentials: Credentials: {'domain_id': 'default', 'domain_name': 'Default', 'username': 'tempest-VolumesAdminNegativeTest-1865414953-project-member', 'project_domain_id': 'default', 'project_domain_name': 'Default', 'project_id': 'c6ac2fa4041e4f24bee18db89143d7dc', 'project_name': 'tempest-VolumesAdminNegativeTest-1865414953', 'tenant_id': 'c6ac2fa4041e4f24bee18db89143d7dc', 'tenant_name': 'tempest-VolumesAdminNegativeTest-1865414953', 'user_domain_id': 'default', 'user_domain_name': 'Default', 'user_id': '438a167fe61344bc9371e3b42d5344c8', 'system': None}, Network: None, Subnet: None, Router: None
2024-08-02 13:35:01.465 61561 INFO tempest.lib.common.rest_client [req-3f934f70-edf6-45e6-add5-917927d63025 req-3f934f70-edf6-45e6-add5-917927d63025 ] Request (ServerActionsV293TestJSON:setUpClass): 200 GET http://10.180.1.21/volume/v3/039a458fcf5642eaae5d4353f569d660/volumes/770432a3-4ca1-4717-9890-c964bd2d2419 0.023s
2024-08-02 13:35:01.480 61585 INFO tempest.lib.common.rest_client [req-6cd45c76-2cda-46a4-9ec8-deffefce1853 req-6cd45c76-2cda-46a4-9ec8-deffefce1853 ] Request (ServersAaction247Test:test_create_backup): 200 GET http://10.180.1.21/compute/v2.1/servers/109fc11e-d640-4617-99a3-0defe0a5aa6c 0.061s
2024-08-02 13:35:01.481 61581 INFO tempest.lib.common.rest_client [req-d9aded40-d727-4f9a-9d93-d86fd84a5254 req-d9aded40-d727-4f9a-9d93-d86fd84a5254 ] Request (SecurityGroupsTestJSON:test_list_security_groups_by_server): 200 GET http://10.180.1.21/compute/v2.1/servers/8f37dfb3-c4d2-4c41-91eb-e3c7ca640050 0.069s
2024-08-02 13:35:01.504 61563 INFO tempest.lib.common.rest_client [req-37c77b7f-6c8e-4b0b-9b65-6db9eac6cee8 req-37c77b7f-6c8e-4b0b-9b65-6db9eac6cee8 ] Request (VolumesAdminNegativeTest:setUpClass): 201 POST http://10.180.1.21/identity/v3/auth/tokens 0.075s
2024-08-02 13:35:01.551 61574 INFO tempest.lib.common.rest_client [req-2c7c9d94-9830-4a77-bcf0-ab54b7aed2b3 req-2c7c9d94-9830-4a77-bcf0-ab54b7aed2b3 ] Request (TenantUsagesTestJSON:setUpClass): 200 GET http://10.180.1.21/compute/v2.1/servers/b41c6d21-5e7f-427f-95ce-830fe0da8bc6 0.088s
2024-08-02 13:35:01.641 61553 INFO tempest.lib.common.rest_client [req-351b3b85-74b3-418e-9ab0-ee41b729012a req-351b3b85-74b3-418e-9ab0-ee41b729012a ] Request (ServerDiagnosticsTest:test_get_server_diagnostics): 200 GET http://10.180.1.21/compute/v2.1/servers/7d1f7566-8e5e-476c-9d19-49ed7b16c308 0.070s
2024-08-02 13:35:01.660 61594 INFO tempest.lib.common.rest_client [req-e9e5942b-752b-476f-96f9-16da898b4217 req-e9e5942b-752b-476f-96f9-16da898b4217 ] Request (ServerTagsTestJSON:setUpClass): 200 GET http://10.180.1.21/compute/v2.1/servers/32b57d1b-d35f-488e-be23-9119f2f56562 0.070s
2024-08-02 13:35:01.742 61565 INFO tempest.lib.common.rest_client [req-ff1eb12f-d0c2-4695-b434-176c395bd94b req-ff1eb12f-d0c2-4695-b434-176c395bd94b ] Request (ServerAddressesTestJSON:setUpClass): 200 GET http://10.180.1.21/compute/v2.1/servers/e2560c8e-61c6-4343-82cb-47dc5b1997fb 0.065s
2024-08-02 13:35:01.767 61563 INFO tempest.lib.common.rest_client [req-15fb3f6c-677c-4f6a-b9e6-cff5d7ba6b7b req-15fb3f6c-677c-4f6a-b9e6-cff5d7ba6b7b ] Request (VolumesAdminNegativeTest:setUpClass): 201 POST http://10.180.1.21:9696/networking/v2.0/networks 0.262s
2024-08-02 13:35:01.784 61558 INFO tempest.lib.common.rest_client [req-86327dc3-f781-4124-be04-798bc22e99b4 req-86327dc3-f781-4124-be04-798bc22e99b4 ] Request (ServerActionsTestOtherA:setUpClass): 200 GET http://10.180.1.21/compute/v2.1/servers/3f1f549f-8034-4685-b6f0-db5a7a2a4a32 0.048s
2024-08-02 13:35:01.840 61591 INFO tempest.lib.common.rest_client [req-17930469-d272-4e35-9945-6fe642963a73 req-17930469-d272-4e35-9945-6fe642963a73 ] Request (AttachInterfacesV270Test:test_create_get_list_interfaces): 200 GET http://10.180.1.21/compute/v2.1/servers/f0c26eb3-e6d6-4d9f-9f07-5add9de6d126 0.049s
2024-08-02 13:35:01.903 61547 INFO tempest.lib.common.rest_client [req-8dec6374-6e8c-4aea-ab6c-d9a1729780d0 req-8dec6374-6e8c-4aea-ab6c-d9a1729780d0 ] Request (FloatingIPsAssociationTestJSON:setUpClass): 200 GET http://10.180.1.21/compute/v2.1/servers/12c47e99-faf4-4083-a46f-4e33c451e980 0.062s
2024-08-02 13:35:01.916 61563 INFO tempest.lib.common.rest_client [req-7454f609-3c4e-4efb-b4f5-1d4e255e9d8b req-7454f609-3c4e-4efb-b4f5-1d4e255e9d8b ] Request (VolumesAdminNegativeTest:setUpClass): 201 POST http://10.180.1.21:9696/networking/v2.0/subnets 0.148s
2024-08-02 13:35:01.927 61545 INFO tempest.lib.common.rest_client [req-a82c540f-be29-4824-98cc-b85675cdf014 req-a82c540f-be29-4824-98cc-b85675cdf014 ] Request (ServerActionsTestJSON:setUpClass): 200 GET http://10.180.1.21/compute/v2.1/servers/5ea287cd-ba85-446d-85d0-5a050fe49f17 0.048s
2024-08-02 13:35:01.944 61537 INFO tempest.lib.common.rest_client [req-771f3df6-464c-4b28-a9f8-a79bf26a3a74 req-771f3df6-464c-4b28-a9f8-a79bf26a3a74 ] Request (VolumesAssistedSnapshotsTest:_run_cleanups): 404 GET http://10.180.1.21/volume/v3/2b924ec5a24a424791529413794f2914/volumes/ab63e920-5e0c-48ec-8785-f23ec7e299ac 0.012s
2024-08-02 13:35:01.970 61537 INFO tempest.lib.common.rest_client [req-27d0c328-d78a-4781-8a28-71f0ced72091 req-27d0c328-d78a-4781-8a28-71f0ced72091 ] Request (VolumesAssistedSnapshotsTest:tearDownClass): 202 DELETE http://10.180.1.21/compute/v2.1/os-keypairs/tempest-keypair-31561497 0.020s
2024-08-02 13:35:02.083 61541 INFO tempest.lib.common.rest_client [req-cf911315-798b-406e-bec5-a2a751c7641d req-cf911315-798b-406e-bec5-a2a751c7641d ] Request (ServersAdminNegativeTestJSON:setUpClass): 200 GET http://10.180.1.21/compute/v2.1/servers/1336becb-9691-490c-86ea-3bc70d13d7df 0.053s
2024-08-02 13:35:02.092 61567 INFO tempest.lib.common.rest_client [req-ea5711d8-1614-48d3-a702-16cb0bce46a1 req-ea5711d8-1614-48d3-a702-16cb0bce46a1 ] Request (ServersTestBootFromVolume:setUpClass): 200 GET http://10.180.1.21/volume/v3/233511ca341849e3a8d33ee8152f429a/volumes/4602f78a-d619-4e07-8958-2029cb61c217 0.045s
2024-08-02 13:35:02.094 61537 INFO tempest.lib.common.rest_client [req-f8747808-62d7-4a65-875a-8a83c98210ea req-f8747808-62d7-4a65-875a-8a83c98210ea ] Request (VolumesAssistedSnapshotsTest:tearDownClass): 204 DELETE http://10.180.1.21:9696/networking/v2.0/security-groups/a18d93db-8872-4f09-96c4-782fa701293a 0.124s
2024-08-02 13:35:02.146 61543 INFO tempest.lib.common.rest_client [req-825124f3-693e-4aca-8969-369b08476227 req-825124f3-693e-4aca-8969-369b08476227 ] Request (ServerDiagnosticsV248Test:tearDownClass): 200 GET http://10.180.1.21/compute/v2.1/servers/62c3b24d-bee7-4dd2-a6c7-9303c7c28cca 0.108s
2024-08-02 13:35:02.153 61537 INFO tempest.lib.common.rest_client [req-0c7b2101-89f3-4d1b-beb4-e78438834ae0 req-0c7b2101-89f3-4d1b-beb4-e78438834ae0 ] Request (VolumesAssistedSnapshotsTest:tearDownClass): 404 GET http://10.180.1.21:9696/networking/v2.0/security-groups/a18d93db-8872-4f09-96c4-782fa701293a 0.058s
2024-08-02 13:35:02.160 61569 INFO tempest.lib.common.rest_client [req-cef169cc-b3e4-4ae9-9797-d272d6e2db01 req-cef169cc-b3e4-4ae9-9797-d272d6e2db01 ] Request (ServersNegativeTestJSON:setUpClass): 200 GET http://10.180.1.21/compute/v2.1/servers/297a5546-6159-462c-a436-032d94855c00 0.064s
2024-08-02 13:35:02.200 61551 INFO tempest.lib.common.rest_client [req-0f6a33a6-2c69-4812-a3c6-b1eea3fa1c9f req-0f6a33a6-2c69-4812-a3c6-b1eea3fa1c9f ] Request (MigrationsAdminTest:test_resize_server_revert_deleted_flavor): 200 GET http://10.180.1.21/compute/v2.1/servers/2b87dfbe-2b94-4787-a795-94f8b63f651c 0.103s
2024-08-02 13:35:02.210 61578 INFO tempest.lib.common.rest_client [req-97a24adc-aaeb-4c45-91b2-74b0a8047059 req-97a24adc-aaeb-4c45-91b2-74b0a8047059 ] Request (ServerRescueNegativeTestJSON:setUpClass): 200 GET http://10.180.1.21/compute/v2.1/servers/7f8b08d4-3535-48ab-ba3f-a159511e2a64 0.063s
2024-08-02 13:35:02.279 61583 INFO tempest.lib.common.rest_client [req-d31116f7-e5c0-4212-9c1e-37a710e74214 req-d31116f7-e5c0-4212-9c1e-37a710e74214 ] Request (ServerMetadataNegativeTestJSON:setUpClass): 200 GET http://10.180.1.21/compute/v2.1/servers/1804f229-97b9-4ee3-933d-715431a900f8 0.087s
2024-08-02 13:35:02.285 61539 INFO tempest.lib.common.rest_client [req-7a5cb961-3848-477f-a97c-44a5297ec9c2 req-7a5cb961-3848-477f-a97c-44a5297ec9c2 ] Request (ServerGroupTestJSON:test_create_server_with_scheduler_hint_group): 200 GET http://10.180.1.21/compute/v2.1/servers/3635532a-2af3-4ef5-a922-37fc763c9708 0.133s
2024-08-02 13:35:02.346 61559 INFO tempest.lib.common.rest_client [req-94fdd8aa-12e7-4d19-a4da-1b69b00cccfb req-94fdd8aa-12e7-4d19-a4da-1b69b00cccfb ] Request (ServerActionsTestOtherB:setUpClass): 200 GET http://10.180.1.21/compute/v2.1/servers/767d7956-954b-4be7-8cc6-45872ff4cfce 0.107s
2024-08-02 13:35:02.349 61535 INFO tempest.lib.common.rest_client [req-dc56ee9e-15b0-4949-83d5-b35c9d7eb2c4 req-dc56ee9e-15b0-4949-83d5-b35c9d7eb2c4 ] Request (ServersTestManualDisk:setUpClass): 200 GET http://10.180.1.21/compute/v2.1/servers/30ed4438-4f74-4bc3-a6cc-a59420751940 0.143s
2024-08-02 13:35:02.394 61597 INFO tempest.lib.common.rest_client [req-93b2f34d-537d-4836-a9a0-23d4991f854f req-93b2f34d-537d-4836-a9a0-23d4991f854f ] Request (DeleteServersAdminTestJSON:test_delete_server_while_in_error_state): 200 GET http://10.180.1.21/compute/v2.1/servers/d4d3db12-8de6-4daf-a087-89bb043d1217 0.139s
2024-08-02 13:35:02.408 61572 INFO tempest.lib.common.rest_client [req-dd3eab81-8d49-4da7-abf8-e06589c5e322 req-dd3eab81-8d49-4da7-abf8-e06589c5e322 ] Request (ServersTestJSON:setUpClass): 200 GET http://10.180.1.21/compute/v2.1/servers/13c1d417-4087-46ad-b513-fc3317995d18 0.120s
2024-08-02 13:35:02.446 61589 INFO tempest.lib.common.rest_client [req-8e3a6b83-8111-40c7-aa20-36b5f0ddd9f2 req-8e3a6b83-8111-40c7-aa20-36b5f0ddd9f2 ] Request (ImagesTestJSON:test_create_image_from_stopped_server): 200 GET http://10.180.1.21/compute/v2.1/servers/1d84bcbd-9b55-4d6f-b6c7-24391c8600a7 0.143s
2024-08-02 13:35:02.453 61589 INFO tempest.common.waiters [-] State transition "BUILD/None" ==> "BUILD/networking" after 52 second wait
2024-08-02 13:35:02.469 61579 INFO tempest.lib.common.rest_client [req-43207f09-6f88-4867-a148-d8fd1762af24 req-43207f09-6f88-4867-a148-d8fd1762af24 ] Request (DeleteServersTestJSON:test_delete_server_while_in_attached_volume): 200 GET http://10.180.1.21/compute/v2.1/servers/017b1da4-7c9b-477d-92a3-29b2248317d3 0.129s
2024-08-02 13:35:02.475 61579 INFO tempest.common.waiters [-] State transition "BUILD/scheduling" ==> "BUILD/None" after 50 second wait
2024-08-02 13:35:02.501 61561 INFO tempest.lib.common.rest_client [req-03e6793e-a3b5-489d-a4f8-de5c49be2fb6 req-03e6793e-a3b5-489d-a4f8-de5c49be2fb6 ] Request (ServerActionsV293TestJSON:setUpClass): 200 GET http://10.180.1.21/volume/v3/039a458fcf5642eaae5d4353f569d660/volumes/770432a3-4ca1-4717-9890-c964bd2d2419 0.028s
2024-08-02 13:35:02.510 61555 INFO tempest.lib.common.rest_client [req-05c928e5-1469-4b65-8832-03a420c41222 req-05c928e5-1469-4b65-8832-03a420c41222 ] Request (InstanceActionsNegativeTestJSON:setUpClass): 200 GET http://10.180.1.21/compute/v2.1/servers/782dc85a-56f4-4f03-8711-b78bbadb33ce 0.128s
2024-08-02 13:35:02.512 61561 INFO tempest.common.waiters [-] volume 770432a3-4ca1-4717-9890-c964bd2d2419 reached available after waiting for 19.512865 seconds
2024-08-02 13:35:02.532 61533 INFO tempest.lib.common.rest_client [req-d2e33a18-4b14-414e-82e0-85cf423ad3a5 req-d2e33a18-4b14-414e-82e0-85cf423ad3a5 ] Request (ServersWithSpecificFlavorTestJSON:test_verify_created_server_ephemeral_disk): 200 GET http://10.180.1.21/compute/v2.1/servers/36c3ac75-5bfd-4a89-9ddb-28fded8da39c 0.133s
2024-08-02 13:35:02.562 61581 INFO tempest.lib.common.rest_client [req-cf64e4b3-0bb9-4b1c-b9d1-61bc700de865 req-cf64e4b3-0bb9-4b1c-b9d1-61bc700de865 ] Request (SecurityGroupsTestJSON:test_list_security_groups_by_server): 200 GET http://10.180.1.21/compute/v2.1/servers/8f37dfb3-c4d2-4c41-91eb-e3c7ca640050 0.074s
2024-08-02 13:35:02.605 61585 INFO tempest.lib.common.rest_client [req-4aa94d4b-4ce5-48c5-9024-51460f1954b4 req-4aa94d4b-4ce5-48c5-9024-51460f1954b4 ] Request (ServersAaction247Test:test_create_backup): 200 GET http://10.180.1.21/compute/v2.1/servers/109fc11e-d640-4617-99a3-0defe0a5aa6c 0.117s
2024-08-02 13:35:02.671 61574 INFO tempest.lib.common.rest_client [req-0e6e594b-720d-41a5-8a3a-776103e37460 req-0e6e594b-720d-41a5-8a3a-776103e37460 ] Request (TenantUsagesTestJSON:setUpClass): 200 GET http://10.180.1.21/compute/v2.1/servers/b41c6d21-5e7f-427f-95ce-830fe0da8bc6 0.113s
2024-08-02 13:35:02.736 61553 INFO tempest.lib.common.rest_client [req-ff04b043-7950-4201-bee7-f33517ef72ad req-ff04b043-7950-4201-bee7-f33517ef72ad ] Request (ServerDiagnosticsTest:test_get_server_diagnostics): 200 GET http://10.180.1.21/compute/v2.1/servers/7d1f7566-8e5e-476c-9d19-49ed7b16c308 0.087s
2024-08-02 13:35:02.798 61594 INFO tempest.lib.common.rest_client [req-957be1f9-33ac-44ef-8064-9d37d9edfb92 req-957be1f9-33ac-44ef-8064-9d37d9edfb92 ] Request (ServerTagsTestJSON:setUpClass): 200 GET http://10.180.1.21/compute/v2.1/servers/32b57d1b-d35f-488e-be23-9119f2f56562 0.130s
2024-08-02 13:35:02.849 61565 INFO tempest.lib.common.rest_client [req-53b52a8b-1768-47f7-b272-da6c8c012132 req-53b52a8b-1768-47f7-b272-da6c8c012132 ] Request (ServerAddressesTestJSON:setUpClass): 200 GET http://10.180.1.21/compute/v2.1/servers/e2560c8e-61c6-4343-82cb-47dc5b1997fb 0.100s
2024-08-02 13:35:02.898 61558 INFO tempest.lib.common.rest_client [req-9979e44f-9905-468e-9422-132600f8b0df req-9979e44f-9905-468e-9422-132600f8b0df ] Request (ServerActionsTestOtherA:setUpClass): 200 GET http://10.180.1.21/compute/v2.1/servers/3f1f549f-8034-4685-b6f0-db5a7a2a4a32 0.108s
2024-08-02 13:35:02.957 61591 INFO tempest.lib.common.rest_client [req-8a255a7c-281d-47b3-8604-3bc6c1f7e465 req-8a255a7c-281d-47b3-8604-3bc6c1f7e465 ] Request (AttachInterfacesV270Test:test_create_get_list_interfaces): 200 GET http://10.180.1.21/compute/v2.1/servers/f0c26eb3-e6d6-4d9f-9f07-5add9de6d126 0.109s
2024-08-02 13:35:02.996 61537 INFO tempest.lib.common.rest_client [req-13bb9cc9-f251-4d80-8b00-ac0ce1085966 req-13bb9cc9-f251-4d80-8b00-ac0ce1085966 ] Request (VolumesAssistedSnapshotsTest:tearDownClass): 204 DELETE http://10.180.1.21:9696/networking/v2.0/floatingips/c625f6b5-9159-47de-9486-586211af90b0 0.842s
2024-08-02 13:35:03.006 61547 INFO tempest.lib.common.rest_client [req-aadbe0c1-6d94-4d3a-9cd5-fdb5ba5e6961 req-aadbe0c1-6d94-4d3a-9cd5-fdb5ba5e6961 ] Request (FloatingIPsAssociationTestJSON:setUpClass): 200 GET http://10.180.1.21/compute/v2.1/servers/12c47e99-faf4-4083-a46f-4e33c451e980 0.096s
2024-08-02 13:35:03.008 61537 INFO tempest.lib.common.rest_client [req-3a532dce-4181-405f-95b7-bbfcea7a2630 req-3a532dce-4181-405f-95b7-bbfcea7a2630 ] Request (VolumesAssistedSnapshotsTest:tearDownClass): 404 DELETE http://10.180.1.21/volume/v3/2b924ec5a24a424791529413794f2914/volumes/ab63e920-5e0c-48ec-8785-f23ec7e299ac 0.012s
2024-08-02 13:35:03.019 61537 INFO tempest.lib.common.rest_client [req-ddd5d0fd-5bc9-4358-a638-550e5edee3ec req-ddd5d0fd-5bc9-4358-a638-550e5edee3ec ] Request (VolumesAssistedSnapshotsTest:tearDownClass): 404 GET http://10.180.1.21/volume/v3/2b924ec5a24a424791529413794f2914/volumes/ab63e920-5e0c-48ec-8785-f23ec7e299ac 0.010s
2024-08-02 13:35:03.081 61561 INFO tempest.lib.common.rest_client [req-73d42730-9e06-4816-85bf-9175ea4cca99 req-73d42730-9e06-4816-85bf-9175ea4cca99 ] Request (ServerActionsV293TestJSON:setUpClass): 202 POST http://10.180.1.21/compute/v2.1/servers 0.567s
2024-08-02 13:35:03.128 61567 INFO tempest.lib.common.rest_client [req-2893195a-f684-4fd4-b48e-3a235abb9462 req-2893195a-f684-4fd4-b48e-3a235abb9462 ] Request (ServersTestBootFromVolume:setUpClass): 200 GET http://10.180.1.21/volume/v3/233511ca341849e3a8d33ee8152f429a/volumes/4602f78a-d619-4e07-8958-2029cb61c217 0.028s
2024-08-02 13:35:03.181 61563 INFO tempest.lib.common.rest_client [req-f0e96572-d5cd-4807-943f-8039b09e5929 req-f0e96572-d5cd-4807-943f-8039b09e5929 ] Request (VolumesAdminNegativeTest:setUpClass): 201 POST http://10.180.1.21:9696/networking/v2.0/routers 1.264s
2024-08-02 13:35:03.285 61545 INFO tempest.lib.common.rest_client [req-ec84b9dc-d1aa-4860-820d-1c2c8123dbd3 req-ec84b9dc-d1aa-4860-820d-1c2c8123dbd3 ] Request (ServerActionsTestJSON:setUpClass): 200 GET http://10.180.1.21/compute/v2.1/servers/5ea287cd-ba85-446d-85d0-5a050fe49f17 0.350s
2024-08-02 13:35:03.305 61561 INFO tempest.lib.common.rest_client [req-af3bdee0-000e-4f35-9e4f-ac91fe75260d req-af3bdee0-000e-4f35-9e4f-ac91fe75260d ] Request (ServerActionsV293TestJSON:setUpClass): 200 GET http://10.180.1.21/compute/v2.1/servers/144c3c21-b18e-4997-a241-8ff21a3b4835 0.223s
2024-08-02 13:35:03.349 61541 INFO tempest.lib.common.rest_client [req-c23fd633-f4a6-4e05-a0eb-1101f1ce09a5 req-c23fd633-f4a6-4e05-a0eb-1101f1ce09a5 ] Request (ServersAdminNegativeTestJSON:setUpClass): 200 GET http://10.180.1.21/compute/v2.1/servers/1336becb-9691-490c-86ea-3bc70d13d7df 0.257s
2024-08-02 13:35:03.374 61543 INFO tempest.lib.common.rest_client [req-1616170b-f248-4094-ad77-745362f10348 req-1616170b-f248-4094-ad77-745362f10348 ] Request (ServerDiagnosticsV248Test:tearDownClass): 200 GET http://10.180.1.21/compute/v2.1/servers/62c3b24d-bee7-4dd2-a6c7-9303c7c28cca 0.219s
2024-08-02 13:35:03.404 61569 INFO tempest.lib.common.rest_client [req-e41edefe-c206-42e2-a26a-c623024adf8f req-e41edefe-c206-42e2-a26a-c623024adf8f ] Request (ServersNegativeTestJSON:setUpClass): 200 GET http://10.180.1.21/compute/v2.1/servers/297a5546-6159-462c-a436-032d94855c00 0.237s
2024-08-02 13:35:03.426 61551 INFO tempest.lib.common.rest_client [req-b78507a5-d599-4989-b119-a96d651609aa req-b78507a5-d599-4989-b119-a96d651609aa ] Request (MigrationsAdminTest:test_resize_server_revert_deleted_flavor): 200 GET http://10.180.1.21/compute/v2.1/servers/2b87dfbe-2b94-4787-a795-94f8b63f651c 0.216s
2024-08-02 13:35:03.454 61578 INFO tempest.lib.common.rest_client [req-c880dd0b-b39f-435e-a252-441d8503e4a2 req-c880dd0b-b39f-435e-a252-441d8503e4a2 ] Request (ServerRescueNegativeTestJSON:setUpClass): 200 GET http://10.180.1.21/compute/v2.1/servers/7f8b08d4-3535-48ab-ba3f-a159511e2a64 0.236s
2024-08-02 13:35:03.482 61583 INFO tempest.lib.common.rest_client [req-f580c501-43cf-4799-893a-14713ce27483 req-f580c501-43cf-4799-893a-14713ce27483 ] Request (ServerMetadataNegativeTestJSON:setUpClass): 200 GET http://10.180.1.21/compute/v2.1/servers/1804f229-97b9-4ee3-933d-715431a900f8 0.192s
2024-08-02 13:35:03.508 61539 INFO tempest.lib.common.rest_client [req-e86a54d7-e2d2-4412-96af-54b820ef868e req-e86a54d7-e2d2-4412-96af-54b820ef868e ] Request (ServerGroupTestJSON:test_create_server_with_scheduler_hint_group): 200 GET http://10.180.1.21/compute/v2.1/servers/3635532a-2af3-4ef5-a922-37fc763c9708 0.213s
2024-08-02 13:35:03.528 61559 INFO tempest.lib.common.rest_client [req-6ec3aea1-3ed3-428d-946d-1d7a6b2f601a req-6ec3aea1-3ed3-428d-946d-1d7a6b2f601a ] Request (ServerActionsTestOtherB:setUpClass): 200 GET http://10.180.1.21/compute/v2.1/servers/767d7956-954b-4be7-8cc6-45872ff4cfce 0.176s
2024-08-02 13:35:03.582 61535 INFO tempest.lib.common.rest_client [req-db71e50e-7bb4-42f3-b4e2-4cfab93f8b75 req-db71e50e-7bb4-42f3-b4e2-4cfab93f8b75 ] Request (ServersTestManualDisk:setUpClass): 200 GET http://10.180.1.21/compute/v2.1/servers/30ed4438-4f74-4bc3-a6cc-a59420751940 0.226s
2024-08-02 13:35:03.593 61597 INFO tempest.lib.common.rest_client [req-f718832a-1f05-476d-abbf-40b8f37d9a1e req-f718832a-1f05-476d-abbf-40b8f37d9a1e ] Request (DeleteServersAdminTestJSON:test_delete_server_while_in_error_state): 200 GET http://10.180.1.21/compute/v2.1/servers/d4d3db12-8de6-4daf-a087-89bb043d1217 0.193s
2024-08-02 13:35:03.691 61572 INFO tempest.lib.common.rest_client [req-f134f22c-31c8-435e-a0cb-f2e846b2c51b req-f134f22c-31c8-435e-a0cb-f2e846b2c51b ] Request (ServersTestJSON:setUpClass): 200 GET http://10.180.1.21/compute/v2.1/servers/13c1d417-4087-46ad-b513-fc3317995d18 0.276s
2024-08-02 13:35:03.761 61579 INFO tempest.lib.common.rest_client [req-99c8ae7c-12a4-40cd-92cb-309d3763e33e req-99c8ae7c-12a4-40cd-92cb-309d3763e33e ] Request (DeleteServersTestJSON:test_delete_server_while_in_attached_volume): 200 GET http://10.180.1.21/compute/v2.1/servers/017b1da4-7c9b-477d-92a3-29b2248317d3 0.284s
2024-08-02 13:35:03.830 61555 INFO tempest.lib.common.rest_client [req-13230145-f9cc-4f16-a55c-c604c6817346 req-13230145-f9cc-4f16-a55c-c604c6817346 ] Request (InstanceActionsNegativeTestJSON:setUpClass): 200 GET http://10.180.1.21/compute/v2.1/servers/782dc85a-56f4-4f03-8711-b78bbadb33ce 0.311s
2024-08-02 13:35:03.841 61589 INFO tempest.lib.common.rest_client [req-40b15b79-a747-42ba-8a9e-d405d1afabb0 req-40b15b79-a747-42ba-8a9e-d405d1afabb0 ] Request (ImagesTestJSON:test_create_image_from_stopped_server): 200 GET http://10.180.1.21/compute/v2.1/servers/1d84bcbd-9b55-4d6f-b6c7-24391c8600a7 0.386s
2024-08-02 13:35:03.847 61589 INFO tempest.common.waiters [-] State transition "BUILD/networking" ==> "BUILD/spawning" after 53 second wait
2024-08-02 13:35:03.900 61533 INFO tempest.lib.common.rest_client [req-d86da056-9b59-440e-a891-53da5923bbf9 req-d86da056-9b59-440e-a891-53da5923bbf9 ] Request (ServersWithSpecificFlavorTestJSON:test_verify_created_server_ephemeral_disk): 200 GET http://10.180.1.21/compute/v2.1/servers/36c3ac75-5bfd-4a89-9ddb-28fded8da39c 0.360s
2024-08-02 13:35:03.903 61581 INFO tempest.lib.common.rest_client [req-ce0d5e60-02cd-4a49-9c2a-a03947a0478f req-ce0d5e60-02cd-4a49-9c2a-a03947a0478f ] Request (SecurityGroupsTestJSON:test_list_security_groups_by_server): 200 GET http://10.180.1.21/compute/v2.1/servers/8f37dfb3-c4d2-4c41-91eb-e3c7ca640050 0.335s
2024-08-02 13:35:03.951 61585 INFO tempest.lib.common.rest_client [req-dfa7622f-8680-446e-91a7-92ef3f0ae6d4 req-dfa7622f-8680-446e-91a7-92ef3f0ae6d4 ] Request (ServersAaction247Test:test_create_backup): 200 GET http://10.180.1.21/compute/v2.1/servers/109fc11e-d640-4617-99a3-0defe0a5aa6c 0.337s
2024-08-02 13:35:03.969 61574 INFO tempest.lib.common.rest_client [req-a87f2f57-b180-4e98-b9d8-c81d1bc26467 req-a87f2f57-b180-4e98-b9d8-c81d1bc26467 ] Request (TenantUsagesTestJSON:setUpClass): 200 GET http://10.180.1.21/compute/v2.1/servers/b41c6d21-5e7f-427f-95ce-830fe0da8bc6 0.291s
2024-08-02 13:35:04.008 61553 INFO tempest.lib.common.rest_client [req-a381d24e-8a3c-4cf5-bcef-9d69eba9ffba req-a381d24e-8a3c-4cf5-bcef-9d69eba9ffba ] Request (ServerDiagnosticsTest:test_get_server_diagnostics): 200 GET http://10.180.1.21/compute/v2.1/servers/7d1f7566-8e5e-476c-9d19-49ed7b16c308 0.265s
2024-08-02 13:35:04.031 61594 INFO tempest.lib.common.rest_client [req-f2cc3f7a-6715-4024-97c0-ea70dd9460ec req-f2cc3f7a-6715-4024-97c0-ea70dd9460ec ] Request (ServerTagsTestJSON:setUpClass): 200 GET http://10.180.1.21/compute/v2.1/servers/32b57d1b-d35f-488e-be23-9119f2f56562 0.224s
2024-08-02 13:35:04.063 61565 INFO tempest.lib.common.rest_client [req-8e0d0576-6de0-4bb6-965b-409d85eda7fd req-8e0d0576-6de0-4bb6-965b-409d85eda7fd ] Request (ServerAddressesTestJSON:setUpClass): 200 GET http://10.180.1.21/compute/v2.1/servers/e2560c8e-61c6-4343-82cb-47dc5b1997fb 0.207s
2024-08-02 13:35:04.094 61558 INFO tempest.lib.common.rest_client [req-f6bb3419-b8ec-4ee7-ad2c-71ea0bdaeee4 req-f6bb3419-b8ec-4ee7-ad2c-71ea0bdaeee4 ] Request (ServerActionsTestOtherA:setUpClass): 200 GET http://10.180.1.21/compute/v2.1/servers/3f1f549f-8034-4685-b6f0-db5a7a2a4a32 0.188s
2024-08-02 13:35:04.115 61591 INFO tempest.lib.common.rest_client [req-4feebb36-af38-4102-a51f-c41763d5e8cd req-4feebb36-af38-4102-a51f-c41763d5e8cd ] Request (AttachInterfacesV270Test:test_create_get_list_interfaces): 200 GET http://10.180.1.21/compute/v2.1/servers/f0c26eb3-e6d6-4d9f-9f07-5add9de6d126 0.143s
2024-08-02 13:35:04.156 61547 INFO tempest.lib.common.rest_client [req-8e7f2322-412d-47e7-8e52-188753879cc7 req-8e7f2322-412d-47e7-8e52-188753879cc7 ] Request (FloatingIPsAssociationTestJSON:setUpClass): 200 GET http://10.180.1.21/compute/v2.1/servers/12c47e99-faf4-4083-a46f-4e33c451e980 0.143s
2024-08-02 13:35:04.160 61567 INFO tempest.lib.common.rest_client [req-7a2ad0c7-8bbf-4793-ad25-83e2ccc04cc7 req-7a2ad0c7-8bbf-4793-ad25-83e2ccc04cc7 ] Request (ServersTestBootFromVolume:setUpClass): 200 GET http://10.180.1.21/volume/v3/233511ca341849e3a8d33ee8152f429a/volumes/4602f78a-d619-4e07-8958-2029cb61c217 0.025s
2024-08-02 13:35:04.225 61537 INFO tempest.lib.common.rest_client [req-9c1956e8-89d5-4565-b51e-e5e7de7b7875 req-9c1956e8-89d5-4565-b51e-e5e7de7b7875 ] Request (VolumesAssistedSnapshotsTest:tearDownClass): 200 PUT http://10.180.1.21:9696/networking/v2.0/routers/e7454fbf-0926-4ec8-bd19-02968a4955c2/remove_router_interface 1.205s
2024-08-02 13:35:04.354 61545 INFO tempest.lib.common.rest_client [req-677e401a-adaf-456b-9046-d0bf2a09ca38 req-677e401a-adaf-456b-9046-d0bf2a09ca38 ] Request (ServerActionsTestJSON:setUpClass): 200 GET http://10.180.1.21/compute/v2.1/servers/5ea287cd-ba85-446d-85d0-5a050fe49f17 0.062s
2024-08-02 13:35:04.392 61561 INFO tempest.lib.common.rest_client [req-c646caa7-4d0a-42e8-a7b9-10dbd060ea61 req-c646caa7-4d0a-42e8-a7b9-10dbd060ea61 ] Request (ServerActionsV293TestJSON:setUpClass): 200 GET http://10.180.1.21/compute/v2.1/servers/144c3c21-b18e-4997-a241-8ff21a3b4835 0.076s
2024-08-02 13:35:04.429 61541 INFO tempest.lib.common.rest_client [req-fc41db14-59f8-463f-8f2a-84bb3042734a req-fc41db14-59f8-463f-8f2a-84bb3042734a ] Request (ServersAdminNegativeTestJSON:setUpClass): 200 GET http://10.180.1.21/compute/v2.1/servers/1336becb-9691-490c-86ea-3bc70d13d7df 0.073s
2024-08-02 13:35:04.483 61569 INFO tempest.lib.common.rest_client [req-d11d88dd-b2b1-4da1-85de-3eb8a05151ca req-d11d88dd-b2b1-4da1-85de-3eb8a05151ca ] Request (ServersNegativeTestJSON:setUpClass): 200 GET http://10.180.1.21/compute/v2.1/servers/297a5546-6159-462c-a436-032d94855c00 0.071s
2024-08-02 13:35:04.485 61543 INFO tempest.lib.common.rest_client [req-ee995d29-4a4f-4ca8-aa6b-fde450d5ee3e req-ee995d29-4a4f-4ca8-aa6b-fde450d5ee3e ] Request (ServerDiagnosticsV248Test:tearDownClass): 200 GET http://10.180.1.21/compute/v2.1/servers/62c3b24d-bee7-4dd2-a6c7-9303c7c28cca 0.102s
2024-08-02 13:35:04.532 61563 INFO tempest.lib.common.rest_client [req-a3957268-0206-44d2-b650-5be8ff4f5cd3 req-a3957268-0206-44d2-b650-5be8ff4f5cd3 ] Request (VolumesAdminNegativeTest:setUpClass): 200 PUT http://10.180.1.21:9696/networking/v2.0/routers/560a8e7d-d184-40d8-a705-e3a54b8b6c6a/add_router_interface 1.350s
2024-08-02 13:35:04.532 61563 INFO tempest.lib.common.dynamic_creds [-] Created isolated network resources for: credentials: Credentials: {'domain_id': 'default', 'domain_name': 'Default', 'username': 'tempest-VolumesAdminNegativeTest-1865414953-project-member', 'project_domain_id': 'default', 'project_domain_name': 'Default', 'project_id': 'c6ac2fa4041e4f24bee18db89143d7dc', 'project_name': 'tempest-VolumesAdminNegativeTest-1865414953', 'tenant_id': 'c6ac2fa4041e4f24bee18db89143d7dc', 'tenant_name': 'tempest-VolumesAdminNegativeTest-1865414953', 'user_domain_id': 'default', 'user_domain_name': 'Default', 'user_id': '438a167fe61344bc9371e3b42d5344c8', 'system': None}, Network: {'id': '587ffdce-bc24-4678-b621-c1e6ca127279', 'name': 'tempest-VolumesAdminNegativeTest-1358236899-network', 'tenant_id': 'c6ac2fa4041e4f24bee18db89143d7dc', 'admin_state_up': True, 'mtu': 8950, 'status': 'ACTIVE', 'subnets': [], 'shared': False, 'project_id': 'c6ac2fa4041e4f24bee18db89143d7dc', 'port_security_enabled': True, 'router:external': False, 'provider:network_type': 'vlan', 'provider:physical_network': 'default', 'provider:segmentation_id': 854, 'is_default': False, 'availability_zone_hints': [], 'availability_zones': [], 'ipv4_address_scope': None, 'ipv6_address_scope': None, 'description': '', 'tags': [], 'created_at': '2024-08-02T13:35:01Z', 'updated_at': '2024-08-02T13:35:01Z', 'revision_number': 1}, Subnet: {'id': 'f045ccc5-ebcd-4581-a1f7-020ad37533cd', 'name': 'tempest-VolumesAdminNegativeTest-1358236899-subnet', 'tenant_id': 'c6ac2fa4041e4f24bee18db89143d7dc', 'network_id': '587ffdce-bc24-4678-b621-c1e6ca127279', 'ip_version': 4, 'subnetpool_id': None, 'enable_dhcp': True, 'ipv6_ra_mode': None, 'ipv6_address_mode': None, 'gateway_ip': '192.168.128.1', 'cidr': '192.168.128.0/28', 'allocation_pools': [{'start': '192.168.128.2', 'end': '192.168.128.14'}], 'host_routes': [], 'dns_nameservers': [], 'description': '', 'router:external': False, 'service_types': [], 'tags': [], 'created_at': '2024-08-02T13:35:01Z', 'updated_at': '2024-08-02T13:35:01Z', 'revision_number': 0, 'project_id': 'c6ac2fa4041e4f24bee18db89143d7dc'}, Router: {'id': '560a8e7d-d184-40d8-a705-e3a54b8b6c6a', 'name': 'tempest-VolumesAdminNegativeTest-1358236899-router', 'tenant_id': 'c6ac2fa4041e4f24bee18db89143d7dc', 'admin_state_up': True, 'status': 'ACTIVE', 'external_gateway_info': {'network_id': '7dae1803-a608-4764-a89f-f7d4384bd1f8', 'external_fixed_ips': [{'subnet_id': '9fb89573-4769-4878-a244-b51a0477d814', 'ip_address': '10.180.180.168'}], 'enable_snat': True}, 'description': '', 'availability_zones': [], 'distributed': False, 'ha': False, 'availability_zone_hints': [], 'routes': [], 'flavor_id': None, 'tags': [], 'created_at': '2024-08-02T13:35:01Z', 'updated_at': '2024-08-02T13:35:02Z', 'revision_number': 2, 'project_id': 'c6ac2fa4041e4f24bee18db89143d7dc'}
2024-08-02 13:35:04.632 61551 INFO tempest.lib.common.rest_client [req-96be9005-2d10-4a59-b760-ebd72bf39ce8 req-96be9005-2d10-4a59-b760-ebd72bf39ce8 ] Request (MigrationsAdminTest:test_resize_server_revert_deleted_flavor): 200 GET http://10.180.1.21/compute/v2.1/servers/2b87dfbe-2b94-4787-a795-94f8b63f651c 0.200s
2024-08-02 13:35:04.632 61578 INFO tempest.lib.common.rest_client [req-25434213-134d-44b1-99de-079f6607600d req-25434213-134d-44b1-99de-079f6607600d ] Request (ServerRescueNegativeTestJSON:setUpClass): 200 GET http://10.180.1.21/compute/v2.1/servers/7f8b08d4-3535-48ab-ba3f-a159511e2a64 0.171s
2024-08-02 13:35:04.640 61563 INFO tempest.lib.common.rest_client [req-568aab23-0c17-4cfb-9a67-355c4be301dc req-568aab23-0c17-4cfb-9a67-355c4be301dc ] Request (VolumesAdminNegativeTest:setUpClass): 201 POST http://10.180.1.21/identity/v3/auth/tokens 0.105s
2024-08-02 13:35:04.675 61563 INFO tempest.lib.common.rest_client [req-469dcc9e-cb02-49f3-a6f9-535297352688 req-469dcc9e-cb02-49f3-a6f9-535297352688 ] Request (VolumesAdminNegativeTest:setUpClass): 201 POST http://10.180.1.21/identity/v3/projects 0.034s
2024-08-02 13:35:04.719 61583 INFO tempest.lib.common.rest_client [req-d2906f6b-6f75-4451-a178-f80e68207c86 req-d2906f6b-6f75-4451-a178-f80e68207c86 ] Request (ServerMetadataNegativeTestJSON:setUpClass): 200 GET http://10.180.1.21/compute/v2.1/servers/1804f229-97b9-4ee3-933d-715431a900f8 0.229s
2024-08-02 13:35:04.737 61539 INFO tempest.lib.common.rest_client [req-4b0eede8-f57d-4dc2-98cd-b3a71bb61fbe req-4b0eede8-f57d-4dc2-98cd-b3a71bb61fbe ] Request (ServerGroupTestJSON:test_create_server_with_scheduler_hint_group): 200 GET http://10.180.1.21/compute/v2.1/servers/3635532a-2af3-4ef5-a922-37fc763c9708 0.222s
2024-08-02 13:35:04.771 61563 INFO tempest.lib.common.rest_client [req-fbfe3951-e7a4-464b-8dbb-04010e847c07 req-fbfe3951-e7a4-464b-8dbb-04010e847c07 ] Request (VolumesAdminNegativeTest:setUpClass): 201 POST http://10.180.1.21/identity/v3/users 0.096s
2024-08-02 13:35:04.784 61537 INFO tempest.lib.common.rest_client [req-fff96514-4d84-4897-bdba-7279b248da79 req-fff96514-4d84-4897-bdba-7279b248da79 ] Request (VolumesAssistedSnapshotsTest:tearDownClass): 204 DELETE http://10.180.1.21:9696/networking/v2.0/routers/e7454fbf-0926-4ec8-bd19-02968a4955c2 0.559s
2024-08-02 13:35:04.791 61559 INFO tempest.lib.common.rest_client [req-01e9dcbb-73b0-4232-a44d-9786a1444631 req-01e9dcbb-73b0-4232-a44d-9786a1444631 ] Request (ServerActionsTestOtherB:setUpClass): 200 GET http://10.180.1.21/compute/v2.1/servers/767d7956-954b-4be7-8cc6-45872ff4cfce 0.256s
2024-08-02 13:35:04.797 61563 INFO tempest.lib.common.rest_client [req-cef63549-1fae-48ab-8a5a-f4bb7b720e1b req-cef63549-1fae-48ab-8a5a-f4bb7b720e1b ] Request (VolumesAdminNegativeTest:setUpClass): 200 GET http://10.180.1.21/identity/v3/roles 0.025s
2024-08-02 13:35:04.804 61535 INFO tempest.lib.common.rest_client [req-fc43fe6a-57e2-4572-a027-56fa3357498a req-fc43fe6a-57e2-4572-a027-56fa3357498a ] Request (ServersTestManualDisk:setUpClass): 200 GET http://10.180.1.21/compute/v2.1/servers/30ed4438-4f74-4bc3-a6cc-a59420751940 0.214s
2024-08-02 13:35:04.833 61563 INFO tempest.lib.common.rest_client [req-434704c4-50fd-4957-9c1b-2998d0ea0bf3 req-434704c4-50fd-4957-9c1b-2998d0ea0bf3 ] Request (VolumesAdminNegativeTest:setUpClass): 204 PUT http://10.180.1.21/identity/v3/projects/dd5b89496d3a404cb940159807418aba/users/72b6d4e2ecc5466abecaba0f961f4568/roles/93fa935fa8374b5988e457f1c5241aef 0.035s
2024-08-02 13:35:04.851 61597 INFO tempest.lib.common.rest_client [req-ee8402e8-cc58-47fc-8c03-92fa678ce63b req-ee8402e8-cc58-47fc-8c03-92fa678ce63b ] Request (DeleteServersAdminTestJSON:test_delete_server_while_in_error_state): 200 GET http://10.180.1.21/compute/v2.1/servers/d4d3db12-8de6-4daf-a087-89bb043d1217 0.251s
2024-08-02 13:35:04.878 61572 INFO tempest.lib.common.rest_client [req-3fa6e23f-c4a4-4dd9-ad6e-04421d47446d req-3fa6e23f-c4a4-4dd9-ad6e-04421d47446d ] Request (ServersTestJSON:setUpClass): 200 GET http://10.180.1.21/compute/v2.1/servers/13c1d417-4087-46ad-b513-fc3317995d18 0.179s
2024-08-02 13:35:04.907 61563 INFO tempest.lib.common.rest_client [req-b4fde09c-1a69-4bdb-9d26-961488fac1a6 req-b4fde09c-1a69-4bdb-9d26-961488fac1a6 ] Request (VolumesAdminNegativeTest:setUpClass): 200 GET http://10.180.1.21/identity/v3/roles 0.073s
2024-08-02 13:35:04.918 61579 INFO tempest.lib.common.rest_client [req-1ea0efc7-4378-47bb-9264-9a762c94eb33 req-1ea0efc7-4378-47bb-9264-9a762c94eb33 ] Request (DeleteServersTestJSON:test_delete_server_while_in_attached_volume): 200 GET http://10.180.1.21/compute/v2.1/servers/017b1da4-7c9b-477d-92a3-29b2248317d3 0.150s
2024-08-02 13:35:05.273 61555 INFO tempest.lib.common.rest_client [req-2e345a43-2c36-470c-bb1a-414b7ef47a09 req-2e345a43-2c36-470c-bb1a-414b7ef47a09 ] Request (InstanceActionsNegativeTestJSON:setUpClass): 200 GET http://10.180.1.21/compute/v2.1/servers/782dc85a-56f4-4f03-8711-b78bbadb33ce 0.437s
2024-08-02 13:35:05.288 61563 INFO tempest.lib.common.rest_client [req-271a6686-a2c9-465f-a247-e9e30f7687b9 req-271a6686-a2c9-465f-a247-e9e30f7687b9 ] Request (VolumesAdminNegativeTest:setUpClass): 204 PUT http://10.180.1.21/identity/v3/projects/dd5b89496d3a404cb940159807418aba/users/72b6d4e2ecc5466abecaba0f961f4568/roles/93fa935fa8374b5988e457f1c5241aef 0.380s
2024-08-02 13:35:05.289 61563 INFO tempest.lib.common.dynamic_creds [-] Dynamic test user 72b6d4e2ecc5466abecaba0f961f4568 is created with scope project and roles: ['admin']
2024-08-02 13:35:05.289 61563 INFO tempest.lib.common.dynamic_creds [-] Acquired dynamic creds: credentials: Credentials: {'domain_id': 'default', 'domain_name': 'Default', 'username': 'tempest-VolumesAdminNegativeTest-1650013079-project-admin', 'project_domain_id': 'default', 'project_domain_name': 'Default', 'project_id': 'dd5b89496d3a404cb940159807418aba', 'project_name': 'tempest-VolumesAdminNegativeTest-1650013079', 'tenant_id': 'dd5b89496d3a404cb940159807418aba', 'tenant_name': 'tempest-VolumesAdminNegativeTest-1650013079', 'user_domain_id': 'default', 'user_domain_name': 'Default', 'user_id': '72b6d4e2ecc5466abecaba0f961f4568', 'system': None}, Network: None, Subnet: None, Router: None
2024-08-02 13:35:05.316 61567 INFO tempest.lib.common.rest_client [req-e6027456-0c24-4b53-9a4c-1fd5d28aab4c req-e6027456-0c24-4b53-9a4c-1fd5d28aab4c ] Request (ServersTestBootFromVolume:setUpClass): 200 GET http://10.180.1.21/volume/v3/233511ca341849e3a8d33ee8152f429a/volumes/4602f78a-d619-4e07-8958-2029cb61c217 0.148s
2024-08-02 13:35:05.321 61567 INFO tempest.common.waiters [-] volume 4602f78a-d619-4e07-8958-2029cb61c217 reached available after waiting for 19.321632 seconds
2024-08-02 13:35:05.356 61589 INFO tempest.lib.common.rest_client [req-ddfca5b6-9419-45f2-8fd7-ef77cabb693f req-ddfca5b6-9419-45f2-8fd7-ef77cabb693f ] Request (ImagesTestJSON:test_create_image_from_stopped_server): 200 GET http://10.180.1.21/compute/v2.1/servers/1d84bcbd-9b55-4d6f-b6c7-24391c8600a7 0.508s
2024-08-02 13:35:05.358 61533 INFO tempest.lib.common.rest_client [req-92c04b4e-c89d-4f93-9684-8a2ba8d54d3e req-92c04b4e-c89d-4f93-9684-8a2ba8d54d3e ] Request (ServersWithSpecificFlavorTestJSON:test_verify_created_server_ephemeral_disk): 200 GET http://10.180.1.21/compute/v2.1/servers/36c3ac75-5bfd-4a89-9ddb-28fded8da39c 0.450s
2024-08-02 13:35:05.374 61537 INFO tempest.lib.common.rest_client [req-5542db39-ea17-4374-a73d-e07a993ef71a req-5542db39-ea17-4374-a73d-e07a993ef71a ] Request (VolumesAssistedSnapshotsTest:tearDownClass): 204 DELETE http://10.180.1.21:9696/networking/v2.0/subnets/e7127e40-25ca-4563-baaf-3f9ec603cf5b 0.589s
2024-08-02 13:35:05.452 61565 INFO tempest.lib.common.rest_client [req-892b6a55-bf87-416a-b660-499f1c2d625f req-892b6a55-bf87-416a-b660-499f1c2d625f ] Request (ServerAddressesTestJSON:setUpClass): 200 GET http://10.180.1.21/compute/v2.1/servers/e2560c8e-61c6-4343-82cb-47dc5b1997fb 0.382s
2024-08-02 13:35:05.453 61581 INFO tempest.lib.common.rest_client [req-c54e9571-24c3-45b2-a0b4-982bc81c960d req-c54e9571-24c3-45b2-a0b4-982bc81c960d ] Request (SecurityGroupsTestJSON:test_list_security_groups_by_server): 200 GET http://10.180.1.21/compute/v2.1/servers/8f37dfb3-c4d2-4c41-91eb-e3c7ca640050 0.543s
2024-08-02 13:35:05.531 61558 INFO tempest.lib.common.rest_client [req-995a8dec-4952-4f52-96ba-e85d823ed3e9 req-995a8dec-4952-4f52-96ba-e85d823ed3e9 ] Request (ServerActionsTestOtherA:setUpClass): 200 GET http://10.180.1.21/compute/v2.1/servers/3f1f549f-8034-4685-b6f0-db5a7a2a4a32 0.431s
2024-08-02 13:35:05.549 61585 INFO tempest.lib.common.rest_client [req-78220bbb-b634-4607-82b5-85b3814ec58e req-78220bbb-b634-4607-82b5-85b3814ec58e ] Request (ServersAaction247Test:test_create_backup): 200 GET http://10.180.1.21/compute/v2.1/servers/109fc11e-d640-4617-99a3-0defe0a5aa6c 0.589s
2024-08-02 13:35:05.628 61591 INFO tempest.lib.common.rest_client [req-351bdea5-10da-41b2-b43e-8946f02a0565 req-351bdea5-10da-41b2-b43e-8946f02a0565 ] Request (AttachInterfacesV270Test:test_create_get_list_interfaces): 200 GET http://10.180.1.21/compute/v2.1/servers/f0c26eb3-e6d6-4d9f-9f07-5add9de6d126 0.504s
2024-08-02 13:35:05.642 61594 INFO tempest.lib.common.rest_client [req-62c7b65e-7fdd-460c-9aaf-43d261cd7032 req-62c7b65e-7fdd-460c-9aaf-43d261cd7032 ] Request (ServerTagsTestJSON:setUpClass): 200 GET http://10.180.1.21/compute/v2.1/servers/32b57d1b-d35f-488e-be23-9119f2f56562 0.603s
2024-08-02 13:35:05.686 61537 INFO tempest.lib.common.rest_client [req-083dee9e-1605-4d80-9fd1-56038c1cd03a req-083dee9e-1605-4d80-9fd1-56038c1cd03a ] Request (VolumesAssistedSnapshotsTest:tearDownClass): 204 DELETE http://10.180.1.21:9696/networking/v2.0/networks/531de42e-20d9-4128-8ffd-89a5e7b6c64d 0.312s
2024-08-02 13:35:05.712 61563 INFO tempest.lib.common.rest_client [req-5c740d13-5ff3-4abb-b448-8d5abd3e2b4e req-5c740d13-5ff3-4abb-b448-8d5abd3e2b4e ] Request (VolumesAdminNegativeTest:setUpClass): 201 POST http://10.180.1.21:9696/networking/v2.0/networks 0.423s
2024-08-02 13:35:05.720 61574 INFO tempest.lib.common.rest_client [req-68e3e6b7-cec0-4cf4-83ba-3928b76c0efa req-68e3e6b7-cec0-4cf4-83ba-3928b76c0efa ] Request (TenantUsagesTestJSON:setUpClass): 200 GET http://10.180.1.21/compute/v2.1/servers/b41c6d21-5e7f-427f-95ce-830fe0da8bc6 0.744s
2024-08-02 13:35:05.724 61547 INFO tempest.lib.common.rest_client [req-699e04ab-9f36-4286-9a39-0aaf4ca1dbb6 req-699e04ab-9f36-4286-9a39-0aaf4ca1dbb6 ] Request (FloatingIPsAssociationTestJSON:setUpClass): 200 GET http://10.180.1.21/compute/v2.1/servers/12c47e99-faf4-4083-a46f-4e33c451e980 0.446s
2024-08-02 13:35:05.770 61553 INFO tempest.lib.common.rest_client [req-deb9522c-6942-4f8f-b12a-77a9b0cccd4d req-deb9522c-6942-4f8f-b12a-77a9b0cccd4d ] Request (ServerDiagnosticsTest:test_get_server_diagnostics): 200 GET http://10.180.1.21/compute/v2.1/servers/7d1f7566-8e5e-476c-9d19-49ed7b16c308 0.492s
2024-08-02 13:35:05.827 61545 INFO tempest.lib.common.rest_client [req-1c6518f6-6083-4d50-b226-f7252bb902db req-1c6518f6-6083-4d50-b226-f7252bb902db ] Request (ServerActionsTestJSON:setUpClass): 200 GET http://10.180.1.21/compute/v2.1/servers/5ea287cd-ba85-446d-85d0-5a050fe49f17 0.466s
2024-08-02 13:35:05.884 61561 INFO tempest.lib.common.rest_client [req-50e0d470-9b4c-4ad8-8da1-bad87628f2fd req-50e0d470-9b4c-4ad8-8da1-bad87628f2fd ] Request (ServerActionsV293TestJSON:setUpClass): 200 GET http://10.180.1.21/compute/v2.1/servers/144c3c21-b18e-4997-a241-8ff21a3b4835 0.482s
2024-08-02 13:35:05.934 61541 INFO tempest.lib.common.rest_client [req-471f1b34-cab5-475d-8b9d-ef39615867de req-471f1b34-cab5-475d-8b9d-ef39615867de ] Request (ServersAdminNegativeTestJSON:setUpClass): 200 GET http://10.180.1.21/compute/v2.1/servers/1336becb-9691-490c-86ea-3bc70d13d7df 0.497s
2024-08-02 13:35:05.936 61563 INFO tempest.lib.common.rest_client [req-f920a71b-456d-4796-90b1-a8d03d5686a3 req-f920a71b-456d-4796-90b1-a8d03d5686a3 ] Request (VolumesAdminNegativeTest:setUpClass): 201 POST http://10.180.1.21:9696/networking/v2.0/subnets 0.223s
2024-08-02 13:35:06.004 61569 INFO tempest.lib.common.rest_client [req-ff5f864f-1603-41d3-9c75-99b8c19dcd90 req-ff5f864f-1603-41d3-9c75-99b8c19dcd90 ] Request (ServersNegativeTestJSON:setUpClass): 200 GET http://10.180.1.21/compute/v2.1/servers/297a5546-6159-462c-a436-032d94855c00 0.513s
2024-08-02 13:35:06.084 61543 INFO tempest.lib.common.rest_client [req-c1edfa82-da02-4f56-8e0d-6e7f54154076 req-c1edfa82-da02-4f56-8e0d-6e7f54154076 ] Request (ServerDiagnosticsV248Test:tearDownClass): 200 GET http://10.180.1.21/compute/v2.1/servers/62c3b24d-bee7-4dd2-a6c7-9303c7c28cca 0.591s
