2024-08-02 13:35:14.758 61537 INFO tempest.lib.common.rest_client [req-1f68b6c6-c133-490e-b9fa-e01952cc8baa req-1f68b6c6-c133-490e-b9fa-e01952cc8baa ] Request (TenantUsagesNegativeTestJSON:setUpClass): 201 POST http://10.180.1.21/identity/v3/projects 0.025s
2024-08-02 13:35:14.762 61565 INFO tempest.lib.common.rest_client [req-75e160ee-86ea-4588-805a-0374eb939fc0 req-75e160ee-86ea-4588-805a-0374eb939fc0 ] Request (ServerAddressesTestJSON:setUpClass): 200 GET http://10.180.1.21/compute/v2.1/servers/e2560c8e-61c6-4343-82cb-47dc5b1997fb 0.338s
2024-08-02 13:35:14.828 61537 INFO tempest.lib.common.rest_client [req-83b4d3f8-e301-4359-b99c-ab90ce646e67 req-83b4d3f8-e301-4359-b99c-ab90ce646e67 ] Request (TenantUsagesNegativeTestJSON:setUpClass): 201 POST http://10.180.1.21/identity/v3/users 0.069s
2024-08-02 13:35:14.843 61585 INFO tempest.lib.common.rest_client [req-14fbc4d8-dab6-4852-b7ce-96a5d6294b77 req-14fbc4d8-dab6-4852-b7ce-96a5d6294b77 ] Request (ServersAaction247Test:test_create_backup): 200 GET http://10.180.1.21/compute/v2.1/servers/109fc11e-d640-4617-99a3-0defe0a5aa6c 0.384s
2024-08-02 13:35:14.845 61574 INFO tempest.lib.common.rest_client [req-7d7f50a4-82dd-485c-86c5-63aed187a4af req-7d7f50a4-82dd-485c-86c5-63aed187a4af ] Request (TenantUsagesTestJSON:setUpClass): 200 GET http://10.180.1.21/compute/v2.1/servers/b41c6d21-5e7f-427f-95ce-830fe0da8bc6 0.366s
2024-08-02 13:35:14.852 61537 INFO tempest.lib.common.rest_client [req-9fb4d619-41a4-48e9-b3eb-b52b10117764 req-9fb4d619-41a4-48e9-b3eb-b52b10117764 ] Request (TenantUsagesNegativeTestJSON:setUpClass): 200 GET http://10.180.1.21/identity/v3/roles 0.024s
2024-08-02 13:35:14.893 61537 INFO tempest.lib.common.rest_client [req-7e146373-9d1c-40d5-9a73-f25348369fb3 req-7e146373-9d1c-40d5-9a73-f25348369fb3 ] Request (TenantUsagesNegativeTestJSON:setUpClass): 204 PUT http://10.180.1.21/identity/v3/projects/2551605baf214e2690e3022f6f4d4bf3/users/f41e6c7289d24bdd81e59ce96814c602/roles/9b25f2d1840d44f38e447db6ad316e74 0.040s
2024-08-02 13:35:14.893 61537 INFO tempest.lib.common.dynamic_creds [-] Dynamic test user f41e6c7289d24bdd81e59ce96814c602 is created with scope project and roles: ['member']
2024-08-02 13:35:14.893 61537 INFO tempest.lib.common.dynamic_creds [-] Acquired dynamic creds: credentials: Credentials: {'domain_id': 'default', 'domain_name': 'Default', 'username': 'tempest-TenantUsagesNegativeTestJSON-2014951-project-member', 'project_domain_id': 'default', 'project_domain_name': 'Default', 'project_id': '2551605baf214e2690e3022f6f4d4bf3', 'project_name': 'tempest-TenantUsagesNegativeTestJSON-2014951', 'tenant_id': '2551605baf214e2690e3022f6f4d4bf3', 'tenant_name': 'tempest-TenantUsagesNegativeTestJSON-2014951', 'user_domain_id': 'default', 'user_domain_name': 'Default', 'user_id': 'f41e6c7289d24bdd81e59ce96814c602', 'system': None}, Network: None, Subnet: None, Router: None
2024-08-02 13:35:14.894 61537 INFO tempest.lib.common.dynamic_creds [-] Created isolated network resources for: credentials: Credentials: {'domain_id': 'default', 'domain_name': 'Default', 'username': 'tempest-TenantUsagesNegativeTestJSON-2014951-project-member', 'project_domain_id': 'default', 'project_domain_name': 'Default', 'project_id': '2551605baf214e2690e3022f6f4d4bf3', 'project_name': 'tempest-TenantUsagesNegativeTestJSON-2014951', 'tenant_id': '2551605baf214e2690e3022f6f4d4bf3', 'tenant_name': 'tempest-TenantUsagesNegativeTestJSON-2014951', 'user_domain_id': 'default', 'user_domain_name': 'Default', 'user_id': 'f41e6c7289d24bdd81e59ce96814c602', 'system': None}, Network: None, Subnet: None, Router: None
2024-08-02 13:35:14.900 61591 INFO tempest.lib.common.rest_client [req-f263d1e6-a41c-4b66-9c5c-7718bcf40973 req-f263d1e6-a41c-4b66-9c5c-7718bcf40973 ] Request (InstanceActionsV221TestJSON:setUpClass): 200 PUT http://10.180.1.21:9696/networking/v2.0/routers/9037b0b3-f31e-4313-9201-909539b940d8/add_router_interface 1.070s
2024-08-02 13:35:14.900 61591 INFO tempest.lib.common.dynamic_creds [-] Created isolated network resources for: credentials: Credentials: {'domain_id': 'default', 'domain_name': 'Default', 'username': 'tempest-InstanceActionsV221TestJSON-446942723-project-member', 'project_domain_id': 'default', 'project_domain_name': 'Default', 'project_id': '03a137cec9c540259688f75fb14dce35', 'project_name': 'tempest-InstanceActionsV221TestJSON-446942723', 'tenant_id': '03a137cec9c540259688f75fb14dce35', 'tenant_name': 'tempest-InstanceActionsV221TestJSON-446942723', 'user_domain_id': 'default', 'user_domain_name': 'Default', 'user_id': '9e14d098d2604a1b9543150852012a1a', 'system': None}, Network: {'id': '17330115-4362-463d-aa24-72b56290cb42', 'name': 'tempest-InstanceActionsV221TestJSON-1635800610-network', 'tenant_id': '03a137cec9c540259688f75fb14dce35', 'admin_state_up': True, 'mtu': 8950, 'status': 'ACTIVE', 'subnets': [], 'shared': False, 'project_id': '03a137cec9c540259688f75fb14dce35', 'port_security_enabled': True, 'router:external': False, 'provider:network_type': 'vlan', 'provider:physical_network': 'default', 'provider:segmentation_id': 900, 'is_default': False, 'availability_zone_hints': [], 'availability_zones': [], 'ipv4_address_scope': None, 'ipv6_address_scope': None, 'description': '', 'tags': [], 'created_at': '2024-08-02T13:35:12Z', 'updated_at': '2024-08-02T13:35:12Z', 'revision_number': 1}, Subnet: {'id': '17793339-2d4d-453a-abd7-5ce0d7f2b92a', 'name': 'tempest-InstanceActionsV221TestJSON-1635800610-subnet', 'tenant_id': '03a137cec9c540259688f75fb14dce35', 'network_id': '17330115-4362-463d-aa24-72b56290cb42', 'ip_version': 4, 'subnetpool_id': None, 'enable_dhcp': True, 'ipv6_ra_mode': None, 'ipv6_address_mode': None, 'gateway_ip': '192.168.128.1', 'cidr': '192.168.128.0/28', 'allocation_pools': [{'start': '192.168.128.2', 'end': '192.168.128.14'}], 'host_routes': [], 'dns_nameservers': [], 'description': '', 'router:external': False, 'service_types': [], 'tags': [], 'created_at': '2024-08-02T13:35:12Z', 'updated_at': '2024-08-02T13:35:12Z', 'revision_number': 0, 'project_id': '03a137cec9c540259688f75fb14dce35'}, Router: {'id': '9037b0b3-f31e-4313-9201-909539b940d8', 'name': 'tempest-InstanceActionsV221TestJSON-1635800610-router', 'tenant_id': '03a137cec9c540259688f75fb14dce35', 'admin_state_up': True, 'status': 'ACTIVE', 'external_gateway_info': {'network_id': '7dae1803-a608-4764-a89f-f7d4384bd1f8', 'external_fixed_ips': [{'subnet_id': '9fb89573-4769-4878-a244-b51a0477d814', 'ip_address': '10.180.180.164'}], 'enable_snat': True}, 'description': '', 'availability_zones': [], 'distributed': False, 'ha': False, 'availability_zone_hints': [], 'routes': [], 'flavor_id': None, 'tags': [], 'created_at': '2024-08-02T13:35:12Z', 'updated_at': '2024-08-02T13:35:13Z', 'revision_number': 2, 'project_id': '03a137cec9c540259688f75fb14dce35'}
2024-08-02 13:35:14.938 61553 INFO tempest.lib.common.rest_client [req-92117555-c500-4353-81f8-5f8e98e1cf22 req-92117555-c500-4353-81f8-5f8e98e1cf22 ] Request (ServerDiagnosticsTest:test_get_server_diagnostics): 200 GET http://10.180.1.21/compute/v2.1/servers/7d1f7566-8e5e-476c-9d19-49ed7b16c308 0.352s
2024-08-02 13:35:14.947 61594 INFO tempest.lib.common.rest_client [req-f722e06a-6266-4a8b-a149-06e2593111c1 req-f722e06a-6266-4a8b-a149-06e2593111c1 ] Request (ServerTagsTestJSON:setUpClass): 200 GET http://10.180.1.21/compute/v2.1/servers/32b57d1b-d35f-488e-be23-9119f2f56562 0.407s
2024-08-02 13:35:14.998 61591 INFO tempest.lib.common.rest_client [req-6c41e6bd-3cc6-490b-a3e2-377a668015d6 req-6c41e6bd-3cc6-490b-a3e2-377a668015d6 ] Request (InstanceActionsV221TestJSON:setUpClass): 201 POST http://10.180.1.21/identity/v3/auth/tokens 0.094s
2024-08-02 13:35:15.006 61537 INFO tempest.lib.common.rest_client [req-208171f8-031a-4bef-b70e-86331f63915d req-208171f8-031a-4bef-b70e-86331f63915d ] Request (TenantUsagesNegativeTestJSON:setUpClass): 201 POST http://10.180.1.21/identity/v3/auth/tokens 0.108s
2024-08-02 13:35:15.022 61591 INFO tempest.lib.common.rest_client [req-338ba3bc-58c6-4afd-b0b2-a9048d7196c9 req-338ba3bc-58c6-4afd-b0b2-a9048d7196c9 ] Request (InstanceActionsV221TestJSON:test_get_list_deleted_instance_actions): 201 POST http://10.180.1.21/identity/v3/auth/tokens 0.021s
2024-08-02 13:35:15.022 61591 INFO tempest.lib.common.fixed_network [-] (InstanceActionsV221TestJSON:test_get_list_deleted_instance_actions) Found network {'id': '17330115-4362-463d-aa24-72b56290cb42', 'name': 'tempest-InstanceActionsV221TestJSON-1635800610-network', 'tenant_id': '03a137cec9c540259688f75fb14dce35', 'admin_state_up': True, 'mtu': 8950, 'status': 'ACTIVE', 'subnets': [], 'shared': False, 'project_id': '03a137cec9c540259688f75fb14dce35', 'port_security_enabled': True, 'router:external': False, 'provider:network_type': 'vlan', 'provider:physical_network': 'default', 'provider:segmentation_id': 900, 'is_default': False, 'availability_zone_hints': [], 'availability_zones': [], 'ipv4_address_scope': None, 'ipv6_address_scope': None, 'description': '', 'tags': [], 'created_at': '2024-08-02T13:35:12Z', 'updated_at': '2024-08-02T13:35:12Z', 'revision_number': 1} available for tenant
2024-08-02 13:35:15.073 61537 INFO tempest.lib.common.rest_client [req-90d4dea2-de9e-4b2a-9ac8-5ad0d6ee2fd7 req-90d4dea2-de9e-4b2a-9ac8-5ad0d6ee2fd7 ] Request (TenantUsagesNegativeTestJSON:setUpClass): 201 POST http://10.180.1.21/identity/v3/projects 0.067s
2024-08-02 13:35:15.148 61537 INFO tempest.lib.common.rest_client [req-cc6cc005-9f05-44a8-84d2-9f83a9c12b7b req-cc6cc005-9f05-44a8-84d2-9f83a9c12b7b ] Request (TenantUsagesNegativeTestJSON:setUpClass): 201 POST http://10.180.1.21/identity/v3/users 0.075s
2024-08-02 13:35:15.153 61581 INFO tempest.lib.common.rest_client [req-0bb1b4d0-9d82-455b-9c76-4951519d2e60 req-0bb1b4d0-9d82-455b-9c76-4951519d2e60 ] Request (SecurityGroupsTestJSON:test_list_security_groups_by_server): 204 DELETE http://10.180.1.21/compute/v2.1/servers/8f37dfb3-c4d2-4c41-91eb-e3c7ca640050 0.478s
2024-08-02 13:35:15.171 61537 INFO tempest.lib.common.rest_client [req-f97b2147-dfd5-4859-9941-349598fc8d21 req-f97b2147-dfd5-4859-9941-349598fc8d21 ] Request (TenantUsagesNegativeTestJSON:setUpClass): 200 GET http://10.180.1.21/identity/v3/roles 0.022s
2024-08-02 13:35:15.216 61537 INFO tempest.lib.common.rest_client [req-99f68fe1-9464-4ab0-9aed-2e1439ee1800 req-99f68fe1-9464-4ab0-9aed-2e1439ee1800 ] Request (TenantUsagesNegativeTestJSON:setUpClass): 204 PUT http://10.180.1.21/identity/v3/projects/dde4eab6fedc4787ba8a2eacae5491b0/users/e9a4b21a827c4096afa16a8d9ff2911c/roles/93fa935fa8374b5988e457f1c5241aef 0.045s
2024-08-02 13:35:15.219 61547 INFO tempest.lib.common.rest_client [req-95c2f709-ebd7-4b5a-a2a7-395ad57f5f61 req-95c2f709-ebd7-4b5a-a2a7-395ad57f5f61 ] Request (FloatingIPsAssociationTestJSON:setUpClass): 200 GET http://10.180.1.21/compute/v2.1/servers/12c47e99-faf4-4083-a46f-4e33c451e980 0.518s
2024-08-02 13:35:15.271 61545 INFO tempest.lib.common.rest_client [req-08e42c3b-275f-4b66-ad93-1e30aed8d30c req-08e42c3b-275f-4b66-ad93-1e30aed8d30c ] Request (ServerActionsTestJSON:setUpClass): 200 GET http://10.180.1.21/compute/v2.1/servers/5ea287cd-ba85-446d-85d0-5a050fe49f17 0.441s
2024-08-02 13:35:15.287 61537 INFO tempest.lib.common.rest_client [req-63fab685-e8b4-4e3a-902e-0f434bbee75c req-63fab685-e8b4-4e3a-902e-0f434bbee75c ] Request (TenantUsagesNegativeTestJSON:setUpClass): 200 GET http://10.180.1.21/identity/v3/roles 0.070s
2024-08-02 13:35:15.305 61537 INFO tempest.lib.common.rest_client [req-0b3db21d-8ae4-48eb-8fe7-adc955017fba req-0b3db21d-8ae4-48eb-8fe7-adc955017fba ] Request (TenantUsagesNegativeTestJSON:setUpClass): 204 PUT http://10.180.1.21/identity/v3/projects/dde4eab6fedc4787ba8a2eacae5491b0/users/e9a4b21a827c4096afa16a8d9ff2911c/roles/93fa935fa8374b5988e457f1c5241aef 0.018s
2024-08-02 13:35:15.305 61537 INFO tempest.lib.common.dynamic_creds [-] Dynamic test user e9a4b21a827c4096afa16a8d9ff2911c is created with scope project and roles: ['admin']
2024-08-02 13:35:15.305 61537 INFO tempest.lib.common.dynamic_creds [-] Acquired dynamic creds: credentials: Credentials: {'domain_id': 'default', 'domain_name': 'Default', 'username': 'tempest-TenantUsagesNegativeTestJSON-1722566505-project-admin', 'project_domain_id': 'default', 'project_domain_name': 'Default', 'project_id': 'dde4eab6fedc4787ba8a2eacae5491b0', 'project_name': 'tempest-TenantUsagesNegativeTestJSON-1722566505', 'tenant_id': 'dde4eab6fedc4787ba8a2eacae5491b0', 'tenant_name': 'tempest-TenantUsagesNegativeTestJSON-1722566505', 'user_domain_id': 'default', 'user_domain_name': 'Default', 'user_id': 'e9a4b21a827c4096afa16a8d9ff2911c', 'system': None}, Network: None, Subnet: None, Router: None
2024-08-02 13:35:15.305 61537 INFO tempest.lib.common.dynamic_creds [-] Created isolated network resources for: credentials: Credentials: {'domain_id': 'default', 'domain_name': 'Default', 'username': 'tempest-TenantUsagesNegativeTestJSON-1722566505-project-admin', 'project_domain_id': 'default', 'project_domain_name': 'Default', 'project_id': 'dde4eab6fedc4787ba8a2eacae5491b0', 'project_name': 'tempest-TenantUsagesNegativeTestJSON-1722566505', 'tenant_id': 'dde4eab6fedc4787ba8a2eacae5491b0', 'tenant_name': 'tempest-TenantUsagesNegativeTestJSON-1722566505', 'user_domain_id': 'default', 'user_domain_name': 'Default', 'user_id': 'e9a4b21a827c4096afa16a8d9ff2911c', 'system': None}, Network: None, Subnet: None, Router: None
2024-08-02 13:35:15.330 61561 INFO tempest.lib.common.rest_client [req-25662749-9f5b-4a7c-909f-702974383789 req-25662749-9f5b-4a7c-909f-702974383789 ] Request (ServerActionsV293TestJSON:setUpClass): 200 GET http://10.180.1.21/compute/v2.1/servers/144c3c21-b18e-4997-a241-8ff21a3b4835 0.482s
2024-08-02 13:35:15.382 61541 INFO tempest.lib.common.rest_client [req-90ad4b29-b6c8-4f4a-a1f0-894f1b1ba735 req-90ad4b29-b6c8-4f4a-a1f0-894f1b1ba735 ] Request (ServersAdminNegativeTestJSON:setUpClass): 200 GET http://10.180.1.21/compute/v2.1/servers/1336becb-9691-490c-86ea-3bc70d13d7df 0.486s
2024-08-02 13:35:15.383 61537 INFO tempest.lib.common.rest_client [req-23dbf318-6e34-4c33-99e1-cfd8fe8b2e5f req-23dbf318-6e34-4c33-99e1-cfd8fe8b2e5f ] Request (TenantUsagesNegativeTestJSON:setUpClass): 201 POST http://10.180.1.21/identity/v3/auth/tokens 0.075s
2024-08-02 13:35:15.432 61569 INFO tempest.lib.common.rest_client [req-10ad8c6a-2ca6-4b08-8e05-d32d2f2e431a req-10ad8c6a-2ca6-4b08-8e05-d32d2f2e431a ] Request (ServersNegativeTestJSON:setUpClass): 200 GET http://10.180.1.21/compute/v2.1/servers/297a5546-6159-462c-a436-032d94855c00 0.491s
2024-08-02 13:35:15.484 61543 INFO tempest.lib.common.rest_client [req-24c97928-8313-4706-8c5b-9b40234d869d req-24c97928-8313-4706-8c5b-9b40234d869d ] Request (ImagesOneServerTestJSON:setUpClass): 202 POST http://10.180.1.21/compute/v2.1/servers 0.842s
2024-08-02 13:35:15.485 61551 INFO tempest.lib.common.rest_client [req-49b2c4c0-b19e-470d-9742-29e2c993c8aa req-49b2c4c0-b19e-470d-9742-29e2c993c8aa ] Request (MigrationsAdminTest:test_resize_server_revert_deleted_flavor): 200 GET http://10.180.1.21/compute/v2.1/servers/2b87dfbe-2b94-4787-a795-94f8b63f651c 0.508s
2024-08-02 13:35:15.554 61559 INFO tempest.lib.common.rest_client [req-c39c9196-6173-4809-b8c7-7357ea7267cf req-c39c9196-6173-4809-b8c7-7357ea7267cf ] Request (ServerActionsTestOtherB:setUpClass): 200 GET http://10.180.1.21/compute/v2.1/servers/767d7956-954b-4be7-8cc6-45872ff4cfce 0.470s
2024-08-02 13:35:15.653 61578 INFO tempest.lib.common.rest_client [req-e038a151-b3aa-4d19-beaa-f91e6a622119 req-e038a151-b3aa-4d19-beaa-f91e6a622119 ] Request (ServerRescueNegativeTestJSON:setUpClass): 200 GET http://10.180.1.21/compute/v2.1/servers/7f8b08d4-3535-48ab-ba3f-a159511e2a64 0.559s
2024-08-02 13:35:15.687 61581 INFO tempest.lib.common.rest_client [req-5938de8c-03cb-4cb2-917c-a2a8a7473fa4 req-5938de8c-03cb-4cb2-917c-a2a8a7473fa4 ] Request (SecurityGroupsTestJSON:test_list_security_groups_by_server): 404 GET http://10.180.1.21/compute/v2.1/servers/8f37dfb3-c4d2-4c41-91eb-e3c7ca640050 0.533s
2024-08-02 13:35:15.765 61539 INFO tempest.lib.common.rest_client [req-475c685a-7e9d-4cb6-b6da-8660df1c3747 req-475c685a-7e9d-4cb6-b6da-8660df1c3747 ] Request (ServerGroupTestJSON:test_create_server_with_scheduler_hint_group): 200 GET http://10.180.1.21/compute/v2.1/servers/3635532a-2af3-4ef5-a922-37fc763c9708 0.503s
2024-08-02 13:35:15.836 61535 INFO tempest.lib.common.rest_client [req-4cc33709-6f99-4f16-9346-283c8d80909a req-4cc33709-6f99-4f16-9346-283c8d80909a ] Request (ServersTestManualDisk:setUpClass): 200 GET http://10.180.1.21/compute/v2.1/servers/30ed4438-4f74-4bc3-a6cc-a59420751940 0.573s
2024-08-02 13:35:15.903 61583 INFO tempest.lib.common.rest_client [req-6ff2190c-7ef8-404c-aab7-05e599339a1d req-6ff2190c-7ef8-404c-aab7-05e599339a1d ] Request (ServerMetadataNegativeTestJSON:setUpClass): 200 GET http://10.180.1.21/compute/v2.1/servers/1804f229-97b9-4ee3-933d-715431a900f8 0.544s
2024-08-02 13:35:15.975 61563 INFO tempest.lib.common.rest_client [req-7d3f2ec6-b9af-41f0-ac1a-5ea63ff3b314 req-7d3f2ec6-b9af-41f0-ac1a-5ea63ff3b314 ] Request (VolumesAdminNegativeTest:test_update_attached_volume_with_nonexistent_volume_in_body): 200 GET http://10.180.1.21/compute/v2.1/servers/bf40cc8c-4729-49c5-8c9d-e3ee09606aa5 0.599s
2024-08-02 13:35:15.987 61591 INFO tempest.lib.common.rest_client [req-45f175ce-162c-47d2-9198-e74d4e7e13b3 req-45f175ce-162c-47d2-9198-e74d4e7e13b3 ] Request (InstanceActionsV221TestJSON:test_get_list_deleted_instance_actions): 202 POST http://10.180.1.21/compute/v2.1/servers 0.964s
2024-08-02 13:35:16.030 61537 INFO tempest.lib.common.rest_client [req-9a5b5221-9484-45a1-b6a1-1a362a8b39c0 req-9a5b5221-9484-45a1-b6a1-1a362a8b39c0 ] Request (TenantUsagesNegativeTestJSON:test_get_usage_tenant_with_empty_tenant_id): 404 GET http://10.180.1.21/compute/v2.1/os-simple-tenant-usage/?start=2024-08-01T13%3A35%3A15.384183&end=2024-08-03T13%3A35%3A15.384183 0.645s
2024-08-02 13:35:16.054 61579 INFO tempest.lib.common.rest_client [req-3f1ba4ec-5786-4e84-9a56-ce5b0f79f6c5 req-3f1ba4ec-5786-4e84-9a56-ce5b0f79f6c5 ] Request (DeleteServersTestJSON:test_delete_server_while_in_attached_volume): 200 GET http://10.180.1.21/compute/v2.1/servers/017b1da4-7c9b-477d-92a3-29b2248317d3 0.640s
2024-08-02 13:35:16.097 61597 INFO tempest.lib.common.rest_client [req-5f1b8c11-9ac8-44e4-bf46-d301bc7ab013 req-5f1b8c11-9ac8-44e4-bf46-d301bc7ab013 ] Request (DeleteServersAdminTestJSON:test_delete_server_while_in_error_state): 200 GET http://10.180.1.21/compute/v2.1/servers/d4d3db12-8de6-4daf-a087-89bb043d1217 0.653s
2024-08-02 13:35:16.102 61597 INFO tempest.common.waiters [-] State transition "BUILD/scheduling" ==> "BUILD/None" after 61 second wait
2024-08-02 13:35:16.152 61572 INFO tempest.lib.common.rest_client [req-af4ace14-7f55-403b-8f87-300559b16d9e req-af4ace14-7f55-403b-8f87-300559b16d9e ] Request (ServersTestJSON:setUpClass): 200 GET http://10.180.1.21/compute/v2.1/servers/13c1d417-4087-46ad-b513-fc3317995d18 0.683s
2024-08-02 13:35:16.159 61543 INFO tempest.lib.common.rest_client [req-9b2cbc01-1196-4e00-a07b-94a7b2cbeda9 req-9b2cbc01-1196-4e00-a07b-94a7b2cbeda9 ] Request (ImagesOneServerTestJSON:setUpClass): 200 GET http://10.180.1.21/compute/v2.1/servers/23774aa5-1608-495f-8015-29e25f856c69 0.673s
2024-08-02 13:35:16.221 61589 INFO tempest.lib.common.rest_client [req-f5bc6a13-707f-4bfb-8775-91e248369798 req-f5bc6a13-707f-4bfb-8775-91e248369798 ] Request (ImagesTestJSON:test_create_image_from_stopped_server): 200 GET http://10.180.1.21/compute/v2.1/servers/1d84bcbd-9b55-4d6f-b6c7-24391c8600a7 0.724s
2024-08-02 13:35:16.222 61567 INFO tempest.lib.common.rest_client [req-3db1df4c-c98c-4557-8870-99d86bce107d req-3db1df4c-c98c-4557-8870-99d86bce107d ] Request (ServersTestBootFromVolume:setUpClass): 200 GET http://10.180.1.21/compute/v2.1/servers/8d63e0a8-85a1-400b-a6f0-8e87c7945655 0.679s
2024-08-02 13:35:16.276 61555 INFO tempest.lib.common.rest_client [req-f7c0f6b5-8aa0-44fe-860d-dfc66f62c92f req-f7c0f6b5-8aa0-44fe-860d-dfc66f62c92f ] Request (InstanceActionsNegativeTestJSON:setUpClass): 200 GET http://10.180.1.21/compute/v2.1/servers/782dc85a-56f4-4f03-8711-b78bbadb33ce 0.716s
2024-08-02 13:35:16.288 61533 INFO tempest.lib.common.rest_client [req-1cafd1e8-fdfa-4fee-9abf-9a7d4ea4c89c req-1cafd1e8-fdfa-4fee-9abf-9a7d4ea4c89c ] Request (ServersWithSpecificFlavorTestJSON:test_verify_created_server_ephemeral_disk): 200 GET http://10.180.1.21/compute/v2.1/servers/36c3ac75-5bfd-4a89-9ddb-28fded8da39c 0.614s
2024-08-02 13:35:16.357 61558 INFO tempest.lib.common.rest_client [req-06a1b01b-a048-41b2-880f-9107ece51591 req-06a1b01b-a048-41b2-880f-9107ece51591 ] Request (ServerActionsTestOtherA:setUpClass): 200 GET http://10.180.1.21/compute/v2.1/servers/3f1f549f-8034-4685-b6f0-db5a7a2a4a32 0.597s
2024-08-02 13:35:16.363 61558 INFO tempest.common.waiters [-] State transition "BUILD/spawning" ==> "ERROR/None" after 76 second wait
2024-08-02 13:35:16.414 61581 INFO tempest.lib.common.rest_client [req-8f8503af-8050-45c2-aa3b-9360cba58b7c req-8f8503af-8050-45c2-aa3b-9360cba58b7c ] Request (SecurityGroupsTestJSON:test_security_group_create_get_delete): 200 POST http://10.180.1.21/compute/v2.1/os-security-groups 0.724s
2024-08-02 13:35:16.420 61565 INFO tempest.lib.common.rest_client [req-27a06772-7c2c-4d22-b29a-28b00a1963de req-27a06772-7c2c-4d22-b29a-28b00a1963de ] Request (ServerAddressesTestJSON:setUpClass): 200 GET http://10.180.1.21/compute/v2.1/servers/e2560c8e-61c6-4343-82cb-47dc5b1997fb 0.651s
2024-08-02 13:35:16.460 61574 INFO tempest.lib.common.rest_client [req-a7af03eb-255d-41a7-b6a5-f95a5892359f req-a7af03eb-255d-41a7-b6a5-f95a5892359f ] Request (TenantUsagesTestJSON:setUpClass): 200 GET http://10.180.1.21/compute/v2.1/servers/b41c6d21-5e7f-427f-95ce-830fe0da8bc6 0.607s
2024-08-02 13:35:16.474 61585 INFO tempest.lib.common.rest_client [req-07bbea26-2000-47ed-9cf9-8fb478836934 req-07bbea26-2000-47ed-9cf9-8fb478836934 ] Request (ServersAaction247Test:test_create_backup): 200 GET http://10.180.1.21/compute/v2.1/servers/109fc11e-d640-4617-99a3-0defe0a5aa6c 0.616s
2024-08-02 13:35:16.519 61553 INFO tempest.lib.common.rest_client [req-785e755a-8851-4428-a62d-090db6b8e691 req-785e755a-8851-4428-a62d-090db6b8e691 ] Request (ServerDiagnosticsTest:test_get_server_diagnostics): 200 GET http://10.180.1.21/compute/v2.1/servers/7d1f7566-8e5e-476c-9d19-49ed7b16c308 0.573s
2024-08-02 13:35:16.533 61594 INFO tempest.lib.common.rest_client [req-c1f6265a-50be-4c5e-a556-069b1f99a8ad req-c1f6265a-50be-4c5e-a556-069b1f99a8ad ] Request (ServerTagsTestJSON:setUpClass): 200 GET http://10.180.1.21/compute/v2.1/servers/32b57d1b-d35f-488e-be23-9119f2f56562 0.575s
2024-08-02 13:35:16.549 61537 INFO tempest.lib.common.rest_client [req-8c63e0ea-d09d-4974-85ad-177b3f20bd9b req-8c63e0ea-d09d-4974-85ad-177b3f20bd9b ] Request (TenantUsagesNegativeTestJSON:test_get_usage_tenant_with_invalid_date): 400 GET http://10.180.1.21/compute/v2.1/os-simple-tenant-usage/2551605baf214e2690e3022f6f4d4bf3?start=2024-08-03T13%3A35%3A15.384183&end=2024-08-01T13%3A35%3A15.384183 0.516s
2024-08-02 13:35:16.568 61591 INFO tempest.lib.common.rest_client [req-a422d4ec-0234-4230-b9e2-2628641a1d8a req-a422d4ec-0234-4230-b9e2-2628641a1d8a ] Request (InstanceActionsV221TestJSON:test_get_list_deleted_instance_actions): 200 GET http://10.180.1.21/compute/v2.1/servers/b6a158f8-6e2a-4967-ad05-761804ec6590 0.580s
2024-08-02 13:35:16.629 61547 INFO tempest.lib.common.rest_client [req-2995f342-5c0d-4c3f-95c3-9983285612d1 req-2995f342-5c0d-4c3f-95c3-9983285612d1 ] Request (FloatingIPsAssociationTestJSON:setUpClass): 200 GET http://10.180.1.21/compute/v2.1/servers/12c47e99-faf4-4083-a46f-4e33c451e980 0.403s
2024-08-02 13:35:16.645 61545 INFO tempest.lib.common.rest_client [req-e40b84c9-b46e-4c42-8c56-f5b7cc8f4ffa req-e40b84c9-b46e-4c42-8c56-f5b7cc8f4ffa ] Request (ServerActionsTestJSON:setUpClass): 200 GET http://10.180.1.21/compute/v2.1/servers/5ea287cd-ba85-446d-85d0-5a050fe49f17 0.367s
2024-08-02 13:35:16.721 61561 INFO tempest.lib.common.rest_client [req-be958353-c93f-457c-a1c6-7e79d5031055 req-be958353-c93f-457c-a1c6-7e79d5031055 ] Request (ServerActionsV293TestJSON:setUpClass): 200 GET http://10.180.1.21/compute/v2.1/servers/144c3c21-b18e-4997-a241-8ff21a3b4835 0.381s
2024-08-02 13:35:16.799 61541 INFO tempest.lib.common.rest_client [req-6a171790-2b05-4584-81b0-ed5e557847cc req-6a171790-2b05-4584-81b0-ed5e557847cc ] Request (ServersAdminNegativeTestJSON:setUpClass): 200 GET http://10.180.1.21/compute/v2.1/servers/1336becb-9691-490c-86ea-3bc70d13d7df 0.410s
2024-08-02 13:35:16.843 61581 INFO tempest.lib.common.rest_client [req-c4bdf88a-b4b3-44a9-bd8a-5b374bfefa72 req-c4bdf88a-b4b3-44a9-bd8a-5b374bfefa72 ] Request (SecurityGroupsTestJSON:test_security_group_create_get_delete): 200 GET http://10.180.1.21/compute/v2.1/os-security-groups/f8c12e4c-62c1-43ec-a230-6f959ef0b4fc 0.427s
2024-08-02 13:35:16.906 61569 INFO tempest.lib.common.rest_client [req-93aaa487-cf05-4d1c-8d88-b48cef79f6a4 req-93aaa487-cf05-4d1c-8d88-b48cef79f6a4 ] Request (ServersNegativeTestJSON:setUpClass): 200 GET http://10.180.1.21/compute/v2.1/servers/297a5546-6159-462c-a436-032d94855c00 0.467s
2024-08-02 13:35:16.923 61558 INFO tempest.lib.common.rest_client [req-b856f382-1d10-4d95-a375-c74dce428fbb req-b856f382-1d10-4d95-a375-c74dce428fbb ] Request (ServerActionsTestOtherA:setUpClass): 204 DELETE http://10.180.1.21/compute/v2.1/servers/3f1f549f-8034-4685-b6f0-db5a7a2a4a32 0.559s
2024-08-02 13:35:16.958 61551 INFO tempest.lib.common.rest_client [req-5af54730-2444-483b-8c97-99c023fbe5a3 req-5af54730-2444-483b-8c97-99c023fbe5a3 ] Request (MigrationsAdminTest:test_resize_server_revert_deleted_flavor): 200 GET http://10.180.1.21/compute/v2.1/servers/2b87dfbe-2b94-4787-a795-94f8b63f651c 0.466s
2024-08-02 13:35:16.985 61537 INFO tempest.lib.common.rest_client [req-5568452d-6d40-4b28-a6a1-9648cf3bebe4 req-5568452d-6d40-4b28-a6a1-9648cf3bebe4 ] Request (TenantUsagesNegativeTestJSON:test_list_usage_all_tenants_with_non_admin_user): 403 GET http://10.180.1.21/compute/v2.1/os-simple-tenant-usage?start=2024-08-01T13%3A35%3A15.384183&end=2024-08-03T13%3A35%3A15.384183&detailed=1 0.431s
2024-08-02 13:35:17.047 61559 INFO tempest.lib.common.rest_client [req-ed6fbd3b-f0cd-4968-b661-032a9cab841a req-ed6fbd3b-f0cd-4968-b661-032a9cab841a ] Request (ServerActionsTestOtherB:setUpClass): 200 GET http://10.180.1.21/compute/v2.1/servers/767d7956-954b-4be7-8cc6-45872ff4cfce 0.486s
2024-08-02 13:35:17.052 61578 INFO tempest.lib.common.rest_client [req-8c46235f-6cc8-473d-b0db-17563b020800 req-8c46235f-6cc8-473d-b0db-17563b020800 ] Request (ServerRescueNegativeTestJSON:setUpClass): 200 GET http://10.180.1.21/compute/v2.1/servers/7f8b08d4-3535-48ab-ba3f-a159511e2a64 0.392s
2024-08-02 13:35:17.094 61537 INFO tempest.lib.common.rest_client [req-89522110-e405-4fc1-99ae-6caa9092e64f req-89522110-e405-4fc1-99ae-6caa9092e64f ] Request (TenantUsagesNegativeTestJSON:tearDownClass): 204 DELETE http://10.180.1.21/identity/v3/users/f41e6c7289d24bdd81e59ce96814c602 0.105s
2024-08-02 13:35:17.104 61535 INFO tempest.lib.common.rest_client [req-1e0dbc28-9448-44b5-aabe-ba7fff446525 req-1e0dbc28-9448-44b5-aabe-ba7fff446525 ] Request (ServersTestManualDisk:setUpClass): 200 GET http://10.180.1.21/compute/v2.1/servers/30ed4438-4f74-4bc3-a6cc-a59420751940 0.261s
2024-08-02 13:35:17.117 61539 INFO tempest.lib.common.rest_client [req-5c9af943-30e5-4e4d-a632-98393904c03d req-5c9af943-30e5-4e4d-a632-98393904c03d ] Request (ServerGroupTestJSON:test_create_server_with_scheduler_hint_group): 200 GET http://10.180.1.21/compute/v2.1/servers/3635532a-2af3-4ef5-a922-37fc763c9708 0.345s
2024-08-02 13:35:17.182 61583 INFO tempest.lib.common.rest_client [req-81206cb3-9543-4a84-9748-a9212abd0f7c req-81206cb3-9543-4a84-9748-a9212abd0f7c ] Request (ServerMetadataNegativeTestJSON:setUpClass): 200 GET http://10.180.1.21/compute/v2.1/servers/1804f229-97b9-4ee3-933d-715431a900f8 0.270s
2024-08-02 13:35:17.199 61558 INFO tempest.lib.common.rest_client [req-80512537-9d84-41d8-beb0-3d7af126cf59 req-80512537-9d84-41d8-beb0-3d7af126cf59 ] Request (ServerActionsTestOtherA:setUpClass): 404 GET http://10.180.1.21/compute/v2.1/servers/3f1f549f-8034-4685-b6f0-db5a7a2a4a32 0.276s
2024-08-02 13:35:17.200 61558 INFO tempest.test [-] raised in ServerActionsTestOtherA.setUpClass. Invoking tearDownClass.
2024-08-02 13:35:17.202 61537 INFO tempest.lib.common.rest_client [req-952f3845-b93a-4afb-aba1-932c9c11e4e5 req-952f3845-b93a-4afb-aba1-932c9c11e4e5 ] Request (TenantUsagesNegativeTestJSON:tearDownClass): 204 DELETE http://10.180.1.21/identity/v3/users/e9a4b21a827c4096afa16a8d9ff2911c 0.107s
2024-08-02 13:35:17.202 61537 INFO tempest.lib.common.dynamic_creds [-] Deleting project and security group for project: 2551605baf214e2690e3022f6f4d4bf3
2024-08-02 13:35:17.238 61581 INFO tempest.lib.common.rest_client [req-64cc8c3e-13f8-4715-af20-d886482c0c25 req-64cc8c3e-13f8-4715-af20-d886482c0c25 ] Request (SecurityGroupsTestJSON:test_security_group_create_get_delete): 202 DELETE http://10.180.1.21/compute/v2.1/os-security-groups/f8c12e4c-62c1-43ec-a230-6f959ef0b4fc 0.393s
2024-08-02 13:35:17.254 61563 INFO tempest.lib.common.rest_client [req-00d012d4-0bd4-4075-8f56-497d6318c1c2 req-00d012d4-0bd4-4075-8f56-497d6318c1c2 ] Request (VolumesAdminNegativeTest:test_update_attached_volume_with_nonexistent_volume_in_body): 200 GET http://10.180.1.21/compute/v2.1/servers/bf40cc8c-4729-49c5-8c9d-e3ee09606aa5 0.272s
2024-08-02 13:35:17.275 61537 INFO tempest.lib.common.rest_client [req-c69de78a-23d3-48bc-bba6-ae3a73eeba13 req-c69de78a-23d3-48bc-bba6-ae3a73eeba13 ] Request (TenantUsagesNegativeTestJSON:tearDownClass): 201 POST http://10.180.1.21/identity/v3/auth/tokens 0.073s
2024-08-02 13:35:17.300 61579 INFO tempest.lib.common.rest_client [req-19e492a4-cb64-4604-a00b-5bca2aa6ee3c req-19e492a4-cb64-4604-a00b-5bca2aa6ee3c ] Request (DeleteServersTestJSON:test_delete_server_while_in_attached_volume): 200 GET http://10.180.1.21/compute/v2.1/servers/017b1da4-7c9b-477d-92a3-29b2248317d3 0.239s
2024-08-02 13:35:17.315 61597 INFO tempest.lib.common.rest_client [req-bd72b62f-0798-4ea3-84f0-1260dac3808f req-bd72b62f-0798-4ea3-84f0-1260dac3808f ] Request (DeleteServersAdminTestJSON:test_delete_server_while_in_error_state): 200 GET http://10.180.1.21/compute/v2.1/servers/d4d3db12-8de6-4daf-a087-89bb043d1217 0.211s
2024-08-02 13:35:17.347 61572 INFO tempest.lib.common.rest_client [req-2e20c017-4904-488c-8bcf-76b4bb38f29d req-2e20c017-4904-488c-8bcf-76b4bb38f29d ] Request (ServersTestJSON:setUpClass): 200 GET http://10.180.1.21/compute/v2.1/servers/13c1d417-4087-46ad-b513-fc3317995d18 0.187s
2024-08-02 13:35:17.352 61572 INFO tempest.common.waiters [-] State transition "BUILD/scheduling" ==> "BUILD/None" after 61 second wait
2024-08-02 13:35:17.368 61543 INFO tempest.lib.common.rest_client [req-ba096486-280d-465a-9a37-b0340857d77c req-ba096486-280d-465a-9a37-b0340857d77c ] Request (ImagesOneServerTestJSON:setUpClass): 200 GET http://10.180.1.21/compute/v2.1/servers/23774aa5-1608-495f-8015-29e25f856c69 0.202s
2024-08-02 13:35:17.382 61558 INFO tempest.lib.common.rest_client [req-ce5953d8-a6ff-4b7b-9e60-ec5c4a402d8d req-ce5953d8-a6ff-4b7b-9e60-ec5c4a402d8d ] Request (ServerActionsTestOtherA:tearDownClass): 202 DELETE http://10.180.1.21/compute/v2.1/os-keypairs/tempest-keypair-1552798723 0.182s
2024-08-02 13:35:17.440 61589 INFO tempest.lib.common.rest_client [req-958a688b-5c45-4494-b8dd-6d286c53b32a req-958a688b-5c45-4494-b8dd-6d286c53b32a ] Request (ImagesTestJSON:test_create_image_from_stopped_server): 200 GET http://10.180.1.21/compute/v2.1/servers/1d84bcbd-9b55-4d6f-b6c7-24391c8600a7 0.212s
2024-08-02 13:35:17.445 61567 INFO tempest.lib.common.rest_client [req-32f996b1-54d9-40c9-90a5-f99116e046d6 req-32f996b1-54d9-40c9-90a5-f99116e046d6 ] Request (ServersTestBootFromVolume:setUpClass): 200 GET http://10.180.1.21/compute/v2.1/servers/8d63e0a8-85a1-400b-a6f0-8e87c7945655 0.217s
2024-08-02 13:35:17.463 61581 INFO tempest.lib.common.rest_client [req-48358f11-fb84-4d45-8ad2-77e3fbb78ade req-48358f11-fb84-4d45-8ad2-77e3fbb78ade ] Request (SecurityGroupsTestJSON:test_security_group_create_get_delete): 404 GET http://10.180.1.21/compute/v2.1/os-security-groups/f8c12e4c-62c1-43ec-a230-6f959ef0b4fc 0.224s
2024-08-02 13:35:17.529 61555 INFO tempest.lib.common.rest_client [req-ad56bca3-a0dc-4ea2-b7ba-4e38fc483735 req-ad56bca3-a0dc-4ea2-b7ba-4e38fc483735 ] Request (InstanceActionsNegativeTestJSON:setUpClass): 200 GET http://10.180.1.21/compute/v2.1/servers/782dc85a-56f4-4f03-8711-b78bbadb33ce 0.246s
2024-08-02 13:35:17.534 61533 INFO tempest.lib.common.rest_client [req-ba1198f6-4e9d-4fa6-b894-c90cc0eca629 req-ba1198f6-4e9d-4fa6-b894-c90cc0eca629 ] Request (ServersWithSpecificFlavorTestJSON:test_verify_created_server_ephemeral_disk): 200 GET http://10.180.1.21/compute/v2.1/servers/36c3ac75-5bfd-4a89-9ddb-28fded8da39c 0.239s
2024-08-02 13:35:17.535 61537 INFO tempest.lib.common.rest_client [req-5fa0c014-6570-40e7-afcf-34d20aa801e8 req-5fa0c014-6570-40e7-afcf-34d20aa801e8 ] Request (TenantUsagesNegativeTestJSON:tearDownClass): 200 GET http://10.180.1.21:9696/networking/v2.0/security-groups?tenant_id=2551605baf214e2690e3022f6f4d4bf3&name=default 0.260s
2024-08-02 13:35:17.539 61533 INFO tempest.common.waiters [-] State transition "BUILD/spawning" ==> "BUILD/scheduling" after 76 second wait
2024-08-02 13:35:17.561 61558 INFO tempest.lib.common.rest_client [req-dd619406-83ba-406f-8e46-ce261b05872a req-dd619406-83ba-406f-8e46-ce261b05872a ] Request (ServerActionsTestOtherA:tearDownClass): 204 DELETE http://10.180.1.21:9696/networking/v2.0/security-groups/0e2e8dad-5c30-4976-9245-082fe4a82350 0.178s
2024-08-02 13:35:17.578 61558 INFO tempest.lib.common.rest_client [req-169bdce3-16f9-4038-b7a4-95cd537c6e22 req-169bdce3-16f9-4038-b7a4-95cd537c6e22 ] Request (ServerActionsTestOtherA:tearDownClass): 404 GET http://10.180.1.21:9696/networking/v2.0/security-groups/0e2e8dad-5c30-4976-9245-082fe4a82350 0.017s
2024-08-02 13:35:17.633 61565 INFO tempest.lib.common.rest_client [req-179b6cc5-78fc-4031-93f9-c353f73506e8 req-179b6cc5-78fc-4031-93f9-c353f73506e8 ] Request (ServerAddressesTestJSON:setUpClass): 200 GET http://10.180.1.21/compute/v2.1/servers/e2560c8e-61c6-4343-82cb-47dc5b1997fb 0.206s
2024-08-02 13:35:17.802 61558 INFO tempest.lib.common.rest_client [req-810c4df8-97b3-4804-b627-9e3dbfbf5c1e req-810c4df8-97b3-4804-b627-9e3dbfbf5c1e ] Request (ServerActionsTestOtherA:tearDownClass): 204 DELETE http://10.180.1.21:9696/networking/v2.0/floatingips/abb0f23e-b31d-4c6a-bfda-dd8c2c56489d 0.224s
2024-08-02 13:35:17.835 61574 INFO tempest.lib.common.rest_client [req-70f12b3d-26d1-45d6-b410-f396eb37423f req-70f12b3d-26d1-45d6-b410-f396eb37423f ] Request (TenantUsagesTestJSON:setUpClass): 200 GET http://10.180.1.21/compute/v2.1/servers/b41c6d21-5e7f-427f-95ce-830fe0da8bc6 0.367s
2024-08-02 13:35:17.906 61585 INFO tempest.lib.common.rest_client [req-3e61d247-ca43-40bf-a33b-302b41f7944b req-3e61d247-ca43-40bf-a33b-302b41f7944b ] Request (ServersAaction247Test:test_create_backup): 200 GET http://10.180.1.21/compute/v2.1/servers/109fc11e-d640-4617-99a3-0defe0a5aa6c 0.420s
2024-08-02 13:35:17.980 61581 INFO tempest.lib.common.rest_client [req-dbd8cc8e-2b34-4f3e-81b9-56abcd2307a2 req-dbd8cc8e-2b34-4f3e-81b9-56abcd2307a2 ] Request (SecurityGroupsTestJSON:test_security_groups_create_list_delete): 200 POST http://10.180.1.21/compute/v2.1/os-security-groups 0.515s
2024-08-02 13:35:17.992 61553 INFO tempest.lib.common.rest_client [req-51aa7a28-1184-45f8-99f3-0324c2ee321d req-51aa7a28-1184-45f8-99f3-0324c2ee321d ] Request (ServerDiagnosticsTest:test_get_server_diagnostics): 200 GET http://10.180.1.21/compute/v2.1/servers/7d1f7566-8e5e-476c-9d19-49ed7b16c308 0.462s
2024-08-02 13:35:18.008 61537 INFO tempest.lib.common.rest_client [req-71ed3abc-dd5e-4bd2-82f8-7252461988b3 req-71ed3abc-dd5e-4bd2-82f8-7252461988b3 ] Request (TenantUsagesNegativeTestJSON:tearDownClass): 204 DELETE http://10.180.1.21:9696/networking/v2.0/security-groups/a4e6cb13-f958-45d5-86d8-45a8dff8dbef 0.472s
2024-08-02 13:35:18.039 61594 INFO tempest.lib.common.rest_client [req-3ae9a8fc-2278-420e-98fc-3675bdbf2790 req-3ae9a8fc-2278-420e-98fc-3675bdbf2790 ] Request (ServerTagsTestJSON:setUpClass): 200 GET http://10.180.1.21/compute/v2.1/servers/32b57d1b-d35f-488e-be23-9119f2f56562 0.491s
2024-08-02 13:35:18.046 61591 INFO tempest.lib.common.rest_client [req-9f6542dd-bf1f-4854-8476-9050cbeaff05 req-9f6542dd-bf1f-4854-8476-9050cbeaff05 ] Request (InstanceActionsV221TestJSON:test_get_list_deleted_instance_actions): 200 GET http://10.180.1.21/compute/v2.1/servers/b6a158f8-6e2a-4967-ad05-761804ec6590 0.467s
2024-08-02 13:35:18.079 61537 INFO tempest.lib.common.rest_client [req-cde8d481-1d21-4f5b-8a56-819a36b2f25c req-cde8d481-1d21-4f5b-8a56-819a36b2f25c ] Request (TenantUsagesNegativeTestJSON:tearDownClass): 204 DELETE http://10.180.1.21/identity/v3/projects/2551605baf214e2690e3022f6f4d4bf3 0.070s
2024-08-02 13:35:18.079 61537 INFO tempest.lib.common.dynamic_creds [-] Deleting project and security group for project: dde4eab6fedc4787ba8a2eacae5491b0
2024-08-02 13:35:18.104 61545 INFO tempest.lib.common.rest_client [req-21ad4c63-8b6e-47ae-a5a9-b058d041e4e2 req-21ad4c63-8b6e-47ae-a5a9-b058d041e4e2 ] Request (ServerActionsTestJSON:setUpClass): 200 GET http://10.180.1.21/compute/v2.1/servers/5ea287cd-ba85-446d-85d0-5a050fe49f17 0.450s
2024-08-02 13:35:18.121 61547 INFO tempest.lib.common.rest_client [req-794f154b-949a-4f09-8fdd-5ca306050fda req-794f154b-949a-4f09-8fdd-5ca306050fda ] Request (FloatingIPsAssociationTestJSON:setUpClass): 200 GET http://10.180.1.21/compute/v2.1/servers/12c47e99-faf4-4083-a46f-4e33c451e980 0.484s
2024-08-02 13:35:18.161 61561 INFO tempest.lib.common.rest_client [req-5b4bd127-b930-4852-9b09-a088b9e260b2 req-5b4bd127-b930-4852-9b09-a088b9e260b2 ] Request (ServerActionsV293TestJSON:setUpClass): 200 GET http://10.180.1.21/compute/v2.1/servers/144c3c21-b18e-4997-a241-8ff21a3b4835 0.428s
2024-08-02 13:35:18.176 61541 INFO tempest.lib.common.rest_client [req-038ec4ef-0282-4492-aba5-6124438c5918 req-038ec4ef-0282-4492-aba5-6124438c5918 ] Request (ServersAdminNegativeTestJSON:setUpClass): 200 GET http://10.180.1.21/compute/v2.1/servers/1336becb-9691-490c-86ea-3bc70d13d7df 0.370s
2024-08-02 13:35:18.236 61569 INFO tempest.lib.common.rest_client [req-cb23c35d-a528-439a-81b6-a6903d728377 req-cb23c35d-a528-439a-81b6-a6903d728377 ] Request (ServersNegativeTestJSON:setUpClass): 200 GET http://10.180.1.21/compute/v2.1/servers/297a5546-6159-462c-a436-032d94855c00 0.322s
2024-08-02 13:35:18.239 61537 INFO tempest.lib.common.rest_client [req-a91d8224-a0cc-4453-9d81-d733aca4839b req-a91d8224-a0cc-4453-9d81-d733aca4839b ] Request (TenantUsagesNegativeTestJSON:tearDownClass): 200 GET http://10.180.1.21:9696/networking/v2.0/security-groups?tenant_id=dde4eab6fedc4787ba8a2eacae5491b0&name=default 0.160s
2024-08-02 13:35:18.261 61551 INFO tempest.lib.common.rest_client [req-c3b6a4c4-3593-434e-8756-962df6c44df5 req-c3b6a4c4-3593-434e-8756-962df6c44df5 ] Request (MigrationsAdminTest:test_resize_server_revert_deleted_flavor): 200 GET http://10.180.1.21/compute/v2.1/servers/2b87dfbe-2b94-4787-a795-94f8b63f651c 0.295s
2024-08-02 13:35:18.317 61559 INFO tempest.lib.common.rest_client [req-c4982ae8-e850-4120-ace5-2c5abde76511 req-c4982ae8-e850-4120-ace5-2c5abde76511 ] Request (ServerActionsTestOtherB:setUpClass): 200 GET http://10.180.1.21/compute/v2.1/servers/767d7956-954b-4be7-8cc6-45872ff4cfce 0.262s
2024-08-02 13:35:18.343 61581 INFO tempest.lib.common.rest_client [req-7067afb5-6f38-479f-aff9-af1765a19720 req-7067afb5-6f38-479f-aff9-af1765a19720 ] Request (SecurityGroupsTestJSON:test_security_groups_create_list_delete): 200 POST http://10.180.1.21/compute/v2.1/os-security-groups 0.361s
2024-08-02 13:35:18.375 61578 INFO tempest.lib.common.rest_client [req-901ed8cf-5fee-4755-bcc1-208af9e6ee59 req-901ed8cf-5fee-4755-bcc1-208af9e6ee59 ] Request (ServerRescueNegativeTestJSON:setUpClass): 200 GET http://10.180.1.21/compute/v2.1/servers/7f8b08d4-3535-48ab-ba3f-a159511e2a64 0.315s
2024-08-02 13:35:18.378 61537 INFO tempest.lib.common.rest_client [req-405c094a-8fd4-467e-a85e-82d941bdda6b req-405c094a-8fd4-467e-a85e-82d941bdda6b ] Request (TenantUsagesNegativeTestJSON:tearDownClass): 204 DELETE http://10.180.1.21:9696/networking/v2.0/security-groups/956fde8e-32ed-46f9-a4f2-634f3df33d71 0.138s
2024-08-02 13:35:18.392 61535 INFO tempest.lib.common.rest_client [req-fe2fdfa6-679f-4b02-9a87-342f56234bfc req-fe2fdfa6-679f-4b02-9a87-342f56234bfc ] Request (ServersTestManualDisk:setUpClass): 200 GET http://10.180.1.21/compute/v2.1/servers/30ed4438-4f74-4bc3-a6cc-a59420751940 0.280s
2024-08-02 13:35:18.423 61539 INFO tempest.lib.common.rest_client [req-ccd2b41f-2008-4372-81c9-4ae698f15a5b req-ccd2b41f-2008-4372-81c9-4ae698f15a5b ] Request (ServerGroupTestJSON:test_create_server_with_scheduler_hint_group): 200 GET http://10.180.1.21/compute/v2.1/servers/3635532a-2af3-4ef5-a922-37fc763c9708 0.299s
2024-08-02 13:35:18.439 61583 INFO tempest.lib.common.rest_client [req-ed1fde9c-73c8-4faa-b827-b9c6b3003a15 req-ed1fde9c-73c8-4faa-b827-b9c6b3003a15 ] Request (ServerMetadataNegativeTestJSON:setUpClass): 200 GET http://10.180.1.21/compute/v2.1/servers/1804f229-97b9-4ee3-933d-715431a900f8 0.249s
2024-08-02 13:35:18.473 61537 INFO tempest.lib.common.rest_client [req-8f0b16f6-78e5-4fa3-a7fd-4477977f8ebf req-8f0b16f6-78e5-4fa3-a7fd-4477977f8ebf ] Request (TenantUsagesNegativeTestJSON:tearDownClass): 204 DELETE http://10.180.1.21/identity/v3/projects/dde4eab6fedc4787ba8a2eacae5491b0 0.094s
2024-08-02 13:35:18.479 61563 INFO tempest.lib.common.rest_client [req-68cdbb0b-aea3-4ae5-838c-c11b1e9dd378 req-68cdbb0b-aea3-4ae5-838c-c11b1e9dd378 ] Request (VolumesAdminNegativeTest:test_update_attached_volume_with_nonexistent_volume_in_body): 200 GET http://10.180.1.21/compute/v2.1/servers/bf40cc8c-4729-49c5-8c9d-e3ee09606aa5 0.217s
2024-08-02 13:35:18.479 61558 INFO tempest.lib.common.rest_client [req-83855e3b-4630-4e47-8416-78b4818b365b req-83855e3b-4630-4e47-8416-78b4818b365b ] Request (ServerActionsTestOtherA:tearDownClass): 200 PUT http://10.180.1.21:9696/networking/v2.0/routers/3805f755-3652-49f7-b8ca-56fce9574a11/remove_router_interface 0.676s
2024-08-02 13:35:18.493 61579 INFO tempest.lib.common.rest_client [req-b1b1f3de-ce00-4465-a3d3-b4289f603a1e req-b1b1f3de-ce00-4465-a3d3-b4289f603a1e ] Request (DeleteServersTestJSON:test_delete_server_while_in_attached_volume): 200 GET http://10.180.1.21/compute/v2.1/servers/017b1da4-7c9b-477d-92a3-29b2248317d3 0.185s
2024-08-02 13:35:18.537 61597 INFO tempest.lib.common.rest_client [req-7a41466e-b0b8-496e-82fa-b3ff5ba7da4e req-7a41466e-b0b8-496e-82fa-b3ff5ba7da4e ] Request (DeleteServersAdminTestJSON:test_delete_server_while_in_error_state): 200 GET http://10.180.1.21/compute/v2.1/servers/d4d3db12-8de6-4daf-a087-89bb043d1217 0.215s
2024-08-02 13:35:18.540 61537 INFO tempest.lib.common.rest_client [req-7dacf97e-0586-4b2c-a984-1bf87736e603 req-7dacf97e-0586-4b2c-a984-1bf87736e603 ] Request (ServerShowV247Test:setUpClass): 201 POST http://10.180.1.21/identity/v3/auth/tokens 0.065s
2024-08-02 13:35:18.562 61537 INFO tempest.lib.common.rest_client [req-0435a95b-0033-4825-b7e8-c192c1657a1a req-0435a95b-0033-4825-b7e8-c192c1657a1a ] Request (ServerShowV247Test:setUpClass): 201 POST http://10.180.1.21/identity/v3/auth/tokens 0.019s
2024-08-02 13:35:18.584 61537 INFO tempest.lib.common.rest_client [req-eda2ba61-5614-44fe-ac97-192e62248b4a req-eda2ba61-5614-44fe-ac97-192e62248b4a ] Request (ServerShowV247Test:setUpClass): 200 GET http://10.180.1.21/identity/v3/domains?name=Default 0.022s
2024-08-02 13:35:18.595 61572 INFO tempest.lib.common.rest_client [req-bee411ad-632d-410b-a6b1-84b0e242226e req-bee411ad-632d-410b-a6b1-84b0e242226e ] Request (ServersTestJSON:setUpClass): 200 GET http://10.180.1.21/compute/v2.1/servers/13c1d417-4087-46ad-b513-fc3317995d18 0.241s
2024-08-02 13:35:18.626 61581 INFO tempest.lib.common.rest_client [req-f4e2c35b-5d0d-449b-9ac2-44a37ffef885 req-f4e2c35b-5d0d-449b-9ac2-44a37ffef885 ] Request (SecurityGroupsTestJSON:test_security_groups_create_list_delete): 200 POST http://10.180.1.21/compute/v2.1/os-security-groups 0.280s
2024-08-02 13:35:18.662 61537 INFO tempest.lib.common.rest_client [req-801d56d2-4d7c-4886-81fd-85f975e7de5d req-801d56d2-4d7c-4886-81fd-85f975e7de5d ] Request (ServerShowV247Test:setUpClass): 201 POST http://10.180.1.21/identity/v3/projects 0.077s
2024-08-02 13:35:18.667 61543 INFO tempest.lib.common.rest_client [req-d035be0d-5b8e-4089-9cac-12dbb63eb972 req-d035be0d-5b8e-4089-9cac-12dbb63eb972 ] Request (ImagesOneServerTestJSON:setUpClass): 200 GET http://10.180.1.21/compute/v2.1/servers/23774aa5-1608-495f-8015-29e25f856c69 0.292s
2024-08-02 13:35:18.692 61589 INFO tempest.lib.common.rest_client [req-4392a508-71da-4341-8058-a6a57a390f7e req-4392a508-71da-4341-8058-a6a57a390f7e ] Request (ImagesTestJSON:test_create_image_from_stopped_server): 200 GET http://10.180.1.21/compute/v2.1/servers/1d84bcbd-9b55-4d6f-b6c7-24391c8600a7 0.245s
2024-08-02 13:35:18.728 61567 INFO tempest.lib.common.rest_client [req-c4e68a3a-109c-478a-a346-0714a06ea6b6 req-c4e68a3a-109c-478a-a346-0714a06ea6b6 ] Request (ServersTestBootFromVolume:setUpClass): 200 GET http://10.180.1.21/compute/v2.1/servers/8d63e0a8-85a1-400b-a6f0-8e87c7945655 0.276s
2024-08-02 13:35:18.744 61537 INFO tempest.lib.common.rest_client [req-229120b5-95b6-4008-b65e-678bd6ef9183 req-229120b5-95b6-4008-b65e-678bd6ef9183 ] Request (ServerShowV247Test:setUpClass): 201 POST http://10.180.1.21/identity/v3/users 0.082s
2024-08-02 13:35:18.747 61555 INFO tempest.lib.common.rest_client [req-a3c40b0a-701d-4597-94e9-2e4899fa813c req-a3c40b0a-701d-4597-94e9-2e4899fa813c ] Request (InstanceActionsNegativeTestJSON:setUpClass): 200 GET http://10.180.1.21/compute/v2.1/servers/782dc85a-56f4-4f03-8711-b78bbadb33ce 0.210s
2024-08-02 13:35:18.774 61537 INFO tempest.lib.common.rest_client [req-8f70c363-885e-4b8b-8155-310e07587737 req-8f70c363-885e-4b8b-8155-310e07587737 ] Request (ServerShowV247Test:setUpClass): 200 GET http://10.180.1.21/identity/v3/roles 0.029s
2024-08-02 13:35:18.797 61533 INFO tempest.lib.common.rest_client [req-c7efb350-0dea-4fb8-938f-fb96dc190f11 req-c7efb350-0dea-4fb8-938f-fb96dc190f11 ] Request (ServersWithSpecificFlavorTestJSON:test_verify_created_server_ephemeral_disk): 200 GET http://10.180.1.21/compute/v2.1/servers/36c3ac75-5bfd-4a89-9ddb-28fded8da39c 0.256s
2024-08-02 13:35:18.800 61537 INFO tempest.lib.common.rest_client [req-261ec7d4-f6fb-4100-a4d7-7a8615e500fb req-261ec7d4-f6fb-4100-a4d7-7a8615e500fb ] Request (ServerShowV247Test:setUpClass): 204 PUT http://10.180.1.21/identity/v3/projects/2160ae8026c4462bb19f174f578e8768/users/2ae8205c40084bb78bfbb5ae2291781c/roles/9b25f2d1840d44f38e447db6ad316e74 0.026s
2024-08-02 13:35:18.800 61537 INFO tempest.lib.common.dynamic_creds [-] Dynamic test user 2ae8205c40084bb78bfbb5ae2291781c is created with scope project and roles: ['member']
2024-08-02 13:35:18.800 61537 INFO tempest.lib.common.dynamic_creds [-] Acquired dynamic creds: credentials: Credentials: {'domain_id': 'default', 'domain_name': 'Default', 'username': 'tempest-ServerShowV247Test-937081600-project-member', 'project_domain_id': 'default', 'project_domain_name': 'Default', 'project_id': '2160ae8026c4462bb19f174f578e8768', 'project_name': 'tempest-ServerShowV247Test-937081600', 'tenant_id': '2160ae8026c4462bb19f174f578e8768', 'tenant_name': 'tempest-ServerShowV247Test-937081600', 'user_domain_id': 'default', 'user_domain_name': 'Default', 'user_id': '2ae8205c40084bb78bfbb5ae2291781c', 'system': None}, Network: None, Subnet: None, Router: None
2024-08-02 13:35:18.801 61537 INFO tempest.lib.common.dynamic_creds [-] Created isolated network resources for: credentials: Credentials: {'domain_id': 'default', 'domain_name': 'Default', 'username': 'tempest-ServerShowV247Test-937081600-project-member', 'project_domain_id': 'default', 'project_domain_name': 'Default', 'project_id': '2160ae8026c4462bb19f174f578e8768', 'project_name': 'tempest-ServerShowV247Test-937081600', 'tenant_id': '2160ae8026c4462bb19f174f578e8768', 'tenant_name': 'tempest-ServerShowV247Test-937081600', 'user_domain_id': 'default', 'user_domain_name': 'Default', 'user_id': '2ae8205c40084bb78bfbb5ae2291781c', 'system': None}, Network: None, Subnet: None, Router: None
2024-08-02 13:35:18.803 61533 INFO tempest.common.waiters [-] State transition "BUILD/scheduling" ==> "ERROR/None" after 77 second wait
2024-08-02 13:35:18.867 61565 INFO tempest.lib.common.rest_client [req-16428580-b19b-48ab-be92-63c65e4542a7 req-16428580-b19b-48ab-be92-63c65e4542a7 ] Request (ServerAddressesTestJSON:setUpClass): 200 GET http://10.180.1.21/compute/v2.1/servers/e2560c8e-61c6-4343-82cb-47dc5b1997fb 0.227s
2024-08-02 13:35:18.869 61537 INFO tempest.lib.common.rest_client [req-b80e4a54-e142-4453-8d42-cbf632755622 req-b80e4a54-e142-4453-8d42-cbf632755622 ] Request (ServerShowV247Test:setUpClass): 201 POST http://10.180.1.21/identity/v3/auth/tokens 0.065s
2024-08-02 13:35:18.888 61558 INFO tempest.lib.common.rest_client [req-a19520ae-1709-4683-8c4e-b99090f69267 req-a19520ae-1709-4683-8c4e-b99090f69267 ] Request (ServerActionsTestOtherA:tearDownClass): 204 DELETE http://10.180.1.21:9696/networking/v2.0/routers/3805f755-3652-49f7-b8ca-56fce9574a11 0.409s
2024-08-02 13:35:18.918 61537 INFO tempest.lib.common.rest_client [req-a120bd06-5915-41bf-9dd7-0fba0289fab7 req-a120bd06-5915-41bf-9dd7-0fba0289fab7 ] Request (ServerShowV247Test:setUpClass): 200 GET http://10.180.1.21/identity/v3/projects/2160ae8026c4462bb19f174f578e8768 0.048s
2024-08-02 13:35:18.918 61537 INFO tempest.lib.common.dynamic_creds [-] Using the existing project 2160ae8026c4462bb19f174f578e8768 for scope project and roles: ['reader']
