2024-08-02 13:33:45.439 61558 INFO tempest.lib.common.rest_client [req-2341dbd2-728c-4323-b0f5-d00aec955504 req-2341dbd2-728c-4323-b0f5-d00aec955504 ] Request (FloatingIPDetailsNegativeTestJSON:tearDownClass): 204 DELETE http://10.180.1.21:9696/networking/v2.0/routers/54790a3d-621d-421b-9bc8-8f31d5e3c9ed 0.825s
2024-08-02 13:33:45.449 61543 INFO tempest.lib.common.rest_client [req-74331881-88cb-4065-8ec4-2f21376fad6b req-74331881-88cb-4065-8ec4-2f21376fad6b ] Request (FlavorMetadataValidation:_run_cleanups): 200 GET http://10.180.1.21/compute/v2.1/flavors/detail 3.771s
2024-08-02 13:33:45.467 61581 INFO tempest.lib.common.rest_client [req-b77acb9c-4b24-4b46-a18b-2e313d55a6e2 req-b77acb9c-4b24-4b46-a18b-2e313d55a6e2 ] Request (ImagesDeleteNegativeTestJSON:test_delete_non_existent_image): 404 DELETE http://10.180.1.21/compute/v2.1/images/3395321e-b138-4022-9652-45831fbfaee7 3.780s
2024-08-02 13:33:45.479 61591 INFO tempest.lib.common.rest_client [req-3ff6708b-ad8f-4d16-84d7-b72759a753d6 req-3ff6708b-ad8f-4d16-84d7-b72759a753d6 ] Request (NetworksTest:tearDownClass): 201 POST http://10.180.1.21/identity/v3/auth/tokens 0.072s
2024-08-02 13:33:45.519 61549 INFO tempest.lib.common.rest_client [req-16841395-7a6f-4d8a-8532-e7e206a4830e req-16841395-7a6f-4d8a-8532-e7e206a4830e ] Request (HostsAdminTestJSON:test_show_host_detail): 200 GET http://10.180.1.21/compute/v2.1/os-hosts/cpu-1 3.808s
2024-08-02 13:33:45.566 61581 INFO tempest.lib.common.rest_client [req-ad1c963c-5ff3-4485-a88d-e18cb353e19b req-ad1c963c-5ff3-4485-a88d-e18cb353e19b ] Request (ImagesDeleteNegativeTestJSON:tearDownClass): 204 DELETE http://10.180.1.21/identity/v3/users/556edc8b9740400e8101d5668d14d31f 0.097s
2024-08-02 13:33:45.566 61581 INFO tempest.lib.common.dynamic_creds [-] Deleting project and security group for project: 630b51da0b66490b860c62e14fe4e3e8
2024-08-02 13:33:45.571 61543 INFO tempest.lib.common.rest_client [req-26f84eaa-aa15-456f-bacd-f70441ddcbc9 req-26f84eaa-aa15-456f-bacd-f70441ddcbc9 ] Request (FlavorMetadataValidation:tearDownClass): 204 DELETE http://10.180.1.21/identity/v3/users/c3792fb34ab64ac7aa6c1c63c3a32e08 0.106s
2024-08-02 13:33:45.614 61558 INFO tempest.lib.common.rest_client [req-1710edf7-17b1-47e6-9f9a-c3f1f21fb9b3 req-1710edf7-17b1-47e6-9f9a-c3f1f21fb9b3 ] Request (FloatingIPDetailsNegativeTestJSON:tearDownClass): 204 DELETE http://10.180.1.21:9696/networking/v2.0/subnets/26a9ca4f-e807-47a6-aaa3-bd1dc2c5bed9 0.175s
2024-08-02 13:33:45.673 61549 INFO tempest.lib.common.rest_client [req-e69afd3c-84df-407d-817a-df54c85cbd35 req-e69afd3c-84df-407d-817a-df54c85cbd35 ] Request (HostsAdminTestJSON:tearDownClass): 204 DELETE http://10.180.1.21/identity/v3/users/31bfe8f413aa4c0bbe50236879a732d9 0.153s
2024-08-02 13:33:45.701 61581 INFO tempest.lib.common.rest_client [req-f9e8f96d-8e7e-4403-9792-b9408c2985c9 req-f9e8f96d-8e7e-4403-9792-b9408c2985c9 ] Request (ImagesDeleteNegativeTestJSON:tearDownClass): 201 POST http://10.180.1.21/identity/v3/auth/tokens 0.135s
2024-08-02 13:33:45.775 61543 INFO tempest.lib.common.rest_client [req-f10db772-b52f-41b9-a194-cb8441d31f04 req-f10db772-b52f-41b9-a194-cb8441d31f04 ] Request (FlavorMetadataValidation:tearDownClass): 204 DELETE http://10.180.1.21/identity/v3/users/87e32604cfa847fdaf3ed5ff57b7625e 0.203s
2024-08-02 13:33:45.776 61543 INFO tempest.lib.common.dynamic_creds [-] Deleting project and security group for project: 315cbcb67a0b4d2c996a20b298ff2709
2024-08-02 13:33:45.808 61549 INFO tempest.lib.common.rest_client [req-0d610fa1-d26e-49dc-817f-bfb88b17425c req-0d610fa1-d26e-49dc-817f-bfb88b17425c ] Request (HostsAdminTestJSON:tearDownClass): 204 DELETE http://10.180.1.21/identity/v3/users/b82943a49bd34872857048865d286a1f 0.134s
2024-08-02 13:33:45.809 61549 INFO tempest.lib.common.dynamic_creds [-] Deleting project and security group for project: 782cb2ef07e743b0a16c9068ddbd0045
2024-08-02 13:33:45.907 61543 INFO tempest.lib.common.rest_client [req-ae4104da-450a-4cac-a46e-b249fd4f3dbf req-ae4104da-450a-4cac-a46e-b249fd4f3dbf ] Request (FlavorMetadataValidation:tearDownClass): 201 POST http://10.180.1.21/identity/v3/auth/tokens 0.131s
2024-08-02 13:33:45.916 61591 INFO tempest.lib.common.rest_client [req-4fffcfed-bfb6-4b48-b2ce-31875ee69448 req-4fffcfed-bfb6-4b48-b2ce-31875ee69448 ] Request (NetworksTest:tearDownClass): 200 GET http://10.180.1.21:9696/networking/v2.0/security-groups?tenant_id=24b1ae54614944e4a4a052c30e50d913&name=default 0.436s
2024-08-02 13:33:45.924 61549 INFO tempest.lib.common.rest_client [req-c412b52e-3be3-474a-87ab-827f344d83be req-c412b52e-3be3-474a-87ab-827f344d83be ] Request (HostsAdminTestJSON:tearDownClass): 201 POST http://10.180.1.21/identity/v3/auth/tokens 0.115s
2024-08-02 13:33:45.952 61558 INFO tempest.lib.common.rest_client [req-5a99bb56-d72e-40b5-9945-6ccddf26f7c5 req-5a99bb56-d72e-40b5-9945-6ccddf26f7c5 ] Request (FloatingIPDetailsNegativeTestJSON:tearDownClass): 204 DELETE http://10.180.1.21:9696/networking/v2.0/networks/6574531c-2a43-4af0-a558-797a1e20c7f9 0.337s
2024-08-02 13:33:45.953 61545 INFO tempest.lib.common.rest_client [req-f1c404d1-f8b0-40a3-996c-bb32d118cfb0 req-f1c404d1-f8b0-40a3-996c-bb32d118cfb0 ] Request (SecurityGroupsTestAdminJSON:test_list_security_groups_list_all_tenants_filter): 200 GET http://10.180.1.21/compute/v2.1/os-security-groups?all_tenants=true 5.361s
2024-08-02 13:33:45.996 61594 INFO tempest.lib.common.rest_client [req-10312513-55bb-42a5-b79e-ed51ef5e6c20 req-10312513-55bb-42a5-b79e-ed51ef5e6c20 ] Request (KeyPairsV22TestJSON:test_keypairs_create_list_delete): 201 POST http://10.180.1.21/compute/v2.1/os-keypairs 4.252s
2024-08-02 13:33:46.044 61558 INFO tempest.lib.common.rest_client [req-e5881eaf-8c99-44bc-bf9a-5c2df4fd9579 req-e5881eaf-8c99-44bc-bf9a-5c2df4fd9579 ] Request (FloatingIPDetailsNegativeTestJSON:tearDownClass): 204 DELETE http://10.180.1.21/identity/v3/users/0020da419ecc499c8a642ff46b6316cd 0.092s
2024-08-02 13:33:46.044 61558 INFO tempest.lib.common.dynamic_creds [-] Deleting project and security group for project: e259af6b8a7d4d4d817a34b38deb1cf0
2024-08-02 13:33:46.089 61591 INFO tempest.lib.common.rest_client [req-177f7bb0-32cc-4310-80a0-991e71736c91 req-177f7bb0-32cc-4310-80a0-991e71736c91 ] Request (NetworksTest:tearDownClass): 204 DELETE http://10.180.1.21:9696/networking/v2.0/security-groups/13bb5614-1d83-45a1-922e-1cd78ff0fe3b 0.172s
2024-08-02 13:33:46.105 61581 INFO tempest.lib.common.rest_client [req-f46d3cf8-da31-4f52-9f6d-b0e878583337 req-f46d3cf8-da31-4f52-9f6d-b0e878583337 ] Request (ImagesDeleteNegativeTestJSON:tearDownClass): 200 GET http://10.180.1.21:9696/networking/v2.0/security-groups?tenant_id=630b51da0b66490b860c62e14fe4e3e8&name=default 0.403s
2024-08-02 13:33:46.109 61574 INFO tempest.lib.common.rest_client [req-1d22fc3f-3562-4b1c-b6ff-17516f32ecd3 req-1d22fc3f-3562-4b1c-b6ff-17516f32ecd3 ] Request (AggregatesAdminNegativeTestJSON:test_aggregate_add_existent_host): 200 POST http://10.180.1.21/compute/v2.1/os-aggregates/1/action 4.383s
2024-08-02 13:33:46.115 61558 INFO tempest.lib.common.rest_client [req-cb454c9e-7af8-463f-9893-1509673850c3 req-cb454c9e-7af8-463f-9893-1509673850c3 ] Request (FloatingIPDetailsNegativeTestJSON:tearDownClass): 200 GET http://10.180.1.21:9696/networking/v2.0/security-groups?tenant_id=e259af6b8a7d4d4d817a34b38deb1cf0&name=default 0.071s
2024-08-02 13:33:46.176 61543 INFO tempest.lib.common.rest_client [req-e08c219c-d046-4db0-b8fc-7e32bb2edb57 req-e08c219c-d046-4db0-b8fc-7e32bb2edb57 ] Request (FlavorMetadataValidation:tearDownClass): 200 GET http://10.180.1.21:9696/networking/v2.0/security-groups?tenant_id=315cbcb67a0b4d2c996a20b298ff2709&name=default 0.269s
2024-08-02 13:33:46.180 61591 INFO tempest.lib.common.rest_client [req-367ebf16-8b14-4a03-8575-42d5b7374a49 req-367ebf16-8b14-4a03-8575-42d5b7374a49 ] Request (NetworksTest:tearDownClass): 204 DELETE http://10.180.1.21/identity/v3/projects/24b1ae54614944e4a4a052c30e50d913 0.090s
2024-08-02 13:33:46.180 61591 INFO tempest.lib.common.dynamic_creds [-] Deleting project and security group for project: 421b7b8acfab4c8cb60106f9ce72719b
2024-08-02 13:33:46.181 61551 INFO tempest.lib.common.rest_client [req-5ae9ed54-3dfc-4144-967c-5ca89df66279 req-5ae9ed54-3dfc-4144-967c-5ca89df66279 ] Request (MigrationsAdminTest:test_list_migrations): 200 GET http://10.180.1.21/compute/v2.1/os-migrations 4.324s
2024-08-02 13:33:46.210 61549 INFO tempest.lib.common.rest_client [req-e2625f06-5ea7-4168-adb9-722def599e75 req-e2625f06-5ea7-4168-adb9-722def599e75 ] Request (HostsAdminTestJSON:tearDownClass): 200 GET http://10.180.1.21:9696/networking/v2.0/security-groups?tenant_id=782cb2ef07e743b0a16c9068ddbd0045&name=default 0.286s
2024-08-02 13:33:46.236 61551 INFO tempest.lib.common.rest_client [req-87dd0566-5a0a-4c5c-ace6-8f2e3b8a0ac1 req-87dd0566-5a0a-4c5c-ace6-8f2e3b8a0ac1 ] Request (MigrationsAdminTest:test_list_migrations_in_flavor_resize_situation): 201 POST http://10.180.1.21/identity/v3/auth/tokens 0.045s
2024-08-02 13:33:46.236 61551 INFO tempest.lib.common.fixed_network [-] (MigrationsAdminTest:test_list_migrations_in_flavor_resize_situation) Found network None available for tenant
2024-08-02 13:33:46.265 61579 INFO tempest.lib.common.rest_client [req-524fedcb-1a4a-4d88-a989-0a9045ca0afa req-524fedcb-1a4a-4d88-a989-0a9045ca0afa ] Request (DeleteServersTestJSON:test_delete_active_server): 200 GET http://10.180.1.21/compute/v2.1/servers/52eb3ce9-696c-445c-b82d-90663a9e8b21 4.165s
2024-08-02 13:33:46.272 61579 INFO tempest.common.waiters [-] State transition "BUILD/None" ==> "BUILD/spawning" after 5 second wait
2024-08-02 13:33:46.282 61547 INFO tempest.lib.common.rest_client [req-5b871b99-b9e2-4dc2-b5cd-9e92d981b8c3 req-5b871b99-b9e2-4dc2-b5cd-9e92d981b8c3 ] Request (FlavorsAccessNegativeTestJSON:test_add_flavor_access_duplicate): 409 POST http://10.180.1.21/compute/v2.1/flavors/1856908782/action 4.351s
2024-08-02 13:33:46.470 61581 INFO tempest.lib.common.rest_client [req-ee953b45-e015-4a60-ad48-47695aa22f8c req-ee953b45-e015-4a60-ad48-47695aa22f8c ] Request (ImagesDeleteNegativeTestJSON:tearDownClass): 204 DELETE http://10.180.1.21:9696/networking/v2.0/security-groups/9affa7cd-ab4c-4ec7-917c-fac45bfb863a 0.365s
2024-08-02 13:33:46.490 61535 INFO tempest.lib.common.rest_client [req-e66267b1-ba0a-428f-98d2-680ecbcb60c9 req-e66267b1-ba0a-428f-98d2-680ecbcb60c9 ] Request (ServerDiagnosticsNegativeTest:test_get_server_diagnostics_by_non_admin): 200 GET http://10.180.1.21/compute/v2.1/servers/020a5b3a-bda7-4a8a-9dad-948cee5a7373 4.047s
2024-08-02 13:33:46.497 61535 INFO tempest.common.waiters [-] State transition "BUILD/None" ==> "BUILD/networking" after 5 second wait
2024-08-02 13:33:46.517 61597 INFO tempest.lib.common.rest_client [req-6f605419-5246-4ac5-8d08-1dbf3007d7f7 req-6f605419-5246-4ac5-8d08-1dbf3007d7f7 ] Request (DeleteServersAdminTestJSON:test_admin_delete_servers_of_others): 200 GET http://10.180.1.21/compute/v2.1/servers/986f91ac-e44f-474a-885a-bc097b396019 4.058s
2024-08-02 13:33:46.523 61597 INFO tempest.common.waiters [-] State transition "BUILD/None" ==> "BUILD/spawning" after 5 second wait
2024-08-02 13:33:46.535 61543 INFO tempest.lib.common.rest_client [req-4f4b0a12-3b67-4e59-8fe1-d4bd7cec3aec req-4f4b0a12-3b67-4e59-8fe1-d4bd7cec3aec ] Request (FlavorMetadataValidation:tearDownClass): 204 DELETE http://10.180.1.21:9696/networking/v2.0/security-groups/8a8c6a20-356c-4123-b673-81dd119cf994 0.358s
2024-08-02 13:33:46.537 61591 INFO tempest.lib.common.rest_client [req-9ac1e6c7-81be-4e87-a889-26ee3b43dffa req-9ac1e6c7-81be-4e87-a889-26ee3b43dffa ] Request (NetworksTest:tearDownClass): 200 GET http://10.180.1.21:9696/networking/v2.0/security-groups?tenant_id=421b7b8acfab4c8cb60106f9ce72719b&name=default 0.357s
2024-08-02 13:33:46.542 61549 INFO tempest.lib.common.rest_client [req-db15214a-ede8-4a38-811d-c4253fdeb3e0 req-db15214a-ede8-4a38-811d-c4253fdeb3e0 ] Request (HostsAdminTestJSON:tearDownClass): 204 DELETE http://10.180.1.21:9696/networking/v2.0/security-groups/10f23e40-ea7f-4fd7-99a8-afa896b67f1e 0.331s
2024-08-02 13:33:46.586 61558 INFO tempest.lib.common.rest_client [req-c36cea58-a113-4edf-9aab-19bcffd231c6 req-c36cea58-a113-4edf-9aab-19bcffd231c6 ] Request (FloatingIPDetailsNegativeTestJSON:tearDownClass): 204 DELETE http://10.180.1.21:9696/networking/v2.0/security-groups/5695ed11-766b-42cf-8c2c-f8e757e92f6c 0.470s
2024-08-02 13:33:46.591 61581 INFO tempest.lib.common.rest_client [req-6d3735fc-b031-452d-a66a-0d97d5a2e005 req-6d3735fc-b031-452d-a66a-0d97d5a2e005 ] Request (ImagesDeleteNegativeTestJSON:tearDownClass): 204 DELETE http://10.180.1.21/identity/v3/projects/630b51da0b66490b860c62e14fe4e3e8 0.120s
2024-08-02 13:33:46.609 61585 INFO tempest.lib.common.rest_client [req-f0f5117a-3d90-4858-9681-dc9ea89ca3f0 req-f0f5117a-3d90-4858-9681-dc9ea89ca3f0 ] Request (ImagesNegativeTestJSON:test_create_image_from_deleted_server): 200 GET http://10.180.1.21/compute/v2.1/servers/8f2cba43-bdec-4455-b795-784b29e2ea5d 3.953s
2024-08-02 13:33:46.624 61543 INFO tempest.lib.common.rest_client [req-47092747-3463-4cb0-b28c-1f69d5587773 req-47092747-3463-4cb0-b28c-1f69d5587773 ] Request (FlavorMetadataValidation:tearDownClass): 204 DELETE http://10.180.1.21/identity/v3/projects/315cbcb67a0b4d2c996a20b298ff2709 0.088s
2024-08-02 13:33:46.624 61543 INFO tempest.lib.common.dynamic_creds [-] Deleting project and security group for project: 57b8a2e387a54566a373cb908cc62ab4
2024-08-02 13:33:46.676 61567 INFO tempest.lib.common.rest_client [req-a717766e-c88a-4590-b73e-f08ecacb3041 req-a717766e-c88a-4590-b73e-f08ecacb3041 ] Request (FloatingIPsAssociationNegativeTestJSON:setUpClass): 200 GET http://10.180.1.21/compute/v2.1/servers/ea496eae-68f9-43f1-b4cf-6743043c753b 4.009s
2024-08-02 13:33:46.685 61541 INFO tempest.lib.common.rest_client [req-0088ba77-000a-4639-84f3-34c4157fee72 req-0088ba77-000a-4639-84f3-34c4157fee72 ] Request (HypervisorAdminNegativeTestJSON:test_get_hypervisor_uptime_with_non_admin_user): 403 GET http://10.180.1.21/compute/v2.1/os-hypervisors/1/uptime 4.014s
2024-08-02 13:33:46.716 61549 INFO tempest.lib.common.rest_client [req-d79c60da-78fa-4766-9990-6aa79b623cf8 req-d79c60da-78fa-4766-9990-6aa79b623cf8 ] Request (HostsAdminTestJSON:tearDownClass): 204 DELETE http://10.180.1.21/identity/v3/projects/782cb2ef07e743b0a16c9068ddbd0045 0.174s
2024-08-02 13:33:46.717 61549 INFO tempest.lib.common.dynamic_creds [-] Deleting project and security group for project: 983831dbf87f47399ef0e752306b9388
2024-08-02 13:33:46.718 61558 INFO tempest.lib.common.rest_client [req-c7ffdbbc-2dcb-40a8-a0b1-ff7991148871 req-c7ffdbbc-2dcb-40a8-a0b1-ff7991148871 ] Request (FloatingIPDetailsNegativeTestJSON:tearDownClass): 204 DELETE http://10.180.1.21/identity/v3/projects/e259af6b8a7d4d4d817a34b38deb1cf0 0.132s
2024-08-02 13:33:46.770 61539 INFO tempest.lib.common.rest_client [req-06cf993c-2280-4ece-9226-d8c9e43b7202 req-06cf993c-2280-4ece-9226-d8c9e43b7202 ] Request (ServersAdminTestJSON:setUpClass): 200 GET http://10.180.1.21/compute/v2.1/servers/40709d2b-cc33-4ac0-9a13-731442d7edff 3.590s
2024-08-02 13:33:46.772 61581 INFO tempest.lib.common.rest_client [req-5ab1fdb6-32f6-4b46-add5-445dc25b59a8 req-5ab1fdb6-32f6-4b46-add5-445dc25b59a8 ] Request (SecurityGroupsTestJSON:setUpClass): 201 POST http://10.180.1.21/identity/v3/auth/tokens 0.179s
2024-08-02 13:33:46.775 61558 INFO tempest.lib.common.rest_client [req-1a802431-0ea9-42aa-aeaa-23d7058e9822 req-1a802431-0ea9-42aa-aeaa-23d7058e9822 ] Request (ServerActionsTestOtherA:setUpClass): 201 POST http://10.180.1.21/identity/v3/auth/tokens 0.055s
2024-08-02 13:33:46.801 61581 INFO tempest.lib.common.rest_client [req-c804e0a6-4203-4875-b47f-5f20712088b0 req-c804e0a6-4203-4875-b47f-5f20712088b0 ] Request (SecurityGroupsTestJSON:setUpClass): 201 POST http://10.180.1.21/identity/v3/auth/tokens 0.027s
2024-08-02 13:33:46.801 61558 INFO tempest.lib.common.rest_client [req-8141c2cf-286c-402f-9119-096270528c49 req-8141c2cf-286c-402f-9119-096270528c49 ] Request (ServerActionsTestOtherA:setUpClass): 201 POST http://10.180.1.21/identity/v3/auth/tokens 0.024s
2024-08-02 13:33:46.825 61591 INFO tempest.lib.common.rest_client [req-fb2a3b5d-b0be-4ec3-bbe5-fd76623749f7 req-fb2a3b5d-b0be-4ec3-bbe5-fd76623749f7 ] Request (NetworksTest:tearDownClass): 204 DELETE http://10.180.1.21:9696/networking/v2.0/security-groups/7bcf8f1e-5b2c-4b1b-aace-3a2fbfef86f7 0.287s
2024-08-02 13:33:46.847 61558 INFO tempest.lib.common.rest_client [req-f538eb1f-d275-458e-8823-5190c9aae01d req-f538eb1f-d275-458e-8823-5190c9aae01d ] Request (ServerActionsTestOtherA:setUpClass): 200 GET http://10.180.1.21/identity/v3/domains?name=Default 0.045s
2024-08-02 13:33:46.878 61543 INFO tempest.lib.common.rest_client [req-278de975-891d-4c65-b6ba-f9f9366c430e req-278de975-891d-4c65-b6ba-f9f9366c430e ] Request (FlavorMetadataValidation:tearDownClass): 200 GET http://10.180.1.21:9696/networking/v2.0/security-groups?tenant_id=57b8a2e387a54566a373cb908cc62ab4&name=default 0.253s
2024-08-02 13:33:46.882 61578 INFO tempest.lib.common.rest_client [req-a6f23e44-3dbe-40b0-b2e8-411fd8e090ec req-a6f23e44-3dbe-40b0-b2e8-411fd8e090ec ] Request (QuotaClassesAdminTestJSON:_run_cleanups): 200 PUT http://10.180.1.21/compute/v2.1/os-quota-class-sets/default 3.687s
2024-08-02 13:33:46.889 61581 INFO tempest.lib.common.rest_client [req-7ee6eb03-c7f6-465e-998d-cc122486f237 req-7ee6eb03-c7f6-465e-998d-cc122486f237 ] Request (SecurityGroupsTestJSON:setUpClass): 200 GET http://10.180.1.21/identity/v3/domains?name=Default 0.081s
2024-08-02 13:33:46.904 61553 INFO tempest.lib.common.rest_client [req-eae04d01-4c55-4129-ac98-00f63706d9c8 req-eae04d01-4c55-4129-ac98-00f63706d9c8 ] Request (HostsAdminNegativeTestJSON:test_reboot_nonexistent_host): 404 GET http://10.180.1.21/compute/v2.1/os-hosts/nonexistent_hostname/reboot 3.538s
2024-08-02 13:33:46.904 61549 INFO tempest.lib.common.rest_client [req-52d33c4d-af96-42a9-9949-055887f753f0 req-52d33c4d-af96-42a9-9949-055887f753f0 ] Request (HostsAdminTestJSON:tearDownClass): 200 GET http://10.180.1.21:9696/networking/v2.0/security-groups?tenant_id=983831dbf87f47399ef0e752306b9388&name=default 0.188s
2024-08-02 13:33:46.918 61558 INFO tempest.lib.common.rest_client [req-cf16e380-0e78-43cd-8d0a-4231f3c3b5c1 req-cf16e380-0e78-43cd-8d0a-4231f3c3b5c1 ] Request (ServerActionsTestOtherA:setUpClass): 201 POST http://10.180.1.21/identity/v3/projects 0.070s
2024-08-02 13:33:46.943 61591 INFO tempest.lib.common.rest_client [req-ac8b2e8c-0138-4709-9530-d58a2b521ce2 req-ac8b2e8c-0138-4709-9530-d58a2b521ce2 ] Request (NetworksTest:tearDownClass): 204 DELETE http://10.180.1.21/identity/v3/projects/421b7b8acfab4c8cb60106f9ce72719b 0.118s
2024-08-02 13:33:46.998 61581 INFO tempest.lib.common.rest_client [req-7e73892e-958e-4f6e-9fac-7ef33f6b00ef req-7e73892e-958e-4f6e-9fac-7ef33f6b00ef ] Request (SecurityGroupsTestJSON:setUpClass): 201 POST http://10.180.1.21/identity/v3/projects 0.108s
2024-08-02 13:33:47.023 61578 INFO tempest.lib.common.rest_client [req-3010469a-69d5-41eb-a39b-4d5ed40ec351 req-3010469a-69d5-41eb-a39b-4d5ed40ec351 ] Request (QuotaClassesAdminTestJSON:tearDownClass): 204 DELETE http://10.180.1.21/identity/v3/users/f18f706d91ae42f6be2ec5eb72a4e6ce 0.134s
2024-08-02 13:33:47.046 61543 INFO tempest.lib.common.rest_client [req-ce31aed3-fd92-473d-8966-9e5a6d7e739f req-ce31aed3-fd92-473d-8966-9e5a6d7e739f ] Request (FlavorMetadataValidation:tearDownClass): 204 DELETE http://10.180.1.21:9696/networking/v2.0/security-groups/062aa151-5cd5-448a-a89c-45d859f7f399 0.167s
2024-08-02 13:33:47.062 61549 INFO tempest.lib.common.rest_client [req-af9c5d1f-9567-4e4c-a92f-b515f684859e req-af9c5d1f-9567-4e4c-a92f-b515f684859e ] Request (HostsAdminTestJSON:tearDownClass): 204 DELETE http://10.180.1.21:9696/networking/v2.0/security-groups/15ded3a4-037a-4c37-a90e-6fc6b8210cf2 0.157s
2024-08-02 13:33:47.100 61558 INFO tempest.lib.common.rest_client [req-446c78b7-67dc-4a12-ba42-0f16ca8c5ab5 req-446c78b7-67dc-4a12-ba42-0f16ca8c5ab5 ] Request (ServerActionsTestOtherA:setUpClass): 201 POST http://10.180.1.21/identity/v3/users 0.182s
2024-08-02 13:33:47.119 61591 INFO tempest.lib.common.rest_client [req-995e1bfe-40da-4ced-8d76-e61f086f5fa7 req-995e1bfe-40da-4ced-8d76-e61f086f5fa7 ] Request (AttachInterfacesV270Test:setUpClass): 201 POST http://10.180.1.21/identity/v3/auth/tokens 0.174s
2024-08-02 13:33:47.150 61581 INFO tempest.lib.common.rest_client [req-739d8a69-893b-49f4-aeda-e387829e792a req-739d8a69-893b-49f4-aeda-e387829e792a ] Request (SecurityGroupsTestJSON:setUpClass): 201 POST http://10.180.1.21/identity/v3/users 0.151s
2024-08-02 13:33:47.157 61555 INFO tempest.lib.common.rest_client [req-6f072658-d9ca-41bb-9962-6df24474e486 req-6f072658-d9ca-41bb-9962-6df24474e486 ] Request (ServicesAdminTestJSON:test_get_service_by_host_name): 200 GET http://10.180.1.21/compute/v2.1/os-services 3.664s
2024-08-02 13:33:47.198 61578 INFO tempest.lib.common.rest_client [req-62af7774-5099-4c77-b51e-48efc4335431 req-62af7774-5099-4c77-b51e-48efc4335431 ] Request (QuotaClassesAdminTestJSON:tearDownClass): 204 DELETE http://10.180.1.21/identity/v3/users/3257c04a760244f0b334ce5fdb575e5f 0.174s
2024-08-02 13:33:47.198 61578 INFO tempest.lib.common.dynamic_creds [-] Deleting project and security group for project: 514d56beec474040ae692ae052ced18c
2024-08-02 13:33:47.211 61543 INFO tempest.lib.common.rest_client [req-9453768e-7480-4515-bb0c-827e6d1f92fd req-9453768e-7480-4515-bb0c-827e6d1f92fd ] Request (FlavorMetadataValidation:tearDownClass): 204 DELETE http://10.180.1.21/identity/v3/projects/57b8a2e387a54566a373cb908cc62ab4 0.165s
2024-08-02 13:33:47.278 61549 INFO tempest.lib.common.rest_client [req-2466a2c9-a25c-4f0a-bada-cddb528bfeaa req-2466a2c9-a25c-4f0a-bada-cddb528bfeaa ] Request (HostsAdminTestJSON:tearDownClass): 204 DELETE http://10.180.1.21/identity/v3/projects/983831dbf87f47399ef0e752306b9388 0.215s
2024-08-02 13:33:47.295 61575 INFO tempest.lib.common.rest_client [req-7c62febb-fbef-4373-b3bf-a4e8d1a4ecc2 req-7c62febb-fbef-4373-b3bf-a4e8d1a4ecc2 ] Request (FloatingIPsTestJSON:test_delete_floating_ip): 200 POST http://10.180.1.21/compute/v2.1/os-floating-ips 4.724s
2024-08-02 13:33:47.303 61558 INFO tempest.lib.common.rest_client [req-e922583c-1de3-4ec4-a46b-5cde5c5da721 req-e922583c-1de3-4ec4-a46b-5cde5c5da721 ] Request (ServerActionsTestOtherA:setUpClass): 200 GET http://10.180.1.21/identity/v3/roles 0.203s
2024-08-02 13:33:47.324 61591 INFO tempest.lib.common.rest_client [req-56d30a14-c3d0-4f25-a5ec-6fab58006a85 req-56d30a14-c3d0-4f25-a5ec-6fab58006a85 ] Request (AttachInterfacesV270Test:setUpClass): 201 POST http://10.180.1.21/identity/v3/auth/tokens 0.203s
2024-08-02 13:33:47.325 61581 INFO tempest.lib.common.rest_client [req-79296135-adeb-4986-8ece-2803ecb9c08d req-79296135-adeb-4986-8ece-2803ecb9c08d ] Request (SecurityGroupsTestJSON:setUpClass): 200 GET http://10.180.1.21/identity/v3/roles 0.174s
2024-08-02 13:33:47.343 61578 INFO tempest.lib.common.rest_client [req-3b87a4b2-0e4f-4635-865b-0da9a02f0e62 req-3b87a4b2-0e4f-4635-865b-0da9a02f0e62 ] Request (QuotaClassesAdminTestJSON:tearDownClass): 201 POST http://10.180.1.21/identity/v3/auth/tokens 0.144s
2024-08-02 13:33:47.362 61543 INFO tempest.lib.common.rest_client [req-a7fff270-83ad-4146-9324-75c2ca960c9f req-a7fff270-83ad-4146-9324-75c2ca960c9f ] Request (ServerDiagnosticsV248Test:setUpClass): 201 POST http://10.180.1.21/identity/v3/auth/tokens 0.149s
2024-08-02 13:33:47.383 61549 INFO tempest.lib.common.rest_client [req-ab6b53e9-e5f4-4c3a-9dd2-e90c87e697b2 req-ab6b53e9-e5f4-4c3a-9dd2-e90c87e697b2 ] Request (HypervisorAdminNegativeUnderV252Test:setUpClass): 201 POST http://10.180.1.21/identity/v3/auth/tokens 0.102s
2024-08-02 13:33:47.408 61558 INFO tempest.lib.common.rest_client [req-552df58b-9ffa-426a-80ce-376a73cef856 req-552df58b-9ffa-426a-80ce-376a73cef856 ] Request (ServerActionsTestOtherA:setUpClass): 204 PUT http://10.180.1.21/identity/v3/projects/2eeaa82f12ce4d39a8d6b32e7cbbcd9f/users/ceaca1b950d44ea7a0e720301e2f707c/roles/9b25f2d1840d44f38e447db6ad316e74 0.104s
2024-08-02 13:33:47.408 61558 INFO tempest.lib.common.dynamic_creds [-] Dynamic test user ceaca1b950d44ea7a0e720301e2f707c is created with scope project and roles: ['member']
2024-08-02 13:33:47.409 61558 INFO tempest.lib.common.dynamic_creds [-] Acquired dynamic creds: credentials: Credentials: {'domain_id': 'default', 'domain_name': 'Default', 'username': 'tempest-ServerActionsTestOtherA-1252012706-project-member', 'project_domain_id': 'default', 'project_domain_name': 'Default', 'project_id': '2eeaa82f12ce4d39a8d6b32e7cbbcd9f', 'project_name': 'tempest-ServerActionsTestOtherA-1252012706', 'tenant_id': '2eeaa82f12ce4d39a8d6b32e7cbbcd9f', 'tenant_name': 'tempest-ServerActionsTestOtherA-1252012706', 'user_domain_id': 'default', 'user_domain_name': 'Default', 'user_id': 'ceaca1b950d44ea7a0e720301e2f707c', 'system': None}, Network: None, Subnet: None, Router: None
2024-08-02 13:33:47.453 61591 INFO tempest.lib.common.rest_client [req-b6e73d3f-caeb-46d2-a1d1-90c175b6ebf0 req-b6e73d3f-caeb-46d2-a1d1-90c175b6ebf0 ] Request (AttachInterfacesV270Test:setUpClass): 200 GET http://10.180.1.21/identity/v3/domains?name=Default 0.128s
2024-08-02 13:33:47.470 61537 INFO tempest.lib.common.rest_client [req-190361d4-df19-4a23-93c9-9d4369343ad2 req-190361d4-df19-4a23-93c9-9d4369343ad2 ] Request (VolumesAssistedSnapshotsTest:test_volume_assisted_snapshot_create_delete): 200 POST http://10.180.1.21/compute/v2.1/os-keypairs 3.733s
2024-08-02 13:33:47.492 61581 INFO tempest.lib.common.rest_client [req-d091934f-539a-4fb2-a90a-84b387e1f160 req-d091934f-539a-4fb2-a90a-84b387e1f160 ] Request (SecurityGroupsTestJSON:setUpClass): 204 PUT http://10.180.1.21/identity/v3/projects/ca33c1550e694c38a15f9be28d24b19c/users/0986847129324981ba5df690cc76bcba/roles/9b25f2d1840d44f38e447db6ad316e74 0.167s
2024-08-02 13:33:47.492 61581 INFO tempest.lib.common.dynamic_creds [-] Dynamic test user 0986847129324981ba5df690cc76bcba is created with scope project and roles: ['member']
2024-08-02 13:33:47.492 61581 INFO tempest.lib.common.dynamic_creds [-] Acquired dynamic creds: credentials: Credentials: {'domain_id': 'default', 'domain_name': 'Default', 'username': 'tempest-SecurityGroupsTestJSON-905376977-project-member', 'project_domain_id': 'default', 'project_domain_name': 'Default', 'project_id': 'ca33c1550e694c38a15f9be28d24b19c', 'project_name': 'tempest-SecurityGroupsTestJSON-905376977', 'tenant_id': 'ca33c1550e694c38a15f9be28d24b19c', 'tenant_name': 'tempest-SecurityGroupsTestJSON-905376977', 'user_domain_id': 'default', 'user_domain_name': 'Default', 'user_id': '0986847129324981ba5df690cc76bcba', 'system': None}, Network: None, Subnet: None, Router: None
2024-08-02 13:33:47.544 61587 INFO tempest.lib.common.rest_client [req-8c4da266-a324-4cae-a034-32a029a7f120 req-8c4da266-a324-4cae-a034-32a029a7f120 ] Request (ServerRescueTestJSON:setUpClass): 200 GET http://10.180.1.21/compute/v2.1/servers/1784917b-8a7e-4974-b8b3-f8f2b3db019a 2.715s
2024-08-02 13:33:47.556 61543 INFO tempest.lib.common.rest_client [req-ffeecb67-e822-4ad0-bf94-c5af263256ef req-ffeecb67-e822-4ad0-bf94-c5af263256ef ] Request (ServerDiagnosticsV248Test:setUpClass): 201 POST http://10.180.1.21/identity/v3/auth/tokens 0.192s
2024-08-02 13:33:47.580 61583 INFO tempest.lib.common.rest_client [req-17cf1c2e-ee38-4d5d-9fe5-4e7352ba50be req-17cf1c2e-ee38-4d5d-9fe5-4e7352ba50be ] Request (FlavorsV261TestJSON:test_crud_flavor): 200 GET http://10.180.1.21/compute/v2.1/flavors/detail 2.705s
2024-08-02 13:33:47.587 61537 INFO tempest.lib.common.rest_client [req-ac5d496a-7619-46d7-9536-d873602f307a req-ac5d496a-7619-46d7-9536-d873602f307a ] Request (VolumesAssistedSnapshotsTest:test_volume_assisted_snapshot_create_delete): 201 POST http://10.180.1.21:9696/networking/v2.0/security-groups 0.115s
2024-08-02 13:33:47.594 61549 INFO tempest.lib.common.rest_client [req-d8ff7a61-a662-47b9-a418-fa1b5bff2e4d req-d8ff7a61-a662-47b9-a418-fa1b5bff2e4d ] Request (HypervisorAdminNegativeUnderV252Test:setUpClass): 201 POST http://10.180.1.21/identity/v3/auth/tokens 0.209s
2024-08-02 13:33:47.610 61558 INFO tempest.lib.common.rest_client [req-aa4bdc8e-7e00-44ba-9025-e59b4adf47df req-aa4bdc8e-7e00-44ba-9025-e59b4adf47df ] Request (ServerActionsTestOtherA:setUpClass): 201 POST http://10.180.1.21/identity/v3/auth/tokens 0.201s
2024-08-02 13:33:47.634 61581 INFO tempest.lib.common.rest_client [req-e211ecf8-1328-4d35-be29-c27760351398 req-e211ecf8-1328-4d35-be29-c27760351398 ] Request (SecurityGroupsTestJSON:setUpClass): 201 POST http://10.180.1.21/identity/v3/auth/tokens 0.141s
2024-08-02 13:33:47.641 61591 INFO tempest.lib.common.rest_client [req-be270cce-461e-4e5e-b4b8-e07ebe11b1e7 req-be270cce-461e-4e5e-b4b8-e07ebe11b1e7 ] Request (AttachInterfacesV270Test:setUpClass): 201 POST http://10.180.1.21/identity/v3/projects 0.187s
2024-08-02 13:33:47.700 61543 INFO tempest.lib.common.rest_client [req-21905fa1-84b2-4793-b476-4de7d3d40fd3 req-21905fa1-84b2-4793-b476-4de7d3d40fd3 ] Request (ServerDiagnosticsV248Test:setUpClass): 200 GET http://10.180.1.21/identity/v3/domains?name=Default 0.143s
2024-08-02 13:33:47.721 61549 INFO tempest.lib.common.rest_client [req-cc593ec6-50ea-4474-b918-24ab43f672f1 req-cc593ec6-50ea-4474-b918-24ab43f672f1 ] Request (HypervisorAdminNegativeUnderV252Test:setUpClass): 200 GET http://10.180.1.21/identity/v3/domains?name=Default 0.126s
2024-08-02 13:33:47.735 61537 INFO tempest.lib.common.rest_client [req-11eb698d-7969-46ff-9b1a-05d02cb484a1 req-11eb698d-7969-46ff-9b1a-05d02cb484a1 ] Request (VolumesAssistedSnapshotsTest:test_volume_assisted_snapshot_create_delete): 201 POST http://10.180.1.21:9696/networking/v2.0/security-group-rules 0.148s
2024-08-02 13:33:47.800 61591 INFO tempest.lib.common.rest_client [req-74f30232-69bd-4bd2-ae10-4a7e79a3d184 req-74f30232-69bd-4bd2-ae10-4a7e79a3d184 ] Request (AttachInterfacesV270Test:setUpClass): 201 POST http://10.180.1.21/identity/v3/users 0.159s
2024-08-02 13:33:47.824 61543 INFO tempest.lib.common.rest_client [req-01ef8ba1-17b3-4edd-9bcf-17780eea2609 req-01ef8ba1-17b3-4edd-9bcf-17780eea2609 ] Request (ServerDiagnosticsV248Test:setUpClass): 201 POST http://10.180.1.21/identity/v3/projects 0.124s
2024-08-02 13:33:47.848 61572 INFO tempest.lib.common.rest_client [req-36a42b8d-f903-46f7-929c-865d568e0472 req-36a42b8d-f903-46f7-929c-865d568e0472 ] Request (QuotasAdminNegativeTest:_run_cleanups): 200 PUT http://10.180.1.21/compute/v2.1/os-quota-sets/9e026d97dc964b7b9b0e035588d901e8 3.664s
2024-08-02 13:33:47.864 61565 INFO tempest.lib.common.rest_client [req-97a58ba1-d11a-4920-b9e8-c85d54520db1 req-97a58ba1-d11a-4920-b9e8-c85d54520db1 ] Request (FlavorsAdminTestJSON:test_create_flavor_verify_entry_in_list_details): 200 POST http://10.180.1.21/compute/v2.1/flavors 2.878s
2024-08-02 13:33:47.870 61569 INFO tempest.lib.common.rest_client [req-145bea3e-d52e-4037-953d-7774aa4d512e req-145bea3e-d52e-4037-953d-7774aa4d512e ] Request (FlavorsExtraSpecsNegativeTestJSON:test_flavor_non_admin_unset_keys): 403 DELETE http://10.180.1.21/compute/v2.1/flavors/742024114/os-extra_specs/hw:numa_nodes 2.865s
2024-08-02 13:33:47.885 61589 INFO tempest.lib.common.rest_client [req-b47e8672-61e7-4151-835a-1561092da6a6 req-b47e8672-61e7-4151-835a-1561092da6a6 ] Request (FlavorsAccessTestJSON:test_flavor_access_add_remove): 200 POST http://10.180.1.21/compute/v2.1/flavors/1887224629/action 2.918s
2024-08-02 13:33:47.897 61578 INFO tempest.lib.common.rest_client [req-88b9c77f-c5a7-4eb3-9fc2-0442f4893dfb req-88b9c77f-c5a7-4eb3-9fc2-0442f4893dfb ] Request (QuotaClassesAdminTestJSON:tearDownClass): 200 GET http://10.180.1.21:9696/networking/v2.0/security-groups?tenant_id=514d56beec474040ae692ae052ced18c&name=default 0.554s
2024-08-02 13:33:47.914 61549 INFO tempest.lib.common.rest_client [req-547b6f7a-84f6-4a6d-aff9-2c31ed70be99 req-547b6f7a-84f6-4a6d-aff9-2c31ed70be99 ] Request (HypervisorAdminNegativeUnderV252Test:setUpClass): 201 POST http://10.180.1.21/identity/v3/projects 0.193s
2024-08-02 13:33:47.917 61591 INFO tempest.lib.common.rest_client [req-32ce1a4c-e685-40de-bca1-2e00a3961816 req-32ce1a4c-e685-40de-bca1-2e00a3961816 ] Request (AttachInterfacesV270Test:setUpClass): 200 GET http://10.180.1.21/identity/v3/roles 0.116s
2024-08-02 13:33:47.962 61543 INFO tempest.lib.common.rest_client [req-3a069ae5-751c-4608-859c-c4152116ee17 req-3a069ae5-751c-4608-859c-c4152116ee17 ] Request (ServerDiagnosticsV248Test:setUpClass): 201 POST http://10.180.1.21/identity/v3/users 0.137s
2024-08-02 13:33:48.032 61533 INFO tempest.lib.common.rest_client [req-be1bdb30-5cba-46b6-a028-8045fa37a147 req-be1bdb30-5cba-46b6-a028-8045fa37a147 ] Request (ServersWithSpecificFlavorTestJSON:test_verify_created_server_ephemeral_disk): 200 POST http://10.180.1.21/compute/v2.1/flavors 2.782s
2024-08-02 13:33:48.040 61549 INFO tempest.lib.common.rest_client [req-2ea5e3a8-b8bb-4ad7-9753-7ae02138fb1e req-2ea5e3a8-b8bb-4ad7-9753-7ae02138fb1e ] Request (HypervisorAdminNegativeUnderV252Test:setUpClass): 201 POST http://10.180.1.21/identity/v3/users 0.126s
2024-08-02 13:33:48.048 61561 INFO tempest.lib.common.rest_client [req-f13a4ebe-e196-4288-b790-d393f9deb8db req-f13a4ebe-e196-4288-b790-d393f9deb8db ] Request (FlavorsV255TestJSON:test_crud_flavor): 200 GET http://10.180.1.21/compute/v2.1/flavors 2.607s
2024-08-02 13:33:48.062 61591 INFO tempest.lib.common.rest_client [req-cdd8f39f-250f-4e75-8cbb-9f7bbaf9e98e req-cdd8f39f-250f-4e75-8cbb-9f7bbaf9e98e ] Request (AttachInterfacesV270Test:setUpClass): 204 PUT http://10.180.1.21/identity/v3/projects/760605cb896a4cbdb566a044b1e14fdc/users/2eca29707860426b983cf69143b5d6b4/roles/9b25f2d1840d44f38e447db6ad316e74 0.145s
2024-08-02 13:33:48.062 61591 INFO tempest.lib.common.dynamic_creds [-] Dynamic test user 2eca29707860426b983cf69143b5d6b4 is created with scope project and roles: ['member']
2024-08-02 13:33:48.062 61591 INFO tempest.lib.common.dynamic_creds [-] Acquired dynamic creds: credentials: Credentials: {'domain_id': 'default', 'domain_name': 'Default', 'username': 'tempest-AttachInterfacesV270Test-2098825571-project-member', 'project_domain_id': 'default', 'project_domain_name': 'Default', 'project_id': '760605cb896a4cbdb566a044b1e14fdc', 'project_name': 'tempest-AttachInterfacesV270Test-2098825571', 'tenant_id': '760605cb896a4cbdb566a044b1e14fdc', 'tenant_name': 'tempest-AttachInterfacesV270Test-2098825571', 'user_domain_id': 'default', 'user_domain_name': 'Default', 'user_id': '2eca29707860426b983cf69143b5d6b4', 'system': None}, Network: None, Subnet: None, Router: None
2024-08-02 13:33:48.067 61578 INFO tempest.lib.common.rest_client [req-265c54d6-cc48-4a4d-b94b-53cba5e08b45 req-265c54d6-cc48-4a4d-b94b-53cba5e08b45 ] Request (QuotaClassesAdminTestJSON:tearDownClass): 204 DELETE http://10.180.1.21:9696/networking/v2.0/security-groups/63fdd581-4a49-45a4-971f-f6cb834512e0 0.169s
2024-08-02 13:33:48.071 61559 INFO tempest.lib.common.rest_client [req-84c4b47b-9494-413c-9d62-4a3c339a06de req-84c4b47b-9494-413c-9d62-4a3c339a06de ] Request (FlavorsExtraSpecsTestJSON:test_flavor_non_admin_get_all_keys): 200 GET http://10.180.1.21/compute/v2.1/flavors/718598517/os-extra_specs 2.652s
2024-08-02 13:33:48.083 61537 INFO tempest.lib.common.rest_client [req-81813556-ae74-49c1-941f-4e2a387b4a9c req-81813556-ae74-49c1-941f-4e2a387b4a9c ] Request (VolumesAssistedSnapshotsTest:test_volume_assisted_snapshot_create_delete): 201 POST http://10.180.1.21:9696/networking/v2.0/security-group-rules 0.348s
2024-08-02 13:33:48.105 61594 INFO tempest.lib.common.rest_client [req-860337a9-06d2-40af-a655-435564eb2879 req-860337a9-06d2-40af-a655-435564eb2879 ] Request (KeyPairsV22TestJSON:test_keypairs_create_list_delete): 201 POST http://10.180.1.21/compute/v2.1/os-keypairs 2.107s
2024-08-02 13:33:48.108 61543 INFO tempest.lib.common.rest_client [req-2ac9fede-aa81-434c-bcd8-338b39c38387 req-2ac9fede-aa81-434c-bcd8-338b39c38387 ] Request (ServerDiagnosticsV248Test:setUpClass): 200 GET http://10.180.1.21/identity/v3/roles 0.146s
2024-08-02 13:33:48.113 61549 INFO tempest.lib.common.rest_client [req-0d6311aa-41f7-4baa-973e-367046078552 req-0d6311aa-41f7-4baa-973e-367046078552 ] Request (HypervisorAdminNegativeUnderV252Test:setUpClass): 200 GET http://10.180.1.21/identity/v3/roles 0.072s
2024-08-02 13:33:48.125 61591 INFO tempest.lib.common.rest_client [req-11ca1a20-9c8b-456d-b820-0f0360ecc11b req-11ca1a20-9c8b-456d-b820-0f0360ecc11b ] Request (AttachInterfacesV270Test:setUpClass): 201 POST http://10.180.1.21/identity/v3/auth/tokens 0.062s
2024-08-02 13:33:48.150 61543 INFO tempest.lib.common.rest_client [req-c2df6e0b-2da0-404a-a80f-7c20ef4620a1 req-c2df6e0b-2da0-404a-a80f-7c20ef4620a1 ] Request (ServerDiagnosticsV248Test:setUpClass): 204 PUT http://10.180.1.21/identity/v3/projects/921b38590177446c941b2872e63cf976/users/3ba7aefab5d64de198502dec5ecabe49/roles/9b25f2d1840d44f38e447db6ad316e74 0.042s
2024-08-02 13:33:48.151 61543 INFO tempest.lib.common.dynamic_creds [-] Dynamic test user 3ba7aefab5d64de198502dec5ecabe49 is created with scope project and roles: ['member']
2024-08-02 13:33:48.151 61543 INFO tempest.lib.common.dynamic_creds [-] Acquired dynamic creds: credentials: Credentials: {'domain_id': 'default', 'domain_name': 'Default', 'username': 'tempest-ServerDiagnosticsV248Test-943853116-project-member', 'project_domain_id': 'default', 'project_domain_name': 'Default', 'project_id': '921b38590177446c941b2872e63cf976', 'project_name': 'tempest-ServerDiagnosticsV248Test-943853116', 'tenant_id': '921b38590177446c941b2872e63cf976', 'tenant_name': 'tempest-ServerDiagnosticsV248Test-943853116', 'user_domain_id': 'default', 'user_domain_name': 'Default', 'user_id': '3ba7aefab5d64de198502dec5ecabe49', 'system': None}, Network: None, Subnet: None, Router: None
2024-08-02 13:33:48.151 61543 INFO tempest.lib.common.dynamic_creds [-] Created isolated network resources for: credentials: Credentials: {'domain_id': 'default', 'domain_name': 'Default', 'username': 'tempest-ServerDiagnosticsV248Test-943853116-project-member', 'project_domain_id': 'default', 'project_domain_name': 'Default', 'project_id': '921b38590177446c941b2872e63cf976', 'project_name': 'tempest-ServerDiagnosticsV248Test-943853116', 'tenant_id': '921b38590177446c941b2872e63cf976', 'tenant_name': 'tempest-ServerDiagnosticsV248Test-943853116', 'user_domain_id': 'default', 'user_domain_name': 'Default', 'user_id': '3ba7aefab5d64de198502dec5ecabe49', 'system': None}, Network: None, Subnet: None, Router: None
2024-08-02 13:33:48.192 61578 INFO tempest.lib.common.rest_client [req-95a5a36a-f355-4e7b-83b6-80f32ebb810a req-95a5a36a-f355-4e7b-83b6-80f32ebb810a ] Request (QuotaClassesAdminTestJSON:tearDownClass): 204 DELETE http://10.180.1.21/identity/v3/projects/514d56beec474040ae692ae052ced18c 0.125s
2024-08-02 13:33:48.193 61578 INFO tempest.lib.common.dynamic_creds [-] Deleting project and security group for project: e7c6674cf1754211a2d3d6be31279bb9
2024-08-02 13:33:48.215 61574 INFO tempest.lib.common.rest_client [req-d7b428a7-4ad5-4de9-9dd8-371673acff0f req-d7b428a7-4ad5-4de9-9dd8-371673acff0f ] Request (AggregatesAdminNegativeTestJSON:test_aggregate_add_existent_host): 409 POST http://10.180.1.21/compute/v2.1/os-aggregates/1/action 2.104s
2024-08-02 13:33:48.241 61581 INFO tempest.lib.common.rest_client [req-0938d7ca-e22c-454b-8fea-4741504f2c65 req-0938d7ca-e22c-454b-8fea-4741504f2c65 ] Request (SecurityGroupsTestJSON:setUpClass): 201 POST http://10.180.1.21:9696/networking/v2.0/networks 0.606s
2024-08-02 13:33:48.268 61558 INFO tempest.lib.common.rest_client [req-492c4549-5842-43a3-b703-aa3fd9aadc8d req-492c4549-5842-43a3-b703-aa3fd9aadc8d ] Request (ServerActionsTestOtherA:setUpClass): 201 POST http://10.180.1.21:9696/networking/v2.0/networks 0.657s
2024-08-02 13:33:48.290 61549 INFO tempest.lib.common.rest_client [req-d1ec3bab-5172-4cb6-bf79-17b754c1e87a req-d1ec3bab-5172-4cb6-bf79-17b754c1e87a ] Request (HypervisorAdminNegativeUnderV252Test:setUpClass): 204 PUT http://10.180.1.21/identity/v3/projects/c80e59b49e3b4811b6faf1981a560482/users/b9a864fccd464c05910eacdcad1d745f/roles/9b25f2d1840d44f38e447db6ad316e74 0.177s
2024-08-02 13:33:48.291 61549 INFO tempest.lib.common.dynamic_creds [-] Dynamic test user b9a864fccd464c05910eacdcad1d745f is created with scope project and roles: ['member']
2024-08-02 13:33:48.291 61549 INFO tempest.lib.common.dynamic_creds [-] Acquired dynamic creds: credentials: Credentials: {'domain_id': 'default', 'domain_name': 'Default', 'username': 'tempest-HypervisorAdminNegativeUnderV252Test-1837132030-project-member', 'project_domain_id': 'default', 'project_domain_name': 'Default', 'project_id': 'c80e59b49e3b4811b6faf1981a560482', 'project_name': 'tempest-HypervisorAdminNegativeUnderV252Test-1837132030', 'tenant_id': 'c80e59b49e3b4811b6faf1981a560482', 'tenant_name': 'tempest-HypervisorAdminNegativeUnderV252Test-1837132030', 'user_domain_id': 'default', 'user_domain_name': 'Default', 'user_id': 'b9a864fccd464c05910eacdcad1d745f', 'system': None}, Network: None, Subnet: None, Router: None
2024-08-02 13:33:48.291 61549 INFO tempest.lib.common.dynamic_creds [-] Created isolated network resources for: credentials: Credentials: {'domain_id': 'default', 'domain_name': 'Default', 'username': 'tempest-HypervisorAdminNegativeUnderV252Test-1837132030-project-member', 'project_domain_id': 'default', 'project_domain_name': 'Default', 'project_id': 'c80e59b49e3b4811b6faf1981a560482', 'project_name': 'tempest-HypervisorAdminNegativeUnderV252Test-1837132030', 'tenant_id': 'c80e59b49e3b4811b6faf1981a560482', 'tenant_name': 'tempest-HypervisorAdminNegativeUnderV252Test-1837132030', 'user_domain_id': 'default', 'user_domain_name': 'Default', 'user_id': 'b9a864fccd464c05910eacdcad1d745f', 'system': None}, Network: None, Subnet: None, Router: None
2024-08-02 13:33:48.333 61543 INFO tempest.lib.common.rest_client [req-fb792322-7420-4962-bac4-b8f8b54b5175 req-fb792322-7420-4962-bac4-b8f8b54b5175 ] Request (ServerDiagnosticsV248Test:setUpClass): 201 POST http://10.180.1.21/identity/v3/auth/tokens 0.135s
2024-08-02 13:33:48.462 61543 INFO tempest.lib.common.rest_client [req-63246032-53d6-427a-8ac3-deefa7fc43be req-63246032-53d6-427a-8ac3-deefa7fc43be ] Request (ServerDiagnosticsV248Test:setUpClass): 201 POST http://10.180.1.21/identity/v3/projects 0.129s
2024-08-02 13:33:48.478 61549 INFO tempest.lib.common.rest_client [req-4f36df82-41c7-4899-9f2b-54bbec3992ca req-4f36df82-41c7-4899-9f2b-54bbec3992ca ] Request (HypervisorAdminNegativeUnderV252Test:setUpClass): 201 POST http://10.180.1.21/identity/v3/auth/tokens 0.133s
2024-08-02 13:33:48.531 61549 INFO tempest.lib.common.rest_client [req-e4b2a719-2f77-4ffe-b33f-441810c6a421 req-e4b2a719-2f77-4ffe-b33f-441810c6a421 ] Request (HypervisorAdminNegativeUnderV252Test:setUpClass): 201 POST http://10.180.1.21/identity/v3/projects 0.053s
2024-08-02 13:33:48.551 61543 INFO tempest.lib.common.rest_client [req-2c0eeb36-a5b7-4003-ae0c-c8eecb8bde42 req-2c0eeb36-a5b7-4003-ae0c-c8eecb8bde42 ] Request (ServerDiagnosticsV248Test:setUpClass): 201 POST http://10.180.1.21/identity/v3/users 0.088s
2024-08-02 13:33:48.602 61545 INFO tempest.lib.common.rest_client [req-b3c01868-8a9e-48cd-8f9d-c1ebf4584346 req-b3c01868-8a9e-48cd-8f9d-c1ebf4584346 ] Request (SecurityGroupsTestAdminJSON:test_list_security_groups_list_all_tenants_filter): 200 GET http://10.180.1.21/compute/v2.1/os-security-groups?all_tenants=true 2.642s
2024-08-02 13:33:48.621 61543 INFO tempest.lib.common.rest_client [req-1863427b-5db6-40ca-84a1-e9864c3b2b92 req-1863427b-5db6-40ca-84a1-e9864c3b2b92 ] Request (ServerDiagnosticsV248Test:setUpClass): 200 GET http://10.180.1.21/identity/v3/roles 0.069s
2024-08-02 13:33:48.622 61549 INFO tempest.lib.common.rest_client [req-1654162b-f863-480d-8234-cbd704d80123 req-1654162b-f863-480d-8234-cbd704d80123 ] Request (HypervisorAdminNegativeUnderV252Test:setUpClass): 201 POST http://10.180.1.21/identity/v3/users 0.091s
2024-08-02 13:33:48.641 61549 INFO tempest.lib.common.rest_client [req-6addaa92-4ffd-4214-aa08-ccc775d2d515 req-6addaa92-4ffd-4214-aa08-ccc775d2d515 ] Request (HypervisorAdminNegativeUnderV252Test:setUpClass): 200 GET http://10.180.1.21/identity/v3/roles 0.018s
2024-08-02 13:33:48.651 61578 INFO tempest.lib.common.rest_client [req-7000fcd8-0293-4c57-a3a1-f535f95de97c req-7000fcd8-0293-4c57-a3a1-f535f95de97c ] Request (QuotaClassesAdminTestJSON:tearDownClass): 200 GET http://10.180.1.21:9696/networking/v2.0/security-groups?tenant_id=e7c6674cf1754211a2d3d6be31279bb9&name=default 0.458s
2024-08-02 13:33:48.658 61543 INFO tempest.lib.common.rest_client [req-039fd362-1cf5-449d-ae56-b845c5d8f489 req-039fd362-1cf5-449d-ae56-b845c5d8f489 ] Request (ServerDiagnosticsV248Test:setUpClass): 204 PUT http://10.180.1.21/identity/v3/projects/85c57adc8f3b42d3a122431ad2531961/users/9db16e43f5a64c87b81d8b95bcf49dd2/roles/93fa935fa8374b5988e457f1c5241aef 0.037s
2024-08-02 13:33:48.739 61549 INFO tempest.lib.common.rest_client [req-921a9fa0-5e48-46fb-9050-646d9b4bace9 req-921a9fa0-5e48-46fb-9050-646d9b4bace9 ] Request (HypervisorAdminNegativeUnderV252Test:setUpClass): 204 PUT http://10.180.1.21/identity/v3/projects/7fcc4bc2922248f8934713e35d3a0e89/users/0d71edcfb975451999dbe9980134a2ea/roles/93fa935fa8374b5988e457f1c5241aef 0.097s
2024-08-02 13:33:48.785 61543 INFO tempest.lib.common.rest_client [req-01cda0f8-136e-42dc-8881-ace4f6d4cc29 req-01cda0f8-136e-42dc-8881-ace4f6d4cc29 ] Request (ServerDiagnosticsV248Test:setUpClass): 200 GET http://10.180.1.21/identity/v3/roles 0.127s
2024-08-02 13:33:48.799 61549 INFO tempest.lib.common.rest_client [req-23d77918-6919-47ef-bc85-743aa6440086 req-23d77918-6919-47ef-bc85-743aa6440086 ] Request (HypervisorAdminNegativeUnderV252Test:setUpClass): 200 GET http://10.180.1.21/identity/v3/roles 0.059s
2024-08-02 13:33:48.817 61543 INFO tempest.lib.common.rest_client [req-3a9b8678-b597-4fbd-a9e2-bacd214a0234 req-3a9b8678-b597-4fbd-a9e2-bacd214a0234 ] Request (ServerDiagnosticsV248Test:setUpClass): 204 PUT http://10.180.1.21/identity/v3/projects/85c57adc8f3b42d3a122431ad2531961/users/9db16e43f5a64c87b81d8b95bcf49dd2/roles/93fa935fa8374b5988e457f1c5241aef 0.030s
2024-08-02 13:33:48.817 61543 INFO tempest.lib.common.dynamic_creds [-] Dynamic test user 9db16e43f5a64c87b81d8b95bcf49dd2 is created with scope project and roles: ['admin']
2024-08-02 13:33:48.817 61543 INFO tempest.lib.common.dynamic_creds [-] Acquired dynamic creds: credentials: Credentials: {'domain_id': 'default', 'domain_name': 'Default', 'username': 'tempest-ServerDiagnosticsV248Test-273727717-project-admin', 'project_domain_id': 'default', 'project_domain_name': 'Default', 'project_id': '85c57adc8f3b42d3a122431ad2531961', 'project_name': 'tempest-ServerDiagnosticsV248Test-273727717', 'tenant_id': '85c57adc8f3b42d3a122431ad2531961', 'tenant_name': 'tempest-ServerDiagnosticsV248Test-273727717', 'user_domain_id': 'default', 'user_domain_name': 'Default', 'user_id': '9db16e43f5a64c87b81d8b95bcf49dd2', 'system': None}, Network: None, Subnet: None, Router: None
2024-08-02 13:33:48.817 61543 INFO tempest.lib.common.dynamic_creds [-] Created isolated network resources for: credentials: Credentials: {'domain_id': 'default', 'domain_name': 'Default', 'username': 'tempest-ServerDiagnosticsV248Test-273727717-project-admin', 'project_domain_id': 'default', 'project_domain_name': 'Default', 'project_id': '85c57adc8f3b42d3a122431ad2531961', 'project_name': 'tempest-ServerDiagnosticsV248Test-273727717', 'tenant_id': '85c57adc8f3b42d3a122431ad2531961', 'tenant_name': 'tempest-ServerDiagnosticsV248Test-273727717', 'user_domain_id': 'default', 'user_domain_name': 'Default', 'user_id': '9db16e43f5a64c87b81d8b95bcf49dd2', 'system': None}, Network: None, Subnet: None, Router: None
2024-08-02 13:33:48.828 61578 INFO tempest.lib.common.rest_client [req-a9c70c30-0bd1-4011-ac02-2a78f2aff78a req-a9c70c30-0bd1-4011-ac02-2a78f2aff78a ] Request (QuotaClassesAdminTestJSON:tearDownClass): 204 DELETE http://10.180.1.21:9696/networking/v2.0/security-groups/7d2bc54a-cebf-40ce-ad84-3f9fc87bc2f7 0.177s
2024-08-02 13:33:48.835 61547 INFO tempest.lib.common.rest_client [req-f4f3bd51-7c35-43ad-8310-a59116b276b4 req-f4f3bd51-7c35-43ad-8310-a59116b276b4 ] Request (FlavorsAccessNegativeTestJSON:_run_cleanups): 200 POST http://10.180.1.21/compute/v2.1/flavors/1856908782/action 2.552s
2024-08-02 13:33:48.852 61551 INFO tempest.lib.common.rest_client [req-3fde7998-9712-420b-a423-b457db635f29 req-3fde7998-9712-420b-a423-b457db635f29 ] Request (MigrationsAdminTest:test_list_migrations_in_flavor_resize_situation): 202 POST http://10.180.1.21/compute/v2.1/servers 2.615s
2024-08-02 13:33:48.855 61541 INFO tempest.lib.common.rest_client [req-3036d6f6-2bef-47c2-90bd-45f6ec5dd758 req-3036d6f6-2bef-47c2-90bd-45f6ec5dd758 ] Request (HypervisorAdminNegativeTestJSON:test_get_nonexistent_hypervisor_uptime): 404 GET http://10.180.1.21/compute/v2.1/os-hypervisors/aa1a3254-b0eb-4ddd-9be7-27b9a01f9a92/uptime 2.169s
2024-08-02 13:33:48.861 61553 INFO tempest.lib.common.rest_client [req-06272326-9bf4-460e-ae6a-b0b893a35c7f req-06272326-9bf4-460e-ae6a-b0b893a35c7f ] Request (HostsAdminNegativeTestJSON:test_show_host_detail_with_non_admin_user): 403 GET http://10.180.1.21/compute/v2.1/os-hosts/devstack 1.956s
2024-08-02 13:33:48.887 61537 INFO tempest.lib.common.rest_client [req-7878c47d-0936-43dc-9b74-753b8c1acca6 req-7878c47d-0936-43dc-9b74-753b8c1acca6 ] Request (VolumesAssistedSnapshotsTest:test_volume_assisted_snapshot_create_delete): 201 POST http://10.180.1.21:9696/networking/v2.0/floatingips 0.803s
2024-08-02 13:33:48.895 61549 INFO tempest.lib.common.rest_client [req-bf2120ba-b31e-4be3-9ffd-b3be5c15454b req-bf2120ba-b31e-4be3-9ffd-b3be5c15454b ] Request (HypervisorAdminNegativeUnderV252Test:setUpClass): 204 PUT http://10.180.1.21/identity/v3/projects/7fcc4bc2922248f8934713e35d3a0e89/users/0d71edcfb975451999dbe9980134a2ea/roles/93fa935fa8374b5988e457f1c5241aef 0.095s
