2024-08-02 13:34:51.567 61539 INFO tempest.lib.common.rest_client [req-ffed3fe3-2dcd-4f51-aaf0-24c7b389f8e2 req-ffed3fe3-2dcd-4f51-aaf0-24c7b389f8e2 ] Request (SecurityGroupsNegativeTestJSON:tearDownClass): 204 DELETE http://10.180.1.21/identity/v3/users/869052302cf742e6b9233b6d6128ca07 0.114s
2024-08-02 13:34:51.567 61539 INFO tempest.lib.common.dynamic_creds [-] Deleting project and security group for project: 3d2f9c7de2ce4fa6b75ddf8ed045739d
2024-08-02 13:34:51.584 61594 INFO tempest.lib.common.rest_client [req-af3c144c-7c15-4f94-a253-4cad961d93e3 req-af3c144c-7c15-4f94-a253-4cad961d93e3 ] Request (ServerTagsTestJSON:setUpClass): 200 GET http://10.180.1.21/compute/v2.1/servers/32b57d1b-d35f-488e-be23-9119f2f56562 0.110s
2024-08-02 13:34:51.590 61558 INFO tempest.lib.common.rest_client [req-c8a256e9-5630-415e-ae29-5a9a31d13b75 req-c8a256e9-5630-415e-ae29-5a9a31d13b75 ] Request (ServerActionsTestOtherA:setUpClass): 200 GET http://10.180.1.21/compute/v2.1/servers/3f1f549f-8034-4685-b6f0-db5a7a2a4a32 0.076s
2024-08-02 13:34:51.655 61539 INFO tempest.lib.common.rest_client [req-28f99fc1-885e-42fd-83c2-a2145085af2c req-28f99fc1-885e-42fd-83c2-a2145085af2c ] Request (SecurityGroupsNegativeTestJSON:tearDownClass): 200 GET http://10.180.1.21:9696/networking/v2.0/security-groups?tenant_id=3d2f9c7de2ce4fa6b75ddf8ed045739d&name=default 0.087s
2024-08-02 13:34:51.658 61565 INFO tempest.lib.common.rest_client [req-57d2fabe-0df0-4516-9fda-4b1de2b3bf09 req-57d2fabe-0df0-4516-9fda-4b1de2b3bf09 ] Request (ServerAddressesTestJSON:setUpClass): 200 GET http://10.180.1.21/compute/v2.1/servers/e2560c8e-61c6-4343-82cb-47dc5b1997fb 0.077s
2024-08-02 13:34:51.672 61591 INFO tempest.lib.common.rest_client [req-b5d161b5-e1d9-4cc1-baa5-bf9dda58e620 req-b5d161b5-e1d9-4cc1-baa5-bf9dda58e620 ] Request (AttachInterfacesV270Test:test_create_get_list_interfaces): 200 GET http://10.180.1.21/compute/v2.1/servers/f0c26eb3-e6d6-4d9f-9f07-5add9de6d126 0.142s
2024-08-02 13:34:51.716 61567 INFO tempest.lib.common.rest_client [req-5b48a547-ce7f-499c-bac9-2ca97aba673e req-5b48a547-ce7f-499c-bac9-2ca97aba673e ] Request (ServersTestBootFromVolume:setUpClass): 200 GET http://10.180.1.21/volume/v3/233511ca341849e3a8d33ee8152f429a/volumes/4602f78a-d619-4e07-8958-2029cb61c217 0.034s
2024-08-02 13:34:51.743 61543 INFO tempest.lib.common.rest_client [req-ec4ddb9f-df95-4fe8-ac22-4d8f9edf63eb req-ec4ddb9f-df95-4fe8-ac22-4d8f9edf63eb ] Request (ServerDiagnosticsV248Test:tearDownClass): 200 GET http://10.180.1.21/compute/v2.1/servers/62c3b24d-bee7-4dd2-a6c7-9303c7c28cca 0.128s
2024-08-02 13:34:51.757 61545 INFO tempest.lib.common.rest_client [req-9f0261b8-ba2e-4a5b-b735-9dbb4a92afa0 req-9f0261b8-ba2e-4a5b-b735-9dbb4a92afa0 ] Request (ServerActionsTestJSON:setUpClass): 200 GET http://10.180.1.21/compute/v2.1/servers/5ea287cd-ba85-446d-85d0-5a050fe49f17 0.072s
2024-08-02 13:34:51.792 61578 INFO tempest.lib.common.rest_client [req-a04b5051-7639-4b9a-94fd-3bc856a69466 req-a04b5051-7639-4b9a-94fd-3bc856a69466 ] Request (ServerRescueNegativeTestJSON:setUpClass): 200 GET http://10.180.1.21/compute/v2.1/servers/7f8b08d4-3535-48ab-ba3f-a159511e2a64 0.104s
2024-08-02 13:34:51.803 61539 INFO tempest.lib.common.rest_client [req-4cfa1a3f-1dfd-46ea-82bb-ed4ed9f339eb req-4cfa1a3f-1dfd-46ea-82bb-ed4ed9f339eb ] Request (SecurityGroupsNegativeTestJSON:tearDownClass): 204 DELETE http://10.180.1.21:9696/networking/v2.0/security-groups/2010f025-a71a-46f4-8033-7df114601c6f 0.148s
2024-08-02 13:34:51.810 61547 INFO tempest.lib.common.rest_client [req-577e8bae-85c1-4ebf-87c7-fab44efd4848 req-577e8bae-85c1-4ebf-87c7-fab44efd4848 ] Request (FloatingIPsAssociationTestJSON:setUpClass): 200 GET http://10.180.1.21/compute/v2.1/servers/12c47e99-faf4-4083-a46f-4e33c451e980 0.046s
2024-08-02 13:34:51.849 61569 INFO tempest.lib.common.rest_client [req-d86ff11c-2824-4ed5-82b9-d506a64f008a req-d86ff11c-2824-4ed5-82b9-d506a64f008a ] Request (ServersNegativeTestJSON:setUpClass): 200 GET http://10.180.1.21/compute/v2.1/servers/297a5546-6159-462c-a436-032d94855c00 0.081s
2024-08-02 13:34:51.864 61541 INFO tempest.lib.common.rest_client [req-e1076654-b7ef-4846-952c-8c7d03e3acf8 req-e1076654-b7ef-4846-952c-8c7d03e3acf8 ] Request (ServersAdminNegativeTestJSON:setUpClass): 200 GET http://10.180.1.21/compute/v2.1/servers/1336becb-9691-490c-86ea-3bc70d13d7df 0.052s
2024-08-02 13:34:51.902 61583 INFO tempest.lib.common.rest_client [req-fe11507f-7069-4e0f-90f5-c6d085353c6f req-fe11507f-7069-4e0f-90f5-c6d085353c6f ] Request (ServerMetadataNegativeTestJSON:setUpClass): 200 GET http://10.180.1.21/compute/v2.1/servers/1804f229-97b9-4ee3-933d-715431a900f8 0.077s
2024-08-02 13:34:51.907 61539 INFO tempest.lib.common.rest_client [req-6ecb0b6f-3603-4b95-893e-e40b0f92c614 req-6ecb0b6f-3603-4b95-893e-e40b0f92c614 ] Request (SecurityGroupsNegativeTestJSON:tearDownClass): 204 DELETE http://10.180.1.21/identity/v3/projects/3d2f9c7de2ce4fa6b75ddf8ed045739d 0.104s
2024-08-02 13:34:51.929 61551 INFO tempest.lib.common.rest_client [req-f8001fef-0e6e-40ed-9031-310c1851921b req-f8001fef-0e6e-40ed-9031-310c1851921b ] Request (MigrationsAdminTest:test_resize_server_revert_deleted_flavor): 200 GET http://10.180.1.21/compute/v2.1/servers/2b87dfbe-2b94-4787-a795-94f8b63f651c 0.052s
2024-08-02 13:34:51.952 61535 INFO tempest.lib.common.rest_client [req-f2722dcf-dfb0-41aa-85f1-d9239d965dc6 req-f2722dcf-dfb0-41aa-85f1-d9239d965dc6 ] Request (ServersTestManualDisk:setUpClass): 200 GET http://10.180.1.21/compute/v2.1/servers/30ed4438-4f74-4bc3-a6cc-a59420751940 0.052s
2024-08-02 13:34:51.956 61539 INFO tempest.lib.common.rest_client [req-89796b17-44ae-43b2-84c3-0e76370173bf req-89796b17-44ae-43b2-84c3-0e76370173bf ] Request (MultipleCreateNegativeTestJSON:setUpClass): 201 POST http://10.180.1.21/identity/v3/auth/tokens 0.047s
2024-08-02 13:34:51.978 61539 INFO tempest.lib.common.rest_client [req-c7ff546a-ff93-4767-a76e-685cb4f7d120 req-c7ff546a-ff93-4767-a76e-685cb4f7d120 ] Request (MultipleCreateNegativeTestJSON:setUpClass): 201 POST http://10.180.1.21/identity/v3/auth/tokens 0.020s
2024-08-02 13:34:51.997 61539 INFO tempest.lib.common.rest_client [req-38f815c2-b7b0-4921-bd64-466558b186ee req-38f815c2-b7b0-4921-bd64-466558b186ee ] Request (MultipleCreateNegativeTestJSON:setUpClass): 200 GET http://10.180.1.21/identity/v3/domains?name=Default 0.018s
2024-08-02 13:34:52.019 61539 INFO tempest.lib.common.rest_client [req-b9159eab-6d94-42df-b11f-aff75ceee376 req-b9159eab-6d94-42df-b11f-aff75ceee376 ] Request (MultipleCreateNegativeTestJSON:setUpClass): 201 POST http://10.180.1.21/identity/v3/projects 0.021s
2024-08-02 13:34:52.038 61559 INFO tempest.lib.common.rest_client [req-bf84c8f8-9b38-437e-849c-8166ac249883 req-bf84c8f8-9b38-437e-849c-8166ac249883 ] Request (ServerActionsTestOtherB:setUpClass): 200 GET http://10.180.1.21/compute/v2.1/servers/767d7956-954b-4be7-8cc6-45872ff4cfce 0.045s
2024-08-02 13:34:52.068 61539 INFO tempest.lib.common.rest_client [req-3d9f63c4-dfa0-43c3-9bcc-0c0bb55fa59e req-3d9f63c4-dfa0-43c3-9bcc-0c0bb55fa59e ] Request (MultipleCreateNegativeTestJSON:setUpClass): 201 POST http://10.180.1.21/identity/v3/users 0.048s
2024-08-02 13:34:52.086 61539 INFO tempest.lib.common.rest_client [req-3209ba95-97db-405c-add6-bd74cced2442 req-3209ba95-97db-405c-add6-bd74cced2442 ] Request (MultipleCreateNegativeTestJSON:setUpClass): 200 GET http://10.180.1.21/identity/v3/roles 0.017s
2024-08-02 13:34:52.103 61572 INFO tempest.lib.common.rest_client [req-cf3f9a4a-4139-4b56-93d0-0eeb8531f246 req-cf3f9a4a-4139-4b56-93d0-0eeb8531f246 ] Request (ServersTestJSON:setUpClass): 200 GET http://10.180.1.21/compute/v2.1/servers/13c1d417-4087-46ad-b513-fc3317995d18 0.052s
2024-08-02 13:34:52.114 61539 INFO tempest.lib.common.rest_client [req-5ec2a8cc-73d1-497b-9e4d-1b1a473b8a67 req-5ec2a8cc-73d1-497b-9e4d-1b1a473b8a67 ] Request (MultipleCreateNegativeTestJSON:setUpClass): 204 PUT http://10.180.1.21/identity/v3/projects/b095fd58915b41afa1421ef07282d35d/users/5851e2ba364843798d16e1e7960d1e47/roles/9b25f2d1840d44f38e447db6ad316e74 0.028s
2024-08-02 13:34:52.114 61539 INFO tempest.lib.common.dynamic_creds [-] Dynamic test user 5851e2ba364843798d16e1e7960d1e47 is created with scope project and roles: ['member']
2024-08-02 13:34:52.114 61539 INFO tempest.lib.common.dynamic_creds [-] Acquired dynamic creds: credentials: Credentials: {'domain_id': 'default', 'domain_name': 'Default', 'username': 'tempest-MultipleCreateNegativeTestJSON-1930140544-project-member', 'project_domain_id': 'default', 'project_domain_name': 'Default', 'project_id': 'b095fd58915b41afa1421ef07282d35d', 'project_name': 'tempest-MultipleCreateNegativeTestJSON-1930140544', 'tenant_id': 'b095fd58915b41afa1421ef07282d35d', 'tenant_name': 'tempest-MultipleCreateNegativeTestJSON-1930140544', 'user_domain_id': 'default', 'user_domain_name': 'Default', 'user_id': '5851e2ba364843798d16e1e7960d1e47', 'system': None}, Network: None, Subnet: None, Router: None
2024-08-02 13:34:52.115 61539 INFO tempest.lib.common.dynamic_creds [-] Created isolated network resources for: credentials: Credentials: {'domain_id': 'default', 'domain_name': 'Default', 'username': 'tempest-MultipleCreateNegativeTestJSON-1930140544-project-member', 'project_domain_id': 'default', 'project_domain_name': 'Default', 'project_id': 'b095fd58915b41afa1421ef07282d35d', 'project_name': 'tempest-MultipleCreateNegativeTestJSON-1930140544', 'tenant_id': 'b095fd58915b41afa1421ef07282d35d', 'tenant_name': 'tempest-MultipleCreateNegativeTestJSON-1930140544', 'user_domain_id': 'default', 'user_domain_name': 'Default', 'user_id': '5851e2ba364843798d16e1e7960d1e47', 'system': None}, Network: None, Subnet: None, Router: None
2024-08-02 13:34:52.168 61561 INFO tempest.lib.common.rest_client [req-d32a8b3a-af5b-4951-a683-6308eb0fa850 req-d32a8b3a-af5b-4951-a683-6308eb0fa850 ] Request (ServerActionsV293TestJSON:setUpClass): 200 GET http://10.180.1.21/volume/v3/039a458fcf5642eaae5d4353f569d660/volumes/770432a3-4ca1-4717-9890-c964bd2d2419 0.032s
2024-08-02 13:34:52.176 61539 INFO tempest.lib.common.rest_client [req-71ef3286-3a17-43cc-961f-3817bbe27f2a req-71ef3286-3a17-43cc-961f-3817bbe27f2a ] Request (MultipleCreateNegativeTestJSON:setUpClass): 201 POST http://10.180.1.21/identity/v3/auth/tokens 0.059s
2024-08-02 13:34:52.200 61539 INFO tempest.lib.common.rest_client [req-6befea80-e7e9-4fe6-ae99-ff51e9addf08 req-6befea80-e7e9-4fe6-ae99-ff51e9addf08 ] Request (MultipleCreateNegativeTestJSON:test_max_count_less_than_min_count): 201 POST http://10.180.1.21/identity/v3/auth/tokens 0.020s
2024-08-02 13:34:52.200 61539 INFO tempest.lib.common.fixed_network [-] (MultipleCreateNegativeTestJSON:test_max_count_less_than_min_count) Found network None available for tenant
2024-08-02 13:34:52.208 61597 INFO tempest.lib.common.rest_client [req-9625621f-fbf1-4b23-9c41-0c1bb0d5abed req-9625621f-fbf1-4b23-9c41-0c1bb0d5abed ] Request (DeleteServersAdminTestJSON:test_delete_server_while_in_error_state): 200 GET http://10.180.1.21/compute/v2.1/servers/d4d3db12-8de6-4daf-a087-89bb043d1217 0.051s
2024-08-02 13:34:52.260 61539 INFO tempest.lib.common.rest_client [req-2e31f5a1-ff0c-403c-954b-9971fce08cdb req-2e31f5a1-ff0c-403c-954b-9971fce08cdb ] Request (MultipleCreateNegativeTestJSON:test_max_count_less_than_min_count): 400 POST http://10.180.1.21/compute/v2.1/servers 0.059s
2024-08-02 13:34:52.282 61539 INFO tempest.lib.common.rest_client [req-b83acaa3-0f93-4c9b-8cd9-2acf5362d2a5 req-b83acaa3-0f93-4c9b-8cd9-2acf5362d2a5 ] Request (MultipleCreateNegativeTestJSON:test_max_count_less_than_one): 201 POST http://10.180.1.21/identity/v3/auth/tokens 0.018s
2024-08-02 13:34:52.283 61539 INFO tempest.lib.common.fixed_network [-] (MultipleCreateNegativeTestJSON:test_max_count_less_than_one) Found network None available for tenant
2024-08-02 13:34:52.290 61539 INFO tempest.lib.common.rest_client [req-aba04108-8a1a-493d-8640-ed16d2325b0f req-aba04108-8a1a-493d-8640-ed16d2325b0f ] Request (MultipleCreateNegativeTestJSON:test_max_count_less_than_one): 400 POST http://10.180.1.21/compute/v2.1/servers 0.007s
2024-08-02 13:34:52.296 61563 INFO tempest.lib.common.rest_client [req-1080c58c-c163-4ff1-acb6-b7ad7844fc4c req-1080c58c-c163-4ff1-acb6-b7ad7844fc4c ] Request (ServersAdmin275Test:tearDownClass): 200 GET http://10.180.1.21/compute/v2.1/servers/4d75a1ec-6c11-4cdd-ba0e-aa6d3add80f2 0.060s
2024-08-02 13:34:52.312 61539 INFO tempest.lib.common.rest_client [req-3df18c84-b51b-4659-9aca-1bc21d2613ba req-3df18c84-b51b-4659-9aca-1bc21d2613ba ] Request (MultipleCreateNegativeTestJSON:test_max_count_non_integer): 201 POST http://10.180.1.21/identity/v3/auth/tokens 0.018s
2024-08-02 13:34:52.313 61539 INFO tempest.lib.common.fixed_network [-] (MultipleCreateNegativeTestJSON:test_max_count_non_integer) Found network None available for tenant
2024-08-02 13:34:52.320 61539 INFO tempest.lib.common.rest_client [req-c4c4fda2-ecf5-4624-a461-6ed97f044257 req-c4c4fda2-ecf5-4624-a461-6ed97f044257 ] Request (MultipleCreateNegativeTestJSON:test_max_count_non_integer): 400 POST http://10.180.1.21/compute/v2.1/servers 0.006s
2024-08-02 13:34:52.341 61539 INFO tempest.lib.common.rest_client [req-efcb8e62-35ff-4efd-bd66-babe1f50cb46 req-efcb8e62-35ff-4efd-bd66-babe1f50cb46 ] Request (MultipleCreateNegativeTestJSON:test_min_count_less_than_one): 201 POST http://10.180.1.21/identity/v3/auth/tokens 0.018s
2024-08-02 13:34:52.341 61539 INFO tempest.lib.common.fixed_network [-] (MultipleCreateNegativeTestJSON:test_min_count_less_than_one) Found network None available for tenant
2024-08-02 13:34:52.349 61539 INFO tempest.lib.common.rest_client [req-b08aab97-a990-43a1-9eb7-6d7edcac58b4 req-b08aab97-a990-43a1-9eb7-6d7edcac58b4 ] Request (MultipleCreateNegativeTestJSON:test_min_count_less_than_one): 400 POST http://10.180.1.21/compute/v2.1/servers 0.007s
2024-08-02 13:34:52.350 61589 INFO tempest.lib.common.rest_client [req-c99b3a13-929c-43d6-8ae6-e441fde5b82a req-c99b3a13-929c-43d6-8ae6-e441fde5b82a ] Request (ImagesTestJSON:test_create_image_from_stopped_server): 200 GET http://10.180.1.21/compute/v2.1/servers/1d84bcbd-9b55-4d6f-b6c7-24391c8600a7 0.048s
2024-08-02 13:34:52.375 61539 INFO tempest.lib.common.rest_client [req-dc41da5d-9156-4a98-a404-bd6df66fa227 req-dc41da5d-9156-4a98-a404-bd6df66fa227 ] Request (MultipleCreateNegativeTestJSON:test_min_count_non_integer): 201 POST http://10.180.1.21/identity/v3/auth/tokens 0.022s
2024-08-02 13:34:52.376 61539 INFO tempest.lib.common.fixed_network [-] (MultipleCreateNegativeTestJSON:test_min_count_non_integer) Found network None available for tenant
2024-08-02 13:34:52.383 61539 INFO tempest.lib.common.rest_client [req-155ce71b-df76-41e0-8f63-07cf31247ff0 req-155ce71b-df76-41e0-8f63-07cf31247ff0 ] Request (MultipleCreateNegativeTestJSON:test_min_count_non_integer): 400 POST http://10.180.1.21/compute/v2.1/servers 0.007s
2024-08-02 13:34:52.428 61579 INFO tempest.lib.common.rest_client [req-5643dc55-d754-4354-b204-fa3286500085 req-5643dc55-d754-4354-b204-fa3286500085 ] Request (DeleteServersTestJSON:test_delete_server_while_in_attached_volume): 200 GET http://10.180.1.21/compute/v2.1/servers/017b1da4-7c9b-477d-92a3-29b2248317d3 0.050s
2024-08-02 13:34:52.451 61533 INFO tempest.lib.common.rest_client [req-4013e151-9cc0-4eb1-af8c-9743e08e24fa req-4013e151-9cc0-4eb1-af8c-9743e08e24fa ] Request (ServersWithSpecificFlavorTestJSON:test_verify_created_server_ephemeral_disk): 200 GET http://10.180.1.21/compute/v2.1/servers/36c3ac75-5bfd-4a89-9ddb-28fded8da39c 0.050s
2024-08-02 13:34:52.465 61539 INFO tempest.lib.common.rest_client [req-43d0c7c9-45eb-4092-9168-5204f77b146e req-43d0c7c9-45eb-4092-9168-5204f77b146e ] Request (MultipleCreateNegativeTestJSON:tearDownClass): 204 DELETE http://10.180.1.21/identity/v3/users/5851e2ba364843798d16e1e7960d1e47 0.079s
2024-08-02 13:34:52.465 61539 INFO tempest.lib.common.dynamic_creds [-] Deleting project and security group for project: b095fd58915b41afa1421ef07282d35d
2024-08-02 13:34:52.476 61581 INFO tempest.lib.common.rest_client [req-b7c0a3e8-98a3-411a-b908-593a41d4d359 req-b7c0a3e8-98a3-411a-b908-593a41d4d359 ] Request (SecurityGroupsTestJSON:test_list_security_groups_by_server): 200 GET http://10.180.1.21/compute/v2.1/servers/8f37dfb3-c4d2-4c41-91eb-e3c7ca640050 0.063s
2024-08-02 13:34:52.503 61555 INFO tempest.lib.common.rest_client [req-e7be2147-e39d-48d1-8ba1-14630f776a92 req-e7be2147-e39d-48d1-8ba1-14630f776a92 ] Request (InstanceActionsNegativeTestJSON:setUpClass): 200 GET http://10.180.1.21/compute/v2.1/servers/782dc85a-56f4-4f03-8711-b78bbadb33ce 0.053s
2024-08-02 13:34:52.522 61539 INFO tempest.lib.common.rest_client [req-430d6db0-a840-4350-839f-39a01e6b24eb req-430d6db0-a840-4350-839f-39a01e6b24eb ] Request (MultipleCreateNegativeTestJSON:tearDownClass): 201 POST http://10.180.1.21/identity/v3/auth/tokens 0.056s
2024-08-02 13:34:52.526 61585 INFO tempest.lib.common.rest_client [req-f8040ef3-a7ba-483c-ad0c-d98a6fd80423 req-f8040ef3-a7ba-483c-ad0c-d98a6fd80423 ] Request (ServersAaction247Test:test_create_backup): 200 GET http://10.180.1.21/compute/v2.1/servers/109fc11e-d640-4617-99a3-0defe0a5aa6c 0.052s
2024-08-02 13:34:52.553 61553 INFO tempest.lib.common.rest_client [req-6ce4f9ed-e2f2-4970-8791-0ca01d2f80cf req-6ce4f9ed-e2f2-4970-8791-0ca01d2f80cf ] Request (ServerDiagnosticsTest:test_get_server_diagnostics): 200 GET http://10.180.1.21/compute/v2.1/servers/7d1f7566-8e5e-476c-9d19-49ed7b16c308 0.054s
2024-08-02 13:34:52.571 61574 INFO tempest.lib.common.rest_client [req-5b2a1651-3e71-4c9d-a804-2ec56bec0fe4 req-5b2a1651-3e71-4c9d-a804-2ec56bec0fe4 ] Request (TenantUsagesTestJSON:setUpClass): 200 GET http://10.180.1.21/compute/v2.1/servers/b41c6d21-5e7f-427f-95ce-830fe0da8bc6 0.052s
2024-08-02 13:34:52.617 61537 INFO tempest.lib.common.rest_client [req-073f88de-32d4-4fa1-aa0e-8bc944dc69f8 req-073f88de-32d4-4fa1-aa0e-8bc944dc69f8 ] Request (VolumesAssistedSnapshotsTest:test_volume_assisted_snapshot_create_delete): 200 GET http://10.180.1.21/compute/v2.1/servers/1d64d913-45f0-4768-8375-7863d9ae43c3 0.071s
2024-08-02 13:34:52.657 61594 INFO tempest.lib.common.rest_client [req-21b03986-9c24-425f-8639-67f718188508 req-21b03986-9c24-425f-8639-67f718188508 ] Request (ServerTagsTestJSON:setUpClass): 200 GET http://10.180.1.21/compute/v2.1/servers/32b57d1b-d35f-488e-be23-9119f2f56562 0.065s
2024-08-02 13:34:52.680 61558 INFO tempest.lib.common.rest_client [req-633614cc-95ac-451b-a137-79aaf83aff52 req-633614cc-95ac-451b-a137-79aaf83aff52 ] Request (ServerActionsTestOtherA:setUpClass): 200 GET http://10.180.1.21/compute/v2.1/servers/3f1f549f-8034-4685-b6f0-db5a7a2a4a32 0.078s
2024-08-02 13:34:52.721 61565 INFO tempest.lib.common.rest_client [req-63d6a202-6543-4c64-af48-8dec0e3c57a2 req-63d6a202-6543-4c64-af48-8dec0e3c57a2 ] Request (ServerAddressesTestJSON:setUpClass): 200 GET http://10.180.1.21/compute/v2.1/servers/e2560c8e-61c6-4343-82cb-47dc5b1997fb 0.055s
2024-08-02 13:34:52.744 61539 INFO tempest.lib.common.rest_client [req-5d629c63-eac4-4d21-bf89-2cf0071f0094 req-5d629c63-eac4-4d21-bf89-2cf0071f0094 ] Request (MultipleCreateNegativeTestJSON:tearDownClass): 200 GET http://10.180.1.21:9696/networking/v2.0/security-groups?tenant_id=b095fd58915b41afa1421ef07282d35d&name=default 0.223s
2024-08-02 13:34:52.753 61591 INFO tempest.lib.common.rest_client [req-869c7497-34df-45e2-8611-94411ca68599 req-869c7497-34df-45e2-8611-94411ca68599 ] Request (AttachInterfacesV270Test:test_create_get_list_interfaces): 200 GET http://10.180.1.21/compute/v2.1/servers/f0c26eb3-e6d6-4d9f-9f07-5add9de6d126 0.070s
2024-08-02 13:34:52.753 61567 INFO tempest.lib.common.rest_client [req-d9c8385b-5754-4e10-ae3c-6de814786646 req-d9c8385b-5754-4e10-ae3c-6de814786646 ] Request (ServersTestBootFromVolume:setUpClass): 200 GET http://10.180.1.21/volume/v3/233511ca341849e3a8d33ee8152f429a/volumes/4602f78a-d619-4e07-8958-2029cb61c217 0.030s
2024-08-02 13:34:52.832 61543 INFO tempest.lib.common.rest_client [req-dd4da206-f994-4a66-9ffd-4e7c951dd2a0 req-dd4da206-f994-4a66-9ffd-4e7c951dd2a0 ] Request (ServerDiagnosticsV248Test:tearDownClass): 200 GET http://10.180.1.21/compute/v2.1/servers/62c3b24d-bee7-4dd2-a6c7-9303c7c28cca 0.076s
2024-08-02 13:34:52.838 61545 INFO tempest.lib.common.rest_client [req-386b1b1f-0f61-46fb-832b-6fb1111cef6e req-386b1b1f-0f61-46fb-832b-6fb1111cef6e ] Request (ServerActionsTestJSON:setUpClass): 200 GET http://10.180.1.21/compute/v2.1/servers/5ea287cd-ba85-446d-85d0-5a050fe49f17 0.074s
2024-08-02 13:34:52.890 61578 INFO tempest.lib.common.rest_client [req-322be2bc-529b-4305-9f6d-5b44817bf655 req-322be2bc-529b-4305-9f6d-5b44817bf655 ] Request (ServerRescueNegativeTestJSON:setUpClass): 200 GET http://10.180.1.21/compute/v2.1/servers/7f8b08d4-3535-48ab-ba3f-a159511e2a64 0.091s
2024-08-02 13:34:52.897 61539 INFO tempest.lib.common.rest_client [req-dd8584ca-f922-41e4-bba6-6c078596525b req-dd8584ca-f922-41e4-bba6-6c078596525b ] Request (MultipleCreateNegativeTestJSON:tearDownClass): 204 DELETE http://10.180.1.21:9696/networking/v2.0/security-groups/8a8dec8a-9b36-4af0-84b4-e82a4448608b 0.152s
2024-08-02 13:34:52.897 61578 INFO tempest.common.waiters [-] State transition "BUILD/None" ==> "BUILD/networking" after 46 second wait
2024-08-02 13:34:52.899 61547 INFO tempest.lib.common.rest_client [req-b50fc39b-f97d-40e1-959e-49beb22c203f req-b50fc39b-f97d-40e1-959e-49beb22c203f ] Request (FloatingIPsAssociationTestJSON:setUpClass): 200 GET http://10.180.1.21/compute/v2.1/servers/12c47e99-faf4-4083-a46f-4e33c451e980 0.083s
2024-08-02 13:34:52.949 61541 INFO tempest.lib.common.rest_client [req-0014fee3-158d-4398-83f2-d9cc7f7771c4 req-0014fee3-158d-4398-83f2-d9cc7f7771c4 ] Request (ServersAdminNegativeTestJSON:setUpClass): 200 GET http://10.180.1.21/compute/v2.1/servers/1336becb-9691-490c-86ea-3bc70d13d7df 0.077s
2024-08-02 13:34:52.951 61569 INFO tempest.lib.common.rest_client [req-5dcad8dd-699d-4088-b8ef-7dc20d14928f req-5dcad8dd-699d-4088-b8ef-7dc20d14928f ] Request (ServersNegativeTestJSON:setUpClass): 200 GET http://10.180.1.21/compute/v2.1/servers/297a5546-6159-462c-a436-032d94855c00 0.095s
2024-08-02 13:34:52.976 61539 INFO tempest.lib.common.rest_client [req-0be2db77-4f32-4375-b3da-f2477c7c3547 req-0be2db77-4f32-4375-b3da-f2477c7c3547 ] Request (MultipleCreateNegativeTestJSON:tearDownClass): 204 DELETE http://10.180.1.21/identity/v3/projects/b095fd58915b41afa1421ef07282d35d 0.079s
2024-08-02 13:34:52.996 61551 INFO tempest.lib.common.rest_client [req-652728e4-0b06-492c-91f8-f25cc5fdafb8 req-652728e4-0b06-492c-91f8-f25cc5fdafb8 ] Request (MigrationsAdminTest:test_resize_server_revert_deleted_flavor): 200 GET http://10.180.1.21/compute/v2.1/servers/2b87dfbe-2b94-4787-a795-94f8b63f651c 0.060s
2024-08-02 13:34:53.006 61583 INFO tempest.lib.common.rest_client [req-deb0ecf1-b98e-468e-a9c9-13b246caeae1 req-deb0ecf1-b98e-468e-a9c9-13b246caeae1 ] Request (ServerMetadataNegativeTestJSON:setUpClass): 200 GET http://10.180.1.21/compute/v2.1/servers/1804f229-97b9-4ee3-933d-715431a900f8 0.097s
2024-08-02 13:34:53.030 61539 INFO tempest.lib.common.rest_client [req-d4f0c328-40ae-49f9-b9f8-6282eaa96975 req-d4f0c328-40ae-49f9-b9f8-6282eaa96975 ] Request (ServerGroupTestJSON:setUpClass): 201 POST http://10.180.1.21/identity/v3/auth/tokens 0.052s
2024-08-02 13:34:53.046 61535 INFO tempest.lib.common.rest_client [req-612000ea-1242-40a4-8e7e-cbb8198b4031 req-612000ea-1242-40a4-8e7e-cbb8198b4031 ] Request (ServersTestManualDisk:setUpClass): 200 GET http://10.180.1.21/compute/v2.1/servers/30ed4438-4f74-4bc3-a6cc-a59420751940 0.088s
2024-08-02 13:34:53.054 61539 INFO tempest.lib.common.rest_client [req-9669a57c-8d67-42fa-8ca9-09a0ef01eb3e req-9669a57c-8d67-42fa-8ca9-09a0ef01eb3e ] Request (ServerGroupTestJSON:setUpClass): 201 POST http://10.180.1.21/identity/v3/auth/tokens 0.022s
2024-08-02 13:34:53.073 61539 INFO tempest.lib.common.rest_client [req-6f399632-e437-4e05-b975-496ae38e4462 req-6f399632-e437-4e05-b975-496ae38e4462 ] Request (ServerGroupTestJSON:setUpClass): 200 GET http://10.180.1.21/identity/v3/domains?name=Default 0.018s
2024-08-02 13:34:53.094 61559 INFO tempest.lib.common.rest_client [req-55198e06-9f11-4f8f-b384-6490dd25ddbd req-55198e06-9f11-4f8f-b384-6490dd25ddbd ] Request (ServerActionsTestOtherB:setUpClass): 200 GET http://10.180.1.21/compute/v2.1/servers/767d7956-954b-4be7-8cc6-45872ff4cfce 0.048s
2024-08-02 13:34:53.099 61539 INFO tempest.lib.common.rest_client [req-52b279ac-129c-4b5b-961e-74dcb100d3a3 req-52b279ac-129c-4b5b-961e-74dcb100d3a3 ] Request (ServerGroupTestJSON:setUpClass): 201 POST http://10.180.1.21/identity/v3/projects 0.026s
2024-08-02 13:34:53.158 61539 INFO tempest.lib.common.rest_client [req-382a9d30-47b3-4377-bebc-6a248fd439cb req-382a9d30-47b3-4377-bebc-6a248fd439cb ] Request (ServerGroupTestJSON:setUpClass): 201 POST http://10.180.1.21/identity/v3/users 0.058s
2024-08-02 13:34:53.171 61572 INFO tempest.lib.common.rest_client [req-528e1bea-ed93-4b79-9043-f1428d3f00e0 req-528e1bea-ed93-4b79-9043-f1428d3f00e0 ] Request (ServersTestJSON:setUpClass): 200 GET http://10.180.1.21/compute/v2.1/servers/13c1d417-4087-46ad-b513-fc3317995d18 0.060s
2024-08-02 13:34:53.183 61539 INFO tempest.lib.common.rest_client [req-12033b66-8e38-41df-9a18-1668d546edf9 req-12033b66-8e38-41df-9a18-1668d546edf9 ] Request (ServerGroupTestJSON:setUpClass): 200 GET http://10.180.1.21/identity/v3/roles 0.024s
2024-08-02 13:34:53.203 61561 INFO tempest.lib.common.rest_client [req-1dfbb7e9-0a7e-42a3-a92c-eb1de7cd8aea req-1dfbb7e9-0a7e-42a3-a92c-eb1de7cd8aea ] Request (ServerActionsV293TestJSON:setUpClass): 200 GET http://10.180.1.21/volume/v3/039a458fcf5642eaae5d4353f569d660/volumes/770432a3-4ca1-4717-9890-c964bd2d2419 0.027s
2024-08-02 13:34:53.216 61539 INFO tempest.lib.common.rest_client [req-84f9eab7-f08f-42b0-9893-4db769905e99 req-84f9eab7-f08f-42b0-9893-4db769905e99 ] Request (ServerGroupTestJSON:setUpClass): 204 PUT http://10.180.1.21/identity/v3/projects/683850b1cecd48ad9939566a9745c1aa/users/c29f650cbd91401d995341c03f795e88/roles/9b25f2d1840d44f38e447db6ad316e74 0.032s
2024-08-02 13:34:53.216 61539 INFO tempest.lib.common.dynamic_creds [-] Dynamic test user c29f650cbd91401d995341c03f795e88 is created with scope project and roles: ['member']
2024-08-02 13:34:53.216 61539 INFO tempest.lib.common.dynamic_creds [-] Acquired dynamic creds: credentials: Credentials: {'domain_id': 'default', 'domain_name': 'Default', 'username': 'tempest-ServerGroupTestJSON-900251174-project-member', 'project_domain_id': 'default', 'project_domain_name': 'Default', 'project_id': '683850b1cecd48ad9939566a9745c1aa', 'project_name': 'tempest-ServerGroupTestJSON-900251174', 'tenant_id': '683850b1cecd48ad9939566a9745c1aa', 'tenant_name': 'tempest-ServerGroupTestJSON-900251174', 'user_domain_id': 'default', 'user_domain_name': 'Default', 'user_id': 'c29f650cbd91401d995341c03f795e88', 'system': None}, Network: None, Subnet: None, Router: None
2024-08-02 13:34:53.273 61597 INFO tempest.lib.common.rest_client [req-3f8ef12f-fd3d-43ef-8fcf-b8aa347ab6c2 req-3f8ef12f-fd3d-43ef-8fcf-b8aa347ab6c2 ] Request (DeleteServersAdminTestJSON:test_delete_server_while_in_error_state): 200 GET http://10.180.1.21/compute/v2.1/servers/d4d3db12-8de6-4daf-a087-89bb043d1217 0.057s
2024-08-02 13:34:53.285 61539 INFO tempest.lib.common.rest_client [req-5dc99a85-ce21-4048-8f29-18c9b9536a87 req-5dc99a85-ce21-4048-8f29-18c9b9536a87 ] Request (ServerGroupTestJSON:setUpClass): 201 POST http://10.180.1.21/identity/v3/auth/tokens 0.068s
2024-08-02 13:34:53.380 61563 INFO tempest.lib.common.rest_client [req-2a45a6e5-78ac-49a8-b569-1c50c0a24a7a req-2a45a6e5-78ac-49a8-b569-1c50c0a24a7a ] Request (ServersAdmin275Test:tearDownClass): 200 GET http://10.180.1.21/compute/v2.1/servers/4d75a1ec-6c11-4cdd-ba0e-aa6d3add80f2 0.075s
2024-08-02 13:34:53.412 61589 INFO tempest.lib.common.rest_client [req-9701bd94-ebee-4798-83a2-ec7821882c76 req-9701bd94-ebee-4798-83a2-ec7821882c76 ] Request (ImagesTestJSON:test_create_image_from_stopped_server): 200 GET http://10.180.1.21/compute/v2.1/servers/1d84bcbd-9b55-4d6f-b6c7-24391c8600a7 0.055s
2024-08-02 13:34:53.499 61579 INFO tempest.lib.common.rest_client [req-a68ac6bf-3aa4-48e9-a9b9-787bc01034a4 req-a68ac6bf-3aa4-48e9-a9b9-787bc01034a4 ] Request (DeleteServersTestJSON:test_delete_server_while_in_attached_volume): 200 GET http://10.180.1.21/compute/v2.1/servers/017b1da4-7c9b-477d-92a3-29b2248317d3 0.063s
2024-08-02 13:34:53.524 61533 INFO tempest.lib.common.rest_client [req-87a85926-6a68-427c-a55b-c91fee7d1ec1 req-87a85926-6a68-427c-a55b-c91fee7d1ec1 ] Request (ServersWithSpecificFlavorTestJSON:test_verify_created_server_ephemeral_disk): 200 GET http://10.180.1.21/compute/v2.1/servers/36c3ac75-5bfd-4a89-9ddb-28fded8da39c 0.064s
2024-08-02 13:34:53.559 61581 INFO tempest.lib.common.rest_client [req-dc7694d7-140a-4976-9c45-2c0f581ba23d req-dc7694d7-140a-4976-9c45-2c0f581ba23d ] Request (SecurityGroupsTestJSON:test_list_security_groups_by_server): 200 GET http://10.180.1.21/compute/v2.1/servers/8f37dfb3-c4d2-4c41-91eb-e3c7ca640050 0.076s
2024-08-02 13:34:53.594 61555 INFO tempest.lib.common.rest_client [req-81e1f0d6-cc34-4c2d-91b8-5b3b0bbfb018 req-81e1f0d6-cc34-4c2d-91b8-5b3b0bbfb018 ] Request (InstanceActionsNegativeTestJSON:setUpClass): 200 GET http://10.180.1.21/compute/v2.1/servers/782dc85a-56f4-4f03-8711-b78bbadb33ce 0.084s
2024-08-02 13:34:53.594 61539 INFO tempest.lib.common.rest_client [req-97752450-d3ec-4291-8112-37a7db91a407 req-97752450-d3ec-4291-8112-37a7db91a407 ] Request (ServerGroupTestJSON:setUpClass): 201 POST http://10.180.1.21:9696/networking/v2.0/networks 0.309s
2024-08-02 13:34:53.624 61585 INFO tempest.lib.common.rest_client [req-e8003451-b7b8-4b69-8033-8d296306c1aa req-e8003451-b7b8-4b69-8033-8d296306c1aa ] Request (ServersAaction247Test:test_create_backup): 200 GET http://10.180.1.21/compute/v2.1/servers/109fc11e-d640-4617-99a3-0defe0a5aa6c 0.088s
2024-08-02 13:34:53.661 61553 INFO tempest.lib.common.rest_client [req-ad935773-415f-4f82-bd9a-f8f453d60bf7 req-ad935773-415f-4f82-bd9a-f8f453d60bf7 ] Request (ServerDiagnosticsTest:test_get_server_diagnostics): 200 GET http://10.180.1.21/compute/v2.1/servers/7d1f7566-8e5e-476c-9d19-49ed7b16c308 0.101s
2024-08-02 13:34:53.669 61574 INFO tempest.lib.common.rest_client [req-a71d3beb-5403-41e8-9b02-1be59bc50234 req-a71d3beb-5403-41e8-9b02-1be59bc50234 ] Request (TenantUsagesTestJSON:setUpClass): 200 GET http://10.180.1.21/compute/v2.1/servers/b41c6d21-5e7f-427f-95ce-830fe0da8bc6 0.090s
2024-08-02 13:34:53.730 61594 INFO tempest.lib.common.rest_client [req-1a722468-0e67-4967-bacc-91b25ceb1f97 req-1a722468-0e67-4967-bacc-91b25ceb1f97 ] Request (ServerTagsTestJSON:setUpClass): 200 GET http://10.180.1.21/compute/v2.1/servers/32b57d1b-d35f-488e-be23-9119f2f56562 0.065s
2024-08-02 13:34:53.756 61537 INFO tempest.lib.common.rest_client [req-a012314f-888a-4337-b2e2-f5c164f51df6 req-a012314f-888a-4337-b2e2-f5c164f51df6 ] Request (VolumesAssistedSnapshotsTest:test_volume_assisted_snapshot_create_delete): 200 GET http://10.180.1.21/compute/v2.1/servers/1d64d913-45f0-4768-8375-7863d9ae43c3 0.132s
2024-08-02 13:34:53.792 61567 INFO tempest.lib.common.rest_client [req-867d26c2-dc23-4663-bdee-fc759c3e591c req-867d26c2-dc23-4663-bdee-fc759c3e591c ] Request (ServersTestBootFromVolume:setUpClass): 200 GET http://10.180.1.21/volume/v3/233511ca341849e3a8d33ee8152f429a/volumes/4602f78a-d619-4e07-8958-2029cb61c217 0.032s
2024-08-02 13:34:53.811 61558 INFO tempest.lib.common.rest_client [req-44228aca-25c2-466e-a332-e222f07ffe21 req-44228aca-25c2-466e-a332-e222f07ffe21 ] Request (ServerActionsTestOtherA:setUpClass): 200 GET http://10.180.1.21/compute/v2.1/servers/3f1f549f-8034-4685-b6f0-db5a7a2a4a32 0.124s
2024-08-02 13:34:53.819 61565 INFO tempest.lib.common.rest_client [req-2ba12a16-a270-4077-b38b-6cf189f8edc6 req-2ba12a16-a270-4077-b38b-6cf189f8edc6 ] Request (ServerAddressesTestJSON:setUpClass): 200 GET http://10.180.1.21/compute/v2.1/servers/e2560c8e-61c6-4343-82cb-47dc5b1997fb 0.091s
2024-08-02 13:34:53.859 61539 INFO tempest.lib.common.rest_client [req-ab094615-9771-4faa-984c-3a75109e417a req-ab094615-9771-4faa-984c-3a75109e417a ] Request (ServerGroupTestJSON:setUpClass): 201 POST http://10.180.1.21:9696/networking/v2.0/subnets 0.264s
2024-08-02 13:34:53.863 61591 INFO tempest.lib.common.rest_client [req-62958e33-d1f9-4986-980a-09830bf80c56 req-62958e33-d1f9-4986-980a-09830bf80c56 ] Request (AttachInterfacesV270Test:test_create_get_list_interfaces): 200 GET http://10.180.1.21/compute/v2.1/servers/f0c26eb3-e6d6-4d9f-9f07-5add9de6d126 0.101s
2024-08-02 13:34:53.925 61545 INFO tempest.lib.common.rest_client [req-72f651eb-1181-41c7-876e-69fe8d0f8f79 req-72f651eb-1181-41c7-876e-69fe8d0f8f79 ] Request (ServerActionsTestJSON:setUpClass): 200 GET http://10.180.1.21/compute/v2.1/servers/5ea287cd-ba85-446d-85d0-5a050fe49f17 0.081s
2024-08-02 13:34:53.931 61543 INFO tempest.lib.common.rest_client [req-c9790d1e-5729-4516-99cd-1e697f6c8ef6 req-c9790d1e-5729-4516-99cd-1e697f6c8ef6 ] Request (ServerDiagnosticsV248Test:tearDownClass): 200 GET http://10.180.1.21/compute/v2.1/servers/62c3b24d-bee7-4dd2-a6c7-9303c7c28cca 0.091s
2024-08-02 13:34:54.000 61547 INFO tempest.lib.common.rest_client [req-dc2ebde0-e5d7-4112-8b21-8a96dd02de3b req-dc2ebde0-e5d7-4112-8b21-8a96dd02de3b ] Request (FloatingIPsAssociationTestJSON:setUpClass): 200 GET http://10.180.1.21/compute/v2.1/servers/12c47e99-faf4-4083-a46f-4e33c451e980 0.095s
2024-08-02 13:34:54.061 61541 INFO tempest.lib.common.rest_client [req-299eef36-7e64-4f61-8101-ed74c1c321c8 req-299eef36-7e64-4f61-8101-ed74c1c321c8 ] Request (ServersAdminNegativeTestJSON:setUpClass): 200 GET http://10.180.1.21/compute/v2.1/servers/1336becb-9691-490c-86ea-3bc70d13d7df 0.105s
2024-08-02 13:34:54.117 61569 INFO tempest.lib.common.rest_client [req-017094a0-a437-4398-a8ac-f31e6c49366f req-017094a0-a437-4398-a8ac-f31e6c49366f ] Request (ServersNegativeTestJSON:setUpClass): 200 GET http://10.180.1.21/compute/v2.1/servers/297a5546-6159-462c-a436-032d94855c00 0.159s
2024-08-02 13:34:54.176 61551 INFO tempest.lib.common.rest_client [req-936feec7-aec1-48e8-a2af-b717650db98c req-936feec7-aec1-48e8-a2af-b717650db98c ] Request (MigrationsAdminTest:test_resize_server_revert_deleted_flavor): 200 GET http://10.180.1.21/compute/v2.1/servers/2b87dfbe-2b94-4787-a795-94f8b63f651c 0.172s
2024-08-02 13:34:54.185 61578 INFO tempest.lib.common.rest_client [req-590930c2-99f2-4d8e-a2a0-dc85365951dc req-590930c2-99f2-4d8e-a2a0-dc85365951dc ] Request (ServerRescueNegativeTestJSON:setUpClass): 200 GET http://10.180.1.21/compute/v2.1/servers/7f8b08d4-3535-48ab-ba3f-a159511e2a64 0.287s
2024-08-02 13:34:54.202 61578 INFO tempest.common.waiters [-] State transition "BUILD/networking" ==> "BUILD/spawning" after 48 second wait
2024-08-02 13:34:54.232 61535 INFO tempest.lib.common.rest_client [req-4c5587c5-5d11-4d3d-862c-a381b85f5abb req-4c5587c5-5d11-4d3d-862c-a381b85f5abb ] Request (ServersTestManualDisk:setUpClass): 200 GET http://10.180.1.21/compute/v2.1/servers/30ed4438-4f74-4bc3-a6cc-a59420751940 0.178s
2024-08-02 13:34:54.237 61561 INFO tempest.lib.common.rest_client [req-7936b8ff-44b2-4dfe-bce5-492e279d18f1 req-7936b8ff-44b2-4dfe-bce5-492e279d18f1 ] Request (ServerActionsV293TestJSON:setUpClass): 200 GET http://10.180.1.21/volume/v3/039a458fcf5642eaae5d4353f569d660/volumes/770432a3-4ca1-4717-9890-c964bd2d2419 0.027s
2024-08-02 13:34:54.273 61583 INFO tempest.lib.common.rest_client [req-acc4b08a-8daa-4756-bc98-0b2e20a51457 req-acc4b08a-8daa-4756-bc98-0b2e20a51457 ] Request (ServerMetadataNegativeTestJSON:setUpClass): 200 GET http://10.180.1.21/compute/v2.1/servers/1804f229-97b9-4ee3-933d-715431a900f8 0.258s
2024-08-02 13:34:54.282 61559 INFO tempest.lib.common.rest_client [req-dc7b2496-a4ff-42ed-b295-261f7526b3aa req-dc7b2496-a4ff-42ed-b295-261f7526b3aa ] Request (ServerActionsTestOtherB:setUpClass): 200 GET http://10.180.1.21/compute/v2.1/servers/767d7956-954b-4be7-8cc6-45872ff4cfce 0.180s
2024-08-02 13:34:54.340 61597 INFO tempest.lib.common.rest_client [req-63e4c1f1-bb64-4931-9db8-9f33f8a1a7a4 req-63e4c1f1-bb64-4931-9db8-9f33f8a1a7a4 ] Request (DeleteServersAdminTestJSON:test_delete_server_while_in_error_state): 200 GET http://10.180.1.21/compute/v2.1/servers/d4d3db12-8de6-4daf-a087-89bb043d1217 0.061s
2024-08-02 13:34:54.343 61572 INFO tempest.lib.common.rest_client [req-ac6feb06-d104-460f-b858-3a6af9ac1936 req-ac6feb06-d104-460f-b858-3a6af9ac1936 ] Request (ServersTestJSON:setUpClass): 200 GET http://10.180.1.21/compute/v2.1/servers/13c1d417-4087-46ad-b513-fc3317995d18 0.165s
2024-08-02 13:34:54.452 61563 INFO tempest.lib.common.rest_client [req-e5f2952c-4b7a-4f4e-803f-44ae97b0a5b1 req-e5f2952c-4b7a-4f4e-803f-44ae97b0a5b1 ] Request (ServersAdmin275Test:tearDownClass): 200 GET http://10.180.1.21/compute/v2.1/servers/4d75a1ec-6c11-4cdd-ba0e-aa6d3add80f2 0.062s
2024-08-02 13:34:54.473 61589 INFO tempest.lib.common.rest_client [req-f4ef4020-9c82-4934-9b4b-c07cd9203cc8 req-f4ef4020-9c82-4934-9b4b-c07cd9203cc8 ] Request (ImagesTestJSON:test_create_image_from_stopped_server): 200 GET http://10.180.1.21/compute/v2.1/servers/1d84bcbd-9b55-4d6f-b6c7-24391c8600a7 0.054s
2024-08-02 13:34:54.568 61579 INFO tempest.lib.common.rest_client [req-da95314c-6885-4e81-bb03-561979e958eb req-da95314c-6885-4e81-bb03-561979e958eb ] Request (DeleteServersTestJSON:test_delete_server_while_in_attached_volume): 200 GET http://10.180.1.21/compute/v2.1/servers/017b1da4-7c9b-477d-92a3-29b2248317d3 0.062s
2024-08-02 13:34:54.589 61533 INFO tempest.lib.common.rest_client [req-bfe57ecb-c112-4881-ba71-77db7603a7cf req-bfe57ecb-c112-4881-ba71-77db7603a7cf ] Request (ServersWithSpecificFlavorTestJSON:test_verify_created_server_ephemeral_disk): 200 GET http://10.180.1.21/compute/v2.1/servers/36c3ac75-5bfd-4a89-9ddb-28fded8da39c 0.058s
2024-08-02 13:34:54.619 61581 INFO tempest.lib.common.rest_client [req-16d5a6e4-c660-4958-8370-731085b6e3a7 req-16d5a6e4-c660-4958-8370-731085b6e3a7 ] Request (SecurityGroupsTestJSON:test_list_security_groups_by_server): 200 GET http://10.180.1.21/compute/v2.1/servers/8f37dfb3-c4d2-4c41-91eb-e3c7ca640050 0.054s
2024-08-02 13:34:54.656 61555 INFO tempest.lib.common.rest_client [req-15c5bbab-e1b2-40b8-b273-c85a7c8d4373 req-15c5bbab-e1b2-40b8-b273-c85a7c8d4373 ] Request (InstanceActionsNegativeTestJSON:setUpClass): 200 GET http://10.180.1.21/compute/v2.1/servers/782dc85a-56f4-4f03-8711-b78bbadb33ce 0.054s
2024-08-02 13:34:54.687 61585 INFO tempest.lib.common.rest_client [req-02820783-285a-4153-b3da-e31d05de0a70 req-02820783-285a-4153-b3da-e31d05de0a70 ] Request (ServersAaction247Test:test_create_backup): 200 GET http://10.180.1.21/compute/v2.1/servers/109fc11e-d640-4617-99a3-0defe0a5aa6c 0.054s
2024-08-02 13:34:54.746 61553 INFO tempest.lib.common.rest_client [req-07eb2840-71c1-4160-b0d6-1729c17d3a99 req-07eb2840-71c1-4160-b0d6-1729c17d3a99 ] Request (ServerDiagnosticsTest:test_get_server_diagnostics): 200 GET http://10.180.1.21/compute/v2.1/servers/7d1f7566-8e5e-476c-9d19-49ed7b16c308 0.077s
2024-08-02 13:34:54.751 61574 INFO tempest.lib.common.rest_client [req-1ed96c38-3b22-4fad-b061-96f0e8a28a78 req-1ed96c38-3b22-4fad-b061-96f0e8a28a78 ] Request (TenantUsagesTestJSON:setUpClass): 200 GET http://10.180.1.21/compute/v2.1/servers/b41c6d21-5e7f-427f-95ce-830fe0da8bc6 0.076s
2024-08-02 13:34:54.770 61539 INFO tempest.lib.common.rest_client [req-ea0ec2b1-0aa5-4ac0-8bdb-59f0e5149915 req-ea0ec2b1-0aa5-4ac0-8bdb-59f0e5149915 ] Request (ServerGroupTestJSON:setUpClass): 201 POST http://10.180.1.21:9696/networking/v2.0/routers 0.910s
2024-08-02 13:34:54.824 61567 INFO tempest.lib.common.rest_client [req-c88bb928-160e-4ae1-9dfc-466e829a44e8 req-c88bb928-160e-4ae1-9dfc-466e829a44e8 ] Request (ServersTestBootFromVolume:setUpClass): 200 GET http://10.180.1.21/volume/v3/233511ca341849e3a8d33ee8152f429a/volumes/4602f78a-d619-4e07-8958-2029cb61c217 0.025s
2024-08-02 13:34:54.842 61594 INFO tempest.lib.common.rest_client [req-0c6683eb-8b0d-4f7d-ac9c-3b334f618735 req-0c6683eb-8b0d-4f7d-ac9c-3b334f618735 ] Request (ServerTagsTestJSON:setUpClass): 200 GET http://10.180.1.21/compute/v2.1/servers/32b57d1b-d35f-488e-be23-9119f2f56562 0.103s
2024-08-02 13:34:54.856 61537 INFO tempest.lib.common.rest_client [req-5819aed8-059b-4204-b04f-1be0d9a70b13 req-5819aed8-059b-4204-b04f-1be0d9a70b13 ] Request (VolumesAssistedSnapshotsTest:test_volume_assisted_snapshot_create_delete): 200 GET http://10.180.1.21/compute/v2.1/servers/1d64d913-45f0-4768-8375-7863d9ae43c3 0.087s
2024-08-02 13:34:55.060 61565 INFO tempest.lib.common.rest_client [req-dddb3e70-7042-4ba9-8347-f0301ac4a24a req-dddb3e70-7042-4ba9-8347-f0301ac4a24a ] Request (ServerAddressesTestJSON:setUpClass): 200 GET http://10.180.1.21/compute/v2.1/servers/e2560c8e-61c6-4343-82cb-47dc5b1997fb 0.231s
2024-08-02 13:34:55.073 61558 INFO tempest.lib.common.rest_client [req-a61dc05c-9ef6-40e5-ada3-323bfb378e74 req-a61dc05c-9ef6-40e5-ada3-323bfb378e74 ] Request (ServerActionsTestOtherA:setUpClass): 200 GET http://10.180.1.21/compute/v2.1/servers/3f1f549f-8034-4685-b6f0-db5a7a2a4a32 0.245s
2024-08-02 13:34:55.128 61591 INFO tempest.lib.common.rest_client [req-3f8e5adf-0b54-44e5-b76c-fac218f502ad req-3f8e5adf-0b54-44e5-b76c-fac218f502ad ] Request (AttachInterfacesV270Test:test_create_get_list_interfaces): 200 GET http://10.180.1.21/compute/v2.1/servers/f0c26eb3-e6d6-4d9f-9f07-5add9de6d126 0.254s
2024-08-02 13:34:55.134 61545 INFO tempest.lib.common.rest_client [req-fa401615-2eed-427f-9ff4-9a1e185dd15b req-fa401615-2eed-427f-9ff4-9a1e185dd15b ] Request (ServerActionsTestJSON:setUpClass): 200 GET http://10.180.1.21/compute/v2.1/servers/5ea287cd-ba85-446d-85d0-5a050fe49f17 0.201s
2024-08-02 13:34:55.183 61547 INFO tempest.lib.common.rest_client [req-5ec0f229-dcc4-42e9-898a-ff59bad46bf3 req-5ec0f229-dcc4-42e9-898a-ff59bad46bf3 ] Request (FloatingIPsAssociationTestJSON:setUpClass): 200 GET http://10.180.1.21/compute/v2.1/servers/12c47e99-faf4-4083-a46f-4e33c451e980 0.175s
2024-08-02 13:34:55.202 61543 INFO tempest.lib.common.rest_client [req-60a1621e-6d19-4a49-92e9-4696d104d2cc req-60a1621e-6d19-4a49-92e9-4696d104d2cc ] Request (ServerDiagnosticsV248Test:tearDownClass): 200 GET http://10.180.1.21/compute/v2.1/servers/62c3b24d-bee7-4dd2-a6c7-9303c7c28cca 0.262s
2024-08-02 13:34:55.267 61561 INFO tempest.lib.common.rest_client [req-d39fd1ce-5b36-4861-a34d-24d22ed14fcf req-d39fd1ce-5b36-4861-a34d-24d22ed14fcf ] Request (ServerActionsV293TestJSON:setUpClass): 200 GET http://10.180.1.21/volume/v3/039a458fcf5642eaae5d4353f569d660/volumes/770432a3-4ca1-4717-9890-c964bd2d2419 0.023s
2024-08-02 13:34:55.349 61541 INFO tempest.lib.common.rest_client [req-949d9b38-cd74-41ee-8851-3d4109796344 req-949d9b38-cd74-41ee-8851-3d4109796344 ] Request (ServersAdminNegativeTestJSON:setUpClass): 200 GET http://10.180.1.21/compute/v2.1/servers/1336becb-9691-490c-86ea-3bc70d13d7df 0.281s
2024-08-02 13:34:55.376 61569 INFO tempest.lib.common.rest_client [req-9a6df05f-01c3-485d-809f-31b55c9345f0 req-9a6df05f-01c3-485d-809f-31b55c9345f0 ] Request (ServersNegativeTestJSON:setUpClass): 200 GET http://10.180.1.21/compute/v2.1/servers/297a5546-6159-462c-a436-032d94855c00 0.252s
2024-08-02 13:34:55.433 61551 INFO tempest.lib.common.rest_client [req-34aaf430-d480-4aef-b248-4630054ee461 req-34aaf430-d480-4aef-b248-4630054ee461 ] Request (MigrationsAdminTest:test_resize_server_revert_deleted_flavor): 200 GET http://10.180.1.21/compute/v2.1/servers/2b87dfbe-2b94-4787-a795-94f8b63f651c 0.250s
2024-08-02 13:34:55.461 61578 INFO tempest.lib.common.rest_client [req-e695ef8a-5fe4-421e-8dad-737a1e785045 req-e695ef8a-5fe4-421e-8dad-737a1e785045 ] Request (ServerRescueNegativeTestJSON:setUpClass): 200 GET http://10.180.1.21/compute/v2.1/servers/7f8b08d4-3535-48ab-ba3f-a159511e2a64 0.249s
2024-08-02 13:34:55.510 61535 INFO tempest.lib.common.rest_client [req-9be233cf-3a3d-4f63-8ec3-65a3d99db73e req-9be233cf-3a3d-4f63-8ec3-65a3d99db73e ] Request (ServersTestManualDisk:setUpClass): 200 GET http://10.180.1.21/compute/v2.1/servers/30ed4438-4f74-4bc3-a6cc-a59420751940 0.271s
2024-08-02 13:34:55.524 61583 INFO tempest.lib.common.rest_client [req-5f18d9e3-9985-45a9-bbd0-b5fb1e5663f3 req-5f18d9e3-9985-45a9-bbd0-b5fb1e5663f3 ] Request (ServerMetadataNegativeTestJSON:setUpClass): 200 GET http://10.180.1.21/compute/v2.1/servers/1804f229-97b9-4ee3-933d-715431a900f8 0.240s
2024-08-02 13:34:55.605 61597 INFO tempest.lib.common.rest_client [req-cd8a2b47-29d1-45c3-b385-ee49c38f5ff2 req-cd8a2b47-29d1-45c3-b385-ee49c38f5ff2 ] Request (DeleteServersAdminTestJSON:test_delete_server_while_in_error_state): 200 GET http://10.180.1.21/compute/v2.1/servers/d4d3db12-8de6-4daf-a087-89bb043d1217 0.258s
2024-08-02 13:34:55.606 61559 INFO tempest.lib.common.rest_client [req-53e1d90d-cc41-4aee-8f2b-748e886ac7fb req-53e1d90d-cc41-4aee-8f2b-748e886ac7fb ] Request (ServerActionsTestOtherB:setUpClass): 200 GET http://10.180.1.21/compute/v2.1/servers/767d7956-954b-4be7-8cc6-45872ff4cfce 0.311s
2024-08-02 13:34:55.703 61572 INFO tempest.lib.common.rest_client [req-d94cce83-87f5-4b0f-90d8-e37e9120245f req-d94cce83-87f5-4b0f-90d8-e37e9120245f ] Request (ServersTestJSON:setUpClass): 200 GET http://10.180.1.21/compute/v2.1/servers/13c1d417-4087-46ad-b513-fc3317995d18 0.352s
2024-08-02 13:34:55.788 61589 INFO tempest.lib.common.rest_client [req-6a050e46-267f-4510-b2c1-d3b48eba4d42 req-6a050e46-267f-4510-b2c1-d3b48eba4d42 ] Request (ImagesTestJSON:test_create_image_from_stopped_server): 200 GET http://10.180.1.21/compute/v2.1/servers/1d84bcbd-9b55-4d6f-b6c7-24391c8600a7 0.308s
2024-08-02 13:34:55.805 61563 INFO tempest.lib.common.rest_client [req-3bf1c540-c005-4e42-adbc-7cefeff60640 req-3bf1c540-c005-4e42-adbc-7cefeff60640 ] Request (ServersAdmin275Test:tearDownClass): 200 GET http://10.180.1.21/compute/v2.1/servers/4d75a1ec-6c11-4cdd-ba0e-aa6d3add80f2 0.336s
2024-08-02 13:34:55.860 61567 INFO tempest.lib.common.rest_client [req-b3d19526-4d3e-4039-bf78-c765208b296a req-b3d19526-4d3e-4039-bf78-c765208b296a ] Request (ServersTestBootFromVolume:setUpClass): 200 GET http://10.180.1.21/volume/v3/233511ca341849e3a8d33ee8152f429a/volumes/4602f78a-d619-4e07-8958-2029cb61c217 0.029s
2024-08-02 13:34:55.895 61579 INFO tempest.lib.common.rest_client [req-ae83c388-96cf-4a18-bf9d-6c9db1b56c0a req-ae83c388-96cf-4a18-bf9d-6c9db1b56c0a ] Request (DeleteServersTestJSON:test_delete_server_while_in_attached_volume): 200 GET http://10.180.1.21/compute/v2.1/servers/017b1da4-7c9b-477d-92a3-29b2248317d3 0.319s
2024-08-02 13:34:55.896 61533 INFO tempest.lib.common.rest_client [req-bbd9f904-7201-48d9-a948-e02bfecd1385 req-bbd9f904-7201-48d9-a948-e02bfecd1385 ] Request (ServersWithSpecificFlavorTestJSON:test_verify_created_server_ephemeral_disk): 200 GET http://10.180.1.21/compute/v2.1/servers/36c3ac75-5bfd-4a89-9ddb-28fded8da39c 0.300s
2024-08-02 13:34:56.029 61555 INFO tempest.lib.common.rest_client [req-56461727-3e93-4f9b-b7d7-4adcbb7f84f5 req-56461727-3e93-4f9b-b7d7-4adcbb7f84f5 ] Request (InstanceActionsNegativeTestJSON:setUpClass): 200 GET http://10.180.1.21/compute/v2.1/servers/782dc85a-56f4-4f03-8711-b78bbadb33ce 0.366s
2024-08-02 13:34:56.045 61581 INFO tempest.lib.common.rest_client [req-139008d5-6553-41b8-9c5c-d7630140694c req-139008d5-6553-41b8-9c5c-d7630140694c ] Request (SecurityGroupsTestJSON:test_list_security_groups_by_server): 200 GET http://10.180.1.21/compute/v2.1/servers/8f37dfb3-c4d2-4c41-91eb-e3c7ca640050 0.419s
2024-08-02 13:34:56.103 61585 INFO tempest.lib.common.rest_client [req-db2489f0-e598-4f05-bf3b-d48be091f77f req-db2489f0-e598-4f05-bf3b-d48be091f77f ] Request (ServersAaction247Test:test_create_backup): 200 GET http://10.180.1.21/compute/v2.1/servers/109fc11e-d640-4617-99a3-0defe0a5aa6c 0.407s
2024-08-02 13:34:56.184 61574 INFO tempest.lib.common.rest_client [req-6869bec8-7557-4bfe-b771-6cdfa2824d0b req-6869bec8-7557-4bfe-b771-6cdfa2824d0b ] Request (TenantUsagesTestJSON:setUpClass): 200 GET http://10.180.1.21/compute/v2.1/servers/b41c6d21-5e7f-427f-95ce-830fe0da8bc6 0.425s
2024-08-02 13:34:56.222 61539 INFO tempest.lib.common.rest_client [req-4d85d17d-cd90-47c7-b118-8a709e3d6128 req-4d85d17d-cd90-47c7-b118-8a709e3d6128 ] Request (ServerGroupTestJSON:setUpClass): 200 PUT http://10.180.1.21:9696/networking/v2.0/routers/1faa370d-e393-4556-acc3-b51fd0188890/add_router_interface 1.452s
