2025-02-19 12:27:43.617 63714 INFO tempest.lib.common.fixed_network [-] (FloatingIPsAssociationTestJSON:setUpClass) Found network {'id': '678fb705-995c-4a51-bfc9-1e7b6673559e', 'name': 'tempest-FloatingIPsAssociationTestJSON-375690145-network', 'tenant_id': 'aba89970aca1493f9009dc8a5777b171', 'admin_state_up': True, 'mtu': 8950, 'status': 'ACTIVE', 'subnets': [], 'shared': False, 'project_id': 'aba89970aca1493f9009dc8a5777b171', 'port_security_enabled': True, 'router:external': False, 'provider:network_type': 'vlan', 'provider:physical_network': 'default', 'provider:segmentation_id': 627, 'availability_zone_hints': [], 'availability_zones': [], 'ipv4_address_scope': None, 'ipv6_address_scope': None, 'description': '', 'tags': [], 'created_at': '2025-02-19T12:27:39Z', 'updated_at': '2025-02-19T12:27:39Z', 'revision_number': 1} available for tenant
2025-02-19 12:27:43.627 63750 INFO tempest.lib.common.rest_client [req-27c4b313-ad52-4302-bc8d-eb8669dfa3c5 req-27c4b313-ad52-4302-bc8d-eb8669dfa3c5 ] Request (MultipleCreateTestJSON:test_multiple_create_with_reservation_return): 200 GET http://10.180.1.21/compute/v2.1/servers/2ed42fac-9066-4bc2-831a-91e367651687 0.080s
2025-02-19 12:27:43.686 63766 INFO tempest.lib.common.rest_client [req-83eccf94-b802-4d47-af13-14fee248576d req-83eccf94-b802-4d47-af13-14fee248576d ] Request (TenantUsagesTestJSON:tearDownClass): 200 GET http://10.180.1.21/compute/v2.1/servers/23321024-43d0-47bd-978a-54fe07732e63 0.069s
2025-02-19 12:27:43.889 63734 INFO tempest.lib.common.rest_client [req-085f8fc3-a773-40e2-95dd-d5d1eb7e4696 req-085f8fc3-a773-40e2-95dd-d5d1eb7e4696 ] Request (ImagesOneServerTestJSON:setUpClass): 200 GET http://10.180.1.21/compute/v2.1/servers/2613b16c-08ce-4423-a1c5-c342fa7c79db 0.204s
2025-02-19 12:27:43.966 63740 INFO tempest.lib.common.rest_client [req-9f7f6f96-7b94-403b-8eab-c698a343e4d2 req-9f7f6f96-7b94-403b-8eab-c698a343e4d2 ] Request (ImagesTestJSON:test_create_image_from_stopped_server): 200 GET http://10.180.1.21/compute/v2.1/servers/d74cfc21-d87d-45a2-8cf7-4d34244fc363 0.279s
2025-02-19 12:27:44.048 63714 INFO tempest.lib.common.rest_client [req-19304208-8d7d-4912-a530-4f41de7ea059 req-19304208-8d7d-4912-a530-4f41de7ea059 ] Request (FloatingIPsAssociationTestJSON:setUpClass): 202 POST http://10.180.1.21/compute/v2.1/servers 0.430s
2025-02-19 12:27:44.133 63720 INFO tempest.lib.common.rest_client [req-45cf678e-8c5a-4652-8892-95a0525f5430 req-45cf678e-8c5a-4652-8892-95a0525f5430 ] Request (ServersAdminNegativeTestJSON:tearDownClass): 200 GET http://10.180.1.21/compute/v2.1/servers/3d12aa80-970a-4952-92b8-190639fd60f9 0.336s
2025-02-19 12:27:44.162 63762 WARNING tempest.lib.common.ssh [-] Failed to establish authenticated ssh connection to cirros@10.180.180.229 ([Errno None] Unable to connect to port 22 on 10.180.180.229). Number attempts: 6. Retry after 7 seconds.: paramiko.ssh_exception.NoValidConnectionsError: [Errno None] Unable to connect to port 22 on 10.180.180.229
2025-02-19 12:27:44.197 63730 INFO tempest.lib.common.rest_client [req-e812eafd-7307-47a9-92d7-4b50461acdc5 req-e812eafd-7307-47a9-92d7-4b50461acdc5 ] Request (ListImageFiltersTestJSON:setUpClass): 200 GET http://10.180.1.21/compute/v2.1/servers/bf32371c-af10-493d-911c-4e62135b56d9 0.345s
2025-02-19 12:27:44.253 63744 INFO tempest.lib.common.rest_client [req-4ab64019-2c70-4659-9316-4803fc371766 req-4ab64019-2c70-4659-9316-4803fc371766 ] Request (MigrationsAdminTest:test_list_migrations_in_flavor_resize_situation): 200 GET http://10.180.1.21/compute/v2.1/servers/7d8d0417-b510-417b-a18f-375d1dfd3757 0.460s
2025-02-19 12:27:44.257 63718 INFO tempest.lib.common.rest_client [req-7f68eac7-8404-4e89-b767-8cf2bee644e1 req-7f68eac7-8404-4e89-b767-8cf2bee644e1 ] Request (ServerDiagnosticsTest:tearDownClass): 200 GET http://10.180.1.21/compute/v2.1/servers/36739a27-6196-4609-868a-aa03d3a6677c 0.381s
2025-02-19 12:27:44.322 63765 INFO tempest.lib.common.rest_client [req-c624edca-14f5-47ae-a4e3-b8b4667e60cf req-c624edca-14f5-47ae-a4e3-b8b4667e60cf ] Request (ServerDiagnosticsNegativeTest:tearDownClass): 200 GET http://10.180.1.21/compute/v2.1/servers/da37af6a-06d4-4c29-a60a-ac0c01939cf9 0.347s
2025-02-19 12:27:44.358 63714 INFO tempest.lib.common.rest_client [req-b95d4457-aa36-4745-b567-96b282bf6c94 req-b95d4457-aa36-4745-b567-96b282bf6c94 ] Request (FloatingIPsAssociationTestJSON:setUpClass): 200 GET http://10.180.1.21/compute/v2.1/servers/f685f5b8-a0c2-4bcc-8b41-a2ada29d7b64 0.309s
2025-02-19 12:27:44.415 63716 INFO tempest.lib.common.rest_client [req-dd4672eb-b230-4fd9-b49e-ff88073522c9 req-dd4672eb-b230-4fd9-b49e-ff88073522c9 ] Request (VolumesAdminNegativeTest:test_update_attached_volume_with_nonexistent_volume_in_body): 200 GET http://10.180.1.21/compute/v2.1/servers/d9faab7b-af63-41e1-94b5-65e3ad0db03f 0.352s
2025-02-19 12:27:44.513 63760 INFO tempest.lib.common.rest_client [req-e3849910-f36b-4e8d-becc-3e9329909247 req-e3849910-f36b-4e8d-becc-3e9329909247 ] Request (ListServerFiltersTestJSON:tearDownClass): 200 GET http://10.180.1.21/compute/v2.1/servers/f255de95-0e89-488b-8441-cc7c997cdf89 0.418s
2025-02-19 12:27:44.520 63752 INFO tempest.lib.common.rest_client [req-090adcbc-0e22-41bf-96a3-296e5196ae8f req-090adcbc-0e22-41bf-96a3-296e5196ae8f ] Request (ServerActionsTestOtherB:setUpClass): 200 GET http://10.180.1.21/compute/v2.1/servers/412eac9c-3c2e-439d-bcec-af6ec09c879f 0.546s
2025-02-19 12:27:44.528 63752 INFO tempest.common.waiters [-] State transition "BUILD/None" ==> "BUILD/block_device_mapping" after 24 second wait
2025-02-19 12:27:44.571 63712 INFO tempest.lib.common.rest_client [req-17df5309-9d1c-4ce5-9915-d8e25d72a05f req-17df5309-9d1c-4ce5-9915-d8e25d72a05f ] Request (InstanceActionsTestJSON:tearDownClass): 200 GET http://10.180.1.21/compute/v2.1/servers/c64d965b-7be7-4357-a787-3f92c720519b 0.430s
2025-02-19 12:27:44.593 63726 INFO tempest.lib.common.rest_client [req-d31aea2d-9dae-439b-af5c-a625df133003 req-d31aea2d-9dae-439b-af5c-a625df133003 ] Request (FloatingIPsAssociationNegativeTestJSON:tearDownClass): 200 GET http://10.180.1.21/compute/v2.1/servers/11044fc7-5b70-43f5-b5f0-703eec1592fd 0.422s
2025-02-19 12:27:44.629 63768 INFO tempest.lib.common.rest_client [req-0783733a-9bb5-43cd-859f-e4d5fe388f25 req-0783733a-9bb5-43cd-859f-e4d5fe388f25 ] Request (ServerRescueNegativeTestJSON:setUpClass): 200 GET http://10.180.1.21/compute/v2.1/servers/369dc141-ec0b-4237-aed7-d047e9a59bab 0.432s
2025-02-19 12:27:44.653 63736 INFO tempest.lib.common.rest_client [req-577517cc-11e8-4897-a0d6-598c96ce0cfe req-577517cc-11e8-4897-a0d6-598c96ce0cfe ] Request (ServersTestMultiNic:test_verify_duplicate_network_nics): 200 GET http://10.180.1.21/compute/v2.1/servers/5fae3008-ed55-4e69-bea5-33f26ee23090 0.368s
2025-02-19 12:27:44.715 63756 INFO tempest.lib.common.rest_client [req-f85da4e9-1317-4e43-9030-89bc0433192d req-f85da4e9-1317-4e43-9030-89bc0433192d ] Request (ServerDiagnosticsV248Test:tearDownClass): 200 GET http://10.180.1.21/compute/v2.1/servers/dc0da38c-afce-47f2-ac49-5a0933f2a926 0.319s
2025-02-19 12:27:44.723 63758 INFO tempest.lib.common.rest_client [req-137ef80c-eae1-42fd-9557-4cd0cf39cc18 req-137ef80c-eae1-42fd-9557-4cd0cf39cc18 ] Request (ServersTestFqdnHostnames:test_create_server_with_fqdn_name): 200 GET http://10.180.1.21/compute/v2.1/servers/9707b3a4-7e96-4c52-a1d5-d4e4988e129a 0.411s
2025-02-19 12:27:44.790 63748 INFO tempest.lib.common.rest_client [req-96a86aca-3844-43b4-98f0-7338d613124e req-96a86aca-3844-43b4-98f0-7338d613124e ] Request (ServersAdmin275Test:tearDownClass): 200 GET http://10.180.1.21/compute/v2.1/servers/555f5ecb-fbd7-488e-823b-f35bf9d5e803 0.318s
2025-02-19 12:27:44.838 63772 INFO tempest.lib.common.rest_client [req-6eeacb8d-6437-4ebd-bdb6-a06e588d11c1 req-6eeacb8d-6437-4ebd-bdb6-a06e588d11c1 ] Request (ServerTagsTestJSON:setUpClass): 200 GET http://10.180.1.21/compute/v2.1/servers/cf289fc2-ecbe-49e9-84d2-a3d421e2bb25 0.415s
2025-02-19 12:27:44.855 63770 INFO tempest.lib.common.rest_client [req-67febf47-8991-4d2c-898a-3eab3298188f req-67febf47-8991-4d2c-898a-3eab3298188f ] Request (ServersTestManualDisk:setUpClass): 200 GET http://10.180.1.21/compute/v2.1/servers/8b83e720-1025-4989-9bd0-37b3da8511ae 0.373s
2025-02-19 12:27:44.900 63732 INFO tempest.lib.common.rest_client [req-cd5a1284-adaf-4f5f-8ac7-a1f6d6f954ab req-cd5a1284-adaf-4f5f-8ac7-a1f6d6f954ab ] Request (InstanceActionsV221TestJSON:test_get_list_deleted_instance_actions): 200 GET http://10.180.1.21/compute/v2.1/servers/a0e8987b-f229-466e-8a19-108a84646ae3 0.372s
2025-02-19 12:27:44.910 63738 INFO tempest.lib.common.rest_client [req-3ae2fdf3-70fb-45b8-80d2-59ea91bb4c6f req-3ae2fdf3-70fb-45b8-80d2-59ea91bb4c6f ] Request (SecurityGroupsTestJSON:test_server_security_groups): 200 GET http://10.180.1.21/compute/v2.1/servers/260d1159-09e8-4c66-b877-7eb0e6effde4 0.376s
2025-02-19 12:27:44.967 63728 INFO tempest.lib.common.rest_client [req-c1f1ef8b-f185-48cc-b1cd-69c566ea3237 req-c1f1ef8b-f185-48cc-b1cd-69c566ea3237 ] Request (AttachInterfacesTestJSON:test_create_list_show_delete_interfaces_by_fixed_ip): 200 GET http://10.180.1.21/compute/v2.1/servers/69b7e6dd-497a-4e72-9669-5b3cf404bbf6 0.385s
2025-02-19 12:27:44.987 63722 INFO tempest.lib.common.rest_client [req-cf2d4d2b-faa1-42b0-b5a5-abbacd52f34e req-cf2d4d2b-faa1-42b0-b5a5-abbacd52f34e ] Request (DeleteServersAdminTestJSON:test_delete_server_while_in_error_state): 200 GET http://10.180.1.21/compute/v2.1/servers/59fa839d-83dd-463c-9e5e-91f5fbe38753 0.402s
2025-02-19 12:27:45.021 63750 INFO tempest.lib.common.rest_client [req-3f746abf-cdde-453a-afd0-a034c3cedda1 req-3f746abf-cdde-453a-afd0-a034c3cedda1 ] Request (MultipleCreateTestJSON:test_multiple_create_with_reservation_return): 200 GET http://10.180.1.21/compute/v2.1/servers/2ed42fac-9066-4bc2-831a-91e367651687 0.385s
2025-02-19 12:27:45.053 63766 INFO tempest.lib.common.rest_client [req-75362f66-794a-4760-8cae-7f21bfe5762e req-75362f66-794a-4760-8cae-7f21bfe5762e ] Request (TenantUsagesTestJSON:tearDownClass): 200 GET http://10.180.1.21/compute/v2.1/servers/23321024-43d0-47bd-978a-54fe07732e63 0.353s
2025-02-19 12:27:45.115 63740 INFO tempest.lib.common.rest_client [req-d7482791-fb3e-43e5-b2e8-0adbbd89c3c8 req-d7482791-fb3e-43e5-b2e8-0adbbd89c3c8 ] Request (ImagesTestJSON:test_create_image_from_stopped_server): 200 GET http://10.180.1.21/compute/v2.1/servers/d74cfc21-d87d-45a2-8cf7-4d34244fc363 0.137s
2025-02-19 12:27:45.164 63734 INFO tempest.lib.common.rest_client [req-63811619-4089-4bec-b566-29015e447c0d req-63811619-4089-4bec-b566-29015e447c0d ] Request (ImagesOneServerTestJSON:setUpClass): 200 GET http://10.180.1.21/compute/v2.1/servers/2613b16c-08ce-4423-a1c5-c342fa7c79db 0.263s
2025-02-19 12:27:45.171 63734 INFO tempest.common.waiters [-] State transition "BUILD/spawning" ==> "ACTIVE/None" after 39 second wait
2025-02-19 12:27:45.210 63720 INFO tempest.lib.common.rest_client [req-f7ff4926-9a2c-45ea-b5cb-e0723dd3bdb0 req-f7ff4926-9a2c-45ea-b5cb-e0723dd3bdb0 ] Request (ServersAdminNegativeTestJSON:tearDownClass): 200 GET http://10.180.1.21/compute/v2.1/servers/3d12aa80-970a-4952-92b8-190639fd60f9 0.067s
2025-02-19 12:27:45.263 63730 INFO tempest.lib.common.rest_client [req-e2ecb366-f11a-4b0f-a24d-b9ea725080d2 req-e2ecb366-f11a-4b0f-a24d-b9ea725080d2 ] Request (ListImageFiltersTestJSON:setUpClass): 200 GET http://10.180.1.21/compute/v2.1/servers/bf32371c-af10-493d-911c-4e62135b56d9 0.056s
2025-02-19 12:27:45.356 63744 INFO tempest.lib.common.rest_client [req-c76168ec-f713-4922-95df-4259814cfe57 req-c76168ec-f713-4922-95df-4259814cfe57 ] Request (MigrationsAdminTest:test_list_migrations_in_flavor_resize_situation): 200 GET http://10.180.1.21/compute/v2.1/servers/7d8d0417-b510-417b-a18f-375d1dfd3757 0.094s
2025-02-19 12:27:45.405 63718 INFO tempest.lib.common.rest_client [req-3988e4fa-6f4a-4be2-aa00-bba20f023b82 req-3988e4fa-6f4a-4be2-aa00-bba20f023b82 ] Request (ServerDiagnosticsTest:tearDownClass): 200 GET http://10.180.1.21/compute/v2.1/servers/36739a27-6196-4609-868a-aa03d3a6677c 0.137s
2025-02-19 12:27:45.453 63765 INFO tempest.lib.common.rest_client [req-8044403b-f0c1-4643-8ee6-0d0e1fef6956 req-8044403b-f0c1-4643-8ee6-0d0e1fef6956 ] Request (ServerDiagnosticsNegativeTest:tearDownClass): 200 GET http://10.180.1.21/compute/v2.1/servers/da37af6a-06d4-4c29-a60a-ac0c01939cf9 0.121s
2025-02-19 12:27:45.494 63714 INFO tempest.lib.common.rest_client [req-204f0425-47ac-493e-9959-a5c8fcee3a18 req-204f0425-47ac-493e-9959-a5c8fcee3a18 ] Request (FloatingIPsAssociationTestJSON:setUpClass): 200 GET http://10.180.1.21/compute/v2.1/servers/f685f5b8-a0c2-4bcc-8b41-a2ada29d7b64 0.124s
2025-02-19 12:27:45.536 63716 INFO tempest.lib.common.rest_client [req-bb75c145-2406-43a6-b1ab-665a62b0b313 req-bb75c145-2406-43a6-b1ab-665a62b0b313 ] Request (VolumesAdminNegativeTest:test_update_attached_volume_with_nonexistent_volume_in_body): 200 GET http://10.180.1.21/compute/v2.1/servers/d9faab7b-af63-41e1-94b5-65e3ad0db03f 0.112s
2025-02-19 12:27:45.583 63760 INFO tempest.lib.common.rest_client [req-955a18c4-9c57-4b6c-9f0b-7dc57058411f req-955a18c4-9c57-4b6c-9f0b-7dc57058411f ] Request (ListServerFiltersTestJSON:tearDownClass): 200 GET http://10.180.1.21/compute/v2.1/servers/f255de95-0e89-488b-8441-cc7c997cdf89 0.061s
2025-02-19 12:27:45.599 63734 INFO tempest.lib.common.rest_client [req-a094b988-3c42-4cd1-8572-d14b0fa681d8 req-a094b988-3c42-4cd1-8572-d14b0fa681d8 ] Request (ImagesOneServerTestJSON:test_create_delete_image): 202 POST http://10.180.1.21/compute/v2.1/servers/2613b16c-08ce-4423-a1c5-c342fa7c79db/action 0.427s
2025-02-19 12:27:45.654 63712 INFO tempest.lib.common.rest_client [req-d58447c0-95ef-4bd5-8694-0c2da9d1c331 req-d58447c0-95ef-4bd5-8694-0c2da9d1c331 ] Request (InstanceActionsTestJSON:tearDownClass): 200 GET http://10.180.1.21/compute/v2.1/servers/c64d965b-7be7-4357-a787-3f92c720519b 0.075s
2025-02-19 12:27:45.682 63734 INFO tempest.lib.common.rest_client [req-59042b2e-3696-4d70-8b03-16dd79dbe0db req-59042b2e-3696-4d70-8b03-16dd79dbe0db ] Request (ImagesOneServerTestJSON:test_create_delete_image): 200 GET http://10.180.1.21/compute/v2.1/images/0769e224-eefd-49e3-af87-387286648236 0.082s
2025-02-19 12:27:45.694 63752 INFO tempest.lib.common.rest_client [req-c9058310-500b-4adf-b60f-0db1735fad48 req-c9058310-500b-4adf-b60f-0db1735fad48 ] Request (ServerActionsTestOtherB:setUpClass): 200 GET http://10.180.1.21/compute/v2.1/servers/412eac9c-3c2e-439d-bcec-af6ec09c879f 0.165s
2025-02-19 12:27:45.698 63710 WARNING tempest.lib.common.ssh [-] Failed to establish authenticated ssh connection to cirros@10.180.180.175 ([Errno None] Unable to connect to port 22 on 10.180.180.175). Number attempts: 4. Retry after 5 seconds.: paramiko.ssh_exception.NoValidConnectionsError: [Errno None] Unable to connect to port 22 on 10.180.180.175
2025-02-19 12:27:45.701 63752 INFO tempest.common.waiters [-] State transition "BUILD/block_device_mapping" ==> "BUILD/spawning" after 25 second wait
2025-02-19 12:27:45.738 63768 INFO tempest.lib.common.rest_client [req-c080313e-a2a7-4f2e-bee9-bb1126021acf req-c080313e-a2a7-4f2e-bee9-bb1126021acf ] Request (ServerRescueNegativeTestJSON:setUpClass): 200 GET http://10.180.1.21/compute/v2.1/servers/369dc141-ec0b-4237-aed7-d047e9a59bab 0.097s
2025-02-19 12:27:45.748 63726 INFO tempest.lib.common.rest_client [req-c7913ec6-676d-4473-835f-0a6df4f824a4 req-c7913ec6-676d-4473-835f-0a6df4f824a4 ] Request (FloatingIPsAssociationNegativeTestJSON:tearDownClass): 200 GET http://10.180.1.21/compute/v2.1/servers/11044fc7-5b70-43f5-b5f0-703eec1592fd 0.144s
2025-02-19 12:27:45.783 63736 INFO tempest.lib.common.rest_client [req-8f29ece8-5b44-48ee-ab87-55480b7e61c3 req-8f29ece8-5b44-48ee-ab87-55480b7e61c3 ] Request (ServersTestMultiNic:test_verify_duplicate_network_nics): 200 GET http://10.180.1.21/compute/v2.1/servers/5fae3008-ed55-4e69-bea5-33f26ee23090 0.120s
2025-02-19 12:27:45.807 63756 INFO tempest.lib.common.rest_client [req-22a7fec1-1dd0-42fb-afc9-c5b6c3535044 req-22a7fec1-1dd0-42fb-afc9-c5b6c3535044 ] Request (ServerDiagnosticsV248Test:tearDownClass): 200 GET http://10.180.1.21/compute/v2.1/servers/dc0da38c-afce-47f2-ac49-5a0933f2a926 0.083s
2025-02-19 12:27:45.868 63748 INFO tempest.lib.common.rest_client [req-72cfb582-1ee5-4160-9aa5-4a0209d5c34b req-72cfb582-1ee5-4160-9aa5-4a0209d5c34b ] Request (ServersAdmin275Test:tearDownClass): 200 GET http://10.180.1.21/compute/v2.1/servers/555f5ecb-fbd7-488e-823b-f35bf9d5e803 0.067s
2025-02-19 12:27:45.874 63758 INFO tempest.lib.common.rest_client [req-76132441-f57f-4eac-8089-5120a8bd5cb3 req-76132441-f57f-4eac-8089-5120a8bd5cb3 ] Request (ServersTestFqdnHostnames:test_create_server_with_fqdn_name): 200 GET http://10.180.1.21/compute/v2.1/servers/9707b3a4-7e96-4c52-a1d5-d4e4988e129a 0.141s
2025-02-19 12:27:45.933 63770 INFO tempest.lib.common.rest_client [req-9a9a9377-9540-4d12-9325-343429efe044 req-9a9a9377-9540-4d12-9325-343429efe044 ] Request (ServersTestManualDisk:setUpClass): 200 GET http://10.180.1.21/compute/v2.1/servers/8b83e720-1025-4989-9bd0-37b3da8511ae 0.071s
2025-02-19 12:27:45.978 63772 INFO tempest.lib.common.rest_client [req-83b0170b-75cf-4532-b0cf-538bd2d9bc75 req-83b0170b-75cf-4532-b0cf-538bd2d9bc75 ] Request (ServerTagsTestJSON:setUpClass): 200 GET http://10.180.1.21/compute/v2.1/servers/cf289fc2-ecbe-49e9-84d2-a3d421e2bb25 0.130s
2025-02-19 12:27:45.989 63732 INFO tempest.lib.common.rest_client [req-7672b0a9-a067-476d-9e4f-9d93c6001659 req-7672b0a9-a067-476d-9e4f-9d93c6001659 ] Request (InstanceActionsV221TestJSON:test_get_list_deleted_instance_actions): 200 GET http://10.180.1.21/compute/v2.1/servers/a0e8987b-f229-466e-8a19-108a84646ae3 0.074s
2025-02-19 12:27:45.998 63732 INFO tempest.common.waiters [-] State transition "BUILD/scheduling" ==> "BUILD/None" after 20 second wait
2025-02-19 12:27:46.025 63738 INFO tempest.lib.common.rest_client [req-3f52dbc4-5018-4d8f-8c9d-81b942d34999 req-3f52dbc4-5018-4d8f-8c9d-81b942d34999 ] Request (SecurityGroupsTestJSON:test_server_security_groups): 200 GET http://10.180.1.21/compute/v2.1/servers/260d1159-09e8-4c66-b877-7eb0e6effde4 0.102s
2025-02-19 12:27:46.034 63728 INFO tempest.lib.common.rest_client [req-50dfa863-0f22-40ec-a904-198638fc6b46 req-50dfa863-0f22-40ec-a904-198638fc6b46 ] Request (AttachInterfacesTestJSON:test_create_list_show_delete_interfaces_by_fixed_ip): 200 GET http://10.180.1.21/compute/v2.1/servers/69b7e6dd-497a-4e72-9669-5b3cf404bbf6 0.057s
2025-02-19 12:27:46.080 63722 INFO tempest.lib.common.rest_client [req-9951a13d-1dc7-42d8-ab5c-17a0e98e90f1 req-9951a13d-1dc7-42d8-ab5c-17a0e98e90f1 ] Request (DeleteServersAdminTestJSON:test_delete_server_while_in_error_state): 200 GET http://10.180.1.21/compute/v2.1/servers/59fa839d-83dd-463c-9e5e-91f5fbe38753 0.084s
2025-02-19 12:27:46.084 63750 INFO tempest.lib.common.rest_client [req-5f150132-a0e7-4663-8033-90165eb65608 req-5f150132-a0e7-4663-8033-90165eb65608 ] Request (MultipleCreateTestJSON:test_multiple_create_with_reservation_return): 200 GET http://10.180.1.21/compute/v2.1/servers/2ed42fac-9066-4bc2-831a-91e367651687 0.053s
2025-02-19 12:27:46.155 63766 INFO tempest.lib.common.rest_client [req-7f071179-30b1-4f4b-904f-a20b97503640 req-7f071179-30b1-4f4b-904f-a20b97503640 ] Request (TenantUsagesTestJSON:tearDownClass): 200 GET http://10.180.1.21/compute/v2.1/servers/23321024-43d0-47bd-978a-54fe07732e63 0.094s
2025-02-19 12:27:46.192 63740 INFO tempest.lib.common.rest_client [req-6dba3106-81af-4e73-af08-abfcab5bba3a req-6dba3106-81af-4e73-af08-abfcab5bba3a ] Request (ImagesTestJSON:test_create_image_from_stopped_server): 200 GET http://10.180.1.21/compute/v2.1/servers/d74cfc21-d87d-45a2-8cf7-4d34244fc363 0.069s
2025-02-19 12:27:46.279 63720 INFO tempest.lib.common.rest_client [req-238e8976-ebfc-44f4-8854-43f56e261c17 req-238e8976-ebfc-44f4-8854-43f56e261c17 ] Request (ServersAdminNegativeTestJSON:tearDownClass): 200 GET http://10.180.1.21/compute/v2.1/servers/3d12aa80-970a-4952-92b8-190639fd60f9 0.061s
2025-02-19 12:27:46.325 63730 INFO tempest.lib.common.rest_client [req-780fdd32-4893-433e-88a0-5889eb9b4853 req-780fdd32-4893-433e-88a0-5889eb9b4853 ] Request (ListImageFiltersTestJSON:setUpClass): 200 GET http://10.180.1.21/compute/v2.1/servers/bf32371c-af10-493d-911c-4e62135b56d9 0.050s
2025-02-19 12:27:46.474 63744 INFO tempest.lib.common.rest_client [req-ec5aa800-82c7-4e3c-b53c-13a828895465 req-ec5aa800-82c7-4e3c-b53c-13a828895465 ] Request (MigrationsAdminTest:test_list_migrations_in_flavor_resize_situation): 200 GET http://10.180.1.21/compute/v2.1/servers/7d8d0417-b510-417b-a18f-375d1dfd3757 0.109s
2025-02-19 12:27:46.475 63718 INFO tempest.lib.common.rest_client [req-1b66d265-23e0-46f0-94e5-e32291fc9463 req-1b66d265-23e0-46f0-94e5-e32291fc9463 ] Request (ServerDiagnosticsTest:tearDownClass): 200 GET http://10.180.1.21/compute/v2.1/servers/36739a27-6196-4609-868a-aa03d3a6677c 0.062s
2025-02-19 12:27:46.532 63765 INFO tempest.lib.common.rest_client [req-2569aa11-514c-4f06-ba17-83221d393357 req-2569aa11-514c-4f06-ba17-83221d393357 ] Request (ServerDiagnosticsNegativeTest:tearDownClass): 200 GET http://10.180.1.21/compute/v2.1/servers/da37af6a-06d4-4c29-a60a-ac0c01939cf9 0.072s
2025-02-19 12:27:46.554 63714 INFO tempest.lib.common.rest_client [req-64afcf1d-cf4c-4aae-8aa5-c2a487dc33ac req-64afcf1d-cf4c-4aae-8aa5-c2a487dc33ac ] Request (FloatingIPsAssociationTestJSON:setUpClass): 200 GET http://10.180.1.21/compute/v2.1/servers/f685f5b8-a0c2-4bcc-8b41-a2ada29d7b64 0.052s
2025-02-19 12:27:46.595 63716 INFO tempest.lib.common.rest_client [req-1d63a099-05fe-49da-aba5-d6fa03eda6ab req-1d63a099-05fe-49da-aba5-d6fa03eda6ab ] Request (VolumesAdminNegativeTest:test_update_attached_volume_with_nonexistent_volume_in_body): 200 GET http://10.180.1.21/compute/v2.1/servers/d9faab7b-af63-41e1-94b5-65e3ad0db03f 0.051s
2025-02-19 12:27:46.656 63760 INFO tempest.lib.common.rest_client [req-c5187989-84b1-4b4d-8535-fdef57bd247b req-c5187989-84b1-4b4d-8535-fdef57bd247b ] Request (ListServerFiltersTestJSON:tearDownClass): 200 GET http://10.180.1.21/compute/v2.1/servers/f255de95-0e89-488b-8441-cc7c997cdf89 0.057s
2025-02-19 12:27:46.662 63760 INFO tempest.common.waiters [-] State transition "ACTIVE/deleting" ==> "DELETED/None" after 5 second wait
2025-02-19 12:27:46.720 63734 INFO tempest.lib.common.rest_client [req-d48f866e-2172-4723-9838-de9259f53bae req-d48f866e-2172-4723-9838-de9259f53bae ] Request (ImagesOneServerTestJSON:test_create_delete_image): 200 GET http://10.180.1.21/compute/v2.1/images/0769e224-eefd-49e3-af87-387286648236 0.034s
2025-02-19 12:27:46.723 63712 INFO tempest.lib.common.rest_client [req-1cabb162-ee6a-4689-b3be-fda6fa1a0541 req-1cabb162-ee6a-4689-b3be-fda6fa1a0541 ] Request (InstanceActionsTestJSON:tearDownClass): 200 GET http://10.180.1.21/compute/v2.1/servers/c64d965b-7be7-4357-a787-3f92c720519b 0.059s
2025-02-19 12:27:46.792 63768 INFO tempest.lib.common.rest_client [req-015d01be-2e4b-4187-a63f-a118b71e3306 req-015d01be-2e4b-4187-a63f-a118b71e3306 ] Request (ServerRescueNegativeTestJSON:setUpClass): 200 GET http://10.180.1.21/compute/v2.1/servers/369dc141-ec0b-4237-aed7-d047e9a59bab 0.047s
2025-02-19 12:27:46.803 63752 INFO tempest.lib.common.rest_client [req-cb442a3b-cfa2-4e1c-9967-4639ddd775a9 req-cb442a3b-cfa2-4e1c-9967-4639ddd775a9 ] Request (ServerActionsTestOtherB:setUpClass): 200 GET http://10.180.1.21/compute/v2.1/servers/412eac9c-3c2e-439d-bcec-af6ec09c879f 0.102s
2025-02-19 12:27:46.849 63726 INFO tempest.lib.common.rest_client [req-e8d6b412-5d9e-4ded-87fd-16f653e35f74 req-e8d6b412-5d9e-4ded-87fd-16f653e35f74 ] Request (FloatingIPsAssociationNegativeTestJSON:tearDownClass): 200 GET http://10.180.1.21/compute/v2.1/servers/11044fc7-5b70-43f5-b5f0-703eec1592fd 0.094s
2025-02-19 12:27:46.854 63736 INFO tempest.lib.common.rest_client [req-9c114450-59dd-4fc5-809a-a0fa31e958d9 req-9c114450-59dd-4fc5-809a-a0fa31e958d9 ] Request (ServersTestMultiNic:test_verify_duplicate_network_nics): 200 GET http://10.180.1.21/compute/v2.1/servers/5fae3008-ed55-4e69-bea5-33f26ee23090 0.064s
2025-02-19 12:27:46.870 63756 INFO tempest.lib.common.rest_client [req-8b0b0b6c-ee5b-4925-b497-e109c0d9da97 req-8b0b0b6c-ee5b-4925-b497-e109c0d9da97 ] Request (ServerDiagnosticsV248Test:tearDownClass): 404 GET http://10.180.1.21/compute/v2.1/servers/dc0da38c-afce-47f2-ac49-5a0933f2a926 0.054s
2025-02-19 12:27:46.955 63756 INFO tempest.lib.common.rest_client [req-3ea0c116-fdbd-461f-99cd-aecda09bda64 req-3ea0c116-fdbd-461f-99cd-aecda09bda64 ] Request (ServerDiagnosticsV248Test:tearDownClass): 204 DELETE http://10.180.1.21/identity/v3/users/2c3425b1bec34421b42a9e3c26afc85a 0.085s
2025-02-19 12:27:46.956 63748 INFO tempest.lib.common.rest_client [req-01feaaa4-629b-4a35-8d55-fb71d9763202 req-01feaaa4-629b-4a35-8d55-fb71d9763202 ] Request (ServersAdmin275Test:tearDownClass): 200 GET http://10.180.1.21/compute/v2.1/servers/555f5ecb-fbd7-488e-823b-f35bf9d5e803 0.075s
2025-02-19 12:27:47.006 63770 INFO tempest.lib.common.rest_client [req-a493940d-4d3b-430f-a712-78af6c32a972 req-a493940d-4d3b-430f-a712-78af6c32a972 ] Request (ServersTestManualDisk:setUpClass): 200 GET http://10.180.1.21/compute/v2.1/servers/8b83e720-1025-4989-9bd0-37b3da8511ae 0.065s
2025-02-19 12:27:47.049 63758 INFO tempest.lib.common.rest_client [req-6a4bbcc5-366c-4c15-944c-ed3d9d381574 req-6a4bbcc5-366c-4c15-944c-ed3d9d381574 ] Request (ServersTestFqdnHostnames:test_create_server_with_fqdn_name): 200 GET http://10.180.1.21/compute/v2.1/servers/9707b3a4-7e96-4c52-a1d5-d4e4988e129a 0.167s
2025-02-19 12:27:47.052 63756 INFO tempest.lib.common.rest_client [req-4c2c86ab-4a31-48f6-ae27-c835530e18ff req-4c2c86ab-4a31-48f6-ae27-c835530e18ff ] Request (ServerDiagnosticsV248Test:tearDownClass): 204 DELETE http://10.180.1.21/identity/v3/users/b440f60c3ef5476983fa8dc73be32640 0.096s
2025-02-19 12:27:47.052 63756 INFO tempest.lib.common.dynamic_creds [-] Deleting project and security group for project: 1423d16946534740935018186fb5d6bd
2025-02-19 12:27:47.098 63772 INFO tempest.lib.common.rest_client [req-f476b7ec-cd00-4e48-b4a3-13a704c49189 req-f476b7ec-cd00-4e48-b4a3-13a704c49189 ] Request (ServerTagsTestJSON:setUpClass): 200 GET http://10.180.1.21/compute/v2.1/servers/cf289fc2-ecbe-49e9-84d2-a3d421e2bb25 0.110s
2025-02-19 12:27:47.107 63755 WARNING tempest.lib.common.ssh [-] Failed to establish authenticated ssh connection to cirros@10.180.180.170 ([Errno None] Unable to connect to port 22 on 10.180.180.170). Number attempts: 1. Retry after 2 seconds.: paramiko.ssh_exception.NoValidConnectionsError: [Errno None] Unable to connect to port 22 on 10.180.180.170
2025-02-19 12:27:47.110 63756 INFO tempest.lib.common.rest_client [req-3cf590a0-8670-4789-ad43-d2380f5d10fc req-3cf590a0-8670-4789-ad43-d2380f5d10fc ] Request (ServerDiagnosticsV248Test:tearDownClass): 201 POST http://10.180.1.21/identity/v3/auth/tokens 0.058s
2025-02-19 12:27:47.111 63732 INFO tempest.lib.common.rest_client [req-fd6893a1-86c5-414a-b400-69b9e3d1c163 req-fd6893a1-86c5-414a-b400-69b9e3d1c163 ] Request (InstanceActionsV221TestJSON:test_get_list_deleted_instance_actions): 200 GET http://10.180.1.21/compute/v2.1/servers/a0e8987b-f229-466e-8a19-108a84646ae3 0.111s
2025-02-19 12:27:47.152 63738 INFO tempest.lib.common.rest_client [req-dd88e365-c450-4253-8aa8-e30a815cad42 req-dd88e365-c450-4253-8aa8-e30a815cad42 ] Request (SecurityGroupsTestJSON:test_server_security_groups): 200 GET http://10.180.1.21/compute/v2.1/servers/260d1159-09e8-4c66-b877-7eb0e6effde4 0.119s
2025-02-19 12:27:47.164 63728 INFO tempest.lib.common.rest_client [req-8bb8d005-6bfd-42ff-9cde-527e40f07571 req-8bb8d005-6bfd-42ff-9cde-527e40f07571 ] Request (AttachInterfacesTestJSON:test_create_list_show_delete_interfaces_by_fixed_ip): 200 GET http://10.180.1.21/compute/v2.1/servers/69b7e6dd-497a-4e72-9669-5b3cf404bbf6 0.121s
2025-02-19 12:27:47.214 63750 INFO tempest.lib.common.rest_client [req-78ba9d47-b5c6-443f-a371-834830137c56 req-78ba9d47-b5c6-443f-a371-834830137c56 ] Request (MultipleCreateTestJSON:test_multiple_create_with_reservation_return): 200 GET http://10.180.1.21/compute/v2.1/servers/2ed42fac-9066-4bc2-831a-91e367651687 0.122s
2025-02-19 12:27:47.217 63722 INFO tempest.lib.common.rest_client [req-38118856-2074-42ce-a669-620eb5ead1a4 req-38118856-2074-42ce-a669-620eb5ead1a4 ] Request (DeleteServersAdminTestJSON:test_delete_server_while_in_error_state): 200 GET http://10.180.1.21/compute/v2.1/servers/59fa839d-83dd-463c-9e5e-91f5fbe38753 0.123s
2025-02-19 12:27:47.270 63766 INFO tempest.lib.common.rest_client [req-ddb88056-b390-44ae-b1a2-4a541d5eec57 req-ddb88056-b390-44ae-b1a2-4a541d5eec57 ] Request (TenantUsagesTestJSON:tearDownClass): 200 GET http://10.180.1.21/compute/v2.1/servers/23321024-43d0-47bd-978a-54fe07732e63 0.103s
2025-02-19 12:27:47.282 63740 INFO tempest.lib.common.rest_client [req-b639986d-d695-4078-94e1-d9112c652827 req-b639986d-d695-4078-94e1-d9112c652827 ] Request (ImagesTestJSON:test_create_image_from_stopped_server): 200 GET http://10.180.1.21/compute/v2.1/servers/d74cfc21-d87d-45a2-8cf7-4d34244fc363 0.083s
2025-02-19 12:27:47.282 63756 INFO tempest.lib.common.rest_client [req-f6214852-29b8-4904-a277-3900cddda646 req-f6214852-29b8-4904-a277-3900cddda646 ] Request (ServerDiagnosticsV248Test:tearDownClass): 200 GET http://10.180.1.21:9696/networking/v2.0/security-groups?tenant_id=1423d16946534740935018186fb5d6bd&name=default 0.171s
2025-02-19 12:27:47.347 63720 INFO tempest.lib.common.rest_client [req-a468576b-e33b-4bb9-a7ee-6449082c07d4 req-a468576b-e33b-4bb9-a7ee-6449082c07d4 ] Request (ServersAdminNegativeTestJSON:tearDownClass): 200 GET http://10.180.1.21/compute/v2.1/servers/3d12aa80-970a-4952-92b8-190639fd60f9 0.059s
2025-02-19 12:27:47.359 63756 INFO tempest.lib.common.rest_client [req-2cbbeaef-c6d6-4117-8632-fac01f1acdf2 req-2cbbeaef-c6d6-4117-8632-fac01f1acdf2 ] Request (ServerDiagnosticsV248Test:tearDownClass): 204 DELETE http://10.180.1.21:9696/networking/v2.0/security-groups/bb13b6b5-ef48-4b8f-997c-4c4e13176b8b 0.077s
2025-02-19 12:27:47.381 63730 INFO tempest.lib.common.rest_client [req-90334f40-7fb2-44e5-8b3f-7181fcf17a78 req-90334f40-7fb2-44e5-8b3f-7181fcf17a78 ] Request (ListImageFiltersTestJSON:setUpClass): 200 GET http://10.180.1.21/compute/v2.1/servers/bf32371c-af10-493d-911c-4e62135b56d9 0.049s
2025-02-19 12:27:47.422 63756 INFO tempest.lib.common.rest_client [req-50ddb604-ed71-4747-9615-3297fe09964a req-50ddb604-ed71-4747-9615-3297fe09964a ] Request (ServerDiagnosticsV248Test:tearDownClass): 204 DELETE http://10.180.1.21/identity/v3/projects/1423d16946534740935018186fb5d6bd 0.062s
2025-02-19 12:27:47.422 63756 INFO tempest.lib.common.dynamic_creds [-] Deleting project and security group for project: 0013a1b538274db9afb123182a0becc9
2025-02-19 12:27:47.504 63756 INFO tempest.lib.common.rest_client [req-26fe3b94-df78-442d-80b6-7410822b72d4 req-26fe3b94-df78-442d-80b6-7410822b72d4 ] Request (ServerDiagnosticsV248Test:tearDownClass): 200 GET http://10.180.1.21:9696/networking/v2.0/security-groups?tenant_id=0013a1b538274db9afb123182a0becc9&name=default 0.081s
2025-02-19 12:27:47.550 63718 INFO tempest.lib.common.rest_client [req-e250e205-bfb4-43d4-ac2d-0cf1cb6459e0 req-e250e205-bfb4-43d4-ac2d-0cf1cb6459e0 ] Request (ServerDiagnosticsTest:tearDownClass): 200 GET http://10.180.1.21/compute/v2.1/servers/36739a27-6196-4609-868a-aa03d3a6677c 0.061s
2025-02-19 12:27:47.583 63756 INFO tempest.lib.common.rest_client [req-1dec3450-998c-4b40-9327-c947c7ebea46 req-1dec3450-998c-4b40-9327-c947c7ebea46 ] Request (ServerDiagnosticsV248Test:tearDownClass): 204 DELETE http://10.180.1.21:9696/networking/v2.0/security-groups/24594624-442a-48d8-ab88-1b3c3c9009af 0.079s
2025-02-19 12:27:47.602 63744 INFO tempest.lib.common.rest_client [req-34835e84-9846-43cd-84a8-06d8934fd8e4 req-34835e84-9846-43cd-84a8-06d8934fd8e4 ] Request (MigrationsAdminTest:test_list_migrations_in_flavor_resize_situation): 200 GET http://10.180.1.21/compute/v2.1/servers/7d8d0417-b510-417b-a18f-375d1dfd3757 0.118s
2025-02-19 12:27:47.610 63765 INFO tempest.lib.common.rest_client [req-538a3168-9d45-4bd4-899d-21deb8f8aa5a req-538a3168-9d45-4bd4-899d-21deb8f8aa5a ] Request (ServerDiagnosticsNegativeTest:tearDownClass): 200 GET http://10.180.1.21/compute/v2.1/servers/da37af6a-06d4-4c29-a60a-ac0c01939cf9 0.070s
2025-02-19 12:27:47.610 63744 INFO tempest.common.waiters [-] State transition "RESIZE/resize_migrating" ==> "RESIZE/resize_migrated" after 34 second wait
2025-02-19 12:27:47.657 63716 INFO tempest.lib.common.rest_client [req-a0efd498-07f1-483e-bb09-cf7db45b825d req-a0efd498-07f1-483e-bb09-cf7db45b825d ] Request (VolumesAdminNegativeTest:test_update_attached_volume_with_nonexistent_volume_in_body): 200 GET http://10.180.1.21/compute/v2.1/servers/d9faab7b-af63-41e1-94b5-65e3ad0db03f 0.053s
2025-02-19 12:27:47.663 63756 INFO tempest.lib.common.rest_client [req-5372709b-3032-4568-b869-a3b4e28768a1 req-5372709b-3032-4568-b869-a3b4e28768a1 ] Request (ServerDiagnosticsV248Test:tearDownClass): 204 DELETE http://10.180.1.21/identity/v3/projects/0013a1b538274db9afb123182a0becc9 0.080s
2025-02-19 12:27:47.724 63760 INFO tempest.lib.common.rest_client [req-7ded81ef-cea5-4835-9acf-906cb5220ee0 req-7ded81ef-cea5-4835-9acf-906cb5220ee0 ] Request (ListServerFiltersTestJSON:tearDownClass): 200 GET http://10.180.1.21/compute/v2.1/servers/f255de95-0e89-488b-8441-cc7c997cdf89 0.060s
2025-02-19 12:27:47.737 63756 INFO tempest.lib.common.rest_client [req-5aafa9d6-9c16-4cf5-bfb7-faa60a12c783 req-5aafa9d6-9c16-4cf5-bfb7-faa60a12c783 ] Request (ServersTestBootFromVolume:setUpClass): 201 POST http://10.180.1.21/identity/v3/auth/tokens 0.072s
2025-02-19 12:27:47.764 63734 INFO tempest.lib.common.rest_client [req-f89536bb-7aca-4617-adfe-fc324ea216c6 req-f89536bb-7aca-4617-adfe-fc324ea216c6 ] Request (ImagesOneServerTestJSON:test_create_delete_image): 200 GET http://10.180.1.21/compute/v2.1/images/0769e224-eefd-49e3-af87-387286648236 0.039s
2025-02-19 12:27:47.775 63756 INFO tempest.lib.common.rest_client [req-33258811-a8ee-4de8-be88-60f05f3a688c req-33258811-a8ee-4de8-be88-60f05f3a688c ] Request (ServersTestBootFromVolume:setUpClass): 201 POST http://10.180.1.21/identity/v3/auth/tokens 0.035s
2025-02-19 12:27:47.800 63756 INFO tempest.lib.common.rest_client [req-7d0e32ae-2ac9-4f24-a29e-50c19bedd215 req-7d0e32ae-2ac9-4f24-a29e-50c19bedd215 ] Request (ServersTestBootFromVolume:setUpClass): 200 GET http://10.180.1.21/identity/v3/domains?name=Default 0.024s
2025-02-19 12:27:47.826 63712 INFO tempest.lib.common.rest_client [req-036edc40-c5c1-48b7-ab10-1d495ec2744b req-036edc40-c5c1-48b7-ab10-1d495ec2744b ] Request (InstanceActionsTestJSON:tearDownClass): 200 GET http://10.180.1.21/compute/v2.1/servers/c64d965b-7be7-4357-a787-3f92c720519b 0.095s
2025-02-19 12:27:47.832 63756 INFO tempest.lib.common.rest_client [req-174733b8-e5b0-43de-92c6-a98e675a6fcd req-174733b8-e5b0-43de-92c6-a98e675a6fcd ] Request (ServersTestBootFromVolume:setUpClass): 201 POST http://10.180.1.21/identity/v3/projects 0.031s
2025-02-19 12:27:47.868 63714 INFO tempest.lib.common.rest_client [req-1e566614-8f55-463f-a856-d02ddad64bb4 req-1e566614-8f55-463f-a856-d02ddad64bb4 ] Request (FloatingIPsAssociationTestJSON:setUpClass): 200 GET http://10.180.1.21/compute/v2.1/servers/f685f5b8-a0c2-4bcc-8b41-a2ada29d7b64 0.303s
2025-02-19 12:27:47.885 63768 INFO tempest.lib.common.rest_client [req-1edeab5b-30c8-4686-9331-16de720c4ff8 req-1edeab5b-30c8-4686-9331-16de720c4ff8 ] Request (ServerRescueNegativeTestJSON:setUpClass): 200 GET http://10.180.1.21/compute/v2.1/servers/369dc141-ec0b-4237-aed7-d047e9a59bab 0.083s
2025-02-19 12:27:47.901 63756 INFO tempest.lib.common.rest_client [req-d3a5b41e-9e79-4f93-86f7-50cb6ac4d3f2 req-d3a5b41e-9e79-4f93-86f7-50cb6ac4d3f2 ] Request (ServersTestBootFromVolume:setUpClass): 201 POST http://10.180.1.21/identity/v3/users 0.069s
2025-02-19 12:27:47.924 63756 INFO tempest.lib.common.rest_client [req-ef8bb451-de5c-47c1-ab53-9ed8b918127c req-ef8bb451-de5c-47c1-ab53-9ed8b918127c ] Request (ServersTestBootFromVolume:setUpClass): 200 GET http://10.180.1.21/identity/v3/roles 0.022s
2025-02-19 12:27:47.943 63726 INFO tempest.lib.common.rest_client [req-d7bb7c4b-8711-42c8-b9f9-bac3a65e5e10 req-d7bb7c4b-8711-42c8-b9f9-bac3a65e5e10 ] Request (FloatingIPsAssociationNegativeTestJSON:tearDownClass): 200 GET http://10.180.1.21/compute/v2.1/servers/11044fc7-5b70-43f5-b5f0-703eec1592fd 0.080s
2025-02-19 12:27:47.962 63756 INFO tempest.lib.common.rest_client [req-a0d36f65-d0da-42c4-b212-76799fe89c68 req-a0d36f65-d0da-42c4-b212-76799fe89c68 ] Request (ServersTestBootFromVolume:setUpClass): 204 PUT http://10.180.1.21/identity/v3/projects/260c8cc217184a96a517fca61dc75bc4/users/239c07b3967f4a33bb08cede4bd7d3c7/roles/045876ccc6b24a7e9699b66beec926e7 0.037s
2025-02-19 12:27:47.962 63756 INFO tempest.lib.common.dynamic_creds [-] Dynamic test user 239c07b3967f4a33bb08cede4bd7d3c7 is created with scope project and roles: ['member']
2025-02-19 12:27:47.962 63756 INFO tempest.lib.common.dynamic_creds [-] Acquired dynamic creds: credentials: Credentials: {'domain_id': 'default', 'domain_name': 'Default', 'username': 'tempest-ServersTestBootFromVolume-916439839-project-member', 'project_domain_id': 'default', 'project_domain_name': 'Default', 'project_id': '260c8cc217184a96a517fca61dc75bc4', 'project_name': 'tempest-ServersTestBootFromVolume-916439839', 'tenant_id': '260c8cc217184a96a517fca61dc75bc4', 'tenant_name': 'tempest-ServersTestBootFromVolume-916439839', 'user_domain_id': 'default', 'user_domain_name': 'Default', 'user_id': '239c07b3967f4a33bb08cede4bd7d3c7', 'system': None}, Network: None, Subnet: None, Router: None
2025-02-19 12:27:48.003 63736 INFO tempest.lib.common.rest_client [req-d61de514-369c-432e-b9d6-e1727b745753 req-d61de514-369c-432e-b9d6-e1727b745753 ] Request (ServersTestMultiNic:test_verify_duplicate_network_nics): 200 GET http://10.180.1.21/compute/v2.1/servers/5fae3008-ed55-4e69-bea5-33f26ee23090 0.134s
2025-02-19 12:27:48.020 63756 INFO tempest.lib.common.rest_client [req-dda35d74-1e4a-481e-b881-f772bb29b00a req-dda35d74-1e4a-481e-b881-f772bb29b00a ] Request (ServersTestBootFromVolume:setUpClass): 201 POST http://10.180.1.21/identity/v3/auth/tokens 0.057s
2025-02-19 12:27:48.042 63752 INFO tempest.lib.common.rest_client [req-8fe50b0d-e71d-46e3-8121-55ccca151dc7 req-8fe50b0d-e71d-46e3-8121-55ccca151dc7 ] Request (ServerActionsTestOtherB:setUpClass): 200 GET http://10.180.1.21/compute/v2.1/servers/412eac9c-3c2e-439d-bcec-af6ec09c879f 0.230s
2025-02-19 12:27:48.078 63748 INFO tempest.lib.common.rest_client [req-677fe3fe-b8f0-4d88-ac96-f48a9cd3bd28 req-677fe3fe-b8f0-4d88-ac96-f48a9cd3bd28 ] Request (ServersAdmin275Test:tearDownClass): 200 GET http://10.180.1.21/compute/v2.1/servers/555f5ecb-fbd7-488e-823b-f35bf9d5e803 0.109s
2025-02-19 12:27:48.131 63770 INFO tempest.lib.common.rest_client [req-e2aa1b9a-1c44-40a8-aa03-bb3d26b32daa req-e2aa1b9a-1c44-40a8-aa03-bb3d26b32daa ] Request (ServersTestManualDisk:setUpClass): 200 GET http://10.180.1.21/compute/v2.1/servers/8b83e720-1025-4989-9bd0-37b3da8511ae 0.115s
2025-02-19 12:27:48.192 63758 INFO tempest.lib.common.rest_client [req-266f238a-1814-43c9-8e04-41278ef293b5 req-266f238a-1814-43c9-8e04-41278ef293b5 ] Request (ServersTestFqdnHostnames:test_create_server_with_fqdn_name): 200 GET http://10.180.1.21/compute/v2.1/servers/9707b3a4-7e96-4c52-a1d5-d4e4988e129a 0.136s
2025-02-19 12:27:48.249 63732 INFO tempest.lib.common.rest_client [req-2a01da1d-02a5-4f31-ac5c-eb9f90f1a0b3 req-2a01da1d-02a5-4f31-ac5c-eb9f90f1a0b3 ] Request (InstanceActionsV221TestJSON:test_get_list_deleted_instance_actions): 200 GET http://10.180.1.21/compute/v2.1/servers/a0e8987b-f229-466e-8a19-108a84646ae3 0.129s
2025-02-19 12:27:48.296 63772 INFO tempest.lib.common.rest_client [req-cdc2d52b-be56-4c49-937b-e5bfdb3f646f req-cdc2d52b-be56-4c49-937b-e5bfdb3f646f ] Request (ServerTagsTestJSON:setUpClass): 200 GET http://10.180.1.21/compute/v2.1/servers/cf289fc2-ecbe-49e9-84d2-a3d421e2bb25 0.185s
2025-02-19 12:27:48.300 63738 INFO tempest.lib.common.rest_client [req-3fbb4726-edaf-4a0b-b721-400af1d680cd req-3fbb4726-edaf-4a0b-b721-400af1d680cd ] Request (SecurityGroupsTestJSON:test_server_security_groups): 200 GET http://10.180.1.21/compute/v2.1/servers/260d1159-09e8-4c66-b877-7eb0e6effde4 0.141s
2025-02-19 12:27:48.347 63750 INFO tempest.lib.common.rest_client [req-040e763a-774c-4a7f-87cf-22ced78e15aa req-040e763a-774c-4a7f-87cf-22ced78e15aa ] Request (MultipleCreateTestJSON:test_multiple_create_with_reservation_return): 200 GET http://10.180.1.21/compute/v2.1/servers/2ed42fac-9066-4bc2-831a-91e367651687 0.126s
2025-02-19 12:27:48.350 63728 INFO tempest.lib.common.rest_client [req-3c15b891-9396-4467-afe2-277ad2f599d9 req-3c15b891-9396-4467-afe2-277ad2f599d9 ] Request (AttachInterfacesTestJSON:test_create_list_show_delete_interfaces_by_fixed_ip): 200 GET http://10.180.1.21/compute/v2.1/servers/69b7e6dd-497a-4e72-9669-5b3cf404bbf6 0.177s
2025-02-19 12:27:48.372 63756 INFO tempest.lib.common.rest_client [req-19c5eb60-1c8d-406f-ae58-20765b25d202 req-19c5eb60-1c8d-406f-ae58-20765b25d202 ] Request (ServersTestBootFromVolume:setUpClass): 201 POST http://10.180.1.21:9696/networking/v2.0/networks 0.352s
2025-02-19 12:27:48.403 63722 INFO tempest.lib.common.rest_client [req-9b0ec914-08b6-4d50-a30f-fa4679b756cd req-9b0ec914-08b6-4d50-a30f-fa4679b756cd ] Request (DeleteServersAdminTestJSON:test_delete_server_while_in_error_state): 200 GET http://10.180.1.21/compute/v2.1/servers/59fa839d-83dd-463c-9e5e-91f5fbe38753 0.179s
2025-02-19 12:27:48.410 63766 INFO tempest.lib.common.rest_client [req-a4b890eb-50af-4bab-83d5-141ac25249d3 req-a4b890eb-50af-4bab-83d5-141ac25249d3 ] Request (TenantUsagesTestJSON:tearDownClass): 200 GET http://10.180.1.21/compute/v2.1/servers/23321024-43d0-47bd-978a-54fe07732e63 0.131s
2025-02-19 12:27:48.472 63740 INFO tempest.lib.common.rest_client [req-524b8e55-0fbe-4582-a6b3-96302967fdff req-524b8e55-0fbe-4582-a6b3-96302967fdff ] Request (ImagesTestJSON:test_create_image_from_stopped_server): 200 GET http://10.180.1.21/compute/v2.1/servers/d74cfc21-d87d-45a2-8cf7-4d34244fc363 0.181s
2025-02-19 12:27:48.476 63720 INFO tempest.lib.common.rest_client [req-7612aa8a-530f-48ac-ae3f-1d451f6163e9 req-7612aa8a-530f-48ac-ae3f-1d451f6163e9 ] Request (ServersAdminNegativeTestJSON:tearDownClass): 200 GET http://10.180.1.21/compute/v2.1/servers/3d12aa80-970a-4952-92b8-190639fd60f9 0.120s
2025-02-19 12:27:48.524 63730 INFO tempest.lib.common.rest_client [req-2493e74c-8594-4366-9e6c-0544a54967aa req-2493e74c-8594-4366-9e6c-0544a54967aa ] Request (ListImageFiltersTestJSON:setUpClass): 200 GET http://10.180.1.21/compute/v2.1/servers/bf32371c-af10-493d-911c-4e62135b56d9 0.133s
2025-02-19 12:27:48.557 63756 INFO tempest.lib.common.rest_client [req-a6cf262c-7f4a-4f38-aaf4-edf0a016c8a6 req-a6cf262c-7f4a-4f38-aaf4-edf0a016c8a6 ] Request (ServersTestBootFromVolume:setUpClass): 201 POST http://10.180.1.21:9696/networking/v2.0/subnets 0.184s
2025-02-19 12:27:48.613 63718 INFO tempest.lib.common.rest_client [req-4f77ad95-e631-4a63-b794-6199c61ddc47 req-4f77ad95-e631-4a63-b794-6199c61ddc47 ] Request (ServerDiagnosticsTest:tearDownClass): 200 GET http://10.180.1.21/compute/v2.1/servers/36739a27-6196-4609-868a-aa03d3a6677c 0.054s
2025-02-19 12:27:48.685 63765 INFO tempest.lib.common.rest_client [req-632707e9-c0b4-43aa-9f62-91cf5e5d4e0f req-632707e9-c0b4-43aa-9f62-91cf5e5d4e0f ] Request (ServerDiagnosticsNegativeTest:tearDownClass): 200 GET http://10.180.1.21/compute/v2.1/servers/da37af6a-06d4-4c29-a60a-ac0c01939cf9 0.059s
2025-02-19 12:27:48.743 63716 INFO tempest.lib.common.rest_client [req-c839afe6-11c5-4465-a2bd-63c7848ab787 req-c839afe6-11c5-4465-a2bd-63c7848ab787 ] Request (VolumesAdminNegativeTest:test_update_attached_volume_with_nonexistent_volume_in_body): 200 GET http://10.180.1.21/compute/v2.1/servers/d9faab7b-af63-41e1-94b5-65e3ad0db03f 0.078s
2025-02-19 12:27:48.789 63744 INFO tempest.lib.common.rest_client [req-0da3a000-9153-4a03-9493-6263a2c3344b req-0da3a000-9153-4a03-9493-6263a2c3344b ] Request (MigrationsAdminTest:test_list_migrations_in_flavor_resize_situation): 200 GET http://10.180.1.21/compute/v2.1/servers/7d8d0417-b510-417b-a18f-375d1dfd3757 0.177s
2025-02-19 12:27:48.820 63760 INFO tempest.lib.common.rest_client [req-24b73d3e-6d8b-44b3-941b-7d1685576f8a req-24b73d3e-6d8b-44b3-941b-7d1685576f8a ] Request (ListServerFiltersTestJSON:tearDownClass): 200 GET http://10.180.1.21/compute/v2.1/servers/f255de95-0e89-488b-8441-cc7c997cdf89 0.085s
2025-02-19 12:27:48.829 63734 INFO tempest.lib.common.rest_client [req-ab267922-21c0-4b8f-9c8d-cee0acfc5853 req-ab267922-21c0-4b8f-9c8d-cee0acfc5853 ] Request (ImagesOneServerTestJSON:test_create_delete_image): 200 GET http://10.180.1.21/compute/v2.1/images/0769e224-eefd-49e3-af87-387286648236 0.060s
2025-02-19 12:27:48.835 63742 WARNING tempest.lib.common.ssh [-] Failed to establish authenticated ssh connection to cirros@10.180.180.233 ([Errno None] Unable to connect to port 22 on 10.180.180.233). Number attempts: 5. Retry after 6 seconds.: paramiko.ssh_exception.NoValidConnectionsError: [Errno None] Unable to connect to port 22 on 10.180.180.233
2025-02-19 12:27:48.900 63712 INFO tempest.lib.common.rest_client [req-9c88dad5-059a-4d0a-b98f-d45e9dafd33f req-9c88dad5-059a-4d0a-b98f-d45e9dafd33f ] Request (InstanceActionsTestJSON:tearDownClass): 200 GET http://10.180.1.21/compute/v2.1/servers/c64d965b-7be7-4357-a787-3f92c720519b 0.062s
2025-02-19 12:27:48.941 63714 INFO tempest.lib.common.rest_client [req-20d449c1-318d-4f22-9053-768f7e153734 req-20d449c1-318d-4f22-9053-768f7e153734 ] Request (FloatingIPsAssociationTestJSON:setUpClass): 200 GET http://10.180.1.21/compute/v2.1/servers/f685f5b8-a0c2-4bcc-8b41-a2ada29d7b64 0.061s
2025-02-19 12:27:48.964 63768 INFO tempest.lib.common.rest_client [req-04a09683-d7b7-4ac1-82c3-431c1769f4b9 req-04a09683-d7b7-4ac1-82c3-431c1769f4b9 ] Request (ServerRescueNegativeTestJSON:setUpClass): 200 GET http://10.180.1.21/compute/v2.1/servers/369dc141-ec0b-4237-aed7-d047e9a59bab 0.070s
2025-02-19 12:27:49.024 63726 INFO tempest.lib.common.rest_client [req-040580b9-fd74-4217-adfe-55dc1d3e444b req-040580b9-fd74-4217-adfe-55dc1d3e444b ] Request (FloatingIPsAssociationNegativeTestJSON:tearDownClass): 200 GET http://10.180.1.21/compute/v2.1/servers/11044fc7-5b70-43f5-b5f0-703eec1592fd 0.072s
2025-02-19 12:27:49.077 63736 INFO tempest.lib.common.rest_client [req-316ce48d-5005-4856-82c8-b6c990df7270 req-316ce48d-5005-4856-82c8-b6c990df7270 ] Request (ServersTestMultiNic:test_verify_duplicate_network_nics): 200 GET http://10.180.1.21/compute/v2.1/servers/5fae3008-ed55-4e69-bea5-33f26ee23090 0.062s
2025-02-19 12:27:49.177 63748 INFO tempest.lib.common.rest_client [req-d0b08f2f-eee2-4e7b-af8d-6c4b020658bd req-d0b08f2f-eee2-4e7b-af8d-6c4b020658bd ] Request (ServersAdmin275Test:tearDownClass): 200 GET http://10.180.1.21/compute/v2.1/servers/555f5ecb-fbd7-488e-823b-f35bf9d5e803 0.085s
2025-02-19 12:27:49.248 63770 INFO tempest.lib.common.rest_client [req-08bed68e-2c9c-472c-93cf-405d5aa5361d req-08bed68e-2c9c-472c-93cf-405d5aa5361d ] Request (ServersTestManualDisk:setUpClass): 200 GET http://10.180.1.21/compute/v2.1/servers/8b83e720-1025-4989-9bd0-37b3da8511ae 0.108s
2025-02-19 12:27:49.415 63752 INFO tempest.lib.common.rest_client [req-2602d7df-94b6-4b28-b264-08361fa8dd89 req-2602d7df-94b6-4b28-b264-08361fa8dd89 ] Request (ServerActionsTestOtherB:setUpClass): 200 GET http://10.180.1.21/compute/v2.1/servers/412eac9c-3c2e-439d-bcec-af6ec09c879f 0.365s
2025-02-19 12:27:49.459 63758 INFO tempest.lib.common.rest_client [req-e5366af8-74fd-4071-b184-0ce67827e7b2 req-e5366af8-74fd-4071-b184-0ce67827e7b2 ] Request (ServersTestFqdnHostnames:test_create_server_with_fqdn_name): 200 GET http://10.180.1.21/compute/v2.1/servers/9707b3a4-7e96-4c52-a1d5-d4e4988e129a 0.257s
2025-02-19 12:27:49.468 63758 INFO tempest.common.waiters [-] State transition "BUILD/spawning" ==> "ACTIVE/None" after 37 second wait
2025-02-19 12:27:49.474 63732 INFO tempest.lib.common.rest_client [req-4c5258f4-0e7a-4e4c-a876-b8de53bb5a15 req-4c5258f4-0e7a-4e4c-a876-b8de53bb5a15 ] Request (InstanceActionsV221TestJSON:test_get_list_deleted_instance_actions): 200 GET http://10.180.1.21/compute/v2.1/servers/a0e8987b-f229-466e-8a19-108a84646ae3 0.214s
2025-02-19 12:27:49.529 63738 INFO tempest.lib.common.rest_client [req-23d184b2-5ba4-4281-a43a-d7e92e30f933 req-23d184b2-5ba4-4281-a43a-d7e92e30f933 ] Request (SecurityGroupsTestJSON:test_server_security_groups): 200 GET http://10.180.1.21/compute/v2.1/servers/260d1159-09e8-4c66-b877-7eb0e6effde4 0.219s
2025-02-19 12:27:49.603 63750 INFO tempest.lib.common.rest_client [req-2216993b-58d1-4403-9933-ffbf675693ca req-2216993b-58d1-4403-9933-ffbf675693ca ] Request (MultipleCreateTestJSON:test_multiple_create_with_reservation_return): 200 GET http://10.180.1.21/compute/v2.1/servers/2ed42fac-9066-4bc2-831a-91e367651687 0.248s
2025-02-19 12:27:49.608 63756 INFO tempest.lib.common.rest_client [req-9040c274-86ff-4340-a3c4-f94a9089bb3e req-9040c274-86ff-4340-a3c4-f94a9089bb3e ] Request (ServersTestBootFromVolume:setUpClass): 201 POST http://10.180.1.21:9696/networking/v2.0/routers 1.051s
2025-02-19 12:27:49.644 63772 INFO tempest.lib.common.rest_client [req-6d4bb773-857a-425b-8144-c5569a359f85 req-6d4bb773-857a-425b-8144-c5569a359f85 ] Request (ServerTagsTestJSON:setUpClass): 200 GET http://10.180.1.21/compute/v2.1/servers/cf289fc2-ecbe-49e9-84d2-a3d421e2bb25 0.333s
2025-02-19 12:27:49.675 63728 INFO tempest.lib.common.rest_client [req-15eb20dd-cd03-41c6-9b63-ee587c7899e0 req-15eb20dd-cd03-41c6-9b63-ee587c7899e0 ] Request (AttachInterfacesTestJSON:test_create_list_show_delete_interfaces_by_fixed_ip): 200 GET http://10.180.1.21/compute/v2.1/servers/69b7e6dd-497a-4e72-9669-5b3cf404bbf6 0.317s
