2025-02-19 12:26:56.147 63722 INFO tempest.lib.common.rest_client [req-9b1847d7-9d12-4677-a1d0-cc52d2d6c268 req-9b1847d7-9d12-4677-a1d0-cc52d2d6c268 ] Request (DeleteServersAdminTestJSON:test_admin_delete_servers_of_others): 204 DELETE http://10.180.1.21/compute/v2.1/servers/2d7b2df8-8422-4d6a-ae5d-7a99ac10df02 2.154s
2025-02-19 12:26:56.170 63744 INFO tempest.lib.common.rest_client [req-892ded5c-899b-4b72-b726-7e83858223d1 req-892ded5c-899b-4b72-b726-7e83858223d1 ] Request (MigrationsAdminTest:test_list_migrations_in_flavor_resize_situation): 200 GET http://10.180.1.21/compute/v2.1/servers/7d8d0417-b510-417b-a18f-375d1dfd3757 2.172s
2025-02-19 12:26:56.176 63772 INFO tempest.lib.common.rest_client [req-8776b72b-95cf-4c41-bfa7-8b171fa020b2 req-8776b72b-95cf-4c41-bfa7-8b171fa020b2 ] Request (MultipleCreateNegativeTestJSON:test_max_count_non_integer): 400 POST http://10.180.1.21/compute/v2.1/servers 1.700s
2025-02-19 12:26:56.186 63744 INFO tempest.common.waiters [-] State transition "BUILD/None" ==> "BUILD/block_device_mapping" after 15 second wait
2025-02-19 12:26:56.252 63758 INFO tempest.lib.common.rest_client [req-5e5c6424-dd50-43d9-9706-8477a7b138c4 req-5e5c6424-dd50-43d9-9706-8477a7b138c4 ] Request (ServersTestFqdnHostnames:setUpClass): 201 POST http://10.180.1.21/identity/v3/auth/tokens 0.224s
2025-02-19 12:26:56.253 63720 INFO tempest.lib.common.rest_client [req-db21029c-b5df-440f-b8df-edb1a3b728c1 req-db21029c-b5df-440f-b8df-edb1a3b728c1 ] Request (ServersAdminNegativeTestJSON:test_migrate_server_invalid_state): 200 GET http://10.180.1.21/compute/v2.1/servers/3d12aa80-970a-4952-92b8-190639fd60f9 1.676s
2025-02-19 12:26:56.264 63720 INFO tempest.common.waiters [-] State transition "BUILD/scheduling" ==> "BUILD/None" after 6 second wait
2025-02-19 12:26:56.315 63768 INFO tempest.lib.common.rest_client [req-6d53104c-871e-4153-8037-c5cc5fdaa53b req-6d53104c-871e-4153-8037-c5cc5fdaa53b ] Request (InstanceUsageAuditLogTestJSON:tearDownClass): 204 DELETE http://10.180.1.21:9696/networking/v2.0/security-groups/61ee8962-1d6d-4585-ae56-92a5f681baf4 0.255s
2025-02-19 12:26:56.325 63765 INFO tempest.lib.common.rest_client [req-6b3587bd-ddc8-41a5-9e8d-2582e71184a2 req-6b3587bd-ddc8-41a5-9e8d-2582e71184a2 ] Request (ServerDiagnosticsNegativeTest:test_get_server_diagnostics_by_non_admin): 201 POST http://10.180.1.21/identity/v3/auth/tokens 0.176s
2025-02-19 12:26:56.326 63765 INFO tempest.lib.common.fixed_network [-] (ServerDiagnosticsNegativeTest:test_get_server_diagnostics_by_non_admin) Found network None available for tenant
2025-02-19 12:26:56.348 63772 INFO tempest.lib.common.rest_client [req-223e0f8e-6fc0-4d4c-a884-34cf70f50a34 req-223e0f8e-6fc0-4d4c-a884-34cf70f50a34 ] Request (MultipleCreateNegativeTestJSON:test_min_count_less_than_one): 201 POST http://10.180.1.21/identity/v3/auth/tokens 0.165s
2025-02-19 12:26:56.348 63772 INFO tempest.lib.common.fixed_network [-] (MultipleCreateNegativeTestJSON:test_min_count_less_than_one) Found network None available for tenant
2025-02-19 12:26:56.434 63748 INFO tempest.lib.common.rest_client [req-a6b11664-70b8-463a-b7d2-c26b1cfd772e req-a6b11664-70b8-463a-b7d2-c26b1cfd772e ] Request (ServersAdmin275Test:test_rebuild_update_server_275): 202 POST http://10.180.1.21/compute/v2.1/servers/555f5ecb-fbd7-488e-823b-f35bf9d5e803/action 2.350s
2025-02-19 12:26:56.442 63768 INFO tempest.lib.common.rest_client [req-bd7b18ea-368a-490b-83c3-fefe8fe7d0b2 req-bd7b18ea-368a-490b-83c3-fefe8fe7d0b2 ] Request (InstanceUsageAuditLogTestJSON:tearDownClass): 204 DELETE http://10.180.1.21/identity/v3/projects/9fb369686c294cd99e022b1343379f0d 0.126s
2025-02-19 12:26:56.504 63746 INFO tempest.lib.common.rest_client [req-a7125c7e-58d0-4e3b-a9f0-f0eb99d440c6 req-a7125c7e-58d0-4e3b-a9f0-f0eb99d440c6 ] Request (ComputeTenantNetworksTest:setUpClass): 201 POST http://10.180.1.21:9696/networking/v2.0/networks 0.893s
2025-02-19 12:26:56.504 63746 INFO tempest.lib.common.dynamic_creds [-] Created isolated network resources for: credentials: Credentials: {'domain_id': 'default', 'domain_name': 'Default', 'username': 'tempest-ComputeTenantNetworksTest-1206061933-project-member', 'project_domain_id': 'default', 'project_domain_name': 'Default', 'project_id': 'b4dd279fae39440d968d5e7e16ef632b', 'project_name': 'tempest-ComputeTenantNetworksTest-1206061933', 'tenant_id': 'b4dd279fae39440d968d5e7e16ef632b', 'tenant_name': 'tempest-ComputeTenantNetworksTest-1206061933', 'user_domain_id': 'default', 'user_domain_name': 'Default', 'user_id': '6b8eefd1f0d94d9fad5d8979b8b39a38', 'system': None}, Network: {'id': '92683add-90c7-420b-9c72-95d505b53154', 'name': 'tempest-ComputeTenantNetworksTest-1376558699-network', 'tenant_id': 'b4dd279fae39440d968d5e7e16ef632b', 'admin_state_up': True, 'mtu': 8950, 'status': 'ACTIVE', 'subnets': [], 'shared': False, 'project_id': 'b4dd279fae39440d968d5e7e16ef632b', 'port_security_enabled': True, 'router:external': False, 'provider:network_type': 'vlan', 'provider:physical_network': 'default', 'provider:segmentation_id': 353, 'availability_zone_hints': [], 'availability_zones': [], 'ipv4_address_scope': None, 'ipv6_address_scope': None, 'description': '', 'tags': [], 'created_at': '2025-02-19T12:26:56Z', 'updated_at': '2025-02-19T12:26:56Z', 'revision_number': 1}, Subnet: None, Router: None
2025-02-19 12:26:56.522 63738 INFO tempest.lib.common.rest_client [req-bf0a269a-d5c0-4ed7-85f6-40cd141b7c55 req-bf0a269a-d5c0-4ed7-85f6-40cd141b7c55 ] Request (SecurityGroupsTestJSON:test_list_security_groups_by_server): 200 GET http://10.180.1.21/compute/v2.1/servers/fcbd90f1-050f-4144-ab22-06f5894118eb 1.450s
2025-02-19 12:26:56.526 63724 INFO tempest.lib.common.rest_client [req-3712e591-4b76-4d25-8ac5-28031c639f4a req-3712e591-4b76-4d25-8ac5-28031c639f4a ] Request (KeyPairsNegativeTestJSON:test_create_keypair_with_empty_name_string): 400 POST http://10.180.1.21/compute/v2.1/os-keypairs 1.377s
2025-02-19 12:26:56.526 63768 INFO tempest.lib.common.rest_client [req-f25aad63-e826-464d-89e6-95444bf416e0 req-f25aad63-e826-464d-89e6-95444bf416e0 ] Request (QuotasAdminTestJSON:setUpClass): 201 POST http://10.180.1.21/identity/v3/auth/tokens 0.081s
2025-02-19 12:26:56.536 63738 INFO tempest.common.waiters [-] State transition "BUILD/scheduling" ==> "BUILD/None" after 5 second wait
2025-02-19 12:26:56.573 63768 INFO tempest.lib.common.rest_client [req-58fea19e-0f94-4467-997f-69145a3b67bf req-58fea19e-0f94-4467-997f-69145a3b67bf ] Request (QuotasAdminTestJSON:setUpClass): 201 POST http://10.180.1.21/identity/v3/auth/tokens 0.043s
2025-02-19 12:26:56.577 63734 INFO tempest.lib.common.rest_client [req-7f08b9a1-6f0f-4a18-b431-218fdf140452 req-7f08b9a1-6f0f-4a18-b431-218fdf140452 ] Request (ImagesDeleteNegativeTestJSON:tearDownClass): 200 GET http://10.180.1.21:9696/networking/v2.0/security-groups?tenant_id=a795cdc12d13485f971012c307ade528&name=default 0.710s
2025-02-19 12:26:56.597 63752 INFO tempest.lib.common.rest_client [req-8d15044c-6acb-4e45-b376-f5b93d7bae53 req-8d15044c-6acb-4e45-b376-f5b93d7bae53 ] Request (QuotasAdminTestV257:test_get_updated_quotas): 200 PUT http://10.180.1.21/compute/v2.1/os-quota-sets/d0dd72b4728b41629ed8cd60157c59f2?user_id=aeb64bae91b7499e8841e492cd6e9561 1.875s
2025-02-19 12:26:56.605 63768 INFO tempest.lib.common.rest_client [req-02fc2d8d-0f27-4de8-bb2d-1e1e0b79434c req-02fc2d8d-0f27-4de8-bb2d-1e1e0b79434c ] Request (QuotasAdminTestJSON:setUpClass): 200 GET http://10.180.1.21/identity/v3/domains?name=Default 0.032s
2025-02-19 12:26:56.617 63714 INFO tempest.lib.common.rest_client [req-5ac57d13-fc7c-4d81-a2c8-7c87086138b0 req-5ac57d13-fc7c-4d81-a2c8-7c87086138b0 ] Request (AggregatesAdminNegativeTestJSON:test_aggregate_create_with_existent_aggregate_name): 409 POST http://10.180.1.21/compute/v2.1/os-aggregates 1.416s
2025-02-19 12:26:56.623 63746 INFO tempest.lib.common.rest_client [req-ce1f3975-4840-4b5a-a63d-edaf6e6f9a67 req-ce1f3975-4840-4b5a-a63d-edaf6e6f9a67 ] Request (ComputeTenantNetworksTest:setUpClass): 201 POST http://10.180.1.21/identity/v3/auth/tokens 0.110s
2025-02-19 12:26:56.631 63728 INFO tempest.lib.common.rest_client [req-bec6450b-7890-492b-8a3a-55b27435a139 req-bec6450b-7890-492b-8a3a-55b27435a139 ] Request (FlavorsV2TestJSON:test_list_flavors_using_marker): 200 GET http://10.180.1.21/compute/v2.1/flavors/42 1.410s
2025-02-19 12:26:56.641 63756 INFO tempest.lib.common.rest_client [req-a011b284-64de-4f63-a1fc-528e89407883 req-a011b284-64de-4f63-a1fc-528e89407883 ] Request (ServerDiagnosticsV248Test:test_get_server_diagnostics): 200 GET http://10.180.1.21/compute/v2.1/servers/dc0da38c-afce-47f2-ac49-5a0933f2a926 1.462s
2025-02-19 12:26:56.642 63768 INFO tempest.lib.common.rest_client [req-f13c2e7a-372a-4d28-a72c-80df0ba1e71d req-f13c2e7a-372a-4d28-a72c-80df0ba1e71d ] Request (QuotasAdminTestJSON:setUpClass): 201 POST http://10.180.1.21/identity/v3/projects 0.036s
2025-02-19 12:26:56.661 63756 INFO tempest.common.waiters [-] State transition "BUILD/spawning" ==> "ACTIVE/None" after 21 second wait
2025-02-19 12:26:56.725 63746 INFO tempest.lib.common.rest_client [req-ef34bf28-cddc-49e2-9e98-6fef7908a270 req-ef34bf28-cddc-49e2-9e98-6fef7908a270 ] Request (ComputeTenantNetworksTest:setUpClass): 201 POST http://10.180.1.21/identity/v3/auth/tokens 0.096s
2025-02-19 12:26:56.725 63746 INFO tempest.lib.common.fixed_network [-] (ComputeTenantNetworksTest:setUpClass) Found network {'id': '92683add-90c7-420b-9c72-95d505b53154', 'name': 'tempest-ComputeTenantNetworksTest-1376558699-network', 'tenant_id': 'b4dd279fae39440d968d5e7e16ef632b', 'admin_state_up': True, 'mtu': 8950, 'status': 'ACTIVE', 'subnets': [], 'shared': False, 'project_id': 'b4dd279fae39440d968d5e7e16ef632b', 'port_security_enabled': True, 'router:external': False, 'provider:network_type': 'vlan', 'provider:physical_network': 'default', 'provider:segmentation_id': 353, 'availability_zone_hints': [], 'availability_zones': [], 'ipv4_address_scope': None, 'ipv6_address_scope': None, 'description': '', 'tags': [], 'created_at': '2025-02-19T12:26:56Z', 'updated_at': '2025-02-19T12:26:56Z', 'revision_number': 1} available for tenant
2025-02-19 12:26:56.753 63712 INFO tempest.lib.common.rest_client [req-1a7cb117-3278-4e80-a740-0fb403d3b7b3 req-1a7cb117-3278-4e80-a740-0fb403d3b7b3 ] Request (InstanceActionsTestJSON:setUpClass): 200 GET http://10.180.1.21/compute/v2.1/servers/c64d965b-7be7-4357-a787-3f92c720519b 1.481s
2025-02-19 12:26:56.793 63734 INFO tempest.lib.common.rest_client [req-2492af5d-2089-4e50-9b51-e370da1afe77 req-2492af5d-2089-4e50-9b51-e370da1afe77 ] Request (ImagesDeleteNegativeTestJSON:tearDownClass): 204 DELETE http://10.180.1.21:9696/networking/v2.0/security-groups/35efca7f-9ce6-4234-bf83-3e6ec94479d1 0.215s
2025-02-19 12:26:56.810 63768 INFO tempest.lib.common.rest_client [req-c2db90cd-d290-4b4d-a83c-cff1752b0de2 req-c2db90cd-d290-4b4d-a83c-cff1752b0de2 ] Request (QuotasAdminTestJSON:setUpClass): 201 POST http://10.180.1.21/identity/v3/users 0.168s
2025-02-19 12:26:56.819 63758 INFO tempest.lib.common.rest_client [req-ecc507aa-de90-4526-8f5a-1295d07c3fa1 req-ecc507aa-de90-4526-8f5a-1295d07c3fa1 ] Request (ServersTestFqdnHostnames:setUpClass): 201 POST http://10.180.1.21:9696/networking/v2.0/networks 0.566s
2025-02-19 12:26:56.838 63768 INFO tempest.lib.common.rest_client [req-81efc7e2-2406-40b9-99d3-979510edfd5b req-81efc7e2-2406-40b9-99d3-979510edfd5b ] Request (QuotasAdminTestJSON:setUpClass): 200 GET http://10.180.1.21/identity/v3/roles 0.027s
2025-02-19 12:26:56.839 63732 INFO tempest.lib.common.rest_client [req-a59246e3-5c3d-42be-a747-a03cc29ab4ac req-a59246e3-5c3d-42be-a747-a03cc29ab4ac ] Request (SecurityGroupsNegativeTestJSON:test_delete_nonexistent_security_group): 404 DELETE http://10.180.1.21/compute/v2.1/os-security-groups/0a541179-13b5-4a9a-b20f-007e1f420944 1.612s
2025-02-19 12:26:56.867 63734 INFO tempest.lib.common.rest_client [req-994c9741-9f63-43c4-b709-b2100688b538 req-994c9741-9f63-43c4-b709-b2100688b538 ] Request (ImagesDeleteNegativeTestJSON:tearDownClass): 204 DELETE http://10.180.1.21/identity/v3/projects/a795cdc12d13485f971012c307ade528 0.074s
2025-02-19 12:26:56.925 63766 INFO tempest.lib.common.rest_client [req-616f34cb-028d-43e3-8476-f802b0f04eeb req-616f34cb-028d-43e3-8476-f802b0f04eeb ] Request (TenantUsagesTestJSON:setUpClass): 200 GET http://10.180.1.21/compute/v2.1/servers/23321024-43d0-47bd-978a-54fe07732e63 1.555s
2025-02-19 12:26:56.940 63734 INFO tempest.lib.common.rest_client [req-c71cd69d-2629-4282-8bf7-42d0489f6e26 req-c71cd69d-2629-4282-8bf7-42d0489f6e26 ] Request (ImagesOneServerTestJSON:setUpClass): 201 POST http://10.180.1.21/identity/v3/auth/tokens 0.070s
2025-02-19 12:26:56.941 63768 INFO tempest.lib.common.rest_client [req-7c7c4e1d-35a5-420a-98ef-0e1e8b157017 req-7c7c4e1d-35a5-420a-98ef-0e1e8b157017 ] Request (QuotasAdminTestJSON:setUpClass): 204 PUT http://10.180.1.21/identity/v3/projects/97889820fca3489eb11d8494a890b101/users/b3e25b3c9ead423c803b795470f17b47/roles/045876ccc6b24a7e9699b66beec926e7 0.103s
2025-02-19 12:26:56.941 63768 INFO tempest.lib.common.dynamic_creds [-] Dynamic test user b3e25b3c9ead423c803b795470f17b47 is created with scope project and roles: ['member']
2025-02-19 12:26:56.942 63768 INFO tempest.lib.common.dynamic_creds [-] Acquired dynamic creds: credentials: Credentials: {'domain_id': 'default', 'domain_name': 'Default', 'username': 'tempest-QuotasAdminTestJSON-1411802110-project-member', 'project_domain_id': 'default', 'project_domain_name': 'Default', 'project_id': '97889820fca3489eb11d8494a890b101', 'project_name': 'tempest-QuotasAdminTestJSON-1411802110', 'tenant_id': '97889820fca3489eb11d8494a890b101', 'tenant_name': 'tempest-QuotasAdminTestJSON-1411802110', 'user_domain_id': 'default', 'user_domain_name': 'Default', 'user_id': 'b3e25b3c9ead423c803b795470f17b47', 'system': None}, Network: None, Subnet: None, Router: None
2025-02-19 12:26:56.942 63768 INFO tempest.lib.common.dynamic_creds [-] Created isolated network resources for: credentials: Credentials: {'domain_id': 'default', 'domain_name': 'Default', 'username': 'tempest-QuotasAdminTestJSON-1411802110-project-member', 'project_domain_id': 'default', 'project_domain_name': 'Default', 'project_id': '97889820fca3489eb11d8494a890b101', 'project_name': 'tempest-QuotasAdminTestJSON-1411802110', 'tenant_id': '97889820fca3489eb11d8494a890b101', 'tenant_name': 'tempest-QuotasAdminTestJSON-1411802110', 'user_domain_id': 'default', 'user_domain_name': 'Default', 'user_id': 'b3e25b3c9ead423c803b795470f17b47', 'system': None}, Network: None, Subnet: None, Router: None
2025-02-19 12:26:57.011 63734 INFO tempest.lib.common.rest_client [req-31ce4b0f-df90-4793-8826-6767fbe2c2c5 req-31ce4b0f-df90-4793-8826-6767fbe2c2c5 ] Request (ImagesOneServerTestJSON:setUpClass): 201 POST http://10.180.1.21/identity/v3/auth/tokens 0.068s
2025-02-19 12:26:57.020 63710 INFO tempest.lib.common.rest_client [req-40c29a44-87d6-4772-9249-52979d3304cc req-40c29a44-87d6-4772-9249-52979d3304cc ] Request (ServersWithSpecificFlavorTestJSON:test_verify_created_server_ephemeral_disk): 200 GET http://10.180.1.21/compute/v2.1/servers/33df7bf1-a8e8-4368-b5a4-155436b6320f 1.625s
2025-02-19 12:26:57.040 63734 INFO tempest.lib.common.rest_client [req-55ee8c23-7cf8-4b7c-ad15-a3133997e5e7 req-55ee8c23-7cf8-4b7c-ad15-a3133997e5e7 ] Request (ImagesOneServerTestJSON:setUpClass): 200 GET http://10.180.1.21/identity/v3/domains?name=Default 0.028s
2025-02-19 12:26:57.068 63770 INFO tempest.lib.common.rest_client [req-be66ecc6-2dab-424b-8086-db4f3e77cecd req-be66ecc6-2dab-424b-8086-db4f3e77cecd ] Request (FloatingIPsNegativeTestJSON:setUpClass): 200 PUT http://10.180.1.21:9696/networking/v2.0/routers/5fd492a6-5342-41ee-b6fa-dc05316ad5d0/add_router_interface 2.601s
2025-02-19 12:26:57.068 63770 INFO tempest.lib.common.dynamic_creds [-] Created isolated network resources for: credentials: Credentials: {'domain_id': 'default', 'domain_name': 'Default', 'username': 'tempest-FloatingIPsNegativeTestJSON-831787825-project-member', 'project_domain_id': 'default', 'project_domain_name': 'Default', 'project_id': '47acd23600e34190a76e4cf0aa93206f', 'project_name': 'tempest-FloatingIPsNegativeTestJSON-831787825', 'tenant_id': '47acd23600e34190a76e4cf0aa93206f', 'tenant_name': 'tempest-FloatingIPsNegativeTestJSON-831787825', 'user_domain_id': 'default', 'user_domain_name': 'Default', 'user_id': 'a01769063a044a339063c624a2524554', 'system': None}, Network: {'id': '5da482f4-be6e-4ba7-ab9e-e399ba13cbc9', 'name': 'tempest-FloatingIPsNegativeTestJSON-2081951930-network', 'tenant_id': '47acd23600e34190a76e4cf0aa93206f', 'admin_state_up': True, 'mtu': 8950, 'status': 'ACTIVE', 'subnets': [], 'shared': False, 'project_id': '47acd23600e34190a76e4cf0aa93206f', 'port_security_enabled': True, 'router:external': False, 'provider:network_type': 'vlan', 'provider:physical_network': 'default', 'provider:segmentation_id': 475, 'availability_zone_hints': [], 'availability_zones': [], 'ipv4_address_scope': None, 'ipv6_address_scope': None, 'description': '', 'tags': [], 'created_at': '2025-02-19T12:26:51Z', 'updated_at': '2025-02-19T12:26:51Z', 'revision_number': 1}, Subnet: {'id': 'bd672d5f-d28a-4e3a-9fed-f05817341c99', 'name': 'tempest-FloatingIPsNegativeTestJSON-2081951930-subnet', 'tenant_id': '47acd23600e34190a76e4cf0aa93206f', 'network_id': '5da482f4-be6e-4ba7-ab9e-e399ba13cbc9', 'ip_version': 4, 'subnetpool_id': None, 'enable_dhcp': True, 'ipv6_ra_mode': None, 'ipv6_address_mode': None, 'gateway_ip': '192.168.128.1', 'cidr': '192.168.128.0/28', 'allocation_pools': [{'start': '192.168.128.2', 'end': '192.168.128.14'}], 'host_routes': [], 'dns_nameservers': [], 'description': '', 'router:external': False, 'service_types': [], 'tags': [], 'created_at': '2025-02-19T12:26:51Z', 'updated_at': '2025-02-19T12:26:51Z', 'revision_number': 0, 'project_id': '47acd23600e34190a76e4cf0aa93206f'}, Router: {'id': '5fd492a6-5342-41ee-b6fa-dc05316ad5d0', 'name': 'tempest-FloatingIPsNegativeTestJSON-2081951930-router', 'tenant_id': '47acd23600e34190a76e4cf0aa93206f', 'admin_state_up': True, 'status': 'ACTIVE', 'external_gateway_info': {'network_id': 'ba535d43-0d5f-48c8-8a25-d670ccc21a4a', 'external_fixed_ips': [{'subnet_id': '28a1311f-e912-438f-adce-922160b71663', 'ip_address': '10.180.180.147'}], 'enable_snat': True}, 'description': '', 'availability_zones': [], 'distributed': False, 'ha': False, 'availability_zone_hints': [], 'routes': [], 'flavor_id': None, 'tags': [], 'created_at': '2025-02-19T12:26:52Z', 'updated_at': '2025-02-19T12:26:53Z', 'revision_number': 2, 'project_id': '47acd23600e34190a76e4cf0aa93206f'}
2025-02-19 12:26:57.073 63734 INFO tempest.lib.common.rest_client [req-bd3fcd1a-f5ae-40ec-ab42-65cbc77e1efe req-bd3fcd1a-f5ae-40ec-ab42-65cbc77e1efe ] Request (ImagesOneServerTestJSON:setUpClass): 201 POST http://10.180.1.21/identity/v3/projects 0.032s
2025-02-19 12:26:57.088 63768 INFO tempest.lib.common.rest_client [req-0691d59b-61ef-44b8-80e2-a07ad08c6527 req-0691d59b-61ef-44b8-80e2-a07ad08c6527 ] Request (QuotasAdminTestJSON:setUpClass): 201 POST http://10.180.1.21/identity/v3/auth/tokens 0.141s
2025-02-19 12:26:57.132 63742 INFO tempest.lib.common.rest_client [req-8cd6ac57-1ba4-4df0-aff3-d688611a5df8 req-8cd6ac57-1ba4-4df0-aff3-d688611a5df8 ] Request (VolumesAssistedSnapshotsTest:test_volume_assisted_snapshot_create_delete): 200 GET http://10.180.1.21/compute/v2.1/servers/ca95dd56-a5ca-4bc0-a704-278333df1f2d 1.663s
2025-02-19 12:26:57.147 63770 INFO tempest.lib.common.rest_client [req-aeced926-12a8-4654-a78b-c137b8b87391 req-aeced926-12a8-4654-a78b-c137b8b87391 ] Request (FloatingIPsNegativeTestJSON:setUpClass): 201 POST http://10.180.1.21/identity/v3/auth/tokens 0.073s
2025-02-19 12:26:57.181 63734 INFO tempest.lib.common.rest_client [req-0af955e4-8165-4c2c-a5dd-772a8ece96cf req-0af955e4-8165-4c2c-a5dd-772a8ece96cf ] Request (ImagesOneServerTestJSON:setUpClass): 201 POST http://10.180.1.21/identity/v3/users 0.107s
2025-02-19 12:26:57.194 63718 INFO tempest.lib.common.rest_client [req-aa64cdd5-18fc-45ce-b469-5bd111caf7ba req-aa64cdd5-18fc-45ce-b469-5bd111caf7ba ] Request (ServerDiagnosticsTest:test_get_server_diagnostics): 200 GET http://10.180.1.21/compute/v2.1/servers/36739a27-6196-4609-868a-aa03d3a6677c 1.678s
2025-02-19 12:26:57.210 63734 INFO tempest.lib.common.rest_client [req-18be4107-2c8c-4050-b75c-912b6468c26d req-18be4107-2c8c-4050-b75c-912b6468c26d ] Request (ImagesOneServerTestJSON:setUpClass): 200 GET http://10.180.1.21/identity/v3/roles 0.029s
2025-02-19 12:26:57.226 63768 INFO tempest.lib.common.rest_client [req-83851798-baa3-4ead-841a-d718d180a40f req-83851798-baa3-4ead-841a-d718d180a40f ] Request (QuotasAdminTestJSON:setUpClass): 201 POST http://10.180.1.21/identity/v3/projects 0.138s
2025-02-19 12:26:57.243 63734 INFO tempest.lib.common.rest_client [req-ea06d8c2-e29c-44ad-b366-2b84aa985c00 req-ea06d8c2-e29c-44ad-b366-2b84aa985c00 ] Request (ImagesOneServerTestJSON:setUpClass): 204 PUT http://10.180.1.21/identity/v3/projects/f55c30106cc54ca4b5fb1a0a483b59df/users/7e53ea971770426f8afb45ee962d24c4/roles/045876ccc6b24a7e9699b66beec926e7 0.032s
2025-02-19 12:26:57.243 63734 INFO tempest.lib.common.dynamic_creds [-] Dynamic test user 7e53ea971770426f8afb45ee962d24c4 is created with scope project and roles: ['member']
2025-02-19 12:26:57.243 63734 INFO tempest.lib.common.dynamic_creds [-] Acquired dynamic creds: credentials: Credentials: {'domain_id': 'default', 'domain_name': 'Default', 'username': 'tempest-ImagesOneServerTestJSON-738456198-project-member', 'project_domain_id': 'default', 'project_domain_name': 'Default', 'project_id': 'f55c30106cc54ca4b5fb1a0a483b59df', 'project_name': 'tempest-ImagesOneServerTestJSON-738456198', 'tenant_id': 'f55c30106cc54ca4b5fb1a0a483b59df', 'tenant_name': 'tempest-ImagesOneServerTestJSON-738456198', 'user_domain_id': 'default', 'user_domain_name': 'Default', 'user_id': '7e53ea971770426f8afb45ee962d24c4', 'system': None}, Network: None, Subnet: None, Router: None
2025-02-19 12:26:57.244 63758 INFO tempest.lib.common.rest_client [req-5f24507e-f814-4359-838e-a2adc8b44651 req-5f24507e-f814-4359-838e-a2adc8b44651 ] Request (ServersTestFqdnHostnames:setUpClass): 201 POST http://10.180.1.21:9696/networking/v2.0/subnets 0.424s
2025-02-19 12:26:57.309 63734 INFO tempest.lib.common.rest_client [req-263dc487-48f8-4a59-aaf7-c84dfd7197f3 req-263dc487-48f8-4a59-aaf7-c84dfd7197f3 ] Request (ImagesOneServerTestJSON:setUpClass): 201 POST http://10.180.1.21/identity/v3/auth/tokens 0.066s
2025-02-19 12:26:57.332 63740 INFO tempest.lib.common.rest_client [req-6afafec6-35f0-45b9-a410-fb26cda2a90d req-6afafec6-35f0-45b9-a410-fb26cda2a90d ] Request (FloatingIPDetailsTestJSON:_run_cleanups): 202 DELETE http://10.180.1.21/compute/v2.1/os-floating-ips/02c5025a-586b-4e79-aad8-4d49fe873581 2.017s
2025-02-19 12:26:57.346 63768 INFO tempest.lib.common.rest_client [req-4ea32fd2-32f8-4acb-a5b6-3b0355b1ffa5 req-4ea32fd2-32f8-4acb-a5b6-3b0355b1ffa5 ] Request (QuotasAdminTestJSON:setUpClass): 201 POST http://10.180.1.21/identity/v3/users 0.119s
2025-02-19 12:26:57.369 63768 INFO tempest.lib.common.rest_client [req-92645d1e-08f7-4a3b-a340-9f38d34c2906 req-92645d1e-08f7-4a3b-a340-9f38d34c2906 ] Request (QuotasAdminTestJSON:setUpClass): 200 GET http://10.180.1.21/identity/v3/roles 0.023s
2025-02-19 12:26:57.370 63760 INFO tempest.lib.common.rest_client [req-97a5673b-171c-40c8-b680-2d377b7bc386 req-97a5673b-171c-40c8-b680-2d377b7bc386 ] Request (ListServerFiltersTestJSON:setUpClass): 200 GET http://10.180.1.21/compute/v2.1/servers/f255de95-0e89-488b-8441-cc7c997cdf89 1.729s
2025-02-19 12:26:57.381 63760 INFO tempest.common.waiters [-] State transition "BUILD/spawning" ==> "ACTIVE/None" after 26 second wait
2025-02-19 12:26:57.404 63736 INFO tempest.lib.common.rest_client [req-68a5f347-5ab6-40e3-bc63-65925b4531d5 req-68a5f347-5ab6-40e3-bc63-65925b4531d5 ] Request (SecurityGroupRulesNegativeTestJSON:test_create_security_group_rule_with_invalid_to_port): 400 POST http://10.180.1.21/compute/v2.1/os-security-group-rules 1.738s
2025-02-19 12:26:57.420 63768 INFO tempest.lib.common.rest_client [req-996e0aa7-2acf-4738-93fb-6a09d3aad851 req-996e0aa7-2acf-4738-93fb-6a09d3aad851 ] Request (QuotasAdminTestJSON:setUpClass): 204 PUT http://10.180.1.21/identity/v3/projects/447633f184a649c4ae1b01817f21e6e2/users/5e46f563ca48405f8a6010b38301e021/roles/0d06867c3d0440fc9e30bf77959f41c9 0.050s
2025-02-19 12:26:57.467 63730 INFO tempest.lib.common.rest_client [req-cc0ec414-e27d-44e5-a8d2-c2d4fd179630 req-cc0ec414-e27d-44e5-a8d2-c2d4fd179630 ] Request (ListImageFiltersTestJSON:setUpClass): 200 GET http://10.180.1.21/compute/v2.1/images/df1a8bca-10d8-413e-b4bc-09501eceecae 1.422s
2025-02-19 12:26:57.471 63716 INFO tempest.lib.common.rest_client [req-3f0fb4bb-3427-4ac0-8fa4-4ac06608456a req-3f0fb4bb-3427-4ac0-8fa4-4ac06608456a ] Request (FlavorsAccessNegativeTestJSON:test_flavor_non_admin_remove): 403 POST http://10.180.1.21/compute/v2.1/flavors/1188349472/action 1.405s
2025-02-19 12:26:57.485 63768 INFO tempest.lib.common.rest_client [req-d7045aa6-8f7a-4a08-ab53-d019f425c577 req-d7045aa6-8f7a-4a08-ab53-d019f425c577 ] Request (QuotasAdminTestJSON:setUpClass): 200 GET http://10.180.1.21/identity/v3/roles 0.064s
2025-02-19 12:26:57.513 63768 INFO tempest.lib.common.rest_client [req-bca8c6ac-5c43-404e-bb1f-c2318bdfd899 req-bca8c6ac-5c43-404e-bb1f-c2318bdfd899 ] Request (QuotasAdminTestJSON:setUpClass): 204 PUT http://10.180.1.21/identity/v3/projects/447633f184a649c4ae1b01817f21e6e2/users/5e46f563ca48405f8a6010b38301e021/roles/0d06867c3d0440fc9e30bf77959f41c9 0.028s
2025-02-19 12:26:57.514 63768 INFO tempest.lib.common.dynamic_creds [-] Dynamic test user 5e46f563ca48405f8a6010b38301e021 is created with scope project and roles: ['admin']
2025-02-19 12:26:57.514 63768 INFO tempest.lib.common.dynamic_creds [-] Acquired dynamic creds: credentials: Credentials: {'domain_id': 'default', 'domain_name': 'Default', 'username': 'tempest-QuotasAdminTestJSON-1112349829-project-admin', 'project_domain_id': 'default', 'project_domain_name': 'Default', 'project_id': '447633f184a649c4ae1b01817f21e6e2', 'project_name': 'tempest-QuotasAdminTestJSON-1112349829', 'tenant_id': '447633f184a649c4ae1b01817f21e6e2', 'tenant_name': 'tempest-QuotasAdminTestJSON-1112349829', 'user_domain_id': 'default', 'user_domain_name': 'Default', 'user_id': '5e46f563ca48405f8a6010b38301e021', 'system': None}, Network: None, Subnet: None, Router: None
2025-02-19 12:26:57.514 63768 INFO tempest.lib.common.dynamic_creds [-] Created isolated network resources for: credentials: Credentials: {'domain_id': 'default', 'domain_name': 'Default', 'username': 'tempest-QuotasAdminTestJSON-1112349829-project-admin', 'project_domain_id': 'default', 'project_domain_name': 'Default', 'project_id': '447633f184a649c4ae1b01817f21e6e2', 'project_name': 'tempest-QuotasAdminTestJSON-1112349829', 'tenant_id': '447633f184a649c4ae1b01817f21e6e2', 'tenant_name': 'tempest-QuotasAdminTestJSON-1112349829', 'user_domain_id': 'default', 'user_domain_name': 'Default', 'user_id': '5e46f563ca48405f8a6010b38301e021', 'system': None}, Network: None, Subnet: None, Router: None
2025-02-19 12:26:57.574 63762 INFO tempest.lib.common.rest_client [req-1b52a367-a4d9-4f70-9e78-08a553e6e949 req-1b52a367-a4d9-4f70-9e78-08a553e6e949 ] Request (ServersTestJSON:setUpClass): 200 GET http://10.180.1.21/compute/v2.1/servers/92a64953-87ea-4307-a16a-e2cd144d7350 1.819s
2025-02-19 12:26:57.606 63768 INFO tempest.lib.common.rest_client [req-8f77ed36-ea0e-4f21-a37a-7e67638f7c9c req-8f77ed36-ea0e-4f21-a37a-7e67638f7c9c ] Request (QuotasAdminTestJSON:setUpClass): 201 POST http://10.180.1.21/identity/v3/auth/tokens 0.089s
2025-02-19 12:26:57.643 63726 INFO tempest.lib.common.rest_client [req-d7fc45ed-8c55-4cf1-acd4-43bb263f0001 req-d7fc45ed-8c55-4cf1-acd4-43bb263f0001 ] Request (FloatingIPsAssociationNegativeTestJSON:setUpClass): 200 GET http://10.180.1.21/compute/v2.1/servers/11044fc7-5b70-43f5-b5f0-703eec1592fd 1.509s
2025-02-19 12:26:57.667 63734 INFO tempest.lib.common.rest_client [req-6e6983cf-9f5e-400e-af91-51c0f4b0f7b3 req-6e6983cf-9f5e-400e-af91-51c0f4b0f7b3 ] Request (ImagesOneServerTestJSON:setUpClass): 201 POST http://10.180.1.21:9696/networking/v2.0/networks 0.357s
2025-02-19 12:26:57.725 63755 INFO tempest.lib.common.rest_client [req-b38c8745-dcb2-43d9-bd56-b83a9cb9e9e8 req-b38c8745-dcb2-43d9-bd56-b83a9cb9e9e8 ] Request (ServerActionsTestJSON:setUpClass): 200 POST http://10.180.1.21/compute/v2.1/os-keypairs 1.586s
2025-02-19 12:26:57.821 63734 INFO tempest.lib.common.rest_client [req-a9f575d8-0709-4969-bd3f-cc9bab597426 req-a9f575d8-0709-4969-bd3f-cc9bab597426 ] Request (ImagesOneServerTestJSON:setUpClass): 201 POST http://10.180.1.21:9696/networking/v2.0/subnets 0.154s
2025-02-19 12:26:57.903 63722 INFO tempest.lib.common.rest_client [req-dd696423-2de8-4dd8-b407-117272051812 req-dd696423-2de8-4dd8-b407-117272051812 ] Request (DeleteServersAdminTestJSON:test_admin_delete_servers_of_others): 200 GET http://10.180.1.21/compute/v2.1/servers/2d7b2df8-8422-4d6a-ae5d-7a99ac10df02 1.755s
2025-02-19 12:26:57.914 63772 INFO tempest.lib.common.rest_client [req-1897cab8-72c6-49e2-83e7-2494250de17b req-1897cab8-72c6-49e2-83e7-2494250de17b ] Request (MultipleCreateNegativeTestJSON:test_min_count_less_than_one): 400 POST http://10.180.1.21/compute/v2.1/servers 1.565s
2025-02-19 12:26:57.994 63772 INFO tempest.lib.common.rest_client [req-b6299f41-d397-4dd0-94b1-83e44d13b199 req-b6299f41-d397-4dd0-94b1-83e44d13b199 ] Request (MultipleCreateNegativeTestJSON:test_min_count_non_integer): 201 POST http://10.180.1.21/identity/v3/auth/tokens 0.075s
2025-02-19 12:26:57.994 63772 INFO tempest.lib.common.fixed_network [-] (MultipleCreateNegativeTestJSON:test_min_count_non_integer) Found network None available for tenant
2025-02-19 12:26:58.021 63750 INFO tempest.lib.common.rest_client [req-3e5583d0-a3dd-4e6d-81b1-649ec56bc4bf req-3e5583d0-a3dd-4e6d-81b1-649ec56bc4bf ] Request (MultipleCreateTestJSON:_run_cleanups): 200 GET http://10.180.1.21/compute/v2.1/servers/d274894c-f404-482d-8ef2-ce3c58cd3878 1.589s
2025-02-19 12:26:58.089 63755 INFO tempest.lib.common.rest_client [req-e7f10e79-10de-4d2a-9583-b63838b0e616 req-e7f10e79-10de-4d2a-9583-b63838b0e616 ] Request (ServerActionsTestJSON:setUpClass): 201 POST http://10.180.1.21:9696/networking/v2.0/security-groups 0.363s
2025-02-19 12:26:58.100 63765 INFO tempest.lib.common.rest_client [req-98002a09-1dd1-43a3-a3c9-55eac4a860f1 req-98002a09-1dd1-43a3-a3c9-55eac4a860f1 ] Request (ServerDiagnosticsNegativeTest:test_get_server_diagnostics_by_non_admin): 202 POST http://10.180.1.21/compute/v2.1/servers 1.773s
2025-02-19 12:26:58.124 63724 INFO tempest.lib.common.rest_client [req-c3ee77a5-b88b-4122-9484-0a2f0a1e8582 req-c3ee77a5-b88b-4122-9484-0a2f0a1e8582 ] Request (KeyPairsNegativeTestJSON:test_create_keypair_with_empty_public_key): 400 POST http://10.180.1.21/compute/v2.1/os-keypairs 1.594s
2025-02-19 12:26:58.249 63755 INFO tempest.lib.common.rest_client [req-af5294d9-d310-4916-a2f8-cab9ef99accd req-af5294d9-d310-4916-a2f8-cab9ef99accd ] Request (ServerActionsTestJSON:setUpClass): 201 POST http://10.180.1.21:9696/networking/v2.0/security-group-rules 0.158s
2025-02-19 12:26:58.249 63752 INFO tempest.lib.common.rest_client [req-423d4074-3c89-42f5-b855-dda000ef1ea5 req-423d4074-3c89-42f5-b855-dda000ef1ea5 ] Request (QuotasAdminTestV257:test_get_updated_quotas): 200 GET http://10.180.1.21/compute/v2.1/os-quota-sets/d0dd72b4728b41629ed8cd60157c59f2?user_id=aeb64bae91b7499e8841e492cd6e9561 1.650s
2025-02-19 12:26:58.278 63714 INFO tempest.lib.common.rest_client [req-0a067c60-5d29-437b-a62d-0ce222c076ef req-0a067c60-5d29-437b-a62d-0ce222c076ef ] Request (AggregatesAdminNegativeTestJSON:_run_cleanups): 200 DELETE http://10.180.1.21/compute/v2.1/os-aggregates/4 1.661s
2025-02-19 12:26:58.316 63728 INFO tempest.lib.common.rest_client [req-2d042c56-38ac-4bc9-9d85-5cda2e4e002b req-2d042c56-38ac-4bc9-9d85-5cda2e4e002b ] Request (FlavorsV2TestJSON:test_list_flavors_using_marker): 200 GET http://10.180.1.21/compute/v2.1/flavors?marker=42 1.683s
2025-02-19 12:26:58.320 63748 INFO tempest.lib.common.rest_client [req-f86cc90d-7342-48f0-84ca-a7dc5fc8df66 req-f86cc90d-7342-48f0-84ca-a7dc5fc8df66 ] Request (ServersAdmin275Test:test_rebuild_update_server_275): 200 GET http://10.180.1.21/compute/v2.1/servers/555f5ecb-fbd7-488e-823b-f35bf9d5e803 1.867s
2025-02-19 12:26:58.378 63752 INFO tempest.lib.common.rest_client [req-43cd33bc-d43f-4597-a712-2b1b09c098e6 req-43cd33bc-d43f-4597-a712-2b1b09c098e6 ] Request (QuotasAdminTestV257:_run_cleanups): 204 DELETE http://10.180.1.21/identity/v3/users/aeb64bae91b7499e8841e492cd6e9561 0.126s
2025-02-19 12:26:58.482 63755 INFO tempest.lib.common.rest_client [req-8d4d085d-b2fc-4471-a717-8ed8daee306f req-8d4d085d-b2fc-4471-a717-8ed8daee306f ] Request (ServerActionsTestJSON:setUpClass): 201 POST http://10.180.1.21:9696/networking/v2.0/security-group-rules 0.232s
2025-02-19 12:26:58.495 63752 INFO tempest.lib.common.rest_client [req-ba98a6e0-7ecc-464d-9270-40d298fd0e35 req-ba98a6e0-7ecc-464d-9270-40d298fd0e35 ] Request (QuotasAdminTestV257:_run_cleanups): 204 DELETE http://10.180.1.21/identity/v3/projects/d0dd72b4728b41629ed8cd60157c59f2 0.116s
2025-02-19 12:26:58.605 63752 INFO tempest.lib.common.rest_client [req-abcf9809-41ab-4bec-93ff-fdfd54105066 req-abcf9809-41ab-4bec-93ff-fdfd54105066 ] Request (QuotasAdminTestV257:tearDownClass): 204 DELETE http://10.180.1.21/identity/v3/users/28bd4d4b2a0249bfa8825c3c1d325382 0.105s
2025-02-19 12:26:58.694 63746 INFO tempest.lib.common.rest_client [req-42aa35f1-88de-4b2c-802e-3debaa28a73c req-42aa35f1-88de-4b2c-802e-3debaa28a73c ] Request (ComputeTenantNetworksTest:test_list_show_tenant_networks): 200 GET http://10.180.1.21/compute/v2.1/os-tenant-networks 1.968s
2025-02-19 12:26:58.694 63768 INFO tempest.lib.common.rest_client [req-9ef78b46-7fa0-408d-a4f9-3437080c3c98 req-9ef78b46-7fa0-408d-a4f9-3437080c3c98 ] Request (QuotasAdminTestJSON:test_delete_quota): 200 GET http://10.180.1.21/identity/v3/domains?name=Default 0.127s
2025-02-19 12:26:58.697 63732 INFO tempest.lib.common.rest_client [req-e7d31b76-6aaa-4edc-b588-8dc4c96b657a req-e7d31b76-6aaa-4edc-b588-8dc4c96b657a ] Request (SecurityGroupsNegativeTestJSON:test_delete_security_group_without_passing_id): 404 DELETE http://10.180.1.21/compute/v2.1/os-security-groups/ 1.855s
2025-02-19 12:26:58.717 63752 INFO tempest.lib.common.rest_client [req-fa5e6aa1-5cb1-4f4f-82ea-5de098d07000 req-fa5e6aa1-5cb1-4f4f-82ea-5de098d07000 ] Request (QuotasAdminTestV257:tearDownClass): 204 DELETE http://10.180.1.21/identity/v3/users/48bd8d3e66c64e4b8217c414459d3f3e 0.111s
2025-02-19 12:26:58.717 63752 INFO tempest.lib.common.dynamic_creds [-] Deleting project and security group for project: b9053c329e0d4e5c8cce78cd4c35d3f2
2025-02-19 12:26:58.768 63768 INFO tempest.lib.common.rest_client [req-1f7652ec-ead9-4be1-94da-51f5a04755cb req-1f7652ec-ead9-4be1-94da-51f5a04755cb ] Request (QuotasAdminTestJSON:test_delete_quota): 201 POST http://10.180.1.21/identity/v3/projects 0.074s
2025-02-19 12:26:58.823 63752 INFO tempest.lib.common.rest_client [req-dd376b9a-f402-4cb0-8e73-58847bd5f878 req-dd376b9a-f402-4cb0-8e73-58847bd5f878 ] Request (QuotasAdminTestV257:tearDownClass): 201 POST http://10.180.1.21/identity/v3/auth/tokens 0.105s
2025-02-19 12:26:58.862 63770 INFO tempest.lib.common.rest_client [req-98cedd6a-6c3b-457a-bbe8-848230e3c1a3 req-98cedd6a-6c3b-457a-bbe8-848230e3c1a3 ] Request (FloatingIPsNegativeTestJSON:setUpClass): 200 GET http://10.180.1.21/compute/v2.1/os-floating-ips 1.714s
2025-02-19 12:26:58.878 63768 INFO tempest.lib.common.rest_client [req-e4b3f1df-baaf-4554-9c7c-3b955a06ddc8 req-e4b3f1df-baaf-4554-9c7c-3b955a06ddc8 ] Request (QuotasAdminTestJSON:test_delete_quota): 200 GET http://10.180.1.21/identity/v3/domains?name=Default 0.109s
2025-02-19 12:26:58.971 63756 INFO tempest.lib.common.rest_client [req-bfdf4888-ef80-431d-a5cb-18ad2fd6a1f4 req-bfdf4888-ef80-431d-a5cb-18ad2fd6a1f4 ] Request (ServerDiagnosticsV248Test:test_get_server_diagnostics): 200 GET http://10.180.1.21/compute/v2.1/servers/dc0da38c-afce-47f2-ac49-5a0933f2a926/diagnostics 2.305s
2025-02-19 12:26:59.149 63758 INFO tempest.lib.common.rest_client [req-449e3804-4724-4a85-96ac-3dc80f5fb9ea req-449e3804-4724-4a85-96ac-3dc80f5fb9ea ] Request (ServersTestFqdnHostnames:setUpClass): 201 POST http://10.180.1.21:9696/networking/v2.0/routers 1.904s
2025-02-19 12:26:59.149 63744 INFO tempest.lib.common.rest_client [req-84907087-483a-4559-af2b-2dfab7c47a74 req-84907087-483a-4559-af2b-2dfab7c47a74 ] Request (MigrationsAdminTest:test_list_migrations_in_flavor_resize_situation): 200 GET http://10.180.1.21/compute/v2.1/servers/7d8d0417-b510-417b-a18f-375d1dfd3757 1.962s
2025-02-19 12:26:59.156 63744 INFO tempest.common.waiters [-] State transition "BUILD/block_device_mapping" ==> "BUILD/spawning" after 18 second wait
2025-02-19 12:26:59.246 63720 INFO tempest.lib.common.rest_client [req-11615627-2ac2-4aee-9cbc-44e7f3be4c47 req-11615627-2ac2-4aee-9cbc-44e7f3be4c47 ] Request (ServersAdminNegativeTestJSON:test_migrate_server_invalid_state): 200 GET http://10.180.1.21/compute/v2.1/servers/3d12aa80-970a-4952-92b8-190639fd60f9 1.980s
2025-02-19 12:26:59.296 63740 INFO tempest.lib.common.rest_client [req-89b1d0d8-956a-42a9-ad3e-ddaba799cc04 req-89b1d0d8-956a-42a9-ad3e-ddaba799cc04 ] Request (FloatingIPDetailsTestJSON:test_list_floating_ips): 200 GET http://10.180.1.21/compute/v2.1/os-floating-ips 1.962s
2025-02-19 12:26:59.348 63736 INFO tempest.lib.common.rest_client [req-b026a897-14b7-4a9f-bde3-0a2088d98289 req-b026a897-14b7-4a9f-bde3-0a2088d98289 ] Request (SecurityGroupRulesNegativeTestJSON:test_create_security_group_rule_with_non_existent_id): 404 POST http://10.180.1.21/compute/v2.1/os-security-group-rules 1.942s
2025-02-19 12:26:59.401 63752 INFO tempest.lib.common.rest_client [req-807fb371-eb9e-4367-92ef-a324e16a8160 req-807fb371-eb9e-4367-92ef-a324e16a8160 ] Request (QuotasAdminTestV257:tearDownClass): 200 GET http://10.180.1.21:9696/networking/v2.0/security-groups?tenant_id=b9053c329e0d4e5c8cce78cd4c35d3f2&name=default 0.578s
2025-02-19 12:26:59.419 63734 INFO tempest.lib.common.rest_client [req-c3605604-8b62-4e8d-ba6b-8f3c59af5147 req-c3605604-8b62-4e8d-ba6b-8f3c59af5147 ] Request (ImagesOneServerTestJSON:setUpClass): 201 POST http://10.180.1.21:9696/networking/v2.0/routers 1.598s
2025-02-19 12:26:59.444 63760 INFO tempest.lib.common.rest_client [req-e01f7826-2e75-432c-a6fe-0d87ddf0cf1c req-e01f7826-2e75-432c-a6fe-0d87ddf0cf1c ] Request (ListServerFiltersTestJSON:setUpClass): 200 GET http://10.180.1.21/compute/v2.1/servers/6b84681b-8d45-483f-83ae-b7810ee9612d 2.062s
2025-02-19 12:26:59.488 63730 INFO tempest.lib.common.rest_client [req-11d0704e-0b1d-4403-bfaf-a4df57cccc51 req-11d0704e-0b1d-4403-bfaf-a4df57cccc51 ] Request (ListImageFiltersTestJSON:setUpClass): 200 GET http://10.180.1.21/compute/v2.1/images/df1a8bca-10d8-413e-b4bc-09501eceecae 2.018s
2025-02-19 12:26:59.499 63716 INFO tempest.lib.common.rest_client [req-7eefd3b5-ee45-48ab-a8a9-e207887fdc14 req-7eefd3b5-ee45-48ab-a8a9-e207887fdc14 ] Request (FlavorsAccessNegativeTestJSON:_run_cleanups): 200 POST http://10.180.1.21/compute/v2.1/flavors/1188349472/action 2.027s
2025-02-19 12:26:59.575 63738 INFO tempest.lib.common.rest_client [req-78ecd76d-eb60-4365-8204-12ff7d906054 req-78ecd76d-eb60-4365-8204-12ff7d906054 ] Request (SecurityGroupsTestJSON:test_list_security_groups_by_server): 200 GET http://10.180.1.21/compute/v2.1/servers/fcbd90f1-050f-4144-ab22-06f5894118eb 2.037s
2025-02-19 12:26:59.648 63712 INFO tempest.lib.common.rest_client [req-d181b4ce-fc2f-4bc3-ba49-0b6046111222 req-d181b4ce-fc2f-4bc3-ba49-0b6046111222 ] Request (InstanceActionsTestJSON:setUpClass): 200 GET http://10.180.1.21/compute/v2.1/servers/c64d965b-7be7-4357-a787-3f92c720519b 1.882s
2025-02-19 12:26:59.649 63752 INFO tempest.lib.common.rest_client [req-e71fd743-f23d-46da-9c44-6f650440eb3a req-e71fd743-f23d-46da-9c44-6f650440eb3a ] Request (QuotasAdminTestV257:tearDownClass): 204 DELETE http://10.180.1.21:9696/networking/v2.0/security-groups/67931ef6-8ab7-4874-ad92-34df26b88586 0.248s
2025-02-19 12:26:59.659 63712 INFO tempest.common.waiters [-] State transition "BUILD/scheduling" ==> "BUILD/None" after 8 second wait
2025-02-19 12:26:59.662 63772 INFO tempest.lib.common.rest_client [req-112db477-8ac5-4c62-932e-f3ba7f9fd797 req-112db477-8ac5-4c62-932e-f3ba7f9fd797 ] Request (MultipleCreateNegativeTestJSON:test_min_count_non_integer): 400 POST http://10.180.1.21/compute/v2.1/servers 1.667s
2025-02-19 12:26:59.677 63766 INFO tempest.lib.common.rest_client [req-a088f3e3-b0d4-4f1b-9c95-f4467295951e req-a088f3e3-b0d4-4f1b-9c95-f4467295951e ] Request (TenantUsagesTestJSON:setUpClass): 200 GET http://10.180.1.21/compute/v2.1/servers/23321024-43d0-47bd-978a-54fe07732e63 1.741s
2025-02-19 12:26:59.744 63710 INFO tempest.lib.common.rest_client [req-815d9bfc-7969-4d42-978a-ec03b33827d8 req-815d9bfc-7969-4d42-978a-ec03b33827d8 ] Request (ServersWithSpecificFlavorTestJSON:test_verify_created_server_ephemeral_disk): 200 GET http://10.180.1.21/compute/v2.1/servers/33df7bf1-a8e8-4368-b5a4-155436b6320f 1.712s
2025-02-19 12:26:59.749 63724 INFO tempest.lib.common.rest_client [req-0dc71f10-d05c-44a2-b046-41e5d1161549 req-0dc71f10-d05c-44a2-b046-41e5d1161549 ] Request (KeyPairsNegativeTestJSON:test_create_keypair_with_long_keynames): 400 POST http://10.180.1.21/compute/v2.1/os-keypairs 1.623s
2025-02-19 12:26:59.791 63772 INFO tempest.lib.common.rest_client [req-c1cdcc44-239b-44c6-9d3e-d15e38e605db req-c1cdcc44-239b-44c6-9d3e-d15e38e605db ] Request (MultipleCreateNegativeTestJSON:tearDownClass): 204 DELETE http://10.180.1.21/identity/v3/users/183f69bc17a047cfb1e3a8f7bee2f5e0 0.123s
2025-02-19 12:26:59.791 63772 INFO tempest.lib.common.dynamic_creds [-] Deleting project and security group for project: 460c7c37c9a949678d190d5829fb73e6
2025-02-19 12:26:59.809 63752 INFO tempest.lib.common.rest_client [req-70be5673-537c-49a7-b034-de48d43f0c77 req-70be5673-537c-49a7-b034-de48d43f0c77 ] Request (QuotasAdminTestV257:tearDownClass): 204 DELETE http://10.180.1.21/identity/v3/projects/b9053c329e0d4e5c8cce78cd4c35d3f2 0.160s
2025-02-19 12:26:59.810 63752 INFO tempest.lib.common.dynamic_creds [-] Deleting project and security group for project: 76ff9487cedc460890b17c7f54954c9b
2025-02-19 12:26:59.813 63765 INFO tempest.lib.common.rest_client [req-bd1761d4-c271-4815-89d2-902a57fa55a1 req-bd1761d4-c271-4815-89d2-902a57fa55a1 ] Request (ServerDiagnosticsNegativeTest:test_get_server_diagnostics_by_non_admin): 200 GET http://10.180.1.21/compute/v2.1/servers/da37af6a-06d4-4c29-a60a-ac0c01939cf9 1.712s
2025-02-19 12:26:59.848 63755 INFO tempest.lib.common.rest_client [req-c6428758-ea82-4065-b09a-487a4989eedf req-c6428758-ea82-4065-b09a-487a4989eedf ] Request (ServerActionsTestJSON:setUpClass): 201 POST http://10.180.1.21:9696/networking/v2.0/floatingips 1.366s
2025-02-19 12:26:59.883 63718 INFO tempest.lib.common.rest_client [req-ea0c0cff-589a-46fc-a884-548a91f37db8 req-ea0c0cff-589a-46fc-a884-548a91f37db8 ] Request (ServerDiagnosticsTest:test_get_server_diagnostics): 200 GET http://10.180.1.21/compute/v2.1/servers/36739a27-6196-4609-868a-aa03d3a6677c 1.675s
2025-02-19 12:26:59.895 63718 INFO tempest.common.waiters [-] State transition "BUILD/scheduling" ==> "BUILD/None" after 2 second wait
2025-02-19 12:26:59.904 63772 INFO tempest.lib.common.rest_client [req-94da07e9-2b6e-45a1-b0c7-4aabba0aa23d req-94da07e9-2b6e-45a1-b0c7-4aabba0aa23d ] Request (MultipleCreateNegativeTestJSON:tearDownClass): 201 POST http://10.180.1.21/identity/v3/auth/tokens 0.113s
2025-02-19 12:26:59.912 63714 INFO tempest.lib.common.rest_client [req-97964f15-44f4-4938-aa18-05582b754e96 req-97964f15-44f4-4938-aa18-05582b754e96 ] Request (AggregatesAdminNegativeTestJSON:test_aggregate_delete_as_user): 200 POST http://10.180.1.21/compute/v2.1/os-aggregates 1.630s
2025-02-19 12:26:59.947 63728 INFO tempest.lib.common.rest_client [req-e244a42f-8010-4bfc-a8b8-baed56850fd9 req-e244a42f-8010-4bfc-a8b8-baed56850fd9 ] Request (FlavorsV2TestJSON:test_list_flavors_with_detail): 200 GET http://10.180.1.21/compute/v2.1/flavors/detail 1.624s
2025-02-19 12:26:59.987 63742 INFO tempest.lib.common.rest_client [req-d66480a6-e6e7-4b55-b50f-c17d717979c3 req-d66480a6-e6e7-4b55-b50f-c17d717979c3 ] Request (VolumesAssistedSnapshotsTest:test_volume_assisted_snapshot_create_delete): 200 GET http://10.180.1.21/compute/v2.1/servers/ca95dd56-a5ca-4bc0-a704-278333df1f2d 1.840s
2025-02-19 12:26:59.997 63742 INFO tempest.common.waiters [-] State transition "BUILD/None" ==> "BUILD/spawning" after 16 second wait
2025-02-19 12:26:59.998 63755 INFO tempest.lib.common.rest_client [req-809002ca-4179-42c8-a45d-c17b9a5600a7 req-809002ca-4179-42c8-a45d-c17b9a5600a7 ] Request (ServerActionsTestJSON:setUpClass): 201 POST http://10.180.1.21/identity/v3/auth/tokens 0.143s
2025-02-19 12:26:59.999 63755 INFO tempest.lib.common.fixed_network [-] (ServerActionsTestJSON:setUpClass) Found network {'id': 'f0b0bd39-42ca-4e0f-8448-97f5225400aa', 'name': 'tempest-ServerActionsTestJSON-1225675586-network', 'tenant_id': 'd5fbf04b43f743778da8e3fc01192e5e', 'admin_state_up': True, 'mtu': 8950, 'status': 'ACTIVE', 'subnets': [], 'shared': False, 'project_id': 'd5fbf04b43f743778da8e3fc01192e5e', 'port_security_enabled': True, 'router:external': False, 'provider:network_type': 'vlan', 'provider:physical_network': 'default', 'provider:segmentation_id': 344, 'availability_zone_hints': [], 'availability_zones': [], 'ipv4_address_scope': None, 'ipv6_address_scope': None, 'description': '', 'tags': [], 'created_at': '2025-02-19T12:26:50Z', 'updated_at': '2025-02-19T12:26:50Z', 'revision_number': 1} available for tenant
2025-02-19 12:27:00.116 63752 INFO tempest.lib.common.rest_client [req-64557c68-6aef-48a2-8dcb-2af55aacad3c req-64557c68-6aef-48a2-8dcb-2af55aacad3c ] Request (QuotasAdminTestV257:tearDownClass): 200 GET http://10.180.1.21:9696/networking/v2.0/security-groups?tenant_id=76ff9487cedc460890b17c7f54954c9b&name=default 0.305s
2025-02-19 12:27:00.207 63762 INFO tempest.lib.common.rest_client [req-6202b0a4-4629-4403-beab-c65707201c97 req-6202b0a4-4629-4403-beab-c65707201c97 ] Request (ServersTestJSON:setUpClass): 200 GET http://10.180.1.21/compute/v2.1/servers/92a64953-87ea-4307-a16a-e2cd144d7350 1.622s
2025-02-19 12:27:00.217 63762 INFO tempest.common.waiters [-] State transition "BUILD/spawning" ==> "ACTIVE/None" after 27 second wait
2025-02-19 12:27:00.253 63730 INFO tempest.lib.common.rest_client [req-2614a715-2603-4778-b9a7-64480abd0464 req-2614a715-2603-4778-b9a7-64480abd0464 ] Request (ListImageFiltersTestJSON:setUpClass): 201 POST http://10.180.1.21/image/v2/images 0.759s
2025-02-19 12:27:00.325 63746 INFO tempest.lib.common.rest_client [req-2adb777d-b6a7-4f02-9093-fabc4af7732c req-2adb777d-b6a7-4f02-9093-fabc4af7732c ] Request (ComputeTenantNetworksTest:test_list_show_tenant_networks): 200 GET http://10.180.1.21/compute/v2.1/os-tenant-networks/92683add-90c7-420b-9c72-95d505b53154 1.629s
2025-02-19 12:27:00.431 63772 INFO tempest.lib.common.rest_client [req-ceb14881-cff9-4787-a50f-50d46cfcba16 req-ceb14881-cff9-4787-a50f-50d46cfcba16 ] Request (MultipleCreateNegativeTestJSON:tearDownClass): 200 GET http://10.180.1.21:9696/networking/v2.0/security-groups?tenant_id=460c7c37c9a949678d190d5829fb73e6&name=default 0.527s
2025-02-19 12:27:00.529 63726 INFO tempest.lib.common.rest_client [req-c486f5b8-c0e8-4700-bcac-4b0ea4bea5ff req-c486f5b8-c0e8-4700-bcac-4b0ea4bea5ff ] Request (FloatingIPsAssociationNegativeTestJSON:setUpClass): 200 GET http://10.180.1.21/compute/v2.1/servers/11044fc7-5b70-43f5-b5f0-703eec1592fd 1.872s
2025-02-19 12:27:00.578 63732 INFO tempest.lib.common.rest_client [req-fcbfbb7b-2dd8-4741-af80-f75028e9c2eb req-fcbfbb7b-2dd8-4741-af80-f75028e9c2eb ] Request (SecurityGroupsNegativeTestJSON:test_delete_the_default_security_group): 200 GET http://10.180.1.21/compute/v2.1/os-security-groups 1.878s
2025-02-19 12:27:00.586 63770 INFO tempest.lib.common.rest_client [req-8313864c-d92d-40e8-9264-67c423002555 req-8313864c-d92d-40e8-9264-67c423002555 ] Request (FloatingIPsNegativeTestJSON:test_allocate_floating_ip_from_nonexistent_pool): 404 POST http://10.180.1.21/compute/v2.1/os-floating-ips 1.718s
2025-02-19 12:27:00.601 63752 INFO tempest.lib.common.rest_client [req-d7d482c5-7a13-4ca7-a81e-2510feb3ac5a req-d7d482c5-7a13-4ca7-a81e-2510feb3ac5a ] Request (QuotasAdminTestV257:tearDownClass): 204 DELETE http://10.180.1.21:9696/networking/v2.0/security-groups/579f1884-845a-4f3b-be21-6be724471705 0.485s
2025-02-19 12:27:00.692 63746 INFO tempest.lib.common.rest_client [req-3d7c7b42-024c-4dc4-b425-20e3794aa503 req-3d7c7b42-024c-4dc4-b425-20e3794aa503 ] Request (ComputeTenantNetworksTest:tearDownClass): 204 DELETE http://10.180.1.21:9696/networking/v2.0/networks/92683add-90c7-420b-9c72-95d505b53154 0.365s
2025-02-19 12:27:00.699 63772 INFO tempest.lib.common.rest_client [req-30598b44-35c9-422e-b8a7-6b8a5a0a56ef req-30598b44-35c9-422e-b8a7-6b8a5a0a56ef ] Request (MultipleCreateNegativeTestJSON:tearDownClass): 204 DELETE http://10.180.1.21:9696/networking/v2.0/security-groups/17833003-5cfc-43db-affd-222a5141ba15 0.267s
2025-02-19 12:27:00.699 63722 INFO tempest.lib.common.rest_client [req-e867d523-356c-451e-9201-9e58120c0f1d req-e867d523-356c-451e-9201-9e58120c0f1d ] Request (DeleteServersAdminTestJSON:test_admin_delete_servers_of_others): 200 GET http://10.180.1.21/compute/v2.1/servers/2d7b2df8-8422-4d6a-ae5d-7a99ac10df02 1.783s
2025-02-19 12:27:00.714 63722 INFO tempest.common.waiters [-] State transition "ACTIVE/deleting" ==> "DELETED/None" after 3 second wait
