2025-02-19 12:27:38.357 63772 INFO tempest.lib.common.rest_client [req-9e826470-7b1e-49a4-89a6-d3e98674d947 req-9e826470-7b1e-49a4-89a6-d3e98674d947 ] Request (ServerTagsTestJSON:setUpClass): 200 GET http://10.180.1.21/compute/v2.1/servers/cf289fc2-ecbe-49e9-84d2-a3d421e2bb25 0.573s
2025-02-19 12:27:38.366 63756 INFO tempest.lib.common.rest_client [req-1376f6d3-8c1b-4bb7-b433-a27db2ca9bc5 req-1376f6d3-8c1b-4bb7-b433-a27db2ca9bc5 ] Request (ServerDiagnosticsV248Test:tearDownClass): 200 GET http://10.180.1.21/compute/v2.1/servers/dc0da38c-afce-47f2-ac49-5a0933f2a926 0.595s
2025-02-19 12:27:38.411 63714 INFO tempest.lib.common.rest_client [req-88656018-58f5-413d-b673-8def8b5ca2d1 req-88656018-58f5-413d-b673-8def8b5ca2d1 ] Request (HostsAdminNegativeTestJSON:tearDownClass): 201 POST http://10.180.1.21/identity/v3/auth/tokens 0.068s
2025-02-19 12:27:38.419 63736 INFO tempest.lib.common.rest_client [req-2156aa26-1815-45d1-9da1-557b6298c562 req-2156aa26-1815-45d1-9da1-557b6298c562 ] Request (ServersTestMultiNic:test_verify_duplicate_network_nics): 200 GET http://10.180.1.21/compute/v2.1/servers/5fae3008-ed55-4e69-bea5-33f26ee23090 0.540s
2025-02-19 12:27:38.423 63748 INFO tempest.lib.common.rest_client [req-9353792a-0c27-4255-8020-f9c3c3e680de req-9353792a-0c27-4255-8020-f9c3c3e680de ] Request (ServersAdmin275Test:tearDownClass): 200 GET http://10.180.1.21/compute/v2.1/servers/555f5ecb-fbd7-488e-823b-f35bf9d5e803 0.587s
2025-02-19 12:27:38.472 63732 INFO tempest.lib.common.rest_client [req-ef081016-bdef-4638-ae35-2bc0f27193d4 req-ef081016-bdef-4638-ae35-2bc0f27193d4 ] Request (InstanceActionsV221TestJSON:test_get_list_deleted_instance_actions): 200 GET http://10.180.1.21/compute/v2.1/servers/a0e8987b-f229-466e-8a19-108a84646ae3 0.492s
2025-02-19 12:27:38.526 63770 INFO tempest.lib.common.rest_client [req-b4c3d9e8-5c5f-46f3-bc77-e5518cf8ead1 req-b4c3d9e8-5c5f-46f3-bc77-e5518cf8ead1 ] Request (ServersTestManualDisk:setUpClass): 200 GET http://10.180.1.21/compute/v2.1/servers/8b83e720-1025-4989-9bd0-37b3da8511ae 0.487s
2025-02-19 12:27:38.575 63734 INFO tempest.lib.common.rest_client [req-6115aa75-b6e8-4405-95ed-3b2302cdc601 req-6115aa75-b6e8-4405-95ed-3b2302cdc601 ] Request (ImagesOneServerTestJSON:setUpClass): 200 GET http://10.180.1.21/compute/v2.1/servers/2613b16c-08ce-4423-a1c5-c342fa7c79db 0.671s
2025-02-19 12:27:38.589 63714 INFO tempest.lib.common.rest_client [req-58f25f92-2c81-42dd-80d5-ddcf1a994aa2 req-58f25f92-2c81-42dd-80d5-ddcf1a994aa2 ] Request (HostsAdminNegativeTestJSON:tearDownClass): 200 GET http://10.180.1.21:9696/networking/v2.0/security-groups?tenant_id=15a76d13023644af8e88ab6a87a95ac5&name=default 0.177s
2025-02-19 12:27:38.590 63738 INFO tempest.lib.common.rest_client [req-5fee8939-badd-4823-9500-e24d8231cf55 req-5fee8939-badd-4823-9500-e24d8231cf55 ] Request (SecurityGroupsTestJSON:test_server_security_groups): 200 GET http://10.180.1.21/compute/v2.1/servers/260d1159-09e8-4c66-b877-7eb0e6effde4 0.519s
2025-02-19 12:27:38.631 63728 INFO tempest.lib.common.rest_client [req-d2a120cd-6c08-447e-9f39-0dc264648d76 req-d2a120cd-6c08-447e-9f39-0dc264648d76 ] Request (AttachInterfacesTestJSON:test_create_list_show_delete_interfaces_by_fixed_ip): 200 GET http://10.180.1.21/compute/v2.1/servers/69b7e6dd-497a-4e72-9669-5b3cf404bbf6 0.539s
2025-02-19 12:27:38.682 63714 INFO tempest.lib.common.rest_client [req-df403369-2c06-4fbf-82ae-44276e69209b req-df403369-2c06-4fbf-82ae-44276e69209b ] Request (HostsAdminNegativeTestJSON:tearDownClass): 204 DELETE http://10.180.1.21:9696/networking/v2.0/security-groups/5f7de1a8-320b-43f4-9590-942fe7652e8a 0.093s
2025-02-19 12:27:38.689 63722 INFO tempest.lib.common.rest_client [req-20cc9823-ce55-4ac1-98e1-b2373ec0b6bb req-20cc9823-ce55-4ac1-98e1-b2373ec0b6bb ] Request (DeleteServersAdminTestJSON:test_delete_server_while_in_error_state): 200 GET http://10.180.1.21/compute/v2.1/servers/59fa839d-83dd-463c-9e5e-91f5fbe38753 0.442s
2025-02-19 12:27:38.738 63755 INFO tempest.lib.common.rest_client [req-100000ca-f36a-48b3-b749-03f4e5d596a1 req-100000ca-f36a-48b3-b749-03f4e5d596a1 ] Request (ServerActionsTestJSON:setUpClass): 200 GET http://10.180.1.21/compute/v2.1/servers/d1f3667d-f592-4c2f-8eda-8e24b95f215b 0.488s
2025-02-19 12:27:38.739 63750 INFO tempest.lib.common.rest_client [req-4f2cd2e9-2059-4164-b9fe-81ed4896c031 req-4f2cd2e9-2059-4164-b9fe-81ed4896c031 ] Request (MultipleCreateTestJSON:test_multiple_create_with_reservation_return): 200 GET http://10.180.1.21/compute/v2.1/servers/2ed42fac-9066-4bc2-831a-91e367651687 0.440s
2025-02-19 12:27:38.768 63714 INFO tempest.lib.common.rest_client [req-90bc86ed-f867-4090-a511-e7c12047b2a8 req-90bc86ed-f867-4090-a511-e7c12047b2a8 ] Request (HostsAdminNegativeTestJSON:tearDownClass): 204 DELETE http://10.180.1.21/identity/v3/projects/15a76d13023644af8e88ab6a87a95ac5 0.085s
2025-02-19 12:27:38.768 63714 INFO tempest.lib.common.dynamic_creds [-] Deleting project and security group for project: 6f7204e579964b8c9d048ff3f2d6de16
2025-02-19 12:27:38.813 63765 INFO tempest.lib.common.rest_client [req-f68f9d5e-383c-4ce8-8e71-4885b5d01e69 req-f68f9d5e-383c-4ce8-8e71-4885b5d01e69 ] Request (ServerDiagnosticsNegativeTest:tearDownClass): 204 DELETE http://10.180.1.21/compute/v2.1/servers/da37af6a-06d4-4c29-a60a-ac0c01939cf9 0.506s
2025-02-19 12:27:38.883 63760 INFO tempest.lib.common.rest_client [req-333c13aa-f3e3-4b7b-bb26-4d9aba3cf22f req-333c13aa-f3e3-4b7b-bb26-4d9aba3cf22f ] Request (ListServerFiltersTestJSON:test_list_servers_filtered_by_ip): 200 GET http://10.180.1.21/compute/v2.1/servers?ip=192.168.128.14 0.568s
2025-02-19 12:27:38.891 63714 INFO tempest.lib.common.rest_client [req-1ccfda35-97b8-430f-abd2-0a2201ab0584 req-1ccfda35-97b8-430f-abd2-0a2201ab0584 ] Request (HostsAdminNegativeTestJSON:tearDownClass): 200 GET http://10.180.1.21:9696/networking/v2.0/security-groups?tenant_id=6f7204e579964b8c9d048ff3f2d6de16&name=default 0.122s
2025-02-19 12:27:38.931 63744 INFO tempest.lib.common.rest_client [req-4a1eed12-4b60-48f8-9076-25a082796928 req-4a1eed12-4b60-48f8-9076-25a082796928 ] Request (MigrationsAdminTest:test_list_migrations_in_flavor_resize_situation): 200 GET http://10.180.1.21/compute/v2.1/servers/7d8d0417-b510-417b-a18f-375d1dfd3757 0.576s
2025-02-19 12:27:38.960 63766 INFO tempest.lib.common.rest_client [req-c3811f51-812d-451c-83d7-0fd5ad66f538 req-c3811f51-812d-451c-83d7-0fd5ad66f538 ] Request (TenantUsagesTestJSON:tearDownClass): 200 GET http://10.180.1.21/compute/v2.1/servers/23321024-43d0-47bd-978a-54fe07732e63 0.534s
2025-02-19 12:27:38.994 63740 INFO tempest.lib.common.rest_client [req-388362a9-e131-4d8c-9df4-8317a18432bb req-388362a9-e131-4d8c-9df4-8317a18432bb ] Request (ImagesTestJSON:test_create_image_from_stopped_server): 200 GET http://10.180.1.21/compute/v2.1/servers/d74cfc21-d87d-45a2-8cf7-4d34244fc363 0.526s
2025-02-19 12:27:39.018 63714 INFO tempest.lib.common.rest_client [req-9c4b2b0d-8f94-4de6-bf6e-391464becdc4 req-9c4b2b0d-8f94-4de6-bf6e-391464becdc4 ] Request (HostsAdminNegativeTestJSON:tearDownClass): 204 DELETE http://10.180.1.21:9696/networking/v2.0/security-groups/3973304a-28e2-421b-90a4-49712eaf40df 0.127s
2025-02-19 12:27:39.022 63720 INFO tempest.lib.common.rest_client [req-7f524104-62bb-4af3-9a50-3ffc32864ffd req-7f524104-62bb-4af3-9a50-3ffc32864ffd ] Request (ServersAdminNegativeTestJSON:tearDownClass): 200 GET http://10.180.1.21/compute/v2.1/servers/3d12aa80-970a-4952-92b8-190639fd60f9 0.461s
2025-02-19 12:27:39.049 63718 INFO tempest.lib.common.rest_client [req-af72066b-558a-4c50-bef0-5ed9031b8244 req-af72066b-558a-4c50-bef0-5ed9031b8244 ] Request (ServerDiagnosticsTest:tearDownClass): 200 GET http://10.180.1.21/compute/v2.1/servers/36739a27-6196-4609-868a-aa03d3a6677c 0.437s
2025-02-19 12:27:39.056 63718 INFO tempest.common.waiters [-] State transition "ACTIVE/deleting" ==> "DELETED/None" after 5 second wait
2025-02-19 12:27:39.073 63730 INFO tempest.lib.common.rest_client [req-2580a895-4834-4ab1-82e0-49ffcbac5f60 req-2580a895-4834-4ab1-82e0-49ffcbac5f60 ] Request (ListImageFiltersTestJSON:setUpClass): 200 GET http://10.180.1.21/compute/v2.1/servers/bf32371c-af10-493d-911c-4e62135b56d9 0.416s
2025-02-19 12:27:39.082 63730 INFO tempest.common.waiters [-] State transition "BUILD/scheduling" ==> "BUILD/None" after 17 second wait
2025-02-19 12:27:39.125 63714 INFO tempest.lib.common.rest_client [req-a8939174-79df-45c9-85f4-6bd88cd7538c req-a8939174-79df-45c9-85f4-6bd88cd7538c ] Request (HostsAdminNegativeTestJSON:tearDownClass): 204 DELETE http://10.180.1.21/identity/v3/projects/6f7204e579964b8c9d048ff3f2d6de16 0.106s
2025-02-19 12:27:39.155 63758 INFO tempest.lib.common.rest_client [req-0eab00ce-5b82-4edd-ab1c-af2517ec5afc req-0eab00ce-5b82-4edd-ab1c-af2517ec5afc ] Request (ServersTestFqdnHostnames:test_create_server_with_fqdn_name): 200 GET http://10.180.1.21/compute/v2.1/servers/9707b3a4-7e96-4c52-a1d5-d4e4988e129a 0.352s
2025-02-19 12:27:39.178 63765 INFO tempest.lib.common.rest_client [req-c6a840c8-8d8a-4b2c-a34e-93094f7ebc71 req-c6a840c8-8d8a-4b2c-a34e-93094f7ebc71 ] Request (ServerDiagnosticsNegativeTest:tearDownClass): 200 GET http://10.180.1.21/compute/v2.1/servers/da37af6a-06d4-4c29-a60a-ac0c01939cf9 0.363s
2025-02-19 12:27:39.198 63714 INFO tempest.lib.common.rest_client [req-5c6860ea-8d1e-4bf3-a553-d683d8f8e568 req-5c6860ea-8d1e-4bf3-a553-d683d8f8e568 ] Request (FloatingIPsAssociationTestJSON:setUpClass): 201 POST http://10.180.1.21/identity/v3/auth/tokens 0.072s
2025-02-19 12:27:39.233 63752 INFO tempest.lib.common.rest_client [req-7638fe86-41ab-4dc5-9cb3-c6dee16123bf req-7638fe86-41ab-4dc5-9cb3-c6dee16123bf ] Request (ServerActionsTestOtherB:setUpClass): 200 GET http://10.180.1.21/compute/v2.1/servers/412eac9c-3c2e-439d-bcec-af6ec09c879f 0.139s
2025-02-19 12:27:39.234 63714 INFO tempest.lib.common.rest_client [req-a3df5d45-1757-4f27-9f0b-591373ada994 req-a3df5d45-1757-4f27-9f0b-591373ada994 ] Request (FloatingIPsAssociationTestJSON:setUpClass): 201 POST http://10.180.1.21/identity/v3/auth/tokens 0.032s
2025-02-19 12:27:39.263 63714 INFO tempest.lib.common.rest_client [req-18248948-f547-4bff-88d6-d0a76d0950ba req-18248948-f547-4bff-88d6-d0a76d0950ba ] Request (FloatingIPsAssociationTestJSON:setUpClass): 200 GET http://10.180.1.21/identity/v3/domains?name=Default 0.028s
2025-02-19 12:27:39.285 63760 INFO tempest.lib.common.rest_client [req-fe311ff7-9a72-4d31-90ab-d62ddf86da9a req-fe311ff7-9a72-4d31-90ab-d62ddf86da9a ] Request (ListServerFiltersTestJSON:test_list_servers_filtered_by_ip_regex): 200 GET http://10.180.1.21/compute/v2.1/servers/6b84681b-8d45-483f-83ae-b7810ee9612d 0.395s
2025-02-19 12:27:39.291 63716 INFO tempest.lib.common.rest_client [req-19207e91-b4e0-4dea-9d63-8b1da51dbd5e req-19207e91-b4e0-4dea-9d63-8b1da51dbd5e ] Request (VolumesAdminNegativeTest:test_update_attached_volume_with_nonexistent_volume_in_body): 200 GET http://10.180.1.21/compute/v2.1/servers/d9faab7b-af63-41e1-94b5-65e3ad0db03f 0.115s
2025-02-19 12:27:39.296 63714 INFO tempest.lib.common.rest_client [req-7f3df3f0-5e3e-4555-ab14-8684c4163fd1 req-7f3df3f0-5e3e-4555-ab14-8684c4163fd1 ] Request (FloatingIPsAssociationTestJSON:setUpClass): 201 POST http://10.180.1.21/identity/v3/projects 0.033s
2025-02-19 12:27:39.344 63712 INFO tempest.lib.common.rest_client [req-5b7548f5-46dd-443e-9e85-23ebda6e5c05 req-5b7548f5-46dd-443e-9e85-23ebda6e5c05 ] Request (InstanceActionsTestJSON:tearDownClass): 200 GET http://10.180.1.21/compute/v2.1/servers/c64d965b-7be7-4357-a787-3f92c720519b 0.128s
2025-02-19 12:27:39.346 63726 INFO tempest.lib.common.rest_client [req-c5aaebce-f89f-4b25-bde9-d29487d52ccf req-c5aaebce-f89f-4b25-bde9-d29487d52ccf ] Request (FloatingIPsAssociationNegativeTestJSON:tearDownClass): 200 GET http://10.180.1.21/compute/v2.1/servers/11044fc7-5b70-43f5-b5f0-703eec1592fd 0.099s
2025-02-19 12:27:39.366 63714 INFO tempest.lib.common.rest_client [req-7c6e72d2-aa88-480b-8bcb-854814f2fdb6 req-7c6e72d2-aa88-480b-8bcb-854814f2fdb6 ] Request (FloatingIPsAssociationTestJSON:setUpClass): 201 POST http://10.180.1.21/identity/v3/users 0.069s
2025-02-19 12:27:39.393 63714 INFO tempest.lib.common.rest_client [req-e1e00371-7672-4cd2-b90b-e2c481bc1b68 req-e1e00371-7672-4cd2-b90b-e2c481bc1b68 ] Request (FloatingIPsAssociationTestJSON:setUpClass): 200 GET http://10.180.1.21/identity/v3/roles 0.026s
2025-02-19 12:27:39.428 63768 INFO tempest.lib.common.rest_client [req-22bbcec8-0618-4855-b495-7422e45a84d3 req-22bbcec8-0618-4855-b495-7422e45a84d3 ] Request (ServerRescueNegativeTestJSON:setUpClass): 200 GET http://10.180.1.21/compute/v2.1/servers/369dc141-ec0b-4237-aed7-d047e9a59bab 0.136s
2025-02-19 12:27:39.434 63714 INFO tempest.lib.common.rest_client [req-cbff3198-fe2d-4c7f-ae5d-df10c820ef47 req-cbff3198-fe2d-4c7f-ae5d-df10c820ef47 ] Request (FloatingIPsAssociationTestJSON:setUpClass): 204 PUT http://10.180.1.21/identity/v3/projects/aba89970aca1493f9009dc8a5777b171/users/aceaa05d15854472a435e82b780f6ded/roles/045876ccc6b24a7e9699b66beec926e7 0.040s
2025-02-19 12:27:39.435 63714 INFO tempest.lib.common.dynamic_creds [-] Dynamic test user aceaa05d15854472a435e82b780f6ded is created with scope project and roles: ['member']
2025-02-19 12:27:39.435 63714 INFO tempest.lib.common.dynamic_creds [-] Acquired dynamic creds: credentials: Credentials: {'domain_id': 'default', 'domain_name': 'Default', 'username': 'tempest-FloatingIPsAssociationTestJSON-888308830-project-member', 'project_domain_id': 'default', 'project_domain_name': 'Default', 'project_id': 'aba89970aca1493f9009dc8a5777b171', 'project_name': 'tempest-FloatingIPsAssociationTestJSON-888308830', 'tenant_id': 'aba89970aca1493f9009dc8a5777b171', 'tenant_name': 'tempest-FloatingIPsAssociationTestJSON-888308830', 'user_domain_id': 'default', 'user_domain_name': 'Default', 'user_id': 'aceaa05d15854472a435e82b780f6ded', 'system': None}, Network: None, Subnet: None, Router: None
2025-02-19 12:27:39.471 63760 INFO tempest.lib.common.rest_client [req-16efd320-25e0-4c2f-902f-60730feb6725 req-16efd320-25e0-4c2f-902f-60730feb6725 ] Request (ListServerFiltersTestJSON:test_list_servers_filtered_by_ip_regex): 200 GET http://10.180.1.21/compute/v2.1/servers/33736b9b-a9b1-438b-a04c-5fb79282c7d6 0.176s
2025-02-19 12:27:39.515 63772 INFO tempest.lib.common.rest_client [req-7bb12e9b-0946-413d-a9fd-8d2a9ee11f59 req-7bb12e9b-0946-413d-a9fd-8d2a9ee11f59 ] Request (ServerTagsTestJSON:setUpClass): 200 GET http://10.180.1.21/compute/v2.1/servers/cf289fc2-ecbe-49e9-84d2-a3d421e2bb25 0.146s
2025-02-19 12:27:39.520 63714 INFO tempest.lib.common.rest_client [req-c13b0103-65ec-4550-a415-c76566c50a27 req-c13b0103-65ec-4550-a415-c76566c50a27 ] Request (FloatingIPsAssociationTestJSON:setUpClass): 201 POST http://10.180.1.21/identity/v3/auth/tokens 0.085s
2025-02-19 12:27:39.541 63756 INFO tempest.lib.common.rest_client [req-40b584b0-e01a-4b11-a670-24a88c8d2072 req-40b584b0-e01a-4b11-a670-24a88c8d2072 ] Request (ServerDiagnosticsV248Test:tearDownClass): 200 GET http://10.180.1.21/compute/v2.1/servers/dc0da38c-afce-47f2-ac49-5a0933f2a926 0.165s
2025-02-19 12:27:39.598 63736 INFO tempest.lib.common.rest_client [req-bd2c6c61-d1e4-408e-87eb-a06365f45e17 req-bd2c6c61-d1e4-408e-87eb-a06365f45e17 ] Request (ServersTestMultiNic:test_verify_duplicate_network_nics): 200 GET http://10.180.1.21/compute/v2.1/servers/5fae3008-ed55-4e69-bea5-33f26ee23090 0.171s
2025-02-19 12:27:39.621 63748 INFO tempest.lib.common.rest_client [req-26cb1be5-a731-411f-a79a-74428d8e4c56 req-26cb1be5-a731-411f-a79a-74428d8e4c56 ] Request (ServersAdmin275Test:tearDownClass): 200 GET http://10.180.1.21/compute/v2.1/servers/555f5ecb-fbd7-488e-823b-f35bf9d5e803 0.184s
2025-02-19 12:27:39.675 63732 INFO tempest.lib.common.rest_client [req-91d39c69-2ec4-47d7-b20b-c5987e34c10e req-91d39c69-2ec4-47d7-b20b-c5987e34c10e ] Request (InstanceActionsV221TestJSON:test_get_list_deleted_instance_actions): 200 GET http://10.180.1.21/compute/v2.1/servers/a0e8987b-f229-466e-8a19-108a84646ae3 0.193s
2025-02-19 12:27:39.710 63760 INFO tempest.lib.common.rest_client [req-4c1ca030-f877-4103-9d90-a6344a5dc9ca req-4c1ca030-f877-4103-9d90-a6344a5dc9ca ] Request (ListServerFiltersTestJSON:test_list_servers_filtered_by_ip_regex): 200 GET http://10.180.1.21/compute/v2.1/servers/f255de95-0e89-488b-8441-cc7c997cdf89 0.221s
2025-02-19 12:27:39.734 63770 INFO tempest.lib.common.rest_client [req-0bcb3c5e-ae63-4664-b199-08742925317d req-0bcb3c5e-ae63-4664-b199-08742925317d ] Request (ServersTestManualDisk:setUpClass): 200 GET http://10.180.1.21/compute/v2.1/servers/8b83e720-1025-4989-9bd0-37b3da8511ae 0.198s
2025-02-19 12:27:39.805 63738 INFO tempest.lib.common.rest_client [req-5643bbc2-4021-47f2-99e3-9a3fba0f0d5c req-5643bbc2-4021-47f2-99e3-9a3fba0f0d5c ] Request (SecurityGroupsTestJSON:test_server_security_groups): 200 GET http://10.180.1.21/compute/v2.1/servers/260d1159-09e8-4c66-b877-7eb0e6effde4 0.203s
2025-02-19 12:27:39.821 63734 INFO tempest.lib.common.rest_client [req-127a99ac-e26f-4422-b733-eb94c681556d req-127a99ac-e26f-4422-b733-eb94c681556d ] Request (ImagesOneServerTestJSON:setUpClass): 200 GET http://10.180.1.21/compute/v2.1/servers/2613b16c-08ce-4423-a1c5-c342fa7c79db 0.238s
2025-02-19 12:27:39.837 63714 INFO tempest.lib.common.rest_client [req-9cb6bc0c-6acb-4731-ac72-478e336b1eb0 req-9cb6bc0c-6acb-4731-ac72-478e336b1eb0 ] Request (FloatingIPsAssociationTestJSON:setUpClass): 201 POST http://10.180.1.21:9696/networking/v2.0/networks 0.316s
2025-02-19 12:27:39.866 63728 INFO tempest.lib.common.rest_client [req-b7594e32-bb16-4012-b527-b998377c1024 req-b7594e32-bb16-4012-b527-b998377c1024 ] Request (AttachInterfacesTestJSON:test_create_list_show_delete_interfaces_by_fixed_ip): 200 GET http://10.180.1.21/compute/v2.1/servers/69b7e6dd-497a-4e72-9669-5b3cf404bbf6 0.225s
2025-02-19 12:27:39.880 63722 INFO tempest.lib.common.rest_client [req-71f5238f-d5b9-4d30-b22f-9ec09f85ea6b req-71f5238f-d5b9-4d30-b22f-9ec09f85ea6b ] Request (DeleteServersAdminTestJSON:test_delete_server_while_in_error_state): 200 GET http://10.180.1.21/compute/v2.1/servers/59fa839d-83dd-463c-9e5e-91f5fbe38753 0.184s
2025-02-19 12:27:40.074 63755 INFO tempest.lib.common.rest_client [req-21bf5c9b-ea41-4541-9513-520545112fb7 req-21bf5c9b-ea41-4541-9513-520545112fb7 ] Request (ServerActionsTestJSON:setUpClass): 200 GET http://10.180.1.21/compute/v2.1/servers/d1f3667d-f592-4c2f-8eda-8e24b95f215b 0.328s
2025-02-19 12:27:40.100 63760 INFO tempest.lib.common.rest_client [req-51fe333a-8df0-46b0-82ec-c23b4404167f req-51fe333a-8df0-46b0-82ec-c23b4404167f ] Request (ListServerFiltersTestJSON:test_list_servers_filtered_by_ip_regex): 200 GET http://10.180.1.21/compute/v2.1/servers/detail 0.382s
2025-02-19 12:27:40.111 63714 INFO tempest.lib.common.rest_client [req-f8b550f4-31a7-417e-87b5-ce4b21145200 req-f8b550f4-31a7-417e-87b5-ce4b21145200 ] Request (FloatingIPsAssociationTestJSON:setUpClass): 201 POST http://10.180.1.21:9696/networking/v2.0/subnets 0.274s
2025-02-19 12:27:40.135 63750 INFO tempest.lib.common.rest_client [req-12847180-07bc-4865-8aed-65d62f9feb2a req-12847180-07bc-4865-8aed-65d62f9feb2a ] Request (MultipleCreateTestJSON:test_multiple_create_with_reservation_return): 200 GET http://10.180.1.21/compute/v2.1/servers/2ed42fac-9066-4bc2-831a-91e367651687 0.384s
2025-02-19 12:27:40.190 63766 INFO tempest.lib.common.rest_client [req-06cf973a-ade4-4ac2-b0b6-154c10d01106 req-06cf973a-ade4-4ac2-b0b6-154c10d01106 ] Request (TenantUsagesTestJSON:tearDownClass): 200 GET http://10.180.1.21/compute/v2.1/servers/23321024-43d0-47bd-978a-54fe07732e63 0.221s
2025-02-19 12:27:40.241 63740 INFO tempest.lib.common.rest_client [req-d5935fc2-6086-474c-843b-ccbe30bcf6b2 req-d5935fc2-6086-474c-843b-ccbe30bcf6b2 ] Request (ImagesTestJSON:test_create_image_from_stopped_server): 200 GET http://10.180.1.21/compute/v2.1/servers/d74cfc21-d87d-45a2-8cf7-4d34244fc363 0.237s
2025-02-19 12:27:40.259 63742 WARNING tempest.lib.common.ssh [-] Failed to establish authenticated ssh connection to cirros@10.180.180.233 ([Errno None] Unable to connect to port 22 on 10.180.180.233). Number attempts: 4. Retry after 5 seconds.: paramiko.ssh_exception.NoValidConnectionsError: [Errno None] Unable to connect to port 22 on 10.180.180.233
2025-02-19 12:27:40.270 63744 INFO tempest.lib.common.rest_client [req-973a5256-3987-445c-885a-d53e2f4c7e73 req-973a5256-3987-445c-885a-d53e2f4c7e73 ] Request (MigrationsAdminTest:test_list_migrations_in_flavor_resize_situation): 200 GET http://10.180.1.21/compute/v2.1/servers/7d8d0417-b510-417b-a18f-375d1dfd3757 0.331s
2025-02-19 12:27:40.296 63720 INFO tempest.lib.common.rest_client [req-22e2dbc1-4ad2-44fc-8eec-5db679a6a3e2 req-22e2dbc1-4ad2-44fc-8eec-5db679a6a3e2 ] Request (ServersAdminNegativeTestJSON:tearDownClass): 200 GET http://10.180.1.21/compute/v2.1/servers/3d12aa80-970a-4952-92b8-190639fd60f9 0.267s
2025-02-19 12:27:40.303 63720 INFO tempest.common.waiters [-] State transition "SUSPENDED/deleting" ==> "DELETED/None" after 4 second wait
2025-02-19 12:27:40.341 63730 INFO tempest.lib.common.rest_client [req-ddadef8e-afb1-4ec4-8200-1573717a212e req-ddadef8e-afb1-4ec4-8200-1573717a212e ] Request (ListImageFiltersTestJSON:setUpClass): 200 GET http://10.180.1.21/compute/v2.1/servers/bf32371c-af10-493d-911c-4e62135b56d9 0.258s
2025-02-19 12:27:40.350 63718 INFO tempest.lib.common.rest_client [req-3f43f3ed-cc28-40ea-bc0b-015789801221 req-3f43f3ed-cc28-40ea-bc0b-015789801221 ] Request (ServerDiagnosticsTest:tearDownClass): 200 GET http://10.180.1.21/compute/v2.1/servers/36739a27-6196-4609-868a-aa03d3a6677c 0.293s
2025-02-19 12:27:40.459 63760 INFO tempest.lib.common.rest_client [req-31343b6b-f4d9-4ff2-b906-6e076b89e41f req-31343b6b-f4d9-4ff2-b906-6e076b89e41f ] Request (ListServerFiltersTestJSON:test_list_servers_filtered_by_ip_regex): 200 GET http://10.180.1.21/compute/v2.1/servers?ip=192.168.128. 0.341s
2025-02-19 12:27:40.525 63758 INFO tempest.lib.common.rest_client [req-fb9f30c6-8ef7-46ae-b705-5a2f54cdba29 req-fb9f30c6-8ef7-46ae-b705-5a2f54cdba29 ] Request (ServersTestFqdnHostnames:test_create_server_with_fqdn_name): 200 GET http://10.180.1.21/compute/v2.1/servers/9707b3a4-7e96-4c52-a1d5-d4e4988e129a 0.360s
2025-02-19 12:27:40.568 63765 INFO tempest.lib.common.rest_client [req-91d7160a-159d-4875-adab-8424d2103e99 req-91d7160a-159d-4875-adab-8424d2103e99 ] Request (ServerDiagnosticsNegativeTest:tearDownClass): 200 GET http://10.180.1.21/compute/v2.1/servers/da37af6a-06d4-4c29-a60a-ac0c01939cf9 0.383s
2025-02-19 12:27:40.589 63752 INFO tempest.lib.common.rest_client [req-787c62e0-0083-4ab2-83a1-b0df7075c6b5 req-787c62e0-0083-4ab2-83a1-b0df7075c6b5 ] Request (ServerActionsTestOtherB:setUpClass): 200 GET http://10.180.1.21/compute/v2.1/servers/412eac9c-3c2e-439d-bcec-af6ec09c879f 0.346s
2025-02-19 12:27:40.623 63716 INFO tempest.lib.common.rest_client [req-dc9f7379-cc39-466c-88d9-351f2675cb13 req-dc9f7379-cc39-466c-88d9-351f2675cb13 ] Request (VolumesAdminNegativeTest:test_update_attached_volume_with_nonexistent_volume_in_body): 200 GET http://10.180.1.21/compute/v2.1/servers/d9faab7b-af63-41e1-94b5-65e3ad0db03f 0.323s
2025-02-19 12:27:40.659 63712 INFO tempest.lib.common.rest_client [req-6ad4583a-99f6-471b-b771-a2d594b5526d req-6ad4583a-99f6-471b-b771-a2d594b5526d ] Request (InstanceActionsTestJSON:tearDownClass): 200 GET http://10.180.1.21/compute/v2.1/servers/c64d965b-7be7-4357-a787-3f92c720519b 0.305s
2025-02-19 12:27:40.675 63712 INFO tempest.common.waiters [-] State transition "ACTIVE/deleting" ==> "DELETED/None" after 4 second wait
2025-02-19 12:27:40.681 63726 INFO tempest.lib.common.rest_client [req-f3d9f001-9136-4816-932e-23a708bbaa6a req-f3d9f001-9136-4816-932e-23a708bbaa6a ] Request (FloatingIPsAssociationNegativeTestJSON:tearDownClass): 200 GET http://10.180.1.21/compute/v2.1/servers/11044fc7-5b70-43f5-b5f0-703eec1592fd 0.324s
2025-02-19 12:27:40.717 63768 INFO tempest.lib.common.rest_client [req-34cff1f9-9c6c-4e60-866d-d32cb59b3ad4 req-34cff1f9-9c6c-4e60-866d-d32cb59b3ad4 ] Request (ServerRescueNegativeTestJSON:setUpClass): 200 GET http://10.180.1.21/compute/v2.1/servers/369dc141-ec0b-4237-aed7-d047e9a59bab 0.281s
2025-02-19 12:27:40.767 63760 INFO tempest.lib.common.rest_client [req-df19b208-b45c-4a1e-aee2-896d62ef820d req-df19b208-b45c-4a1e-aee2-896d62ef820d ] Request (ListServerFiltersTestJSON:test_list_servers_filtered_by_name_regex): 200 GET http://10.180.1.21/compute/v2.1/servers?name=%5E.%2A%5C-instance%5C-%5B0-9%5D%2B%24 0.305s
2025-02-19 12:27:40.775 63772 INFO tempest.lib.common.rest_client [req-9028b943-3fcd-4544-8770-56eb0bf3bdb4 req-9028b943-3fcd-4544-8770-56eb0bf3bdb4 ] Request (ServerTagsTestJSON:setUpClass): 200 GET http://10.180.1.21/compute/v2.1/servers/cf289fc2-ecbe-49e9-84d2-a3d421e2bb25 0.248s
2025-02-19 12:27:40.785 63772 INFO tempest.common.waiters [-] State transition "BUILD/None" ==> "BUILD/networking" after 26 second wait
2025-02-19 12:27:40.823 63736 INFO tempest.lib.common.rest_client [req-8f0b0730-2605-49df-986b-125b1f0f362d req-8f0b0730-2605-49df-986b-125b1f0f362d ] Request (ServersTestMultiNic:test_verify_duplicate_network_nics): 200 GET http://10.180.1.21/compute/v2.1/servers/5fae3008-ed55-4e69-bea5-33f26ee23090 0.212s
2025-02-19 12:27:40.833 63756 INFO tempest.lib.common.rest_client [req-f93567a0-282a-4ab2-a7ed-f223f5a8d110 req-f93567a0-282a-4ab2-a7ed-f223f5a8d110 ] Request (ServerDiagnosticsV248Test:tearDownClass): 200 GET http://10.180.1.21/compute/v2.1/servers/dc0da38c-afce-47f2-ac49-5a0933f2a926 0.276s
2025-02-19 12:27:40.892 63748 INFO tempest.lib.common.rest_client [req-dc807028-c72f-48b0-9ec4-abc268caf73d req-dc807028-c72f-48b0-9ec4-abc268caf73d ] Request (ServersAdmin275Test:tearDownClass): 200 GET http://10.180.1.21/compute/v2.1/servers/555f5ecb-fbd7-488e-823b-f35bf9d5e803 0.256s
2025-02-19 12:27:40.921 63732 INFO tempest.lib.common.rest_client [req-05684b95-36af-425a-b52f-6837f2ebe7b6 req-05684b95-36af-425a-b52f-6837f2ebe7b6 ] Request (InstanceActionsV221TestJSON:test_get_list_deleted_instance_actions): 200 GET http://10.180.1.21/compute/v2.1/servers/a0e8987b-f229-466e-8a19-108a84646ae3 0.236s
2025-02-19 12:27:40.967 63760 INFO tempest.lib.common.rest_client [req-3300d7f9-8c1d-4f6f-b3af-4abf763b1210 req-3300d7f9-8c1d-4f6f-b3af-4abf763b1210 ] Request (ListServerFiltersTestJSON:test_list_servers_filtered_by_name_regex): 200 GET http://10.180.1.21/compute/v2.1/servers?name=%5E.%2A%5C-instance%5C-.%2A%24 0.197s
2025-02-19 12:27:40.969 63770 INFO tempest.lib.common.rest_client [req-d72305b4-aafa-4610-916a-5dd791bfef2b req-d72305b4-aafa-4610-916a-5dd791bfef2b ] Request (ServersTestManualDisk:setUpClass): 200 GET http://10.180.1.21/compute/v2.1/servers/8b83e720-1025-4989-9bd0-37b3da8511ae 0.226s
2025-02-19 12:27:41.018 63738 INFO tempest.lib.common.rest_client [req-1d879295-900d-42bc-b7c1-1e75af319911 req-1d879295-900d-42bc-b7c1-1e75af319911 ] Request (SecurityGroupsTestJSON:test_server_security_groups): 200 GET http://10.180.1.21/compute/v2.1/servers/260d1159-09e8-4c66-b877-7eb0e6effde4 0.201s
2025-02-19 12:27:41.064 63728 INFO tempest.lib.common.rest_client [req-1b3af27c-5247-47ad-962e-d9ff96f25822 req-1b3af27c-5247-47ad-962e-d9ff96f25822 ] Request (AttachInterfacesTestJSON:test_create_list_show_delete_interfaces_by_fixed_ip): 200 GET http://10.180.1.21/compute/v2.1/servers/69b7e6dd-497a-4e72-9669-5b3cf404bbf6 0.185s
2025-02-19 12:27:41.117 63722 INFO tempest.lib.common.rest_client [req-e23a5802-72ff-4b3e-a952-4ad7c4c8f30c req-e23a5802-72ff-4b3e-a952-4ad7c4c8f30c ] Request (DeleteServersAdminTestJSON:test_delete_server_while_in_error_state): 200 GET http://10.180.1.21/compute/v2.1/servers/59fa839d-83dd-463c-9e5e-91f5fbe38753 0.227s
2025-02-19 12:27:41.158 63734 INFO tempest.lib.common.rest_client [req-da9103fc-5900-4ff5-8026-70a95ac4f50e req-da9103fc-5900-4ff5-8026-70a95ac4f50e ] Request (ImagesOneServerTestJSON:setUpClass): 200 GET http://10.180.1.21/compute/v2.1/servers/2613b16c-08ce-4423-a1c5-c342fa7c79db 0.327s
2025-02-19 12:27:41.162 63760 INFO tempest.lib.common.rest_client [req-9708f57a-612a-4fc8-8346-a24fada19de4 req-9708f57a-612a-4fc8-8346-a24fada19de4 ] Request (ListServerFiltersTestJSON:test_list_servers_filtered_by_name_regex): 200 GET http://10.180.1.21/compute/v2.1/servers?name=1566314249 0.193s
2025-02-19 12:27:41.211 63750 INFO tempest.lib.common.rest_client [req-753bb9d5-d354-41be-a8cd-dda59da7473d req-753bb9d5-d354-41be-a8cd-dda59da7473d ] Request (MultipleCreateTestJSON:test_multiple_create_with_reservation_return): 200 GET http://10.180.1.21/compute/v2.1/servers/2ed42fac-9066-4bc2-831a-91e367651687 0.066s
2025-02-19 12:27:41.256 63760 INFO tempest.lib.common.rest_client [req-36cd3205-8b25-4f10-9742-de663d57801d req-36cd3205-8b25-4f10-9742-de663d57801d ] Request (ListServerFiltersTestJSON:test_list_servers_filtered_by_name_wildcard): 200 GET http://10.180.1.21/compute/v2.1/servers?name=-instance 0.088s
2025-02-19 12:27:41.305 63766 INFO tempest.lib.common.rest_client [req-41919d19-e4c2-4157-a6be-3e4502e4e107 req-41919d19-e4c2-4157-a6be-3e4502e4e107 ] Request (TenantUsagesTestJSON:tearDownClass): 200 GET http://10.180.1.21/compute/v2.1/servers/23321024-43d0-47bd-978a-54fe07732e63 0.106s
2025-02-19 12:27:41.345 63755 INFO tempest.lib.common.rest_client [req-b57b4ead-2938-451f-845d-a03500d73cff req-b57b4ead-2938-451f-845d-a03500d73cff ] Request (ServerActionsTestJSON:setUpClass): 200 GET http://10.180.1.21/compute/v2.1/servers/d1f3667d-f592-4c2f-8eda-8e24b95f215b 0.261s
2025-02-19 12:27:41.348 63740 INFO tempest.lib.common.rest_client [req-7dae6bbb-d3ca-4ba8-9bf1-24f8a06f26cc req-7dae6bbb-d3ca-4ba8-9bf1-24f8a06f26cc ] Request (ImagesTestJSON:test_create_image_from_stopped_server): 200 GET http://10.180.1.21/compute/v2.1/servers/d74cfc21-d87d-45a2-8cf7-4d34244fc363 0.097s
2025-02-19 12:27:41.352 63755 INFO tempest.common.waiters [-] State transition "BUILD/spawning" ==> "ACTIVE/None" after 37 second wait
2025-02-19 12:27:41.382 63714 INFO tempest.lib.common.rest_client [req-a327cd6f-8db5-4f36-aa5d-34d7276a1cd2 req-a327cd6f-8db5-4f36-aa5d-34d7276a1cd2 ] Request (FloatingIPsAssociationTestJSON:setUpClass): 201 POST http://10.180.1.21:9696/networking/v2.0/routers 1.270s
2025-02-19 12:27:41.396 63760 INFO tempest.lib.common.rest_client [req-fda3c0fd-b687-4cd2-9f92-89aa28808cb4 req-fda3c0fd-b687-4cd2-9f92-89aa28808cb4 ] Request (ListServerFiltersTestJSON:test_list_servers_filtered_by_name_wildcard): 200 GET http://10.180.1.21/compute/v2.1/servers?name=t-ListServerFiltersTestJSON-instance-156631424 0.138s
2025-02-19 12:27:41.451 63744 INFO tempest.lib.common.rest_client [req-769d26a3-7083-46de-9949-196f72a9d150 req-769d26a3-7083-46de-9949-196f72a9d150 ] Request (MigrationsAdminTest:test_list_migrations_in_flavor_resize_situation): 200 GET http://10.180.1.21/compute/v2.1/servers/7d8d0417-b510-417b-a18f-375d1dfd3757 0.172s
2025-02-19 12:27:41.459 63744 INFO tempest.common.waiters [-] State transition "RESIZE/resize_prep" ==> "RESIZE/resize_migrating" after 28 second wait
2025-02-19 12:27:41.471 63720 INFO tempest.lib.common.rest_client [req-8877e001-99d9-44ce-a8a7-e19ef1dc0cfc req-8877e001-99d9-44ce-a8a7-e19ef1dc0cfc ] Request (ServersAdminNegativeTestJSON:tearDownClass): 200 GET http://10.180.1.21/compute/v2.1/servers/3d12aa80-970a-4952-92b8-190639fd60f9 0.168s
2025-02-19 12:27:41.498 63730 INFO tempest.lib.common.rest_client [req-ffa80308-9fcc-44c8-b0e0-a0325a6f4542 req-ffa80308-9fcc-44c8-b0e0-a0325a6f4542 ] Request (ListImageFiltersTestJSON:setUpClass): 200 GET http://10.180.1.21/compute/v2.1/servers/bf32371c-af10-493d-911c-4e62135b56d9 0.147s
2025-02-19 12:27:41.555 63718 INFO tempest.lib.common.rest_client [req-19e578fa-8f72-443e-a583-d22cdd50f76c req-19e578fa-8f72-443e-a583-d22cdd50f76c ] Request (ServerDiagnosticsTest:tearDownClass): 200 GET http://10.180.1.21/compute/v2.1/servers/36739a27-6196-4609-868a-aa03d3a6677c 0.197s
2025-02-19 12:27:41.570 63755 INFO tempest.lib.common.rest_client [req-01693fcc-2c98-4698-aaef-91d3ca6a4260 req-01693fcc-2c98-4698-aaef-91d3ca6a4260 ] Request (ServerActionsTestJSON:setUpClass): 200 GET http://10.180.1.21/compute/v2.1/servers/d1f3667d-f592-4c2f-8eda-8e24b95f215b/os-interface 0.218s
2025-02-19 12:27:41.633 63760 INFO tempest.lib.common.rest_client [req-57dddd4b-46a0-4745-b78b-f727c88fb119 req-57dddd4b-46a0-4745-b78b-f727c88fb119 ] Request (ListServerFiltersTestJSON:tearDownClass): 204 DELETE http://10.180.1.21/compute/v2.1/servers/f255de95-0e89-488b-8441-cc7c997cdf89 0.229s
2025-02-19 12:27:41.685 63765 INFO tempest.lib.common.rest_client [req-351a89ed-4ba6-4a3e-a047-8b6de7dba57f req-351a89ed-4ba6-4a3e-a047-8b6de7dba57f ] Request (ServerDiagnosticsNegativeTest:tearDownClass): 200 GET http://10.180.1.21/compute/v2.1/servers/da37af6a-06d4-4c29-a60a-ac0c01939cf9 0.106s
2025-02-19 12:27:41.735 63752 INFO tempest.lib.common.rest_client [req-2b2291c0-fe7c-42f7-97f9-ba9a44f10ffe req-2b2291c0-fe7c-42f7-97f9-ba9a44f10ffe ] Request (ServerActionsTestOtherB:setUpClass): 200 GET http://10.180.1.21/compute/v2.1/servers/412eac9c-3c2e-439d-bcec-af6ec09c879f 0.136s
2025-02-19 12:27:41.841 63760 INFO tempest.lib.common.rest_client [req-1cbc113b-d880-4a06-bcd1-0a20b9f207ee req-1cbc113b-d880-4a06-bcd1-0a20b9f207ee ] Request (ListServerFiltersTestJSON:tearDownClass): 200 GET http://10.180.1.21/compute/v2.1/servers/f255de95-0e89-488b-8441-cc7c997cdf89 0.207s
2025-02-19 12:27:41.894 63716 INFO tempest.lib.common.rest_client [req-9fcffd60-7d5d-49a7-9034-b1db789f36cd req-9fcffd60-7d5d-49a7-9034-b1db789f36cd ] Request (VolumesAdminNegativeTest:test_update_attached_volume_with_nonexistent_volume_in_body): 200 GET http://10.180.1.21/compute/v2.1/servers/d9faab7b-af63-41e1-94b5-65e3ad0db03f 0.260s
2025-02-19 12:27:41.966 63712 INFO tempest.lib.common.rest_client [req-d10d370d-a353-4b09-a592-30bdcf7ff373 req-d10d370d-a353-4b09-a592-30bdcf7ff373 ] Request (InstanceActionsTestJSON:tearDownClass): 200 GET http://10.180.1.21/compute/v2.1/servers/c64d965b-7be7-4357-a787-3f92c720519b 0.291s
2025-02-19 12:27:42.030 63726 INFO tempest.lib.common.rest_client [req-cf0ac636-749e-4dbb-b6af-d1e7f86a9682 req-cf0ac636-749e-4dbb-b6af-d1e7f86a9682 ] Request (FloatingIPsAssociationNegativeTestJSON:tearDownClass): 200 GET http://10.180.1.21/compute/v2.1/servers/11044fc7-5b70-43f5-b5f0-703eec1592fd 0.335s
2025-02-19 12:27:42.088 63768 INFO tempest.lib.common.rest_client [req-19faf0d0-8a10-487c-9be9-43b20fe58859 req-19faf0d0-8a10-487c-9be9-43b20fe58859 ] Request (ServerRescueNegativeTestJSON:setUpClass): 200 GET http://10.180.1.21/compute/v2.1/servers/369dc141-ec0b-4237-aed7-d047e9a59bab 0.359s
2025-02-19 12:27:42.123 63758 INFO tempest.lib.common.rest_client [req-b0c16501-4c05-4afc-9869-a97ba555009f req-b0c16501-4c05-4afc-9869-a97ba555009f ] Request (ServersTestFqdnHostnames:test_create_server_with_fqdn_name): 200 GET http://10.180.1.21/compute/v2.1/servers/9707b3a4-7e96-4c52-a1d5-d4e4988e129a 0.591s
2025-02-19 12:27:42.206 63736 INFO tempest.lib.common.rest_client [req-c8050d19-c32f-43ce-971c-bad7d48493b6 req-c8050d19-c32f-43ce-971c-bad7d48493b6 ] Request (ServersTestMultiNic:test_verify_duplicate_network_nics): 200 GET http://10.180.1.21/compute/v2.1/servers/5fae3008-ed55-4e69-bea5-33f26ee23090 0.375s
2025-02-19 12:27:42.238 63772 INFO tempest.lib.common.rest_client [req-3e1142b0-8b50-4d81-84b4-de67e1ef2039 req-3e1142b0-8b50-4d81-84b4-de67e1ef2039 ] Request (ServerTagsTestJSON:setUpClass): 200 GET http://10.180.1.21/compute/v2.1/servers/cf289fc2-ecbe-49e9-84d2-a3d421e2bb25 0.452s
2025-02-19 12:27:42.247 63772 INFO tempest.common.waiters [-] State transition "BUILD/networking" ==> "BUILD/spawning" after 28 second wait
2025-02-19 12:27:42.297 63756 INFO tempest.lib.common.rest_client [req-a1954580-df17-4a1d-ac54-a70bc7e9bf84 req-a1954580-df17-4a1d-ac54-a70bc7e9bf84 ] Request (ServerDiagnosticsV248Test:tearDownClass): 200 GET http://10.180.1.21/compute/v2.1/servers/dc0da38c-afce-47f2-ac49-5a0933f2a926 0.454s
2025-02-19 12:27:42.310 63748 INFO tempest.lib.common.rest_client [req-85d818ef-2b0a-4a07-8efa-7242bb612b41 req-85d818ef-2b0a-4a07-8efa-7242bb612b41 ] Request (ServersAdmin275Test:tearDownClass): 200 GET http://10.180.1.21/compute/v2.1/servers/555f5ecb-fbd7-488e-823b-f35bf9d5e803 0.404s
2025-02-19 12:27:42.367 63770 INFO tempest.lib.common.rest_client [req-00989d91-cdd0-484b-8e5e-4ce4c1adac0e req-00989d91-cdd0-484b-8e5e-4ce4c1adac0e ] Request (ServersTestManualDisk:setUpClass): 200 GET http://10.180.1.21/compute/v2.1/servers/8b83e720-1025-4989-9bd0-37b3da8511ae 0.384s
2025-02-19 12:27:42.372 63732 INFO tempest.lib.common.rest_client [req-f97df59d-8294-445b-b786-5323d1332989 req-f97df59d-8294-445b-b786-5323d1332989 ] Request (InstanceActionsV221TestJSON:test_get_list_deleted_instance_actions): 200 GET http://10.180.1.21/compute/v2.1/servers/a0e8987b-f229-466e-8a19-108a84646ae3 0.441s
2025-02-19 12:27:42.429 63738 INFO tempest.lib.common.rest_client [req-168dcfa1-08ee-4a1b-9db6-c5e9ed6c5e4f req-168dcfa1-08ee-4a1b-9db6-c5e9ed6c5e4f ] Request (SecurityGroupsTestJSON:test_server_security_groups): 200 GET http://10.180.1.21/compute/v2.1/servers/260d1159-09e8-4c66-b877-7eb0e6effde4 0.403s
2025-02-19 12:27:42.460 63728 INFO tempest.lib.common.rest_client [req-b2648992-a054-41b0-b8d7-f03912d97fc8 req-b2648992-a054-41b0-b8d7-f03912d97fc8 ] Request (AttachInterfacesTestJSON:test_create_list_show_delete_interfaces_by_fixed_ip): 200 GET http://10.180.1.21/compute/v2.1/servers/69b7e6dd-497a-4e72-9669-5b3cf404bbf6 0.382s
2025-02-19 12:27:42.481 63722 INFO tempest.lib.common.rest_client [req-17e03145-24b9-4f51-8344-ea79c6c669e6 req-17e03145-24b9-4f51-8344-ea79c6c669e6 ] Request (DeleteServersAdminTestJSON:test_delete_server_while_in_error_state): 200 GET http://10.180.1.21/compute/v2.1/servers/59fa839d-83dd-463c-9e5e-91f5fbe38753 0.347s
2025-02-19 12:27:42.531 63750 INFO tempest.lib.common.rest_client [req-87131d5f-eb2c-49bb-b492-f7422b21e9c2 req-87131d5f-eb2c-49bb-b492-f7422b21e9c2 ] Request (MultipleCreateTestJSON:test_multiple_create_with_reservation_return): 200 GET http://10.180.1.21/compute/v2.1/servers/2ed42fac-9066-4bc2-831a-91e367651687 0.307s
2025-02-19 12:27:42.607 63766 INFO tempest.lib.common.rest_client [req-59d45375-1d1f-40af-927e-29710bdc6f4b req-59d45375-1d1f-40af-927e-29710bdc6f4b ] Request (TenantUsagesTestJSON:tearDownClass): 200 GET http://10.180.1.21/compute/v2.1/servers/23321024-43d0-47bd-978a-54fe07732e63 0.290s
2025-02-19 12:27:42.668 63740 INFO tempest.lib.common.rest_client [req-bc2d7d07-1621-4b72-a824-b06ebfad5d18 req-bc2d7d07-1621-4b72-a824-b06ebfad5d18 ] Request (ImagesTestJSON:test_create_image_from_stopped_server): 200 GET http://10.180.1.21/compute/v2.1/servers/d74cfc21-d87d-45a2-8cf7-4d34244fc363 0.312s
2025-02-19 12:27:42.675 63734 INFO tempest.lib.common.rest_client [req-e9450ec8-6ab5-484f-80d7-1e6fad0a66ba req-e9450ec8-6ab5-484f-80d7-1e6fad0a66ba ] Request (ImagesOneServerTestJSON:setUpClass): 200 GET http://10.180.1.21/compute/v2.1/servers/2613b16c-08ce-4423-a1c5-c342fa7c79db 0.504s
2025-02-19 12:27:42.778 63744 INFO tempest.lib.common.rest_client [req-a98e6162-d960-45d1-8822-1578f1b31a83 req-a98e6162-d960-45d1-8822-1578f1b31a83 ] Request (MigrationsAdminTest:test_list_migrations_in_flavor_resize_situation): 200 GET http://10.180.1.21/compute/v2.1/servers/7d8d0417-b510-417b-a18f-375d1dfd3757 0.318s
2025-02-19 12:27:42.782 63720 INFO tempest.lib.common.rest_client [req-dbb14f57-0f8c-4fff-94a5-797b52dee4f0 req-dbb14f57-0f8c-4fff-94a5-797b52dee4f0 ] Request (ServersAdminNegativeTestJSON:tearDownClass): 200 GET http://10.180.1.21/compute/v2.1/servers/3d12aa80-970a-4952-92b8-190639fd60f9 0.297s
2025-02-19 12:27:42.844 63730 INFO tempest.lib.common.rest_client [req-6962cba0-d70a-4324-8f66-669a82cecdad req-6962cba0-d70a-4324-8f66-669a82cecdad ] Request (ListImageFiltersTestJSON:setUpClass): 200 GET http://10.180.1.21/compute/v2.1/servers/bf32371c-af10-493d-911c-4e62135b56d9 0.336s
2025-02-19 12:27:42.866 63718 INFO tempest.lib.common.rest_client [req-763f3b42-9e92-4f2a-8a09-7ba8458c148e req-763f3b42-9e92-4f2a-8a09-7ba8458c148e ] Request (ServerDiagnosticsTest:tearDownClass): 200 GET http://10.180.1.21/compute/v2.1/servers/36739a27-6196-4609-868a-aa03d3a6677c 0.302s
2025-02-19 12:27:42.950 63765 INFO tempest.lib.common.rest_client [req-f8ce18d9-b646-4dd7-ba0f-b032ff719102 req-f8ce18d9-b646-4dd7-ba0f-b032ff719102 ] Request (ServerDiagnosticsNegativeTest:tearDownClass): 200 GET http://10.180.1.21/compute/v2.1/servers/da37af6a-06d4-4c29-a60a-ac0c01939cf9 0.248s
2025-02-19 12:27:42.956 63752 INFO tempest.lib.common.rest_client [req-8b982fd5-3575-4455-bbc1-658e754984ea req-8b982fd5-3575-4455-bbc1-658e754984ea ] Request (ServerActionsTestOtherB:setUpClass): 200 GET http://10.180.1.21/compute/v2.1/servers/412eac9c-3c2e-439d-bcec-af6ec09c879f 0.212s
2025-02-19 12:27:42.972 63765 INFO tempest.common.waiters [-] State transition "ACTIVE/deleting" ==> "DELETED/None" after 3 second wait
2025-02-19 12:27:43.000 63755 INFO tempest.lib.common.rest_client [req-2cfc1e87-7d5c-4e6b-be28-ad4c1be83de0 req-2cfc1e87-7d5c-4e6b-be28-ad4c1be83de0 ] Request (ServerActionsTestJSON:setUpClass): 200 PUT http://10.180.1.21:9696/networking/v2.0/floatingips/af2b68c7-d6c0-465b-a716-f95a5256aa89 1.426s
2025-02-19 12:27:43.001 63755 INFO tempest.lib.common.ssh [-] Creating ssh connection to '10.180.180.170:22' as 'cirros' with public key authentication
2025-02-19 12:27:43.050 63716 INFO tempest.lib.common.rest_client [req-08c4194d-04fe-400d-8e69-7c25f4228fb2 req-08c4194d-04fe-400d-8e69-7c25f4228fb2 ] Request (VolumesAdminNegativeTest:test_update_attached_volume_with_nonexistent_volume_in_body): 200 GET http://10.180.1.21/compute/v2.1/servers/d9faab7b-af63-41e1-94b5-65e3ad0db03f 0.147s
2025-02-19 12:27:43.085 63760 INFO tempest.lib.common.rest_client [req-89289ea3-a442-4e9e-940f-7b79724bf4fa req-89289ea3-a442-4e9e-940f-7b79724bf4fa ] Request (ListServerFiltersTestJSON:tearDownClass): 200 GET http://10.180.1.21/compute/v2.1/servers/f255de95-0e89-488b-8441-cc7c997cdf89 0.235s
2025-02-19 12:27:43.127 63712 INFO tempest.lib.common.rest_client [req-732035c8-e8bf-40ac-ba40-43147fccbb98 req-732035c8-e8bf-40ac-ba40-43147fccbb98 ] Request (InstanceActionsTestJSON:tearDownClass): 200 GET http://10.180.1.21/compute/v2.1/servers/c64d965b-7be7-4357-a787-3f92c720519b 0.150s
2025-02-19 12:27:43.163 63726 INFO tempest.lib.common.rest_client [req-36fb0444-a81f-4b95-908b-8cb404a4f70a req-36fb0444-a81f-4b95-908b-8cb404a4f70a ] Request (FloatingIPsAssociationNegativeTestJSON:tearDownClass): 200 GET http://10.180.1.21/compute/v2.1/servers/11044fc7-5b70-43f5-b5f0-703eec1592fd 0.122s
2025-02-19 12:27:43.189 63768 INFO tempest.lib.common.rest_client [req-06052e63-2346-4d7a-85f8-ab552f7244dc req-06052e63-2346-4d7a-85f8-ab552f7244dc ] Request (ServerRescueNegativeTestJSON:setUpClass): 200 GET http://10.180.1.21/compute/v2.1/servers/369dc141-ec0b-4237-aed7-d047e9a59bab 0.091s
2025-02-19 12:27:43.277 63736 INFO tempest.lib.common.rest_client [req-5747cb0d-f040-4ea4-8944-ed276aab1d28 req-5747cb0d-f040-4ea4-8944-ed276aab1d28 ] Request (ServersTestMultiNic:test_verify_duplicate_network_nics): 200 GET http://10.180.1.21/compute/v2.1/servers/5fae3008-ed55-4e69-bea5-33f26ee23090 0.061s
2025-02-19 12:27:43.300 63758 INFO tempest.lib.common.rest_client [req-444895e5-a02f-4d14-919f-e42c8786ebf7 req-444895e5-a02f-4d14-919f-e42c8786ebf7 ] Request (ServersTestFqdnHostnames:test_create_server_with_fqdn_name): 200 GET http://10.180.1.21/compute/v2.1/servers/9707b3a4-7e96-4c52-a1d5-d4e4988e129a 0.163s
2025-02-19 12:27:43.387 63756 INFO tempest.lib.common.rest_client [req-7fb84d47-c441-4395-aa0b-94c4c4dcf899 req-7fb84d47-c441-4395-aa0b-94c4c4dcf899 ] Request (ServerDiagnosticsV248Test:tearDownClass): 200 GET http://10.180.1.21/compute/v2.1/servers/dc0da38c-afce-47f2-ac49-5a0933f2a926 0.077s
2025-02-19 12:27:43.411 63772 INFO tempest.lib.common.rest_client [req-c7873f96-2578-4b9a-b1b3-d11c0d219cd1 req-c7873f96-2578-4b9a-b1b3-d11c0d219cd1 ] Request (ServerTagsTestJSON:setUpClass): 200 GET http://10.180.1.21/compute/v2.1/servers/cf289fc2-ecbe-49e9-84d2-a3d421e2bb25 0.162s
2025-02-19 12:27:43.457 63748 INFO tempest.lib.common.rest_client [req-afcb9050-09a8-4e5a-9ae9-1f3fa3f2865f req-afcb9050-09a8-4e5a-9ae9-1f3fa3f2865f ] Request (ServersAdmin275Test:tearDownClass): 200 GET http://10.180.1.21/compute/v2.1/servers/555f5ecb-fbd7-488e-823b-f35bf9d5e803 0.133s
2025-02-19 12:27:43.474 63770 INFO tempest.lib.common.rest_client [req-93dcbd6c-9250-49af-8757-39d7ab515763 req-93dcbd6c-9250-49af-8757-39d7ab515763 ] Request (ServersTestManualDisk:setUpClass): 200 GET http://10.180.1.21/compute/v2.1/servers/8b83e720-1025-4989-9bd0-37b3da8511ae 0.098s
2025-02-19 12:27:43.482 63770 INFO tempest.common.waiters [-] State transition "BUILD/scheduling" ==> "BUILD/None" after 18 second wait
2025-02-19 12:27:43.491 63714 INFO tempest.lib.common.rest_client [req-57850c7d-7b45-431b-8cc4-555990e04b11 req-57850c7d-7b45-431b-8cc4-555990e04b11 ] Request (FloatingIPsAssociationTestJSON:setUpClass): 200 PUT http://10.180.1.21:9696/networking/v2.0/routers/179630ce-f95d-449f-b499-fb7c003bd7cc/add_router_interface 2.109s
2025-02-19 12:27:43.491 63714 INFO tempest.lib.common.dynamic_creds [-] Created isolated network resources for: credentials: Credentials: {'domain_id': 'default', 'domain_name': 'Default', 'username': 'tempest-FloatingIPsAssociationTestJSON-888308830-project-member', 'project_domain_id': 'default', 'project_domain_name': 'Default', 'project_id': 'aba89970aca1493f9009dc8a5777b171', 'project_name': 'tempest-FloatingIPsAssociationTestJSON-888308830', 'tenant_id': 'aba89970aca1493f9009dc8a5777b171', 'tenant_name': 'tempest-FloatingIPsAssociationTestJSON-888308830', 'user_domain_id': 'default', 'user_domain_name': 'Default', 'user_id': 'aceaa05d15854472a435e82b780f6ded', 'system': None}, Network: {'id': '678fb705-995c-4a51-bfc9-1e7b6673559e', 'name': 'tempest-FloatingIPsAssociationTestJSON-375690145-network', 'tenant_id': 'aba89970aca1493f9009dc8a5777b171', 'admin_state_up': True, 'mtu': 8950, 'status': 'ACTIVE', 'subnets': [], 'shared': False, 'project_id': 'aba89970aca1493f9009dc8a5777b171', 'port_security_enabled': True, 'router:external': False, 'provider:network_type': 'vlan', 'provider:physical_network': 'default', 'provider:segmentation_id': 627, 'availability_zone_hints': [], 'availability_zones': [], 'ipv4_address_scope': None, 'ipv6_address_scope': None, 'description': '', 'tags': [], 'created_at': '2025-02-19T12:27:39Z', 'updated_at': '2025-02-19T12:27:39Z', 'revision_number': 1}, Subnet: {'id': '99167277-c802-43f6-99c5-8883f472ad40', 'name': 'tempest-FloatingIPsAssociationTestJSON-375690145-subnet', 'tenant_id': 'aba89970aca1493f9009dc8a5777b171', 'network_id': '678fb705-995c-4a51-bfc9-1e7b6673559e', 'ip_version': 4, 'subnetpool_id': None, 'enable_dhcp': True, 'ipv6_ra_mode': None, 'ipv6_address_mode': None, 'gateway_ip': '192.168.128.1', 'cidr': '192.168.128.0/28', 'allocation_pools': [{'start': '192.168.128.2', 'end': '192.168.128.14'}], 'host_routes': [], 'dns_nameservers': [], 'description': '', 'router:external': False, 'service_types': [], 'tags': [], 'created_at': '2025-02-19T12:27:39Z', 'updated_at': '2025-02-19T12:27:39Z', 'revision_number': 0, 'project_id': 'aba89970aca1493f9009dc8a5777b171'}, Router: {'id': '179630ce-f95d-449f-b499-fb7c003bd7cc', 'name': 'tempest-FloatingIPsAssociationTestJSON-375690145-router', 'tenant_id': 'aba89970aca1493f9009dc8a5777b171', 'admin_state_up': True, 'status': 'ACTIVE', 'external_gateway_info': {'network_id': 'ba535d43-0d5f-48c8-8a25-d670ccc21a4a', 'external_fixed_ips': [{'subnet_id': '28a1311f-e912-438f-adce-922160b71663', 'ip_address': '10.180.180.217'}], 'enable_snat': True}, 'description': '', 'availability_zones': [], 'distributed': False, 'ha': False, 'availability_zone_hints': [], 'routes': [], 'flavor_id': None, 'tags': [], 'created_at': '2025-02-19T12:27:40Z', 'updated_at': '2025-02-19T12:27:40Z', 'revision_number': 2, 'project_id': 'aba89970aca1493f9009dc8a5777b171'}
2025-02-19 12:27:43.519 63732 INFO tempest.lib.common.rest_client [req-47e395ac-cd05-49d7-83ef-5e6010dd20b3 req-47e395ac-cd05-49d7-83ef-5e6010dd20b3 ] Request (InstanceActionsV221TestJSON:test_get_list_deleted_instance_actions): 200 GET http://10.180.1.21/compute/v2.1/servers/a0e8987b-f229-466e-8a19-108a84646ae3 0.134s
2025-02-19 12:27:43.526 63738 INFO tempest.lib.common.rest_client [req-92fb67d3-d599-4199-a63c-e36c4fcaac47 req-92fb67d3-d599-4199-a63c-e36c4fcaac47 ] Request (SecurityGroupsTestJSON:test_server_security_groups): 200 GET http://10.180.1.21/compute/v2.1/servers/260d1159-09e8-4c66-b877-7eb0e6effde4 0.087s
2025-02-19 12:27:43.574 63728 INFO tempest.lib.common.rest_client [req-2200e9e1-d42c-45a9-804a-bf3332bbffe8 req-2200e9e1-d42c-45a9-804a-bf3332bbffe8 ] Request (AttachInterfacesTestJSON:test_create_list_show_delete_interfaces_by_fixed_ip): 200 GET http://10.180.1.21/compute/v2.1/servers/69b7e6dd-497a-4e72-9669-5b3cf404bbf6 0.102s
2025-02-19 12:27:43.576 63722 INFO tempest.lib.common.rest_client [req-d6d4a0c4-d0d1-48d7-a3fc-343d2bfcdf85 req-d6d4a0c4-d0d1-48d7-a3fc-343d2bfcdf85 ] Request (DeleteServersAdminTestJSON:test_delete_server_while_in_error_state): 200 GET http://10.180.1.21/compute/v2.1/servers/59fa839d-83dd-463c-9e5e-91f5fbe38753 0.081s
2025-02-19 12:27:43.582 63714 INFO tempest.lib.common.rest_client [req-0527199d-b8c9-4176-9589-3e52de7e9235 req-0527199d-b8c9-4176-9589-3e52de7e9235 ] Request (FloatingIPsAssociationTestJSON:setUpClass): 201 POST http://10.180.1.21/identity/v3/auth/tokens 0.088s
2025-02-19 12:27:43.617 63714 INFO tempest.lib.common.rest_client [req-32611c3d-9cca-4e77-bd60-8caed3cba243 req-32611c3d-9cca-4e77-bd60-8caed3cba243 ] Request (FloatingIPsAssociationTestJSON:setUpClass): 201 POST http://10.180.1.21/identity/v3/auth/tokens 0.031s
