2025-02-19 12:28:47.458 63718 INFO tempest.lib.common.rest_client [req-efa1d644-8a8d-4485-b9f4-91b3979f5554 req-efa1d644-8a8d-4485-b9f4-91b3979f5554 ] Request (ServerExternalEventsTest:test_create_server_external_events): 200 GET http://10.180.1.21/compute/v2.1/servers/00ce5c4e-db18-4893-91df-47ca77bc9099 0.055s
2025-02-19 12:28:47.664 63734 INFO tempest.lib.common.rest_client [req-a34da092-d9e4-4987-b1cc-b9af0b3c54fd req-a34da092-d9e4-4987-b1cc-b9af0b3c54fd ] Request (ImagesOneServerTestJSON:tearDownClass): 200 GET http://10.180.1.21/compute/v2.1/servers/2613b16c-08ce-4423-a1c5-c342fa7c79db 0.059s
2025-02-19 12:28:47.756 63712 INFO tempest.lib.common.rest_client [req-cd67244f-e5e1-44d8-968b-4a161e7ed2ad req-cd67244f-e5e1-44d8-968b-4a161e7ed2ad ] Request (ServersAaction247Test:test_create_backup): 200 GET http://10.180.1.21/compute/v2.1/servers/48c39fea-14ce-4231-9f7d-badd7cc912ef 0.061s
2025-02-19 12:28:47.898 63714 INFO tempest.lib.common.rest_client [req-bf815b79-3ebb-4577-8054-3e31bc9a9939 req-bf815b79-3ebb-4577-8054-3e31bc9a9939 ] Request (FloatingIPsAssociationTestJSON:setUpClass): 200 GET http://10.180.1.21/compute/v2.1/servers/f685f5b8-a0c2-4bcc-8b41-a2ada29d7b64 0.049s
2025-02-19 12:28:47.945 63716 INFO tempest.lib.common.rest_client [req-c81c57bc-576c-47da-bee4-5cff7be8d7a9 req-c81c57bc-576c-47da-bee4-5cff7be8d7a9 ] Request (VolumesAdminNegativeTest:test_update_attached_volume_with_nonexistent_volume_in_body): 200 GET http://10.180.1.21/compute/v2.1/servers/d9faab7b-af63-41e1-94b5-65e3ad0db03f 0.143s
2025-02-19 12:28:47.947 63748 INFO tempest.lib.common.rest_client [req-378061fa-c642-491a-90f8-9c1f59c18d48 req-378061fa-c642-491a-90f8-9c1f59c18d48 ] Request (ServersAdminTestJSON:setUpClass): 200 GET http://10.180.1.21/compute/v2.1/servers/27d539c0-5401-402b-87ab-ce400a348a73 0.075s
2025-02-19 12:28:47.970 63728 WARNING tempest.lib.common.ssh [-] Failed to establish authenticated ssh connection to cirros@10.180.180.253 ([Errno None] Unable to connect to port 22 on 10.180.180.253). Number attempts: 5. Retry after 6 seconds.: paramiko.ssh_exception.NoValidConnectionsError: [Errno None] Unable to connect to port 22 on 10.180.180.253
2025-02-19 12:28:48.021 63756 INFO tempest.lib.common.rest_client [req-a28a7400-0467-46bb-93b7-3ff6a664d35f req-a28a7400-0467-46bb-93b7-3ff6a664d35f ] Request (ServersTestBootFromVolume:setUpClass): 200 GET http://10.180.1.21/compute/v2.1/servers/8a309aad-b086-442f-a069-60c780c5b945 0.115s
2025-02-19 12:28:48.062 63744 INFO tempest.lib.common.rest_client [req-2649f70a-5698-4d67-be3f-c4532d95bccc req-2649f70a-5698-4d67-be3f-c4532d95bccc ] Request (MigrationsAdminTest:test_resize_server_revert_deleted_flavor): 200 GET http://10.180.1.21/compute/v2.1/servers/10f69421-d9f3-421d-a17f-f33968787722 0.062s
2025-02-19 12:28:48.116 63730 INFO tempest.lib.common.rest_client [req-a0bf69c9-3b43-4f86-bc58-430d82f30ed1 req-a0bf69c9-3b43-4f86-bc58-430d82f30ed1 ] Request (ListImageFiltersTestJSON:setUpClass): 200 GET http://10.180.1.21/compute/v2.1/images/ea68907f-317a-42e2-98f7-448b550fe08e 0.062s
2025-02-19 12:28:48.191 63768 INFO tempest.lib.common.rest_client [req-26da44e3-c180-4f9a-9d2e-c7caa8148768 req-26da44e3-c180-4f9a-9d2e-c7caa8148768 ] Request (ServerRescueNegativeTestJSON:setUpClass): 200 GET http://10.180.1.21/compute/v2.1/servers/369dc141-ec0b-4237-aed7-d047e9a59bab 0.172s
2025-02-19 12:28:48.204 63768 INFO tempest.common.waiters [-] State transition "BUILD/block_device_mapping" ==> "BUILD/spawning" after 73 second wait
2025-02-19 12:28:48.240 63720 INFO tempest.lib.common.rest_client [req-4851d068-5ca3-4a63-a356-ea118f3634e7 req-4851d068-5ca3-4a63-a356-ea118f3634e7 ] Request (ServersAdminNegativeTestJSON:tearDownClass): 200 GET http://10.180.1.21/compute/v2.1/servers/fa73bac1-49d8-4360-a96e-1527ee1fc1cf 0.158s
2025-02-19 12:28:48.263 63766 INFO tempest.lib.common.rest_client [req-e7d0e33d-77fc-4c48-853b-a8f7516a8f91 req-e7d0e33d-77fc-4c48-853b-a8f7516a8f91 ] Request (InstanceActionsNegativeTestJSON:setUpClass): 200 GET http://10.180.1.21/compute/v2.1/servers/7671d351-0759-4462-acf5-302d615f0b73 0.141s
2025-02-19 12:28:48.304 63738 INFO tempest.lib.common.rest_client [req-21b52b64-5163-4a78-90c3-fdd23203e286 req-21b52b64-5163-4a78-90c3-fdd23203e286 ] Request (SecurityGroupsTestJSON:test_server_security_groups): 200 GET http://10.180.1.21/compute/v2.1/servers/260d1159-09e8-4c66-b877-7eb0e6effde4 0.129s
2025-02-19 12:28:48.341 63722 INFO tempest.lib.common.rest_client [req-446a7985-21db-49e0-b413-74fb07f2a477 req-446a7985-21db-49e0-b413-74fb07f2a477 ] Request (DeleteServersAdminTestJSON:test_delete_server_while_in_error_state): 200 GET http://10.180.1.21/compute/v2.1/servers/59fa839d-83dd-463c-9e5e-91f5fbe38753 0.080s
2025-02-19 12:28:48.350 63722 INFO tempest.common.waiters [-] State transition "ERROR/deleting" ==> "DELETED/None" after 5 second wait
2025-02-19 12:28:48.417 63726 INFO tempest.lib.common.rest_client [req-88a47e8d-98e9-4703-bd43-2d342a99fc58 req-88a47e8d-98e9-4703-bd43-2d342a99fc58 ] Request (ServersV294TestFqdnHostnames:setUpClass): 200 GET http://10.180.1.21/compute/v2.1/servers/e31c0a2c-b3c5-4cdc-8f6e-ebb525cb327b 0.095s
2025-02-19 12:28:48.455 63740 INFO tempest.lib.common.rest_client [req-244e72d1-630b-4ae3-b409-f2d591b9413e req-244e72d1-630b-4ae3-b409-f2d591b9413e ] Request (ImagesTestJSON:test_create_image_from_stopped_server): 200 GET http://10.180.1.21/compute/v2.1/images/b624771c-8645-45cb-b414-43a7c4bac935 0.109s
2025-02-19 12:28:48.491 63736 INFO tempest.lib.common.rest_client [req-07748883-18dc-4898-a1e4-e4cb39fad9fa req-07748883-18dc-4898-a1e4-e4cb39fad9fa ] Request (ServersTestMultiNic:_run_cleanups): 200 GET http://10.180.1.21/compute/v2.1/servers/5fae3008-ed55-4e69-bea5-33f26ee23090 0.206s
2025-02-19 12:28:48.525 63732 INFO tempest.lib.common.rest_client [req-50e31ad2-8bb0-47db-96d2-8702478bae86 req-50e31ad2-8bb0-47db-96d2-8702478bae86 ] Request (InstanceActionsV221TestJSON:test_get_list_deleted_instance_actions): 200 GET http://10.180.1.21/compute/v2.1/servers/a0e8987b-f229-466e-8a19-108a84646ae3 0.176s
2025-02-19 12:28:48.558 63760 INFO tempest.lib.common.rest_client [req-a6d950ee-1cfb-407c-b6fc-d187f99c12ce req-a6d950ee-1cfb-407c-b6fc-d187f99c12ce ] Request (ListServerFiltersTestJSON:tearDownClass): 200 GET http://10.180.1.21/compute/v2.1/servers/33736b9b-a9b1-438b-a04c-5fb79282c7d6 0.155s
2025-02-19 12:28:48.583 63765 INFO tempest.lib.common.rest_client [req-96203476-3f3d-45a9-a468-d319208d619b req-96203476-3f3d-45a9-a468-d319208d619b ] Request (ServerActionsTestOtherA:setUpClass): 200 GET http://10.180.1.21/compute/v2.1/servers/17637bd7-727e-44d3-9cd5-a0eb69322ed2 0.175s
2025-02-19 12:28:48.623 63750 INFO tempest.lib.common.rest_client [req-d8ab3cf5-de5d-45f7-8616-634051cdf7ab req-d8ab3cf5-de5d-45f7-8616-634051cdf7ab ] Request (MultipleCreateTestJSON:tearDownClass): 200 GET http://10.180.1.21/compute/v2.1/servers/7c9509a4-a57d-4e9c-94c5-105f0bab0f8a 0.165s
2025-02-19 12:28:48.638 63718 INFO tempest.lib.common.rest_client [req-434659f2-957b-4991-ac5e-fab5de58424a req-434659f2-957b-4991-ac5e-fab5de58424a ] Request (ServerExternalEventsTest:test_create_server_external_events): 200 GET http://10.180.1.21/compute/v2.1/servers/00ce5c4e-db18-4893-91df-47ca77bc9099 0.171s
2025-02-19 12:28:48.733 63734 INFO tempest.lib.common.rest_client [req-f426cb8b-0382-483a-90dc-4aa4dc9c2808 req-f426cb8b-0382-483a-90dc-4aa4dc9c2808 ] Request (ImagesOneServerTestJSON:tearDownClass): 200 GET http://10.180.1.21/compute/v2.1/servers/2613b16c-08ce-4423-a1c5-c342fa7c79db 0.062s
2025-02-19 12:28:48.822 63712 INFO tempest.lib.common.rest_client [req-1ef043aa-287d-401e-8796-db52785b996c req-1ef043aa-287d-401e-8796-db52785b996c ] Request (ServersAaction247Test:test_create_backup): 200 GET http://10.180.1.21/compute/v2.1/servers/48c39fea-14ce-4231-9f7d-badd7cc912ef 0.056s
2025-02-19 12:28:48.831 63712 INFO tempest.common.waiters [-] State transition "BUILD/scheduling" ==> "BUILD/None" after 30 second wait
2025-02-19 12:28:48.964 63714 INFO tempest.lib.common.rest_client [req-0261cf95-901b-4014-92f2-b402de24ca0c req-0261cf95-901b-4014-92f2-b402de24ca0c ] Request (FloatingIPsAssociationTestJSON:setUpClass): 200 GET http://10.180.1.21/compute/v2.1/servers/f685f5b8-a0c2-4bcc-8b41-a2ada29d7b64 0.057s
2025-02-19 12:28:49.021 63748 INFO tempest.lib.common.rest_client [req-2ee62c1a-0f0e-4bee-bd36-8fecc3ab122b req-2ee62c1a-0f0e-4bee-bd36-8fecc3ab122b ] Request (ServersAdminTestJSON:setUpClass): 200 GET http://10.180.1.21/compute/v2.1/servers/27d539c0-5401-402b-87ab-ce400a348a73 0.063s
2025-02-19 12:28:49.092 63756 INFO tempest.lib.common.rest_client [req-2c27794f-c856-44bd-9185-61f9e60518c7 req-2c27794f-c856-44bd-9185-61f9e60518c7 ] Request (ServersTestBootFromVolume:setUpClass): 200 GET http://10.180.1.21/compute/v2.1/servers/8a309aad-b086-442f-a069-60c780c5b945 0.064s
2025-02-19 12:28:49.092 63716 INFO tempest.lib.common.rest_client [req-c59a308a-c73d-431f-b716-d30a5d3e07ca req-c59a308a-c73d-431f-b716-d30a5d3e07ca ] Request (VolumesAdminNegativeTest:test_update_attached_volume_with_nonexistent_volume_in_body): 200 GET http://10.180.1.21/compute/v2.1/servers/d9faab7b-af63-41e1-94b5-65e3ad0db03f 0.138s
2025-02-19 12:28:49.147 63744 INFO tempest.lib.common.rest_client [req-c396cff5-7ffa-4ef4-9ca8-7a49e2c2e64b req-c396cff5-7ffa-4ef4-9ca8-7a49e2c2e64b ] Request (MigrationsAdminTest:test_resize_server_revert_deleted_flavor): 200 GET http://10.180.1.21/compute/v2.1/servers/10f69421-d9f3-421d-a17f-f33968787722 0.075s
2025-02-19 12:28:49.163 63730 INFO tempest.lib.common.rest_client [req-b2c10951-7575-4281-85e3-634dbfff0e7c req-b2c10951-7575-4281-85e3-634dbfff0e7c ] Request (ListImageFiltersTestJSON:setUpClass): 200 GET http://10.180.1.21/compute/v2.1/images/ea68907f-317a-42e2-98f7-448b550fe08e 0.040s
2025-02-19 12:28:49.303 63768 INFO tempest.lib.common.rest_client [req-6fac4bd2-b4c8-4446-ba50-778244316e12 req-6fac4bd2-b4c8-4446-ba50-778244316e12 ] Request (ServerRescueNegativeTestJSON:setUpClass): 200 GET http://10.180.1.21/compute/v2.1/servers/369dc141-ec0b-4237-aed7-d047e9a59bab 0.097s
2025-02-19 12:28:49.320 63720 INFO tempest.lib.common.rest_client [req-b2301304-959b-443c-9f99-ab0355e9386e req-b2301304-959b-443c-9f99-ab0355e9386e ] Request (ServersAdminNegativeTestJSON:tearDownClass): 200 GET http://10.180.1.21/compute/v2.1/servers/fa73bac1-49d8-4360-a96e-1527ee1fc1cf 0.070s
2025-02-19 12:28:49.361 63766 INFO tempest.lib.common.rest_client [req-603332d0-4932-456c-8693-77d7bf0a7a01 req-603332d0-4932-456c-8693-77d7bf0a7a01 ] Request (InstanceActionsNegativeTestJSON:setUpClass): 200 GET http://10.180.1.21/compute/v2.1/servers/7671d351-0759-4462-acf5-302d615f0b73 0.088s
2025-02-19 12:28:49.381 63738 INFO tempest.lib.common.rest_client [req-72aa4bdc-5e11-4623-ab0a-d063da5e1c09 req-72aa4bdc-5e11-4623-ab0a-d063da5e1c09 ] Request (SecurityGroupsTestJSON:test_server_security_groups): 200 GET http://10.180.1.21/compute/v2.1/servers/260d1159-09e8-4c66-b877-7eb0e6effde4 0.067s
2025-02-19 12:28:49.418 63722 INFO tempest.lib.common.rest_client [req-66a82e24-59d2-4362-813f-16d3284388a0 req-66a82e24-59d2-4362-813f-16d3284388a0 ] Request (DeleteServersAdminTestJSON:test_delete_server_while_in_error_state): 200 GET http://10.180.1.21/compute/v2.1/servers/59fa839d-83dd-463c-9e5e-91f5fbe38753 0.066s
2025-02-19 12:28:49.505 63726 INFO tempest.lib.common.rest_client [req-786fe54c-805d-47d6-b8b6-354891697987 req-786fe54c-805d-47d6-b8b6-354891697987 ] Request (ServersV294TestFqdnHostnames:setUpClass): 200 GET http://10.180.1.21/compute/v2.1/servers/e31c0a2c-b3c5-4cdc-8f6e-ebb525cb327b 0.074s
2025-02-19 12:28:49.654 63736 INFO tempest.lib.common.rest_client [req-9fa59893-af70-46a4-b8e9-c033ce5afb76 req-9fa59893-af70-46a4-b8e9-c033ce5afb76 ] Request (ServersTestMultiNic:_run_cleanups): 200 GET http://10.180.1.21/compute/v2.1/servers/5fae3008-ed55-4e69-bea5-33f26ee23090 0.154s
2025-02-19 12:28:49.732 63732 INFO tempest.lib.common.rest_client [req-ae2e7061-296c-4936-9a4f-936347c52e07 req-ae2e7061-296c-4936-9a4f-936347c52e07 ] Request (InstanceActionsV221TestJSON:test_get_list_deleted_instance_actions): 200 GET http://10.180.1.21/compute/v2.1/servers/a0e8987b-f229-466e-8a19-108a84646ae3 0.195s
2025-02-19 12:28:49.798 63760 INFO tempest.lib.common.rest_client [req-5c3250b3-920b-446c-ad4f-ffa435d5ef0a req-5c3250b3-920b-446c-ad4f-ffa435d5ef0a ] Request (ListServerFiltersTestJSON:tearDownClass): 200 GET http://10.180.1.21/compute/v2.1/servers/33736b9b-a9b1-438b-a04c-5fb79282c7d6 0.232s
2025-02-19 12:28:49.860 63765 INFO tempest.lib.common.rest_client [req-0df4fe10-6c97-4782-90d3-e8ac90cf5be7 req-0df4fe10-6c97-4782-90d3-e8ac90cf5be7 ] Request (ServerActionsTestOtherA:setUpClass): 200 GET http://10.180.1.21/compute/v2.1/servers/17637bd7-727e-44d3-9cd5-a0eb69322ed2 0.268s
2025-02-19 12:28:49.882 63750 INFO tempest.lib.common.rest_client [req-9efdcbf3-efa9-4f05-b453-22484fe51923 req-9efdcbf3-efa9-4f05-b453-22484fe51923 ] Request (MultipleCreateTestJSON:tearDownClass): 404 GET http://10.180.1.21/compute/v2.1/servers/7c9509a4-a57d-4e9c-94c5-105f0bab0f8a 0.251s
2025-02-19 12:28:49.938 63718 INFO tempest.lib.common.rest_client [req-4d35245d-170a-47be-bd8c-42df4dac8cd8 req-4d35245d-170a-47be-bd8c-42df4dac8cd8 ] Request (ServerExternalEventsTest:test_create_server_external_events): 200 GET http://10.180.1.21/compute/v2.1/servers/00ce5c4e-db18-4893-91df-47ca77bc9099 0.291s
2025-02-19 12:28:50.016 63734 INFO tempest.lib.common.rest_client [req-e0956e00-0f8a-496d-886d-4ed13cc196e0 req-e0956e00-0f8a-496d-886d-4ed13cc196e0 ] Request (ImagesOneServerTestJSON:tearDownClass): 200 GET http://10.180.1.21/compute/v2.1/servers/2613b16c-08ce-4423-a1c5-c342fa7c79db 0.274s
2025-02-19 12:28:50.089 63712 INFO tempest.lib.common.rest_client [req-04d12ba4-c924-4786-919c-a98fa6353b04 req-04d12ba4-c924-4786-919c-a98fa6353b04 ] Request (ServersAaction247Test:test_create_backup): 200 GET http://10.180.1.21/compute/v2.1/servers/48c39fea-14ce-4231-9f7d-badd7cc912ef 0.257s
2025-02-19 12:28:50.110 63750 INFO tempest.lib.common.rest_client [req-938bbe68-52d4-430c-991f-07eb9380add3 req-938bbe68-52d4-430c-991f-07eb9380add3 ] Request (MultipleCreateTestJSON:tearDownClass): 404 GET http://10.180.1.21/compute/v2.1/servers/2ed42fac-9066-4bc2-831a-91e367651687 0.227s
2025-02-19 12:28:50.167 63714 INFO tempest.lib.common.rest_client [req-514e492e-ab98-4eaa-b316-00d56ebb594c req-514e492e-ab98-4eaa-b316-00d56ebb594c ] Request (FloatingIPsAssociationTestJSON:setUpClass): 200 GET http://10.180.1.21/compute/v2.1/servers/f685f5b8-a0c2-4bcc-8b41-a2ada29d7b64 0.194s
2025-02-19 12:28:50.225 63748 INFO tempest.lib.common.rest_client [req-f52777f9-d101-4959-8a3e-1aebdf5ff753 req-f52777f9-d101-4959-8a3e-1aebdf5ff753 ] Request (ServersAdminTestJSON:setUpClass): 200 GET http://10.180.1.21/compute/v2.1/servers/27d539c0-5401-402b-87ab-ce400a348a73 0.196s
2025-02-19 12:28:50.286 63756 INFO tempest.lib.common.rest_client [req-c0da8361-d3f4-4174-8ee5-dd4fdb46b1d2 req-c0da8361-d3f4-4174-8ee5-dd4fdb46b1d2 ] Request (ServersTestBootFromVolume:setUpClass): 200 GET http://10.180.1.21/compute/v2.1/servers/8a309aad-b086-442f-a069-60c780c5b945 0.186s
2025-02-19 12:28:50.375 63740 INFO tempest.lib.common.rest_client [req-39c6a785-9461-4299-b10c-c530b29f880d req-39c6a785-9461-4299-b10c-c530b29f880d ] Request (ImagesTestJSON:test_create_image_from_stopped_server): 200 GET http://10.180.1.21/compute/v2.1/images/b624771c-8645-45cb-b414-43a7c4bac935 0.915s
2025-02-19 12:28:50.431 63716 INFO tempest.lib.common.rest_client [req-4eea91a3-22d6-4669-a573-ee605d9b9c2f req-4eea91a3-22d6-4669-a573-ee605d9b9c2f ] Request (VolumesAdminNegativeTest:test_update_attached_volume_with_nonexistent_volume_in_body): 200 GET http://10.180.1.21/compute/v2.1/servers/d9faab7b-af63-41e1-94b5-65e3ad0db03f 0.331s
2025-02-19 12:28:50.440 63744 INFO tempest.lib.common.rest_client [req-d5e5ce9b-47d5-46ea-83d7-0b2d7b215dfa req-d5e5ce9b-47d5-46ea-83d7-0b2d7b215dfa ] Request (MigrationsAdminTest:test_resize_server_revert_deleted_flavor): 200 GET http://10.180.1.21/compute/v2.1/servers/10f69421-d9f3-421d-a17f-f33968787722 0.285s
2025-02-19 12:28:50.467 63730 INFO tempest.lib.common.rest_client [req-8f7ca8a9-682f-4e54-a939-2c1d208c4c19 req-8f7ca8a9-682f-4e54-a939-2c1d208c4c19 ] Request (ListImageFiltersTestJSON:setUpClass): 200 GET http://10.180.1.21/compute/v2.1/images/ea68907f-317a-42e2-98f7-448b550fe08e 0.300s
2025-02-19 12:28:50.528 63720 INFO tempest.lib.common.rest_client [req-57714e85-f609-4e16-b94e-63504bcd6db2 req-57714e85-f609-4e16-b94e-63504bcd6db2 ] Request (ServersAdminNegativeTestJSON:tearDownClass): 200 GET http://10.180.1.21/compute/v2.1/servers/fa73bac1-49d8-4360-a96e-1527ee1fc1cf 0.198s
2025-02-19 12:28:50.575 63768 INFO tempest.lib.common.rest_client [req-033b0e4c-ad9b-4762-ab04-4e1a9e1a4f64 req-033b0e4c-ad9b-4762-ab04-4e1a9e1a4f64 ] Request (ServerRescueNegativeTestJSON:setUpClass): 200 GET http://10.180.1.21/compute/v2.1/servers/369dc141-ec0b-4237-aed7-d047e9a59bab 0.263s
2025-02-19 12:28:50.575 63766 INFO tempest.lib.common.rest_client [req-1234f90a-0731-4b4f-94da-6b936bd300b0 req-1234f90a-0731-4b4f-94da-6b936bd300b0 ] Request (InstanceActionsNegativeTestJSON:setUpClass): 200 GET http://10.180.1.21/compute/v2.1/servers/7671d351-0759-4462-acf5-302d615f0b73 0.206s
2025-02-19 12:28:50.630 63722 INFO tempest.lib.common.rest_client [req-ec3fe108-3cb3-421b-8c73-17c49172a44c req-ec3fe108-3cb3-421b-8c73-17c49172a44c ] Request (DeleteServersAdminTestJSON:test_delete_server_while_in_error_state): 200 GET http://10.180.1.21/compute/v2.1/servers/59fa839d-83dd-463c-9e5e-91f5fbe38753 0.205s
2025-02-19 12:28:50.632 63738 INFO tempest.lib.common.rest_client [req-8286ac44-5f78-4b5c-8dd7-c46120174fe6 req-8286ac44-5f78-4b5c-8dd7-c46120174fe6 ] Request (SecurityGroupsTestJSON:test_server_security_groups): 200 GET http://10.180.1.21/compute/v2.1/servers/260d1159-09e8-4c66-b877-7eb0e6effde4 0.244s
2025-02-19 12:28:50.668 63730 INFO tempest.lib.common.rest_client [req-0ff97675-7f08-4408-9aa4-0402218e1bab req-0ff97675-7f08-4408-9aa4-0402218e1bab ] Request (ListImageFiltersTestJSON:setUpClass): 200 GET http://10.180.1.21/compute/v2.1/images/ea68907f-317a-42e2-98f7-448b550fe08e 0.198s
2025-02-19 12:28:50.717 63726 INFO tempest.lib.common.rest_client [req-fa90e339-d463-4903-a555-ce29bed168f9 req-fa90e339-d463-4903-a555-ce29bed168f9 ] Request (ServersV294TestFqdnHostnames:setUpClass): 200 GET http://10.180.1.21/compute/v2.1/servers/e31c0a2c-b3c5-4cdc-8f6e-ebb525cb327b 0.200s
2025-02-19 12:28:50.740 63736 INFO tempest.lib.common.rest_client [req-ab82caaa-ee7c-475d-a5d5-91fe15fbd3f2 req-ab82caaa-ee7c-475d-a5d5-91fe15fbd3f2 ] Request (ServersTestMultiNic:_run_cleanups): 200 GET http://10.180.1.21/compute/v2.1/servers/5fae3008-ed55-4e69-bea5-33f26ee23090 0.078s
2025-02-19 12:28:50.803 63732 INFO tempest.lib.common.rest_client [req-e19421b3-37f2-404c-97bc-8ecc13cc4645 req-e19421b3-37f2-404c-97bc-8ecc13cc4645 ] Request (InstanceActionsV221TestJSON:test_get_list_deleted_instance_actions): 200 GET http://10.180.1.21/compute/v2.1/servers/a0e8987b-f229-466e-8a19-108a84646ae3 0.062s
2025-02-19 12:28:50.872 63760 INFO tempest.lib.common.rest_client [req-01306ae8-1556-4a49-8763-b4551565f441 req-01306ae8-1556-4a49-8763-b4551565f441 ] Request (ListServerFiltersTestJSON:tearDownClass): 200 GET http://10.180.1.21/compute/v2.1/servers/33736b9b-a9b1-438b-a04c-5fb79282c7d6 0.063s
2025-02-19 12:28:50.889 63730 INFO tempest.lib.common.rest_client [req-b5a17bca-27d1-44b7-8134-c733be508a79 req-b5a17bca-27d1-44b7-8134-c733be508a79 ] Request (ListImageFiltersTestJSON:setUpClass): 200 GET http://10.180.1.21/compute/v2.1/servers/bf32371c-af10-493d-911c-4e62135b56d9 0.217s
2025-02-19 12:28:50.932 63765 INFO tempest.lib.common.rest_client [req-da1f7739-affb-43fa-b79a-9ece49bbf946 req-da1f7739-affb-43fa-b79a-9ece49bbf946 ] Request (ServerActionsTestOtherA:setUpClass): 200 GET http://10.180.1.21/compute/v2.1/servers/17637bd7-727e-44d3-9cd5-a0eb69322ed2 0.063s
2025-02-19 12:28:50.934 63750 INFO tempest.lib.common.rest_client [req-0483f073-62ed-4724-87c2-18984e075ad5 req-0483f073-62ed-4724-87c2-18984e075ad5 ] Request (MultipleCreateTestJSON:tearDownClass): 200 PUT http://10.180.1.21:9696/networking/v2.0/routers/f799f103-836a-4c83-9e3a-e18290e38b28/remove_router_interface 0.824s
2025-02-19 12:28:51.008 63718 INFO tempest.lib.common.rest_client [req-37c5e1de-510c-4015-8bb6-356ded00efd3 req-37c5e1de-510c-4015-8bb6-356ded00efd3 ] Request (ServerExternalEventsTest:test_create_server_external_events): 200 GET http://10.180.1.21/compute/v2.1/servers/00ce5c4e-db18-4893-91df-47ca77bc9099 0.059s
2025-02-19 12:28:51.109 63734 INFO tempest.lib.common.rest_client [req-6456dae4-de65-4f07-9e73-bb08a87672c1 req-6456dae4-de65-4f07-9e73-bb08a87672c1 ] Request (ImagesOneServerTestJSON:tearDownClass): 200 GET http://10.180.1.21/compute/v2.1/servers/2613b16c-08ce-4423-a1c5-c342fa7c79db 0.084s
2025-02-19 12:28:51.169 63712 INFO tempest.lib.common.rest_client [req-5bcac89c-3735-4f08-917d-d2c040098dda req-5bcac89c-3735-4f08-917d-d2c040098dda ] Request (ServersAaction247Test:test_create_backup): 200 GET http://10.180.1.21/compute/v2.1/servers/48c39fea-14ce-4231-9f7d-badd7cc912ef 0.068s
2025-02-19 12:28:51.170 63770 WARNING tempest.lib.common.ssh [-] Failed to establish authenticated ssh connection to cirros@10.180.180.239 ([Errno None] Unable to connect to port 22 on 10.180.180.239). Number attempts: 4. Retry after 5 seconds.: paramiko.ssh_exception.NoValidConnectionsError: [Errno None] Unable to connect to port 22 on 10.180.180.239
2025-02-19 12:28:51.248 63714 INFO tempest.lib.common.rest_client [req-a79029d9-9a6d-4c7b-96cb-8088e3bef955 req-a79029d9-9a6d-4c7b-96cb-8088e3bef955 ] Request (FloatingIPsAssociationTestJSON:setUpClass): 200 GET http://10.180.1.21/compute/v2.1/servers/f685f5b8-a0c2-4bcc-8b41-a2ada29d7b64 0.072s
2025-02-19 12:28:51.304 63748 INFO tempest.lib.common.rest_client [req-7ccd64e2-491e-4e72-9710-58519330ac96 req-7ccd64e2-491e-4e72-9710-58519330ac96 ] Request (ServersAdminTestJSON:setUpClass): 200 GET http://10.180.1.21/compute/v2.1/servers/27d539c0-5401-402b-87ab-ce400a348a73 0.071s
2025-02-19 12:28:51.355 63750 INFO tempest.lib.common.rest_client [req-8c8645fd-cc93-4caa-97b2-093273e78e77 req-8c8645fd-cc93-4caa-97b2-093273e78e77 ] Request (MultipleCreateTestJSON:tearDownClass): 204 DELETE http://10.180.1.21:9696/networking/v2.0/routers/f799f103-836a-4c83-9e3a-e18290e38b28 0.421s
2025-02-19 12:28:51.357 63756 INFO tempest.lib.common.rest_client [req-1e209c20-6a9e-469c-8a0b-3d67b92beb2c req-1e209c20-6a9e-469c-8a0b-3d67b92beb2c ] Request (ServersTestBootFromVolume:setUpClass): 200 GET http://10.180.1.21/compute/v2.1/servers/8a309aad-b086-442f-a069-60c780c5b945 0.058s
2025-02-19 12:28:51.417 63740 INFO tempest.lib.common.rest_client [req-938af1a5-9257-4265-b1fa-9c414933b813 req-938af1a5-9257-4265-b1fa-9c414933b813 ] Request (ImagesTestJSON:test_create_image_from_stopped_server): 200 GET http://10.180.1.21/compute/v2.1/images/b624771c-8645-45cb-b414-43a7c4bac935 0.037s
2025-02-19 12:28:51.483 63750 INFO tempest.lib.common.rest_client [req-01b716b9-b35e-4e5b-87c8-73914e276a33 req-01b716b9-b35e-4e5b-87c8-73914e276a33 ] Request (MultipleCreateTestJSON:tearDownClass): 204 DELETE http://10.180.1.21:9696/networking/v2.0/subnets/1aabe73e-5c7e-4a17-8043-0138cf00300c 0.127s
2025-02-19 12:28:51.515 63744 INFO tempest.lib.common.rest_client [req-c5a904e8-5eba-4769-a3c9-a4c9ce8eda9c req-c5a904e8-5eba-4769-a3c9-a4c9ce8eda9c ] Request (MigrationsAdminTest:test_resize_server_revert_deleted_flavor): 200 GET http://10.180.1.21/compute/v2.1/servers/10f69421-d9f3-421d-a17f-f33968787722 0.065s
2025-02-19 12:28:51.561 63716 INFO tempest.lib.common.rest_client [req-269a5cb4-2f50-4264-a47b-0cc2c674f465 req-269a5cb4-2f50-4264-a47b-0cc2c674f465 ] Request (VolumesAdminNegativeTest:test_update_attached_volume_with_nonexistent_volume_in_body): 200 GET http://10.180.1.21/compute/v2.1/servers/d9faab7b-af63-41e1-94b5-65e3ad0db03f 0.114s
2025-02-19 12:28:51.569 63716 INFO tempest.common.waiters [-] State transition "BUILD/spawning" ==> "ACTIVE/None" after 81 second wait
2025-02-19 12:28:51.618 63720 INFO tempest.lib.common.rest_client [req-68911681-bf91-4155-9ab6-7ef329383bd7 req-68911681-bf91-4155-9ab6-7ef329383bd7 ] Request (ServersAdminNegativeTestJSON:tearDownClass): 200 GET http://10.180.1.21/compute/v2.1/servers/fa73bac1-49d8-4360-a96e-1527ee1fc1cf 0.075s
2025-02-19 12:28:51.632 63716 INFO tempest.lib.common.rest_client [req-357c3fe6-fd11-46da-a088-a78e6eee00d6 req-357c3fe6-fd11-46da-a088-a78e6eee00d6 ] Request (VolumesAdminNegativeTest:test_update_attached_volume_with_nonexistent_volume_in_body): 200 GET http://10.180.1.21/compute/v2.1/servers/d9faab7b-af63-41e1-94b5-65e3ad0db03f/os-interface 0.062s
2025-02-19 12:28:51.685 63766 INFO tempest.lib.common.rest_client [req-04135d44-f946-43cc-b090-ae0518f6136d req-04135d44-f946-43cc-b090-ae0518f6136d ] Request (InstanceActionsNegativeTestJSON:setUpClass): 200 GET http://10.180.1.21/compute/v2.1/servers/7671d351-0759-4462-acf5-302d615f0b73 0.101s
2025-02-19 12:28:51.746 63722 INFO tempest.lib.common.rest_client [req-818b3e37-f536-40c2-b9fe-45271a2bf74b req-818b3e37-f536-40c2-b9fe-45271a2bf74b ] Request (DeleteServersAdminTestJSON:test_delete_server_while_in_error_state): 200 GET http://10.180.1.21/compute/v2.1/servers/59fa839d-83dd-463c-9e5e-91f5fbe38753 0.108s
2025-02-19 12:28:51.793 63768 INFO tempest.lib.common.rest_client [req-fb37fb13-8e26-44f6-adf7-1a84bf758aa5 req-fb37fb13-8e26-44f6-adf7-1a84bf758aa5 ] Request (ServerRescueNegativeTestJSON:setUpClass): 200 GET http://10.180.1.21/compute/v2.1/servers/369dc141-ec0b-4237-aed7-d047e9a59bab 0.210s
2025-02-19 12:28:51.809 63738 INFO tempest.lib.common.rest_client [req-a84d09a3-b6e0-41ab-9313-ba139ebbe2db req-a84d09a3-b6e0-41ab-9313-ba139ebbe2db ] Request (SecurityGroupsTestJSON:test_server_security_groups): 200 GET http://10.180.1.21/compute/v2.1/servers/260d1159-09e8-4c66-b877-7eb0e6effde4 0.167s
2025-02-19 12:28:51.861 63726 INFO tempest.lib.common.rest_client [req-876004de-aba6-4b29-ab82-dd3e5f724f07 req-876004de-aba6-4b29-ab82-dd3e5f724f07 ] Request (ServersV294TestFqdnHostnames:setUpClass): 200 GET http://10.180.1.21/compute/v2.1/servers/e31c0a2c-b3c5-4cdc-8f6e-ebb525cb327b 0.132s
2025-02-19 12:28:51.871 63736 INFO tempest.lib.common.rest_client [req-301b0a8d-ee7d-4b2f-84b8-90eec24d3699 req-301b0a8d-ee7d-4b2f-84b8-90eec24d3699 ] Request (ServersTestMultiNic:_run_cleanups): 200 GET http://10.180.1.21/compute/v2.1/servers/5fae3008-ed55-4e69-bea5-33f26ee23090 0.122s
2025-02-19 12:28:51.880 63736 INFO tempest.common.waiters [-] State transition "ACTIVE/deleting" ==> "DELETED/None" after 4 second wait
2025-02-19 12:28:51.933 63732 INFO tempest.lib.common.rest_client [req-e128762b-026f-4aaf-b05d-04deb48d14c9 req-e128762b-026f-4aaf-b05d-04deb48d14c9 ] Request (InstanceActionsV221TestJSON:test_get_list_deleted_instance_actions): 200 GET http://10.180.1.21/compute/v2.1/servers/a0e8987b-f229-466e-8a19-108a84646ae3 0.120s
2025-02-19 12:28:51.942 63750 INFO tempest.lib.common.rest_client [req-e00c852a-0a51-4683-a2a0-d3da9e57b21e req-e00c852a-0a51-4683-a2a0-d3da9e57b21e ] Request (MultipleCreateTestJSON:tearDownClass): 204 DELETE http://10.180.1.21:9696/networking/v2.0/networks/70bb0668-65e1-4e70-9f26-d47e2c8368da 0.458s
2025-02-19 12:28:51.947 63760 INFO tempest.lib.common.rest_client [req-0633ee3f-2190-484b-81b9-e6a6af3e8e6e req-0633ee3f-2190-484b-81b9-e6a6af3e8e6e ] Request (ListServerFiltersTestJSON:tearDownClass): 200 GET http://10.180.1.21/compute/v2.1/servers/33736b9b-a9b1-438b-a04c-5fb79282c7d6 0.066s
2025-02-19 12:28:52.020 63765 INFO tempest.lib.common.rest_client [req-9424ebf8-7eb0-4162-a07a-ddcc1c91169a req-9424ebf8-7eb0-4162-a07a-ddcc1c91169a ] Request (ServerActionsTestOtherA:setUpClass): 200 GET http://10.180.1.21/compute/v2.1/servers/17637bd7-727e-44d3-9cd5-a0eb69322ed2 0.078s
2025-02-19 12:28:52.074 63750 INFO tempest.lib.common.rest_client [req-12262fb1-09e8-4b80-a601-9e8c67ce6d77 req-12262fb1-09e8-4b80-a601-9e8c67ce6d77 ] Request (MultipleCreateTestJSON:tearDownClass): 204 DELETE http://10.180.1.21/identity/v3/users/15cd3f06aa8b42309b717f6d72285659 0.132s
2025-02-19 12:28:52.074 63750 INFO tempest.lib.common.dynamic_creds [-] Deleting project and security group for project: 9530466743054fc4a73298f3fa43fc94
2025-02-19 12:28:52.076 63730 INFO tempest.lib.common.rest_client [req-3ccadded-40cc-4ae5-a8c9-8e97a9ed65c1 req-3ccadded-40cc-4ae5-a8c9-8e97a9ed65c1 ] Request (ListImageFiltersTestJSON:setUpClass): 200 GET http://10.180.1.21/compute/v2.1/servers/bf32371c-af10-493d-911c-4e62135b56d9 0.176s
2025-02-19 12:28:52.079 63718 INFO tempest.lib.common.rest_client [req-85c2be49-790d-44de-a8c9-8190479ff6ce req-85c2be49-790d-44de-a8c9-8190479ff6ce ] Request (ServerExternalEventsTest:test_create_server_external_events): 200 GET http://10.180.1.21/compute/v2.1/servers/00ce5c4e-db18-4893-91df-47ca77bc9099 0.063s
2025-02-19 12:28:52.105 63750 INFO tempest.lib.common.rest_client [req-deef871e-0e80-4a43-b890-538f07440eaa req-deef871e-0e80-4a43-b890-538f07440eaa ] Request (MultipleCreateTestJSON:tearDownClass): 200 GET http://10.180.1.21:9696/networking/v2.0/security-groups?tenant_id=9530466743054fc4a73298f3fa43fc94&name=default 0.030s
2025-02-19 12:28:52.187 63750 INFO tempest.lib.common.rest_client [req-88f690a8-26db-4983-ab33-8c1162f987cc req-88f690a8-26db-4983-ab33-8c1162f987cc ] Request (MultipleCreateTestJSON:tearDownClass): 204 DELETE http://10.180.1.21:9696/networking/v2.0/security-groups/4e48d9f1-4368-4853-9c0f-6e9126fd8da2 0.082s
2025-02-19 12:28:52.194 63710 WARNING tempest.lib.common.ssh [-] Failed to establish authenticated ssh connection to cirros@10.180.180.175 ([Errno None] Unable to connect to port 22 on 10.180.180.175). Number attempts: 10. Retry after 11 seconds.: paramiko.ssh_exception.NoValidConnectionsError: [Errno None] Unable to connect to port 22 on 10.180.180.175
2025-02-19 12:28:52.201 63734 INFO tempest.lib.common.rest_client [req-f6a07d4a-ed28-4d90-8629-578e29b766ee req-f6a07d4a-ed28-4d90-8629-578e29b766ee ] Request (ImagesOneServerTestJSON:tearDownClass): 200 GET http://10.180.1.21/compute/v2.1/servers/2613b16c-08ce-4423-a1c5-c342fa7c79db 0.084s
2025-02-19 12:28:52.235 63712 INFO tempest.lib.common.rest_client [req-fe85ac71-91f1-49c1-941c-cb7ff9e523f9 req-fe85ac71-91f1-49c1-941c-cb7ff9e523f9 ] Request (ServersAaction247Test:test_create_backup): 200 GET http://10.180.1.21/compute/v2.1/servers/48c39fea-14ce-4231-9f7d-badd7cc912ef 0.056s
2025-02-19 12:28:52.290 63716 INFO tempest.lib.common.rest_client [req-d9498da9-19be-41fc-8f85-84cdc63f1c3f req-d9498da9-19be-41fc-8f85-84cdc63f1c3f ] Request (VolumesAdminNegativeTest:test_update_attached_volume_with_nonexistent_volume_in_body): 200 PUT http://10.180.1.21:9696/networking/v2.0/floatingips/25847220-df91-4bbb-9cbc-99610a7490f8 0.655s
2025-02-19 12:28:52.291 63716 INFO tempest.lib.common.ssh [-] Creating ssh connection to '10.180.180.246:22' as 'cirros' with public key authentication
2025-02-19 12:28:52.293 63750 INFO tempest.lib.common.rest_client [req-028d3667-7ae0-4255-9eb4-f3460a168260 req-028d3667-7ae0-4255-9eb4-f3460a168260 ] Request (MultipleCreateTestJSON:tearDownClass): 204 DELETE http://10.180.1.21/identity/v3/projects/9530466743054fc4a73298f3fa43fc94 0.106s
2025-02-19 12:28:52.322 63714 INFO tempest.lib.common.rest_client [req-ba22deaa-33ee-44fd-9fb2-47191626752b req-ba22deaa-33ee-44fd-9fb2-47191626752b ] Request (FloatingIPsAssociationTestJSON:setUpClass): 200 GET http://10.180.1.21/compute/v2.1/servers/f685f5b8-a0c2-4bcc-8b41-a2ada29d7b64 0.065s
2025-02-19 12:28:52.350 63750 INFO tempest.lib.common.rest_client [req-1d3b9149-299a-4e85-96a4-bad195658277 req-1d3b9149-299a-4e85-96a4-bad195658277 ] Request (ServerMetadataTestJSON:setUpClass): 201 POST http://10.180.1.21/identity/v3/auth/tokens 0.055s
2025-02-19 12:28:52.375 63748 INFO tempest.lib.common.rest_client [req-31ab4446-daa9-4a44-bcc6-9378826037e5 req-31ab4446-daa9-4a44-bcc6-9378826037e5 ] Request (ServersAdminTestJSON:setUpClass): 200 GET http://10.180.1.21/compute/v2.1/servers/27d539c0-5401-402b-87ab-ce400a348a73 0.061s
2025-02-19 12:28:52.379 63750 INFO tempest.lib.common.rest_client [req-da277bf7-ff65-4164-a257-16cfd8ee7241 req-da277bf7-ff65-4164-a257-16cfd8ee7241 ] Request (ServerMetadataTestJSON:setUpClass): 201 POST http://10.180.1.21/identity/v3/auth/tokens 0.027s
2025-02-19 12:28:52.385 63758 WARNING tempest.lib.common.ssh [-] Failed to establish authenticated ssh connection to cirros@10.180.180.249 ([Errno None] Unable to connect to port 22 on 10.180.180.249). Number attempts: 8. Retry after 9 seconds.: paramiko.ssh_exception.NoValidConnectionsError: [Errno None] Unable to connect to port 22 on 10.180.180.249
2025-02-19 12:28:52.408 63750 INFO tempest.lib.common.rest_client [req-cb9f1360-fe5a-4d53-a68b-309967f09f24 req-cb9f1360-fe5a-4d53-a68b-309967f09f24 ] Request (ServerMetadataTestJSON:setUpClass): 200 GET http://10.180.1.21/identity/v3/domains?name=Default 0.028s
2025-02-19 12:28:52.422 63756 INFO tempest.lib.common.rest_client [req-12f423ad-91f8-49b9-9dfd-8810812126b9 req-12f423ad-91f8-49b9-9dfd-8810812126b9 ] Request (ServersTestBootFromVolume:setUpClass): 200 GET http://10.180.1.21/compute/v2.1/servers/8a309aad-b086-442f-a069-60c780c5b945 0.056s
2025-02-19 12:28:52.439 63750 INFO tempest.lib.common.rest_client [req-45668f7a-dc15-4e41-9534-95fecd348e7c req-45668f7a-dc15-4e41-9534-95fecd348e7c ] Request (ServerMetadataTestJSON:setUpClass): 201 POST http://10.180.1.21/identity/v3/projects 0.030s
2025-02-19 12:28:52.462 63740 INFO tempest.lib.common.rest_client [req-f2d56c88-221d-4a97-87d4-41a2a37d52e0 req-f2d56c88-221d-4a97-87d4-41a2a37d52e0 ] Request (ImagesTestJSON:test_create_image_from_stopped_server): 200 GET http://10.180.1.21/compute/v2.1/images/b624771c-8645-45cb-b414-43a7c4bac935 0.041s
2025-02-19 12:28:52.512 63750 INFO tempest.lib.common.rest_client [req-acf9663a-a1f2-418e-8e37-cf31c6a8352f req-acf9663a-a1f2-418e-8e37-cf31c6a8352f ] Request (ServerMetadataTestJSON:setUpClass): 201 POST http://10.180.1.21/identity/v3/users 0.073s
2025-02-19 12:28:52.539 63750 INFO tempest.lib.common.rest_client [req-c7d28d57-5a4a-401d-9da0-9c09a6a44b9c req-c7d28d57-5a4a-401d-9da0-9c09a6a44b9c ] Request (ServerMetadataTestJSON:setUpClass): 200 GET http://10.180.1.21/identity/v3/roles 0.026s
2025-02-19 12:28:52.568 63750 INFO tempest.lib.common.rest_client [req-8ba3d07b-5980-4250-aecb-e0e6e0f36dea req-8ba3d07b-5980-4250-aecb-e0e6e0f36dea ] Request (ServerMetadataTestJSON:setUpClass): 204 PUT http://10.180.1.21/identity/v3/projects/62a2259178ea4663944619d21db2fba2/users/4538558c7db74225924d599d23b86c00/roles/045876ccc6b24a7e9699b66beec926e7 0.029s
2025-02-19 12:28:52.569 63750 INFO tempest.lib.common.dynamic_creds [-] Dynamic test user 4538558c7db74225924d599d23b86c00 is created with scope project and roles: ['member']
2025-02-19 12:28:52.569 63750 INFO tempest.lib.common.dynamic_creds [-] Acquired dynamic creds: credentials: Credentials: {'domain_id': 'default', 'domain_name': 'Default', 'username': 'tempest-ServerMetadataTestJSON-1573889751-project-member', 'project_domain_id': 'default', 'project_domain_name': 'Default', 'project_id': '62a2259178ea4663944619d21db2fba2', 'project_name': 'tempest-ServerMetadataTestJSON-1573889751', 'tenant_id': '62a2259178ea4663944619d21db2fba2', 'tenant_name': 'tempest-ServerMetadataTestJSON-1573889751', 'user_domain_id': 'default', 'user_domain_name': 'Default', 'user_id': '4538558c7db74225924d599d23b86c00', 'system': None}, Network: None, Subnet: None, Router: None
2025-02-19 12:28:52.584 63744 INFO tempest.lib.common.rest_client [req-64e68bc8-6c47-43b3-b271-e381cd3a53f4 req-64e68bc8-6c47-43b3-b271-e381cd3a53f4 ] Request (MigrationsAdminTest:test_resize_server_revert_deleted_flavor): 200 GET http://10.180.1.21/compute/v2.1/servers/10f69421-d9f3-421d-a17f-f33968787722 0.058s
2025-02-19 12:28:52.630 63750 INFO tempest.lib.common.rest_client [req-114145b8-1fef-42e2-aa89-984f92940df2 req-114145b8-1fef-42e2-aa89-984f92940df2 ] Request (ServerMetadataTestJSON:setUpClass): 201 POST http://10.180.1.21/identity/v3/auth/tokens 0.060s
2025-02-19 12:28:52.688 63720 INFO tempest.lib.common.rest_client [req-48e44138-40a6-477c-80be-092804adb9a7 req-48e44138-40a6-477c-80be-092804adb9a7 ] Request (ServersAdminNegativeTestJSON:tearDownClass): 200 GET http://10.180.1.21/compute/v2.1/servers/fa73bac1-49d8-4360-a96e-1527ee1fc1cf 0.061s
2025-02-19 12:28:52.841 63722 INFO tempest.lib.common.rest_client [req-7a1989a7-dcfa-4241-8723-48675e3623fa req-7a1989a7-dcfa-4241-8723-48675e3623fa ] Request (DeleteServersAdminTestJSON:test_delete_server_while_in_error_state): 200 GET http://10.180.1.21/compute/v2.1/servers/59fa839d-83dd-463c-9e5e-91f5fbe38753 0.085s
2025-02-19 12:28:52.972 63750 INFO tempest.lib.common.rest_client [req-06bb251b-32f2-44ce-ba65-83819b0f07ae req-06bb251b-32f2-44ce-ba65-83819b0f07ae ] Request (ServerMetadataTestJSON:setUpClass): 201 POST http://10.180.1.21:9696/networking/v2.0/networks 0.341s
2025-02-19 12:28:53.064 63766 INFO tempest.lib.common.rest_client [req-36f645ba-4407-45e9-83e0-7abdd4fa0187 req-36f645ba-4407-45e9-83e0-7abdd4fa0187 ] Request (InstanceActionsNegativeTestJSON:setUpClass): 200 GET http://10.180.1.21/compute/v2.1/servers/7671d351-0759-4462-acf5-302d615f0b73 0.369s
2025-02-19 12:28:53.104 63768 INFO tempest.lib.common.rest_client [req-437a6a38-522a-4afd-bc9c-4e8eb2900649 req-437a6a38-522a-4afd-bc9c-4e8eb2900649 ] Request (ServerRescueNegativeTestJSON:setUpClass): 200 GET http://10.180.1.21/compute/v2.1/servers/369dc141-ec0b-4237-aed7-d047e9a59bab 0.296s
2025-02-19 12:28:53.153 63738 INFO tempest.lib.common.rest_client [req-205c838e-f0aa-4863-8466-3f53f492db81 req-205c838e-f0aa-4863-8466-3f53f492db81 ] Request (SecurityGroupsTestJSON:test_server_security_groups): 200 GET http://10.180.1.21/compute/v2.1/servers/260d1159-09e8-4c66-b877-7eb0e6effde4 0.332s
2025-02-19 12:28:53.164 63738 INFO tempest.common.waiters [-] State transition "BUILD/None" ==> "BUILD/networking" after 75 second wait
2025-02-19 12:28:53.199 63726 INFO tempest.lib.common.rest_client [req-ee4c4449-8324-4267-8016-f2adfe61728d req-ee4c4449-8324-4267-8016-f2adfe61728d ] Request (ServersV294TestFqdnHostnames:setUpClass): 200 GET http://10.180.1.21/compute/v2.1/servers/e31c0a2c-b3c5-4cdc-8f6e-ebb525cb327b 0.319s
2025-02-19 12:28:53.209 63726 INFO tempest.common.waiters [-] State transition "BUILD/scheduling" ==> "BUILD/None" after 32 second wait
2025-02-19 12:28:53.225 63750 INFO tempest.lib.common.rest_client [req-37cf6cc1-cf9c-4140-bc06-e11585023cad req-37cf6cc1-cf9c-4140-bc06-e11585023cad ] Request (ServerMetadataTestJSON:setUpClass): 201 POST http://10.180.1.21:9696/networking/v2.0/subnets 0.252s
2025-02-19 12:28:53.254 63736 INFO tempest.lib.common.rest_client [req-0577eae9-1bfe-4781-9d09-b84d317688d5 req-0577eae9-1bfe-4781-9d09-b84d317688d5 ] Request (ServersTestMultiNic:_run_cleanups): 200 GET http://10.180.1.21/compute/v2.1/servers/5fae3008-ed55-4e69-bea5-33f26ee23090 0.373s
2025-02-19 12:28:53.306 63732 INFO tempest.lib.common.rest_client [req-816f9c81-4d54-4901-b7f2-550c2bf92800 req-816f9c81-4d54-4901-b7f2-550c2bf92800 ] Request (InstanceActionsV221TestJSON:test_get_list_deleted_instance_actions): 200 GET http://10.180.1.21/compute/v2.1/servers/a0e8987b-f229-466e-8a19-108a84646ae3 0.363s
2025-02-19 12:28:53.367 63765 INFO tempest.lib.common.rest_client [req-76d1b1d0-e8d1-4b9d-ae6f-7ea71673afdf req-76d1b1d0-e8d1-4b9d-ae6f-7ea71673afdf ] Request (ServerActionsTestOtherA:setUpClass): 200 GET http://10.180.1.21/compute/v2.1/servers/17637bd7-727e-44d3-9cd5-a0eb69322ed2 0.339s
2025-02-19 12:28:53.374 63760 INFO tempest.lib.common.rest_client [req-f8bedc00-b24f-40b9-beab-22371c862512 req-f8bedc00-b24f-40b9-beab-22371c862512 ] Request (ListServerFiltersTestJSON:tearDownClass): 200 GET http://10.180.1.21/compute/v2.1/servers/33736b9b-a9b1-438b-a04c-5fb79282c7d6 0.419s
2025-02-19 12:28:53.430 63718 INFO tempest.lib.common.rest_client [req-5bf52068-3f90-4066-bd2f-2d8d3df25f59 req-5bf52068-3f90-4066-bd2f-2d8d3df25f59 ] Request (ServerExternalEventsTest:test_create_server_external_events): 200 GET http://10.180.1.21/compute/v2.1/servers/00ce5c4e-db18-4893-91df-47ca77bc9099 0.344s
2025-02-19 12:28:53.496 63730 INFO tempest.lib.common.rest_client [req-1479909e-880c-4412-8149-b19c150b12b3 req-1479909e-880c-4412-8149-b19c150b12b3 ] Request (ListImageFiltersTestJSON:setUpClass): 200 GET http://10.180.1.21/compute/v2.1/servers/bf32371c-af10-493d-911c-4e62135b56d9 0.411s
2025-02-19 12:28:53.506 63734 INFO tempest.lib.common.rest_client [req-9086243c-d65c-444f-ac5f-bedd02a43cfa req-9086243c-d65c-444f-ac5f-bedd02a43cfa ] Request (ImagesOneServerTestJSON:tearDownClass): 200 GET http://10.180.1.21/compute/v2.1/servers/2613b16c-08ce-4423-a1c5-c342fa7c79db 0.295s
2025-02-19 12:28:53.556 63712 INFO tempest.lib.common.rest_client [req-5f3689a8-3d74-44b9-9740-543e75e74d04 req-5f3689a8-3d74-44b9-9740-543e75e74d04 ] Request (ServersAaction247Test:test_create_backup): 200 GET http://10.180.1.21/compute/v2.1/servers/48c39fea-14ce-4231-9f7d-badd7cc912ef 0.312s
2025-02-19 12:28:53.574 63714 INFO tempest.lib.common.rest_client [req-a9f9e0ff-6416-427f-a394-292556001ca5 req-a9f9e0ff-6416-427f-a394-292556001ca5 ] Request (FloatingIPsAssociationTestJSON:setUpClass): 200 GET http://10.180.1.21/compute/v2.1/servers/f685f5b8-a0c2-4bcc-8b41-a2ada29d7b64 0.243s
2025-02-19 12:28:53.616 63748 INFO tempest.lib.common.rest_client [req-829f5b8c-3302-4c26-b7eb-34a322838c54 req-829f5b8c-3302-4c26-b7eb-34a322838c54 ] Request (ServersAdminTestJSON:setUpClass): 200 GET http://10.180.1.21/compute/v2.1/servers/27d539c0-5401-402b-87ab-ce400a348a73 0.233s
2025-02-19 12:28:53.635 63756 INFO tempest.lib.common.rest_client [req-106fdc43-6748-4368-bc15-b2d6a2c90d7f req-106fdc43-6748-4368-bc15-b2d6a2c90d7f ] Request (ServersTestBootFromVolume:setUpClass): 200 GET http://10.180.1.21/compute/v2.1/servers/8a309aad-b086-442f-a069-60c780c5b945 0.206s
2025-02-19 12:28:53.653 63740 INFO tempest.lib.common.rest_client [req-dd9d22fd-900b-4fb4-9675-48f75c362087 req-dd9d22fd-900b-4fb4-9675-48f75c362087 ] Request (ImagesTestJSON:test_create_image_from_stopped_server): 200 GET http://10.180.1.21/compute/v2.1/images/b624771c-8645-45cb-b414-43a7c4bac935 0.187s
2025-02-19 12:28:53.692 63744 INFO tempest.lib.common.rest_client [req-87efd1a6-6e32-41cf-8c21-485f7235f4aa req-87efd1a6-6e32-41cf-8c21-485f7235f4aa ] Request (MigrationsAdminTest:test_resize_server_revert_deleted_flavor): 200 GET http://10.180.1.21/compute/v2.1/servers/10f69421-d9f3-421d-a17f-f33968787722 0.100s
2025-02-19 12:28:53.760 63720 INFO tempest.lib.common.rest_client [req-bc52103d-4d66-4d40-ba2b-a5880ce35e1c req-bc52103d-4d66-4d40-ba2b-a5880ce35e1c ] Request (ServersAdminNegativeTestJSON:tearDownClass): 200 GET http://10.180.1.21/compute/v2.1/servers/fa73bac1-49d8-4360-a96e-1527ee1fc1cf 0.064s
2025-02-19 12:28:53.916 63722 INFO tempest.lib.common.rest_client [req-ffa09c0d-2245-4f73-a880-2ba891dbdb18 req-ffa09c0d-2245-4f73-a880-2ba891dbdb18 ] Request (DeleteServersAdminTestJSON:test_delete_server_while_in_error_state): 200 GET http://10.180.1.21/compute/v2.1/servers/59fa839d-83dd-463c-9e5e-91f5fbe38753 0.065s
2025-02-19 12:28:54.141 63766 INFO tempest.lib.common.rest_client [req-24848ca3-ab1e-43af-8d9f-b17e6cfefb3c req-24848ca3-ab1e-43af-8d9f-b17e6cfefb3c ] Request (InstanceActionsNegativeTestJSON:setUpClass): 200 GET http://10.180.1.21/compute/v2.1/servers/7671d351-0759-4462-acf5-302d615f0b73 0.064s
2025-02-19 12:28:54.227 63768 INFO tempest.lib.common.rest_client [req-2283b924-51c8-4b3e-8aea-26817ecdd457 req-2283b924-51c8-4b3e-8aea-26817ecdd457 ] Request (ServerRescueNegativeTestJSON:setUpClass): 200 GET http://10.180.1.21/compute/v2.1/servers/369dc141-ec0b-4237-aed7-d047e9a59bab 0.109s
2025-02-19 12:28:54.286 63726 INFO tempest.lib.common.rest_client [req-e9fa18c0-1db8-45df-a21f-05eaad261ce0 req-e9fa18c0-1db8-45df-a21f-05eaad261ce0 ] Request (ServersV294TestFqdnHostnames:setUpClass): 200 GET http://10.180.1.21/compute/v2.1/servers/e31c0a2c-b3c5-4cdc-8f6e-ebb525cb327b 0.075s
2025-02-19 12:28:54.345 63750 INFO tempest.lib.common.rest_client [req-f839a497-487c-4bff-afe5-8a7deb152fc7 req-f839a497-487c-4bff-afe5-8a7deb152fc7 ] Request (ServerMetadataTestJSON:setUpClass): 201 POST http://10.180.1.21:9696/networking/v2.0/routers 1.120s
2025-02-19 12:28:54.352 63738 INFO tempest.lib.common.rest_client [req-caef9efa-aec9-48f6-8e61-384159381028 req-caef9efa-aec9-48f6-8e61-384159381028 ] Request (SecurityGroupsTestJSON:test_server_security_groups): 200 GET http://10.180.1.21/compute/v2.1/servers/260d1159-09e8-4c66-b877-7eb0e6effde4 0.186s
2025-02-19 12:28:54.359 63738 INFO tempest.common.waiters [-] State transition "BUILD/networking" ==> "BUILD/spawning" after 76 second wait
2025-02-19 12:28:54.374 63736 INFO tempest.lib.common.rest_client [req-e75c89ff-1ce3-4e41-90c7-8ebf6a0a54f3 req-e75c89ff-1ce3-4e41-90c7-8ebf6a0a54f3 ] Request (ServersTestMultiNic:_run_cleanups): 200 GET http://10.180.1.21/compute/v2.1/servers/5fae3008-ed55-4e69-bea5-33f26ee23090 0.098s
2025-02-19 12:28:54.425 63732 INFO tempest.lib.common.rest_client [req-d426ff59-f490-495d-82a5-2a590f3668ba req-d426ff59-f490-495d-82a5-2a590f3668ba ] Request (InstanceActionsV221TestJSON:test_get_list_deleted_instance_actions): 200 GET http://10.180.1.21/compute/v2.1/servers/a0e8987b-f229-466e-8a19-108a84646ae3 0.101s
2025-02-19 12:28:54.431 63765 INFO tempest.lib.common.rest_client [req-e529e1c8-c1fb-434a-94ed-d3d8323c6292 req-e529e1c8-c1fb-434a-94ed-d3d8323c6292 ] Request (ServerActionsTestOtherA:setUpClass): 200 GET http://10.180.1.21/compute/v2.1/servers/17637bd7-727e-44d3-9cd5-a0eb69322ed2 0.054s
2025-02-19 12:28:54.495 63718 INFO tempest.lib.common.rest_client [req-f31949a1-e796-47d4-9e78-bdbdfe16501a req-f31949a1-e796-47d4-9e78-bdbdfe16501a ] Request (ServerExternalEventsTest:test_create_server_external_events): 200 GET http://10.180.1.21/compute/v2.1/servers/00ce5c4e-db18-4893-91df-47ca77bc9099 0.050s
2025-02-19 12:28:54.504 63760 INFO tempest.lib.common.rest_client [req-f914114b-a800-4ce6-b299-78efc4078966 req-f914114b-a800-4ce6-b299-78efc4078966 ] Request (ListServerFiltersTestJSON:tearDownClass): 200 GET http://10.180.1.21/compute/v2.1/servers/33736b9b-a9b1-438b-a04c-5fb79282c7d6 0.117s
2025-02-19 12:28:54.596 63734 INFO tempest.lib.common.rest_client [req-10a60ea0-456e-47ad-bf53-949d9f921e45 req-10a60ea0-456e-47ad-bf53-949d9f921e45 ] Request (ImagesOneServerTestJSON:tearDownClass): 200 GET http://10.180.1.21/compute/v2.1/servers/2613b16c-08ce-4423-a1c5-c342fa7c79db 0.075s
2025-02-19 12:28:54.645 63730 INFO tempest.lib.common.rest_client [req-f27612f1-53c4-448c-8853-e730b7a119d1 req-f27612f1-53c4-448c-8853-e730b7a119d1 ] Request (ListImageFiltersTestJSON:setUpClass): 200 GET http://10.180.1.21/compute/v2.1/servers/bf32371c-af10-493d-911c-4e62135b56d9 0.138s
2025-02-19 12:28:54.653 63730 INFO tempest.common.waiters [-] State transition "ACTIVE/image_uploading" ==> "ACTIVE/None" after 4 second wait
2025-02-19 12:28:54.657 63712 INFO tempest.lib.common.rest_client [req-07f9e925-068e-486e-b89d-89c381cb9c14 req-07f9e925-068e-486e-b89d-89c381cb9c14 ] Request (ServersAaction247Test:test_create_backup): 200 GET http://10.180.1.21/compute/v2.1/servers/48c39fea-14ce-4231-9f7d-badd7cc912ef 0.087s
2025-02-19 12:28:54.695 63714 INFO tempest.lib.common.rest_client [req-c0e9694e-c982-4698-8fe9-0f5eab23a051 req-c0e9694e-c982-4698-8fe9-0f5eab23a051 ] Request (FloatingIPsAssociationTestJSON:setUpClass): 200 GET http://10.180.1.21/compute/v2.1/servers/f685f5b8-a0c2-4bcc-8b41-a2ada29d7b64 0.109s
2025-02-19 12:28:54.711 63748 INFO tempest.lib.common.rest_client [req-d371b7a1-1c54-4345-ada2-5ddc5dbe7b3e req-d371b7a1-1c54-4345-ada2-5ddc5dbe7b3e ] Request (ServersAdminTestJSON:setUpClass): 200 GET http://10.180.1.21/compute/v2.1/servers/27d539c0-5401-402b-87ab-ce400a348a73 0.088s
2025-02-19 12:28:54.764 63756 INFO tempest.lib.common.rest_client [req-a47300bf-4fca-42b9-a32c-c32bc1222003 req-a47300bf-4fca-42b9-a32c-c32bc1222003 ] Request (ServersTestBootFromVolume:setUpClass): 200 GET http://10.180.1.21/compute/v2.1/servers/8a309aad-b086-442f-a069-60c780c5b945 0.120s
2025-02-19 12:28:55.159 63740 INFO tempest.lib.common.rest_client [req-6f44a717-ea6a-456a-bad9-f133c648752e req-6f44a717-ea6a-456a-bad9-f133c648752e ] Request (ImagesTestJSON:test_create_image_from_stopped_server): 200 GET http://10.180.1.21/compute/v2.1/images/b624771c-8645-45cb-b414-43a7c4bac935 0.502s
2025-02-19 12:28:55.211 63730 INFO tempest.lib.common.rest_client [req-4c478f2a-3d6b-4e0f-8010-97d8e30101c6 req-4c478f2a-3d6b-4e0f-8010-97d8e30101c6 ] Request (ListImageFiltersTestJSON:setUpClass): 202 POST http://10.180.1.21/compute/v2.1/servers/142527c9-7695-40ab-a44f-b2841e9b9c26/action 0.557s
2025-02-19 12:28:55.236 63744 INFO tempest.lib.common.rest_client [req-14a29768-139e-45d8-9953-5b380c1702e2 req-14a29768-139e-45d8-9953-5b380c1702e2 ] Request (MigrationsAdminTest:test_resize_server_revert_deleted_flavor): 200 GET http://10.180.1.21/compute/v2.1/servers/10f69421-d9f3-421d-a17f-f33968787722 0.535s
2025-02-19 12:28:55.244 63720 INFO tempest.lib.common.rest_client [req-b098e370-a701-4c21-8325-e4b0bf35b8bc req-b098e370-a701-4c21-8325-e4b0bf35b8bc ] Request (ServersAdminNegativeTestJSON:tearDownClass): 404 GET http://10.180.1.21/compute/v2.1/servers/fa73bac1-49d8-4360-a96e-1527ee1fc1cf 0.475s
2025-02-19 12:28:55.255 63750 INFO tempest.lib.common.rest_client [req-e9950a49-131d-4103-88e1-67957afaf090 req-e9950a49-131d-4103-88e1-67957afaf090 ] Request (ServerMetadataTestJSON:setUpClass): 200 PUT http://10.180.1.21:9696/networking/v2.0/routers/39f1bd47-4672-4ca3-9d66-b5e769dc9519/add_router_interface 0.909s
