2025-02-19 12:28:16.242 63732 INFO tempest.lib.common.rest_client [req-b86dba48-cba8-4558-8ca0-0bb05c2f8d2e req-b86dba48-cba8-4558-8ca0-0bb05c2f8d2e ] Request (InstanceActionsV221TestJSON:test_get_list_deleted_instance_actions): 200 GET http://10.180.1.21/compute/v2.1/servers/a0e8987b-f229-466e-8a19-108a84646ae3 0.477s
2025-02-19 12:28:16.292 63738 INFO tempest.lib.common.rest_client [req-2df945f8-b4ff-4bf4-b753-eab2d93f9dd7 req-2df945f8-b4ff-4bf4-b753-eab2d93f9dd7 ] Request (SecurityGroupsTestJSON:test_server_security_groups): 200 GET http://10.180.1.21/compute/v2.1/servers/260d1159-09e8-4c66-b877-7eb0e6effde4 0.483s
2025-02-19 12:28:16.298 63722 INFO tempest.lib.common.rest_client [req-400349bc-f440-4d9b-aa79-f0203ff7ee47 req-400349bc-f440-4d9b-aa79-f0203ff7ee47 ] Request (DeleteServersAdminTestJSON:test_delete_server_while_in_error_state): 200 GET http://10.180.1.21/compute/v2.1/servers/59fa839d-83dd-463c-9e5e-91f5fbe38753 0.469s
2025-02-19 12:28:16.301 63738 INFO tempest.common.waiters [-] State transition "BUILD/scheduling" ==> "BUILD/None" after 38 second wait
2025-02-19 12:28:16.365 63726 INFO tempest.lib.common.rest_client [req-d9944fe9-e426-4ca5-bfc2-f6cfa84dbb2c req-d9944fe9-e426-4ca5-bfc2-f6cfa84dbb2c ] Request (ServersV294TestFqdnHostnames:setUpClass): 201 POST http://10.180.1.21:9696/networking/v2.0/subnets 0.919s
2025-02-19 12:28:16.372 63772 INFO tempest.lib.common.rest_client [req-10f7f442-fe92-4dd4-a666-24970b75374f req-10f7f442-fe92-4dd4-a666-24970b75374f ] Request (ServerTagsTestJSON:tearDownClass): 200 GET http://10.180.1.21/compute/v2.1/servers/cf289fc2-ecbe-49e9-84d2-a3d421e2bb25 0.390s
2025-02-19 12:28:16.376 63740 INFO tempest.lib.common.rest_client [req-016dc695-9361-489b-83fa-04fc9598dc4f req-016dc695-9361-489b-83fa-04fc9598dc4f ] Request (ImagesTestJSON:test_create_image_from_stopped_server): 200 GET http://10.180.1.21/compute/v2.1/servers/d74cfc21-d87d-45a2-8cf7-4d34244fc363 0.498s
2025-02-19 12:28:16.435 63718 INFO tempest.lib.common.rest_client [req-dee8f8be-ab85-4e13-b2c2-710ccf00fe90 req-dee8f8be-ab85-4e13-b2c2-710ccf00fe90 ] Request (ServerExternalEventsTest:test_create_server_external_events): 200 GET http://10.180.1.21/compute/v2.1/servers/00ce5c4e-db18-4893-91df-47ca77bc9099 0.382s
2025-02-19 12:28:16.509 63716 INFO tempest.lib.common.rest_client [req-5551301c-c6fd-4e10-bc3b-747b2a186308 req-5551301c-c6fd-4e10-bc3b-747b2a186308 ] Request (VolumesAdminNegativeTest:test_update_attached_volume_with_nonexistent_volume_in_body): 200 GET http://10.180.1.21/compute/v2.1/servers/d9faab7b-af63-41e1-94b5-65e3ad0db03f 0.409s
2025-02-19 12:28:16.570 63766 INFO tempest.lib.common.rest_client [req-7c61dad2-528d-4284-9f27-84edba342f2f req-7c61dad2-528d-4284-9f27-84edba342f2f ] Request (SecurityGroupRulesTestJSON:tearDownClass): 204 DELETE http://10.180.1.21:9696/networking/v2.0/routers/20fd7961-ea52-4ab1-84bd-d0185afea99a 1.199s
2025-02-19 12:28:16.578 63730 INFO tempest.lib.common.rest_client [req-0b336ca7-c497-4b2c-8079-31500b099978 req-0b336ca7-c497-4b2c-8079-31500b099978 ] Request (ListImageFiltersTestJSON:setUpClass): 200 GET http://10.180.1.21/compute/v2.1/servers/bf32371c-af10-493d-911c-4e62135b56d9 0.546s
2025-02-19 12:28:16.609 63712 INFO tempest.lib.common.rest_client [req-d2a8099f-a4a1-42a4-a681-5148941780f9 req-d2a8099f-a4a1-42a4-a681-5148941780f9 ] Request (InstanceActionsTestJSON:tearDownClass): 204 DELETE http://10.180.1.21:9696/networking/v2.0/networks/32fda9ef-9ecc-4bc1-adf3-0afe4488ffb1 0.384s
2025-02-19 12:28:16.633 63756 INFO tempest.lib.common.rest_client [req-f7c5a5ce-8304-4b7d-8c16-aca37806e722 req-f7c5a5ce-8304-4b7d-8c16-aca37806e722 ] Request (ServersTestBootFromVolume:setUpClass): 200 GET http://10.180.1.21/compute/v2.1/servers/8a309aad-b086-442f-a069-60c780c5b945 0.506s
2025-02-19 12:28:16.686 63728 INFO tempest.lib.common.rest_client [req-ac91cf8b-e26c-4bbe-b7b2-1a4d9bd000fa req-ac91cf8b-e26c-4bbe-b7b2-1a4d9bd000fa ] Request (AttachInterfacesTestJSON:test_create_list_show_delete_interfaces_by_fixed_ip): 200 GET http://10.180.1.21/compute/v2.1/servers/69b7e6dd-497a-4e72-9669-5b3cf404bbf6/os-interface 0.575s
2025-02-19 12:28:16.705 63766 INFO tempest.lib.common.rest_client [req-7c232953-d8e9-4b3f-afa2-d786df1ca2c3 req-7c232953-d8e9-4b3f-afa2-d786df1ca2c3 ] Request (SecurityGroupRulesTestJSON:tearDownClass): 204 DELETE http://10.180.1.21:9696/networking/v2.0/subnets/e7bd76f1-c587-424a-bb15-5e2ddaadc5c3 0.134s
2025-02-19 12:28:16.708 63750 INFO tempest.lib.common.rest_client [req-6d5e38a6-2125-4589-95d2-8ba2fbe78691 req-6d5e38a6-2125-4589-95d2-8ba2fbe78691 ] Request (MultipleCreateTestJSON:tearDownClass): 200 GET http://10.180.1.21/compute/v2.1/servers/7c9509a4-a57d-4e9c-94c5-105f0bab0f8a 0.261s
2025-02-19 12:28:16.720 63712 INFO tempest.lib.common.rest_client [req-3d92322f-59aa-4117-a214-fa5fa7b25951 req-3d92322f-59aa-4117-a214-fa5fa7b25951 ] Request (InstanceActionsTestJSON:tearDownClass): 204 DELETE http://10.180.1.21/identity/v3/users/7fcc85903c2f4efc84bbefc3fc5e3987 0.111s
2025-02-19 12:28:16.721 63712 INFO tempest.lib.common.dynamic_creds [-] Deleting project and security group for project: 887062e88a40480ebf0f8d4a4f3f4326
2025-02-19 12:28:16.772 63712 INFO tempest.lib.common.rest_client [req-848e4796-d191-4450-b2aa-d4322b36987b req-848e4796-d191-4450-b2aa-d4322b36987b ] Request (InstanceActionsTestJSON:tearDownClass): 200 GET http://10.180.1.21:9696/networking/v2.0/security-groups?tenant_id=887062e88a40480ebf0f8d4a4f3f4326&name=default 0.051s
2025-02-19 12:28:16.781 63714 INFO tempest.lib.common.rest_client [req-ecd36e51-d70b-4740-92e2-7aa37eae6f25 req-ecd36e51-d70b-4740-92e2-7aa37eae6f25 ] Request (FloatingIPsAssociationTestJSON:setUpClass): 200 GET http://10.180.1.21/compute/v2.1/servers/f685f5b8-a0c2-4bcc-8b41-a2ada29d7b64 0.211s
2025-02-19 12:28:16.792 63760 INFO tempest.lib.common.rest_client [req-e00bc130-86b4-4b47-b9b2-ed6a39371f49 req-e00bc130-86b4-4b47-b9b2-ed6a39371f49 ] Request (ListServerFiltersTestJSON:tearDownClass): 200 GET http://10.180.1.21/compute/v2.1/servers/f255de95-0e89-488b-8441-cc7c997cdf89 0.292s
2025-02-19 12:28:16.855 63765 INFO tempest.lib.common.rest_client [req-f832d4b2-7305-4c02-8bfc-369568dd7e8a req-f832d4b2-7305-4c02-8bfc-369568dd7e8a ] Request (ServerDiagnosticsNegativeTest:tearDownClass): 200 GET http://10.180.1.21/compute/v2.1/servers/da37af6a-06d4-4c29-a60a-ac0c01939cf9 0.214s
2025-02-19 12:28:16.861 63768 INFO tempest.lib.common.rest_client [req-44a5eceb-c274-4d1b-b7d8-639bd55a6c8b req-44a5eceb-c274-4d1b-b7d8-639bd55a6c8b ] Request (ServerRescueNegativeTestJSON:setUpClass): 200 GET http://10.180.1.21/compute/v2.1/servers/369dc141-ec0b-4237-aed7-d047e9a59bab 0.153s
2025-02-19 12:28:16.914 63748 INFO tempest.lib.common.rest_client [req-d7354d38-9ad7-4973-a4d5-452b9c5969d0 req-d7354d38-9ad7-4973-a4d5-452b9c5969d0 ] Request (ServersAdminTestJSON:setUpClass): 200 GET http://10.180.1.21/compute/v2.1/servers/27d539c0-5401-402b-87ab-ce400a348a73 0.129s
2025-02-19 12:28:16.922 63712 INFO tempest.lib.common.rest_client [req-54b39608-69bd-46a4-b4b3-854e8a8d0ff1 req-54b39608-69bd-46a4-b4b3-854e8a8d0ff1 ] Request (InstanceActionsTestJSON:tearDownClass): 204 DELETE http://10.180.1.21:9696/networking/v2.0/security-groups/75b284c5-b53f-4673-9ef9-9289b78b995c 0.149s
2025-02-19 12:28:16.926 63736 INFO tempest.lib.common.rest_client [req-27eacdf5-9874-4a42-a385-e32dff4e277f req-27eacdf5-9874-4a42-a385-e32dff4e277f ] Request (ServersTestMultiNic:test_verify_duplicate_network_nics): 200 GET http://10.180.1.21/compute/v2.1/servers/5fae3008-ed55-4e69-bea5-33f26ee23090 0.078s
2025-02-19 12:28:16.968 63734 INFO tempest.lib.common.rest_client [req-062d7f30-0ba9-4532-b113-f940c8492e6b req-062d7f30-0ba9-4532-b113-f940c8492e6b ] Request (ImagesOneServerTestJSON:test_create_image_specify_multibyte_character_image_name): 200 GET http://10.180.1.21/compute/v2.1/images/0dec27b8-c7a1-4efa-b024-03f5fa0b461f 0.080s
2025-02-19 12:28:17.026 63712 INFO tempest.lib.common.rest_client [req-a2ac3c61-efd9-4943-aeef-4639ecdd4788 req-a2ac3c61-efd9-4943-aeef-4639ecdd4788 ] Request (InstanceActionsTestJSON:tearDownClass): 204 DELETE http://10.180.1.21/identity/v3/projects/887062e88a40480ebf0f8d4a4f3f4326 0.104s
2025-02-19 12:28:17.075 63766 INFO tempest.lib.common.rest_client [req-5efe6aaf-172e-4706-af5e-aa7adada1868 req-5efe6aaf-172e-4706-af5e-aa7adada1868 ] Request (SecurityGroupRulesTestJSON:tearDownClass): 204 DELETE http://10.180.1.21:9696/networking/v2.0/networks/066857ac-4b82-4d23-9806-b3a339f5026f 0.369s
2025-02-19 12:28:17.097 63712 INFO tempest.lib.common.rest_client [req-708b4bdd-cb53-4a06-b1af-34446eabbe23 req-708b4bdd-cb53-4a06-b1af-34446eabbe23 ] Request (ServersAaction247Test:setUpClass): 201 POST http://10.180.1.21/identity/v3/auth/tokens 0.068s
2025-02-19 12:28:17.129 63712 INFO tempest.lib.common.rest_client [req-b4a7cdfe-3049-4615-b73c-9aa8487776aa req-b4a7cdfe-3049-4615-b73c-9aa8487776aa ] Request (ServersAaction247Test:setUpClass): 201 POST http://10.180.1.21/identity/v3/auth/tokens 0.029s
2025-02-19 12:28:17.156 63712 INFO tempest.lib.common.rest_client [req-47f0e069-3a26-401c-8968-3254f0f528a2 req-47f0e069-3a26-401c-8968-3254f0f528a2 ] Request (ServersAaction247Test:setUpClass): 200 GET http://10.180.1.21/identity/v3/domains?name=Default 0.026s
2025-02-19 12:28:17.175 63766 INFO tempest.lib.common.rest_client [req-185b9ef8-a541-4a4c-98f4-ced7f2474d2e req-185b9ef8-a541-4a4c-98f4-ced7f2474d2e ] Request (SecurityGroupRulesTestJSON:tearDownClass): 204 DELETE http://10.180.1.21/identity/v3/users/c1cc96e83ac54942a414ecae63812409 0.099s
2025-02-19 12:28:17.175 63766 INFO tempest.lib.common.dynamic_creds [-] Deleting project and security group for project: 7e51e5c006494174b0b9235a60aa4640
2025-02-19 12:28:17.207 63766 INFO tempest.lib.common.rest_client [req-5d2ce857-400c-470e-923d-47561378c0fe req-5d2ce857-400c-470e-923d-47561378c0fe ] Request (SecurityGroupRulesTestJSON:tearDownClass): 200 GET http://10.180.1.21:9696/networking/v2.0/security-groups?tenant_id=7e51e5c006494174b0b9235a60aa4640&name=default 0.031s
2025-02-19 12:28:17.228 63712 INFO tempest.lib.common.rest_client [req-24f049b4-07cd-4d23-9de5-37f434baee8a req-24f049b4-07cd-4d23-9de5-37f434baee8a ] Request (ServersAaction247Test:setUpClass): 201 POST http://10.180.1.21/identity/v3/projects 0.071s
2025-02-19 12:28:17.268 63720 INFO tempest.lib.common.rest_client [req-8f14c851-ec66-4dc5-a5e8-e80bec70a2e9 req-8f14c851-ec66-4dc5-a5e8-e80bec70a2e9 ] Request (ServersAdminNegativeTestJSON:tearDownClass): 200 GET http://10.180.1.21/compute/v2.1/servers/fa73bac1-49d8-4360-a96e-1527ee1fc1cf 0.075s
2025-02-19 12:28:17.271 63744 INFO tempest.lib.common.rest_client [req-17d7a56b-c4f9-416a-be35-5365fd5668c0 req-17d7a56b-c4f9-416a-be35-5365fd5668c0 ] Request (MigrationsAdminTest:test_list_migrations_in_flavor_resize_situation): 200 GET http://10.180.1.21/compute/v2.1/servers/7d8d0417-b510-417b-a18f-375d1dfd3757 0.184s
2025-02-19 12:28:17.275 63720 INFO tempest.common.waiters [-] State transition "ACTIVE/deleting" ==> "DELETED/None" after 4 second wait
2025-02-19 12:28:17.331 63770 INFO tempest.lib.common.rest_client [req-6239f2f1-7290-4aea-b84b-0535c4174ba4 req-6239f2f1-7290-4aea-b84b-0535c4174ba4 ] Request (ServersTestManualDisk:setUpClass): 200 GET http://10.180.1.21/compute/v2.1/servers/8b83e720-1025-4989-9bd0-37b3da8511ae 0.105s
2025-02-19 12:28:17.335 63712 INFO tempest.lib.common.rest_client [req-ff56e940-851b-4749-ab6e-8bffa50cedc2 req-ff56e940-851b-4749-ab6e-8bffa50cedc2 ] Request (ServersAaction247Test:setUpClass): 201 POST http://10.180.1.21/identity/v3/users 0.106s
2025-02-19 12:28:17.339 63766 INFO tempest.lib.common.rest_client [req-cf4a39c9-907a-46b7-ad61-6e378e9d4300 req-cf4a39c9-907a-46b7-ad61-6e378e9d4300 ] Request (SecurityGroupRulesTestJSON:tearDownClass): 204 DELETE http://10.180.1.21:9696/networking/v2.0/security-groups/0f304ff4-0201-4964-902c-6baa91c7ed55 0.131s
2025-02-19 12:28:17.339 63770 INFO tempest.common.waiters [-] State transition "BUILD/None" ==> "BUILD/networking" after 52 second wait
2025-02-19 12:28:17.341 63732 INFO tempest.lib.common.rest_client [req-ec172be8-eaaf-412c-ab82-761c7bb8eede req-ec172be8-eaaf-412c-ab82-761c7bb8eede ] Request (InstanceActionsV221TestJSON:test_get_list_deleted_instance_actions): 200 GET http://10.180.1.21/compute/v2.1/servers/a0e8987b-f229-466e-8a19-108a84646ae3 0.081s
2025-02-19 12:28:17.365 63712 INFO tempest.lib.common.rest_client [req-6ece17ff-8b72-4302-8651-db25c5bf828c req-6ece17ff-8b72-4302-8651-db25c5bf828c ] Request (ServersAaction247Test:setUpClass): 200 GET http://10.180.1.21/identity/v3/roles 0.029s
2025-02-19 12:28:17.394 63738 INFO tempest.lib.common.rest_client [req-8301dded-4fcd-436e-8853-947626b8dee4 req-8301dded-4fcd-436e-8853-947626b8dee4 ] Request (SecurityGroupsTestJSON:test_server_security_groups): 200 GET http://10.180.1.21/compute/v2.1/servers/260d1159-09e8-4c66-b877-7eb0e6effde4 0.091s
2025-02-19 12:28:17.421 63722 INFO tempest.lib.common.rest_client [req-e5843896-027b-42a4-9f3e-94248946d2ce req-e5843896-027b-42a4-9f3e-94248946d2ce ] Request (DeleteServersAdminTestJSON:test_delete_server_while_in_error_state): 200 GET http://10.180.1.21/compute/v2.1/servers/59fa839d-83dd-463c-9e5e-91f5fbe38753 0.112s
2025-02-19 12:28:17.432 63712 INFO tempest.lib.common.rest_client [req-55a7e3be-7bd2-4bea-8399-ab8801ed5cf0 req-55a7e3be-7bd2-4bea-8399-ab8801ed5cf0 ] Request (ServersAaction247Test:setUpClass): 204 PUT http://10.180.1.21/identity/v3/projects/07aef2a42e4f431493160420961d2f59/users/1b21f7b23fd34d07aeefbe8d3ccce9a9/roles/045876ccc6b24a7e9699b66beec926e7 0.067s
2025-02-19 12:28:17.433 63712 INFO tempest.lib.common.dynamic_creds [-] Dynamic test user 1b21f7b23fd34d07aeefbe8d3ccce9a9 is created with scope project and roles: ['member']
2025-02-19 12:28:17.433 63712 INFO tempest.lib.common.dynamic_creds [-] Acquired dynamic creds: credentials: Credentials: {'domain_id': 'default', 'domain_name': 'Default', 'username': 'tempest-ServersAaction247Test-1125867470-project-member', 'project_domain_id': 'default', 'project_domain_name': 'Default', 'project_id': '07aef2a42e4f431493160420961d2f59', 'project_name': 'tempest-ServersAaction247Test-1125867470', 'tenant_id': '07aef2a42e4f431493160420961d2f59', 'tenant_name': 'tempest-ServersAaction247Test-1125867470', 'user_domain_id': 'default', 'user_domain_name': 'Default', 'user_id': '1b21f7b23fd34d07aeefbe8d3ccce9a9', 'system': None}, Network: None, Subnet: None, Router: None
2025-02-19 12:28:17.433 63712 INFO tempest.lib.common.dynamic_creds [-] Created isolated network resources for: credentials: Credentials: {'domain_id': 'default', 'domain_name': 'Default', 'username': 'tempest-ServersAaction247Test-1125867470-project-member', 'project_domain_id': 'default', 'project_domain_name': 'Default', 'project_id': '07aef2a42e4f431493160420961d2f59', 'project_name': 'tempest-ServersAaction247Test-1125867470', 'tenant_id': '07aef2a42e4f431493160420961d2f59', 'tenant_name': 'tempest-ServersAaction247Test-1125867470', 'user_domain_id': 'default', 'user_domain_name': 'Default', 'user_id': '1b21f7b23fd34d07aeefbe8d3ccce9a9', 'system': None}, Network: None, Subnet: None, Router: None
2025-02-19 12:28:17.444 63766 INFO tempest.lib.common.rest_client [req-e9f4a5fb-7127-4270-b826-01409fad1607 req-e9f4a5fb-7127-4270-b826-01409fad1607 ] Request (SecurityGroupRulesTestJSON:tearDownClass): 204 DELETE http://10.180.1.21/identity/v3/projects/7e51e5c006494174b0b9235a60aa4640 0.105s
2025-02-19 12:28:17.483 63772 INFO tempest.lib.common.rest_client [req-6e99615c-6d80-4b88-87f1-1640d7be6480 req-6e99615c-6d80-4b88-87f1-1640d7be6480 ] Request (ServerTagsTestJSON:tearDownClass): 200 GET http://10.180.1.21/compute/v2.1/servers/cf289fc2-ecbe-49e9-84d2-a3d421e2bb25 0.098s
2025-02-19 12:28:17.496 63740 INFO tempest.lib.common.rest_client [req-420a9fe2-d075-40d1-885d-35e14e1322fd req-420a9fe2-d075-40d1-885d-35e14e1322fd ] Request (ImagesTestJSON:test_create_image_from_stopped_server): 200 GET http://10.180.1.21/compute/v2.1/servers/d74cfc21-d87d-45a2-8cf7-4d34244fc363 0.107s
2025-02-19 12:28:17.514 63712 INFO tempest.lib.common.rest_client [req-185dc0a5-681f-4fb5-b368-1afccee6eea2 req-185dc0a5-681f-4fb5-b368-1afccee6eea2 ] Request (ServersAaction247Test:setUpClass): 201 POST http://10.180.1.21/identity/v3/auth/tokens 0.076s
2025-02-19 12:28:17.521 63766 INFO tempest.lib.common.rest_client [req-8962010c-c01d-4411-84fc-a0a16a8e2668 req-8962010c-c01d-4411-84fc-a0a16a8e2668 ] Request (InstanceActionsNegativeTestJSON:setUpClass): 201 POST http://10.180.1.21/identity/v3/auth/tokens 0.074s
2025-02-19 12:28:17.542 63712 INFO tempest.lib.common.rest_client [req-17718af2-02eb-41ce-bc90-6211fd4fffb8 req-17718af2-02eb-41ce-bc90-6211fd4fffb8 ] Request (ServersAaction247Test:test_create_backup): 201 POST http://10.180.1.21/identity/v3/auth/tokens 0.024s
2025-02-19 12:28:17.542 63712 INFO tempest.lib.common.fixed_network [-] (ServersAaction247Test:test_create_backup) Found network None available for tenant
2025-02-19 12:28:17.546 63718 INFO tempest.lib.common.rest_client [req-73cdcca0-73ea-4b89-9941-6f3aa5a9c035 req-73cdcca0-73ea-4b89-9941-6f3aa5a9c035 ] Request (ServerExternalEventsTest:test_create_server_external_events): 200 GET http://10.180.1.21/compute/v2.1/servers/00ce5c4e-db18-4893-91df-47ca77bc9099 0.101s
2025-02-19 12:28:17.552 63766 INFO tempest.lib.common.rest_client [req-96061845-abe8-4605-9934-272c9e8577e1 req-96061845-abe8-4605-9934-272c9e8577e1 ] Request (InstanceActionsNegativeTestJSON:setUpClass): 201 POST http://10.180.1.21/identity/v3/auth/tokens 0.025s
2025-02-19 12:28:17.575 63766 INFO tempest.lib.common.rest_client [req-7924695b-ff7e-4810-b7ad-735622aadf71 req-7924695b-ff7e-4810-b7ad-735622aadf71 ] Request (InstanceActionsNegativeTestJSON:setUpClass): 200 GET http://10.180.1.21/identity/v3/domains?name=Default 0.023s
2025-02-19 12:28:17.581 63716 INFO tempest.lib.common.rest_client [req-929c5f84-ebb7-4eb7-9601-6777aecebad1 req-929c5f84-ebb7-4eb7-9601-6777aecebad1 ] Request (VolumesAdminNegativeTest:test_update_attached_volume_with_nonexistent_volume_in_body): 200 GET http://10.180.1.21/compute/v2.1/servers/d9faab7b-af63-41e1-94b5-65e3ad0db03f 0.064s
2025-02-19 12:28:17.606 63766 INFO tempest.lib.common.rest_client [req-4ed86970-0e77-48d2-96b1-eaba079fc53f req-4ed86970-0e77-48d2-96b1-eaba079fc53f ] Request (InstanceActionsNegativeTestJSON:setUpClass): 201 POST http://10.180.1.21/identity/v3/projects 0.031s
2025-02-19 12:28:17.623 63728 INFO tempest.lib.common.rest_client [req-822e3d5e-3bb0-4248-aeb8-103920cfa6af req-822e3d5e-3bb0-4248-aeb8-103920cfa6af ] Request (AttachInterfacesTestJSON:test_create_list_show_delete_interfaces_by_fixed_ip): 200 PUT http://10.180.1.21:9696/networking/v2.0/floatingips/baa56d6c-2e6c-4b55-8119-ae73402a2b25 0.935s
2025-02-19 12:28:17.669 63766 INFO tempest.lib.common.rest_client [req-ef964517-0590-451f-a52d-42cca5fd793e req-ef964517-0590-451f-a52d-42cca5fd793e ] Request (InstanceActionsNegativeTestJSON:setUpClass): 201 POST http://10.180.1.21/identity/v3/users 0.061s
2025-02-19 12:28:17.695 63766 INFO tempest.lib.common.rest_client [req-2625cc02-49de-4a4d-8c36-7615be2d3dfb req-2625cc02-49de-4a4d-8c36-7615be2d3dfb ] Request (InstanceActionsNegativeTestJSON:setUpClass): 200 GET http://10.180.1.21/identity/v3/roles 0.025s
2025-02-19 12:28:17.698 63752 WARNING tempest.lib.common.ssh [-] Failed to establish authenticated ssh connection to cirros@10.180.180.160 ([Errno None] Unable to connect to port 22 on 10.180.180.160). Number attempts: 4. Retry after 5 seconds.: paramiko.ssh_exception.NoValidConnectionsError: [Errno None] Unable to connect to port 22 on 10.180.180.160
2025-02-19 12:28:17.724 63712 INFO tempest.lib.common.rest_client [req-2d45a103-b441-4f1d-b6b4-da712cedcd14 req-2d45a103-b441-4f1d-b6b4-da712cedcd14 ] Request (ServersAaction247Test:test_create_backup): 202 POST http://10.180.1.21/compute/v2.1/servers 0.180s
2025-02-19 12:28:17.726 63766 INFO tempest.lib.common.rest_client [req-bd7c4ab0-bbb1-4646-a2cc-fe66034dda12 req-bd7c4ab0-bbb1-4646-a2cc-fe66034dda12 ] Request (InstanceActionsNegativeTestJSON:setUpClass): 204 PUT http://10.180.1.21/identity/v3/projects/1152b06704914d99ba8e91f0cc7e5e37/users/4c75764956424b0a8eb8014b0d91e948/roles/045876ccc6b24a7e9699b66beec926e7 0.030s
2025-02-19 12:28:17.726 63766 INFO tempest.lib.common.dynamic_creds [-] Dynamic test user 4c75764956424b0a8eb8014b0d91e948 is created with scope project and roles: ['member']
2025-02-19 12:28:17.726 63766 INFO tempest.lib.common.dynamic_creds [-] Acquired dynamic creds: credentials: Credentials: {'domain_id': 'default', 'domain_name': 'Default', 'username': 'tempest-InstanceActionsNegativeTestJSON-1980247643-project-member', 'project_domain_id': 'default', 'project_domain_name': 'Default', 'project_id': '1152b06704914d99ba8e91f0cc7e5e37', 'project_name': 'tempest-InstanceActionsNegativeTestJSON-1980247643', 'tenant_id': '1152b06704914d99ba8e91f0cc7e5e37', 'tenant_name': 'tempest-InstanceActionsNegativeTestJSON-1980247643', 'user_domain_id': 'default', 'user_domain_name': 'Default', 'user_id': '4c75764956424b0a8eb8014b0d91e948', 'system': None}, Network: None, Subnet: None, Router: None
2025-02-19 12:28:17.731 63730 INFO tempest.lib.common.rest_client [req-2832bc45-e8e9-4c4a-8ea8-191b49bcf750 req-2832bc45-e8e9-4c4a-8ea8-191b49bcf750 ] Request (ListImageFiltersTestJSON:setUpClass): 200 GET http://10.180.1.21/compute/v2.1/servers/bf32371c-af10-493d-911c-4e62135b56d9 0.145s
2025-02-19 12:28:17.735 63726 INFO tempest.lib.common.rest_client [req-fe36ea1e-0bae-47c0-b435-8de697f0f931 req-fe36ea1e-0bae-47c0-b435-8de697f0f931 ] Request (ServersV294TestFqdnHostnames:setUpClass): 201 POST http://10.180.1.21:9696/networking/v2.0/routers 1.369s
2025-02-19 12:28:17.828 63766 INFO tempest.lib.common.rest_client [req-99ff7784-8abc-47f5-87a9-48c3a1a1ae05 req-99ff7784-8abc-47f5-87a9-48c3a1a1ae05 ] Request (InstanceActionsNegativeTestJSON:setUpClass): 201 POST http://10.180.1.21/identity/v3/auth/tokens 0.102s
2025-02-19 12:28:17.840 63756 INFO tempest.lib.common.rest_client [req-59e92dac-45df-4b7e-a32f-bb882a0984de req-59e92dac-45df-4b7e-a32f-bb882a0984de ] Request (ServersTestBootFromVolume:setUpClass): 200 GET http://10.180.1.21/compute/v2.1/servers/8a309aad-b086-442f-a069-60c780c5b945 0.193s
2025-02-19 12:28:17.924 63750 INFO tempest.lib.common.rest_client [req-7b6bc503-527f-4b10-afcb-5332aa75f4de req-7b6bc503-527f-4b10-afcb-5332aa75f4de ] Request (MultipleCreateTestJSON:tearDownClass): 200 GET http://10.180.1.21/compute/v2.1/servers/7c9509a4-a57d-4e9c-94c5-105f0bab0f8a 0.203s
2025-02-19 12:28:17.968 63728 INFO tempest.lib.common.rest_client [req-b4491df8-99b9-437f-a104-a0f08906a1d7 req-b4491df8-99b9-437f-a104-a0f08906a1d7 ] Request (AttachInterfacesTestJSON:test_create_list_show_delete_interfaces_by_fixed_ip): 200 GET http://10.180.1.21/compute/v2.1/servers/69b7e6dd-497a-4e72-9669-5b3cf404bbf6 0.345s
2025-02-19 12:28:17.978 63728 INFO tempest.lib.common.ssh [-] Creating ssh connection to '10.180.180.253:22' as 'cirros' with public key authentication
2025-02-19 12:28:18.029 63712 INFO tempest.lib.common.rest_client [req-54ee2190-3d8a-4c04-b747-6f0867391f7f req-54ee2190-3d8a-4c04-b747-6f0867391f7f ] Request (ServersAaction247Test:test_create_backup): 200 GET http://10.180.1.21/compute/v2.1/servers/48c39fea-14ce-4231-9f7d-badd7cc912ef 0.303s
2025-02-19 12:28:18.047 63714 INFO tempest.lib.common.rest_client [req-bdd696d9-6485-4a13-b6d3-5331922e8f60 req-bdd696d9-6485-4a13-b6d3-5331922e8f60 ] Request (FloatingIPsAssociationTestJSON:setUpClass): 200 GET http://10.180.1.21/compute/v2.1/servers/f685f5b8-a0c2-4bcc-8b41-a2ada29d7b64 0.256s
2025-02-19 12:28:18.133 63760 INFO tempest.lib.common.rest_client [req-a2c6aed6-8dec-4d8d-a9f4-975f88a6e35c req-a2c6aed6-8dec-4d8d-a9f4-975f88a6e35c ] Request (ListServerFiltersTestJSON:tearDownClass): 200 GET http://10.180.1.21/compute/v2.1/servers/f255de95-0e89-488b-8441-cc7c997cdf89 0.333s
2025-02-19 12:28:18.135 63765 INFO tempest.lib.common.rest_client [req-2e2f6c82-b6fc-4e68-8925-4252cd952cf2 req-2e2f6c82-b6fc-4e68-8925-4252cd952cf2 ] Request (ServerDiagnosticsNegativeTest:tearDownClass): 200 GET http://10.180.1.21/compute/v2.1/servers/da37af6a-06d4-4c29-a60a-ac0c01939cf9 0.269s
2025-02-19 12:28:18.205 63748 INFO tempest.lib.common.rest_client [req-08994c08-3427-4d72-800f-8dce772dccce req-08994c08-3427-4d72-800f-8dce772dccce ] Request (ServersAdminTestJSON:setUpClass): 200 GET http://10.180.1.21/compute/v2.1/servers/27d539c0-5401-402b-87ab-ce400a348a73 0.275s
2025-02-19 12:28:18.226 63768 INFO tempest.lib.common.rest_client [req-a0988cd1-bbf6-4992-ae1e-077d89fe9a0f req-a0988cd1-bbf6-4992-ae1e-077d89fe9a0f ] Request (ServerRescueNegativeTestJSON:setUpClass): 200 GET http://10.180.1.21/compute/v2.1/servers/369dc141-ec0b-4237-aed7-d047e9a59bab 0.355s
2025-02-19 12:28:18.272 63734 INFO tempest.lib.common.rest_client [req-9122eb2f-2dd1-402b-bc08-5481e456ab7a req-9122eb2f-2dd1-402b-bc08-5481e456ab7a ] Request (ImagesOneServerTestJSON:test_create_image_specify_multibyte_character_image_name): 200 GET http://10.180.1.21/compute/v2.1/images/0dec27b8-c7a1-4efa-b024-03f5fa0b461f 0.299s
2025-02-19 12:28:18.273 63736 INFO tempest.lib.common.rest_client [req-ee211461-095c-49dd-a7d0-2cc1e9e605c8 req-ee211461-095c-49dd-a7d0-2cc1e9e605c8 ] Request (ServersTestMultiNic:test_verify_duplicate_network_nics): 200 GET http://10.180.1.21/compute/v2.1/servers/5fae3008-ed55-4e69-bea5-33f26ee23090 0.330s
2025-02-19 12:28:18.388 63766 INFO tempest.lib.common.rest_client [req-3963ae89-0dd8-4c2b-9156-a73c3ebb695c req-3963ae89-0dd8-4c2b-9156-a73c3ebb695c ] Request (InstanceActionsNegativeTestJSON:setUpClass): 201 POST http://10.180.1.21:9696/networking/v2.0/networks 0.559s
2025-02-19 12:28:18.391 63720 INFO tempest.lib.common.rest_client [req-ceecfbe0-0f23-457e-9c45-65223473b01e req-ceecfbe0-0f23-457e-9c45-65223473b01e ] Request (ServersAdminNegativeTestJSON:tearDownClass): 200 GET http://10.180.1.21/compute/v2.1/servers/fa73bac1-49d8-4360-a96e-1527ee1fc1cf 0.115s
2025-02-19 12:28:18.483 63744 INFO tempest.lib.common.rest_client [req-50a2b1b0-c73e-42ef-b3e0-1896a704731f req-50a2b1b0-c73e-42ef-b3e0-1896a704731f ] Request (MigrationsAdminTest:test_list_migrations_in_flavor_resize_situation): 200 GET http://10.180.1.21/compute/v2.1/servers/7d8d0417-b510-417b-a18f-375d1dfd3757 0.202s
2025-02-19 12:28:18.549 63732 INFO tempest.lib.common.rest_client [req-769026b1-85ba-43ba-98cf-017c06189e13 req-769026b1-85ba-43ba-98cf-017c06189e13 ] Request (InstanceActionsV221TestJSON:test_get_list_deleted_instance_actions): 200 GET http://10.180.1.21/compute/v2.1/servers/a0e8987b-f229-466e-8a19-108a84646ae3 0.196s
2025-02-19 12:28:18.611 63738 INFO tempest.lib.common.rest_client [req-c5d81c86-f9ff-4367-b185-5cbb54f808c7 req-c5d81c86-f9ff-4367-b185-5cbb54f808c7 ] Request (SecurityGroupsTestJSON:test_server_security_groups): 200 GET http://10.180.1.21/compute/v2.1/servers/260d1159-09e8-4c66-b877-7eb0e6effde4 0.198s
2025-02-19 12:28:18.668 63722 INFO tempest.lib.common.rest_client [req-7c865795-4dde-499d-a047-61aeb01df5b6 req-7c865795-4dde-499d-a047-61aeb01df5b6 ] Request (DeleteServersAdminTestJSON:test_delete_server_while_in_error_state): 200 GET http://10.180.1.21/compute/v2.1/servers/59fa839d-83dd-463c-9e5e-91f5fbe38753 0.239s
2025-02-19 12:28:18.737 63772 INFO tempest.lib.common.rest_client [req-cfc58ace-8402-4b92-96da-624d824aa094 req-cfc58ace-8402-4b92-96da-624d824aa094 ] Request (ServerTagsTestJSON:tearDownClass): 200 GET http://10.180.1.21/compute/v2.1/servers/cf289fc2-ecbe-49e9-84d2-a3d421e2bb25 0.240s
2025-02-19 12:28:18.742 63770 INFO tempest.lib.common.rest_client [req-1024a13c-fcf2-46a5-b72a-93a46e7d0d0b req-1024a13c-fcf2-46a5-b72a-93a46e7d0d0b ] Request (ServersTestManualDisk:setUpClass): 200 GET http://10.180.1.21/compute/v2.1/servers/8b83e720-1025-4989-9bd0-37b3da8511ae 0.403s
2025-02-19 12:28:18.752 63770 INFO tempest.common.waiters [-] State transition "BUILD/networking" ==> "BUILD/block_device_mapping" after 53 second wait
2025-02-19 12:28:18.798 63740 INFO tempest.lib.common.rest_client [req-d363f939-19c6-47f4-a861-ba5d495a89bf req-d363f939-19c6-47f4-a861-ba5d495a89bf ] Request (ImagesTestJSON:test_create_image_from_stopped_server): 200 GET http://10.180.1.21/compute/v2.1/servers/d74cfc21-d87d-45a2-8cf7-4d34244fc363 0.291s
2025-02-19 12:28:18.816 63718 INFO tempest.lib.common.rest_client [req-54202cef-074f-4b0e-b99f-4a34feff30c5 req-54202cef-074f-4b0e-b99f-4a34feff30c5 ] Request (ServerExternalEventsTest:test_create_server_external_events): 200 GET http://10.180.1.21/compute/v2.1/servers/00ce5c4e-db18-4893-91df-47ca77bc9099 0.259s
2025-02-19 12:28:18.850 63716 INFO tempest.lib.common.rest_client [req-53f69c91-7bb9-4261-86b2-9c003562b4c1 req-53f69c91-7bb9-4261-86b2-9c003562b4c1 ] Request (VolumesAdminNegativeTest:test_update_attached_volume_with_nonexistent_volume_in_body): 200 GET http://10.180.1.21/compute/v2.1/servers/d9faab7b-af63-41e1-94b5-65e3ad0db03f 0.260s
2025-02-19 12:28:18.915 63762 WARNING tempest.lib.common.ssh [-] Failed to establish authenticated ssh connection to cirros@10.180.180.229 ([Errno None] Unable to connect to port 22 on 10.180.180.229). Number attempts: 9. Retry after 10 seconds.: paramiko.ssh_exception.NoValidConnectionsError: [Errno None] Unable to connect to port 22 on 10.180.180.229
2025-02-19 12:28:18.915 63756 INFO tempest.lib.common.rest_client [req-14b89999-803b-4b78-bb73-6f4d217eda26 req-14b89999-803b-4b78-bb73-6f4d217eda26 ] Request (ServersTestBootFromVolume:setUpClass): 200 GET http://10.180.1.21/compute/v2.1/servers/8a309aad-b086-442f-a069-60c780c5b945 0.063s
2025-02-19 12:28:18.976 63726 INFO tempest.lib.common.rest_client [req-88a832ac-5e6c-4fe9-aa8b-a864f5920852 req-88a832ac-5e6c-4fe9-aa8b-a864f5920852 ] Request (ServersV294TestFqdnHostnames:setUpClass): 200 PUT http://10.180.1.21:9696/networking/v2.0/routers/62fd3a0b-7075-47f4-a606-d883d866304e/add_router_interface 1.240s
2025-02-19 12:28:18.976 63726 INFO tempest.lib.common.dynamic_creds [-] Created isolated network resources for: credentials: Credentials: {'domain_id': 'default', 'domain_name': 'Default', 'username': 'tempest-ServersV294TestFqdnHostnames-829358877-project-member', 'project_domain_id': 'default', 'project_domain_name': 'Default', 'project_id': 'f2750540256e4b80a248b6d895c1df7b', 'project_name': 'tempest-ServersV294TestFqdnHostnames-829358877', 'tenant_id': 'f2750540256e4b80a248b6d895c1df7b', 'tenant_name': 'tempest-ServersV294TestFqdnHostnames-829358877', 'user_domain_id': 'default', 'user_domain_name': 'Default', 'user_id': 'f54c544097e347718d4b4d227913b7fe', 'system': None}, Network: {'id': 'f3762f65-979c-4d47-bb37-20f058e39969', 'name': 'tempest-ServersV294TestFqdnHostnames-2016883858-network', 'tenant_id': 'f2750540256e4b80a248b6d895c1df7b', 'admin_state_up': True, 'mtu': 8950, 'status': 'ACTIVE', 'subnets': [], 'shared': False, 'project_id': 'f2750540256e4b80a248b6d895c1df7b', 'port_security_enabled': True, 'router:external': False, 'provider:network_type': 'vlan', 'provider:physical_network': 'default', 'provider:segmentation_id': 974, 'availability_zone_hints': [], 'availability_zones': [], 'ipv4_address_scope': None, 'ipv6_address_scope': None, 'description': '', 'tags': [], 'created_at': '2025-02-19T12:28:15Z', 'updated_at': '2025-02-19T12:28:15Z', 'revision_number': 1}, Subnet: {'id': '5fe30753-0c6d-4db2-9dc7-39ed3abf2fad', 'name': 'tempest-ServersV294TestFqdnHostnames-2016883858-subnet', 'tenant_id': 'f2750540256e4b80a248b6d895c1df7b', 'network_id': 'f3762f65-979c-4d47-bb37-20f058e39969', 'ip_version': 4, 'subnetpool_id': None, 'enable_dhcp': True, 'ipv6_ra_mode': None, 'ipv6_address_mode': None, 'gateway_ip': '192.168.128.1', 'cidr': '192.168.128.0/28', 'allocation_pools': [{'start': '192.168.128.2', 'end': '192.168.128.14'}], 'host_routes': [], 'dns_nameservers': [], 'description': '', 'router:external': False, 'service_types': [], 'tags': [], 'created_at': '2025-02-19T12:28:15Z', 'updated_at': '2025-02-19T12:28:15Z', 'revision_number': 0, 'project_id': 'f2750540256e4b80a248b6d895c1df7b'}, Router: {'id': '62fd3a0b-7075-47f4-a606-d883d866304e', 'name': 'tempest-ServersV294TestFqdnHostnames-2016883858-router', 'tenant_id': 'f2750540256e4b80a248b6d895c1df7b', 'admin_state_up': True, 'status': 'ACTIVE', 'external_gateway_info': {'network_id': 'ba535d43-0d5f-48c8-8a25-d670ccc21a4a', 'external_fixed_ips': [{'subnet_id': '28a1311f-e912-438f-adce-922160b71663', 'ip_address': '10.180.180.236'}], 'enable_snat': True}, 'description': '', 'availability_zones': [], 'distributed': False, 'ha': False, 'availability_zone_hints': [], 'routes': [], 'flavor_id': None, 'tags': [], 'created_at': '2025-02-19T12:28:16Z', 'updated_at': '2025-02-19T12:28:17Z', 'revision_number': 2, 'project_id': 'f2750540256e4b80a248b6d895c1df7b'}
2025-02-19 12:28:18.979 63766 INFO tempest.lib.common.rest_client [req-ebf2ac9c-3ee8-4d4d-bbe2-d281fcdc8d8b req-ebf2ac9c-3ee8-4d4d-bbe2-d281fcdc8d8b ] Request (InstanceActionsNegativeTestJSON:setUpClass): 201 POST http://10.180.1.21:9696/networking/v2.0/subnets 0.590s
2025-02-19 12:28:18.996 63730 INFO tempest.lib.common.rest_client [req-6df66ebf-9380-469d-8778-2e020c91a05d req-6df66ebf-9380-469d-8778-2e020c91a05d ] Request (ListImageFiltersTestJSON:setUpClass): 200 GET http://10.180.1.21/compute/v2.1/servers/bf32371c-af10-493d-911c-4e62135b56d9 0.252s
2025-02-19 12:28:19.019 63750 INFO tempest.lib.common.rest_client [req-a577a7d7-21f6-4c1d-acf0-3de236dfa6aa req-a577a7d7-21f6-4c1d-acf0-3de236dfa6aa ] Request (MultipleCreateTestJSON:tearDownClass): 200 GET http://10.180.1.21/compute/v2.1/servers/7c9509a4-a57d-4e9c-94c5-105f0bab0f8a 0.083s
2025-02-19 12:28:19.076 63726 INFO tempest.lib.common.rest_client [req-d83186bf-cd01-4aa2-9c2b-eaa84882ae69 req-d83186bf-cd01-4aa2-9c2b-eaa84882ae69 ] Request (ServersV294TestFqdnHostnames:setUpClass): 201 POST http://10.180.1.21/identity/v3/auth/tokens 0.096s
2025-02-19 12:28:19.132 63712 INFO tempest.lib.common.rest_client [req-5819eb0e-0a4b-471c-9483-ba7bd4b299fc req-5819eb0e-0a4b-471c-9483-ba7bd4b299fc ] Request (ServersAaction247Test:test_create_backup): 200 GET http://10.180.1.21/compute/v2.1/servers/48c39fea-14ce-4231-9f7d-badd7cc912ef 0.089s
2025-02-19 12:28:19.144 63714 INFO tempest.lib.common.rest_client [req-caebc5b5-d551-4c24-9992-4210aabc96a4 req-caebc5b5-d551-4c24-9992-4210aabc96a4 ] Request (FloatingIPsAssociationTestJSON:setUpClass): 200 GET http://10.180.1.21/compute/v2.1/servers/f685f5b8-a0c2-4bcc-8b41-a2ada29d7b64 0.085s
2025-02-19 12:28:19.232 63726 INFO tempest.lib.common.rest_client [req-9a093215-180d-4ade-9272-68a1b7d731c0 req-9a093215-180d-4ade-9272-68a1b7d731c0 ] Request (ServersV294TestFqdnHostnames:setUpClass): 201 POST http://10.180.1.21/compute/v2.1/os-keypairs 0.154s
2025-02-19 12:28:19.309 63765 INFO tempest.lib.common.rest_client [req-ae8966ef-ab8d-45ed-86ea-f138307924bd req-ae8966ef-ab8d-45ed-86ea-f138307924bd ] Request (ServerDiagnosticsNegativeTest:tearDownClass): 200 GET http://10.180.1.21/compute/v2.1/servers/da37af6a-06d4-4c29-a60a-ac0c01939cf9 0.158s
2025-02-19 12:28:19.378 63748 INFO tempest.lib.common.rest_client [req-ca711cff-9d0e-4104-9f89-e0870b45132e req-ca711cff-9d0e-4104-9f89-e0870b45132e ] Request (ServersAdminTestJSON:setUpClass): 200 GET http://10.180.1.21/compute/v2.1/servers/27d539c0-5401-402b-87ab-ce400a348a73 0.163s
2025-02-19 12:28:19.378 63726 INFO tempest.lib.common.rest_client [req-7b6219ed-65f6-4249-90d7-154f04b0a5c2 req-7b6219ed-65f6-4249-90d7-154f04b0a5c2 ] Request (ServersV294TestFqdnHostnames:setUpClass): 201 POST http://10.180.1.21:9696/networking/v2.0/security-groups 0.143s
2025-02-19 12:28:19.432 63768 INFO tempest.lib.common.rest_client [req-42b19107-9715-4791-b35a-c2a452a51558 req-42b19107-9715-4791-b35a-c2a452a51558 ] Request (ServerRescueNegativeTestJSON:setUpClass): 200 GET http://10.180.1.21/compute/v2.1/servers/369dc141-ec0b-4237-aed7-d047e9a59bab 0.189s
2025-02-19 12:28:19.448 63760 INFO tempest.lib.common.rest_client [req-64f3d0b5-feb5-44b3-9d6b-5b3876b4d4c2 req-64f3d0b5-feb5-44b3-9d6b-5b3876b4d4c2 ] Request (ListServerFiltersTestJSON:tearDownClass): 200 GET http://10.180.1.21/compute/v2.1/servers/f255de95-0e89-488b-8441-cc7c997cdf89 0.298s
2025-02-19 12:28:19.465 63734 INFO tempest.lib.common.rest_client [req-7c503ed7-e61e-46f7-9c89-6d3914457027 req-7c503ed7-e61e-46f7-9c89-6d3914457027 ] Request (ImagesOneServerTestJSON:test_create_image_specify_multibyte_character_image_name): 200 GET http://10.180.1.21/compute/v2.1/images/0dec27b8-c7a1-4efa-b024-03f5fa0b461f 0.187s
2025-02-19 12:28:19.477 63726 INFO tempest.lib.common.rest_client [req-19b861f7-314a-4073-8d46-fe2f38076c99 req-19b861f7-314a-4073-8d46-fe2f38076c99 ] Request (ServersV294TestFqdnHostnames:setUpClass): 201 POST http://10.180.1.21:9696/networking/v2.0/security-group-rules 0.099s
2025-02-19 12:28:19.514 63736 INFO tempest.lib.common.rest_client [req-d4c51694-15df-4a93-9d45-388727b65dd6 req-d4c51694-15df-4a93-9d45-388727b65dd6 ] Request (ServersTestMultiNic:test_verify_duplicate_network_nics): 200 GET http://10.180.1.21/compute/v2.1/servers/5fae3008-ed55-4e69-bea5-33f26ee23090 0.231s
2025-02-19 12:28:19.536 63720 INFO tempest.lib.common.rest_client [req-8aba74cf-afef-4777-98d2-45f59aa28829 req-8aba74cf-afef-4777-98d2-45f59aa28829 ] Request (ServersAdminNegativeTestJSON:tearDownClass): 200 GET http://10.180.1.21/compute/v2.1/servers/fa73bac1-49d8-4360-a96e-1527ee1fc1cf 0.137s
2025-02-19 12:28:19.584 63726 INFO tempest.lib.common.rest_client [req-a59e736c-1b17-4b11-a261-259d63aeeb2e req-a59e736c-1b17-4b11-a261-259d63aeeb2e ] Request (ServersV294TestFqdnHostnames:setUpClass): 201 POST http://10.180.1.21:9696/networking/v2.0/security-group-rules 0.106s
2025-02-19 12:28:19.629 63732 INFO tempest.lib.common.rest_client [req-01a262c7-b487-4bd4-9cc0-348e75fd517c req-01a262c7-b487-4bd4-9cc0-348e75fd517c ] Request (InstanceActionsV221TestJSON:test_get_list_deleted_instance_actions): 200 GET http://10.180.1.21/compute/v2.1/servers/a0e8987b-f229-466e-8a19-108a84646ae3 0.071s
2025-02-19 12:28:19.693 63738 INFO tempest.lib.common.rest_client [req-af941935-b539-448c-b829-6b93fcaae613 req-af941935-b539-448c-b829-6b93fcaae613 ] Request (SecurityGroupsTestJSON:test_server_security_groups): 200 GET http://10.180.1.21/compute/v2.1/servers/260d1159-09e8-4c66-b877-7eb0e6effde4 0.074s
2025-02-19 12:28:19.709 63744 INFO tempest.lib.common.rest_client [req-fa485ec0-5cbb-47e4-98b8-993be65934c6 req-fa485ec0-5cbb-47e4-98b8-993be65934c6 ] Request (MigrationsAdminTest:test_list_migrations_in_flavor_resize_situation): 200 GET http://10.180.1.21/compute/v2.1/servers/7d8d0417-b510-417b-a18f-375d1dfd3757 0.215s
2025-02-19 12:28:19.751 63722 INFO tempest.lib.common.rest_client [req-860750a8-8b53-4c50-93b3-34b6bff6d04c req-860750a8-8b53-4c50-93b3-34b6bff6d04c ] Request (DeleteServersAdminTestJSON:test_delete_server_while_in_error_state): 200 GET http://10.180.1.21/compute/v2.1/servers/59fa839d-83dd-463c-9e5e-91f5fbe38753 0.074s
2025-02-19 12:28:19.830 63772 INFO tempest.lib.common.rest_client [req-d3042532-1e7a-44b1-9478-34e00adda848 req-d3042532-1e7a-44b1-9478-34e00adda848 ] Request (ServerTagsTestJSON:tearDownClass): 200 GET http://10.180.1.21/compute/v2.1/servers/cf289fc2-ecbe-49e9-84d2-a3d421e2bb25 0.078s
2025-02-19 12:28:19.877 63770 INFO tempest.lib.common.rest_client [req-8f865bfd-5777-4dee-a23e-bd2ee90618bb req-8f865bfd-5777-4dee-a23e-bd2ee90618bb ] Request (ServersTestManualDisk:setUpClass): 200 GET http://10.180.1.21/compute/v2.1/servers/8b83e720-1025-4989-9bd0-37b3da8511ae 0.124s
2025-02-19 12:28:19.888 63770 INFO tempest.common.waiters [-] State transition "BUILD/block_device_mapping" ==> "BUILD/spawning" after 54 second wait
2025-02-19 12:28:19.899 63740 INFO tempest.lib.common.rest_client [req-de7c511e-0e6c-4854-9a4a-aa0111295b66 req-de7c511e-0e6c-4854-9a4a-aa0111295b66 ] Request (ImagesTestJSON:test_create_image_from_stopped_server): 200 GET http://10.180.1.21/compute/v2.1/servers/d74cfc21-d87d-45a2-8cf7-4d34244fc363 0.093s
2025-02-19 12:28:19.943 63718 INFO tempest.lib.common.rest_client [req-709a91a2-978a-47ac-8941-6538ff64a128 req-709a91a2-978a-47ac-8941-6538ff64a128 ] Request (ServerExternalEventsTest:test_create_server_external_events): 200 GET http://10.180.1.21/compute/v2.1/servers/00ce5c4e-db18-4893-91df-47ca77bc9099 0.119s
2025-02-19 12:28:19.964 63716 INFO tempest.lib.common.rest_client [req-6e22ccd6-0699-48a0-825f-59c8e921ab69 req-6e22ccd6-0699-48a0-825f-59c8e921ab69 ] Request (VolumesAdminNegativeTest:test_update_attached_volume_with_nonexistent_volume_in_body): 200 GET http://10.180.1.21/compute/v2.1/servers/d9faab7b-af63-41e1-94b5-65e3ad0db03f 0.103s
2025-02-19 12:28:20.031 63756 INFO tempest.lib.common.rest_client [req-d733e3bc-8619-46cf-83c4-1d3d36eebfea req-d733e3bc-8619-46cf-83c4-1d3d36eebfea ] Request (ServersTestBootFromVolume:setUpClass): 200 GET http://10.180.1.21/compute/v2.1/servers/8a309aad-b086-442f-a069-60c780c5b945 0.109s
2025-02-19 12:28:20.111 63750 INFO tempest.lib.common.rest_client [req-6bf88494-46d8-4d32-a425-7a8c46d240f8 req-6bf88494-46d8-4d32-a425-7a8c46d240f8 ] Request (MultipleCreateTestJSON:tearDownClass): 200 GET http://10.180.1.21/compute/v2.1/servers/7c9509a4-a57d-4e9c-94c5-105f0bab0f8a 0.080s
2025-02-19 12:28:20.126 63766 INFO tempest.lib.common.rest_client [req-57948844-007c-4cd9-af1e-e1009487ccc4 req-57948844-007c-4cd9-af1e-e1009487ccc4 ] Request (InstanceActionsNegativeTestJSON:setUpClass): 201 POST http://10.180.1.21:9696/networking/v2.0/routers 1.147s
2025-02-19 12:28:20.137 63726 INFO tempest.lib.common.rest_client [req-7f5f42bb-09fd-4446-a147-c8e0aee4c230 req-7f5f42bb-09fd-4446-a147-c8e0aee4c230 ] Request (ServersV294TestFqdnHostnames:setUpClass): 201 POST http://10.180.1.21:9696/networking/v2.0/floatingips 0.552s
2025-02-19 12:28:20.186 63730 INFO tempest.lib.common.rest_client [req-0a8e109d-34d4-4043-af38-046a9e2f7c1c req-0a8e109d-34d4-4043-af38-046a9e2f7c1c ] Request (ListImageFiltersTestJSON:setUpClass): 200 GET http://10.180.1.21/compute/v2.1/servers/bf32371c-af10-493d-911c-4e62135b56d9 0.180s
2025-02-19 12:28:20.187 63726 INFO tempest.lib.common.rest_client [req-a674c5d4-683a-45b5-b050-b9a50de1151d req-a674c5d4-683a-45b5-b050-b9a50de1151d ] Request (ServersV294TestFqdnHostnames:setUpClass): 201 POST http://10.180.1.21/identity/v3/auth/tokens 0.044s
2025-02-19 12:28:20.188 63726 INFO tempest.lib.common.fixed_network [-] (ServersV294TestFqdnHostnames:setUpClass) Found network {'id': 'f3762f65-979c-4d47-bb37-20f058e39969', 'name': 'tempest-ServersV294TestFqdnHostnames-2016883858-network', 'tenant_id': 'f2750540256e4b80a248b6d895c1df7b', 'admin_state_up': True, 'mtu': 8950, 'status': 'ACTIVE', 'subnets': [], 'shared': False, 'project_id': 'f2750540256e4b80a248b6d895c1df7b', 'port_security_enabled': True, 'router:external': False, 'provider:network_type': 'vlan', 'provider:physical_network': 'default', 'provider:segmentation_id': 974, 'availability_zone_hints': [], 'availability_zones': [], 'ipv4_address_scope': None, 'ipv6_address_scope': None, 'description': '', 'tags': [], 'created_at': '2025-02-19T12:28:15Z', 'updated_at': '2025-02-19T12:28:15Z', 'revision_number': 1} available for tenant
2025-02-19 12:28:20.193 63730 INFO tempest.common.waiters [-] State transition "BUILD/spawning" ==> "ACTIVE/None" after 58 second wait
2025-02-19 12:28:20.211 63712 INFO tempest.lib.common.rest_client [req-d4d9eac9-3d25-43c1-8905-9eaeefd3c6cf req-d4d9eac9-3d25-43c1-8905-9eaeefd3c6cf ] Request (ServersAaction247Test:test_create_backup): 200 GET http://10.180.1.21/compute/v2.1/servers/48c39fea-14ce-4231-9f7d-badd7cc912ef 0.070s
2025-02-19 12:28:20.250 63714 INFO tempest.lib.common.rest_client [req-77fb0139-0632-4298-9e6b-4bd6ce590104 req-77fb0139-0632-4298-9e6b-4bd6ce590104 ] Request (FloatingIPsAssociationTestJSON:setUpClass): 200 GET http://10.180.1.21/compute/v2.1/servers/f685f5b8-a0c2-4bcc-8b41-a2ada29d7b64 0.096s
2025-02-19 12:28:20.392 63730 INFO tempest.lib.common.rest_client [req-38758f6f-c0b7-4bf3-844f-74b21709099b req-38758f6f-c0b7-4bf3-844f-74b21709099b ] Request (ListImageFiltersTestJSON:setUpClass): 200 GET http://10.180.1.21/compute/v2.1/servers/142527c9-7695-40ab-a44f-b2841e9b9c26 0.198s
2025-02-19 12:28:20.416 63765 INFO tempest.lib.common.rest_client [req-bfee4345-fa49-47d6-8da2-48b176c1d253 req-bfee4345-fa49-47d6-8da2-48b176c1d253 ] Request (ServerDiagnosticsNegativeTest:tearDownClass): 404 GET http://10.180.1.21/compute/v2.1/servers/da37af6a-06d4-4c29-a60a-ac0c01939cf9 0.095s
2025-02-19 12:28:20.501 63748 INFO tempest.lib.common.rest_client [req-19a6c422-1405-4953-bd63-c89285c6482f req-19a6c422-1405-4953-bd63-c89285c6482f ] Request (ServersAdminTestJSON:setUpClass): 200 GET http://10.180.1.21/compute/v2.1/servers/27d539c0-5401-402b-87ab-ce400a348a73 0.116s
2025-02-19 12:28:20.530 63765 INFO tempest.lib.common.rest_client [req-b7eebe41-1d9d-4c02-8e90-5e2383ecdae5 req-b7eebe41-1d9d-4c02-8e90-5e2383ecdae5 ] Request (ServerDiagnosticsNegativeTest:tearDownClass): 204 DELETE http://10.180.1.21/identity/v3/users/2a405da5beeb4fe0a1f0f5bf55e0f34b 0.114s
2025-02-19 12:28:20.578 63742 WARNING tempest.lib.common.ssh [-] Failed to establish authenticated ssh connection to cirros@10.180.180.233 ([Errno None] Unable to connect to port 22 on 10.180.180.233). Number attempts: 8. Retry after 9 seconds.: paramiko.ssh_exception.NoValidConnectionsError: [Errno None] Unable to connect to port 22 on 10.180.180.233
2025-02-19 12:28:20.638 63765 INFO tempest.lib.common.rest_client [req-997159d5-62ac-429f-b652-c2926a736dcc req-997159d5-62ac-429f-b652-c2926a736dcc ] Request (ServerDiagnosticsNegativeTest:tearDownClass): 204 DELETE http://10.180.1.21/identity/v3/users/5fe2540c432148989881adc80f528fb6 0.107s
2025-02-19 12:28:20.638 63765 INFO tempest.lib.common.dynamic_creds [-] Deleting project and security group for project: 066d8782af0c4a749789d14ac4758828
2025-02-19 12:28:20.643 63758 WARNING tempest.lib.common.ssh [-] Failed to establish authenticated ssh connection to cirros@10.180.180.249 ([Errno None] Unable to connect to port 22 on 10.180.180.249). Number attempts: 5. Retry after 6 seconds.: paramiko.ssh_exception.NoValidConnectionsError: [Errno None] Unable to connect to port 22 on 10.180.180.249
2025-02-19 12:28:20.711 63765 INFO tempest.lib.common.rest_client [req-79479724-07e7-4c81-95cd-f733d2cdf2c3 req-79479724-07e7-4c81-95cd-f733d2cdf2c3 ] Request (ServerDiagnosticsNegativeTest:tearDownClass): 201 POST http://10.180.1.21/identity/v3/auth/tokens 0.073s
2025-02-19 12:28:20.718 63726 INFO tempest.lib.common.rest_client [req-7c197218-691c-4fdd-89ab-191795eede0c req-7c197218-691c-4fdd-89ab-191795eede0c ] Request (ServersV294TestFqdnHostnames:setUpClass): 202 POST http://10.180.1.21/compute/v2.1/servers 0.529s
2025-02-19 12:28:20.795 63768 INFO tempest.lib.common.rest_client [req-4102f6d8-e681-477e-9b99-eea4bf61dfe1 req-4102f6d8-e681-477e-9b99-eea4bf61dfe1 ] Request (ServerRescueNegativeTestJSON:setUpClass): 200 GET http://10.180.1.21/compute/v2.1/servers/369dc141-ec0b-4237-aed7-d047e9a59bab 0.349s
2025-02-19 12:28:20.891 63760 INFO tempest.lib.common.rest_client [req-26ce46a6-606e-4f70-86b9-47ac6b3994d6 req-26ce46a6-606e-4f70-86b9-47ac6b3994d6 ] Request (ListServerFiltersTestJSON:tearDownClass): 200 GET http://10.180.1.21/compute/v2.1/servers/f255de95-0e89-488b-8441-cc7c997cdf89 0.429s
2025-02-19 12:28:20.941 63734 INFO tempest.lib.common.rest_client [req-8d37ec5b-8d48-4807-b883-37d5f064b45b req-8d37ec5b-8d48-4807-b883-37d5f064b45b ] Request (ImagesOneServerTestJSON:test_create_image_specify_multibyte_character_image_name): 200 GET http://10.180.1.21/compute/v2.1/images/0dec27b8-c7a1-4efa-b024-03f5fa0b461f 0.472s
2025-02-19 12:28:20.951 63765 INFO tempest.lib.common.rest_client [req-e8a8be5f-2a0b-4bb4-b132-f689e538a565 req-e8a8be5f-2a0b-4bb4-b132-f689e538a565 ] Request (ServerDiagnosticsNegativeTest:tearDownClass): 200 GET http://10.180.1.21:9696/networking/v2.0/security-groups?tenant_id=066d8782af0c4a749789d14ac4758828&name=default 0.239s
2025-02-19 12:28:21.002 63736 INFO tempest.lib.common.rest_client [req-a543d707-7a52-4582-a7f2-284995dd7b4e req-a543d707-7a52-4582-a7f2-284995dd7b4e ] Request (ServersTestMultiNic:test_verify_duplicate_network_nics): 200 GET http://10.180.1.21/compute/v2.1/servers/5fae3008-ed55-4e69-bea5-33f26ee23090 0.477s
2025-02-19 12:28:21.041 63730 INFO tempest.lib.common.rest_client [req-2b50d269-5e18-4774-8f29-1253f334c701 req-2b50d269-5e18-4774-8f29-1253f334c701 ] Request (ListImageFiltersTestJSON:setUpClass): 202 POST http://10.180.1.21/compute/v2.1/servers/142527c9-7695-40ab-a44f-b2841e9b9c26/action 0.639s
2025-02-19 12:28:21.088 63720 INFO tempest.lib.common.rest_client [req-36cf252d-a2c7-4e1b-af5e-4adada68fb87 req-36cf252d-a2c7-4e1b-af5e-4adada68fb87 ] Request (ServersAdminNegativeTestJSON:tearDownClass): 200 GET http://10.180.1.21/compute/v2.1/servers/fa73bac1-49d8-4360-a96e-1527ee1fc1cf 0.539s
2025-02-19 12:28:21.120 63732 INFO tempest.lib.common.rest_client [req-3a0125cf-bb21-4f7b-afa9-243d9e03270a req-3a0125cf-bb21-4f7b-afa9-243d9e03270a ] Request (InstanceActionsV221TestJSON:test_get_list_deleted_instance_actions): 200 GET http://10.180.1.21/compute/v2.1/servers/a0e8987b-f229-466e-8a19-108a84646ae3 0.472s
2025-02-19 12:28:21.159 63738 INFO tempest.lib.common.rest_client [req-b02dfb4b-caad-4fdf-92bf-41a9d2af6e29 req-b02dfb4b-caad-4fdf-92bf-41a9d2af6e29 ] Request (SecurityGroupsTestJSON:test_server_security_groups): 200 GET http://10.180.1.21/compute/v2.1/servers/260d1159-09e8-4c66-b877-7eb0e6effde4 0.454s
2025-02-19 12:28:21.162 63765 INFO tempest.lib.common.rest_client [req-a78d56a3-e929-4e87-bda4-1a1ce06762fc req-a78d56a3-e929-4e87-bda4-1a1ce06762fc ] Request (ServerDiagnosticsNegativeTest:tearDownClass): 204 DELETE http://10.180.1.21:9696/networking/v2.0/security-groups/6889f102-5b09-4711-a18d-8ecb85f6cf66 0.210s
