2025-02-19 12:29:14.788 63730 INFO tempest.lib.common.rest_client [req-18f118cd-3795-4cb2-b5b1-32af557a2749 req-18f118cd-3795-4cb2-b5b1-32af557a2749 ] Request (ListImageFiltersTestJSON:tearDownClass): 200 GET http://10.180.1.21/compute/v2.1/servers/bf32371c-af10-493d-911c-4e62135b56d9 0.122s
2025-02-19 12:29:14.802 63765 INFO tempest.lib.common.rest_client [req-c8f409c1-2087-4970-bfa1-f34efc90fc63 req-c8f409c1-2087-4970-bfa1-f34efc90fc63 ] Request (ServerActionsTestOtherA:setUpClass): 200 GET http://10.180.1.21/compute/v2.1/servers/17637bd7-727e-44d3-9cd5-a0eb69322ed2 0.099s
2025-02-19 12:29:14.859 63726 INFO tempest.lib.common.rest_client [req-0f1d80d4-74e9-4872-93ff-3fbb65fd4774 req-0f1d80d4-74e9-4872-93ff-3fbb65fd4774 ] Request (ServersV294TestFqdnHostnames:setUpClass): 200 GET http://10.180.1.21/compute/v2.1/servers/e31c0a2c-b3c5-4cdc-8f6e-ebb525cb327b 0.134s
2025-02-19 12:29:14.876 63714 INFO tempest.lib.common.rest_client [req-0558a7f8-b9ba-49a8-9c98-5e3f5b23cb76 req-0558a7f8-b9ba-49a8-9c98-5e3f5b23cb76 ] Request (FloatingIPsAssociationTestJSON:test_associate_already_associated_floating_ip): 200 GET http://10.180.1.21/compute/v2.1/servers/4db7ce43-1b59-47af-a757-7b0c428bd734 0.108s
2025-02-19 12:29:14.969 63718 INFO tempest.lib.common.rest_client [req-4a4849c6-00af-44df-9b60-3829e0cee0ce req-4a4849c6-00af-44df-9b60-3829e0cee0ce ] Request (ServerExternalEventsTest:test_create_server_external_events): 200 GET http://10.180.1.21/compute/v2.1/servers/00ce5c4e-db18-4893-91df-47ca77bc9099 0.104s
2025-02-19 12:29:14.979 63736 INFO tempest.lib.common.rest_client [req-25b7f11d-baec-4fc6-82bc-8762b0ba4638 req-25b7f11d-baec-4fc6-82bc-8762b0ba4638 ] Request (ServersTestMultiNic:_run_cleanups): 200 GET http://10.180.1.21/compute/v2.1/servers/5fae3008-ed55-4e69-bea5-33f26ee23090 0.071s
2025-02-19 12:29:15.046 63712 INFO tempest.lib.common.rest_client [req-7c566118-fd04-4864-8035-55e36d5dfeeb req-7c566118-fd04-4864-8035-55e36d5dfeeb ] Request (ServersAaction247Test:test_create_backup): 200 GET http://10.180.1.21/compute/v2.1/servers/48c39fea-14ce-4231-9f7d-badd7cc912ef 0.131s
2025-02-19 12:29:15.071 63760 INFO tempest.lib.common.rest_client [req-f86fee27-e0a0-484f-b965-bd72e20cecd3 req-f86fee27-e0a0-484f-b965-bd72e20cecd3 ] Request (ListServerFiltersTestJSON:tearDownClass): 200 GET http://10.180.1.21/compute/v2.1/servers/6b84681b-8d45-483f-83ae-b7810ee9612d 0.078s
2025-02-19 12:29:15.103 63740 INFO tempest.lib.common.rest_client [req-1c7680e5-6cd2-4320-98a2-1c9060e45506 req-1c7680e5-6cd2-4320-98a2-1c9060e45506 ] Request (ImagesTestJSON:test_create_image_from_suspended_server): 200 GET http://10.180.1.21/compute/v2.1/servers/5cc76037-03e4-4c2f-8d29-617f94713bd6 0.053s
2025-02-19 12:29:15.307 63732 INFO tempest.lib.common.rest_client [req-b21e7d96-8b4c-4bdf-84a3-dbd94c994a5d req-b21e7d96-8b4c-4bdf-84a3-dbd94c994a5d ] Request (ServerShowV254Test:test_rebuild_server): 200 GET http://10.180.1.21/compute/v2.1/servers/8065824c-066e-420a-a4bc-934f90a507b3 0.049s
2025-02-19 12:29:15.482 63768 INFO tempest.lib.common.rest_client [req-3e7d5710-82bf-4f20-aa52-d798b28d8bf1 req-3e7d5710-82bf-4f20-aa52-d798b28d8bf1 ] Request (ServerRescueNegativeTestJSON:test_rescued_vm_attach_volume): 200 GET http://10.180.1.21/compute/v2.1/servers/ce27a7e1-05e2-46b0-9689-39d4efbda232 0.125s
2025-02-19 12:29:15.525 63720 INFO tempest.lib.common.rest_client [req-fddbc097-5757-4d17-88fc-b1cb72711ae5 req-fddbc097-5757-4d17-88fc-b1cb72711ae5 ] Request (ImagesOneServerNegativeTestJSON:setUpClass): 200 GET http://10.180.1.21/compute/v2.1/servers/85f6301b-6865-40ac-9b22-dcfa445e326c 0.158s
2025-02-19 12:29:15.574 63750 INFO tempest.lib.common.rest_client [req-512e2f3e-2158-4910-a5ba-3f6839526729 req-512e2f3e-2158-4910-a5ba-3f6839526729 ] Request (ServerMetadataTestJSON:setUpClass): 200 GET http://10.180.1.21/compute/v2.1/servers/272f9539-f449-431c-b847-1fb862b34e45 0.160s
2025-02-19 12:29:15.653 63722 INFO tempest.lib.common.rest_client [req-154eeff0-21b7-47bb-996c-37d08c46224b req-154eeff0-21b7-47bb-996c-37d08c46224b ] Request (DeleteServersAdminTestJSON:test_delete_server_while_in_error_state): 200 GET http://10.180.1.21/compute/v2.1/servers/59fa839d-83dd-463c-9e5e-91f5fbe38753 0.139s
2025-02-19 12:29:15.709 63756 INFO tempest.lib.common.rest_client [req-955dcec6-abd5-4623-8340-4d9220f5ef7e req-955dcec6-abd5-4623-8340-4d9220f5ef7e ] Request (ServersTestBootFromVolume:setUpClass): 200 GET http://10.180.1.21/compute/v2.1/servers/8a309aad-b086-442f-a069-60c780c5b945 0.402s
2025-02-19 12:29:15.716 63756 INFO tempest.common.waiters [-] State transition "BUILD/networking" ==> "BUILD/block_device_mapping" after 63 second wait
2025-02-19 12:29:15.759 63744 INFO tempest.lib.common.rest_client [req-6439e8c7-661b-4132-97e5-4026ef5d1e0c req-6439e8c7-661b-4132-97e5-4026ef5d1e0c ] Request (MigrationsAdminTest:test_resize_server_revert_deleted_flavor): 200 GET http://10.180.1.21/compute/v2.1/servers/10f69421-d9f3-421d-a17f-f33968787722 0.164s
2025-02-19 12:29:15.779 63748 INFO tempest.lib.common.rest_client [req-2e1d0ff2-0eb2-4629-bd3b-0b01009e336f req-2e1d0ff2-0eb2-4629-bd3b-0b01009e336f ] Request (ServersAdminTestJSON:setUpClass): 200 GET http://10.180.1.21/compute/v2.1/servers/27d539c0-5401-402b-87ab-ce400a348a73 0.210s
2025-02-19 12:29:15.812 63738 INFO tempest.lib.common.rest_client [req-45e56a8b-981e-4f43-a556-992c87c89056 req-45e56a8b-981e-4f43-a556-992c87c89056 ] Request (SecurityGroupsTestJSON:test_server_security_groups): 200 GET http://10.180.1.21/compute/v2.1/servers/260d1159-09e8-4c66-b877-7eb0e6effde4 0.131s
2025-02-19 12:29:15.827 63766 INFO tempest.lib.common.rest_client [req-6d6c7dbc-81ee-4d91-991b-80321a80aa15 req-6d6c7dbc-81ee-4d91-991b-80321a80aa15 ] Request (InstanceActionsNegativeTestJSON:setUpClass): 200 GET http://10.180.1.21/compute/v2.1/servers/7671d351-0759-4462-acf5-302d615f0b73 0.100s
2025-02-19 12:29:15.874 63765 INFO tempest.lib.common.rest_client [req-dfb112aa-03d5-4c5e-aa54-0dd656829ccd req-dfb112aa-03d5-4c5e-aa54-0dd656829ccd ] Request (ServerActionsTestOtherA:setUpClass): 200 GET http://10.180.1.21/compute/v2.1/servers/17637bd7-727e-44d3-9cd5-a0eb69322ed2 0.060s
2025-02-19 12:29:15.925 63726 INFO tempest.lib.common.rest_client [req-6e96f965-ac71-4b0a-8220-7f7543ac9713 req-6e96f965-ac71-4b0a-8220-7f7543ac9713 ] Request (ServersV294TestFqdnHostnames:setUpClass): 200 GET http://10.180.1.21/compute/v2.1/servers/e31c0a2c-b3c5-4cdc-8f6e-ebb525cb327b 0.056s
2025-02-19 12:29:15.930 63730 INFO tempest.lib.common.rest_client [req-e7434f2a-6ad6-4148-9fc2-9096bdff8249 req-e7434f2a-6ad6-4148-9fc2-9096bdff8249 ] Request (ListImageFiltersTestJSON:tearDownClass): 200 GET http://10.180.1.21/compute/v2.1/servers/bf32371c-af10-493d-911c-4e62135b56d9 0.128s
2025-02-19 12:29:15.967 63714 INFO tempest.lib.common.rest_client [req-778cabb7-bcbe-4bc2-b9b7-78644e4d1a8e req-778cabb7-bcbe-4bc2-b9b7-78644e4d1a8e ] Request (FloatingIPsAssociationTestJSON:test_associate_already_associated_floating_ip): 200 GET http://10.180.1.21/compute/v2.1/servers/4db7ce43-1b59-47af-a757-7b0c428bd734 0.083s
2025-02-19 12:29:16.048 63736 INFO tempest.lib.common.rest_client [req-f33b5154-d9d2-490f-baf6-7e020106a684 req-f33b5154-d9d2-490f-baf6-7e020106a684 ] Request (ServersTestMultiNic:_run_cleanups): 200 GET http://10.180.1.21/compute/v2.1/servers/5fae3008-ed55-4e69-bea5-33f26ee23090 0.061s
2025-02-19 12:29:16.078 63718 INFO tempest.lib.common.rest_client [req-382a7aac-8d37-4440-92fa-4740ac887702 req-382a7aac-8d37-4440-92fa-4740ac887702 ] Request (ServerExternalEventsTest:test_create_server_external_events): 200 GET http://10.180.1.21/compute/v2.1/servers/00ce5c4e-db18-4893-91df-47ca77bc9099 0.098s
2025-02-19 12:29:16.116 63712 INFO tempest.lib.common.rest_client [req-c457d74e-54b2-4b6f-b3e8-72f31b945846 req-c457d74e-54b2-4b6f-b3e8-72f31b945846 ] Request (ServersAaction247Test:test_create_backup): 200 GET http://10.180.1.21/compute/v2.1/servers/48c39fea-14ce-4231-9f7d-badd7cc912ef 0.060s
2025-02-19 12:29:16.144 63760 INFO tempest.lib.common.rest_client [req-6fee6816-07e1-4cf8-b35b-767804afd781 req-6fee6816-07e1-4cf8-b35b-767804afd781 ] Request (ListServerFiltersTestJSON:tearDownClass): 200 GET http://10.180.1.21/compute/v2.1/servers/6b84681b-8d45-483f-83ae-b7810ee9612d 0.064s
2025-02-19 12:29:16.175 63740 INFO tempest.lib.common.rest_client [req-c74f6a32-e92e-4d16-a9fa-039248d105f2 req-c74f6a32-e92e-4d16-a9fa-039248d105f2 ] Request (ImagesTestJSON:test_create_image_from_suspended_server): 200 GET http://10.180.1.21/compute/v2.1/servers/5cc76037-03e4-4c2f-8d29-617f94713bd6 0.062s
2025-02-19 12:29:16.391 63732 INFO tempest.lib.common.rest_client [req-b9f1a657-b89c-4b4e-878c-29e83907f3ab req-b9f1a657-b89c-4b4e-878c-29e83907f3ab ] Request (ServerShowV254Test:test_rebuild_server): 200 GET http://10.180.1.21/compute/v2.1/servers/8065824c-066e-420a-a4bc-934f90a507b3 0.074s
2025-02-19 12:29:16.585 63720 INFO tempest.lib.common.rest_client [req-ba8eb113-d7eb-4528-8f49-526959b9a57b req-ba8eb113-d7eb-4528-8f49-526959b9a57b ] Request (ImagesOneServerNegativeTestJSON:setUpClass): 200 GET http://10.180.1.21/compute/v2.1/servers/85f6301b-6865-40ac-9b22-dcfa445e326c 0.052s
2025-02-19 12:29:16.588 63768 INFO tempest.lib.common.rest_client [req-13c261c4-09b5-474a-a7f9-a15cf0d2eb9d req-13c261c4-09b5-474a-a7f9-a15cf0d2eb9d ] Request (ServerRescueNegativeTestJSON:test_rescued_vm_attach_volume): 200 GET http://10.180.1.21/compute/v2.1/servers/ce27a7e1-05e2-46b0-9689-39d4efbda232 0.098s
2025-02-19 12:29:16.630 63750 INFO tempest.lib.common.rest_client [req-590aebb2-1fdf-4144-b8b0-febc7ff6bab6 req-590aebb2-1fdf-4144-b8b0-febc7ff6bab6 ] Request (ServerMetadataTestJSON:setUpClass): 200 GET http://10.180.1.21/compute/v2.1/servers/272f9539-f449-431c-b847-1fb862b34e45 0.048s
2025-02-19 12:29:16.686 63722 INFO tempest.lib.common.rest_client [req-d46060da-03a2-40a7-960f-856579160cd5 req-d46060da-03a2-40a7-960f-856579160cd5 ] Request (DeleteServersAdminTestJSON:test_delete_server_while_in_error_state): 404 GET http://10.180.1.21/compute/v2.1/servers/59fa839d-83dd-463c-9e5e-91f5fbe38753 0.022s
2025-02-19 12:29:16.707 63722 INFO tempest.lib.common.rest_client [req-6e821af6-d0a4-4420-b11a-1f4ac345f686 req-6e821af6-d0a4-4420-b11a-1f4ac345f686 ] Request (DeleteServersAdminTestJSON:tearDownClass): 404 DELETE http://10.180.1.21/compute/v2.1/servers/59fa839d-83dd-463c-9e5e-91f5fbe38753 0.019s
2025-02-19 12:29:16.729 63722 INFO tempest.lib.common.rest_client [req-cb20f6a6-73ec-477e-8790-11a6a72b7cb5 req-cb20f6a6-73ec-477e-8790-11a6a72b7cb5 ] Request (DeleteServersAdminTestJSON:tearDownClass): 404 GET http://10.180.1.21/compute/v2.1/servers/59fa839d-83dd-463c-9e5e-91f5fbe38753 0.022s
2025-02-19 12:29:16.747 63722 INFO tempest.lib.common.rest_client [req-c101a87c-fbbe-4407-a493-066f412c0f81 req-c101a87c-fbbe-4407-a493-066f412c0f81 ] Request (DeleteServersAdminTestJSON:tearDownClass): 404 DELETE http://10.180.1.21/compute/v2.1/servers/2d7b2df8-8422-4d6a-ae5d-7a99ac10df02 0.017s
2025-02-19 12:29:16.769 63722 INFO tempest.lib.common.rest_client [req-5a5b1b44-27c3-4852-8b31-0d889059305a req-5a5b1b44-27c3-4852-8b31-0d889059305a ] Request (DeleteServersAdminTestJSON:tearDownClass): 404 GET http://10.180.1.21/compute/v2.1/servers/2d7b2df8-8422-4d6a-ae5d-7a99ac10df02 0.022s
2025-02-19 12:29:16.804 63756 INFO tempest.lib.common.rest_client [req-e678ae42-31d2-4e43-8a31-6f7cb5ca49ba req-e678ae42-31d2-4e43-8a31-6f7cb5ca49ba ] Request (ServersTestBootFromVolume:setUpClass): 200 GET http://10.180.1.21/compute/v2.1/servers/8a309aad-b086-442f-a069-60c780c5b945 0.087s
2025-02-19 12:29:16.816 63744 INFO tempest.lib.common.rest_client [req-0779e374-09bf-49be-97d0-4c1f83f3ffb7 req-0779e374-09bf-49be-97d0-4c1f83f3ffb7 ] Request (MigrationsAdminTest:test_resize_server_revert_deleted_flavor): 200 GET http://10.180.1.21/compute/v2.1/servers/10f69421-d9f3-421d-a17f-f33968787722 0.049s
2025-02-19 12:29:16.855 63770 WARNING tempest.lib.common.ssh [-] Failed to establish authenticated ssh connection to cirros@10.180.180.239 ([Errno None] Unable to connect to port 22 on 10.180.180.239). Number attempts: 7. Retry after 8 seconds.: paramiko.ssh_exception.NoValidConnectionsError: [Errno None] Unable to connect to port 22 on 10.180.180.239
2025-02-19 12:29:16.872 63722 INFO tempest.lib.common.rest_client [req-fb50c2c1-33a6-4be5-ab6a-b651972eb7f6 req-fb50c2c1-33a6-4be5-ab6a-b651972eb7f6 ] Request (DeleteServersAdminTestJSON:tearDownClass): 204 DELETE http://10.180.1.21/identity/v3/users/3ec863d679194d3b88e511d9bb6ed269 0.102s
2025-02-19 12:29:16.875 63738 INFO tempest.lib.common.rest_client [req-ed48eb90-6ab3-4f77-b932-b86b5c400a0b req-ed48eb90-6ab3-4f77-b932-b86b5c400a0b ] Request (SecurityGroupsTestJSON:test_server_security_groups): 200 GET http://10.180.1.21/compute/v2.1/servers/260d1159-09e8-4c66-b877-7eb0e6effde4 0.055s
2025-02-19 12:29:16.927 63748 INFO tempest.lib.common.rest_client [req-99cfb76a-6455-4e32-85ad-83538d2a9ea9 req-99cfb76a-6455-4e32-85ad-83538d2a9ea9 ] Request (ServersAdminTestJSON:setUpClass): 200 GET http://10.180.1.21/compute/v2.1/servers/27d539c0-5401-402b-87ab-ce400a348a73 0.140s
2025-02-19 12:29:16.933 63766 INFO tempest.lib.common.rest_client [req-836bbe8a-6e64-4a26-b334-f20a2c83c4ca req-836bbe8a-6e64-4a26-b334-f20a2c83c4ca ] Request (InstanceActionsNegativeTestJSON:setUpClass): 200 GET http://10.180.1.21/compute/v2.1/servers/7671d351-0759-4462-acf5-302d615f0b73 0.097s
2025-02-19 12:29:16.962 63742 WARNING tempest.lib.common.ssh [-] Failed to establish authenticated ssh connection to cirros@10.180.180.233 ([Errno None] Unable to connect to port 22 on 10.180.180.233). Number attempts: 12. Retry after 13 seconds.: paramiko.ssh_exception.NoValidConnectionsError: [Errno None] Unable to connect to port 22 on 10.180.180.233
2025-02-19 12:29:16.978 63722 INFO tempest.lib.common.rest_client [req-aa99dbab-72ae-4af5-8cbb-276323cc73a1 req-aa99dbab-72ae-4af5-8cbb-276323cc73a1 ] Request (DeleteServersAdminTestJSON:tearDownClass): 204 DELETE http://10.180.1.21/identity/v3/users/9909c84a5a5b482db11f097352c52697 0.106s
2025-02-19 12:29:16.978 63722 INFO tempest.lib.common.dynamic_creds [-] Deleting project and security group for project: 883d465cf61b4da1a18ece153179275f
2025-02-19 12:29:16.987 63765 INFO tempest.lib.common.rest_client [req-fb1a67d7-eb63-4805-a305-429a8ce5877f req-fb1a67d7-eb63-4805-a305-429a8ce5877f ] Request (ServerActionsTestOtherA:setUpClass): 200 GET http://10.180.1.21/compute/v2.1/servers/17637bd7-727e-44d3-9cd5-a0eb69322ed2 0.105s
2025-02-19 12:29:17.008 63726 INFO tempest.lib.common.rest_client [req-a27e866b-31e7-4050-84de-b5ce5eb6d8ae req-a27e866b-31e7-4050-84de-b5ce5eb6d8ae ] Request (ServersV294TestFqdnHostnames:setUpClass): 200 GET http://10.180.1.21/compute/v2.1/servers/e31c0a2c-b3c5-4cdc-8f6e-ebb525cb327b 0.071s
2025-02-19 12:29:17.059 63714 INFO tempest.lib.common.rest_client [req-dd2614c1-87cd-445a-929e-f7396c900cb1 req-dd2614c1-87cd-445a-929e-f7396c900cb1 ] Request (FloatingIPsAssociationTestJSON:test_associate_already_associated_floating_ip): 200 GET http://10.180.1.21/compute/v2.1/servers/4db7ce43-1b59-47af-a757-7b0c428bd734 0.083s
2025-02-19 12:29:17.060 63730 INFO tempest.lib.common.rest_client [req-9b7b85eb-13fb-42eb-9f3b-03656f5a73a0 req-9b7b85eb-13fb-42eb-9f3b-03656f5a73a0 ] Request (ListImageFiltersTestJSON:tearDownClass): 200 GET http://10.180.1.21/compute/v2.1/servers/bf32371c-af10-493d-911c-4e62135b56d9 0.121s
2025-02-19 12:29:17.067 63722 INFO tempest.lib.common.rest_client [req-7233cec9-2dfa-4eb5-958e-c8e7d45ac5f6 req-7233cec9-2dfa-4eb5-958e-c8e7d45ac5f6 ] Request (DeleteServersAdminTestJSON:tearDownClass): 201 POST http://10.180.1.21/identity/v3/auth/tokens 0.089s
2025-02-19 12:29:17.119 63736 INFO tempest.lib.common.rest_client [req-928570c9-122c-4502-ba7e-53fc2f9a207f req-928570c9-122c-4502-ba7e-53fc2f9a207f ] Request (ServersTestMultiNic:_run_cleanups): 200 GET http://10.180.1.21/compute/v2.1/servers/5fae3008-ed55-4e69-bea5-33f26ee23090 0.064s
2025-02-19 12:29:17.155 63722 INFO tempest.lib.common.rest_client [req-48e80005-7aed-4e87-8b1e-28aee63e5460 req-48e80005-7aed-4e87-8b1e-28aee63e5460 ] Request (DeleteServersAdminTestJSON:tearDownClass): 200 GET http://10.180.1.21:9696/networking/v2.0/security-groups?tenant_id=883d465cf61b4da1a18ece153179275f&name=default 0.087s
2025-02-19 12:29:17.176 63718 INFO tempest.lib.common.rest_client [req-165b50ec-8531-4ce4-af86-bcd94fc76151 req-165b50ec-8531-4ce4-af86-bcd94fc76151 ] Request (ServerExternalEventsTest:test_create_server_external_events): 200 GET http://10.180.1.21/compute/v2.1/servers/00ce5c4e-db18-4893-91df-47ca77bc9099 0.090s
2025-02-19 12:29:17.187 63712 INFO tempest.lib.common.rest_client [req-209a832a-be66-48fb-86d1-4082e0fe81bb req-209a832a-be66-48fb-86d1-4082e0fe81bb ] Request (ServersAaction247Test:test_create_backup): 200 GET http://10.180.1.21/compute/v2.1/servers/48c39fea-14ce-4231-9f7d-badd7cc912ef 0.061s
2025-02-19 12:29:17.237 63760 INFO tempest.lib.common.rest_client [req-215a1c8c-9f8f-47bc-b1f5-6d8ee46f286a req-215a1c8c-9f8f-47bc-b1f5-6d8ee46f286a ] Request (ListServerFiltersTestJSON:tearDownClass): 200 GET http://10.180.1.21/compute/v2.1/servers/6b84681b-8d45-483f-83ae-b7810ee9612d 0.082s
2025-02-19 12:29:17.245 63740 INFO tempest.lib.common.rest_client [req-d03aaf5b-bebb-45dc-97f2-03254d7265cd req-d03aaf5b-bebb-45dc-97f2-03254d7265cd ] Request (ImagesTestJSON:test_create_image_from_suspended_server): 200 GET http://10.180.1.21/compute/v2.1/servers/5cc76037-03e4-4c2f-8d29-617f94713bd6 0.060s
2025-02-19 12:29:17.252 63740 INFO tempest.common.waiters [-] State transition "BUILD/scheduling" ==> "BUILD/None" after 20 second wait
2025-02-19 12:29:17.259 63722 INFO tempest.lib.common.rest_client [req-784619b0-d211-4ba7-8e1d-b7913d75b3dd req-784619b0-d211-4ba7-8e1d-b7913d75b3dd ] Request (DeleteServersAdminTestJSON:tearDownClass): 204 DELETE http://10.180.1.21:9696/networking/v2.0/security-groups/80812bb1-66c5-4274-a7da-da6f353d90d7 0.104s
2025-02-19 12:29:17.294 63755 WARNING tempest.lib.common.ssh [-] Failed to establish authenticated ssh connection to cirros@10.180.180.170 ([Errno None] Unable to connect to port 22 on 10.180.180.170). Number attempts: 11. Retry after 12 seconds.: paramiko.ssh_exception.NoValidConnectionsError: [Errno None] Unable to connect to port 22 on 10.180.180.170
2025-02-19 12:29:17.322 63722 INFO tempest.lib.common.rest_client [req-bd2718f7-360b-4a25-92fe-d8addd6717e5 req-bd2718f7-360b-4a25-92fe-d8addd6717e5 ] Request (DeleteServersAdminTestJSON:tearDownClass): 204 DELETE http://10.180.1.21/identity/v3/projects/883d465cf61b4da1a18ece153179275f 0.062s
2025-02-19 12:29:17.322 63722 INFO tempest.lib.common.dynamic_creds [-] Deleting project and security group for project: 2d912669184e4f2682911abfee55134d
2025-02-19 12:29:17.351 63762 WARNING tempest.lib.common.ssh [-] Failed to establish authenticated ssh connection to cirros@10.180.180.229 ([Errno None] Unable to connect to port 22 on 10.180.180.229). Number attempts: 13. Retry after 14 seconds.: paramiko.ssh_exception.NoValidConnectionsError: [Errno None] Unable to connect to port 22 on 10.180.180.229
2025-02-19 12:29:17.425 63722 INFO tempest.lib.common.rest_client [req-dcfb9b35-c97e-4ca9-9259-2599eba672b7 req-dcfb9b35-c97e-4ca9-9259-2599eba672b7 ] Request (DeleteServersAdminTestJSON:tearDownClass): 200 GET http://10.180.1.21:9696/networking/v2.0/security-groups?tenant_id=2d912669184e4f2682911abfee55134d&name=default 0.103s
2025-02-19 12:29:17.468 63732 INFO tempest.lib.common.rest_client [req-84285716-a133-4778-ba58-f766a09f3ff8 req-84285716-a133-4778-ba58-f766a09f3ff8 ] Request (ServerShowV254Test:test_rebuild_server): 200 GET http://10.180.1.21/compute/v2.1/servers/8065824c-066e-420a-a4bc-934f90a507b3 0.068s
2025-02-19 12:29:17.504 63722 INFO tempest.lib.common.rest_client [req-819dd212-5a16-4eba-9b59-c8538a9035c0 req-819dd212-5a16-4eba-9b59-c8538a9035c0 ] Request (DeleteServersAdminTestJSON:tearDownClass): 204 DELETE http://10.180.1.21:9696/networking/v2.0/security-groups/58891059-b8e7-46b9-848d-9ab468e94123 0.078s
2025-02-19 12:29:17.586 63722 INFO tempest.lib.common.rest_client [req-78494b51-303b-4c20-9acb-115db889454a req-78494b51-303b-4c20-9acb-115db889454a ] Request (DeleteServersAdminTestJSON:tearDownClass): 204 DELETE http://10.180.1.21/identity/v3/projects/2d912669184e4f2682911abfee55134d 0.081s
2025-02-19 12:29:17.587 63722 INFO tempest.test [-] raised in LiveMigrationTest.setUpClass. Invoking tearDownClass.
2025-02-19 12:29:17.651 63722 INFO tempest.lib.common.rest_client [req-e27a2fe3-33da-4cfb-ac05-dcccabb1e711 req-e27a2fe3-33da-4cfb-ac05-dcccabb1e711 ] Request (ImagesMetadataTestJSON:setUpClass): 201 POST http://10.180.1.21/identity/v3/auth/tokens 0.062s
2025-02-19 12:29:17.661 63720 INFO tempest.lib.common.rest_client [req-f1ba0d0e-ad6f-43c3-a9e6-270b3e413cb4 req-f1ba0d0e-ad6f-43c3-a9e6-270b3e413cb4 ] Request (ImagesOneServerNegativeTestJSON:setUpClass): 200 GET http://10.180.1.21/compute/v2.1/servers/85f6301b-6865-40ac-9b22-dcfa445e326c 0.067s
2025-02-19 12:29:17.690 63722 INFO tempest.lib.common.rest_client [req-5a12adec-2f7e-47d0-8d5f-c888dfe28872 req-5a12adec-2f7e-47d0-8d5f-c888dfe28872 ] Request (ImagesMetadataTestJSON:setUpClass): 201 POST http://10.180.1.21/identity/v3/auth/tokens 0.036s
2025-02-19 12:29:17.699 63768 INFO tempest.lib.common.rest_client [req-7d012e4f-34fd-438d-a405-3822eb6e675e req-7d012e4f-34fd-438d-a405-3822eb6e675e ] Request (ServerRescueNegativeTestJSON:test_rescued_vm_attach_volume): 200 GET http://10.180.1.21/compute/v2.1/servers/ce27a7e1-05e2-46b0-9689-39d4efbda232 0.103s
2025-02-19 12:29:17.710 63750 INFO tempest.lib.common.rest_client [req-ae5ab3bc-d072-43c3-8a98-32ac15f09f44 req-ae5ab3bc-d072-43c3-8a98-32ac15f09f44 ] Request (ServerMetadataTestJSON:setUpClass): 200 GET http://10.180.1.21/compute/v2.1/servers/272f9539-f449-431c-b847-1fb862b34e45 0.072s
2025-02-19 12:29:17.717 63722 INFO tempest.lib.common.rest_client [req-9f4ceb40-2370-4634-9f1f-d2c8ea647c2b req-9f4ceb40-2370-4634-9f1f-d2c8ea647c2b ] Request (ImagesMetadataTestJSON:setUpClass): 200 GET http://10.180.1.21/identity/v3/domains?name=Default 0.026s
2025-02-19 12:29:17.742 63722 INFO tempest.lib.common.rest_client [req-2e69c280-3edc-4ea2-bc85-d7c74423bd7f req-2e69c280-3edc-4ea2-bc85-d7c74423bd7f ] Request (ImagesMetadataTestJSON:setUpClass): 201 POST http://10.180.1.21/identity/v3/projects 0.024s
2025-02-19 12:29:17.797 63722 INFO tempest.lib.common.rest_client [req-5f151730-295f-429b-981f-4ac31be9f9c9 req-5f151730-295f-429b-981f-4ac31be9f9c9 ] Request (ImagesMetadataTestJSON:setUpClass): 201 POST http://10.180.1.21/identity/v3/users 0.055s
2025-02-19 12:29:17.825 63722 INFO tempest.lib.common.rest_client [req-8f8f43d7-7650-477c-970a-aa1a76e7a1de req-8f8f43d7-7650-477c-970a-aa1a76e7a1de ] Request (ImagesMetadataTestJSON:setUpClass): 200 GET http://10.180.1.21/identity/v3/roles 0.027s
2025-02-19 12:29:17.856 63722 INFO tempest.lib.common.rest_client [req-d223c442-5eab-412e-a1ed-438da3468350 req-d223c442-5eab-412e-a1ed-438da3468350 ] Request (ImagesMetadataTestJSON:setUpClass): 204 PUT http://10.180.1.21/identity/v3/projects/5c495b77f0214cdcb980154a3a180225/users/25915ffc9a9a46ce8014196a026d6458/roles/045876ccc6b24a7e9699b66beec926e7 0.030s
2025-02-19 12:29:17.856 63722 INFO tempest.lib.common.dynamic_creds [-] Dynamic test user 25915ffc9a9a46ce8014196a026d6458 is created with scope project and roles: ['member']
2025-02-19 12:29:17.857 63722 INFO tempest.lib.common.dynamic_creds [-] Acquired dynamic creds: credentials: Credentials: {'domain_id': 'default', 'domain_name': 'Default', 'username': 'tempest-ImagesMetadataTestJSON-1036832885-project-member', 'project_domain_id': 'default', 'project_domain_name': 'Default', 'project_id': '5c495b77f0214cdcb980154a3a180225', 'project_name': 'tempest-ImagesMetadataTestJSON-1036832885', 'tenant_id': '5c495b77f0214cdcb980154a3a180225', 'tenant_name': 'tempest-ImagesMetadataTestJSON-1036832885', 'user_domain_id': 'default', 'user_domain_name': 'Default', 'user_id': '25915ffc9a9a46ce8014196a026d6458', 'system': None}, Network: None, Subnet: None, Router: None
2025-02-19 12:29:17.857 63722 INFO tempest.lib.common.dynamic_creds [-] Created isolated network resources for: credentials: Credentials: {'domain_id': 'default', 'domain_name': 'Default', 'username': 'tempest-ImagesMetadataTestJSON-1036832885-project-member', 'project_domain_id': 'default', 'project_domain_name': 'Default', 'project_id': '5c495b77f0214cdcb980154a3a180225', 'project_name': 'tempest-ImagesMetadataTestJSON-1036832885', 'tenant_id': '5c495b77f0214cdcb980154a3a180225', 'tenant_name': 'tempest-ImagesMetadataTestJSON-1036832885', 'user_domain_id': 'default', 'user_domain_name': 'Default', 'user_id': '25915ffc9a9a46ce8014196a026d6458', 'system': None}, Network: None, Subnet: None, Router: None
2025-02-19 12:29:17.880 63744 INFO tempest.lib.common.rest_client [req-556b0775-ecc0-40d0-879c-acb4c2f79915 req-556b0775-ecc0-40d0-879c-acb4c2f79915 ] Request (MigrationsAdminTest:test_resize_server_revert_deleted_flavor): 200 GET http://10.180.1.21/compute/v2.1/servers/10f69421-d9f3-421d-a17f-f33968787722 0.056s
2025-02-19 12:29:17.917 63756 INFO tempest.lib.common.rest_client [req-297f8534-25fa-4f15-996b-51b38cd4b2de req-297f8534-25fa-4f15-996b-51b38cd4b2de ] Request (ServersTestBootFromVolume:setUpClass): 200 GET http://10.180.1.21/compute/v2.1/servers/8a309aad-b086-442f-a069-60c780c5b945 0.105s
2025-02-19 12:29:17.925 63756 INFO tempest.common.waiters [-] State transition "BUILD/block_device_mapping" ==> "BUILD/spawning" after 65 second wait
2025-02-19 12:29:17.931 63722 INFO tempest.lib.common.rest_client [req-c0b3c4cc-3411-4291-a9f3-deeb1c1275a5 req-c0b3c4cc-3411-4291-a9f3-deeb1c1275a5 ] Request (ImagesMetadataTestJSON:setUpClass): 201 POST http://10.180.1.21/identity/v3/auth/tokens 0.070s
2025-02-19 12:29:17.953 63738 INFO tempest.lib.common.rest_client [req-93ffd637-da18-42f0-b152-4cc77d40152c req-93ffd637-da18-42f0-b152-4cc77d40152c ] Request (SecurityGroupsTestJSON:test_server_security_groups): 200 GET http://10.180.1.21/compute/v2.1/servers/260d1159-09e8-4c66-b877-7eb0e6effde4 0.066s
2025-02-19 12:29:18.012 63766 INFO tempest.lib.common.rest_client [req-5f82cb54-20af-41f5-af8d-0fee61c536a6 req-5f82cb54-20af-41f5-af8d-0fee61c536a6 ] Request (InstanceActionsNegativeTestJSON:setUpClass): 200 GET http://10.180.1.21/compute/v2.1/servers/7671d351-0759-4462-acf5-302d615f0b73 0.071s
2025-02-19 12:29:18.040 63748 INFO tempest.lib.common.rest_client [req-d5fcc5b0-b0b8-4e21-8ae2-5e131d49c6b4 req-d5fcc5b0-b0b8-4e21-8ae2-5e131d49c6b4 ] Request (ServersAdminTestJSON:setUpClass): 200 GET http://10.180.1.21/compute/v2.1/servers/27d539c0-5401-402b-87ab-ce400a348a73 0.100s
2025-02-19 12:29:18.083 63765 INFO tempest.lib.common.rest_client [req-ba4e6cf0-7754-4768-a867-dc3c37ee08e8 req-ba4e6cf0-7754-4768-a867-dc3c37ee08e8 ] Request (ServerActionsTestOtherA:setUpClass): 200 GET http://10.180.1.21/compute/v2.1/servers/17637bd7-727e-44d3-9cd5-a0eb69322ed2 0.086s
2025-02-19 12:29:18.097 63726 INFO tempest.lib.common.rest_client [req-f8ab13f5-1614-4187-9028-bc951f3af8ee req-f8ab13f5-1614-4187-9028-bc951f3af8ee ] Request (ServersV294TestFqdnHostnames:setUpClass): 200 GET http://10.180.1.21/compute/v2.1/servers/e31c0a2c-b3c5-4cdc-8f6e-ebb525cb327b 0.077s
2025-02-19 12:29:18.148 63730 INFO tempest.lib.common.rest_client [req-7702d3a9-38f1-4547-bf2c-25a5950d028e req-7702d3a9-38f1-4547-bf2c-25a5950d028e ] Request (ListImageFiltersTestJSON:tearDownClass): 200 GET http://10.180.1.21/compute/v2.1/servers/bf32371c-af10-493d-911c-4e62135b56d9 0.080s
2025-02-19 12:29:18.149 63714 INFO tempest.lib.common.rest_client [req-4b5961fa-a542-459a-8bb3-f2e7f7a620e0 req-4b5961fa-a542-459a-8bb3-f2e7f7a620e0 ] Request (FloatingIPsAssociationTestJSON:test_associate_already_associated_floating_ip): 200 GET http://10.180.1.21/compute/v2.1/servers/4db7ce43-1b59-47af-a757-7b0c428bd734 0.079s
2025-02-19 12:29:18.156 63730 INFO tempest.common.waiters [-] State transition "ACTIVE/deleting" ==> "DELETED/None" after 5 second wait
2025-02-19 12:29:18.208 63736 INFO tempest.lib.common.rest_client [req-9ddac9bb-a871-4ee5-8d03-3e0428f21ec5 req-9ddac9bb-a871-4ee5-8d03-3e0428f21ec5 ] Request (ServersTestMultiNic:_run_cleanups): 200 GET http://10.180.1.21/compute/v2.1/servers/5fae3008-ed55-4e69-bea5-33f26ee23090 0.080s
2025-02-19 12:29:18.263 63712 INFO tempest.lib.common.rest_client [req-18a3272b-7340-48f1-95f7-730423bbe2fe req-18a3272b-7340-48f1-95f7-730423bbe2fe ] Request (ServersAaction247Test:test_create_backup): 200 GET http://10.180.1.21/compute/v2.1/servers/48c39fea-14ce-4231-9f7d-badd7cc912ef 0.066s
2025-02-19 12:29:18.322 63722 INFO tempest.lib.common.rest_client [req-0823029b-a051-46b9-a151-2a75f033431f req-0823029b-a051-46b9-a151-2a75f033431f ] Request (ImagesMetadataTestJSON:setUpClass): 201 POST http://10.180.1.21/image/v2/images 0.390s
2025-02-19 12:29:18.325 63718 INFO tempest.lib.common.rest_client [req-066b9bb2-161a-495f-b2be-b6a8908dae17 req-066b9bb2-161a-495f-b2be-b6a8908dae17 ] Request (ServerExternalEventsTest:test_create_server_external_events): 200 GET http://10.180.1.21/compute/v2.1/servers/00ce5c4e-db18-4893-91df-47ca77bc9099 0.139s
2025-02-19 12:29:18.341 63760 INFO tempest.lib.common.rest_client [req-39936eb2-6a81-4c61-8a81-16ee24a92f13 req-39936eb2-6a81-4c61-8a81-16ee24a92f13 ] Request (ListServerFiltersTestJSON:tearDownClass): 200 GET http://10.180.1.21/compute/v2.1/servers/6b84681b-8d45-483f-83ae-b7810ee9612d 0.096s
2025-02-19 12:29:18.381 63740 INFO tempest.lib.common.rest_client [req-4a65e3d4-dd0f-438b-aba2-e062371f4bdb req-4a65e3d4-dd0f-438b-aba2-e062371f4bdb ] Request (ImagesTestJSON:test_create_image_from_suspended_server): 200 GET http://10.180.1.21/compute/v2.1/servers/5cc76037-03e4-4c2f-8d29-617f94713bd6 0.128s
2025-02-19 12:29:18.530 63732 INFO tempest.lib.common.rest_client [req-9dc9319d-ad4a-43a9-875c-6b90dce7965a req-9dc9319d-ad4a-43a9-875c-6b90dce7965a ] Request (ServerShowV254Test:test_rebuild_server): 200 GET http://10.180.1.21/compute/v2.1/servers/8065824c-066e-420a-a4bc-934f90a507b3 0.052s
2025-02-19 12:29:18.693 63752 WARNING tempest.lib.common.ssh [-] Failed to establish authenticated ssh connection to cirros@10.180.180.160 ([Errno None] Unable to connect to port 22 on 10.180.180.160). Number attempts: 10. Retry after 11 seconds.: paramiko.ssh_exception.NoValidConnectionsError: [Errno None] Unable to connect to port 22 on 10.180.180.160
2025-02-19 12:29:18.730 63720 INFO tempest.lib.common.rest_client [req-7321fc6d-fc97-45ad-ab47-4e3c9981c579 req-7321fc6d-fc97-45ad-ab47-4e3c9981c579 ] Request (ImagesOneServerNegativeTestJSON:setUpClass): 200 GET http://10.180.1.21/compute/v2.1/servers/85f6301b-6865-40ac-9b22-dcfa445e326c 0.062s
2025-02-19 12:29:18.795 63750 INFO tempest.lib.common.rest_client [req-75831171-03bb-4fdf-b1be-c9b68cca3453 req-75831171-03bb-4fdf-b1be-c9b68cca3453 ] Request (ServerMetadataTestJSON:setUpClass): 200 GET http://10.180.1.21/compute/v2.1/servers/272f9539-f449-431c-b847-1fb862b34e45 0.078s
2025-02-19 12:29:18.816 63768 INFO tempest.lib.common.rest_client [req-0fb145c4-b664-4b09-8440-9e31d3e2be70 req-0fb145c4-b664-4b09-8440-9e31d3e2be70 ] Request (ServerRescueNegativeTestJSON:test_rescued_vm_attach_volume): 200 GET http://10.180.1.21/compute/v2.1/servers/ce27a7e1-05e2-46b0-9689-39d4efbda232 0.108s
2025-02-19 12:29:18.828 63768 INFO tempest.common.waiters [-] State transition "ACTIVE/rescuing" ==> "RESCUE/None" after 11 second wait
2025-02-19 12:29:18.859 63768 INFO tempest.lib.common.rest_client [req-cfd8e9d0-1532-458c-83ea-8c365654702e req-cfd8e9d0-1532-458c-83ea-8c365654702e ] Request (ServerRescueNegativeTestJSON:test_rescued_vm_attach_volume): 409 POST http://10.180.1.21/compute/v2.1/servers/ce27a7e1-05e2-46b0-9689-39d4efbda232/os-volume_attachments 0.030s
2025-02-19 12:29:18.887 63722 INFO tempest.lib.common.rest_client [req-923ec0ee-951d-46e5-b2dc-5818e73eec3f req-923ec0ee-951d-46e5-b2dc-5818e73eec3f ] Request (ImagesMetadataTestJSON:setUpClass): 204 PUT http://10.180.1.21/image/v2/images/14b44858-10cb-4e62-80f6-3fdb14fac20b/file 0.564s
2025-02-19 12:29:18.917 63768 INFO tempest.lib.common.rest_client [req-d7f775b7-42b2-49b9-9dba-c96864924d8b req-d7f775b7-42b2-49b9-9dba-c96864924d8b ] Request (ServerRescueNegativeTestJSON:_run_cleanups): 202 POST http://10.180.1.21/compute/v2.1/servers/ce27a7e1-05e2-46b0-9689-39d4efbda232/action 0.057s
2025-02-19 12:29:18.924 63722 INFO tempest.lib.common.rest_client [req-ba583f6a-3517-43e2-842f-e876a358e052 req-ba583f6a-3517-43e2-842f-e876a358e052 ] Request (ImagesMetadataTestJSON:setUpClass): 200 GET http://10.180.1.21/compute/v2.1/images/14b44858-10cb-4e62-80f6-3fdb14fac20b 0.037s
2025-02-19 12:29:18.978 63744 INFO tempest.lib.common.rest_client [req-f0b81023-85ad-4768-be28-27aa6a5cbc09 req-f0b81023-85ad-4768-be28-27aa6a5cbc09 ] Request (MigrationsAdminTest:test_resize_server_revert_deleted_flavor): 200 GET http://10.180.1.21/compute/v2.1/servers/10f69421-d9f3-421d-a17f-f33968787722 0.086s
2025-02-19 12:29:19.043 63768 INFO tempest.lib.common.rest_client [req-c05d5ea1-14d2-4387-8022-ff7b076e41df req-c05d5ea1-14d2-4387-8022-ff7b076e41df ] Request (ServerRescueNegativeTestJSON:_run_cleanups): 200 GET http://10.180.1.21/compute/v2.1/servers/ce27a7e1-05e2-46b0-9689-39d4efbda232 0.125s
2025-02-19 12:29:19.105 63756 INFO tempest.lib.common.rest_client [req-69f2813e-8040-409d-9ae3-2131d3de0c27 req-69f2813e-8040-409d-9ae3-2131d3de0c27 ] Request (ServersTestBootFromVolume:setUpClass): 200 GET http://10.180.1.21/compute/v2.1/servers/8a309aad-b086-442f-a069-60c780c5b945 0.180s
2025-02-19 12:29:19.171 63738 INFO tempest.lib.common.rest_client [req-f2a33e5e-72ef-4f33-a172-960d41396fab req-f2a33e5e-72ef-4f33-a172-960d41396fab ] Request (SecurityGroupsTestJSON:test_server_security_groups): 200 GET http://10.180.1.21/compute/v2.1/servers/260d1159-09e8-4c66-b877-7eb0e6effde4 0.210s
2025-02-19 12:29:19.205 63716 WARNING tempest.lib.common.ssh [-] Failed to establish authenticated ssh connection to cirros@10.180.180.246 ([Errno None] Unable to connect to port 22 on 10.180.180.246). Number attempts: 5. Retry after 6 seconds.: paramiko.ssh_exception.NoValidConnectionsError: [Errno None] Unable to connect to port 22 on 10.180.180.246
2025-02-19 12:29:19.223 63766 INFO tempest.lib.common.rest_client [req-072a4e39-e1ed-477c-8d2a-f4486ae87e43 req-072a4e39-e1ed-477c-8d2a-f4486ae87e43 ] Request (InstanceActionsNegativeTestJSON:setUpClass): 200 GET http://10.180.1.21/compute/v2.1/servers/7671d351-0759-4462-acf5-302d615f0b73 0.203s
2025-02-19 12:29:19.288 63722 INFO tempest.lib.common.rest_client [req-0fe02f5e-12a8-4f9d-9267-b11d3decca73 req-0fe02f5e-12a8-4f9d-9267-b11d3decca73 ] Request (ImagesMetadataTestJSON:setUp): 200 PUT http://10.180.1.21/compute/v2.1/images/14b44858-10cb-4e62-80f6-3fdb14fac20b/metadata 0.358s
2025-02-19 12:29:19.344 63765 INFO tempest.lib.common.rest_client [req-7917ee91-b488-44a5-b654-7447d8a8375a req-7917ee91-b488-44a5-b654-7447d8a8375a ] Request (ServerActionsTestOtherA:setUpClass): 200 GET http://10.180.1.21/compute/v2.1/servers/17637bd7-727e-44d3-9cd5-a0eb69322ed2 0.253s
2025-02-19 12:29:19.379 63748 INFO tempest.lib.common.rest_client [req-8a6042da-988a-4aa0-92bb-f8588f898e0c req-8a6042da-988a-4aa0-92bb-f8588f898e0c ] Request (ServersAdminTestJSON:setUpClass): 200 GET http://10.180.1.21/compute/v2.1/servers/27d539c0-5401-402b-87ab-ce400a348a73 0.331s
2025-02-19 12:29:19.411 63726 INFO tempest.lib.common.rest_client [req-e2203f03-2702-46b4-a48e-b482a5013731 req-e2203f03-2702-46b4-a48e-b482a5013731 ] Request (ServersV294TestFqdnHostnames:setUpClass): 200 GET http://10.180.1.21/compute/v2.1/servers/e31c0a2c-b3c5-4cdc-8f6e-ebb525cb327b 0.301s
2025-02-19 12:29:19.449 63714 INFO tempest.lib.common.rest_client [req-28baa6bc-de4a-4a7c-8394-e01536b7b75c req-28baa6bc-de4a-4a7c-8394-e01536b7b75c ] Request (FloatingIPsAssociationTestJSON:test_associate_already_associated_floating_ip): 200 GET http://10.180.1.21/compute/v2.1/servers/4db7ce43-1b59-47af-a757-7b0c428bd734 0.292s
2025-02-19 12:29:19.495 63730 INFO tempest.lib.common.rest_client [req-ff2e8dee-652d-45b3-921b-ec67b118d67d req-ff2e8dee-652d-45b3-921b-ec67b118d67d ] Request (ListImageFiltersTestJSON:tearDownClass): 200 GET http://10.180.1.21/compute/v2.1/servers/bf32371c-af10-493d-911c-4e62135b56d9 0.338s
2025-02-19 12:29:19.532 63736 INFO tempest.lib.common.rest_client [req-3f7bdae6-07c6-4dde-a2cf-be467512d00d req-3f7bdae6-07c6-4dde-a2cf-be467512d00d ] Request (ServersTestMultiNic:_run_cleanups): 200 GET http://10.180.1.21/compute/v2.1/servers/5fae3008-ed55-4e69-bea5-33f26ee23090 0.317s
2025-02-19 12:29:19.553 63712 INFO tempest.lib.common.rest_client [req-5ee91a4f-5572-49ae-8452-839c162baeeb req-5ee91a4f-5572-49ae-8452-839c162baeeb ] Request (ServersAaction247Test:test_create_backup): 200 GET http://10.180.1.21/compute/v2.1/servers/48c39fea-14ce-4231-9f7d-badd7cc912ef 0.281s
2025-02-19 12:29:19.562 63712 INFO tempest.common.waiters [-] State transition "BUILD/None" ==> "BUILD/networking" after 61 second wait
2025-02-19 12:29:19.686 63718 INFO tempest.lib.common.rest_client [req-546b6ee8-99a9-4f5f-a7b0-951615b30697 req-546b6ee8-99a9-4f5f-a7b0-951615b30697 ] Request (ServerExternalEventsTest:test_create_server_external_events): 200 GET http://10.180.1.21/compute/v2.1/servers/00ce5c4e-db18-4893-91df-47ca77bc9099 0.348s
2025-02-19 12:29:19.691 63722 INFO tempest.lib.common.rest_client [req-a4b37365-579e-41bd-a081-2a3bb623d687 req-a4b37365-579e-41bd-a081-2a3bb623d687 ] Request (ImagesMetadataTestJSON:test_delete_image_metadata_item): 204 DELETE http://10.180.1.21/compute/v2.1/images/14b44858-10cb-4e62-80f6-3fdb14fac20b/metadata/os_version 0.402s
2025-02-19 12:29:19.716 63728 WARNING tempest.lib.common.ssh [-] Failed to establish authenticated ssh connection to cirros@10.180.180.253 ([Errno None] Unable to connect to port 22 on 10.180.180.253). Number attempts: 8. Retry after 9 seconds.: paramiko.ssh_exception.NoValidConnectionsError: [Errno None] Unable to connect to port 22 on 10.180.180.253
2025-02-19 12:29:19.742 63740 INFO tempest.lib.common.rest_client [req-8f00edd2-a1ec-4bda-a77b-c6dd7a6bd867 req-8f00edd2-a1ec-4bda-a77b-c6dd7a6bd867 ] Request (ImagesTestJSON:test_create_image_from_suspended_server): 200 GET http://10.180.1.21/compute/v2.1/servers/5cc76037-03e4-4c2f-8d29-617f94713bd6 0.351s
2025-02-19 12:29:19.745 63760 INFO tempest.lib.common.rest_client [req-0b4eaaf3-7252-4d37-8ce9-2f094b7e668e req-0b4eaaf3-7252-4d37-8ce9-2f094b7e668e ] Request (ListServerFiltersTestJSON:tearDownClass): 200 GET http://10.180.1.21/compute/v2.1/servers/6b84681b-8d45-483f-83ae-b7810ee9612d 0.395s
2025-02-19 12:29:19.771 63722 INFO tempest.lib.common.rest_client [req-6b2511d3-2208-45b0-a5e0-11e2f03245bd req-6b2511d3-2208-45b0-a5e0-11e2f03245bd ] Request (ImagesMetadataTestJSON:test_delete_image_metadata_item): 200 GET http://10.180.1.21/compute/v2.1/images/14b44858-10cb-4e62-80f6-3fdb14fac20b/metadata 0.080s
2025-02-19 12:29:19.795 63732 INFO tempest.lib.common.rest_client [req-498e7af7-241f-47c5-8608-98192a9e252f req-498e7af7-241f-47c5-8608-98192a9e252f ] Request (ServerShowV254Test:test_rebuild_server): 200 GET http://10.180.1.21/compute/v2.1/servers/8065824c-066e-420a-a4bc-934f90a507b3 0.255s
2025-02-19 12:29:19.829 63720 INFO tempest.lib.common.rest_client [req-cc517df9-9746-4d67-bd65-313d676f3881 req-cc517df9-9746-4d67-bd65-313d676f3881 ] Request (ImagesOneServerNegativeTestJSON:setUpClass): 200 GET http://10.180.1.21/compute/v2.1/servers/85f6301b-6865-40ac-9b22-dcfa445e326c 0.091s
2025-02-19 12:29:19.884 63750 INFO tempest.lib.common.rest_client [req-e9801953-8a78-411c-afea-10daefee1f97 req-e9801953-8a78-411c-afea-10daefee1f97 ] Request (ServerMetadataTestJSON:setUpClass): 200 GET http://10.180.1.21/compute/v2.1/servers/272f9539-f449-431c-b847-1fb862b34e45 0.081s
2025-02-19 12:29:19.999 63722 INFO tempest.lib.common.rest_client [req-d05fc997-3a6e-479a-acf8-07c2e9c96ed5 req-d05fc997-3a6e-479a-acf8-07c2e9c96ed5 ] Request (ImagesMetadataTestJSON:setUp): 200 PUT http://10.180.1.21/compute/v2.1/images/14b44858-10cb-4e62-80f6-3fdb14fac20b/metadata 0.226s
2025-02-19 12:29:20.038 63722 INFO tempest.lib.common.rest_client [req-9e3fbb56-9e48-4826-966d-9c3cf1eaf097 req-9e3fbb56-9e48-4826-966d-9c3cf1eaf097 ] Request (ImagesMetadataTestJSON:test_get_image_metadata_item): 200 GET http://10.180.1.21/compute/v2.1/images/14b44858-10cb-4e62-80f6-3fdb14fac20b/metadata/os_distro 0.038s
2025-02-19 12:29:20.081 63744 INFO tempest.lib.common.rest_client [req-12944227-153c-454c-9f42-f89d5cf3a63e req-12944227-153c-454c-9f42-f89d5cf3a63e ] Request (MigrationsAdminTest:test_resize_server_revert_deleted_flavor): 200 GET http://10.180.1.21/compute/v2.1/servers/10f69421-d9f3-421d-a17f-f33968787722 0.095s
2025-02-19 12:29:20.201 63722 INFO tempest.lib.common.rest_client [req-830092ab-f4fb-442a-bf9d-233e3663d123 req-830092ab-f4fb-442a-bf9d-233e3663d123 ] Request (ImagesMetadataTestJSON:setUp): 200 PUT http://10.180.1.21/compute/v2.1/images/14b44858-10cb-4e62-80f6-3fdb14fac20b/metadata 0.161s
2025-02-19 12:29:20.305 63756 INFO tempest.lib.common.rest_client [req-0556598e-d2db-4357-abce-5755ccfaeec5 req-0556598e-d2db-4357-abce-5755ccfaeec5 ] Request (ServersTestBootFromVolume:setUpClass): 200 GET http://10.180.1.21/compute/v2.1/servers/8a309aad-b086-442f-a069-60c780c5b945 0.191s
2025-02-19 12:29:20.365 63738 INFO tempest.lib.common.rest_client [req-54d69734-1f8a-4143-8b38-3eab111670ea req-54d69734-1f8a-4143-8b38-3eab111670ea ] Request (SecurityGroupsTestJSON:test_server_security_groups): 200 GET http://10.180.1.21/compute/v2.1/servers/260d1159-09e8-4c66-b877-7eb0e6effde4 0.187s
2025-02-19 12:29:20.392 63722 INFO tempest.lib.common.rest_client [req-3183d1f8-4b83-4ea1-abbc-02faa56fff4b req-3183d1f8-4b83-4ea1-abbc-02faa56fff4b ] Request (ImagesMetadataTestJSON:test_list_image_metadata): 200 GET http://10.180.1.21/compute/v2.1/images/14b44858-10cb-4e62-80f6-3fdb14fac20b/metadata 0.191s
2025-02-19 12:29:20.438 63768 INFO tempest.lib.common.rest_client [req-97362f4c-7d88-4e28-942d-54ebfb91ef38 req-97362f4c-7d88-4e28-942d-54ebfb91ef38 ] Request (ServerRescueNegativeTestJSON:_run_cleanups): 200 GET http://10.180.1.21/compute/v2.1/servers/ce27a7e1-05e2-46b0-9689-39d4efbda232 0.386s
2025-02-19 12:29:20.451 63766 INFO tempest.lib.common.rest_client [req-26fb5072-2aba-4d26-893b-6727c46c0a9f req-26fb5072-2aba-4d26-893b-6727c46c0a9f ] Request (InstanceActionsNegativeTestJSON:setUpClass): 200 GET http://10.180.1.21/compute/v2.1/servers/7671d351-0759-4462-acf5-302d615f0b73 0.219s
2025-02-19 12:29:20.502 63765 INFO tempest.lib.common.rest_client [req-ad8d8ada-a5c7-42d4-91ac-820006638e95 req-ad8d8ada-a5c7-42d4-91ac-820006638e95 ] Request (ServerActionsTestOtherA:setUpClass): 200 GET http://10.180.1.21/compute/v2.1/servers/17637bd7-727e-44d3-9cd5-a0eb69322ed2 0.147s
2025-02-19 12:29:20.553 63748 INFO tempest.lib.common.rest_client [req-6761a8d3-4ec0-4962-bd8b-bb38f4247456 req-6761a8d3-4ec0-4962-bd8b-bb38f4247456 ] Request (ServersAdminTestJSON:setUpClass): 200 GET http://10.180.1.21/compute/v2.1/servers/27d539c0-5401-402b-87ab-ce400a348a73 0.166s
2025-02-19 12:29:20.561 63748 INFO tempest.common.waiters [-] State transition "BUILD/spawning" ==> "ACTIVE/None" after 72 second wait
2025-02-19 12:29:20.608 63726 INFO tempest.lib.common.rest_client [req-f936e420-07e8-44ad-b40b-9a1d966268d6 req-f936e420-07e8-44ad-b40b-9a1d966268d6 ] Request (ServersV294TestFqdnHostnames:setUpClass): 200 GET http://10.180.1.21/compute/v2.1/servers/e31c0a2c-b3c5-4cdc-8f6e-ebb525cb327b 0.185s
2025-02-19 12:29:20.642 63722 INFO tempest.lib.common.rest_client [req-d10b8b93-2bf4-4a18-9be4-59bc264d90ec req-d10b8b93-2bf4-4a18-9be4-59bc264d90ec ] Request (ImagesMetadataTestJSON:setUp): 200 PUT http://10.180.1.21/compute/v2.1/images/14b44858-10cb-4e62-80f6-3fdb14fac20b/metadata 0.248s
2025-02-19 12:29:20.661 63714 INFO tempest.lib.common.rest_client [req-57963282-227c-4a51-8568-0f7a07b4b0ef req-57963282-227c-4a51-8568-0f7a07b4b0ef ] Request (FloatingIPsAssociationTestJSON:test_associate_already_associated_floating_ip): 200 GET http://10.180.1.21/compute/v2.1/servers/4db7ce43-1b59-47af-a757-7b0c428bd734 0.195s
2025-02-19 12:29:20.708 63730 INFO tempest.lib.common.rest_client [req-c1e75d75-9aa8-4987-b073-1046ef140ef0 req-c1e75d75-9aa8-4987-b073-1046ef140ef0 ] Request (ListImageFiltersTestJSON:tearDownClass): 200 GET http://10.180.1.21/compute/v2.1/servers/bf32371c-af10-493d-911c-4e62135b56d9 0.198s
2025-02-19 12:29:20.722 63736 INFO tempest.lib.common.rest_client [req-74a3ef09-2f9b-4c20-ab44-8c429b187b16 req-74a3ef09-2f9b-4c20-ab44-8c429b187b16 ] Request (ServersTestMultiNic:_run_cleanups): 200 GET http://10.180.1.21/compute/v2.1/servers/5fae3008-ed55-4e69-bea5-33f26ee23090 0.179s
2025-02-19 12:29:20.779 63712 INFO tempest.lib.common.rest_client [req-16bdb5ad-8555-4905-a622-83ee6dc3b0eb req-16bdb5ad-8555-4905-a622-83ee6dc3b0eb ] Request (ServersAaction247Test:test_create_backup): 200 GET http://10.180.1.21/compute/v2.1/servers/48c39fea-14ce-4231-9f7d-badd7cc912ef 0.216s
2025-02-19 12:29:20.790 63712 INFO tempest.common.waiters [-] State transition "BUILD/networking" ==> "BUILD/spawning" after 62 second wait
2025-02-19 12:29:20.836 63748 INFO tempest.lib.common.rest_client [req-c385ba07-d667-4da2-827e-3c1d25a92c24 req-c385ba07-d667-4da2-827e-3c1d25a92c24 ] Request (ServersAdminTestJSON:setUpClass): 200 GET http://10.180.1.21/compute/v2.1/servers/201dc70d-8f25-4b63-83a3-5169c8c368b8 0.274s
2025-02-19 12:29:20.914 63748 INFO tempest.lib.common.rest_client [req-fc3f5909-1f67-435a-b7c8-c662010051ce req-fc3f5909-1f67-435a-b7c8-c662010051ce ] Request (ServersAdminTestJSON:test_create_server_with_scheduling_hint): 201 POST http://10.180.1.21/identity/v3/auth/tokens 0.068s
2025-02-19 12:29:20.914 63748 INFO tempest.lib.common.fixed_network [-] (ServersAdminTestJSON:test_create_server_with_scheduling_hint) Found network {'id': '7239b03c-3a19-4c9e-b9c4-6ed888ec8246', 'name': 'tempest-ServersAdminTestJSON-1865603541-network', 'tenant_id': 'a09974b69dd5474d8a4ca7eea8ad2799', 'admin_state_up': True, 'mtu': 8950, 'status': 'ACTIVE', 'subnets': [], 'shared': False, 'project_id': 'a09974b69dd5474d8a4ca7eea8ad2799', 'port_security_enabled': True, 'router:external': False, 'provider:network_type': 'vlan', 'provider:physical_network': 'default', 'provider:segmentation_id': 306, 'availability_zone_hints': [], 'availability_zones': [], 'ipv4_address_scope': None, 'ipv6_address_scope': None, 'description': '', 'tags': [], 'created_at': '2025-02-19T12:28:00Z', 'updated_at': '2025-02-19T12:28:00Z', 'revision_number': 1} available for tenant
2025-02-19 12:29:20.928 63718 INFO tempest.lib.common.rest_client [req-1fb707a0-b9cc-49cc-8152-2757777c1bad req-1fb707a0-b9cc-49cc-8152-2757777c1bad ] Request (ServerExternalEventsTest:test_create_server_external_events): 200 GET http://10.180.1.21/compute/v2.1/servers/00ce5c4e-db18-4893-91df-47ca77bc9099 0.233s
2025-02-19 12:29:20.989 63740 INFO tempest.lib.common.rest_client [req-878b59dc-f7d4-440a-9cca-54d6e9d326f0 req-878b59dc-f7d4-440a-9cca-54d6e9d326f0 ] Request (ImagesTestJSON:test_create_image_from_suspended_server): 200 GET http://10.180.1.21/compute/v2.1/servers/5cc76037-03e4-4c2f-8d29-617f94713bd6 0.238s
2025-02-19 12:29:21.012 63722 INFO tempest.lib.common.rest_client [req-2bd2e2b6-b50e-4641-a966-8ee62d30aef2 req-2bd2e2b6-b50e-4641-a966-8ee62d30aef2 ] Request (ImagesMetadataTestJSON:test_set_image_metadata): 200 PUT http://10.180.1.21/compute/v2.1/images/14b44858-10cb-4e62-80f6-3fdb14fac20b/metadata 0.369s
2025-02-19 12:29:21.058 63760 INFO tempest.lib.common.rest_client [req-f1d11e5b-143c-45fa-ae0e-90b9b6602b19 req-f1d11e5b-143c-45fa-ae0e-90b9b6602b19 ] Request (ListServerFiltersTestJSON:tearDownClass): 200 GET http://10.180.1.21/compute/v2.1/servers/6b84681b-8d45-483f-83ae-b7810ee9612d 0.305s
2025-02-19 12:29:21.069 63732 INFO tempest.lib.common.rest_client [req-961f6aef-71e8-4906-91dd-99708fae702b req-961f6aef-71e8-4906-91dd-99708fae702b ] Request (ServerShowV254Test:test_rebuild_server): 200 GET http://10.180.1.21/compute/v2.1/servers/8065824c-066e-420a-a4bc-934f90a507b3 0.264s
2025-02-19 12:29:21.106 63720 INFO tempest.lib.common.rest_client [req-d68bb7ac-f9a4-49f0-8dc9-de83e85d30fa req-d68bb7ac-f9a4-49f0-8dc9-de83e85d30fa ] Request (ImagesOneServerNegativeTestJSON:setUpClass): 200 GET http://10.180.1.21/compute/v2.1/servers/85f6301b-6865-40ac-9b22-dcfa445e326c 0.269s
2025-02-19 12:29:21.117 63750 INFO tempest.lib.common.rest_client [req-986979ed-363e-4bc9-af16-21d6b215832e req-986979ed-363e-4bc9-af16-21d6b215832e ] Request (ServerMetadataTestJSON:setUpClass): 200 GET http://10.180.1.21/compute/v2.1/servers/272f9539-f449-431c-b847-1fb862b34e45 0.223s
2025-02-19 12:29:21.151 63722 INFO tempest.lib.common.rest_client [req-e1d77118-afd2-4862-97f1-d2f717ef4948 req-e1d77118-afd2-4862-97f1-d2f717ef4948 ] Request (ImagesMetadataTestJSON:test_set_image_metadata): 200 GET http://10.180.1.21/compute/v2.1/images/14b44858-10cb-4e62-80f6-3fdb14fac20b/metadata 0.137s
2025-02-19 12:29:21.202 63744 INFO tempest.lib.common.rest_client [req-30310eaf-604b-4108-91f5-52ca9dd0125d req-30310eaf-604b-4108-91f5-52ca9dd0125d ] Request (MigrationsAdminTest:test_resize_server_revert_deleted_flavor): 200 GET http://10.180.1.21/compute/v2.1/servers/10f69421-d9f3-421d-a17f-f33968787722 0.105s
2025-02-19 12:29:21.376 63748 INFO tempest.lib.common.rest_client [req-5bc7d755-8a09-41d9-93bc-56348349c6e2 req-5bc7d755-8a09-41d9-93bc-56348349c6e2 ] Request (ServersAdminTestJSON:test_create_server_with_scheduling_hint): 202 POST http://10.180.1.21/compute/v2.1/servers 0.461s
2025-02-19 12:29:21.412 63722 INFO tempest.lib.common.rest_client [req-aaa52ff4-ac8d-4b07-b952-22261e4edd41 req-aaa52ff4-ac8d-4b07-b952-22261e4edd41 ] Request (ImagesMetadataTestJSON:setUp): 200 PUT http://10.180.1.21/compute/v2.1/images/14b44858-10cb-4e62-80f6-3fdb14fac20b/metadata 0.259s
