2025-02-19 12:27:32.510 63720 INFO tempest.lib.common.rest_client [req-8f0d5d26-8737-423d-9838-29acb305e758 req-8f0d5d26-8737-423d-9838-29acb305e758 ] Request (ServersAdminNegativeTestJSON:_run_cleanups): 200 GET http://10.180.1.21/compute/v2.1/flavors/detail 0.819s
2025-02-19 12:27:32.518 63718 INFO tempest.common.waiters [-] State transition "BUILD/spawning" ==> "ACTIVE/None" after 35 second wait
2025-02-19 12:27:32.532 63768 INFO tempest.lib.common.rest_client [req-48b60f67-ad32-484f-868a-171c0bb1b99e req-48b60f67-ad32-484f-868a-171c0bb1b99e ] Request (ServerRescueNegativeTestJSON:setUpClass): 201 POST http://10.180.1.21/identity/v3/auth/tokens 0.071s
2025-02-19 12:27:32.553 63714 INFO tempest.lib.common.rest_client [req-616cf2f4-c83e-4412-b52c-4656d32fb890 req-616cf2f4-c83e-4412-b52c-4656d32fb890 ] Request (HostsAdminNegativeTestJSON:setUpClass): 201 POST http://10.180.1.21/identity/v3/auth/tokens 0.068s
2025-02-19 12:27:32.566 63768 INFO tempest.lib.common.rest_client [req-9ff7801c-12dc-417c-b837-3434ca57640d req-9ff7801c-12dc-417c-b837-3434ca57640d ] Request (ServerRescueNegativeTestJSON:setUpClass): 201 POST http://10.180.1.21/identity/v3/auth/tokens 0.030s
2025-02-19 12:27:32.566 63768 INFO tempest.lib.common.fixed_network [-] (ServerRescueNegativeTestJSON:setUpClass) Found network {'id': '54f3267a-160c-459a-adf8-9ad1cde87f14', 'name': 'tempest-ServerRescueNegativeTestJSON-202534487-network', 'tenant_id': '8055db1a22f449d9b1afe4cbce2cc935', 'admin_state_up': True, 'mtu': 8950, 'status': 'ACTIVE', 'subnets': [], 'shared': False, 'project_id': '8055db1a22f449d9b1afe4cbce2cc935', 'port_security_enabled': True, 'router:external': False, 'provider:network_type': 'vlan', 'provider:physical_network': 'default', 'provider:segmentation_id': 861, 'availability_zone_hints': [], 'availability_zones': [], 'ipv4_address_scope': None, 'ipv6_address_scope': None, 'description': '', 'tags': [], 'created_at': '2025-02-19T12:27:29Z', 'updated_at': '2025-02-19T12:27:29Z', 'revision_number': 1} available for tenant
2025-02-19 12:27:32.579 63772 INFO tempest.lib.common.rest_client [req-ba85bf90-7127-4ad6-b6d3-9e183add0b63 req-ba85bf90-7127-4ad6-b6d3-9e183add0b63 ] Request (ServerTagsTestJSON:setUpClass): 200 GET http://10.180.1.21/compute/v2.1/servers/cf289fc2-ecbe-49e9-84d2-a3d421e2bb25 0.831s
2025-02-19 12:27:32.587 63748 INFO tempest.lib.common.rest_client [req-021965b3-a473-43e2-a2cb-4851860c6ae2 req-021965b3-a473-43e2-a2cb-4851860c6ae2 ] Request (ServersAdmin275Test:tearDownClass): 200 GET http://10.180.1.21/compute/v2.1/servers/555f5ecb-fbd7-488e-823b-f35bf9d5e803 0.849s
2025-02-19 12:27:32.639 63736 INFO tempest.lib.common.rest_client [req-bfe369ab-3dfc-4ecb-b622-9dc2d3bdec9e req-bfe369ab-3dfc-4ecb-b622-9dc2d3bdec9e ] Request (ServersTestMultiNic:test_verify_duplicate_network_nics): 200 GET http://10.180.1.21/compute/v2.1/servers/5fae3008-ed55-4e69-bea5-33f26ee23090 0.831s
2025-02-19 12:27:32.642 63742 WARNING tempest.lib.common.ssh [-] Failed to establish authenticated ssh connection to cirros@10.180.180.233 ([Errno None] Unable to connect to port 22 on 10.180.180.233). Number attempts: 3. Retry after 4 seconds.: paramiko.ssh_exception.NoValidConnectionsError: [Errno None] Unable to connect to port 22 on 10.180.180.233
2025-02-19 12:27:32.696 63732 INFO tempest.lib.common.rest_client [req-158b7be3-19e8-46ab-b913-95d46ced3805 req-158b7be3-19e8-46ab-b913-95d46ced3805 ] Request (InstanceActionsV221TestJSON:test_get_list_deleted_instance_actions): 200 GET http://10.180.1.21/compute/v2.1/servers/a0e8987b-f229-466e-8a19-108a84646ae3 0.605s
2025-02-19 12:27:32.720 63755 INFO tempest.lib.common.rest_client [req-921f2b55-b19a-40a9-b021-67be5ed23d1d req-921f2b55-b19a-40a9-b021-67be5ed23d1d ] Request (ServerActionsTestJSON:setUpClass): 200 GET http://10.180.1.21/compute/v2.1/servers/d1f3667d-f592-4c2f-8eda-8e24b95f215b 0.747s
2025-02-19 12:27:32.732 63755 INFO tempest.common.waiters [-] State transition "BUILD/block_device_mapping" ==> "BUILD/spawning" after 28 second wait
2025-02-19 12:27:32.766 63770 INFO tempest.lib.common.rest_client [req-87bdeec7-8ca3-4b96-a298-8a5717e3151c req-87bdeec7-8ca3-4b96-a298-8a5717e3151c ] Request (ServersTestManualDisk:setUpClass): 200 GET http://10.180.1.21/compute/v2.1/servers/8b83e720-1025-4989-9bd0-37b3da8511ae 0.664s
2025-02-19 12:27:32.815 63744 INFO tempest.lib.common.rest_client [req-7fc27419-e94b-44db-a309-d05592a20975 req-7fc27419-e94b-44db-a309-d05592a20975 ] Request (MigrationsAdminTest:test_list_migrations_in_flavor_resize_situation): 200 GET http://10.180.1.21/compute/v2.1/servers/7d8d0417-b510-417b-a18f-375d1dfd3757 0.571s
2025-02-19 12:27:32.819 63728 INFO tempest.lib.common.rest_client [req-cc4b8311-b6e4-4f57-b42a-2f78f4b80dd0 req-cc4b8311-b6e4-4f57-b42a-2f78f4b80dd0 ] Request (AttachInterfacesTestJSON:test_create_list_show_delete_interfaces_by_fixed_ip): 200 GET http://10.180.1.21/compute/v2.1/servers/69b7e6dd-497a-4e72-9669-5b3cf404bbf6 0.531s
2025-02-19 12:27:32.826 63728 INFO tempest.common.waiters [-] State transition "BUILD/scheduling" ==> "BUILD/None" after 10 second wait
2025-02-19 12:27:32.864 63722 INFO tempest.lib.common.rest_client [req-5cd1f0bc-5c07-491b-9b8b-e083b37a34e1 req-5cd1f0bc-5c07-491b-9b8b-e083b37a34e1 ] Request (DeleteServersAdminTestJSON:test_delete_server_while_in_error_state): 200 GET http://10.180.1.21/compute/v2.1/servers/59fa839d-83dd-463c-9e5e-91f5fbe38753 0.541s
2025-02-19 12:27:32.871 63750 INFO tempest.lib.common.rest_client [req-662f2141-0196-4b7c-a9ae-0558437af153 req-662f2141-0196-4b7c-a9ae-0558437af153 ] Request (MultipleCreateTestJSON:test_multiple_create_with_reservation_return): 200 GET http://10.180.1.21/compute/v2.1/servers/2ed42fac-9066-4bc2-831a-91e367651687 0.490s
2025-02-19 12:27:32.926 63766 INFO tempest.lib.common.rest_client [req-6521559c-f372-44f3-8abc-5d7be40c2518 req-6521559c-f372-44f3-8abc-5d7be40c2518 ] Request (TenantUsagesTestJSON:tearDownClass): 200 GET http://10.180.1.21/compute/v2.1/servers/23321024-43d0-47bd-978a-54fe07732e63 0.471s
2025-02-19 12:27:32.985 63740 INFO tempest.lib.common.rest_client [req-9c81660c-4adc-4bb3-aef0-8971512f96c2 req-9c81660c-4adc-4bb3-aef0-8971512f96c2 ] Request (ImagesTestJSON:test_create_image_from_stopped_server): 200 GET http://10.180.1.21/compute/v2.1/servers/d74cfc21-d87d-45a2-8cf7-4d34244fc363 0.476s
2025-02-19 12:27:33.038 63738 INFO tempest.lib.common.rest_client [req-3e5b3865-f6ec-4dca-b66a-e7ccec82aa67 req-3e5b3865-f6ec-4dca-b66a-e7ccec82aa67 ] Request (SecurityGroupsTestJSON:test_security_groups_create_list_delete): 200 POST http://10.180.1.21/compute/v2.1/os-security-groups 0.551s
2025-02-19 12:27:33.119 63720 INFO tempest.lib.common.rest_client [req-f6114fa7-86ce-469e-899e-d797eed29b4f req-f6114fa7-86ce-469e-899e-d797eed29b4f ] Request (ServersAdminNegativeTestJSON:test_resize_server_using_overlimit_vcpus): 200 GET http://10.180.1.21/compute/v2.1/os-quota-sets/c5750fccb44a4fee866a6a9a11c16ea7 0.599s
2025-02-19 12:27:33.167 63714 INFO tempest.lib.common.rest_client [req-0ee06577-e81d-41a0-9bf3-a7840cb2be10 req-0ee06577-e81d-41a0-9bf3-a7840cb2be10 ] Request (HostsAdminNegativeTestJSON:setUpClass): 200 GET http://10.180.1.21/compute/v2.1/os-hosts 0.613s
2025-02-19 12:27:33.635 63718 INFO tempest.lib.common.rest_client [req-d089c776-adaa-49dd-94ad-a3a339c90415 req-d089c776-adaa-49dd-94ad-a3a339c90415 ] Request (ServerDiagnosticsTest:test_get_server_diagnostics): 200 GET http://10.180.1.21/compute/v2.1/servers/36739a27-6196-4609-868a-aa03d3a6677c/diagnostics 1.116s
2025-02-19 12:27:33.684 63768 INFO tempest.lib.common.rest_client [req-f7c08c3a-5ce3-4e52-bca7-f82c11f8b8b9 req-f7c08c3a-5ce3-4e52-bca7-f82c11f8b8b9 ] Request (ServerRescueNegativeTestJSON:setUpClass): 202 POST http://10.180.1.21/compute/v2.1/servers 1.118s
2025-02-19 12:27:33.761 63730 INFO tempest.lib.common.rest_client [req-4759eda4-2109-4d42-a46b-6723c26e78d7 req-4759eda4-2109-4d42-a46b-6723c26e78d7 ] Request (ListImageFiltersTestJSON:setUpClass): 200 GET http://10.180.1.21/compute/v2.1/servers/bf32371c-af10-493d-911c-4e62135b56d9 1.125s
2025-02-19 12:27:33.790 63765 INFO tempest.lib.common.rest_client [req-2622b0df-e42e-486c-9e90-1e5908f1aac4 req-2622b0df-e42e-486c-9e90-1e5908f1aac4 ] Request (ServerDiagnosticsNegativeTest:test_get_server_diagnostics_by_non_admin): 200 GET http://10.180.1.21/compute/v2.1/servers/da37af6a-06d4-4c29-a60a-ac0c01939cf9 1.210s
2025-02-19 12:27:33.829 63758 INFO tempest.lib.common.rest_client [req-90b3ed33-0433-4998-96fe-06bdc10ae5cf req-90b3ed33-0433-4998-96fe-06bdc10ae5cf ] Request (ServersTestFqdnHostnames:test_create_server_with_fqdn_name): 200 GET http://10.180.1.21/compute/v2.1/servers/9707b3a4-7e96-4c52-a1d5-d4e4988e129a 1.126s
2025-02-19 12:27:33.866 63752 INFO tempest.lib.common.rest_client [req-a8094a3a-54e1-4848-a36f-11992f54c0a4 req-a8094a3a-54e1-4848-a36f-11992f54c0a4 ] Request (ServerActionsTestOtherB:setUpClass): 200 GET http://10.180.1.21/compute/v2.1/servers/412eac9c-3c2e-439d-bcec-af6ec09c879f 1.098s
2025-02-19 12:27:33.889 63716 INFO tempest.lib.common.rest_client [req-68f10792-84a4-4548-8c20-fb77891eec55 req-68f10792-84a4-4548-8c20-fb77891eec55 ] Request (VolumesAdminNegativeTest:test_update_attached_volume_with_nonexistent_volume_in_body): 200 GET http://10.180.1.21/compute/v2.1/servers/d9faab7b-af63-41e1-94b5-65e3ad0db03f 1.117s
2025-02-19 12:27:33.935 63720 INFO tempest.lib.common.rest_client [req-d3342156-dd66-43ce-89ca-d3b0137569b5 req-d3342156-dd66-43ce-89ca-d3b0137569b5 ] Request (ServersAdminNegativeTestJSON:test_resize_server_using_overlimit_vcpus): 200 POST http://10.180.1.21/compute/v2.1/flavors 0.814s
2025-02-19 12:27:33.975 63738 INFO tempest.lib.common.rest_client [req-90314462-be03-41bd-bd04-17d3c5f25072 req-90314462-be03-41bd-bd04-17d3c5f25072 ] Request (SecurityGroupsTestJSON:test_security_groups_create_list_delete): 200 GET http://10.180.1.21/compute/v2.1/os-security-groups 0.934s
2025-02-19 12:27:34.047 63714 INFO tempest.lib.common.rest_client [req-c04aa375-6f39-47d0-96e9-e5708f6a672b req-c04aa375-6f39-47d0-96e9-e5708f6a672b ] Request (HostsAdminNegativeTestJSON:test_list_hosts_with_non_admin_user): 403 GET http://10.180.1.21/compute/v2.1/os-hosts 0.877s
2025-02-19 12:27:34.070 63760 INFO tempest.lib.common.rest_client [req-ca9d1b87-7731-4bd8-aadd-6aa241dfe728 req-ca9d1b87-7731-4bd8-aadd-6aa241dfe728 ] Request (ListServerFiltersTestJSON:test_list_servers_filter_by_shutoff_status): 200 GET http://10.180.1.21/compute/v2.1/servers/6b84681b-8d45-483f-83ae-b7810ee9612d 0.933s
2025-02-19 12:27:34.112 63726 INFO tempest.lib.common.rest_client [req-ccb96be4-3762-48ed-87b9-0282745b44ac req-ccb96be4-3762-48ed-87b9-0282745b44ac ] Request (FloatingIPsAssociationNegativeTestJSON:tearDownClass): 200 GET http://10.180.1.21/compute/v2.1/servers/11044fc7-5b70-43f5-b5f0-703eec1592fd 0.880s
2025-02-19 12:27:34.172 63712 INFO tempest.lib.common.rest_client [req-3a783ab6-9837-4db4-a4f2-44b6eded770f req-3a783ab6-9837-4db4-a4f2-44b6eded770f ] Request (InstanceActionsTestJSON:test_list_instance_actions): 200 GET http://10.180.1.21/compute/v2.1/servers/c64d965b-7be7-4357-a787-3f92c720519b 0.915s
2025-02-19 12:27:34.179 63712 INFO tempest.common.waiters [-] State transition "HARD_REBOOT/rebooting_hard" ==> "HARD_REBOOT/reboot_started_hard" after 4 second wait
2025-02-19 12:27:34.180 63756 INFO tempest.lib.common.rest_client [req-ad605fe9-caf1-4716-9351-f6fdf5e6f54e req-ad605fe9-caf1-4716-9351-f6fdf5e6f54e ] Request (ServerDiagnosticsV248Test:tearDownClass): 200 GET http://10.180.1.21/compute/v2.1/servers/dc0da38c-afce-47f2-ac49-5a0933f2a926 0.853s
2025-02-19 12:27:34.237 63772 INFO tempest.lib.common.rest_client [req-9309ffd7-1402-4c77-852e-804757804562 req-9309ffd7-1402-4c77-852e-804757804562 ] Request (ServerTagsTestJSON:setUpClass): 200 GET http://10.180.1.21/compute/v2.1/servers/cf289fc2-ecbe-49e9-84d2-a3d421e2bb25 0.646s
2025-02-19 12:27:34.259 63734 INFO tempest.lib.common.rest_client [req-278cd078-73ea-443d-80fb-93d4f8742512 req-278cd078-73ea-443d-80fb-93d4f8742512 ] Request (ImagesOneServerTestJSON:setUpClass): 200 GET http://10.180.1.21/compute/v2.1/servers/2613b16c-08ce-4423-a1c5-c342fa7c79db 0.888s
2025-02-19 12:27:34.268 63734 INFO tempest.common.waiters [-] State transition "BUILD/networking" ==> "BUILD/spawning" after 28 second wait
2025-02-19 12:27:34.301 63748 INFO tempest.lib.common.rest_client [req-effb1ad0-9591-43f9-9ca7-48107670f1a3 req-effb1ad0-9591-43f9-9ca7-48107670f1a3 ] Request (ServersAdmin275Test:tearDownClass): 200 GET http://10.180.1.21/compute/v2.1/servers/555f5ecb-fbd7-488e-823b-f35bf9d5e803 0.701s
2025-02-19 12:27:34.325 63718 INFO tempest.lib.common.rest_client [req-f09f8989-04e9-4846-8972-096d353434a4 req-f09f8989-04e9-4846-8972-096d353434a4 ] Request (ServerDiagnosticsTest:tearDownClass): 204 DELETE http://10.180.1.21/compute/v2.1/servers/36739a27-6196-4609-868a-aa03d3a6677c 0.689s
2025-02-19 12:27:34.351 63736 INFO tempest.lib.common.rest_client [req-bf128759-c77d-4b11-9104-c42c07bacac1 req-bf128759-c77d-4b11-9104-c42c07bacac1 ] Request (ServersTestMultiNic:test_verify_duplicate_network_nics): 200 GET http://10.180.1.21/compute/v2.1/servers/5fae3008-ed55-4e69-bea5-33f26ee23090 0.704s
2025-02-19 12:27:34.377 63768 INFO tempest.lib.common.rest_client [req-ecb0000f-a49d-4dbf-ad5f-01fb98a89ba6 req-ecb0000f-a49d-4dbf-ad5f-01fb98a89ba6 ] Request (ServerRescueNegativeTestJSON:setUpClass): 200 GET http://10.180.1.21/compute/v2.1/servers/ce27a7e1-05e2-46b0-9689-39d4efbda232 0.691s
2025-02-19 12:27:34.403 63732 INFO tempest.lib.common.rest_client [req-ec9fdb3b-2392-44d5-ad76-f9d679c9b36a req-ec9fdb3b-2392-44d5-ad76-f9d679c9b36a ] Request (InstanceActionsV221TestJSON:test_get_list_deleted_instance_actions): 200 GET http://10.180.1.21/compute/v2.1/servers/a0e8987b-f229-466e-8a19-108a84646ae3 0.691s
2025-02-19 12:27:34.419 63768 INFO tempest.lib.common.rest_client [req-cf5d70a1-95bc-481b-9886-d44efdb2e994 req-cf5d70a1-95bc-481b-9886-d44efdb2e994 ] Request (ServerRescueNegativeTestJSON:setUpClass): 201 POST http://10.180.1.21/identity/v3/auth/tokens 0.031s
2025-02-19 12:27:34.419 63768 INFO tempest.lib.common.fixed_network [-] (ServerRescueNegativeTestJSON:setUpClass) Found network {'id': '54f3267a-160c-459a-adf8-9ad1cde87f14', 'name': 'tempest-ServerRescueNegativeTestJSON-202534487-network', 'tenant_id': '8055db1a22f449d9b1afe4cbce2cc935', 'admin_state_up': True, 'mtu': 8950, 'status': 'ACTIVE', 'subnets': [], 'shared': False, 'project_id': '8055db1a22f449d9b1afe4cbce2cc935', 'port_security_enabled': True, 'router:external': False, 'provider:network_type': 'vlan', 'provider:physical_network': 'default', 'provider:segmentation_id': 861, 'availability_zone_hints': [], 'availability_zones': [], 'ipv4_address_scope': None, 'ipv6_address_scope': None, 'description': '', 'tags': [], 'created_at': '2025-02-19T12:27:29Z', 'updated_at': '2025-02-19T12:27:29Z', 'revision_number': 1} available for tenant
2025-02-19 12:27:34.450 63770 INFO tempest.lib.common.rest_client [req-f917b2e2-bca7-4d9e-b414-e82bb85d945b req-f917b2e2-bca7-4d9e-b414-e82bb85d945b ] Request (ServersTestManualDisk:setUpClass): 200 GET http://10.180.1.21/compute/v2.1/servers/8b83e720-1025-4989-9bd0-37b3da8511ae 0.675s
2025-02-19 12:27:34.464 63755 INFO tempest.lib.common.rest_client [req-c0836ddc-7f94-412e-a76f-a39b78df1e94 req-c0836ddc-7f94-412e-a76f-a39b78df1e94 ] Request (ServerActionsTestJSON:setUpClass): 200 GET http://10.180.1.21/compute/v2.1/servers/d1f3667d-f592-4c2f-8eda-8e24b95f215b 0.731s
2025-02-19 12:27:34.508 63728 INFO tempest.lib.common.rest_client [req-c7c4c5f2-89d4-4528-9f36-11f6cafe3301 req-c7c4c5f2-89d4-4528-9f36-11f6cafe3301 ] Request (AttachInterfacesTestJSON:test_create_list_show_delete_interfaces_by_fixed_ip): 200 GET http://10.180.1.21/compute/v2.1/servers/69b7e6dd-497a-4e72-9669-5b3cf404bbf6 0.682s
2025-02-19 12:27:34.559 63744 INFO tempest.lib.common.rest_client [req-eb1d2d32-f363-4023-a2ee-811e0ce4da07 req-eb1d2d32-f363-4023-a2ee-811e0ce4da07 ] Request (MigrationsAdminTest:test_list_migrations_in_flavor_resize_situation): 200 GET http://10.180.1.21/compute/v2.1/servers/7d8d0417-b510-417b-a18f-375d1dfd3757 0.734s
2025-02-19 12:27:34.562 63762 WARNING tempest.lib.common.ssh [-] Failed to establish authenticated ssh connection to cirros@10.180.180.229 ([Errno None] Unable to connect to port 22 on 10.180.180.229). Number attempts: 5. Retry after 6 seconds.: paramiko.ssh_exception.NoValidConnectionsError: [Errno None] Unable to connect to port 22 on 10.180.180.229
2025-02-19 12:27:34.577 63722 INFO tempest.lib.common.rest_client [req-c78c200c-ae15-4e44-b0bc-c8f737360c7e req-c78c200c-ae15-4e44-b0bc-c8f737360c7e ] Request (DeleteServersAdminTestJSON:test_delete_server_while_in_error_state): 200 GET http://10.180.1.21/compute/v2.1/servers/59fa839d-83dd-463c-9e5e-91f5fbe38753 0.702s
2025-02-19 12:27:34.606 63750 INFO tempest.lib.common.rest_client [req-62745e85-bf0d-444d-9548-d464f751fd5c req-62745e85-bf0d-444d-9548-d464f751fd5c ] Request (MultipleCreateTestJSON:test_multiple_create_with_reservation_return): 200 GET http://10.180.1.21/compute/v2.1/servers/2ed42fac-9066-4bc2-831a-91e367651687 0.726s
2025-02-19 12:27:34.645 63766 INFO tempest.lib.common.rest_client [req-9bd74403-4a9a-401b-af80-16a6da9e1259 req-9bd74403-4a9a-401b-af80-16a6da9e1259 ] Request (TenantUsagesTestJSON:tearDownClass): 200 GET http://10.180.1.21/compute/v2.1/servers/23321024-43d0-47bd-978a-54fe07732e63 0.709s
2025-02-19 12:27:34.708 63720 INFO tempest.lib.common.rest_client [req-a8479686-de7c-426d-a6fd-9598b384c7d3 req-a8479686-de7c-426d-a6fd-9598b384c7d3 ] Request (ServersAdminNegativeTestJSON:test_resize_server_using_overlimit_vcpus): 403 POST http://10.180.1.21/compute/v2.1/servers/fa73bac1-49d8-4360-a96e-1527ee1fc1cf/action 0.770s
2025-02-19 12:27:34.751 63740 INFO tempest.lib.common.rest_client [req-d8bc3beb-09e4-4e23-8d55-449e3cce81ce req-d8bc3beb-09e4-4e23-8d55-449e3cce81ce ] Request (ImagesTestJSON:test_create_image_from_stopped_server): 200 GET http://10.180.1.21/compute/v2.1/servers/d74cfc21-d87d-45a2-8cf7-4d34244fc363 0.756s
2025-02-19 12:27:34.759 63714 INFO tempest.lib.common.rest_client [req-f1fa551a-8fab-4447-be9a-9fda2e468103 req-f1fa551a-8fab-4447-be9a-9fda2e468103 ] Request (HostsAdminNegativeTestJSON:test_reboot_host_with_non_admin_user): 403 GET http://10.180.1.21/compute/v2.1/os-hosts/devstack/reboot 0.711s
2025-02-19 12:27:34.844 63718 INFO tempest.lib.common.rest_client [req-14d59dff-3196-41a8-933d-d8898f301d92 req-14d59dff-3196-41a8-933d-d8898f301d92 ] Request (ServerDiagnosticsTest:tearDownClass): 200 GET http://10.180.1.21/compute/v2.1/servers/36739a27-6196-4609-868a-aa03d3a6677c 0.518s
2025-02-19 12:27:34.854 63738 INFO tempest.lib.common.rest_client [req-fb324610-5b2b-4dae-8e8c-f84bf961d524 req-fb324610-5b2b-4dae-8e8c-f84bf961d524 ] Request (SecurityGroupsTestJSON:test_security_groups_create_list_delete): 202 DELETE http://10.180.1.21/compute/v2.1/os-security-groups/ae126315-c06c-462d-8260-aee6e88f0729 0.875s
2025-02-19 12:27:34.872 63720 INFO tempest.lib.common.rest_client [req-4c31f5b9-b983-4849-807b-68b93eb81203 req-4c31f5b9-b983-4849-807b-68b93eb81203 ] Request (ServersAdminNegativeTestJSON:_run_cleanups): 202 DELETE http://10.180.1.21/compute/v2.1/flavors/328342697 0.164s
2025-02-19 12:27:34.893 63714 INFO tempest.lib.common.rest_client [req-6d7668ba-9873-4863-91b9-3b6cedfe80cd req-6d7668ba-9873-4863-91b9-3b6cedfe80cd ] Request (HostsAdminNegativeTestJSON:test_reboot_nonexistent_host): 404 GET http://10.180.1.21/compute/v2.1/os-hosts/nonexistent_hostname/reboot 0.132s
2025-02-19 12:27:34.965 63730 INFO tempest.lib.common.rest_client [req-3feeec3a-6226-42db-b3fa-6085dfc99897 req-3feeec3a-6226-42db-b3fa-6085dfc99897 ] Request (ListImageFiltersTestJSON:setUpClass): 200 GET http://10.180.1.21/compute/v2.1/servers/bf32371c-af10-493d-911c-4e62135b56d9 0.191s
2025-02-19 12:27:35.084 63765 INFO tempest.lib.common.rest_client [req-c5781ad2-4bec-4c25-976e-43c5053bea14 req-c5781ad2-4bec-4c25-976e-43c5053bea14 ] Request (ServerDiagnosticsNegativeTest:test_get_server_diagnostics_by_non_admin): 200 GET http://10.180.1.21/compute/v2.1/servers/da37af6a-06d4-4c29-a60a-ac0c01939cf9 0.284s
2025-02-19 12:27:35.132 63758 INFO tempest.lib.common.rest_client [req-56bf9a08-2b17-48df-883c-c04154ab36cb req-56bf9a08-2b17-48df-883c-c04154ab36cb ] Request (ServersTestFqdnHostnames:test_create_server_with_fqdn_name): 200 GET http://10.180.1.21/compute/v2.1/servers/9707b3a4-7e96-4c52-a1d5-d4e4988e129a 0.293s
2025-02-19 12:27:35.140 63758 INFO tempest.common.waiters [-] State transition "BUILD/None" ==> "BUILD/networking" after 23 second wait
2025-02-19 12:27:35.152 63738 INFO tempest.lib.common.rest_client [req-dc76089a-6b7f-47f8-9efa-b9f8bc1893e9 req-dc76089a-6b7f-47f8-9efa-b9f8bc1893e9 ] Request (SecurityGroupsTestJSON:test_security_groups_create_list_delete): 404 GET http://10.180.1.21/compute/v2.1/os-security-groups/ae126315-c06c-462d-8260-aee6e88f0729 0.298s
2025-02-19 12:27:35.160 63768 INFO tempest.lib.common.rest_client [req-b0a6b28c-a903-41c7-b4bf-a724a52421cd req-b0a6b28c-a903-41c7-b4bf-a724a52421cd ] Request (ServerRescueNegativeTestJSON:setUpClass): 202 POST http://10.180.1.21/compute/v2.1/servers 0.740s
2025-02-19 12:27:35.175 63720 INFO tempest.lib.common.rest_client [req-934f2099-07bf-43e5-87c0-8f233bc5e58a req-934f2099-07bf-43e5-87c0-8f233bc5e58a ] Request (ServersAdminNegativeTestJSON:_run_cleanups): 200 GET http://10.180.1.21/compute/v2.1/flavors/detail 0.302s
2025-02-19 12:27:35.180 63714 INFO tempest.lib.common.rest_client [req-091d94cb-2535-4389-bc98-0067d746d402 req-091d94cb-2535-4389-bc98-0067d746d402 ] Request (HostsAdminNegativeTestJSON:test_show_host_detail_with_non_admin_user): 403 GET http://10.180.1.21/compute/v2.1/os-hosts/devstack 0.285s
2025-02-19 12:27:35.211 63752 INFO tempest.lib.common.rest_client [req-ee74fa93-b302-4460-b312-d5908809c5f7 req-ee74fa93-b302-4460-b312-d5908809c5f7 ] Request (ServerActionsTestOtherB:setUpClass): 200 GET http://10.180.1.21/compute/v2.1/servers/412eac9c-3c2e-439d-bcec-af6ec09c879f 0.334s
2025-02-19 12:27:35.227 63716 INFO tempest.lib.common.rest_client [req-2d36f1d3-1c41-4b40-9fcc-bb7662da7a09 req-2d36f1d3-1c41-4b40-9fcc-bb7662da7a09 ] Request (VolumesAdminNegativeTest:test_update_attached_volume_with_nonexistent_volume_in_body): 200 GET http://10.180.1.21/compute/v2.1/servers/d9faab7b-af63-41e1-94b5-65e3ad0db03f 0.324s
2025-02-19 12:27:35.276 63726 INFO tempest.lib.common.rest_client [req-d8f12ed3-b693-4a25-8215-ed41b4cb6fba req-d8f12ed3-b693-4a25-8215-ed41b4cb6fba ] Request (FloatingIPsAssociationNegativeTestJSON:tearDownClass): 200 GET http://10.180.1.21/compute/v2.1/servers/11044fc7-5b70-43f5-b5f0-703eec1592fd 0.156s
2025-02-19 12:27:35.283 63726 INFO tempest.common.waiters [-] State transition "ACTIVE/deleting" ==> "DELETED/None" after 3 second wait
2025-02-19 12:27:35.322 63760 INFO tempest.lib.common.rest_client [req-c7106d9a-1ab3-4869-9b89-5daada566af4 req-c7106d9a-1ab3-4869-9b89-5daada566af4 ] Request (ListServerFiltersTestJSON:test_list_servers_filter_by_shutoff_status): 200 GET http://10.180.1.21/compute/v2.1/servers/6b84681b-8d45-483f-83ae-b7810ee9612d 0.244s
2025-02-19 12:27:35.365 63768 INFO tempest.lib.common.rest_client [req-c25e7ece-18e5-4ea0-837b-d941b67ec1bc req-c25e7ece-18e5-4ea0-837b-d941b67ec1bc ] Request (ServerRescueNegativeTestJSON:setUpClass): 200 GET http://10.180.1.21/compute/v2.1/servers/369dc141-ec0b-4237-aed7-d047e9a59bab 0.204s
2025-02-19 12:27:35.373 63738 INFO tempest.lib.common.rest_client [req-549ad942-ceb7-44e1-8c19-19e46f7de021 req-549ad942-ceb7-44e1-8c19-19e46f7de021 ] Request (SecurityGroupsTestJSON:test_security_groups_create_list_delete): 202 DELETE http://10.180.1.21/compute/v2.1/os-security-groups/0f0a1d80-cc49-48db-92b4-caa7fe9e252a 0.220s
2025-02-19 12:27:35.384 63714 INFO tempest.lib.common.rest_client [req-ead2c4f7-dfe0-4b75-a3c1-9a9aeab9c30e req-ead2c4f7-dfe0-4b75-a3c1-9a9aeab9c30e ] Request (HostsAdminNegativeTestJSON:test_show_host_detail_with_nonexistent_hostname): 404 GET http://10.180.1.21/compute/v2.1/os-hosts/nonexistent_hostname 0.202s
2025-02-19 12:27:35.413 63720 INFO tempest.lib.common.rest_client [req-189fc34f-6447-4135-9628-ba438d2c400a req-189fc34f-6447-4135-9628-ba438d2c400a ] Request (ServersAdminNegativeTestJSON:test_restore_server_invalid_state): 409 POST http://10.180.1.21/compute/v2.1/servers/fa73bac1-49d8-4360-a96e-1527ee1fc1cf/action 0.231s
2025-02-19 12:27:35.490 63712 INFO tempest.lib.common.rest_client [req-c8923b1f-da9a-423d-8043-bdd4418bec27 req-c8923b1f-da9a-423d-8043-bdd4418bec27 ] Request (InstanceActionsTestJSON:test_list_instance_actions): 200 GET http://10.180.1.21/compute/v2.1/servers/c64d965b-7be7-4357-a787-3f92c720519b 0.310s
2025-02-19 12:27:35.497 63756 INFO tempest.lib.common.rest_client [req-d44c477a-8bd4-4ea6-9d9d-d423b373de42 req-d44c477a-8bd4-4ea6-9d9d-d423b373de42 ] Request (ServerDiagnosticsV248Test:tearDownClass): 200 GET http://10.180.1.21/compute/v2.1/servers/dc0da38c-afce-47f2-ac49-5a0933f2a926 0.307s
2025-02-19 12:27:35.501 63712 INFO tempest.common.waiters [-] State transition "HARD_REBOOT/reboot_started_hard" ==> "ACTIVE/None" after 5 second wait
2025-02-19 12:27:35.548 63772 INFO tempest.lib.common.rest_client [req-dfc9867f-fbac-43c8-96c0-49ae46510b8c req-dfc9867f-fbac-43c8-96c0-49ae46510b8c ] Request (ServerTagsTestJSON:setUpClass): 200 GET http://10.180.1.21/compute/v2.1/servers/cf289fc2-ecbe-49e9-84d2-a3d421e2bb25 0.301s
2025-02-19 12:27:35.616 63748 INFO tempest.lib.common.rest_client [req-b6d859fe-a548-48ba-9cf5-8f1bbb3d222a req-b6d859fe-a548-48ba-9cf5-8f1bbb3d222a ] Request (ServersAdmin275Test:tearDownClass): 200 GET http://10.180.1.21/compute/v2.1/servers/555f5ecb-fbd7-488e-823b-f35bf9d5e803 0.304s
2025-02-19 12:27:35.627 63734 INFO tempest.lib.common.rest_client [req-20bf6898-b217-43e3-99b9-352dc98a229f req-20bf6898-b217-43e3-99b9-352dc98a229f ] Request (ImagesOneServerTestJSON:setUpClass): 200 GET http://10.180.1.21/compute/v2.1/servers/2613b16c-08ce-4423-a1c5-c342fa7c79db 0.359s
2025-02-19 12:27:35.654 63738 INFO tempest.lib.common.rest_client [req-d63d67d1-37a3-4e5a-81b6-0c37115ffe4c req-d63d67d1-37a3-4e5a-81b6-0c37115ffe4c ] Request (SecurityGroupsTestJSON:test_security_groups_create_list_delete): 404 GET http://10.180.1.21/compute/v2.1/os-security-groups/0f0a1d80-cc49-48db-92b4-caa7fe9e252a 0.281s
2025-02-19 12:27:35.661 63714 INFO tempest.lib.common.rest_client [req-54291d52-fb63-4edf-8f4b-2e97a1cc6636 req-54291d52-fb63-4edf-8f4b-2e97a1cc6636 ] Request (HostsAdminNegativeTestJSON:test_shutdown_host_with_non_admin_user): 403 GET http://10.180.1.21/compute/v2.1/os-hosts/devstack/shutdown 0.276s
2025-02-19 12:27:35.664 63736 INFO tempest.lib.common.rest_client [req-411f12b1-a7be-4c97-9a1f-0c2c5399fced req-411f12b1-a7be-4c97-9a1f-0c2c5399fced ] Request (ServersTestMultiNic:test_verify_duplicate_network_nics): 200 GET http://10.180.1.21/compute/v2.1/servers/5fae3008-ed55-4e69-bea5-33f26ee23090 0.306s
2025-02-19 12:27:35.714 63732 INFO tempest.lib.common.rest_client [req-3dfd880b-e557-48a2-be50-c0315234898c req-3dfd880b-e557-48a2-be50-c0315234898c ] Request (InstanceActionsV221TestJSON:test_get_list_deleted_instance_actions): 200 GET http://10.180.1.21/compute/v2.1/servers/a0e8987b-f229-466e-8a19-108a84646ae3 0.301s
2025-02-19 12:27:35.752 63720 INFO tempest.lib.common.rest_client [req-96ccc745-fff0-498e-931f-ce0645005736 req-96ccc745-fff0-498e-931f-ce0645005736 ] Request (ServersAdminNegativeTestJSON:tearDownClass): 204 DELETE http://10.180.1.21/compute/v2.1/servers/3d12aa80-970a-4952-92b8-190639fd60f9 0.337s
2025-02-19 12:27:35.765 63770 INFO tempest.lib.common.rest_client [req-3ec40073-50a3-407d-bc35-458727376b1b req-3ec40073-50a3-407d-bc35-458727376b1b ] Request (ServersTestManualDisk:setUpClass): 200 GET http://10.180.1.21/compute/v2.1/servers/8b83e720-1025-4989-9bd0-37b3da8511ae 0.307s
2025-02-19 12:27:35.792 63712 INFO tempest.lib.common.rest_client [req-056ac3c4-4a75-4db2-8074-a95fb94b8297 req-056ac3c4-4a75-4db2-8074-a95fb94b8297 ] Request (InstanceActionsTestJSON:test_list_instance_actions): 200 GET http://10.180.1.21/compute/v2.1/servers/c64d965b-7be7-4357-a787-3f92c720519b/os-instance-actions 0.291s
2025-02-19 12:27:35.847 63728 INFO tempest.lib.common.rest_client [req-17ce4182-556d-4f3d-837d-2658bf1e6763 req-17ce4182-556d-4f3d-837d-2658bf1e6763 ] Request (AttachInterfacesTestJSON:test_create_list_show_delete_interfaces_by_fixed_ip): 200 GET http://10.180.1.21/compute/v2.1/servers/69b7e6dd-497a-4e72-9669-5b3cf404bbf6 0.331s
2025-02-19 12:27:35.851 63755 INFO tempest.lib.common.rest_client [req-b5c69add-b47e-42ae-a141-ec1f35646b10 req-b5c69add-b47e-42ae-a141-ec1f35646b10 ] Request (ServerActionsTestJSON:setUpClass): 200 GET http://10.180.1.21/compute/v2.1/servers/d1f3667d-f592-4c2f-8eda-8e24b95f215b 0.379s
2025-02-19 12:27:35.901 63722 INFO tempest.lib.common.rest_client [req-237af972-49d4-4aa2-b654-79d56719a58e req-237af972-49d4-4aa2-b654-79d56719a58e ] Request (DeleteServersAdminTestJSON:test_delete_server_while_in_error_state): 200 GET http://10.180.1.21/compute/v2.1/servers/59fa839d-83dd-463c-9e5e-91f5fbe38753 0.315s
2025-02-19 12:27:35.955 63750 INFO tempest.lib.common.rest_client [req-129b7c3d-da73-4b93-ab03-81d537ea449f req-129b7c3d-da73-4b93-ab03-81d537ea449f ] Request (MultipleCreateTestJSON:test_multiple_create_with_reservation_return): 200 GET http://10.180.1.21/compute/v2.1/servers/2ed42fac-9066-4bc2-831a-91e367651687 0.341s
2025-02-19 12:27:35.968 63744 INFO tempest.lib.common.rest_client [req-5baaecce-9400-49c6-8ac8-119801415691 req-5baaecce-9400-49c6-8ac8-119801415691 ] Request (MigrationsAdminTest:test_list_migrations_in_flavor_resize_situation): 200 GET http://10.180.1.21/compute/v2.1/servers/7d8d0417-b510-417b-a18f-375d1dfd3757 0.401s
2025-02-19 12:27:36.038 63766 INFO tempest.lib.common.rest_client [req-c1ad98c8-dfcf-4eb8-aca2-16de42f7749c req-c1ad98c8-dfcf-4eb8-aca2-16de42f7749c ] Request (TenantUsagesTestJSON:tearDownClass): 200 GET http://10.180.1.21/compute/v2.1/servers/23321024-43d0-47bd-978a-54fe07732e63 0.378s
2025-02-19 12:27:36.053 63714 INFO tempest.lib.common.rest_client [req-5c38aa3e-8d52-4030-a115-d1b99b4e7e80 req-5c38aa3e-8d52-4030-a115-d1b99b4e7e80 ] Request (HostsAdminNegativeTestJSON:test_shutdown_nonexistent_host): 404 GET http://10.180.1.21/compute/v2.1/os-hosts/nonexistent_hostname/shutdown 0.391s
2025-02-19 12:27:36.072 63738 INFO tempest.lib.common.rest_client [req-a7352748-5057-4d7e-94f3-c5e2828f1980 req-a7352748-5057-4d7e-94f3-c5e2828f1980 ] Request (SecurityGroupsTestJSON:test_security_groups_create_list_delete): 202 DELETE http://10.180.1.21/compute/v2.1/os-security-groups/0ef2916d-4876-4141-8619-d9bc5650b100 0.417s
2025-02-19 12:27:36.124 63740 INFO tempest.lib.common.rest_client [req-ef565ad1-7ffc-45af-b54b-8900b9210f20 req-ef565ad1-7ffc-45af-b54b-8900b9210f20 ] Request (ImagesTestJSON:test_create_image_from_stopped_server): 200 GET http://10.180.1.21/compute/v2.1/servers/d74cfc21-d87d-45a2-8cf7-4d34244fc363 0.360s
2025-02-19 12:27:36.190 63712 INFO tempest.lib.common.rest_client [req-cc4b7bec-c365-40c5-8fd6-d2c59c1b5f43 req-cc4b7bec-c365-40c5-8fd6-d2c59c1b5f43 ] Request (InstanceActionsTestJSON:tearDownClass): 204 DELETE http://10.180.1.21/compute/v2.1/servers/c64d965b-7be7-4357-a787-3f92c720519b 0.394s
2025-02-19 12:27:36.212 63720 INFO tempest.lib.common.rest_client [req-33048244-bc49-4bed-91e6-de35ed42ee75 req-33048244-bc49-4bed-91e6-de35ed42ee75 ] Request (ServersAdminNegativeTestJSON:tearDownClass): 200 GET http://10.180.1.21/compute/v2.1/servers/3d12aa80-970a-4952-92b8-190639fd60f9 0.460s
2025-02-19 12:27:36.278 63718 INFO tempest.lib.common.rest_client [req-a0869cd9-5d5c-4e14-b890-ed976e5afcbf req-a0869cd9-5d5c-4e14-b890-ed976e5afcbf ] Request (ServerDiagnosticsTest:tearDownClass): 200 GET http://10.180.1.21/compute/v2.1/servers/36739a27-6196-4609-868a-aa03d3a6677c 0.424s
2025-02-19 12:27:36.283 63714 INFO tempest.lib.common.rest_client [req-13a1cbc5-dc17-4895-8154-9a6b0026f544 req-13a1cbc5-dc17-4895-8154-9a6b0026f544 ] Request (HostsAdminNegativeTestJSON:test_startup_host_with_non_admin_user): 403 GET http://10.180.1.21/compute/v2.1/os-hosts/devstack/startup 0.229s
2025-02-19 12:27:36.297 63730 INFO tempest.lib.common.rest_client [req-8f2d912a-0875-4377-8325-30f6fbdb1d75 req-8f2d912a-0875-4377-8325-30f6fbdb1d75 ] Request (ListImageFiltersTestJSON:setUpClass): 200 GET http://10.180.1.21/compute/v2.1/servers/bf32371c-af10-493d-911c-4e62135b56d9 0.323s
2025-02-19 12:27:36.302 63738 INFO tempest.lib.common.rest_client [req-0d475b88-6cf1-45be-a3b3-5dbb1988b9c4 req-0d475b88-6cf1-45be-a3b3-5dbb1988b9c4 ] Request (SecurityGroupsTestJSON:test_security_groups_create_list_delete): 404 GET http://10.180.1.21/compute/v2.1/os-security-groups/0ef2916d-4876-4141-8619-d9bc5650b100 0.230s
2025-02-19 12:27:36.429 63758 INFO tempest.lib.common.rest_client [req-1d88c813-5bb8-4949-a5da-e1c3a3378bad req-1d88c813-5bb8-4949-a5da-e1c3a3378bad ] Request (ServersTestFqdnHostnames:test_create_server_with_fqdn_name): 200 GET http://10.180.1.21/compute/v2.1/servers/9707b3a4-7e96-4c52-a1d5-d4e4988e129a 0.287s
2025-02-19 12:27:36.429 63765 INFO tempest.lib.common.rest_client [req-4615feb1-61ca-4a75-ab0a-2d1475e5ebcf req-4615feb1-61ca-4a75-ab0a-2d1475e5ebcf ] Request (ServerDiagnosticsNegativeTest:test_get_server_diagnostics_by_non_admin): 200 GET http://10.180.1.21/compute/v2.1/servers/da37af6a-06d4-4c29-a60a-ac0c01939cf9 0.336s
2025-02-19 12:27:36.439 63758 INFO tempest.common.waiters [-] State transition "BUILD/networking" ==> "BUILD/block_device_mapping" after 24 second wait
2025-02-19 12:27:36.502 63752 INFO tempest.lib.common.rest_client [req-becbe6c4-7db3-4b32-a4a0-e5a1f20c609c req-becbe6c4-7db3-4b32-a4a0-e5a1f20c609c ] Request (ServerActionsTestOtherB:setUpClass): 200 GET http://10.180.1.21/compute/v2.1/servers/412eac9c-3c2e-439d-bcec-af6ec09c879f 0.282s
2025-02-19 12:27:36.525 63712 INFO tempest.lib.common.rest_client [req-0c90d1bb-3477-4e07-9563-68d1a5ec3774 req-0c90d1bb-3477-4e07-9563-68d1a5ec3774 ] Request (InstanceActionsTestJSON:tearDownClass): 200 GET http://10.180.1.21/compute/v2.1/servers/c64d965b-7be7-4357-a787-3f92c720519b 0.334s
2025-02-19 12:27:36.552 63716 INFO tempest.lib.common.rest_client [req-f9ff52b2-77ce-47b5-b3cd-1c2664d3d409 req-f9ff52b2-77ce-47b5-b3cd-1c2664d3d409 ] Request (VolumesAdminNegativeTest:test_update_attached_volume_with_nonexistent_volume_in_body): 200 GET http://10.180.1.21/compute/v2.1/servers/d9faab7b-af63-41e1-94b5-65e3ad0db03f 0.318s
2025-02-19 12:27:36.565 63714 INFO tempest.lib.common.rest_client [req-f0ff90db-a318-43c3-a18a-fe50979ca9d3 req-f0ff90db-a318-43c3-a18a-fe50979ca9d3 ] Request (HostsAdminNegativeTestJSON:test_startup_nonexistent_host): 404 GET http://10.180.1.21/compute/v2.1/os-hosts/nonexistent_hostname/startup 0.280s
2025-02-19 12:27:36.581 63726 INFO tempest.lib.common.rest_client [req-1889659b-fb1e-4c4a-9579-3ccb16fd2e6b req-1889659b-fb1e-4c4a-9579-3ccb16fd2e6b ] Request (FloatingIPsAssociationNegativeTestJSON:tearDownClass): 200 GET http://10.180.1.21/compute/v2.1/servers/11044fc7-5b70-43f5-b5f0-703eec1592fd 0.297s
2025-02-19 12:27:36.668 63760 INFO tempest.lib.common.rest_client [req-6a5ffb2b-2de1-41ef-86ac-bf994162095f req-6a5ffb2b-2de1-41ef-86ac-bf994162095f ] Request (ListServerFiltersTestJSON:test_list_servers_filter_by_shutoff_status): 200 GET http://10.180.1.21/compute/v2.1/servers/6b84681b-8d45-483f-83ae-b7810ee9612d 0.337s
2025-02-19 12:27:36.675 63760 INFO tempest.common.waiters [-] State transition "SHUTOFF/powering-on" ==> "ACTIVE/None" after 4 second wait
2025-02-19 12:27:36.687 63738 INFO tempest.lib.common.rest_client [req-adca3bf5-60ae-4a6b-af54-c3ece2ab4a7b req-adca3bf5-60ae-4a6b-af54-c3ece2ab4a7b ] Request (SecurityGroupsTestJSON:test_security_groups_create_list_delete): 200 GET http://10.180.1.21/compute/v2.1/os-security-groups 0.385s
2025-02-19 12:27:36.718 63768 INFO tempest.lib.common.rest_client [req-26c78cca-0408-4a76-99e7-abef6233b461 req-26c78cca-0408-4a76-99e7-abef6233b461 ] Request (ServerRescueNegativeTestJSON:setUpClass): 200 GET http://10.180.1.21/compute/v2.1/servers/369dc141-ec0b-4237-aed7-d047e9a59bab 0.344s
2025-02-19 12:27:36.755 63756 INFO tempest.lib.common.rest_client [req-07e46f01-5544-4e1d-b22f-cb772b49cedf req-07e46f01-5544-4e1d-b22f-cb772b49cedf ] Request (ServerDiagnosticsV248Test:tearDownClass): 200 GET http://10.180.1.21/compute/v2.1/servers/dc0da38c-afce-47f2-ac49-5a0933f2a926 0.244s
2025-02-19 12:27:36.765 63714 INFO tempest.lib.common.rest_client [req-eb096511-21a6-473b-8c1c-365d2b51beec req-eb096511-21a6-473b-8c1c-365d2b51beec ] Request (HostsAdminNegativeTestJSON:test_update_host_with_invalid_maintenance_mode): 400 PUT http://10.180.1.21/compute/v2.1/os-hosts/devstack 0.198s
2025-02-19 12:27:36.773 63772 INFO tempest.lib.common.rest_client [req-d616cea3-b8fa-4ee9-b794-6a33a26d25e5 req-d616cea3-b8fa-4ee9-b794-6a33a26d25e5 ] Request (ServerTagsTestJSON:setUpClass): 200 GET http://10.180.1.21/compute/v2.1/servers/cf289fc2-ecbe-49e9-84d2-a3d421e2bb25 0.215s
2025-02-19 12:27:36.825 63748 INFO tempest.lib.common.rest_client [req-92113762-1c1a-486c-9737-1bd868d8c397 req-92113762-1c1a-486c-9737-1bd868d8c397 ] Request (ServersAdmin275Test:tearDownClass): 200 GET http://10.180.1.21/compute/v2.1/servers/555f5ecb-fbd7-488e-823b-f35bf9d5e803 0.193s
2025-02-19 12:27:36.871 63736 INFO tempest.lib.common.rest_client [req-af70f3a1-773f-4459-bc46-08930cafe7f8 req-af70f3a1-773f-4459-bc46-08930cafe7f8 ] Request (ServersTestMultiNic:test_verify_duplicate_network_nics): 200 GET http://10.180.1.21/compute/v2.1/servers/5fae3008-ed55-4e69-bea5-33f26ee23090 0.198s
2025-02-19 12:27:36.880 63760 INFO tempest.lib.common.rest_client [req-8f5688e1-2c6e-4bcc-9e48-018cad4dc99b req-8f5688e1-2c6e-4bcc-9e48-018cad4dc99b ] Request (ListServerFiltersTestJSON:test_list_servers_filter_by_zero_limit): 200 GET http://10.180.1.21/compute/v2.1/servers?limit=0 0.204s
2025-02-19 12:27:36.894 63734 INFO tempest.lib.common.rest_client [req-a8865fca-38f1-4925-90cd-e7265f95aea7 req-a8865fca-38f1-4925-90cd-e7265f95aea7 ] Request (ImagesOneServerTestJSON:setUpClass): 200 GET http://10.180.1.21/compute/v2.1/servers/2613b16c-08ce-4423-a1c5-c342fa7c79db 0.258s
2025-02-19 12:27:36.968 63732 INFO tempest.lib.common.rest_client [req-7e2c9454-6089-43a8-9aee-6992d58e327b req-7e2c9454-6089-43a8-9aee-6992d58e327b ] Request (InstanceActionsV221TestJSON:test_get_list_deleted_instance_actions): 200 GET http://10.180.1.21/compute/v2.1/servers/a0e8987b-f229-466e-8a19-108a84646ae3 0.244s
2025-02-19 12:27:36.974 63714 INFO tempest.lib.common.rest_client [req-3cf29ff8-f42a-47f3-8770-407b8b1f555d req-3cf29ff8-f42a-47f3-8770-407b8b1f555d ] Request (HostsAdminNegativeTestJSON:test_update_host_with_invalid_status): 400 PUT http://10.180.1.21/compute/v2.1/os-hosts/devstack 0.208s
2025-02-19 12:27:37.030 63770 INFO tempest.lib.common.rest_client [req-04e6896a-7400-4097-a9f7-c7874f7b4709 req-04e6896a-7400-4097-a9f7-c7874f7b4709 ] Request (ServersTestManualDisk:setUpClass): 200 GET http://10.180.1.21/compute/v2.1/servers/8b83e720-1025-4989-9bd0-37b3da8511ae 0.254s
2025-02-19 12:27:37.041 63738 INFO tempest.lib.common.rest_client [req-95df9b87-3557-40c0-a4ca-466482c893f6 req-95df9b87-3557-40c0-a4ca-466482c893f6 ] Request (SecurityGroupsTestJSON:test_server_security_groups): 200 POST http://10.180.1.21/compute/v2.1/os-security-groups 0.347s
2025-02-19 12:27:37.083 63728 INFO tempest.lib.common.rest_client [req-7f813b6c-b2a2-4aa1-b939-623f14ee2fb5 req-7f813b6c-b2a2-4aa1-b939-623f14ee2fb5 ] Request (AttachInterfacesTestJSON:test_create_list_show_delete_interfaces_by_fixed_ip): 200 GET http://10.180.1.21/compute/v2.1/servers/69b7e6dd-497a-4e72-9669-5b3cf404bbf6 0.226s
2025-02-19 12:27:37.179 63760 INFO tempest.lib.common.rest_client [req-fe308896-f032-4d6c-887b-2666b1569981 req-fe308896-f032-4d6c-887b-2666b1569981 ] Request (ListServerFiltersTestJSON:test_list_servers_filtered_by_ip): 200 GET http://10.180.1.21/compute/v2.1/servers/6b84681b-8d45-483f-83ae-b7810ee9612d 0.295s
2025-02-19 12:27:37.235 63722 INFO tempest.lib.common.rest_client [req-7967ef2d-53a8-4034-b35b-cdd4b88786d4 req-7967ef2d-53a8-4034-b35b-cdd4b88786d4 ] Request (DeleteServersAdminTestJSON:test_delete_server_while_in_error_state): 200 GET http://10.180.1.21/compute/v2.1/servers/59fa839d-83dd-463c-9e5e-91f5fbe38753 0.326s
2025-02-19 12:27:37.239 63755 INFO tempest.lib.common.rest_client [req-fbb6b1ba-0320-4b5b-b10a-7fe211a06c90 req-fbb6b1ba-0320-4b5b-b10a-7fe211a06c90 ] Request (ServerActionsTestJSON:setUpClass): 200 GET http://10.180.1.21/compute/v2.1/servers/d1f3667d-f592-4c2f-8eda-8e24b95f215b 0.379s
2025-02-19 12:27:37.247 63714 INFO tempest.lib.common.rest_client [req-534483b2-a16d-4ed6-96d9-bcd92506705d req-534483b2-a16d-4ed6-96d9-bcd92506705d ] Request (HostsAdminNegativeTestJSON:test_update_host_with_non_admin_user): 403 PUT http://10.180.1.21/compute/v2.1/os-hosts/devstack 0.271s
2025-02-19 12:27:37.287 63750 INFO tempest.lib.common.rest_client [req-1e21fda0-d40d-486d-bfd2-373492abc770 req-1e21fda0-d40d-486d-bfd2-373492abc770 ] Request (MultipleCreateTestJSON:test_multiple_create_with_reservation_return): 200 GET http://10.180.1.21/compute/v2.1/servers/2ed42fac-9066-4bc2-831a-91e367651687 0.313s
2025-02-19 12:27:37.344 63744 INFO tempest.lib.common.rest_client [req-d01a764a-1612-419b-b517-db9c7a0b5ace req-d01a764a-1612-419b-b517-db9c7a0b5ace ] Request (MigrationsAdminTest:test_list_migrations_in_flavor_resize_situation): 200 GET http://10.180.1.21/compute/v2.1/servers/7d8d0417-b510-417b-a18f-375d1dfd3757 0.362s
2025-02-19 12:27:37.399 63738 INFO tempest.lib.common.rest_client [req-e862fa04-0995-4c67-b04e-77a815ab2a97 req-e862fa04-0995-4c67-b04e-77a815ab2a97 ] Request (SecurityGroupsTestJSON:test_server_security_groups): 200 POST http://10.180.1.21/compute/v2.1/os-security-groups 0.355s
2025-02-19 12:27:37.416 63766 INFO tempest.lib.common.rest_client [req-5939882a-26a9-4c04-b7d6-d17f8aadb3e4 req-5939882a-26a9-4c04-b7d6-d17f8aadb3e4 ] Request (TenantUsagesTestJSON:tearDownClass): 200 GET http://10.180.1.21/compute/v2.1/servers/23321024-43d0-47bd-978a-54fe07732e63 0.367s
2025-02-19 12:27:37.456 63740 INFO tempest.lib.common.rest_client [req-67433fba-1012-4f65-bbf2-a237ac4fc225 req-67433fba-1012-4f65-bbf2-a237ac4fc225 ] Request (ImagesTestJSON:test_create_image_from_stopped_server): 200 GET http://10.180.1.21/compute/v2.1/servers/d74cfc21-d87d-45a2-8cf7-4d34244fc363 0.325s
2025-02-19 12:27:37.484 63738 INFO tempest.lib.common.rest_client [req-84c951e9-9ab0-412c-8286-22e3d8b11fb6 req-84c951e9-9ab0-412c-8286-22e3d8b11fb6 ] Request (SecurityGroupsTestJSON:test_server_security_groups): 201 POST http://10.180.1.21/identity/v3/auth/tokens 0.070s
2025-02-19 12:27:37.485 63738 INFO tempest.lib.common.fixed_network [-] (SecurityGroupsTestJSON:test_server_security_groups) Found network {'id': '4af44072-63c8-4c28-b97c-e5b0e2ab1d4f', 'name': 'tempest-SecurityGroupsTestJSON-954036347-network', 'tenant_id': 'd2bcd7c7a4934a1db7958d41f96df7aa', 'admin_state_up': True, 'mtu': 8950, 'status': 'ACTIVE', 'subnets': [], 'shared': False, 'project_id': 'd2bcd7c7a4934a1db7958d41f96df7aa', 'port_security_enabled': True, 'router:external': False, 'provider:network_type': 'vlan', 'provider:physical_network': 'default', 'provider:segmentation_id': 117, 'availability_zone_hints': [], 'availability_zones': [], 'ipv4_address_scope': None, 'ipv6_address_scope': None, 'description': '', 'tags': [], 'created_at': '2025-02-19T12:26:39Z', 'updated_at': '2025-02-19T12:26:39Z', 'revision_number': 1} available for tenant
2025-02-19 12:27:37.553 63720 INFO tempest.lib.common.rest_client [req-4b7c4ba0-9005-42ff-a793-8f795a645880 req-4b7c4ba0-9005-42ff-a793-8f795a645880 ] Request (ServersAdminNegativeTestJSON:tearDownClass): 200 GET http://10.180.1.21/compute/v2.1/servers/3d12aa80-970a-4952-92b8-190639fd60f9 0.328s
2025-02-19 12:27:37.557 63714 INFO tempest.lib.common.rest_client [req-9e378d3d-f935-47a9-b4ea-16083f06831c req-9e378d3d-f935-47a9-b4ea-16083f06831c ] Request (HostsAdminNegativeTestJSON:test_update_host_without_param): 400 PUT http://10.180.1.21/compute/v2.1/os-hosts/devstack 0.309s
2025-02-19 12:27:37.604 63718 INFO tempest.lib.common.rest_client [req-98fdd878-60e5-40bb-93d0-9345c6b10822 req-98fdd878-60e5-40bb-93d0-9345c6b10822 ] Request (ServerDiagnosticsTest:tearDownClass): 200 GET http://10.180.1.21/compute/v2.1/servers/36739a27-6196-4609-868a-aa03d3a6677c 0.315s
2025-02-19 12:27:37.650 63730 INFO tempest.lib.common.rest_client [req-882a33dd-72fa-4d2e-a2f1-3da08cc71e14 req-882a33dd-72fa-4d2e-a2f1-3da08cc71e14 ] Request (ListImageFiltersTestJSON:setUpClass): 200 GET http://10.180.1.21/compute/v2.1/servers/bf32371c-af10-493d-911c-4e62135b56d9 0.345s
2025-02-19 12:27:37.655 63760 INFO tempest.lib.common.rest_client [req-dcf8a2e4-3daa-41aa-b3de-98301a795830 req-dcf8a2e4-3daa-41aa-b3de-98301a795830 ] Request (ListServerFiltersTestJSON:test_list_servers_filtered_by_ip): 200 GET http://10.180.1.21/compute/v2.1/servers/33736b9b-a9b1-438b-a04c-5fb79282c7d6 0.468s
2025-02-19 12:27:37.742 63765 INFO tempest.lib.common.rest_client [req-fe2f7c86-49eb-4118-a032-a8dd4c7de4e5 req-fe2f7c86-49eb-4118-a032-a8dd4c7de4e5 ] Request (ServerDiagnosticsNegativeTest:test_get_server_diagnostics_by_non_admin): 200 GET http://10.180.1.21/compute/v2.1/servers/da37af6a-06d4-4c29-a60a-ac0c01939cf9 0.305s
2025-02-19 12:27:37.758 63765 INFO tempest.common.waiters [-] State transition "BUILD/spawning" ==> "ACTIVE/None" after 38 second wait
2025-02-19 12:27:37.790 63758 INFO tempest.lib.common.rest_client [req-97473f86-0a0d-4e6f-a660-e4f1d4496520 req-97473f86-0a0d-4e6f-a660-e4f1d4496520 ] Request (ServersTestFqdnHostnames:test_create_server_with_fqdn_name): 200 GET http://10.180.1.21/compute/v2.1/servers/9707b3a4-7e96-4c52-a1d5-d4e4988e129a 0.349s
2025-02-19 12:27:37.802 63758 INFO tempest.common.waiters [-] State transition "BUILD/block_device_mapping" ==> "BUILD/spawning" after 25 second wait
2025-02-19 12:27:38.066 63738 INFO tempest.lib.common.rest_client [req-2e4cf5b4-2f07-4607-86d2-f90e930abff9 req-2e4cf5b4-2f07-4607-86d2-f90e930abff9 ] Request (SecurityGroupsTestJSON:test_server_security_groups): 202 POST http://10.180.1.21/compute/v2.1/servers 0.581s
2025-02-19 12:27:38.081 63710 WARNING tempest.lib.common.ssh [-] Failed to establish authenticated ssh connection to cirros@10.180.180.175 ([Errno None] Unable to connect to port 22 on 10.180.180.175). Number attempts: 3. Retry after 4 seconds.: paramiko.ssh_exception.NoValidConnectionsError: [Errno None] Unable to connect to port 22 on 10.180.180.175
2025-02-19 12:27:38.084 63752 INFO tempest.lib.common.rest_client [req-62ce0df7-cf41-4fa0-8b1f-0671da832c9b req-62ce0df7-cf41-4fa0-8b1f-0671da832c9b ] Request (ServerActionsTestOtherB:setUpClass): 200 GET http://10.180.1.21/compute/v2.1/servers/412eac9c-3c2e-439d-bcec-af6ec09c879f 0.572s
2025-02-19 12:27:38.113 63714 INFO tempest.lib.common.rest_client [req-42645cbe-4e77-482a-90aa-48e5c5f4b25e req-42645cbe-4e77-482a-90aa-48e5c5f4b25e ] Request (HostsAdminNegativeTestJSON:test_update_nonexistent_host): 404 PUT http://10.180.1.21/compute/v2.1/os-hosts/nonexistent_hostname 0.554s
2025-02-19 12:27:38.169 63716 INFO tempest.lib.common.rest_client [req-25ca4f67-c517-41a7-b06d-51336bd6a6fa req-25ca4f67-c517-41a7-b06d-51336bd6a6fa ] Request (VolumesAdminNegativeTest:test_update_attached_volume_with_nonexistent_volume_in_body): 200 GET http://10.180.1.21/compute/v2.1/servers/d9faab7b-af63-41e1-94b5-65e3ad0db03f 0.608s
2025-02-19 12:27:38.207 63712 INFO tempest.lib.common.rest_client [req-e915d4e2-d2dd-4e7c-8768-6d9a928770f2 req-e915d4e2-d2dd-4e7c-8768-6d9a928770f2 ] Request (InstanceActionsTestJSON:tearDownClass): 200 GET http://10.180.1.21/compute/v2.1/servers/c64d965b-7be7-4357-a787-3f92c720519b 0.673s
2025-02-19 12:27:38.237 63726 INFO tempest.lib.common.rest_client [req-91b6abac-4211-4db9-a591-42598c421f22 req-91b6abac-4211-4db9-a591-42598c421f22 ] Request (FloatingIPsAssociationNegativeTestJSON:tearDownClass): 200 GET http://10.180.1.21/compute/v2.1/servers/11044fc7-5b70-43f5-b5f0-703eec1592fd 0.647s
2025-02-19 12:27:38.250 63714 INFO tempest.lib.common.rest_client [req-a323719e-2269-426e-af5e-6015ae393b15 req-a323719e-2269-426e-af5e-6015ae393b15 ] Request (HostsAdminNegativeTestJSON:tearDownClass): 204 DELETE http://10.180.1.21/identity/v3/users/aa8aaab000334fe48b76d14a8211ff39 0.135s
2025-02-19 12:27:38.285 63768 INFO tempest.lib.common.rest_client [req-ba57363d-e56c-4848-9a9b-20e77903e93c req-ba57363d-e56c-4848-9a9b-20e77903e93c ] Request (ServerRescueNegativeTestJSON:setUpClass): 200 GET http://10.180.1.21/compute/v2.1/servers/369dc141-ec0b-4237-aed7-d047e9a59bab 0.559s
2025-02-19 12:27:38.306 63765 INFO tempest.lib.common.rest_client [req-5ad97965-844b-4d1b-b16f-d391c3f773c9 req-5ad97965-844b-4d1b-b16f-d391c3f773c9 ] Request (ServerDiagnosticsNegativeTest:test_get_server_diagnostics_by_non_admin): 403 GET http://10.180.1.21/compute/v2.1/servers/da37af6a-06d4-4c29-a60a-ac0c01939cf9/diagnostics 0.547s
2025-02-19 12:27:38.307 63760 INFO tempest.lib.common.rest_client [req-a6a7afd7-063c-418f-9f2a-ba612d2371a8 req-a6a7afd7-063c-418f-9f2a-ba612d2371a8 ] Request (ListServerFiltersTestJSON:test_list_servers_filtered_by_ip): 200 GET http://10.180.1.21/compute/v2.1/servers/f255de95-0e89-488b-8441-cc7c997cdf89 0.643s
2025-02-19 12:27:38.342 63714 INFO tempest.lib.common.rest_client [req-b1a92a8a-aaba-4eea-860e-aa62ca2ff238 req-b1a92a8a-aaba-4eea-860e-aa62ca2ff238 ] Request (HostsAdminNegativeTestJSON:tearDownClass): 204 DELETE http://10.180.1.21/identity/v3/users/ad5f2b33726b44a59f35ada203f2cda0 0.091s
2025-02-19 12:27:38.343 63714 INFO tempest.lib.common.dynamic_creds [-] Deleting project and security group for project: 15a76d13023644af8e88ab6a87a95ac5
