2025-02-19 12:29:00.810 63756 INFO tempest.lib.common.rest_client [req-0ef86e5d-01d8-40db-8c09-b71188b24a90 req-0ef86e5d-01d8-40db-8c09-b71188b24a90 ] Request (ServersTestBootFromVolume:setUpClass): 200 GET http://10.180.1.21/compute/v2.1/servers/8a309aad-b086-442f-a069-60c780c5b945 0.079s
2025-02-19 12:29:00.860 63720 INFO tempest.lib.common.rest_client [req-531d4773-f433-49cf-8ee8-7ad754a0e2f6 req-531d4773-f433-49cf-8ee8-7ad754a0e2f6 ] Request (ImagesOneServerNegativeTestJSON:setUpClass): 200 GET http://10.180.1.21/compute/v2.1/servers/85f6301b-6865-40ac-9b22-dcfa445e326c 0.087s
2025-02-19 12:29:00.861 63714 INFO tempest.lib.common.rest_client [req-9f90f757-25d0-4a5f-9575-c583325f8835 req-9f90f757-25d0-4a5f-9575-c583325f8835 ] Request (FloatingIPsAssociationTestJSON:setUpClass): 200 GET http://10.180.1.21/compute/v2.1/servers/f685f5b8-a0c2-4bcc-8b41-a2ada29d7b64 0.116s
2025-02-19 12:29:00.900 63730 INFO tempest.lib.common.rest_client [req-bc33929f-dab8-49bd-b841-7d3efce794c8 req-bc33929f-dab8-49bd-b841-7d3efce794c8 ] Request (ListImageFiltersTestJSON:setUpClass): 200 GET http://10.180.1.21/compute/v2.1/images/871b12f6-daa9-40f6-bdbd-8234df0e3d6f 0.068s
2025-02-19 12:29:00.917 63750 INFO tempest.lib.common.rest_client [req-3be2a86b-9e10-45f1-af0c-554d01e76119 req-3be2a86b-9e10-45f1-af0c-554d01e76119 ] Request (ServerMetadataTestJSON:setUpClass): 200 GET http://10.180.1.21/compute/v2.1/servers/272f9539-f449-431c-b847-1fb862b34e45 0.114s
2025-02-19 12:29:00.966 63722 INFO tempest.lib.common.rest_client [req-ac5a3bd0-df27-4680-bf2b-96f6d20a7470 req-ac5a3bd0-df27-4680-bf2b-96f6d20a7470 ] Request (DeleteServersAdminTestJSON:test_delete_server_while_in_error_state): 200 GET http://10.180.1.21/compute/v2.1/servers/59fa839d-83dd-463c-9e5e-91f5fbe38753 0.131s
2025-02-19 12:29:00.980 63744 INFO tempest.lib.common.rest_client [req-36400258-07f7-44f9-9aa0-36b7679e9d50 req-36400258-07f7-44f9-9aa0-36b7679e9d50 ] Request (MigrationsAdminTest:test_resize_server_revert_deleted_flavor): 200 GET http://10.180.1.21/compute/v2.1/servers/10f69421-d9f3-421d-a17f-f33968787722 0.093s
2025-02-19 12:29:01.029 63766 INFO tempest.lib.common.rest_client [req-d900a783-3fd8-4add-a61d-f2ded56c2fae req-d900a783-3fd8-4add-a61d-f2ded56c2fae ] Request (InstanceActionsNegativeTestJSON:setUpClass): 200 GET http://10.180.1.21/compute/v2.1/servers/7671d351-0759-4462-acf5-302d615f0b73 0.139s
2025-02-19 12:29:01.044 63726 INFO tempest.lib.common.rest_client [req-a598b999-62bf-4323-9ff6-60d89d37e0f2 req-a598b999-62bf-4323-9ff6-60d89d37e0f2 ] Request (ServersV294TestFqdnHostnames:setUpClass): 200 GET http://10.180.1.21/compute/v2.1/servers/e31c0a2c-b3c5-4cdc-8f6e-ebb525cb327b 0.095s
2025-02-19 12:29:01.095 63736 INFO tempest.lib.common.rest_client [req-43c2802f-b9dc-46bf-b7ba-c6374fe5baa7 req-43c2802f-b9dc-46bf-b7ba-c6374fe5baa7 ] Request (ServersTestMultiNic:_run_cleanups): 200 GET http://10.180.1.21/compute/v2.1/servers/5fae3008-ed55-4e69-bea5-33f26ee23090 0.145s
2025-02-19 12:29:01.215 63734 INFO tempest.lib.common.rest_client [req-283f67bd-39d2-444a-8904-445ed7e16eb4 req-283f67bd-39d2-444a-8904-445ed7e16eb4 ] Request (ImagesOneServerTestJSON:tearDownClass): 200 PUT http://10.180.1.21:9696/networking/v2.0/routers/b23a1a4b-e7cd-4e69-a038-9ba896ccbcf5/remove_router_interface 0.774s
2025-02-19 12:29:01.270 63765 INFO tempest.lib.common.rest_client [req-9e476987-ee92-42c4-a8ad-26b50fa0bc27 req-9e476987-ee92-42c4-a8ad-26b50fa0bc27 ] Request (ServerActionsTestOtherA:setUpClass): 200 GET http://10.180.1.21/compute/v2.1/servers/17637bd7-727e-44d3-9cd5-a0eb69322ed2 0.061s
2025-02-19 12:29:01.338 63738 INFO tempest.lib.common.rest_client [req-c6c58063-663a-45fe-8b01-b6acf42dcbc1 req-c6c58063-663a-45fe-8b01-b6acf42dcbc1 ] Request (SecurityGroupsTestJSON:test_server_security_groups): 200 GET http://10.180.1.21/compute/v2.1/servers/260d1159-09e8-4c66-b877-7eb0e6effde4 0.136s
2025-02-19 12:29:01.339 63718 INFO tempest.lib.common.rest_client [req-0d979db6-20d3-424a-8e03-e328573e23d9 req-0d979db6-20d3-424a-8e03-e328573e23d9 ] Request (ServerExternalEventsTest:test_create_server_external_events): 200 GET http://10.180.1.21/compute/v2.1/servers/00ce5c4e-db18-4893-91df-47ca77bc9099 0.068s
2025-02-19 12:29:01.345 63742 WARNING tempest.lib.common.ssh [-] Failed to establish authenticated ssh connection to cirros@10.180.180.233 ([Errno None] Unable to connect to port 22 on 10.180.180.233). Number attempts: 11. Retry after 12 seconds.: paramiko.ssh_exception.NoValidConnectionsError: [Errno None] Unable to connect to port 22 on 10.180.180.233
2025-02-19 12:29:01.391 63732 INFO tempest.lib.common.rest_client [req-f270294f-002a-4a0a-9880-e8a5e0137309 req-f270294f-002a-4a0a-9880-e8a5e0137309 ] Request (InstanceActionsV221TestJSON:test_get_list_deleted_instance_actions): 200 GET http://10.180.1.21/compute/v2.1/servers/a0e8987b-f229-466e-8a19-108a84646ae3 0.115s
2025-02-19 12:29:01.478 63760 INFO tempest.lib.common.rest_client [req-556d8bee-6915-40ca-b797-f2ca59ad16bb req-556d8bee-6915-40ca-b797-f2ca59ad16bb ] Request (ListServerFiltersTestJSON:tearDownClass): 200 GET http://10.180.1.21/compute/v2.1/servers/33736b9b-a9b1-438b-a04c-5fb79282c7d6 0.070s
2025-02-19 12:29:01.629 63712 INFO tempest.lib.common.rest_client [req-229f153c-06ab-4a96-b5f0-4bab96cb808b req-229f153c-06ab-4a96-b5f0-4bab96cb808b ] Request (ServersAaction247Test:test_create_backup): 200 GET http://10.180.1.21/compute/v2.1/servers/48c39fea-14ce-4231-9f7d-badd7cc912ef 0.064s
2025-02-19 12:29:01.693 63734 INFO tempest.lib.common.rest_client [req-87aee708-8d21-4950-9c70-03efcc452b7b req-87aee708-8d21-4950-9c70-03efcc452b7b ] Request (ImagesOneServerTestJSON:tearDownClass): 204 DELETE http://10.180.1.21:9696/networking/v2.0/routers/b23a1a4b-e7cd-4e69-a038-9ba896ccbcf5 0.478s
2025-02-19 12:29:01.752 63740 INFO tempest.lib.common.rest_client [req-0631ef6a-7993-4224-930f-b6625a900478 req-0631ef6a-7993-4224-930f-b6625a900478 ] Request (ImagesTestJSON:test_create_image_from_suspended_server): 200 GET http://10.180.1.21/compute/v2.1/servers/5cc76037-03e4-4c2f-8d29-617f94713bd6 0.065s
2025-02-19 12:29:01.815 63748 INFO tempest.lib.common.rest_client [req-8b47993c-74a2-42a6-94db-a314e9a7fbab req-8b47993c-74a2-42a6-94db-a314e9a7fbab ] Request (ServersAdminTestJSON:setUpClass): 200 GET http://10.180.1.21/compute/v2.1/servers/27d539c0-5401-402b-87ab-ce400a348a73 0.076s
2025-02-19 12:29:01.846 63734 INFO tempest.lib.common.rest_client [req-77b94ff4-f650-4923-be52-a775f87c9eca req-77b94ff4-f650-4923-be52-a775f87c9eca ] Request (ImagesOneServerTestJSON:tearDownClass): 204 DELETE http://10.180.1.21:9696/networking/v2.0/subnets/db3c634b-c47d-4ae1-bce0-c490b028136e 0.152s
2025-02-19 12:29:01.891 63768 INFO tempest.lib.common.rest_client [req-e802b17d-4cef-47ab-b920-58a966c91669 req-e802b17d-4cef-47ab-b920-58a966c91669 ] Request (ServerRescueNegativeTestJSON:setUpClass): 200 GET http://10.180.1.21/compute/v2.1/servers/369dc141-ec0b-4237-aed7-d047e9a59bab 0.178s
2025-02-19 12:29:01.897 63756 INFO tempest.lib.common.rest_client [req-a711ee3a-3fee-4cda-8fa3-357002597f44 req-a711ee3a-3fee-4cda-8fa3-357002597f44 ] Request (ServersTestBootFromVolume:setUpClass): 200 GET http://10.180.1.21/compute/v2.1/servers/8a309aad-b086-442f-a069-60c780c5b945 0.075s
2025-02-19 12:29:01.904 63758 WARNING tempest.lib.common.ssh [-] Failed to establish authenticated ssh connection to cirros@10.180.180.249 ([Errno None] Unable to connect to port 22 on 10.180.180.249). Number attempts: 9. Retry after 10 seconds.: paramiko.ssh_exception.NoValidConnectionsError: [Errno None] Unable to connect to port 22 on 10.180.180.249
2025-02-19 12:29:01.954 63720 INFO tempest.lib.common.rest_client [req-3afaec3c-92e7-4b45-b2f7-fcb9617cecb9 req-3afaec3c-92e7-4b45-b2f7-fcb9617cecb9 ] Request (ImagesOneServerNegativeTestJSON:setUpClass): 200 GET http://10.180.1.21/compute/v2.1/servers/85f6301b-6865-40ac-9b22-dcfa445e326c 0.086s
2025-02-19 12:29:02.003 63730 INFO tempest.lib.common.rest_client [req-3f228f45-bd1d-4487-8e63-3e8d65669bc2 req-3f228f45-bd1d-4487-8e63-3e8d65669bc2 ] Request (ListImageFiltersTestJSON:setUpClass): 200 GET http://10.180.1.21/compute/v2.1/images/871b12f6-daa9-40f6-bdbd-8234df0e3d6f 0.098s
2025-02-19 12:29:02.047 63714 INFO tempest.lib.common.rest_client [req-65a2aa3c-32fb-4168-a075-833de57ba779 req-65a2aa3c-32fb-4168-a075-833de57ba779 ] Request (FloatingIPsAssociationTestJSON:setUpClass): 200 GET http://10.180.1.21/compute/v2.1/servers/f685f5b8-a0c2-4bcc-8b41-a2ada29d7b64 0.174s
2025-02-19 12:29:02.064 63750 INFO tempest.lib.common.rest_client [req-d5849f20-d9d7-4661-b732-4ee1139d05c3 req-d5849f20-d9d7-4661-b732-4ee1139d05c3 ] Request (ServerMetadataTestJSON:setUpClass): 200 GET http://10.180.1.21/compute/v2.1/servers/272f9539-f449-431c-b847-1fb862b34e45 0.139s
2025-02-19 12:29:02.117 63722 INFO tempest.lib.common.rest_client [req-50dbb0b3-9831-4b3f-937b-b76c4a6e3146 req-50dbb0b3-9831-4b3f-937b-b76c4a6e3146 ] Request (DeleteServersAdminTestJSON:test_delete_server_while_in_error_state): 200 GET http://10.180.1.21/compute/v2.1/servers/59fa839d-83dd-463c-9e5e-91f5fbe38753 0.143s
2025-02-19 12:29:02.125 63744 INFO tempest.lib.common.rest_client [req-0354405a-988a-4fab-a153-65ceebcacc1d req-0354405a-988a-4fab-a153-65ceebcacc1d ] Request (MigrationsAdminTest:test_resize_server_revert_deleted_flavor): 200 GET http://10.180.1.21/compute/v2.1/servers/10f69421-d9f3-421d-a17f-f33968787722 0.136s
2025-02-19 12:29:02.175 63766 INFO tempest.lib.common.rest_client [req-add3f866-0e54-4d48-80c3-0240053430a1 req-add3f866-0e54-4d48-80c3-0240053430a1 ] Request (InstanceActionsNegativeTestJSON:setUpClass): 200 GET http://10.180.1.21/compute/v2.1/servers/7671d351-0759-4462-acf5-302d615f0b73 0.137s
2025-02-19 12:29:02.198 63726 INFO tempest.lib.common.rest_client [req-a33cfc1a-55c7-46ea-816d-f25d78845ebd req-a33cfc1a-55c7-46ea-816d-f25d78845ebd ] Request (ServersV294TestFqdnHostnames:setUpClass): 200 GET http://10.180.1.21/compute/v2.1/servers/e31c0a2c-b3c5-4cdc-8f6e-ebb525cb327b 0.143s
2025-02-19 12:29:02.200 63734 INFO tempest.lib.common.rest_client [req-403c7852-1551-455a-a36c-42d3fa1acecc req-403c7852-1551-455a-a36c-42d3fa1acecc ] Request (ImagesOneServerTestJSON:tearDownClass): 204 DELETE http://10.180.1.21:9696/networking/v2.0/networks/dad58ffe-7c77-488d-9f78-06e06870d6be 0.354s
2025-02-19 12:29:02.242 63736 INFO tempest.lib.common.rest_client [req-b6f82db6-b33f-4ace-af59-8f7bdd5c87b6 req-b6f82db6-b33f-4ace-af59-8f7bdd5c87b6 ] Request (ServersTestMultiNic:_run_cleanups): 200 GET http://10.180.1.21/compute/v2.1/servers/5fae3008-ed55-4e69-bea5-33f26ee23090 0.140s
2025-02-19 12:29:02.277 63734 INFO tempest.lib.common.rest_client [req-048c30db-f0a1-411f-914f-278b8f99573d req-048c30db-f0a1-411f-914f-278b8f99573d ] Request (ImagesOneServerTestJSON:tearDownClass): 204 DELETE http://10.180.1.21/identity/v3/users/7e53ea971770426f8afb45ee962d24c4 0.076s
2025-02-19 12:29:02.278 63734 INFO tempest.lib.common.dynamic_creds [-] Deleting project and security group for project: f55c30106cc54ca4b5fb1a0a483b59df
2025-02-19 12:29:02.305 63734 INFO tempest.lib.common.rest_client [req-d5eced14-5bad-4205-a320-c6fc87d8eaa7 req-d5eced14-5bad-4205-a320-c6fc87d8eaa7 ] Request (ImagesOneServerTestJSON:tearDownClass): 200 GET http://10.180.1.21:9696/networking/v2.0/security-groups?tenant_id=f55c30106cc54ca4b5fb1a0a483b59df&name=default 0.027s
2025-02-19 12:29:02.333 63765 INFO tempest.lib.common.rest_client [req-c5652e14-c4c3-46eb-beb7-d22a2f7226d5 req-c5652e14-c4c3-46eb-beb7-d22a2f7226d5 ] Request (ServerActionsTestOtherA:setUpClass): 200 GET http://10.180.1.21/compute/v2.1/servers/17637bd7-727e-44d3-9cd5-a0eb69322ed2 0.054s
2025-02-19 12:29:02.391 63734 INFO tempest.lib.common.rest_client [req-2fd8ed36-4384-47e1-b384-fbcf435b3134 req-2fd8ed36-4384-47e1-b384-fbcf435b3134 ] Request (ImagesOneServerTestJSON:tearDownClass): 204 DELETE http://10.180.1.21:9696/networking/v2.0/security-groups/576fd5c4-9d77-4ca9-9221-d5cd657cd196 0.086s
2025-02-19 12:29:02.412 63718 INFO tempest.lib.common.rest_client [req-a73425cb-8308-4fbc-957e-0715e87bfc4f req-a73425cb-8308-4fbc-957e-0715e87bfc4f ] Request (ServerExternalEventsTest:test_create_server_external_events): 200 GET http://10.180.1.21/compute/v2.1/servers/00ce5c4e-db18-4893-91df-47ca77bc9099 0.064s
2025-02-19 12:29:02.453 63738 INFO tempest.lib.common.rest_client [req-6e6af19a-1791-482b-900b-08e26c821dc0 req-6e6af19a-1791-482b-900b-08e26c821dc0 ] Request (SecurityGroupsTestJSON:test_server_security_groups): 200 GET http://10.180.1.21/compute/v2.1/servers/260d1159-09e8-4c66-b877-7eb0e6effde4 0.105s
2025-02-19 12:29:02.479 63732 INFO tempest.lib.common.rest_client [req-8dc49cd6-732b-47dd-9284-309659ed4623 req-8dc49cd6-732b-47dd-9284-309659ed4623 ] Request (InstanceActionsV221TestJSON:test_get_list_deleted_instance_actions): 200 GET http://10.180.1.21/compute/v2.1/servers/a0e8987b-f229-466e-8a19-108a84646ae3 0.079s
2025-02-19 12:29:02.494 63734 INFO tempest.lib.common.rest_client [req-f7745cb7-b986-4f07-8356-e7499bd03bb5 req-f7745cb7-b986-4f07-8356-e7499bd03bb5 ] Request (ImagesOneServerTestJSON:tearDownClass): 204 DELETE http://10.180.1.21/identity/v3/projects/f55c30106cc54ca4b5fb1a0a483b59df 0.102s
2025-02-19 12:29:02.495 63734 INFO tempest.test [-] raised in ServerPersonalityTestJSON.setUpClass. Invoking tearDownClass.
2025-02-19 12:29:02.516 63760 INFO tempest.lib.common.rest_client [req-677ca357-1f9b-4940-9612-8f288752ea16 req-677ca357-1f9b-4940-9612-8f288752ea16 ] Request (ListServerFiltersTestJSON:tearDownClass): 404 GET http://10.180.1.21/compute/v2.1/servers/33736b9b-a9b1-438b-a04c-5fb79282c7d6 0.030s
2025-02-19 12:29:02.612 63760 INFO tempest.lib.common.rest_client [req-925e6b67-0593-4790-a5c9-54b64f82867c req-925e6b67-0593-4790-a5c9-54b64f82867c ] Request (ListServerFiltersTestJSON:tearDownClass): 204 DELETE http://10.180.1.21/compute/v2.1/servers/6b84681b-8d45-483f-83ae-b7810ee9612d 0.095s
2025-02-19 12:29:02.691 63762 WARNING tempest.lib.common.ssh [-] Failed to establish authenticated ssh connection to cirros@10.180.180.229 ([Errno None] Unable to connect to port 22 on 10.180.180.229). Number attempts: 12. Retry after 13 seconds.: paramiko.ssh_exception.NoValidConnectionsError: [Errno None] Unable to connect to port 22 on 10.180.180.229
2025-02-19 12:29:02.735 63712 INFO tempest.lib.common.rest_client [req-4547b342-c707-4087-bc8c-723dd31dc8ca req-4547b342-c707-4087-bc8c-723dd31dc8ca ] Request (ServersAaction247Test:test_create_backup): 200 GET http://10.180.1.21/compute/v2.1/servers/48c39fea-14ce-4231-9f7d-badd7cc912ef 0.095s
2025-02-19 12:29:02.768 63760 INFO tempest.lib.common.rest_client [req-d061c5a0-48b6-4b64-9cab-45da5e340a09 req-d061c5a0-48b6-4b64-9cab-45da5e340a09 ] Request (ListServerFiltersTestJSON:tearDownClass): 200 GET http://10.180.1.21/compute/v2.1/servers/6b84681b-8d45-483f-83ae-b7810ee9612d 0.155s
2025-02-19 12:29:02.853 63740 INFO tempest.lib.common.rest_client [req-14c9ffa9-d6d6-4645-9db2-5f0fb706112e req-14c9ffa9-d6d6-4645-9db2-5f0fb706112e ] Request (ImagesTestJSON:test_create_image_from_suspended_server): 200 GET http://10.180.1.21/compute/v2.1/servers/5cc76037-03e4-4c2f-8d29-617f94713bd6 0.089s
2025-02-19 12:29:02.898 63748 INFO tempest.lib.common.rest_client [req-3d67a3a0-8d48-41f2-ba0b-fd3bdb56974c req-3d67a3a0-8d48-41f2-ba0b-fd3bdb56974c ] Request (ServersAdminTestJSON:setUpClass): 200 GET http://10.180.1.21/compute/v2.1/servers/27d539c0-5401-402b-87ab-ce400a348a73 0.073s
2025-02-19 12:29:02.973 63756 INFO tempest.lib.common.rest_client [req-b024992a-22e8-44d6-8ffa-2f25b5cd70a1 req-b024992a-22e8-44d6-8ffa-2f25b5cd70a1 ] Request (ServersTestBootFromVolume:setUpClass): 200 GET http://10.180.1.21/compute/v2.1/servers/8a309aad-b086-442f-a069-60c780c5b945 0.063s
2025-02-19 12:29:03.043 63768 INFO tempest.lib.common.rest_client [req-a5bc8bd3-c93e-4eed-a012-bbd4ea4755ae req-a5bc8bd3-c93e-4eed-a012-bbd4ea4755ae ] Request (ServerRescueNegativeTestJSON:setUpClass): 200 GET http://10.180.1.21/compute/v2.1/servers/369dc141-ec0b-4237-aed7-d047e9a59bab 0.144s
2025-02-19 12:29:03.051 63720 INFO tempest.lib.common.rest_client [req-6f40359b-e347-45e3-8530-833e704b9ff9 req-6f40359b-e347-45e3-8530-833e704b9ff9 ] Request (ImagesOneServerNegativeTestJSON:setUpClass): 200 GET http://10.180.1.21/compute/v2.1/servers/85f6301b-6865-40ac-9b22-dcfa445e326c 0.087s
2025-02-19 12:29:03.080 63730 INFO tempest.lib.common.rest_client [req-247a7343-cefb-4ffc-93c0-5cb22929d9a7 req-247a7343-cefb-4ffc-93c0-5cb22929d9a7 ] Request (ListImageFiltersTestJSON:setUpClass): 200 GET http://10.180.1.21/compute/v2.1/images/871b12f6-daa9-40f6-bdbd-8234df0e3d6f 0.072s
2025-02-19 12:29:03.133 63750 INFO tempest.lib.common.rest_client [req-0386d4f2-21ab-4403-92cd-093e0092298b req-0386d4f2-21ab-4403-92cd-093e0092298b ] Request (ServerMetadataTestJSON:setUpClass): 200 GET http://10.180.1.21/compute/v2.1/servers/272f9539-f449-431c-b847-1fb862b34e45 0.057s
2025-02-19 12:29:03.177 63714 INFO tempest.lib.common.rest_client [req-80f542e5-55ba-4c21-8c46-1ff5b9b51a25 req-80f542e5-55ba-4c21-8c46-1ff5b9b51a25 ] Request (FloatingIPsAssociationTestJSON:setUpClass): 200 GET http://10.180.1.21/compute/v2.1/servers/f685f5b8-a0c2-4bcc-8b41-a2ada29d7b64 0.121s
2025-02-19 12:29:03.201 63722 INFO tempest.lib.common.rest_client [req-7917939c-998e-4528-9849-22c12a9af4a8 req-7917939c-998e-4528-9849-22c12a9af4a8 ] Request (DeleteServersAdminTestJSON:test_delete_server_while_in_error_state): 200 GET http://10.180.1.21/compute/v2.1/servers/59fa839d-83dd-463c-9e5e-91f5fbe38753 0.076s
2025-02-19 12:29:03.236 63744 INFO tempest.lib.common.rest_client [req-b81c3bc5-e465-4f77-8c4f-16753ae5eea2 req-b81c3bc5-e465-4f77-8c4f-16753ae5eea2 ] Request (MigrationsAdminTest:test_resize_server_revert_deleted_flavor): 200 GET http://10.180.1.21/compute/v2.1/servers/10f69421-d9f3-421d-a17f-f33968787722 0.098s
2025-02-19 12:29:03.252 63766 INFO tempest.lib.common.rest_client [req-2d3f98ef-25e9-4303-bfec-4a12bfae7637 req-2d3f98ef-25e9-4303-bfec-4a12bfae7637 ] Request (InstanceActionsNegativeTestJSON:setUpClass): 200 GET http://10.180.1.21/compute/v2.1/servers/7671d351-0759-4462-acf5-302d615f0b73 0.067s
2025-02-19 12:29:03.302 63726 INFO tempest.lib.common.rest_client [req-fe9b2999-bd9e-4f26-8886-b02cb4ce43cc req-fe9b2999-bd9e-4f26-8886-b02cb4ce43cc ] Request (ServersV294TestFqdnHostnames:setUpClass): 200 GET http://10.180.1.21/compute/v2.1/servers/e31c0a2c-b3c5-4cdc-8f6e-ebb525cb327b 0.091s
2025-02-19 12:29:03.319 63736 INFO tempest.lib.common.rest_client [req-3f04f593-c4f3-41e3-920a-51223c808c45 req-3f04f593-c4f3-41e3-920a-51223c808c45 ] Request (ServersTestMultiNic:_run_cleanups): 200 GET http://10.180.1.21/compute/v2.1/servers/5fae3008-ed55-4e69-bea5-33f26ee23090 0.068s
2025-02-19 12:29:03.391 63765 INFO tempest.lib.common.rest_client [req-5d9b8c30-5563-4d39-9edc-62527329e4a5 req-5d9b8c30-5563-4d39-9edc-62527329e4a5 ] Request (ServerActionsTestOtherA:setUpClass): 200 GET http://10.180.1.21/compute/v2.1/servers/17637bd7-727e-44d3-9cd5-a0eb69322ed2 0.051s
2025-02-19 12:29:03.478 63718 INFO tempest.lib.common.rest_client [req-9d5de87b-2ace-4166-9036-6bfbcfc6fc8f req-9d5de87b-2ace-4166-9036-6bfbcfc6fc8f ] Request (ServerExternalEventsTest:test_create_server_external_events): 200 GET http://10.180.1.21/compute/v2.1/servers/00ce5c4e-db18-4893-91df-47ca77bc9099 0.057s
2025-02-19 12:29:03.555 63732 INFO tempest.lib.common.rest_client [req-ef5d56a2-0f65-4c67-9f47-571d00e3f038 req-ef5d56a2-0f65-4c67-9f47-571d00e3f038 ] Request (InstanceActionsV221TestJSON:test_get_list_deleted_instance_actions): 200 GET http://10.180.1.21/compute/v2.1/servers/a0e8987b-f229-466e-8a19-108a84646ae3 0.062s
2025-02-19 12:29:03.563 63738 INFO tempest.lib.common.rest_client [req-a8a226e7-19fa-42c7-968b-ddc218181ec4 req-a8a226e7-19fa-42c7-968b-ddc218181ec4 ] Request (SecurityGroupsTestJSON:test_server_security_groups): 200 GET http://10.180.1.21/compute/v2.1/servers/260d1159-09e8-4c66-b877-7eb0e6effde4 0.101s
2025-02-19 12:29:03.571 63738 INFO tempest.common.waiters [-] State transition "BUILD/spawning" ==> "ACTIVE/None" after 85 second wait
2025-02-19 12:29:03.819 63712 INFO tempest.lib.common.rest_client [req-ae8d428a-7936-4706-90ad-04f0eefc81a5 req-ae8d428a-7936-4706-90ad-04f0eefc81a5 ] Request (ServersAaction247Test:test_create_backup): 200 GET http://10.180.1.21/compute/v2.1/servers/48c39fea-14ce-4231-9f7d-badd7cc912ef 0.070s
2025-02-19 12:29:03.905 63738 INFO tempest.lib.common.rest_client [req-ab10df43-24c9-4c25-8dc7-11d14b8cfd50 req-ab10df43-24c9-4c25-8dc7-11d14b8cfd50 ] Request (SecurityGroupsTestJSON:test_server_security_groups): 202 POST http://10.180.1.21/compute/v2.1/servers/260d1159-09e8-4c66-b877-7eb0e6effde4/action 0.334s
2025-02-19 12:29:03.916 63760 INFO tempest.lib.common.rest_client [req-2d030f1d-b5a7-4b82-a0e4-84aff313f82c req-2d030f1d-b5a7-4b82-a0e4-84aff313f82c ] Request (ListServerFiltersTestJSON:tearDownClass): 200 GET http://10.180.1.21/compute/v2.1/servers/6b84681b-8d45-483f-83ae-b7810ee9612d 0.140s
2025-02-19 12:29:03.960 63740 INFO tempest.lib.common.rest_client [req-3a7ef29e-8597-4c7a-96db-4912e0384c34 req-3a7ef29e-8597-4c7a-96db-4912e0384c34 ] Request (ImagesTestJSON:test_create_image_from_suspended_server): 200 GET http://10.180.1.21/compute/v2.1/servers/5cc76037-03e4-4c2f-8d29-617f94713bd6 0.098s
2025-02-19 12:29:03.965 63738 INFO tempest.lib.common.rest_client [req-8939c2b9-8933-405d-bd94-a9a9dc657c0c req-8939c2b9-8933-405d-bd94-a9a9dc657c0c ] Request (SecurityGroupsTestJSON:test_server_security_groups): 400 DELETE http://10.180.1.21/compute/v2.1/os-security-groups/311a1e10-2102-4bb3-b858-97bb2c4b3641 0.059s
2025-02-19 12:29:04.010 63748 INFO tempest.lib.common.rest_client [req-fdf0146d-64f8-46f7-8d51-4b8bb6cdfcc5 req-fdf0146d-64f8-46f7-8d51-4b8bb6cdfcc5 ] Request (ServersAdminTestJSON:setUpClass): 200 GET http://10.180.1.21/compute/v2.1/servers/27d539c0-5401-402b-87ab-ce400a348a73 0.102s
2025-02-19 12:29:04.025 63738 INFO tempest.lib.common.rest_client [req-e5123955-8618-473f-98dd-61fe2a8d2964 req-e5123955-8618-473f-98dd-61fe2a8d2964 ] Request (SecurityGroupsTestJSON:test_server_security_groups): 202 POST http://10.180.1.21/compute/v2.1/servers/260d1159-09e8-4c66-b877-7eb0e6effde4/action 0.059s
2025-02-19 12:29:04.060 63756 INFO tempest.lib.common.rest_client [req-777f6c33-eea3-4633-bb15-7d7b2e8fc5fe req-777f6c33-eea3-4633-bb15-7d7b2e8fc5fe ] Request (ServersTestBootFromVolume:setUpClass): 200 GET http://10.180.1.21/compute/v2.1/servers/8a309aad-b086-442f-a069-60c780c5b945 0.076s
2025-02-19 12:29:04.181 63768 INFO tempest.lib.common.rest_client [req-771ada03-f43c-4df2-a567-15eba9285039 req-771ada03-f43c-4df2-a567-15eba9285039 ] Request (ServerRescueNegativeTestJSON:setUpClass): 200 GET http://10.180.1.21/compute/v2.1/servers/369dc141-ec0b-4237-aed7-d047e9a59bab 0.123s
2025-02-19 12:29:04.236 63720 INFO tempest.lib.common.rest_client [req-d4e05cdc-9a5f-4fdf-bd06-7c81f1df548e req-d4e05cdc-9a5f-4fdf-bd06-7c81f1df548e ] Request (ImagesOneServerNegativeTestJSON:setUpClass): 200 GET http://10.180.1.21/compute/v2.1/servers/85f6301b-6865-40ac-9b22-dcfa445e326c 0.176s
2025-02-19 12:29:04.277 63730 INFO tempest.lib.common.rest_client [req-a99f8fa6-37bb-4404-a26c-ac4fa56a42af req-a99f8fa6-37bb-4404-a26c-ac4fa56a42af ] Request (ListImageFiltersTestJSON:setUpClass): 200 GET http://10.180.1.21/compute/v2.1/images/871b12f6-daa9-40f6-bdbd-8234df0e3d6f 0.193s
2025-02-19 12:29:04.336 63750 INFO tempest.lib.common.rest_client [req-c13be221-b0ed-46de-9c10-9e3d62fe40f7 req-c13be221-b0ed-46de-9c10-9e3d62fe40f7 ] Request (ServerMetadataTestJSON:setUpClass): 200 GET http://10.180.1.21/compute/v2.1/servers/272f9539-f449-431c-b847-1fb862b34e45 0.191s
2025-02-19 12:29:04.346 63738 INFO tempest.lib.common.rest_client [req-d003e131-769b-4cc7-b3ae-5c5f5a29a646 req-d003e131-769b-4cc7-b3ae-5c5f5a29a646 ] Request (SecurityGroupsTestJSON:test_server_security_groups): 200 GET http://10.180.1.21/compute/v2.1/servers/260d1159-09e8-4c66-b877-7eb0e6effde4 0.321s
2025-02-19 12:29:04.415 63722 INFO tempest.lib.common.rest_client [req-85875190-aa01-46e1-a996-16c5ffd1f02f req-85875190-aa01-46e1-a996-16c5ffd1f02f ] Request (DeleteServersAdminTestJSON:test_delete_server_while_in_error_state): 200 GET http://10.180.1.21/compute/v2.1/servers/59fa839d-83dd-463c-9e5e-91f5fbe38753 0.204s
2025-02-19 12:29:04.472 63714 INFO tempest.lib.common.rest_client [req-f7f8a29e-a934-4278-9285-4d8812315f7d req-f7f8a29e-a934-4278-9285-4d8812315f7d ] Request (FloatingIPsAssociationTestJSON:setUpClass): 200 GET http://10.180.1.21/compute/v2.1/servers/f685f5b8-a0c2-4bcc-8b41-a2ada29d7b64 0.285s
2025-02-19 12:29:04.500 63744 INFO tempest.lib.common.rest_client [req-1ca502f0-c615-43e5-8776-65bc7b0837ae req-1ca502f0-c615-43e5-8776-65bc7b0837ae ] Request (MigrationsAdminTest:test_resize_server_revert_deleted_flavor): 200 GET http://10.180.1.21/compute/v2.1/servers/10f69421-d9f3-421d-a17f-f33968787722 0.255s
2025-02-19 12:29:04.508 63744 INFO tempest.common.waiters [-] State transition "BUILD/scheduling" ==> "BUILD/None" after 25 second wait
2025-02-19 12:29:04.539 63766 INFO tempest.lib.common.rest_client [req-d020ce39-bcd7-4ebd-a8f3-201f2cac8ed8 req-d020ce39-bcd7-4ebd-a8f3-201f2cac8ed8 ] Request (InstanceActionsNegativeTestJSON:setUpClass): 200 GET http://10.180.1.21/compute/v2.1/servers/7671d351-0759-4462-acf5-302d615f0b73 0.276s
2025-02-19 12:29:04.555 63726 INFO tempest.lib.common.rest_client [req-5c07718c-2031-4b81-a535-2b352c6dd861 req-5c07718c-2031-4b81-a535-2b352c6dd861 ] Request (ServersV294TestFqdnHostnames:setUpClass): 200 GET http://10.180.1.21/compute/v2.1/servers/e31c0a2c-b3c5-4cdc-8f6e-ebb525cb327b 0.242s
2025-02-19 12:29:04.606 63765 INFO tempest.lib.common.rest_client [req-11adf487-08a2-4080-98da-ea952d4f72bd req-11adf487-08a2-4080-98da-ea952d4f72bd ] Request (ServerActionsTestOtherA:setUpClass): 200 GET http://10.180.1.21/compute/v2.1/servers/17637bd7-727e-44d3-9cd5-a0eb69322ed2 0.206s
2025-02-19 12:29:04.610 63736 INFO tempest.lib.common.rest_client [req-ff78b77d-dfed-423b-a3bd-56ab3eeb9a25 req-ff78b77d-dfed-423b-a3bd-56ab3eeb9a25 ] Request (ServersTestMultiNic:_run_cleanups): 200 GET http://10.180.1.21/compute/v2.1/servers/5fae3008-ed55-4e69-bea5-33f26ee23090 0.284s
2025-02-19 12:29:04.662 63718 INFO tempest.lib.common.rest_client [req-f3199a4e-a4f6-4c30-94db-07edadf4904a req-f3199a4e-a4f6-4c30-94db-07edadf4904a ] Request (ServerExternalEventsTest:test_create_server_external_events): 200 GET http://10.180.1.21/compute/v2.1/servers/00ce5c4e-db18-4893-91df-47ca77bc9099 0.176s
2025-02-19 12:29:04.672 63732 INFO tempest.lib.common.rest_client [req-30e120fb-e817-462e-9244-9bf0bfd9f173 req-30e120fb-e817-462e-9244-9bf0bfd9f173 ] Request (InstanceActionsV221TestJSON:test_get_list_deleted_instance_actions): 200 GET http://10.180.1.21/compute/v2.1/servers/a0e8987b-f229-466e-8a19-108a84646ae3 0.107s
2025-02-19 12:29:04.895 63712 INFO tempest.lib.common.rest_client [req-a336bbb6-a902-45fa-816d-5943acb0e725 req-a336bbb6-a902-45fa-816d-5943acb0e725 ] Request (ServersAaction247Test:test_create_backup): 200 GET http://10.180.1.21/compute/v2.1/servers/48c39fea-14ce-4231-9f7d-badd7cc912ef 0.067s
2025-02-19 12:29:05.008 63760 INFO tempest.lib.common.rest_client [req-fb20ec2a-f02a-46e8-80c8-99c04d140f3e req-fb20ec2a-f02a-46e8-80c8-99c04d140f3e ] Request (ListServerFiltersTestJSON:tearDownClass): 200 GET http://10.180.1.21/compute/v2.1/servers/6b84681b-8d45-483f-83ae-b7810ee9612d 0.083s
2025-02-19 12:29:05.063 63740 INFO tempest.lib.common.rest_client [req-761a78a5-35dc-49d3-b5bc-c4dbe12801c3 req-761a78a5-35dc-49d3-b5bc-c4dbe12801c3 ] Request (ImagesTestJSON:test_create_image_from_suspended_server): 200 GET http://10.180.1.21/compute/v2.1/servers/5cc76037-03e4-4c2f-8d29-617f94713bd6 0.094s
2025-02-19 12:29:05.085 63748 INFO tempest.lib.common.rest_client [req-b15749e7-7aa2-437d-86f7-11eb0eafff97 req-b15749e7-7aa2-437d-86f7-11eb0eafff97 ] Request (ServersAdminTestJSON:setUpClass): 200 GET http://10.180.1.21/compute/v2.1/servers/27d539c0-5401-402b-87ab-ce400a348a73 0.067s
2025-02-19 12:29:05.126 63756 INFO tempest.lib.common.rest_client [req-d4a7a054-b7d2-4c12-a75f-e9327d1d9fc1 req-d4a7a054-b7d2-4c12-a75f-e9327d1d9fc1 ] Request (ServersTestBootFromVolume:setUpClass): 200 GET http://10.180.1.21/compute/v2.1/servers/8a309aad-b086-442f-a069-60c780c5b945 0.058s
2025-02-19 12:29:05.295 63720 INFO tempest.lib.common.rest_client [req-ac000f82-abdf-4d7d-a6af-79fab3b04bce req-ac000f82-abdf-4d7d-a6af-79fab3b04bce ] Request (ImagesOneServerNegativeTestJSON:setUpClass): 200 GET http://10.180.1.21/compute/v2.1/servers/85f6301b-6865-40ac-9b22-dcfa445e326c 0.052s
2025-02-19 12:29:05.308 63768 INFO tempest.lib.common.rest_client [req-aac33e58-889f-4ce1-adfa-9f9ff639d1fd req-aac33e58-889f-4ce1-adfa-9f9ff639d1fd ] Request (ServerRescueNegativeTestJSON:setUpClass): 200 GET http://10.180.1.21/compute/v2.1/servers/369dc141-ec0b-4237-aed7-d047e9a59bab 0.119s
2025-02-19 12:29:05.316 63768 INFO tempest.common.waiters [-] State transition "ACTIVE/rescuing" ==> "RESCUE/None" after 8 second wait
2025-02-19 12:29:05.331 63730 INFO tempest.lib.common.rest_client [req-8780cf2d-7dbb-43fd-be2c-d761f8ddec1a req-8780cf2d-7dbb-43fd-be2c-d761f8ddec1a ] Request (ListImageFiltersTestJSON:setUpClass): 200 GET http://10.180.1.21/compute/v2.1/images/871b12f6-daa9-40f6-bdbd-8234df0e3d6f 0.042s
2025-02-19 12:29:05.400 63750 INFO tempest.lib.common.rest_client [req-4516a0fb-9a6b-4da6-aa40-a198988bc8a2 req-4516a0fb-9a6b-4da6-aa40-a198988bc8a2 ] Request (ServerMetadataTestJSON:setUpClass): 200 GET http://10.180.1.21/compute/v2.1/servers/272f9539-f449-431c-b847-1fb862b34e45 0.057s
2025-02-19 12:29:05.488 63768 INFO tempest.lib.common.rest_client [req-9794e4ca-1840-45b8-9e1c-952f1dd14162 req-9794e4ca-1840-45b8-9e1c-952f1dd14162 ] Request (ServerRescueNegativeTestJSON:setUpClass): 200 GET http://10.180.1.21/compute/v2.1/servers/ce27a7e1-05e2-46b0-9689-39d4efbda232 0.171s
2025-02-19 12:29:05.504 63738 INFO tempest.lib.common.rest_client [req-34ad4ec7-5c17-41e0-bf4c-3e227778e023 req-34ad4ec7-5c17-41e0-bf4c-3e227778e023 ] Request (SecurityGroupsTestJSON:test_server_security_groups): 200 GET http://10.180.1.21/compute/v2.1/servers/260d1159-09e8-4c66-b877-7eb0e6effde4 0.145s
2025-02-19 12:29:05.580 63722 INFO tempest.lib.common.rest_client [req-939674bb-0888-4991-a9ae-e658da43bea9 req-939674bb-0888-4991-a9ae-e658da43bea9 ] Request (DeleteServersAdminTestJSON:test_delete_server_while_in_error_state): 200 GET http://10.180.1.21/compute/v2.1/servers/59fa839d-83dd-463c-9e5e-91f5fbe38753 0.154s
2025-02-19 12:29:05.592 63768 INFO tempest.lib.common.rest_client [req-d2073d60-131e-411b-b7ac-09dea8950830 req-d2073d60-131e-411b-b7ac-09dea8950830 ] Request (ServerRescueNegativeTestJSON:test_rescue_non_existent_server): 404 POST http://10.180.1.21/compute/v2.1/servers/6e6d2111-c7e0-4ee8-9281-2f57b8b6b0f0/action 0.096s
2025-02-19 12:29:05.648 63744 INFO tempest.lib.common.rest_client [req-7bb3ffe5-9afc-4827-8bc2-5eccc8167ef3 req-7bb3ffe5-9afc-4827-8bc2-5eccc8167ef3 ] Request (MigrationsAdminTest:test_resize_server_revert_deleted_flavor): 200 GET http://10.180.1.21/compute/v2.1/servers/10f69421-d9f3-421d-a17f-f33968787722 0.140s
2025-02-19 12:29:05.655 63714 INFO tempest.lib.common.rest_client [req-7597a112-34d3-42ed-ad6a-fefcb2877e64 req-7597a112-34d3-42ed-ad6a-fefcb2877e64 ] Request (FloatingIPsAssociationTestJSON:setUpClass): 200 GET http://10.180.1.21/compute/v2.1/servers/f685f5b8-a0c2-4bcc-8b41-a2ada29d7b64 0.170s
2025-02-19 12:29:05.706 63766 INFO tempest.lib.common.rest_client [req-e2ed7c87-ec60-4907-aa3a-478368479854 req-e2ed7c87-ec60-4907-aa3a-478368479854 ] Request (InstanceActionsNegativeTestJSON:setUpClass): 200 GET http://10.180.1.21/compute/v2.1/servers/7671d351-0759-4462-acf5-302d615f0b73 0.158s
2025-02-19 12:29:05.727 63726 INFO tempest.lib.common.rest_client [req-af7dd257-3943-4e28-b038-8269eb7dfd77 req-af7dd257-3943-4e28-b038-8269eb7dfd77 ] Request (ServersV294TestFqdnHostnames:setUpClass): 200 GET http://10.180.1.21/compute/v2.1/servers/e31c0a2c-b3c5-4cdc-8f6e-ebb525cb327b 0.160s
2025-02-19 12:29:05.768 63765 INFO tempest.lib.common.rest_client [req-10a6f61b-bafc-4cfb-85ec-576fc9337223 req-10a6f61b-bafc-4cfb-85ec-576fc9337223 ] Request (ServerActionsTestOtherA:setUpClass): 200 GET http://10.180.1.21/compute/v2.1/servers/17637bd7-727e-44d3-9cd5-a0eb69322ed2 0.153s
2025-02-19 12:29:05.770 63768 INFO tempest.lib.common.rest_client [req-484f9e4c-020d-429a-a6ed-53f186060c03 req-484f9e4c-020d-429a-a6ed-53f186060c03 ] Request (ServerRescueNegativeTestJSON:test_rescued_vm_attach_volume): 202 POST http://10.180.1.21/volume/v3/volumes 0.174s
2025-02-19 12:29:05.781 63755 WARNING tempest.lib.common.ssh [-] Failed to establish authenticated ssh connection to cirros@10.180.180.170 ([Errno None] Unable to connect to port 22 on 10.180.180.170). Number attempts: 10. Retry after 11 seconds.: paramiko.ssh_exception.NoValidConnectionsError: [Errno None] Unable to connect to port 22 on 10.180.180.170
2025-02-19 12:29:05.787 63736 INFO tempest.lib.common.rest_client [req-928b04f8-4ae3-4a80-a872-e42437aea246 req-928b04f8-4ae3-4a80-a872-e42437aea246 ] Request (ServersTestMultiNic:_run_cleanups): 200 GET http://10.180.1.21/compute/v2.1/servers/5fae3008-ed55-4e69-bea5-33f26ee23090 0.168s
2025-02-19 12:29:05.812 63768 INFO tempest.lib.common.rest_client [req-ef080e9a-08fb-4e69-86cf-6b13e6eed4a4 req-ef080e9a-08fb-4e69-86cf-6b13e6eed4a4 ] Request (ServerRescueNegativeTestJSON:test_rescued_vm_attach_volume): 200 GET http://10.180.1.21/volume/v3/volumes/53d61485-cad7-46f9-b635-011591551c77 0.033s
2025-02-19 12:29:05.829 63718 INFO tempest.lib.common.rest_client [req-e3257773-8f29-4cbf-a59b-32f860fa299b req-e3257773-8f29-4cbf-a59b-32f860fa299b ] Request (ServerExternalEventsTest:test_create_server_external_events): 200 GET http://10.180.1.21/compute/v2.1/servers/00ce5c4e-db18-4893-91df-47ca77bc9099 0.158s
2025-02-19 12:29:05.853 63732 INFO tempest.lib.common.rest_client [req-4fd92ae4-f32d-48b9-8867-7473407720aa req-4fd92ae4-f32d-48b9-8867-7473407720aa ] Request (InstanceActionsV221TestJSON:test_get_list_deleted_instance_actions): 200 GET http://10.180.1.21/compute/v2.1/servers/a0e8987b-f229-466e-8a19-108a84646ae3 0.172s
2025-02-19 12:29:05.961 63712 INFO tempest.lib.common.rest_client [req-10ff15d1-30d7-4129-8519-eb2e329c512f req-10ff15d1-30d7-4129-8519-eb2e329c512f ] Request (ServersAaction247Test:test_create_backup): 200 GET http://10.180.1.21/compute/v2.1/servers/48c39fea-14ce-4231-9f7d-badd7cc912ef 0.056s
2025-02-19 12:29:06.076 63760 INFO tempest.lib.common.rest_client [req-61fe5cec-3f05-442d-a373-163b7b16c961 req-61fe5cec-3f05-442d-a373-163b7b16c961 ] Request (ListServerFiltersTestJSON:tearDownClass): 200 GET http://10.180.1.21/compute/v2.1/servers/6b84681b-8d45-483f-83ae-b7810ee9612d 0.058s
2025-02-19 12:29:06.083 63716 WARNING tempest.lib.common.ssh [-] Failed to establish authenticated ssh connection to cirros@10.180.180.246 ([Errno None] Unable to connect to port 22 on 10.180.180.246). Number attempts: 3. Retry after 4 seconds.: paramiko.ssh_exception.NoValidConnectionsError: [Errno None] Unable to connect to port 22 on 10.180.180.246
2025-02-19 12:29:06.123 63740 INFO tempest.lib.common.rest_client [req-975e095c-cb28-4bbe-839e-012b98f1071f req-975e095c-cb28-4bbe-839e-012b98f1071f ] Request (ImagesTestJSON:test_create_image_from_suspended_server): 200 GET http://10.180.1.21/compute/v2.1/servers/5cc76037-03e4-4c2f-8d29-617f94713bd6 0.051s
2025-02-19 12:29:06.151 63748 INFO tempest.lib.common.rest_client [req-fb62813f-d8b5-4d35-9a38-4fd4c57f4e1b req-fb62813f-d8b5-4d35-9a38-4fd4c57f4e1b ] Request (ServersAdminTestJSON:setUpClass): 200 GET http://10.180.1.21/compute/v2.1/servers/27d539c0-5401-402b-87ab-ce400a348a73 0.059s
2025-02-19 12:29:06.185 63756 INFO tempest.lib.common.rest_client [req-62fdb541-14a3-426b-9ff4-edc1f51ad8c5 req-62fdb541-14a3-426b-9ff4-edc1f51ad8c5 ] Request (ServersTestBootFromVolume:setUpClass): 200 GET http://10.180.1.21/compute/v2.1/servers/8a309aad-b086-442f-a069-60c780c5b945 0.050s
2025-02-19 12:29:06.375 63720 INFO tempest.lib.common.rest_client [req-7feb6754-6636-4443-abc4-6333a29ceec2 req-7feb6754-6636-4443-abc4-6333a29ceec2 ] Request (ImagesOneServerNegativeTestJSON:setUpClass): 200 GET http://10.180.1.21/compute/v2.1/servers/85f6301b-6865-40ac-9b22-dcfa445e326c 0.068s
2025-02-19 12:29:06.380 63730 INFO tempest.lib.common.rest_client [req-f6614de6-b64b-4b0a-b478-c87541fde1ad req-f6614de6-b64b-4b0a-b478-c87541fde1ad ] Request (ListImageFiltersTestJSON:setUpClass): 200 GET http://10.180.1.21/compute/v2.1/images/871b12f6-daa9-40f6-bdbd-8234df0e3d6f 0.045s
2025-02-19 12:29:06.465 63750 INFO tempest.lib.common.rest_client [req-8f3e42dd-e511-4322-9f40-9e17f48f8e24 req-8f3e42dd-e511-4322-9f40-9e17f48f8e24 ] Request (ServerMetadataTestJSON:setUpClass): 200 GET http://10.180.1.21/compute/v2.1/servers/272f9539-f449-431c-b847-1fb862b34e45 0.057s
2025-02-19 12:29:06.633 63738 INFO tempest.lib.common.rest_client [req-61d4ae81-eee1-40f6-ae6f-877279052d4d req-61d4ae81-eee1-40f6-ae6f-877279052d4d ] Request (SecurityGroupsTestJSON:test_server_security_groups): 200 GET http://10.180.1.21/compute/v2.1/servers/260d1159-09e8-4c66-b877-7eb0e6effde4 0.118s
2025-02-19 12:29:06.651 63722 INFO tempest.lib.common.rest_client [req-2f571421-8d7e-4705-9404-de76ed7816e8 req-2f571421-8d7e-4705-9404-de76ed7816e8 ] Request (DeleteServersAdminTestJSON:test_delete_server_while_in_error_state): 200 GET http://10.180.1.21/compute/v2.1/servers/59fa839d-83dd-463c-9e5e-91f5fbe38753 0.062s
2025-02-19 12:29:06.706 63744 INFO tempest.lib.common.rest_client [req-ed0c50ec-ba70-48a8-b26c-a4cbdb543eee req-ed0c50ec-ba70-48a8-b26c-a4cbdb543eee ] Request (MigrationsAdminTest:test_resize_server_revert_deleted_flavor): 200 GET http://10.180.1.21/compute/v2.1/servers/10f69421-d9f3-421d-a17f-f33968787722 0.049s
2025-02-19 12:29:06.759 63714 INFO tempest.lib.common.rest_client [req-e74b99c7-cb45-4972-82e0-70af80a59e0e req-e74b99c7-cb45-4972-82e0-70af80a59e0e ] Request (FloatingIPsAssociationTestJSON:setUpClass): 200 GET http://10.180.1.21/compute/v2.1/servers/f685f5b8-a0c2-4bcc-8b41-a2ada29d7b64 0.093s
2025-02-19 12:29:06.767 63766 INFO tempest.lib.common.rest_client [req-a09c3910-1f52-4140-b20d-232136c63098 req-a09c3910-1f52-4140-b20d-232136c63098 ] Request (InstanceActionsNegativeTestJSON:setUpClass): 200 GET http://10.180.1.21/compute/v2.1/servers/7671d351-0759-4462-acf5-302d615f0b73 0.049s
2025-02-19 12:29:06.786 63710 WARNING tempest.lib.common.ssh [-] Failed to establish authenticated ssh connection to cirros@10.180.180.175 ([Errno None] Unable to connect to port 22 on 10.180.180.175). Number attempts: 11. Retry after 12 seconds.: paramiko.ssh_exception.NoValidConnectionsError: [Errno None] Unable to connect to port 22 on 10.180.180.175
2025-02-19 12:29:06.819 63726 INFO tempest.lib.common.rest_client [req-1f7de066-009f-4edd-b080-861c2c23ec38 req-1f7de066-009f-4edd-b080-861c2c23ec38 ] Request (ServersV294TestFqdnHostnames:setUpClass): 200 GET http://10.180.1.21/compute/v2.1/servers/e31c0a2c-b3c5-4cdc-8f6e-ebb525cb327b 0.078s
2025-02-19 12:29:06.831 63765 INFO tempest.lib.common.rest_client [req-6681618c-512e-40e9-8dca-0ad3b9e6adee req-6681618c-512e-40e9-8dca-0ad3b9e6adee ] Request (ServerActionsTestOtherA:setUpClass): 200 GET http://10.180.1.21/compute/v2.1/servers/17637bd7-727e-44d3-9cd5-a0eb69322ed2 0.055s
2025-02-19 12:29:06.853 63768 INFO tempest.lib.common.rest_client [req-da8bc0d3-2426-4d14-92f4-0faf3306a965 req-da8bc0d3-2426-4d14-92f4-0faf3306a965 ] Request (ServerRescueNegativeTestJSON:test_rescued_vm_attach_volume): 200 GET http://10.180.1.21/volume/v3/volumes/53d61485-cad7-46f9-b635-011591551c77 0.029s
2025-02-19 12:29:06.860 63768 INFO tempest.common.waiters [-] volume 53d61485-cad7-46f9-b635-011591551c77 reached available after waiting for 1.860027 seconds
2025-02-19 12:29:06.889 63718 INFO tempest.lib.common.rest_client [req-770f6065-07f2-4e5f-98b5-64d7bae0d385 req-770f6065-07f2-4e5f-98b5-64d7bae0d385 ] Request (ServerExternalEventsTest:test_create_server_external_events): 200 GET http://10.180.1.21/compute/v2.1/servers/00ce5c4e-db18-4893-91df-47ca77bc9099 0.052s
2025-02-19 12:29:06.973 63768 INFO tempest.lib.common.rest_client [req-af3f6a5d-e48b-4dd5-83dc-4f8a50bcc7df req-af3f6a5d-e48b-4dd5-83dc-4f8a50bcc7df ] Request (ServerRescueNegativeTestJSON:test_rescued_vm_attach_volume): 200 POST http://10.180.1.21/compute/v2.1/servers/ce27a7e1-05e2-46b0-9689-39d4efbda232/action 0.113s
2025-02-19 12:29:07.044 63732 INFO tempest.lib.common.rest_client [req-a87b0df2-f572-4e9c-9818-833e67ae204e req-a87b0df2-f572-4e9c-9818-833e67ae204e ] Request (InstanceActionsV221TestJSON:test_get_list_deleted_instance_actions): 200 GET http://10.180.1.21/compute/v2.1/servers/a0e8987b-f229-466e-8a19-108a84646ae3 0.181s
2025-02-19 12:29:07.105 63712 INFO tempest.lib.common.rest_client [req-d9d337cb-485d-4db6-b307-ca21be619ca7 req-d9d337cb-485d-4db6-b307-ca21be619ca7 ] Request (ServersAaction247Test:test_create_backup): 200 GET http://10.180.1.21/compute/v2.1/servers/48c39fea-14ce-4231-9f7d-badd7cc912ef 0.132s
2025-02-19 12:29:07.111 63736 INFO tempest.lib.common.rest_client [req-e37cdc15-f8a3-4f9d-9def-32a34e839a72 req-e37cdc15-f8a3-4f9d-9def-32a34e839a72 ] Request (ServersTestMultiNic:_run_cleanups): 200 GET http://10.180.1.21/compute/v2.1/servers/5fae3008-ed55-4e69-bea5-33f26ee23090 0.308s
2025-02-19 12:29:07.175 63760 INFO tempest.lib.common.rest_client [req-b7e348c3-07ce-4d33-9b45-191c36826499 req-b7e348c3-07ce-4d33-9b45-191c36826499 ] Request (ListServerFiltersTestJSON:tearDownClass): 200 GET http://10.180.1.21/compute/v2.1/servers/6b84681b-8d45-483f-83ae-b7810ee9612d 0.090s
2025-02-19 12:29:07.187 63760 INFO tempest.common.waiters [-] State transition "ACTIVE/deleting" ==> "DELETED/None" after 5 second wait
2025-02-19 12:29:07.227 63740 INFO tempest.lib.common.rest_client [req-0d8df891-116b-408c-983e-d1cb8db90963 req-0d8df891-116b-408c-983e-d1cb8db90963 ] Request (ImagesTestJSON:test_create_image_from_suspended_server): 200 GET http://10.180.1.21/compute/v2.1/servers/5cc76037-03e4-4c2f-8d29-617f94713bd6 0.096s
2025-02-19 12:29:07.232 63768 INFO tempest.lib.common.rest_client [req-f09306bf-42de-4c89-b418-58be71309f34 req-f09306bf-42de-4c89-b418-58be71309f34 ] Request (ServerRescueNegativeTestJSON:test_rescued_vm_attach_volume): 200 GET http://10.180.1.21/compute/v2.1/servers/ce27a7e1-05e2-46b0-9689-39d4efbda232 0.258s
2025-02-19 12:29:07.279 63748 INFO tempest.lib.common.rest_client [req-68037e93-0a93-4c25-aaec-b26cfbdf7a82 req-68037e93-0a93-4c25-aaec-b26cfbdf7a82 ] Request (ServersAdminTestJSON:setUpClass): 200 GET http://10.180.1.21/compute/v2.1/servers/27d539c0-5401-402b-87ab-ce400a348a73 0.119s
2025-02-19 12:29:07.281 63756 INFO tempest.lib.common.rest_client [req-eff3aa09-efce-42d4-a467-d49f383d8e7b req-eff3aa09-efce-42d4-a467-d49f383d8e7b ] Request (ServersTestBootFromVolume:setUpClass): 200 GET http://10.180.1.21/compute/v2.1/servers/8a309aad-b086-442f-a069-60c780c5b945 0.089s
2025-02-19 12:29:07.285 63748 INFO tempest.common.waiters [-] State transition "BUILD/None" ==> "BUILD/networking" after 59 second wait
2025-02-19 12:29:07.423 63730 INFO tempest.lib.common.rest_client [req-16905dc5-237a-4a14-bf62-de820f7cbff6 req-16905dc5-237a-4a14-bf62-de820f7cbff6 ] Request (ListImageFiltersTestJSON:setUpClass): 200 GET http://10.180.1.21/compute/v2.1/images/871b12f6-daa9-40f6-bdbd-8234df0e3d6f 0.038s
2025-02-19 12:29:07.435 63720 INFO tempest.lib.common.rest_client [req-53f63c7b-c163-4b47-8e37-64b1f0e3d282 req-53f63c7b-c163-4b47-8e37-64b1f0e3d282 ] Request (ImagesOneServerNegativeTestJSON:setUpClass): 200 GET http://10.180.1.21/compute/v2.1/servers/85f6301b-6865-40ac-9b22-dcfa445e326c 0.052s
2025-02-19 12:29:07.524 63750 INFO tempest.lib.common.rest_client [req-9b2a59ab-444a-4b02-a25a-2cdcbf761f7a req-9b2a59ab-444a-4b02-a25a-2cdcbf761f7a ] Request (ServerMetadataTestJSON:setUpClass): 200 GET http://10.180.1.21/compute/v2.1/servers/272f9539-f449-431c-b847-1fb862b34e45 0.052s
2025-02-19 12:29:07.718 63722 INFO tempest.lib.common.rest_client [req-aa623a7d-c1e9-46b9-90b1-d8b845d0a74c req-aa623a7d-c1e9-46b9-90b1-d8b845d0a74c ] Request (DeleteServersAdminTestJSON:test_delete_server_while_in_error_state): 200 GET http://10.180.1.21/compute/v2.1/servers/59fa839d-83dd-463c-9e5e-91f5fbe38753 0.059s
2025-02-19 12:29:07.773 63744 INFO tempest.lib.common.rest_client [req-3978c089-c803-4e36-8976-c388066878b5 req-3978c089-c803-4e36-8976-c388066878b5 ] Request (MigrationsAdminTest:test_resize_server_revert_deleted_flavor): 200 GET http://10.180.1.21/compute/v2.1/servers/10f69421-d9f3-421d-a17f-f33968787722 0.059s
2025-02-19 12:29:07.805 63738 INFO tempest.lib.common.rest_client [req-a54dbd84-5de5-4370-9a9d-819b7b88e223 req-a54dbd84-5de5-4370-9a9d-819b7b88e223 ] Request (SecurityGroupsTestJSON:test_server_security_groups): 200 GET http://10.180.1.21/compute/v2.1/servers/260d1159-09e8-4c66-b877-7eb0e6effde4 0.164s
2025-02-19 12:29:07.813 63738 INFO tempest.common.waiters [-] State transition "HARD_REBOOT/rebooting_hard" ==> "HARD_REBOOT/reboot_pending_hard" after 3 second wait
2025-02-19 12:29:07.857 63766 INFO tempest.lib.common.rest_client [req-51373898-4bd9-406c-b127-a31872231483 req-51373898-4bd9-406c-b127-a31872231483 ] Request (InstanceActionsNegativeTestJSON:setUpClass): 200 GET http://10.180.1.21/compute/v2.1/servers/7671d351-0759-4462-acf5-302d615f0b73 0.083s
2025-02-19 12:29:07.865 63714 INFO tempest.lib.common.rest_client [req-5237e702-366d-4fc4-8141-0eaf5edc5277 req-5237e702-366d-4fc4-8141-0eaf5edc5277 ] Request (FloatingIPsAssociationTestJSON:setUpClass): 200 GET http://10.180.1.21/compute/v2.1/servers/f685f5b8-a0c2-4bcc-8b41-a2ada29d7b64 0.098s
2025-02-19 12:29:07.914 63765 INFO tempest.lib.common.rest_client [req-4cac8192-e63b-433c-ae5c-fc7d38178eda req-4cac8192-e63b-433c-ae5c-fc7d38178eda ] Request (ServerActionsTestOtherA:setUpClass): 200 GET http://10.180.1.21/compute/v2.1/servers/17637bd7-727e-44d3-9cd5-a0eb69322ed2 0.073s
2025-02-19 12:29:07.919 63726 INFO tempest.lib.common.rest_client [req-5a178102-2874-4118-8bd2-45abc907ba1c req-5a178102-2874-4118-8bd2-45abc907ba1c ] Request (ServersV294TestFqdnHostnames:setUpClass): 200 GET http://10.180.1.21/compute/v2.1/servers/e31c0a2c-b3c5-4cdc-8f6e-ebb525cb327b 0.090s
2025-02-19 12:29:07.968 63718 INFO tempest.lib.common.rest_client [req-3b6747c8-8d9c-44fa-91a1-c9848ed8d1f4 req-3b6747c8-8d9c-44fa-91a1-c9848ed8d1f4 ] Request (ServerExternalEventsTest:test_create_server_external_events): 200 GET http://10.180.1.21/compute/v2.1/servers/00ce5c4e-db18-4893-91df-47ca77bc9099 0.070s
2025-02-19 12:29:08.131 63728 WARNING tempest.lib.common.ssh [-] Failed to establish authenticated ssh connection to cirros@10.180.180.253 ([Errno None] Unable to connect to port 22 on 10.180.180.253). Number attempts: 7. Retry after 8 seconds.: paramiko.ssh_exception.NoValidConnectionsError: [Errno None] Unable to connect to port 22 on 10.180.180.253
2025-02-19 12:29:08.141 63732 INFO tempest.lib.common.rest_client [req-0b7db0b8-132d-460e-bf12-38e93a204ecf req-0b7db0b8-132d-460e-bf12-38e93a204ecf ] Request (InstanceActionsV221TestJSON:test_get_list_deleted_instance_actions): 200 GET http://10.180.1.21/compute/v2.1/servers/a0e8987b-f229-466e-8a19-108a84646ae3 0.085s
2025-02-19 12:29:08.178 63752 WARNING tempest.lib.common.ssh [-] Failed to establish authenticated ssh connection to cirros@10.180.180.160 ([Errno None] Unable to connect to port 22 on 10.180.180.160). Number attempts: 9. Retry after 10 seconds.: paramiko.ssh_exception.NoValidConnectionsError: [Errno None] Unable to connect to port 22 on 10.180.180.160
2025-02-19 12:29:08.194 63736 INFO tempest.lib.common.rest_client [req-e459997a-477f-44f3-ad75-052d06bba9c1 req-e459997a-477f-44f3-ad75-052d06bba9c1 ] Request (ServersTestMultiNic:_run_cleanups): 200 GET http://10.180.1.21/compute/v2.1/servers/5fae3008-ed55-4e69-bea5-33f26ee23090 0.074s
2025-02-19 12:29:08.199 63712 INFO tempest.lib.common.rest_client [req-eb8ee8b4-4019-4ee0-985c-d6309ed819b2 req-eb8ee8b4-4019-4ee0-985c-d6309ed819b2 ] Request (ServersAaction247Test:test_create_backup): 200 GET http://10.180.1.21/compute/v2.1/servers/48c39fea-14ce-4231-9f7d-badd7cc912ef 0.071s
2025-02-19 12:29:08.266 63760 INFO tempest.lib.common.rest_client [req-4ead4eae-5c6b-4389-8341-8a1329c8fd96 req-4ead4eae-5c6b-4389-8341-8a1329c8fd96 ] Request (ListServerFiltersTestJSON:tearDownClass): 200 GET http://10.180.1.21/compute/v2.1/servers/6b84681b-8d45-483f-83ae-b7810ee9612d 0.078s
2025-02-19 12:29:08.302 63740 INFO tempest.lib.common.rest_client [req-ec2695d1-041d-46c3-8b17-228070ce8e9c req-ec2695d1-041d-46c3-8b17-228070ce8e9c ] Request (ImagesTestJSON:test_create_image_from_suspended_server): 200 GET http://10.180.1.21/compute/v2.1/servers/5cc76037-03e4-4c2f-8d29-617f94713bd6 0.063s
2025-02-19 12:29:08.377 63768 INFO tempest.lib.common.rest_client [req-8aa07068-7950-4c82-84e7-697b27fba551 req-8aa07068-7950-4c82-84e7-697b27fba551 ] Request (ServerRescueNegativeTestJSON:test_rescued_vm_attach_volume): 200 GET http://10.180.1.21/compute/v2.1/servers/ce27a7e1-05e2-46b0-9689-39d4efbda232 0.136s
2025-02-19 12:29:08.402 63748 INFO tempest.lib.common.rest_client [req-c0e0d3d4-ca0b-4e50-a591-a500b8bf832b req-c0e0d3d4-ca0b-4e50-a591-a500b8bf832b ] Request (ServersAdminTestJSON:setUpClass): 200 GET http://10.180.1.21/compute/v2.1/servers/27d539c0-5401-402b-87ab-ce400a348a73 0.115s
2025-02-19 12:29:08.410 63748 INFO tempest.common.waiters [-] State transition "BUILD/networking" ==> "BUILD/block_device_mapping" after 60 second wait
2025-02-19 12:29:08.431 63756 INFO tempest.lib.common.rest_client [req-e85542a2-dca3-4d53-8453-71d1c962a6b0 req-e85542a2-dca3-4d53-8453-71d1c962a6b0 ] Request (ServersTestBootFromVolume:setUpClass): 200 GET http://10.180.1.21/compute/v2.1/servers/8a309aad-b086-442f-a069-60c780c5b945 0.142s
