2024-08-06 07:41:53.667 61296 INFO tempest.lib.common.rest_client [req-17e85d11-a941-4563-afa6-cb0db39c0604 req-17e85d11-a941-4563-afa6-cb0db39c0604 ] Request (ServerGroupTestJSON:test_create_server_with_scheduler_hint_group): 200 GET http://10.180.1.21/compute/v2.1/servers/535cfb71-fd03-4a7a-8576-4279d66a0bae 0.435s
2024-08-06 07:41:53.687 61334 INFO tempest.lib.common.rest_client [req-8de292df-e8cd-41ad-a14e-17eff76c5907 req-8de292df-e8cd-41ad-a14e-17eff76c5907 ] Request (ExtensionsTest:tearDownClass): 200 GET http://10.180.1.21:9696/networking/v2.0/security-groups?tenant_id=484cf5e26c794ee8b72bea1193de7f86&name=default 0.448s
2024-08-06 07:41:53.689 61302 INFO tempest.lib.common.rest_client [req-afa1e313-8319-4ef3-83f0-965e43d75cdf req-afa1e313-8319-4ef3-83f0-965e43d75cdf ] Request (ServersTestFqdnHostnames:test_create_server_with_fqdn_name): 200 GET http://10.180.1.21/compute/v2.1/servers/3649cbd4-b283-4df5-8db7-c132a8071223 0.519s
2024-08-06 07:41:53.754 61308 INFO tempest.lib.common.rest_client [req-0d62f809-2ec5-452b-b3a6-3074a7c693a5 req-0d62f809-2ec5-452b-b3a6-3074a7c693a5 ] Request (MigrationsAdminTest:test_resize_server_revert_deleted_flavor): 200 GET http://10.180.1.21/compute/v2.1/servers/72aa5fce-dccd-4d05-8e2b-da397388e112 0.450s
2024-08-06 07:41:53.759 61328 INFO tempest.lib.common.rest_client [req-d98fdef6-cf60-42c5-99c2-d1b122c0b2ab req-d98fdef6-cf60-42c5-99c2-d1b122c0b2ab ] Request (ServersAdmin275Test:tearDownClass): 200 GET http://10.180.1.21/compute/v2.1/servers/fa2d1f65-7950-454e-97c7-791c4abaf2d0 0.496s
2024-08-06 07:41:53.762 61330 INFO tempest.lib.common.rest_client [req-fb5b2324-0b4d-4b85-a7e7-31eaf3fde705 req-fb5b2324-0b4d-4b85-a7e7-31eaf3fde705 ] Request (TenantUsagesNegativeTestJSON:test_get_usage_tenant_with_invalid_date): 400 GET http://10.180.1.21/compute/v2.1/os-simple-tenant-usage/5701276466e640bbb176bc295308bd8d?start=2024-08-07T07%3A41%3A52.794816&end=2024-08-05T07%3A41%3A52.794816 0.427s
2024-08-06 07:41:53.819 61349 INFO tempest.lib.common.rest_client [req-bdedd147-87ab-415e-8cfc-af20229a68ea req-bdedd147-87ab-415e-8cfc-af20229a68ea ] Request (AttachVolumeNegativeTest:test_attach_attached_volume_to_different_server): 200 GET http://10.180.1.21/compute/v2.1/servers/556abe9c-bb3c-44d5-8c47-d07a9dc71b58 0.459s
2024-08-06 07:41:53.836 61298 INFO tempest.lib.common.rest_client [req-8aa654a8-4bcd-469a-a07f-71e3fb75fb3b req-8aa654a8-4bcd-469a-a07f-71e3fb75fb3b ] Request (ServersTestBootFromVolume:setUpClass): 200 GET http://10.180.1.21/compute/v2.1/servers/7eaa765e-4a7c-4dbb-917e-d215c477e3cc 0.477s
2024-08-06 07:41:53.856 61341 INFO tempest.lib.common.rest_client [req-f323922d-87e0-450b-b224-ae01a882fe44 req-f323922d-87e0-450b-b224-ae01a882fe44 ] Request (KeyPairsV2TestJSON:test_keypairs_create_list_delete): 200 GET http://10.180.1.21/compute/v2.1/os-keypairs 0.405s
2024-08-06 07:41:53.886 61332 INFO tempest.lib.common.rest_client [req-100bb48e-ef61-4f0a-b8ce-93fbfb8fe512 req-100bb48e-ef61-4f0a-b8ce-93fbfb8fe512 ] Request (ListServerFiltersTestJSON:setUpClass): 200 GET http://10.180.1.21/compute/v2.1/servers/beaea23a-3b38-4002-9336-83ddf06bf925 0.463s
2024-08-06 07:41:53.930 61343 INFO tempest.lib.common.rest_client [req-9f233243-00e6-4156-8093-87233e9d7a62 req-9f233243-00e6-4156-8093-87233e9d7a62 ] Request (ServerActionsTestOtherA:setUpClass): 201 POST http://10.180.1.21:9696/networking/v2.0/networks 0.453s
2024-08-06 07:41:53.934 61337 INFO tempest.lib.common.rest_client [req-f4d733d4-4f41-4869-a22d-6e7d3944dbb5 req-f4d733d4-4f41-4869-a22d-6e7d3944dbb5 ] Request (SecurityGroupsTestJSON:test_list_security_groups_by_server): 200 GET http://10.180.1.21/compute/v2.1/servers/711c6675-8cca-453f-bab1-03543d8a1662 0.481s
2024-08-06 07:41:53.954 61314 INFO tempest.lib.common.rest_client [req-0bd6c825-422c-4cee-ac20-6b17018ad339 req-0bd6c825-422c-4cee-ac20-6b17018ad339 ] Request (VolumesAssistedSnapshotsTest:test_volume_assisted_snapshot_create_delete): 200 GET http://10.180.1.21/compute/v2.1/servers/8e129b42-fa82-488b-9f54-de2d3c8e777c 0.444s
2024-08-06 07:41:53.961 61334 INFO tempest.lib.common.rest_client [req-27d6261c-3151-421e-ba23-624a96e6bfbd req-27d6261c-3151-421e-ba23-624a96e6bfbd ] Request (ExtensionsTest:tearDownClass): 204 DELETE http://10.180.1.21:9696/networking/v2.0/security-groups/7ecd3c01-9c6e-478c-9b8b-71ceb44036c6 0.273s
2024-08-06 07:41:54.028 61290 INFO tempest.lib.common.rest_client [req-490fb425-2611-4036-a0ca-272c14a3096b req-490fb425-2611-4036-a0ca-272c14a3096b ] Request (ServersAdminNegativeTestJSON:setUpClass): 200 GET http://10.180.1.21/compute/v2.1/servers/cc9fea8d-935a-4514-9050-58a57d140c21 0.434s
2024-08-06 07:41:54.041 61334 INFO tempest.lib.common.rest_client [req-539573cd-1f05-4572-bdb6-df503bc19f1e req-539573cd-1f05-4572-bdb6-df503bc19f1e ] Request (ExtensionsTest:tearDownClass): 204 DELETE http://10.180.1.21/identity/v3/projects/484cf5e26c794ee8b72bea1193de7f86 0.080s
2024-08-06 07:41:54.042 61334 INFO tempest.test [-] raised in AttachVolumeMultiAttachTest.setUpClass. Invoking tearDownClass.
2024-08-06 07:41:54.123 61318 INFO tempest.lib.common.rest_client [req-de22d1ce-f500-411f-9e1c-fc14816066a5 req-de22d1ce-f500-411f-9e1c-fc14816066a5 ] Request (ImagesMetadataTestJSON:setUp): 200 PUT http://10.180.1.21/compute/v2.1/images/0e4da0c7-72d9-42d6-aa54-44b93e9f3e03/metadata 0.518s
2024-08-06 07:41:54.171 61330 INFO tempest.lib.common.rest_client [req-4e9313e5-1655-4643-9ac0-f1602570b8c4 req-4e9313e5-1655-4643-9ac0-f1602570b8c4 ] Request (TenantUsagesNegativeTestJSON:test_list_usage_all_tenants_with_non_admin_user): 403 GET http://10.180.1.21/compute/v2.1/os-simple-tenant-usage?start=2024-08-05T07%3A41%3A52.794816&end=2024-08-07T07%3A41%3A52.794816&detailed=1 0.406s
2024-08-06 07:41:54.177 61324 INFO tempest.lib.common.rest_client [req-9e96f566-0c01-40db-a1f7-b795c429bd98 req-9e96f566-0c01-40db-a1f7-b795c429bd98 ] Request (ServersAdminTestJSON:tearDownClass): 204 DELETE http://10.180.1.21:9696/networking/v2.0/networks/64455f0c-0345-4864-b27e-d9558bb8bf45 0.557s
2024-08-06 07:41:54.193 61341 INFO tempest.lib.common.rest_client [req-0e138139-2adf-44ba-8fcf-149dd80af479 req-0e138139-2adf-44ba-8fcf-149dd80af479 ] Request (KeyPairsV2TestJSON:_run_cleanups): 202 DELETE http://10.180.1.21/compute/v2.1/os-keypairs/tempest-KeyPairsV2TestJSON-keypair-336181198 0.335s
2024-08-06 07:41:54.210 61353 INFO tempest.lib.common.rest_client [req-dfe910cc-66f8-4f46-aa83-399a9fb03881 req-dfe910cc-66f8-4f46-aa83-399a9fb03881 ] Request (ServerDiagnosticsV248Test:test_get_server_diagnostics): 200 GET http://10.180.1.21/compute/v2.1/servers/451b3153-2cd6-47b3-a1a0-4a35e1ef94dd 0.377s
2024-08-06 07:41:54.258 61305 INFO tempest.lib.common.rest_client [req-e7aa6bfe-2297-4518-b84a-b03156785b6a req-e7aa6bfe-2297-4518-b84a-b03156785b6a ] Request (ImagesTestJSON:test_create_image_from_stopped_server): 200 GET http://10.180.1.21/compute/v2.1/servers/30f7963c-e3e0-43c6-8fb6-0c7ffd208624 0.377s
2024-08-06 07:41:54.278 61300 INFO tempest.lib.common.rest_client [req-91bfb52c-a277-4dd2-824a-2d69d56926c8 req-91bfb52c-a277-4dd2-824a-2d69d56926c8 ] Request (InstanceActionsV221TestJSON:test_get_list_deleted_instance_actions): 200 GET http://10.180.1.21/compute/v2.1/servers/11005393-545d-423c-b9aa-b1ae7b6ae336 0.294s
2024-08-06 07:41:54.282 61330 INFO tempest.lib.common.rest_client [req-1969870f-a5b1-4eb4-9ce5-8f444dfee615 req-1969870f-a5b1-4eb4-9ce5-8f444dfee615 ] Request (TenantUsagesNegativeTestJSON:tearDownClass): 204 DELETE http://10.180.1.21/identity/v3/users/2e5f8aa5a91449e7a26ac1ff4e1b2f04 0.110s
2024-08-06 07:41:54.282 61324 INFO tempest.lib.common.rest_client [req-0f3c7f5a-401c-47db-82ed-33006087b371 req-0f3c7f5a-401c-47db-82ed-33006087b371 ] Request (ServersAdminTestJSON:tearDownClass): 204 DELETE http://10.180.1.21/identity/v3/users/bbdeaba97fa249ca83f8ba4a346c5406 0.105s
2024-08-06 07:41:54.320 61343 INFO tempest.lib.common.rest_client [req-8b65d216-e60e-4fdd-8bbf-b5fbbc08adf5 req-8b65d216-e60e-4fdd-8bbf-b5fbbc08adf5 ] Request (ServerActionsTestOtherA:setUpClass): 201 POST http://10.180.1.21:9696/networking/v2.0/subnets 0.390s
2024-08-06 07:41:54.326 61339 INFO tempest.lib.common.rest_client [req-9571b947-50da-4fd4-8423-d5965c0345cb req-9571b947-50da-4fd4-8423-d5965c0345cb ] Request (DeleteServersTestJSON:test_delete_active_server): 200 GET http://10.180.1.21/compute/v2.1/servers/a2b3ccf4-7a9d-47ee-ae1c-c8ea16a8d495 0.334s
2024-08-06 07:41:54.359 61294 INFO tempest.lib.common.rest_client [req-70441b14-f243-4421-906e-5289bdeb09bc req-70441b14-f243-4421-906e-5289bdeb09bc ] Request (DeleteServersAdminTestJSON:test_delete_server_while_in_error_state): 200 GET http://10.180.1.21/compute/v2.1/servers/8d6d0391-fb92-4837-ae57-f1d84e1445d5 0.302s
2024-08-06 07:41:54.378 61330 INFO tempest.lib.common.rest_client [req-ffb90e14-064d-4b48-b566-c697a365ab2b req-ffb90e14-064d-4b48-b566-c697a365ab2b ] Request (TenantUsagesNegativeTestJSON:tearDownClass): 204 DELETE http://10.180.1.21/identity/v3/users/460f7126159447109baf96b931ce906f 0.095s
2024-08-06 07:41:54.378 61330 INFO tempest.lib.common.dynamic_creds [-] Deleting project and security group for project: 5701276466e640bbb176bc295308bd8d
2024-08-06 07:41:54.381 61326 INFO tempest.lib.common.rest_client [req-816f497d-1e65-44e7-b8fb-f55308447244 req-816f497d-1e65-44e7-b8fb-f55308447244 ] Request (ListServersNegativeTestJSON:setUpClass): 200 GET http://10.180.1.21/compute/v2.1/servers/28cca4bd-717a-43c4-ae71-961ef57c4e11 0.298s
2024-08-06 07:41:54.394 61324 INFO tempest.lib.common.rest_client [req-99c92bbc-91cc-49dc-bb01-825b723ab7ae req-99c92bbc-91cc-49dc-bb01-825b723ab7ae ] Request (ServersAdminTestJSON:tearDownClass): 204 DELETE http://10.180.1.21/identity/v3/users/ea999fd00c8f4231b4bbfc53ab717d58 0.111s
2024-08-06 07:41:54.394 61324 INFO tempest.lib.common.dynamic_creds [-] Deleting project and security group for project: a5bccd61974e4f8faf0286fa7fe553d8
2024-08-06 07:41:54.400 61341 INFO tempest.lib.common.rest_client [req-e789f527-fe11-4704-a183-9b0f2ebf37a6 req-e789f527-fe11-4704-a183-9b0f2ebf37a6 ] Request (KeyPairsV2TestJSON:_run_cleanups): 202 DELETE http://10.180.1.21/compute/v2.1/os-keypairs/tempest-KeyPairsV2TestJSON-keypair-1918141493 0.207s
2024-08-06 07:41:54.454 61347 INFO tempest.lib.common.rest_client [req-2f07e69a-6d12-439d-9a4a-56519e18105b req-2f07e69a-6d12-439d-9a4a-56519e18105b ] Request (InstanceActionsNegativeTestJSON:setUpClass): 200 GET http://10.180.1.21/compute/v2.1/servers/845e3305-4519-4f5f-b878-8577c5c2820f 0.108s
2024-08-06 07:41:54.457 61292 INFO tempest.lib.common.rest_client [req-e9212a2c-1213-447b-87a7-f057735938e3 req-e9212a2c-1213-447b-87a7-f057735938e3 ] Request (AttachInterfacesUnderV243Test:setUpClass): 201 POST http://10.180.1.21:9696/networking/v2.0/routers 1.514s
2024-08-06 07:41:54.472 61341 INFO tempest.lib.common.rest_client [req-a524f473-ede6-43d3-9377-3b01be41605f req-a524f473-ede6-43d3-9377-3b01be41605f ] Request (KeyPairsV2TestJSON:_run_cleanups): 202 DELETE http://10.180.1.21/compute/v2.1/os-keypairs/tempest-KeyPairsV2TestJSON-keypair-1398481401 0.071s
2024-08-06 07:41:54.516 61330 INFO tempest.lib.common.rest_client [req-771317d2-3df7-4a11-8375-1869da1eafea req-771317d2-3df7-4a11-8375-1869da1eafea ] Request (TenantUsagesNegativeTestJSON:tearDownClass): 201 POST http://10.180.1.21/identity/v3/auth/tokens 0.137s
2024-08-06 07:41:54.593 61341 INFO tempest.lib.common.rest_client [req-4024aa78-6d52-497e-85f1-101aaabffa33 req-4024aa78-6d52-497e-85f1-101aaabffa33 ] Request (KeyPairsV2TestJSON:tearDownClass): 204 DELETE http://10.180.1.21/identity/v3/users/8e675968be714db9986827173b5b7291 0.118s
2024-08-06 07:41:54.593 61341 INFO tempest.lib.common.dynamic_creds [-] Deleting project and security group for project: 8fcbf022b2d24d62af788cebb79fa602
2024-08-06 07:41:54.597 61345 INFO tempest.lib.common.rest_client [req-ad526e86-b6e9-4bb9-b8af-c40a7e36aa91 req-ad526e86-b6e9-4bb9-b8af-c40a7e36aa91 ] Request (ServersTestMultiNic:test_verify_duplicate_network_nics): 200 GET http://10.180.1.21/compute/v2.1/servers/757e3c82-2f6d-4849-90e6-4dc017f40773 0.188s
2024-08-06 07:41:54.603 61318 INFO tempest.lib.common.rest_client [req-114799d0-f8df-46c7-88ed-feb1791ad118 req-114799d0-f8df-46c7-88ed-feb1791ad118 ] Request (ImagesMetadataTestJSON:test_set_image_metadata): 200 PUT http://10.180.1.21/compute/v2.1/images/0e4da0c7-72d9-42d6-aa54-44b93e9f3e03/metadata 0.478s
2024-08-06 07:41:54.603 61345 INFO tempest.common.waiters [-] State transition "BUILD/None" ==> "BUILD/networking" after 32 second wait
2024-08-06 07:41:54.635 61324 INFO tempest.lib.common.rest_client [req-9e966774-141c-47da-926d-80c02d88a29f req-9e966774-141c-47da-926d-80c02d88a29f ] Request (ServersAdminTestJSON:tearDownClass): 200 GET http://10.180.1.21:9696/networking/v2.0/security-groups?tenant_id=a5bccd61974e4f8faf0286fa7fe553d8&name=default 0.240s
2024-08-06 07:41:54.672 61312 INFO tempest.lib.common.rest_client [req-fdb94d65-fd30-4803-8161-84569c747570 req-fdb94d65-fd30-4803-8161-84569c747570 ] Request (FloatingIPsAssociationNegativeTestJSON:setUpClass): 200 GET http://10.180.1.21/compute/v2.1/servers/4f5b6eee-45e9-4120-a493-b4515869236a 0.240s
2024-08-06 07:41:54.675 61341 INFO tempest.lib.common.rest_client [req-2323a4f1-cefa-48b1-a120-d153b770378a req-2323a4f1-cefa-48b1-a120-d153b770378a ] Request (KeyPairsV2TestJSON:tearDownClass): 201 POST http://10.180.1.21/identity/v3/auth/tokens 0.081s
2024-08-06 07:41:54.741 61320 INFO tempest.lib.common.rest_client [req-dcb842ed-7703-4c66-8219-1906f92cd05f req-dcb842ed-7703-4c66-8219-1906f92cd05f ] Request (ServersWithSpecificFlavorTestJSON:test_verify_created_server_ephemeral_disk): 200 GET http://10.180.1.21/compute/v2.1/servers/8e11f28c-7256-4500-8686-94771ec4618b 0.208s
2024-08-06 07:41:54.777 61322 INFO tempest.lib.common.rest_client [req-8014186a-dbed-40e9-b361-ad25b2ec2672 req-8014186a-dbed-40e9-b361-ad25b2ec2672 ] Request (InstanceActionsTestJSON:setUpClass): 200 GET http://10.180.1.21/compute/v2.1/servers/c21021f8-c9f3-40bf-b202-9943dfe2f5ea 0.256s
2024-08-06 07:41:54.800 61307 INFO tempest.lib.common.rest_client [req-892dd5c7-8063-45bd-b6b5-ea5e8f814353 req-892dd5c7-8063-45bd-b6b5-ea5e8f814353 ] Request (ImagesOneServerTestJSON:setUpClass): 200 GET http://10.180.1.21/compute/v2.1/servers/5ec5acdf-8ab1-48e4-8611-43542d8b8fa9 0.217s
2024-08-06 07:41:54.816 61318 INFO tempest.lib.common.rest_client [req-7e6f1323-8fab-46d4-a604-0e6e17e91e3b req-7e6f1323-8fab-46d4-a604-0e6e17e91e3b ] Request (ImagesMetadataTestJSON:test_set_image_metadata): 200 GET http://10.180.1.21/compute/v2.1/images/0e4da0c7-72d9-42d6-aa54-44b93e9f3e03/metadata 0.212s
2024-08-06 07:41:54.867 61330 INFO tempest.lib.common.rest_client [req-8896004c-8697-4f12-b3b1-6a80a4583608 req-8896004c-8697-4f12-b3b1-6a80a4583608 ] Request (TenantUsagesNegativeTestJSON:tearDownClass): 200 GET http://10.180.1.21:9696/networking/v2.0/security-groups?tenant_id=5701276466e640bbb176bc295308bd8d&name=default 0.351s
2024-08-06 07:41:54.878 61302 INFO tempest.lib.common.rest_client [req-5f13ff3b-bcef-468b-a6b8-94ae9fc41ebb req-5f13ff3b-bcef-468b-a6b8-94ae9fc41ebb ] Request (ServersTestFqdnHostnames:test_create_server_with_fqdn_name): 200 GET http://10.180.1.21/compute/v2.1/servers/3649cbd4-b283-4df5-8db7-c132a8071223 0.182s
2024-08-06 07:41:54.955 61296 INFO tempest.lib.common.rest_client [req-6dbddb42-c589-4822-8064-610128a26ae9 req-6dbddb42-c589-4822-8064-610128a26ae9 ] Request (ServerGroupTestJSON:test_create_server_with_scheduler_hint_group): 200 GET http://10.180.1.21/compute/v2.1/servers/535cfb71-fd03-4a7a-8576-4279d66a0bae 0.278s
2024-08-06 07:41:55.011 61308 INFO tempest.lib.common.rest_client [req-0452e3bd-2f1e-4463-b2bb-c2cf55d9dc19 req-0452e3bd-2f1e-4463-b2bb-c2cf55d9dc19 ] Request (MigrationsAdminTest:test_resize_server_revert_deleted_flavor): 200 GET http://10.180.1.21/compute/v2.1/servers/72aa5fce-dccd-4d05-8e2b-da397388e112 0.249s
2024-08-06 07:41:55.045 61324 INFO tempest.lib.common.rest_client [req-4b706cd8-80f2-436d-ba57-276bc6eb3ec9 req-4b706cd8-80f2-436d-ba57-276bc6eb3ec9 ] Request (ServersAdminTestJSON:tearDownClass): 204 DELETE http://10.180.1.21:9696/networking/v2.0/security-groups/825d26f5-c00f-44fa-8e70-72cc975f2667 0.410s
2024-08-06 07:41:55.063 61328 INFO tempest.lib.common.rest_client [req-fa6c89c0-3e7e-41f4-9114-1d93b91669f6 req-fa6c89c0-3e7e-41f4-9114-1d93b91669f6 ] Request (ServersAdmin275Test:tearDownClass): 200 GET http://10.180.1.21/compute/v2.1/servers/fa2d1f65-7950-454e-97c7-791c4abaf2d0 0.295s
2024-08-06 07:41:55.116 61341 INFO tempest.lib.common.rest_client [req-df529b17-47a9-4e3a-a5cd-f2c0dbacf820 req-df529b17-47a9-4e3a-a5cd-f2c0dbacf820 ] Request (KeyPairsV2TestJSON:tearDownClass): 200 GET http://10.180.1.21:9696/networking/v2.0/security-groups?tenant_id=8fcbf022b2d24d62af788cebb79fa602&name=default 0.441s
2024-08-06 07:41:55.137 61324 INFO tempest.lib.common.rest_client [req-dc9e8f71-0bee-42a9-9694-7472e33ed262 req-dc9e8f71-0bee-42a9-9694-7472e33ed262 ] Request (ServersAdminTestJSON:tearDownClass): 204 DELETE http://10.180.1.21/identity/v3/projects/a5bccd61974e4f8faf0286fa7fe553d8 0.091s
2024-08-06 07:41:55.137 61324 INFO tempest.lib.common.dynamic_creds [-] Deleting project and security group for project: 4cfaef157be3407f9972fc640a4824c1
2024-08-06 07:41:55.150 61349 INFO tempest.lib.common.rest_client [req-6cb20f3a-bfe0-4830-ab88-35de8f5f22cf req-6cb20f3a-bfe0-4830-ab88-35de8f5f22cf ] Request (AttachVolumeNegativeTest:test_attach_attached_volume_to_different_server): 200 GET http://10.180.1.21/compute/v2.1/servers/556abe9c-bb3c-44d5-8c47-d07a9dc71b58 0.324s
2024-08-06 07:41:55.235 61324 INFO tempest.lib.common.rest_client [req-5395e2cd-8eb5-413d-8604-6e8206bc116c req-5395e2cd-8eb5-413d-8604-6e8206bc116c ] Request (ServersAdminTestJSON:tearDownClass): 200 GET http://10.180.1.21:9696/networking/v2.0/security-groups?tenant_id=4cfaef157be3407f9972fc640a4824c1&name=default 0.097s
2024-08-06 07:41:55.241 61298 INFO tempest.lib.common.rest_client [req-b4267ab2-0488-4725-9525-c2d2d2949254 req-b4267ab2-0488-4725-9525-c2d2d2949254 ] Request (ServersTestBootFromVolume:setUpClass): 200 GET http://10.180.1.21/compute/v2.1/servers/7eaa765e-4a7c-4dbb-917e-d215c477e3cc 0.397s
2024-08-06 07:41:55.300 61330 INFO tempest.lib.common.rest_client [req-91f2a3f5-16a8-4d7d-9d3e-93ed697d9564 req-91f2a3f5-16a8-4d7d-9d3e-93ed697d9564 ] Request (TenantUsagesNegativeTestJSON:tearDownClass): 204 DELETE http://10.180.1.21:9696/networking/v2.0/security-groups/5c278645-c483-441c-88a0-ae6fbd709e3a 0.432s
2024-08-06 07:41:55.304 61318 INFO tempest.lib.common.rest_client [req-c7d9e662-9161-4bf8-8e3d-f7ca88963d2e req-c7d9e662-9161-4bf8-8e3d-f7ca88963d2e ] Request (ImagesMetadataTestJSON:setUp): 200 PUT http://10.180.1.21/compute/v2.1/images/0e4da0c7-72d9-42d6-aa54-44b93e9f3e03/metadata 0.487s
2024-08-06 07:41:55.340 61332 INFO tempest.lib.common.rest_client [req-a84e1a4d-0df8-4317-bbbc-8e90ce969c80 req-a84e1a4d-0df8-4317-bbbc-8e90ce969c80 ] Request (ListServerFiltersTestJSON:setUpClass): 200 GET http://10.180.1.21/compute/v2.1/servers/beaea23a-3b38-4002-9336-83ddf06bf925 0.447s
2024-08-06 07:41:55.372 61341 INFO tempest.lib.common.rest_client [req-71d513fa-4e5d-4390-a2a8-deff640e9d90 req-71d513fa-4e5d-4390-a2a8-deff640e9d90 ] Request (KeyPairsV2TestJSON:tearDownClass): 204 DELETE http://10.180.1.21:9696/networking/v2.0/security-groups/92908e14-6006-4b7b-8aa2-64d6e7def07f 0.256s
2024-08-06 07:41:55.373 61337 INFO tempest.lib.common.rest_client [req-02f2c73a-1026-4efb-8da2-e6b07daf5bf7 req-02f2c73a-1026-4efb-8da2-e6b07daf5bf7 ] Request (SecurityGroupsTestJSON:test_list_security_groups_by_server): 200 GET http://10.180.1.21/compute/v2.1/servers/711c6675-8cca-453f-bab1-03543d8a1662 0.431s
2024-08-06 07:41:55.419 61343 INFO tempest.lib.common.rest_client [req-fa8028fb-d3b9-4ef7-bd30-097f04c8e9c8 req-fa8028fb-d3b9-4ef7-bd30-097f04c8e9c8 ] Request (ServerActionsTestOtherA:setUpClass): 201 POST http://10.180.1.21:9696/networking/v2.0/routers 1.098s
2024-08-06 07:41:55.435 61314 INFO tempest.lib.common.rest_client [req-8cd83b4a-8e4e-49ff-8207-33b166cda1e4 req-8cd83b4a-8e4e-49ff-8207-33b166cda1e4 ] Request (VolumesAssistedSnapshotsTest:test_volume_assisted_snapshot_create_delete): 200 GET http://10.180.1.21/compute/v2.1/servers/8e129b42-fa82-488b-9f54-de2d3c8e777c 0.473s
2024-08-06 07:41:55.441 61330 INFO tempest.lib.common.rest_client [req-f424e899-2155-4986-8d95-22ff9ad4dcb2 req-f424e899-2155-4986-8d95-22ff9ad4dcb2 ] Request (TenantUsagesNegativeTestJSON:tearDownClass): 204 DELETE http://10.180.1.21/identity/v3/projects/5701276466e640bbb176bc295308bd8d 0.141s
2024-08-06 07:41:55.441 61330 INFO tempest.lib.common.dynamic_creds [-] Deleting project and security group for project: 63d1750f20bb4fedbb4e60559242fd42
2024-08-06 07:41:55.459 61290 INFO tempest.lib.common.rest_client [req-2b89d8be-196b-4273-bf1b-23ef2f205119 req-2b89d8be-196b-4273-bf1b-23ef2f205119 ] Request (ServersAdminNegativeTestJSON:setUpClass): 200 GET http://10.180.1.21/compute/v2.1/servers/cc9fea8d-935a-4514-9050-58a57d140c21 0.424s
2024-08-06 07:41:55.464 61341 INFO tempest.lib.common.rest_client [req-a4015c0f-f8fc-4b83-b0ee-40c2cf2cb2c9 req-a4015c0f-f8fc-4b83-b0ee-40c2cf2cb2c9 ] Request (KeyPairsV2TestJSON:tearDownClass): 204 DELETE http://10.180.1.21/identity/v3/projects/8fcbf022b2d24d62af788cebb79fa602 0.091s
2024-08-06 07:41:55.548 61341 INFO tempest.lib.common.rest_client [req-08e70727-af91-474d-a702-bf3366e2db6a req-08e70727-af91-474d-a702-bf3366e2db6a ] Request (ServersV294TestFqdnHostnames:setUpClass): 201 POST http://10.180.1.21/identity/v3/auth/tokens 0.082s
2024-08-06 07:41:55.553 61353 INFO tempest.lib.common.rest_client [req-34f83e88-93c0-44e3-9111-a3cc6e66e32d req-34f83e88-93c0-44e3-9111-a3cc6e66e32d ] Request (ServerDiagnosticsV248Test:test_get_server_diagnostics): 200 GET http://10.180.1.21/compute/v2.1/servers/451b3153-2cd6-47b3-a1a0-4a35e1ef94dd 0.335s
2024-08-06 07:41:55.571 61324 INFO tempest.lib.common.rest_client [req-647aabeb-cb86-4d44-a484-1461ae21a388 req-647aabeb-cb86-4d44-a484-1461ae21a388 ] Request (ServersAdminTestJSON:tearDownClass): 204 DELETE http://10.180.1.21:9696/networking/v2.0/security-groups/d39bab59-a7d6-4838-a92e-27667b25d486 0.336s
2024-08-06 07:41:55.576 61305 INFO tempest.lib.common.rest_client [req-fa0468d6-b192-46dc-a554-e993128c6a3a req-fa0468d6-b192-46dc-a554-e993128c6a3a ] Request (ImagesTestJSON:test_create_image_from_stopped_server): 200 GET http://10.180.1.21/compute/v2.1/servers/30f7963c-e3e0-43c6-8fb6-0c7ffd208624 0.310s
2024-08-06 07:41:55.583 61341 INFO tempest.lib.common.rest_client [req-5ad6cc51-3e89-4c62-8742-e8a52e6af6e1 req-5ad6cc51-3e89-4c62-8742-e8a52e6af6e1 ] Request (ServersV294TestFqdnHostnames:setUpClass): 201 POST http://10.180.1.21/identity/v3/auth/tokens 0.031s
2024-08-06 07:41:55.606 61341 INFO tempest.lib.common.rest_client [req-9e781aee-9a60-42d4-9065-47aa6b1b47d8 req-9e781aee-9a60-42d4-9065-47aa6b1b47d8 ] Request (ServersV294TestFqdnHostnames:setUpClass): 200 GET http://10.180.1.21/identity/v3/domains?name=Default 0.023s
2024-08-06 07:41:55.647 61341 INFO tempest.lib.common.rest_client [req-8c1122fe-f349-4133-9079-a5c235e9ee82 req-8c1122fe-f349-4133-9079-a5c235e9ee82 ] Request (ServersV294TestFqdnHostnames:setUpClass): 201 POST http://10.180.1.21/identity/v3/projects 0.040s
2024-08-06 07:41:55.667 61300 INFO tempest.lib.common.rest_client [req-486ad7f7-6508-4506-bbcc-2f6f98d2fffb req-486ad7f7-6508-4506-bbcc-2f6f98d2fffb ] Request (InstanceActionsV221TestJSON:test_get_list_deleted_instance_actions): 200 GET http://10.180.1.21/compute/v2.1/servers/11005393-545d-423c-b9aa-b1ae7b6ae336 0.380s
2024-08-06 07:41:55.669 61324 INFO tempest.lib.common.rest_client [req-09d7939a-8888-448a-8b44-e61286849e1a req-09d7939a-8888-448a-8b44-e61286849e1a ] Request (ServersAdminTestJSON:tearDownClass): 204 DELETE http://10.180.1.21/identity/v3/projects/4cfaef157be3407f9972fc640a4824c1 0.098s
2024-08-06 07:41:55.709 61324 INFO tempest.lib.common.rest_client [req-8e7f18ac-4c5d-4f4e-b545-22004a0e125d req-8e7f18ac-4c5d-4f4e-b545-22004a0e125d ] Request (FlavorsV2TestJSON:setUpClass): 201 POST http://10.180.1.21/identity/v3/auth/tokens 0.031s
2024-08-06 07:41:55.715 61330 INFO tempest.lib.common.rest_client [req-958ae8b0-0f55-463c-b508-ec116ea3910d req-958ae8b0-0f55-463c-b508-ec116ea3910d ] Request (TenantUsagesNegativeTestJSON:tearDownClass): 200 GET http://10.180.1.21:9696/networking/v2.0/security-groups?tenant_id=63d1750f20bb4fedbb4e60559242fd42&name=default 0.274s
2024-08-06 07:41:55.724 61341 INFO tempest.lib.common.rest_client [req-e27384ce-3f19-4a86-bc92-354ee6a298d0 req-e27384ce-3f19-4a86-bc92-354ee6a298d0 ] Request (ServersV294TestFqdnHostnames:setUpClass): 201 POST http://10.180.1.21/identity/v3/users 0.077s
2024-08-06 07:41:55.744 61324 INFO tempest.lib.common.rest_client [req-2addcf2c-3497-4f24-ae1a-0cb6b017ee4e req-2addcf2c-3497-4f24-ae1a-0cb6b017ee4e ] Request (FlavorsV2TestJSON:setUpClass): 201 POST http://10.180.1.21/identity/v3/auth/tokens 0.033s
2024-08-06 07:41:55.759 61341 INFO tempest.lib.common.rest_client [req-00cc0c01-ea24-4980-9376-a5a4a9ec8c92 req-00cc0c01-ea24-4980-9376-a5a4a9ec8c92 ] Request (ServersV294TestFqdnHostnames:setUpClass): 200 GET http://10.180.1.21/identity/v3/roles 0.034s
2024-08-06 07:41:55.765 61324 INFO tempest.lib.common.rest_client [req-ce6b5f85-d52d-4a8d-91ae-6a8cc0180909 req-ce6b5f85-d52d-4a8d-91ae-6a8cc0180909 ] Request (FlavorsV2TestJSON:setUpClass): 200 GET http://10.180.1.21/identity/v3/domains?name=Default 0.021s
2024-08-06 07:41:55.789 61341 INFO tempest.lib.common.rest_client [req-d3a943b1-759e-4d17-a15b-86a1454b9154 req-d3a943b1-759e-4d17-a15b-86a1454b9154 ] Request (ServersV294TestFqdnHostnames:setUpClass): 204 PUT http://10.180.1.21/identity/v3/projects/b4df19f779eb4f83b242ee644ab3ee3c/users/6cd03af3642e4c929912bf6e48a5bc7e/roles/6b94adeba2ff4dfe9ba674f698a34a75 0.029s
2024-08-06 07:41:55.789 61341 INFO tempest.lib.common.dynamic_creds [-] Dynamic test user 6cd03af3642e4c929912bf6e48a5bc7e is created with scope project and roles: ['member']
2024-08-06 07:41:55.789 61341 INFO tempest.lib.common.dynamic_creds [-] Acquired dynamic creds: credentials: Credentials: {'domain_id': 'default', 'domain_name': 'Default', 'username': 'tempest-ServersV294TestFqdnHostnames-132655804-project-member', 'project_domain_id': 'default', 'project_domain_name': 'Default', 'project_id': 'b4df19f779eb4f83b242ee644ab3ee3c', 'project_name': 'tempest-ServersV294TestFqdnHostnames-132655804', 'tenant_id': 'b4df19f779eb4f83b242ee644ab3ee3c', 'tenant_name': 'tempest-ServersV294TestFqdnHostnames-132655804', 'user_domain_id': 'default', 'user_domain_name': 'Default', 'user_id': '6cd03af3642e4c929912bf6e48a5bc7e', 'system': None}, Network: None, Subnet: None, Router: None
2024-08-06 07:41:55.797 61324 INFO tempest.lib.common.rest_client [req-495feb4b-3d8b-4d09-b84b-1af468f19ff3 req-495feb4b-3d8b-4d09-b84b-1af468f19ff3 ] Request (FlavorsV2TestJSON:setUpClass): 201 POST http://10.180.1.21/identity/v3/projects 0.031s
2024-08-06 07:41:55.817 61318 INFO tempest.lib.common.rest_client [req-22fc3c30-5c6a-4677-8329-31714c217542 req-22fc3c30-5c6a-4677-8329-31714c217542 ] Request (ImagesMetadataTestJSON:test_set_image_metadata_item): 200 PUT http://10.180.1.21/compute/v2.1/images/0e4da0c7-72d9-42d6-aa54-44b93e9f3e03/metadata/os_version 0.512s
2024-08-06 07:41:55.828 61339 INFO tempest.lib.common.rest_client [req-da8640a9-8d4d-4ca4-ba63-daf9a5ff6051 req-da8640a9-8d4d-4ca4-ba63-daf9a5ff6051 ] Request (DeleteServersTestJSON:test_delete_active_server): 200 GET http://10.180.1.21/compute/v2.1/servers/a2b3ccf4-7a9d-47ee-ae1c-c8ea16a8d495 0.495s
2024-08-06 07:41:55.843 61341 INFO tempest.lib.common.rest_client [req-9d6bf0ca-ef94-41ad-8837-9e20bad01554 req-9d6bf0ca-ef94-41ad-8837-9e20bad01554 ] Request (ServersV294TestFqdnHostnames:setUpClass): 201 POST http://10.180.1.21/identity/v3/auth/tokens 0.054s
2024-08-06 07:41:55.864 61324 INFO tempest.lib.common.rest_client [req-7e2f66df-c95f-4ccd-a460-78e39a69786e req-7e2f66df-c95f-4ccd-a460-78e39a69786e ] Request (FlavorsV2TestJSON:setUpClass): 201 POST http://10.180.1.21/identity/v3/users 0.066s
2024-08-06 07:41:55.877 61324 INFO tempest.lib.common.rest_client [req-18e50805-6320-48a9-906a-ae0cfa99eb84 req-18e50805-6320-48a9-906a-ae0cfa99eb84 ] Request (FlavorsV2TestJSON:setUpClass): 200 GET http://10.180.1.21/identity/v3/roles 0.013s
2024-08-06 07:41:55.900 61326 INFO tempest.lib.common.rest_client [req-d93a19a5-96c8-4433-ba4c-a03701703282 req-d93a19a5-96c8-4433-ba4c-a03701703282 ] Request (ListServersNegativeTestJSON:setUpClass): 200 GET http://10.180.1.21/compute/v2.1/servers/28cca4bd-717a-43c4-ae71-961ef57c4e11 0.512s
2024-08-06 07:41:55.908 61324 INFO tempest.lib.common.rest_client [req-db920d22-893e-4b56-90b1-4479def3a472 req-db920d22-893e-4b56-90b1-4479def3a472 ] Request (FlavorsV2TestJSON:setUpClass): 204 PUT http://10.180.1.21/identity/v3/projects/356a6c26ca7e4e29949cb2b86227a501/users/4705c4aa9a5140ba8e6e0f9cd0192426/roles/6b94adeba2ff4dfe9ba674f698a34a75 0.030s
2024-08-06 07:41:55.908 61324 INFO tempest.lib.common.dynamic_creds [-] Dynamic test user 4705c4aa9a5140ba8e6e0f9cd0192426 is created with scope project and roles: ['member']
2024-08-06 07:41:55.909 61324 INFO tempest.lib.common.dynamic_creds [-] Acquired dynamic creds: credentials: Credentials: {'domain_id': 'default', 'domain_name': 'Default', 'username': 'tempest-FlavorsV2TestJSON-1124698587-project-member', 'project_domain_id': 'default', 'project_domain_name': 'Default', 'project_id': '356a6c26ca7e4e29949cb2b86227a501', 'project_name': 'tempest-FlavorsV2TestJSON-1124698587', 'tenant_id': '356a6c26ca7e4e29949cb2b86227a501', 'tenant_name': 'tempest-FlavorsV2TestJSON-1124698587', 'user_domain_id': 'default', 'user_domain_name': 'Default', 'user_id': '4705c4aa9a5140ba8e6e0f9cd0192426', 'system': None}, Network: None, Subnet: None, Router: None
2024-08-06 07:41:55.909 61324 INFO tempest.lib.common.dynamic_creds [-] Created isolated network resources for: credentials: Credentials: {'domain_id': 'default', 'domain_name': 'Default', 'username': 'tempest-FlavorsV2TestJSON-1124698587-project-member', 'project_domain_id': 'default', 'project_domain_name': 'Default', 'project_id': '356a6c26ca7e4e29949cb2b86227a501', 'project_name': 'tempest-FlavorsV2TestJSON-1124698587', 'tenant_id': '356a6c26ca7e4e29949cb2b86227a501', 'tenant_name': 'tempest-FlavorsV2TestJSON-1124698587', 'user_domain_id': 'default', 'user_domain_name': 'Default', 'user_id': '4705c4aa9a5140ba8e6e0f9cd0192426', 'system': None}, Network: None, Subnet: None, Router: None
2024-08-06 07:41:55.971 61324 INFO tempest.lib.common.rest_client [req-eb9927bc-fa9f-41f5-bf73-2c1c4916f0ef req-eb9927bc-fa9f-41f5-bf73-2c1c4916f0ef ] Request (FlavorsV2TestJSON:setUpClass): 201 POST http://10.180.1.21/identity/v3/auth/tokens 0.057s
2024-08-06 07:41:55.981 61347 INFO tempest.lib.common.rest_client [req-53e7d9a9-b77f-48ec-9d33-3ed3d74042df req-53e7d9a9-b77f-48ec-9d33-3ed3d74042df ] Request (InstanceActionsNegativeTestJSON:setUpClass): 200 GET http://10.180.1.21/compute/v2.1/servers/845e3305-4519-4f5f-b878-8577c5c2820f 0.520s
2024-08-06 07:41:56.013 61294 INFO tempest.lib.common.rest_client [req-b4800617-984f-4dd5-bbd6-146824d6326e req-b4800617-984f-4dd5-bbd6-146824d6326e ] Request (DeleteServersAdminTestJSON:test_delete_server_while_in_error_state): 200 GET http://10.180.1.21/compute/v2.1/servers/8d6d0391-fb92-4837-ae57-f1d84e1445d5 0.646s
2024-08-06 07:41:56.121 61312 INFO tempest.lib.common.rest_client [req-fefe515a-8ed9-4eca-a47a-bbda2f16b91c req-fefe515a-8ed9-4eca-a47a-bbda2f16b91c ] Request (FloatingIPsAssociationNegativeTestJSON:setUpClass): 200 GET http://10.180.1.21/compute/v2.1/servers/4f5b6eee-45e9-4120-a493-b4515869236a 0.442s
2024-08-06 07:41:56.138 61330 INFO tempest.lib.common.rest_client [req-4c3089f6-719e-42a2-b86b-341461561883 req-4c3089f6-719e-42a2-b86b-341461561883 ] Request (TenantUsagesNegativeTestJSON:tearDownClass): 204 DELETE http://10.180.1.21:9696/networking/v2.0/security-groups/281c4318-dd78-4768-b5f0-1301d06381de 0.422s
2024-08-06 07:41:56.190 61320 INFO tempest.lib.common.rest_client [req-6aaa7e5e-7b0e-414c-a76f-fb21af52faad req-6aaa7e5e-7b0e-414c-a76f-fb21af52faad ] Request (ServersWithSpecificFlavorTestJSON:test_verify_created_server_ephemeral_disk): 200 GET http://10.180.1.21/compute/v2.1/servers/8e11f28c-7256-4500-8686-94771ec4618b 0.443s
2024-08-06 07:41:56.284 61322 INFO tempest.lib.common.rest_client [req-820a8c26-d7a6-4fd9-b08b-21203f48e954 req-820a8c26-d7a6-4fd9-b08b-21203f48e954 ] Request (InstanceActionsTestJSON:setUpClass): 200 GET http://10.180.1.21/compute/v2.1/servers/c21021f8-c9f3-40bf-b202-9943dfe2f5ea 0.500s
2024-08-06 07:41:56.284 61330 INFO tempest.lib.common.rest_client [req-8f5f69f2-f9f4-4138-9821-ccc0b91bd52d req-8f5f69f2-f9f4-4138-9821-ccc0b91bd52d ] Request (TenantUsagesNegativeTestJSON:tearDownClass): 204 DELETE http://10.180.1.21/identity/v3/projects/63d1750f20bb4fedbb4e60559242fd42 0.145s
2024-08-06 07:41:56.365 61330 INFO tempest.lib.common.rest_client [req-89cf0a8d-2029-499c-a0ac-e5649476794d req-89cf0a8d-2029-499c-a0ac-e5649476794d ] Request (ServerActionsTestOtherB:setUpClass): 201 POST http://10.180.1.21/identity/v3/auth/tokens 0.079s
2024-08-06 07:41:56.370 61307 INFO tempest.lib.common.rest_client [req-09c1368d-e855-43fa-8de1-e28008f586b5 req-09c1368d-e855-43fa-8de1-e28008f586b5 ] Request (ImagesOneServerTestJSON:setUpClass): 200 GET http://10.180.1.21/compute/v2.1/servers/5ec5acdf-8ab1-48e4-8611-43542d8b8fa9 0.563s
2024-08-06 07:41:56.411 61330 INFO tempest.lib.common.rest_client [req-af3aa12e-f58f-4426-a771-7dd9ab15101e req-af3aa12e-f58f-4426-a771-7dd9ab15101e ] Request (ServerActionsTestOtherB:setUpClass): 201 POST http://10.180.1.21/identity/v3/auth/tokens 0.043s
2024-08-06 07:41:56.414 61318 INFO tempest.lib.common.rest_client [req-7344dd88-c0e0-4b74-9aac-8619be9fffce req-7344dd88-c0e0-4b74-9aac-8619be9fffce ] Request (ImagesMetadataTestJSON:test_set_image_metadata_item): 200 GET http://10.180.1.21/compute/v2.1/images/0e4da0c7-72d9-42d6-aa54-44b93e9f3e03/metadata 0.595s
2024-08-06 07:41:56.437 61330 INFO tempest.lib.common.rest_client [req-f8e2175c-9598-4aaf-a816-47ace3cccabb req-f8e2175c-9598-4aaf-a816-47ace3cccabb ] Request (ServerActionsTestOtherB:setUpClass): 200 GET http://10.180.1.21/identity/v3/domains?name=Default 0.025s
2024-08-06 07:41:56.459 61341 INFO tempest.lib.common.rest_client [req-25943fb4-1ae2-4695-b507-ccd2a0538586 req-25943fb4-1ae2-4695-b507-ccd2a0538586 ] Request (ServersV294TestFqdnHostnames:setUpClass): 201 POST http://10.180.1.21:9696/networking/v2.0/networks 0.615s
2024-08-06 07:41:56.481 61302 INFO tempest.lib.common.rest_client [req-8490967b-4251-4590-a183-ec2b1ddfaa5b req-8490967b-4251-4590-a183-ec2b1ddfaa5b ] Request (ServersTestFqdnHostnames:test_create_server_with_fqdn_name): 200 GET http://10.180.1.21/compute/v2.1/servers/3649cbd4-b283-4df5-8db7-c132a8071223 0.596s
2024-08-06 07:41:56.484 61330 INFO tempest.lib.common.rest_client [req-b397cf48-3e79-4195-b5b7-62ec2bf9ae71 req-b397cf48-3e79-4195-b5b7-62ec2bf9ae71 ] Request (ServerActionsTestOtherB:setUpClass): 201 POST http://10.180.1.21/identity/v3/projects 0.046s
2024-08-06 07:41:56.522 61345 INFO tempest.lib.common.rest_client [req-01710467-5c56-42f9-9d96-790e9724e19b req-01710467-5c56-42f9-9d96-790e9724e19b ] Request (ServersTestMultiNic:test_verify_duplicate_network_nics): 200 GET http://10.180.1.21/compute/v2.1/servers/757e3c82-2f6d-4849-90e6-4dc017f40773 0.917s
2024-08-06 07:41:56.529 61345 INFO tempest.common.waiters [-] State transition "BUILD/networking" ==> "BUILD/spawning" after 34 second wait
2024-08-06 07:41:56.549 61296 INFO tempest.lib.common.rest_client [req-065a8022-1c77-4d3d-ae5e-23d838ee33fd req-065a8022-1c77-4d3d-ae5e-23d838ee33fd ] Request (ServerGroupTestJSON:test_create_server_with_scheduler_hint_group): 200 GET http://10.180.1.21/compute/v2.1/servers/535cfb71-fd03-4a7a-8576-4279d66a0bae 0.587s
2024-08-06 07:41:56.566 61330 INFO tempest.lib.common.rest_client [req-25c12a85-f371-4c11-b385-3547a2fb86ee req-25c12a85-f371-4c11-b385-3547a2fb86ee ] Request (ServerActionsTestOtherB:setUpClass): 201 POST http://10.180.1.21/identity/v3/users 0.081s
2024-08-06 07:41:56.595 61330 INFO tempest.lib.common.rest_client [req-8fa821bc-fee6-4eaf-bd48-ae9c1ebadcc2 req-8fa821bc-fee6-4eaf-bd48-ae9c1ebadcc2 ] Request (ServerActionsTestOtherB:setUpClass): 200 GET http://10.180.1.21/identity/v3/roles 0.028s
2024-08-06 07:41:56.622 61308 INFO tempest.lib.common.rest_client [req-c1e3b6ae-cbc9-4156-99fb-43eb7e7ee625 req-c1e3b6ae-cbc9-4156-99fb-43eb7e7ee625 ] Request (MigrationsAdminTest:test_resize_server_revert_deleted_flavor): 200 GET http://10.180.1.21/compute/v2.1/servers/72aa5fce-dccd-4d05-8e2b-da397388e112 0.604s
2024-08-06 07:41:56.629 61330 INFO tempest.lib.common.rest_client [req-832207b8-de2d-4b30-aae9-6ba0a05e56d1 req-832207b8-de2d-4b30-aae9-6ba0a05e56d1 ] Request (ServerActionsTestOtherB:setUpClass): 204 PUT http://10.180.1.21/identity/v3/projects/8b913e62bf0d46b9b6ff7c7a69f74ae5/users/941832638fa045d2afc5683de815fca0/roles/6b94adeba2ff4dfe9ba674f698a34a75 0.033s
2024-08-06 07:41:56.629 61330 INFO tempest.lib.common.dynamic_creds [-] Dynamic test user 941832638fa045d2afc5683de815fca0 is created with scope project and roles: ['member']
2024-08-06 07:41:56.629 61330 INFO tempest.lib.common.dynamic_creds [-] Acquired dynamic creds: credentials: Credentials: {'domain_id': 'default', 'domain_name': 'Default', 'username': 'tempest-ServerActionsTestOtherB-432782668-project-member', 'project_domain_id': 'default', 'project_domain_name': 'Default', 'project_id': '8b913e62bf0d46b9b6ff7c7a69f74ae5', 'project_name': 'tempest-ServerActionsTestOtherB-432782668', 'tenant_id': '8b913e62bf0d46b9b6ff7c7a69f74ae5', 'tenant_name': 'tempest-ServerActionsTestOtherB-432782668', 'user_domain_id': 'default', 'user_domain_name': 'Default', 'user_id': '941832638fa045d2afc5683de815fca0', 'system': None}, Network: None, Subnet: None, Router: None
2024-08-06 07:41:56.665 61324 INFO tempest.lib.common.rest_client [req-d653a78c-af50-4d3e-8f2b-268bcdd8bd2f req-d653a78c-af50-4d3e-8f2b-268bcdd8bd2f ] Request (FlavorsV2TestJSON:test_get_flavor): 200 GET http://10.180.1.21/compute/v2.1/flavors/42 0.692s
2024-08-06 07:41:56.688 61330 INFO tempest.lib.common.rest_client [req-4eaa2651-11b8-4fc1-9ebc-580923114b5a req-4eaa2651-11b8-4fc1-9ebc-580923114b5a ] Request (ServerActionsTestOtherB:setUpClass): 201 POST http://10.180.1.21/identity/v3/auth/tokens 0.059s
2024-08-06 07:41:56.702 61328 INFO tempest.lib.common.rest_client [req-0a18e23c-bcf2-4fc6-b15e-00c040732a1c req-0a18e23c-bcf2-4fc6-b15e-00c040732a1c ] Request (ServersAdmin275Test:tearDownClass): 200 GET http://10.180.1.21/compute/v2.1/servers/fa2d1f65-7950-454e-97c7-791c4abaf2d0 0.629s
2024-08-06 07:41:56.785 61349 INFO tempest.lib.common.rest_client [req-52753cde-4bfb-47e9-846a-b3ff64e0c398 req-52753cde-4bfb-47e9-846a-b3ff64e0c398 ] Request (AttachVolumeNegativeTest:test_attach_attached_volume_to_different_server): 200 GET http://10.180.1.21/compute/v2.1/servers/556abe9c-bb3c-44d5-8c47-d07a9dc71b58 0.628s
2024-08-06 07:41:56.846 61298 INFO tempest.lib.common.rest_client [req-1629eb72-9e14-4425-a4bf-e8d56a55dddd req-1629eb72-9e14-4425-a4bf-e8d56a55dddd ] Request (ServersTestBootFromVolume:setUpClass): 200 GET http://10.180.1.21/compute/v2.1/servers/7eaa765e-4a7c-4dbb-917e-d215c477e3cc 0.598s
2024-08-06 07:41:56.872 61332 INFO tempest.lib.common.rest_client [req-a29a49b1-9272-45bf-896a-3721b7720179 req-a29a49b1-9272-45bf-896a-3721b7720179 ] Request (ListServerFiltersTestJSON:setUpClass): 200 GET http://10.180.1.21/compute/v2.1/servers/beaea23a-3b38-4002-9336-83ddf06bf925 0.525s
2024-08-06 07:41:56.934 61337 INFO tempest.lib.common.rest_client [req-5be8a031-36d9-430b-b470-a98c11725e8c req-5be8a031-36d9-430b-b470-a98c11725e8c ] Request (SecurityGroupsTestJSON:test_list_security_groups_by_server): 200 GET http://10.180.1.21/compute/v2.1/servers/711c6675-8cca-453f-bab1-03543d8a1662 0.554s
2024-08-06 07:41:57.011 61314 INFO tempest.lib.common.rest_client [req-6428abb2-8c8d-43c9-9097-da2ed239b889 req-6428abb2-8c8d-43c9-9097-da2ed239b889 ] Request (VolumesAssistedSnapshotsTest:test_volume_assisted_snapshot_create_delete): 200 GET http://10.180.1.21/compute/v2.1/servers/8e129b42-fa82-488b-9f54-de2d3c8e777c 0.569s
2024-08-06 07:41:57.021 61292 INFO tempest.lib.common.rest_client [req-06493c96-bbc1-400f-9010-59fae7eeb758 req-06493c96-bbc1-400f-9010-59fae7eeb758 ] Request (AttachInterfacesUnderV243Test:setUpClass): 200 PUT http://10.180.1.21:9696/networking/v2.0/routers/b270a041-2cf2-4622-be4e-0a29d4c460b8/add_router_interface 2.563s
2024-08-06 07:41:57.021 61292 INFO tempest.lib.common.dynamic_creds [-] Created isolated network resources for: credentials: Credentials: {'domain_id': 'default', 'domain_name': 'Default', 'username': 'tempest-AttachInterfacesUnderV243Test-717544526-project-member', 'project_domain_id': 'default', 'project_domain_name': 'Default', 'project_id': '2cbbab4494104092b3eebf20825658cb', 'project_name': 'tempest-AttachInterfacesUnderV243Test-717544526', 'tenant_id': '2cbbab4494104092b3eebf20825658cb', 'tenant_name': 'tempest-AttachInterfacesUnderV243Test-717544526', 'user_domain_id': 'default', 'user_domain_name': 'Default', 'user_id': '479250c3ae95496f9c343ad4adc83fb0', 'system': None}, Network: {'id': '4aad7b12-eb22-46f4-bbb1-2f78b78d23e9', 'name': 'tempest-AttachInterfacesUnderV243Test-945068199-network', 'tenant_id': '2cbbab4494104092b3eebf20825658cb', 'admin_state_up': True, 'mtu': 8950, 'status': 'ACTIVE', 'subnets': [], 'shared': False, 'project_id': '2cbbab4494104092b3eebf20825658cb', 'port_security_enabled': True, 'router:external': False, 'provider:network_type': 'vlan', 'provider:physical_network': 'default', 'provider:segmentation_id': 235, 'is_default': False, 'availability_zone_hints': [], 'availability_zones': [], 'ipv4_address_scope': None, 'ipv6_address_scope': None, 'description': '', 'tags': [], 'created_at': '2024-08-06T07:41:52Z', 'updated_at': '2024-08-06T07:41:52Z', 'revision_number': 1}, Subnet: {'id': '854c072d-c5a0-4544-af5b-9a4db604e593', 'name': 'tempest-AttachInterfacesUnderV243Test-945068199-subnet', 'tenant_id': '2cbbab4494104092b3eebf20825658cb', 'network_id': '4aad7b12-eb22-46f4-bbb1-2f78b78d23e9', 'ip_version': 4, 'subnetpool_id': None, 'enable_dhcp': True, 'ipv6_ra_mode': None, 'ipv6_address_mode': None, 'gateway_ip': '192.168.128.1', 'cidr': '192.168.128.0/28', 'allocation_pools': [{'start': '192.168.128.2', 'end': '192.168.128.14'}], 'host_routes': [], 'dns_nameservers': [], 'description': '', 'router:external': False, 'service_types': [], 'tags': [], 'created_at': '2024-08-06T07:41:52Z', 'updated_at': '2024-08-06T07:41:52Z', 'revision_number': 0, 'project_id': '2cbbab4494104092b3eebf20825658cb'}, Router: {'id': 'b270a041-2cf2-4622-be4e-0a29d4c460b8', 'name': 'tempest-AttachInterfacesUnderV243Test-945068199-router', 'tenant_id': '2cbbab4494104092b3eebf20825658cb', 'admin_state_up': True, 'status': 'ACTIVE', 'external_gateway_info': {'network_id': '03878621-106a-48d6-a9e0-712eb89b2859', 'external_fixed_ips': [{'subnet_id': '4fbd33c9-9577-4c02-8f07-60bdc6e64d03', 'ip_address': '10.180.180.147'}], 'enable_snat': True}, 'description': '', 'availability_zones': [], 'distributed': False, 'ha': False, 'availability_zone_hints': [], 'routes': [], 'flavor_id': None, 'tags': [], 'created_at': '2024-08-06T07:41:53Z', 'updated_at': '2024-08-06T07:41:53Z', 'revision_number': 2, 'project_id': '2cbbab4494104092b3eebf20825658cb'}
2024-08-06 07:41:57.102 61341 INFO tempest.lib.common.rest_client [req-8a960b6e-9e99-467d-81f9-5aa3e175a350 req-8a960b6e-9e99-467d-81f9-5aa3e175a350 ] Request (ServersV294TestFqdnHostnames:setUpClass): 201 POST http://10.180.1.21:9696/networking/v2.0/subnets 0.643s
2024-08-06 07:41:57.106 61290 INFO tempest.lib.common.rest_client [req-b33fd985-f7b1-49e5-ba45-37df82453634 req-b33fd985-f7b1-49e5-ba45-37df82453634 ] Request (ServersAdminNegativeTestJSON:setUpClass): 200 GET http://10.180.1.21/compute/v2.1/servers/cc9fea8d-935a-4514-9050-58a57d140c21 0.635s
2024-08-06 07:41:57.109 61292 INFO tempest.lib.common.rest_client [req-a1fc640e-0bb4-46f4-8a5b-b89bdc72bf13 req-a1fc640e-0bb4-46f4-8a5b-b89bdc72bf13 ] Request (AttachInterfacesUnderV243Test:setUpClass): 201 POST http://10.180.1.21/identity/v3/auth/tokens 0.085s
2024-08-06 07:41:57.117 61318 INFO tempest.lib.common.rest_client [req-01176d6f-ff93-48c3-ba3e-b409b1847349 req-01176d6f-ff93-48c3-ba3e-b409b1847349 ] Request (ImagesMetadataTestJSON:setUp): 200 PUT http://10.180.1.21/compute/v2.1/images/0e4da0c7-72d9-42d6-aa54-44b93e9f3e03/metadata 0.702s
2024-08-06 07:41:57.171 61353 INFO tempest.lib.common.rest_client [req-e3901566-1565-46c7-8a25-c9b0508bccbf req-e3901566-1565-46c7-8a25-c9b0508bccbf ] Request (ServerDiagnosticsV248Test:test_get_server_diagnostics): 200 GET http://10.180.1.21/compute/v2.1/servers/451b3153-2cd6-47b3-a1a0-4a35e1ef94dd 0.609s
2024-08-06 07:41:57.177 61305 INFO tempest.lib.common.rest_client [req-cd04a0e4-14ea-4aa6-9ba8-3e82237109b1 req-cd04a0e4-14ea-4aa6-9ba8-3e82237109b1 ] Request (ImagesTestJSON:test_create_image_from_stopped_server): 200 GET http://10.180.1.21/compute/v2.1/servers/30f7963c-e3e0-43c6-8fb6-0c7ffd208624 0.592s
2024-08-06 07:41:57.194 61324 INFO tempest.lib.common.rest_client [req-c6d67dce-d304-42be-ad57-231442186f5f req-c6d67dce-d304-42be-ad57-231442186f5f ] Request (FlavorsV2TestJSON:test_list_flavors): 200 GET http://10.180.1.21/compute/v2.1/flavors 0.526s
2024-08-06 07:41:57.229 61300 INFO tempest.lib.common.rest_client [req-4a515e6e-7625-4a56-bb72-54a6d8002c06 req-4a515e6e-7625-4a56-bb72-54a6d8002c06 ] Request (InstanceActionsV221TestJSON:test_get_list_deleted_instance_actions): 200 GET http://10.180.1.21/compute/v2.1/servers/11005393-545d-423c-b9aa-b1ae7b6ae336 0.554s
2024-08-06 07:41:57.295 61326 INFO tempest.lib.common.rest_client [req-f4024c8d-7821-4d6e-b91e-630742528661 req-f4024c8d-7821-4d6e-b91e-630742528661 ] Request (ListServersNegativeTestJSON:setUpClass): 200 GET http://10.180.1.21/compute/v2.1/servers/28cca4bd-717a-43c4-ae71-961ef57c4e11 0.386s
2024-08-06 07:41:57.404 61347 INFO tempest.lib.common.rest_client [req-ceb4c269-112e-4379-8d15-8bfbd146044c req-ceb4c269-112e-4379-8d15-8bfbd146044c ] Request (InstanceActionsNegativeTestJSON:setUpClass): 200 GET http://10.180.1.21/compute/v2.1/servers/845e3305-4519-4f5f-b878-8577c5c2820f 0.414s
2024-08-06 07:41:57.433 61343 INFO tempest.lib.common.rest_client [req-d54b4453-3097-40ed-b9d9-d1fe808da7da req-d54b4453-3097-40ed-b9d9-d1fe808da7da ] Request (ServerActionsTestOtherA:setUpClass): 200 PUT http://10.180.1.21:9696/networking/v2.0/routers/827fd2c5-3167-4819-b9d1-f0942ff67588/add_router_interface 2.014s
2024-08-06 07:41:57.434 61343 INFO tempest.lib.common.dynamic_creds [-] Created isolated network resources for: credentials: Credentials: {'domain_id': 'default', 'domain_name': 'Default', 'username': 'tempest-ServerActionsTestOtherA-1285443036-project-member', 'project_domain_id': 'default', 'project_domain_name': 'Default', 'project_id': '4cbc1645c6384702aae17a9b852bf791', 'project_name': 'tempest-ServerActionsTestOtherA-1285443036', 'tenant_id': '4cbc1645c6384702aae17a9b852bf791', 'tenant_name': 'tempest-ServerActionsTestOtherA-1285443036', 'user_domain_id': 'default', 'user_domain_name': 'Default', 'user_id': '473aa79054f74402ac6ff3c8b0a617ca', 'system': None}, Network: {'id': '4f509ac9-1ef4-4070-8c75-92e99134da13', 'name': 'tempest-ServerActionsTestOtherA-481091775-network', 'tenant_id': '4cbc1645c6384702aae17a9b852bf791', 'admin_state_up': True, 'mtu': 8950, 'status': 'ACTIVE', 'subnets': [], 'shared': False, 'project_id': '4cbc1645c6384702aae17a9b852bf791', 'port_security_enabled': True, 'router:external': False, 'provider:network_type': 'vlan', 'provider:physical_network': 'default', 'provider:segmentation_id': 539, 'is_default': False, 'availability_zone_hints': [], 'availability_zones': [], 'ipv4_address_scope': None, 'ipv6_address_scope': None, 'description': '', 'tags': [], 'created_at': '2024-08-06T07:41:53Z', 'updated_at': '2024-08-06T07:41:53Z', 'revision_number': 1}, Subnet: {'id': 'd5f5dde8-b549-46aa-8e7d-52c835c91036', 'name': 'tempest-ServerActionsTestOtherA-481091775-subnet', 'tenant_id': '4cbc1645c6384702aae17a9b852bf791', 'network_id': '4f509ac9-1ef4-4070-8c75-92e99134da13', 'ip_version': 4, 'subnetpool_id': None, 'enable_dhcp': True, 'ipv6_ra_mode': None, 'ipv6_address_mode': None, 'gateway_ip': '192.168.128.1', 'cidr': '192.168.128.0/28', 'allocation_pools': [{'start': '192.168.128.2', 'end': '192.168.128.14'}], 'host_routes': [], 'dns_nameservers': [], 'description': '', 'router:external': False, 'service_types': [], 'tags': [], 'created_at': '2024-08-06T07:41:54Z', 'updated_at': '2024-08-06T07:41:54Z', 'revision_number': 0, 'project_id': '4cbc1645c6384702aae17a9b852bf791'}, Router: {'id': '827fd2c5-3167-4819-b9d1-f0942ff67588', 'name': 'tempest-ServerActionsTestOtherA-481091775-router', 'tenant_id': '4cbc1645c6384702aae17a9b852bf791', 'admin_state_up': True, 'status': 'ACTIVE', 'external_gateway_info': {'network_id': '03878621-106a-48d6-a9e0-712eb89b2859', 'external_fixed_ips': [{'subnet_id': '4fbd33c9-9577-4c02-8f07-60bdc6e64d03', 'ip_address': '10.180.180.171'}], 'enable_snat': True}, 'description': '', 'availability_zones': [], 'distributed': False, 'ha': False, 'availability_zone_hints': [], 'routes': [], 'flavor_id': None, 'tags': [], 'created_at': '2024-08-06T07:41:54Z', 'updated_at': '2024-08-06T07:41:54Z', 'revision_number': 2, 'project_id': '4cbc1645c6384702aae17a9b852bf791'}
2024-08-06 07:41:57.443 61339 INFO tempest.lib.common.rest_client [req-46e29a2e-7215-4246-a819-88a17b161ff3 req-46e29a2e-7215-4246-a819-88a17b161ff3 ] Request (DeleteServersTestJSON:test_delete_active_server): 200 GET http://10.180.1.21/compute/v2.1/servers/a2b3ccf4-7a9d-47ee-ae1c-c8ea16a8d495 0.608s
