2024-08-06 07:40:59.562 61302 INFO tempest.lib.common.rest_client [req-c1e94537-67f6-4940-8f76-e626155e2f07 req-c1e94537-67f6-4940-8f76-e626155e2f07 ] Request (HostsAdminNegativeTestJSON:tearDownClass): 204 DELETE http://10.180.1.21/identity/v3/projects/7f9646793b4b4886b981d88258e8fdd5 0.306s
2024-08-06 07:40:59.562 61302 INFO tempest.lib.common.dynamic_creds [-] Deleting project and security group for project: e4554e44cc2942108563487ab81b4974
2024-08-06 07:40:59.605 61318 INFO tempest.lib.common.rest_client [req-fb177fec-24c0-4354-aaf4-c2027c313e7c req-fb177fec-24c0-4354-aaf4-c2027c313e7c ] Request (QuotaClassesAdminTestJSON:setUpClass): 204 PUT http://10.180.1.21/identity/v3/projects/69ae82f2c0ae47de8ae2a3dcfa7d31ae/users/8cadbc7fdf484702b4984938ed2497c6/roles/3826e0fe0f6a43839a258369588062c7 0.301s
2024-08-06 07:40:59.605 61318 INFO tempest.lib.common.dynamic_creds [-] Dynamic test user 8cadbc7fdf484702b4984938ed2497c6 is created with scope project and roles: ['admin']
2024-08-06 07:40:59.605 61318 INFO tempest.lib.common.dynamic_creds [-] Acquired dynamic creds: credentials: Credentials: {'domain_id': 'default', 'domain_name': 'Default', 'username': 'tempest-QuotaClassesAdminTestJSON-1631605146-project-admin', 'project_domain_id': 'default', 'project_domain_name': 'Default', 'project_id': '69ae82f2c0ae47de8ae2a3dcfa7d31ae', 'project_name': 'tempest-QuotaClassesAdminTestJSON-1631605146', 'tenant_id': '69ae82f2c0ae47de8ae2a3dcfa7d31ae', 'tenant_name': 'tempest-QuotaClassesAdminTestJSON-1631605146', 'user_domain_id': 'default', 'user_domain_name': 'Default', 'user_id': '8cadbc7fdf484702b4984938ed2497c6', 'system': None}, Network: None, Subnet: None, Router: None
2024-08-06 07:40:59.606 61318 INFO tempest.lib.common.dynamic_creds [-] Created isolated network resources for: credentials: Credentials: {'domain_id': 'default', 'domain_name': 'Default', 'username': 'tempest-QuotaClassesAdminTestJSON-1631605146-project-admin', 'project_domain_id': 'default', 'project_domain_name': 'Default', 'project_id': '69ae82f2c0ae47de8ae2a3dcfa7d31ae', 'project_name': 'tempest-QuotaClassesAdminTestJSON-1631605146', 'tenant_id': '69ae82f2c0ae47de8ae2a3dcfa7d31ae', 'tenant_name': 'tempest-QuotaClassesAdminTestJSON-1631605146', 'user_domain_id': 'default', 'user_domain_name': 'Default', 'user_id': '8cadbc7fdf484702b4984938ed2497c6', 'system': None}, Network: None, Subnet: None, Router: None
2024-08-06 07:40:59.611 61322 INFO tempest.lib.common.rest_client [req-4c0492be-43c6-46ae-acc8-2aac90a460ae req-4c0492be-43c6-46ae-acc8-2aac90a460ae ] Request (HypervisorAdminNegativeTestJSON:tearDownClass): 204 DELETE http://10.180.1.21:9696/networking/v2.0/security-groups/d91d754a-5258-4bc9-b6ae-3cddd18b2f52 1.210s
2024-08-06 07:40:59.616 61337 INFO tempest.lib.common.rest_client [req-4604742b-6b54-4c7f-b187-3110ef7f71a4 req-4604742b-6b54-4c7f-b187-3110ef7f71a4 ] Request (SecurityGroupsTestJSON:setUpClass): 201 POST http://10.180.1.21/identity/v3/auth/tokens 0.255s
2024-08-06 07:40:59.655 61310 INFO tempest.lib.common.rest_client [req-591cc3c6-e4b6-4767-b217-e1adf41a8886 req-591cc3c6-e4b6-4767-b217-e1adf41a8886 ] Request (HypervisorAdminV228Test:tearDownClass): 204 DELETE http://10.180.1.21:9696/networking/v2.0/security-groups/16af22d1-1e29-46a0-affa-42cf0679db7a 0.873s
2024-08-06 07:40:59.685 61316 INFO tempest.lib.common.rest_client [req-89041675-32f8-4ea3-84ce-de198f47b65e req-89041675-32f8-4ea3-84ce-de198f47b65e ] Request (HostsAdminTestJSON:tearDownClass): 204 DELETE http://10.180.1.21/identity/v3/projects/e07b23f5cea74c0b8cbcb5a998f0b021 0.278s
2024-08-06 07:40:59.685 61316 INFO tempest.lib.common.dynamic_creds [-] Deleting project and security group for project: d193ac4b3adf43d7a64bbf726ffc69f9
2024-08-06 07:40:59.709 61326 INFO tempest.lib.common.rest_client [req-582ca289-a634-4d33-881a-2b24f0e15209 req-582ca289-a634-4d33-881a-2b24f0e15209 ] Request (FlavorsExtraSpecsTestJSON:tearDownClass): 204 DELETE http://10.180.1.21/identity/v3/projects/57c434b7ffc544b0bfedae55d710674c 0.217s
2024-08-06 07:40:59.709 61326 INFO tempest.lib.common.dynamic_creds [-] Deleting project and security group for project: f40b4953351e4a6491f68acd96653ebe
2024-08-06 07:40:59.716 61300 INFO tempest.lib.common.rest_client [req-9e3884fe-30f5-443e-b3b7-e962b25b8769 req-9e3884fe-30f5-443e-b3b7-e962b25b8769 ] Request (ServicesAdminTestJSON:tearDownClass): 204 DELETE http://10.180.1.21:9696/networking/v2.0/security-groups/e01d2410-247a-4300-9bd5-7a821b1609cf 0.781s
2024-08-06 07:40:59.767 61341 INFO tempest.lib.common.rest_client [req-91be56a5-62a0-4860-b997-a4282b18f5db req-91be56a5-62a0-4860-b997-a4282b18f5db ] Request (FlavorsAccessNegativeTestJSON:setUpClass): 204 PUT http://10.180.1.21/identity/v3/projects/3b5881baf8a34c89be3ef036e017768e/users/cd08009a2c724cae8b3da0f5963dd814/roles/6b94adeba2ff4dfe9ba674f698a34a75 0.266s
2024-08-06 07:40:59.767 61341 INFO tempest.lib.common.dynamic_creds [-] Dynamic test user cd08009a2c724cae8b3da0f5963dd814 is created with scope project and roles: ['member']
2024-08-06 07:40:59.767 61341 INFO tempest.lib.common.dynamic_creds [-] Acquired dynamic creds: credentials: Credentials: {'domain_id': 'default', 'domain_name': 'Default', 'username': 'tempest-FlavorsAccessNegativeTestJSON-297767690-project-member', 'project_domain_id': 'default', 'project_domain_name': 'Default', 'project_id': '3b5881baf8a34c89be3ef036e017768e', 'project_name': 'tempest-FlavorsAccessNegativeTestJSON-297767690', 'tenant_id': '3b5881baf8a34c89be3ef036e017768e', 'tenant_name': 'tempest-FlavorsAccessNegativeTestJSON-297767690', 'user_domain_id': 'default', 'user_domain_name': 'Default', 'user_id': 'cd08009a2c724cae8b3da0f5963dd814', 'system': None}, Network: None, Subnet: None, Router: None
2024-08-06 07:40:59.767 61341 INFO tempest.lib.common.dynamic_creds [-] Created isolated network resources for: credentials: Credentials: {'domain_id': 'default', 'domain_name': 'Default', 'username': 'tempest-FlavorsAccessNegativeTestJSON-297767690-project-member', 'project_domain_id': 'default', 'project_domain_name': 'Default', 'project_id': '3b5881baf8a34c89be3ef036e017768e', 'project_name': 'tempest-FlavorsAccessNegativeTestJSON-297767690', 'tenant_id': '3b5881baf8a34c89be3ef036e017768e', 'tenant_name': 'tempest-FlavorsAccessNegativeTestJSON-297767690', 'user_domain_id': 'default', 'user_domain_name': 'Default', 'user_id': 'cd08009a2c724cae8b3da0f5963dd814', 'system': None}, Network: None, Subnet: None, Router: None
2024-08-06 07:40:59.796 61318 INFO tempest.lib.common.rest_client [req-f30c472b-b094-4808-a534-4ad79477a396 req-f30c472b-b094-4808-a534-4ad79477a396 ] Request (QuotaClassesAdminTestJSON:setUpClass): 201 POST http://10.180.1.21/identity/v3/auth/tokens 0.188s
2024-08-06 07:40:59.816 61337 INFO tempest.lib.common.rest_client [req-2a71843d-d916-4c66-9550-4c932d650c58 req-2a71843d-d916-4c66-9550-4c932d650c58 ] Request (SecurityGroupsTestJSON:setUpClass): 201 POST http://10.180.1.21/identity/v3/auth/tokens 0.198s
2024-08-06 07:40:59.863 61322 INFO tempest.lib.common.rest_client [req-70705988-c769-4c68-ac69-cfa69d866be9 req-70705988-c769-4c68-ac69-cfa69d866be9 ] Request (HypervisorAdminNegativeTestJSON:tearDownClass): 204 DELETE http://10.180.1.21/identity/v3/projects/2fbcf5ce2d1849d28a048bf1c4e0c134 0.251s
2024-08-06 07:40:59.863 61322 INFO tempest.lib.common.dynamic_creds [-] Deleting project and security group for project: 449ed208c6964b8595b6392051bd8beb
2024-08-06 07:41:00.018 61310 INFO tempest.lib.common.rest_client [req-5da5325c-6144-4804-8d29-d00f934c367c req-5da5325c-6144-4804-8d29-d00f934c367c ] Request (HypervisorAdminV228Test:tearDownClass): 204 DELETE http://10.180.1.21/identity/v3/projects/1f22dc648e714f989dc3a3f3ab4f3cf9 0.362s
2024-08-06 07:41:00.047 61314 INFO tempest.lib.common.rest_client [req-2fde905a-49c6-4359-8cab-cee56d3af4ac req-2fde905a-49c6-4359-8cab-cee56d3af4ac ] Request (VolumesAssistedSnapshotsTest:setUpClass): 201 POST http://10.180.1.21:9696/networking/v2.0/networks 1.353s
2024-08-06 07:41:00.064 61307 INFO tempest.lib.common.rest_client [req-2ff8c737-99ee-4fa6-91de-0ab4713b04cf req-2ff8c737-99ee-4fa6-91de-0ab4713b04cf ] Request (QuotasAdminTestV236:test_get_updated_quotas): 200 PUT http://10.180.1.21/compute/v2.1/os-quota-sets/dc012285c9864c8d81c44e86a0b380f4 1.907s
2024-08-06 07:41:00.127 61341 INFO tempest.lib.common.rest_client [req-315fd951-dcdc-40d9-98a9-311faee0ca6c req-315fd951-dcdc-40d9-98a9-311faee0ca6c ] Request (FlavorsAccessNegativeTestJSON:setUpClass): 201 POST http://10.180.1.21/identity/v3/auth/tokens 0.356s
2024-08-06 07:41:00.128 61341 WARNING tempest.lib.common.rest_client [-] Deprecated: "tenant_id" property is deprecated for removal, use "project_id" instead
2024-08-06 07:41:00.135 61300 INFO tempest.lib.common.rest_client [req-81fc887a-0f43-4ec3-85f2-bfad9a6a7a17 req-81fc887a-0f43-4ec3-85f2-bfad9a6a7a17 ] Request (ServicesAdminTestJSON:tearDownClass): 204 DELETE http://10.180.1.21/identity/v3/projects/e0cd557dad254bd8b8e4bb00e1d485c5 0.418s
2024-08-06 07:41:00.186 61337 INFO tempest.lib.common.rest_client [req-2ca8c2b5-50ee-4974-b9ff-40bc8cb9a5fb req-2ca8c2b5-50ee-4974-b9ff-40bc8cb9a5fb ] Request (SecurityGroupsTestJSON:setUpClass): 200 GET http://10.180.1.21/identity/v3/domains?name=Default 0.369s
2024-08-06 07:41:00.195 61310 INFO tempest.lib.common.rest_client [req-c9713f75-57c2-47db-9ae7-dcf1b1f7132b req-c9713f75-57c2-47db-9ae7-dcf1b1f7132b ] Request (ListImagesTestJSON:setUpClass): 201 POST http://10.180.1.21/identity/v3/auth/tokens 0.174s
2024-08-06 07:41:00.212 61300 INFO tempest.lib.common.rest_client [req-5d43e175-0405-4f84-94c7-5caf77de879d req-5d43e175-0405-4f84-94c7-5caf77de879d ] Request (InstanceActionsV221TestJSON:setUpClass): 201 POST http://10.180.1.21/identity/v3/auth/tokens 0.076s
2024-08-06 07:41:00.233 61310 INFO tempest.lib.common.rest_client [req-a210fac9-b058-46b9-b256-30d5846926de req-a210fac9-b058-46b9-b256-30d5846926de ] Request (ListImagesTestJSON:setUpClass): 201 POST http://10.180.1.21/identity/v3/auth/tokens 0.036s
2024-08-06 07:41:00.235 61337 INFO tempest.lib.common.rest_client [req-5376877b-bab8-4dd1-9b6d-627283be0bbe req-5376877b-bab8-4dd1-9b6d-627283be0bbe ] Request (SecurityGroupsTestJSON:setUpClass): 201 POST http://10.180.1.21/identity/v3/projects 0.048s
2024-08-06 07:41:00.249 61353 INFO tempest.lib.common.rest_client [req-bd9c740e-e147-4e52-a23d-e2bbccf215ae req-bd9c740e-e147-4e52-a23d-e2bbccf215ae ] Request (FlavorsV261TestJSON:tearDownClass): 200 GET http://10.180.1.21:9696/networking/v2.0/security-groups?tenant_id=22e672c0396046238e1ebb445470ec93&name=default 0.970s
2024-08-06 07:41:00.294 61347 INFO tempest.lib.common.rest_client [req-d60b2813-efdc-4f9b-a0a1-3cbb90b6c4c7 req-d60b2813-efdc-4f9b-a0a1-3cbb90b6c4c7 ] Request (ServerDiagnosticsTest:test_get_server_diagnostics): 200 GET http://10.180.1.21/compute/v2.1/servers/01f14de8-0ee8-4be4-9b9f-f8d43b4ce86d 2.097s
2024-08-06 07:41:00.365 61300 INFO tempest.lib.common.rest_client [req-3d89069d-40c2-4bc6-82da-56e5357ab4fe req-3d89069d-40c2-4bc6-82da-56e5357ab4fe ] Request (InstanceActionsV221TestJSON:setUpClass): 201 POST http://10.180.1.21/identity/v3/auth/tokens 0.151s
2024-08-06 07:41:00.383 61296 INFO tempest.lib.common.rest_client [req-7589ab6e-74fd-4739-95ee-fc6a5a75b061 req-7589ab6e-74fd-4739-95ee-fc6a5a75b061 ] Request (QuotasAdminTestV257:tearDownClass): 204 DELETE http://10.180.1.21:9696/networking/v2.0/security-groups/98ddc79d-1134-41aa-b1a2-fb2329564b20 1.199s
2024-08-06 07:41:00.385 61310 INFO tempest.lib.common.rest_client [req-4837ba4c-68cc-4171-b8db-3b8572c078a5 req-4837ba4c-68cc-4171-b8db-3b8572c078a5 ] Request (ListImagesTestJSON:setUpClass): 200 GET http://10.180.1.21/identity/v3/domains?name=Default 0.151s
2024-08-06 07:41:00.407 61337 INFO tempest.lib.common.rest_client [req-5b6df6c8-76a0-4c70-8b7c-69006e95056b req-5b6df6c8-76a0-4c70-8b7c-69006e95056b ] Request (SecurityGroupsTestJSON:setUpClass): 201 POST http://10.180.1.21/identity/v3/users 0.172s
2024-08-06 07:41:00.421 61300 INFO tempest.lib.common.rest_client [req-5268be77-160c-40c7-95d1-f7d913466fe1 req-5268be77-160c-40c7-95d1-f7d913466fe1 ] Request (InstanceActionsV221TestJSON:setUpClass): 200 GET http://10.180.1.21/identity/v3/domains?name=Default 0.055s
2024-08-06 07:41:00.424 61332 INFO tempest.lib.common.rest_client [req-f9481427-5fd4-4a40-b420-e178fbd10ac4 req-f9481427-5fd4-4a40-b420-e178fbd10ac4 ] Request (FloatingIPDetailsNegativeTestJSON:tearDownClass): 204 DELETE http://10.180.1.21:9696/networking/v2.0/networks/12bdf9a8-d0d6-47f0-bb3e-c3c4a3823e1d 2.826s
2024-08-06 07:41:00.458 61310 INFO tempest.lib.common.rest_client [req-e956f13a-e7ba-427b-b9ae-2f3349e1c744 req-e956f13a-e7ba-427b-b9ae-2f3349e1c744 ] Request (ListImagesTestJSON:setUpClass): 201 POST http://10.180.1.21/identity/v3/projects 0.073s
2024-08-06 07:41:00.482 61296 INFO tempest.lib.common.rest_client [req-cee24bc4-8fb5-4164-b1c7-fa3b32d03e8e req-cee24bc4-8fb5-4164-b1c7-fa3b32d03e8e ] Request (QuotasAdminTestV257:tearDownClass): 204 DELETE http://10.180.1.21/identity/v3/projects/680efca33fa7433dbcba980a7a17e85e 0.098s
2024-08-06 07:41:00.482 61296 INFO tempest.lib.common.dynamic_creds [-] Deleting project and security group for project: 41213a84fc044ef990757be59aa73b22
2024-08-06 07:41:00.491 61339 INFO tempest.lib.common.rest_client [req-94779689-fbcc-4472-bdbe-34401e92a946 req-94779689-fbcc-4472-bdbe-34401e92a946 ] Request (FlavorsExtraSpecsNegativeTestJSON:tearDownClass): 204 DELETE http://10.180.1.21:9696/networking/v2.0/security-groups/2f7bc7c6-57e4-4c8d-9bb0-c72ddb2abd7d 1.113s
2024-08-06 07:41:00.513 61324 INFO tempest.lib.common.rest_client [req-a9d3e9c6-f31d-4826-aaf4-904872b31b9e req-a9d3e9c6-f31d-4826-aaf4-904872b31b9e ] Request (ServersAdminTestJSON:setUpClass): 202 POST http://10.180.1.21/compute/v2.1/servers 3.037s
2024-08-06 07:41:00.514 61337 INFO tempest.lib.common.rest_client [req-15d1495c-eee4-4ddf-b934-9f9decbdaebc req-15d1495c-eee4-4ddf-b934-9f9decbdaebc ] Request (SecurityGroupsTestJSON:setUpClass): 200 GET http://10.180.1.21/identity/v3/roles 0.107s
2024-08-06 07:41:00.540 61305 INFO tempest.lib.common.rest_client [req-49d87858-df76-4c9d-9ebe-2253ee89265e req-49d87858-df76-4c9d-9ebe-2253ee89265e ] Request (ImagesTestJSON:setUpClass): 201 POST http://10.180.1.21:9696/networking/v2.0/subnets 2.591s
2024-08-06 07:41:00.550 61349 INFO tempest.lib.common.rest_client [req-ee5f0656-0667-49f1-a4cd-2a3080e08dda req-ee5f0656-0667-49f1-a4cd-2a3080e08dda ] Request (ServerDiagnosticsNegativeTest:test_get_server_diagnostics_by_non_admin): 200 GET http://10.180.1.21/compute/v2.1/servers/fde6e426-d0b3-43a2-b3c3-c1d00765ae71 2.241s
2024-08-06 07:41:00.557 61349 INFO tempest.common.waiters [-] State transition "BUILD/None" ==> "BUILD/spawning" after 7 second wait
2024-08-06 07:41:00.600 61300 INFO tempest.lib.common.rest_client [req-646d00b0-7f1e-46e5-bbf2-b3c1d41c6d47 req-646d00b0-7f1e-46e5-bbf2-b3c1d41c6d47 ] Request (InstanceActionsV221TestJSON:setUpClass): 201 POST http://10.180.1.21/identity/v3/projects 0.178s
2024-08-06 07:41:00.633 61332 INFO tempest.lib.common.rest_client [req-74c8103e-c2b4-4d4a-b1fc-459aae101e11 req-74c8103e-c2b4-4d4a-b1fc-459aae101e11 ] Request (FloatingIPDetailsNegativeTestJSON:tearDownClass): 204 DELETE http://10.180.1.21/identity/v3/users/1ae80e01901a447ebcdb2f67212766ba 0.208s
2024-08-06 07:41:00.633 61332 INFO tempest.lib.common.dynamic_creds [-] Deleting project and security group for project: 557f01a8df5149aeabd18c148486a2d1
2024-08-06 07:41:00.677 61290 INFO tempest.lib.common.rest_client [req-30a4b1b6-285b-4695-82de-d558e87a1f10 req-30a4b1b6-285b-4695-82de-d558e87a1f10 ] Request (FlavorsAccessTestJSON:tearDownClass): 204 DELETE http://10.180.1.21:9696/networking/v2.0/security-groups/78c033f1-df6c-4449-be91-761efacb4757 1.120s
2024-08-06 07:41:00.691 61298 INFO tempest.lib.common.rest_client [req-0da730b7-da77-4466-b7b6-4304da4e6861 req-0da730b7-da77-4466-b7b6-4304da4e6861 ] Request (ServersTestBootFromVolume:setUpClass): 201 POST http://10.180.1.21:9696/networking/v2.0/networks 1.888s
2024-08-06 07:41:00.723 61310 INFO tempest.lib.common.rest_client [req-f069691a-dbeb-4563-baa9-0475cbaa3f9e req-f069691a-dbeb-4563-baa9-0475cbaa3f9e ] Request (ListImagesTestJSON:setUpClass): 201 POST http://10.180.1.21/identity/v3/users 0.264s
2024-08-06 07:41:00.756 61337 INFO tempest.lib.common.rest_client [req-ca74f50c-fc1b-403d-b53b-1ff31e366887 req-ca74f50c-fc1b-403d-b53b-1ff31e366887 ] Request (SecurityGroupsTestJSON:setUpClass): 204 PUT http://10.180.1.21/identity/v3/projects/b09a8144200a42e3a216c6925fc96797/users/5fce9075ba8648f6b68559516acc4a53/roles/6b94adeba2ff4dfe9ba674f698a34a75 0.241s
2024-08-06 07:41:00.756 61337 INFO tempest.lib.common.dynamic_creds [-] Dynamic test user 5fce9075ba8648f6b68559516acc4a53 is created with scope project and roles: ['member']
2024-08-06 07:41:00.757 61337 INFO tempest.lib.common.dynamic_creds [-] Acquired dynamic creds: credentials: Credentials: {'domain_id': 'default', 'domain_name': 'Default', 'username': 'tempest-SecurityGroupsTestJSON-68625441-project-member', 'project_domain_id': 'default', 'project_domain_name': 'Default', 'project_id': 'b09a8144200a42e3a216c6925fc96797', 'project_name': 'tempest-SecurityGroupsTestJSON-68625441', 'tenant_id': 'b09a8144200a42e3a216c6925fc96797', 'tenant_name': 'tempest-SecurityGroupsTestJSON-68625441', 'user_domain_id': 'default', 'user_domain_name': 'Default', 'user_id': '5fce9075ba8648f6b68559516acc4a53', 'system': None}, Network: None, Subnet: None, Router: None
2024-08-06 07:41:00.778 61334 INFO tempest.lib.common.rest_client [req-1ff9daeb-1549-48a9-8abd-c8bcdf502d31 req-1ff9daeb-1549-48a9-8abd-c8bcdf502d31 ] Request (ServerPasswordTestJSON:setUpClass): 200 PUT http://10.180.1.21:9696/networking/v2.0/routers/428ba96a-031a-49b2-9804-228a49da82fc/add_router_interface 4.447s
2024-08-06 07:41:00.778 61334 INFO tempest.lib.common.dynamic_creds [-] Created isolated network resources for: credentials: Credentials: {'domain_id': 'default', 'domain_name': 'Default', 'username': 'tempest-ServerPasswordTestJSON-1472789655-project-member', 'project_domain_id': 'default', 'project_domain_name': 'Default', 'project_id': '80713d333b1345749976a0457a7486d1', 'project_name': 'tempest-ServerPasswordTestJSON-1472789655', 'tenant_id': '80713d333b1345749976a0457a7486d1', 'tenant_name': 'tempest-ServerPasswordTestJSON-1472789655', 'user_domain_id': 'default', 'user_domain_name': 'Default', 'user_id': '033c99286da64613958b6dbc2a7f2e11', 'system': None}, Network: {'id': '0d6d6111-9f38-400f-9b8d-5f687852550f', 'name': 'tempest-ServerPasswordTestJSON-1196981927-network', 'tenant_id': '80713d333b1345749976a0457a7486d1', 'admin_state_up': True, 'mtu': 8950, 'status': 'ACTIVE', 'subnets': [], 'shared': False, 'project_id': '80713d333b1345749976a0457a7486d1', 'port_security_enabled': True, 'router:external': False, 'provider:network_type': 'vlan', 'provider:physical_network': 'default', 'provider:segmentation_id': 236, 'is_default': False, 'availability_zone_hints': [], 'availability_zones': [], 'ipv4_address_scope': None, 'ipv6_address_scope': None, 'description': '', 'tags': [], 'created_at': '2024-08-06T07:40:51Z', 'updated_at': '2024-08-06T07:40:51Z', 'revision_number': 1}, Subnet: {'id': '736149e4-374f-407b-b63f-caba3bb75d45', 'name': 'tempest-ServerPasswordTestJSON-1196981927-subnet', 'tenant_id': '80713d333b1345749976a0457a7486d1', 'network_id': '0d6d6111-9f38-400f-9b8d-5f687852550f', 'ip_version': 4, 'subnetpool_id': None, 'enable_dhcp': True, 'ipv6_ra_mode': None, 'ipv6_address_mode': None, 'gateway_ip': '192.168.128.1', 'cidr': '192.168.128.0/28', 'allocation_pools': [{'start': '192.168.128.2', 'end': '192.168.128.14'}], 'host_routes': [], 'dns_nameservers': [], 'description': '', 'router:external': False, 'service_types': [], 'tags': [], 'created_at': '2024-08-06T07:40:52Z', 'updated_at': '2024-08-06T07:40:52Z', 'revision_number': 0, 'project_id': '80713d333b1345749976a0457a7486d1'}, Router: {'id': '428ba96a-031a-49b2-9804-228a49da82fc', 'name': 'tempest-ServerPasswordTestJSON-1196981927-router', 'tenant_id': '80713d333b1345749976a0457a7486d1', 'admin_state_up': True, 'status': 'ACTIVE', 'external_gateway_info': {'network_id': '03878621-106a-48d6-a9e0-712eb89b2859', 'external_fixed_ips': [{'subnet_id': '4fbd33c9-9577-4c02-8f07-60bdc6e64d03', 'ip_address': '10.180.180.140'}], 'enable_snat': True}, 'description': '', 'availability_zones': [], 'distributed': False, 'ha': False, 'availability_zone_hints': [], 'routes': [], 'flavor_id': None, 'tags': [], 'created_at': '2024-08-06T07:40:53Z', 'updated_at': '2024-08-06T07:40:54Z', 'revision_number': 2, 'project_id': '80713d333b1345749976a0457a7486d1'}
2024-08-06 07:41:00.792 61339 INFO tempest.lib.common.rest_client [req-6a1cce3b-278f-45cb-a8fb-9f6384e96305 req-6a1cce3b-278f-45cb-a8fb-9f6384e96305 ] Request (FlavorsExtraSpecsNegativeTestJSON:tearDownClass): 204 DELETE http://10.180.1.21/identity/v3/projects/bfa85e489ff840c2bbf6b74178b4ec45 0.300s
2024-08-06 07:41:00.792 61339 INFO tempest.lib.common.dynamic_creds [-] Deleting project and security group for project: 485df106115e42b6ab2a7b6dcaa2888d
2024-08-06 07:41:00.824 61324 INFO tempest.lib.common.rest_client [req-73251da9-5b42-4855-9853-b8d8ae5620b5 req-73251da9-5b42-4855-9853-b8d8ae5620b5 ] Request (ServersAdminTestJSON:setUpClass): 201 POST http://10.180.1.21/identity/v3/auth/tokens 0.267s
2024-08-06 07:41:00.824 61324 INFO tempest.lib.common.fixed_network [-] (ServersAdminTestJSON:setUpClass) Found network {'id': '26eca316-3468-4ee0-8445-7d643c08cf30', 'name': 'tempest-ServersAdminTestJSON-1805330666-network', 'tenant_id': 'a5bccd61974e4f8faf0286fa7fe553d8', 'admin_state_up': True, 'mtu': 8950, 'status': 'ACTIVE', 'subnets': [], 'shared': False, 'project_id': 'a5bccd61974e4f8faf0286fa7fe553d8', 'port_security_enabled': True, 'router:external': False, 'provider:network_type': 'vlan', 'provider:physical_network': 'default', 'provider:segmentation_id': 427, 'is_default': False, 'availability_zone_hints': [], 'availability_zones': [], 'ipv4_address_scope': None, 'ipv6_address_scope': None, 'description': '', 'tags': [], 'created_at': '2024-08-06T07:40:45Z', 'updated_at': '2024-08-06T07:40:45Z', 'revision_number': 1} available for tenant
2024-08-06 07:41:00.827 61343 INFO tempest.lib.common.rest_client [req-feacbc4a-45a3-4279-8587-6fe99aa20c69 req-feacbc4a-45a3-4279-8587-6fe99aa20c69 ] Request (TenantUsagesTestJSON:setUpClass): 200 GET http://10.180.1.21/compute/v2.1/servers/24182198-52ac-455d-83e8-052719ffd527 2.403s
2024-08-06 07:41:00.846 61308 INFO tempest.lib.common.rest_client [req-2b394172-4156-4df8-b1fd-053e0a0e0a06 req-2b394172-4156-4df8-b1fd-053e0a0e0a06 ] Request (MigrationsAdminTest:test_list_migrations_in_flavor_resize_situation): 200 GET http://10.180.1.21/compute/v2.1/servers/964dc253-bc02-47c2-9c6e-6c6bfdf72eed 2.135s
2024-08-06 07:41:00.891 61300 INFO tempest.lib.common.rest_client [req-79666164-acfa-493d-8e11-c0fa9b091b55 req-79666164-acfa-493d-8e11-c0fa9b091b55 ] Request (InstanceActionsV221TestJSON:setUpClass): 201 POST http://10.180.1.21/identity/v3/users 0.290s
2024-08-06 07:41:00.918 61351 INFO tempest.lib.common.rest_client [req-7da42ec5-497c-4f04-9d5e-5e20e1bab6b7 req-7da42ec5-497c-4f04-9d5e-5e20e1bab6b7 ] Request (HypervisorAdminNegativeUnderV252Test:tearDownClass): 200 GET http://10.180.1.21:9696/networking/v2.0/security-groups?tenant_id=e5eb54951db94137accb5e20c2f38b9e&name=default 1.358s
2024-08-06 07:41:00.922 61326 INFO tempest.lib.common.rest_client [req-24ab5405-470b-466c-8887-dd667bd33986 req-24ab5405-470b-466c-8887-dd667bd33986 ] Request (FlavorsExtraSpecsTestJSON:tearDownClass): 200 GET http://10.180.1.21:9696/networking/v2.0/security-groups?tenant_id=f40b4953351e4a6491f68acd96653ebe&name=default 1.213s
2024-08-06 07:41:00.924 61310 INFO tempest.lib.common.rest_client [req-0f0c508f-38d7-4047-87ee-7c99fce86bc1 req-0f0c508f-38d7-4047-87ee-7c99fce86bc1 ] Request (ListImagesTestJSON:setUpClass): 200 GET http://10.180.1.21/identity/v3/roles 0.201s
2024-08-06 07:41:00.938 61290 INFO tempest.lib.common.rest_client [req-18d75ff9-6e0e-4ef4-aae8-d9ddefbe0f03 req-18d75ff9-6e0e-4ef4-aae8-d9ddefbe0f03 ] Request (FlavorsAccessTestJSON:tearDownClass): 204 DELETE http://10.180.1.21/identity/v3/projects/c895d08d436146ba813a2f737140e6f5 0.260s
2024-08-06 07:41:01.005 61337 INFO tempest.lib.common.rest_client [req-a0a18d68-1aee-427f-a309-27445813401c req-a0a18d68-1aee-427f-a309-27445813401c ] Request (SecurityGroupsTestJSON:setUpClass): 201 POST http://10.180.1.21/identity/v3/auth/tokens 0.248s
2024-08-06 07:41:01.009 61316 INFO tempest.lib.common.rest_client [req-7cfc8f42-4664-465d-87ee-e5229e58e6a9 req-7cfc8f42-4664-465d-87ee-e5229e58e6a9 ] Request (HostsAdminTestJSON:tearDownClass): 200 GET http://10.180.1.21:9696/networking/v2.0/security-groups?tenant_id=d193ac4b3adf43d7a64bbf726ffc69f9&name=default 1.323s
2024-08-06 07:41:01.021 61334 INFO tempest.lib.common.rest_client [req-81794102-0cb9-470c-a692-565ba708f6d0 req-81794102-0cb9-470c-a692-565ba708f6d0 ] Request (ServerPasswordTestJSON:setUpClass): 201 POST http://10.180.1.21/identity/v3/auth/tokens 0.185s
2024-08-06 07:41:01.025 61328 INFO tempest.lib.common.rest_client [req-3083ab32-5140-448d-abe7-60f5bcdb6327 req-3083ab32-5140-448d-abe7-60f5bcdb6327 ] Request (ServersAdmin275Test:test_rebuild_update_server_275): 200 GET http://10.180.1.21/compute/v2.1/servers/fa2d1f65-7950-454e-97c7-791c4abaf2d0 2.005s
2024-08-06 07:41:01.047 61300 INFO tempest.lib.common.rest_client [req-e58901bc-525f-45d6-8a05-7551960d5545 req-e58901bc-525f-45d6-8a05-7551960d5545 ] Request (InstanceActionsV221TestJSON:setUpClass): 200 GET http://10.180.1.21/identity/v3/roles 0.155s
2024-08-06 07:41:01.068 61290 INFO tempest.lib.common.rest_client [req-8759a52d-0082-49e7-8742-a4b3755dd8d5 req-8759a52d-0082-49e7-8742-a4b3755dd8d5 ] Request (ServerExternalEventsTest:setUpClass): 201 POST http://10.180.1.21/identity/v3/auth/tokens 0.129s
2024-08-06 07:41:01.069 61302 INFO tempest.lib.common.rest_client [req-1d337667-89d5-446f-8043-b9224ce6c298 req-1d337667-89d5-446f-8043-b9224ce6c298 ] Request (HostsAdminNegativeTestJSON:tearDownClass): 200 GET http://10.180.1.21:9696/networking/v2.0/security-groups?tenant_id=e4554e44cc2942108563487ab81b4974&name=default 1.506s
2024-08-06 07:41:01.071 61332 INFO tempest.lib.common.rest_client [req-d3def72f-78cb-40aa-8315-bc7035760b99 req-d3def72f-78cb-40aa-8315-bc7035760b99 ] Request (FloatingIPDetailsNegativeTestJSON:tearDownClass): 200 GET http://10.180.1.21:9696/networking/v2.0/security-groups?tenant_id=557f01a8df5149aeabd18c148486a2d1&name=default 0.437s
2024-08-06 07:41:01.081 61310 INFO tempest.lib.common.rest_client [req-7f340f37-ff2b-402e-a25d-1cccb61afb73 req-7f340f37-ff2b-402e-a25d-1cccb61afb73 ] Request (ListImagesTestJSON:setUpClass): 204 PUT http://10.180.1.21/identity/v3/projects/59cd06196b0f460aa066b071901bb65a/users/1615af22b99d47b9aa5e12377252af97/roles/6b94adeba2ff4dfe9ba674f698a34a75 0.157s
2024-08-06 07:41:01.081 61310 INFO tempest.lib.common.dynamic_creds [-] Dynamic test user 1615af22b99d47b9aa5e12377252af97 is created with scope project and roles: ['member']
2024-08-06 07:41:01.082 61310 INFO tempest.lib.common.dynamic_creds [-] Acquired dynamic creds: credentials: Credentials: {'domain_id': 'default', 'domain_name': 'Default', 'username': 'tempest-ListImagesTestJSON-1163677764-project-member', 'project_domain_id': 'default', 'project_domain_name': 'Default', 'project_id': '59cd06196b0f460aa066b071901bb65a', 'project_name': 'tempest-ListImagesTestJSON-1163677764', 'tenant_id': '59cd06196b0f460aa066b071901bb65a', 'tenant_name': 'tempest-ListImagesTestJSON-1163677764', 'user_domain_id': 'default', 'user_domain_name': 'Default', 'user_id': '1615af22b99d47b9aa5e12377252af97', 'system': None}, Network: None, Subnet: None, Router: None
2024-08-06 07:41:01.082 61310 INFO tempest.lib.common.dynamic_creds [-] Created isolated network resources for: credentials: Credentials: {'domain_id': 'default', 'domain_name': 'Default', 'username': 'tempest-ListImagesTestJSON-1163677764-project-member', 'project_domain_id': 'default', 'project_domain_name': 'Default', 'project_id': '59cd06196b0f460aa066b071901bb65a', 'project_name': 'tempest-ListImagesTestJSON-1163677764', 'tenant_id': '59cd06196b0f460aa066b071901bb65a', 'tenant_name': 'tempest-ListImagesTestJSON-1163677764', 'user_domain_id': 'default', 'user_domain_name': 'Default', 'user_id': '1615af22b99d47b9aa5e12377252af97', 'system': None}, Network: None, Subnet: None, Router: None
2024-08-06 07:41:01.135 61334 INFO tempest.lib.common.rest_client [req-ceadee28-aa92-4d18-ac00-d4c054883e7b req-ceadee28-aa92-4d18-ac00-d4c054883e7b ] Request (ServerPasswordTestJSON:setUpClass): 201 POST http://10.180.1.21/identity/v3/auth/tokens 0.110s
2024-08-06 07:41:01.135 61334 INFO tempest.lib.common.fixed_network [-] (ServerPasswordTestJSON:setUpClass) Found network {'id': '0d6d6111-9f38-400f-9b8d-5f687852550f', 'name': 'tempest-ServerPasswordTestJSON-1196981927-network', 'tenant_id': '80713d333b1345749976a0457a7486d1', 'admin_state_up': True, 'mtu': 8950, 'status': 'ACTIVE', 'subnets': [], 'shared': False, 'project_id': '80713d333b1345749976a0457a7486d1', 'port_security_enabled': True, 'router:external': False, 'provider:network_type': 'vlan', 'provider:physical_network': 'default', 'provider:segmentation_id': 236, 'is_default': False, 'availability_zone_hints': [], 'availability_zones': [], 'ipv4_address_scope': None, 'ipv6_address_scope': None, 'description': '', 'tags': [], 'created_at': '2024-08-06T07:40:51Z', 'updated_at': '2024-08-06T07:40:51Z', 'revision_number': 1} available for tenant
2024-08-06 07:41:01.152 61345 INFO tempest.lib.common.rest_client [req-97cfc7b2-8ee9-436d-b583-ca738f73cfae req-97cfc7b2-8ee9-436d-b583-ca738f73cfae ] Request (ServersTestMultiNic:setUpClass): 201 POST http://10.180.1.21:9696/networking/v2.0/networks 2.327s
2024-08-06 07:41:01.157 61322 INFO tempest.lib.common.rest_client [req-9fb7e39a-539d-48e2-ab7f-6d2ac00f6db8 req-9fb7e39a-539d-48e2-ab7f-6d2ac00f6db8 ] Request (HypervisorAdminNegativeTestJSON:tearDownClass): 200 GET http://10.180.1.21:9696/networking/v2.0/security-groups?tenant_id=449ed208c6964b8595b6392051bd8beb&name=default 1.293s
2024-08-06 07:41:01.244 61307 INFO tempest.lib.common.rest_client [req-63730c9e-22a8-4863-8282-f8d022eb7e13 req-63730c9e-22a8-4863-8282-f8d022eb7e13 ] Request (QuotasAdminTestV236:test_get_updated_quotas): 200 GET http://10.180.1.21/compute/v2.1/os-quota-sets/dc012285c9864c8d81c44e86a0b380f4/detail 1.179s
2024-08-06 07:41:01.255 61341 INFO tempest.lib.common.rest_client [req-8136aa69-f205-4965-916e-ab56c622f5f7 req-8136aa69-f205-4965-916e-ab56c622f5f7 ] Request (FlavorsAccessNegativeTestJSON:test_add_flavor_access_duplicate): 200 POST http://10.180.1.21/compute/v2.1/flavors 1.126s
2024-08-06 07:41:01.311 61290 INFO tempest.lib.common.rest_client [req-68f0a072-6b8c-4172-92b8-6162b0539f9e req-68f0a072-6b8c-4172-92b8-6162b0539f9e ] Request (ServerExternalEventsTest:setUpClass): 201 POST http://10.180.1.21/identity/v3/auth/tokens 0.241s
2024-08-06 07:41:01.346 61300 INFO tempest.lib.common.rest_client [req-f7ab6f67-2198-432a-b625-13aa04153651 req-f7ab6f67-2198-432a-b625-13aa04153651 ] Request (InstanceActionsV221TestJSON:setUpClass): 204 PUT http://10.180.1.21/identity/v3/projects/2a380a5ca96b458996896ef06ea893bc/users/74def8fda230425fbf9df472a666b872/roles/6b94adeba2ff4dfe9ba674f698a34a75 0.298s
2024-08-06 07:41:01.346 61300 INFO tempest.lib.common.dynamic_creds [-] Dynamic test user 74def8fda230425fbf9df472a666b872 is created with scope project and roles: ['member']
2024-08-06 07:41:01.346 61300 INFO tempest.lib.common.dynamic_creds [-] Acquired dynamic creds: credentials: Credentials: {'domain_id': 'default', 'domain_name': 'Default', 'username': 'tempest-InstanceActionsV221TestJSON-1029274768-project-member', 'project_domain_id': 'default', 'project_domain_name': 'Default', 'project_id': '2a380a5ca96b458996896ef06ea893bc', 'project_name': 'tempest-InstanceActionsV221TestJSON-1029274768', 'tenant_id': '2a380a5ca96b458996896ef06ea893bc', 'tenant_name': 'tempest-InstanceActionsV221TestJSON-1029274768', 'user_domain_id': 'default', 'user_domain_name': 'Default', 'user_id': '74def8fda230425fbf9df472a666b872', 'system': None}, Network: None, Subnet: None, Router: None
2024-08-06 07:41:01.426 61310 INFO tempest.lib.common.rest_client [req-55d2ea6b-7bab-4257-bfee-beb4320cbcd5 req-55d2ea6b-7bab-4257-bfee-beb4320cbcd5 ] Request (ListImagesTestJSON:setUpClass): 201 POST http://10.180.1.21/identity/v3/auth/tokens 0.340s
2024-08-06 07:41:01.454 61290 INFO tempest.lib.common.rest_client [req-1728d1b9-55d4-456c-ba0d-479d0e29db4f req-1728d1b9-55d4-456c-ba0d-479d0e29db4f ] Request (ServerExternalEventsTest:setUpClass): 200 GET http://10.180.1.21/identity/v3/domains?name=Default 0.142s
2024-08-06 07:41:01.473 61300 INFO tempest.lib.common.rest_client [req-fd20b786-e8fe-456d-9057-de9026682a64 req-fd20b786-e8fe-456d-9057-de9026682a64 ] Request (InstanceActionsV221TestJSON:setUpClass): 201 POST http://10.180.1.21/identity/v3/auth/tokens 0.127s
2024-08-06 07:41:01.482 61353 INFO tempest.lib.common.rest_client [req-8785df64-a5cc-435d-8ecf-5d9879572841 req-8785df64-a5cc-435d-8ecf-5d9879572841 ] Request (FlavorsV261TestJSON:tearDownClass): 204 DELETE http://10.180.1.21:9696/networking/v2.0/security-groups/997142dc-7845-46d0-9c6f-1bb16a4e5b69 1.232s
2024-08-06 07:41:01.495 61290 INFO tempest.lib.common.rest_client [req-e6f71189-df8c-4c9d-94ba-738ffc02641e req-e6f71189-df8c-4c9d-94ba-738ffc02641e ] Request (ServerExternalEventsTest:setUpClass): 201 POST http://10.180.1.21/identity/v3/projects 0.040s
2024-08-06 07:41:01.504 61307 INFO tempest.lib.common.rest_client [req-d6064f5d-b0bf-437a-b659-6ac799d3da16 req-d6064f5d-b0bf-437a-b659-6ac799d3da16 ] Request (QuotasAdminTestV236:test_get_updated_quotas): 200 GET http://10.180.1.21/identity/v3/domains?name=Default 0.256s
2024-08-06 07:41:01.558 61290 INFO tempest.lib.common.rest_client [req-e69003f4-9caf-40c6-92d2-71ba6864d5ca req-e69003f4-9caf-40c6-92d2-71ba6864d5ca ] Request (ServerExternalEventsTest:setUpClass): 201 POST http://10.180.1.21/identity/v3/users 0.063s
2024-08-06 07:41:01.580 61353 INFO tempest.lib.common.rest_client [req-3cbf8244-9bbf-41e1-8c70-dc0bae407c10 req-3cbf8244-9bbf-41e1-8c70-dc0bae407c10 ] Request (FlavorsV261TestJSON:tearDownClass): 204 DELETE http://10.180.1.21/identity/v3/projects/22e672c0396046238e1ebb445470ec93 0.098s
2024-08-06 07:41:01.601 61320 INFO tempest.lib.common.rest_client [req-49672692-d47c-4a3b-9f5b-cf458e734d82 req-49672692-d47c-4a3b-9f5b-cf458e734d82 ] Request (ServersWithSpecificFlavorTestJSON:setUpClass): 200 PUT http://10.180.1.21:9696/networking/v2.0/routers/624881a3-26c4-43de-9855-c36b82466eb2/add_router_interface 6.650s
2024-08-06 07:41:01.602 61320 INFO tempest.lib.common.dynamic_creds [-] Created isolated network resources for: credentials: Credentials: {'domain_id': 'default', 'domain_name': 'Default', 'username': 'tempest-ServersWithSpecificFlavorTestJSON-1410203997-project-admin', 'project_domain_id': 'default', 'project_domain_name': 'Default', 'project_id': 'f40cf0a73af34b90accd91b11402c63d', 'project_name': 'tempest-ServersWithSpecificFlavorTestJSON-1410203997', 'tenant_id': 'f40cf0a73af34b90accd91b11402c63d', 'tenant_name': 'tempest-ServersWithSpecificFlavorTestJSON-1410203997', 'user_domain_id': 'default', 'user_domain_name': 'Default', 'user_id': '6468f5dcda394f709466594949d1861b', 'system': None}, Network: {'id': '3b0de92a-b8f0-4a34-aff7-11e7ca3fec09', 'name': 'tempest-ServersWithSpecificFlavorTestJSON-2066460265-network', 'tenant_id': 'f40cf0a73af34b90accd91b11402c63d', 'admin_state_up': True, 'mtu': 8950, 'status': 'ACTIVE', 'subnets': [], 'shared': False, 'project_id': 'f40cf0a73af34b90accd91b11402c63d', 'port_security_enabled': True, 'router:external': False, 'provider:network_type': 'vlan', 'provider:physical_network': 'default', 'provider:segmentation_id': 319, 'is_default': False, 'availability_zone_hints': [], 'availability_zones': [], 'ipv4_address_scope': None, 'ipv6_address_scope': None, 'description': '', 'tags': [], 'created_at': '2024-08-06T07:40:50Z', 'updated_at': '2024-08-06T07:40:50Z', 'revision_number': 1}, Subnet: {'id': '7b9ad7a6-120e-49c0-8345-17776164e17d', 'name': 'tempest-ServersWithSpecificFlavorTestJSON-2066460265-subnet', 'tenant_id': 'f40cf0a73af34b90accd91b11402c63d', 'network_id': '3b0de92a-b8f0-4a34-aff7-11e7ca3fec09', 'ip_version': 4, 'subnetpool_id': None, 'enable_dhcp': True, 'ipv6_ra_mode': None, 'ipv6_address_mode': None, 'gateway_ip': '192.168.128.1', 'cidr': '192.168.128.0/28', 'allocation_pools': [{'start': '192.168.128.2', 'end': '192.168.128.14'}], 'host_routes': [], 'dns_nameservers': [], 'description': '', 'router:external': False, 'service_types': [], 'tags': [], 'created_at': '2024-08-06T07:40:51Z', 'updated_at': '2024-08-06T07:40:51Z', 'revision_number': 0, 'project_id': 'f40cf0a73af34b90accd91b11402c63d'}, Router: {'id': '624881a3-26c4-43de-9855-c36b82466eb2', 'name': 'tempest-ServersWithSpecificFlavorTestJSON-2066460265-router', 'tenant_id': 'f40cf0a73af34b90accd91b11402c63d', 'admin_state_up': True, 'status': 'ACTIVE', 'external_gateway_info': {'network_id': '03878621-106a-48d6-a9e0-712eb89b2859', 'external_fixed_ips': [{'subnet_id': '4fbd33c9-9577-4c02-8f07-60bdc6e64d03', 'ip_address': '10.180.180.129'}], 'enable_snat': True}, 'description': '', 'availability_zones': [], 'distributed': False, 'ha': False, 'availability_zone_hints': [], 'routes': [], 'flavor_id': None, 'tags': [], 'created_at': '2024-08-06T07:40:51Z', 'updated_at': '2024-08-06T07:40:53Z', 'revision_number': 2, 'project_id': 'f40cf0a73af34b90accd91b11402c63d'}
2024-08-06 07:41:01.606 61351 INFO tempest.lib.common.rest_client [req-d3dad736-d82c-4dd9-a645-c9e0b512d976 req-d3dad736-d82c-4dd9-a645-c9e0b512d976 ] Request (HypervisorAdminNegativeUnderV252Test:tearDownClass): 204 DELETE http://10.180.1.21:9696/networking/v2.0/security-groups/17d4aba3-0517-4728-921c-110c05796dc4 0.687s
2024-08-06 07:41:01.624 61290 INFO tempest.lib.common.rest_client [req-0db9d8d4-fd97-4ecc-a34c-67e68bb514d3 req-0db9d8d4-fd97-4ecc-a34c-67e68bb514d3 ] Request (ServerExternalEventsTest:setUpClass): 200 GET http://10.180.1.21/identity/v3/roles 0.065s
2024-08-06 07:41:01.641 61307 INFO tempest.lib.common.rest_client [req-833f4ca5-0997-4a38-a5b2-3b5bd3c6bb2d req-833f4ca5-0997-4a38-a5b2-3b5bd3c6bb2d ] Request (QuotasAdminTestV236:test_get_updated_quotas): 201 POST http://10.180.1.21/identity/v3/users 0.136s
2024-08-06 07:41:01.659 61353 INFO tempest.lib.common.rest_client [req-f1dfc5c3-ebbe-406b-87ad-ba07c1dfda22 req-f1dfc5c3-ebbe-406b-87ad-ba07c1dfda22 ] Request (SecurityGroupsTestAdminJSON:setUpClass): 201 POST http://10.180.1.21/identity/v3/auth/tokens 0.077s
2024-08-06 07:41:01.715 61351 INFO tempest.lib.common.rest_client [req-8c66e9bb-7d61-471b-a31b-ebcaf1efc112 req-8c66e9bb-7d61-471b-a31b-ebcaf1efc112 ] Request (HypervisorAdminNegativeUnderV252Test:tearDownClass): 204 DELETE http://10.180.1.21/identity/v3/projects/e5eb54951db94137accb5e20c2f38b9e 0.109s
2024-08-06 07:41:01.731 61320 INFO tempest.lib.common.rest_client [req-197f444a-6213-4142-a37c-0dc4901ba13a req-197f444a-6213-4142-a37c-0dc4901ba13a ] Request (ServersWithSpecificFlavorTestJSON:setUpClass): 201 POST http://10.180.1.21/identity/v3/auth/tokens 0.127s
2024-08-06 07:41:01.748 61339 INFO tempest.lib.common.rest_client [req-99715b51-3866-4f79-88ee-fbfa5cf55afe req-99715b51-3866-4f79-88ee-fbfa5cf55afe ] Request (FlavorsExtraSpecsNegativeTestJSON:tearDownClass): 200 GET http://10.180.1.21:9696/networking/v2.0/security-groups?tenant_id=485df106115e42b6ab2a7b6dcaa2888d&name=default 0.955s
2024-08-06 07:41:01.766 61290 INFO tempest.lib.common.rest_client [req-f54ff598-2d5b-49ea-a09d-483176f368fd req-f54ff598-2d5b-49ea-a09d-483176f368fd ] Request (ServerExternalEventsTest:setUpClass): 204 PUT http://10.180.1.21/identity/v3/projects/6ccd9b466caf4bb1a893b04ad6a98630/users/493517e9a7334a0ba6d20a5c60fe95ec/roles/6b94adeba2ff4dfe9ba674f698a34a75 0.142s
2024-08-06 07:41:01.767 61290 INFO tempest.lib.common.dynamic_creds [-] Dynamic test user 493517e9a7334a0ba6d20a5c60fe95ec is created with scope project and roles: ['member']
2024-08-06 07:41:01.767 61290 INFO tempest.lib.common.dynamic_creds [-] Acquired dynamic creds: credentials: Credentials: {'domain_id': 'default', 'domain_name': 'Default', 'username': 'tempest-ServerExternalEventsTest-349848612-project-member', 'project_domain_id': 'default', 'project_domain_name': 'Default', 'project_id': '6ccd9b466caf4bb1a893b04ad6a98630', 'project_name': 'tempest-ServerExternalEventsTest-349848612', 'tenant_id': '6ccd9b466caf4bb1a893b04ad6a98630', 'tenant_name': 'tempest-ServerExternalEventsTest-349848612', 'user_domain_id': 'default', 'user_domain_name': 'Default', 'user_id': '493517e9a7334a0ba6d20a5c60fe95ec', 'system': None}, Network: None, Subnet: None, Router: None
2024-08-06 07:41:01.767 61290 INFO tempest.lib.common.dynamic_creds [-] Created isolated network resources for: credentials: Credentials: {'domain_id': 'default', 'domain_name': 'Default', 'username': 'tempest-ServerExternalEventsTest-349848612-project-member', 'project_domain_id': 'default', 'project_domain_name': 'Default', 'project_id': '6ccd9b466caf4bb1a893b04ad6a98630', 'project_name': 'tempest-ServerExternalEventsTest-349848612', 'tenant_id': '6ccd9b466caf4bb1a893b04ad6a98630', 'tenant_name': 'tempest-ServerExternalEventsTest-349848612', 'user_domain_id': 'default', 'user_domain_name': 'Default', 'user_id': '493517e9a7334a0ba6d20a5c60fe95ec', 'system': None}, Network: None, Subnet: None, Router: None
2024-08-06 07:41:01.777 61307 INFO tempest.lib.common.rest_client [req-0710c53f-b54e-4662-8296-cfc77d797feb req-0710c53f-b54e-4662-8296-cfc77d797feb ] Request (QuotasAdminTestV236:test_get_updated_quotas): 200 GET http://10.180.1.21/identity/v3/domains?name=Default 0.135s
2024-08-06 07:41:01.810 61353 INFO tempest.lib.common.rest_client [req-43c7ccbc-05fb-42b4-adf3-0a53940254e4 req-43c7ccbc-05fb-42b4-adf3-0a53940254e4 ] Request (SecurityGroupsTestAdminJSON:setUpClass): 201 POST http://10.180.1.21/identity/v3/auth/tokens 0.148s
2024-08-06 07:41:01.827 61351 INFO tempest.lib.common.rest_client [req-5fb2e1ea-1031-4e28-9c31-32c1f973fb6d req-5fb2e1ea-1031-4e28-9c31-32c1f973fb6d ] Request (QuotasSecurityGroupAdminNegativeTest:setUpClass): 201 POST http://10.180.1.21/identity/v3/auth/tokens 0.110s
2024-08-06 07:41:01.832 61353 INFO tempest.lib.common.rest_client [req-53279333-5001-4968-b2ac-430f818af729 req-53279333-5001-4968-b2ac-430f818af729 ] Request (SecurityGroupsTestAdminJSON:setUpClass): 200 GET http://10.180.1.21/identity/v3/domains?name=Default 0.022s
2024-08-06 07:41:01.852 61351 INFO tempest.lib.common.rest_client [req-d770a413-b303-4ca2-9b52-6c22a6aac854 req-d770a413-b303-4ca2-9b52-6c22a6aac854 ] Request (QuotasSecurityGroupAdminNegativeTest:setUpClass): 201 POST http://10.180.1.21/identity/v3/auth/tokens 0.022s
2024-08-06 07:41:01.874 61353 INFO tempest.lib.common.rest_client [req-c3943d89-683a-4f64-a823-f3beebd5c4e9 req-c3943d89-683a-4f64-a823-f3beebd5c4e9 ] Request (SecurityGroupsTestAdminJSON:setUpClass): 201 POST http://10.180.1.21/identity/v3/projects 0.041s
2024-08-06 07:41:01.882 61290 INFO tempest.lib.common.rest_client [req-ca450360-34a9-4838-98c7-cc40109596c8 req-ca450360-34a9-4838-98c7-cc40109596c8 ] Request (ServerExternalEventsTest:setUpClass): 201 POST http://10.180.1.21/identity/v3/auth/tokens 0.052s
2024-08-06 07:41:01.908 61326 INFO tempest.lib.common.rest_client [req-c6dea4dc-8a4c-4b14-9f24-646085dae3a1 req-c6dea4dc-8a4c-4b14-9f24-646085dae3a1 ] Request (FlavorsExtraSpecsTestJSON:tearDownClass): 204 DELETE http://10.180.1.21:9696/networking/v2.0/security-groups/187a9b6b-1d6a-4182-a05b-5585ea6aa745 0.985s
2024-08-06 07:41:01.919 61316 INFO tempest.lib.common.rest_client [req-c0d7ba7c-46da-4f04-b1f2-2f2bf1f38e3e req-c0d7ba7c-46da-4f04-b1f2-2f2bf1f38e3e ] Request (HostsAdminTestJSON:tearDownClass): 204 DELETE http://10.180.1.21:9696/networking/v2.0/security-groups/9631da63-dbcd-4633-a038-599ce4015879 0.909s
2024-08-06 07:41:01.946 61351 INFO tempest.lib.common.rest_client [req-9b4b147c-5940-4b72-a47e-8065e4f6e42f req-9b4b147c-5940-4b72-a47e-8065e4f6e42f ] Request (QuotasSecurityGroupAdminNegativeTest:setUpClass): 200 GET http://10.180.1.21/identity/v3/domains?name=Default 0.094s
2024-08-06 07:41:01.947 61353 INFO tempest.lib.common.rest_client [req-6014e4db-4871-45af-9acf-62258fca2410 req-6014e4db-4871-45af-9acf-62258fca2410 ] Request (SecurityGroupsTestAdminJSON:setUpClass): 201 POST http://10.180.1.21/identity/v3/users 0.073s
2024-08-06 07:41:01.972 61292 INFO tempest.lib.common.rest_client [req-4c040367-4e53-4ec6-8e76-6894e953be60 req-4c040367-4e53-4ec6-8e76-6894e953be60 ] Request (SecurityGroupRulesTestJSON:setUpClass): 200 PUT http://10.180.1.21:9696/networking/v2.0/routers/0bdfa438-fcbf-4246-8a83-5bf2f48b7346/add_router_interface 6.729s
2024-08-06 07:41:01.972 61292 INFO tempest.lib.common.dynamic_creds [-] Created isolated network resources for: credentials: Credentials: {'domain_id': 'default', 'domain_name': 'Default', 'username': 'tempest-SecurityGroupRulesTestJSON-126136971-project-member', 'project_domain_id': 'default', 'project_domain_name': 'Default', 'project_id': '65f48b1f39db450f8b93a0b2b180e454', 'project_name': 'tempest-SecurityGroupRulesTestJSON-126136971', 'tenant_id': '65f48b1f39db450f8b93a0b2b180e454', 'tenant_name': 'tempest-SecurityGroupRulesTestJSON-126136971', 'user_domain_id': 'default', 'user_domain_name': 'Default', 'user_id': '0be3fa85f42a4e6198ebd006e76b3053', 'system': None}, Network: {'id': '9bac312e-b820-43e2-b274-ab4419b3ff85', 'name': 'tempest-SecurityGroupRulesTestJSON-1997126851-network', 'tenant_id': '65f48b1f39db450f8b93a0b2b180e454', 'admin_state_up': True, 'mtu': 8950, 'status': 'ACTIVE', 'subnets': [], 'shared': False, 'project_id': '65f48b1f39db450f8b93a0b2b180e454', 'port_security_enabled': True, 'router:external': False, 'provider:network_type': 'vlan', 'provider:physical_network': 'default', 'provider:segmentation_id': 170, 'is_default': False, 'availability_zone_hints': [], 'availability_zones': [], 'ipv4_address_scope': None, 'ipv6_address_scope': None, 'description': '', 'tags': [], 'created_at': '2024-08-06T07:40:51Z', 'updated_at': '2024-08-06T07:40:51Z', 'revision_number': 1}, Subnet: {'id': 'ba8a272c-b2b0-46af-bc04-126871e929d0', 'name': 'tempest-SecurityGroupRulesTestJSON-1997126851-subnet', 'tenant_id': '65f48b1f39db450f8b93a0b2b180e454', 'network_id': '9bac312e-b820-43e2-b274-ab4419b3ff85', 'ip_version': 4, 'subnetpool_id': None, 'enable_dhcp': True, 'ipv6_ra_mode': None, 'ipv6_address_mode': None, 'gateway_ip': '192.168.128.1', 'cidr': '192.168.128.0/28', 'allocation_pools': [{'start': '192.168.128.2', 'end': '192.168.128.14'}], 'host_routes': [], 'dns_nameservers': [], 'description': '', 'router:external': False, 'service_types': [], 'tags': [], 'created_at': '2024-08-06T07:40:51Z', 'updated_at': '2024-08-06T07:40:51Z', 'revision_number': 0, 'project_id': '65f48b1f39db450f8b93a0b2b180e454'}, Router: {'id': '0bdfa438-fcbf-4246-8a83-5bf2f48b7346', 'name': 'tempest-SecurityGroupRulesTestJSON-1997126851-router', 'tenant_id': '65f48b1f39db450f8b93a0b2b180e454', 'admin_state_up': True, 'status': 'ACTIVE', 'external_gateway_info': {'network_id': '03878621-106a-48d6-a9e0-712eb89b2859', 'external_fixed_ips': [{'subnet_id': '4fbd33c9-9577-4c02-8f07-60bdc6e64d03', 'ip_address': '10.180.180.171'}], 'enable_snat': True}, 'description': '', 'availability_zones': [], 'distributed': False, 'ha': False, 'availability_zone_hints': [], 'routes': [], 'flavor_id': None, 'tags': [], 'created_at': '2024-08-06T07:40:52Z', 'updated_at': '2024-08-06T07:40:53Z', 'revision_number': 2, 'project_id': '65f48b1f39db450f8b93a0b2b180e454'}
2024-08-06 07:41:01.973 61294 INFO tempest.lib.common.rest_client [req-423e4f43-17a9-44b5-972c-070b645b2b23 req-423e4f43-17a9-44b5-972c-070b645b2b23 ] Request (DeleteServersAdminTestJSON:test_admin_delete_servers_of_others): 200 GET http://10.180.1.21/compute/v2.1/servers/52550451-ae76-4f50-9eb3-91acc786a196 1.735s
2024-08-06 07:41:01.982 61290 INFO tempest.lib.common.rest_client [req-febf54d0-d03c-4215-8f1c-a80684f1e7fa req-febf54d0-d03c-4215-8f1c-a80684f1e7fa ] Request (ServerExternalEventsTest:setUpClass): 201 POST http://10.180.1.21/identity/v3/projects 0.099s
2024-08-06 07:41:02.030 61326 INFO tempest.lib.common.rest_client [req-986f01e6-3ff2-4f0e-9301-2930c4a2e8bf req-986f01e6-3ff2-4f0e-9301-2930c4a2e8bf ] Request (FlavorsExtraSpecsTestJSON:tearDownClass): 204 DELETE http://10.180.1.21/identity/v3/projects/f40b4953351e4a6491f68acd96653ebe 0.121s
2024-08-06 07:41:02.093 61351 INFO tempest.lib.common.rest_client [req-923bcaca-4428-4494-979c-d13efdc1ae49 req-923bcaca-4428-4494-979c-d13efdc1ae49 ] Request (QuotasSecurityGroupAdminNegativeTest:setUpClass): 201 POST http://10.180.1.21/identity/v3/projects 0.146s
2024-08-06 07:41:02.146 61316 INFO tempest.lib.common.rest_client [req-5d4bf98f-635e-41ba-b2a0-29ec6ec95a7e req-5d4bf98f-635e-41ba-b2a0-29ec6ec95a7e ] Request (HostsAdminTestJSON:tearDownClass): 204 DELETE http://10.180.1.21/identity/v3/projects/d193ac4b3adf43d7a64bbf726ffc69f9 0.226s
2024-08-06 07:41:02.163 61296 INFO tempest.lib.common.rest_client [req-a86ff748-4b2b-4e60-a7de-667550652d53 req-a86ff748-4b2b-4e60-a7de-667550652d53 ] Request (QuotasAdminTestV257:tearDownClass): 200 GET http://10.180.1.21:9696/networking/v2.0/security-groups?tenant_id=41213a84fc044ef990757be59aa73b22&name=default 1.681s
2024-08-06 07:41:02.175 61353 INFO tempest.lib.common.rest_client [req-580b44d9-8151-4f00-9d27-3d91514ba8a1 req-580b44d9-8151-4f00-9d27-3d91514ba8a1 ] Request (SecurityGroupsTestAdminJSON:setUpClass): 200 GET http://10.180.1.21/identity/v3/roles 0.227s
