2024-08-06 07:43:15.741 61339 INFO tempest.lib.common.rest_client [req-e28672cc-a247-4498-ab60-d8ce86f479b1 req-e28672cc-a247-4498-ab60-d8ce86f479b1 ] Request (DeleteServersTestJSON:test_delete_server_while_in_attached_volume): 200 GET http://10.180.1.21/compute/v2.1/servers/44ca8067-ed30-4120-967d-bfebfb18b2f0 0.132s
2024-08-06 07:43:15.756 61337 INFO tempest.lib.common.rest_client [req-c913bd82-c964-46c4-b12c-a305e8320a99 req-c913bd82-c964-46c4-b12c-a305e8320a99 ] Request (SecurityGroupsTestJSON:test_server_security_groups): 200 GET http://10.180.1.21/compute/v2.1/servers/ad06426c-a06a-499b-8067-d3143cd7d9e4 0.118s
2024-08-06 07:43:15.764 61294 INFO tempest.lib.common.rest_client [req-b1dc5afa-ce1a-4627-a908-0f1d48f888b5 req-b1dc5afa-ce1a-4627-a908-0f1d48f888b5 ] Request (KeyPairsV210TestJSON:test_admin_manage_keypairs_for_other_users): 200 GET http://10.180.1.21/compute/v2.1/os-keypairs?user_id=24240570c23e44fd8a8676b35b654af0 0.049s
2024-08-06 07:43:15.790 61347 INFO tempest.lib.common.rest_client [req-8c9f475f-f4c4-4b61-a2a5-509492d249b0 req-8c9f475f-f4c4-4b61-a2a5-509492d249b0 ] Request (InstanceActionsNegativeTestJSON:setUpClass): 200 GET http://10.180.1.21/compute/v2.1/servers/845e3305-4519-4f5f-b878-8577c5c2820f 0.093s
2024-08-06 07:43:15.795 61320 INFO tempest.lib.common.rest_client [req-2e97022f-c5aa-427a-b8fc-f53c17ebc585 req-2e97022f-c5aa-427a-b8fc-f53c17ebc585 ] Request (ImagesNegativeTestJSON:setUpClass): 201 POST http://10.180.1.21:9696/networking/v2.0/networks 0.325s
2024-08-06 07:43:15.802 61294 INFO tempest.lib.common.rest_client [req-dd0d7459-db32-4160-b103-7c252dae1a2f req-dd0d7459-db32-4160-b103-7c252dae1a2f ] Request (KeyPairsV210TestJSON:_run_cleanups): 204 DELETE http://10.180.1.21/compute/v2.1/os-keypairs/tempest-KeyPairsV210TestJSON-keypair-1099960862 0.036s
2024-08-06 07:43:15.837 61332 INFO tempest.lib.common.rest_client [req-f7c57915-2ae1-4c08-aa19-fa50459a589c req-f7c57915-2ae1-4c08-aa19-fa50459a589c ] Request (ServerActionsTestJSON:setUpClass): 200 GET http://10.180.1.21/compute/v2.1/servers/817da7cf-245d-4ab8-9f74-efb62c90a810 0.089s
2024-08-06 07:43:15.879 61290 INFO tempest.lib.common.rest_client [req-0d5c272b-e402-4eaf-97b8-33a933827e80 req-0d5c272b-e402-4eaf-97b8-33a933827e80 ] Request (ServersAdminNegativeTestJSON:tearDownClass): 204 DELETE http://10.180.1.21:9696/networking/v2.0/security-groups/d7be3593-cd0f-47c2-9216-a4c97e6ad8c3 0.169s
2024-08-06 07:43:15.884 61330 INFO tempest.lib.common.rest_client [req-837901f6-6466-4619-b0c3-bfc1b5de50f4 req-837901f6-6466-4619-b0c3-bfc1b5de50f4 ] Request (ServerActionsTestOtherB:setUpClass): 200 GET http://10.180.1.21/compute/v2.1/servers/a357f6a5-7085-44e1-b1b4-007e4536ece6 0.094s
2024-08-06 07:43:15.901 61294 INFO tempest.lib.common.rest_client [req-c0e224ad-e957-47de-aedf-2c412604a7c3 req-c0e224ad-e957-47de-aedf-2c412604a7c3 ] Request (KeyPairsV210TestJSON:_run_cleanups): 204 DELETE http://10.180.1.21/compute/v2.1/os-keypairs/tempest-keypair-140535267?user_id=24240570c23e44fd8a8676b35b654af0 0.098s
2024-08-06 07:43:15.907 61307 INFO tempest.lib.common.rest_client [req-e744e0e7-cb41-42eb-b914-47c3f63b4d26 req-e744e0e7-cb41-42eb-b914-47c3f63b4d26 ] Request (ListImageFiltersTestJSON:setUpClass): 200 GET http://10.180.1.21/compute/v2.1/servers/b1b188dc-b9b2-4a4b-954d-ed515862b816 0.116s
2024-08-06 07:43:15.934 61294 INFO tempest.lib.common.rest_client [req-44ddffec-deb8-4d8c-83ec-e805c9b5eac3 req-44ddffec-deb8-4d8c-83ec-e805c9b5eac3 ] Request (KeyPairsV210TestJSON:_run_cleanups): 204 DELETE http://10.180.1.21/compute/v2.1/os-keypairs/tempest-keypair-881647745?user_id=24240570c23e44fd8a8676b35b654af0 0.033s
2024-08-06 07:43:15.962 61320 INFO tempest.lib.common.rest_client [req-0e843eb1-efbc-4d70-8158-259ece8ccbe0 req-0e843eb1-efbc-4d70-8158-259ece8ccbe0 ] Request (ImagesNegativeTestJSON:setUpClass): 201 POST http://10.180.1.21:9696/networking/v2.0/subnets 0.167s
2024-08-06 07:43:15.985 61290 INFO tempest.lib.common.rest_client [req-eebd2ce6-1df6-4796-b0d4-97b6df66f6d4 req-eebd2ce6-1df6-4796-b0d4-97b6df66f6d4 ] Request (ServersAdminNegativeTestJSON:tearDownClass): 204 DELETE http://10.180.1.21/identity/v3/projects/b38ab05525ca4345bef4008f784164fc 0.106s
2024-08-06 07:43:15.995 61314 INFO tempest.lib.common.rest_client [req-5446e272-c360-466a-9c3d-6241acbb49a7 req-5446e272-c360-466a-9c3d-6241acbb49a7 ] Request (VolumesAdminNegativeTest:test_update_attached_volume_with_nonexistent_volume_in_body): 200 GET http://10.180.1.21/compute/v2.1/servers/2e09cbf7-9ba8-4f5f-8265-c1622e8e7f87 0.096s
2024-08-06 07:43:16.026 61294 INFO tempest.lib.common.rest_client [req-5d56d526-bb76-4159-a562-813b7dcafbc2 req-5d56d526-bb76-4159-a562-813b7dcafbc2 ] Request (KeyPairsV210TestJSON:tearDownClass): 204 DELETE http://10.180.1.21/identity/v3/users/24240570c23e44fd8a8676b35b654af0 0.090s
2024-08-06 07:43:16.039 61326 INFO tempest.lib.common.rest_client [req-9f3daf50-d222-4b44-b747-32318a581ea3 req-9f3daf50-d222-4b44-b747-32318a581ea3 ] Request (ListServersNegativeTestJSON:setUpClass): 200 GET http://10.180.1.21/compute/v2.1/servers/28cca4bd-717a-43c4-ae71-961ef57c4e11 0.087s
2024-08-06 07:43:16.053 61290 INFO tempest.lib.common.rest_client [req-c3d995d5-cfc6-4aa7-abb9-70a312240e55 req-c3d995d5-cfc6-4aa7-abb9-70a312240e55 ] Request (KeyPairsV22TestJSON:setUpClass): 201 POST http://10.180.1.21/identity/v3/auth/tokens 0.064s
2024-08-06 07:43:16.071 61302 INFO tempest.lib.common.rest_client [req-438fdf03-13c7-4965-9bd4-882415380db5 req-438fdf03-13c7-4965-9bd4-882415380db5 ] Request (ServersTestFqdnHostnames:test_create_server_with_fqdn_name): 200 GET http://10.180.1.21/compute/v2.1/servers/3649cbd4-b283-4df5-8db7-c132a8071223 0.053s
2024-08-06 07:43:16.089 61290 INFO tempest.lib.common.rest_client [req-73578d03-9016-4490-aa4f-641eebf9afb0 req-73578d03-9016-4490-aa4f-641eebf9afb0 ] Request (KeyPairsV22TestJSON:setUpClass): 201 POST http://10.180.1.21/identity/v3/auth/tokens 0.034s
2024-08-06 07:43:16.117 61290 INFO tempest.lib.common.rest_client [req-f8072111-240a-4132-9c0e-11bece75bbd3 req-f8072111-240a-4132-9c0e-11bece75bbd3 ] Request (KeyPairsV22TestJSON:setUpClass): 200 GET http://10.180.1.21/identity/v3/domains?name=Default 0.027s
2024-08-06 07:43:16.155 61294 INFO tempest.lib.common.rest_client [req-f84ed7ad-152a-467c-9d86-444dd8101f9c req-f84ed7ad-152a-467c-9d86-444dd8101f9c ] Request (KeyPairsV210TestJSON:tearDownClass): 204 DELETE http://10.180.1.21/identity/v3/users/6aa74dc937744116955aaf945dfccbf5 0.129s
2024-08-06 07:43:16.155 61294 INFO tempest.lib.common.dynamic_creds [-] Deleting project and security group for project: c75fd9525c8849339958015f19659f1a
2024-08-06 07:43:16.192 61290 INFO tempest.lib.common.rest_client [req-a80d4483-ddc8-4b7b-ae59-d7506a05c826 req-a80d4483-ddc8-4b7b-ae59-d7506a05c826 ] Request (KeyPairsV22TestJSON:setUpClass): 201 POST http://10.180.1.21/identity/v3/projects 0.074s
2024-08-06 07:43:16.214 61345 INFO tempest.lib.common.rest_client [req-93cba241-15f3-4a44-b521-23ae65e6e126 req-93cba241-15f3-4a44-b521-23ae65e6e126 ] Request (ServersTestMultiNic:test_verify_multiple_nics_order): 200 GET http://10.180.1.21/compute/v2.1/servers/39a9e721-749b-44c8-aceb-79e23811579b 0.099s
2024-08-06 07:43:16.241 61294 INFO tempest.lib.common.rest_client [req-79bc5c5b-87f0-414d-863b-9fa84e68affb req-79bc5c5b-87f0-414d-863b-9fa84e68affb ] Request (KeyPairsV210TestJSON:tearDownClass): 201 POST http://10.180.1.21/identity/v3/auth/tokens 0.085s
2024-08-06 07:43:16.263 61290 INFO tempest.lib.common.rest_client [req-888ac126-8aab-41bd-bed5-b1cad4b89fea req-888ac126-8aab-41bd-bed5-b1cad4b89fea ] Request (KeyPairsV22TestJSON:setUpClass): 201 POST http://10.180.1.21/identity/v3/users 0.071s
2024-08-06 07:43:16.277 61328 INFO tempest.lib.common.rest_client [req-97d3343b-48e4-4c02-ad7f-dbe40c5d1923 req-97d3343b-48e4-4c02-ad7f-dbe40c5d1923 ] Request (FloatingIPsAssociationTestJSON:setUpClass): 200 GET http://10.180.1.21/compute/v2.1/servers/efba0349-4c43-4eff-b1e7-fd1ac39ebca4 0.111s
2024-08-06 07:43:16.283 61290 INFO tempest.lib.common.rest_client [req-46a45e3b-9cbd-44e7-b2db-b37a4bfc71d3 req-46a45e3b-9cbd-44e7-b2db-b37a4bfc71d3 ] Request (KeyPairsV22TestJSON:setUpClass): 200 GET http://10.180.1.21/identity/v3/roles 0.020s
2024-08-06 07:43:16.328 61290 INFO tempest.lib.common.rest_client [req-929fbcab-a478-4d82-a4b0-7b2ec59fe24d req-929fbcab-a478-4d82-a4b0-7b2ec59fe24d ] Request (KeyPairsV22TestJSON:setUpClass): 204 PUT http://10.180.1.21/identity/v3/projects/41ead4a24b3a45938f409703cb0d33b8/users/45d1b7a8f3cc411abaa25836969aad21/roles/6b94adeba2ff4dfe9ba674f698a34a75 0.044s
2024-08-06 07:43:16.328 61290 INFO tempest.lib.common.dynamic_creds [-] Dynamic test user 45d1b7a8f3cc411abaa25836969aad21 is created with scope project and roles: ['member']
2024-08-06 07:43:16.328 61290 INFO tempest.lib.common.dynamic_creds [-] Acquired dynamic creds: credentials: Credentials: {'domain_id': 'default', 'domain_name': 'Default', 'username': 'tempest-KeyPairsV22TestJSON-411528333-project-member', 'project_domain_id': 'default', 'project_domain_name': 'Default', 'project_id': '41ead4a24b3a45938f409703cb0d33b8', 'project_name': 'tempest-KeyPairsV22TestJSON-411528333', 'tenant_id': '41ead4a24b3a45938f409703cb0d33b8', 'tenant_name': 'tempest-KeyPairsV22TestJSON-411528333', 'user_domain_id': 'default', 'user_domain_name': 'Default', 'user_id': '45d1b7a8f3cc411abaa25836969aad21', 'system': None}, Network: None, Subnet: None, Router: None
2024-08-06 07:43:16.328 61290 INFO tempest.lib.common.dynamic_creds [-] Created isolated network resources for: credentials: Credentials: {'domain_id': 'default', 'domain_name': 'Default', 'username': 'tempest-KeyPairsV22TestJSON-411528333-project-member', 'project_domain_id': 'default', 'project_domain_name': 'Default', 'project_id': '41ead4a24b3a45938f409703cb0d33b8', 'project_name': 'tempest-KeyPairsV22TestJSON-411528333', 'tenant_id': '41ead4a24b3a45938f409703cb0d33b8', 'tenant_name': 'tempest-KeyPairsV22TestJSON-411528333', 'user_domain_id': 'default', 'user_domain_name': 'Default', 'user_id': '45d1b7a8f3cc411abaa25836969aad21', 'system': None}, Network: None, Subnet: None, Router: None
2024-08-06 07:43:16.367 61308 INFO tempest.lib.common.rest_client [req-efa7fc05-cf38-4783-bae7-2cf6f7f66fdb req-efa7fc05-cf38-4783-bae7-2cf6f7f66fdb ] Request (MigrationsAdminTest:test_resize_server_revert_deleted_flavor): 200 GET http://10.180.1.21/compute/v2.1/servers/72aa5fce-dccd-4d05-8e2b-da397388e112 0.071s
2024-08-06 07:43:16.368 61296 INFO tempest.lib.common.rest_client [req-75448de8-9fbd-4cf8-9959-449b54965ab4 req-75448de8-9fbd-4cf8-9959-449b54965ab4 ] Request (ServerGroupTestJSON:test_create_server_with_scheduler_hint_group): 200 GET http://10.180.1.21/compute/v2.1/servers/535cfb71-fd03-4a7a-8576-4279d66a0bae 0.138s
2024-08-06 07:43:16.400 61290 INFO tempest.lib.common.rest_client [req-d98e57a9-104f-4a94-b8d6-7c255a82fd96 req-d98e57a9-104f-4a94-b8d6-7c255a82fd96 ] Request (KeyPairsV22TestJSON:setUpClass): 201 POST http://10.180.1.21/identity/v3/auth/tokens 0.069s
2024-08-06 07:43:16.441 61312 INFO tempest.lib.common.rest_client [req-35a7d3b4-08c1-47fd-a39b-48b3c29cd8af req-35a7d3b4-08c1-47fd-a39b-48b3c29cd8af ] Request (FloatingIPsAssociationNegativeTestJSON:setUpClass): 200 GET http://10.180.1.21/compute/v2.1/servers/4f5b6eee-45e9-4120-a493-b4515869236a 0.107s
2024-08-06 07:43:16.447 61312 INFO tempest.common.waiters [-] State transition "BUILD/spawning" ==> "ERROR/None" after 99 second wait
2024-08-06 07:43:16.534 61290 INFO tempest.lib.common.rest_client [req-5d3a48a5-9e7e-4441-8bb3-b944b4166515 req-5d3a48a5-9e7e-4441-8bb3-b944b4166515 ] Request (KeyPairsV22TestJSON:test_get_keypair_detail): 201 POST http://10.180.1.21/compute/v2.1/os-keypairs 0.132s
2024-08-06 07:43:16.609 61312 INFO tempest.lib.common.rest_client [req-7b1ac07c-e512-4643-8e14-20f79ee535b8 req-7b1ac07c-e512-4643-8e14-20f79ee535b8 ] Request (FloatingIPsAssociationNegativeTestJSON:setUpClass): 204 DELETE http://10.180.1.21/compute/v2.1/servers/4f5b6eee-45e9-4120-a493-b4515869236a 0.162s
2024-08-06 07:43:16.658 61305 INFO tempest.lib.common.rest_client [req-74b900dd-b083-4a4f-980b-d4d371686384 req-74b900dd-b083-4a4f-980b-d4d371686384 ] Request (ImagesTestJSON:test_create_image_from_suspended_server): 200 GET http://10.180.1.21/compute/v2.1/servers/1d3e495e-d8d0-43d4-9487-fa8f4adfeeb1 0.194s
2024-08-06 07:43:16.664 61353 INFO tempest.lib.common.rest_client [req-b1939000-0db1-4b12-a404-616a6d39ed66 req-b1939000-0db1-4b12-a404-616a6d39ed66 ] Request (ServerDiagnosticsV248Test:tearDownClass): 200 GET http://10.180.1.21/compute/v2.1/servers/451b3153-2cd6-47b3-a1a0-4a35e1ef94dd 0.147s
2024-08-06 07:43:16.671 61290 INFO tempest.lib.common.rest_client [req-621165fc-bee2-4fb2-8235-374dad9a6a4a req-621165fc-bee2-4fb2-8235-374dad9a6a4a ] Request (KeyPairsV22TestJSON:test_get_keypair_detail): 200 GET http://10.180.1.21/compute/v2.1/os-keypairs/tempest-keypair-617370701 0.135s
2024-08-06 07:43:16.731 61343 INFO tempest.lib.common.rest_client [req-e0ad5562-2bed-4a06-be31-e8bc95855fff req-e0ad5562-2bed-4a06-be31-e8bc95855fff ] Request (ServerActionsTestOtherA:setUpClass): 200 GET http://10.180.1.21/compute/v2.1/servers/bb28d6b9-b6b5-41cf-8a2a-0f11c46b203b 0.158s
2024-08-06 07:43:16.736 61294 INFO tempest.lib.common.rest_client [req-56cf5de2-660f-411d-b3c9-60e1e04446da req-56cf5de2-660f-411d-b3c9-60e1e04446da ] Request (KeyPairsV210TestJSON:tearDownClass): 200 GET http://10.180.1.21:9696/networking/v2.0/security-groups?tenant_id=c75fd9525c8849339958015f19659f1a&name=default 0.495s
2024-08-06 07:43:16.757 61300 INFO tempest.lib.common.rest_client [req-fc23d6a5-7536-43cb-9354-c0c2c55f52a2 req-fc23d6a5-7536-43cb-9354-c0c2c55f52a2 ] Request (AttachVolumeShelveTestJSON:test_attach_volume_shelved_or_offload_server): 200 GET http://10.180.1.21/compute/v2.1/servers/f87ff0a2-8700-4549-a0a6-e9da570511b9 0.229s
2024-08-06 07:43:16.783 61312 INFO tempest.lib.common.rest_client [req-86c36f53-51e8-445e-adae-543a234358b3 req-86c36f53-51e8-445e-adae-543a234358b3 ] Request (FloatingIPsAssociationNegativeTestJSON:setUpClass): 404 GET http://10.180.1.21/compute/v2.1/servers/4f5b6eee-45e9-4120-a493-b4515869236a 0.173s
2024-08-06 07:43:16.783 61312 INFO tempest.test [-] raised in FloatingIPsAssociationNegativeTestJSON.setUpClass. Invoking tearDownClass.
2024-08-06 07:43:16.820 61349 INFO tempest.lib.common.rest_client [req-e49d6be5-758e-4ade-ba1e-e39aa6ac4011 req-e49d6be5-758e-4ade-ba1e-e39aa6ac4011 ] Request (AttachVolumeNegativeTest:test_attach_attached_volume_to_different_server): 200 GET http://10.180.1.21/compute/v2.1/servers/556abe9c-bb3c-44d5-8c47-d07a9dc71b58 0.213s
2024-08-06 07:43:16.835 61290 INFO tempest.lib.common.rest_client [req-2ccf3b6e-14e0-42cc-b6d8-58f7692ab053 req-2ccf3b6e-14e0-42cc-b6d8-58f7692ab053 ] Request (KeyPairsV22TestJSON:_run_cleanups): 204 DELETE http://10.180.1.21/compute/v2.1/os-keypairs/tempest-keypair-617370701 0.162s
2024-08-06 07:43:16.879 61292 INFO tempest.lib.common.rest_client [req-4730dc5d-8997-469c-9fb8-0c289ebdcae6 req-4730dc5d-8997-469c-9fb8-0c289ebdcae6 ] Request (AttachInterfacesUnderV243Test:test_add_remove_fixed_ip): 200 GET http://10.180.1.21/compute/v2.1/servers/b110ef32-6813-43c3-bb28-e10ebc246b4d 0.258s
2024-08-06 07:43:16.894 61298 INFO tempest.lib.common.rest_client [req-7d587106-d9db-4853-ad0c-71182f6c2f3f req-7d587106-d9db-4853-ad0c-71182f6c2f3f ] Request (ServersTestBootFromVolume:setUpClass): 200 GET http://10.180.1.21/compute/v2.1/servers/7eaa765e-4a7c-4dbb-917e-d215c477e3cc 0.208s
2024-08-06 07:43:16.915 61294 INFO tempest.lib.common.rest_client [req-fcbea1b1-6a35-4a47-a583-19f764acfc3e req-fcbea1b1-6a35-4a47-a583-19f764acfc3e ] Request (KeyPairsV210TestJSON:tearDownClass): 204 DELETE http://10.180.1.21:9696/networking/v2.0/security-groups/34c4ba89-28e1-45f7-91c1-bcb98b3cbc23 0.178s
2024-08-06 07:43:16.962 61339 INFO tempest.lib.common.rest_client [req-ab1c061e-99d2-494a-a8ae-10bf69fef790 req-ab1c061e-99d2-494a-a8ae-10bf69fef790 ] Request (DeleteServersTestJSON:test_delete_server_while_in_attached_volume): 200 GET http://10.180.1.21/compute/v2.1/servers/44ca8067-ed30-4120-967d-bfebfb18b2f0 0.213s
2024-08-06 07:43:16.974 61341 INFO tempest.lib.common.rest_client [req-338599b4-b99a-4684-9780-131b57b76c15 req-338599b4-b99a-4684-9780-131b57b76c15 ] Request (ServersV294TestFqdnHostnames:setUpClass): 200 GET http://10.180.1.21/compute/v2.1/servers/3a269fbf-040a-4437-9ea0-4e40acaf9f74 0.269s
2024-08-06 07:43:17.028 61294 INFO tempest.lib.common.rest_client [req-91a41843-98f6-4a11-83c6-a38683130e44 req-91a41843-98f6-4a11-83c6-a38683130e44 ] Request (KeyPairsV210TestJSON:tearDownClass): 204 DELETE http://10.180.1.21/identity/v3/projects/c75fd9525c8849339958015f19659f1a 0.112s
2024-08-06 07:43:17.028 61294 INFO tempest.lib.common.dynamic_creds [-] Deleting project and security group for project: bd25d41a675d4644afc07b2848b49acc
2024-08-06 07:43:17.031 61337 INFO tempest.lib.common.rest_client [req-ce58ce57-c79c-4989-85e3-b72c1e95faac req-ce58ce57-c79c-4989-85e3-b72c1e95faac ] Request (SecurityGroupsTestJSON:test_server_security_groups): 200 GET http://10.180.1.21/compute/v2.1/servers/ad06426c-a06a-499b-8067-d3143cd7d9e4 0.269s
2024-08-06 07:43:17.087 61347 INFO tempest.lib.common.rest_client [req-eac64d21-cc05-42d5-8036-bb95199515c2 req-eac64d21-cc05-42d5-8036-bb95199515c2 ] Request (InstanceActionsNegativeTestJSON:setUpClass): 200 GET http://10.180.1.21/compute/v2.1/servers/845e3305-4519-4f5f-b878-8577c5c2820f 0.290s
2024-08-06 07:43:17.108 61290 INFO tempest.lib.common.rest_client [req-8ce4bfff-0b9d-49ec-91b6-f1461ac1ad4e req-8ce4bfff-0b9d-49ec-91b6-f1461ac1ad4e ] Request (KeyPairsV22TestJSON:test_keypair_create_delete): 201 POST http://10.180.1.21/compute/v2.1/os-keypairs 0.271s
2024-08-06 07:43:17.155 61332 INFO tempest.lib.common.rest_client [req-0510b379-7769-48f5-bf6b-b8e3019c4145 req-0510b379-7769-48f5-bf6b-b8e3019c4145 ] Request (ServerActionsTestJSON:setUpClass): 200 GET http://10.180.1.21/compute/v2.1/servers/817da7cf-245d-4ab8-9f74-efb62c90a810 0.311s
2024-08-06 07:43:17.164 61294 INFO tempest.lib.common.rest_client [req-471f2088-24c8-46dc-aa16-07061c4734af req-471f2088-24c8-46dc-aa16-07061c4734af ] Request (KeyPairsV210TestJSON:tearDownClass): 200 GET http://10.180.1.21:9696/networking/v2.0/security-groups?tenant_id=bd25d41a675d4644afc07b2848b49acc&name=default 0.136s
2024-08-06 07:43:17.203 61330 INFO tempest.lib.common.rest_client [req-5c0199fd-47a0-40b5-b5a2-5118af846e8d req-5c0199fd-47a0-40b5-b5a2-5118af846e8d ] Request (ServerActionsTestOtherB:setUpClass): 200 GET http://10.180.1.21/compute/v2.1/servers/a357f6a5-7085-44e1-b1b4-007e4536ece6 0.312s
2024-08-06 07:43:17.238 61307 INFO tempest.lib.common.rest_client [req-5e799ba8-9a94-4ceb-987f-d251772ea7b0 req-5e799ba8-9a94-4ceb-987f-d251772ea7b0 ] Request (ListImageFiltersTestJSON:setUpClass): 200 GET http://10.180.1.21/compute/v2.1/servers/b1b188dc-b9b2-4a4b-954d-ed515862b816 0.323s
2024-08-06 07:43:17.248 61314 INFO tempest.lib.common.rest_client [req-2c6f187b-e9f0-40e4-85ec-d5552d62d917 req-2c6f187b-e9f0-40e4-85ec-d5552d62d917 ] Request (VolumesAdminNegativeTest:test_update_attached_volume_with_nonexistent_volume_in_body): 200 GET http://10.180.1.21/compute/v2.1/servers/2e09cbf7-9ba8-4f5f-8265-c1622e8e7f87 0.246s
2024-08-06 07:43:17.304 61326 INFO tempest.lib.common.rest_client [req-8a0c3813-60b6-430c-87bf-b4055d873fa6 req-8a0c3813-60b6-430c-87bf-b4055d873fa6 ] Request (ListServersNegativeTestJSON:setUpClass): 200 GET http://10.180.1.21/compute/v2.1/servers/28cca4bd-717a-43c4-ae71-961ef57c4e11 0.258s
2024-08-06 07:43:17.308 61302 INFO tempest.lib.common.rest_client [req-03101055-3d01-412e-bcb6-5cdece83225a req-03101055-3d01-412e-bcb6-5cdece83225a ] Request (ServersTestFqdnHostnames:test_create_server_with_fqdn_name): 200 GET http://10.180.1.21/compute/v2.1/servers/3649cbd4-b283-4df5-8db7-c132a8071223 0.230s
2024-08-06 07:43:17.318 61290 INFO tempest.lib.common.rest_client [req-9b15cd6d-f479-4071-ac6b-4950fbbba64d req-9b15cd6d-f479-4071-ac6b-4950fbbba64d ] Request (KeyPairsV22TestJSON:_run_cleanups): 204 DELETE http://10.180.1.21/compute/v2.1/os-keypairs/tempest-keypair-294552693 0.209s
2024-08-06 07:43:17.374 61345 INFO tempest.lib.common.rest_client [req-a5e27ba3-303e-4b2d-8428-9e4e80bdb45b req-a5e27ba3-303e-4b2d-8428-9e4e80bdb45b ] Request (ServersTestMultiNic:test_verify_multiple_nics_order): 200 GET http://10.180.1.21/compute/v2.1/servers/39a9e721-749b-44c8-aceb-79e23811579b 0.150s
2024-08-06 07:43:17.392 61320 INFO tempest.lib.common.rest_client [req-27e9f75d-7139-46f6-bc72-103e06dde6eb req-27e9f75d-7139-46f6-bc72-103e06dde6eb ] Request (ImagesNegativeTestJSON:setUpClass): 201 POST http://10.180.1.21:9696/networking/v2.0/routers 1.429s
2024-08-06 07:43:17.422 61328 INFO tempest.lib.common.rest_client [req-871c3049-3264-4a24-a9a4-a97b80ce6a6f req-871c3049-3264-4a24-a9a4-a97b80ce6a6f ] Request (FloatingIPsAssociationTestJSON:setUpClass): 200 GET http://10.180.1.21/compute/v2.1/servers/efba0349-4c43-4eff-b1e7-fd1ac39ebca4 0.136s
2024-08-06 07:43:17.440 61290 INFO tempest.lib.common.rest_client [req-01c47064-4de0-43bc-85b6-d6fafa49313b req-01c47064-4de0-43bc-85b6-d6fafa49313b ] Request (KeyPairsV22TestJSON:test_keypair_create_with_pub_key): 201 POST http://10.180.1.21/compute/v2.1/os-keypairs 0.120s
2024-08-06 07:43:17.468 61294 INFO tempest.lib.common.rest_client [req-249c7145-5f13-4cbd-9a1a-706c03a1bb7b req-249c7145-5f13-4cbd-9a1a-706c03a1bb7b ] Request (KeyPairsV210TestJSON:tearDownClass): 204 DELETE http://10.180.1.21:9696/networking/v2.0/security-groups/df4d2965-714c-49f0-b62a-623851ed00f3 0.303s
2024-08-06 07:43:17.483 61296 INFO tempest.lib.common.rest_client [req-3908d5ae-bf4f-4967-9b74-4853f41d88f5 req-3908d5ae-bf4f-4967-9b74-4853f41d88f5 ] Request (ServerGroupTestJSON:test_create_server_with_scheduler_hint_group): 200 GET http://10.180.1.21/compute/v2.1/servers/535cfb71-fd03-4a7a-8576-4279d66a0bae 0.109s
2024-08-06 07:43:17.506 61290 INFO tempest.lib.common.rest_client [req-0985340d-522b-49bc-8252-fe466985c103 req-0985340d-522b-49bc-8252-fe466985c103 ] Request (KeyPairsV22TestJSON:_run_cleanups): 204 DELETE http://10.180.1.21/compute/v2.1/os-keypairs/tempest-keypair-1339035246 0.065s
2024-08-06 07:43:17.534 61290 INFO tempest.lib.common.rest_client [req-89693fba-e9ed-4c4c-bf84-6563acc4ce9c req-89693fba-e9ed-4c4c-bf84-6563acc4ce9c ] Request (KeyPairsV22TestJSON:test_keypairs_create_list_delete): 201 POST http://10.180.1.21/compute/v2.1/os-keypairs 0.026s
2024-08-06 07:43:17.545 61308 INFO tempest.lib.common.rest_client [req-0b2c8077-b72e-4322-b1f4-ddba28013471 req-0b2c8077-b72e-4322-b1f4-ddba28013471 ] Request (MigrationsAdminTest:test_resize_server_revert_deleted_flavor): 200 GET http://10.180.1.21/compute/v2.1/servers/72aa5fce-dccd-4d05-8e2b-da397388e112 0.171s
2024-08-06 07:43:17.561 61290 INFO tempest.lib.common.rest_client [req-cc222b7e-57a8-438c-b219-3e6ff19e10b0 req-cc222b7e-57a8-438c-b219-3e6ff19e10b0 ] Request (KeyPairsV22TestJSON:test_keypairs_create_list_delete): 201 POST http://10.180.1.21/compute/v2.1/os-keypairs 0.026s
2024-08-06 07:43:17.562 61294 INFO tempest.lib.common.rest_client [req-fa5333c1-66c5-459e-9292-19a54d72c1e8 req-fa5333c1-66c5-459e-9292-19a54d72c1e8 ] Request (KeyPairsV210TestJSON:tearDownClass): 204 DELETE http://10.180.1.21/identity/v3/projects/bd25d41a675d4644afc07b2848b49acc 0.093s
2024-08-06 07:43:17.563 61294 INFO tempest.test [-] raised in UpdateMultiattachVolumeNegativeTest.setUpClass. Invoking tearDownClass.
2024-08-06 07:43:17.597 61290 INFO tempest.lib.common.rest_client [req-c29f3ce0-5189-469b-831d-a790e7045893 req-c29f3ce0-5189-469b-831d-a790e7045893 ] Request (KeyPairsV22TestJSON:test_keypairs_create_list_delete): 201 POST http://10.180.1.21/compute/v2.1/os-keypairs 0.034s
2024-08-06 07:43:17.613 61290 INFO tempest.lib.common.rest_client [req-529f07ee-b9b5-44ca-93bb-f1c4ca10ce73 req-529f07ee-b9b5-44ca-93bb-f1c4ca10ce73 ] Request (KeyPairsV22TestJSON:test_keypairs_create_list_delete): 200 GET http://10.180.1.21/compute/v2.1/os-keypairs 0.014s
2024-08-06 07:43:17.631 61294 INFO tempest.lib.common.rest_client [req-478b931b-6688-430c-b31f-d73345f509e7 req-478b931b-6688-430c-b31f-d73345f509e7 ] Request (FloatingIPDetailsTestJSON:setUpClass): 201 POST http://10.180.1.21/identity/v3/auth/tokens 0.066s
2024-08-06 07:43:17.636 61290 INFO tempest.lib.common.rest_client [req-7ec8e28e-90c5-47e3-b50b-499a4c89ba43 req-7ec8e28e-90c5-47e3-b50b-499a4c89ba43 ] Request (KeyPairsV22TestJSON:_run_cleanups): 204 DELETE http://10.180.1.21/compute/v2.1/os-keypairs/tempest-KeyPairsV22TestJSON-keypair-1149081798 0.021s
2024-08-06 07:43:17.652 61290 INFO tempest.lib.common.rest_client [req-f41bf1be-5957-4bf5-9a76-8ef15319f168 req-f41bf1be-5957-4bf5-9a76-8ef15319f168 ] Request (KeyPairsV22TestJSON:_run_cleanups): 204 DELETE http://10.180.1.21/compute/v2.1/os-keypairs/tempest-KeyPairsV22TestJSON-keypair-1275265052 0.016s
2024-08-06 07:43:17.668 61294 INFO tempest.lib.common.rest_client [req-5563d075-289f-46f3-a595-5ed808af78bf req-5563d075-289f-46f3-a595-5ed808af78bf ] Request (FloatingIPDetailsTestJSON:setUpClass): 201 POST http://10.180.1.21/identity/v3/auth/tokens 0.035s
2024-08-06 07:43:17.671 61290 INFO tempest.lib.common.rest_client [req-d1ab8659-6dec-4bc1-a6d5-3940197b3552 req-d1ab8659-6dec-4bc1-a6d5-3940197b3552 ] Request (KeyPairsV22TestJSON:_run_cleanups): 204 DELETE http://10.180.1.21/compute/v2.1/os-keypairs/tempest-KeyPairsV22TestJSON-keypair-405583646 0.019s
2024-08-06 07:43:17.694 61294 INFO tempest.lib.common.rest_client [req-da82e372-4c01-4e9b-92d1-c3c63ba61bab req-da82e372-4c01-4e9b-92d1-c3c63ba61bab ] Request (FloatingIPDetailsTestJSON:setUpClass): 200 GET http://10.180.1.21/identity/v3/domains?name=Default 0.025s
2024-08-06 07:43:17.708 61290 INFO tempest.lib.common.rest_client [req-1c82e8c3-db05-4a23-85f9-74a6a61660ae req-1c82e8c3-db05-4a23-85f9-74a6a61660ae ] Request (KeyPairsV22TestJSON:test_keypairsv22_create_list_show): 201 POST http://10.180.1.21/compute/v2.1/os-keypairs 0.035s
2024-08-06 07:43:17.738 61294 INFO tempest.lib.common.rest_client [req-8ecd3d00-6d8b-4e7f-b905-13a876b417a8 req-8ecd3d00-6d8b-4e7f-b905-13a876b417a8 ] Request (FloatingIPDetailsTestJSON:setUpClass): 201 POST http://10.180.1.21/identity/v3/projects 0.043s
2024-08-06 07:43:17.742 61305 INFO tempest.lib.common.rest_client [req-432ba44a-7ded-4784-ab95-02ddceffeac1 req-432ba44a-7ded-4784-ab95-02ddceffeac1 ] Request (ImagesTestJSON:test_create_image_from_suspended_server): 200 GET http://10.180.1.21/compute/v2.1/servers/1d3e495e-d8d0-43d4-9487-fa8f4adfeeb1 0.076s
2024-08-06 07:43:17.750 61290 INFO tempest.lib.common.rest_client [req-ce036a8d-23de-4938-9aaa-bb2be5926006 req-ce036a8d-23de-4938-9aaa-bb2be5926006 ] Request (KeyPairsV22TestJSON:test_keypairsv22_create_list_show): 200 GET http://10.180.1.21/compute/v2.1/os-keypairs/tempest-keypair-558023912 0.040s
2024-08-06 07:43:17.792 61294 INFO tempest.lib.common.rest_client [req-1b3d3ad6-742f-4483-b611-9e3e96a7f461 req-1b3d3ad6-742f-4483-b611-9e3e96a7f461 ] Request (FloatingIPDetailsTestJSON:setUpClass): 201 POST http://10.180.1.21/identity/v3/users 0.054s
2024-08-06 07:43:17.801 61343 INFO tempest.lib.common.rest_client [req-67329644-ebc2-4ced-b45f-9aaa0b10dc9f req-67329644-ebc2-4ced-b45f-9aaa0b10dc9f ] Request (ServerActionsTestOtherA:setUpClass): 200 GET http://10.180.1.21/compute/v2.1/servers/bb28d6b9-b6b5-41cf-8a2a-0f11c46b203b 0.061s
2024-08-06 07:43:17.810 61290 INFO tempest.lib.common.rest_client [req-f72abad8-f2b3-49c7-a28a-b96361dd72d6 req-f72abad8-f2b3-49c7-a28a-b96361dd72d6 ] Request (KeyPairsV22TestJSON:test_keypairsv22_create_list_show): 200 GET http://10.180.1.21/compute/v2.1/os-keypairs 0.058s
2024-08-06 07:43:17.812 61294 INFO tempest.lib.common.rest_client [req-d2fdd129-509c-4844-bf12-8148d3a91a6d req-d2fdd129-509c-4844-bf12-8148d3a91a6d ] Request (FloatingIPDetailsTestJSON:setUpClass): 200 GET http://10.180.1.21/identity/v3/roles 0.019s
2024-08-06 07:43:17.818 61353 INFO tempest.lib.common.rest_client [req-a95e9652-804c-45b3-a7e5-1c6bfe01d556 req-a95e9652-804c-45b3-a7e5-1c6bfe01d556 ] Request (ServerDiagnosticsV248Test:tearDownClass): 200 GET http://10.180.1.21/compute/v2.1/servers/451b3153-2cd6-47b3-a1a0-4a35e1ef94dd 0.144s
2024-08-06 07:43:17.832 61290 INFO tempest.lib.common.rest_client [req-b136ceb6-bcf8-42bf-bd54-ec4f2ae7e028 req-b136ceb6-bcf8-42bf-bd54-ec4f2ae7e028 ] Request (KeyPairsV22TestJSON:_run_cleanups): 204 DELETE http://10.180.1.21/compute/v2.1/os-keypairs/tempest-keypair-558023912 0.020s
2024-08-06 07:43:17.855 61294 INFO tempest.lib.common.rest_client [req-ed8ecba4-da03-484d-a04e-542325615640 req-ed8ecba4-da03-484d-a04e-542325615640 ] Request (FloatingIPDetailsTestJSON:setUpClass): 204 PUT http://10.180.1.21/identity/v3/projects/cc1d554445b34ddbbe5ec9182c53e5b9/users/a03e77706bbc4afea7570b25389cf7fd/roles/6b94adeba2ff4dfe9ba674f698a34a75 0.043s
2024-08-06 07:43:17.855 61294 INFO tempest.lib.common.dynamic_creds [-] Dynamic test user a03e77706bbc4afea7570b25389cf7fd is created with scope project and roles: ['member']
2024-08-06 07:43:17.856 61294 INFO tempest.lib.common.dynamic_creds [-] Acquired dynamic creds: credentials: Credentials: {'domain_id': 'default', 'domain_name': 'Default', 'username': 'tempest-FloatingIPDetailsTestJSON-900216120-project-member', 'project_domain_id': 'default', 'project_domain_name': 'Default', 'project_id': 'cc1d554445b34ddbbe5ec9182c53e5b9', 'project_name': 'tempest-FloatingIPDetailsTestJSON-900216120', 'tenant_id': 'cc1d554445b34ddbbe5ec9182c53e5b9', 'tenant_name': 'tempest-FloatingIPDetailsTestJSON-900216120', 'user_domain_id': 'default', 'user_domain_name': 'Default', 'user_id': 'a03e77706bbc4afea7570b25389cf7fd', 'system': None}, Network: None, Subnet: None, Router: None
2024-08-06 07:43:17.867 61300 INFO tempest.lib.common.rest_client [req-4b7b2544-9b17-4782-b91b-ee4494c87f35 req-4b7b2544-9b17-4782-b91b-ee4494c87f35 ] Request (AttachVolumeShelveTestJSON:test_attach_volume_shelved_or_offload_server): 200 GET http://10.180.1.21/compute/v2.1/servers/f87ff0a2-8700-4549-a0a6-e9da570511b9 0.102s
2024-08-06 07:43:17.887 61349 INFO tempest.lib.common.rest_client [req-751806dc-b0eb-4614-99b9-744c927f87a9 req-751806dc-b0eb-4614-99b9-744c927f87a9 ] Request (AttachVolumeNegativeTest:test_attach_attached_volume_to_different_server): 200 GET http://10.180.1.21/compute/v2.1/servers/556abe9c-bb3c-44d5-8c47-d07a9dc71b58 0.060s
2024-08-06 07:43:17.925 61294 INFO tempest.lib.common.rest_client [req-2cbc256a-7f2a-4621-9ca5-a827359dc061 req-2cbc256a-7f2a-4621-9ca5-a827359dc061 ] Request (FloatingIPDetailsTestJSON:setUpClass): 201 POST http://10.180.1.21/identity/v3/auth/tokens 0.069s
2024-08-06 07:43:17.960 61292 INFO tempest.lib.common.rest_client [req-2a0e5111-f7b3-4812-b510-ea4390e23fb7 req-2a0e5111-f7b3-4812-b510-ea4390e23fb7 ] Request (AttachInterfacesUnderV243Test:test_add_remove_fixed_ip): 200 GET http://10.180.1.21/compute/v2.1/servers/b110ef32-6813-43c3-bb28-e10ebc246b4d 0.073s
2024-08-06 07:43:17.966 61292 INFO tempest.common.waiters [-] State transition "BUILD/scheduling" ==> "BUILD/None" after 76 second wait
2024-08-06 07:43:18.035 61298 INFO tempest.lib.common.rest_client [req-25f4776e-5d0b-4ce5-907d-763cc6f7fa68 req-25f4776e-5d0b-4ce5-907d-763cc6f7fa68 ] Request (ServersTestBootFromVolume:setUpClass): 200 GET http://10.180.1.21/compute/v2.1/servers/7eaa765e-4a7c-4dbb-917e-d215c477e3cc 0.134s
2024-08-06 07:43:18.057 61312 INFO tempest.lib.common.rest_client [req-b1bbaa24-e10a-457f-b823-b1479efca3eb req-b1bbaa24-e10a-457f-b823-b1479efca3eb ] Request (FloatingIPsAssociationNegativeTestJSON:tearDownClass): 200 PUT http://10.180.1.21:9696/networking/v2.0/routers/a6af6b4a-18d7-4c33-8490-460ca5f565ae/remove_router_interface 1.273s
2024-08-06 07:43:18.114 61339 INFO tempest.lib.common.rest_client [req-5806f2b6-3016-41f7-b8f2-075126166eb2 req-5806f2b6-3016-41f7-b8f2-075126166eb2 ] Request (DeleteServersTestJSON:test_delete_server_while_in_attached_volume): 200 GET http://10.180.1.21/compute/v2.1/servers/44ca8067-ed30-4120-967d-bfebfb18b2f0 0.145s
2024-08-06 07:43:18.125 61290 INFO tempest.lib.common.rest_client [req-701c6d5f-a43d-47aa-b52f-c8b9c4eb9de4 req-701c6d5f-a43d-47aa-b52f-c8b9c4eb9de4 ] Request (KeyPairsV22TestJSON:test_keypairsv22_create_list_show_with_type): 201 POST http://10.180.1.21/compute/v2.1/os-keypairs 0.292s
2024-08-06 07:43:18.183 61341 INFO tempest.lib.common.rest_client [req-430c8a13-3118-4cb4-89ea-935c17d30086 req-430c8a13-3118-4cb4-89ea-935c17d30086 ] Request (ServersV294TestFqdnHostnames:setUpClass): 200 GET http://10.180.1.21/compute/v2.1/servers/3a269fbf-040a-4437-9ea0-4e40acaf9f74 0.201s
2024-08-06 07:43:18.189 61337 INFO tempest.lib.common.rest_client [req-40ddb075-8eca-4d32-bc4f-cdb0c109387d req-40ddb075-8eca-4d32-bc4f-cdb0c109387d ] Request (SecurityGroupsTestJSON:test_server_security_groups): 200 GET http://10.180.1.21/compute/v2.1/servers/ad06426c-a06a-499b-8067-d3143cd7d9e4 0.150s
2024-08-06 07:43:18.196 61290 INFO tempest.lib.common.rest_client [req-e72e20c9-a5a3-4a68-bc2e-8cd12e5e147c req-e72e20c9-a5a3-4a68-bc2e-8cd12e5e147c ] Request (KeyPairsV22TestJSON:test_keypairsv22_create_list_show_with_type): 200 GET http://10.180.1.21/compute/v2.1/os-keypairs/tempest-keypair-573102859 0.069s
2024-08-06 07:43:18.255 61347 INFO tempest.lib.common.rest_client [req-bfbabaa6-19d0-43e9-adc4-25348d4cdfc5 req-bfbabaa6-19d0-43e9-adc4-25348d4cdfc5 ] Request (InstanceActionsNegativeTestJSON:setUpClass): 200 GET http://10.180.1.21/compute/v2.1/servers/845e3305-4519-4f5f-b878-8577c5c2820f 0.160s
2024-08-06 07:43:18.262 61290 INFO tempest.lib.common.rest_client [req-d05de532-cca7-4ae0-bf85-a7a8767bf616 req-d05de532-cca7-4ae0-bf85-a7a8767bf616 ] Request (KeyPairsV22TestJSON:test_keypairsv22_create_list_show_with_type): 200 GET http://10.180.1.21/compute/v2.1/os-keypairs 0.064s
2024-08-06 07:43:18.308 61330 INFO tempest.lib.common.rest_client [req-af2a31be-86d4-4ac2-8452-fd81fb0d8a19 req-af2a31be-86d4-4ac2-8452-fd81fb0d8a19 ] Request (ServerActionsTestOtherB:setUpClass): 200 GET http://10.180.1.21/compute/v2.1/servers/a357f6a5-7085-44e1-b1b4-007e4536ece6 0.098s
2024-08-06 07:43:18.358 61307 INFO tempest.lib.common.rest_client [req-3d964f67-93ed-44fb-b25e-6e7154d5c95c req-3d964f67-93ed-44fb-b25e-6e7154d5c95c ] Request (ListImageFiltersTestJSON:setUpClass): 200 GET http://10.180.1.21/compute/v2.1/servers/b1b188dc-b9b2-4a4b-954d-ed515862b816 0.112s
2024-08-06 07:43:18.405 61314 INFO tempest.lib.common.rest_client [req-aaceeed1-a6f2-413f-a320-d5f5c8cac828 req-aaceeed1-a6f2-413f-a320-d5f5c8cac828 ] Request (VolumesAdminNegativeTest:test_update_attached_volume_with_nonexistent_volume_in_body): 200 GET http://10.180.1.21/compute/v2.1/servers/2e09cbf7-9ba8-4f5f-8265-c1622e8e7f87 0.148s
2024-08-06 07:43:18.425 61294 INFO tempest.lib.common.rest_client [req-afe90194-d83e-4fa7-9f78-9c4e9f5ce8ef req-afe90194-d83e-4fa7-9f78-9c4e9f5ce8ef ] Request (FloatingIPDetailsTestJSON:setUpClass): 201 POST http://10.180.1.21:9696/networking/v2.0/networks 0.499s
2024-08-06 07:43:18.430 61290 INFO tempest.lib.common.rest_client [req-02d92331-ef85-4190-b2b4-a631b6b7a5dc req-02d92331-ef85-4190-b2b4-a631b6b7a5dc ] Request (KeyPairsV22TestJSON:_run_cleanups): 204 DELETE http://10.180.1.21/compute/v2.1/os-keypairs/tempest-keypair-573102859 0.166s
2024-08-06 07:43:18.435 61332 INFO tempest.lib.common.rest_client [req-cdcfa0ec-9a8e-409c-8c29-6519f6cf8874 req-cdcfa0ec-9a8e-409c-8c29-6519f6cf8874 ] Request (ServerActionsTestJSON:setUpClass): 200 GET http://10.180.1.21/compute/v2.1/servers/817da7cf-245d-4ab8-9f74-efb62c90a810 0.273s
2024-08-06 07:43:18.526 61326 INFO tempest.lib.common.rest_client [req-2ecb65f1-ba4e-434a-8669-558b745e65e6 req-2ecb65f1-ba4e-434a-8669-558b745e65e6 ] Request (ListServersNegativeTestJSON:setUpClass): 200 GET http://10.180.1.21/compute/v2.1/servers/28cca4bd-717a-43c4-ae71-961ef57c4e11 0.216s
2024-08-06 07:43:18.531 61290 INFO tempest.lib.common.rest_client [req-6255dbc8-46bf-4498-a4d1-779ca76a4858 req-6255dbc8-46bf-4498-a4d1-779ca76a4858 ] Request (KeyPairsV22TestJSON:tearDownClass): 204 DELETE http://10.180.1.21/identity/v3/users/45d1b7a8f3cc411abaa25836969aad21 0.099s
2024-08-06 07:43:18.531 61290 INFO tempest.lib.common.dynamic_creds [-] Deleting project and security group for project: 41ead4a24b3a45938f409703cb0d33b8
2024-08-06 07:43:18.543 61302 INFO tempest.lib.common.rest_client [req-df56ef16-c2cd-40b5-bb43-3e9caedf41a3 req-df56ef16-c2cd-40b5-bb43-3e9caedf41a3 ] Request (ServersTestFqdnHostnames:test_create_server_with_fqdn_name): 200 GET http://10.180.1.21/compute/v2.1/servers/3649cbd4-b283-4df5-8db7-c132a8071223 0.229s
2024-08-06 07:43:18.585 61345 INFO tempest.lib.common.rest_client [req-93a0d481-d196-494f-a890-c2a098c6c323 req-93a0d481-d196-494f-a890-c2a098c6c323 ] Request (ServersTestMultiNic:test_verify_multiple_nics_order): 200 GET http://10.180.1.21/compute/v2.1/servers/39a9e721-749b-44c8-aceb-79e23811579b 0.195s
2024-08-06 07:43:18.623 61290 INFO tempest.lib.common.rest_client [req-7ba5414a-8513-4d2a-8610-34655a5f1d9c req-7ba5414a-8513-4d2a-8610-34655a5f1d9c ] Request (KeyPairsV22TestJSON:tearDownClass): 201 POST http://10.180.1.21/identity/v3/auth/tokens 0.091s
2024-08-06 07:43:18.645 61296 INFO tempest.lib.common.rest_client [req-49f51d44-a406-430f-9e6b-c2f4789a35dc req-49f51d44-a406-430f-9e6b-c2f4789a35dc ] Request (ServerGroupTestJSON:test_create_server_with_scheduler_hint_group): 200 GET http://10.180.1.21/compute/v2.1/servers/535cfb71-fd03-4a7a-8576-4279d66a0bae 0.154s
2024-08-06 07:43:18.653 61328 INFO tempest.lib.common.rest_client [req-a61ebae9-00b5-49b7-9b2c-57758eddf19d req-a61ebae9-00b5-49b7-9b2c-57758eddf19d ] Request (FloatingIPsAssociationTestJSON:setUpClass): 200 GET http://10.180.1.21/compute/v2.1/servers/efba0349-4c43-4eff-b1e7-fd1ac39ebca4 0.225s
2024-08-06 07:43:18.703 61308 INFO tempest.lib.common.rest_client [req-9f90aff4-47f9-412e-b772-ae672118f372 req-9f90aff4-47f9-412e-b772-ae672118f372 ] Request (MigrationsAdminTest:test_resize_server_revert_deleted_flavor): 200 GET http://10.180.1.21/compute/v2.1/servers/72aa5fce-dccd-4d05-8e2b-da397388e112 0.151s
2024-08-06 07:43:18.748 61294 INFO tempest.lib.common.rest_client [req-4457feb7-d279-4fd3-b932-2c633debe102 req-4457feb7-d279-4fd3-b932-2c633debe102 ] Request (FloatingIPDetailsTestJSON:setUpClass): 201 POST http://10.180.1.21:9696/networking/v2.0/subnets 0.323s
2024-08-06 07:43:18.773 61320 INFO tempest.lib.common.rest_client [req-0c997e6d-7065-4714-8a9c-643f24792c39 req-0c997e6d-7065-4714-8a9c-643f24792c39 ] Request (ImagesNegativeTestJSON:setUpClass): 200 PUT http://10.180.1.21:9696/networking/v2.0/routers/c4308b85-ce5e-45bb-a4eb-81924941e5eb/add_router_interface 1.380s
2024-08-06 07:43:18.773 61320 INFO tempest.lib.common.dynamic_creds [-] Created isolated network resources for: credentials: Credentials: {'domain_id': 'default', 'domain_name': 'Default', 'username': 'tempest-ImagesNegativeTestJSON-1626838439-project-member', 'project_domain_id': 'default', 'project_domain_name': 'Default', 'project_id': '704ab5d55cb449aca106212e91316e1a', 'project_name': 'tempest-ImagesNegativeTestJSON-1626838439', 'tenant_id': '704ab5d55cb449aca106212e91316e1a', 'tenant_name': 'tempest-ImagesNegativeTestJSON-1626838439', 'user_domain_id': 'default', 'user_domain_name': 'Default', 'user_id': 'c2d6f17433694fbb980e92143b0c32d1', 'system': None}, Network: {'id': 'e0305768-3cd8-4d15-a041-b64bea9b93bf', 'name': 'tempest-ImagesNegativeTestJSON-720763539-network', 'tenant_id': '704ab5d55cb449aca106212e91316e1a', 'admin_state_up': True, 'mtu': 8950, 'status': 'ACTIVE', 'subnets': [], 'shared': False, 'project_id': '704ab5d55cb449aca106212e91316e1a', 'port_security_enabled': True, 'router:external': False, 'provider:network_type': 'vlan', 'provider:physical_network': 'default', 'provider:segmentation_id': 97, 'is_default': False, 'availability_zone_hints': [], 'availability_zones': [], 'ipv4_address_scope': None, 'ipv6_address_scope': None, 'description': '', 'tags': [], 'created_at': '2024-08-06T07:43:15Z', 'updated_at': '2024-08-06T07:43:15Z', 'revision_number': 1}, Subnet: {'id': '336bb3a4-66d5-4e4d-bead-2ce252ef87be', 'name': 'tempest-ImagesNegativeTestJSON-720763539-subnet', 'tenant_id': '704ab5d55cb449aca106212e91316e1a', 'network_id': 'e0305768-3cd8-4d15-a041-b64bea9b93bf', 'ip_version': 4, 'subnetpool_id': None, 'enable_dhcp': True, 'ipv6_ra_mode': None, 'ipv6_address_mode': None, 'gateway_ip': '192.168.128.1', 'cidr': '192.168.128.0/28', 'allocation_pools': [{'start': '192.168.128.2', 'end': '192.168.128.14'}], 'host_routes': [], 'dns_nameservers': [], 'description': '', 'router:external': False, 'service_types': [], 'tags': [], 'created_at': '2024-08-06T07:43:15Z', 'updated_at': '2024-08-06T07:43:15Z', 'revision_number': 0, 'project_id': '704ab5d55cb449aca106212e91316e1a'}, Router: {'id': 'c4308b85-ce5e-45bb-a4eb-81924941e5eb', 'name': 'tempest-ImagesNegativeTestJSON-720763539-router', 'tenant_id': '704ab5d55cb449aca106212e91316e1a', 'admin_state_up': True, 'status': 'ACTIVE', 'external_gateway_info': {'network_id': '03878621-106a-48d6-a9e0-712eb89b2859', 'external_fixed_ips': [{'subnet_id': '4fbd33c9-9577-4c02-8f07-60bdc6e64d03', 'ip_address': '10.180.180.175'}], 'enable_snat': True}, 'description': '', 'availability_zones': [], 'distributed': False, 'ha': False, 'availability_zone_hints': [], 'routes': [], 'flavor_id': None, 'tags': [], 'created_at': '2024-08-06T07:43:15Z', 'updated_at': '2024-08-06T07:43:16Z', 'revision_number': 2, 'project_id': '704ab5d55cb449aca106212e91316e1a'}
2024-08-06 07:43:18.811 61305 INFO tempest.lib.common.rest_client [req-f260f0e9-d69d-496e-9e62-c0632ae656f2 req-f260f0e9-d69d-496e-9e62-c0632ae656f2 ] Request (ImagesTestJSON:test_create_image_from_suspended_server): 200 GET http://10.180.1.21/compute/v2.1/servers/1d3e495e-d8d0-43d4-9487-fa8f4adfeeb1 0.062s
2024-08-06 07:43:18.842 61290 INFO tempest.lib.common.rest_client [req-99c4f0ec-e4b8-4ecc-8874-f2f1c872552e req-99c4f0ec-e4b8-4ecc-8874-f2f1c872552e ] Request (KeyPairsV22TestJSON:tearDownClass): 200 GET http://10.180.1.21:9696/networking/v2.0/security-groups?tenant_id=41ead4a24b3a45938f409703cb0d33b8&name=default 0.219s
2024-08-06 07:43:18.850 61320 INFO tempest.lib.common.rest_client [req-ce10dc28-f0ee-47d6-ab76-2a2bef50b975 req-ce10dc28-f0ee-47d6-ab76-2a2bef50b975 ] Request (ImagesNegativeTestJSON:setUpClass): 201 POST http://10.180.1.21/identity/v3/auth/tokens 0.073s
2024-08-06 07:43:18.870 61343 INFO tempest.lib.common.rest_client [req-9bdc8d9b-6b18-4207-a300-3081901fedc6 req-9bdc8d9b-6b18-4207-a300-3081901fedc6 ] Request (ServerActionsTestOtherA:setUpClass): 200 GET http://10.180.1.21/compute/v2.1/servers/bb28d6b9-b6b5-41cf-8a2a-0f11c46b203b 0.062s
2024-08-06 07:43:18.878 61320 INFO tempest.lib.common.rest_client [req-ca8c63c6-bded-4c60-8f98-bb8bef02ad3d req-ca8c63c6-bded-4c60-8f98-bb8bef02ad3d ] Request (ImagesNegativeTestJSON:test_create_image_from_deleted_server): 201 POST http://10.180.1.21/identity/v3/auth/tokens 0.025s
2024-08-06 07:43:18.878 61320 INFO tempest.lib.common.fixed_network [-] (ImagesNegativeTestJSON:test_create_image_from_deleted_server) Found network {'id': 'e0305768-3cd8-4d15-a041-b64bea9b93bf', 'name': 'tempest-ImagesNegativeTestJSON-720763539-network', 'tenant_id': '704ab5d55cb449aca106212e91316e1a', 'admin_state_up': True, 'mtu': 8950, 'status': 'ACTIVE', 'subnets': [], 'shared': False, 'project_id': '704ab5d55cb449aca106212e91316e1a', 'port_security_enabled': True, 'router:external': False, 'provider:network_type': 'vlan', 'provider:physical_network': 'default', 'provider:segmentation_id': 97, 'is_default': False, 'availability_zone_hints': [], 'availability_zones': [], 'ipv4_address_scope': None, 'ipv6_address_scope': None, 'description': '', 'tags': [], 'created_at': '2024-08-06T07:43:15Z', 'updated_at': '2024-08-06T07:43:15Z', 'revision_number': 1} available for tenant
2024-08-06 07:43:18.912 61312 INFO tempest.lib.common.rest_client [req-d236c5ac-9d87-40d9-bbed-a5f17d2ab40f req-d236c5ac-9d87-40d9-bbed-a5f17d2ab40f ] Request (FloatingIPsAssociationNegativeTestJSON:tearDownClass): 204 DELETE http://10.180.1.21:9696/networking/v2.0/routers/a6af6b4a-18d7-4c33-8490-460ca5f565ae 0.854s
2024-08-06 07:43:18.928 61300 INFO tempest.lib.common.rest_client [req-4704ca18-eea6-4405-a5a8-fb975b13177e req-4704ca18-eea6-4405-a5a8-fb975b13177e ] Request (AttachVolumeShelveTestJSON:test_attach_volume_shelved_or_offload_server): 200 GET http://10.180.1.21/compute/v2.1/servers/f87ff0a2-8700-4549-a0a6-e9da570511b9 0.053s
2024-08-06 07:43:18.970 61353 INFO tempest.lib.common.rest_client [req-f1c9945c-a776-4ce0-8401-64ab9dac135b req-f1c9945c-a776-4ce0-8401-64ab9dac135b ] Request (ServerDiagnosticsV248Test:tearDownClass): 200 GET http://10.180.1.21/compute/v2.1/servers/451b3153-2cd6-47b3-a1a0-4a35e1ef94dd 0.138s
2024-08-06 07:43:19.000 61290 INFO tempest.lib.common.rest_client [req-c87a1fdc-d9a0-4a23-bc37-73750e0e2e6a req-c87a1fdc-d9a0-4a23-bc37-73750e0e2e6a ] Request (KeyPairsV22TestJSON:tearDownClass): 204 DELETE http://10.180.1.21:9696/networking/v2.0/security-groups/8dc11e23-daa4-4445-b459-a91d0d7c2f73 0.158s
2024-08-06 07:43:19.028 61349 INFO tempest.lib.common.rest_client [req-0d845b58-46c1-46b1-99ec-7d64248f5c67 req-0d845b58-46c1-46b1-99ec-7d64248f5c67 ] Request (AttachVolumeNegativeTest:test_attach_attached_volume_to_different_server): 200 GET http://10.180.1.21/compute/v2.1/servers/556abe9c-bb3c-44d5-8c47-d07a9dc71b58 0.133s
2024-08-06 07:43:19.104 61290 INFO tempest.lib.common.rest_client [req-06310764-3bc4-43fa-ae0a-58e3e8b58fda req-06310764-3bc4-43fa-ae0a-58e3e8b58fda ] Request (KeyPairsV22TestJSON:tearDownClass): 204 DELETE http://10.180.1.21/identity/v3/projects/41ead4a24b3a45938f409703cb0d33b8 0.103s
2024-08-06 07:43:19.166 61290 INFO tempest.lib.common.rest_client [req-106795db-8182-4640-9790-1abf8aa6ad1f req-106795db-8182-4640-9790-1abf8aa6ad1f ] Request (AttachInterfacesTestJSON:setUpClass): 201 POST http://10.180.1.21/identity/v3/auth/tokens 0.060s
2024-08-06 07:43:19.179 61292 INFO tempest.lib.common.rest_client [req-67ca1f83-b647-448e-99d8-957b34fed814 req-67ca1f83-b647-448e-99d8-957b34fed814 ] Request (AttachInterfacesUnderV243Test:test_add_remove_fixed_ip): 200 GET http://10.180.1.21/compute/v2.1/servers/b110ef32-6813-43c3-bb28-e10ebc246b4d 0.212s
2024-08-06 07:43:19.211 61290 INFO tempest.lib.common.rest_client [req-e4e3a4fc-ab7e-410c-91dc-b4e50549cda8 req-e4e3a4fc-ab7e-410c-91dc-b4e50549cda8 ] Request (AttachInterfacesTestJSON:setUpClass): 201 POST http://10.180.1.21/identity/v3/auth/tokens 0.042s
2024-08-06 07:43:19.230 61290 INFO tempest.lib.common.rest_client [req-cb976edf-02ac-4a88-b6a1-3c7ae3448f2a req-cb976edf-02ac-4a88-b6a1-3c7ae3448f2a ] Request (AttachInterfacesTestJSON:setUpClass): 200 GET http://10.180.1.21/identity/v3/domains?name=Default 0.019s
2024-08-06 07:43:19.256 61290 INFO tempest.lib.common.rest_client [req-ef51005c-2e34-45ca-90c8-9b8dbbd3060a req-ef51005c-2e34-45ca-90c8-9b8dbbd3060a ] Request (AttachInterfacesTestJSON:setUpClass): 201 POST http://10.180.1.21/identity/v3/projects 0.025s
2024-08-06 07:43:19.258 61298 INFO tempest.lib.common.rest_client [req-65cb81b9-9844-4c5a-81f9-960640934b21 req-65cb81b9-9844-4c5a-81f9-960640934b21 ] Request (ServersTestBootFromVolume:setUpClass): 200 GET http://10.180.1.21/compute/v2.1/servers/7eaa765e-4a7c-4dbb-917e-d215c477e3cc 0.215s
2024-08-06 07:43:19.320 61312 INFO tempest.lib.common.rest_client [req-b95bbe27-18a8-48c7-aec4-277dd5aeaa39 req-b95bbe27-18a8-48c7-aec4-277dd5aeaa39 ] Request (FloatingIPsAssociationNegativeTestJSON:tearDownClass): 204 DELETE http://10.180.1.21:9696/networking/v2.0/subnets/436ac01e-9318-415b-a31e-b7a0d06c5c5d 0.407s
2024-08-06 07:43:19.321 61320 INFO tempest.lib.common.rest_client [req-a7bfce80-604d-4142-b0d0-4bbd0812f60d req-a7bfce80-604d-4142-b0d0-4bbd0812f60d ] Request (ImagesNegativeTestJSON:test_create_image_from_deleted_server): 202 POST http://10.180.1.21/compute/v2.1/servers 0.442s
2024-08-06 07:43:19.325 61290 INFO tempest.lib.common.rest_client [req-fd31e3bb-922c-431b-8aba-dffc9676ed14 req-fd31e3bb-922c-431b-8aba-dffc9676ed14 ] Request (AttachInterfacesTestJSON:setUpClass): 201 POST http://10.180.1.21/identity/v3/users 0.068s
2024-08-06 07:43:19.330 61339 INFO tempest.lib.common.rest_client [req-731e890a-b63d-46b3-ba71-22b0990f40c7 req-731e890a-b63d-46b3-ba71-22b0990f40c7 ] Request (DeleteServersTestJSON:test_delete_server_while_in_attached_volume): 200 GET http://10.180.1.21/compute/v2.1/servers/44ca8067-ed30-4120-967d-bfebfb18b2f0 0.208s
2024-08-06 07:43:19.361 61290 INFO tempest.lib.common.rest_client [req-445c89ee-e92c-4b2b-993a-672d0c7548dd req-445c89ee-e92c-4b2b-993a-672d0c7548dd ] Request (AttachInterfacesTestJSON:setUpClass): 200 GET http://10.180.1.21/identity/v3/roles 0.035s
2024-08-06 07:43:19.381 61341 INFO tempest.lib.common.rest_client [req-33625351-f4b1-46ac-980f-5d4db3af825a req-33625351-f4b1-46ac-980f-5d4db3af825a ] Request (ServersV294TestFqdnHostnames:setUpClass): 200 GET http://10.180.1.21/compute/v2.1/servers/3a269fbf-040a-4437-9ea0-4e40acaf9f74 0.188s
2024-08-06 07:43:19.394 61290 INFO tempest.lib.common.rest_client [req-8ea35d05-b311-42dc-b931-aeda57562677 req-8ea35d05-b311-42dc-b931-aeda57562677 ] Request (AttachInterfacesTestJSON:setUpClass): 204 PUT http://10.180.1.21/identity/v3/projects/75cabc037d794909a30814cb0bea2a93/users/9baeef27db1d4fa6b7344cba4c62ad7b/roles/6b94adeba2ff4dfe9ba674f698a34a75 0.033s
2024-08-06 07:43:19.395 61290 INFO tempest.lib.common.dynamic_creds [-] Dynamic test user 9baeef27db1d4fa6b7344cba4c62ad7b is created with scope project and roles: ['member']
