2024-08-06 07:42:31.431 61353 INFO tempest.lib.common.rest_client [req-3fe9c6ce-ae1b-4982-8816-f2d678239f18 req-3fe9c6ce-ae1b-4982-8816-f2d678239f18 ] Request (ServerDiagnosticsV248Test:test_get_server_diagnostics): 200 GET http://10.180.1.21/compute/v2.1/servers/451b3153-2cd6-47b3-a1a0-4a35e1ef94dd 0.086s
2024-08-06 07:42:31.484 61337 INFO tempest.lib.common.rest_client [req-8943cb14-dd4a-4dd3-82c3-29f68a9c338a req-8943cb14-dd4a-4dd3-82c3-29f68a9c338a ] Request (SecurityGroupsTestJSON:test_server_security_groups): 202 POST http://10.180.1.21/compute/v2.1/servers 0.283s
2024-08-06 07:42:31.494 61347 INFO tempest.lib.common.rest_client [req-7d11106f-2296-478b-8f26-1920e3f4ce5e req-7d11106f-2296-478b-8f26-1920e3f4ce5e ] Request (InstanceActionsNegativeTestJSON:setUpClass): 200 GET http://10.180.1.21/compute/v2.1/servers/845e3305-4519-4f5f-b878-8577c5c2820f 0.082s
2024-08-06 07:42:31.531 61337 INFO tempest.lib.common.rest_client [req-2decc44e-2e7a-4b4f-9a17-cce5e209643b req-2decc44e-2e7a-4b4f-9a17-cce5e209643b ] Request (SecurityGroupsTestJSON:test_server_security_groups): 200 GET http://10.180.1.21/compute/v2.1/servers/ad06426c-a06a-499b-8067-d3143cd7d9e4 0.045s
2024-08-06 07:42:31.633 61332 INFO tempest.lib.common.rest_client [req-f6c1cc32-8f5d-4c06-abba-2cbeb92b261a req-f6c1cc32-8f5d-4c06-abba-2cbeb92b261a ] Request (ServerActionsTestJSON:setUpClass): 200 GET http://10.180.1.21/compute/v2.1/servers/817da7cf-245d-4ab8-9f74-efb62c90a810 0.051s
2024-08-06 07:42:31.678 61326 INFO tempest.lib.common.rest_client [req-0aed224a-c1e9-45ca-ad01-8b47108e10e1 req-0aed224a-c1e9-45ca-ad01-8b47108e10e1 ] Request (ListServersNegativeTestJSON:setUpClass): 200 GET http://10.180.1.21/compute/v2.1/servers/28cca4bd-717a-43c4-ae71-961ef57c4e11 0.149s
2024-08-06 07:42:31.685 61314 INFO tempest.lib.common.rest_client [req-3cbf6586-d838-4e0c-a1cf-da3d2dc68049 req-3cbf6586-d838-4e0c-a1cf-da3d2dc68049 ] Request (VolumesAssistedSnapshotsTest:_run_cleanups): 404 GET http://10.180.1.21/volume/v3/5eaa362ae20641fe92077e40b225bbc1/volumes/36f5b8b0-ff48-4b08-8b83-e1b760772c64 0.013s
2024-08-06 07:42:31.702 61294 INFO tempest.lib.common.rest_client [req-53fc0d3c-42da-443d-a93e-cff4dabd818c req-53fc0d3c-42da-443d-a93e-cff4dabd818c ] Request (DeleteServersAdminTestJSON:test_delete_server_while_in_error_state): 200 GET http://10.180.1.21/compute/v2.1/servers/8d6d0391-fb92-4837-ae57-f1d84e1445d5 0.116s
2024-08-06 07:42:31.740 61328 INFO tempest.lib.common.rest_client [req-a86625b3-0471-4f76-9e0e-a4eb3f1fbc54 req-a86625b3-0471-4f76-9e0e-a4eb3f1fbc54 ] Request (FloatingIPsAssociationTestJSON:setUpClass): 200 GET http://10.180.1.21/compute/v2.1/servers/efba0349-4c43-4eff-b1e7-fd1ac39ebca4 0.086s
2024-08-06 07:42:31.747 61330 INFO tempest.lib.common.rest_client [req-246ff15d-db80-4110-afba-350debd49c8d req-246ff15d-db80-4110-afba-350debd49c8d ] Request (ServerActionsTestOtherB:setUpClass): 200 GET http://10.180.1.21/compute/v2.1/servers/a357f6a5-7085-44e1-b1b4-007e4536ece6 0.060s
2024-08-06 07:42:31.755 61314 INFO tempest.lib.common.rest_client [req-4bc9379d-0446-4ed1-b79c-cdfac096ce1f req-4bc9379d-0446-4ed1-b79c-cdfac096ce1f ] Request (VolumesAssistedSnapshotsTest:tearDownClass): 202 DELETE http://10.180.1.21/compute/v2.1/os-keypairs/tempest-keypair-2089421580 0.063s
2024-08-06 07:42:31.807 61339 INFO tempest.lib.common.rest_client [req-b171c231-c931-4ad5-8864-665ae29ff452 req-b171c231-c931-4ad5-8864-665ae29ff452 ] Request (DeleteServersTestJSON:test_delete_active_server): 200 GET http://10.180.1.21/compute/v2.1/servers/a2b3ccf4-7a9d-47ee-ae1c-c8ea16a8d495 0.073s
2024-08-06 07:42:31.864 61307 INFO tempest.lib.common.rest_client [req-f75d3b7f-94ee-4306-ae95-01596cca1016 req-f75d3b7f-94ee-4306-ae95-01596cca1016 ] Request (ImagesOneServerTestJSON:setUpClass): 200 GET http://10.180.1.21/compute/v2.1/servers/5ec5acdf-8ab1-48e4-8611-43542d8b8fa9 0.086s
2024-08-06 07:42:31.869 61307 INFO tempest.common.waiters [-] State transition "BUILD/spawning" ==> "ERROR/None" after 66 second wait
2024-08-06 07:42:31.908 61314 INFO tempest.lib.common.rest_client [req-690fff26-3630-4dec-80ad-8fad8706f0fd req-690fff26-3630-4dec-80ad-8fad8706f0fd ] Request (VolumesAssistedSnapshotsTest:tearDownClass): 204 DELETE http://10.180.1.21:9696/networking/v2.0/security-groups/a0cccbfb-a61c-465a-b416-2cba464816bc 0.153s
2024-08-06 07:42:31.910 61320 INFO tempest.lib.common.rest_client [req-daed3f41-f1df-41be-a92f-58994b9a0ae5 req-daed3f41-f1df-41be-a92f-58994b9a0ae5 ] Request (ServersWithSpecificFlavorTestJSON:test_verify_created_server_ephemeral_disk): 200 GET http://10.180.1.21/compute/v2.1/servers/8e11f28c-7256-4500-8686-94771ec4618b 0.198s
2024-08-06 07:42:31.916 61302 INFO tempest.lib.common.rest_client [req-084a8f1b-850f-4d21-a83b-313dc4019555 req-084a8f1b-850f-4d21-a83b-313dc4019555 ] Request (ServersTestFqdnHostnames:test_create_server_with_fqdn_name): 200 GET http://10.180.1.21/compute/v2.1/servers/3649cbd4-b283-4df5-8db7-c132a8071223 0.093s
2024-08-06 07:42:31.917 61320 INFO tempest.common.waiters [-] State transition "BUILD/networking" ==> "BUILD/block_device_mapping" after 63 second wait
2024-08-06 07:42:31.919 61314 INFO tempest.lib.common.rest_client [req-89de3691-d9a4-4fb6-90d9-455bf691ab21 req-89de3691-d9a4-4fb6-90d9-455bf691ab21 ] Request (VolumesAssistedSnapshotsTest:tearDownClass): 404 GET http://10.180.1.21:9696/networking/v2.0/security-groups/a0cccbfb-a61c-465a-b416-2cba464816bc 0.010s
2024-08-06 07:42:31.963 61345 INFO tempest.lib.common.rest_client [req-e4ccee6e-f2a0-4bc1-8939-c7b0a5999f67 req-e4ccee6e-f2a0-4bc1-8939-c7b0a5999f67 ] Request (ServersTestMultiNic:test_verify_multiple_nics_order): 200 GET http://10.180.1.21/compute/v2.1/servers/39a9e721-749b-44c8-aceb-79e23811579b 0.089s
2024-08-06 07:42:32.011 61312 INFO tempest.lib.common.rest_client [req-53212dcc-967c-448d-9d70-e1414c209876 req-53212dcc-967c-448d-9d70-e1414c209876 ] Request (FloatingIPsAssociationNegativeTestJSON:setUpClass): 200 GET http://10.180.1.21/compute/v2.1/servers/4f5b6eee-45e9-4120-a493-b4515869236a 0.088s
2024-08-06 07:42:32.103 61341 INFO tempest.lib.common.rest_client [req-82376f41-0eec-4001-8159-b2e8355564dd req-82376f41-0eec-4001-8159-b2e8355564dd ] Request (ServersV294TestFqdnHostnames:setUpClass): 200 GET http://10.180.1.21/compute/v2.1/servers/3a269fbf-040a-4437-9ea0-4e40acaf9f74 0.157s
2024-08-06 07:42:32.150 61307 INFO tempest.lib.common.rest_client [req-998942bc-3ff6-497b-94d6-76e781be7acd req-998942bc-3ff6-497b-94d6-76e781be7acd ] Request (ImagesOneServerTestJSON:setUpClass): 204 DELETE http://10.180.1.21/compute/v2.1/servers/5ec5acdf-8ab1-48e4-8611-43542d8b8fa9 0.280s
2024-08-06 07:42:32.167 61308 INFO tempest.lib.common.rest_client [req-45136f37-17a2-4dfc-bd23-80645bda409b req-45136f37-17a2-4dfc-bd23-80645bda409b ] Request (MigrationsAdminTest:test_resize_server_revert_deleted_flavor): 200 GET http://10.180.1.21/compute/v2.1/servers/72aa5fce-dccd-4d05-8e2b-da397388e112 0.197s
2024-08-06 07:42:32.168 61314 INFO tempest.lib.common.rest_client [req-060d4eef-bb3e-412c-8834-4af1dfceab5c req-060d4eef-bb3e-412c-8834-4af1dfceab5c ] Request (VolumesAssistedSnapshotsTest:tearDownClass): 204 DELETE http://10.180.1.21:9696/networking/v2.0/floatingips/ededb732-5f7d-41e3-bc51-ba3caceec0f8 0.248s
2024-08-06 07:42:32.182 61314 INFO tempest.lib.common.rest_client [req-aa66cf9a-b31f-4b71-8764-b7d8adb0b96a req-aa66cf9a-b31f-4b71-8764-b7d8adb0b96a ] Request (VolumesAssistedSnapshotsTest:tearDownClass): 404 DELETE http://10.180.1.21/volume/v3/5eaa362ae20641fe92077e40b225bbc1/volumes/36f5b8b0-ff48-4b08-8b83-e1b760772c64 0.013s
2024-08-06 07:42:32.195 61314 INFO tempest.lib.common.rest_client [req-88f2931a-36a7-4633-9358-a6d43e536897 req-88f2931a-36a7-4633-9358-a6d43e536897 ] Request (VolumesAssistedSnapshotsTest:tearDownClass): 404 GET http://10.180.1.21/volume/v3/5eaa362ae20641fe92077e40b225bbc1/volumes/36f5b8b0-ff48-4b08-8b83-e1b760772c64 0.013s
2024-08-06 07:42:32.223 61296 INFO tempest.lib.common.rest_client [req-f2b62363-6f1b-421c-8814-8fc792603449 req-f2b62363-6f1b-421c-8814-8fc792603449 ] Request (ServerGroupTestJSON:test_create_server_with_scheduler_hint_group): 200 GET http://10.180.1.21/compute/v2.1/servers/535cfb71-fd03-4a7a-8576-4279d66a0bae 0.206s
2024-08-06 07:42:32.238 61349 INFO tempest.lib.common.rest_client [req-87b91816-9741-4d35-bf25-e1ebc26a3d1b req-87b91816-9741-4d35-bf25-e1ebc26a3d1b ] Request (AttachVolumeNegativeTest:test_attach_attached_volume_to_different_server): 200 GET http://10.180.1.21/compute/v2.1/servers/556abe9c-bb3c-44d5-8c47-d07a9dc71b58 0.173s
2024-08-06 07:42:32.277 61300 INFO tempest.lib.common.rest_client [req-424920c7-5bfa-4ef4-80cc-0941331ecbc8 req-424920c7-5bfa-4ef4-80cc-0941331ecbc8 ] Request (AttachVolumeShelveTestJSON:test_attach_volume_shelved_or_offload_server): 200 GET http://10.180.1.21/compute/v2.1/servers/f87ff0a2-8700-4549-a0a6-e9da570511b9 0.193s
2024-08-06 07:42:32.289 61305 INFO tempest.lib.common.rest_client [req-2396ca2a-14ab-4e2a-9c94-3d46a99f42fa req-2396ca2a-14ab-4e2a-9c94-3d46a99f42fa ] Request (ImagesTestJSON:test_create_image_from_suspended_server): 200 GET http://10.180.1.21/compute/v2.1/servers/1d3e495e-d8d0-43d4-9487-fa8f4adfeeb1 0.154s
2024-08-06 07:42:32.303 61307 INFO tempest.lib.common.rest_client [req-0e2897db-1b35-477c-a67c-68f7ab369ac2 req-0e2897db-1b35-477c-a67c-68f7ab369ac2 ] Request (ImagesOneServerTestJSON:setUpClass): 404 GET http://10.180.1.21/compute/v2.1/servers/5ec5acdf-8ab1-48e4-8611-43542d8b8fa9 0.152s
2024-08-06 07:42:32.303 61307 INFO tempest.test [-] raised in ImagesOneServerTestJSON.setUpClass. Invoking tearDownClass.
2024-08-06 07:42:32.339 61343 INFO tempest.lib.common.rest_client [req-6817e7fd-3c77-4f33-a2f6-a22db283c234 req-6817e7fd-3c77-4f33-a2f6-a22db283c234 ] Request (ServerActionsTestOtherA:setUpClass): 200 GET http://10.180.1.21/compute/v2.1/servers/bb28d6b9-b6b5-41cf-8a2a-0f11c46b203b 0.155s
2024-08-06 07:42:32.351 61290 INFO tempest.lib.common.rest_client [req-e8db6ad1-7222-4d93-9959-f34d521313af req-e8db6ad1-7222-4d93-9959-f34d521313af ] Request (ServersAdminNegativeTestJSON:setUpClass): 200 GET http://10.180.1.21/compute/v2.1/servers/cc9fea8d-935a-4514-9050-58a57d140c21 0.160s
2024-08-06 07:42:32.407 61292 INFO tempest.lib.common.rest_client [req-b51f8deb-2639-47aa-9a29-3ffca41a61eb req-b51f8deb-2639-47aa-9a29-3ffca41a61eb ] Request (AttachInterfacesUnderV243Test:test_add_remove_fixed_ip): 200 GET http://10.180.1.21/compute/v2.1/servers/b110ef32-6813-43c3-bb28-e10ebc246b4d 0.174s
2024-08-06 07:42:32.418 61298 INFO tempest.lib.common.rest_client [req-cab5d8b3-ab9d-445b-9079-8dfbe50b8d4b req-cab5d8b3-ab9d-445b-9079-8dfbe50b8d4b ] Request (ServersTestBootFromVolume:setUpClass): 200 GET http://10.180.1.21/compute/v2.1/servers/7eaa765e-4a7c-4dbb-917e-d215c477e3cc 0.093s
2024-08-06 07:42:32.487 61353 INFO tempest.lib.common.rest_client [req-eb306a27-ab3c-416d-a6fd-8f90aea47e85 req-eb306a27-ab3c-416d-a6fd-8f90aea47e85 ] Request (ServerDiagnosticsV248Test:test_get_server_diagnostics): 200 GET http://10.180.1.21/compute/v2.1/servers/451b3153-2cd6-47b3-a1a0-4a35e1ef94dd 0.049s
2024-08-06 07:42:32.557 61347 INFO tempest.lib.common.rest_client [req-21504f53-74ce-4d2d-9dd7-53892450d9cb req-21504f53-74ce-4d2d-9dd7-53892450d9cb ] Request (InstanceActionsNegativeTestJSON:setUpClass): 200 GET http://10.180.1.21/compute/v2.1/servers/845e3305-4519-4f5f-b878-8577c5c2820f 0.056s
2024-08-06 07:42:32.586 61337 INFO tempest.lib.common.rest_client [req-a9267bfd-5ebd-4d24-8f5d-1e7793554fc9 req-a9267bfd-5ebd-4d24-8f5d-1e7793554fc9 ] Request (SecurityGroupsTestJSON:test_server_security_groups): 200 GET http://10.180.1.21/compute/v2.1/servers/ad06426c-a06a-499b-8067-d3143cd7d9e4 0.047s
2024-08-06 07:42:32.711 61332 INFO tempest.lib.common.rest_client [req-5fe9d015-3517-43bc-af0b-b4013a9e54cb req-5fe9d015-3517-43bc-af0b-b4013a9e54cb ] Request (ServerActionsTestJSON:setUpClass): 200 GET http://10.180.1.21/compute/v2.1/servers/817da7cf-245d-4ab8-9f74-efb62c90a810 0.069s
2024-08-06 07:42:32.737 61326 INFO tempest.lib.common.rest_client [req-dba2bee5-5f9e-4cc8-9074-159340744d1c req-dba2bee5-5f9e-4cc8-9074-159340744d1c ] Request (ListServersNegativeTestJSON:setUpClass): 200 GET http://10.180.1.21/compute/v2.1/servers/28cca4bd-717a-43c4-ae71-961ef57c4e11 0.051s
2024-08-06 07:42:32.742 61326 INFO tempest.common.waiters [-] State transition "BUILD/scheduling" ==> "BUILD/None" after 47 second wait
2024-08-06 07:42:32.781 61294 INFO tempest.lib.common.rest_client [req-e28dd3f0-e9ab-4989-a946-735dce387dcb req-e28dd3f0-e9ab-4989-a946-735dce387dcb ] Request (DeleteServersAdminTestJSON:test_delete_server_while_in_error_state): 200 GET http://10.180.1.21/compute/v2.1/servers/8d6d0391-fb92-4837-ae57-f1d84e1445d5 0.071s
2024-08-06 07:42:32.801 61314 INFO tempest.lib.common.rest_client [req-c9bcc05e-4d97-469b-9441-628ac8de15f7 req-c9bcc05e-4d97-469b-9441-628ac8de15f7 ] Request (VolumesAssistedSnapshotsTest:tearDownClass): 200 PUT http://10.180.1.21:9696/networking/v2.0/routers/aafea406-ac01-4576-9609-fd2af45cee49/remove_router_interface 0.605s
2024-08-06 07:42:32.827 61328 INFO tempest.lib.common.rest_client [req-28ee3980-84e4-4738-a489-9f8101c36c1b req-28ee3980-84e4-4738-a489-9f8101c36c1b ] Request (FloatingIPsAssociationTestJSON:setUpClass): 200 GET http://10.180.1.21/compute/v2.1/servers/efba0349-4c43-4eff-b1e7-fd1ac39ebca4 0.080s
2024-08-06 07:42:32.859 61330 INFO tempest.lib.common.rest_client [req-a47a682e-7c59-4d38-b77a-5d58d9502690 req-a47a682e-7c59-4d38-b77a-5d58d9502690 ] Request (ServerActionsTestOtherB:setUpClass): 200 GET http://10.180.1.21/compute/v2.1/servers/a357f6a5-7085-44e1-b1b4-007e4536ece6 0.105s
2024-08-06 07:42:32.883 61339 INFO tempest.lib.common.rest_client [req-eff9a03f-b525-4ba8-b893-85e494db68c1 req-eff9a03f-b525-4ba8-b893-85e494db68c1 ] Request (DeleteServersTestJSON:test_delete_active_server): 200 GET http://10.180.1.21/compute/v2.1/servers/a2b3ccf4-7a9d-47ee-ae1c-c8ea16a8d495 0.069s
2024-08-06 07:42:32.975 61320 INFO tempest.lib.common.rest_client [req-dbdafe36-250f-49c0-8962-9d7a5d320606 req-dbdafe36-250f-49c0-8962-9d7a5d320606 ] Request (ServersWithSpecificFlavorTestJSON:test_verify_created_server_ephemeral_disk): 200 GET http://10.180.1.21/compute/v2.1/servers/8e11f28c-7256-4500-8686-94771ec4618b 0.056s
2024-08-06 07:42:32.976 61302 INFO tempest.lib.common.rest_client [req-a6a9d68b-8e81-47a8-a64e-f4a53758716b req-a6a9d68b-8e81-47a8-a64e-f4a53758716b ] Request (ServersTestFqdnHostnames:test_create_server_with_fqdn_name): 200 GET http://10.180.1.21/compute/v2.1/servers/3649cbd4-b283-4df5-8db7-c132a8071223 0.054s
2024-08-06 07:42:32.980 61320 INFO tempest.common.waiters [-] State transition "BUILD/block_device_mapping" ==> "BUILD/spawning" after 64 second wait
2024-08-06 07:42:33.032 61345 INFO tempest.lib.common.rest_client [req-05404c51-3a86-4a90-8f87-e759bb04fca2 req-05404c51-3a86-4a90-8f87-e759bb04fca2 ] Request (ServersTestMultiNic:test_verify_multiple_nics_order): 200 GET http://10.180.1.21/compute/v2.1/servers/39a9e721-749b-44c8-aceb-79e23811579b 0.061s
2024-08-06 07:42:33.079 61312 INFO tempest.lib.common.rest_client [req-e362aee6-0506-4f43-8a60-29f858037538 req-e362aee6-0506-4f43-8a60-29f858037538 ] Request (FloatingIPsAssociationNegativeTestJSON:setUpClass): 200 GET http://10.180.1.21/compute/v2.1/servers/4f5b6eee-45e9-4120-a493-b4515869236a 0.059s
2024-08-06 07:42:33.090 61307 INFO tempest.lib.common.rest_client [req-216122f9-b8d5-426e-b723-01251f8c6e75 req-216122f9-b8d5-426e-b723-01251f8c6e75 ] Request (ImagesOneServerTestJSON:tearDownClass): 200 PUT http://10.180.1.21:9696/networking/v2.0/routers/aae4448a-4652-4ee3-b703-6704be64382a/remove_router_interface 0.786s
2024-08-06 07:42:33.163 61314 INFO tempest.lib.common.rest_client [req-99316a6d-d5db-4b35-941f-b8c51b871116 req-99316a6d-d5db-4b35-941f-b8c51b871116 ] Request (VolumesAssistedSnapshotsTest:tearDownClass): 204 DELETE http://10.180.1.21:9696/networking/v2.0/routers/aafea406-ac01-4576-9609-fd2af45cee49 0.362s
2024-08-06 07:42:33.239 61308 INFO tempest.lib.common.rest_client [req-145637a6-71f4-424c-9df2-68c45a85d1cf req-145637a6-71f4-424c-9df2-68c45a85d1cf ] Request (MigrationsAdminTest:test_resize_server_revert_deleted_flavor): 200 GET http://10.180.1.21/compute/v2.1/servers/72aa5fce-dccd-4d05-8e2b-da397388e112 0.065s
2024-08-06 07:42:33.326 61296 INFO tempest.lib.common.rest_client [req-d4349be0-af53-4c25-9aa6-a0106723746f req-d4349be0-af53-4c25-9aa6-a0106723746f ] Request (ServerGroupTestJSON:test_create_server_with_scheduler_hint_group): 200 GET http://10.180.1.21/compute/v2.1/servers/535cfb71-fd03-4a7a-8576-4279d66a0bae 0.097s
2024-08-06 07:42:33.343 61341 INFO tempest.lib.common.rest_client [req-8a7151a0-5a99-4b71-b12f-356e66fc1e79 req-8a7151a0-5a99-4b71-b12f-356e66fc1e79 ] Request (ServersV294TestFqdnHostnames:setUpClass): 200 GET http://10.180.1.21/compute/v2.1/servers/3a269fbf-040a-4437-9ea0-4e40acaf9f74 0.230s
2024-08-06 07:42:33.403 61300 INFO tempest.lib.common.rest_client [req-85d8c05c-eb54-4b23-b878-bbd11061f443 req-85d8c05c-eb54-4b23-b878-bbd11061f443 ] Request (AttachVolumeShelveTestJSON:test_attach_volume_shelved_or_offload_server): 200 GET http://10.180.1.21/compute/v2.1/servers/f87ff0a2-8700-4549-a0a6-e9da570511b9 0.118s
2024-08-06 07:42:33.453 61305 INFO tempest.lib.common.rest_client [req-aeedb9d6-9315-47e7-9cae-fbde0b5c4e28 req-aeedb9d6-9315-47e7-9cae-fbde0b5c4e28 ] Request (ImagesTestJSON:test_create_image_from_suspended_server): 200 GET http://10.180.1.21/compute/v2.1/servers/1d3e495e-d8d0-43d4-9487-fa8f4adfeeb1 0.157s
2024-08-06 07:42:33.498 61343 INFO tempest.lib.common.rest_client [req-6dccb130-26ce-41ce-a339-493dfbb67ff4 req-6dccb130-26ce-41ce-a339-493dfbb67ff4 ] Request (ServerActionsTestOtherA:setUpClass): 200 GET http://10.180.1.21/compute/v2.1/servers/bb28d6b9-b6b5-41cf-8a2a-0f11c46b203b 0.152s
2024-08-06 07:42:33.538 61290 INFO tempest.lib.common.rest_client [req-7dbd04f7-6654-4730-998c-ed05536ed7f7 req-7dbd04f7-6654-4730-998c-ed05536ed7f7 ] Request (ServersAdminNegativeTestJSON:setUpClass): 200 GET http://10.180.1.21/compute/v2.1/servers/cc9fea8d-935a-4514-9050-58a57d140c21 0.181s
2024-08-06 07:42:33.585 61292 INFO tempest.lib.common.rest_client [req-831c202d-34bf-4424-b128-320f76feaeb9 req-831c202d-34bf-4424-b128-320f76feaeb9 ] Request (AttachInterfacesUnderV243Test:test_add_remove_fixed_ip): 200 GET http://10.180.1.21/compute/v2.1/servers/b110ef32-6813-43c3-bb28-e10ebc246b4d 0.170s
2024-08-06 07:42:33.596 61349 INFO tempest.lib.common.rest_client [req-c9fe589f-1a2a-40cf-879a-5b545b3eee59 req-c9fe589f-1a2a-40cf-879a-5b545b3eee59 ] Request (AttachVolumeNegativeTest:test_attach_attached_volume_to_different_server): 200 GET http://10.180.1.21/compute/v2.1/servers/556abe9c-bb3c-44d5-8c47-d07a9dc71b58 0.351s
2024-08-06 07:42:33.646 61298 INFO tempest.lib.common.rest_client [req-a894de47-10bb-43d5-8c14-78bf2805c83f req-a894de47-10bb-43d5-8c14-78bf2805c83f ] Request (ServersTestBootFromVolume:setUpClass): 200 GET http://10.180.1.21/compute/v2.1/servers/7eaa765e-4a7c-4dbb-917e-d215c477e3cc 0.222s
2024-08-06 07:42:33.697 61353 INFO tempest.lib.common.rest_client [req-d3c781dc-74d2-40b8-a93b-bac2bf101043 req-d3c781dc-74d2-40b8-a93b-bac2bf101043 ] Request (ServerDiagnosticsV248Test:test_get_server_diagnostics): 200 GET http://10.180.1.21/compute/v2.1/servers/451b3153-2cd6-47b3-a1a0-4a35e1ef94dd 0.202s
2024-08-06 07:42:33.706 61314 INFO tempest.lib.common.rest_client [req-eebcea47-6285-4b3f-9a53-1db398f40ea3 req-eebcea47-6285-4b3f-9a53-1db398f40ea3 ] Request (VolumesAssistedSnapshotsTest:tearDownClass): 204 DELETE http://10.180.1.21:9696/networking/v2.0/subnets/aa264ff5-56f1-47e5-9bca-1a23ef84f31f 0.542s
2024-08-06 07:42:33.708 61347 INFO tempest.lib.common.rest_client [req-0f89e58d-9ac4-4f57-b1b9-09f9789f84ff req-0f89e58d-9ac4-4f57-b1b9-09f9789f84ff ] Request (InstanceActionsNegativeTestJSON:setUpClass): 200 GET http://10.180.1.21/compute/v2.1/servers/845e3305-4519-4f5f-b878-8577c5c2820f 0.145s
2024-08-06 07:42:33.747 61307 INFO tempest.lib.common.rest_client [req-797db09b-7ac8-406a-a17e-87ddc9d13c23 req-797db09b-7ac8-406a-a17e-87ddc9d13c23 ] Request (ImagesOneServerTestJSON:tearDownClass): 204 DELETE http://10.180.1.21:9696/networking/v2.0/routers/aae4448a-4652-4ee3-b703-6704be64382a 0.657s
2024-08-06 07:42:33.751 61337 INFO tempest.lib.common.rest_client [req-83cfb15b-13b6-4038-8711-417e28b10206 req-83cfb15b-13b6-4038-8711-417e28b10206 ] Request (SecurityGroupsTestJSON:test_server_security_groups): 200 GET http://10.180.1.21/compute/v2.1/servers/ad06426c-a06a-499b-8067-d3143cd7d9e4 0.157s
2024-08-06 07:42:33.772 61332 INFO tempest.lib.common.rest_client [req-f1b4ceff-2226-4e3f-85d3-fe53dbd3c4cf req-f1b4ceff-2226-4e3f-85d3-fe53dbd3c4cf ] Request (ServerActionsTestJSON:setUpClass): 200 GET http://10.180.1.21/compute/v2.1/servers/817da7cf-245d-4ab8-9f74-efb62c90a810 0.054s
2024-08-06 07:42:33.801 61326 INFO tempest.lib.common.rest_client [req-25071c4c-0f15-4493-91e7-34ccedf59104 req-25071c4c-0f15-4493-91e7-34ccedf59104 ] Request (ListServersNegativeTestJSON:setUpClass): 200 GET http://10.180.1.21/compute/v2.1/servers/28cca4bd-717a-43c4-ae71-961ef57c4e11 0.057s
2024-08-06 07:42:33.840 61294 INFO tempest.lib.common.rest_client [req-2a9dadea-346d-4af6-95f4-1df1f6ad666b req-2a9dadea-346d-4af6-95f4-1df1f6ad666b ] Request (DeleteServersAdminTestJSON:test_delete_server_while_in_error_state): 200 GET http://10.180.1.21/compute/v2.1/servers/8d6d0391-fb92-4837-ae57-f1d84e1445d5 0.054s
2024-08-06 07:42:33.846 61294 INFO tempest.common.waiters [-] State transition "BUILD/None" ==> "BUILD/networking" after 63 second wait
2024-08-06 07:42:33.862 61307 INFO tempest.lib.common.rest_client [req-e455ba74-d311-472f-be03-486909d53ba9 req-e455ba74-d311-472f-be03-486909d53ba9 ] Request (ImagesOneServerTestJSON:tearDownClass): 204 DELETE http://10.180.1.21:9696/networking/v2.0/subnets/52c7ea43-88fa-43b4-8121-997952c510c2 0.114s
2024-08-06 07:42:33.899 61328 INFO tempest.lib.common.rest_client [req-4512caf6-315e-4032-a3b2-28530f9c43fd req-4512caf6-315e-4032-a3b2-28530f9c43fd ] Request (FloatingIPsAssociationTestJSON:setUpClass): 200 GET http://10.180.1.21/compute/v2.1/servers/efba0349-4c43-4eff-b1e7-fd1ac39ebca4 0.065s
2024-08-06 07:42:33.940 61330 INFO tempest.lib.common.rest_client [req-0027ed91-63de-4061-a448-8109c08ba522 req-0027ed91-63de-4061-a448-8109c08ba522 ] Request (ServerActionsTestOtherB:setUpClass): 200 GET http://10.180.1.21/compute/v2.1/servers/a357f6a5-7085-44e1-b1b4-007e4536ece6 0.074s
2024-08-06 07:42:33.943 61339 INFO tempest.lib.common.rest_client [req-742b14be-3907-426c-b377-5d900c06be62 req-742b14be-3907-426c-b377-5d900c06be62 ] Request (DeleteServersTestJSON:test_delete_active_server): 200 GET http://10.180.1.21/compute/v2.1/servers/a2b3ccf4-7a9d-47ee-ae1c-c8ea16a8d495 0.052s
2024-08-06 07:42:33.959 61314 INFO tempest.lib.common.rest_client [req-94befdf2-301f-4de8-ba06-cc2eda1b11be req-94befdf2-301f-4de8-ba06-cc2eda1b11be ] Request (VolumesAssistedSnapshotsTest:tearDownClass): 204 DELETE http://10.180.1.21:9696/networking/v2.0/networks/a9140d4f-7b13-478a-aa1e-09218facfa32 0.253s
2024-08-06 07:42:34.043 61302 INFO tempest.lib.common.rest_client [req-4f7be09b-a693-4b2c-9d49-15f80ec2d85b req-4f7be09b-a693-4b2c-9d49-15f80ec2d85b ] Request (ServersTestFqdnHostnames:test_create_server_with_fqdn_name): 200 GET http://10.180.1.21/compute/v2.1/servers/3649cbd4-b283-4df5-8db7-c132a8071223 0.060s
2024-08-06 07:42:34.043 61320 INFO tempest.lib.common.rest_client [req-9e538f84-a341-4af5-8c3e-ec936c36882e req-9e538f84-a341-4af5-8c3e-ec936c36882e ] Request (ServersWithSpecificFlavorTestJSON:test_verify_created_server_ephemeral_disk): 200 GET http://10.180.1.21/compute/v2.1/servers/8e11f28c-7256-4500-8686-94771ec4618b 0.062s
2024-08-06 07:42:34.099 61345 INFO tempest.lib.common.rest_client [req-c33eb8ec-b99f-451c-b4d8-0dafa1a8b0cc req-c33eb8ec-b99f-451c-b4d8-0dafa1a8b0cc ] Request (ServersTestMultiNic:test_verify_multiple_nics_order): 200 GET http://10.180.1.21/compute/v2.1/servers/39a9e721-749b-44c8-aceb-79e23811579b 0.058s
2024-08-06 07:42:34.148 61312 INFO tempest.lib.common.rest_client [req-81bae4c0-9876-414d-bcca-3929b83ba500 req-81bae4c0-9876-414d-bcca-3929b83ba500 ] Request (FloatingIPsAssociationNegativeTestJSON:setUpClass): 200 GET http://10.180.1.21/compute/v2.1/servers/4f5b6eee-45e9-4120-a493-b4515869236a 0.061s
2024-08-06 07:42:34.155 61307 INFO tempest.lib.common.rest_client [req-4a1957cf-ea3b-428f-9d9b-c546246cdf67 req-4a1957cf-ea3b-428f-9d9b-c546246cdf67 ] Request (ImagesOneServerTestJSON:tearDownClass): 204 DELETE http://10.180.1.21:9696/networking/v2.0/networks/25ef5ce6-0551-44b6-92ea-4b9f4611e9cb 0.292s
2024-08-06 07:42:34.262 61307 INFO tempest.lib.common.rest_client [req-fff082b7-7990-455a-a47a-024f6e3115d5 req-fff082b7-7990-455a-a47a-024f6e3115d5 ] Request (ImagesOneServerTestJSON:tearDownClass): 204 DELETE http://10.180.1.21/identity/v3/users/09cf6316cdd443e3a7e1796f75a82884 0.106s
2024-08-06 07:42:34.262 61307 INFO tempest.lib.common.dynamic_creds [-] Deleting project and security group for project: 13bffc32ea4a464098c8bf8c87900c70
2024-08-06 07:42:34.306 61308 INFO tempest.lib.common.rest_client [req-5fe0386b-9adc-4750-a0b7-b1ae80a16a71 req-5fe0386b-9adc-4750-a0b7-b1ae80a16a71 ] Request (MigrationsAdminTest:test_resize_server_revert_deleted_flavor): 200 GET http://10.180.1.21/compute/v2.1/servers/72aa5fce-dccd-4d05-8e2b-da397388e112 0.058s
2024-08-06 07:42:34.317 61307 INFO tempest.lib.common.rest_client [req-ebd47178-0854-4865-a4be-8519fc3e3892 req-ebd47178-0854-4865-a4be-8519fc3e3892 ] Request (ImagesOneServerTestJSON:tearDownClass): 200 GET http://10.180.1.21:9696/networking/v2.0/security-groups?tenant_id=13bffc32ea4a464098c8bf8c87900c70&name=default 0.055s
2024-08-06 07:42:34.427 61341 INFO tempest.lib.common.rest_client [req-adcca23c-6732-4cc2-8529-7a0ce027ee1a req-adcca23c-6732-4cc2-8529-7a0ce027ee1a ] Request (ServersV294TestFqdnHostnames:setUpClass): 200 GET http://10.180.1.21/compute/v2.1/servers/3a269fbf-040a-4437-9ea0-4e40acaf9f74 0.074s
2024-08-06 07:42:34.451 61296 INFO tempest.lib.common.rest_client [req-db714a7d-e276-428d-8987-2403601a1e83 req-db714a7d-e276-428d-8987-2403601a1e83 ] Request (ServerGroupTestJSON:test_create_server_with_scheduler_hint_group): 200 GET http://10.180.1.21/compute/v2.1/servers/535cfb71-fd03-4a7a-8576-4279d66a0bae 0.117s
2024-08-06 07:42:34.456 61307 INFO tempest.lib.common.rest_client [req-cd6cc137-9061-45aa-9457-64cf580096ec req-cd6cc137-9061-45aa-9457-64cf580096ec ] Request (ImagesOneServerTestJSON:tearDownClass): 204 DELETE http://10.180.1.21:9696/networking/v2.0/security-groups/94a6e37b-51fb-46f3-ba60-258d0a8a8508 0.138s
2024-08-06 07:42:34.532 61305 INFO tempest.lib.common.rest_client [req-f5e24c88-4105-487a-b3e0-be38d11ca890 req-f5e24c88-4105-487a-b3e0-be38d11ca890 ] Request (ImagesTestJSON:test_create_image_from_suspended_server): 200 GET http://10.180.1.21/compute/v2.1/servers/1d3e495e-d8d0-43d4-9487-fa8f4adfeeb1 0.073s
2024-08-06 07:42:34.534 61300 INFO tempest.lib.common.rest_client [req-85137893-ba5d-4372-a980-18e4edd64006 req-85137893-ba5d-4372-a980-18e4edd64006 ] Request (AttachVolumeShelveTestJSON:test_attach_volume_shelved_or_offload_server): 200 GET http://10.180.1.21/compute/v2.1/servers/f87ff0a2-8700-4549-a0a6-e9da570511b9 0.123s
2024-08-06 07:42:34.542 61307 INFO tempest.lib.common.rest_client [req-da6e0e61-1f7a-492c-8659-9a96edaaca79 req-da6e0e61-1f7a-492c-8659-9a96edaaca79 ] Request (ImagesOneServerTestJSON:tearDownClass): 204 DELETE http://10.180.1.21/identity/v3/projects/13bffc32ea4a464098c8bf8c87900c70 0.086s
2024-08-06 07:42:34.585 61343 INFO tempest.lib.common.rest_client [req-480f8f68-8673-4774-97e9-37f33b41272b req-480f8f68-8673-4774-97e9-37f33b41272b ] Request (ServerActionsTestOtherA:setUpClass): 200 GET http://10.180.1.21/compute/v2.1/servers/bb28d6b9-b6b5-41cf-8a2a-0f11c46b203b 0.080s
2024-08-06 07:42:34.605 61290 INFO tempest.lib.common.rest_client [req-0b975539-62a7-44be-8415-1d1219184cde req-0b975539-62a7-44be-8415-1d1219184cde ] Request (ServersAdminNegativeTestJSON:setUpClass): 200 GET http://10.180.1.21/compute/v2.1/servers/cc9fea8d-935a-4514-9050-58a57d140c21 0.060s
2024-08-06 07:42:34.613 61307 INFO tempest.lib.common.rest_client [req-fd2b9a3c-ae5a-4e59-b7f5-304a7f78a55a req-fd2b9a3c-ae5a-4e59-b7f5-304a7f78a55a ] Request (ListImageFiltersTestJSON:setUpClass): 201 POST http://10.180.1.21/identity/v3/auth/tokens 0.068s
2024-08-06 07:42:34.637 61307 INFO tempest.lib.common.rest_client [req-c8d42821-e8e9-4e43-807b-99bb6c6e08a2 req-c8d42821-e8e9-4e43-807b-99bb6c6e08a2 ] Request (ListImageFiltersTestJSON:setUpClass): 201 POST http://10.180.1.21/identity/v3/auth/tokens 0.021s
2024-08-06 07:42:34.660 61349 INFO tempest.lib.common.rest_client [req-8b738be0-8d03-4d72-9189-511d27474ce4 req-8b738be0-8d03-4d72-9189-511d27474ce4 ] Request (AttachVolumeNegativeTest:test_attach_attached_volume_to_different_server): 200 GET http://10.180.1.21/compute/v2.1/servers/556abe9c-bb3c-44d5-8c47-d07a9dc71b58 0.057s
2024-08-06 07:42:34.661 61307 INFO tempest.lib.common.rest_client [req-de6406f5-0add-4cf6-9b86-e3c4f5902016 req-de6406f5-0add-4cf6-9b86-e3c4f5902016 ] Request (ListImageFiltersTestJSON:setUpClass): 200 GET http://10.180.1.21/identity/v3/domains?name=Default 0.023s
2024-08-06 07:42:34.671 61292 INFO tempest.lib.common.rest_client [req-3c966ee9-b99a-4f1a-bc7f-680bb03d9421 req-3c966ee9-b99a-4f1a-bc7f-680bb03d9421 ] Request (AttachInterfacesUnderV243Test:test_add_remove_fixed_ip): 200 GET http://10.180.1.21/compute/v2.1/servers/b110ef32-6813-43c3-bb28-e10ebc246b4d 0.073s
2024-08-06 07:42:34.691 61307 INFO tempest.lib.common.rest_client [req-1134c9e7-89ac-4aee-ba4f-1ea2bdbaad1e req-1134c9e7-89ac-4aee-ba4f-1ea2bdbaad1e ] Request (ListImageFiltersTestJSON:setUpClass): 201 POST http://10.180.1.21/identity/v3/projects 0.030s
2024-08-06 07:42:34.712 61298 INFO tempest.lib.common.rest_client [req-2c9c3347-9ac6-400a-934f-bd2465c0bd44 req-2c9c3347-9ac6-400a-934f-bd2465c0bd44 ] Request (ServersTestBootFromVolume:setUpClass): 200 GET http://10.180.1.21/compute/v2.1/servers/7eaa765e-4a7c-4dbb-917e-d215c477e3cc 0.056s
2024-08-06 07:42:34.761 61307 INFO tempest.lib.common.rest_client [req-8e0fe84a-03c1-4b64-9542-f54113c1baf3 req-8e0fe84a-03c1-4b64-9542-f54113c1baf3 ] Request (ListImageFiltersTestJSON:setUpClass): 201 POST http://10.180.1.21/identity/v3/users 0.070s
2024-08-06 07:42:34.776 61347 INFO tempest.lib.common.rest_client [req-33518962-9f87-4f36-b6eb-1b7babd217c8 req-33518962-9f87-4f36-b6eb-1b7babd217c8 ] Request (InstanceActionsNegativeTestJSON:setUpClass): 200 GET http://10.180.1.21/compute/v2.1/servers/845e3305-4519-4f5f-b878-8577c5c2820f 0.059s
2024-08-06 07:42:34.782 61307 INFO tempest.lib.common.rest_client [req-09cf9d91-2e6a-42ea-a7d0-29b28e14f03c req-09cf9d91-2e6a-42ea-a7d0-29b28e14f03c ] Request (ListImageFiltersTestJSON:setUpClass): 200 GET http://10.180.1.21/identity/v3/roles 0.020s
2024-08-06 07:42:34.784 61353 INFO tempest.lib.common.rest_client [req-c4281174-b634-49fb-9bff-b6475405164b req-c4281174-b634-49fb-9bff-b6475405164b ] Request (ServerDiagnosticsV248Test:test_get_server_diagnostics): 200 GET http://10.180.1.21/compute/v2.1/servers/451b3153-2cd6-47b3-a1a0-4a35e1ef94dd 0.078s
2024-08-06 07:42:34.816 61307 INFO tempest.lib.common.rest_client [req-8f8c8293-3576-4513-af8f-ac2acd3a30aa req-8f8c8293-3576-4513-af8f-ac2acd3a30aa ] Request (ListImageFiltersTestJSON:setUpClass): 204 PUT http://10.180.1.21/identity/v3/projects/5246d0e3c8e548a5b3b5d252e9c3edbe/users/d2109f3c476a4a20a523e49161594296/roles/6b94adeba2ff4dfe9ba674f698a34a75 0.034s
2024-08-06 07:42:34.817 61307 INFO tempest.lib.common.dynamic_creds [-] Dynamic test user d2109f3c476a4a20a523e49161594296 is created with scope project and roles: ['member']
2024-08-06 07:42:34.817 61307 INFO tempest.lib.common.dynamic_creds [-] Acquired dynamic creds: credentials: Credentials: {'domain_id': 'default', 'domain_name': 'Default', 'username': 'tempest-ListImageFiltersTestJSON-396515349-project-member', 'project_domain_id': 'default', 'project_domain_name': 'Default', 'project_id': '5246d0e3c8e548a5b3b5d252e9c3edbe', 'project_name': 'tempest-ListImageFiltersTestJSON-396515349', 'tenant_id': '5246d0e3c8e548a5b3b5d252e9c3edbe', 'tenant_name': 'tempest-ListImageFiltersTestJSON-396515349', 'user_domain_id': 'default', 'user_domain_name': 'Default', 'user_id': 'd2109f3c476a4a20a523e49161594296', 'system': None}, Network: None, Subnet: None, Router: None
2024-08-06 07:42:34.817 61307 INFO tempest.lib.common.dynamic_creds [-] Created isolated network resources for: credentials: Credentials: {'domain_id': 'default', 'domain_name': 'Default', 'username': 'tempest-ListImageFiltersTestJSON-396515349-project-member', 'project_domain_id': 'default', 'project_domain_name': 'Default', 'project_id': '5246d0e3c8e548a5b3b5d252e9c3edbe', 'project_name': 'tempest-ListImageFiltersTestJSON-396515349', 'tenant_id': '5246d0e3c8e548a5b3b5d252e9c3edbe', 'tenant_name': 'tempest-ListImageFiltersTestJSON-396515349', 'user_domain_id': 'default', 'user_domain_name': 'Default', 'user_id': 'd2109f3c476a4a20a523e49161594296', 'system': None}, Network: None, Subnet: None, Router: None
2024-08-06 07:42:34.835 61337 INFO tempest.lib.common.rest_client [req-4dd821c6-a432-4606-bf42-da20b45c8688 req-4dd821c6-a432-4606-bf42-da20b45c8688 ] Request (SecurityGroupsTestJSON:test_server_security_groups): 200 GET http://10.180.1.21/compute/v2.1/servers/ad06426c-a06a-499b-8067-d3143cd7d9e4 0.077s
2024-08-06 07:42:34.850 61332 INFO tempest.lib.common.rest_client [req-7255747d-07e0-49a9-a3e0-a6f239c6c951 req-7255747d-07e0-49a9-a3e0-a6f239c6c951 ] Request (ServerActionsTestJSON:setUpClass): 200 GET http://10.180.1.21/compute/v2.1/servers/817da7cf-245d-4ab8-9f74-efb62c90a810 0.070s
2024-08-06 07:42:34.868 61314 INFO tempest.lib.common.rest_client [req-53e0a353-71cd-44ef-a1d5-78a77eeb4755 req-53e0a353-71cd-44ef-a1d5-78a77eeb4755 ] Request (VolumesAssistedSnapshotsTest:tearDownClass): 200 PUT http://10.180.1.21:9696/networking/v2.0/routers/57199db1-2478-42ac-b3e0-e331ead5862f/remove_router_interface 0.909s
2024-08-06 07:42:34.887 61326 INFO tempest.lib.common.rest_client [req-c14c57d3-578c-406e-9ac8-869f4f193ad0 req-c14c57d3-578c-406e-9ac8-869f4f193ad0 ] Request (ListServersNegativeTestJSON:setUpClass): 200 GET http://10.180.1.21/compute/v2.1/servers/28cca4bd-717a-43c4-ae71-961ef57c4e11 0.079s
2024-08-06 07:42:34.908 61307 INFO tempest.lib.common.rest_client [req-1ff9a06a-5a49-460e-8302-b213e318194b req-1ff9a06a-5a49-460e-8302-b213e318194b ] Request (ListImageFiltersTestJSON:setUpClass): 201 POST http://10.180.1.21/identity/v3/auth/tokens 0.088s
2024-08-06 07:42:34.961 61328 INFO tempest.lib.common.rest_client [req-e1f7c06b-27f7-4a1d-bc07-3ae8090ece82 req-e1f7c06b-27f7-4a1d-bc07-3ae8090ece82 ] Request (FloatingIPsAssociationTestJSON:setUpClass): 200 GET http://10.180.1.21/compute/v2.1/servers/efba0349-4c43-4eff-b1e7-fd1ac39ebca4 0.055s
2024-08-06 07:42:35.008 61330 INFO tempest.lib.common.rest_client [req-32a92486-5637-4c2b-ae0e-5fe23cd48c05 req-32a92486-5637-4c2b-ae0e-5fe23cd48c05 ] Request (ServerActionsTestOtherB:setUpClass): 200 GET http://10.180.1.21/compute/v2.1/servers/a357f6a5-7085-44e1-b1b4-007e4536ece6 0.061s
2024-08-06 07:42:35.078 61339 INFO tempest.lib.common.rest_client [req-61b20b19-fc62-45ea-aa53-92d4d8a5ba8b req-61b20b19-fc62-45ea-aa53-92d4d8a5ba8b ] Request (DeleteServersTestJSON:test_delete_active_server): 200 GET http://10.180.1.21/compute/v2.1/servers/a2b3ccf4-7a9d-47ee-ae1c-c8ea16a8d495 0.128s
2024-08-06 07:42:35.137 61302 INFO tempest.lib.common.rest_client [req-8fd0e2f0-c59f-4f77-98e7-3cde98700f21 req-8fd0e2f0-c59f-4f77-98e7-3cde98700f21 ] Request (ServersTestFqdnHostnames:test_create_server_with_fqdn_name): 200 GET http://10.180.1.21/compute/v2.1/servers/3649cbd4-b283-4df5-8db7-c132a8071223 0.087s
2024-08-06 07:42:35.147 61294 INFO tempest.lib.common.rest_client [req-681238a5-b58b-4eba-97b4-e2fc55c28aa9 req-681238a5-b58b-4eba-97b4-e2fc55c28aa9 ] Request (DeleteServersAdminTestJSON:test_delete_server_while_in_error_state): 200 GET http://10.180.1.21/compute/v2.1/servers/8d6d0391-fb92-4837-ae57-f1d84e1445d5 0.299s
2024-08-06 07:42:35.153 61294 INFO tempest.common.waiters [-] State transition "BUILD/networking" ==> "BUILD/block_device_mapping" after 65 second wait
2024-08-06 07:42:35.209 61345 INFO tempest.lib.common.rest_client [req-0ba568cc-8a3a-4207-9002-65628289a925 req-0ba568cc-8a3a-4207-9002-65628289a925 ] Request (ServersTestMultiNic:test_verify_multiple_nics_order): 200 GET http://10.180.1.21/compute/v2.1/servers/39a9e721-749b-44c8-aceb-79e23811579b 0.103s
2024-08-06 07:42:35.210 61320 INFO tempest.lib.common.rest_client [req-9d263324-11e0-4f6e-9964-33eb6af1f933 req-9d263324-11e0-4f6e-9964-33eb6af1f933 ] Request (ServersWithSpecificFlavorTestJSON:test_verify_created_server_ephemeral_disk): 200 GET http://10.180.1.21/compute/v2.1/servers/8e11f28c-7256-4500-8686-94771ec4618b 0.160s
2024-08-06 07:42:35.258 61312 INFO tempest.lib.common.rest_client [req-15e37772-a29e-4a09-96ce-67dcb5fa4992 req-15e37772-a29e-4a09-96ce-67dcb5fa4992 ] Request (FloatingIPsAssociationNegativeTestJSON:setUpClass): 200 GET http://10.180.1.21/compute/v2.1/servers/4f5b6eee-45e9-4120-a493-b4515869236a 0.104s
2024-08-06 07:42:35.291 61307 INFO tempest.lib.common.rest_client [req-8de67ce7-aa22-425e-99fc-0bb64fc10866 req-8de67ce7-aa22-425e-99fc-0bb64fc10866 ] Request (ListImageFiltersTestJSON:setUpClass): 201 POST http://10.180.1.21/image/v2/images 0.382s
2024-08-06 07:42:35.361 61308 INFO tempest.lib.common.rest_client [req-2f98e276-4325-439e-a2da-682b37c8ffb4 req-2f98e276-4325-439e-a2da-682b37c8ffb4 ] Request (MigrationsAdminTest:test_resize_server_revert_deleted_flavor): 200 GET http://10.180.1.21/compute/v2.1/servers/72aa5fce-dccd-4d05-8e2b-da397388e112 0.047s
2024-08-06 07:42:35.484 61314 INFO tempest.lib.common.rest_client [req-12904d85-fe58-4591-be17-932824d3a501 req-12904d85-fe58-4591-be17-932824d3a501 ] Request (VolumesAssistedSnapshotsTest:tearDownClass): 204 DELETE http://10.180.1.21:9696/networking/v2.0/routers/57199db1-2478-42ac-b3e0-e331ead5862f 0.615s
2024-08-06 07:42:35.513 61296 INFO tempest.lib.common.rest_client [req-a404bd70-6e8e-4341-894e-535fd00ca534 req-a404bd70-6e8e-4341-894e-535fd00ca534 ] Request (ServerGroupTestJSON:test_create_server_with_scheduler_hint_group): 200 GET http://10.180.1.21/compute/v2.1/servers/535cfb71-fd03-4a7a-8576-4279d66a0bae 0.049s
2024-08-06 07:42:35.541 61341 INFO tempest.lib.common.rest_client [req-b9045bd4-d606-447e-aed6-3bf27dc48c28 req-b9045bd4-d606-447e-aed6-3bf27dc48c28 ] Request (ServersV294TestFqdnHostnames:setUpClass): 200 GET http://10.180.1.21/compute/v2.1/servers/3a269fbf-040a-4437-9ea0-4e40acaf9f74 0.105s
2024-08-06 07:42:35.606 61305 INFO tempest.lib.common.rest_client [req-cd8ba87b-8557-4cfd-913f-ed83d7105431 req-cd8ba87b-8557-4cfd-913f-ed83d7105431 ] Request (ImagesTestJSON:test_create_image_from_suspended_server): 200 GET http://10.180.1.21/compute/v2.1/servers/1d3e495e-d8d0-43d4-9487-fa8f4adfeeb1 0.066s
2024-08-06 07:42:35.626 61300 INFO tempest.lib.common.rest_client [req-9abaaf19-f617-4e0f-896b-88d0abaa7fe9 req-9abaaf19-f617-4e0f-896b-88d0abaa7fe9 ] Request (AttachVolumeShelveTestJSON:test_attach_volume_shelved_or_offload_server): 200 GET http://10.180.1.21/compute/v2.1/servers/f87ff0a2-8700-4549-a0a6-e9da570511b9 0.080s
2024-08-06 07:42:35.645 61314 INFO tempest.lib.common.rest_client [req-e68204d7-c6ea-4e0e-83ed-3ef3bee0e7bd req-e68204d7-c6ea-4e0e-83ed-3ef3bee0e7bd ] Request (VolumesAssistedSnapshotsTest:tearDownClass): 204 DELETE http://10.180.1.21:9696/networking/v2.0/subnets/6ff23052-a2d9-4c61-9089-b81486b92c79 0.160s
2024-08-06 07:42:35.665 61343 INFO tempest.lib.common.rest_client [req-aef77357-f3cf-4f1d-ace2-ffda52fac52a req-aef77357-f3cf-4f1d-ace2-ffda52fac52a ] Request (ServerActionsTestOtherA:setUpClass): 200 GET http://10.180.1.21/compute/v2.1/servers/bb28d6b9-b6b5-41cf-8a2a-0f11c46b203b 0.073s
2024-08-06 07:42:35.704 61290 INFO tempest.lib.common.rest_client [req-2313ca19-354f-4fb0-a8ca-5acfb4049107 req-2313ca19-354f-4fb0-a8ca-5acfb4049107 ] Request (ServersAdminNegativeTestJSON:setUpClass): 200 GET http://10.180.1.21/compute/v2.1/servers/cc9fea8d-935a-4514-9050-58a57d140c21 0.089s
2024-08-06 07:42:35.723 61349 INFO tempest.lib.common.rest_client [req-56a72012-db9f-4090-ae45-13e5e62b195e req-56a72012-db9f-4090-ae45-13e5e62b195e ] Request (AttachVolumeNegativeTest:test_attach_attached_volume_to_different_server): 200 GET http://10.180.1.21/compute/v2.1/servers/556abe9c-bb3c-44d5-8c47-d07a9dc71b58 0.055s
2024-08-06 07:42:35.758 61292 INFO tempest.lib.common.rest_client [req-cca471a2-952d-4063-a928-7f062d19296e req-cca471a2-952d-4063-a928-7f062d19296e ] Request (AttachInterfacesUnderV243Test:test_add_remove_fixed_ip): 200 GET http://10.180.1.21/compute/v2.1/servers/b110ef32-6813-43c3-bb28-e10ebc246b4d 0.081s
2024-08-06 07:42:35.791 61298 INFO tempest.lib.common.rest_client [req-f19460da-3770-4715-9a54-174e9e522c9e req-f19460da-3770-4715-9a54-174e9e522c9e ] Request (ServersTestBootFromVolume:setUpClass): 200 GET http://10.180.1.21/compute/v2.1/servers/7eaa765e-4a7c-4dbb-917e-d215c477e3cc 0.071s
2024-08-06 07:42:35.836 61347 INFO tempest.lib.common.rest_client [req-cca820e6-77cf-4cbc-9da5-b3b648ee6e7b req-cca820e6-77cf-4cbc-9da5-b3b648ee6e7b ] Request (InstanceActionsNegativeTestJSON:setUpClass): 200 GET http://10.180.1.21/compute/v2.1/servers/845e3305-4519-4f5f-b878-8577c5c2820f 0.053s
2024-08-06 07:42:35.845 61353 INFO tempest.lib.common.rest_client [req-cad52d11-cdec-4b64-9bb7-bb27f786c34f req-cad52d11-cdec-4b64-9bb7-bb27f786c34f ] Request (ServerDiagnosticsV248Test:test_get_server_diagnostics): 200 GET http://10.180.1.21/compute/v2.1/servers/451b3153-2cd6-47b3-a1a0-4a35e1ef94dd 0.053s
2024-08-06 07:42:35.907 61337 INFO tempest.lib.common.rest_client [req-c75c8040-96f9-45b4-9511-0351ecc133aa req-c75c8040-96f9-45b4-9511-0351ecc133aa ] Request (SecurityGroupsTestJSON:test_server_security_groups): 200 GET http://10.180.1.21/compute/v2.1/servers/ad06426c-a06a-499b-8067-d3143cd7d9e4 0.056s
2024-08-06 07:42:35.914 61332 INFO tempest.lib.common.rest_client [req-02eeef80-60b1-45fc-bffa-9de2628bf108 req-02eeef80-60b1-45fc-bffa-9de2628bf108 ] Request (ServerActionsTestJSON:setUpClass): 200 GET http://10.180.1.21/compute/v2.1/servers/817da7cf-245d-4ab8-9f74-efb62c90a810 0.055s
2024-08-06 07:42:35.990 61326 INFO tempest.lib.common.rest_client [req-5c77ade2-d809-4e5f-a30c-7cd0b7c24bb0 req-5c77ade2-d809-4e5f-a30c-7cd0b7c24bb0 ] Request (ListServersNegativeTestJSON:setUpClass): 200 GET http://10.180.1.21/compute/v2.1/servers/28cca4bd-717a-43c4-ae71-961ef57c4e11 0.096s
2024-08-06 07:42:36.019 61314 INFO tempest.lib.common.rest_client [req-82940370-cbb3-470e-a077-088a6a9b535a req-82940370-cbb3-470e-a077-088a6a9b535a ] Request (VolumesAssistedSnapshotsTest:tearDownClass): 204 DELETE http://10.180.1.21:9696/networking/v2.0/networks/b98f3330-771f-4e3b-b841-795f2dcbee50 0.374s
2024-08-06 07:42:36.025 61328 INFO tempest.lib.common.rest_client [req-80cfa589-d6bd-481c-ba26-38ea9dc736a2 req-80cfa589-d6bd-481c-ba26-38ea9dc736a2 ] Request (FloatingIPsAssociationTestJSON:setUpClass): 200 GET http://10.180.1.21/compute/v2.1/servers/efba0349-4c43-4eff-b1e7-fd1ac39ebca4 0.057s
2024-08-06 07:42:36.120 61330 INFO tempest.lib.common.rest_client [req-7d65eb34-2907-4c75-b35f-c95f3eaacf3d req-7d65eb34-2907-4c75-b35f-c95f3eaacf3d ] Request (ServerActionsTestOtherB:setUpClass): 200 GET http://10.180.1.21/compute/v2.1/servers/a357f6a5-7085-44e1-b1b4-007e4536ece6 0.103s
2024-08-06 07:42:36.154 61339 INFO tempest.lib.common.rest_client [req-e745b237-2c3d-4910-8b4b-24ce96aba4d9 req-e745b237-2c3d-4910-8b4b-24ce96aba4d9 ] Request (DeleteServersTestJSON:test_delete_active_server): 200 GET http://10.180.1.21/compute/v2.1/servers/a2b3ccf4-7a9d-47ee-ae1c-c8ea16a8d495 0.069s
2024-08-06 07:42:36.200 61294 INFO tempest.lib.common.rest_client [req-19458f89-96bd-4189-a33b-d889eea78b58 req-19458f89-96bd-4189-a33b-d889eea78b58 ] Request (DeleteServersAdminTestJSON:test_delete_server_while_in_error_state): 200 GET http://10.180.1.21/compute/v2.1/servers/8d6d0391-fb92-4837-ae57-f1d84e1445d5 0.046s
2024-08-06 07:42:36.207 61294 INFO tempest.common.waiters [-] State transition "BUILD/block_device_mapping" ==> "BUILD/spawning" after 66 second wait
2024-08-06 07:42:36.209 61302 INFO tempest.lib.common.rest_client [req-a3b97538-1632-45fc-b401-0ed3d129dbfd req-a3b97538-1632-45fc-b401-0ed3d129dbfd ] Request (ServersTestFqdnHostnames:test_create_server_with_fqdn_name): 200 GET http://10.180.1.21/compute/v2.1/servers/3649cbd4-b283-4df5-8db7-c132a8071223 0.060s
2024-08-06 07:42:36.264 61345 INFO tempest.lib.common.rest_client [req-f9d02c4f-b13c-4b67-95b1-29319545f015 req-f9d02c4f-b13c-4b67-95b1-29319545f015 ] Request (ServersTestMultiNic:test_verify_multiple_nics_order): 200 GET http://10.180.1.21/compute/v2.1/servers/39a9e721-749b-44c8-aceb-79e23811579b 0.047s
2024-08-06 07:42:36.277 61320 INFO tempest.lib.common.rest_client [req-8e48e383-6100-456e-a58a-338b6bf86685 req-8e48e383-6100-456e-a58a-338b6bf86685 ] Request (ServersWithSpecificFlavorTestJSON:test_verify_created_server_ephemeral_disk): 200 GET http://10.180.1.21/compute/v2.1/servers/8e11f28c-7256-4500-8686-94771ec4618b 0.059s
2024-08-06 07:42:36.323 61312 INFO tempest.lib.common.rest_client [req-31cd9356-03fe-4f39-ad5a-424b3eac212c req-31cd9356-03fe-4f39-ad5a-424b3eac212c ] Request (FloatingIPsAssociationNegativeTestJSON:setUpClass): 200 GET http://10.180.1.21/compute/v2.1/servers/4f5b6eee-45e9-4120-a493-b4515869236a 0.058s
2024-08-06 07:42:36.411 61308 INFO tempest.lib.common.rest_client [req-4eb344a9-ac28-4371-92c4-3275d664cc58 req-4eb344a9-ac28-4371-92c4-3275d664cc58 ] Request (MigrationsAdminTest:test_resize_server_revert_deleted_flavor): 200 GET http://10.180.1.21/compute/v2.1/servers/72aa5fce-dccd-4d05-8e2b-da397388e112 0.044s
2024-08-06 07:42:36.590 61296 INFO tempest.lib.common.rest_client [req-6f94654e-0856-4071-81f9-1fa69909fb7f req-6f94654e-0856-4071-81f9-1fa69909fb7f ] Request (ServerGroupTestJSON:test_create_server_with_scheduler_hint_group): 200 GET http://10.180.1.21/compute/v2.1/servers/535cfb71-fd03-4a7a-8576-4279d66a0bae 0.070s
2024-08-06 07:42:36.631 61341 INFO tempest.lib.common.rest_client [req-be24ec1d-bb19-40d9-856f-41b27a64a89b req-be24ec1d-bb19-40d9-856f-41b27a64a89b ] Request (ServersV294TestFqdnHostnames:setUpClass): 200 GET http://10.180.1.21/compute/v2.1/servers/3a269fbf-040a-4437-9ea0-4e40acaf9f74 0.080s
2024-08-06 07:42:36.694 61300 INFO tempest.lib.common.rest_client [req-ab555a8b-b706-458e-b028-41fbf539fd2e req-ab555a8b-b706-458e-b028-41fbf539fd2e ] Request (AttachVolumeShelveTestJSON:test_attach_volume_shelved_or_offload_server): 200 GET http://10.180.1.21/compute/v2.1/servers/f87ff0a2-8700-4549-a0a6-e9da570511b9 0.060s
2024-08-06 07:42:36.707 61305 INFO tempest.lib.common.rest_client [req-67ff2a0c-43ef-405a-b5ac-8aed386772b3 req-67ff2a0c-43ef-405a-b5ac-8aed386772b3 ] Request (ImagesTestJSON:test_create_image_from_suspended_server): 200 GET http://10.180.1.21/compute/v2.1/servers/1d3e495e-d8d0-43d4-9487-fa8f4adfeeb1 0.093s
2024-08-06 07:42:36.717 61314 INFO tempest.lib.common.rest_client [req-b48b8553-9911-46a8-a6bb-36424e38e786 req-b48b8553-9911-46a8-a6bb-36424e38e786 ] Request (VolumesAssistedSnapshotsTest:tearDownClass): 200 PUT http://10.180.1.21:9696/networking/v2.0/routers/fc5d67ab-ac09-48dd-a3da-64a94d2f6152/remove_router_interface 0.697s
2024-08-06 07:42:36.751 61343 INFO tempest.lib.common.rest_client [req-01493509-c8e0-4a73-af08-03c8b745bf86 req-01493509-c8e0-4a73-af08-03c8b745bf86 ] Request (ServerActionsTestOtherA:setUpClass): 200 GET http://10.180.1.21/compute/v2.1/servers/bb28d6b9-b6b5-41cf-8a2a-0f11c46b203b 0.079s
2024-08-06 07:42:36.787 61290 INFO tempest.lib.common.rest_client [req-9aff26ed-1237-47b5-9b84-4bdb502fca5b req-9aff26ed-1237-47b5-9b84-4bdb502fca5b ] Request (ServersAdminNegativeTestJSON:setUpClass): 200 GET http://10.180.1.21/compute/v2.1/servers/cc9fea8d-935a-4514-9050-58a57d140c21 0.076s
2024-08-06 07:42:36.794 61290 INFO tempest.common.waiters [-] State transition "BUILD/None" ==> "BUILD/networking" after 62 second wait
2024-08-06 07:42:36.813 61349 INFO tempest.lib.common.rest_client [req-856b7a6b-e449-4539-9aba-bc535a9df070 req-856b7a6b-e449-4539-9aba-bc535a9df070 ] Request (AttachVolumeNegativeTest:test_attach_attached_volume_to_different_server): 200 GET http://10.180.1.21/compute/v2.1/servers/556abe9c-bb3c-44d5-8c47-d07a9dc71b58 0.082s
2024-08-06 07:42:36.854 61292 INFO tempest.lib.common.rest_client [req-b1a7e40a-903a-4ccb-be6b-bb2da7dc0d1e req-b1a7e40a-903a-4ccb-be6b-bb2da7dc0d1e ] Request (AttachInterfacesUnderV243Test:test_add_remove_fixed_ip): 200 GET http://10.180.1.21/compute/v2.1/servers/b110ef32-6813-43c3-bb28-e10ebc246b4d 0.089s
2024-08-06 07:42:36.872 61298 INFO tempest.lib.common.rest_client [req-5c7e5f68-5ea0-4219-b3d4-bb57087fd3b5 req-5c7e5f68-5ea0-4219-b3d4-bb57087fd3b5 ] Request (ServersTestBootFromVolume:setUpClass): 200 GET http://10.180.1.21/compute/v2.1/servers/7eaa765e-4a7c-4dbb-917e-d215c477e3cc 0.074s
2024-08-06 07:42:36.896 61307 INFO tempest.lib.common.rest_client [req-206ce805-8024-407f-963b-239d2b62db89 req-206ce805-8024-407f-963b-239d2b62db89 ] Request (ListImageFiltersTestJSON:setUpClass): 204 PUT http://10.180.1.21/image/v2/images/5e892192-6dcc-45ef-8894-c7daa8baa3dc/file 0.604s
2024-08-06 07:42:36.917 61347 INFO tempest.lib.common.rest_client [req-8f9d6ab1-d4c2-4926-b582-8d043c8fe3ee req-8f9d6ab1-d4c2-4926-b582-8d043c8fe3ee ] Request (InstanceActionsNegativeTestJSON:setUpClass): 200 GET http://10.180.1.21/compute/v2.1/servers/845e3305-4519-4f5f-b878-8577c5c2820f 0.075s
