2024-08-06 07:40:39.574 61320 WARNING oslo_config.cfg [-] Deprecated: Option "auth_version" from group "identity" is deprecated for removal (Identity v2 API was removed and v3 is the only available identity API version now). Its value may be silently ignored in the future.
2024-08-06 07:40:39.620 61334 INFO tempest.lib.common.rest_client [req-26586307-7fa6-4439-acfa-6e7767316400 req-26586307-7fa6-4439-acfa-6e7767316400 ] Request (InstanceUsageAuditLogNegativeTestJSON:setUpClass): 201 POST http://10.180.1.21/identity/v3/users 0.055s
2024-08-06 07:40:39.623 61320 WARNING oslo_config.cfg [-] Deprecated: Option "access_rules" from group "identity-feature-enabled" is deprecated for removal (Access rules for application credentials is a default feature since Train). Its value may be silently ignored in the future.
2024-08-06 07:40:39.624 61320 WARNING oslo_config.cfg [-] Deprecated: Option "import_image" from group "image-feature-enabled" is deprecated for removal (Issue with image import in WSGI mode was fixed in Victoria, and this feature works in any deployment architecture now.). Its value may be silently ignored in the future.
2024-08-06 07:40:39.624 61320 WARNING oslo_config.cfg [-] Deprecated: Option "os_glance_reserved" from group "image-feature-enabled" is deprecated for removal (os_glance namespace is always reserved since Wallaby). Its value may be silently ignored in the future.
2024-08-06 07:40:39.652 61300 INFO tempest.lib.common.rest_client [req-f1d33281-53ef-4bc4-8e40-99558f13d1a7 req-f1d33281-53ef-4bc4-8e40-99558f13d1a7 ] Request (FlavorsV255TestJSON:setUpClass): 204 PUT http://10.180.1.21/identity/v3/projects/ee10e05ffa4e41cc84509e0d1eeef5ca/users/b5861ca417c941b7bd73e90080218901/roles/3826e0fe0f6a43839a258369588062c7 0.116s
2024-08-06 07:40:39.661 61298 INFO tempest.test [-] raised in ServersOnMultiNodesTest.setUpClass. Invoking tearDownClass.
2024-08-06 07:40:39.678 61290 INFO tempest.lib.common.rest_client [req-274e7041-e9d6-43b5-b76e-edf55b4372d7 req-274e7041-e9d6-43b5-b76e-edf55b4372d7 ] Request (FlavorsAccessTestJSON:setUpClass): 201 POST http://10.180.1.21/identity/v3/auth/tokens 0.108s
2024-08-06 07:40:39.685 61298 INFO tempest.test [-] raised in UnshelveToHostMultiNodesTest.setUpClass. Invoking tearDownClass.
2024-08-06 07:40:39.702 61294 INFO tempest.lib.common.rest_client [req-b77874a9-cb1f-4bae-ba55-c360e48ff3c0 req-b77874a9-cb1f-4bae-ba55-c360e48ff3c0 ] Request (DeleteServersAdminTestJSON:setUpClass): 201 POST http://10.180.1.21/identity/v3/auth/tokens 0.126s
2024-08-06 07:40:39.726 61334 INFO tempest.lib.common.rest_client [req-9fc3cb95-85c9-48d1-967b-932246f797b4 req-9fc3cb95-85c9-48d1-967b-932246f797b4 ] Request (InstanceUsageAuditLogNegativeTestJSON:setUpClass): 200 GET http://10.180.1.21/identity/v3/roles 0.105s
2024-08-06 07:40:39.731 61305 INFO tempest.lib.common.rest_client [req-b51b5775-00f9-4941-bc58-2694cfb71fd4 req-b51b5775-00f9-4941-bc58-2694cfb71fd4 ] Request (HypervisorAdminV253TestBase:setUpClass): 201 POST http://10.180.1.21/identity/v3/auth/tokens 0.083s
2024-08-06 07:40:39.744 61300 INFO tempest.lib.common.rest_client [req-6f3bc042-97b0-4290-8675-9ee54f64e463 req-6f3bc042-97b0-4290-8675-9ee54f64e463 ] Request (FlavorsV255TestJSON:setUpClass): 200 GET http://10.180.1.21/identity/v3/roles 0.091s
2024-08-06 07:40:39.760 61302 INFO tempest.lib.common.rest_client [req-a7fa1d7e-3661-42c8-80db-7cd6b8508d58 req-a7fa1d7e-3661-42c8-80db-7cd6b8508d58 ] Request (HostsAdminNegativeTestJSON:setUpClass): 201 POST http://10.180.1.21/identity/v3/auth/tokens 0.102s
2024-08-06 07:40:39.767 61290 INFO tempest.lib.common.rest_client [req-40160f77-0650-40d9-8078-ea2c942f62e8 req-40160f77-0650-40d9-8078-ea2c942f62e8 ] Request (FlavorsAccessTestJSON:setUpClass): 201 POST http://10.180.1.21/identity/v3/projects 0.088s
2024-08-06 07:40:39.773 61330 INFO tempest [-] Using tempest config file /opt/stack/testrun/etc/tempest.conf
2024-08-06 07:40:39.804 61330 WARNING oslo_config.cfg [-] Deprecated: Option "auth_version" from group "identity" is deprecated for removal (Identity v2 API was removed and v3 is the only available identity API version now). Its value may be silently ignored in the future.
2024-08-06 07:40:39.805 61330 WARNING oslo_config.cfg [-] Deprecated: Option "access_rules" from group "identity-feature-enabled" is deprecated for removal (Access rules for application credentials is a default feature since Train). Its value may be silently ignored in the future.
2024-08-06 07:40:39.806 61330 WARNING oslo_config.cfg [-] Deprecated: Option "import_image" from group "image-feature-enabled" is deprecated for removal (Issue with image import in WSGI mode was fixed in Victoria, and this feature works in any deployment architecture now.). Its value may be silently ignored in the future.
2024-08-06 07:40:39.806 61330 WARNING oslo_config.cfg [-] Deprecated: Option "os_glance_reserved" from group "image-feature-enabled" is deprecated for removal (os_glance namespace is always reserved since Wallaby). Its value may be silently ignored in the future.
2024-08-06 07:40:39.819 61298 INFO tempest.lib.common.rest_client [req-4f19a4f5-458e-40e3-8191-2ff9586f9585 req-4f19a4f5-458e-40e3-8191-2ff9586f9585 ] Request (ImagesMetadataNegativeTestJSON:setUpClass): 201 POST http://10.180.1.21/identity/v3/auth/tokens 0.122s
2024-08-06 07:40:39.842 61334 INFO tempest.lib.common.rest_client [req-29fe45bb-ec8f-4718-a39c-2a4fb18bb1bc req-29fe45bb-ec8f-4718-a39c-2a4fb18bb1bc ] Request (InstanceUsageAuditLogNegativeTestJSON:setUpClass): 204 PUT http://10.180.1.21/identity/v3/projects/ca9ee008d75d4efa8399f8cef6c51a0b/users/9a2689e0bf224a149e2f702b4b6ac9d2/roles/6b94adeba2ff4dfe9ba674f698a34a75 0.115s
2024-08-06 07:40:39.842 61334 INFO tempest.lib.common.dynamic_creds [-] Dynamic test user 9a2689e0bf224a149e2f702b4b6ac9d2 is created with scope project and roles: ['member']
2024-08-06 07:40:39.842 61334 INFO tempest.lib.common.dynamic_creds [-] Acquired dynamic creds: credentials: Credentials: {'domain_id': 'default', 'domain_name': 'Default', 'username': 'tempest-InstanceUsageAuditLogNegativeTestJSON-1119086051-project-member', 'project_domain_id': 'default', 'project_domain_name': 'Default', 'project_id': 'ca9ee008d75d4efa8399f8cef6c51a0b', 'project_name': 'tempest-InstanceUsageAuditLogNegativeTestJSON-1119086051', 'tenant_id': 'ca9ee008d75d4efa8399f8cef6c51a0b', 'tenant_name': 'tempest-InstanceUsageAuditLogNegativeTestJSON-1119086051', 'user_domain_id': 'default', 'user_domain_name': 'Default', 'user_id': '9a2689e0bf224a149e2f702b4b6ac9d2', 'system': None}, Network: None, Subnet: None, Router: None
2024-08-06 07:40:39.843 61334 INFO tempest.lib.common.dynamic_creds [-] Created isolated network resources for: credentials: Credentials: {'domain_id': 'default', 'domain_name': 'Default', 'username': 'tempest-InstanceUsageAuditLogNegativeTestJSON-1119086051-project-member', 'project_domain_id': 'default', 'project_domain_name': 'Default', 'project_id': 'ca9ee008d75d4efa8399f8cef6c51a0b', 'project_name': 'tempest-InstanceUsageAuditLogNegativeTestJSON-1119086051', 'tenant_id': 'ca9ee008d75d4efa8399f8cef6c51a0b', 'tenant_name': 'tempest-InstanceUsageAuditLogNegativeTestJSON-1119086051', 'user_domain_id': 'default', 'user_domain_name': 'Default', 'user_id': '9a2689e0bf224a149e2f702b4b6ac9d2', 'system': None}, Network: None, Subnet: None, Router: None
2024-08-06 07:40:39.846 61294 INFO tempest.lib.common.rest_client [req-8195b973-599d-40ef-a2d7-1f5bc3e43ec3 req-8195b973-599d-40ef-a2d7-1f5bc3e43ec3 ] Request (DeleteServersAdminTestJSON:setUpClass): 201 POST http://10.180.1.21/identity/v3/auth/tokens 0.140s
2024-08-06 07:40:39.893 61305 INFO tempest.lib.common.rest_client [req-d9ac750a-d03e-4689-b5b6-6843a454ba9b req-d9ac750a-d03e-4689-b5b6-6843a454ba9b ] Request (HypervisorAdminV253TestBase:setUpClass): 201 POST http://10.180.1.21/identity/v3/auth/tokens 0.159s
2024-08-06 07:40:39.898 61300 INFO tempest.lib.common.rest_client [req-3c39bcbb-b04c-4f15-bf03-358c6356e139 req-3c39bcbb-b04c-4f15-bf03-358c6356e139 ] Request (FlavorsV255TestJSON:setUpClass): 204 PUT http://10.180.1.21/identity/v3/projects/ee10e05ffa4e41cc84509e0d1eeef5ca/users/b5861ca417c941b7bd73e90080218901/roles/3826e0fe0f6a43839a258369588062c7 0.154s
2024-08-06 07:40:39.899 61300 INFO tempest.lib.common.dynamic_creds [-] Dynamic test user b5861ca417c941b7bd73e90080218901 is created with scope project and roles: ['admin']
2024-08-06 07:40:39.899 61300 INFO tempest.lib.common.dynamic_creds [-] Acquired dynamic creds: credentials: Credentials: {'domain_id': 'default', 'domain_name': 'Default', 'username': 'tempest-FlavorsV255TestJSON-861858816-project-admin', 'project_domain_id': 'default', 'project_domain_name': 'Default', 'project_id': 'ee10e05ffa4e41cc84509e0d1eeef5ca', 'project_name': 'tempest-FlavorsV255TestJSON-861858816', 'tenant_id': 'ee10e05ffa4e41cc84509e0d1eeef5ca', 'tenant_name': 'tempest-FlavorsV255TestJSON-861858816', 'user_domain_id': 'default', 'user_domain_name': 'Default', 'user_id': 'b5861ca417c941b7bd73e90080218901', 'system': None}, Network: None, Subnet: None, Router: None
2024-08-06 07:40:39.899 61300 INFO tempest.lib.common.dynamic_creds [-] Created isolated network resources for: credentials: Credentials: {'domain_id': 'default', 'domain_name': 'Default', 'username': 'tempest-FlavorsV255TestJSON-861858816-project-admin', 'project_domain_id': 'default', 'project_domain_name': 'Default', 'project_id': 'ee10e05ffa4e41cc84509e0d1eeef5ca', 'project_name': 'tempest-FlavorsV255TestJSON-861858816', 'tenant_id': 'ee10e05ffa4e41cc84509e0d1eeef5ca', 'tenant_name': 'tempest-FlavorsV255TestJSON-861858816', 'user_domain_id': 'default', 'user_domain_name': 'Default', 'user_id': 'b5861ca417c941b7bd73e90080218901', 'system': None}, Network: None, Subnet: None, Router: None
2024-08-06 07:40:39.948 61290 INFO tempest.lib.common.rest_client [req-5abb5702-05da-411a-bc94-22529ae4e64d req-5abb5702-05da-411a-bc94-22529ae4e64d ] Request (FlavorsAccessTestJSON:setUpClass): 201 POST http://10.180.1.21/identity/v3/users 0.180s
2024-08-06 07:40:39.949 61302 INFO tempest.lib.common.rest_client [req-65f7017f-7289-487d-9a3d-7eaa5029ed78 req-65f7017f-7289-487d-9a3d-7eaa5029ed78 ] Request (HostsAdminNegativeTestJSON:setUpClass): 201 POST http://10.180.1.21/identity/v3/auth/tokens 0.186s
2024-08-06 07:40:39.958 61292 INFO tempest.test [-] raised in LiveAutoBlockMigrationV225Test.setUpClass. Invoking tearDownClass.
2024-08-06 07:40:39.968 61294 INFO tempest.lib.common.rest_client [req-3cf4daf1-04ef-41d7-8e0c-f27388a1d611 req-3cf4daf1-04ef-41d7-8e0c-f27388a1d611 ] Request (DeleteServersAdminTestJSON:setUpClass): 200 GET http://10.180.1.21/identity/v3/domains?name=Default 0.121s
2024-08-06 07:40:39.971 61343 INFO tempest [-] Using tempest config file /opt/stack/testrun/etc/tempest.conf
2024-08-06 07:40:39.978 61347 INFO tempest [-] Using tempest config file /opt/stack/testrun/etc/tempest.conf
2024-08-06 07:40:39.979 61298 INFO tempest.lib.common.rest_client [req-8df99651-7e5a-47f5-a540-98afbecc2f5c req-8df99651-7e5a-47f5-a540-98afbecc2f5c ] Request (ImagesMetadataNegativeTestJSON:setUpClass): 201 POST http://10.180.1.21/identity/v3/auth/tokens 0.146s
2024-08-06 07:40:39.991 61296 INFO tempest.lib.common.rest_client [req-40a4f9e0-d00f-4b5a-bb54-8dc24d2ccb20 req-40a4f9e0-d00f-4b5a-bb54-8dc24d2ccb20 ] Request (QuotasAdminTestV257:setUpClass): 201 POST http://10.180.1.21/identity/v3/auth/tokens 0.132s
2024-08-06 07:40:39.988 61343 WARNING oslo_config.cfg [-] Deprecated: Option "auth_version" from group "identity" is deprecated for removal (Identity v2 API was removed and v3 is the only available identity API version now). Its value may be silently ignored in the future.
2024-08-06 07:40:39.999 61347 WARNING oslo_config.cfg [-] Deprecated: Option "auth_version" from group "identity" is deprecated for removal (Identity v2 API was removed and v3 is the only available identity API version now). Its value may be silently ignored in the future.
2024-08-06 07:40:40.000 61347 WARNING oslo_config.cfg [-] Deprecated: Option "access_rules" from group "identity-feature-enabled" is deprecated for removal (Access rules for application credentials is a default feature since Train). Its value may be silently ignored in the future.
2024-08-06 07:40:40.001 61347 WARNING oslo_config.cfg [-] Deprecated: Option "import_image" from group "image-feature-enabled" is deprecated for removal (Issue with image import in WSGI mode was fixed in Victoria, and this feature works in any deployment architecture now.). Its value may be silently ignored in the future.
2024-08-06 07:40:40.001 61343 WARNING oslo_config.cfg [-] Deprecated: Option "access_rules" from group "identity-feature-enabled" is deprecated for removal (Access rules for application credentials is a default feature since Train). Its value may be silently ignored in the future.
2024-08-06 07:40:40.004 61343 WARNING oslo_config.cfg [-] Deprecated: Option "import_image" from group "image-feature-enabled" is deprecated for removal (Issue with image import in WSGI mode was fixed in Victoria, and this feature works in any deployment architecture now.). Its value may be silently ignored in the future.
2024-08-06 07:40:40.005 61343 WARNING oslo_config.cfg [-] Deprecated: Option "os_glance_reserved" from group "image-feature-enabled" is deprecated for removal (os_glance namespace is always reserved since Wallaby). Its value may be silently ignored in the future.
2024-08-06 07:40:40.007 61353 INFO tempest.lib.common.rest_client [req-3194625b-6307-43fd-a173-291779e9579f req-3194625b-6307-43fd-a173-291779e9579f ] Request (FlavorsV261TestJSON:setUpClass): 201 POST http://10.180.1.21/identity/v3/auth/tokens 0.158s
2024-08-06 07:40:40.013 61347 WARNING oslo_config.cfg [-] Deprecated: Option "os_glance_reserved" from group "image-feature-enabled" is deprecated for removal (os_glance namespace is always reserved since Wallaby). Its value may be silently ignored in the future.
2024-08-06 07:40:40.034 61305 INFO tempest.lib.common.rest_client [req-e2cf7e7b-d6c5-41b5-b383-46ab36857663 req-e2cf7e7b-d6c5-41b5-b383-46ab36857663 ] Request (HypervisorAdminV253TestBase:setUpClass): 200 GET http://10.180.1.21/identity/v3/domains?name=Default 0.140s
2024-08-06 07:40:40.037 61334 INFO tempest.lib.common.rest_client [req-9e4291bf-05a9-4930-a4c1-aede467d8819 req-9e4291bf-05a9-4930-a4c1-aede467d8819 ] Request (InstanceUsageAuditLogNegativeTestJSON:setUpClass): 201 POST http://10.180.1.21/identity/v3/auth/tokens 0.163s
2024-08-06 07:40:40.054 61318 INFO tempest.lib.common.rest_client [req-33e92883-c225-4835-882e-7d03e5a1e92c req-33e92883-c225-4835-882e-7d03e5a1e92c ] Request (FlavorMetadataValidation:setUpClass): 201 POST http://10.180.1.21/identity/v3/auth/tokens 0.133s
2024-08-06 07:40:40.054 61351 INFO tempest [-] Using tempest config file /opt/stack/testrun/etc/tempest.conf
2024-08-06 07:40:40.057 61351 WARNING oslo_config.cfg [-] Deprecated: Option "auth_version" from group "identity" is deprecated for removal (Identity v2 API was removed and v3 is the only available identity API version now). Its value may be silently ignored in the future.
2024-08-06 07:40:40.058 61351 WARNING oslo_config.cfg [-] Deprecated: Option "access_rules" from group "identity-feature-enabled" is deprecated for removal (Access rules for application credentials is a default feature since Train). Its value may be silently ignored in the future.
2024-08-06 07:40:40.058 61351 WARNING oslo_config.cfg [-] Deprecated: Option "import_image" from group "image-feature-enabled" is deprecated for removal (Issue with image import in WSGI mode was fixed in Victoria, and this feature works in any deployment architecture now.). Its value may be silently ignored in the future.
2024-08-06 07:40:40.058 61351 WARNING oslo_config.cfg [-] Deprecated: Option "os_glance_reserved" from group "image-feature-enabled" is deprecated for removal (os_glance namespace is always reserved since Wallaby). Its value may be silently ignored in the future.
2024-08-06 07:40:40.065 61290 INFO tempest.lib.common.rest_client [req-bb006a3a-3573-4c92-b11f-717212628bfc req-bb006a3a-3573-4c92-b11f-717212628bfc ] Request (FlavorsAccessTestJSON:setUpClass): 200 GET http://10.180.1.21/identity/v3/roles 0.117s
2024-08-06 07:40:40.071 61339 INFO tempest [-] Using tempest config file /opt/stack/testrun/etc/tempest.conf
2024-08-06 07:40:40.074 61339 WARNING oslo_config.cfg [-] Deprecated: Option "auth_version" from group "identity" is deprecated for removal (Identity v2 API was removed and v3 is the only available identity API version now). Its value may be silently ignored in the future.
2024-08-06 07:40:40.075 61339 WARNING oslo_config.cfg [-] Deprecated: Option "access_rules" from group "identity-feature-enabled" is deprecated for removal (Access rules for application credentials is a default feature since Train). Its value may be silently ignored in the future.
2024-08-06 07:40:40.075 61339 WARNING oslo_config.cfg [-] Deprecated: Option "import_image" from group "image-feature-enabled" is deprecated for removal (Issue with image import in WSGI mode was fixed in Victoria, and this feature works in any deployment architecture now.). Its value may be silently ignored in the future.
2024-08-06 07:40:40.076 61339 WARNING oslo_config.cfg [-] Deprecated: Option "os_glance_reserved" from group "image-feature-enabled" is deprecated for removal (os_glance namespace is always reserved since Wallaby). Its value may be silently ignored in the future.
2024-08-06 07:40:40.084 61302 INFO tempest.lib.common.rest_client [req-bfa32e81-e94e-432d-a05b-a05eff236c96 req-bfa32e81-e94e-432d-a05b-a05eff236c96 ] Request (HostsAdminNegativeTestJSON:setUpClass): 200 GET http://10.180.1.21/identity/v3/domains?name=Default 0.134s
2024-08-06 07:40:40.095 61341 INFO tempest [-] Using tempest config file /opt/stack/testrun/etc/tempest.conf
2024-08-06 07:40:40.101 61300 INFO tempest.lib.common.rest_client [req-472b1161-320b-425f-8b94-1deb695ab907 req-472b1161-320b-425f-8b94-1deb695ab907 ] Request (FlavorsV255TestJSON:setUpClass): 201 POST http://10.180.1.21/identity/v3/auth/tokens 0.200s
2024-08-06 07:40:40.107 61341 WARNING oslo_config.cfg [-] Deprecated: Option "auth_version" from group "identity" is deprecated for removal (Identity v2 API was removed and v3 is the only available identity API version now). Its value may be silently ignored in the future.
2024-08-06 07:40:40.108 61341 WARNING oslo_config.cfg [-] Deprecated: Option "access_rules" from group "identity-feature-enabled" is deprecated for removal (Access rules for application credentials is a default feature since Train). Its value may be silently ignored in the future.
2024-08-06 07:40:40.109 61341 WARNING oslo_config.cfg [-] Deprecated: Option "import_image" from group "image-feature-enabled" is deprecated for removal (Issue with image import in WSGI mode was fixed in Victoria, and this feature works in any deployment architecture now.). Its value may be silently ignored in the future.
2024-08-06 07:40:40.109 61341 WARNING oslo_config.cfg [-] Deprecated: Option "os_glance_reserved" from group "image-feature-enabled" is deprecated for removal (os_glance namespace is always reserved since Wallaby). Its value may be silently ignored in the future.
2024-08-06 07:40:40.126 61294 INFO tempest.lib.common.rest_client [req-904f735d-b194-4996-b220-1bba14f8622c req-904f735d-b194-4996-b220-1bba14f8622c ] Request (DeleteServersAdminTestJSON:setUpClass): 201 POST http://10.180.1.21/identity/v3/projects 0.156s
2024-08-06 07:40:40.172 61298 INFO tempest.lib.common.rest_client [req-fb11716c-929c-4818-a1d0-64611eb2f40c req-fb11716c-929c-4818-a1d0-64611eb2f40c ] Request (ImagesMetadataNegativeTestJSON:setUpClass): 200 GET http://10.180.1.21/identity/v3/domains?name=Default 0.193s
2024-08-06 07:40:40.177 61316 INFO tempest.lib.common.rest_client [req-143437d6-a60a-4cc2-acf0-d3b08802c546 req-143437d6-a60a-4cc2-acf0-d3b08802c546 ] Request (HostsAdminTestJSON:setUpClass): 201 POST http://10.180.1.21/identity/v3/auth/tokens 0.218s
2024-08-06 07:40:40.189 61296 INFO tempest.lib.common.rest_client [req-44c3ef8e-8cf9-4bd0-ab78-2606a9eb804a req-44c3ef8e-8cf9-4bd0-ab78-2606a9eb804a ] Request (QuotasAdminTestV257:setUpClass): 201 POST http://10.180.1.21/identity/v3/auth/tokens 0.196s
2024-08-06 07:40:40.199 61310 INFO tempest.lib.common.rest_client [req-e8f34d2f-d794-4282-81eb-1b360a23590d req-e8f34d2f-d794-4282-81eb-1b360a23590d ] Request (AZAdminNegativeTestJSON:setUpClass): 201 POST http://10.180.1.21/identity/v3/auth/tokens 0.201s
2024-08-06 07:40:40.207 61353 INFO tempest.lib.common.rest_client [req-08986c55-4911-4b28-9750-833581c2556e req-08986c55-4911-4b28-9750-833581c2556e ] Request (FlavorsV261TestJSON:setUpClass): 201 POST http://10.180.1.21/identity/v3/auth/tokens 0.197s
2024-08-06 07:40:40.217 61292 INFO tempest.lib.common.rest_client [req-06f640bc-f773-48ac-b099-51588c382481 req-06f640bc-f773-48ac-b099-51588c382481 ] Request (AbsoluteLimitsNegativeTestJSON:setUpClass): 201 POST http://10.180.1.21/identity/v3/auth/tokens 0.211s
2024-08-06 07:40:40.225 61322 INFO tempest.lib.common.rest_client [req-912568dc-77c3-4f30-a272-cb7bbf814e8d req-912568dc-77c3-4f30-a272-cb7bbf814e8d ] Request (HypervisorAdminNegativeTestJSON:setUpClass): 201 POST http://10.180.1.21/identity/v3/auth/tokens 0.199s
2024-08-06 07:40:40.242 61334 INFO tempest.lib.common.rest_client [req-992b1cd5-fdf7-454a-80bb-986b2685447e req-992b1cd5-fdf7-454a-80bb-986b2685447e ] Request (InstanceUsageAuditLogNegativeTestJSON:setUpClass): 201 POST http://10.180.1.21/identity/v3/projects 0.205s
2024-08-06 07:40:40.245 61305 INFO tempest.lib.common.rest_client [req-76753e67-26f2-45c1-b201-dd20bb217b92 req-76753e67-26f2-45c1-b201-dd20bb217b92 ] Request (HypervisorAdminV253TestBase:setUpClass): 201 POST http://10.180.1.21/identity/v3/projects 0.207s
2024-08-06 07:40:40.287 61307 INFO tempest.lib.common.rest_client [req-fac12003-2f7a-4f3a-9f4e-542857c7db0d req-fac12003-2f7a-4f3a-9f4e-542857c7db0d ] Request (QuotasAdminTestV236:setUpClass): 201 POST http://10.180.1.21/identity/v3/auth/tokens 0.242s
2024-08-06 07:40:40.288 61318 INFO tempest.lib.common.rest_client [req-56b81ab6-ef5c-4e21-807e-1c22dd1dc6a9 req-56b81ab6-ef5c-4e21-807e-1c22dd1dc6a9 ] Request (FlavorMetadataValidation:setUpClass): 201 POST http://10.180.1.21/identity/v3/auth/tokens 0.231s
2024-08-06 07:40:40.309 61302 INFO tempest.lib.common.rest_client [req-1eb7215d-182e-490a-9f4f-3ee8e75109cc req-1eb7215d-182e-490a-9f4f-3ee8e75109cc ] Request (HostsAdminNegativeTestJSON:setUpClass): 201 POST http://10.180.1.21/identity/v3/projects 0.223s
2024-08-06 07:40:40.311 61290 INFO tempest.lib.common.rest_client [req-47a351b8-92fb-4d48-9d3e-0ca0687a2e71 req-47a351b8-92fb-4d48-9d3e-0ca0687a2e71 ] Request (FlavorsAccessTestJSON:setUpClass): 204 PUT http://10.180.1.21/identity/v3/projects/c895d08d436146ba813a2f737140e6f5/users/0a0f34d9139240579d7a5bc98dcb545d/roles/3826e0fe0f6a43839a258369588062c7 0.245s
2024-08-06 07:40:40.361 61337 INFO tempest.lib.common.rest_client [req-8e5a69e6-b56c-401d-801f-a446774c0534 req-8e5a69e6-b56c-401d-801f-a446774c0534 ] Request (NetworksTest:setUpClass): 201 POST http://10.180.1.21/identity/v3/auth/tokens 0.237s
2024-08-06 07:40:40.387 61294 INFO tempest.lib.common.rest_client [req-f00d4e6e-23aa-414f-8348-e79ec3546a63 req-f00d4e6e-23aa-414f-8348-e79ec3546a63 ] Request (DeleteServersAdminTestJSON:setUpClass): 201 POST http://10.180.1.21/identity/v3/users 0.260s
2024-08-06 07:40:40.402 61300 INFO tempest.lib.common.rest_client [req-73d9309d-bf1d-4cb9-be53-d6a170d11ae1 req-73d9309d-bf1d-4cb9-be53-d6a170d11ae1 ] Request (FlavorsV255TestJSON:test_crud_flavor): 200 POST http://10.180.1.21/compute/v2.1/flavors 0.299s
2024-08-06 07:40:40.403 61308 INFO tempest.lib.common.rest_client [req-ba25756f-7497-47dd-aabf-28d1c07ce240 req-ba25756f-7497-47dd-aabf-28d1c07ce240 ] Request (MigrationsAdminTest:setUpClass): 201 POST http://10.180.1.21/identity/v3/auth/tokens 0.236s
2024-08-06 07:40:40.423 61316 INFO tempest.lib.common.rest_client [req-5a472f9b-9951-4c3f-a4fd-3d8b975414d7 req-5a472f9b-9951-4c3f-a4fd-3d8b975414d7 ] Request (HostsAdminTestJSON:setUpClass): 201 POST http://10.180.1.21/identity/v3/auth/tokens 0.243s
2024-08-06 07:40:40.452 61296 INFO tempest.lib.common.rest_client [req-bf384be2-3ab3-4b70-82eb-5998a12cfcf9 req-bf384be2-3ab3-4b70-82eb-5998a12cfcf9 ] Request (QuotasAdminTestV257:setUpClass): 200 GET http://10.180.1.21/identity/v3/domains?name=Default 0.262s
2024-08-06 07:40:40.467 61314 INFO tempest.lib.common.rest_client [req-06f82bfd-c646-4e8e-877d-c14a52b7f9bd req-06f82bfd-c646-4e8e-877d-c14a52b7f9bd ] Request (VolumesAssistedSnapshotsTest:setUpClass): 201 POST http://10.180.1.21/identity/v3/auth/tokens 0.267s
2024-08-06 07:40:40.486 61310 INFO tempest.lib.common.rest_client [req-943e8f5b-a03d-4742-a8d2-3353bfe2f132 req-943e8f5b-a03d-4742-a8d2-3353bfe2f132 ] Request (AZAdminNegativeTestJSON:setUpClass): 201 POST http://10.180.1.21/identity/v3/auth/tokens 0.285s
2024-08-06 07:40:40.493 61345 INFO tempest.lib.common.rest_client [req-acef125d-5baf-4350-8ac9-b0b835129842 req-acef125d-5baf-4350-8ac9-b0b835129842 ] Request (AggregatesAdminNegativeTestJSON:test_aggregate_add_existent_host): 200 POST http://10.180.1.21/compute/v2.1/os-aggregates/1/action 1.024s
2024-08-06 07:40:40.503 61353 INFO tempest.lib.common.rest_client [req-eff6b5e5-5f0a-4e22-8903-e5a699e060cf req-eff6b5e5-5f0a-4e22-8903-e5a699e060cf ] Request (FlavorsV261TestJSON:setUpClass): 200 GET http://10.180.1.21/identity/v3/domains?name=Default 0.295s
2024-08-06 07:40:40.523 61292 INFO tempest.lib.common.rest_client [req-9a7fcdab-c30a-48f7-be91-14b3e2a71942 req-9a7fcdab-c30a-48f7-be91-14b3e2a71942 ] Request (AbsoluteLimitsNegativeTestJSON:setUpClass): 201 POST http://10.180.1.21/identity/v3/auth/tokens 0.303s
2024-08-06 07:40:40.529 61345 INFO tempest.lib.common.rest_client [req-96bb6df6-23d6-4873-a98f-3abb028be49f req-96bb6df6-23d6-4873-a98f-3abb028be49f ] Request (AggregatesAdminNegativeTestJSON:test_aggregate_add_existent_host): 409 POST http://10.180.1.21/compute/v2.1/os-aggregates/1/action 0.034s
2024-08-06 07:40:40.544 61334 INFO tempest.lib.common.rest_client [req-9ca9e217-ca76-4e9e-851e-c796fbb17e90 req-9ca9e217-ca76-4e9e-851e-c796fbb17e90 ] Request (InstanceUsageAuditLogNegativeTestJSON:setUpClass): 201 POST http://10.180.1.21/identity/v3/users 0.302s
2024-08-06 07:40:40.564 61305 INFO tempest.lib.common.rest_client [req-e095fa41-0ac3-4950-afe9-118240e779a8 req-e095fa41-0ac3-4950-afe9-118240e779a8 ] Request (HypervisorAdminV253TestBase:setUpClass): 201 POST http://10.180.1.21/identity/v3/users 0.318s
2024-08-06 07:40:40.581 61322 INFO tempest.lib.common.rest_client [req-7e094abd-3e9c-4175-ad8a-48f5271aa1ab req-7e094abd-3e9c-4175-ad8a-48f5271aa1ab ] Request (HypervisorAdminNegativeTestJSON:setUpClass): 201 POST http://10.180.1.21/identity/v3/auth/tokens 0.336s
2024-08-06 07:40:40.596 61318 INFO tempest.lib.common.rest_client [req-8ef1f054-3635-48d8-b40f-f9682bf3acf3 req-8ef1f054-3635-48d8-b40f-f9682bf3acf3 ] Request (FlavorMetadataValidation:setUpClass): 200 GET http://10.180.1.21/identity/v3/domains?name=Default 0.307s
2024-08-06 07:40:40.613 61307 INFO tempest.lib.common.rest_client [req-bd90211a-3775-4d61-a78b-7bd7437430ca req-bd90211a-3775-4d61-a78b-7bd7437430ca ] Request (QuotasAdminTestV236:setUpClass): 201 POST http://10.180.1.21/identity/v3/auth/tokens 0.323s
2024-08-06 07:40:40.618 61298 INFO tempest.lib.common.rest_client [req-e7b60225-8df2-4f16-aa2e-3f9c5fccfdbc req-e7b60225-8df2-4f16-aa2e-3f9c5fccfdbc ] Request (ImagesMetadataNegativeTestJSON:setUpClass): 201 POST http://10.180.1.21/identity/v3/projects 0.438s
2024-08-06 07:40:40.656 61328 INFO tempest.lib.common.rest_client [req-486ca084-6943-4ff7-9313-613c5228fc5f req-486ca084-6943-4ff7-9313-613c5228fc5f ] Request (ServersAdmin275Test:setUpClass): 201 POST http://10.180.1.21/identity/v3/auth/tokens 0.358s
2024-08-06 07:40:40.665 61302 INFO tempest.lib.common.rest_client [req-f57ed734-9f47-4370-9866-77db57ba4b47 req-f57ed734-9f47-4370-9866-77db57ba4b47 ] Request (HostsAdminNegativeTestJSON:setUpClass): 201 POST http://10.180.1.21/identity/v3/users 0.355s
2024-08-06 07:40:40.667 61290 INFO tempest.lib.common.rest_client [req-d7b6f7d4-32f0-49d2-a96f-bc494f5ccd7b req-d7b6f7d4-32f0-49d2-a96f-bc494f5ccd7b ] Request (FlavorsAccessTestJSON:setUpClass): 200 GET http://10.180.1.21/identity/v3/roles 0.356s
2024-08-06 07:40:40.682 61312 INFO tempest.lib.common.rest_client [req-6d63dbed-33ba-44bf-bcaf-d941ac0dca74 req-6d63dbed-33ba-44bf-bcaf-d941ac0dca74 ] Request (QuotaClassesAdmin257Test:setUpClass): 201 POST http://10.180.1.21/identity/v3/auth/tokens 0.336s
2024-08-06 07:40:40.683 61337 INFO tempest.lib.common.rest_client [req-5bc975df-04ac-4d37-bb51-ed55969c04f8 req-5bc975df-04ac-4d37-bb51-ed55969c04f8 ] Request (NetworksTest:setUpClass): 201 POST http://10.180.1.21/identity/v3/auth/tokens 0.320s
2024-08-06 07:40:40.693 61294 INFO tempest.lib.common.rest_client [req-6dcdfac3-b134-4184-a41a-47bd5521b648 req-6dcdfac3-b134-4184-a41a-47bd5521b648 ] Request (DeleteServersAdminTestJSON:setUpClass): 200 GET http://10.180.1.21/identity/v3/roles 0.305s
2024-08-06 07:40:40.700 61326 INFO tempest.lib.common.rest_client [req-a3b801c4-640e-4a2f-8253-1ec8c3954d6b req-a3b801c4-640e-4a2f-8253-1ec8c3954d6b ] Request (FlavorsExtraSpecsTestJSON:setUpClass): 201 POST http://10.180.1.21/identity/v3/auth/tokens 0.318s
2024-08-06 07:40:40.710 61308 INFO tempest.lib.common.rest_client [req-e015f8b9-7759-43cc-9a3c-89097f15a8d8 req-e015f8b9-7759-43cc-9a3c-89097f15a8d8 ] Request (MigrationsAdminTest:setUpClass): 201 POST http://10.180.1.21/identity/v3/auth/tokens 0.304s
2024-08-06 07:40:40.728 61324 INFO tempest.lib.common.rest_client [req-16d892e7-f665-4500-8163-b899b5e7edf6 req-16d892e7-f665-4500-8163-b899b5e7edf6 ] Request (ServersAdminTestJSON:setUpClass): 201 POST http://10.180.1.21/identity/v3/auth/tokens 0.309s
2024-08-06 07:40:40.739 61345 INFO tempest.lib.common.rest_client [req-ebe34390-bc07-4867-8fae-ff3a3289c6ed req-ebe34390-bc07-4867-8fae-ff3a3289c6ed ] Request (AggregatesAdminNegativeTestJSON:_run_cleanups): 200 POST http://10.180.1.21/compute/v2.1/os-aggregates/1/action 0.209s
2024-08-06 07:40:40.750 61316 INFO tempest.lib.common.rest_client [req-31af1d99-aa54-4fe9-9145-33e4c8eff1c2 req-31af1d99-aa54-4fe9-9145-33e4c8eff1c2 ] Request (HostsAdminTestJSON:setUpClass): 200 GET http://10.180.1.21/identity/v3/domains?name=Default 0.326s
2024-08-06 07:40:40.759 61345 INFO tempest.lib.common.rest_client [req-4e1de6e5-a743-4a0b-8e4e-c878f1a40b2b req-4e1de6e5-a743-4a0b-8e4e-c878f1a40b2b ] Request (AggregatesAdminNegativeTestJSON:_run_cleanups): 200 DELETE http://10.180.1.21/compute/v2.1/os-aggregates/1 0.018s
2024-08-06 07:40:40.771 61351 INFO tempest.lib.common.rest_client [req-9d1a646f-aa6c-4a02-a689-a73d8cc0e48f req-9d1a646f-aa6c-4a02-a689-a73d8cc0e48f ] Request (HypervisorAdminNegativeUnderV252Test:setUpClass): 201 POST http://10.180.1.21/identity/v3/auth/tokens 0.336s
2024-08-06 07:40:40.785 61345 INFO tempest.lib.common.rest_client [req-0c357396-fa57-438f-9a9a-3646a36a4105 req-0c357396-fa57-438f-9a9a-3646a36a4105 ] Request (AggregatesAdminNegativeTestJSON:test_aggregate_add_host_as_user): 200 POST http://10.180.1.21/compute/v2.1/os-aggregates 0.021s
2024-08-06 07:40:40.793 61296 INFO tempest.lib.common.rest_client [req-ea0ff626-1cf1-475b-872f-51c4b5bc5733 req-ea0ff626-1cf1-475b-872f-51c4b5bc5733 ] Request (QuotasAdminTestV257:setUpClass): 201 POST http://10.180.1.21/identity/v3/projects 0.338s
2024-08-06 07:40:40.793 61320 INFO tempest.lib.common.rest_client [req-6117bff9-8f48-4d86-add5-47c8d410cf4b req-6117bff9-8f48-4d86-add5-47c8d410cf4b ] Request (ServersWithSpecificFlavorTestJSON:setUpClass): 201 POST http://10.180.1.21/identity/v3/auth/tokens 0.332s
2024-08-06 07:40:40.835 61349 INFO tempest.lib.common.rest_client [req-d0b0c297-c8da-4a0e-94de-45e133b0b9c9 req-d0b0c297-c8da-4a0e-94de-45e133b0b9c9 ] Request (ServerDiagnosticsNegativeTest:setUpClass): 201 POST http://10.180.1.21/identity/v3/auth/tokens 0.366s
2024-08-06 07:40:40.837 61314 INFO tempest.lib.common.rest_client [req-8aa3b375-2e97-40d4-92c3-afee0fabdd87 req-8aa3b375-2e97-40d4-92c3-afee0fabdd87 ] Request (VolumesAssistedSnapshotsTest:setUpClass): 201 POST http://10.180.1.21/identity/v3/auth/tokens 0.367s
2024-08-06 07:40:40.852 61339 INFO tempest.lib.common.rest_client [req-a97b2ccf-cc09-4e49-9190-4e2b90d05ffb req-a97b2ccf-cc09-4e49-9190-4e2b90d05ffb ] Request (FlavorsExtraSpecsNegativeTestJSON:setUpClass): 201 POST http://10.180.1.21/identity/v3/auth/tokens 0.380s
2024-08-06 07:40:40.855 61310 INFO tempest.lib.common.rest_client [req-5f5992f7-0617-4a1f-80ff-ac4d59d95744 req-5f5992f7-0617-4a1f-80ff-ac4d59d95744 ] Request (AZAdminNegativeTestJSON:setUpClass): 200 GET http://10.180.1.21/identity/v3/domains?name=Default 0.368s
2024-08-06 07:40:40.868 61332 INFO tempest.lib.common.rest_client [req-f063d540-3b73-4324-b76d-559e5993f766 req-f063d540-3b73-4324-b76d-559e5993f766 ] Request (FloatingIPDetailsNegativeTestJSON:setUpClass): 201 POST http://10.180.1.21/identity/v3/auth/tokens 0.364s
2024-08-06 07:40:40.874 61341 INFO tempest.lib.common.rest_client [req-f227a989-bc8c-4251-968b-d784bdf16fdb req-f227a989-bc8c-4251-968b-d784bdf16fdb ] Request (AZAdminV2TestJSON:setUpClass): 201 POST http://10.180.1.21/identity/v3/auth/tokens 0.371s
2024-08-06 07:40:40.887 61353 INFO tempest.lib.common.rest_client [req-01a0bf5b-1c98-4413-872d-cd09a6cea6fa req-01a0bf5b-1c98-4413-872d-cd09a6cea6fa ] Request (FlavorsV261TestJSON:setUpClass): 201 POST http://10.180.1.21/identity/v3/projects 0.381s
2024-08-06 07:40:40.890 61292 INFO tempest.lib.common.rest_client [req-8dd8dfdf-2f87-4e08-91c9-0e4cfcdbd321 req-8dd8dfdf-2f87-4e08-91c9-0e4cfcdbd321 ] Request (AbsoluteLimitsNegativeTestJSON:setUpClass): 200 GET http://10.180.1.21/identity/v3/domains?name=Default 0.367s
2024-08-06 07:40:40.925 61300 INFO tempest.lib.common.rest_client [req-b7424a5a-8ad7-46d7-9b24-bc308019e5f2 req-b7424a5a-8ad7-46d7-9b24-bc308019e5f2 ] Request (FlavorsV255TestJSON:test_crud_flavor): 200 GET http://10.180.1.21/compute/v2.1/flavors/58104186 0.520s
2024-08-06 07:40:40.929 61334 INFO tempest.lib.common.rest_client [req-9419c0c9-fc8d-44e0-8f3c-c02a2bccd42e req-9419c0c9-fc8d-44e0-8f3c-c02a2bccd42e ] Request (InstanceUsageAuditLogNegativeTestJSON:setUpClass): 200 GET http://10.180.1.21/identity/v3/roles 0.384s
2024-08-06 07:40:40.929 61330 INFO tempest.lib.common.rest_client [req-b92498c8-6af3-49f5-bd2c-584e691e6d82 req-b92498c8-6af3-49f5-bd2c-584e691e6d82 ] Request (QuotasAdminTestJSON:setUpClass): 201 POST http://10.180.1.21/identity/v3/auth/tokens 0.394s
2024-08-06 07:40:40.941 61305 INFO tempest.lib.common.rest_client [req-7cbb8f57-8b74-432f-9330-4885d4306d8a req-7cbb8f57-8b74-432f-9330-4885d4306d8a ] Request (HypervisorAdminV253TestBase:setUpClass): 200 GET http://10.180.1.21/identity/v3/roles 0.377s
2024-08-06 07:40:40.946 61343 INFO tempest.lib.common.rest_client [req-a65eb8a1-e8e1-4d08-88da-67a397181488 req-a65eb8a1-e8e1-4d08-88da-67a397181488 ] Request (TenantUsagesTestJSON:setUpClass): 201 POST http://10.180.1.21/identity/v3/auth/tokens 0.387s
2024-08-06 07:40:40.955 61300 INFO tempest.lib.common.rest_client [req-0f6ceb03-d103-46c0-864d-20eba0e2ac7a req-0f6ceb03-d103-46c0-864d-20eba0e2ac7a ] Request (FlavorsV255TestJSON:test_crud_flavor): 200 PUT http://10.180.1.21/compute/v2.1/flavors/58104186 0.027s
2024-08-06 07:40:40.958 61347 INFO tempest.lib.common.rest_client [req-4d9ce50a-b42e-44d3-9bd2-266a34e8f896 req-4d9ce50a-b42e-44d3-9bd2-266a34e8f896 ] Request (ServerDiagnosticsTest:setUpClass): 201 POST http://10.180.1.21/identity/v3/auth/tokens 0.392s
2024-08-06 07:40:40.961 61322 INFO tempest.lib.common.rest_client [req-3730e645-6dfb-44a9-a0bd-77297891e600 req-3730e645-6dfb-44a9-a0bd-77297891e600 ] Request (HypervisorAdminNegativeTestJSON:setUpClass): 200 GET http://10.180.1.21/identity/v3/domains?name=Default 0.379s
2024-08-06 07:40:40.976 61307 INFO tempest.lib.common.rest_client [req-c4957161-b204-40f4-a276-e67747845291 req-c4957161-b204-40f4-a276-e67747845291 ] Request (QuotasAdminTestV236:setUpClass): 200 GET http://10.180.1.21/identity/v3/domains?name=Default 0.362s
2024-08-06 07:40:40.979 61300 INFO tempest.lib.common.rest_client [req-0edc4b07-020d-4564-ac32-d0f351676f9b req-0edc4b07-020d-4564-ac32-d0f351676f9b ] Request (FlavorsV255TestJSON:test_crud_flavor): 200 GET http://10.180.1.21/compute/v2.1/flavors/detail 0.021s
2024-08-06 07:40:40.979 61318 INFO tempest.lib.common.rest_client [req-ee7fc7a5-a8f2-4dec-b59e-7cb685332826 req-ee7fc7a5-a8f2-4dec-b59e-7cb685332826 ] Request (FlavorMetadataValidation:setUpClass): 201 POST http://10.180.1.21/identity/v3/projects 0.380s
2024-08-06 07:40:40.997 61300 INFO tempest.lib.common.rest_client [req-faab6838-8190-4a79-ae0b-4fa58a610584 req-faab6838-8190-4a79-ae0b-4fa58a610584 ] Request (FlavorsV255TestJSON:test_crud_flavor): 200 GET http://10.180.1.21/compute/v2.1/flavors 0.014s
2024-08-06 07:40:41.016 61300 INFO tempest.lib.common.rest_client [req-3ccf4327-f44b-4898-9ad6-3a6e50fcd49a req-3ccf4327-f44b-4898-9ad6-3a6e50fcd49a ] Request (FlavorsV255TestJSON:_run_cleanups): 202 DELETE http://10.180.1.21/compute/v2.1/flavors/58104186 0.016s
2024-08-06 07:40:41.018 61298 INFO tempest.lib.common.rest_client [req-e0413c70-15ce-4a4d-b171-ead9130fce71 req-e0413c70-15ce-4a4d-b171-ead9130fce71 ] Request (ImagesMetadataNegativeTestJSON:setUpClass): 201 POST http://10.180.1.21/identity/v3/users 0.399s
2024-08-06 07:40:41.021 61328 INFO tempest.lib.common.rest_client [req-f1b0ab23-4891-4db6-9351-096c6314594e req-f1b0ab23-4891-4db6-9351-096c6314594e ] Request (ServersAdmin275Test:setUpClass): 201 POST http://10.180.1.21/identity/v3/auth/tokens 0.362s
2024-08-06 07:40:41.030 61300 INFO tempest.lib.common.rest_client [req-f7f0f138-b976-4125-962c-d4cfdddced4d req-f7f0f138-b976-4125-962c-d4cfdddced4d ] Request (FlavorsV255TestJSON:_run_cleanups): 200 GET http://10.180.1.21/compute/v2.1/flavors/detail 0.013s
2024-08-06 07:40:41.030 61302 INFO tempest.lib.common.rest_client [req-b76836a4-8ae0-4cd4-a1fe-84d4a5fd5f98 req-b76836a4-8ae0-4cd4-a1fe-84d4a5fd5f98 ] Request (HostsAdminNegativeTestJSON:setUpClass): 200 GET http://10.180.1.21/identity/v3/roles 0.364s
2024-08-06 07:40:41.033 61290 INFO tempest.lib.common.rest_client [req-9b855b46-9397-4798-958c-0e37827a319a req-9b855b46-9397-4798-958c-0e37827a319a ] Request (FlavorsAccessTestJSON:setUpClass): 204 PUT http://10.180.1.21/identity/v3/projects/c895d08d436146ba813a2f737140e6f5/users/0a0f34d9139240579d7a5bc98dcb545d/roles/3826e0fe0f6a43839a258369588062c7 0.365s
2024-08-06 07:40:41.033 61290 INFO tempest.lib.common.dynamic_creds [-] Dynamic test user 0a0f34d9139240579d7a5bc98dcb545d is created with scope project and roles: ['admin']
2024-08-06 07:40:41.033 61290 INFO tempest.lib.common.dynamic_creds [-] Acquired dynamic creds: credentials: Credentials: {'domain_id': 'default', 'domain_name': 'Default', 'username': 'tempest-FlavorsAccessTestJSON-1853806736-project-admin', 'project_domain_id': 'default', 'project_domain_name': 'Default', 'project_id': 'c895d08d436146ba813a2f737140e6f5', 'project_name': 'tempest-FlavorsAccessTestJSON-1853806736', 'tenant_id': 'c895d08d436146ba813a2f737140e6f5', 'tenant_name': 'tempest-FlavorsAccessTestJSON-1853806736', 'user_domain_id': 'default', 'user_domain_name': 'Default', 'user_id': '0a0f34d9139240579d7a5bc98dcb545d', 'system': None}, Network: None, Subnet: None, Router: None
2024-08-06 07:40:41.034 61290 INFO tempest.lib.common.dynamic_creds [-] Created isolated network resources for: credentials: Credentials: {'domain_id': 'default', 'domain_name': 'Default', 'username': 'tempest-FlavorsAccessTestJSON-1853806736-project-admin', 'project_domain_id': 'default', 'project_domain_name': 'Default', 'project_id': 'c895d08d436146ba813a2f737140e6f5', 'project_name': 'tempest-FlavorsAccessTestJSON-1853806736', 'tenant_id': 'c895d08d436146ba813a2f737140e6f5', 'tenant_name': 'tempest-FlavorsAccessTestJSON-1853806736', 'user_domain_id': 'default', 'user_domain_name': 'Default', 'user_id': '0a0f34d9139240579d7a5bc98dcb545d', 'system': None}, Network: None, Subnet: None, Router: None
2024-08-06 07:40:41.071 61337 INFO tempest.lib.common.rest_client [req-ccc77c1d-7bad-495c-9098-a58784f0366c req-ccc77c1d-7bad-495c-9098-a58784f0366c ] Request (NetworksTest:setUpClass): 200 GET http://10.180.1.21/identity/v3/domains?name=Default 0.387s
2024-08-06 07:40:41.075 61312 INFO tempest.lib.common.rest_client [req-e6db517e-7741-40e4-ae8f-36136d7642be req-e6db517e-7741-40e4-ae8f-36136d7642be ] Request (QuotaClassesAdmin257Test:setUpClass): 201 POST http://10.180.1.21/identity/v3/auth/tokens 0.390s
2024-08-06 07:40:41.089 61294 INFO tempest.lib.common.rest_client [req-8efe89ee-e971-4f2d-bf27-04cdd364af08 req-8efe89ee-e971-4f2d-bf27-04cdd364af08 ] Request (DeleteServersAdminTestJSON:setUpClass): 204 PUT http://10.180.1.21/identity/v3/projects/668bc89a5a734003a73e8ff4b48b1814/users/73b3beb5915e4ae39c0c6f48fcf075a1/roles/6b94adeba2ff4dfe9ba674f698a34a75 0.395s
2024-08-06 07:40:41.089 61294 INFO tempest.lib.common.dynamic_creds [-] Dynamic test user 73b3beb5915e4ae39c0c6f48fcf075a1 is created with scope project and roles: ['member']
2024-08-06 07:40:41.090 61294 INFO tempest.lib.common.dynamic_creds [-] Acquired dynamic creds: credentials: Credentials: {'domain_id': 'default', 'domain_name': 'Default', 'username': 'tempest-DeleteServersAdminTestJSON-785188871-project-member', 'project_domain_id': 'default', 'project_domain_name': 'Default', 'project_id': '668bc89a5a734003a73e8ff4b48b1814', 'project_name': 'tempest-DeleteServersAdminTestJSON-785188871', 'tenant_id': '668bc89a5a734003a73e8ff4b48b1814', 'tenant_name': 'tempest-DeleteServersAdminTestJSON-785188871', 'user_domain_id': 'default', 'user_domain_name': 'Default', 'user_id': '73b3beb5915e4ae39c0c6f48fcf075a1', 'system': None}, Network: None, Subnet: None, Router: None
2024-08-06 07:40:41.090 61294 INFO tempest.lib.common.dynamic_creds [-] Created isolated network resources for: credentials: Credentials: {'domain_id': 'default', 'domain_name': 'Default', 'username': 'tempest-DeleteServersAdminTestJSON-785188871-project-member', 'project_domain_id': 'default', 'project_domain_name': 'Default', 'project_id': '668bc89a5a734003a73e8ff4b48b1814', 'project_name': 'tempest-DeleteServersAdminTestJSON-785188871', 'tenant_id': '668bc89a5a734003a73e8ff4b48b1814', 'tenant_name': 'tempest-DeleteServersAdminTestJSON-785188871', 'user_domain_id': 'default', 'user_domain_name': 'Default', 'user_id': '73b3beb5915e4ae39c0c6f48fcf075a1', 'system': None}, Network: None, Subnet: None, Router: None
2024-08-06 07:40:41.114 61326 INFO tempest.lib.common.rest_client [req-a4cae33f-fa84-4e7d-87d2-9cf1663e8c36 req-a4cae33f-fa84-4e7d-87d2-9cf1663e8c36 ] Request (FlavorsExtraSpecsTestJSON:setUpClass): 201 POST http://10.180.1.21/identity/v3/auth/tokens 0.411s
2024-08-06 07:40:41.128 61308 INFO tempest.lib.common.rest_client [req-a2340dcb-ced1-47c8-86cd-88015ec9c7a0 req-a2340dcb-ced1-47c8-86cd-88015ec9c7a0 ] Request (MigrationsAdminTest:setUpClass): 200 GET http://10.180.1.21/identity/v3/domains?name=Default 0.418s
2024-08-06 07:40:41.129 61324 INFO tempest.lib.common.rest_client [req-1cdefb0c-567f-42fd-bd6a-70b6160cd9d9 req-1cdefb0c-567f-42fd-bd6a-70b6160cd9d9 ] Request (ServersAdminTestJSON:setUpClass): 201 POST http://10.180.1.21/identity/v3/auth/tokens 0.398s
2024-08-06 07:40:41.144 61351 INFO tempest.lib.common.rest_client [req-b37d26c8-e05a-4476-a958-826122571157 req-b37d26c8-e05a-4476-a958-826122571157 ] Request (HypervisorAdminNegativeUnderV252Test:setUpClass): 201 POST http://10.180.1.21/identity/v3/auth/tokens 0.370s
2024-08-06 07:40:41.147 61316 INFO tempest.lib.common.rest_client [req-6213621d-5b02-42c5-b7fb-6eaaf3b02b8e req-6213621d-5b02-42c5-b7fb-6eaaf3b02b8e ] Request (HostsAdminTestJSON:setUpClass): 201 POST http://10.180.1.21/identity/v3/projects 0.394s
2024-08-06 07:40:41.188 61296 INFO tempest.lib.common.rest_client [req-df35acc0-f33a-4736-9535-798f287940fc req-df35acc0-f33a-4736-9535-798f287940fc ] Request (QuotasAdminTestV257:setUpClass): 201 POST http://10.180.1.21/identity/v3/users 0.395s
2024-08-06 07:40:41.204 61320 INFO tempest.lib.common.rest_client [req-481c570f-1127-4549-a13d-f37460533186 req-481c570f-1127-4549-a13d-f37460533186 ] Request (ServersWithSpecificFlavorTestJSON:setUpClass): 201 POST http://10.180.1.21/identity/v3/auth/tokens 0.406s
2024-08-06 07:40:41.219 61349 INFO tempest.lib.common.rest_client [req-05357028-e232-43ea-ba03-b7efc052cc79 req-05357028-e232-43ea-ba03-b7efc052cc79 ] Request (ServerDiagnosticsNegativeTest:setUpClass): 201 POST http://10.180.1.21/identity/v3/auth/tokens 0.381s
2024-08-06 07:40:41.233 61314 INFO tempest.lib.common.rest_client [req-b7fbecc7-1b68-4fe3-a7a2-a81ed90b256c req-b7fbecc7-1b68-4fe3-a7a2-a81ed90b256c ] Request (VolumesAssistedSnapshotsTest:setUpClass): 200 GET http://10.180.1.21/identity/v3/domains?name=Default 0.395s
2024-08-06 07:40:41.237 61345 INFO tempest.lib.common.rest_client [req-dd5529bb-a86b-48fa-bbba-5c367eab73e3 req-dd5529bb-a86b-48fa-bbba-5c367eab73e3 ] Request (AggregatesAdminNegativeTestJSON:test_aggregate_add_host_as_user): 403 POST http://10.180.1.21/compute/v2.1/os-aggregates/2/action 0.450s
2024-08-06 07:40:41.249 61339 INFO tempest.lib.common.rest_client [req-217d9f6c-8808-4610-b84c-f0035fc5cc34 req-217d9f6c-8808-4610-b84c-f0035fc5cc34 ] Request (FlavorsExtraSpecsNegativeTestJSON:setUpClass): 201 POST http://10.180.1.21/identity/v3/auth/tokens 0.394s
2024-08-06 07:40:41.260 61345 INFO tempest.lib.common.rest_client [req-e9ab2fc9-0c9d-4d1c-89c9-abe2bb5de03e req-e9ab2fc9-0c9d-4d1c-89c9-abe2bb5de03e ] Request (AggregatesAdminNegativeTestJSON:_run_cleanups): 200 DELETE http://10.180.1.21/compute/v2.1/os-aggregates/2 0.022s
2024-08-06 07:40:41.260 61310 INFO tempest.lib.common.rest_client [req-3a93d72b-a4ee-43bf-ac24-af24bbc3cc84 req-3a93d72b-a4ee-43bf-ac24-af24bbc3cc84 ] Request (AZAdminNegativeTestJSON:setUpClass): 201 POST http://10.180.1.21/identity/v3/projects 0.402s
2024-08-06 07:40:41.278 61345 INFO tempest.lib.common.rest_client [req-5e704ae1-7939-4898-a3f0-b209035ea6b4 req-5e704ae1-7939-4898-a3f0-b209035ea6b4 ] Request (AggregatesAdminNegativeTestJSON:test_aggregate_add_non_exist_host): 200 POST http://10.180.1.21/compute/v2.1/os-aggregates 0.017s
2024-08-06 07:40:41.293 61332 INFO tempest.lib.common.rest_client [req-d6f8b425-ba9c-4c9a-9948-ad331c0a9519 req-d6f8b425-ba9c-4c9a-9948-ad331c0a9519 ] Request (FloatingIPDetailsNegativeTestJSON:setUpClass): 201 POST http://10.180.1.21/identity/v3/auth/tokens 0.422s
2024-08-06 07:40:41.300 61341 INFO tempest.lib.common.rest_client [req-26deb2d4-e4d1-4261-8f35-7e99496dda09 req-26deb2d4-e4d1-4261-8f35-7e99496dda09 ] Request (AZAdminV2TestJSON:setUpClass): 201 POST http://10.180.1.21/identity/v3/auth/tokens 0.423s
2024-08-06 07:40:41.312 61353 INFO tempest.lib.common.rest_client [req-d026c3a9-5924-4c35-aee3-1663640c734f req-d026c3a9-5924-4c35-aee3-1663640c734f ] Request (FlavorsV261TestJSON:setUpClass): 201 POST http://10.180.1.21/identity/v3/users 0.424s
2024-08-06 07:40:41.316 61345 INFO tempest.lib.common.rest_client [req-84b8fb00-58a0-4281-86b7-90b312431409 req-84b8fb00-58a0-4281-86b7-90b312431409 ] Request (AggregatesAdminNegativeTestJSON:test_aggregate_add_non_exist_host): 404 POST http://10.180.1.21/compute/v2.1/os-aggregates/3/action 0.036s
2024-08-06 07:40:41.318 61292 INFO tempest.lib.common.rest_client [req-b371ed29-cd40-4b42-9c93-eb5e6cf04237 req-b371ed29-cd40-4b42-9c93-eb5e6cf04237 ] Request (AbsoluteLimitsNegativeTestJSON:setUpClass): 201 POST http://10.180.1.21/identity/v3/projects 0.426s
2024-08-06 07:40:41.331 61345 INFO tempest.lib.common.rest_client [req-f23dfb69-47be-4b2b-a471-accdd536e4b0 req-f23dfb69-47be-4b2b-a471-accdd536e4b0 ] Request (AggregatesAdminNegativeTestJSON:_run_cleanups): 200 DELETE http://10.180.1.21/compute/v2.1/os-aggregates/3 0.015s
2024-08-06 07:40:41.331 61334 INFO tempest.lib.common.rest_client [req-1251d484-6bc8-4aca-a0c8-26864a4269d7 req-1251d484-6bc8-4aca-a0c8-26864a4269d7 ] Request (InstanceUsageAuditLogNegativeTestJSON:setUpClass): 204 PUT http://10.180.1.21/identity/v3/projects/642b5e1497aa47b4b33c9528c6c3c34d/users/406b415829e443cb89d87e0aac6dd862/roles/3826e0fe0f6a43839a258369588062c7 0.402s
2024-08-06 07:40:41.340 61345 INFO tempest.lib.common.rest_client [req-83db1cc7-4f10-4695-9450-e99ae753a26d req-83db1cc7-4f10-4695-9450-e99ae753a26d ] Request (AggregatesAdminNegativeTestJSON:test_aggregate_create_aggregate_name_length_exceeds_255): 400 POST http://10.180.1.21/compute/v2.1/os-aggregates 0.007s
2024-08-06 07:40:41.347 61345 INFO tempest.lib.common.rest_client [req-3b09ee4a-e7e0-47b8-a191-48ac090ab9f4 req-3b09ee4a-e7e0-47b8-a191-48ac090ab9f4 ] Request (AggregatesAdminNegativeTestJSON:test_aggregate_create_aggregate_name_length_less_than_1): 400 POST http://10.180.1.21/compute/v2.1/os-aggregates 0.006s
2024-08-06 07:40:41.356 61345 INFO tempest.lib.common.rest_client [req-58eb72d1-2f91-4f95-a65c-aa680fb55bfa req-58eb72d1-2f91-4f95-a65c-aa680fb55bfa ] Request (AggregatesAdminNegativeTestJSON:test_aggregate_create_as_user): 403 POST http://10.180.1.21/compute/v2.1/os-aggregates 0.008s
2024-08-06 07:40:41.359 61330 INFO tempest.lib.common.rest_client [req-072e2c5d-54ec-4daf-9c58-f5b1e729b569 req-072e2c5d-54ec-4daf-9c58-f5b1e729b569 ] Request (QuotasAdminTestJSON:setUpClass): 201 POST http://10.180.1.21/identity/v3/auth/tokens 0.427s
2024-08-06 07:40:41.374 61345 INFO tempest.lib.common.rest_client [req-1dbbe05a-55b5-480d-b660-4ae96b0cdd31 req-1dbbe05a-55b5-480d-b660-4ae96b0cdd31 ] Request (AggregatesAdminNegativeTestJSON:test_aggregate_create_with_existent_aggregate_name): 200 POST http://10.180.1.21/compute/v2.1/os-aggregates 0.016s
