2024-08-06 07:42:26.943 61345 INFO tempest.lib.common.fixed_network [-] (ServersTestMultiNic:test_verify_multiple_nics_order) Found network {'id': 'eb866755-94da-4a4f-bc87-18ca0ac7e04d', 'name': 'tempest-ServersTestMultiNic-1713030197-network', 'tenant_id': '4cf982f79e1048e4b67a60490a219f2c', 'admin_state_up': True, 'mtu': 8950, 'status': 'ACTIVE', 'subnets': [], 'shared': False, 'project_id': '4cf982f79e1048e4b67a60490a219f2c', 'port_security_enabled': True, 'router:external': False, 'provider:network_type': 'vlan', 'provider:physical_network': 'default', 'provider:segmentation_id': 266, 'is_default': False, 'availability_zone_hints': [], 'availability_zones': [], 'ipv4_address_scope': None, 'ipv6_address_scope': None, 'description': '', 'tags': [], 'created_at': '2024-08-06T07:41:00Z', 'updated_at': '2024-08-06T07:41:00Z', 'revision_number': 1} available for tenant
2024-08-06 07:42:26.952 61298 INFO tempest.lib.common.rest_client [req-bce794bc-e1a7-4993-9781-b44dff4bbdca req-bce794bc-e1a7-4993-9781-b44dff4bbdca ] Request (ServersTestBootFromVolume:setUpClass): 200 GET http://10.180.1.21/compute/v2.1/servers/7eaa765e-4a7c-4dbb-917e-d215c477e3cc 0.151s
2024-08-06 07:42:26.965 61353 INFO tempest.lib.common.rest_client [req-1059fdbd-4fcc-4e1a-913b-87c1b320d349 req-1059fdbd-4fcc-4e1a-913b-87c1b320d349 ] Request (ServerDiagnosticsV248Test:test_get_server_diagnostics): 200 GET http://10.180.1.21/compute/v2.1/servers/451b3153-2cd6-47b3-a1a0-4a35e1ef94dd 0.157s
2024-08-06 07:42:26.969 61322 INFO tempest.lib.common.rest_client [req-9393b646-966d-49a2-8012-46b71bd68db7 req-9393b646-966d-49a2-8012-46b71bd68db7 ] Request (InstanceActionsTestJSON:tearDownClass): 204 DELETE http://10.180.1.21:9696/networking/v2.0/routers/1ceeb0a4-0404-43e4-8210-0216b1c363ab 0.436s
2024-08-06 07:42:27.019 61347 INFO tempest.lib.common.rest_client [req-11805c29-6e69-46c6-ae4f-e14725d97db9 req-11805c29-6e69-46c6-ae4f-e14725d97db9 ] Request (InstanceActionsNegativeTestJSON:setUpClass): 200 GET http://10.180.1.21/compute/v2.1/servers/845e3305-4519-4f5f-b878-8577c5c2820f 0.157s
2024-08-06 07:42:27.040 61326 INFO tempest.lib.common.rest_client [req-c28c285e-356c-4a40-99b4-810f2de75df0 req-c28c285e-356c-4a40-99b4-810f2de75df0 ] Request (ListServersNegativeTestJSON:setUpClass): 200 GET http://10.180.1.21/compute/v2.1/servers/28cca4bd-717a-43c4-ae71-961ef57c4e11 0.156s
2024-08-06 07:42:27.094 61294 INFO tempest.lib.common.rest_client [req-40be077e-00f1-4187-9bb9-ba799ce87ad4 req-40be077e-00f1-4187-9bb9-ba799ce87ad4 ] Request (DeleteServersAdminTestJSON:test_delete_server_while_in_error_state): 200 GET http://10.180.1.21/compute/v2.1/servers/8d6d0391-fb92-4837-ae57-f1d84e1445d5 0.164s
2024-08-06 07:42:27.148 61332 INFO tempest.lib.common.rest_client [req-f0b7cc06-5878-4f80-9d89-9a58d33868c4 req-f0b7cc06-5878-4f80-9d89-9a58d33868c4 ] Request (ServerActionsTestJSON:setUpClass): 200 GET http://10.180.1.21/compute/v2.1/servers/817da7cf-245d-4ab8-9f74-efb62c90a810 0.198s
2024-08-06 07:42:27.166 61322 INFO tempest.lib.common.rest_client [req-b7c7792c-7a5c-4527-a1dc-127dea4b4a44 req-b7c7792c-7a5c-4527-a1dc-127dea4b4a44 ] Request (InstanceActionsTestJSON:tearDownClass): 204 DELETE http://10.180.1.21:9696/networking/v2.0/subnets/c701893c-c4db-41e2-ad29-4e445fe14222 0.196s
2024-08-06 07:42:27.201 61328 INFO tempest.lib.common.rest_client [req-99eaa129-4a87-48f3-8b54-a335d35e13d8 req-99eaa129-4a87-48f3-8b54-a335d35e13d8 ] Request (FloatingIPsAssociationTestJSON:setUpClass): 200 GET http://10.180.1.21/compute/v2.1/servers/efba0349-4c43-4eff-b1e7-fd1ac39ebca4 0.196s
2024-08-06 07:42:27.270 61330 INFO tempest.lib.common.rest_client [req-f0d76c7b-4246-4f90-9ca1-72cf176fbf3b req-f0d76c7b-4246-4f90-9ca1-72cf176fbf3b ] Request (ServerActionsTestOtherB:setUpClass): 200 GET http://10.180.1.21/compute/v2.1/servers/a357f6a5-7085-44e1-b1b4-007e4536ece6 0.258s
2024-08-06 07:42:27.320 61320 INFO tempest.lib.common.rest_client [req-1ec282e7-5f14-4a1d-b90b-0149d94fa12e req-1ec282e7-5f14-4a1d-b90b-0149d94fa12e ] Request (ServersWithSpecificFlavorTestJSON:test_verify_created_server_ephemeral_disk): 200 GET http://10.180.1.21/compute/v2.1/servers/8e11f28c-7256-4500-8686-94771ec4618b 0.106s
2024-08-06 07:42:27.396 61339 INFO tempest.lib.common.rest_client [req-f9461d5c-7ae0-45b4-8154-205fc5aa43f9 req-f9461d5c-7ae0-45b4-8154-205fc5aa43f9 ] Request (DeleteServersTestJSON:test_delete_active_server): 200 GET http://10.180.1.21/compute/v2.1/servers/a2b3ccf4-7a9d-47ee-ae1c-c8ea16a8d495 0.121s
2024-08-06 07:42:27.425 61345 INFO tempest.lib.common.rest_client [req-8ca19b09-878f-40d1-bb84-9625fac18153 req-8ca19b09-878f-40d1-bb84-9625fac18153 ] Request (ServersTestMultiNic:test_verify_multiple_nics_order): 202 POST http://10.180.1.21/compute/v2.1/servers 0.481s
2024-08-06 07:42:27.455 61307 INFO tempest.lib.common.rest_client [req-533beb33-93cd-4c42-b212-6a0f25b5a317 req-533beb33-93cd-4c42-b212-6a0f25b5a317 ] Request (ImagesOneServerTestJSON:setUpClass): 200 GET http://10.180.1.21/compute/v2.1/servers/5ec5acdf-8ab1-48e4-8611-43542d8b8fa9 0.105s
2024-08-06 07:42:27.465 61322 INFO tempest.lib.common.rest_client [req-2c93b473-3e85-49a3-8f74-20220dd167f1 req-2c93b473-3e85-49a3-8f74-20220dd167f1 ] Request (InstanceActionsTestJSON:tearDownClass): 204 DELETE http://10.180.1.21:9696/networking/v2.0/networks/84e5c041-a2ad-4090-9693-149298ef6921 0.299s
2024-08-06 07:42:27.472 61302 INFO tempest.lib.common.rest_client [req-a92023b4-c45f-4ff2-a6f5-8cbb7a0abcd8 req-a92023b4-c45f-4ff2-a6f5-8cbb7a0abcd8 ] Request (ServersTestFqdnHostnames:test_create_server_with_fqdn_name): 200 GET http://10.180.1.21/compute/v2.1/servers/3649cbd4-b283-4df5-8db7-c132a8071223 0.057s
2024-08-06 07:42:27.497 61345 INFO tempest.lib.common.rest_client [req-d16b17fb-03ad-4180-8130-0e13fd2f476e req-d16b17fb-03ad-4180-8130-0e13fd2f476e ] Request (ServersTestMultiNic:test_verify_multiple_nics_order): 200 GET http://10.180.1.21/compute/v2.1/servers/39a9e721-749b-44c8-aceb-79e23811579b 0.070s
2024-08-06 07:42:27.533 61312 INFO tempest.lib.common.rest_client [req-ca590e27-3c2a-458e-a070-1a258e43882c req-ca590e27-3c2a-458e-a070-1a258e43882c ] Request (FloatingIPsAssociationNegativeTestJSON:setUpClass): 200 GET http://10.180.1.21/compute/v2.1/servers/4f5b6eee-45e9-4120-a493-b4515869236a 0.057s
2024-08-06 07:42:27.553 61322 INFO tempest.lib.common.rest_client [req-877acaa0-2dfe-46c3-bc92-d6541830c60a req-877acaa0-2dfe-46c3-bc92-d6541830c60a ] Request (InstanceActionsTestJSON:tearDownClass): 204 DELETE http://10.180.1.21/identity/v3/users/b6fd1692bf4c4da48870bd585f8b36d4 0.088s
2024-08-06 07:42:27.553 61322 INFO tempest.lib.common.dynamic_creds [-] Deleting project and security group for project: 5a5b66efa5a14a64b1eb6399f7ac60b4
2024-08-06 07:42:27.597 61322 INFO tempest.lib.common.rest_client [req-a1549c59-9858-47ca-92a6-5810b36ab12d req-a1549c59-9858-47ca-92a6-5810b36ab12d ] Request (InstanceActionsTestJSON:tearDownClass): 200 GET http://10.180.1.21:9696/networking/v2.0/security-groups?tenant_id=5a5b66efa5a14a64b1eb6399f7ac60b4&name=default 0.043s
2024-08-06 07:42:27.628 61341 INFO tempest.lib.common.rest_client [req-db9f47f1-c8ac-4242-93b7-6a02a28c7919 req-db9f47f1-c8ac-4242-93b7-6a02a28c7919 ] Request (ServersV294TestFqdnHostnames:setUpClass): 200 GET http://10.180.1.21/compute/v2.1/servers/3a269fbf-040a-4437-9ea0-4e40acaf9f74 0.057s
2024-08-06 07:42:27.647 61308 INFO tempest.lib.common.rest_client [req-42b61636-e701-476a-abe8-1ec0d78225d0 req-42b61636-e701-476a-abe8-1ec0d78225d0 ] Request (MigrationsAdminTest:test_resize_server_revert_deleted_flavor): 200 GET http://10.180.1.21/compute/v2.1/servers/72aa5fce-dccd-4d05-8e2b-da397388e112 0.051s
2024-08-06 07:42:27.690 61296 INFO tempest.lib.common.rest_client [req-5ff3193f-8ccc-4382-a8f5-dc51cab86006 req-5ff3193f-8ccc-4382-a8f5-dc51cab86006 ] Request (ServerGroupTestJSON:test_create_server_with_scheduler_hint_group): 200 GET http://10.180.1.21/compute/v2.1/servers/535cfb71-fd03-4a7a-8576-4279d66a0bae 0.047s
2024-08-06 07:42:27.706 61349 INFO tempest.lib.common.rest_client [req-e2d148d5-7af7-412c-a325-38faefd4d74c req-e2d148d5-7af7-412c-a325-38faefd4d74c ] Request (AttachVolumeNegativeTest:test_attach_attached_volume_to_different_server): 200 GET http://10.180.1.21/compute/v2.1/servers/556abe9c-bb3c-44d5-8c47-d07a9dc71b58 0.050s
2024-08-06 07:42:27.732 61322 INFO tempest.lib.common.rest_client [req-9e9dd5b9-365f-49b3-aedc-8f43dda92ab6 req-9e9dd5b9-365f-49b3-aedc-8f43dda92ab6 ] Request (InstanceActionsTestJSON:tearDownClass): 204 DELETE http://10.180.1.21:9696/networking/v2.0/security-groups/b217f39f-c78c-4cc1-aab5-6a704c4aa0a9 0.134s
2024-08-06 07:42:27.766 61300 INFO tempest.lib.common.rest_client [req-4a995d5d-52e7-42f1-9d2d-a9efa6883b36 req-4a995d5d-52e7-42f1-9d2d-a9efa6883b36 ] Request (AttachVolumeShelveTestJSON:test_attach_volume_shelved_or_offload_server): 200 GET http://10.180.1.21/compute/v2.1/servers/f87ff0a2-8700-4549-a0a6-e9da570511b9 0.058s
2024-08-06 07:42:27.808 61305 INFO tempest.lib.common.rest_client [req-74e8f903-8af6-41ff-a5e5-8c15cf83dca0 req-74e8f903-8af6-41ff-a5e5-8c15cf83dca0 ] Request (ImagesTestJSON:test_create_image_from_suspended_server): 200 GET http://10.180.1.21/compute/v2.1/servers/1d3e495e-d8d0-43d4-9487-fa8f4adfeeb1 0.056s
2024-08-06 07:42:27.824 61343 INFO tempest.lib.common.rest_client [req-03ea9c42-6e21-4fa5-9682-11537a0bfdef req-03ea9c42-6e21-4fa5-9682-11537a0bfdef ] Request (ServerActionsTestOtherA:setUpClass): 200 GET http://10.180.1.21/compute/v2.1/servers/bb28d6b9-b6b5-41cf-8a2a-0f11c46b203b 0.047s
2024-08-06 07:42:27.835 61322 INFO tempest.lib.common.rest_client [req-cc2096e5-eda1-43b3-964b-81b2af4e6bc6 req-cc2096e5-eda1-43b3-964b-81b2af4e6bc6 ] Request (InstanceActionsTestJSON:tearDownClass): 204 DELETE http://10.180.1.21/identity/v3/projects/5a5b66efa5a14a64b1eb6399f7ac60b4 0.103s
2024-08-06 07:42:27.888 61290 INFO tempest.lib.common.rest_client [req-26077737-d30e-4d7d-9a11-884ead36cb82 req-26077737-d30e-4d7d-9a11-884ead36cb82 ] Request (ServersAdminNegativeTestJSON:setUpClass): 200 GET http://10.180.1.21/compute/v2.1/servers/cc9fea8d-935a-4514-9050-58a57d140c21 0.048s
2024-08-06 07:42:27.892 61292 INFO tempest.lib.common.rest_client [req-bac9a210-cf9f-4581-9c65-72e64aaacb83 req-bac9a210-cf9f-4581-9c65-72e64aaacb83 ] Request (AttachInterfacesUnderV243Test:test_add_remove_fixed_ip): 200 GET http://10.180.1.21/compute/v2.1/servers/b110ef32-6813-43c3-bb28-e10ebc246b4d 0.050s
2024-08-06 07:42:27.892 61322 INFO tempest.lib.common.rest_client [req-38cb4ceb-c92d-4960-84ee-b1c8b4c119c7 req-38cb4ceb-c92d-4960-84ee-b1c8b4c119c7 ] Request (VolumesNegativeTest:setUpClass): 201 POST http://10.180.1.21/identity/v3/auth/tokens 0.053s
2024-08-06 07:42:27.919 61322 INFO tempest.lib.common.rest_client [req-754cad92-fb53-4ca0-a248-4ff6ffd7f654 req-754cad92-fb53-4ca0-a248-4ff6ffd7f654 ] Request (VolumesNegativeTest:setUpClass): 201 POST http://10.180.1.21/identity/v3/auth/tokens 0.024s
2024-08-06 07:42:27.938 61322 INFO tempest.lib.common.rest_client [req-4f4142c3-f487-434a-8e05-799a65ee0db9 req-4f4142c3-f487-434a-8e05-799a65ee0db9 ] Request (VolumesNegativeTest:setUpClass): 200 GET http://10.180.1.21/identity/v3/domains?name=Default 0.018s
2024-08-06 07:42:27.948 61314 INFO tempest.lib.common.rest_client [req-748f1133-b470-4057-8189-44dbd6dae8ae req-748f1133-b470-4057-8189-44dbd6dae8ae ] Request (VolumesAssistedSnapshotsTest:test_volume_assisted_snapshot_create_delete): 200 GET http://10.180.1.21/compute/v2.1/servers/8e129b42-fa82-488b-9f54-de2d3c8e777c 0.047s
2024-08-06 07:42:27.960 61337 INFO tempest.lib.common.rest_client [req-a364d5d7-03e2-4170-ae73-c4e1656821b8 req-a364d5d7-03e2-4170-ae73-c4e1656821b8 ] Request (SecurityGroupsTestJSON:test_list_security_groups_by_server): 200 GET http://10.180.1.21/compute/v2.1/servers/711c6675-8cca-453f-bab1-03543d8a1662 0.055s
2024-08-06 07:42:27.967 61337 INFO tempest.common.waiters [-] State transition "BUILD/scheduling" ==> "ERROR/None" after 62 second wait
2024-08-06 07:42:27.979 61322 INFO tempest.lib.common.rest_client [req-147c26b2-55c9-458b-827e-f749f1fc4314 req-147c26b2-55c9-458b-827e-f749f1fc4314 ] Request (VolumesNegativeTest:setUpClass): 201 POST http://10.180.1.21/identity/v3/projects 0.040s
2024-08-06 07:42:28.033 61298 INFO tempest.lib.common.rest_client [req-c38758a4-93ad-4fd7-a037-e4ac842061db req-c38758a4-93ad-4fd7-a037-e4ac842061db ] Request (ServersTestBootFromVolume:setUpClass): 200 GET http://10.180.1.21/compute/v2.1/servers/7eaa765e-4a7c-4dbb-917e-d215c477e3cc 0.073s
2024-08-06 07:42:28.035 61322 INFO tempest.lib.common.rest_client [req-2abc6fe9-88d5-4367-9e72-0194028c2300 req-2abc6fe9-88d5-4367-9e72-0194028c2300 ] Request (VolumesNegativeTest:setUpClass): 201 POST http://10.180.1.21/identity/v3/users 0.056s
2024-08-06 07:42:28.060 61322 INFO tempest.lib.common.rest_client [req-46ca93b1-12a0-47c2-b64a-b0cc282575a1 req-46ca93b1-12a0-47c2-b64a-b0cc282575a1 ] Request (VolumesNegativeTest:setUpClass): 200 GET http://10.180.1.21/identity/v3/roles 0.024s
2024-08-06 07:42:28.103 61353 INFO tempest.lib.common.rest_client [req-58dd3e5f-ff3d-4212-ace5-e1b9b485ca6b req-58dd3e5f-ff3d-4212-ace5-e1b9b485ca6b ] Request (ServerDiagnosticsV248Test:test_get_server_diagnostics): 200 GET http://10.180.1.21/compute/v2.1/servers/451b3153-2cd6-47b3-a1a0-4a35e1ef94dd 0.129s
2024-08-06 07:42:28.129 61322 INFO tempest.lib.common.rest_client [req-2e5b6832-6f6a-4519-a4ac-67ced14c95b1 req-2e5b6832-6f6a-4519-a4ac-67ced14c95b1 ] Request (VolumesNegativeTest:setUpClass): 204 PUT http://10.180.1.21/identity/v3/projects/bdc64cca46ab4fe6aaedc6c9737e5df6/users/0f0c0257a7264fc4a8037516daab0448/roles/6b94adeba2ff4dfe9ba674f698a34a75 0.068s
2024-08-06 07:42:28.129 61322 INFO tempest.lib.common.dynamic_creds [-] Dynamic test user 0f0c0257a7264fc4a8037516daab0448 is created with scope project and roles: ['member']
2024-08-06 07:42:28.129 61322 INFO tempest.lib.common.dynamic_creds [-] Acquired dynamic creds: credentials: Credentials: {'domain_id': 'default', 'domain_name': 'Default', 'username': 'tempest-VolumesNegativeTest-786192153-project-member', 'project_domain_id': 'default', 'project_domain_name': 'Default', 'project_id': 'bdc64cca46ab4fe6aaedc6c9737e5df6', 'project_name': 'tempest-VolumesNegativeTest-786192153', 'tenant_id': 'bdc64cca46ab4fe6aaedc6c9737e5df6', 'tenant_name': 'tempest-VolumesNegativeTest-786192153', 'user_domain_id': 'default', 'user_domain_name': 'Default', 'user_id': '0f0c0257a7264fc4a8037516daab0448', 'system': None}, Network: None, Subnet: None, Router: None
2024-08-06 07:42:28.130 61322 INFO tempest.lib.common.dynamic_creds [-] Created isolated network resources for: credentials: Credentials: {'domain_id': 'default', 'domain_name': 'Default', 'username': 'tempest-VolumesNegativeTest-786192153-project-member', 'project_domain_id': 'default', 'project_domain_name': 'Default', 'project_id': 'bdc64cca46ab4fe6aaedc6c9737e5df6', 'project_name': 'tempest-VolumesNegativeTest-786192153', 'tenant_id': 'bdc64cca46ab4fe6aaedc6c9737e5df6', 'tenant_name': 'tempest-VolumesNegativeTest-786192153', 'user_domain_id': 'default', 'user_domain_name': 'Default', 'user_id': '0f0c0257a7264fc4a8037516daab0448', 'system': None}, Network: None, Subnet: None, Router: None
2024-08-06 07:42:28.164 61347 INFO tempest.lib.common.rest_client [req-7b49de8a-e01a-4a16-bdfa-5a5915102616 req-7b49de8a-e01a-4a16-bdfa-5a5915102616 ] Request (InstanceActionsNegativeTestJSON:setUpClass): 200 GET http://10.180.1.21/compute/v2.1/servers/845e3305-4519-4f5f-b878-8577c5c2820f 0.138s
2024-08-06 07:42:28.207 61322 INFO tempest.lib.common.rest_client [req-dffa52e2-62c8-4742-9cc3-4f5f4d7501f4 req-dffa52e2-62c8-4742-9cc3-4f5f4d7501f4 ] Request (VolumesNegativeTest:setUpClass): 201 POST http://10.180.1.21/identity/v3/auth/tokens 0.074s
2024-08-06 07:42:28.209 61326 INFO tempest.lib.common.rest_client [req-b7c4466d-1cfa-4c30-b6e9-810d905ff22d req-b7c4466d-1cfa-4c30-b6e9-810d905ff22d ] Request (ListServersNegativeTestJSON:setUpClass): 200 GET http://10.180.1.21/compute/v2.1/servers/28cca4bd-717a-43c4-ae71-961ef57c4e11 0.163s
2024-08-06 07:42:28.233 61337 INFO tempest.lib.common.rest_client [req-a431548a-b732-47d1-8c77-c433c0876fb5 req-a431548a-b732-47d1-8c77-c433c0876fb5 ] Request (SecurityGroupsTestJSON:test_list_security_groups_by_server): 204 DELETE http://10.180.1.21/compute/v2.1/servers/711c6675-8cca-453f-bab1-03543d8a1662 0.266s
2024-08-06 07:42:28.256 61294 INFO tempest.lib.common.rest_client [req-789a0feb-35e4-44aa-9fbe-1d86e5d343f6 req-789a0feb-35e4-44aa-9fbe-1d86e5d343f6 ] Request (DeleteServersAdminTestJSON:test_delete_server_while_in_error_state): 200 GET http://10.180.1.21/compute/v2.1/servers/8d6d0391-fb92-4837-ae57-f1d84e1445d5 0.155s
2024-08-06 07:42:28.288 61332 INFO tempest.lib.common.rest_client [req-9c349a21-7b51-413e-800c-4f494e6058fb req-9c349a21-7b51-413e-800c-4f494e6058fb ] Request (ServerActionsTestJSON:setUpClass): 200 GET http://10.180.1.21/compute/v2.1/servers/817da7cf-245d-4ab8-9f74-efb62c90a810 0.132s
2024-08-06 07:42:28.323 61328 INFO tempest.lib.common.rest_client [req-af9823f9-e049-44f8-aa38-9d81b13dd1a4 req-af9823f9-e049-44f8-aa38-9d81b13dd1a4 ] Request (FloatingIPsAssociationTestJSON:setUpClass): 200 GET http://10.180.1.21/compute/v2.1/servers/efba0349-4c43-4eff-b1e7-fd1ac39ebca4 0.116s
2024-08-06 07:42:28.343 61337 INFO tempest.lib.common.rest_client [req-573555e0-5746-49f5-8510-ac3e6492bd8c req-573555e0-5746-49f5-8510-ac3e6492bd8c ] Request (SecurityGroupsTestJSON:test_list_security_groups_by_server): 404 GET http://10.180.1.21/compute/v2.1/servers/711c6675-8cca-453f-bab1-03543d8a1662 0.110s
2024-08-06 07:42:28.373 61322 INFO tempest.lib.common.rest_client [req-9ba8c7be-74ba-4e60-ac28-36e421912de5 req-9ba8c7be-74ba-4e60-ac28-36e421912de5 ] Request (VolumesNegativeTest:test_create_volume_with_invalid_size): 400 POST http://10.180.1.21/compute/v2.1/os-volumes 0.164s
2024-08-06 07:42:28.394 61330 INFO tempest.lib.common.rest_client [req-97b0cbe8-a4bc-4104-88fa-db00ea1fc596 req-97b0cbe8-a4bc-4104-88fa-db00ea1fc596 ] Request (ServerActionsTestOtherB:setUpClass): 200 GET http://10.180.1.21/compute/v2.1/servers/a357f6a5-7085-44e1-b1b4-007e4536ece6 0.118s
2024-08-06 07:42:28.424 61320 INFO tempest.lib.common.rest_client [req-b3183fac-469d-4eae-b925-2bf3ce6b83ac req-b3183fac-469d-4eae-b925-2bf3ce6b83ac ] Request (ServersWithSpecificFlavorTestJSON:test_verify_created_server_ephemeral_disk): 200 GET http://10.180.1.21/compute/v2.1/servers/8e11f28c-7256-4500-8686-94771ec4618b 0.098s
2024-08-06 07:42:28.431 61322 INFO tempest.lib.common.rest_client [req-82999f62-cc7e-4bdf-835b-c392982b4e5c req-82999f62-cc7e-4bdf-835b-c392982b4e5c ] Request (VolumesNegativeTest:test_create_volume_with_size_zero): 400 POST http://10.180.1.21/compute/v2.1/os-volumes 0.056s
2024-08-06 07:42:28.481 61339 INFO tempest.lib.common.rest_client [req-56ee6eed-9320-4e5e-8916-4f129be814b3 req-56ee6eed-9320-4e5e-8916-4f129be814b3 ] Request (DeleteServersTestJSON:test_delete_active_server): 200 GET http://10.180.1.21/compute/v2.1/servers/a2b3ccf4-7a9d-47ee-ae1c-c8ea16a8d495 0.078s
2024-08-06 07:42:28.487 61322 INFO tempest.lib.common.rest_client [req-1adbb89c-baa7-431f-8ed6-932967f8d143 req-1adbb89c-baa7-431f-8ed6-932967f8d143 ] Request (VolumesNegativeTest:test_create_volume_without_passing_size): 400 POST http://10.180.1.21/compute/v2.1/os-volumes 0.054s
2024-08-06 07:42:28.499 61337 INFO tempest.lib.common.rest_client [req-2ef11f3b-07f3-4720-8956-52d58186bc14 req-2ef11f3b-07f3-4720-8956-52d58186bc14 ] Request (SecurityGroupsTestJSON:test_security_group_create_get_delete): 200 POST http://10.180.1.21/compute/v2.1/os-security-groups 0.153s
2024-08-06 07:42:28.541 61307 INFO tempest.lib.common.rest_client [req-f363e588-791d-4a94-ae48-33e28395bbe8 req-f363e588-791d-4a94-ae48-33e28395bbe8 ] Request (ImagesOneServerTestJSON:setUpClass): 200 GET http://10.180.1.21/compute/v2.1/servers/5ec5acdf-8ab1-48e4-8611-43542d8b8fa9 0.078s
2024-08-06 07:42:28.558 61302 INFO tempest.lib.common.rest_client [req-35fbe6df-d08d-4d77-88c9-8733e9a4a597 req-35fbe6df-d08d-4d77-88c9-8733e9a4a597 ] Request (ServersTestFqdnHostnames:test_create_server_with_fqdn_name): 200 GET http://10.180.1.21/compute/v2.1/servers/3649cbd4-b283-4df5-8db7-c132a8071223 0.080s
2024-08-06 07:42:28.565 61322 INFO tempest.lib.common.rest_client [req-f25c48f5-a595-4bfb-bc8d-f936f869bcb0 req-f25c48f5-a595-4bfb-bc8d-f936f869bcb0 ] Request (VolumesNegativeTest:test_delete_invalid_volume_id): 404 DELETE http://10.180.1.21/compute/v2.1/os-volumes/tempest-invalid-1088212896 0.077s
2024-08-06 07:42:28.594 61337 INFO tempest.lib.common.rest_client [req-69ae6c0e-9143-4738-b7a7-a37343694663 req-69ae6c0e-9143-4738-b7a7-a37343694663 ] Request (SecurityGroupsTestJSON:test_security_group_create_get_delete): 200 GET http://10.180.1.21/compute/v2.1/os-security-groups/ca8108af-33ef-4aee-b31e-747d788c9bef 0.093s
2024-08-06 07:42:28.617 61345 INFO tempest.lib.common.rest_client [req-c01d9b46-9287-4f39-86b6-687f07be2ed0 req-c01d9b46-9287-4f39-86b6-687f07be2ed0 ] Request (ServersTestMultiNic:test_verify_multiple_nics_order): 200 GET http://10.180.1.21/compute/v2.1/servers/39a9e721-749b-44c8-aceb-79e23811579b 0.113s
2024-08-06 07:42:28.620 61322 INFO tempest.lib.common.rest_client [req-f13b0f19-aaa7-4610-a1f3-d161c3fd9754 req-f13b0f19-aaa7-4610-a1f3-d161c3fd9754 ] Request (VolumesNegativeTest:test_delete_volume_without_passing_volume_id): 404 DELETE http://10.180.1.21/compute/v2.1/os-volumes/ 0.054s
2024-08-06 07:42:28.654 61312 INFO tempest.lib.common.rest_client [req-ef9e0a89-08a9-484d-b637-7f63e46297dd req-ef9e0a89-08a9-484d-b637-7f63e46297dd ] Request (FloatingIPsAssociationNegativeTestJSON:setUpClass): 200 GET http://10.180.1.21/compute/v2.1/servers/4f5b6eee-45e9-4120-a493-b4515869236a 0.114s
2024-08-06 07:42:28.657 61322 INFO tempest.lib.common.rest_client [req-cdc9c914-b8a7-4279-b91c-3e0caa9cadde req-cdc9c914-b8a7-4279-b91c-3e0caa9cadde ] Request (VolumesNegativeTest:test_get_volume_without_passing_volume_id): 404 GET http://10.180.1.21/compute/v2.1/os-volumes/ 0.036s
2024-08-06 07:42:28.709 61341 INFO tempest.lib.common.rest_client [req-ac74ca8f-2924-4c10-999d-32930bdebefe req-ac74ca8f-2924-4c10-999d-32930bdebefe ] Request (ServersV294TestFqdnHostnames:setUpClass): 200 GET http://10.180.1.21/compute/v2.1/servers/3a269fbf-040a-4437-9ea0-4e40acaf9f74 0.072s
2024-08-06 07:42:28.733 61322 INFO tempest.lib.common.rest_client [req-f9e96df8-9e6a-4ee3-a5f2-79f3542f2133 req-f9e96df8-9e6a-4ee3-a5f2-79f3542f2133 ] Request (VolumesNegativeTest:test_volume_delete_nonexistent_volume_id): 404 DELETE http://10.180.1.21/compute/v2.1/os-volumes/1d8371af-b3e2-4534-ab0c-f98a3c163224 0.074s
2024-08-06 07:42:28.745 61337 INFO tempest.lib.common.rest_client [req-eb6ba840-9182-4d1e-9c27-26c56ca27211 req-eb6ba840-9182-4d1e-9c27-26c56ca27211 ] Request (SecurityGroupsTestJSON:test_security_group_create_get_delete): 202 DELETE http://10.180.1.21/compute/v2.1/os-security-groups/ca8108af-33ef-4aee-b31e-747d788c9bef 0.148s
2024-08-06 07:42:28.786 61308 INFO tempest.lib.common.rest_client [req-9f910c8e-fccd-4113-90a0-de98f769bd2e req-9f910c8e-fccd-4113-90a0-de98f769bd2e ] Request (MigrationsAdminTest:test_resize_server_revert_deleted_flavor): 200 GET http://10.180.1.21/compute/v2.1/servers/72aa5fce-dccd-4d05-8e2b-da397388e112 0.133s
2024-08-06 07:42:28.806 61296 INFO tempest.lib.common.rest_client [req-759220b0-aea5-4645-a5de-c1a241390e70 req-759220b0-aea5-4645-a5de-c1a241390e70 ] Request (ServerGroupTestJSON:test_create_server_with_scheduler_hint_group): 200 GET http://10.180.1.21/compute/v2.1/servers/535cfb71-fd03-4a7a-8576-4279d66a0bae 0.108s
2024-08-06 07:42:28.828 61322 INFO tempest.lib.common.rest_client [req-faa6a167-f904-4e62-abab-8ceaf50f3005 req-faa6a167-f904-4e62-abab-8ceaf50f3005 ] Request (VolumesNegativeTest:test_volume_get_nonexistent_volume_id): 404 GET http://10.180.1.21/compute/v2.1/os-volumes/0b5ab6b9-f650-4e90-a3ef-68d8317e1dc8 0.094s
2024-08-06 07:42:28.839 61349 INFO tempest.lib.common.rest_client [req-0529459f-4414-4e61-b666-6a0afc84322f req-0529459f-4414-4e61-b666-6a0afc84322f ] Request (AttachVolumeNegativeTest:test_attach_attached_volume_to_different_server): 200 GET http://10.180.1.21/compute/v2.1/servers/556abe9c-bb3c-44d5-8c47-d07a9dc71b58 0.126s
2024-08-06 07:42:28.846 61337 INFO tempest.lib.common.rest_client [req-218a27d9-5ae5-40c1-a508-961f126bcec4 req-218a27d9-5ae5-40c1-a508-961f126bcec4 ] Request (SecurityGroupsTestJSON:test_security_group_create_get_delete): 404 GET http://10.180.1.21/compute/v2.1/os-security-groups/ca8108af-33ef-4aee-b31e-747d788c9bef 0.101s
2024-08-06 07:42:28.890 61300 INFO tempest.lib.common.rest_client [req-8df4ab3d-ed98-426c-8240-bf709d60cc5a req-8df4ab3d-ed98-426c-8240-bf709d60cc5a ] Request (AttachVolumeShelveTestJSON:test_attach_volume_shelved_or_offload_server): 200 GET http://10.180.1.21/compute/v2.1/servers/f87ff0a2-8700-4549-a0a6-e9da570511b9 0.114s
2024-08-06 07:42:28.895 61305 INFO tempest.lib.common.rest_client [req-9aa82961-bb47-467d-a573-3ef6c04415b4 req-9aa82961-bb47-467d-a573-3ef6c04415b4 ] Request (ImagesTestJSON:test_create_image_from_suspended_server): 200 GET http://10.180.1.21/compute/v2.1/servers/1d3e495e-d8d0-43d4-9487-fa8f4adfeeb1 0.080s
2024-08-06 07:42:28.942 61322 INFO tempest.lib.common.rest_client [req-57ff968e-a67c-49c5-8739-976a553836bf req-57ff968e-a67c-49c5-8739-976a553836bf ] Request (VolumesNegativeTest:tearDownClass): 204 DELETE http://10.180.1.21/identity/v3/users/0f0c0257a7264fc4a8037516daab0448 0.111s
2024-08-06 07:42:28.943 61322 INFO tempest.lib.common.dynamic_creds [-] Deleting project and security group for project: bdc64cca46ab4fe6aaedc6c9737e5df6
2024-08-06 07:42:28.948 61343 INFO tempest.lib.common.rest_client [req-7af440e7-4794-496c-bf50-76e5f60d406c req-7af440e7-4794-496c-bf50-76e5f60d406c ] Request (ServerActionsTestOtherA:setUpClass): 200 GET http://10.180.1.21/compute/v2.1/servers/bb28d6b9-b6b5-41cf-8a2a-0f11c46b203b 0.117s
2024-08-06 07:42:28.987 61337 INFO tempest.lib.common.rest_client [req-4c18e661-cddd-4886-adf2-df6dbb6c9536 req-4c18e661-cddd-4886-adf2-df6dbb6c9536 ] Request (SecurityGroupsTestJSON:test_security_groups_create_list_delete): 200 POST http://10.180.1.21/compute/v2.1/os-security-groups 0.136s
2024-08-06 07:42:28.998 61322 INFO tempest.lib.common.rest_client [req-d57df9d8-f44b-46bd-a03a-51bdc9de98ce req-d57df9d8-f44b-46bd-a03a-51bdc9de98ce ] Request (VolumesNegativeTest:tearDownClass): 201 POST http://10.180.1.21/identity/v3/auth/tokens 0.054s
2024-08-06 07:42:29.024 61290 INFO tempest.lib.common.rest_client [req-5ca23151-3485-4cb1-8dbe-eda00cead5d4 req-5ca23151-3485-4cb1-8dbe-eda00cead5d4 ] Request (ServersAdminNegativeTestJSON:setUpClass): 200 GET http://10.180.1.21/compute/v2.1/servers/cc9fea8d-935a-4514-9050-58a57d140c21 0.129s
2024-08-06 07:42:29.046 61292 INFO tempest.lib.common.rest_client [req-cabe8a15-416d-40e3-89b6-f4de5ec67a05 req-cabe8a15-416d-40e3-89b6-f4de5ec67a05 ] Request (AttachInterfacesUnderV243Test:test_add_remove_fixed_ip): 200 GET http://10.180.1.21/compute/v2.1/servers/b110ef32-6813-43c3-bb28-e10ebc246b4d 0.146s
2024-08-06 07:42:29.109 61314 INFO tempest.lib.common.rest_client [req-1d373620-4975-45ae-bf9b-f242498f8899 req-1d373620-4975-45ae-bf9b-f242498f8899 ] Request (VolumesAssistedSnapshotsTest:test_volume_assisted_snapshot_create_delete): 200 GET http://10.180.1.21/compute/v2.1/servers/8e129b42-fa82-488b-9f54-de2d3c8e777c 0.155s
2024-08-06 07:42:29.117 61314 INFO tempest.common.waiters [-] State transition "BUILD/spawning" ==> "BUILD/scheduling" after 64 second wait
2024-08-06 07:42:29.166 61298 INFO tempest.lib.common.rest_client [req-3f97224c-f118-4416-9826-c80af87466c9 req-3f97224c-f118-4416-9826-c80af87466c9 ] Request (ServersTestBootFromVolume:setUpClass): 200 GET http://10.180.1.21/compute/v2.1/servers/7eaa765e-4a7c-4dbb-917e-d215c477e3cc 0.125s
2024-08-06 07:42:29.172 61298 INFO tempest.common.waiters [-] State transition "BUILD/scheduling" ==> "BUILD/None" after 47 second wait
2024-08-06 07:42:29.230 61353 INFO tempest.lib.common.rest_client [req-5379a135-1b8b-46c0-aabe-3d87ee590a63 req-5379a135-1b8b-46c0-aabe-3d87ee590a63 ] Request (ServerDiagnosticsV248Test:test_get_server_diagnostics): 200 GET http://10.180.1.21/compute/v2.1/servers/451b3153-2cd6-47b3-a1a0-4a35e1ef94dd 0.118s
2024-08-06 07:42:29.290 61322 INFO tempest.lib.common.rest_client [req-36bec27d-68d4-4d09-bf8f-f99e4eddce6d req-36bec27d-68d4-4d09-bf8f-f99e4eddce6d ] Request (VolumesNegativeTest:tearDownClass): 200 GET http://10.180.1.21:9696/networking/v2.0/security-groups?tenant_id=bdc64cca46ab4fe6aaedc6c9737e5df6&name=default 0.292s
2024-08-06 07:42:29.295 61347 INFO tempest.lib.common.rest_client [req-3aa86014-10b4-4179-b84d-55c83adff99a req-3aa86014-10b4-4179-b84d-55c83adff99a ] Request (InstanceActionsNegativeTestJSON:setUpClass): 200 GET http://10.180.1.21/compute/v2.1/servers/845e3305-4519-4f5f-b878-8577c5c2820f 0.124s
2024-08-06 07:42:29.314 61337 INFO tempest.lib.common.rest_client [req-4d9f0899-0ad8-471b-8dde-b5432f94a25f req-4d9f0899-0ad8-471b-8dde-b5432f94a25f ] Request (SecurityGroupsTestJSON:test_security_groups_create_list_delete): 200 POST http://10.180.1.21/compute/v2.1/os-security-groups 0.322s
2024-08-06 07:42:29.368 61326 INFO tempest.lib.common.rest_client [req-b9bb51e1-b268-45a3-afb4-eaabd445f7ee req-b9bb51e1-b268-45a3-afb4-eaabd445f7ee ] Request (ListServersNegativeTestJSON:setUpClass): 200 GET http://10.180.1.21/compute/v2.1/servers/28cca4bd-717a-43c4-ae71-961ef57c4e11 0.152s
2024-08-06 07:42:29.395 61294 INFO tempest.lib.common.rest_client [req-2f8cc0b6-1918-41e8-b82e-050cb2354e13 req-2f8cc0b6-1918-41e8-b82e-050cb2354e13 ] Request (DeleteServersAdminTestJSON:test_delete_server_while_in_error_state): 200 GET http://10.180.1.21/compute/v2.1/servers/8d6d0391-fb92-4837-ae57-f1d84e1445d5 0.131s
2024-08-06 07:42:29.429 61332 INFO tempest.lib.common.rest_client [req-d6cdbc9d-b0fa-43fc-b266-3882a00693bd req-d6cdbc9d-b0fa-43fc-b266-3882a00693bd ] Request (ServerActionsTestJSON:setUpClass): 200 GET http://10.180.1.21/compute/v2.1/servers/817da7cf-245d-4ab8-9f74-efb62c90a810 0.135s
2024-08-06 07:42:29.439 61322 INFO tempest.lib.common.rest_client [req-c18389a9-20d4-4b8f-b8cd-51510845039b req-c18389a9-20d4-4b8f-b8cd-51510845039b ] Request (VolumesNegativeTest:tearDownClass): 204 DELETE http://10.180.1.21:9696/networking/v2.0/security-groups/60af115b-595f-447f-8ec6-451199e98b77 0.148s
2024-08-06 07:42:29.489 61328 INFO tempest.lib.common.rest_client [req-cff3241a-13a9-4ea9-806c-bc0709a802c7 req-cff3241a-13a9-4ea9-806c-bc0709a802c7 ] Request (FloatingIPsAssociationTestJSON:setUpClass): 200 GET http://10.180.1.21/compute/v2.1/servers/efba0349-4c43-4eff-b1e7-fd1ac39ebca4 0.159s
2024-08-06 07:42:29.500 61337 INFO tempest.lib.common.rest_client [req-bedf0ff5-1694-46ba-b692-f67357964a18 req-bedf0ff5-1694-46ba-b692-f67357964a18 ] Request (SecurityGroupsTestJSON:test_security_groups_create_list_delete): 200 POST http://10.180.1.21/compute/v2.1/os-security-groups 0.183s
2024-08-06 07:42:29.510 61322 INFO tempest.lib.common.rest_client [req-777a1968-8772-4321-87bd-692684b2743c req-777a1968-8772-4321-87bd-692684b2743c ] Request (VolumesNegativeTest:tearDownClass): 204 DELETE http://10.180.1.21/identity/v3/projects/bdc64cca46ab4fe6aaedc6c9737e5df6 0.070s
2024-08-06 07:42:29.556 61330 INFO tempest.lib.common.rest_client [req-b9b3f573-f4ad-4dc3-9bdb-e998505a22ed req-b9b3f573-f4ad-4dc3-9bdb-e998505a22ed ] Request (ServerActionsTestOtherB:setUpClass): 200 GET http://10.180.1.21/compute/v2.1/servers/a357f6a5-7085-44e1-b1b4-007e4536ece6 0.155s
2024-08-06 07:42:29.580 61320 INFO tempest.lib.common.rest_client [req-c8a78edb-b84b-4fc6-bd0d-e1904b41c54d req-c8a78edb-b84b-4fc6-bd0d-e1904b41c54d ] Request (ServersWithSpecificFlavorTestJSON:test_verify_created_server_ephemeral_disk): 200 GET http://10.180.1.21/compute/v2.1/servers/8e11f28c-7256-4500-8686-94771ec4618b 0.150s
2024-08-06 07:42:29.612 61339 INFO tempest.lib.common.rest_client [req-921ab7ae-3543-4e0d-9129-8f9ebee6dc7b req-921ab7ae-3543-4e0d-9129-8f9ebee6dc7b ] Request (DeleteServersTestJSON:test_delete_active_server): 200 GET http://10.180.1.21/compute/v2.1/servers/a2b3ccf4-7a9d-47ee-ae1c-c8ea16a8d495 0.124s
2024-08-06 07:42:29.661 61307 INFO tempest.lib.common.rest_client [req-10df553b-a7fa-4ffb-a78e-90305a124e84 req-10df553b-a7fa-4ffb-a78e-90305a124e84 ] Request (ImagesOneServerTestJSON:setUpClass): 200 GET http://10.180.1.21/compute/v2.1/servers/5ec5acdf-8ab1-48e4-8611-43542d8b8fa9 0.113s
2024-08-06 07:42:29.711 61302 INFO tempest.lib.common.rest_client [req-396f64cc-967f-4210-9af2-f2144d934b57 req-396f64cc-967f-4210-9af2-f2144d934b57 ] Request (ServersTestFqdnHostnames:test_create_server_with_fqdn_name): 200 GET http://10.180.1.21/compute/v2.1/servers/3649cbd4-b283-4df5-8db7-c132a8071223 0.146s
2024-08-06 07:42:29.760 61345 INFO tempest.lib.common.rest_client [req-ccc93331-6bbe-4aab-861d-1b012af1247c req-ccc93331-6bbe-4aab-861d-1b012af1247c ] Request (ServersTestMultiNic:test_verify_multiple_nics_order): 200 GET http://10.180.1.21/compute/v2.1/servers/39a9e721-749b-44c8-aceb-79e23811579b 0.135s
2024-08-06 07:42:29.792 61337 INFO tempest.lib.common.rest_client [req-06bb9e39-7141-4139-81b8-4802149cd5ba req-06bb9e39-7141-4139-81b8-4802149cd5ba ] Request (SecurityGroupsTestJSON:test_security_groups_create_list_delete): 200 GET http://10.180.1.21/compute/v2.1/os-security-groups 0.289s
2024-08-06 07:42:29.814 61312 INFO tempest.lib.common.rest_client [req-aab68309-e27f-45e1-a58a-58c98ed3d090 req-aab68309-e27f-45e1-a58a-58c98ed3d090 ] Request (FloatingIPsAssociationNegativeTestJSON:setUpClass): 200 GET http://10.180.1.21/compute/v2.1/servers/4f5b6eee-45e9-4120-a493-b4515869236a 0.153s
2024-08-06 07:42:29.858 61341 INFO tempest.lib.common.rest_client [req-539fe0ee-7dd5-4cca-9222-414500dee887 req-539fe0ee-7dd5-4cca-9222-414500dee887 ] Request (ServersV294TestFqdnHostnames:setUpClass): 200 GET http://10.180.1.21/compute/v2.1/servers/3a269fbf-040a-4437-9ea0-4e40acaf9f74 0.140s
2024-08-06 07:42:29.869 61308 INFO tempest.lib.common.rest_client [req-5ddc3098-62e1-4a19-a76a-9cb387be6c0c req-5ddc3098-62e1-4a19-a76a-9cb387be6c0c ] Request (MigrationsAdminTest:test_resize_server_revert_deleted_flavor): 200 GET http://10.180.1.21/compute/v2.1/servers/72aa5fce-dccd-4d05-8e2b-da397388e112 0.075s
2024-08-06 07:42:29.917 61296 INFO tempest.lib.common.rest_client [req-4b8028c9-006a-48ee-95a2-fe53aac6dfd8 req-4b8028c9-006a-48ee-95a2-fe53aac6dfd8 ] Request (ServerGroupTestJSON:test_create_server_with_scheduler_hint_group): 200 GET http://10.180.1.21/compute/v2.1/servers/535cfb71-fd03-4a7a-8576-4279d66a0bae 0.104s
2024-08-06 07:42:29.956 61337 INFO tempest.lib.common.rest_client [req-ffc386e0-b4ef-4ab6-a72d-a64ba4b22b5a req-ffc386e0-b4ef-4ab6-a72d-a64ba4b22b5a ] Request (SecurityGroupsTestJSON:test_security_groups_create_list_delete): 202 DELETE http://10.180.1.21/compute/v2.1/os-security-groups/0b9cd4f4-e733-4feb-8868-a694bc2134a7 0.161s
2024-08-06 07:42:29.981 61349 INFO tempest.lib.common.rest_client [req-2d8e6c41-4e65-4c2f-bdb0-3a2b926632ad req-2d8e6c41-4e65-4c2f-bdb0-3a2b926632ad ] Request (AttachVolumeNegativeTest:test_attach_attached_volume_to_different_server): 200 GET http://10.180.1.21/compute/v2.1/servers/556abe9c-bb3c-44d5-8c47-d07a9dc71b58 0.132s
2024-08-06 07:42:30.011 61300 INFO tempest.lib.common.rest_client [req-1b01dd7c-a478-4eb3-8bd0-42f79079b745 req-1b01dd7c-a478-4eb3-8bd0-42f79079b745 ] Request (AttachVolumeShelveTestJSON:test_attach_volume_shelved_or_offload_server): 200 GET http://10.180.1.21/compute/v2.1/servers/f87ff0a2-8700-4549-a0a6-e9da570511b9 0.111s
2024-08-06 07:42:30.031 61305 INFO tempest.lib.common.rest_client [req-91c0b208-ac3a-40b9-9d7a-6c828ebae360 req-91c0b208-ac3a-40b9-9d7a-6c828ebae360 ] Request (ImagesTestJSON:test_create_image_from_suspended_server): 200 GET http://10.180.1.21/compute/v2.1/servers/1d3e495e-d8d0-43d4-9487-fa8f4adfeeb1 0.127s
2024-08-06 07:42:30.059 61337 INFO tempest.lib.common.rest_client [req-a5790ba1-e721-4ad1-87a3-1d748a0f8f3d req-a5790ba1-e721-4ad1-87a3-1d748a0f8f3d ] Request (SecurityGroupsTestJSON:test_security_groups_create_list_delete): 404 GET http://10.180.1.21/compute/v2.1/os-security-groups/0b9cd4f4-e733-4feb-8868-a694bc2134a7 0.102s
2024-08-06 07:42:30.061 61343 INFO tempest.lib.common.rest_client [req-d521e1d7-22d3-4755-9d7d-afa57d1226fc req-d521e1d7-22d3-4755-9d7d-afa57d1226fc ] Request (ServerActionsTestOtherA:setUpClass): 200 GET http://10.180.1.21/compute/v2.1/servers/bb28d6b9-b6b5-41cf-8a2a-0f11c46b203b 0.107s
2024-08-06 07:42:30.116 61290 INFO tempest.lib.common.rest_client [req-abbe19f1-f4b0-4f86-ba19-1299f64074f9 req-abbe19f1-f4b0-4f86-ba19-1299f64074f9 ] Request (ServersAdminNegativeTestJSON:setUpClass): 200 GET http://10.180.1.21/compute/v2.1/servers/cc9fea8d-935a-4514-9050-58a57d140c21 0.085s
2024-08-06 07:42:30.116 61292 INFO tempest.lib.common.rest_client [req-6f910554-5b11-457f-a688-8dc6e42d8a8e req-6f910554-5b11-457f-a688-8dc6e42d8a8e ] Request (AttachInterfacesUnderV243Test:test_add_remove_fixed_ip): 200 GET http://10.180.1.21/compute/v2.1/servers/b110ef32-6813-43c3-bb28-e10ebc246b4d 0.058s
2024-08-06 07:42:30.191 61314 INFO tempest.lib.common.rest_client [req-360b9336-46c7-4b9a-9f6d-a57f59132086 req-360b9336-46c7-4b9a-9f6d-a57f59132086 ] Request (VolumesAssistedSnapshotsTest:test_volume_assisted_snapshot_create_delete): 200 GET http://10.180.1.21/compute/v2.1/servers/8e129b42-fa82-488b-9f54-de2d3c8e777c 0.071s
2024-08-06 07:42:30.197 61314 INFO tempest.common.waiters [-] State transition "BUILD/scheduling" ==> "ERROR/None" after 65 second wait
2024-08-06 07:42:30.242 61337 INFO tempest.lib.common.rest_client [req-65fec8a9-979c-4021-a777-49aeb8a2cc2d req-65fec8a9-979c-4021-a777-49aeb8a2cc2d ] Request (SecurityGroupsTestJSON:test_security_groups_create_list_delete): 202 DELETE http://10.180.1.21/compute/v2.1/os-security-groups/3d4d1381-cad5-4ce5-b475-c09b3b0146ab 0.183s
2024-08-06 07:42:30.259 61298 INFO tempest.lib.common.rest_client [req-f37e45a2-9a88-46bb-84b6-5f7fa5762de0 req-f37e45a2-9a88-46bb-84b6-5f7fa5762de0 ] Request (ServersTestBootFromVolume:setUpClass): 200 GET http://10.180.1.21/compute/v2.1/servers/7eaa765e-4a7c-4dbb-917e-d215c477e3cc 0.083s
2024-08-06 07:42:30.335 61353 INFO tempest.lib.common.rest_client [req-a01a8404-9d04-4e5c-b4ed-ee73d8de66f8 req-a01a8404-9d04-4e5c-b4ed-ee73d8de66f8 ] Request (ServerDiagnosticsV248Test:test_get_server_diagnostics): 200 GET http://10.180.1.21/compute/v2.1/servers/451b3153-2cd6-47b3-a1a0-4a35e1ef94dd 0.097s
2024-08-06 07:42:30.353 61337 INFO tempest.lib.common.rest_client [req-fc7acea9-c176-4a4e-b5f0-90cb4c74f45c req-fc7acea9-c176-4a4e-b5f0-90cb4c74f45c ] Request (SecurityGroupsTestJSON:test_security_groups_create_list_delete): 404 GET http://10.180.1.21/compute/v2.1/os-security-groups/3d4d1381-cad5-4ce5-b475-c09b3b0146ab 0.111s
2024-08-06 07:42:30.405 61347 INFO tempest.lib.common.rest_client [req-515b6c75-eb36-4203-8b45-0e00c871e83f req-515b6c75-eb36-4203-8b45-0e00c871e83f ] Request (InstanceActionsNegativeTestJSON:setUpClass): 200 GET http://10.180.1.21/compute/v2.1/servers/845e3305-4519-4f5f-b878-8577c5c2820f 0.102s
2024-08-06 07:42:30.474 61314 INFO tempest.lib.common.rest_client [req-1b4fb9b6-b9f5-49bf-bdfd-d9637479e6b9 req-1b4fb9b6-b9f5-49bf-bdfd-d9637479e6b9 ] Request (VolumesAssistedSnapshotsTest:test_volume_assisted_snapshot_create_delete): 204 DELETE http://10.180.1.21/compute/v2.1/servers/8e129b42-fa82-488b-9f54-de2d3c8e777c 0.276s
2024-08-06 07:42:30.522 61326 INFO tempest.lib.common.rest_client [req-f26a0d05-3381-428c-9672-6972a9c7bf82 req-f26a0d05-3381-428c-9672-6972a9c7bf82 ] Request (ListServersNegativeTestJSON:setUpClass): 200 GET http://10.180.1.21/compute/v2.1/servers/28cca4bd-717a-43c4-ae71-961ef57c4e11 0.147s
2024-08-06 07:42:30.523 61337 INFO tempest.lib.common.rest_client [req-ef73f190-98d8-4be9-a79a-fb688cf649ce req-ef73f190-98d8-4be9-a79a-fb688cf649ce ] Request (SecurityGroupsTestJSON:test_security_groups_create_list_delete): 202 DELETE http://10.180.1.21/compute/v2.1/os-security-groups/47f3f6b7-9ffb-407b-923a-0519b32a88c6 0.169s
2024-08-06 07:42:30.573 61332 INFO tempest.lib.common.rest_client [req-8ed6e379-6a40-4602-a8ce-8869717d004b req-8ed6e379-6a40-4602-a8ce-8869717d004b ] Request (ServerActionsTestJSON:setUpClass): 200 GET http://10.180.1.21/compute/v2.1/servers/817da7cf-245d-4ab8-9f74-efb62c90a810 0.137s
2024-08-06 07:42:30.579 61294 INFO tempest.lib.common.rest_client [req-dbbd16de-b5b0-41db-987c-07f3384a05b5 req-dbbd16de-b5b0-41db-987c-07f3384a05b5 ] Request (DeleteServersAdminTestJSON:test_delete_server_while_in_error_state): 200 GET http://10.180.1.21/compute/v2.1/servers/8d6d0391-fb92-4837-ae57-f1d84e1445d5 0.174s
2024-08-06 07:42:30.598 61314 INFO tempest.lib.common.rest_client [req-ab1e8a4f-d528-4b08-8262-a263ca2b2e90 req-ab1e8a4f-d528-4b08-8262-a263ca2b2e90 ] Request (VolumesAssistedSnapshotsTest:test_volume_assisted_snapshot_create_delete): 404 GET http://10.180.1.21/compute/v2.1/servers/8e129b42-fa82-488b-9f54-de2d3c8e777c 0.124s
2024-08-06 07:42:30.619 61337 INFO tempest.lib.common.rest_client [req-ac012630-af4a-427f-ad27-77f81ccbc27e req-ac012630-af4a-427f-ad27-77f81ccbc27e ] Request (SecurityGroupsTestJSON:test_security_groups_create_list_delete): 404 GET http://10.180.1.21/compute/v2.1/os-security-groups/47f3f6b7-9ffb-407b-923a-0519b32a88c6 0.095s
2024-08-06 07:42:30.643 61314 INFO tempest.lib.common.rest_client [req-83675f27-8340-40b9-89e2-9aaee1e9a819 req-83675f27-8340-40b9-89e2-9aaee1e9a819 ] Request (VolumesAssistedSnapshotsTest:_run_cleanups): 202 DELETE http://10.180.1.21/volume/v3/5eaa362ae20641fe92077e40b225bbc1/volumes/36f5b8b0-ff48-4b08-8b83-e1b760772c64 0.043s
2024-08-06 07:42:30.648 61328 INFO tempest.lib.common.rest_client [req-ab77d5e4-ebf7-4369-a9b0-237f8e4a4ed7 req-ab77d5e4-ebf7-4369-a9b0-237f8e4a4ed7 ] Request (FloatingIPsAssociationTestJSON:setUpClass): 200 GET http://10.180.1.21/compute/v2.1/servers/efba0349-4c43-4eff-b1e7-fd1ac39ebca4 0.152s
2024-08-06 07:42:30.664 61314 INFO tempest.lib.common.rest_client [req-9ec10fac-e4ee-4c9b-ae69-7753b678908c req-9ec10fac-e4ee-4c9b-ae69-7753b678908c ] Request (VolumesAssistedSnapshotsTest:_run_cleanups): 200 GET http://10.180.1.21/volume/v3/5eaa362ae20641fe92077e40b225bbc1/volumes/36f5b8b0-ff48-4b08-8b83-e1b760772c64 0.021s
2024-08-06 07:42:30.679 61330 INFO tempest.lib.common.rest_client [req-db85ebd4-1f3d-4f12-ae52-ceacd8cb6a52 req-db85ebd4-1f3d-4f12-ae52-ceacd8cb6a52 ] Request (ServerActionsTestOtherB:setUpClass): 200 GET http://10.180.1.21/compute/v2.1/servers/a357f6a5-7085-44e1-b1b4-007e4536ece6 0.115s
2024-08-06 07:42:30.705 61320 INFO tempest.lib.common.rest_client [req-1f1f6c46-3105-4f31-8552-068d9490b5f8 req-1f1f6c46-3105-4f31-8552-068d9490b5f8 ] Request (ServersWithSpecificFlavorTestJSON:test_verify_created_server_ephemeral_disk): 200 GET http://10.180.1.21/compute/v2.1/servers/8e11f28c-7256-4500-8686-94771ec4618b 0.116s
2024-08-06 07:42:30.711 61320 INFO tempest.common.waiters [-] State transition "BUILD/None" ==> "BUILD/networking" after 62 second wait
2024-08-06 07:42:30.727 61339 INFO tempest.lib.common.rest_client [req-cac02d8c-6bce-4ca3-bb0e-4bda211c3baf req-cac02d8c-6bce-4ca3-bb0e-4bda211c3baf ] Request (DeleteServersTestJSON:test_delete_active_server): 200 GET http://10.180.1.21/compute/v2.1/servers/a2b3ccf4-7a9d-47ee-ae1c-c8ea16a8d495 0.109s
2024-08-06 07:42:30.770 61307 INFO tempest.lib.common.rest_client [req-b497aca0-55d1-4ad9-aa3b-b5c2e7dac02c req-b497aca0-55d1-4ad9-aa3b-b5c2e7dac02c ] Request (ImagesOneServerTestJSON:setUpClass): 200 GET http://10.180.1.21/compute/v2.1/servers/5ec5acdf-8ab1-48e4-8611-43542d8b8fa9 0.102s
2024-08-06 07:42:30.816 61302 INFO tempest.lib.common.rest_client [req-47d876f7-1587-450a-b90d-9c0121807ff9 req-47d876f7-1587-450a-b90d-9c0121807ff9 ] Request (ServersTestFqdnHostnames:test_create_server_with_fqdn_name): 200 GET http://10.180.1.21/compute/v2.1/servers/3649cbd4-b283-4df5-8db7-c132a8071223 0.096s
2024-08-06 07:42:30.867 61345 INFO tempest.lib.common.rest_client [req-5743a305-7626-43bf-b5a7-183675ad7215 req-5743a305-7626-43bf-b5a7-183675ad7215 ] Request (ServersTestMultiNic:test_verify_multiple_nics_order): 200 GET http://10.180.1.21/compute/v2.1/servers/39a9e721-749b-44c8-aceb-79e23811579b 0.099s
2024-08-06 07:42:30.885 61337 INFO tempest.lib.common.rest_client [req-ef095a17-7844-49e1-831f-16814ca2c518 req-ef095a17-7844-49e1-831f-16814ca2c518 ] Request (SecurityGroupsTestJSON:test_security_groups_create_list_delete): 200 GET http://10.180.1.21/compute/v2.1/os-security-groups 0.266s
2024-08-06 07:42:30.916 61312 INFO tempest.lib.common.rest_client [req-0f052611-c3fc-43bf-bf25-d2c41ababe79 req-0f052611-c3fc-43bf-bf25-d2c41ababe79 ] Request (FloatingIPsAssociationNegativeTestJSON:setUpClass): 200 GET http://10.180.1.21/compute/v2.1/servers/4f5b6eee-45e9-4120-a493-b4515869236a 0.095s
2024-08-06 07:42:30.937 61341 INFO tempest.lib.common.rest_client [req-be4d7ee0-e22b-4119-b836-02e6bd0cae67 req-be4d7ee0-e22b-4119-b836-02e6bd0cae67 ] Request (ServersV294TestFqdnHostnames:setUpClass): 200 GET http://10.180.1.21/compute/v2.1/servers/3a269fbf-040a-4437-9ea0-4e40acaf9f74 0.070s
2024-08-06 07:42:30.963 61308 INFO tempest.lib.common.rest_client [req-5904f85e-298f-4cd1-a854-46b59ecc00c4 req-5904f85e-298f-4cd1-a854-46b59ecc00c4 ] Request (MigrationsAdminTest:test_resize_server_revert_deleted_flavor): 200 GET http://10.180.1.21/compute/v2.1/servers/72aa5fce-dccd-4d05-8e2b-da397388e112 0.083s
2024-08-06 07:42:31.009 61296 INFO tempest.lib.common.rest_client [req-3d9be122-745b-41ae-9ead-75486b5376b0 req-3d9be122-745b-41ae-9ead-75486b5376b0 ] Request (ServerGroupTestJSON:test_create_server_with_scheduler_hint_group): 200 GET http://10.180.1.21/compute/v2.1/servers/535cfb71-fd03-4a7a-8576-4279d66a0bae 0.084s
2024-08-06 07:42:31.026 61337 INFO tempest.lib.common.rest_client [req-fad8f53c-3a3f-4639-9178-c0d2d932074f req-fad8f53c-3a3f-4639-9178-c0d2d932074f ] Request (SecurityGroupsTestJSON:test_server_security_groups): 200 POST http://10.180.1.21/compute/v2.1/os-security-groups 0.136s
2024-08-06 07:42:31.058 61349 INFO tempest.lib.common.rest_client [req-3dab9d03-e4d8-4d7a-969b-28bec044d49a req-3dab9d03-e4d8-4d7a-969b-28bec044d49a ] Request (AttachVolumeNegativeTest:test_attach_attached_volume_to_different_server): 200 GET http://10.180.1.21/compute/v2.1/servers/556abe9c-bb3c-44d5-8c47-d07a9dc71b58 0.063s
2024-08-06 07:42:31.076 61300 INFO tempest.lib.common.rest_client [req-9490b881-d671-4dcf-9ae7-452624dd29c8 req-9490b881-d671-4dcf-9ae7-452624dd29c8 ] Request (AttachVolumeShelveTestJSON:test_attach_volume_shelved_or_offload_server): 200 GET http://10.180.1.21/compute/v2.1/servers/f87ff0a2-8700-4549-a0a6-e9da570511b9 0.056s
2024-08-06 07:42:31.127 61305 INFO tempest.lib.common.rest_client [req-38b997c7-b85a-4c40-9c71-83e06f6ab012 req-38b997c7-b85a-4c40-9c71-83e06f6ab012 ] Request (ImagesTestJSON:test_create_image_from_suspended_server): 200 GET http://10.180.1.21/compute/v2.1/servers/1d3e495e-d8d0-43d4-9487-fa8f4adfeeb1 0.090s
2024-08-06 07:42:31.139 61337 INFO tempest.lib.common.rest_client [req-7870507f-ecff-4955-b695-09d90e7bfa01 req-7870507f-ecff-4955-b695-09d90e7bfa01 ] Request (SecurityGroupsTestJSON:test_server_security_groups): 200 POST http://10.180.1.21/compute/v2.1/os-security-groups 0.111s
2024-08-06 07:42:31.176 61343 INFO tempest.lib.common.rest_client [req-3b638d1c-fc04-490d-8920-d59c228f258a req-3b638d1c-fc04-490d-8920-d59c228f258a ] Request (ServerActionsTestOtherA:setUpClass): 200 GET http://10.180.1.21/compute/v2.1/servers/bb28d6b9-b6b5-41cf-8a2a-0f11c46b203b 0.108s
2024-08-06 07:42:31.184 61290 INFO tempest.lib.common.rest_client [req-644e8f5c-e8aa-43c7-b076-cce084b38fd5 req-644e8f5c-e8aa-43c7-b076-cce084b38fd5 ] Request (ServersAdminNegativeTestJSON:setUpClass): 200 GET http://10.180.1.21/compute/v2.1/servers/cc9fea8d-935a-4514-9050-58a57d140c21 0.061s
2024-08-06 07:42:31.200 61337 INFO tempest.lib.common.rest_client [req-db88b2e7-7554-4c76-a46c-c523c1bba70a req-db88b2e7-7554-4c76-a46c-c523c1bba70a ] Request (SecurityGroupsTestJSON:test_server_security_groups): 201 POST http://10.180.1.21/identity/v3/auth/tokens 0.055s
2024-08-06 07:42:31.200 61337 INFO tempest.lib.common.fixed_network [-] (SecurityGroupsTestJSON:test_server_security_groups) Found network {'id': '855c6027-e4d5-4d23-bee9-645c759b7920', 'name': 'tempest-SecurityGroupsTestJSON-374516774-network', 'tenant_id': 'b09a8144200a42e3a216c6925fc96797', 'admin_state_up': True, 'mtu': 8950, 'status': 'ACTIVE', 'subnets': [], 'shared': False, 'project_id': 'b09a8144200a42e3a216c6925fc96797', 'port_security_enabled': True, 'router:external': False, 'provider:network_type': 'vlan', 'provider:physical_network': 'default', 'provider:segmentation_id': 111, 'is_default': False, 'availability_zone_hints': [], 'availability_zones': [], 'ipv4_address_scope': None, 'ipv6_address_scope': None, 'description': '', 'tags': [], 'created_at': '2024-08-06T07:41:02Z', 'updated_at': '2024-08-06T07:41:02Z', 'revision_number': 1} available for tenant
2024-08-06 07:42:31.226 61292 INFO tempest.lib.common.rest_client [req-2348d54d-45a9-4040-9a34-fc337e25b502 req-2348d54d-45a9-4040-9a34-fc337e25b502 ] Request (AttachInterfacesUnderV243Test:test_add_remove_fixed_ip): 200 GET http://10.180.1.21/compute/v2.1/servers/b110ef32-6813-43c3-bb28-e10ebc246b4d 0.104s
2024-08-06 07:42:31.318 61298 INFO tempest.lib.common.rest_client [req-53b9b260-87ae-468c-988c-ed2015c48fe0 req-53b9b260-87ae-468c-988c-ed2015c48fe0 ] Request (ServersTestBootFromVolume:setUpClass): 200 GET http://10.180.1.21/compute/v2.1/servers/7eaa765e-4a7c-4dbb-917e-d215c477e3cc 0.052s
