2025-04-03 15:03:26.706 69851 INFO tempest.lib.common.rest_client [req-75c79e8e-a3dd-48c6-8b89-c9696ea25e62 req-75c79e8e-a3dd-48c6-8b89-c9696ea25e62 ] Request (ServerDiskConfigTestJSON:test_resize_server_from_auto_to_manual): 200 GET http://10.180.1.21/compute/v2.1/servers/29474f4a-15a6-41cb-8df5-8fdb1747f116 0.169s
2025-04-03 15:03:26.861 69835 INFO tempest.lib.common.rest_client [req-1940a1b9-e91c-46bc-827b-38bd1edb6330 req-1940a1b9-e91c-46bc-827b-38bd1edb6330 ] Request (ServerMetadataNegativeTestJSON:setUpClass): 200 GET http://10.180.1.21/compute/v2.1/servers/a0978186-2fc8-4763-ae5a-b70e5a8e8b28 0.121s
2025-04-03 15:03:26.938 69849 INFO tempest.lib.common.rest_client [req-307ffd74-67fc-4a84-a61a-27966b8c3be0 req-307ffd74-67fc-4a84-a61a-27966b8c3be0 ] Request (ServersNegativeTestMultiTenantJSON:setUpClass): 200 GET http://10.180.1.21/compute/v2.1/servers/1e853890-eff8-4c59-95f0-b1a81133b6f9 0.167s
2025-04-03 15:03:26.952 69837 INFO tempest.lib.common.rest_client [req-5548ca4d-9de8-48e8-b30c-645ab6bb299c req-5548ca4d-9de8-48e8-b30c-645ab6bb299c ] Request (ImagesOneServerNegativeTestJSON:tearDown): 200 GET http://10.180.1.21/compute/v2.1/servers/31d05edc-ce5c-494d-b7aa-54d937656ca9 0.237s
2025-04-03 15:03:27.022 69799 INFO tempest.lib.common.rest_client [req-4aeabe15-afa0-41f7-9038-ed1dc8a37ff9 req-4aeabe15-afa0-41f7-9038-ed1dc8a37ff9 ] Request (ServersListShow298Test:test_list_show_update_rebuild_server_298): 200 GET http://10.180.1.21/compute/v2.1/servers/83c98adf-e50f-4908-b1fe-c42c7a2568cf 0.212s
2025-04-03 15:03:27.125 69853 INFO tempest.lib.common.rest_client [req-e7b58075-441c-4c1c-b70b-39530c8922ad req-e7b58075-441c-4c1c-b70b-39530c8922ad ] Request (MigrationsAdminTest:test_list_migrations_in_flavor_resize_situation): 200 GET http://10.180.1.21/compute/v2.1/servers/a09a75d5-e39c-40c6-9f3e-343928a2c96e 0.172s
2025-04-03 15:03:27.173 69815 INFO tempest.lib.common.rest_client [req-72b2c2a5-36e6-48d5-9789-27804afa6e19 req-72b2c2a5-36e6-48d5-9789-27804afa6e19 ] Request (SecurityGroupsTestJSON:test_list_security_groups_by_server): 200 GET http://10.180.1.21/compute/v2.1/servers/5e338780-2cf4-436c-ae29-6225d56648fa 0.084s
2025-04-03 15:03:27.219 69845 INFO tempest.lib.common.rest_client [req-8fc21eea-c52c-487f-ac09-d1ed8d993634 req-8fc21eea-c52c-487f-ac09-d1ed8d993634 ] Request (ServerActionsV293TestJSON:setUpClass): 200 GET http://10.180.1.21/volume/v3/volumes/101112b8-164f-4e1f-8ed8-6cb704a4e0d0 0.028s
2025-04-03 15:03:27.350 69823 INFO tempest.lib.common.rest_client [req-1af1a5e7-8f6f-4feb-bf2f-684df89aa523 req-1af1a5e7-8f6f-4feb-bf2f-684df89aa523 ] Request (ImagesNegativeTestJSON:test_create_image_from_deleted_server): 200 GET http://10.180.1.21/compute/v2.1/servers/d76e5784-8fdf-4af0-b983-d2f2dfa3d7bc 0.076s
2025-04-03 15:03:27.374 69807 INFO tempest.lib.common.rest_client [req-36641365-6cf4-4dd2-8373-55f8788b1c16 req-36641365-6cf4-4dd2-8373-55f8788b1c16 ] Request (DeleteServersAdminTestJSON:test_delete_server_while_in_error_state): 200 GET http://10.180.1.21/compute/v2.1/servers/3627b7e2-a873-46df-a5bf-84114546d285 0.148s
2025-04-03 15:03:27.382 69807 INFO tempest.common.waiters [-] State transition "BUILD/spawning" ==> "ACTIVE/None" after 55 second wait
2025-04-03 15:03:27.414 69847 INFO tempest.lib.common.rest_client [req-6b3a0115-027f-4dfd-aa23-23bc6b6e57e6 req-6b3a0115-027f-4dfd-aa23-23bc6b6e57e6 ] Request (FloatingIPsAssociationNegativeTestJSON:tearDownClass): 200 PUT http://10.180.1.21:9696/networking/v2.0/routers/c6677106-5f6e-488a-b8b2-33f5d70ad586/remove_router_interface 1.620s
2025-04-03 15:03:27.425 69825 INFO tempest.lib.common.rest_client [req-5750750e-7819-44ee-9dd5-a027bb41b02a req-5750750e-7819-44ee-9dd5-a027bb41b02a ] Request (ServersNegativeTestJSON:setUpClass): 200 GET http://10.180.1.21/compute/v2.1/servers/e2d3f1f0-30a5-41bb-804a-a57073b4fed5 0.144s
2025-04-03 15:03:27.443 69821 INFO tempest.lib.common.rest_client [req-ea22f42d-2de1-466d-acca-884f1d370041 req-ea22f42d-2de1-466d-acca-884f1d370041 ] Request (ServerRescueTestJSONUnderV235:setUpClass): 200 GET http://10.180.1.21/compute/v2.1/servers/9848e301-0bc2-43f1-ba0f-afbe47ad0247 0.071s
2025-04-03 15:03:27.493 69807 INFO tempest.lib.common.rest_client [req-2c58ff6f-acd3-4122-9f54-e847a4e2f042 req-2c58ff6f-acd3-4122-9f54-e847a4e2f042 ] Request (DeleteServersAdminTestJSON:test_delete_server_while_in_error_state): 202 POST http://10.180.1.21/compute/v2.1/servers/3627b7e2-a873-46df-a5bf-84114546d285/action 0.111s
2025-04-03 15:03:27.515 69841 INFO tempest.lib.common.rest_client [req-8cf3c6ff-76be-4b66-9f06-458bfc7e83ae req-8cf3c6ff-76be-4b66-9f06-458bfc7e83ae ] Request (ImagesOneServerTestJSON:tearDownClass): 200 GET http://10.180.1.21/compute/v2.1/servers/995a6972-c2c5-4559-bec6-b5de4ed09a61 0.131s
2025-04-03 15:03:27.564 69805 INFO tempest.lib.common.rest_client [req-a5370831-140a-42df-a908-edafa7cc6a68 req-a5370831-140a-42df-a908-edafa7cc6a68 ] Request (ServersAdminTestJSON:test_inject_network_info): 200 GET http://10.180.1.21/compute/v2.1/servers/bf16ff00-3ca8-4e48-96f9-20e7c5641bb7 0.101s
2025-04-03 15:03:27.627 69861 INFO tempest.lib.common.rest_client [req-fc64f177-f752-4fdd-896a-cc6dceb0ac93 req-fc64f177-f752-4fdd-896a-cc6dceb0ac93 ] Request (ServersTestBootFromVolume:setUpClass): 200 GET http://10.180.1.21/compute/v2.1/servers/fc5e7855-fa94-4e1d-8208-00d876b1f896 0.130s
2025-04-03 15:03:27.637 69807 INFO tempest.lib.common.rest_client [req-b714e990-5462-4ab9-85fb-dc327b9c3d4d req-b714e990-5462-4ab9-85fb-dc327b9c3d4d ] Request (DeleteServersAdminTestJSON:test_delete_server_while_in_error_state): 200 GET http://10.180.1.21/compute/v2.1/servers/3627b7e2-a873-46df-a5bf-84114546d285 0.144s
2025-04-03 15:03:27.699 69833 INFO tempest.lib.common.rest_client [req-954f2fca-24ee-44b2-8d0f-e2a4967a9e8c req-954f2fca-24ee-44b2-8d0f-e2a4967a9e8c ] Request (DeleteServersTestJSON:test_delete_active_server): 200 GET http://10.180.1.21/compute/v2.1/servers/1673f26d-bec6-43c3-9dcc-162655774fac 0.088s
2025-04-03 15:03:27.701 69843 INFO tempest.lib.common.rest_client [req-6e52a586-2f03-48a7-9692-eb117be9ab37 req-6e52a586-2f03-48a7-9692-eb117be9ab37 ] Request (FloatingIPsAssociationTestJSON:test_associate_already_associated_floating_ip): 200 GET http://10.180.1.21/compute/v2.1/servers/a4700b2f-00f1-49aa-af3d-8045c6f6a797 0.154s
2025-04-03 15:03:27.793 69807 INFO tempest.lib.common.rest_client [req-7f28646d-15ff-4081-93ec-c30c85aa6c74 req-7f28646d-15ff-4081-93ec-c30c85aa6c74 ] Request (DeleteServersAdminTestJSON:test_delete_server_while_in_error_state): 204 DELETE http://10.180.1.21/compute/v2.1/servers/3627b7e2-a873-46df-a5bf-84114546d285 0.143s
2025-04-03 15:03:27.826 69829 INFO tempest.lib.common.rest_client [req-b145c31a-efa2-4be7-a533-875f22ab88e3 req-b145c31a-efa2-4be7-a533-875f22ab88e3 ] Request (ServersTestMultiNic:test_verify_duplicate_network_nics): 200 GET http://10.180.1.21/compute/v2.1/servers/ed30ff05-dd61-418f-848a-45ff94fac298 0.183s
2025-04-03 15:03:27.852 69801 INFO tempest.lib.common.rest_client [req-746641c2-c1b0-458d-adbe-4a1b9c5c18c9 req-746641c2-c1b0-458d-adbe-4a1b9c5c18c9 ] Request (ListImageFiltersTestJSON:setUpClass): 200 GET http://10.180.1.21/compute/v2.1/servers/eb369bb1-f4d2-4286-a4d0-f1a7080e7723 0.176s
2025-04-03 15:03:27.871 69817 INFO tempest.lib.common.rest_client [req-36fa25b0-c082-47a6-9dee-63260b4d9ec5 req-36fa25b0-c082-47a6-9dee-63260b4d9ec5 ] Request (ImagesTestJSON:test_create_image_from_suspended_server): 200 GET http://10.180.1.21/compute/v2.1/images/83e3d116-955b-4d32-b061-f0a2e0765823 0.166s
2025-04-03 15:03:27.889 69847 INFO tempest.lib.common.rest_client [req-88f04d5c-ea41-417d-9c72-8c33cbf88e83 req-88f04d5c-ea41-417d-9c72-8c33cbf88e83 ] Request (FloatingIPsAssociationNegativeTestJSON:tearDownClass): 204 DELETE http://10.180.1.21:9696/networking/v2.0/routers/c6677106-5f6e-488a-b8b2-33f5d70ad586 0.475s
2025-04-03 15:03:27.911 69851 INFO tempest.lib.common.rest_client [req-7b159c15-4165-45c2-8073-67ff6e8e3229 req-7b159c15-4165-45c2-8073-67ff6e8e3229 ] Request (ServerDiskConfigTestJSON:test_resize_server_from_auto_to_manual): 200 GET http://10.180.1.21/compute/v2.1/servers/29474f4a-15a6-41cb-8df5-8fdb1747f116 0.185s
2025-04-03 15:03:28.004 69835 INFO tempest.lib.common.rest_client [req-1ae5cbf8-de19-429b-86d3-0ee78f29b247 req-1ae5cbf8-de19-429b-86d3-0ee78f29b247 ] Request (ServerMetadataNegativeTestJSON:setUpClass): 200 GET http://10.180.1.21/compute/v2.1/servers/a0978186-2fc8-4763-ae5a-b70e5a8e8b28 0.128s
2025-04-03 15:03:28.023 69855 WARNING tempest.lib.common.ssh [-] Failed to establish authenticated ssh connection to cirros@10.180.180.163 ([Errno None] Unable to connect to port 22 on 10.180.180.163). Number attempts: 5. Retry after 6 seconds.: paramiko.ssh_exception.NoValidConnectionsError: [Errno None] Unable to connect to port 22 on 10.180.180.163
2025-04-03 15:03:28.047 69807 INFO tempest.lib.common.rest_client [req-ac1aae69-1522-40c2-8f8a-23de60dd2622 req-ac1aae69-1522-40c2-8f8a-23de60dd2622 ] Request (DeleteServersAdminTestJSON:test_delete_server_while_in_error_state): 200 GET http://10.180.1.21/compute/v2.1/servers/3627b7e2-a873-46df-a5bf-84114546d285 0.253s
2025-04-03 15:03:28.063 69849 INFO tempest.lib.common.rest_client [req-0fb89f2c-a26d-4d88-b92f-3d79f74c073f req-0fb89f2c-a26d-4d88-b92f-3d79f74c073f ] Request (ServersNegativeTestMultiTenantJSON:setUpClass): 200 GET http://10.180.1.21/compute/v2.1/servers/1e853890-eff8-4c59-95f0-b1a81133b6f9 0.110s
2025-04-03 15:03:28.127 69799 INFO tempest.lib.common.rest_client [req-6cd5bde9-0440-4142-805d-c7e2e8d0934b req-6cd5bde9-0440-4142-805d-c7e2e8d0934b ] Request (ServersListShow298Test:test_list_show_update_rebuild_server_298): 200 GET http://10.180.1.21/compute/v2.1/servers/83c98adf-e50f-4908-b1fe-c42c7a2568cf 0.085s
2025-04-03 15:03:28.220 69847 INFO tempest.lib.common.rest_client [req-87f3886d-7cef-4302-b7c4-43e83e9cd7a5 req-87f3886d-7cef-4302-b7c4-43e83e9cd7a5 ] Request (FloatingIPsAssociationNegativeTestJSON:tearDownClass): 204 DELETE http://10.180.1.21:9696/networking/v2.0/subnets/8299becf-88d6-4001-a382-0fbd3e46cc84 0.331s
2025-04-03 15:03:28.221 69837 INFO tempest.lib.common.rest_client [req-eb03f947-17ac-4805-b6f6-f835fc19213c req-eb03f947-17ac-4805-b6f6-f835fc19213c ] Request (ImagesOneServerNegativeTestJSON:tearDown): 200 GET http://10.180.1.21/compute/v2.1/servers/31d05edc-ce5c-494d-b7aa-54d937656ca9 0.258s
2025-04-03 15:03:28.264 69845 INFO tempest.lib.common.rest_client [req-aa73826f-d3bc-4356-b947-9951e0c0bd8d req-aa73826f-d3bc-4356-b947-9951e0c0bd8d ] Request (ServerActionsV293TestJSON:setUpClass): 200 GET http://10.180.1.21/volume/v3/volumes/101112b8-164f-4e1f-8ed8-6cb704a4e0d0 0.033s
2025-04-03 15:03:28.283 69815 INFO tempest.lib.common.rest_client [req-4a7c4a38-4678-44c0-94bb-7541918d53e6 req-4a7c4a38-4678-44c0-94bb-7541918d53e6 ] Request (SecurityGroupsTestJSON:test_list_security_groups_by_server): 200 GET http://10.180.1.21/compute/v2.1/servers/5e338780-2cf4-436c-ae29-6225d56648fa 0.100s
2025-04-03 15:03:28.316 69853 INFO tempest.lib.common.rest_client [req-6e09d5aa-2b48-40e7-af6b-fbf722f80b0b req-6e09d5aa-2b48-40e7-af6b-fbf722f80b0b ] Request (MigrationsAdminTest:test_list_migrations_in_flavor_resize_situation): 200 GET http://10.180.1.21/compute/v2.1/servers/a09a75d5-e39c-40c6-9f3e-343928a2c96e 0.177s
2025-04-03 15:03:28.438 69823 INFO tempest.lib.common.rest_client [req-1871831b-c92b-4cd0-8f86-3a4cf9d1c88e req-1871831b-c92b-4cd0-8f86-3a4cf9d1c88e ] Request (ImagesNegativeTestJSON:test_create_image_from_deleted_server): 200 GET http://10.180.1.21/compute/v2.1/servers/d76e5784-8fdf-4af0-b983-d2f2dfa3d7bc 0.074s
2025-04-03 15:03:28.514 69825 INFO tempest.lib.common.rest_client [req-cbe4a940-ec1a-4665-8550-9686901249ec req-cbe4a940-ec1a-4665-8550-9686901249ec ] Request (ServersNegativeTestJSON:setUpClass): 200 GET http://10.180.1.21/compute/v2.1/servers/e2d3f1f0-30a5-41bb-804a-a57073b4fed5 0.078s
2025-04-03 15:03:28.518 69847 INFO tempest.lib.common.rest_client [req-97b59bec-c5a6-467d-85be-5067c488532b req-97b59bec-c5a6-467d-85be-5067c488532b ] Request (FloatingIPsAssociationNegativeTestJSON:tearDownClass): 204 DELETE http://10.180.1.21:9696/networking/v2.0/networks/b1d0d910-f9e1-4962-b3de-32b5f456ccc1 0.297s
2025-04-03 15:03:28.518 69821 INFO tempest.lib.common.rest_client [req-edefd909-8ec1-4319-8ab1-0d9968caa738 req-edefd909-8ec1-4319-8ab1-0d9968caa738 ] Request (ServerRescueTestJSONUnderV235:setUpClass): 200 GET http://10.180.1.21/compute/v2.1/servers/9848e301-0bc2-43f1-ba0f-afbe47ad0247 0.066s
2025-04-03 15:03:28.591 69841 INFO tempest.lib.common.rest_client [req-cbf0cec2-bbdc-4a7e-aea1-edf42f2c77cb req-cbf0cec2-bbdc-4a7e-aea1-edf42f2c77cb ] Request (ImagesOneServerTestJSON:tearDownClass): 200 GET http://10.180.1.21/compute/v2.1/servers/995a6972-c2c5-4559-bec6-b5de4ed09a61 0.062s
2025-04-03 15:03:28.628 69805 INFO tempest.lib.common.rest_client [req-0fc26960-471d-4f15-9916-e62b646e7726 req-0fc26960-471d-4f15-9916-e62b646e7726 ] Request (ServersAdminTestJSON:test_inject_network_info): 200 GET http://10.180.1.21/compute/v2.1/servers/bf16ff00-3ca8-4e48-96f9-20e7c5641bb7 0.055s
2025-04-03 15:03:28.629 69847 INFO tempest.lib.common.rest_client [req-752498ea-9cea-4a87-9e2c-20b4e4a5ad35 req-752498ea-9cea-4a87-9e2c-20b4e4a5ad35 ] Request (FloatingIPsAssociationNegativeTestJSON:tearDownClass): 204 DELETE http://10.180.1.21/identity/v3/users/b78be22fa5ae4d05a27cca59ed9ddadf 0.111s
2025-04-03 15:03:28.629 69847 INFO tempest.lib.common.dynamic_creds [-] Deleting project and security group for project: 5d616ea4bf55432a9c907b524b42d7d0
2025-04-03 15:03:28.660 69847 INFO tempest.lib.common.rest_client [req-f0ae0120-f56c-4f46-8534-afbbf1e8523d req-f0ae0120-f56c-4f46-8534-afbbf1e8523d ] Request (FloatingIPsAssociationNegativeTestJSON:tearDownClass): 200 GET http://10.180.1.21:9696/networking/v2.0/security-groups?tenant_id=5d616ea4bf55432a9c907b524b42d7d0&name=default 0.030s
2025-04-03 15:03:28.697 69861 INFO tempest.lib.common.rest_client [req-42a25577-0e14-488e-a3e4-2ee2468e81d2 req-42a25577-0e14-488e-a3e4-2ee2468e81d2 ] Request (ServersTestBootFromVolume:setUpClass): 200 GET http://10.180.1.21/compute/v2.1/servers/fc5e7855-fa94-4e1d-8208-00d876b1f896 0.060s
2025-04-03 15:03:28.706 69861 INFO tempest.common.waiters [-] State transition "BUILD/scheduling" ==> "BUILD/None" after 22 second wait
2025-04-03 15:03:28.813 69847 INFO tempest.lib.common.rest_client [req-c7c6b2ca-d20c-4c88-88c4-612762244409 req-c7c6b2ca-d20c-4c88-88c4-612762244409 ] Request (FloatingIPsAssociationNegativeTestJSON:tearDownClass): 204 DELETE http://10.180.1.21:9696/networking/v2.0/security-groups/a3adca3e-5fdb-49ec-aedf-826ffcaf97b1 0.152s
2025-04-03 15:03:28.816 69843 INFO tempest.lib.common.rest_client [req-b801c5e5-cac5-40c9-ac56-4a14b7b70e73 req-b801c5e5-cac5-40c9-ac56-4a14b7b70e73 ] Request (FloatingIPsAssociationTestJSON:test_associate_already_associated_floating_ip): 200 GET http://10.180.1.21/compute/v2.1/servers/a4700b2f-00f1-49aa-af3d-8045c6f6a797 0.101s
2025-04-03 15:03:28.825 69843 INFO tempest.common.waiters [-] State transition "BUILD/None" ==> "BUILD/networking" after 39 second wait
2025-04-03 15:03:28.834 69833 INFO tempest.lib.common.rest_client [req-7ef1ba97-9b89-4015-8747-7d15938f9024 req-7ef1ba97-9b89-4015-8747-7d15938f9024 ] Request (DeleteServersTestJSON:test_delete_active_server): 200 GET http://10.180.1.21/compute/v2.1/servers/1673f26d-bec6-43c3-9dcc-162655774fac 0.125s
2025-04-03 15:03:28.924 69801 INFO tempest.lib.common.rest_client [req-6b17d98b-4ae3-4f4f-b8ef-0d4c40419518 req-6b17d98b-4ae3-4f4f-b8ef-0d4c40419518 ] Request (ListImageFiltersTestJSON:setUpClass): 200 GET http://10.180.1.21/compute/v2.1/servers/eb369bb1-f4d2-4286-a4d0-f1a7080e7723 0.061s
2025-04-03 15:03:28.954 69847 INFO tempest.lib.common.rest_client [req-3416bae6-9307-4ad1-a86c-b93e1669c6bf req-3416bae6-9307-4ad1-a86c-b93e1669c6bf ] Request (FloatingIPsAssociationNegativeTestJSON:tearDownClass): 204 DELETE http://10.180.1.21/identity/v3/projects/5d616ea4bf55432a9c907b524b42d7d0 0.140s
2025-04-03 15:03:28.964 69817 INFO tempest.lib.common.rest_client [req-772ca9f5-1888-4ac1-9ae2-9b74b58611ea req-772ca9f5-1888-4ac1-9ae2-9b74b58611ea ] Request (ImagesTestJSON:test_create_image_from_suspended_server): 200 GET http://10.180.1.21/compute/v2.1/images/83e3d116-955b-4d32-b061-f0a2e0765823 0.089s
2025-04-03 15:03:29.031 69851 INFO tempest.lib.common.rest_client [req-f2ba87e3-2ad4-4357-95cc-c64fa72e2781 req-f2ba87e3-2ad4-4357-95cc-c64fa72e2781 ] Request (ServerDiskConfigTestJSON:test_resize_server_from_auto_to_manual): 200 GET http://10.180.1.21/compute/v2.1/servers/29474f4a-15a6-41cb-8df5-8fdb1747f116 0.111s
2025-04-03 15:03:29.053 69847 INFO tempest.lib.common.rest_client [req-ae96ea1b-1d7e-44fe-8428-3f0b46225e96 req-ae96ea1b-1d7e-44fe-8428-3f0b46225e96 ] Request (ServersV294TestFqdnHostnames:setUpClass): 201 POST http://10.180.1.21/identity/v3/auth/tokens 0.097s
2025-04-03 15:03:29.104 69827 WARNING tempest.lib.common.ssh [-] Failed to establish authenticated ssh connection to cirros@10.180.180.237 ([Errno None] Unable to connect to port 22 on 10.180.180.237). Number attempts: 7. Retry after 8 seconds.: paramiko.ssh_exception.NoValidConnectionsError: [Errno None] Unable to connect to port 22 on 10.180.180.237
2025-04-03 15:03:29.109 69847 INFO tempest.lib.common.rest_client [req-0763c58a-67e6-4ff6-aec4-d700bd6383c1 req-0763c58a-67e6-4ff6-aec4-d700bd6383c1 ] Request (ServersV294TestFqdnHostnames:setUpClass): 201 POST http://10.180.1.21/identity/v3/auth/tokens 0.053s
2025-04-03 15:03:29.144 69829 INFO tempest.lib.common.rest_client [req-fcced0e4-da56-40c2-a40b-3150e9222da3 req-fcced0e4-da56-40c2-a40b-3150e9222da3 ] Request (ServersTestMultiNic:test_verify_duplicate_network_nics): 200 GET http://10.180.1.21/compute/v2.1/servers/ed30ff05-dd61-418f-848a-45ff94fac298 0.310s
2025-04-03 15:03:29.146 69847 INFO tempest.lib.common.rest_client [req-515026bf-5bd8-4b9b-bead-be146e4352da req-515026bf-5bd8-4b9b-bead-be146e4352da ] Request (ServersV294TestFqdnHostnames:setUpClass): 200 GET http://10.180.1.21/identity/v3/domains?name=Default 0.037s
2025-04-03 15:03:29.155 69829 INFO tempest.common.waiters [-] State transition "BUILD/spawning" ==> "ACTIVE/None" after 57 second wait
2025-04-03 15:03:29.159 69835 INFO tempest.lib.common.rest_client [req-1d150e28-9778-4581-9726-00fccb1fc969 req-1d150e28-9778-4581-9726-00fccb1fc969 ] Request (ServerMetadataNegativeTestJSON:setUpClass): 200 GET http://10.180.1.21/compute/v2.1/servers/a0978186-2fc8-4763-ae5a-b70e5a8e8b28 0.143s
2025-04-03 15:03:29.189 69847 INFO tempest.lib.common.rest_client [req-0556ecbd-547f-445b-98b9-c72d07db2c9d req-0556ecbd-547f-445b-98b9-c72d07db2c9d ] Request (ServersV294TestFqdnHostnames:setUpClass): 201 POST http://10.180.1.21/identity/v3/projects 0.043s
2025-04-03 15:03:29.221 69849 INFO tempest.lib.common.rest_client [req-672da0cf-b8f3-4c8e-be92-17c81885e961 req-672da0cf-b8f3-4c8e-be92-17c81885e961 ] Request (ServersNegativeTestMultiTenantJSON:setUpClass): 200 GET http://10.180.1.21/compute/v2.1/servers/1e853890-eff8-4c59-95f0-b1a81133b6f9 0.146s
2025-04-03 15:03:29.255 69847 INFO tempest.lib.common.rest_client [req-12219e63-17df-41eb-a37b-39ed1e0a0685 req-12219e63-17df-41eb-a37b-39ed1e0a0685 ] Request (ServersV294TestFqdnHostnames:setUpClass): 201 POST http://10.180.1.21/identity/v3/users 0.065s
2025-04-03 15:03:29.279 69847 INFO tempest.lib.common.rest_client [req-e7662932-b500-4d19-945a-80e23b6cae79 req-e7662932-b500-4d19-945a-80e23b6cae79 ] Request (ServersV294TestFqdnHostnames:setUpClass): 200 GET http://10.180.1.21/identity/v3/roles 0.023s
2025-04-03 15:03:29.310 69799 INFO tempest.lib.common.rest_client [req-d4331dc2-f4c2-457f-a0f8-e249fa38a744 req-d4331dc2-f4c2-457f-a0f8-e249fa38a744 ] Request (ServersListShow298Test:test_list_show_update_rebuild_server_298): 200 GET http://10.180.1.21/compute/v2.1/servers/83c98adf-e50f-4908-b1fe-c42c7a2568cf 0.170s
2025-04-03 15:03:29.316 69845 INFO tempest.lib.common.rest_client [req-00cca6e5-1e25-42ea-906d-e968782a2ae0 req-00cca6e5-1e25-42ea-906d-e968782a2ae0 ] Request (ServerActionsV293TestJSON:setUpClass): 200 GET http://10.180.1.21/volume/v3/volumes/101112b8-164f-4e1f-8ed8-6cb704a4e0d0 0.041s
2025-04-03 15:03:29.329 69847 INFO tempest.lib.common.rest_client [req-4e55d64d-ad99-4d77-a5a0-103906701c99 req-4e55d64d-ad99-4d77-a5a0-103906701c99 ] Request (ServersV294TestFqdnHostnames:setUpClass): 204 PUT http://10.180.1.21/identity/v3/projects/1576ea6e2a8840a7ab95680afa066440/users/e0cf08d634d6460bbdd5905938a836fa/roles/f62e2cb3dd9c49db8be417bdf43a392f 0.050s
2025-04-03 15:03:29.329 69847 INFO tempest.lib.common.dynamic_creds [-] Dynamic test user e0cf08d634d6460bbdd5905938a836fa is created with scope project and roles: ['member']
2025-04-03 15:03:29.330 69847 INFO tempest.lib.common.dynamic_creds [-] Acquired dynamic creds: credentials: Credentials: {'domain_id': 'default', 'domain_name': 'Default', 'username': 'tempest-ServersV294TestFqdnHostnames-66482823-project-member', 'project_domain_id': 'default', 'project_domain_name': 'Default', 'project_id': '1576ea6e2a8840a7ab95680afa066440', 'project_name': 'tempest-ServersV294TestFqdnHostnames-66482823', 'tenant_id': '1576ea6e2a8840a7ab95680afa066440', 'tenant_name': 'tempest-ServersV294TestFqdnHostnames-66482823', 'user_domain_id': 'default', 'user_domain_name': 'Default', 'user_id': 'e0cf08d634d6460bbdd5905938a836fa', 'system': None}, Network: None, Subnet: None, Router: None
2025-04-03 15:03:29.335 69829 INFO tempest.lib.common.rest_client [req-0b2f5692-4fee-4424-9650-825328d7e9a2 req-0b2f5692-4fee-4424-9650-825328d7e9a2 ] Request (ServersTestMultiNic:test_verify_duplicate_network_nics): 200 GET http://10.180.1.21/compute/v2.1/servers/ed30ff05-dd61-418f-848a-45ff94fac298/ips 0.180s
2025-04-03 15:03:29.340 69807 INFO tempest.lib.common.rest_client [req-7a2aec1f-838c-45ca-b406-4847bb3e59da req-7a2aec1f-838c-45ca-b406-4847bb3e59da ] Request (DeleteServersAdminTestJSON:test_delete_server_while_in_error_state): 200 GET http://10.180.1.21/compute/v2.1/servers/3627b7e2-a873-46df-a5bf-84114546d285 0.278s
2025-04-03 15:03:29.406 69847 INFO tempest.lib.common.rest_client [req-a7b4d759-7e7f-4e71-b01f-72a01d6f21ae req-a7b4d759-7e7f-4e71-b01f-72a01d6f21ae ] Request (ServersV294TestFqdnHostnames:setUpClass): 201 POST http://10.180.1.21/identity/v3/auth/tokens 0.076s
2025-04-03 15:03:29.415 69815 INFO tempest.lib.common.rest_client [req-cf1bf2d2-d813-40ff-b57a-03c00b0e9274 req-cf1bf2d2-d813-40ff-b57a-03c00b0e9274 ] Request (SecurityGroupsTestJSON:test_list_security_groups_by_server): 200 GET http://10.180.1.21/compute/v2.1/servers/5e338780-2cf4-436c-ae29-6225d56648fa 0.122s
2025-04-03 15:03:29.486 69837 INFO tempest.lib.common.rest_client [req-076cf56e-0a16-49d6-ae24-cdc3d083ac6e req-076cf56e-0a16-49d6-ae24-cdc3d083ac6e ] Request (ImagesOneServerNegativeTestJSON:tearDown): 200 GET http://10.180.1.21/compute/v2.1/servers/31d05edc-ce5c-494d-b7aa-54d937656ca9 0.256s
2025-04-03 15:03:29.563 69829 INFO tempest.lib.common.rest_client [req-fa0eb205-7294-48ab-ab5e-49c8ec8afc61 req-fa0eb205-7294-48ab-ab5e-49c8ec8afc61 ] Request (ServersTestMultiNic:_run_cleanups): 204 DELETE http://10.180.1.21/compute/v2.1/servers/ed30ff05-dd61-418f-848a-45ff94fac298 0.226s
2025-04-03 15:03:29.619 69823 INFO tempest.lib.common.rest_client [req-dfd1361e-0cf1-44bd-bd43-bbff3890569c req-dfd1361e-0cf1-44bd-bd43-bbff3890569c ] Request (ImagesNegativeTestJSON:test_create_image_from_deleted_server): 200 GET http://10.180.1.21/compute/v2.1/servers/d76e5784-8fdf-4af0-b983-d2f2dfa3d7bc 0.171s
2025-04-03 15:03:29.629 69853 INFO tempest.lib.common.rest_client [req-52720f8c-1efa-48be-a80a-567cea57993d req-52720f8c-1efa-48be-a80a-567cea57993d ] Request (MigrationsAdminTest:test_list_migrations_in_flavor_resize_situation): 200 GET http://10.180.1.21/compute/v2.1/servers/a09a75d5-e39c-40c6-9f3e-343928a2c96e 0.305s
2025-04-03 15:03:29.637 69853 INFO tempest.common.waiters [-] State transition "RESIZE/resize_finish" ==> "VERIFY_RESIZE/None" after 49 second wait
2025-04-03 15:03:29.676 69825 INFO tempest.lib.common.rest_client [req-bf72bcdc-92af-4c21-b6db-58868c5e405a req-bf72bcdc-92af-4c21-b6db-58868c5e405a ] Request (ServersNegativeTestJSON:setUpClass): 200 GET http://10.180.1.21/compute/v2.1/servers/e2d3f1f0-30a5-41bb-804a-a57073b4fed5 0.155s
2025-04-03 15:03:29.721 69821 INFO tempest.lib.common.rest_client [req-c524ae4b-1df7-49c2-9cb4-7d516ca901ef req-c524ae4b-1df7-49c2-9cb4-7d516ca901ef ] Request (ServerRescueTestJSONUnderV235:setUpClass): 200 GET http://10.180.1.21/compute/v2.1/servers/9848e301-0bc2-43f1-ba0f-afbe47ad0247 0.195s
2025-04-03 15:03:29.821 69841 INFO tempest.lib.common.rest_client [req-5c95f5d1-176c-470a-8f7f-9d0f791a903e req-5c95f5d1-176c-470a-8f7f-9d0f791a903e ] Request (ImagesOneServerTestJSON:tearDownClass): 200 GET http://10.180.1.21/compute/v2.1/servers/995a6972-c2c5-4559-bec6-b5de4ed09a61 0.222s
2025-04-03 15:03:29.857 69829 INFO tempest.lib.common.rest_client [req-0f062001-b391-400b-81b3-c9108346a454 req-0f062001-b391-400b-81b3-c9108346a454 ] Request (ServersTestMultiNic:_run_cleanups): 200 GET http://10.180.1.21/compute/v2.1/servers/ed30ff05-dd61-418f-848a-45ff94fac298 0.294s
2025-04-03 15:03:29.893 69805 INFO tempest.lib.common.rest_client [req-d44a54e4-5bdc-428a-ba94-f4e6d805836f req-d44a54e4-5bdc-428a-ba94-f4e6d805836f ] Request (ServersAdminTestJSON:test_inject_network_info): 200 GET http://10.180.1.21/compute/v2.1/servers/bf16ff00-3ca8-4e48-96f9-20e7c5641bb7 0.258s
2025-04-03 15:03:29.913 69853 INFO tempest.lib.common.rest_client [req-d0fedfb2-65ad-41f8-858f-b682075ba3db req-d0fedfb2-65ad-41f8-858f-b682075ba3db ] Request (MigrationsAdminTest:test_list_migrations_in_flavor_resize_situation): 204 POST http://10.180.1.21/compute/v2.1/servers/a09a75d5-e39c-40c6-9f3e-343928a2c96e/action 0.275s
2025-04-03 15:03:29.967 69861 INFO tempest.lib.common.rest_client [req-a63a208f-b814-4a3c-b177-246db7efa4c0 req-a63a208f-b814-4a3c-b177-246db7efa4c0 ] Request (ServersTestBootFromVolume:setUpClass): 200 GET http://10.180.1.21/compute/v2.1/servers/fc5e7855-fa94-4e1d-8208-00d876b1f896 0.257s
2025-04-03 15:03:30.042 69843 INFO tempest.lib.common.rest_client [req-a5b13ac9-5f09-446f-8da8-e9c37ee72d92 req-a5b13ac9-5f09-446f-8da8-e9c37ee72d92 ] Request (FloatingIPsAssociationTestJSON:test_associate_already_associated_floating_ip): 200 GET http://10.180.1.21/compute/v2.1/servers/a4700b2f-00f1-49aa-af3d-8045c6f6a797 0.215s
2025-04-03 15:03:30.046 69847 INFO tempest.lib.common.rest_client [req-38b04ab6-2f31-4c4b-80d9-552a38114a10 req-38b04ab6-2f31-4c4b-80d9-552a38114a10 ] Request (ServersV294TestFqdnHostnames:setUpClass): 201 POST http://10.180.1.21:9696/networking/v2.0/networks 0.639s
2025-04-03 15:03:30.049 69843 INFO tempest.common.waiters [-] State transition "BUILD/networking" ==> "BUILD/block_device_mapping" after 41 second wait
2025-04-03 15:03:30.061 69833 INFO tempest.lib.common.rest_client [req-fb75a275-b458-46a0-a255-546072ca1c6f req-fb75a275-b458-46a0-a255-546072ca1c6f ] Request (DeleteServersTestJSON:test_delete_active_server): 200 GET http://10.180.1.21/compute/v2.1/servers/1673f26d-bec6-43c3-9dcc-162655774fac 0.216s
2025-04-03 15:03:30.132 69801 INFO tempest.lib.common.rest_client [req-0e93dcb0-7d61-4b43-a588-d58fbc5f5df5 req-0e93dcb0-7d61-4b43-a588-d58fbc5f5df5 ] Request (ListImageFiltersTestJSON:setUpClass): 200 GET http://10.180.1.21/compute/v2.1/servers/eb369bb1-f4d2-4286-a4d0-f1a7080e7723 0.197s
2025-04-03 15:03:30.174 69817 INFO tempest.lib.common.rest_client [req-de9d2d9c-1403-428c-a22d-b2235b3a034e req-de9d2d9c-1403-428c-a22d-b2235b3a034e ] Request (ImagesTestJSON:test_create_image_from_suspended_server): 200 GET http://10.180.1.21/compute/v2.1/images/83e3d116-955b-4d32-b061-f0a2e0765823 0.206s
2025-04-03 15:03:30.176 69853 INFO tempest.lib.common.rest_client [req-89942e67-dfb5-4041-ab16-da17d10698e2 req-89942e67-dfb5-4041-ab16-da17d10698e2 ] Request (MigrationsAdminTest:test_list_migrations_in_flavor_resize_situation): 200 GET http://10.180.1.21/compute/v2.1/servers/a09a75d5-e39c-40c6-9f3e-343928a2c96e 0.263s
2025-04-03 15:03:30.234 69851 INFO tempest.lib.common.rest_client [req-787336db-f304-49d6-b6f0-75d22584938b req-787336db-f304-49d6-b6f0-75d22584938b ] Request (ServerDiskConfigTestJSON:test_resize_server_from_auto_to_manual): 200 GET http://10.180.1.21/compute/v2.1/servers/29474f4a-15a6-41cb-8df5-8fdb1747f116 0.190s
2025-04-03 15:03:30.257 69811 WARNING tempest.lib.common.ssh [-] Failed to establish authenticated ssh connection to cirros@10.180.180.254 ([Errno None] Unable to connect to port 22 on 10.180.180.254). Number attempts: 9. Retry after 10 seconds.: paramiko.ssh_exception.NoValidConnectionsError: [Errno None] Unable to connect to port 22 on 10.180.180.254
2025-04-03 15:03:30.293 69849 INFO tempest.lib.common.rest_client [req-844a5f16-607f-4443-8a2b-4b83a92dcb95 req-844a5f16-607f-4443-8a2b-4b83a92dcb95 ] Request (ServersNegativeTestMultiTenantJSON:setUpClass): 200 GET http://10.180.1.21/compute/v2.1/servers/1e853890-eff8-4c59-95f0-b1a81133b6f9 0.062s
2025-04-03 15:03:30.298 69847 INFO tempest.lib.common.rest_client [req-0b8d6749-7a25-4610-ac4e-2b125737bf87 req-0b8d6749-7a25-4610-ac4e-2b125737bf87 ] Request (ServersV294TestFqdnHostnames:setUpClass): 201 POST http://10.180.1.21:9696/networking/v2.0/subnets 0.252s
2025-04-03 15:03:30.321 69835 INFO tempest.lib.common.rest_client [req-a09ae49b-d59a-4b43-8d7f-ac33402b34a0 req-a09ae49b-d59a-4b43-8d7f-ac33402b34a0 ] Request (ServerMetadataNegativeTestJSON:setUpClass): 200 GET http://10.180.1.21/compute/v2.1/servers/a0978186-2fc8-4763-ae5a-b70e5a8e8b28 0.153s
2025-04-03 15:03:30.357 69845 INFO tempest.lib.common.rest_client [req-7d650f5c-74c6-4265-ad6e-f91cd4c42ac1 req-7d650f5c-74c6-4265-ad6e-f91cd4c42ac1 ] Request (ServerActionsV293TestJSON:setUpClass): 200 GET http://10.180.1.21/volume/v3/volumes/101112b8-164f-4e1f-8ed8-6cb704a4e0d0 0.031s
2025-04-03 15:03:30.413 69799 INFO tempest.lib.common.rest_client [req-4d4dc992-547e-4dc3-839c-fa8351f88006 req-4d4dc992-547e-4dc3-839c-fa8351f88006 ] Request (ServersListShow298Test:test_list_show_update_rebuild_server_298): 200 GET http://10.180.1.21/compute/v2.1/servers/83c98adf-e50f-4908-b1fe-c42c7a2568cf 0.086s
2025-04-03 15:03:30.421 69807 INFO tempest.lib.common.rest_client [req-ade61ed0-3db4-4216-b645-55589e1935f1 req-ade61ed0-3db4-4216-b645-55589e1935f1 ] Request (DeleteServersAdminTestJSON:test_delete_server_while_in_error_state): 200 GET http://10.180.1.21/compute/v2.1/servers/3627b7e2-a873-46df-a5bf-84114546d285 0.073s
2025-04-03 15:03:30.427 69799 INFO tempest.common.waiters [-] State transition "BUILD/spawning" ==> "ACTIVE/None" after 57 second wait
2025-04-03 15:03:30.504 69815 INFO tempest.lib.common.rest_client [req-175bacad-fa83-465f-b5ae-8100eb727cbb req-175bacad-fa83-465f-b5ae-8100eb727cbb ] Request (SecurityGroupsTestJSON:test_list_security_groups_by_server): 200 GET http://10.180.1.21/compute/v2.1/servers/5e338780-2cf4-436c-ae29-6225d56648fa 0.077s
2025-04-03 15:03:30.603 69799 INFO tempest.lib.common.rest_client [req-23391ee1-e75c-4452-a030-70998220bd3c req-23391ee1-e75c-4452-a030-70998220bd3c ] Request (ServersListShow298Test:test_list_show_update_rebuild_server_298): 200 GET http://10.180.1.21/compute/v2.1/servers/detail 0.175s
2025-04-03 15:03:30.641 69837 INFO tempest.lib.common.rest_client [req-2478e0c6-4aa6-4202-a004-af80a12ccbbb req-2478e0c6-4aa6-4202-a004-af80a12ccbbb ] Request (ImagesOneServerNegativeTestJSON:tearDown): 200 GET http://10.180.1.21/compute/v2.1/servers/31d05edc-ce5c-494d-b7aa-54d937656ca9 0.145s
2025-04-03 15:03:30.649 69837 INFO tempest.common.waiters [-] State transition "ACTIVE/image_uploading" ==> "ACTIVE/None" after 8 second wait
2025-04-03 15:03:30.699 69799 INFO tempest.lib.common.rest_client [req-0fefe81b-7ddf-40de-b28c-c2300f2e8b3d req-0fefe81b-7ddf-40de-b28c-c2300f2e8b3d ] Request (ServersListShow298Test:test_list_show_update_rebuild_server_298): 200 GET http://10.180.1.21/compute/v2.1/servers/83c98adf-e50f-4908-b1fe-c42c7a2568cf 0.085s
2025-04-03 15:03:30.703 69823 INFO tempest.lib.common.rest_client [req-14b30bbe-f350-4578-b263-f94781604059 req-14b30bbe-f350-4578-b263-f94781604059 ] Request (ImagesNegativeTestJSON:test_create_image_from_deleted_server): 200 GET http://10.180.1.21/compute/v2.1/servers/d76e5784-8fdf-4af0-b983-d2f2dfa3d7bc 0.075s
2025-04-03 15:03:30.761 69825 INFO tempest.lib.common.rest_client [req-f84850bb-9071-4a82-a1f3-7332d68a975b req-f84850bb-9071-4a82-a1f3-7332d68a975b ] Request (ServersNegativeTestJSON:setUpClass): 200 GET http://10.180.1.21/compute/v2.1/servers/e2d3f1f0-30a5-41bb-804a-a57073b4fed5 0.072s
2025-04-03 15:03:30.796 69837 INFO tempest.lib.common.rest_client [req-54e13f30-e063-4dab-8fce-3073b802a01e req-54e13f30-e063-4dab-8fce-3073b802a01e ] Request (ImagesOneServerNegativeTestJSON:_run_cleanups): 204 DELETE http://10.180.1.21/compute/v2.1/servers/31d05edc-ce5c-494d-b7aa-54d937656ca9 0.147s
2025-04-03 15:03:30.851 69821 INFO tempest.lib.common.rest_client [req-2202dfec-35a5-441f-a1fe-50d64d27c3d7 req-2202dfec-35a5-441f-a1fe-50d64d27c3d7 ] Request (ServerRescueTestJSONUnderV235:setUpClass): 200 GET http://10.180.1.21/compute/v2.1/servers/9848e301-0bc2-43f1-ba0f-afbe47ad0247 0.120s
2025-04-03 15:03:30.859 69821 INFO tempest.common.waiters [-] State transition "BUILD/scheduling" ==> "BUILD/None" after 23 second wait
2025-04-03 15:03:30.865 69799 INFO tempest.lib.common.rest_client [req-69938932-422f-419a-905b-1ab2f5ff222f req-69938932-422f-419a-905b-1ab2f5ff222f ] Request (ServersListShow298Test:test_list_show_update_rebuild_server_298): 200 PUT http://10.180.1.21/compute/v2.1/servers/83c98adf-e50f-4908-b1fe-c42c7a2568cf 0.139s
2025-04-03 15:03:30.947 69841 INFO tempest.lib.common.rest_client [req-da2004d7-d011-4566-9ad0-2a580a809eb9 req-da2004d7-d011-4566-9ad0-2a580a809eb9 ] Request (ImagesOneServerTestJSON:tearDownClass): 200 GET http://10.180.1.21/compute/v2.1/servers/995a6972-c2c5-4559-bec6-b5de4ed09a61 0.112s
2025-04-03 15:03:30.956 69837 INFO tempest.lib.common.rest_client [req-9f1d9990-aa23-4037-b004-96e175b4353b req-9f1d9990-aa23-4037-b004-96e175b4353b ] Request (ImagesOneServerNegativeTestJSON:_run_cleanups): 200 GET http://10.180.1.21/compute/v2.1/servers/31d05edc-ce5c-494d-b7aa-54d937656ca9 0.159s
2025-04-03 15:03:31.068 69829 INFO tempest.lib.common.rest_client [req-72b12fd2-b124-4612-aed9-0ee13943dd40 req-72b12fd2-b124-4612-aed9-0ee13943dd40 ] Request (ServersTestMultiNic:_run_cleanups): 200 GET http://10.180.1.21/compute/v2.1/servers/ed30ff05-dd61-418f-848a-45ff94fac298 0.200s
2025-04-03 15:03:31.122 69805 INFO tempest.lib.common.rest_client [req-f3f21254-1320-4fb3-833c-53e9360a156b req-f3f21254-1320-4fb3-833c-53e9360a156b ] Request (ServersAdminTestJSON:test_inject_network_info): 200 GET http://10.180.1.21/compute/v2.1/servers/bf16ff00-3ca8-4e48-96f9-20e7c5641bb7 0.216s
2025-04-03 15:03:31.129 69805 INFO tempest.common.waiters [-] State transition "BUILD/scheduling" ==> "BUILD/None" after 21 second wait
2025-04-03 15:03:31.173 69799 INFO tempest.lib.common.rest_client [req-4dabe305-4e9a-45a9-8265-25e38c8b6e05 req-4dabe305-4e9a-45a9-8265-25e38c8b6e05 ] Request (ServersListShow298Test:test_list_show_update_rebuild_server_298): 202 POST http://10.180.1.21/compute/v2.1/servers/83c98adf-e50f-4908-b1fe-c42c7a2568cf/action 0.294s
2025-04-03 15:03:31.188 69861 INFO tempest.lib.common.rest_client [req-781e6a24-56dd-410e-97d9-52f2949cde13 req-781e6a24-56dd-410e-97d9-52f2949cde13 ] Request (ServersTestBootFromVolume:setUpClass): 200 GET http://10.180.1.21/compute/v2.1/servers/fc5e7855-fa94-4e1d-8208-00d876b1f896 0.212s
2025-04-03 15:03:31.210 69833 INFO tempest.lib.common.rest_client [req-9f700540-9f66-4f80-8b9d-12235f17eb22 req-9f700540-9f66-4f80-8b9d-12235f17eb22 ] Request (DeleteServersTestJSON:test_delete_active_server): 404 GET http://10.180.1.21/compute/v2.1/servers/1673f26d-bec6-43c3-9dcc-162655774fac 0.136s
2025-04-03 15:03:31.264 69801 INFO tempest.lib.common.rest_client [req-e725a3ba-ad7b-4ed5-8a98-071bfedf108a req-e725a3ba-ad7b-4ed5-8a98-071bfedf108a ] Request (ListImageFiltersTestJSON:setUpClass): 200 GET http://10.180.1.21/compute/v2.1/servers/eb369bb1-f4d2-4286-a4d0-f1a7080e7723 0.114s
2025-04-03 15:03:31.303 69817 INFO tempest.lib.common.rest_client [req-a538827a-97dc-47ec-b88b-6160653e488b req-a538827a-97dc-47ec-b88b-6160653e488b ] Request (ImagesTestJSON:test_create_image_from_suspended_server): 200 GET http://10.180.1.21/compute/v2.1/images/83e3d116-955b-4d32-b061-f0a2e0765823 0.125s
2025-04-03 15:03:31.310 69833 INFO tempest.lib.common.rest_client [req-67335307-5bd4-48bb-a12d-55ad2a927374 req-67335307-5bd4-48bb-a12d-55ad2a927374 ] Request (DeleteServersTestJSON:test_delete_server_while_in_attached_volume): 201 POST http://10.180.1.21/identity/v3/auth/tokens 0.090s
2025-04-03 15:03:31.310 69833 INFO tempest.lib.common.fixed_network [-] (DeleteServersTestJSON:test_delete_server_while_in_attached_volume) Found network {'id': '50771212-000d-47cb-b89c-c5c044d91fd8', 'name': 'tempest-DeleteServersTestJSON-2000775916-network', 'tenant_id': '7fa55d94859b498a9e9d98520990488f', 'admin_state_up': True, 'mtu': 8950, 'status': 'ACTIVE', 'subnets': [], 'shared': False, 'project_id': '7fa55d94859b498a9e9d98520990488f', 'port_security_enabled': True, 'router:external': False, 'provider:network_type': 'vlan', 'provider:physical_network': 'default', 'provider:segmentation_id': 397, 'availability_zone_hints': [], 'availability_zones': [], 'ipv4_address_scope': None, 'ipv6_address_scope': None, 'description': '', 'tags': [], 'created_at': '2025-04-03T15:02:09Z', 'updated_at': '2025-04-03T15:02:09Z', 'revision_number': 1} available for tenant
2025-04-03 15:03:31.371 69799 INFO tempest.lib.common.rest_client [req-67208332-23b7-46fa-8d87-7066c1cad433 req-67208332-23b7-46fa-8d87-7066c1cad433 ] Request (ServersListShow298Test:test_list_show_update_rebuild_server_298): 200 GET http://10.180.1.21/compute/v2.1/servers/83c98adf-e50f-4908-b1fe-c42c7a2568cf 0.183s
2025-04-03 15:03:31.423 69845 INFO tempest.lib.common.rest_client [req-57000a50-c8f9-4a49-917b-59a679f49ecf req-57000a50-c8f9-4a49-917b-59a679f49ecf ] Request (ServerActionsV293TestJSON:setUpClass): 200 GET http://10.180.1.21/volume/v3/volumes/101112b8-164f-4e1f-8ed8-6cb704a4e0d0 0.051s
2025-04-03 15:03:31.435 69845 INFO tempest.common.waiters [-] volume 101112b8-164f-4e1f-8ed8-6cb704a4e0d0 reached available after waiting for 19.435767 seconds
2025-04-03 15:03:31.492 69853 INFO tempest.lib.common.rest_client [req-b70467fa-87b1-4680-831a-750b815e8627 req-b70467fa-87b1-4680-831a-750b815e8627 ] Request (MigrationsAdminTest:test_list_migrations_in_flavor_resize_situation): 200 GET http://10.180.1.21/compute/v2.1/servers/a09a75d5-e39c-40c6-9f3e-343928a2c96e 0.299s
2025-04-03 15:03:31.561 69851 INFO tempest.lib.common.rest_client [req-d481f1ab-6089-4612-9413-10878f1806b9 req-d481f1ab-6089-4612-9413-10878f1806b9 ] Request (ServerDiskConfigTestJSON:test_resize_server_from_auto_to_manual): 200 GET http://10.180.1.21/compute/v2.1/servers/29474f4a-15a6-41cb-8df5-8fdb1747f116 0.318s
2025-04-03 15:03:31.581 69843 INFO tempest.lib.common.rest_client [req-cb0f26a6-9c2d-455b-b8fa-f8550654dd2f req-cb0f26a6-9c2d-455b-b8fa-f8550654dd2f ] Request (FloatingIPsAssociationTestJSON:test_associate_already_associated_floating_ip): 200 GET http://10.180.1.21/compute/v2.1/servers/a4700b2f-00f1-49aa-af3d-8045c6f6a797 0.531s
2025-04-03 15:03:31.587 69847 INFO tempest.lib.common.rest_client [req-a550fd34-57fa-43b8-9d6e-f9af64bcd50d req-a550fd34-57fa-43b8-9d6e-f9af64bcd50d ] Request (ServersV294TestFqdnHostnames:setUpClass): 201 POST http://10.180.1.21:9696/networking/v2.0/routers 1.289s
2025-04-03 15:03:31.592 69843 INFO tempest.common.waiters [-] State transition "BUILD/block_device_mapping" ==> "BUILD/spawning" after 42 second wait
2025-04-03 15:03:31.612 69849 INFO tempest.lib.common.rest_client [req-f22bbc31-67ca-4d96-b4e6-2665702b7a9e req-f22bbc31-67ca-4d96-b4e6-2665702b7a9e ] Request (ServersNegativeTestMultiTenantJSON:setUpClass): 200 GET http://10.180.1.21/compute/v2.1/servers/1e853890-eff8-4c59-95f0-b1a81133b6f9 0.309s
2025-04-03 15:03:31.634 69817 INFO tempest.lib.common.rest_client [req-cac20024-5455-4678-99a9-3c1df482a901 req-cac20024-5455-4678-99a9-3c1df482a901 ] Request (ImagesTestJSON:test_create_image_from_suspended_server): 200 GET http://10.180.1.21/compute/v2.1/images/83e3d116-955b-4d32-b061-f0a2e0765823 0.327s
2025-04-03 15:03:31.668 69817 INFO tempest.lib.common.rest_client [req-10552c2a-b562-424b-95bc-0296640d1a9a req-10552c2a-b562-424b-95bc-0296640d1a9a ] Request (ImagesTestJSON:test_create_image_from_suspended_server): 200 GET http://10.180.1.21/image/v2/images/83e3d116-955b-4d32-b061-f0a2e0765823/tasks 0.029s
2025-04-03 15:03:31.920 69835 INFO tempest.lib.common.rest_client [req-e85c596f-ce59-4afc-8bc3-49e85a56fd99 req-e85c596f-ce59-4afc-8bc3-49e85a56fd99 ] Request (ServerMetadataNegativeTestJSON:setUpClass): 200 GET http://10.180.1.21/compute/v2.1/servers/a0978186-2fc8-4763-ae5a-b70e5a8e8b28 0.589s
2025-04-03 15:03:31.966 69833 INFO tempest.lib.common.rest_client [req-a0c307d4-2fa2-40de-a63c-bfccea6022b3 req-a0c307d4-2fa2-40de-a63c-bfccea6022b3 ] Request (DeleteServersTestJSON:test_delete_server_while_in_attached_volume): 202 POST http://10.180.1.21/compute/v2.1/servers 0.654s
2025-04-03 15:03:32.001 69807 INFO tempest.lib.common.rest_client [req-9ec406f4-aab1-4290-b5b4-5829ab28857e req-9ec406f4-aab1-4290-b5b4-5829ab28857e ] Request (DeleteServersAdminTestJSON:test_delete_server_while_in_error_state): 200 GET http://10.180.1.21/compute/v2.1/servers/3627b7e2-a873-46df-a5bf-84114546d285 0.568s
2025-04-03 15:03:32.009 69807 INFO tempest.common.waiters [-] State transition "ERROR/deleting" ==> "DELETED/None" after 4 second wait
2025-04-03 15:03:32.101 69815 INFO tempest.lib.common.rest_client [req-434df9ca-efd5-4c89-83f5-5fe04677df7d req-434df9ca-efd5-4c89-83f5-5fe04677df7d ] Request (SecurityGroupsTestJSON:test_list_security_groups_by_server): 200 GET http://10.180.1.21/compute/v2.1/servers/5e338780-2cf4-436c-ae29-6225d56648fa 0.585s
2025-04-03 15:03:32.223 69817 INFO tempest.lib.common.rest_client [req-3af870cb-1a73-4e18-89da-964777ad00b8 req-3af870cb-1a73-4e18-89da-964777ad00b8 ] Request (ImagesTestJSON:_run_cleanups): 204 DELETE http://10.180.1.21/compute/v2.1/images/83e3d116-955b-4d32-b061-f0a2e0765823 0.554s
2025-04-03 15:03:32.350 69823 INFO tempest.lib.common.rest_client [req-72f5a4cc-26f3-47f2-91fd-8fe6c1b174f7 req-72f5a4cc-26f3-47f2-91fd-8fe6c1b174f7 ] Request (ImagesNegativeTestJSON:test_create_image_from_deleted_server): 200 GET http://10.180.1.21/compute/v2.1/servers/d76e5784-8fdf-4af0-b983-d2f2dfa3d7bc 0.640s
2025-04-03 15:03:32.431 69845 INFO tempest.lib.common.rest_client [req-a31eed5f-5870-443c-9632-9936de815446 req-a31eed5f-5870-443c-9632-9936de815446 ] Request (ServerActionsV293TestJSON:setUpClass): 202 POST http://10.180.1.21/compute/v2.1/servers 0.995s
2025-04-03 15:03:32.433 69831 WARNING tempest.lib.common.ssh [-] Failed to establish authenticated ssh connection to cirros@10.180.180.162 ([Errno None] Unable to connect to port 22 on 10.180.180.162). Number attempts: 6. Retry after 7 seconds.: paramiko.ssh_exception.NoValidConnectionsError: [Errno None] Unable to connect to port 22 on 10.180.180.162
2025-04-03 15:03:32.471 69825 INFO tempest.lib.common.rest_client [req-3a17ed42-c517-4a92-8a4e-e68834d5cc0e req-3a17ed42-c517-4a92-8a4e-e68834d5cc0e ] Request (ServersNegativeTestJSON:setUpClass): 200 GET http://10.180.1.21/compute/v2.1/servers/e2d3f1f0-30a5-41bb-804a-a57073b4fed5 0.698s
2025-04-03 15:03:32.500 69821 INFO tempest.lib.common.rest_client [req-4f6b3d8d-f958-424d-a5d8-d6f7e591b15e req-4f6b3d8d-f958-424d-a5d8-d6f7e591b15e ] Request (ServerRescueTestJSONUnderV235:setUpClass): 200 GET http://10.180.1.21/compute/v2.1/servers/9848e301-0bc2-43f1-ba0f-afbe47ad0247 0.639s
2025-04-03 15:03:32.546 69833 INFO tempest.lib.common.rest_client [req-441c31ef-3b52-4706-8243-150ec5e4c4aa req-441c31ef-3b52-4706-8243-150ec5e4c4aa ] Request (DeleteServersTestJSON:test_delete_server_while_in_attached_volume): 200 GET http://10.180.1.21/compute/v2.1/servers/4183d319-37e1-4d9d-9b53-e629d6fc84f5 0.578s
2025-04-03 15:03:32.569 69841 INFO tempest.lib.common.rest_client [req-a23d4a58-d2e3-4196-89d5-382ab20d5a8f req-a23d4a58-d2e3-4196-89d5-382ab20d5a8f ] Request (ImagesOneServerTestJSON:tearDownClass): 200 GET http://10.180.1.21/compute/v2.1/servers/995a6972-c2c5-4559-bec6-b5de4ed09a61 0.608s
2025-04-03 15:03:32.669 69837 INFO tempest.lib.common.rest_client [req-eb4f28a3-cf3a-40a2-8b92-a968e3fca58f req-eb4f28a3-cf3a-40a2-8b92-a968e3fca58f ] Request (ImagesOneServerNegativeTestJSON:_run_cleanups): 200 GET http://10.180.1.21/compute/v2.1/servers/31d05edc-ce5c-494d-b7aa-54d937656ca9 0.699s
2025-04-03 15:03:32.733 69805 INFO tempest.lib.common.rest_client [req-3310d882-ada4-46ce-8957-314df1ba292a req-3310d882-ada4-46ce-8957-314df1ba292a ] Request (ServersAdminTestJSON:test_inject_network_info): 200 GET http://10.180.1.21/compute/v2.1/servers/bf16ff00-3ca8-4e48-96f9-20e7c5641bb7 0.603s
2025-04-03 15:03:32.783 69829 INFO tempest.lib.common.rest_client [req-970fa550-d8c6-4c3c-9a4d-2646f7666edb req-970fa550-d8c6-4c3c-9a4d-2646f7666edb ] Request (ServersTestMultiNic:_run_cleanups): 200 GET http://10.180.1.21/compute/v2.1/servers/ed30ff05-dd61-418f-848a-45ff94fac298 0.704s
2025-04-03 15:03:32.801 69861 INFO tempest.lib.common.rest_client [req-ec52f5e9-5f90-4f48-91b6-102e5aa5474c req-ec52f5e9-5f90-4f48-91b6-102e5aa5474c ] Request (ServersTestBootFromVolume:setUpClass): 200 GET http://10.180.1.21/compute/v2.1/servers/fc5e7855-fa94-4e1d-8208-00d876b1f896 0.602s
2025-04-03 15:03:32.890 69801 INFO tempest.lib.common.rest_client [req-30452450-a0f5-417e-bfe3-0ead466c45da req-30452450-a0f5-417e-bfe3-0ead466c45da ] Request (ListImageFiltersTestJSON:setUpClass): 200 GET http://10.180.1.21/compute/v2.1/servers/eb369bb1-f4d2-4286-a4d0-f1a7080e7723 0.614s
2025-04-03 15:03:32.921 69817 INFO tempest.lib.common.rest_client [req-a1f5bdde-437f-43d3-bf41-ad1571986a3e req-a1f5bdde-437f-43d3-bf41-ad1571986a3e ] Request (ImagesTestJSON:_run_cleanups): 204 DELETE http://10.180.1.21/compute/v2.1/servers/c299fcb9-93a7-418b-afc3-fd10ba330c44 0.697s
2025-04-03 15:03:32.967 69799 INFO tempest.lib.common.rest_client [req-e86c402d-2ad9-4c27-a6b6-108381dcf28b req-e86c402d-2ad9-4c27-a6b6-108381dcf28b ] Request (ServersListShow298Test:test_list_show_update_rebuild_server_298): 200 GET http://10.180.1.21/compute/v2.1/servers/83c98adf-e50f-4908-b1fe-c42c7a2568cf 0.576s
2025-04-03 15:03:32.999 69845 INFO tempest.lib.common.rest_client [req-623ae27a-f4d2-456a-8de3-a537b67a919b req-623ae27a-f4d2-456a-8de3-a537b67a919b ] Request (ServerActionsV293TestJSON:setUpClass): 200 GET http://10.180.1.21/compute/v2.1/servers/9c8ddf15-1774-4e8d-ab95-2b9f480f5bc3 0.565s
2025-04-03 15:03:33.018 69817 INFO tempest.lib.common.rest_client [req-10d97a4c-63e4-4286-9c2a-b8fe05aebc90 req-10d97a4c-63e4-4286-9c2a-b8fe05aebc90 ] Request (ImagesTestJSON:test_create_server_from_snapshot): 201 POST http://10.180.1.21/identity/v3/auth/tokens 0.092s
2025-04-03 15:03:33.018 69817 INFO tempest.lib.common.fixed_network [-] (ImagesTestJSON:test_create_server_from_snapshot) Found network {'id': '030b3c95-7d20-47a0-84ab-8d758f7a69ab', 'name': 'tempest-ImagesTestJSON-1698698273-network', 'tenant_id': 'bb779692e1a9467ebcf62d5aea115f56', 'admin_state_up': True, 'mtu': 8950, 'status': 'ACTIVE', 'subnets': [], 'shared': False, 'project_id': 'bb779692e1a9467ebcf62d5aea115f56', 'port_security_enabled': True, 'router:external': False, 'provider:network_type': 'vlan', 'provider:physical_network': 'default', 'provider:segmentation_id': 200, 'availability_zone_hints': [], 'availability_zones': [], 'ipv4_address_scope': None, 'ipv6_address_scope': None, 'description': '', 'tags': [], 'created_at': '2025-04-03T15:01:27Z', 'updated_at': '2025-04-03T15:01:27Z', 'revision_number': 1} available for tenant
2025-04-03 15:03:33.083 69851 INFO tempest.lib.common.rest_client [req-c2f008eb-8044-4130-a5c3-a0f8066ffc34 req-c2f008eb-8044-4130-a5c3-a0f8066ffc34 ] Request (ServerDiskConfigTestJSON:test_resize_server_from_auto_to_manual): 200 GET http://10.180.1.21/compute/v2.1/servers/29474f4a-15a6-41cb-8df5-8fdb1747f116 0.510s
2025-04-03 15:03:33.087 69853 INFO tempest.lib.common.rest_client [req-c86b6b1b-e329-4384-a72f-9d42a7d9a12a req-c86b6b1b-e329-4384-a72f-9d42a7d9a12a ] Request (MigrationsAdminTest:test_list_migrations_in_flavor_resize_situation): 200 GET http://10.180.1.21/compute/v2.1/servers/a09a75d5-e39c-40c6-9f3e-343928a2c96e 0.585s
2025-04-03 15:03:33.147 69849 INFO tempest.lib.common.rest_client [req-862a362a-4aec-4926-89eb-898af2976ffa req-862a362a-4aec-4926-89eb-898af2976ffa ] Request (ServersNegativeTestMultiTenantJSON:setUpClass): 200 GET http://10.180.1.21/compute/v2.1/servers/1e853890-eff8-4c59-95f0-b1a81133b6f9 0.522s
2025-04-03 15:03:33.259 69835 INFO tempest.lib.common.rest_client [req-2d7af678-6d1f-4c59-bcaf-92e2c11edd70 req-2d7af678-6d1f-4c59-bcaf-92e2c11edd70 ] Request (ServerMetadataNegativeTestJSON:setUpClass): 200 GET http://10.180.1.21/compute/v2.1/servers/a0978186-2fc8-4763-ae5a-b70e5a8e8b28 0.328s
2025-04-03 15:03:33.296 69843 INFO tempest.lib.common.rest_client [req-79836d97-4073-43d3-a04b-96de1c088e02 req-79836d97-4073-43d3-a04b-96de1c088e02 ] Request (FloatingIPsAssociationTestJSON:test_associate_already_associated_floating_ip): 200 GET http://10.180.1.21/compute/v2.1/servers/a4700b2f-00f1-49aa-af3d-8045c6f6a797 0.702s
2025-04-03 15:03:33.362 69807 INFO tempest.lib.common.rest_client [req-dda446dc-d0ac-4e65-9e8c-6ce680a8fb85 req-dda446dc-d0ac-4e65-9e8c-6ce680a8fb85 ] Request (DeleteServersAdminTestJSON:test_delete_server_while_in_error_state): 200 GET http://10.180.1.21/compute/v2.1/servers/3627b7e2-a873-46df-a5bf-84114546d285 0.352s
