2025-04-03 15:03:37.862 69853 INFO tempest.lib.common.rest_client [req-a1f513bd-fdcb-49da-96fc-a68a7a872e18 req-a1f513bd-fdcb-49da-96fc-a68a7a872e18 ] Request (MigrationsAdminTest:test_list_migrations_in_flavor_resize_situation): 200 GET http://10.180.1.21/compute/v2.1/servers/a09a75d5-e39c-40c6-9f3e-343928a2c96e 0.101s
2025-04-03 15:03:38.078 69815 INFO tempest.lib.common.rest_client [req-77fbdb2c-6640-48b8-a43f-cf36bdc35e8e req-77fbdb2c-6640-48b8-a43f-cf36bdc35e8e ] Request (SecurityGroupsTestJSON:test_list_security_groups_by_server): 200 GET http://10.180.1.21/compute/v2.1/servers/5e338780-2cf4-436c-ae29-6225d56648fa 0.097s
2025-04-03 15:03:38.086 69815 INFO tempest.common.waiters [-] State transition "BUILD/block_device_mapping" ==> "BUILD/spawning" after 41 second wait
2025-04-03 15:03:38.127 69823 INFO tempest.lib.common.rest_client [req-58d8e03f-7488-4b1d-9225-03b4d735ccf9 req-58d8e03f-7488-4b1d-9225-03b4d735ccf9 ] Request (ImagesNegativeTestJSON:test_create_image_from_deleted_server): 200 GET http://10.180.1.21/compute/v2.1/servers/d76e5784-8fdf-4af0-b983-d2f2dfa3d7bc 0.097s
2025-04-03 15:03:38.165 69843 INFO tempest.lib.common.rest_client [req-5d834166-fc20-4f5d-b03f-32fd860d20b8 req-5d834166-fc20-4f5d-b03f-32fd860d20b8 ] Request (FloatingIPsAssociationTestJSON:test_associate_already_associated_floating_ip): 200 GET http://10.180.1.21/compute/v2.1/servers/a4700b2f-00f1-49aa-af3d-8045c6f6a797 0.192s
2025-04-03 15:03:38.180 69825 INFO tempest.lib.common.rest_client [req-92b565b8-86ae-4a82-ab2b-f670bebe115c req-92b565b8-86ae-4a82-ab2b-f670bebe115c ] Request (ServersNegativeTestJSON:setUpClass): 200 GET http://10.180.1.21/compute/v2.1/servers/e2d3f1f0-30a5-41bb-804a-a57073b4fed5 0.150s
2025-04-03 15:03:38.232 69821 INFO tempest.lib.common.rest_client [req-12423a61-8831-479d-99df-a183a9fadf48 req-12423a61-8831-479d-99df-a183a9fadf48 ] Request (ServerRescueTestJSONUnderV235:setUpClass): 200 GET http://10.180.1.21/compute/v2.1/servers/9848e301-0bc2-43f1-ba0f-afbe47ad0247 0.141s
2025-04-03 15:03:38.234 69837 INFO tempest.lib.common.rest_client [req-34b33c7f-85e3-4e07-8fe0-d733b00a9ce1 req-34b33c7f-85e3-4e07-8fe0-d733b00a9ce1 ] Request (ImagesOneServerNegativeTestJSON:_run_cleanups): 200 GET http://10.180.1.21/compute/v2.1/servers/31d05edc-ce5c-494d-b7aa-54d937656ca9 0.076s
2025-04-03 15:03:38.294 69833 INFO tempest.lib.common.rest_client [req-e780166f-0383-45df-98c0-949bb7fe2f07 req-e780166f-0383-45df-98c0-949bb7fe2f07 ] Request (DeleteServersTestJSON:test_delete_server_while_in_attached_volume): 200 GET http://10.180.1.21/compute/v2.1/servers/4183d319-37e1-4d9d-9b53-e629d6fc84f5 0.083s
2025-04-03 15:03:38.301 69835 INFO tempest.lib.common.rest_client [req-6fa3e06e-b8ff-4053-8213-23f49f509f52 req-6fa3e06e-b8ff-4053-8213-23f49f509f52 ] Request (ServerMetadataNegativeTestJSON:tearDownClass): 200 GET http://10.180.1.21/compute/v2.1/servers/a0978186-2fc8-4763-ae5a-b70e5a8e8b28 0.107s
2025-04-03 15:03:38.361 69805 INFO tempest.lib.common.rest_client [req-58216baf-8ed6-4d30-947a-81e9cdc42933 req-58216baf-8ed6-4d30-947a-81e9cdc42933 ] Request (ServersAdminTestJSON:test_inject_network_info): 200 GET http://10.180.1.21/compute/v2.1/servers/bf16ff00-3ca8-4e48-96f9-20e7c5641bb7 0.105s
2025-04-03 15:03:38.377 69829 INFO tempest.lib.common.rest_client [req-d6031ba0-79a5-4154-8518-ac8f57762521 req-d6031ba0-79a5-4154-8518-ac8f57762521 ] Request (ServersTestMultiNic:_run_cleanups): 200 GET http://10.180.1.21/compute/v2.1/servers/ed30ff05-dd61-418f-848a-45ff94fac298 0.099s
2025-04-03 15:03:38.429 69861 INFO tempest.lib.common.rest_client [req-f0d102da-6004-4888-a688-981cb07fc30f req-f0d102da-6004-4888-a688-981cb07fc30f ] Request (ServersTestBootFromVolume:setUpClass): 200 GET http://10.180.1.21/compute/v2.1/servers/fc5e7855-fa94-4e1d-8208-00d876b1f896 0.107s
2025-04-03 15:03:38.433 69801 INFO tempest.lib.common.rest_client [req-49f0b852-85be-4fcb-93ec-f083ebecfe46 req-49f0b852-85be-4fcb-93ec-f083ebecfe46 ] Request (ListImageFiltersTestJSON:setUpClass): 200 GET http://10.180.1.21/compute/v2.1/servers/eb369bb1-f4d2-4286-a4d0-f1a7080e7723 0.048s
2025-04-03 15:03:38.542 69799 INFO tempest.lib.common.rest_client [req-1d00b2a1-f778-4e53-a3c1-39d8ca376215 req-1d00b2a1-f778-4e53-a3c1-39d8ca376215 ] Request (ServersListShow298Test:test_list_show_update_rebuild_server_298): 200 GET http://10.180.1.21/compute/v2.1/servers/83c98adf-e50f-4908-b1fe-c42c7a2568cf 0.070s
2025-04-03 15:03:38.602 69845 INFO tempest.lib.common.rest_client [req-3646fdac-9a23-4910-bdbb-db477127a422 req-3646fdac-9a23-4910-bdbb-db477127a422 ] Request (ServerActionsV293TestJSON:setUpClass): 200 GET http://10.180.1.21/compute/v2.1/servers/9c8ddf15-1774-4e8d-ab95-2b9f480f5bc3 0.064s
2025-04-03 15:03:38.641 69817 INFO tempest.lib.common.rest_client [req-24cccd1e-f4e9-45da-94c5-8de5c611f207 req-24cccd1e-f4e9-45da-94c5-8de5c611f207 ] Request (ImagesTestJSON:test_create_server_from_snapshot): 200 GET http://10.180.1.21/compute/v2.1/servers/de29d366-5596-4109-9b46-3628b86684de 0.058s
2025-04-03 15:03:38.655 69841 INFO tempest.lib.common.rest_client [req-87cf1389-2efa-4f5a-b54f-387fd330eb09 req-87cf1389-2efa-4f5a-b54f-387fd330eb09 ] Request (ServerAddressesNegativeTestJSON:setUpClass): 201 POST http://10.180.1.21:9696/networking/v2.0/routers 1.086s
2025-04-03 15:03:38.661 69849 INFO tempest.lib.common.rest_client [req-4f24540c-b88e-48c1-854a-ce99ef1907f9 req-4f24540c-b88e-48c1-854a-ce99ef1907f9 ] Request (ServersNegativeTestMultiTenantJSON:setUpClass): 200 GET http://10.180.1.21/compute/v2.1/servers/1e853890-eff8-4c59-95f0-b1a81133b6f9 0.052s
2025-04-03 15:03:38.669 69849 INFO tempest.common.waiters [-] State transition "BUILD/None" ==> "BUILD/networking" after 40 second wait
2025-04-03 15:03:38.710 69851 INFO tempest.lib.common.rest_client [req-984b96d8-af1a-49ac-adde-f8b6373b8adf req-984b96d8-af1a-49ac-adde-f8b6373b8adf ] Request (ServerDiskConfigTestJSON:test_resize_server_from_auto_to_manual): 200 GET http://10.180.1.21/compute/v2.1/servers/29474f4a-15a6-41cb-8df5-8fdb1747f116 0.062s
2025-04-03 15:03:38.724 69847 INFO tempest.lib.common.rest_client [req-c25efae1-42a6-49b8-8345-3c35fdeeac73 req-c25efae1-42a6-49b8-8345-3c35fdeeac73 ] Request (ServersV294TestFqdnHostnames:setUpClass): 200 GET http://10.180.1.21/compute/v2.1/servers/516b18ca-fe00-4836-9f5f-c313deab2eb8 0.059s
2025-04-03 15:03:38.891 69807 INFO tempest.lib.common.rest_client [req-2091a386-f1b0-4dc0-ad82-59499395498e req-2091a386-f1b0-4dc0-ad82-59499395498e ] Request (DeleteServersAdminTestJSON:test_delete_server_while_in_error_state): 200 GET http://10.180.1.21/compute/v2.1/servers/3627b7e2-a873-46df-a5bf-84114546d285 0.082s
2025-04-03 15:03:38.968 69853 INFO tempest.lib.common.rest_client [req-dc0ecbbe-0a18-4220-b82c-248aceceb5e6 req-dc0ecbbe-0a18-4220-b82c-248aceceb5e6 ] Request (MigrationsAdminTest:test_list_migrations_in_flavor_resize_situation): 200 GET http://10.180.1.21/compute/v2.1/servers/a09a75d5-e39c-40c6-9f3e-343928a2c96e 0.098s
2025-04-03 15:03:39.195 69823 INFO tempest.lib.common.rest_client [req-73370423-1a9c-4d6b-aeb5-c6f1e7c97ed7 req-73370423-1a9c-4d6b-aeb5-c6f1e7c97ed7 ] Request (ImagesNegativeTestJSON:test_create_image_from_deleted_server): 200 GET http://10.180.1.21/compute/v2.1/servers/d76e5784-8fdf-4af0-b983-d2f2dfa3d7bc 0.061s
2025-04-03 15:03:39.254 69815 INFO tempest.lib.common.rest_client [req-d673e936-49ae-4f2c-b078-834eca4c3a92 req-d673e936-49ae-4f2c-b078-834eca4c3a92 ] Request (SecurityGroupsTestJSON:test_list_security_groups_by_server): 200 GET http://10.180.1.21/compute/v2.1/servers/5e338780-2cf4-436c-ae29-6225d56648fa 0.166s
2025-04-03 15:03:39.314 69843 INFO tempest.lib.common.rest_client [req-b55ac3ad-a2be-4cf3-a0bd-53e0edb3550f req-b55ac3ad-a2be-4cf3-a0bd-53e0edb3550f ] Request (FloatingIPsAssociationTestJSON:test_associate_already_associated_floating_ip): 200 GET http://10.180.1.21/compute/v2.1/servers/a4700b2f-00f1-49aa-af3d-8045c6f6a797 0.138s
2025-04-03 15:03:39.339 69825 INFO tempest.lib.common.rest_client [req-f16c1fed-741e-4734-b16a-10b2c033bfe6 req-f16c1fed-741e-4734-b16a-10b2c033bfe6 ] Request (ServersNegativeTestJSON:setUpClass): 200 GET http://10.180.1.21/compute/v2.1/servers/e2d3f1f0-30a5-41bb-804a-a57073b4fed5 0.150s
2025-04-03 15:03:39.372 69821 INFO tempest.lib.common.rest_client [req-ef524340-ab91-479b-9a0e-e8761aeccbf9 req-ef524340-ab91-479b-9a0e-e8761aeccbf9 ] Request (ServerRescueTestJSONUnderV235:setUpClass): 200 GET http://10.180.1.21/compute/v2.1/servers/9848e301-0bc2-43f1-ba0f-afbe47ad0247 0.133s
2025-04-03 15:03:39.402 69837 INFO tempest.lib.common.rest_client [req-bff27030-66e4-4c0e-b4a0-67bf0e4a8148 req-bff27030-66e4-4c0e-b4a0-67bf0e4a8148 ] Request (ImagesOneServerNegativeTestJSON:_run_cleanups): 200 GET http://10.180.1.21/compute/v2.1/servers/31d05edc-ce5c-494d-b7aa-54d937656ca9 0.161s
2025-04-03 15:03:39.436 69833 INFO tempest.lib.common.rest_client [req-65d8c984-1c6b-4167-a1f5-7294d4c2261b req-65d8c984-1c6b-4167-a1f5-7294d4c2261b ] Request (DeleteServersTestJSON:test_delete_server_while_in_attached_volume): 200 GET http://10.180.1.21/compute/v2.1/servers/4183d319-37e1-4d9d-9b53-e629d6fc84f5 0.130s
2025-04-03 15:03:39.468 69835 INFO tempest.lib.common.rest_client [req-6756f925-e936-4d6d-8ea6-128678d1760f req-6756f925-e936-4d6d-8ea6-128678d1760f ] Request (ServerMetadataNegativeTestJSON:tearDownClass): 200 GET http://10.180.1.21/compute/v2.1/servers/a0978186-2fc8-4763-ae5a-b70e5a8e8b28 0.156s
2025-04-03 15:03:39.476 69835 INFO tempest.common.waiters [-] State transition "ACTIVE/deleting" ==> "DELETED/None" after 4 second wait
2025-04-03 15:03:39.487 69805 INFO tempest.lib.common.rest_client [req-e88677c4-084e-499f-9d2a-b4d4e45d8af0 req-e88677c4-084e-499f-9d2a-b4d4e45d8af0 ] Request (ServersAdminTestJSON:test_inject_network_info): 200 GET http://10.180.1.21/compute/v2.1/servers/bf16ff00-3ca8-4e48-96f9-20e7c5641bb7 0.117s
2025-04-03 15:03:39.535 69829 INFO tempest.lib.common.rest_client [req-9e761096-8ed9-4362-8b09-80a644ea7195 req-9e761096-8ed9-4362-8b09-80a644ea7195 ] Request (ServersTestMultiNic:_run_cleanups): 200 GET http://10.180.1.21/compute/v2.1/servers/ed30ff05-dd61-418f-848a-45ff94fac298 0.151s
2025-04-03 15:03:39.543 69801 INFO tempest.lib.common.rest_client [req-0c32a636-f0f5-4f34-9f77-8e0e14eebe5a req-0c32a636-f0f5-4f34-9f77-8e0e14eebe5a ] Request (ListImageFiltersTestJSON:setUpClass): 200 GET http://10.180.1.21/compute/v2.1/servers/eb369bb1-f4d2-4286-a4d0-f1a7080e7723 0.098s
2025-04-03 15:03:39.594 69861 INFO tempest.lib.common.rest_client [req-a4f0d0f5-ab68-4626-a341-85f8d660712f req-a4f0d0f5-ab68-4626-a341-85f8d660712f ] Request (ServersTestBootFromVolume:setUpClass): 200 GET http://10.180.1.21/compute/v2.1/servers/fc5e7855-fa94-4e1d-8208-00d876b1f896 0.142s
2025-04-03 15:03:39.624 69799 INFO tempest.lib.common.rest_client [req-72a0fd00-a8bc-443d-87e4-6a4765c166f4 req-72a0fd00-a8bc-443d-87e4-6a4765c166f4 ] Request (ServersListShow298Test:test_list_show_update_rebuild_server_298): 200 GET http://10.180.1.21/compute/v2.1/servers/83c98adf-e50f-4908-b1fe-c42c7a2568cf 0.067s
2025-04-03 15:03:39.699 69845 INFO tempest.lib.common.rest_client [req-f1b6f2f7-0c12-4c0f-9024-75619f0506cb req-f1b6f2f7-0c12-4c0f-9024-75619f0506cb ] Request (ServerActionsV293TestJSON:setUpClass): 200 GET http://10.180.1.21/compute/v2.1/servers/9c8ddf15-1774-4e8d-ab95-2b9f480f5bc3 0.084s
2025-04-03 15:03:39.717 69817 INFO tempest.lib.common.rest_client [req-adf9b8d6-fdf0-46bf-9308-523d13aab200 req-adf9b8d6-fdf0-46bf-9308-523d13aab200 ] Request (ImagesTestJSON:test_create_server_from_snapshot): 200 GET http://10.180.1.21/compute/v2.1/servers/de29d366-5596-4109-9b46-3628b86684de 0.065s
2025-04-03 15:03:39.789 69851 INFO tempest.lib.common.rest_client [req-14e52913-4adf-46b4-b958-42f5017fe300 req-14e52913-4adf-46b4-b958-42f5017fe300 ] Request (ServerDiskConfigTestJSON:test_resize_server_from_auto_to_manual): 200 GET http://10.180.1.21/compute/v2.1/servers/29474f4a-15a6-41cb-8df5-8fdb1747f116 0.069s
2025-04-03 15:03:39.854 69847 INFO tempest.lib.common.rest_client [req-b98bff48-3942-4999-a73a-29266a2c4ef1 req-b98bff48-3942-4999-a73a-29266a2c4ef1 ] Request (ServersV294TestFqdnHostnames:setUpClass): 200 GET http://10.180.1.21/compute/v2.1/servers/516b18ca-fe00-4836-9f5f-c313deab2eb8 0.120s
2025-04-03 15:03:39.937 69849 INFO tempest.lib.common.rest_client [req-b02b49df-dfc6-4d03-a324-0e4743e50b99 req-b02b49df-dfc6-4d03-a324-0e4743e50b99 ] Request (ServersNegativeTestMultiTenantJSON:setUpClass): 200 GET http://10.180.1.21/compute/v2.1/servers/1e853890-eff8-4c59-95f0-b1a81133b6f9 0.266s
2025-04-03 15:03:39.949 69849 INFO tempest.common.waiters [-] State transition "BUILD/networking" ==> "BUILD/block_device_mapping" after 41 second wait
2025-04-03 15:03:39.968 69807 INFO tempest.lib.common.rest_client [req-c412ed06-79da-4631-b980-e3dc743cadc6 req-c412ed06-79da-4631-b980-e3dc743cadc6 ] Request (DeleteServersAdminTestJSON:test_delete_server_while_in_error_state): 200 GET http://10.180.1.21/compute/v2.1/servers/3627b7e2-a873-46df-a5bf-84114546d285 0.068s
2025-04-03 15:03:40.107 69853 INFO tempest.lib.common.rest_client [req-f9c5482c-d913-4b14-b827-e4550bd327a4 req-f9c5482c-d913-4b14-b827-e4550bd327a4 ] Request (MigrationsAdminTest:test_list_migrations_in_flavor_resize_situation): 200 GET http://10.180.1.21/compute/v2.1/servers/a09a75d5-e39c-40c6-9f3e-343928a2c96e 0.129s
2025-04-03 15:03:40.262 69823 INFO tempest.lib.common.rest_client [req-72f38390-c2d5-43bf-9a98-6bb34e149959 req-72f38390-c2d5-43bf-9a98-6bb34e149959 ] Request (ImagesNegativeTestJSON:test_create_image_from_deleted_server): 200 GET http://10.180.1.21/compute/v2.1/servers/d76e5784-8fdf-4af0-b983-d2f2dfa3d7bc 0.059s
2025-04-03 15:03:40.423 69843 INFO tempest.lib.common.rest_client [req-56803e65-017d-4f6b-af8b-92dfeab8f591 req-56803e65-017d-4f6b-af8b-92dfeab8f591 ] Request (FloatingIPsAssociationTestJSON:test_associate_already_associated_floating_ip): 200 GET http://10.180.1.21/compute/v2.1/servers/a4700b2f-00f1-49aa-af3d-8045c6f6a797 0.102s
2025-04-03 15:03:40.430 69843 INFO tempest.common.waiters [-] State transition "BUILD/spawning" ==> "ACTIVE/None" after 51 second wait
2025-04-03 15:03:40.444 69815 INFO tempest.lib.common.rest_client [req-8f01c475-1bcb-4d01-abc0-a6ad858f3a25 req-8f01c475-1bcb-4d01-abc0-a6ad858f3a25 ] Request (SecurityGroupsTestJSON:test_list_security_groups_by_server): 200 GET http://10.180.1.21/compute/v2.1/servers/5e338780-2cf4-436c-ae29-6225d56648fa 0.177s
2025-04-03 15:03:40.505 69821 INFO tempest.lib.common.rest_client [req-3ea9392a-a9ee-4f9f-9a0a-a2ebd36515f4 req-3ea9392a-a9ee-4f9f-9a0a-a2ebd36515f4 ] Request (ServerRescueTestJSONUnderV235:setUpClass): 200 GET http://10.180.1.21/compute/v2.1/servers/9848e301-0bc2-43f1-ba0f-afbe47ad0247 0.123s
2025-04-03 15:03:40.508 69825 INFO tempest.lib.common.rest_client [req-0efeaf7b-7914-47f0-a165-ce12aa73a0a5 req-0efeaf7b-7914-47f0-a165-ce12aa73a0a5 ] Request (ServersNegativeTestJSON:setUpClass): 200 GET http://10.180.1.21/compute/v2.1/servers/e2d3f1f0-30a5-41bb-804a-a57073b4fed5 0.160s
2025-04-03 15:03:40.516 69841 INFO tempest.lib.common.rest_client [req-cd5c0b1a-9ed6-473b-9ad5-3f2d8b7b9672 req-cd5c0b1a-9ed6-473b-9ad5-3f2d8b7b9672 ] Request (ServerAddressesNegativeTestJSON:setUpClass): 200 PUT http://10.180.1.21:9696/networking/v2.0/routers/6c73f503-f837-4d68-be2c-1f3518713f58/add_router_interface 1.860s
2025-04-03 15:03:40.516 69841 INFO tempest.lib.common.dynamic_creds [-] Created isolated network resources for: credentials: Credentials: {'domain_id': 'default', 'domain_name': 'Default', 'username': 'tempest-ServerAddressesNegativeTestJSON-1389694522-project-member', 'project_domain_id': 'default', 'project_domain_name': 'Default', 'project_id': 'bf25da06950446a2a7c759c1ad96d072', 'project_name': 'tempest-ServerAddressesNegativeTestJSON-1389694522', 'tenant_id': 'bf25da06950446a2a7c759c1ad96d072', 'tenant_name': 'tempest-ServerAddressesNegativeTestJSON-1389694522', 'user_domain_id': 'default', 'user_domain_name': 'Default', 'user_id': 'e2cfdf4b467245e2a0db299bfd621195', 'system': None}, Network: {'id': '190550de-353c-4df0-85db-29177c1fbb5b', 'name': 'tempest-ServerAddressesNegativeTestJSON-723836771-network', 'tenant_id': 'bf25da06950446a2a7c759c1ad96d072', 'admin_state_up': True, 'mtu': 8950, 'status': 'ACTIVE', 'subnets': [], 'shared': False, 'project_id': 'bf25da06950446a2a7c759c1ad96d072', 'port_security_enabled': True, 'router:external': False, 'provider:network_type': 'vlan', 'provider:physical_network': 'default', 'provider:segmentation_id': 176, 'availability_zone_hints': [], 'availability_zones': [], 'ipv4_address_scope': None, 'ipv6_address_scope': None, 'description': '', 'tags': [], 'created_at': '2025-04-03T15:03:37Z', 'updated_at': '2025-04-03T15:03:37Z', 'revision_number': 1}, Subnet: {'id': '77d88d46-39c8-4841-9c67-66d31b5ceb4d', 'name': 'tempest-ServerAddressesNegativeTestJSON-723836771-subnet', 'tenant_id': 'bf25da06950446a2a7c759c1ad96d072', 'network_id': '190550de-353c-4df0-85db-29177c1fbb5b', 'ip_version': 4, 'subnetpool_id': None, 'enable_dhcp': True, 'ipv6_ra_mode': None, 'ipv6_address_mode': None, 'gateway_ip': '192.168.128.1', 'cidr': '192.168.128.0/28', 'allocation_pools': [{'start': '192.168.128.2', 'end': '192.168.128.14'}], 'host_routes': [], 'dns_nameservers': [], 'description': '', 'router:external': False, 'service_types': [], 'tags': [], 'created_at': '2025-04-03T15:03:37Z', 'updated_at': '2025-04-03T15:03:37Z', 'revision_number': 0, 'project_id': 'bf25da06950446a2a7c759c1ad96d072'}, Router: {'id': '6c73f503-f837-4d68-be2c-1f3518713f58', 'name': 'tempest-ServerAddressesNegativeTestJSON-723836771-router', 'tenant_id': 'bf25da06950446a2a7c759c1ad96d072', 'admin_state_up': True, 'status': 'ACTIVE', 'external_gateway_info': {'network_id': 'e0b7acc9-2c91-4706-b31a-6313c9a8262a', 'external_fixed_ips': [{'subnet_id': '84978cc7-a931-46f2-bb73-45d66aef57be', 'ip_address': '10.180.180.223'}], 'enable_snat': True}, 'description': '', 'availability_zones': [], 'distributed': False, 'ha': False, 'availability_zone_hints': [], 'routes': [], 'flavor_id': None, 'tags': [], 'created_at': '2025-04-03T15:03:37Z', 'updated_at': '2025-04-03T15:03:38Z', 'revision_number': 2, 'project_id': 'bf25da06950446a2a7c759c1ad96d072'}
2025-04-03 15:03:40.578 69837 INFO tempest.lib.common.rest_client [req-58caa683-59ba-4131-9fe5-29802204ad5a req-58caa683-59ba-4131-9fe5-29802204ad5a ] Request (ImagesOneServerNegativeTestJSON:_run_cleanups): 200 GET http://10.180.1.21/compute/v2.1/servers/31d05edc-ce5c-494d-b7aa-54d937656ca9 0.160s
2025-04-03 15:03:40.596 69841 INFO tempest.lib.common.rest_client [req-81884d48-f82e-4359-a3e0-3cfd62b8dba9 req-81884d48-f82e-4359-a3e0-3cfd62b8dba9 ] Request (ServerAddressesNegativeTestJSON:setUpClass): 201 POST http://10.180.1.21/identity/v3/auth/tokens 0.077s
2025-04-03 15:03:40.630 69841 INFO tempest.lib.common.rest_client [req-b28152fb-6128-4415-93de-e25a36eb8c79 req-b28152fb-6128-4415-93de-e25a36eb8c79 ] Request (ServerAddressesNegativeTestJSON:setUpClass): 201 POST http://10.180.1.21/identity/v3/auth/tokens 0.031s
2025-04-03 15:03:40.631 69841 INFO tempest.lib.common.fixed_network [-] (ServerAddressesNegativeTestJSON:setUpClass) Found network {'id': '190550de-353c-4df0-85db-29177c1fbb5b', 'name': 'tempest-ServerAddressesNegativeTestJSON-723836771-network', 'tenant_id': 'bf25da06950446a2a7c759c1ad96d072', 'admin_state_up': True, 'mtu': 8950, 'status': 'ACTIVE', 'subnets': [], 'shared': False, 'project_id': 'bf25da06950446a2a7c759c1ad96d072', 'port_security_enabled': True, 'router:external': False, 'provider:network_type': 'vlan', 'provider:physical_network': 'default', 'provider:segmentation_id': 176, 'availability_zone_hints': [], 'availability_zones': [], 'ipv4_address_scope': None, 'ipv6_address_scope': None, 'description': '', 'tags': [], 'created_at': '2025-04-03T15:03:37Z', 'updated_at': '2025-04-03T15:03:37Z', 'revision_number': 1} available for tenant
2025-04-03 15:03:40.634 69833 INFO tempest.lib.common.rest_client [req-bcafb905-d03d-4364-baab-1205ac250a9c req-bcafb905-d03d-4364-baab-1205ac250a9c ] Request (DeleteServersTestJSON:test_delete_server_while_in_attached_volume): 200 GET http://10.180.1.21/compute/v2.1/servers/4183d319-37e1-4d9d-9b53-e629d6fc84f5 0.188s
2025-04-03 15:03:40.689 69827 WARNING tempest.lib.common.ssh [-] Failed to establish authenticated ssh connection to cirros@10.180.180.237 ([Errno None] Unable to connect to port 22 on 10.180.180.237). Number attempts: 8. Retry after 9 seconds.: paramiko.ssh_exception.NoValidConnectionsError: [Errno None] Unable to connect to port 22 on 10.180.180.237
2025-04-03 15:03:40.700 69835 INFO tempest.lib.common.rest_client [req-bfc767ca-11dc-4c1f-ad9e-f1831f836d29 req-bfc767ca-11dc-4c1f-ad9e-f1831f836d29 ] Request (ServerMetadataNegativeTestJSON:tearDownClass): 200 GET http://10.180.1.21/compute/v2.1/servers/a0978186-2fc8-4763-ae5a-b70e5a8e8b28 0.221s
2025-04-03 15:03:40.764 69805 INFO tempest.lib.common.rest_client [req-c1416818-4cf4-4e41-a96b-b1c29d3fe166 req-c1416818-4cf4-4e41-a96b-b1c29d3fe166 ] Request (ServersAdminTestJSON:test_inject_network_info): 200 GET http://10.180.1.21/compute/v2.1/servers/bf16ff00-3ca8-4e48-96f9-20e7c5641bb7 0.266s
2025-04-03 15:03:40.828 69829 INFO tempest.lib.common.rest_client [req-ee20057a-4596-4378-80c6-c6114304e1ae req-ee20057a-4596-4378-80c6-c6114304e1ae ] Request (ServersTestMultiNic:_run_cleanups): 200 GET http://10.180.1.21/compute/v2.1/servers/ed30ff05-dd61-418f-848a-45ff94fac298 0.284s
2025-04-03 15:03:40.882 69801 INFO tempest.lib.common.rest_client [req-c1eb7bc3-0974-4c12-864b-26a7f951f9d6 req-c1eb7bc3-0974-4c12-864b-26a7f951f9d6 ] Request (ListImageFiltersTestJSON:setUpClass): 200 GET http://10.180.1.21/compute/v2.1/servers/eb369bb1-f4d2-4286-a4d0-f1a7080e7723 0.325s
2025-04-03 15:03:40.935 69861 INFO tempest.lib.common.rest_client [req-bb34d4b8-baf7-421b-a6c3-84373291b9a9 req-bb34d4b8-baf7-421b-a6c3-84373291b9a9 ] Request (ServersTestBootFromVolume:setUpClass): 200 GET http://10.180.1.21/compute/v2.1/servers/fc5e7855-fa94-4e1d-8208-00d876b1f896 0.333s
2025-04-03 15:03:41.336 69841 INFO tempest.lib.common.rest_client [req-6988c133-6c67-4284-925f-4ff35f8483e4 req-6988c133-6c67-4284-925f-4ff35f8483e4 ] Request (ServerAddressesNegativeTestJSON:setUpClass): 202 POST http://10.180.1.21/compute/v2.1/servers 0.705s
2025-04-03 15:03:41.403 69799 INFO tempest.lib.common.rest_client [req-d1ebef2c-4a5e-4831-9ca8-0eab10bdc188 req-d1ebef2c-4a5e-4831-9ca8-0eab10bdc188 ] Request (ServersListShow298Test:test_list_show_update_rebuild_server_298): 200 GET http://10.180.1.21/compute/v2.1/servers/83c98adf-e50f-4908-b1fe-c42c7a2568cf 0.766s
2025-04-03 15:03:41.413 69799 INFO tempest.common.waiters [-] State transition "REBUILD/rebuild_spawning" ==> "ACTIVE/None" after 10 second wait
2025-04-03 15:03:41.463 69845 INFO tempest.lib.common.rest_client [req-1b88f1a0-6c1b-4cf1-9282-1d0c332edc72 req-1b88f1a0-6c1b-4cf1-9282-1d0c332edc72 ] Request (ServerActionsV293TestJSON:setUpClass): 200 GET http://10.180.1.21/compute/v2.1/servers/9c8ddf15-1774-4e8d-ab95-2b9f480f5bc3 0.749s
2025-04-03 15:03:41.513 69817 INFO tempest.lib.common.rest_client [req-be2c980b-f1d6-44d4-a222-1a3516922b61 req-be2c980b-f1d6-44d4-a222-1a3516922b61 ] Request (ImagesTestJSON:test_create_server_from_snapshot): 200 GET http://10.180.1.21/compute/v2.1/servers/de29d366-5596-4109-9b46-3628b86684de 0.787s
2025-04-03 15:03:41.568 69851 INFO tempest.lib.common.rest_client [req-d7dbf3b9-64e3-4e4b-8d47-d0d61ad597e1 req-d7dbf3b9-64e3-4e4b-8d47-d0d61ad597e1 ] Request (ServerDiskConfigTestJSON:test_resize_server_from_auto_to_manual): 200 GET http://10.180.1.21/compute/v2.1/servers/29474f4a-15a6-41cb-8df5-8fdb1747f116 0.771s
2025-04-03 15:03:41.576 69851 INFO tempest.common.waiters [-] State transition "BUILD/scheduling" ==> "BUILD/None" after 21 second wait
2025-04-03 15:03:41.624 69847 INFO tempest.lib.common.rest_client [req-850ba602-b0f8-4b6e-84ce-36c39dc3355f req-850ba602-b0f8-4b6e-84ce-36c39dc3355f ] Request (ServersV294TestFqdnHostnames:setUpClass): 200 GET http://10.180.1.21/compute/v2.1/servers/516b18ca-fe00-4836-9f5f-c313deab2eb8 0.751s
2025-04-03 15:03:41.658 69843 INFO tempest.lib.common.rest_client [req-744040ab-7d94-4fe8-9b0c-28a26d1596d3 req-744040ab-7d94-4fe8-9b0c-28a26d1596d3 ] Request (FloatingIPsAssociationTestJSON:test_associate_already_associated_floating_ip): 202 POST http://10.180.1.21/compute/v2.1/servers/373884a4-1ca4-412b-adb0-0122a6c3a6ac/action 1.227s
2025-04-03 15:03:41.732 69807 INFO tempest.lib.common.rest_client [req-8e70db81-ede2-4be7-9a2b-83cfcb43a135 req-8e70db81-ede2-4be7-9a2b-83cfcb43a135 ] Request (DeleteServersAdminTestJSON:test_delete_server_while_in_error_state): 200 GET http://10.180.1.21/compute/v2.1/servers/3627b7e2-a873-46df-a5bf-84114546d285 0.757s
2025-04-03 15:03:41.778 69849 INFO tempest.lib.common.rest_client [req-004c772b-5c70-4d9d-9644-f51a5f1114bd req-004c772b-5c70-4d9d-9644-f51a5f1114bd ] Request (ServersNegativeTestMultiTenantJSON:setUpClass): 200 GET http://10.180.1.21/compute/v2.1/servers/1e853890-eff8-4c59-95f0-b1a81133b6f9 0.828s
2025-04-03 15:03:41.788 69849 INFO tempest.common.waiters [-] State transition "BUILD/block_device_mapping" ==> "BUILD/spawning" after 43 second wait
2025-04-03 15:03:41.827 69823 INFO tempest.lib.common.rest_client [req-27c3b8a6-297a-4d0e-860e-ed5c6187156f req-27c3b8a6-297a-4d0e-860e-ed5c6187156f ] Request (ImagesNegativeTestJSON:test_create_image_from_deleted_server): 200 GET http://10.180.1.21/compute/v2.1/servers/d76e5784-8fdf-4af0-b983-d2f2dfa3d7bc 0.554s
2025-04-03 15:03:41.864 69841 INFO tempest.lib.common.rest_client [req-7f9753f9-5b82-47e1-b5d0-8c919a3f23af req-7f9753f9-5b82-47e1-b5d0-8c919a3f23af ] Request (ServerAddressesNegativeTestJSON:setUpClass): 200 GET http://10.180.1.21/compute/v2.1/servers/f1f7dcf6-6b4e-4bea-8b81-cdbeaca0a66e 0.526s
2025-04-03 15:03:41.911 69853 INFO tempest.lib.common.rest_client [req-774e845b-d3ff-4f96-b10f-cc31c5c57c34 req-774e845b-d3ff-4f96-b10f-cc31c5c57c34 ] Request (MigrationsAdminTest:test_list_migrations_in_flavor_resize_situation): 200 GET http://10.180.1.21/compute/v2.1/servers/a09a75d5-e39c-40c6-9f3e-343928a2c96e 0.793s
2025-04-03 15:03:41.938 69799 INFO tempest.lib.common.rest_client [req-6bd1a965-47f1-4b1b-9c61-fa0d1fe62be4 req-6bd1a965-47f1-4b1b-9c61-fa0d1fe62be4 ] Request (ServersListShow298Test:tearDownClass): 204 DELETE http://10.180.1.21/compute/v2.1/servers/83c98adf-e50f-4908-b1fe-c42c7a2568cf 0.518s
2025-04-03 15:03:42.007 69821 INFO tempest.lib.common.rest_client [req-4a3f0eac-4796-4c45-b474-ddc5ca966652 req-4a3f0eac-4796-4c45-b474-ddc5ca966652 ] Request (ServerRescueTestJSONUnderV235:setUpClass): 200 GET http://10.180.1.21/compute/v2.1/servers/9848e301-0bc2-43f1-ba0f-afbe47ad0247 0.493s
2025-04-03 15:03:42.052 69825 INFO tempest.lib.common.rest_client [req-7b955fa0-2cd2-4a47-abac-b33d7bf1b660 req-7b955fa0-2cd2-4a47-abac-b33d7bf1b660 ] Request (ServersNegativeTestJSON:setUpClass): 200 GET http://10.180.1.21/compute/v2.1/servers/e2d3f1f0-30a5-41bb-804a-a57073b4fed5 0.536s
2025-04-03 15:03:42.072 69815 INFO tempest.lib.common.rest_client [req-758d229f-7b88-422d-9832-e05d3b2710c9 req-758d229f-7b88-422d-9832-e05d3b2710c9 ] Request (SecurityGroupsTestJSON:test_list_security_groups_by_server): 200 GET http://10.180.1.21/compute/v2.1/servers/5e338780-2cf4-436c-ae29-6225d56648fa 0.620s
2025-04-03 15:03:42.115 69837 INFO tempest.lib.common.rest_client [req-168ddedd-4eca-4745-8f7e-2a743d25d910 req-168ddedd-4eca-4745-8f7e-2a743d25d910 ] Request (ImagesOneServerNegativeTestJSON:_run_cleanups): 200 GET http://10.180.1.21/compute/v2.1/servers/31d05edc-ce5c-494d-b7aa-54d937656ca9 0.529s
2025-04-03 15:03:42.128 69833 INFO tempest.lib.common.rest_client [req-5aad3a70-e1e5-47f1-bf7d-606043d45cc8 req-5aad3a70-e1e5-47f1-bf7d-606043d45cc8 ] Request (DeleteServersTestJSON:test_delete_server_while_in_attached_volume): 200 GET http://10.180.1.21/compute/v2.1/servers/4183d319-37e1-4d9d-9b53-e629d6fc84f5 0.482s
2025-04-03 15:03:42.198 69835 INFO tempest.lib.common.rest_client [req-1ccecbea-786b-4292-849e-98daa12618f8 req-1ccecbea-786b-4292-849e-98daa12618f8 ] Request (ServerMetadataNegativeTestJSON:tearDownClass): 200 GET http://10.180.1.21/compute/v2.1/servers/a0978186-2fc8-4763-ae5a-b70e5a8e8b28 0.487s
2025-04-03 15:03:42.254 69805 INFO tempest.lib.common.rest_client [req-5b5f4ad2-6a66-48ba-8329-6cbe1a2c4560 req-5b5f4ad2-6a66-48ba-8329-6cbe1a2c4560 ] Request (ServersAdminTestJSON:test_inject_network_info): 200 GET http://10.180.1.21/compute/v2.1/servers/bf16ff00-3ca8-4e48-96f9-20e7c5641bb7 0.477s
2025-04-03 15:03:42.334 69829 INFO tempest.lib.common.rest_client [req-a0eeef4d-f471-4bc3-bd4e-82cf00ec13b8 req-a0eeef4d-f471-4bc3-bd4e-82cf00ec13b8 ] Request (ServersTestMultiNic:_run_cleanups): 200 GET http://10.180.1.21/compute/v2.1/servers/ed30ff05-dd61-418f-848a-45ff94fac298 0.496s
2025-04-03 15:03:42.383 69801 INFO tempest.lib.common.rest_client [req-81c3467e-e840-44b8-9f5c-0b6dd234750b req-81c3467e-e840-44b8-9f5c-0b6dd234750b ] Request (ListImageFiltersTestJSON:setUpClass): 200 GET http://10.180.1.21/compute/v2.1/servers/eb369bb1-f4d2-4286-a4d0-f1a7080e7723 0.494s
2025-04-03 15:03:42.452 69799 INFO tempest.lib.common.rest_client [req-abfba5bc-c837-498a-b195-87bd269a609f req-abfba5bc-c837-498a-b195-87bd269a609f ] Request (ServersListShow298Test:tearDownClass): 200 GET http://10.180.1.21/compute/v2.1/servers/83c98adf-e50f-4908-b1fe-c42c7a2568cf 0.514s
2025-04-03 15:03:42.511 69861 INFO tempest.lib.common.rest_client [req-313b14fb-2d94-4284-a75e-97a98fb29618 req-313b14fb-2d94-4284-a75e-97a98fb29618 ] Request (ServersTestBootFromVolume:setUpClass): 200 GET http://10.180.1.21/compute/v2.1/servers/fc5e7855-fa94-4e1d-8208-00d876b1f896 0.567s
2025-04-03 15:03:42.611 69845 INFO tempest.lib.common.rest_client [req-911d478a-8e64-43d0-aa3b-4d1bb0abd3cb req-911d478a-8e64-43d0-aa3b-4d1bb0abd3cb ] Request (ServerActionsV293TestJSON:setUpClass): 200 GET http://10.180.1.21/compute/v2.1/servers/9c8ddf15-1774-4e8d-ab95-2b9f480f5bc3 0.131s
2025-04-03 15:03:42.676 69817 INFO tempest.lib.common.rest_client [req-557543be-d20c-4868-9915-540c1d1cd3ca req-557543be-d20c-4868-9915-540c1d1cd3ca ] Request (ImagesTestJSON:test_create_server_from_snapshot): 200 GET http://10.180.1.21/compute/v2.1/servers/de29d366-5596-4109-9b46-3628b86684de 0.154s
2025-04-03 15:03:42.752 69851 INFO tempest.lib.common.rest_client [req-a57b6740-9066-4150-9067-1c3a78e696ad req-a57b6740-9066-4150-9067-1c3a78e696ad ] Request (ServerDiskConfigTestJSON:test_resize_server_from_auto_to_manual): 200 GET http://10.180.1.21/compute/v2.1/servers/29474f4a-15a6-41cb-8df5-8fdb1747f116 0.174s
2025-04-03 15:03:42.813 69847 INFO tempest.lib.common.rest_client [req-95d7ca7f-e29e-4f2a-affa-829d8d3de5a7 req-95d7ca7f-e29e-4f2a-affa-829d8d3de5a7 ] Request (ServersV294TestFqdnHostnames:setUpClass): 200 GET http://10.180.1.21/compute/v2.1/servers/516b18ca-fe00-4836-9f5f-c313deab2eb8 0.179s
2025-04-03 15:03:42.878 69807 INFO tempest.lib.common.rest_client [req-56ac0f6d-41c3-4dc6-89a8-4fdff065baee req-56ac0f6d-41c3-4dc6-89a8-4fdff065baee ] Request (DeleteServersAdminTestJSON:test_delete_server_while_in_error_state): 200 GET http://10.180.1.21/compute/v2.1/servers/3627b7e2-a873-46df-a5bf-84114546d285 0.137s
2025-04-03 15:03:42.974 69849 INFO tempest.lib.common.rest_client [req-fbfbccd4-4eeb-41c5-8073-330f0a7eb8cb req-fbfbccd4-4eeb-41c5-8073-330f0a7eb8cb ] Request (ServersNegativeTestMultiTenantJSON:setUpClass): 200 GET http://10.180.1.21/compute/v2.1/servers/1e853890-eff8-4c59-95f0-b1a81133b6f9 0.184s
2025-04-03 15:03:42.992 69831 WARNING tempest.lib.common.ssh [-] Failed to establish authenticated ssh connection to cirros@10.180.180.162 ([Errno None] Unable to connect to port 22 on 10.180.180.162). Number attempts: 7. Retry after 8 seconds.: paramiko.ssh_exception.NoValidConnectionsError: [Errno None] Unable to connect to port 22 on 10.180.180.162
2025-04-03 15:03:43.031 69823 INFO tempest.lib.common.rest_client [req-2a584eea-1ad0-4a5d-8be9-5bc92d362d08 req-2a584eea-1ad0-4a5d-8be9-5bc92d362d08 ] Request (ImagesNegativeTestJSON:test_create_image_from_deleted_server): 200 GET http://10.180.1.21/compute/v2.1/servers/d76e5784-8fdf-4af0-b983-d2f2dfa3d7bc 0.196s
2025-04-03 15:03:43.086 69841 INFO tempest.lib.common.rest_client [req-8da563f5-d62f-4f2c-aa25-3561f6c40c08 req-8da563f5-d62f-4f2c-aa25-3561f6c40c08 ] Request (ServerAddressesNegativeTestJSON:setUpClass): 200 GET http://10.180.1.21/compute/v2.1/servers/f1f7dcf6-6b4e-4bea-8b81-cdbeaca0a66e 0.211s
2025-04-03 15:03:43.234 69853 INFO tempest.lib.common.rest_client [req-ee6acd8a-a21f-43b9-9bc4-5b92e299ce1f req-ee6acd8a-a21f-43b9-9bc4-5b92e299ce1f ] Request (MigrationsAdminTest:test_list_migrations_in_flavor_resize_situation): 200 GET http://10.180.1.21/compute/v2.1/servers/a09a75d5-e39c-40c6-9f3e-343928a2c96e 0.314s
2025-04-03 15:03:43.288 69821 INFO tempest.lib.common.rest_client [req-fb1defb5-af7b-4576-995b-f18903c67512 req-fb1defb5-af7b-4576-995b-f18903c67512 ] Request (ServerRescueTestJSONUnderV235:setUpClass): 200 GET http://10.180.1.21/compute/v2.1/servers/9848e301-0bc2-43f1-ba0f-afbe47ad0247 0.272s
2025-04-03 15:03:43.335 69825 INFO tempest.lib.common.rest_client [req-9cb335b7-eb80-41fa-bd5e-9ebe02a21933 req-9cb335b7-eb80-41fa-bd5e-9ebe02a21933 ] Request (ServersNegativeTestJSON:setUpClass): 200 GET http://10.180.1.21/compute/v2.1/servers/e2d3f1f0-30a5-41bb-804a-a57073b4fed5 0.273s
2025-04-03 15:03:43.429 69815 INFO tempest.lib.common.rest_client [req-1eb9bba4-0c6a-4f8d-b744-05ab68a8851a req-1eb9bba4-0c6a-4f8d-b744-05ab68a8851a ] Request (SecurityGroupsTestJSON:test_list_security_groups_by_server): 200 GET http://10.180.1.21/compute/v2.1/servers/5e338780-2cf4-436c-ae29-6225d56648fa 0.347s
2025-04-03 15:03:43.458 69843 INFO tempest.lib.common.rest_client [req-7e2a9f82-8cac-403e-b25d-0a4321bac779 req-7e2a9f82-8cac-403e-b25d-0a4321bac779 ] Request (FloatingIPsAssociationTestJSON:test_associate_already_associated_floating_ip): 202 POST http://10.180.1.21/compute/v2.1/servers/a4700b2f-00f1-49aa-af3d-8045c6f6a797/action 1.799s
2025-04-03 15:03:43.504 69837 INFO tempest.lib.common.rest_client [req-77708782-b9e0-495a-a03e-93b2b54aca08 req-77708782-b9e0-495a-a03e-93b2b54aca08 ] Request (ImagesOneServerNegativeTestJSON:_run_cleanups): 200 GET http://10.180.1.21/compute/v2.1/servers/31d05edc-ce5c-494d-b7aa-54d937656ca9 0.381s
2025-04-03 15:03:43.569 69835 INFO tempest.lib.common.rest_client [req-bdc4809a-5fed-4530-8a26-5adfcc1422c3 req-bdc4809a-5fed-4530-8a26-5adfcc1422c3 ] Request (ServerMetadataNegativeTestJSON:tearDownClass): 200 GET http://10.180.1.21/compute/v2.1/servers/a0978186-2fc8-4763-ae5a-b70e5a8e8b28 0.360s
2025-04-03 15:03:43.629 69805 INFO tempest.lib.common.rest_client [req-2f64b6fc-ac22-486a-af5e-c60dc427cb11 req-2f64b6fc-ac22-486a-af5e-c60dc427cb11 ] Request (ServersAdminTestJSON:test_inject_network_info): 200 GET http://10.180.1.21/compute/v2.1/servers/bf16ff00-3ca8-4e48-96f9-20e7c5641bb7 0.364s
2025-04-03 15:03:43.690 69829 INFO tempest.lib.common.rest_client [req-63023da8-ce32-4b09-abf3-9cd47f49717f req-63023da8-ce32-4b09-abf3-9cd47f49717f ] Request (ServersTestMultiNic:_run_cleanups): 200 GET http://10.180.1.21/compute/v2.1/servers/ed30ff05-dd61-418f-848a-45ff94fac298 0.344s
2025-04-03 15:03:43.740 69833 INFO tempest.lib.common.rest_client [req-fd673536-c6ef-4457-a109-c1cd7639cb75 req-fd673536-c6ef-4457-a109-c1cd7639cb75 ] Request (DeleteServersTestJSON:test_delete_server_while_in_attached_volume): 200 GET http://10.180.1.21/compute/v2.1/servers/4183d319-37e1-4d9d-9b53-e629d6fc84f5 0.603s
2025-04-03 15:03:43.743 69801 INFO tempest.lib.common.rest_client [req-639c6355-03e5-4b2c-9b5a-317bfce97054 req-639c6355-03e5-4b2c-9b5a-317bfce97054 ] Request (ListImageFiltersTestJSON:setUpClass): 200 GET http://10.180.1.21/compute/v2.1/servers/eb369bb1-f4d2-4286-a4d0-f1a7080e7723 0.347s
2025-04-03 15:03:43.807 69799 INFO tempest.lib.common.rest_client [req-daa0b9eb-9f1e-49f1-98c5-e01116b58727 req-daa0b9eb-9f1e-49f1-98c5-e01116b58727 ] Request (ServersListShow298Test:tearDownClass): 200 GET http://10.180.1.21/compute/v2.1/servers/83c98adf-e50f-4908-b1fe-c42c7a2568cf 0.341s
2025-04-03 15:03:43.825 69811 WARNING tempest.lib.common.ssh [-] Failed to establish authenticated ssh connection to cirros@10.180.180.254 ([Errno None] Unable to connect to port 22 on 10.180.180.254). Number attempts: 10. Retry after 11 seconds.: paramiko.ssh_exception.NoValidConnectionsError: [Errno None] Unable to connect to port 22 on 10.180.180.254
2025-04-03 15:03:43.852 69861 INFO tempest.lib.common.rest_client [req-f8ffe14c-6ae9-470f-b617-c57c8a473a01 req-f8ffe14c-6ae9-470f-b617-c57c8a473a01 ] Request (ServersTestBootFromVolume:setUpClass): 200 GET http://10.180.1.21/compute/v2.1/servers/fc5e7855-fa94-4e1d-8208-00d876b1f896 0.330s
2025-04-03 15:03:43.906 69845 INFO tempest.lib.common.rest_client [req-273f7a48-6e6a-4ac1-b549-728ccea98cae req-273f7a48-6e6a-4ac1-b549-728ccea98cae ] Request (ServerActionsV293TestJSON:setUpClass): 200 GET http://10.180.1.21/compute/v2.1/servers/9c8ddf15-1774-4e8d-ab95-2b9f480f5bc3 0.279s
2025-04-03 15:03:43.909 69843 INFO tempest.lib.common.rest_client [req-faa49523-5bd0-4468-bc4e-2a88a428ab69 req-faa49523-5bd0-4468-bc4e-2a88a428ab69 ] Request (FloatingIPsAssociationTestJSON:test_associate_already_associated_floating_ip): 409 POST http://10.180.1.21/compute/v2.1/servers/373884a4-1ca4-412b-adb0-0122a6c3a6ac/action 0.451s
2025-04-03 15:03:43.956 69817 INFO tempest.lib.common.rest_client [req-88fca35a-f28f-41e7-8463-33802b4dce00 req-88fca35a-f28f-41e7-8463-33802b4dce00 ] Request (ImagesTestJSON:test_create_server_from_snapshot): 200 GET http://10.180.1.21/compute/v2.1/servers/de29d366-5596-4109-9b46-3628b86684de 0.271s
2025-04-03 15:03:43.959 69851 INFO tempest.lib.common.rest_client [req-90430f92-b98a-48be-a838-ced936bfaf91 req-90430f92-b98a-48be-a838-ced936bfaf91 ] Request (ServerDiskConfigTestJSON:test_resize_server_from_auto_to_manual): 200 GET http://10.180.1.21/compute/v2.1/servers/29474f4a-15a6-41cb-8df5-8fdb1747f116 0.199s
2025-04-03 15:03:44.010 69847 INFO tempest.lib.common.rest_client [req-c15a2625-cba2-4050-863e-330c3bbf972b req-c15a2625-cba2-4050-863e-330c3bbf972b ] Request (ServersV294TestFqdnHostnames:setUpClass): 200 GET http://10.180.1.21/compute/v2.1/servers/516b18ca-fe00-4836-9f5f-c313deab2eb8 0.186s
2025-04-03 15:03:44.015 69807 INFO tempest.lib.common.rest_client [req-a07a1eed-121f-4a03-85b1-51c7a1f4de3e req-a07a1eed-121f-4a03-85b1-51c7a1f4de3e ] Request (DeleteServersAdminTestJSON:test_delete_server_while_in_error_state): 200 GET http://10.180.1.21/compute/v2.1/servers/3627b7e2-a873-46df-a5bf-84114546d285 0.128s
2025-04-03 15:03:44.016 69839 WARNING tempest.lib.common.ssh [-] Failed to establish authenticated ssh connection to cirros@10.180.180.173 ([Errno None] Unable to connect to port 22 on 10.180.180.173). Number attempts: 6. Retry after 7 seconds.: paramiko.ssh_exception.NoValidConnectionsError: [Errno None] Unable to connect to port 22 on 10.180.180.173
2025-04-03 15:03:44.114 69849 INFO tempest.lib.common.rest_client [req-ee2e4de1-73f3-4522-bc50-1a9ef6917bdc req-ee2e4de1-73f3-4522-bc50-1a9ef6917bdc ] Request (ServersNegativeTestMultiTenantJSON:setUpClass): 200 GET http://10.180.1.21/compute/v2.1/servers/1e853890-eff8-4c59-95f0-b1a81133b6f9 0.132s
2025-04-03 15:03:44.167 69823 INFO tempest.lib.common.rest_client [req-3cc7a093-1bd9-4a12-a284-52e9b814bd8a req-3cc7a093-1bd9-4a12-a284-52e9b814bd8a ] Request (ImagesNegativeTestJSON:test_create_image_from_deleted_server): 200 GET http://10.180.1.21/compute/v2.1/servers/d76e5784-8fdf-4af0-b983-d2f2dfa3d7bc 0.129s
2025-04-03 15:03:44.219 69841 INFO tempest.lib.common.rest_client [req-e4a19421-5817-43be-9bc7-a014f5d93354 req-e4a19421-5817-43be-9bc7-a014f5d93354 ] Request (ServerAddressesNegativeTestJSON:setUpClass): 200 GET http://10.180.1.21/compute/v2.1/servers/f1f7dcf6-6b4e-4bea-8b81-cdbeaca0a66e 0.125s
2025-04-03 15:03:44.365 69853 INFO tempest.lib.common.rest_client [req-6c58f37c-25b8-49fb-894c-305b6de932fc req-6c58f37c-25b8-49fb-894c-305b6de932fc ] Request (MigrationsAdminTest:test_list_migrations_in_flavor_resize_situation): 200 GET http://10.180.1.21/compute/v2.1/servers/a09a75d5-e39c-40c6-9f3e-343928a2c96e 0.120s
2025-04-03 15:03:44.414 69821 INFO tempest.lib.common.rest_client [req-036ad894-8b60-4b9e-b1bf-5a86eece7edb req-036ad894-8b60-4b9e-b1bf-5a86eece7edb ] Request (ServerRescueTestJSONUnderV235:setUpClass): 200 GET http://10.180.1.21/compute/v2.1/servers/9848e301-0bc2-43f1-ba0f-afbe47ad0247 0.118s
2025-04-03 15:03:44.475 69825 INFO tempest.lib.common.rest_client [req-13a70018-9bc0-4117-93c8-eb7f72280928 req-13a70018-9bc0-4117-93c8-eb7f72280928 ] Request (ServersNegativeTestJSON:setUpClass): 200 GET http://10.180.1.21/compute/v2.1/servers/e2d3f1f0-30a5-41bb-804a-a57073b4fed5 0.132s
2025-04-03 15:03:44.482 69825 INFO tempest.common.waiters [-] State transition "BUILD/None" ==> "BUILD/networking" after 44 second wait
2025-04-03 15:03:44.580 69815 INFO tempest.lib.common.rest_client [req-bb049cee-bb03-4b66-87b0-2b6e79b7792a req-bb049cee-bb03-4b66-87b0-2b6e79b7792a ] Request (SecurityGroupsTestJSON:test_list_security_groups_by_server): 200 GET http://10.180.1.21/compute/v2.1/servers/5e338780-2cf4-436c-ae29-6225d56648fa 0.143s
2025-04-03 15:03:44.633 69837 INFO tempest.lib.common.rest_client [req-30146a0f-73ca-4282-8a90-f4dd304f9db9 req-30146a0f-73ca-4282-8a90-f4dd304f9db9 ] Request (ImagesOneServerNegativeTestJSON:_run_cleanups): 200 GET http://10.180.1.21/compute/v2.1/servers/31d05edc-ce5c-494d-b7aa-54d937656ca9 0.117s
2025-04-03 15:03:44.716 69835 INFO tempest.lib.common.rest_client [req-c6697b1c-0a45-42da-bcd0-e685d8da0833 req-c6697b1c-0a45-42da-bcd0-e685d8da0833 ] Request (ServerMetadataNegativeTestJSON:tearDownClass): 200 GET http://10.180.1.21/compute/v2.1/servers/a0978186-2fc8-4763-ae5a-b70e5a8e8b28 0.127s
2025-04-03 15:03:44.772 69805 INFO tempest.lib.common.rest_client [req-c438e2a6-7ad4-4360-a3b0-1cf112bd9d76 req-c438e2a6-7ad4-4360-a3b0-1cf112bd9d76 ] Request (ServersAdminTestJSON:test_inject_network_info): 200 GET http://10.180.1.21/compute/v2.1/servers/bf16ff00-3ca8-4e48-96f9-20e7c5641bb7 0.134s
2025-04-03 15:03:44.830 69829 INFO tempest.lib.common.rest_client [req-c2a23338-b766-4a6f-9897-1f9e196cd665 req-c2a23338-b766-4a6f-9897-1f9e196cd665 ] Request (ServersTestMultiNic:_run_cleanups): 200 GET http://10.180.1.21/compute/v2.1/servers/ed30ff05-dd61-418f-848a-45ff94fac298 0.130s
2025-04-03 15:03:44.884 69833 INFO tempest.lib.common.rest_client [req-cf2825cb-d397-400d-adf8-8bc33c76588f req-cf2825cb-d397-400d-adf8-8bc33c76588f ] Request (DeleteServersTestJSON:test_delete_server_while_in_attached_volume): 200 GET http://10.180.1.21/compute/v2.1/servers/4183d319-37e1-4d9d-9b53-e629d6fc84f5 0.136s
2025-04-03 15:03:44.941 69801 INFO tempest.lib.common.rest_client [req-55e66511-8e03-4b4d-93da-f90402d13d08 req-55e66511-8e03-4b4d-93da-f90402d13d08 ] Request (ListImageFiltersTestJSON:setUpClass): 200 GET http://10.180.1.21/compute/v2.1/servers/eb369bb1-f4d2-4286-a4d0-f1a7080e7723 0.189s
2025-04-03 15:03:45.008 69799 INFO tempest.lib.common.rest_client [req-738ac456-a9b5-49b1-bf2f-58cf6b32d42e req-738ac456-a9b5-49b1-bf2f-58cf6b32d42e ] Request (ServersListShow298Test:tearDownClass): 200 GET http://10.180.1.21/compute/v2.1/servers/83c98adf-e50f-4908-b1fe-c42c7a2568cf 0.189s
2025-04-03 15:03:45.058 69861 INFO tempest.lib.common.rest_client [req-2372d554-2c82-4245-9325-281a30e9cefd req-2372d554-2c82-4245-9325-281a30e9cefd ] Request (ServersTestBootFromVolume:setUpClass): 200 GET http://10.180.1.21/compute/v2.1/servers/fc5e7855-fa94-4e1d-8208-00d876b1f896 0.198s
2025-04-03 15:03:45.111 69845 INFO tempest.lib.common.rest_client [req-319f14e3-fa23-4d2f-b4a7-1e4bfc49cbbc req-319f14e3-fa23-4d2f-b4a7-1e4bfc49cbbc ] Request (ServerActionsV293TestJSON:setUpClass): 200 GET http://10.180.1.21/compute/v2.1/servers/9c8ddf15-1774-4e8d-ab95-2b9f480f5bc3 0.190s
2025-04-03 15:03:45.157 69817 INFO tempest.lib.common.rest_client [req-14ec0927-c667-4fbc-90ae-b3291eefc8a4 req-14ec0927-c667-4fbc-90ae-b3291eefc8a4 ] Request (ImagesTestJSON:test_create_server_from_snapshot): 200 GET http://10.180.1.21/compute/v2.1/servers/de29d366-5596-4109-9b46-3628b86684de 0.193s
2025-04-03 15:03:45.213 69851 INFO tempest.lib.common.rest_client [req-e06242ed-d1ba-4ab2-9bd1-05c75b73a345 req-e06242ed-d1ba-4ab2-9bd1-05c75b73a345 ] Request (ServerDiskConfigTestJSON:test_resize_server_from_auto_to_manual): 200 GET http://10.180.1.21/compute/v2.1/servers/29474f4a-15a6-41cb-8df5-8fdb1747f116 0.246s
2025-04-03 15:03:45.265 69847 INFO tempest.lib.common.rest_client [req-812ac5f8-5f07-4223-9608-062574f832ba req-812ac5f8-5f07-4223-9608-062574f832ba ] Request (ServersV294TestFqdnHostnames:setUpClass): 200 GET http://10.180.1.21/compute/v2.1/servers/516b18ca-fe00-4836-9f5f-c313deab2eb8 0.242s
2025-04-03 15:03:45.318 69807 INFO tempest.lib.common.rest_client [req-26ef031b-2059-4cae-8869-2c1276cabedd req-26ef031b-2059-4cae-8869-2c1276cabedd ] Request (DeleteServersAdminTestJSON:test_delete_server_while_in_error_state): 200 GET http://10.180.1.21/compute/v2.1/servers/3627b7e2-a873-46df-a5bf-84114546d285 0.294s
2025-04-03 15:03:45.426 69849 INFO tempest.lib.common.rest_client [req-937b13cb-3111-43b8-887f-421d1a8b1e9c req-937b13cb-3111-43b8-887f-421d1a8b1e9c ] Request (ServersNegativeTestMultiTenantJSON:setUpClass): 200 GET http://10.180.1.21/compute/v2.1/servers/1e853890-eff8-4c59-95f0-b1a81133b6f9 0.302s
2025-04-03 15:03:45.477 69823 INFO tempest.lib.common.rest_client [req-6d9dd66c-1e64-4f40-bff6-7f69975a00a4 req-6d9dd66c-1e64-4f40-bff6-7f69975a00a4 ] Request (ImagesNegativeTestJSON:test_create_image_from_deleted_server): 200 GET http://10.180.1.21/compute/v2.1/servers/d76e5784-8fdf-4af0-b983-d2f2dfa3d7bc 0.302s
2025-04-03 15:03:45.527 69841 INFO tempest.lib.common.rest_client [req-47b8109e-b864-44ad-bcea-78d962195204 req-47b8109e-b864-44ad-bcea-78d962195204 ] Request (ServerAddressesNegativeTestJSON:setUpClass): 200 GET http://10.180.1.21/compute/v2.1/servers/f1f7dcf6-6b4e-4bea-8b81-cdbeaca0a66e 0.298s
2025-04-03 15:03:45.620 69853 INFO tempest.lib.common.rest_client [req-81e913b1-6cab-4146-88e9-b7786362fb55 req-81e913b1-6cab-4146-88e9-b7786362fb55 ] Request (MigrationsAdminTest:test_list_migrations_in_flavor_resize_situation): 200 GET http://10.180.1.21/compute/v2.1/servers/a09a75d5-e39c-40c6-9f3e-343928a2c96e 0.241s
2025-04-03 15:03:45.680 69821 INFO tempest.lib.common.rest_client [req-15b4b569-9181-4c3e-b33b-a86d08d20aa2 req-15b4b569-9181-4c3e-b33b-a86d08d20aa2 ] Request (ServerRescueTestJSONUnderV235:setUpClass): 200 GET http://10.180.1.21/compute/v2.1/servers/9848e301-0bc2-43f1-ba0f-afbe47ad0247 0.257s
2025-04-03 15:03:45.710 69843 INFO tempest.lib.common.rest_client [req-841e6533-1d74-43c0-94f8-6d6cc9a23f54 req-841e6533-1d74-43c0-94f8-6d6cc9a23f54 ] Request (FloatingIPsAssociationTestJSON:_run_cleanups): 202 POST http://10.180.1.21/compute/v2.1/servers/a4700b2f-00f1-49aa-af3d-8045c6f6a797/action 1.800s
2025-04-03 15:03:45.835 69825 INFO tempest.lib.common.rest_client [req-d3de975e-85e4-4aaa-9ba8-992d45bacf43 req-d3de975e-85e4-4aaa-9ba8-992d45bacf43 ] Request (ServersNegativeTestJSON:setUpClass): 200 GET http://10.180.1.21/compute/v2.1/servers/e2d3f1f0-30a5-41bb-804a-a57073b4fed5 0.352s
2025-04-03 15:03:45.840 69815 INFO tempest.lib.common.rest_client [req-a247deb6-21bf-4435-bdcc-a75ee720a89f req-a247deb6-21bf-4435-bdcc-a75ee720a89f ] Request (SecurityGroupsTestJSON:test_list_security_groups_by_server): 200 GET http://10.180.1.21/compute/v2.1/servers/5e338780-2cf4-436c-ae29-6225d56648fa 0.251s
2025-04-03 15:03:45.842 69825 INFO tempest.common.waiters [-] State transition "BUILD/networking" ==> "BUILD/spawning" after 45 second wait
2025-04-03 15:03:45.906 69837 INFO tempest.lib.common.rest_client [req-1cc250eb-010e-45ab-81d7-de815ccf07cc req-1cc250eb-010e-45ab-81d7-de815ccf07cc ] Request (ImagesOneServerNegativeTestJSON:_run_cleanups): 200 GET http://10.180.1.21/compute/v2.1/servers/31d05edc-ce5c-494d-b7aa-54d937656ca9 0.265s
2025-04-03 15:03:45.929 69843 INFO tempest.lib.common.rest_client [req-869f1576-385e-4ecb-bf68-b9825f670225 req-869f1576-385e-4ecb-bf68-b9825f670225 ] Request (FloatingIPsAssociationTestJSON:_run_cleanups): 204 DELETE http://10.180.1.21/compute/v2.1/servers/a4700b2f-00f1-49aa-af3d-8045c6f6a797 0.218s
2025-04-03 15:03:45.980 69805 INFO tempest.lib.common.rest_client [req-7aabb7a2-987b-4cd7-9ba4-b44444eddf06 req-7aabb7a2-987b-4cd7-9ba4-b44444eddf06 ] Request (ServersAdminTestJSON:test_inject_network_info): 200 GET http://10.180.1.21/compute/v2.1/servers/bf16ff00-3ca8-4e48-96f9-20e7c5641bb7 0.201s
2025-04-03 15:03:45.999 69835 INFO tempest.lib.common.rest_client [req-56e97fad-bae3-4352-b520-abe05adae549 req-56e97fad-bae3-4352-b520-abe05adae549 ] Request (ServerMetadataNegativeTestJSON:tearDownClass): 200 GET http://10.180.1.21/compute/v2.1/servers/a0978186-2fc8-4763-ae5a-b70e5a8e8b28 0.273s
2025-04-03 15:03:46.045 69829 INFO tempest.lib.common.rest_client [req-61b9f1b5-a898-43b3-84c0-32b82e4a61ef req-61b9f1b5-a898-43b3-84c0-32b82e4a61ef ] Request (ServersTestMultiNic:_run_cleanups): 200 GET http://10.180.1.21/compute/v2.1/servers/ed30ff05-dd61-418f-848a-45ff94fac298 0.208s
2025-04-03 15:03:46.053 69833 INFO tempest.lib.common.rest_client [req-25af0c2f-51aa-4641-94e9-ba5b2e65125b req-25af0c2f-51aa-4641-94e9-ba5b2e65125b ] Request (DeleteServersTestJSON:test_delete_server_while_in_attached_volume): 200 GET http://10.180.1.21/compute/v2.1/servers/4183d319-37e1-4d9d-9b53-e629d6fc84f5 0.159s
2025-04-03 15:03:46.116 69801 INFO tempest.lib.common.rest_client [req-18a85aef-ef3e-4393-84c1-e002ec443d68 req-18a85aef-ef3e-4393-84c1-e002ec443d68 ] Request (ListImageFiltersTestJSON:setUpClass): 200 GET http://10.180.1.21/compute/v2.1/servers/eb369bb1-f4d2-4286-a4d0-f1a7080e7723 0.165s
