2025-04-03 15:01:55.326 69855 INFO tempest.lib.common.dynamic_creds [-] Acquired dynamic creds: credentials: Credentials: {'domain_id': 'default', 'domain_name': 'Default', 'username': 'tempest-ServicesAdminTestJSON-223687038-project-admin', 'project_domain_id': 'default', 'project_domain_name': 'Default', 'project_id': 'aaa65b01232d43a4b2356df23c275efe', 'project_name': 'tempest-ServicesAdminTestJSON-223687038', 'tenant_id': 'aaa65b01232d43a4b2356df23c275efe', 'tenant_name': 'tempest-ServicesAdminTestJSON-223687038', 'user_domain_id': 'default', 'user_domain_name': 'Default', 'user_id': 'ef12a20df4d74ed9b1c758be82a8479f', 'system': None}, Network: None, Subnet: None, Router: None
2025-04-03 15:01:55.327 69855 INFO tempest.lib.common.dynamic_creds [-] Created isolated network resources for: credentials: Credentials: {'domain_id': 'default', 'domain_name': 'Default', 'username': 'tempest-ServicesAdminTestJSON-223687038-project-admin', 'project_domain_id': 'default', 'project_domain_name': 'Default', 'project_id': 'aaa65b01232d43a4b2356df23c275efe', 'project_name': 'tempest-ServicesAdminTestJSON-223687038', 'tenant_id': 'aaa65b01232d43a4b2356df23c275efe', 'tenant_name': 'tempest-ServicesAdminTestJSON-223687038', 'user_domain_id': 'default', 'user_domain_name': 'Default', 'user_id': 'ef12a20df4d74ed9b1c758be82a8479f', 'system': None}, Network: None, Subnet: None, Router: None
2025-04-03 15:01:55.339 69813 INFO tempest.lib.common.rest_client [req-7875c3b3-887b-4b16-84d4-12acb145adc1 req-7875c3b3-887b-4b16-84d4-12acb145adc1 ] Request (ListImageFiltersNegativeTestJSON:setUpClass): 201 POST http://10.180.1.21/identity/v3/users 0.068s
2025-04-03 15:01:55.399 69813 INFO tempest.lib.common.rest_client [req-de5dc671-52d2-4826-a65e-6d69c1591d26 req-de5dc671-52d2-4826-a65e-6d69c1591d26 ] Request (ListImageFiltersNegativeTestJSON:setUpClass): 200 GET http://10.180.1.21/identity/v3/roles 0.059s
2025-04-03 15:01:55.420 69855 INFO tempest.lib.common.rest_client [req-9a0ad3f9-cf38-48e7-a058-3ce5b477ee80 req-9a0ad3f9-cf38-48e7-a058-3ce5b477ee80 ] Request (ServicesAdminTestJSON:setUpClass): 201 POST http://10.180.1.21/identity/v3/auth/tokens 0.091s
2025-04-03 15:01:55.423 69827 INFO tempest.lib.common.rest_client [req-aec63573-530b-40c5-a3ec-e4383ddc38f9 req-aec63573-530b-40c5-a3ec-e4383ddc38f9 ] Request (VolumesAssistedSnapshotsTest:test_volume_assisted_snapshot_create_delete): 201 POST http://10.180.1.21:9696/networking/v2.0/floatingips 1.141s
2025-04-03 15:01:55.429 69813 INFO tempest.lib.common.rest_client [req-a5eacdd0-049e-4a1f-93cc-4511dcbbfda7 req-a5eacdd0-049e-4a1f-93cc-4511dcbbfda7 ] Request (ListImageFiltersNegativeTestJSON:setUpClass): 204 PUT http://10.180.1.21/identity/v3/projects/80f014689bde42bb916295aeda8074da/users/8f90792ad99b44dd99905af5cc39b781/roles/f62e2cb3dd9c49db8be417bdf43a392f 0.029s
2025-04-03 15:01:55.429 69813 INFO tempest.lib.common.dynamic_creds [-] Dynamic test user 8f90792ad99b44dd99905af5cc39b781 is created with scope project and roles: ['member']
2025-04-03 15:01:55.429 69813 INFO tempest.lib.common.dynamic_creds [-] Acquired dynamic creds: credentials: Credentials: {'domain_id': 'default', 'domain_name': 'Default', 'username': 'tempest-ListImageFiltersNegativeTestJSON-1276372787-project-member', 'project_domain_id': 'default', 'project_domain_name': 'Default', 'project_id': '80f014689bde42bb916295aeda8074da', 'project_name': 'tempest-ListImageFiltersNegativeTestJSON-1276372787', 'tenant_id': '80f014689bde42bb916295aeda8074da', 'tenant_name': 'tempest-ListImageFiltersNegativeTestJSON-1276372787', 'user_domain_id': 'default', 'user_domain_name': 'Default', 'user_id': '8f90792ad99b44dd99905af5cc39b781', 'system': None}, Network: None, Subnet: None, Router: None
2025-04-03 15:01:55.429 69813 INFO tempest.lib.common.dynamic_creds [-] Created isolated network resources for: credentials: Credentials: {'domain_id': 'default', 'domain_name': 'Default', 'username': 'tempest-ListImageFiltersNegativeTestJSON-1276372787-project-member', 'project_domain_id': 'default', 'project_domain_name': 'Default', 'project_id': '80f014689bde42bb916295aeda8074da', 'project_name': 'tempest-ListImageFiltersNegativeTestJSON-1276372787', 'tenant_id': '80f014689bde42bb916295aeda8074da', 'tenant_name': 'tempest-ListImageFiltersNegativeTestJSON-1276372787', 'user_domain_id': 'default', 'user_domain_name': 'Default', 'user_id': '8f90792ad99b44dd99905af5cc39b781', 'system': None}, Network: None, Subnet: None, Router: None
2025-04-03 15:01:55.436 69839 INFO tempest.lib.common.rest_client [req-cdf384e9-2bfb-42c0-94a6-91015e8b85fe req-cdf384e9-2bfb-42c0-94a6-91015e8b85fe ] Request (FlavorsExtraSpecsNegativeTestJSON:tearDownClass): 200 GET http://10.180.1.21:9696/networking/v2.0/security-groups?tenant_id=38a669e5a1fc4ce78dbefebdf956dba9&name=default 0.466s
2025-04-03 15:01:55.490 69827 INFO tempest.lib.common.rest_client [req-88a3caf6-8963-4e60-b641-3b0cc0a222f8 req-88a3caf6-8963-4e60-b641-3b0cc0a222f8 ] Request (VolumesAssistedSnapshotsTest:test_volume_assisted_snapshot_create_delete): 201 POST http://10.180.1.21/identity/v3/auth/tokens 0.063s
2025-04-03 15:01:55.491 69827 INFO tempest.lib.common.fixed_network [-] (VolumesAssistedSnapshotsTest:test_volume_assisted_snapshot_create_delete) Found network {'id': 'a87e190b-5706-418a-9ef8-e9210a78a0a7', 'name': 'tempest-VolumesAssistedSnapshotsTest-403624739-network', 'tenant_id': 'f56c670a7b074e98802bbb0a8b4246e3', 'admin_state_up': True, 'mtu': 8950, 'status': 'ACTIVE', 'subnets': [], 'shared': False, 'project_id': 'f56c670a7b074e98802bbb0a8b4246e3', 'port_security_enabled': True, 'router:external': False, 'provider:network_type': 'vlan', 'provider:physical_network': 'default', 'provider:segmentation_id': 199, 'availability_zone_hints': [], 'availability_zones': [], 'ipv4_address_scope': None, 'ipv6_address_scope': None, 'description': '', 'tags': [], 'created_at': '2025-04-03T15:01:33Z', 'updated_at': '2025-04-03T15:01:33Z', 'revision_number': 1} available for tenant
2025-04-03 15:01:55.514 69813 INFO tempest.lib.common.rest_client [req-75c0f10d-9931-42b0-a426-d451415dc2ff req-75c0f10d-9931-42b0-a426-d451415dc2ff ] Request (ListImageFiltersNegativeTestJSON:setUpClass): 201 POST http://10.180.1.21/identity/v3/auth/tokens 0.081s
2025-04-03 15:01:55.516 69851 INFO tempest.lib.common.rest_client [req-ceb02e3a-cb85-46e2-88b5-28ae1fc23b4e req-ceb02e3a-cb85-46e2-88b5-28ae1fc23b4e ] Request (ServerDiskConfigTestJSON:test_rebuild_server_with_auto_disk_config): 200 GET http://10.180.1.21/compute/v2.1/servers/d7ddcb8a-c3b1-45ee-8116-61de7ad1552e 1.975s
2025-04-03 15:01:55.653 69839 INFO tempest.lib.common.rest_client [req-b7e961a3-2661-4688-b0d0-a887e13ca6c9 req-b7e961a3-2661-4688-b0d0-a887e13ca6c9 ] Request (FlavorsExtraSpecsNegativeTestJSON:tearDownClass): 204 DELETE http://10.180.1.21:9696/networking/v2.0/security-groups/cebf9810-fdf2-415a-928f-9220340c06e0 0.217s
2025-04-03 15:01:55.809 69839 INFO tempest.lib.common.rest_client [req-0ee53347-056d-4218-a1a9-f48bbd239bf9 req-0ee53347-056d-4218-a1a9-f48bbd239bf9 ] Request (FlavorsExtraSpecsNegativeTestJSON:tearDownClass): 204 DELETE http://10.180.1.21/identity/v3/projects/38a669e5a1fc4ce78dbefebdf956dba9 0.155s
2025-04-03 15:01:55.884 69839 INFO tempest.lib.common.rest_client [req-b4c0a948-6576-46f0-894a-f11e2b832aec req-b4c0a948-6576-46f0-894a-f11e2b832aec ] Request (HostsAdminTestJSON:setUpClass): 201 POST http://10.180.1.21/identity/v3/auth/tokens 0.074s
2025-04-03 15:01:55.924 69821 INFO tempest.lib.common.rest_client [req-6a8a13e0-ec56-4f6c-b6a2-abfca85dc7b9 req-6a8a13e0-ec56-4f6c-b6a2-abfca85dc7b9 ] Request (InstanceActionsV221TestJSON:test_get_list_deleted_instance_actions): 202 POST http://10.180.1.21/compute/v2.1/servers 2.575s
2025-04-03 15:01:55.927 69831 INFO tempest.lib.common.rest_client [req-a0faf85f-ce8b-4e85-9f09-5b7860a79296 req-a0faf85f-ce8b-4e85-9f09-5b7860a79296 ] Request (ServersWithSpecificFlavorTestJSON:setUpClass): 200 PUT http://10.180.1.21:9696/networking/v2.0/routers/3efcebec-cf5e-4fb8-8f25-d4b3f28fd8bf/add_router_interface 2.269s
2025-04-03 15:01:55.927 69831 INFO tempest.lib.common.dynamic_creds [-] Created isolated network resources for: credentials: Credentials: {'domain_id': 'default', 'domain_name': 'Default', 'username': 'tempest-ServersWithSpecificFlavorTestJSON-704118880-project-admin', 'project_domain_id': 'default', 'project_domain_name': 'Default', 'project_id': 'a6a15bef2d3d47d9b1f75c5b4fc2c32d', 'project_name': 'tempest-ServersWithSpecificFlavorTestJSON-704118880', 'tenant_id': 'a6a15bef2d3d47d9b1f75c5b4fc2c32d', 'tenant_name': 'tempest-ServersWithSpecificFlavorTestJSON-704118880', 'user_domain_id': 'default', 'user_domain_name': 'Default', 'user_id': '77f71c800b6845a1819facc7dd342433', 'system': None}, Network: {'id': '845d75ae-256f-4e7e-85b5-0690eefb3b51', 'name': 'tempest-ServersWithSpecificFlavorTestJSON-2061157639-network', 'tenant_id': 'a6a15bef2d3d47d9b1f75c5b4fc2c32d', 'admin_state_up': True, 'mtu': 8950, 'status': 'ACTIVE', 'subnets': [], 'shared': False, 'project_id': 'a6a15bef2d3d47d9b1f75c5b4fc2c32d', 'port_security_enabled': True, 'router:external': False, 'provider:network_type': 'vlan', 'provider:physical_network': 'default', 'provider:segmentation_id': 60, 'availability_zone_hints': [], 'availability_zones': [], 'ipv4_address_scope': None, 'ipv6_address_scope': None, 'description': '', 'tags': [], 'created_at': '2025-04-03T15:01:50Z', 'updated_at': '2025-04-03T15:01:50Z', 'revision_number': 1}, Subnet: {'id': 'e20bd34f-d581-4a39-9e68-49d3171e08f0', 'name': 'tempest-ServersWithSpecificFlavorTestJSON-2061157639-subnet', 'tenant_id': 'a6a15bef2d3d47d9b1f75c5b4fc2c32d', 'network_id': '845d75ae-256f-4e7e-85b5-0690eefb3b51', 'ip_version': 4, 'subnetpool_id': None, 'enable_dhcp': True, 'ipv6_ra_mode': None, 'ipv6_address_mode': None, 'gateway_ip': '192.168.128.1', 'cidr': '192.168.128.0/28', 'allocation_pools': [{'start': '192.168.128.2', 'end': '192.168.128.14'}], 'host_routes': [], 'dns_nameservers': [], 'description': '', 'router:external': False, 'service_types': [], 'tags': [], 'created_at': '2025-04-03T15:01:50Z', 'updated_at': '2025-04-03T15:01:50Z', 'revision_number': 0, 'project_id': 'a6a15bef2d3d47d9b1f75c5b4fc2c32d'}, Router: {'id': '3efcebec-cf5e-4fb8-8f25-d4b3f28fd8bf', 'name': 'tempest-ServersWithSpecificFlavorTestJSON-2061157639-router', 'tenant_id': 'a6a15bef2d3d47d9b1f75c5b4fc2c32d', 'admin_state_up': True, 'status': 'ACTIVE', 'external_gateway_info': {'network_id': 'e0b7acc9-2c91-4706-b31a-6313c9a8262a', 'external_fixed_ips': [{'subnet_id': '84978cc7-a931-46f2-bb73-45d66aef57be', 'ip_address': '10.180.180.216'}], 'enable_snat': True}, 'description': '', 'availability_zones': [], 'distributed': False, 'ha': False, 'availability_zone_hints': [], 'routes': [], 'flavor_id': None, 'tags': [], 'created_at': '2025-04-03T15:01:51Z', 'updated_at': '2025-04-03T15:01:52Z', 'revision_number': 2, 'project_id': 'a6a15bef2d3d47d9b1f75c5b4fc2c32d'}
2025-04-03 15:01:55.941 69839 INFO tempest.lib.common.rest_client [req-035152b4-df69-40d3-a1ba-f1773009de8e req-035152b4-df69-40d3-a1ba-f1773009de8e ] Request (HostsAdminTestJSON:setUpClass): 201 POST http://10.180.1.21/identity/v3/auth/tokens 0.054s
2025-04-03 15:01:56.028 69831 INFO tempest.lib.common.rest_client [req-8b3e073d-4458-4fc4-a3d3-b060b1ce5b8f req-8b3e073d-4458-4fc4-a3d3-b060b1ce5b8f ] Request (ServersWithSpecificFlavorTestJSON:setUpClass): 201 POST http://10.180.1.21/identity/v3/auth/tokens 0.096s
2025-04-03 15:01:56.062 69839 INFO tempest.lib.common.rest_client [req-f2ac307e-dfd4-4eca-88ef-7aafa38cf99d req-f2ac307e-dfd4-4eca-88ef-7aafa38cf99d ] Request (HostsAdminTestJSON:setUpClass): 200 GET http://10.180.1.21/identity/v3/domains?name=Default 0.120s
2025-04-03 15:01:56.094 69833 INFO tempest.lib.common.rest_client [req-844fdd55-97ef-4eac-94bc-fe366e6b34d9 req-844fdd55-97ef-4eac-94bc-fe366e6b34d9 ] Request (QuotasAdminTestJSON:test_get_updated_quotas): 200 GET http://10.180.1.21/compute/v2.1/os-quota-sets/369d56a90f544a57a18354f3e016a378/detail 2.035s
2025-04-03 15:01:56.103 69839 INFO tempest.lib.common.rest_client [req-9cb252cf-70b4-4630-8130-2d8d263e9037 req-9cb252cf-70b4-4630-8130-2d8d263e9037 ] Request (HostsAdminTestJSON:setUpClass): 201 POST http://10.180.1.21/identity/v3/projects 0.041s
2025-04-03 15:01:56.177 69833 INFO tempest.lib.common.rest_client [req-4c252e6c-9d27-4c13-aeaa-4a8ae529cab3 req-4c252e6c-9d27-4c13-aeaa-4a8ae529cab3 ] Request (QuotasAdminTestJSON:test_get_updated_quotas): 200 GET http://10.180.1.21/identity/v3/domains?name=Default 0.071s
2025-04-03 15:01:56.187 69859 INFO tempest.lib.common.rest_client [req-b03b1d47-9807-4829-a534-8e7cdab8f6d0 req-b03b1d47-9807-4829-a534-8e7cdab8f6d0 ] Request (AttachVolumeShelveTestJSON:test_attach_volume_shelved_or_offload_server): 200 GET http://10.180.1.21/compute/v2.1/servers/e8849400-5f6e-4718-ac0d-f8d9220cc88a 2.051s
2025-04-03 15:01:56.189 69839 INFO tempest.lib.common.rest_client [req-d4422c7a-7954-4853-b050-9a5eaf54505d req-d4422c7a-7954-4853-b050-9a5eaf54505d ] Request (HostsAdminTestJSON:setUpClass): 201 POST http://10.180.1.21/identity/v3/users 0.085s
2025-04-03 15:01:56.209 69833 INFO tempest.lib.common.rest_client [req-c63e79cb-e2d1-4ef0-8979-3000a5cac9b8 req-c63e79cb-e2d1-4ef0-8979-3000a5cac9b8 ] Request (QuotasAdminTestJSON:test_get_updated_quotas): 201 POST http://10.180.1.21/identity/v3/users 0.031s
2025-04-03 15:01:56.210 69809 INFO tempest.lib.common.rest_client [req-2aa7d2b0-e469-4aee-80d8-94c52e5eadb6 req-2aa7d2b0-e469-4aee-80d8-94c52e5eadb6 ] Request (FlavorsAccessNegativeTestJSON:_run_cleanups): 202 DELETE http://10.180.1.21/compute/v2.1/flavors/1605827837 1.906s
2025-04-03 15:01:56.218 69839 INFO tempest.lib.common.rest_client [req-1a8984d5-7325-4cf7-81d5-96905d461691 req-1a8984d5-7325-4cf7-81d5-96905d461691 ] Request (HostsAdminTestJSON:setUpClass): 200 GET http://10.180.1.21/identity/v3/roles 0.028s
2025-04-03 15:01:56.233 69833 INFO tempest.lib.common.rest_client [req-9bdc6b22-32b5-423c-911c-9c22cd8471db req-9bdc6b22-32b5-423c-911c-9c22cd8471db ] Request (QuotasAdminTestJSON:test_get_updated_quotas): 200 GET http://10.180.1.21/identity/v3/domains?name=Default 0.024s
2025-04-03 15:01:56.248 69839 INFO tempest.lib.common.rest_client [req-3719f60e-d41b-4fdc-a72d-bab3e51a0fb3 req-3719f60e-d41b-4fdc-a72d-bab3e51a0fb3 ] Request (HostsAdminTestJSON:setUpClass): 204 PUT http://10.180.1.21/identity/v3/projects/788469a7e9fd4675b4f629a7cb2cc92b/users/3a2c42d10d0b4c01bcd4ada08a2edbd7/roles/f62e2cb3dd9c49db8be417bdf43a392f 0.030s
2025-04-03 15:01:56.249 69839 INFO tempest.lib.common.dynamic_creds [-] Dynamic test user 3a2c42d10d0b4c01bcd4ada08a2edbd7 is created with scope project and roles: ['member']
2025-04-03 15:01:56.249 69839 INFO tempest.lib.common.dynamic_creds [-] Acquired dynamic creds: credentials: Credentials: {'domain_id': 'default', 'domain_name': 'Default', 'username': 'tempest-HostsAdminTestJSON-1834804184-project-member', 'project_domain_id': 'default', 'project_domain_name': 'Default', 'project_id': '788469a7e9fd4675b4f629a7cb2cc92b', 'project_name': 'tempest-HostsAdminTestJSON-1834804184', 'tenant_id': '788469a7e9fd4675b4f629a7cb2cc92b', 'tenant_name': 'tempest-HostsAdminTestJSON-1834804184', 'user_domain_id': 'default', 'user_domain_name': 'Default', 'user_id': '3a2c42d10d0b4c01bcd4ada08a2edbd7', 'system': None}, Network: None, Subnet: None, Router: None
2025-04-03 15:01:56.249 69839 INFO tempest.lib.common.dynamic_creds [-] Created isolated network resources for: credentials: Credentials: {'domain_id': 'default', 'domain_name': 'Default', 'username': 'tempest-HostsAdminTestJSON-1834804184-project-member', 'project_domain_id': 'default', 'project_domain_name': 'Default', 'project_id': '788469a7e9fd4675b4f629a7cb2cc92b', 'project_name': 'tempest-HostsAdminTestJSON-1834804184', 'tenant_id': '788469a7e9fd4675b4f629a7cb2cc92b', 'tenant_name': 'tempest-HostsAdminTestJSON-1834804184', 'user_domain_id': 'default', 'user_domain_name': 'Default', 'user_id': '3a2c42d10d0b4c01bcd4ada08a2edbd7', 'system': None}, Network: None, Subnet: None, Router: None
2025-04-03 15:01:56.289 69849 INFO tempest.lib.common.rest_client [req-047d6458-b06d-44ce-af6b-f99eea23f53c req-047d6458-b06d-44ce-af6b-f99eea23f53c ] Request (ServerDiagnosticsV248Test:test_get_server_diagnostics): 200 GET http://10.180.1.21/compute/v2.1/servers/c047ff54-83bb-417a-b5fe-0ae70de31e9c 1.886s
2025-04-03 15:01:56.329 69839 INFO tempest.lib.common.rest_client [req-f59e1a49-175c-4535-9e3d-7a0cadd9c8f5 req-f59e1a49-175c-4535-9e3d-7a0cadd9c8f5 ] Request (HostsAdminTestJSON:setUpClass): 201 POST http://10.180.1.21/identity/v3/auth/tokens 0.076s
2025-04-03 15:01:56.387 69839 INFO tempest.lib.common.rest_client [req-9b46f0cc-9255-48b5-903b-00b8e4a49695 req-9b46f0cc-9255-48b5-903b-00b8e4a49695 ] Request (HostsAdminTestJSON:setUpClass): 201 POST http://10.180.1.21/identity/v3/projects 0.057s
2025-04-03 15:01:56.451 69835 INFO tempest.lib.common.rest_client [req-c51827ee-d26b-48bb-a522-ab91cde923eb req-c51827ee-d26b-48bb-a522-ab91cde923eb ] Request (FloatingIPDetailsNegativeTestJSON:setUpClass): 201 POST http://10.180.1.21:9696/networking/v2.0/routers 1.828s
2025-04-03 15:01:56.456 69839 INFO tempest.lib.common.rest_client [req-c1ae022b-1870-4c61-b119-b629abc880e6 req-c1ae022b-1870-4c61-b119-b629abc880e6 ] Request (HostsAdminTestJSON:setUpClass): 201 POST http://10.180.1.21/identity/v3/users 0.068s
2025-04-03 15:01:56.478 69839 INFO tempest.lib.common.rest_client [req-a6e6d1b1-31b8-4546-b512-1c9af9e76448 req-a6e6d1b1-31b8-4546-b512-1c9af9e76448 ] Request (HostsAdminTestJSON:setUpClass): 200 GET http://10.180.1.21/identity/v3/roles 0.022s
2025-04-03 15:01:56.519 69839 INFO tempest.lib.common.rest_client [req-a0a81ca8-4ff1-4c72-a1c2-b2608a8b76fe req-a0a81ca8-4ff1-4c72-a1c2-b2608a8b76fe ] Request (HostsAdminTestJSON:setUpClass): 204 PUT http://10.180.1.21/identity/v3/projects/8373178698084a1abf406f915f4fac8a/users/df8656f325db411dafe80be3fed9bf48/roles/179221b981db4fa99216d472bc48863a 0.040s
2025-04-03 15:01:56.589 69839 INFO tempest.lib.common.rest_client [req-9af23d59-a757-4a89-993e-783a806d858a req-9af23d59-a757-4a89-993e-783a806d858a ] Request (HostsAdminTestJSON:setUpClass): 200 GET http://10.180.1.21/identity/v3/roles 0.069s
2025-04-03 15:01:56.616 69839 INFO tempest.lib.common.rest_client [req-fd7eef44-1972-489a-bc22-48f7ca1392f1 req-fd7eef44-1972-489a-bc22-48f7ca1392f1 ] Request (HostsAdminTestJSON:setUpClass): 204 PUT http://10.180.1.21/identity/v3/projects/8373178698084a1abf406f915f4fac8a/users/df8656f325db411dafe80be3fed9bf48/roles/179221b981db4fa99216d472bc48863a 0.027s
2025-04-03 15:01:56.617 69839 INFO tempest.lib.common.dynamic_creds [-] Dynamic test user df8656f325db411dafe80be3fed9bf48 is created with scope project and roles: ['admin']
2025-04-03 15:01:56.617 69839 INFO tempest.lib.common.dynamic_creds [-] Acquired dynamic creds: credentials: Credentials: {'domain_id': 'default', 'domain_name': 'Default', 'username': 'tempest-HostsAdminTestJSON-236656280-project-admin', 'project_domain_id': 'default', 'project_domain_name': 'Default', 'project_id': '8373178698084a1abf406f915f4fac8a', 'project_name': 'tempest-HostsAdminTestJSON-236656280', 'tenant_id': '8373178698084a1abf406f915f4fac8a', 'tenant_name': 'tempest-HostsAdminTestJSON-236656280', 'user_domain_id': 'default', 'user_domain_name': 'Default', 'user_id': 'df8656f325db411dafe80be3fed9bf48', 'system': None}, Network: None, Subnet: None, Router: None
2025-04-03 15:01:56.617 69839 INFO tempest.lib.common.dynamic_creds [-] Created isolated network resources for: credentials: Credentials: {'domain_id': 'default', 'domain_name': 'Default', 'username': 'tempest-HostsAdminTestJSON-236656280-project-admin', 'project_domain_id': 'default', 'project_domain_name': 'Default', 'project_id': '8373178698084a1abf406f915f4fac8a', 'project_name': 'tempest-HostsAdminTestJSON-236656280', 'tenant_id': '8373178698084a1abf406f915f4fac8a', 'tenant_name': 'tempest-HostsAdminTestJSON-236656280', 'user_domain_id': 'default', 'user_domain_name': 'Default', 'user_id': 'df8656f325db411dafe80be3fed9bf48', 'system': None}, Network: None, Subnet: None, Router: None
2025-04-03 15:01:56.723 69839 INFO tempest.lib.common.rest_client [req-e5dca0cf-3512-4f9e-bf1b-aa15ce8182a0 req-e5dca0cf-3512-4f9e-bf1b-aa15ce8182a0 ] Request (HostsAdminTestJSON:setUpClass): 201 POST http://10.180.1.21/identity/v3/auth/tokens 0.102s
2025-04-03 15:01:56.794 69847 INFO tempest.lib.common.rest_client [req-82b0c815-7ad4-48d7-a845-c925e1aa4f4d req-82b0c815-7ad4-48d7-a845-c925e1aa4f4d ] Request (FloatingIPsAssociationNegativeTestJSON:setUpClass): 202 POST http://10.180.1.21/compute/v2.1/servers 2.322s
2025-04-03 15:01:56.830 69803 INFO tempest.lib.common.rest_client [req-34f59854-23a9-4b1a-9550-9f9db2a80294 req-34f59854-23a9-4b1a-9550-9f9db2a80294 ] Request (HypervisorAdminV253TestBase:test_list_show_detail_hypervisors): 200 GET http://10.180.1.21/compute/v2.1/os-hypervisors/e43c54f0-3622-483a-a612-82b8457c9186 2.296s
2025-04-03 15:01:56.833 69801 INFO tempest.lib.common.rest_client [req-e26fa9fd-775a-4748-863b-3f2bc8036feb req-e26fa9fd-775a-4748-863b-3f2bc8036feb ] Request (AggregatesAdminNegativeTestJSON:test_aggregate_create_aggregate_name_length_exceeds_255): 400 POST http://10.180.1.21/compute/v2.1/os-aggregates 2.095s
2025-04-03 15:01:56.981 69807 INFO tempest.lib.common.rest_client [req-406ed60e-be6e-4d3f-b3e8-06df97501e07 req-406ed60e-be6e-4d3f-b3e8-06df97501e07 ] Request (DeleteServersAdminTestJSON:test_admin_delete_servers_of_others): 200 GET http://10.180.1.21/compute/v2.1/servers/b125bc9b-1c50-48df-a058-2264476b6470 2.162s
2025-04-03 15:01:56.984 69803 INFO tempest.lib.common.rest_client [req-732eec9d-5c81-4969-95da-fa10435fc72c req-732eec9d-5c81-4969-95da-fa10435fc72c ] Request (HypervisorAdminV253TestBase:tearDownClass): 204 DELETE http://10.180.1.21/identity/v3/users/19a3066037e84034a1163a2662362815 0.147s
2025-04-03 15:01:57.093 69803 INFO tempest.lib.common.rest_client [req-b685fba7-b027-4bf7-b621-d06552d8fbff req-b685fba7-b027-4bf7-b621-d06552d8fbff ] Request (HypervisorAdminV253TestBase:tearDownClass): 204 DELETE http://10.180.1.21/identity/v3/users/08c2efa5e9054c9aa647acdec6f6c6da 0.108s
2025-04-03 15:01:57.093 69803 INFO tempest.lib.common.dynamic_creds [-] Deleting project and security group for project: 20aebdb210144d8284fd5139ec8bad02
2025-04-03 15:01:57.158 69803 INFO tempest.lib.common.rest_client [req-2beafa3e-fe65-40ae-a5b6-ff704c4c0358 req-2beafa3e-fe65-40ae-a5b6-ff704c4c0358 ] Request (HypervisorAdminV253TestBase:tearDownClass): 201 POST http://10.180.1.21/identity/v3/auth/tokens 0.064s
2025-04-03 15:01:57.169 69843 INFO tempest.lib.common.rest_client [req-b314b658-f34d-46dc-b332-14108abc0857 req-b314b658-f34d-46dc-b332-14108abc0857 ] Request (QuotasAdminNegativeTest:_run_cleanups): 200 PUT http://10.180.1.21/compute/v2.1/os-quota-sets/ca3c08b30036401581637c0a065cba3b 2.306s
2025-04-03 15:01:57.315 69817 INFO tempest.lib.common.rest_client [req-f0df1090-2576-4e60-8cd5-dc153bcfba9b req-f0df1090-2576-4e60-8cd5-dc153bcfba9b ] Request (ImagesTestJSON:test_create_image_from_stopped_server): 200 GET http://10.180.1.21/compute/v2.1/servers/f5fd6a9e-5c0c-4b80-89c8-753e49fb4ed2 2.422s
2025-04-03 15:01:57.350 69837 INFO tempest.lib.common.rest_client [req-c1ffd655-5dae-4d7f-a1cc-b9c89ee9b629 req-c1ffd655-5dae-4d7f-a1cc-b9c89ee9b629 ] Request (ServerDiagnosticsNegativeTest:test_get_server_diagnostics_by_non_admin): 403 GET http://10.180.1.21/compute/v2.1/servers/a714d3c3-6973-4107-bc30-061e2ac52172/diagnostics 2.261s
2025-04-03 15:01:57.373 69853 INFO tempest.lib.common.rest_client [req-7d94119a-d001-40f2-a350-ec8a1c74e17e req-7d94119a-d001-40f2-a350-ec8a1c74e17e ] Request (FlavorsExtraSpecsTestJSON:tearDownClass): 202 DELETE http://10.180.1.21/compute/v2.1/flavors/35213940 2.269s
2025-04-03 15:01:57.377 69799 INFO tempest.lib.common.rest_client [req-f0f5c7ec-ff0b-460b-a4fe-a42a4cacd60f req-f0f5c7ec-ff0b-460b-a4fe-a42a4cacd60f ] Request (HostsAdminNegativeTestJSON:test_update_host_without_param): 400 PUT http://10.180.1.21/compute/v2.1/os-hosts/devstack 2.267s
2025-04-03 15:01:57.395 69819 INFO tempest.lib.common.rest_client [req-3988e7b3-2ae5-461b-9d0d-c7647eb63316 req-3988e7b3-2ae5-461b-9d0d-c7647eb63316 ] Request (ImagesMetadataNegativeTestJSON:test_update_nonexistent_image_metadata): 404 POST http://10.180.1.21/compute/v2.1/images/8165a460-9ede-4a04-b6ce-b8cd577cf03a/metadata 2.258s
2025-04-03 15:01:57.405 69803 INFO tempest.lib.common.rest_client [req-eb19d1a2-a481-4548-bff5-ca4427981cb2 req-eb19d1a2-a481-4548-bff5-ca4427981cb2 ] Request (HypervisorAdminV253TestBase:tearDownClass): 200 GET http://10.180.1.21:9696/networking/v2.0/security-groups?tenant_id=20aebdb210144d8284fd5139ec8bad02&name=default 0.247s
2025-04-03 15:01:57.491 69819 INFO tempest.lib.common.rest_client [req-767cbd08-6879-4c0f-b828-637ec705303b req-767cbd08-6879-4c0f-b828-637ec705303b ] Request (ImagesMetadataNegativeTestJSON:tearDownClass): 204 DELETE http://10.180.1.21/identity/v3/users/10f0c8167b444c959ef933548b2c57b4 0.095s
2025-04-03 15:01:57.491 69819 INFO tempest.lib.common.dynamic_creds [-] Deleting project and security group for project: a04e6b4fc3e84dbb900107c190921a13
2025-04-03 15:01:57.542 69815 INFO tempest.lib.common.rest_client [req-1ac60606-ff19-4a82-b1e8-da002e71d3a2 req-1ac60606-ff19-4a82-b1e8-da002e71d3a2 ] Request (ServerExternalEventsTest:test_create_server_external_events): 200 GET http://10.180.1.21/compute/v2.1/servers/70f7d715-45d0-43ac-8307-16b5623650cf 2.338s
2025-04-03 15:01:57.594 69819 INFO tempest.lib.common.rest_client [req-b94620af-2d37-4723-8208-efe1a905c7f6 req-b94620af-2d37-4723-8208-efe1a905c7f6 ] Request (ImagesMetadataNegativeTestJSON:tearDownClass): 201 POST http://10.180.1.21/identity/v3/auth/tokens 0.102s
2025-04-03 15:01:57.652 69829 INFO tempest.lib.common.rest_client [req-16a87d57-d234-4fb6-bc92-6089e96293dd req-16a87d57-d234-4fb6-bc92-6089e96293dd ] Request (SecurityGroupsTestAdminJSON:test_list_security_groups_list_all_tenants_filter): 200 GET http://10.180.1.21/compute/v2.1/os-security-groups?all_tenants=true 3.803s
2025-04-03 15:01:57.803 69855 INFO tempest.lib.common.rest_client [req-2e29e7ba-6891-4a27-8436-89a0d0d6ed74 req-2e29e7ba-6891-4a27-8436-89a0d0d6ed74 ] Request (ServicesAdminTestJSON:test_get_service_by_host_name): 200 GET http://10.180.1.21/compute/v2.1/os-services 2.382s
2025-04-03 15:01:57.861 69803 INFO tempest.lib.common.rest_client [req-6df06814-d7f4-4b26-ab1b-2425e035b023 req-6df06814-d7f4-4b26-ab1b-2425e035b023 ] Request (HypervisorAdminV253TestBase:tearDownClass): 204 DELETE http://10.180.1.21:9696/networking/v2.0/security-groups/53607a0c-9d6f-42a0-b60c-a8f0ff458142 0.455s
2025-04-03 15:01:57.943 69803 INFO tempest.lib.common.rest_client [req-d2f3cf86-3d43-4d4b-998d-efbdf31e9590 req-d2f3cf86-3d43-4d4b-998d-efbdf31e9590 ] Request (HypervisorAdminV253TestBase:tearDownClass): 204 DELETE http://10.180.1.21/identity/v3/projects/20aebdb210144d8284fd5139ec8bad02 0.081s
2025-04-03 15:01:57.943 69803 INFO tempest.lib.common.dynamic_creds [-] Deleting project and security group for project: 37d3a2342238429da258b29f2c194ccd
2025-04-03 15:01:58.044 69841 INFO tempest.lib.common.rest_client [req-f6eb9181-6294-4791-a587-126e22fc19b4 req-f6eb9181-6294-4791-a587-126e22fc19b4 ] Request (ImagesOneServerTestJSON:setUpClass): 200 GET http://10.180.1.21/compute/v2.1/servers/995a6972-c2c5-4559-bec6-b5de4ed09a61 2.648s
2025-04-03 15:01:58.054 69841 INFO tempest.common.waiters [-] State transition "BUILD/spawning" ==> "ACTIVE/None" after 20 second wait
2025-04-03 15:01:58.071 69811 INFO tempest.lib.common.rest_client [req-84ce2580-8855-406c-bfeb-022827d6b33d req-84ce2580-8855-406c-bfeb-022827d6b33d ] Request (AttachInterfacesUnderV243Test:test_add_remove_fixed_ip): 200 GET http://10.180.1.21/compute/v2.1/servers/b700fd5c-bea2-48c1-ba6d-c361872636e2 2.588s
2025-04-03 15:01:58.080 69811 INFO tempest.common.waiters [-] State transition "BUILD/None" ==> "BUILD/spawning" after 14 second wait
2025-04-03 15:01:58.139 69819 INFO tempest.lib.common.rest_client [req-bca1d041-234a-4b72-8217-71c71e6c2a38 req-bca1d041-234a-4b72-8217-71c71e6c2a38 ] Request (ImagesMetadataNegativeTestJSON:tearDownClass): 200 GET http://10.180.1.21:9696/networking/v2.0/security-groups?tenant_id=a04e6b4fc3e84dbb900107c190921a13&name=default 0.544s
2025-04-03 15:01:58.148 69803 INFO tempest.lib.common.rest_client [req-fabc9782-bced-4a70-a0b4-4dd647c1d0e6 req-fabc9782-bced-4a70-a0b4-4dd647c1d0e6 ] Request (HypervisorAdminV253TestBase:tearDownClass): 200 GET http://10.180.1.21:9696/networking/v2.0/security-groups?tenant_id=37d3a2342238429da258b29f2c194ccd&name=default 0.204s
2025-04-03 15:01:58.205 69813 INFO tempest.lib.common.rest_client [req-6b13309f-92cc-4761-870d-436df75cf725 req-6b13309f-92cc-4761-870d-436df75cf725 ] Request (ListImageFiltersNegativeTestJSON:test_get_nonexistent_image): 404 GET http://10.180.1.21/compute/v2.1/images/7dc0b8af-4e90-4532-aea7-8b8c574a2bba 2.689s
2025-04-03 15:01:58.337 69813 INFO tempest.lib.common.rest_client [req-9e793871-4e4c-4730-8c55-a493aa6ae6c4 req-9e793871-4e4c-4730-8c55-a493aa6ae6c4 ] Request (ListImageFiltersNegativeTestJSON:tearDownClass): 204 DELETE http://10.180.1.21/identity/v3/users/8f90792ad99b44dd99905af5cc39b781 0.130s
2025-04-03 15:01:58.337 69813 INFO tempest.lib.common.dynamic_creds [-] Deleting project and security group for project: 80f014689bde42bb916295aeda8074da
2025-04-03 15:01:58.339 69819 INFO tempest.lib.common.rest_client [req-92f5f72e-1563-4f19-8390-4b54cdb03f5a req-92f5f72e-1563-4f19-8390-4b54cdb03f5a ] Request (ImagesMetadataNegativeTestJSON:tearDownClass): 204 DELETE http://10.180.1.21:9696/networking/v2.0/security-groups/f993304d-ca87-4e92-ada4-7553c601c722 0.199s
2025-04-03 15:01:58.341 69803 INFO tempest.lib.common.rest_client [req-71a7ac6f-6060-4aad-b024-a0b62fb55e8a req-71a7ac6f-6060-4aad-b024-a0b62fb55e8a ] Request (HypervisorAdminV253TestBase:tearDownClass): 204 DELETE http://10.180.1.21:9696/networking/v2.0/security-groups/6708de88-ea72-4074-8fdd-a83de235849d 0.193s
2025-04-03 15:01:58.377 69835 INFO tempest.lib.common.rest_client [req-a0dcb672-dcb7-421b-9441-eba560c1d7b8 req-a0dcb672-dcb7-421b-9441-eba560c1d7b8 ] Request (FloatingIPDetailsNegativeTestJSON:setUpClass): 200 PUT http://10.180.1.21:9696/networking/v2.0/routers/95679464-9d0e-4ccf-9d4f-e380647c43cc/add_router_interface 1.925s
2025-04-03 15:01:58.377 69835 INFO tempest.lib.common.dynamic_creds [-] Created isolated network resources for: credentials: Credentials: {'domain_id': 'default', 'domain_name': 'Default', 'username': 'tempest-FloatingIPDetailsNegativeTestJSON-888816568-project-member', 'project_domain_id': 'default', 'project_domain_name': 'Default', 'project_id': 'c4cd9eaabc804f64bb28d2c69c3e838b', 'project_name': 'tempest-FloatingIPDetailsNegativeTestJSON-888816568', 'tenant_id': 'c4cd9eaabc804f64bb28d2c69c3e838b', 'tenant_name': 'tempest-FloatingIPDetailsNegativeTestJSON-888816568', 'user_domain_id': 'default', 'user_domain_name': 'Default', 'user_id': '62a7d76446864019ab325358ff8c959f', 'system': None}, Network: {'id': 'db81309c-09b5-4dfb-b0f2-bbb22cd2e2ca', 'name': 'tempest-FloatingIPDetailsNegativeTestJSON-1072013910-network', 'tenant_id': 'c4cd9eaabc804f64bb28d2c69c3e838b', 'admin_state_up': True, 'mtu': 8950, 'status': 'ACTIVE', 'subnets': [], 'shared': False, 'project_id': 'c4cd9eaabc804f64bb28d2c69c3e838b', 'port_security_enabled': True, 'router:external': False, 'provider:network_type': 'vlan', 'provider:physical_network': 'default', 'provider:segmentation_id': 163, 'availability_zone_hints': [], 'availability_zones': [], 'ipv4_address_scope': None, 'ipv6_address_scope': None, 'description': '', 'tags': [], 'created_at': '2025-04-03T15:01:53Z', 'updated_at': '2025-04-03T15:01:53Z', 'revision_number': 1}, Subnet: {'id': 'f8ec8405-e206-4f93-b88d-49e7bb3117c0', 'name': 'tempest-FloatingIPDetailsNegativeTestJSON-1072013910-subnet', 'tenant_id': 'c4cd9eaabc804f64bb28d2c69c3e838b', 'network_id': 'db81309c-09b5-4dfb-b0f2-bbb22cd2e2ca', 'ip_version': 4, 'subnetpool_id': None, 'enable_dhcp': True, 'ipv6_ra_mode': None, 'ipv6_address_mode': None, 'gateway_ip': '192.168.128.1', 'cidr': '192.168.128.0/28', 'allocation_pools': [{'start': '192.168.128.2', 'end': '192.168.128.14'}], 'host_routes': [], 'dns_nameservers': [], 'description': '', 'router:external': False, 'service_types': [], 'tags': [], 'created_at': '2025-04-03T15:01:54Z', 'updated_at': '2025-04-03T15:01:54Z', 'revision_number': 0, 'project_id': 'c4cd9eaabc804f64bb28d2c69c3e838b'}, Router: {'id': '95679464-9d0e-4ccf-9d4f-e380647c43cc', 'name': 'tempest-FloatingIPDetailsNegativeTestJSON-1072013910-router', 'tenant_id': 'c4cd9eaabc804f64bb28d2c69c3e838b', 'admin_state_up': True, 'status': 'ACTIVE', 'external_gateway_info': {'network_id': 'e0b7acc9-2c91-4706-b31a-6313c9a8262a', 'external_fixed_ips': [{'subnet_id': '84978cc7-a931-46f2-bb73-45d66aef57be', 'ip_address': '10.180.180.180'}], 'enable_snat': True}, 'description': '', 'availability_zones': [], 'distributed': False, 'ha': False, 'availability_zone_hints': [], 'routes': [], 'flavor_id': None, 'tags': [], 'created_at': '2025-04-03T15:01:54Z', 'updated_at': '2025-04-03T15:01:55Z', 'revision_number': 2, 'project_id': 'c4cd9eaabc804f64bb28d2c69c3e838b'}
2025-04-03 15:01:58.430 69813 INFO tempest.lib.common.rest_client [req-e5174f65-775b-495e-bad6-a29549e29fd9 req-e5174f65-775b-495e-bad6-a29549e29fd9 ] Request (ListImageFiltersNegativeTestJSON:tearDownClass): 201 POST http://10.180.1.21/identity/v3/auth/tokens 0.092s
2025-04-03 15:01:58.464 69819 INFO tempest.lib.common.rest_client [req-90f6b14c-eb26-47e7-9c37-4f20924c8cfa req-90f6b14c-eb26-47e7-9c37-4f20924c8cfa ] Request (ImagesMetadataNegativeTestJSON:tearDownClass): 204 DELETE http://10.180.1.21/identity/v3/projects/a04e6b4fc3e84dbb900107c190921a13 0.124s
2025-04-03 15:01:58.496 69851 INFO tempest.lib.common.rest_client [req-ca671d04-7f1a-42c4-91e0-6d8b29c0142a req-ca671d04-7f1a-42c4-91e0-6d8b29c0142a ] Request (ServerDiskConfigTestJSON:test_rebuild_server_with_auto_disk_config): 202 POST http://10.180.1.21/compute/v2.1/servers/d7ddcb8a-c3b1-45ee-8116-61de7ad1552e/action 2.971s
2025-04-03 15:01:58.554 69835 INFO tempest.lib.common.rest_client [req-b7b6778c-cc81-4e06-9de4-cabd658ff84f req-b7b6778c-cc81-4e06-9de4-cabd658ff84f ] Request (FloatingIPDetailsNegativeTestJSON:setUpClass): 201 POST http://10.180.1.21/identity/v3/auth/tokens 0.171s
2025-04-03 15:01:58.565 69805 INFO tempest.lib.common.rest_client [req-6fda0fba-371d-423a-8fcc-81c99ff8f222 req-6fda0fba-371d-423a-8fcc-81c99ff8f222 ] Request (ServersAdminTestJSON:setUpClass): 200 GET http://10.180.1.21/compute/v2.1/servers/e7cfc8cb-761b-4ba3-9e38-b4aa8629ae47 2.943s
2025-04-03 15:01:58.568 69803 INFO tempest.lib.common.rest_client [req-1dbc648d-ec56-4b5a-b133-555639dd24d2 req-1dbc648d-ec56-4b5a-b133-555639dd24d2 ] Request (HypervisorAdminV253TestBase:tearDownClass): 204 DELETE http://10.180.1.21/identity/v3/projects/37d3a2342238429da258b29f2c194ccd 0.226s
2025-04-03 15:01:58.636 69845 INFO tempest.lib.common.rest_client [req-d65e6c4b-d441-420a-8b07-f375658d0704 req-d65e6c4b-d441-420a-8b07-f375658d0704 ] Request (AttachInterfacesV270Test:test_create_get_list_interfaces): 200 GET http://10.180.1.21/compute/v2.1/servers/6ebbfc05-34bf-4439-8feb-bb5410c145fd 2.909s
2025-04-03 15:01:58.657 69819 INFO tempest.lib.common.rest_client [req-7282468c-0cf9-40d7-b296-c09d38c17545 req-7282468c-0cf9-40d7-b296-c09d38c17545 ] Request (InstanceActionsNegativeTestJSON:setUpClass): 201 POST http://10.180.1.21/identity/v3/auth/tokens 0.190s
2025-04-03 15:01:58.689 69803 INFO tempest.lib.common.rest_client [req-76c7e5b4-a73a-4a07-8d14-d2427ffdad86 req-76c7e5b4-a73a-4a07-8d14-d2427ffdad86 ] Request (ImagesMetadataTestJSON:setUpClass): 201 POST http://10.180.1.21/identity/v3/auth/tokens 0.119s
2025-04-03 15:01:58.693 69819 INFO tempest.lib.common.rest_client [req-2cd49e8b-9387-4d42-96c4-f038c475179f req-2cd49e8b-9387-4d42-96c4-f038c475179f ] Request (InstanceActionsNegativeTestJSON:setUpClass): 201 POST http://10.180.1.21/identity/v3/auth/tokens 0.033s
2025-04-03 15:01:58.700 69827 INFO tempest.lib.common.rest_client [req-b2333d77-2da8-4ce4-ac81-1a807480b715 req-b2333d77-2da8-4ce4-ac81-1a807480b715 ] Request (VolumesAssistedSnapshotsTest:test_volume_assisted_snapshot_create_delete): 202 POST http://10.180.1.21/compute/v2.1/servers 3.208s
2025-04-03 15:01:58.705 69821 INFO tempest.lib.common.rest_client [req-1f06a151-14b8-416d-a19a-2431b2b02fbd req-1f06a151-14b8-416d-a19a-2431b2b02fbd ] Request (InstanceActionsV221TestJSON:test_get_list_deleted_instance_actions): 200 GET http://10.180.1.21/compute/v2.1/servers/48b3e04b-ca2e-4718-8a6a-37a21170630d 2.780s
2025-04-03 15:01:58.722 69819 INFO tempest.lib.common.rest_client [req-d020223a-70ac-47c3-a752-b241fd01f1df req-d020223a-70ac-47c3-a752-b241fd01f1df ] Request (InstanceActionsNegativeTestJSON:setUpClass): 200 GET http://10.180.1.21/identity/v3/domains?name=Default 0.028s
2025-04-03 15:01:58.738 69803 INFO tempest.lib.common.rest_client [req-9ecd4d95-b982-495d-985f-bc53dfd9eafd req-9ecd4d95-b982-495d-985f-bc53dfd9eafd ] Request (ImagesMetadataTestJSON:setUpClass): 201 POST http://10.180.1.21/identity/v3/auth/tokens 0.046s
2025-04-03 15:01:58.764 69809 INFO tempest.lib.common.rest_client [req-1a8ef594-cf34-4a2b-b8f5-efbf2ffce5a1 req-1a8ef594-cf34-4a2b-b8f5-efbf2ffce5a1 ] Request (FlavorsAccessNegativeTestJSON:_run_cleanups): 200 GET http://10.180.1.21/compute/v2.1/flavors/detail 2.553s
2025-04-03 15:01:58.770 69819 INFO tempest.lib.common.rest_client [req-caa4a65d-9635-4389-bfc5-1ff0c11212e0 req-caa4a65d-9635-4389-bfc5-1ff0c11212e0 ] Request (InstanceActionsNegativeTestJSON:setUpClass): 201 POST http://10.180.1.21/identity/v3/projects 0.047s
2025-04-03 15:01:58.800 69813 INFO tempest.lib.common.rest_client [req-6f13966f-f44f-4d48-8077-d4aadab3cf99 req-6f13966f-f44f-4d48-8077-d4aadab3cf99 ] Request (ListImageFiltersNegativeTestJSON:tearDownClass): 200 GET http://10.180.1.21:9696/networking/v2.0/security-groups?tenant_id=80f014689bde42bb916295aeda8074da&name=default 0.370s
2025-04-03 15:01:58.837 69803 INFO tempest.lib.common.rest_client [req-493c47fb-0d80-4d91-8ca9-8c4bc7f71d64 req-493c47fb-0d80-4d91-8ca9-8c4bc7f71d64 ] Request (ImagesMetadataTestJSON:setUpClass): 200 GET http://10.180.1.21/identity/v3/domains?name=Default 0.099s
2025-04-03 15:01:58.839 69831 INFO tempest.lib.common.rest_client [req-04788859-e6a5-4686-92d0-ab9c37ac7f5a req-04788859-e6a5-4686-92d0-ab9c37ac7f5a ] Request (ServersWithSpecificFlavorTestJSON:test_verify_created_server_ephemeral_disk): 200 GET http://10.180.1.21/compute/v2.1/flavors/42 2.809s
2025-04-03 15:01:58.841 69819 INFO tempest.lib.common.rest_client [req-914ad19b-112e-4e2e-894e-231f5e386aea req-914ad19b-112e-4e2e-894e-231f5e386aea ] Request (InstanceActionsNegativeTestJSON:setUpClass): 201 POST http://10.180.1.21/identity/v3/users 0.070s
2025-04-03 15:01:58.870 69803 INFO tempest.lib.common.rest_client [req-9fa07b9f-384b-43d9-9ffa-fff4f43eaf4c req-9fa07b9f-384b-43d9-9ffa-fff4f43eaf4c ] Request (ImagesMetadataTestJSON:setUpClass): 201 POST http://10.180.1.21/identity/v3/projects 0.032s
2025-04-03 15:01:58.914 69813 INFO tempest.lib.common.rest_client [req-06a0e4bd-c631-476d-a542-ede4e01bc980 req-06a0e4bd-c631-476d-a542-ede4e01bc980 ] Request (ListImageFiltersNegativeTestJSON:tearDownClass): 204 DELETE http://10.180.1.21:9696/networking/v2.0/security-groups/db41a5d6-b3a0-4d3a-a440-b537a0d025e1 0.113s
2025-04-03 15:01:58.926 69823 INFO tempest.lib.common.rest_client [req-5b5f4996-a560-4564-8ed0-a1b854304622 req-5b5f4996-a560-4564-8ed0-a1b854304622 ] Request (ServersAdmin275Test:test_rebuild_update_server_275): 200 GET http://10.180.1.21/compute/v2.1/servers/033d81f0-8d19-4caf-a260-3ad2ebf8ad6e 2.656s
2025-04-03 15:01:58.938 69819 INFO tempest.lib.common.rest_client [req-2e99f0dd-b351-4ba6-8e41-48df63d51dd2 req-2e99f0dd-b351-4ba6-8e41-48df63d51dd2 ] Request (InstanceActionsNegativeTestJSON:setUpClass): 200 GET http://10.180.1.21/identity/v3/roles 0.096s
2025-04-03 15:01:58.973 69803 INFO tempest.lib.common.rest_client [req-501d7c97-b242-4769-b0b5-b9284d1f2bbb req-501d7c97-b242-4769-b0b5-b9284d1f2bbb ] Request (ImagesMetadataTestJSON:setUpClass): 201 POST http://10.180.1.21/identity/v3/users 0.103s
2025-04-03 15:01:59.049 69813 INFO tempest.lib.common.rest_client [req-1de82e06-e6c8-4abd-9fb8-d5af470b8a24 req-1de82e06-e6c8-4abd-9fb8-d5af470b8a24 ] Request (ListImageFiltersNegativeTestJSON:tearDownClass): 204 DELETE http://10.180.1.21/identity/v3/projects/80f014689bde42bb916295aeda8074da 0.135s
2025-04-03 15:01:59.063 69833 INFO tempest.lib.common.rest_client [req-62edc6cb-f362-48f5-9a45-cc913534dbbf req-62edc6cb-f362-48f5-9a45-cc913534dbbf ] Request (QuotasAdminTestJSON:test_get_updated_quotas): 200 PUT http://10.180.1.21/compute/v2.1/os-quota-sets/369d56a90f544a57a18354f3e016a378?user_id=3f7e46da15db44249ef6a62dfc884321 2.830s
2025-04-03 15:01:59.125 69819 INFO tempest.lib.common.rest_client [req-9f165aa1-5404-45c0-bf37-ec2a09562691 req-9f165aa1-5404-45c0-bf37-ec2a09562691 ] Request (InstanceActionsNegativeTestJSON:setUpClass): 204 PUT http://10.180.1.21/identity/v3/projects/1b694a7568c644c7a19dc61230d16390/users/2266a18f5a474e53a53c97ee3c92444f/roles/f62e2cb3dd9c49db8be417bdf43a392f 0.187s
2025-04-03 15:01:59.126 69819 INFO tempest.lib.common.dynamic_creds [-] Dynamic test user 2266a18f5a474e53a53c97ee3c92444f is created with scope project and roles: ['member']
2025-04-03 15:01:59.126 69819 INFO tempest.lib.common.dynamic_creds [-] Acquired dynamic creds: credentials: Credentials: {'domain_id': 'default', 'domain_name': 'Default', 'username': 'tempest-InstanceActionsNegativeTestJSON-374033766-project-member', 'project_domain_id': 'default', 'project_domain_name': 'Default', 'project_id': '1b694a7568c644c7a19dc61230d16390', 'project_name': 'tempest-InstanceActionsNegativeTestJSON-374033766', 'tenant_id': '1b694a7568c644c7a19dc61230d16390', 'tenant_name': 'tempest-InstanceActionsNegativeTestJSON-374033766', 'user_domain_id': 'default', 'user_domain_name': 'Default', 'user_id': '2266a18f5a474e53a53c97ee3c92444f', 'system': None}, Network: None, Subnet: None, Router: None
2025-04-03 15:01:59.131 69847 INFO tempest.lib.common.rest_client [req-41f03af3-3966-4413-93e8-6d30627ee20f req-41f03af3-3966-4413-93e8-6d30627ee20f ] Request (FloatingIPsAssociationNegativeTestJSON:setUpClass): 200 GET http://10.180.1.21/compute/v2.1/servers/06429df3-0f61-491e-8263-87b0dcc74bab 2.335s
2025-04-03 15:01:59.140 69801 INFO tempest.lib.common.rest_client [req-5679d35a-4c13-4dd7-bd2a-a1f7d910e9aa req-5679d35a-4c13-4dd7-bd2a-a1f7d910e9aa ] Request (AggregatesAdminNegativeTestJSON:test_aggregate_create_aggregate_name_length_less_than_1): 400 POST http://10.180.1.21/compute/v2.1/os-aggregates 2.306s
2025-04-03 15:01:59.148 69843 INFO tempest.lib.common.rest_client [req-f377a1c6-7f80-437e-94e0-d60f180aa665 req-f377a1c6-7f80-437e-94e0-d60f180aa665 ] Request (QuotasAdminNegativeTest:test_update_quota_normal_user): 403 PUT http://10.180.1.21/compute/v2.1/os-quota-sets/ca3c08b30036401581637c0a065cba3b 1.975s
2025-04-03 15:01:59.160 69839 INFO tempest.lib.common.rest_client [req-492ba8a5-127f-4a83-89e0-0e4bb3f083e3 req-492ba8a5-127f-4a83-89e0-0e4bb3f083e3 ] Request (HostsAdminTestJSON:test_list_hosts): 200 GET http://10.180.1.21/compute/v2.1/os-hosts 2.435s
2025-04-03 15:01:59.190 69803 INFO tempest.lib.common.rest_client [req-9183d153-e449-441c-9f80-d554d0ebbe6c req-9183d153-e449-441c-9f80-d554d0ebbe6c ] Request (ImagesMetadataTestJSON:setUpClass): 200 GET http://10.180.1.21/identity/v3/roles 0.216s
2025-04-03 15:01:59.206 69813 INFO tempest.lib.common.rest_client [req-d764c0a9-13cb-4f07-90bc-e01641072b47 req-d764c0a9-13cb-4f07-90bc-e01641072b47 ] Request (AbsoluteLimitsNegativeTestJSON:setUpClass): 201 POST http://10.180.1.21/identity/v3/auth/tokens 0.155s
2025-04-03 15:01:59.216 69819 INFO tempest.lib.common.rest_client [req-f406396d-0f06-400f-a7ec-836e528ebb69 req-f406396d-0f06-400f-a7ec-836e528ebb69 ] Request (InstanceActionsNegativeTestJSON:setUpClass): 201 POST http://10.180.1.21/identity/v3/auth/tokens 0.090s
2025-04-03 15:01:59.225 69849 INFO tempest.lib.common.rest_client [req-c5d428e2-bc10-43ad-b3c3-6b1760ca4b58 req-c5d428e2-bc10-43ad-b3c3-6b1760ca4b58 ] Request (ServerDiagnosticsV248Test:test_get_server_diagnostics): 200 GET http://10.180.1.21/compute/v2.1/servers/c047ff54-83bb-417a-b5fe-0ae70de31e9c 1.919s
2025-04-03 15:01:59.242 69803 INFO tempest.lib.common.rest_client [req-7e1cd894-b09d-44d3-94ec-d34944d140e4 req-7e1cd894-b09d-44d3-94ec-d34944d140e4 ] Request (ImagesMetadataTestJSON:setUpClass): 204 PUT http://10.180.1.21/identity/v3/projects/4004cb25268e4d3c8c17ece2ac5ae49e/users/0f77ab545e2f40ce8dad71a50f76cbc1/roles/f62e2cb3dd9c49db8be417bdf43a392f 0.051s
2025-04-03 15:01:59.243 69803 INFO tempest.lib.common.dynamic_creds [-] Dynamic test user 0f77ab545e2f40ce8dad71a50f76cbc1 is created with scope project and roles: ['member']
2025-04-03 15:01:59.243 69803 INFO tempest.lib.common.dynamic_creds [-] Acquired dynamic creds: credentials: Credentials: {'domain_id': 'default', 'domain_name': 'Default', 'username': 'tempest-ImagesMetadataTestJSON-1335291488-project-member', 'project_domain_id': 'default', 'project_domain_name': 'Default', 'project_id': '4004cb25268e4d3c8c17ece2ac5ae49e', 'project_name': 'tempest-ImagesMetadataTestJSON-1335291488', 'tenant_id': '4004cb25268e4d3c8c17ece2ac5ae49e', 'tenant_name': 'tempest-ImagesMetadataTestJSON-1335291488', 'user_domain_id': 'default', 'user_domain_name': 'Default', 'user_id': '0f77ab545e2f40ce8dad71a50f76cbc1', 'system': None}, Network: None, Subnet: None, Router: None
2025-04-03 15:01:59.243 69803 INFO tempest.lib.common.dynamic_creds [-] Created isolated network resources for: credentials: Credentials: {'domain_id': 'default', 'domain_name': 'Default', 'username': 'tempest-ImagesMetadataTestJSON-1335291488-project-member', 'project_domain_id': 'default', 'project_domain_name': 'Default', 'project_id': '4004cb25268e4d3c8c17ece2ac5ae49e', 'project_name': 'tempest-ImagesMetadataTestJSON-1335291488', 'tenant_id': '4004cb25268e4d3c8c17ece2ac5ae49e', 'tenant_name': 'tempest-ImagesMetadataTestJSON-1335291488', 'user_domain_id': 'default', 'user_domain_name': 'Default', 'user_id': '0f77ab545e2f40ce8dad71a50f76cbc1', 'system': None}, Network: None, Subnet: None, Router: None
2025-04-03 15:01:59.260 69859 INFO tempest.lib.common.rest_client [req-a2ca6f19-ef06-4fae-b9ef-b6c81aaa65ae req-a2ca6f19-ef06-4fae-b9ef-b6c81aaa65ae ] Request (AttachVolumeShelveTestJSON:test_attach_volume_shelved_or_offload_server): 200 GET http://10.180.1.21/compute/v2.1/servers/e8849400-5f6e-4718-ac0d-f8d9220cc88a 2.057s
2025-04-03 15:01:59.272 69859 INFO tempest.common.waiters [-] State transition "BUILD/None" ==> "BUILD/spawning" after 13 second wait
2025-04-03 15:01:59.281 69843 INFO tempest.lib.common.rest_client [req-9be82670-0ced-4105-8880-e78406b84dd7 req-9be82670-0ced-4105-8880-e78406b84dd7 ] Request (QuotasAdminNegativeTest:tearDownClass): 204 DELETE http://10.180.1.21/identity/v3/users/21be51a656f644f5951b7308ae9e4a67 0.131s
2025-04-03 15:01:59.306 69813 INFO tempest.lib.common.rest_client [req-982c03c6-0524-415b-a775-847f0fb2976c req-982c03c6-0524-415b-a775-847f0fb2976c ] Request (AbsoluteLimitsNegativeTestJSON:setUpClass): 201 POST http://10.180.1.21/identity/v3/auth/tokens 0.095s
2025-04-03 15:01:59.372 69837 INFO tempest.lib.common.rest_client [req-6fdb78be-a079-4d09-b4cc-c79fd2ee7a5f req-6fdb78be-a079-4d09-b4cc-c79fd2ee7a5f ] Request (ServerDiagnosticsNegativeTest:tearDownClass): 204 DELETE http://10.180.1.21/compute/v2.1/servers/a714d3c3-6973-4107-bc30-061e2ac52172 2.016s
2025-04-03 15:01:59.375 69803 INFO tempest.lib.common.rest_client [req-01414ae1-157a-4781-b6ab-0d0ac3a1c77f req-01414ae1-157a-4781-b6ab-0d0ac3a1c77f ] Request (ImagesMetadataTestJSON:setUpClass): 201 POST http://10.180.1.21/identity/v3/auth/tokens 0.127s
2025-04-03 15:01:59.395 69813 INFO tempest.lib.common.rest_client [req-4cabe31a-5950-486e-9320-188a1122070b req-4cabe31a-5950-486e-9320-188a1122070b ] Request (AbsoluteLimitsNegativeTestJSON:setUpClass): 200 GET http://10.180.1.21/identity/v3/domains?name=Default 0.089s
2025-04-03 15:01:59.396 69853 INFO tempest.lib.common.rest_client [req-b83f47cb-6e0a-447c-9e0c-4cf2b1b9fb69 req-b83f47cb-6e0a-447c-9e0c-4cf2b1b9fb69 ] Request (FlavorsExtraSpecsTestJSON:tearDownClass): 200 GET http://10.180.1.21/compute/v2.1/flavors/detail 2.023s
2025-04-03 15:01:59.408 69799 INFO tempest.lib.common.rest_client [req-88e9b470-f992-4f55-a6d5-ef0c65650e96 req-88e9b470-f992-4f55-a6d5-ef0c65650e96 ] Request (HostsAdminNegativeTestJSON:test_update_nonexistent_host): 404 PUT http://10.180.1.21/compute/v2.1/os-hosts/nonexistent_hostname 2.030s
2025-04-03 15:01:59.429 69843 INFO tempest.lib.common.rest_client [req-6c1338c9-c45f-4fd2-b2df-8146da70dade req-6c1338c9-c45f-4fd2-b2df-8146da70dade ] Request (QuotasAdminNegativeTest:tearDownClass): 204 DELETE http://10.180.1.21/identity/v3/users/a262db04dd694903b7e840cd8a0fa725 0.147s
2025-04-03 15:01:59.429 69843 INFO tempest.lib.common.dynamic_creds [-] Deleting project and security group for project: ca3c08b30036401581637c0a065cba3b
2025-04-03 15:01:59.492 69813 INFO tempest.lib.common.rest_client [req-dbb879e8-5f20-406a-98ec-c189137d538a req-dbb879e8-5f20-406a-98ec-c189137d538a ] Request (AbsoluteLimitsNegativeTestJSON:setUpClass): 201 POST http://10.180.1.21/identity/v3/projects 0.095s
2025-04-03 15:01:59.508 69829 INFO tempest.lib.common.rest_client [req-8ba76c12-abc9-4bfe-a015-4c290c6f57f7 req-8ba76c12-abc9-4bfe-a015-4c290c6f57f7 ] Request (SecurityGroupsTestAdminJSON:test_list_security_groups_list_all_tenants_filter): 200 GET http://10.180.1.21/compute/v2.1/os-security-groups?all_tenants=true 1.840s
