2025-04-03 15:01:36.738 69855 INFO tempest.lib.common.rest_client [req-9cca9064-3c94-4e88-a29c-daf96010fbc1 req-9cca9064-3c94-4e88-a29c-daf96010fbc1 ] Request (HypervisorAdminNegativeTestJSON:setUpClass): 204 PUT http://10.180.1.21/identity/v3/projects/0b00bf799c9644d5ba0864662ee14c6f/users/50e2cdf9052b43c5be31a38f5f25126a/roles/179221b981db4fa99216d472bc48863a 0.824s
2025-04-03 15:01:36.738 69855 INFO tempest.lib.common.dynamic_creds [-] Dynamic test user 50e2cdf9052b43c5be31a38f5f25126a is created with scope project and roles: ['admin']
2025-04-03 15:01:36.738 69855 INFO tempest.lib.common.dynamic_creds [-] Acquired dynamic creds: credentials: Credentials: {'domain_id': 'default', 'domain_name': 'Default', 'username': 'tempest-HypervisorAdminNegativeTestJSON-146458025-project-admin', 'project_domain_id': 'default', 'project_domain_name': 'Default', 'project_id': '0b00bf799c9644d5ba0864662ee14c6f', 'project_name': 'tempest-HypervisorAdminNegativeTestJSON-146458025', 'tenant_id': '0b00bf799c9644d5ba0864662ee14c6f', 'tenant_name': 'tempest-HypervisorAdminNegativeTestJSON-146458025', 'user_domain_id': 'default', 'user_domain_name': 'Default', 'user_id': '50e2cdf9052b43c5be31a38f5f25126a', 'system': None}, Network: None, Subnet: None, Router: None
2025-04-03 15:01:36.738 69855 INFO tempest.lib.common.dynamic_creds [-] Created isolated network resources for: credentials: Credentials: {'domain_id': 'default', 'domain_name': 'Default', 'username': 'tempest-HypervisorAdminNegativeTestJSON-146458025-project-admin', 'project_domain_id': 'default', 'project_domain_name': 'Default', 'project_id': '0b00bf799c9644d5ba0864662ee14c6f', 'project_name': 'tempest-HypervisorAdminNegativeTestJSON-146458025', 'tenant_id': '0b00bf799c9644d5ba0864662ee14c6f', 'tenant_name': 'tempest-HypervisorAdminNegativeTestJSON-146458025', 'user_domain_id': 'default', 'user_domain_name': 'Default', 'user_id': '50e2cdf9052b43c5be31a38f5f25126a', 'system': None}, Network: None, Subnet: None, Router: None
2025-04-03 15:01:36.744 69853 INFO tempest.lib.common.rest_client [req-19915c14-6db1-4ef4-a8f2-502c8990ed25 req-19915c14-6db1-4ef4-a8f2-502c8990ed25 ] Request (FlavorsExtraSpecsTestJSON:setUpClass): 204 PUT http://10.180.1.21/identity/v3/projects/9c2fefd9caba440da73ba5bc63d4c903/users/ddf958c1e8074939bc5da99cfada5dc8/roles/179221b981db4fa99216d472bc48863a 0.732s
2025-04-03 15:01:36.744 69853 INFO tempest.lib.common.dynamic_creds [-] Dynamic test user ddf958c1e8074939bc5da99cfada5dc8 is created with scope project and roles: ['admin']
2025-04-03 15:01:36.745 69853 INFO tempest.lib.common.dynamic_creds [-] Acquired dynamic creds: credentials: Credentials: {'domain_id': 'default', 'domain_name': 'Default', 'username': 'tempest-FlavorsExtraSpecsTestJSON-1665452389-project-admin', 'project_domain_id': 'default', 'project_domain_name': 'Default', 'project_id': '9c2fefd9caba440da73ba5bc63d4c903', 'project_name': 'tempest-FlavorsExtraSpecsTestJSON-1665452389', 'tenant_id': '9c2fefd9caba440da73ba5bc63d4c903', 'tenant_name': 'tempest-FlavorsExtraSpecsTestJSON-1665452389', 'user_domain_id': 'default', 'user_domain_name': 'Default', 'user_id': 'ddf958c1e8074939bc5da99cfada5dc8', 'system': None}, Network: None, Subnet: None, Router: None
2025-04-03 15:01:36.745 69853 INFO tempest.lib.common.dynamic_creds [-] Created isolated network resources for: credentials: Credentials: {'domain_id': 'default', 'domain_name': 'Default', 'username': 'tempest-FlavorsExtraSpecsTestJSON-1665452389-project-admin', 'project_domain_id': 'default', 'project_domain_name': 'Default', 'project_id': '9c2fefd9caba440da73ba5bc63d4c903', 'project_name': 'tempest-FlavorsExtraSpecsTestJSON-1665452389', 'tenant_id': '9c2fefd9caba440da73ba5bc63d4c903', 'tenant_name': 'tempest-FlavorsExtraSpecsTestJSON-1665452389', 'user_domain_id': 'default', 'user_domain_name': 'Default', 'user_id': 'ddf958c1e8074939bc5da99cfada5dc8', 'system': None}, Network: None, Subnet: None, Router: None
2025-04-03 15:01:36.807 69803 INFO tempest.lib.common.rest_client [req-162219e5-258d-4afd-ad41-41a4bb333273 req-162219e5-258d-4afd-ad41-41a4bb333273 ] Request (FlavorsV261TestJSON:setUpClass): 201 POST http://10.180.1.21/identity/v3/auth/tokens 0.756s
2025-04-03 15:01:36.819 69815 INFO tempest.lib.common.rest_client [req-df27e4ff-a7af-4447-85e9-e5db74bdad25 req-df27e4ff-a7af-4447-85e9-e5db74bdad25 ] Request (ServerExternalEventsTest:setUpClass): 204 PUT http://10.180.1.21/identity/v3/projects/53be0cf469024416a2e0b6d2c3d482cc/users/01d0d2dc0b274b809234857f92f446e3/roles/163e103758b149a2a7d85e3b677dd64c 0.782s
2025-04-03 15:01:36.871 69825 INFO tempest.lib.common.rest_client [req-93e048cb-27d3-472b-8f25-f403f5216183 req-93e048cb-27d3-472b-8f25-f403f5216183 ] Request (QuotaClassesAdmin257Test:setUpClass): 201 POST http://10.180.1.21/identity/v3/auth/tokens 0.810s
2025-04-03 15:01:36.939 69861 INFO tempest.lib.common.rest_client [req-a3295735-8812-4821-b892-bb3a210493ba req-a3295735-8812-4821-b892-bb3a210493ba ] Request (QuotaClassesAdminTestJSON:setUpClass): 201 POST http://10.180.1.21/identity/v3/auth/tokens 0.804s
2025-04-03 15:01:36.960 69805 INFO tempest.lib.common.rest_client [req-82990288-4a57-4b12-90af-c85a291d84c7 req-82990288-4a57-4b12-90af-c85a291d84c7 ] Request (ServersAdminTestJSON:setUpClass): 201 POST http://10.180.1.21/identity/v3/projects 0.786s
2025-04-03 15:01:36.989 69807 INFO tempest.lib.common.rest_client [req-9a01b87c-3e4f-4915-97a6-da7913bac5cb req-9a01b87c-3e4f-4915-97a6-da7913bac5cb ] Request (DeleteServersAdminTestJSON:test_admin_delete_servers_of_others): 201 POST http://10.180.1.21/identity/v3/auth/tokens 0.777s
2025-04-03 15:01:36.990 69807 INFO tempest.lib.common.fixed_network [-] (DeleteServersAdminTestJSON:test_admin_delete_servers_of_others) Found network None available for tenant
2025-04-03 15:01:37.051 69835 INFO tempest.lib.common.rest_client [req-5a6c3949-0acd-4369-9725-008ec47cf26c req-5a6c3949-0acd-4369-9725-008ec47cf26c ] Request (KeyPairsV210TestJSON:setUpClass): 201 POST http://10.180.1.21/identity/v3/auth/tokens 0.825s
2025-04-03 15:01:37.059 69858 INFO tempest.lib.common.rest_client [req-badf491a-0987-453f-ad49-7f0e55ba8455 req-badf491a-0987-453f-ad49-7f0e55ba8455 ] Request (NetworksTest:setUpClass): 201 POST http://10.180.1.21/identity/v3/auth/tokens 0.821s
2025-04-03 15:01:37.131 69823 INFO tempest.lib.common.rest_client [req-14b915d5-5a35-47c4-9566-8afcf64878e6 req-14b915d5-5a35-47c4-9566-8afcf64878e6 ] Request (ServersAdmin275Test:setUpClass): 201 POST http://10.180.1.21/identity/v3/auth/tokens 0.745s
2025-04-03 15:01:37.139 69831 INFO tempest.lib.common.rest_client [req-42d2425c-a846-47c6-a973-e0bee0a80de3 req-42d2425c-a846-47c6-a973-e0bee0a80de3 ] Request (AZAdminNegativeTestJSON:setUpClass): 201 POST http://10.180.1.21/identity/v3/auth/tokens 0.808s
2025-04-03 15:01:37.192 69829 INFO tempest.lib.common.rest_client [req-608274dc-c155-44e2-9522-4d2fe93a75c2 req-608274dc-c155-44e2-9522-4d2fe93a75c2 ] Request (InstanceUsageAuditLogNegativeTestJSON:setUpClass): 204 PUT http://10.180.1.21/identity/v3/projects/a23c953c0ef5439d85deb4ffe51fc60d/users/aea5a5beb5724eb8849de87a1507c3cd/roles/f62e2cb3dd9c49db8be417bdf43a392f 0.801s
2025-04-03 15:01:37.193 69829 INFO tempest.lib.common.dynamic_creds [-] Dynamic test user aea5a5beb5724eb8849de87a1507c3cd is created with scope project and roles: ['member']
2025-04-03 15:01:37.193 69829 INFO tempest.lib.common.dynamic_creds [-] Acquired dynamic creds: credentials: Credentials: {'domain_id': 'default', 'domain_name': 'Default', 'username': 'tempest-InstanceUsageAuditLogNegativeTestJSON-663198320-project-member', 'project_domain_id': 'default', 'project_domain_name': 'Default', 'project_id': 'a23c953c0ef5439d85deb4ffe51fc60d', 'project_name': 'tempest-InstanceUsageAuditLogNegativeTestJSON-663198320', 'tenant_id': 'a23c953c0ef5439d85deb4ffe51fc60d', 'tenant_name': 'tempest-InstanceUsageAuditLogNegativeTestJSON-663198320', 'user_domain_id': 'default', 'user_domain_name': 'Default', 'user_id': 'aea5a5beb5724eb8849de87a1507c3cd', 'system': None}, Network: None, Subnet: None, Router: None
2025-04-03 15:01:37.193 69829 INFO tempest.lib.common.dynamic_creds [-] Created isolated network resources for: credentials: Credentials: {'domain_id': 'default', 'domain_name': 'Default', 'username': 'tempest-InstanceUsageAuditLogNegativeTestJSON-663198320-project-member', 'project_domain_id': 'default', 'project_domain_name': 'Default', 'project_id': 'a23c953c0ef5439d85deb4ffe51fc60d', 'project_name': 'tempest-InstanceUsageAuditLogNegativeTestJSON-663198320', 'tenant_id': 'a23c953c0ef5439d85deb4ffe51fc60d', 'tenant_name': 'tempest-InstanceUsageAuditLogNegativeTestJSON-663198320', 'user_domain_id': 'default', 'user_domain_name': 'Default', 'user_id': 'aea5a5beb5724eb8849de87a1507c3cd', 'system': None}, Network: None, Subnet: None, Router: None
2025-04-03 15:01:37.218 69833 INFO tempest.lib.common.rest_client [req-66b5a1ea-3916-4c7d-8015-aaa1db25821b req-66b5a1ea-3916-4c7d-8015-aaa1db25821b ] Request (QuotasAdminTestJSON:setUpClass): 201 POST http://10.180.1.21/identity/v3/auth/tokens 0.775s
2025-04-03 15:01:37.219 69845 INFO tempest.lib.common.rest_client [req-61d084d5-1702-4627-994d-537b8a12a09f req-61d084d5-1702-4627-994d-537b8a12a09f ] Request (QuotasSecurityGroupAdminNegativeTest:tearDownClass): 200 GET http://10.180.1.21:9696/networking/v2.0/security-groups?tenant_id=2a13ab58ac8f4fcbb4f1e3d7db90979f&name=default 1.112s
2025-04-03 15:01:37.220 69833 WARNING tempest.lib.common.rest_client [-] Deprecated: "tenant_id" property is deprecated for removal, use "project_id" instead
2025-04-03 15:01:37.284 69847 INFO tempest.lib.common.rest_client [req-a95659e3-ad81-4c3b-aa87-3d1dfe842665 req-a95659e3-ad81-4c3b-aa87-3d1dfe842665 ] Request (FlavorMetadataValidation:setUpClass): 201 POST http://10.180.1.21/identity/v3/auth/tokens 0.831s
2025-04-03 15:01:37.304 69859 INFO tempest.lib.common.rest_client [req-5bbcd9e1-7e1d-4aea-a8bc-8f648e4160cc req-5bbcd9e1-7e1d-4aea-a8bc-8f648e4160cc ] Request (AttachVolumeShelveTestJSON:setUpClass): 201 POST http://10.180.1.21/identity/v3/auth/tokens 0.809s
2025-04-03 15:01:37.332 69845 INFO tempest.lib.common.rest_client [req-4b7d948b-3f53-4ed7-8770-38bcd9d1c8b9 req-4b7d948b-3f53-4ed7-8770-38bcd9d1c8b9 ] Request (QuotasSecurityGroupAdminNegativeTest:tearDownClass): 204 DELETE http://10.180.1.21:9696/networking/v2.0/security-groups/d1babc6a-03cc-4bd2-8368-f7ca95ad8daf 0.113s
2025-04-03 15:01:37.362 69849 INFO tempest.lib.common.rest_client [req-fe0a190b-917b-4721-a9d3-478a9e01b44d req-fe0a190b-917b-4721-a9d3-478a9e01b44d ] Request (ServerDiagnosticsV248Test:test_get_server_diagnostics): 201 POST http://10.180.1.21/identity/v3/auth/tokens 0.739s
2025-04-03 15:01:37.363 69849 INFO tempest.lib.common.fixed_network [-] (ServerDiagnosticsV248Test:test_get_server_diagnostics) Found network None available for tenant
2025-04-03 15:01:37.412 69839 INFO tempest.lib.common.rest_client [req-5d012088-2cb5-4efc-aa5c-14a46b219df2 req-5d012088-2cb5-4efc-aa5c-14a46b219df2 ] Request (FlavorsExtraSpecsNegativeTestJSON:setUpClass): 200 POST http://10.180.1.21/compute/v2.1/flavors 1.879s
2025-04-03 15:01:37.444 69827 INFO tempest.lib.common.rest_client [req-257d56b7-fd6f-45c3-b1e4-152b513e17ff req-257d56b7-fd6f-45c3-b1e4-152b513e17ff ] Request (VolumesAssistedSnapshotsTest:setUpClass): 201 POST http://10.180.1.21/identity/v3/auth/tokens 0.799s
2025-04-03 15:01:37.455 69855 INFO tempest.lib.common.rest_client [req-36b68a45-7322-4f0e-b2bd-21beac557fe4 req-36b68a45-7322-4f0e-b2bd-21beac557fe4 ] Request (HypervisorAdminNegativeTestJSON:setUpClass): 201 POST http://10.180.1.21/identity/v3/auth/tokens 0.712s
2025-04-03 15:01:37.462 69817 INFO tempest.lib.common.rest_client [req-61ae8e2c-cda1-400e-8f57-b24b3067edb7 req-61ae8e2c-cda1-400e-8f57-b24b3067edb7 ] Request (ImagesTestJSON:test_create_image_from_stopped_server): 200 GET http://10.180.1.21/compute/v2.1/servers/f5fd6a9e-5c0c-4b80-89c8-753e49fb4ed2 1.910s
2025-04-03 15:01:37.471 69817 INFO tempest.common.waiters [-] State transition "BUILD/scheduling" ==> "BUILD/None" after 3 second wait
2025-04-03 15:01:37.503 69815 INFO tempest.lib.common.rest_client [req-4585bb24-18aa-4e11-9136-c0b5fe52ad7c req-4585bb24-18aa-4e11-9136-c0b5fe52ad7c ] Request (ServerExternalEventsTest:setUpClass): 200 GET http://10.180.1.21/identity/v3/roles 0.683s
2025-04-03 15:01:37.517 69853 INFO tempest.lib.common.rest_client [req-d528b0e8-a8e9-4414-bb31-d4b9b6c53574 req-d528b0e8-a8e9-4414-bb31-d4b9b6c53574 ] Request (FlavorsExtraSpecsTestJSON:setUpClass): 201 POST http://10.180.1.21/identity/v3/auth/tokens 0.768s
2025-04-03 15:01:37.531 69805 INFO tempest.lib.common.rest_client [req-d6b81fbf-d2af-4239-8e28-e5204efabbcf req-d6b81fbf-d2af-4239-8e28-e5204efabbcf ] Request (ServersAdminTestJSON:setUpClass): 201 POST http://10.180.1.21/identity/v3/users 0.571s
2025-04-03 15:01:37.584 69823 INFO tempest.lib.common.rest_client [req-e0f28143-d0ac-4cb4-aa71-d285bf9f8345 req-e0f28143-d0ac-4cb4-aa71-d285bf9f8345 ] Request (ServersAdmin275Test:test_rebuild_update_server_275): 201 POST http://10.180.1.21/identity/v3/auth/tokens 0.450s
2025-04-03 15:01:37.585 69823 INFO tempest.lib.common.fixed_network [-] (ServersAdmin275Test:test_rebuild_update_server_275) Found network None available for tenant
2025-04-03 15:01:37.599 69829 INFO tempest.lib.common.rest_client [req-02169066-ba5d-4fd9-8022-97b1d7fc0208 req-02169066-ba5d-4fd9-8022-97b1d7fc0208 ] Request (InstanceUsageAuditLogNegativeTestJSON:setUpClass): 201 POST http://10.180.1.21/identity/v3/auth/tokens 0.399s
2025-04-03 15:01:37.664 69845 INFO tempest.lib.common.rest_client [req-b619ce35-248c-4e7b-a4bd-86fd2b08fc80 req-b619ce35-248c-4e7b-a4bd-86fd2b08fc80 ] Request (QuotasSecurityGroupAdminNegativeTest:tearDownClass): 204 DELETE http://10.180.1.21/identity/v3/projects/2a13ab58ac8f4fcbb4f1e3d7db90979f 0.331s
2025-04-03 15:01:37.664 69845 INFO tempest.lib.common.dynamic_creds [-] Deleting project and security group for project: fc145dc5e84f481186600dd22405a3b9
2025-04-03 15:01:37.744 69843 INFO tempest.lib.common.rest_client [req-920a0f5d-bd17-44e9-8960-ddcedd9f2161 req-920a0f5d-bd17-44e9-8960-ddcedd9f2161 ] Request (QuotasAdminNegativeTest:test_create_server_when_cpu_quota_is_full): 200 GET http://10.180.1.21/compute/v2.1/os-quota-sets/ca3c08b30036401581637c0a065cba3b 2.478s
2025-04-03 15:01:37.759 69827 INFO tempest.lib.common.rest_client [req-3f92b189-c5f6-4183-b212-7a08d4ba2d1f req-3f92b189-c5f6-4183-b212-7a08d4ba2d1f ] Request (VolumesAssistedSnapshotsTest:setUpClass): 201 POST http://10.180.1.21/identity/v3/projects 0.314s
2025-04-03 15:01:37.821 69851 INFO tempest.lib.common.rest_client [req-e5a138eb-c1f4-41c5-9a98-18ac2cb2eb7d req-e5a138eb-c1f4-41c5-9a98-18ac2cb2eb7d ] Request (ServerDiskConfigTestJSON:test_rebuild_server_with_auto_disk_config): 200 GET http://10.180.1.21/compute/v2.1/servers/d7ddcb8a-c3b1-45ee-8116-61de7ad1552e 1.939s
2025-04-03 15:01:37.823 69815 INFO tempest.lib.common.rest_client [req-c7205b65-ae37-4fd5-a74e-2e8a9aef5adc req-c7205b65-ae37-4fd5-a74e-2e8a9aef5adc ] Request (ServerExternalEventsTest:setUpClass): 204 PUT http://10.180.1.21/identity/v3/projects/53be0cf469024416a2e0b6d2c3d482cc/users/01d0d2dc0b274b809234857f92f446e3/roles/179221b981db4fa99216d472bc48863a 0.320s
2025-04-03 15:01:37.823 69815 INFO tempest.lib.common.dynamic_creds [-] Dynamic test user 01d0d2dc0b274b809234857f92f446e3 is created with scope project and roles: ['service', 'admin']
2025-04-03 15:01:37.823 69815 INFO tempest.lib.common.dynamic_creds [-] Acquired dynamic creds: credentials: Credentials: {'domain_id': 'default', 'domain_name': 'Default', 'username': 'tempest-ServerExternalEventsTest-1343051022-project', 'project_domain_id': 'default', 'project_domain_name': 'Default', 'project_id': '53be0cf469024416a2e0b6d2c3d482cc', 'project_name': 'tempest-ServerExternalEventsTest-1343051022', 'tenant_id': '53be0cf469024416a2e0b6d2c3d482cc', 'tenant_name': 'tempest-ServerExternalEventsTest-1343051022', 'user_domain_id': 'default', 'user_domain_name': 'Default', 'user_id': '01d0d2dc0b274b809234857f92f446e3', 'system': None}, Network: None, Subnet: None, Router: None
2025-04-03 15:01:37.824 69815 INFO tempest.lib.common.dynamic_creds [-] Created isolated network resources for: credentials: Credentials: {'domain_id': 'default', 'domain_name': 'Default', 'username': 'tempest-ServerExternalEventsTest-1343051022-project', 'project_domain_id': 'default', 'project_domain_name': 'Default', 'project_id': '53be0cf469024416a2e0b6d2c3d482cc', 'project_name': 'tempest-ServerExternalEventsTest-1343051022', 'tenant_id': '53be0cf469024416a2e0b6d2c3d482cc', 'tenant_name': 'tempest-ServerExternalEventsTest-1343051022', 'user_domain_id': 'default', 'user_domain_name': 'Default', 'user_id': '01d0d2dc0b274b809234857f92f446e3', 'system': None}, Network: None, Subnet: None, Router: None
2025-04-03 15:01:37.828 69845 INFO tempest.lib.common.rest_client [req-c33ae4f5-0942-483f-a5e5-76cbc76924de req-c33ae4f5-0942-483f-a5e5-76cbc76924de ] Request (QuotasSecurityGroupAdminNegativeTest:tearDownClass): 200 GET http://10.180.1.21:9696/networking/v2.0/security-groups?tenant_id=fc145dc5e84f481186600dd22405a3b9&name=default 0.163s
2025-04-03 15:01:37.872 69805 INFO tempest.lib.common.rest_client [req-ca5b4bfb-7da0-49ca-b54b-2418adde9938 req-ca5b4bfb-7da0-49ca-b54b-2418adde9938 ] Request (ServersAdminTestJSON:setUpClass): 200 GET http://10.180.1.21/identity/v3/roles 0.341s
2025-04-03 15:01:37.880 69829 INFO tempest.lib.common.rest_client [req-2c0e0e80-8462-412a-b4af-2c2fb04ebe77 req-2c0e0e80-8462-412a-b4af-2c2fb04ebe77 ] Request (InstanceUsageAuditLogNegativeTestJSON:setUpClass): 201 POST http://10.180.1.21/identity/v3/projects 0.280s
2025-04-03 15:01:37.883 69821 INFO tempest.lib.common.rest_client [req-40995ba7-b360-4806-b3cf-475f78e36cb0 req-40995ba7-b360-4806-b3cf-475f78e36cb0 ] Request (HypervisorAdminUnderV252Test:test_get_hypervisor_show_servers): 200 GET http://10.180.1.21/compute/v2.1/os-hypervisors 2.034s
2025-04-03 15:01:37.898 69845 INFO tempest.lib.common.rest_client [req-b085a960-f9d7-4b71-a0ad-6c6c6ec43420 req-b085a960-f9d7-4b71-a0ad-6c6c6ec43420 ] Request (QuotasSecurityGroupAdminNegativeTest:tearDownClass): 204 DELETE http://10.180.1.21:9696/networking/v2.0/security-groups/72a3118b-d813-4bcb-8369-d64118ae5da7 0.069s
2025-04-03 15:01:37.933 69827 INFO tempest.lib.common.rest_client [req-8fa46533-9d3e-4eb5-88d2-9df604b7ea9c req-8fa46533-9d3e-4eb5-88d2-9df604b7ea9c ] Request (VolumesAssistedSnapshotsTest:setUpClass): 201 POST http://10.180.1.21/identity/v3/users 0.174s
2025-04-03 15:01:38.027 69805 INFO tempest.lib.common.rest_client [req-a39aab9e-a50c-425f-b778-753c92d200de req-a39aab9e-a50c-425f-b778-753c92d200de ] Request (ServersAdminTestJSON:setUpClass): 204 PUT http://10.180.1.21/identity/v3/projects/48a9764c2faa40b0bc38415a61adfd84/users/26689a6778004ff6ba07a42289426913/roles/179221b981db4fa99216d472bc48863a 0.154s
2025-04-03 15:01:38.028 69809 INFO tempest.lib.common.rest_client [req-90d8b4d5-960f-4731-93d0-58517ed51b28 req-90d8b4d5-960f-4731-93d0-58517ed51b28 ] Request (FlavorsAccessNegativeTestJSON:test_add_flavor_access_duplicate): 200 POST http://10.180.1.21/compute/v2.1/flavors 2.065s
2025-04-03 15:01:38.037 69815 INFO tempest.lib.common.rest_client [req-85f935b2-759f-429d-8acc-41f0545df3c6 req-85f935b2-759f-429d-8acc-41f0545df3c6 ] Request (ServerExternalEventsTest:setUpClass): 201 POST http://10.180.1.21/identity/v3/auth/tokens 0.211s
2025-04-03 15:01:38.087 69829 INFO tempest.lib.common.rest_client [req-bebc2f04-9ff3-437f-995e-ccd16ea9dd7a req-bebc2f04-9ff3-437f-995e-ccd16ea9dd7a ] Request (InstanceUsageAuditLogNegativeTestJSON:setUpClass): 201 POST http://10.180.1.21/identity/v3/users 0.206s
2025-04-03 15:01:38.126 69827 INFO tempest.lib.common.rest_client [req-459682ab-bb62-430e-af05-b9e271b43404 req-459682ab-bb62-430e-af05-b9e271b43404 ] Request (VolumesAssistedSnapshotsTest:setUpClass): 200 GET http://10.180.1.21/identity/v3/roles 0.192s
2025-04-03 15:01:38.138 69845 INFO tempest.lib.common.rest_client [req-6a7dce55-45b6-45c7-b2de-84a0f24aff6a req-6a7dce55-45b6-45c7-b2de-84a0f24aff6a ] Request (QuotasSecurityGroupAdminNegativeTest:tearDownClass): 204 DELETE http://10.180.1.21/identity/v3/projects/fc145dc5e84f481186600dd22405a3b9 0.240s
2025-04-03 15:01:38.145 69799 INFO tempest.lib.common.rest_client [req-3b8b400e-174f-4772-a6cb-d63b48700149 req-3b8b400e-174f-4772-a6cb-d63b48700149 ] Request (HostsAdminNegativeTestJSON:setUpClass): 200 GET http://10.180.1.21/compute/v2.1/os-hosts 1.867s
2025-04-03 15:01:38.185 69805 INFO tempest.lib.common.rest_client [req-6a51a467-e222-4587-94fb-57e88f590ebe req-6a51a467-e222-4587-94fb-57e88f590ebe ] Request (ServersAdminTestJSON:setUpClass): 200 GET http://10.180.1.21/identity/v3/roles 0.157s
2025-04-03 15:01:38.232 69815 INFO tempest.lib.common.rest_client [req-92ad107c-1e1d-4fa0-b3e1-7df5572d9ad0 req-92ad107c-1e1d-4fa0-b3e1-7df5572d9ad0 ] Request (ServerExternalEventsTest:test_create_server_external_events): 201 POST http://10.180.1.21/identity/v3/auth/tokens 0.188s
2025-04-03 15:01:38.232 69815 INFO tempest.lib.common.fixed_network [-] (ServerExternalEventsTest:test_create_server_external_events) Found network None available for tenant
2025-04-03 15:01:38.250 69829 INFO tempest.lib.common.rest_client [req-b7209f96-4047-427d-8e20-206338f408ad req-b7209f96-4047-427d-8e20-206338f408ad ] Request (InstanceUsageAuditLogNegativeTestJSON:setUpClass): 200 GET http://10.180.1.21/identity/v3/roles 0.163s
2025-04-03 15:01:38.256 69801 INFO tempest.lib.common.rest_client [req-43631b41-dca4-4a68-bf82-b364c1521685 req-43631b41-dca4-4a68-bf82-b364c1521685 ] Request (AggregatesAdminNegativeTestJSON:setUpClass): 200 GET http://10.180.1.21/compute/v2.1/os-services?binary=nova-compute 1.963s
2025-04-03 15:01:38.263 69827 INFO tempest.lib.common.rest_client [req-3e13bac2-674b-46b6-8384-beeec4466fc9 req-3e13bac2-674b-46b6-8384-beeec4466fc9 ] Request (VolumesAssistedSnapshotsTest:setUpClass): 204 PUT http://10.180.1.21/identity/v3/projects/5eb81c32145741cc9d174b83a4e62b40/users/692a79346fb941b88fdc8ed359fd62e1/roles/179221b981db4fa99216d472bc48863a 0.136s
2025-04-03 15:01:38.306 69841 INFO tempest.lib.common.rest_client [req-9f1ed007-69d0-4a56-9a33-cba8df658918 req-9f1ed007-69d0-4a56-9a33-cba8df658918 ] Request (ImagesOneServerTestJSON:setUpClass): 200 GET http://10.180.1.21/compute/v2.1/servers/995a6972-c2c5-4559-bec6-b5de4ed09a61 1.930s
2025-04-03 15:01:38.309 69845 INFO tempest.lib.common.rest_client [req-07eed940-61f9-4702-ad16-90180173101f req-07eed940-61f9-4702-ad16-90180173101f ] Request (AttachInterfacesV270Test:setUpClass): 201 POST http://10.180.1.21/identity/v3/auth/tokens 0.170s
2025-04-03 15:01:38.333 69805 INFO tempest.lib.common.rest_client [req-d92de237-f140-4d63-9abe-8663317ccd3a req-d92de237-f140-4d63-9abe-8663317ccd3a ] Request (ServersAdminTestJSON:setUpClass): 204 PUT http://10.180.1.21/identity/v3/projects/48a9764c2faa40b0bc38415a61adfd84/users/26689a6778004ff6ba07a42289426913/roles/179221b981db4fa99216d472bc48863a 0.147s
2025-04-03 15:01:38.333 69805 INFO tempest.lib.common.dynamic_creds [-] Dynamic test user 26689a6778004ff6ba07a42289426913 is created with scope project and roles: ['admin']
2025-04-03 15:01:38.333 69805 INFO tempest.lib.common.dynamic_creds [-] Acquired dynamic creds: credentials: Credentials: {'domain_id': 'default', 'domain_name': 'Default', 'username': 'tempest-ServersAdminTestJSON-1885988357-project-admin', 'project_domain_id': 'default', 'project_domain_name': 'Default', 'project_id': '48a9764c2faa40b0bc38415a61adfd84', 'project_name': 'tempest-ServersAdminTestJSON-1885988357', 'tenant_id': '48a9764c2faa40b0bc38415a61adfd84', 'tenant_name': 'tempest-ServersAdminTestJSON-1885988357', 'user_domain_id': 'default', 'user_domain_name': 'Default', 'user_id': '26689a6778004ff6ba07a42289426913', 'system': None}, Network: None, Subnet: None, Router: None
2025-04-03 15:01:38.386 69819 INFO tempest.lib.common.rest_client [req-923ef334-0097-42e8-bccf-376e1833277d req-923ef334-0097-42e8-bccf-376e1833277d ] Request (HypervisorAdminNegativeUnderV252Test:test_search_hypervisor_with_non_admin_user): 200 GET http://10.180.1.21/compute/v2.1/os-hypervisors 2.023s
2025-04-03 15:01:38.403 69829 INFO tempest.lib.common.rest_client [req-7a321d0d-770d-4e1b-91c8-71a434214906 req-7a321d0d-770d-4e1b-91c8-71a434214906 ] Request (InstanceUsageAuditLogNegativeTestJSON:setUpClass): 204 PUT http://10.180.1.21/identity/v3/projects/5f80376ff4b24f0186c1fbf5b12858ae/users/f246aa25f1e74d3293e446aa1d95e6c3/roles/179221b981db4fa99216d472bc48863a 0.152s
2025-04-03 15:01:38.412 69827 INFO tempest.lib.common.rest_client [req-e158c1d3-41a2-4abc-8868-3bbe0a2c84e0 req-e158c1d3-41a2-4abc-8868-3bbe0a2c84e0 ] Request (VolumesAssistedSnapshotsTest:setUpClass): 200 GET http://10.180.1.21/identity/v3/roles 0.148s
2025-04-03 15:01:38.460 69845 INFO tempest.lib.common.rest_client [req-c34005e2-63ca-4b63-97a8-1173ad5dd14d req-c34005e2-63ca-4b63-97a8-1173ad5dd14d ] Request (AttachInterfacesV270Test:setUpClass): 201 POST http://10.180.1.21/identity/v3/auth/tokens 0.146s
2025-04-03 15:01:38.500 69805 INFO tempest.lib.common.rest_client [req-4bf97d3c-a9ef-438c-9ca0-56fd4d0e7a85 req-4bf97d3c-a9ef-438c-9ca0-56fd4d0e7a85 ] Request (ServersAdminTestJSON:setUpClass): 201 POST http://10.180.1.21:9696/networking/v2.0/networks 0.167s
2025-04-03 15:01:38.503 69829 INFO tempest.lib.common.rest_client [req-90d988ea-3f6f-460d-8c3c-d26ebd059532 req-90d988ea-3f6f-460d-8c3c-d26ebd059532 ] Request (InstanceUsageAuditLogNegativeTestJSON:setUpClass): 200 GET http://10.180.1.21/identity/v3/roles 0.100s
2025-04-03 15:01:38.520 69827 INFO tempest.lib.common.rest_client [req-9f2d1a91-20e5-4423-9c33-37085724f861 req-9f2d1a91-20e5-4423-9c33-37085724f861 ] Request (VolumesAssistedSnapshotsTest:setUpClass): 204 PUT http://10.180.1.21/identity/v3/projects/5eb81c32145741cc9d174b83a4e62b40/users/692a79346fb941b88fdc8ed359fd62e1/roles/179221b981db4fa99216d472bc48863a 0.108s
2025-04-03 15:01:38.521 69827 INFO tempest.lib.common.dynamic_creds [-] Dynamic test user 692a79346fb941b88fdc8ed359fd62e1 is created with scope project and roles: ['admin']
2025-04-03 15:01:38.521 69827 INFO tempest.lib.common.dynamic_creds [-] Acquired dynamic creds: credentials: Credentials: {'domain_id': 'default', 'domain_name': 'Default', 'username': 'tempest-VolumesAssistedSnapshotsTest-1618781850-project-admin', 'project_domain_id': 'default', 'project_domain_name': 'Default', 'project_id': '5eb81c32145741cc9d174b83a4e62b40', 'project_name': 'tempest-VolumesAssistedSnapshotsTest-1618781850', 'tenant_id': '5eb81c32145741cc9d174b83a4e62b40', 'tenant_name': 'tempest-VolumesAssistedSnapshotsTest-1618781850', 'user_domain_id': 'default', 'user_domain_name': 'Default', 'user_id': '692a79346fb941b88fdc8ed359fd62e1', 'system': None}, Network: None, Subnet: None, Router: None
2025-04-03 15:01:38.534 69845 INFO tempest.lib.common.rest_client [req-84536b8d-b134-40e1-8b6f-778f50f99ab8 req-84536b8d-b134-40e1-8b6f-778f50f99ab8 ] Request (AttachInterfacesV270Test:setUpClass): 200 GET http://10.180.1.21/identity/v3/domains?name=Default 0.073s
2025-04-03 15:01:38.537 69813 INFO tempest.lib.common.rest_client [req-9b5c5162-967d-4e25-9f36-ca00f5731366 req-9b5c5162-967d-4e25-9f36-ca00f5731366 ] Request (AZAdminV2TestJSON:test_get_availability_zone_list): 200 GET http://10.180.1.21/compute/v2.1/os-availability-zone 1.837s
2025-04-03 15:01:38.568 69811 INFO tempest.lib.common.rest_client [req-aef54d61-ca9c-402c-9a75-9a4db03635da req-aef54d61-ca9c-402c-9a75-9a4db03635da ] Request (ValidationResourcesFixture:setUp): 200 POST http://10.180.1.21/compute/v2.1/os-keypairs 1.932s
2025-04-03 15:01:38.574 69829 INFO tempest.lib.common.rest_client [req-7f091622-5d85-45ec-8c24-f78f018687a4 req-7f091622-5d85-45ec-8c24-f78f018687a4 ] Request (InstanceUsageAuditLogNegativeTestJSON:setUpClass): 204 PUT http://10.180.1.21/identity/v3/projects/5f80376ff4b24f0186c1fbf5b12858ae/users/f246aa25f1e74d3293e446aa1d95e6c3/roles/179221b981db4fa99216d472bc48863a 0.070s
2025-04-03 15:01:38.574 69829 INFO tempest.lib.common.dynamic_creds [-] Dynamic test user f246aa25f1e74d3293e446aa1d95e6c3 is created with scope project and roles: ['admin']
2025-04-03 15:01:38.575 69829 INFO tempest.lib.common.dynamic_creds [-] Acquired dynamic creds: credentials: Credentials: {'domain_id': 'default', 'domain_name': 'Default', 'username': 'tempest-InstanceUsageAuditLogNegativeTestJSON-1757561148-project-admin', 'project_domain_id': 'default', 'project_domain_name': 'Default', 'project_id': '5f80376ff4b24f0186c1fbf5b12858ae', 'project_name': 'tempest-InstanceUsageAuditLogNegativeTestJSON-1757561148', 'tenant_id': '5f80376ff4b24f0186c1fbf5b12858ae', 'tenant_name': 'tempest-InstanceUsageAuditLogNegativeTestJSON-1757561148', 'user_domain_id': 'default', 'user_domain_name': 'Default', 'user_id': 'f246aa25f1e74d3293e446aa1d95e6c3', 'system': None}, Network: None, Subnet: None, Router: None
2025-04-03 15:01:38.575 69829 INFO tempest.lib.common.dynamic_creds [-] Created isolated network resources for: credentials: Credentials: {'domain_id': 'default', 'domain_name': 'Default', 'username': 'tempest-InstanceUsageAuditLogNegativeTestJSON-1757561148-project-admin', 'project_domain_id': 'default', 'project_domain_name': 'Default', 'project_id': '5f80376ff4b24f0186c1fbf5b12858ae', 'project_name': 'tempest-InstanceUsageAuditLogNegativeTestJSON-1757561148', 'tenant_id': '5f80376ff4b24f0186c1fbf5b12858ae', 'tenant_name': 'tempest-InstanceUsageAuditLogNegativeTestJSON-1757561148', 'user_domain_id': 'default', 'user_domain_name': 'Default', 'user_id': 'f246aa25f1e74d3293e446aa1d95e6c3', 'system': None}, Network: None, Subnet: None, Router: None
2025-04-03 15:01:38.612 69845 INFO tempest.lib.common.rest_client [req-d8892049-c800-4c29-825a-23c60327f91b req-d8892049-c800-4c29-825a-23c60327f91b ] Request (AttachInterfacesV270Test:setUpClass): 201 POST http://10.180.1.21/identity/v3/projects 0.077s
2025-04-03 15:01:38.710 69825 INFO tempest.lib.common.rest_client [req-34fff8a7-a7f8-49cc-b53a-75d787c730af req-34fff8a7-a7f8-49cc-b53a-75d787c730af ] Request (QuotaClassesAdmin257Test:test_update_default_quotas): 200 GET http://10.180.1.21/compute/v2.1/os-quota-class-sets/default 1.838s
2025-04-03 15:01:38.714 69803 INFO tempest.lib.common.rest_client [req-abeafa28-9b78-45f0-af1b-4d1a4c28b564 req-abeafa28-9b78-45f0-af1b-4d1a4c28b564 ] Request (FlavorsV261TestJSON:test_crud_flavor): 200 POST http://10.180.1.21/compute/v2.1/flavors 1.906s
2025-04-03 15:01:38.754 69845 INFO tempest.lib.common.rest_client [req-2112fb4c-28d9-4801-9496-c3dcb5e78e07 req-2112fb4c-28d9-4801-9496-c3dcb5e78e07 ] Request (AttachInterfacesV270Test:setUpClass): 201 POST http://10.180.1.21/identity/v3/users 0.142s
2025-04-03 15:01:38.760 69829 INFO tempest.lib.common.rest_client [req-bafac144-e8fd-4eec-886a-6c7d971b1040 req-bafac144-e8fd-4eec-886a-6c7d971b1040 ] Request (InstanceUsageAuditLogNegativeTestJSON:setUpClass): 201 POST http://10.180.1.21/identity/v3/auth/tokens 0.182s
2025-04-03 15:01:38.763 69827 INFO tempest.lib.common.rest_client [req-1bef47cb-860b-450b-9f16-78354c25e49d req-1bef47cb-860b-450b-9f16-78354c25e49d ] Request (VolumesAssistedSnapshotsTest:setUpClass): 201 POST http://10.180.1.21:9696/networking/v2.0/networks 0.241s
2025-04-03 15:01:38.775 69811 INFO tempest.lib.common.rest_client [req-f8540a9f-d463-4b2a-9d3f-95c4901ed8f2 req-f8540a9f-d463-4b2a-9d3f-95c4901ed8f2 ] Request (ValidationResourcesFixture:setUp): 201 POST http://10.180.1.21:9696/networking/v2.0/security-groups 0.205s
2025-04-03 15:01:38.834 69845 INFO tempest.lib.common.rest_client [req-a615ab85-9f4f-4e1f-84df-9d15f5dfcb9b req-a615ab85-9f4f-4e1f-84df-9d15f5dfcb9b ] Request (AttachInterfacesV270Test:setUpClass): 200 GET http://10.180.1.21/identity/v3/roles 0.079s
2025-04-03 15:01:38.849 69805 INFO tempest.lib.common.rest_client [req-06bf1d4f-71c3-4929-a657-f30ae3c57664 req-06bf1d4f-71c3-4929-a657-f30ae3c57664 ] Request (ServersAdminTestJSON:setUpClass): 201 POST http://10.180.1.21:9696/networking/v2.0/subnets 0.348s
2025-04-03 15:01:38.853 69835 INFO tempest.lib.common.rest_client [req-6718d8f7-33b6-450b-a6ef-71251fb37bc3 req-6718d8f7-33b6-450b-a6ef-71251fb37bc3 ] Request (KeyPairsV210TestJSON:test_admin_manage_keypairs_for_other_users): 201 POST http://10.180.1.21/compute/v2.1/os-keypairs 1.800s
2025-04-03 15:01:38.866 69845 INFO tempest.lib.common.rest_client [req-381dea57-5823-4884-9cdc-0c5cea7b31aa req-381dea57-5823-4884-9cdc-0c5cea7b31aa ] Request (AttachInterfacesV270Test:setUpClass): 204 PUT http://10.180.1.21/identity/v3/projects/e60efb4438844d50b80c5d22f16bcc10/users/f7cc13e42c0b4479bc87ece39e5bb3ee/roles/f62e2cb3dd9c49db8be417bdf43a392f 0.031s
2025-04-03 15:01:38.866 69845 INFO tempest.lib.common.dynamic_creds [-] Dynamic test user f7cc13e42c0b4479bc87ece39e5bb3ee is created with scope project and roles: ['member']
2025-04-03 15:01:38.866 69845 INFO tempest.lib.common.dynamic_creds [-] Acquired dynamic creds: credentials: Credentials: {'domain_id': 'default', 'domain_name': 'Default', 'username': 'tempest-AttachInterfacesV270Test-1333430509-project-member', 'project_domain_id': 'default', 'project_domain_name': 'Default', 'project_id': 'e60efb4438844d50b80c5d22f16bcc10', 'project_name': 'tempest-AttachInterfacesV270Test-1333430509', 'tenant_id': 'e60efb4438844d50b80c5d22f16bcc10', 'tenant_name': 'tempest-AttachInterfacesV270Test-1333430509', 'user_domain_id': 'default', 'user_domain_name': 'Default', 'user_id': 'f7cc13e42c0b4479bc87ece39e5bb3ee', 'system': None}, Network: None, Subnet: None, Router: None
2025-04-03 15:01:38.929 69845 INFO tempest.lib.common.rest_client [req-1a744cea-d1ca-4034-a3c9-c3f98f5c7466 req-1a744cea-d1ca-4034-a3c9-c3f98f5c7466 ] Request (AttachInterfacesV270Test:setUpClass): 201 POST http://10.180.1.21/identity/v3/auth/tokens 0.062s
2025-04-03 15:01:38.936 69811 INFO tempest.lib.common.rest_client [req-90c1abb9-7d5a-4409-a79f-33f246be1a1a req-90c1abb9-7d5a-4409-a79f-33f246be1a1a ] Request (ValidationResourcesFixture:setUp): 201 POST http://10.180.1.21:9696/networking/v2.0/security-group-rules 0.159s
2025-04-03 15:01:39.073 69858 INFO tempest.lib.common.rest_client [req-0a242dd2-8583-4df8-840b-72e3b431aeef req-0a242dd2-8583-4df8-840b-72e3b431aeef ] Request (NetworksTest:test_get_network): 200 GET http://10.180.1.21/compute/v2.1/os-networks 2.012s
2025-04-03 15:01:39.111 69827 INFO tempest.lib.common.rest_client [req-685ea094-c24a-4f11-b01b-9e4032641810 req-685ea094-c24a-4f11-b01b-9e4032641810 ] Request (VolumesAssistedSnapshotsTest:setUpClass): 201 POST http://10.180.1.21:9696/networking/v2.0/subnets 0.347s
2025-04-03 15:01:39.112 69811 INFO tempest.lib.common.rest_client [req-7ad0871a-6d87-41c3-85bc-0a88f5bd25af req-7ad0871a-6d87-41c3-85bc-0a88f5bd25af ] Request (ValidationResourcesFixture:setUp): 201 POST http://10.180.1.21:9696/networking/v2.0/security-group-rules 0.176s
2025-04-03 15:01:39.143 69831 INFO tempest.lib.common.rest_client [req-034fe3d4-5594-4c07-bb01-6525af34a17c req-034fe3d4-5594-4c07-bb01-6525af34a17c ] Request (AZAdminNegativeTestJSON:test_get_availability_zone_list_detail_with_non_admin_user): 403 GET http://10.180.1.21/compute/v2.1/os-availability-zone/detail 2.003s
2025-04-03 15:01:39.160 69807 INFO tempest.lib.common.rest_client [req-2d02ec90-f68a-4592-9dd5-46232053bc26 req-2d02ec90-f68a-4592-9dd5-46232053bc26 ] Request (DeleteServersAdminTestJSON:test_admin_delete_servers_of_others): 202 POST http://10.180.1.21/compute/v2.1/servers 2.169s
2025-04-03 15:01:39.226 69831 INFO tempest.lib.common.rest_client [req-d0a56996-bf3d-4475-943f-ac22a1d72ce6 req-d0a56996-bf3d-4475-943f-ac22a1d72ce6 ] Request (AZAdminNegativeTestJSON:tearDownClass): 204 DELETE http://10.180.1.21/identity/v3/users/9590228b02724a238f49a1f089b6607d 0.075s
2025-04-03 15:01:39.239 69847 INFO tempest.lib.common.rest_client [req-b96eccb2-dd54-4c9b-a2c0-9dc9a41f0f08 req-b96eccb2-dd54-4c9b-a2c0-9dc9a41f0f08 ] Request (FlavorMetadataValidation:test_flavor_update_with_custom_namespace): 200 POST http://10.180.1.21/compute/v2.1/flavors 1.949s
2025-04-03 15:01:39.317 69859 INFO tempest.lib.common.rest_client [req-ca9817ca-65d3-4135-a495-f3a4bb1b536c req-ca9817ca-65d3-4135-a495-f3a4bb1b536c ] Request (ValidationResourcesFixture:setUp): 201 POST http://10.180.1.21/compute/v2.1/os-keypairs 2.010s
2025-04-03 15:01:39.321 69831 INFO tempest.lib.common.rest_client [req-e8ac5c94-88c9-4a6b-90d0-ff527e0d340c req-e8ac5c94-88c9-4a6b-90d0-ff527e0d340c ] Request (AZAdminNegativeTestJSON:tearDownClass): 204 DELETE http://10.180.1.21/identity/v3/users/587f6cbd38b74d5bb3080c7a024c8001 0.094s
2025-04-03 15:01:39.321 69831 INFO tempest.lib.common.dynamic_creds [-] Deleting project and security group for project: 3fc99cdf457e42c1aa047ce6353df9cf
2025-04-03 15:01:39.415 69831 INFO tempest.lib.common.rest_client [req-d6dc446a-6e8e-4a5c-adf2-f5ad0eaa97b6 req-d6dc446a-6e8e-4a5c-adf2-f5ad0eaa97b6 ] Request (AZAdminNegativeTestJSON:tearDownClass): 201 POST http://10.180.1.21/identity/v3/auth/tokens 0.093s
2025-04-03 15:01:39.421 69839 INFO tempest.lib.common.rest_client [req-73ea65e2-0cdf-42b2-bbe0-3f21b17bb7e6 req-73ea65e2-0cdf-42b2-bbe0-3f21b17bb7e6 ] Request (FlavorsExtraSpecsNegativeTestJSON:test_flavor_get_nonexistent_key): 404 GET http://10.180.1.21/compute/v2.1/flavors/1827813311/os-extra_specs/hw:cpu_thread_policy 2.002s
2025-04-03 15:01:39.454 69845 INFO tempest.lib.common.rest_client [req-c1ef5e7c-0c03-42cc-b418-f03813cb25ec req-c1ef5e7c-0c03-42cc-b418-f03813cb25ec ] Request (AttachInterfacesV270Test:setUpClass): 201 POST http://10.180.1.21:9696/networking/v2.0/networks 0.524s
2025-04-03 15:01:39.484 69849 INFO tempest.lib.common.rest_client [req-da8e8f43-d01c-4835-86e9-5903351f79dd req-da8e8f43-d01c-4835-86e9-5903351f79dd ] Request (ServerDiagnosticsV248Test:test_get_server_diagnostics): 202 POST http://10.180.1.21/compute/v2.1/servers 2.120s
2025-04-03 15:01:39.486 69855 INFO tempest.lib.common.rest_client [req-ab3f651d-118f-4f35-b024-bf1599f4b5b5 req-ab3f651d-118f-4f35-b024-bf1599f4b5b5 ] Request (HypervisorAdminNegativeTestJSON:test_get_hypervisor_list_details_with_non_admin_user): 403 GET http://10.180.1.21/compute/v2.1/os-hypervisors/detail 2.030s
2025-04-03 15:01:39.591 69853 INFO tempest.lib.common.rest_client [req-db400245-e514-4a47-bd18-e3367cbc3291 req-db400245-e514-4a47-bd18-e3367cbc3291 ] Request (FlavorsExtraSpecsTestJSON:setUpClass): 200 POST http://10.180.1.21/compute/v2.1/flavors 2.073s
2025-04-03 15:01:39.609 69859 INFO tempest.lib.common.rest_client [req-aa5661d9-e047-4a39-9480-4539f5f2aa5c req-aa5661d9-e047-4a39-9480-4539f5f2aa5c ] Request (ValidationResourcesFixture:setUp): 201 POST http://10.180.1.21:9696/networking/v2.0/security-groups 0.290s
2025-04-03 15:01:39.795 69823 INFO tempest.lib.common.rest_client [req-d4476d15-3f91-4466-8b5b-de8ba311859e req-d4476d15-3f91-4466-8b5b-de8ba311859e ] Request (ServersAdmin275Test:test_rebuild_update_server_275): 202 POST http://10.180.1.21/compute/v2.1/servers 2.208s
2025-04-03 15:01:39.934 69843 INFO tempest.lib.common.rest_client [req-906b62a4-07d2-4ac7-8a63-d508d0a23b98 req-906b62a4-07d2-4ac7-8a63-d508d0a23b98 ] Request (QuotasAdminNegativeTest:test_create_server_when_cpu_quota_is_full): 200 PUT http://10.180.1.21/compute/v2.1/os-quota-sets/ca3c08b30036401581637c0a065cba3b 2.188s
2025-04-03 15:01:39.999 69821 INFO tempest.lib.common.rest_client [req-356c9371-529b-4e75-866c-3dadcaa88a66 req-356c9371-529b-4e75-866c-3dadcaa88a66 ] Request (HypervisorAdminUnderV252Test:test_get_hypervisor_show_servers): 200 GET http://10.180.1.21/compute/v2.1/os-hypervisors/domain-c8.fc996f14-c53b-4953-92e3-bdfa48f5cc28/servers 2.114s
2025-04-03 15:01:40.004 69831 INFO tempest.lib.common.rest_client [req-b5b88519-0279-4aba-a04d-afe1f920edf9 req-b5b88519-0279-4aba-a04d-afe1f920edf9 ] Request (AZAdminNegativeTestJSON:tearDownClass): 200 GET http://10.180.1.21:9696/networking/v2.0/security-groups?tenant_id=3fc99cdf457e42c1aa047ce6353df9cf&name=default 0.589s
2025-04-03 15:01:40.013 69837 INFO tempest.lib.common.rest_client [req-cb29ea30-aca4-471c-8143-c27d9a8bdc70 req-cb29ea30-aca4-471c-8143-c27d9a8bdc70 ] Request (ServerDiagnosticsNegativeTest:test_get_server_diagnostics_by_non_admin): 200 GET http://10.180.1.21/compute/v2.1/servers/a714d3c3-6973-4107-bc30-061e2ac52172 2.496s
2025-04-03 15:01:40.028 69843 INFO tempest.lib.common.rest_client [req-35e105e2-01a4-4e03-8bf0-9840d2a84995 req-35e105e2-01a4-4e03-8bf0-9840d2a84995 ] Request (QuotasAdminNegativeTest:test_create_server_when_cpu_quota_is_full): 201 POST http://10.180.1.21/identity/v3/auth/tokens 0.089s
2025-04-03 15:01:40.028 69843 INFO tempest.lib.common.fixed_network [-] (QuotasAdminNegativeTest:test_create_server_when_cpu_quota_is_full) Found network None available for tenant
2025-04-03 15:01:40.073 69859 INFO tempest.lib.common.rest_client [req-104d2fc4-0bf2-4f8a-8a35-b45c47cee4d3 req-104d2fc4-0bf2-4f8a-8a35-b45c47cee4d3 ] Request (ValidationResourcesFixture:setUp): 201 POST http://10.180.1.21:9696/networking/v2.0/security-group-rules 0.463s
2025-04-03 15:01:40.095 69799 INFO tempest.lib.common.rest_client [req-e90a2528-160e-4acb-ab9e-026ba6b3544c req-e90a2528-160e-4acb-ab9e-026ba6b3544c ] Request (HostsAdminNegativeTestJSON:test_list_hosts_with_non_admin_user): 403 GET http://10.180.1.21/compute/v2.1/os-hosts 1.947s
2025-04-03 15:01:40.129 69809 INFO tempest.lib.common.rest_client [req-ecb0a2a3-c2ef-4905-ae4f-9646dcbe2e1f req-ecb0a2a3-c2ef-4905-ae4f-9646dcbe2e1f ] Request (FlavorsAccessNegativeTestJSON:test_add_flavor_access_duplicate): 200 POST http://10.180.1.21/compute/v2.1/flavors/1552049539/action 2.098s
2025-04-03 15:01:40.163 69801 INFO tempest.lib.common.rest_client [req-5a0aeab5-8202-4bcb-8b11-434e91e6b4b4 req-5a0aeab5-8202-4bcb-8b11-434e91e6b4b4 ] Request (AggregatesAdminNegativeTestJSON:test_aggregate_add_existent_host): 200 POST http://10.180.1.21/compute/v2.1/os-aggregates 1.904s
2025-04-03 15:01:40.248 69819 INFO tempest.lib.common.rest_client [req-cbe42118-c163-4b62-9aba-82a705777126 req-cbe42118-c163-4b62-9aba-82a705777126 ] Request (HypervisorAdminNegativeUnderV252Test:test_search_hypervisor_with_non_admin_user): 403 GET http://10.180.1.21/compute/v2.1/os-hypervisors/domain-c8.fc996f14-c53b-4953-92e3-bdfa48f5cc28/search 1.861s
2025-04-03 15:01:40.305 69845 INFO tempest.lib.common.rest_client [req-4a02afa2-85e2-4b00-b06e-1b10bd593e5f req-4a02afa2-85e2-4b00-b06e-1b10bd593e5f ] Request (AttachInterfacesV270Test:setUpClass): 201 POST http://10.180.1.21:9696/networking/v2.0/subnets 0.850s
2025-04-03 15:01:40.351 69831 INFO tempest.lib.common.rest_client [req-18987adb-0f5b-46fd-82d4-1a0dc6a06e65 req-18987adb-0f5b-46fd-82d4-1a0dc6a06e65 ] Request (AZAdminNegativeTestJSON:tearDownClass): 204 DELETE http://10.180.1.21:9696/networking/v2.0/security-groups/b34a7907-d216-4e83-b956-939ee30611d4 0.346s
2025-04-03 15:01:40.417 69817 INFO tempest.lib.common.rest_client [req-cba862d1-a27d-48ad-aebc-314cb2f25806 req-cba862d1-a27d-48ad-aebc-314cb2f25806 ] Request (ImagesTestJSON:test_create_image_from_stopped_server): 200 GET http://10.180.1.21/compute/v2.1/servers/f5fd6a9e-5c0c-4b80-89c8-753e49fb4ed2 1.946s
2025-04-03 15:01:40.426 69817 INFO tempest.common.waiters [-] State transition "BUILD/None" ==> "BUILD/spawning" after 6 second wait
2025-04-03 15:01:40.434 69811 INFO tempest.lib.common.rest_client [req-88a29e17-a08d-47ad-970c-ba7ff4bea310 req-88a29e17-a08d-47ad-970c-ba7ff4bea310 ] Request (ValidationResourcesFixture:setUp): 201 POST http://10.180.1.21:9696/networking/v2.0/floatingips 1.322s
2025-04-03 15:01:40.457 69813 INFO tempest.lib.common.rest_client [req-f343b6c5-4929-4afd-a648-9c00db95e13e req-f343b6c5-4929-4afd-a648-9c00db95e13e ] Request (AZAdminV2TestJSON:test_get_availability_zone_list_detail): 200 GET http://10.180.1.21/compute/v2.1/os-availability-zone/detail 1.912s
2025-04-03 15:01:40.467 69805 INFO tempest.lib.common.rest_client [req-bd1feaa5-42f9-46c5-8604-fd4e40f129d7 req-bd1feaa5-42f9-46c5-8604-fd4e40f129d7 ] Request (ServersAdminTestJSON:setUpClass): 201 POST http://10.180.1.21:9696/networking/v2.0/routers 1.617s
2025-04-03 15:01:40.481 69831 INFO tempest.lib.common.rest_client [req-093c206a-594b-4e0b-9524-b85065cae828 req-093c206a-594b-4e0b-9524-b85065cae828 ] Request (AZAdminNegativeTestJSON:tearDownClass): 204 DELETE http://10.180.1.21/identity/v3/projects/3fc99cdf457e42c1aa047ce6353df9cf 0.129s
2025-04-03 15:01:40.481 69831 INFO tempest.lib.common.dynamic_creds [-] Deleting project and security group for project: 886ea89caf42410088812b961ef9912e
2025-04-03 15:01:40.509 69859 INFO tempest.lib.common.rest_client [req-c4e44dcb-e94c-4a25-8a4c-19030ffe6a4b req-c4e44dcb-e94c-4a25-8a4c-19030ffe6a4b ] Request (ValidationResourcesFixture:setUp): 201 POST http://10.180.1.21:9696/networking/v2.0/security-group-rules 0.436s
2025-04-03 15:01:40.530 69811 INFO tempest.lib.common.rest_client [req-d5f7d809-95a8-4201-989a-9ca8a03b5140 req-d5f7d809-95a8-4201-989a-9ca8a03b5140 ] Request (AttachInterfacesUnderV243Test:test_add_remove_fixed_ip): 201 POST http://10.180.1.21/identity/v3/auth/tokens 0.092s
2025-04-03 15:01:40.530 69811 INFO tempest.lib.common.fixed_network [-] (AttachInterfacesUnderV243Test:test_add_remove_fixed_ip) Found network {'id': '89ec1c48-6b26-4f26-a2f2-557efa31cda0', 'name': 'tempest-AttachInterfacesUnderV243Test-2119691391-network', 'tenant_id': '501ba7308ad1467b86875e7de2f679ad', 'admin_state_up': True, 'mtu': 8950, 'status': 'ACTIVE', 'subnets': [], 'shared': False, 'project_id': '501ba7308ad1467b86875e7de2f679ad', 'port_security_enabled': True, 'router:external': False, 'provider:network_type': 'vlan', 'provider:physical_network': 'default', 'provider:segmentation_id': 52, 'availability_zone_hints': [], 'availability_zones': [], 'ipv4_address_scope': None, 'ipv6_address_scope': None, 'description': '', 'tags': [], 'created_at': '2025-04-03T15:01:32Z', 'updated_at': '2025-04-03T15:01:32Z', 'revision_number': 1} available for tenant
2025-04-03 15:01:40.597 69825 INFO tempest.lib.common.rest_client [req-c1c84824-8509-41e7-99fa-195bc73e39c0 req-c1c84824-8509-41e7-99fa-195bc73e39c0 ] Request (QuotaClassesAdmin257Test:test_update_default_quotas): 200 PUT http://10.180.1.21/compute/v2.1/os-quota-class-sets/default 1.884s
2025-04-03 15:01:40.623 69815 INFO tempest.lib.common.rest_client [req-5ce5f0e0-8b44-4fc7-976a-da7a7446c2f7 req-5ce5f0e0-8b44-4fc7-976a-da7a7446c2f7 ] Request (ServerExternalEventsTest:test_create_server_external_events): 202 POST http://10.180.1.21/compute/v2.1/servers 2.390s
2025-04-03 15:01:40.631 69813 INFO tempest.lib.common.rest_client [req-cfef350c-a5e7-48a3-bf0f-408efa209a4c req-cfef350c-a5e7-48a3-bf0f-408efa209a4c ] Request (AZAdminV2TestJSON:tearDownClass): 204 DELETE http://10.180.1.21/identity/v3/users/173733931a6649958e9635169fa26684 0.168s
2025-04-03 15:01:40.779 69803 INFO tempest.lib.common.rest_client [req-40476134-f497-4e8c-9fa8-3c6d267213ad req-40476134-f497-4e8c-9fa8-3c6d267213ad ] Request (FlavorsV261TestJSON:test_crud_flavor): 200 GET http://10.180.1.21/compute/v2.1/flavors/2015161191 2.061s
2025-04-03 15:01:40.809 69829 INFO tempest.lib.common.rest_client [req-a660def1-5532-4831-9b3f-073101ec2a54 req-a660def1-5532-4831-9b3f-073101ec2a54 ] Request (InstanceUsageAuditLogNegativeTestJSON:test_get_instance_usage_audit_logs_with_invalid_time): 400 GET http://10.180.1.21/compute/v2.1/os-instance_usage_audit_log/invalid_time 2.048s
2025-04-03 15:01:40.868 69835 INFO tempest.lib.common.rest_client [req-2d508d0f-0e58-4e36-a833-4b2d5ffc4295 req-2d508d0f-0e58-4e36-a833-4b2d5ffc4295 ] Request (KeyPairsV210TestJSON:test_admin_manage_keypairs_for_other_users): 201 POST http://10.180.1.21/compute/v2.1/os-keypairs 2.012s
2025-04-03 15:01:40.870 69831 INFO tempest.lib.common.rest_client [req-6c4e11b4-f3bb-43fe-8e78-7865427c3ed8 req-6c4e11b4-f3bb-43fe-8e78-7865427c3ed8 ] Request (AZAdminNegativeTestJSON:tearDownClass): 200 GET http://10.180.1.21:9696/networking/v2.0/security-groups?tenant_id=886ea89caf42410088812b961ef9912e&name=default 0.388s
2025-04-03 15:01:40.891 69851 INFO tempest.lib.common.rest_client [req-99149486-db2e-4bbc-aab1-068c6305e2d6 req-99149486-db2e-4bbc-aab1-068c6305e2d6 ] Request (ServerDiskConfigTestJSON:test_rebuild_server_with_auto_disk_config): 200 GET http://10.180.1.21/compute/v2.1/servers/d7ddcb8a-c3b1-45ee-8116-61de7ad1552e 2.059s
2025-04-03 15:01:40.902 69851 INFO tempest.common.waiters [-] State transition "BUILD/None" ==> "BUILD/networking" after 3 second wait
2025-04-03 15:01:40.921 69813 INFO tempest.lib.common.rest_client [req-d5d60e93-cdb6-4789-857c-a425e91be053 req-d5d60e93-cdb6-4789-857c-a425e91be053 ] Request (AZAdminV2TestJSON:tearDownClass): 204 DELETE http://10.180.1.21/identity/v3/users/1634735d508d454bbe2de24e7e800715 0.289s
2025-04-03 15:01:40.921 69813 INFO tempest.lib.common.dynamic_creds [-] Deleting project and security group for project: cdf8b977107944e382faaaaf9a624e94
2025-04-03 15:01:40.966 69858 INFO tempest.lib.common.rest_client [req-eabbb21e-6613-4935-8289-451b9cf95108 req-eabbb21e-6613-4935-8289-451b9cf95108 ] Request (NetworksTest:test_get_network): 200 GET http://10.180.1.21/compute/v2.1/os-networks/e0b7acc9-2c91-4706-b31a-6313c9a8262a 1.892s
2025-04-03 15:01:41.004 69813 INFO tempest.lib.common.rest_client [req-cb4997ec-cac6-41c9-8b44-021e40496c76 req-cb4997ec-cac6-41c9-8b44-021e40496c76 ] Request (AZAdminV2TestJSON:tearDownClass): 201 POST http://10.180.1.21/identity/v3/auth/tokens 0.083s
2025-04-03 15:01:41.011 69807 INFO tempest.lib.common.rest_client [req-40293efc-4c58-44e6-943a-3c9f9b2a75f1 req-40293efc-4c58-44e6-943a-3c9f9b2a75f1 ] Request (DeleteServersAdminTestJSON:test_admin_delete_servers_of_others): 200 GET http://10.180.1.21/compute/v2.1/servers/b125bc9b-1c50-48df-a058-2264476b6470 1.849s
