2025-04-03 15:02:51.899 69825 INFO tempest.lib.common.rest_client [req-cf4682d3-4271-4e9b-ba0d-82eeeff6ee6f req-cf4682d3-4271-4e9b-ba0d-82eeeff6ee6f ] Request (ServersNegativeTestJSON:setUpClass): 201 POST http://10.180.1.21/identity/v3/auth/tokens 0.070s
2025-04-03 15:02:51.922 69803 INFO tempest.lib.common.rest_client [req-7b21c459-259d-4050-b754-5534e2bd0004 req-7b21c459-259d-4050-b754-5534e2bd0004 ] Request (KeyPairsV2TestJSON:tearDownClass): 201 POST http://10.180.1.21/identity/v3/auth/tokens 0.093s
2025-04-03 15:02:51.930 69825 INFO tempest.lib.common.rest_client [req-05a6af94-5bb6-45cb-b4e1-9872e1f33395 req-05a6af94-5bb6-45cb-b4e1-9872e1f33395 ] Request (ServersNegativeTestJSON:setUpClass): 200 GET http://10.180.1.21/identity/v3/domains?name=Default 0.030s
2025-04-03 15:02:51.938 69851 INFO tempest.lib.common.rest_client [req-d8e369d0-d64b-480a-af40-30670e84940b req-d8e369d0-d64b-480a-af40-30670e84940b ] Request (ServerDiskConfigTestJSON:test_rebuild_server_with_manual_disk_config): 200 GET http://10.180.1.21/compute/v2.1/servers/ba59923e-442a-4444-b439-8083fddea082 0.923s
2025-04-03 15:02:52.008 69853 INFO tempest.lib.common.rest_client [req-65681259-a31b-486f-b6af-d973dae05f47 req-65681259-a31b-486f-b6af-d973dae05f47 ] Request (MigrationsAdminTest:test_list_migrations_in_flavor_resize_situation): 200 GET http://10.180.1.21/compute/v2.1/servers/a09a75d5-e39c-40c6-9f3e-343928a2c96e 1.217s
2025-04-03 15:02:52.013 69825 INFO tempest.lib.common.rest_client [req-dd127a13-7a19-4f32-873b-7403f8b46863 req-dd127a13-7a19-4f32-873b-7403f8b46863 ] Request (ServersNegativeTestJSON:setUpClass): 201 POST http://10.180.1.21/identity/v3/projects 0.082s
2025-04-03 15:02:52.053 69861 INFO tempest.lib.common.rest_client [req-99be071a-d2c4-4ebf-908d-1188ff0bb220 req-99be071a-d2c4-4ebf-908d-1188ff0bb220 ] Request (ServersTestBootFromVolume:setUpClass): 200 GET http://10.180.1.21/volume/v3/volumes/f5286ab6-65ca-4571-ad24-bb160c3cfaad 0.038s
2025-04-03 15:02:52.055 69829 INFO tempest.lib.common.rest_client [req-160c408d-7528-456b-a11a-94cb830b32ec req-160c408d-7528-456b-a11a-94cb830b32ec ] Request (ServersTestMultiNic:test_verify_duplicate_network_nics): 200 GET http://10.180.1.21/compute/v2.1/servers/ed30ff05-dd61-418f-848a-45ff94fac298 1.010s
2025-04-03 15:02:52.099 69825 INFO tempest.lib.common.rest_client [req-edc0db09-9fea-4d88-80e9-737f3c34ae09 req-edc0db09-9fea-4d88-80e9-737f3c34ae09 ] Request (ServersNegativeTestJSON:setUpClass): 201 POST http://10.180.1.21/identity/v3/users 0.085s
2025-04-03 15:02:52.123 69825 INFO tempest.lib.common.rest_client [req-8a48927c-f45d-49af-b93c-660f20b6bf60 req-8a48927c-f45d-49af-b93c-660f20b6bf60 ] Request (ServersNegativeTestJSON:setUpClass): 200 GET http://10.180.1.21/identity/v3/roles 0.024s
2025-04-03 15:02:52.123 69801 INFO tempest.lib.common.rest_client [req-69085170-35e1-472d-83d2-5594c9e0b1f8 req-69085170-35e1-472d-83d2-5594c9e0b1f8 ] Request (ListImageFiltersTestJSON:setUpClass): 204 PUT http://10.180.1.21/image/v2/images/c2c2d563-e1da-48f9-b28a-625acf2fd5c8/file 0.892s
2025-04-03 15:02:52.130 69805 INFO tempest.lib.common.rest_client [req-42a31073-fe7d-4e94-aba2-a32785e11a94 req-42a31073-fe7d-4e94-aba2-a32785e11a94 ] Request (ServersAdminTestJSON:test_create_server_with_scheduling_hint): 200 GET http://10.180.1.21/compute/v2.1/servers/a91fc8d7-bb23-4b3a-a8d6-60de66ec3d94 0.860s
2025-04-03 15:02:52.133 69823 INFO tempest.lib.common.rest_client [req-b88814aa-4f3e-43c5-a0dd-a660031cf468 req-b88814aa-4f3e-43c5-a0dd-a660031cf468 ] Request (ServersAdmin275Test:tearDownClass): 200 GET http://10.180.1.21/compute/v2.1/servers/033d81f0-8d19-4caf-a260-3ad2ebf8ad6e 0.924s
2025-04-03 15:02:52.170 69825 INFO tempest.lib.common.rest_client [req-61cad7b6-9dfc-4ae1-b8bd-4b91a7123cde req-61cad7b6-9dfc-4ae1-b8bd-4b91a7123cde ] Request (ServersNegativeTestJSON:setUpClass): 204 PUT http://10.180.1.21/identity/v3/projects/156959a73af44524b2e83db967938cc1/users/ab78b56a966043deb13bfb09d582f92c/roles/f62e2cb3dd9c49db8be417bdf43a392f 0.046s
2025-04-03 15:02:52.170 69825 INFO tempest.lib.common.dynamic_creds [-] Dynamic test user ab78b56a966043deb13bfb09d582f92c is created with scope project and roles: ['member']
2025-04-03 15:02:52.171 69825 INFO tempest.lib.common.dynamic_creds [-] Acquired dynamic creds: credentials: Credentials: {'domain_id': 'default', 'domain_name': 'Default', 'username': 'tempest-ServersNegativeTestJSON-198881498-project-member', 'project_domain_id': 'default', 'project_domain_name': 'Default', 'project_id': '156959a73af44524b2e83db967938cc1', 'project_name': 'tempest-ServersNegativeTestJSON-198881498', 'tenant_id': '156959a73af44524b2e83db967938cc1', 'tenant_name': 'tempest-ServersNegativeTestJSON-198881498', 'user_domain_id': 'default', 'user_domain_name': 'Default', 'user_id': 'ab78b56a966043deb13bfb09d582f92c', 'system': None}, Network: None, Subnet: None, Router: None
2025-04-03 15:02:52.231 69825 INFO tempest.lib.common.rest_client [req-cb54bfc5-2fbf-43b4-ab2b-0663fc987f7b req-cb54bfc5-2fbf-43b4-ab2b-0663fc987f7b ] Request (ServersNegativeTestJSON:setUpClass): 201 POST http://10.180.1.21/identity/v3/auth/tokens 0.060s
2025-04-03 15:02:52.263 69803 INFO tempest.lib.common.rest_client [req-d1112799-602c-4cd4-8fc4-b12ac1b9d2bf req-d1112799-602c-4cd4-8fc4-b12ac1b9d2bf ] Request (KeyPairsV2TestJSON:tearDownClass): 200 GET http://10.180.1.21:9696/networking/v2.0/security-groups?tenant_id=5092f0296c4942cd87e6a2d3c437b58d&name=default 0.340s
2025-04-03 15:02:52.317 69849 INFO tempest.lib.common.rest_client [req-6b7b3f39-e5ce-434a-8ee2-2b929a27016b req-6b7b3f39-e5ce-434a-8ee2-2b929a27016b ] Request (ServersNegativeTestMultiTenantJSON:setUpClass): 201 POST http://10.180.1.21:9696/networking/v2.0/networks 0.782s
2025-04-03 15:02:52.343 69809 INFO tempest.lib.common.rest_client [req-61d748f4-62f4-4cd4-883c-f1ba70c4e2c9 req-61d748f4-62f4-4cd4-883c-f1ba70c4e2c9 ] Request (ServerGroup264TestJSON:tearDownClass): 200 PUT http://10.180.1.21:9696/networking/v2.0/routers/c84e2522-82c5-430b-a545-5ab048d57083/remove_router_interface 2.715s
2025-04-03 15:02:52.431 69841 INFO tempest.lib.common.rest_client [req-9e03b9ee-6568-4e11-9900-a675c4619f3a req-9e03b9ee-6568-4e11-9900-a675c4619f3a ] Request (ImagesOneServerTestJSON:tearDownClass): 200 GET http://10.180.1.21/compute/v2.1/servers/995a6972-c2c5-4559-bec6-b5de4ed09a61 1.010s
2025-04-03 15:02:52.448 69855 INFO tempest.lib.common.rest_client [req-3996723f-5671-4725-b147-f2d312fa29fe req-3996723f-5671-4725-b147-f2d312fa29fe ] Request (ServerActionsTestOtherA:setUpClass): 200 GET http://10.180.1.21/compute/v2.1/servers/634b6ae2-3e25-4f45-9ace-005766a588de 1.001s
2025-04-03 15:02:52.582 69831 INFO tempest.lib.common.rest_client [req-4b4a5898-b5c9-4b2a-baa4-4e60f4435af9 req-4b4a5898-b5c9-4b2a-baa4-4e60f4435af9 ] Request (ServersWithSpecificFlavorTestJSON:test_verify_created_server_ephemeral_disk): 200 PUT http://10.180.1.21:9696/networking/v2.0/floatingips/ec693996-96b6-43be-95b9-e094d8a91407 1.764s
2025-04-03 15:02:52.626 69813 INFO tempest.lib.common.rest_client [req-132dd159-032d-4d83-8432-428c0be3c502 req-132dd159-032d-4d83-8432-428c0be3c502 ] Request (SecurityGroupRulesTestJSON:tearDownClass): 202 DELETE http://10.180.1.21/compute/v2.1/os-security-groups/e770bd02-28d9-4292-804c-67003da88345 1.087s
2025-04-03 15:02:52.654 69849 INFO tempest.lib.common.rest_client [req-1478e3df-97e6-40eb-a536-1cb6489d0af0 req-1478e3df-97e6-40eb-a536-1cb6489d0af0 ] Request (ServersNegativeTestMultiTenantJSON:setUpClass): 201 POST http://10.180.1.21:9696/networking/v2.0/subnets 0.336s
2025-04-03 15:02:52.710 69821 INFO tempest.lib.common.rest_client [req-e3597da5-47ea-41e4-8bbd-398a549dca1b req-e3597da5-47ea-41e4-8bbd-398a549dca1b ] Request (InstanceActionsV221TestJSON:test_get_list_deleted_instance_actions): 200 GET http://10.180.1.21/compute/v2.1/servers/48b3e04b-ca2e-4718-8a6a-37a21170630d 1.097s
2025-04-03 15:02:52.753 69827 WARNING tempest.lib.common.ssh [-] Failed to establish authenticated ssh connection to cirros@10.180.180.237 ([Errno None] Unable to connect to port 22 on 10.180.180.237). Number attempts: 3. Retry after 4 seconds.: paramiko.ssh_exception.NoValidConnectionsError: [Errno None] Unable to connect to port 22 on 10.180.180.237
2025-04-03 15:02:52.775 69845 INFO tempest.lib.common.rest_client [req-d97e6147-1597-43f6-9876-fe75a974fcd9 req-d97e6147-1597-43f6-9876-fe75a974fcd9 ] Request (AttachInterfacesV270Test:tearDownClass): 200 GET http://10.180.1.21/compute/v2.1/servers/6ebbfc05-34bf-4439-8feb-bb5410c145fd 1.277s
2025-04-03 15:02:52.802 69817 INFO tempest.lib.common.rest_client [req-c310fad7-20dc-4fc5-9857-e1f8bf0b5dd4 req-c310fad7-20dc-4fc5-9857-e1f8bf0b5dd4 ] Request (ImagesTestJSON:test_create_image_from_suspended_server): 200 GET http://10.180.1.21/compute/v2.1/servers/c299fcb9-93a7-418b-afc3-fd10ba330c44 1.166s
2025-04-03 15:02:52.922 69803 INFO tempest.lib.common.rest_client [req-66956b59-55db-4122-95cb-5f7ce7589a69 req-66956b59-55db-4122-95cb-5f7ce7589a69 ] Request (KeyPairsV2TestJSON:tearDownClass): 204 DELETE http://10.180.1.21:9696/networking/v2.0/security-groups/4fba4c7e-434b-4e57-9425-06bcf781fca9 0.658s
2025-04-03 15:02:52.970 69819 INFO tempest.lib.common.rest_client [req-e7125def-5b1a-408e-89e8-38c78d6350a6 req-e7125def-5b1a-408e-89e8-38c78d6350a6 ] Request (InstanceActionsNegativeTestJSON:tearDownClass): 200 GET http://10.180.1.21/compute/v2.1/servers/88a26444-e368-4ea8-8396-9ba0a921a52a 1.245s
2025-04-03 15:02:53.002 69858 INFO tempest.lib.common.rest_client [req-f2bff868-0fb5-4d5a-ab10-2e01893c51dd req-f2bff868-0fb5-4d5a-ab10-2e01893c51dd ] Request (FloatingIPsNegativeTestJSON:tearDownClass): 204 DELETE http://10.180.1.21:9696/networking/v2.0/routers/3abd81f0-d61a-467c-9443-e169b50877d6 1.247s
2025-04-03 15:02:53.019 69803 INFO tempest.lib.common.rest_client [req-5258bf43-e25d-47da-913d-9eac6ac26b6e req-5258bf43-e25d-47da-913d-9eac6ac26b6e ] Request (KeyPairsV2TestJSON:tearDownClass): 204 DELETE http://10.180.1.21/identity/v3/projects/5092f0296c4942cd87e6a2d3c437b58d 0.097s
2025-04-03 15:02:53.095 69803 INFO tempest.lib.common.rest_client [req-042dfcac-cb29-4855-a1dd-d20b571d59a7 req-042dfcac-cb29-4855-a1dd-d20b571d59a7 ] Request (KeyPairsV22TestJSON:setUpClass): 201 POST http://10.180.1.21/identity/v3/auth/tokens 0.074s
2025-04-03 15:02:53.104 69861 INFO tempest.lib.common.rest_client [req-88174e6b-9863-406d-a425-f18925586595 req-88174e6b-9863-406d-a425-f18925586595 ] Request (ServersTestBootFromVolume:setUpClass): 200 GET http://10.180.1.21/volume/v3/volumes/f5286ab6-65ca-4571-ad24-bb160c3cfaad 0.039s
2025-04-03 15:02:53.135 69803 INFO tempest.lib.common.rest_client [req-98aa210f-1b84-4306-9cd2-db5ecf6396d5 req-98aa210f-1b84-4306-9cd2-db5ecf6396d5 ] Request (KeyPairsV22TestJSON:setUpClass): 201 POST http://10.180.1.21/identity/v3/auth/tokens 0.037s
2025-04-03 15:02:53.158 69815 INFO tempest.lib.common.rest_client [req-0c0aa71d-95f3-42d2-bc76-d225a1121e32 req-0c0aa71d-95f3-42d2-bc76-d225a1121e32 ] Request (SecurityGroupsTestJSON:test_list_security_groups_by_server): 200 POST http://10.180.1.21/compute/v2.1/os-security-groups 1.409s
2025-04-03 15:02:53.165 69803 INFO tempest.lib.common.rest_client [req-db23bab0-960c-47ed-9bef-1e574106f2ee req-db23bab0-960c-47ed-9bef-1e574106f2ee ] Request (KeyPairsV22TestJSON:setUpClass): 200 GET http://10.180.1.21/identity/v3/domains?name=Default 0.030s
2025-04-03 15:02:53.204 69803 INFO tempest.lib.common.rest_client [req-4b08c9e9-6246-4142-8873-1b379fd88b61 req-4b08c9e9-6246-4142-8873-1b379fd88b61 ] Request (KeyPairsV22TestJSON:setUpClass): 201 POST http://10.180.1.21/identity/v3/projects 0.038s
2025-04-03 15:02:53.216 69858 INFO tempest.lib.common.rest_client [req-661e8c58-e0ae-4b10-9e43-a304442ba881 req-661e8c58-e0ae-4b10-9e43-a304442ba881 ] Request (FloatingIPsNegativeTestJSON:tearDownClass): 204 DELETE http://10.180.1.21:9696/networking/v2.0/subnets/b16e0141-099d-45d4-bc49-81d6a048c604 0.214s
2025-04-03 15:02:53.246 69833 INFO tempest.lib.common.rest_client [req-446596ec-5a8e-4400-9331-56d813b099a8 req-446596ec-5a8e-4400-9331-56d813b099a8 ] Request (DeleteServersTestJSON:test_delete_active_server): 200 GET http://10.180.1.21/compute/v2.1/servers/1673f26d-bec6-43c3-9dcc-162655774fac 1.265s
2025-04-03 15:02:53.257 69835 INFO tempest.lib.common.rest_client [req-58c33cc7-d7ba-4b08-bab1-7a93c8a28431 req-58c33cc7-d7ba-4b08-bab1-7a93c8a28431 ] Request (ServerMetadataNegativeTestJSON:setUpClass): 200 GET http://10.180.1.21/compute/v2.1/servers/a0978186-2fc8-4763-ae5a-b70e5a8e8b28 1.198s
2025-04-03 15:02:53.273 69835 INFO tempest.common.waiters [-] State transition "BUILD/scheduling" ==> "BUILD/None" after 4 second wait
2025-04-03 15:02:53.277 69803 INFO tempest.lib.common.rest_client [req-82bae450-2455-4b23-8eb1-8027f8c60b56 req-82bae450-2455-4b23-8eb1-8027f8c60b56 ] Request (KeyPairsV22TestJSON:setUpClass): 201 POST http://10.180.1.21/identity/v3/users 0.072s
2025-04-03 15:02:53.296 69801 INFO tempest.lib.common.rest_client [req-c8dcc077-5b00-430d-860b-f9aee548e924 req-c8dcc077-5b00-430d-860b-f9aee548e924 ] Request (ListImageFiltersTestJSON:setUpClass): 200 GET http://10.180.1.21/compute/v2.1/images/c2c2d563-e1da-48f9-b28a-625acf2fd5c8 1.171s
2025-04-03 15:02:53.310 69803 INFO tempest.lib.common.rest_client [req-3da1241b-1a9a-4814-8089-c352e8142bcf req-3da1241b-1a9a-4814-8089-c352e8142bcf ] Request (KeyPairsV22TestJSON:setUpClass): 200 GET http://10.180.1.21/identity/v3/roles 0.033s
2025-04-03 15:02:53.360 69803 INFO tempest.lib.common.rest_client [req-5627b8ac-adfb-408e-80cd-b89eb3b131a1 req-5627b8ac-adfb-408e-80cd-b89eb3b131a1 ] Request (KeyPairsV22TestJSON:setUpClass): 204 PUT http://10.180.1.21/identity/v3/projects/cbe2bbf3fdb24e9fa0ede1007e42a7f2/users/43a5187506914c299cf550ea1bef9300/roles/f62e2cb3dd9c49db8be417bdf43a392f 0.050s
2025-04-03 15:02:53.360 69803 INFO tempest.lib.common.dynamic_creds [-] Dynamic test user 43a5187506914c299cf550ea1bef9300 is created with scope project and roles: ['member']
2025-04-03 15:02:53.361 69803 INFO tempest.lib.common.dynamic_creds [-] Acquired dynamic creds: credentials: Credentials: {'domain_id': 'default', 'domain_name': 'Default', 'username': 'tempest-KeyPairsV22TestJSON-397273354-project-member', 'project_domain_id': 'default', 'project_domain_name': 'Default', 'project_id': 'cbe2bbf3fdb24e9fa0ede1007e42a7f2', 'project_name': 'tempest-KeyPairsV22TestJSON-397273354', 'tenant_id': 'cbe2bbf3fdb24e9fa0ede1007e42a7f2', 'tenant_name': 'tempest-KeyPairsV22TestJSON-397273354', 'user_domain_id': 'default', 'user_domain_name': 'Default', 'user_id': '43a5187506914c299cf550ea1bef9300', 'system': None}, Network: None, Subnet: None, Router: None
2025-04-03 15:02:53.361 69803 INFO tempest.lib.common.dynamic_creds [-] Created isolated network resources for: credentials: Credentials: {'domain_id': 'default', 'domain_name': 'Default', 'username': 'tempest-KeyPairsV22TestJSON-397273354-project-member', 'project_domain_id': 'default', 'project_domain_name': 'Default', 'project_id': 'cbe2bbf3fdb24e9fa0ede1007e42a7f2', 'project_name': 'tempest-KeyPairsV22TestJSON-397273354', 'tenant_id': 'cbe2bbf3fdb24e9fa0ede1007e42a7f2', 'tenant_name': 'tempest-KeyPairsV22TestJSON-397273354', 'user_domain_id': 'default', 'user_domain_name': 'Default', 'user_id': '43a5187506914c299cf550ea1bef9300', 'system': None}, Network: None, Subnet: None, Router: None
2025-04-03 15:02:53.371 69799 INFO tempest.lib.common.rest_client [req-8018e6d9-318b-43ae-ba36-f6d208793d49 req-8018e6d9-318b-43ae-ba36-f6d208793d49 ] Request (ServersListShow298Test:test_list_show_update_rebuild_server_298): 200 GET http://10.180.1.21/compute/v2.1/servers/83c98adf-e50f-4908-b1fe-c42c7a2568cf 1.225s
2025-04-03 15:02:53.386 69825 INFO tempest.lib.common.rest_client [req-b8523e2f-fff5-4d1a-a259-16e19acbd82d req-b8523e2f-fff5-4d1a-a259-16e19acbd82d ] Request (ServersNegativeTestJSON:setUpClass): 201 POST http://10.180.1.21:9696/networking/v2.0/networks 1.154s
2025-04-03 15:02:53.463 69803 INFO tempest.lib.common.rest_client [req-2ed3b75d-7cb8-4aad-adbb-c4178034dbfc req-2ed3b75d-7cb8-4aad-adbb-c4178034dbfc ] Request (KeyPairsV22TestJSON:setUpClass): 201 POST http://10.180.1.21/identity/v3/auth/tokens 0.096s
2025-04-03 15:02:53.744 69839 INFO tempest.lib.common.rest_client [req-5923b35b-111b-47c0-be92-724f66298a2b req-5923b35b-111b-47c0-be92-724f66298a2b ] Request (VolumesAdminNegativeTest:test_update_attached_volume_with_nonexistent_volume_in_body): 200 GET http://10.180.1.21/compute/v2.1/servers/5777318f-3425-4ad6-913a-4c98ab68d4e1 1.421s
2025-04-03 15:02:53.754 69839 INFO tempest.common.waiters [-] State transition "BUILD/block_device_mapping" ==> "BUILD/spawning" after 30 second wait
2025-04-03 15:02:53.796 69858 INFO tempest.lib.common.rest_client [req-fe663b7a-8ee6-4ded-a5e7-6033849ae3af req-fe663b7a-8ee6-4ded-a5e7-6033849ae3af ] Request (FloatingIPsNegativeTestJSON:tearDownClass): 204 DELETE http://10.180.1.21:9696/networking/v2.0/networks/b34e5885-b69b-431f-80d3-b69cbf19c407 0.579s
2025-04-03 15:02:53.895 69831 INFO tempest.lib.common.rest_client [req-fc9d760c-bc93-43da-90c5-9f483323b2fd req-fc9d760c-bc93-43da-90c5-9f483323b2fd ] Request (ServersWithSpecificFlavorTestJSON:test_verify_created_server_ephemeral_disk): 200 GET http://10.180.1.21/compute/v2.1/servers/a450822f-74fd-4483-afba-1b7f2f2ff604 1.312s
2025-04-03 15:02:53.902 69831 INFO tempest.lib.common.ssh [-] Creating ssh connection to '10.180.180.162:22' as 'cirros' with public key authentication
2025-04-03 15:02:53.936 69858 INFO tempest.lib.common.rest_client [req-30c4c0b0-4091-4d38-ba2d-6ab6c4f2da1f req-30c4c0b0-4091-4d38-ba2d-6ab6c4f2da1f ] Request (FloatingIPsNegativeTestJSON:tearDownClass): 204 DELETE http://10.180.1.21/identity/v3/users/dbb276ba38bb4d62b0deb4b321090778 0.139s
2025-04-03 15:02:53.936 69858 INFO tempest.lib.common.dynamic_creds [-] Deleting project and security group for project: 40c0840dca3747f28b4864ecf81eebeb
2025-04-03 15:02:53.953 69843 INFO tempest.lib.common.rest_client [req-fc99428d-9157-4f71-be20-fb30d039ac82 req-fc99428d-9157-4f71-be20-fb30d039ac82 ] Request (FloatingIPsAssociationTestJSON:test_associate_already_associated_floating_ip): 200 GET http://10.180.1.21/compute/v2.1/servers/a4700b2f-00f1-49aa-af3d-8045c6f6a797 1.319s
2025-04-03 15:02:53.964 69843 INFO tempest.common.waiters [-] State transition "BUILD/scheduling" ==> "BUILD/None" after 4 second wait
2025-04-03 15:02:53.996 69858 INFO tempest.lib.common.rest_client [req-63401f38-642d-489f-98a7-3256d181f786 req-63401f38-642d-489f-98a7-3256d181f786 ] Request (FloatingIPsNegativeTestJSON:tearDownClass): 200 GET http://10.180.1.21:9696/networking/v2.0/security-groups?tenant_id=40c0840dca3747f28b4864ecf81eebeb&name=default 0.059s
2025-04-03 15:02:54.055 69847 INFO tempest.lib.common.rest_client [req-297a11b5-1a32-4849-9c1d-7ebc71a93285 req-297a11b5-1a32-4849-9c1d-7ebc71a93285 ] Request (FloatingIPsAssociationNegativeTestJSON:tearDownClass): 200 GET http://10.180.1.21/compute/v2.1/servers/06429df3-0f61-491e-8263-87b0dcc74bab 1.367s
2025-04-03 15:02:54.067 69847 INFO tempest.common.waiters [-] State transition "ACTIVE/deleting" ==> "DELETED/None" after 5 second wait
2025-04-03 15:02:54.080 69809 INFO tempest.lib.common.rest_client [req-d9c8ef6f-2261-4125-9fa2-683e06d0f5fd req-d9c8ef6f-2261-4125-9fa2-683e06d0f5fd ] Request (ServerGroup264TestJSON:tearDownClass): 204 DELETE http://10.180.1.21:9696/networking/v2.0/routers/c84e2522-82c5-430b-a545-5ab048d57083 1.736s
2025-04-03 15:02:54.152 69861 INFO tempest.lib.common.rest_client [req-bf630859-0f97-42f3-ab74-e549eb478240 req-bf630859-0f97-42f3-ab74-e549eb478240 ] Request (ServersTestBootFromVolume:setUpClass): 200 GET http://10.180.1.21/volume/v3/volumes/f5286ab6-65ca-4571-ad24-bb160c3cfaad 0.037s
2025-04-03 15:02:54.155 69837 INFO tempest.lib.common.rest_client [req-50b6f011-c9e4-4732-a13e-68f4f1db87d2 req-50b6f011-c9e4-4732-a13e-68f4f1db87d2 ] Request (ImagesOneServerNegativeTestJSON:setUpClass): 200 GET http://10.180.1.21/compute/v2.1/servers/31d05edc-ce5c-494d-b7aa-54d937656ca9 1.392s
2025-04-03 15:02:54.167 69849 INFO tempest.lib.common.rest_client [req-4a73027a-8758-4f23-9442-479c58924df2 req-4a73027a-8758-4f23-9442-479c58924df2 ] Request (ServersNegativeTestMultiTenantJSON:setUpClass): 201 POST http://10.180.1.21:9696/networking/v2.0/routers 1.513s
2025-04-03 15:02:54.178 69813 INFO tempest.lib.common.rest_client [req-f9efec7b-a0ef-46eb-96e1-301d3b71a7cf req-f9efec7b-a0ef-46eb-96e1-301d3b71a7cf ] Request (SecurityGroupRulesTestJSON:tearDownClass): 202 DELETE http://10.180.1.21/compute/v2.1/os-security-groups/6169f65f-5d74-49af-96d9-4f6be5dc525d 1.552s
2025-04-03 15:02:54.222 69825 INFO tempest.lib.common.rest_client [req-1168f333-41d8-49c3-8f44-e52698395bd6 req-1168f333-41d8-49c3-8f44-e52698395bd6 ] Request (ServersNegativeTestJSON:setUpClass): 201 POST http://10.180.1.21:9696/networking/v2.0/subnets 0.836s
2025-04-03 15:02:54.260 69807 INFO tempest.lib.common.rest_client [req-f706174b-56f1-4847-8bbe-88d2f9a85b4e req-f706174b-56f1-4847-8bbe-88d2f9a85b4e ] Request (DeleteServersAdminTestJSON:test_delete_server_while_in_error_state): 200 GET http://10.180.1.21/compute/v2.1/servers/3627b7e2-a873-46df-a5bf-84114546d285 1.422s
2025-04-03 15:02:54.284 69858 INFO tempest.lib.common.rest_client [req-6b33a824-3a7a-47c4-880f-5e6e93b14a32 req-6b33a824-3a7a-47c4-880f-5e6e93b14a32 ] Request (FloatingIPsNegativeTestJSON:tearDownClass): 204 DELETE http://10.180.1.21:9696/networking/v2.0/security-groups/5d2f9887-ce0d-4894-bb97-596a48e35a9e 0.288s
2025-04-03 15:02:54.404 69858 INFO tempest.lib.common.rest_client [req-4d3925ee-01b4-498c-b0f4-1ae2b678ebbc req-4d3925ee-01b4-498c-b0f4-1ae2b678ebbc ] Request (FloatingIPsNegativeTestJSON:tearDownClass): 204 DELETE http://10.180.1.21/identity/v3/projects/40c0840dca3747f28b4864ecf81eebeb 0.120s
2025-04-03 15:02:54.450 69809 INFO tempest.lib.common.rest_client [req-77b6f3ea-c09d-46ca-a96e-3f03d5119cfb req-77b6f3ea-c09d-46ca-a96e-3f03d5119cfb ] Request (ServerGroup264TestJSON:tearDownClass): 204 DELETE http://10.180.1.21:9696/networking/v2.0/subnets/5f164e17-6a3f-4425-bc49-92bd472d0543 0.370s
2025-04-03 15:02:54.499 69858 INFO tempest.lib.common.rest_client [req-e7795044-6d15-4e5e-b4f2-d94278921379 req-e7795044-6d15-4e5e-b4f2-d94278921379 ] Request (AZV2TestJSON:setUpClass): 201 POST http://10.180.1.21/identity/v3/auth/tokens 0.093s
2025-04-03 15:02:54.540 69858 INFO tempest.lib.common.rest_client [req-66fdc779-8e38-4ab1-8f44-45319a25664d req-66fdc779-8e38-4ab1-8f44-45319a25664d ] Request (AZV2TestJSON:setUpClass): 201 POST http://10.180.1.21/identity/v3/auth/tokens 0.038s
2025-04-03 15:02:54.550 69853 INFO tempest.lib.common.rest_client [req-cc8aa515-6b6f-4990-a49c-175a083ac9b7 req-cc8aa515-6b6f-4990-a49c-175a083ac9b7 ] Request (MigrationsAdminTest:test_list_migrations_in_flavor_resize_situation): 200 GET http://10.180.1.21/compute/v2.1/servers/a09a75d5-e39c-40c6-9f3e-343928a2c96e 1.525s
2025-04-03 15:02:54.579 69858 INFO tempest.lib.common.rest_client [req-aaf1746d-c596-4f72-85ee-1c88b9852fe4 req-aaf1746d-c596-4f72-85ee-1c88b9852fe4 ] Request (AZV2TestJSON:setUpClass): 200 GET http://10.180.1.21/identity/v3/domains?name=Default 0.039s
2025-04-03 15:02:54.618 69829 INFO tempest.lib.common.rest_client [req-7ec71497-dd93-42e2-84e1-31f96be0ae3e req-7ec71497-dd93-42e2-84e1-31f96be0ae3e ] Request (ServersTestMultiNic:test_verify_duplicate_network_nics): 200 GET http://10.180.1.21/compute/v2.1/servers/ed30ff05-dd61-418f-848a-45ff94fac298 1.555s
2025-04-03 15:02:54.621 69858 INFO tempest.lib.common.rest_client [req-fe4875c9-4168-4391-9ea9-379268385f14 req-fe4875c9-4168-4391-9ea9-379268385f14 ] Request (AZV2TestJSON:setUpClass): 201 POST http://10.180.1.21/identity/v3/projects 0.041s
2025-04-03 15:02:54.694 69858 INFO tempest.lib.common.rest_client [req-9c483dcb-0716-4f5c-826f-6f4c293955b0 req-9c483dcb-0716-4f5c-826f-6f4c293955b0 ] Request (AZV2TestJSON:setUpClass): 201 POST http://10.180.1.21/identity/v3/users 0.073s
2025-04-03 15:02:54.699 69851 INFO tempest.lib.common.rest_client [req-987d2316-015c-4aa8-b3e0-4da337519e26 req-987d2316-015c-4aa8-b3e0-4da337519e26 ] Request (ServerDiskConfigTestJSON:test_rebuild_server_with_manual_disk_config): 200 GET http://10.180.1.21/compute/v2.1/servers/ba59923e-442a-4444-b439-8083fddea082 1.744s
2025-04-03 15:02:54.704 69805 INFO tempest.lib.common.rest_client [req-a5ddc94a-95d0-45c0-9988-de5b3e7c9e6a req-a5ddc94a-95d0-45c0-9988-de5b3e7c9e6a ] Request (ServersAdminTestJSON:test_create_server_with_scheduling_hint): 200 GET http://10.180.1.21/compute/v2.1/servers/a91fc8d7-bb23-4b3a-a8d6-60de66ec3d94 1.562s
2025-04-03 15:02:54.708 69851 INFO tempest.common.waiters [-] State transition "BUILD/None" ==> "BUILD/spawning" after 30 second wait
2025-04-03 15:02:54.722 69858 INFO tempest.lib.common.rest_client [req-e301eca6-9050-4989-9e0c-7dcb69405141 req-e301eca6-9050-4989-9e0c-7dcb69405141 ] Request (AZV2TestJSON:setUpClass): 200 GET http://10.180.1.21/identity/v3/roles 0.027s
2025-04-03 15:02:54.748 69809 INFO tempest.lib.common.rest_client [req-078d4e4d-ff79-4eb7-ae54-4e268b4c245a req-078d4e4d-ff79-4eb7-ae54-4e268b4c245a ] Request (ServerGroup264TestJSON:tearDownClass): 204 DELETE http://10.180.1.21:9696/networking/v2.0/networks/b29be4ca-d6bf-4d58-9d54-4ec229347d36 0.296s
2025-04-03 15:02:54.761 69858 INFO tempest.lib.common.rest_client [req-26889420-b38c-4e7b-b170-d5f6942f8617 req-26889420-b38c-4e7b-b170-d5f6942f8617 ] Request (AZV2TestJSON:setUpClass): 204 PUT http://10.180.1.21/identity/v3/projects/13e10e35521145fa90f0f35af43ff530/users/b52df2fc667446c68f4bcab70c9a2814/roles/f62e2cb3dd9c49db8be417bdf43a392f 0.038s
2025-04-03 15:02:54.761 69858 INFO tempest.lib.common.dynamic_creds [-] Dynamic test user b52df2fc667446c68f4bcab70c9a2814 is created with scope project and roles: ['member']
2025-04-03 15:02:54.762 69858 INFO tempest.lib.common.dynamic_creds [-] Acquired dynamic creds: credentials: Credentials: {'domain_id': 'default', 'domain_name': 'Default', 'username': 'tempest-AZV2TestJSON-2085847731-project-member', 'project_domain_id': 'default', 'project_domain_name': 'Default', 'project_id': '13e10e35521145fa90f0f35af43ff530', 'project_name': 'tempest-AZV2TestJSON-2085847731', 'tenant_id': '13e10e35521145fa90f0f35af43ff530', 'tenant_name': 'tempest-AZV2TestJSON-2085847731', 'user_domain_id': 'default', 'user_domain_name': 'Default', 'user_id': 'b52df2fc667446c68f4bcab70c9a2814', 'system': None}, Network: None, Subnet: None, Router: None
2025-04-03 15:02:54.762 69858 INFO tempest.lib.common.dynamic_creds [-] Created isolated network resources for: credentials: Credentials: {'domain_id': 'default', 'domain_name': 'Default', 'username': 'tempest-AZV2TestJSON-2085847731-project-member', 'project_domain_id': 'default', 'project_domain_name': 'Default', 'project_id': '13e10e35521145fa90f0f35af43ff530', 'project_name': 'tempest-AZV2TestJSON-2085847731', 'tenant_id': '13e10e35521145fa90f0f35af43ff530', 'tenant_name': 'tempest-AZV2TestJSON-2085847731', 'user_domain_id': 'default', 'user_domain_name': 'Default', 'user_id': 'b52df2fc667446c68f4bcab70c9a2814', 'system': None}, Network: None, Subnet: None, Router: None
2025-04-03 15:02:54.848 69823 INFO tempest.lib.common.rest_client [req-95d14f19-bf38-487c-9af4-e77c34e433c9 req-95d14f19-bf38-487c-9af4-e77c34e433c9 ] Request (ServersAdmin275Test:tearDownClass): 200 GET http://10.180.1.21/compute/v2.1/servers/033d81f0-8d19-4caf-a260-3ad2ebf8ad6e 1.700s
2025-04-03 15:02:54.885 69809 INFO tempest.lib.common.rest_client [req-da3f30e1-4786-4d8d-a8e5-3aeefb68252c req-da3f30e1-4786-4d8d-a8e5-3aeefb68252c ] Request (ServerGroup264TestJSON:tearDownClass): 204 DELETE http://10.180.1.21/identity/v3/users/36df96bb825c4f9d8bb1e01d949bde8e 0.136s
2025-04-03 15:02:54.885 69809 INFO tempest.lib.common.dynamic_creds [-] Deleting project and security group for project: f8bdf8aaeba64d959f6bd60499560daf
2025-04-03 15:02:54.888 69858 INFO tempest.lib.common.rest_client [req-1077f85e-b5c0-473b-b2fe-a1ffeef5c434 req-1077f85e-b5c0-473b-b2fe-a1ffeef5c434 ] Request (AZV2TestJSON:setUpClass): 201 POST http://10.180.1.21/identity/v3/auth/tokens 0.122s
2025-04-03 15:02:54.888 69801 INFO tempest.lib.common.rest_client [req-d393bf9b-9988-4d11-a065-9987d69f50de req-d393bf9b-9988-4d11-a065-9987d69f50de ] Request (ListImageFiltersTestJSON:setUpClass): 200 GET http://10.180.1.21/compute/v2.1/images/c2c2d563-e1da-48f9-b28a-625acf2fd5c8 1.586s
2025-04-03 15:02:54.950 69815 INFO tempest.lib.common.rest_client [req-44353c48-478d-4f17-837c-ea9e15eb7cfe req-44353c48-478d-4f17-837c-ea9e15eb7cfe ] Request (SecurityGroupsTestJSON:test_list_security_groups_by_server): 200 POST http://10.180.1.21/compute/v2.1/os-security-groups 1.790s
2025-04-03 15:02:54.981 69809 INFO tempest.lib.common.rest_client [req-74263140-a7fb-45d6-9da9-f672f9a84d8b req-74263140-a7fb-45d6-9da9-f672f9a84d8b ] Request (ServerGroup264TestJSON:tearDownClass): 200 GET http://10.180.1.21:9696/networking/v2.0/security-groups?tenant_id=f8bdf8aaeba64d959f6bd60499560daf&name=default 0.096s
2025-04-03 15:02:55.010 69841 INFO tempest.lib.common.rest_client [req-836ccbd3-8c6e-4cf4-9d6a-12c33a4bc969 req-836ccbd3-8c6e-4cf4-9d6a-12c33a4bc969 ] Request (ImagesOneServerTestJSON:tearDownClass): 200 GET http://10.180.1.21/compute/v2.1/servers/995a6972-c2c5-4559-bec6-b5de4ed09a61 1.567s
2025-04-03 15:02:55.019 69815 INFO tempest.lib.common.rest_client [req-e77e36de-5366-4da5-84f8-9dad7076e0fc req-e77e36de-5366-4da5-84f8-9dad7076e0fc ] Request (SecurityGroupsTestJSON:test_list_security_groups_by_server): 201 POST http://10.180.1.21/identity/v3/auth/tokens 0.061s
2025-04-03 15:02:55.020 69815 INFO tempest.lib.common.fixed_network [-] (SecurityGroupsTestJSON:test_list_security_groups_by_server) Found network {'id': '5a8e2772-b949-490d-9266-943d022943b8', 'name': 'tempest-SecurityGroupsTestJSON-650399717-network', 'tenant_id': '78bfc183fb664dc9bdd76d3573888de4', 'admin_state_up': True, 'mtu': 8950, 'status': 'ACTIVE', 'subnets': [], 'shared': False, 'project_id': '78bfc183fb664dc9bdd76d3573888de4', 'port_security_enabled': True, 'router:external': False, 'provider:network_type': 'vlan', 'provider:physical_network': 'default', 'provider:segmentation_id': 543, 'availability_zone_hints': [], 'availability_zones': [], 'ipv4_address_scope': None, 'ipv6_address_scope': None, 'description': '', 'tags': [], 'created_at': '2025-04-03T15:02:47Z', 'updated_at': '2025-04-03T15:02:47Z', 'revision_number': 1} available for tenant
2025-04-03 15:02:55.114 69855 INFO tempest.lib.common.rest_client [req-d5e28f5f-7057-4895-8b7a-043e13229745 req-d5e28f5f-7057-4895-8b7a-043e13229745 ] Request (ServerActionsTestOtherA:setUpClass): 200 GET http://10.180.1.21/compute/v2.1/servers/634b6ae2-3e25-4f45-9ace-005766a588de 1.654s
2025-04-03 15:02:55.122 69855 INFO tempest.common.waiters [-] State transition "BUILD/spawning" ==> "ACTIVE/None" after 34 second wait
2025-04-03 15:02:55.163 69809 INFO tempest.lib.common.rest_client [req-320e9da7-0ed0-4df2-9ed3-befc7daf1445 req-320e9da7-0ed0-4df2-9ed3-befc7daf1445 ] Request (ServerGroup264TestJSON:tearDownClass): 204 DELETE http://10.180.1.21:9696/networking/v2.0/security-groups/64118d49-06a2-4fc8-975f-2a3ad7c60f8d 0.181s
2025-04-03 15:02:55.169 69803 INFO tempest.lib.common.rest_client [req-2e17d0d4-ab4a-431e-8922-7d4637fa1723 req-2e17d0d4-ab4a-431e-8922-7d4637fa1723 ] Request (KeyPairsV22TestJSON:test_get_keypair_detail): 201 POST http://10.180.1.21/compute/v2.1/os-keypairs 1.705s
2025-04-03 15:02:55.198 69861 INFO tempest.lib.common.rest_client [req-6540e100-d148-45ac-84b6-03e3dbfbfc43 req-6540e100-d148-45ac-84b6-03e3dbfbfc43 ] Request (ServersTestBootFromVolume:setUpClass): 200 GET http://10.180.1.21/volume/v3/volumes/f5286ab6-65ca-4571-ad24-bb160c3cfaad 0.035s
2025-04-03 15:02:55.205 69821 INFO tempest.lib.common.rest_client [req-94807f1f-5dea-4551-a3f2-ba5360e71748 req-94807f1f-5dea-4551-a3f2-ba5360e71748 ] Request (InstanceActionsV221TestJSON:test_get_list_deleted_instance_actions): 200 GET http://10.180.1.21/compute/v2.1/servers/48b3e04b-ca2e-4718-8a6a-37a21170630d 1.482s
2025-04-03 15:02:55.253 69845 INFO tempest.lib.common.rest_client [req-979348b4-7c98-4c92-91e9-5d6f04ce988d req-979348b4-7c98-4c92-91e9-5d6f04ce988d ] Request (AttachInterfacesV270Test:tearDownClass): 200 GET http://10.180.1.21/compute/v2.1/servers/6ebbfc05-34bf-4439-8feb-bb5410c145fd 1.464s
2025-04-03 15:02:55.286 69809 INFO tempest.lib.common.rest_client [req-a0586431-7ddd-4c94-98ba-5e6922fc7219 req-a0586431-7ddd-4c94-98ba-5e6922fc7219 ] Request (ServerGroup264TestJSON:tearDownClass): 204 DELETE http://10.180.1.21/identity/v3/projects/f8bdf8aaeba64d959f6bd60499560daf 0.123s
2025-04-03 15:02:55.300 69817 INFO tempest.lib.common.rest_client [req-d871cea3-4fd6-4d5d-a405-1c39c815fc41 req-d871cea3-4fd6-4d5d-a405-1c39c815fc41 ] Request (ImagesTestJSON:test_create_image_from_suspended_server): 200 GET http://10.180.1.21/compute/v2.1/servers/c299fcb9-93a7-418b-afc3-fd10ba330c44 1.487s
2025-04-03 15:02:55.302 69801 INFO tempest.lib.common.rest_client [req-9ceaa1bd-61d7-4f2e-aa00-d7aac8a69e6b req-9ceaa1bd-61d7-4f2e-aa00-d7aac8a69e6b ] Request (ListImageFiltersTestJSON:setUpClass): 201 POST http://10.180.1.21/image/v2/images 0.411s
2025-04-03 15:02:55.329 69819 INFO tempest.lib.common.rest_client [req-1582c1dc-664c-4aa0-bd31-9e1c04656887 req-1582c1dc-664c-4aa0-bd31-9e1c04656887 ] Request (InstanceActionsNegativeTestJSON:tearDownClass): 200 GET http://10.180.1.21/compute/v2.1/servers/88a26444-e368-4ea8-8396-9ba0a921a52a 1.349s
2025-04-03 15:02:55.343 69809 INFO tempest.lib.common.rest_client [req-a6aff5bc-16d3-4f5d-a812-880c33f447f9 req-a6aff5bc-16d3-4f5d-a812-880c33f447f9 ] Request (VolumesGetTestJSON:setUpClass): 201 POST http://10.180.1.21/identity/v3/auth/tokens 0.055s
2025-04-03 15:02:55.382 69809 INFO tempest.lib.common.rest_client [req-dc66918f-052d-4b30-b7ce-09d8e1827c51 req-dc66918f-052d-4b30-b7ce-09d8e1827c51 ] Request (VolumesGetTestJSON:setUpClass): 201 POST http://10.180.1.21/identity/v3/auth/tokens 0.036s
2025-04-03 15:02:55.390 69833 INFO tempest.lib.common.rest_client [req-bc0f8273-63e4-4b7e-92dc-33e41771e961 req-bc0f8273-63e4-4b7e-92dc-33e41771e961 ] Request (DeleteServersTestJSON:test_delete_active_server): 200 GET http://10.180.1.21/compute/v2.1/servers/1673f26d-bec6-43c3-9dcc-162655774fac 1.127s
2025-04-03 15:02:55.401 69833 INFO tempest.common.waiters [-] State transition "ACTIVE/deleting" ==> "DELETED/None" after 5 second wait
2025-04-03 15:02:55.410 69809 INFO tempest.lib.common.rest_client [req-2e1e5dc3-e0e1-4771-979b-ead03cef3a9f req-2e1e5dc3-e0e1-4771-979b-ead03cef3a9f ] Request (VolumesGetTestJSON:setUpClass): 200 GET http://10.180.1.21/identity/v3/domains?name=Default 0.028s
2025-04-03 15:02:55.444 69809 INFO tempest.lib.common.rest_client [req-ca3961ce-f33e-477d-b9f9-d5f405d8846e req-ca3961ce-f33e-477d-b9f9-d5f405d8846e ] Request (VolumesGetTestJSON:setUpClass): 201 POST http://10.180.1.21/identity/v3/projects 0.033s
2025-04-03 15:02:55.456 69813 INFO tempest.lib.common.rest_client [req-5f93fe1e-2774-4df0-bfaf-b44ad52d06ae req-5f93fe1e-2774-4df0-bfaf-b44ad52d06ae ] Request (SecurityGroupRulesTestJSON:tearDownClass): 202 DELETE http://10.180.1.21/compute/v2.1/os-security-groups/df5d4c05-6534-495b-a6b7-f898f13948e0 1.277s
2025-04-03 15:02:55.504 69811 WARNING tempest.lib.common.ssh [-] Failed to establish authenticated ssh connection to cirros@10.180.180.254 ([Errno None] Unable to connect to port 22 on 10.180.180.254). Number attempts: 6. Retry after 7 seconds.: paramiko.ssh_exception.NoValidConnectionsError: [Errno None] Unable to connect to port 22 on 10.180.180.254
2025-04-03 15:02:55.505 69809 INFO tempest.lib.common.rest_client [req-72c1b410-d177-4ecb-bd49-d3b5b8f0e906 req-72c1b410-d177-4ecb-bd49-d3b5b8f0e906 ] Request (VolumesGetTestJSON:setUpClass): 201 POST http://10.180.1.21/identity/v3/users 0.061s
2025-04-03 15:02:55.524 69809 INFO tempest.lib.common.rest_client [req-3372b314-bad4-4734-acfc-24c082511284 req-3372b314-bad4-4734-acfc-24c082511284 ] Request (VolumesGetTestJSON:setUpClass): 200 GET http://10.180.1.21/identity/v3/roles 0.019s
2025-04-03 15:02:55.538 69799 INFO tempest.lib.common.rest_client [req-c8776b91-7c97-4510-839d-da6225266ce2 req-c8776b91-7c97-4510-839d-da6225266ce2 ] Request (ServersListShow298Test:test_list_show_update_rebuild_server_298): 200 GET http://10.180.1.21/compute/v2.1/servers/83c98adf-e50f-4908-b1fe-c42c7a2568cf 1.157s
2025-04-03 15:02:55.556 69809 INFO tempest.lib.common.rest_client [req-cf5a4ccf-d9c7-4097-9ccc-3c983877b310 req-cf5a4ccf-d9c7-4097-9ccc-3c983877b310 ] Request (VolumesGetTestJSON:setUpClass): 204 PUT http://10.180.1.21/identity/v3/projects/3eb24180e84b4b84a2fa40224555f7df/users/cfb7b39c20e7417e8762d0ad3e19fc08/roles/f62e2cb3dd9c49db8be417bdf43a392f 0.031s
2025-04-03 15:02:55.556 69809 INFO tempest.lib.common.dynamic_creds [-] Dynamic test user cfb7b39c20e7417e8762d0ad3e19fc08 is created with scope project and roles: ['member']
2025-04-03 15:02:55.556 69809 INFO tempest.lib.common.dynamic_creds [-] Acquired dynamic creds: credentials: Credentials: {'domain_id': 'default', 'domain_name': 'Default', 'username': 'tempest-VolumesGetTestJSON-629525295-project-member', 'project_domain_id': 'default', 'project_domain_name': 'Default', 'project_id': '3eb24180e84b4b84a2fa40224555f7df', 'project_name': 'tempest-VolumesGetTestJSON-629525295', 'tenant_id': '3eb24180e84b4b84a2fa40224555f7df', 'tenant_name': 'tempest-VolumesGetTestJSON-629525295', 'user_domain_id': 'default', 'user_domain_name': 'Default', 'user_id': 'cfb7b39c20e7417e8762d0ad3e19fc08', 'system': None}, Network: None, Subnet: None, Router: None
2025-04-03 15:02:55.557 69809 INFO tempest.lib.common.dynamic_creds [-] Created isolated network resources for: credentials: Credentials: {'domain_id': 'default', 'domain_name': 'Default', 'username': 'tempest-VolumesGetTestJSON-629525295-project-member', 'project_domain_id': 'default', 'project_domain_name': 'Default', 'project_id': '3eb24180e84b4b84a2fa40224555f7df', 'project_name': 'tempest-VolumesGetTestJSON-629525295', 'tenant_id': '3eb24180e84b4b84a2fa40224555f7df', 'tenant_name': 'tempest-VolumesGetTestJSON-629525295', 'user_domain_id': 'default', 'user_domain_name': 'Default', 'user_id': 'cfb7b39c20e7417e8762d0ad3e19fc08', 'system': None}, Network: None, Subnet: None, Router: None
2025-04-03 15:02:55.631 69809 INFO tempest.lib.common.rest_client [req-fa33523e-ede4-4981-9677-ef57418e7f96 req-fa33523e-ede4-4981-9677-ef57418e7f96 ] Request (VolumesGetTestJSON:setUpClass): 201 POST http://10.180.1.21/identity/v3/auth/tokens 0.070s
2025-04-03 15:02:55.662 69839 INFO tempest.lib.common.rest_client [req-b994c1a8-7a4a-4df7-bdb4-6598cc25dc7c req-b994c1a8-7a4a-4df7-bdb4-6598cc25dc7c ] Request (VolumesAdminNegativeTest:test_update_attached_volume_with_nonexistent_volume_in_body): 200 GET http://10.180.1.21/compute/v2.1/servers/5777318f-3425-4ad6-913a-4c98ab68d4e1 0.906s
2025-04-03 15:02:55.672 69849 INFO tempest.lib.common.rest_client [req-502bab3e-7f4d-487b-b5e4-524b604b1eb4 req-502bab3e-7f4d-487b-b5e4-524b604b1eb4 ] Request (ServersNegativeTestMultiTenantJSON:setUpClass): 200 PUT http://10.180.1.21:9696/networking/v2.0/routers/a2918c20-9417-429d-8bae-b9280d23e570/add_router_interface 1.504s
2025-04-03 15:02:55.672 69849 INFO tempest.lib.common.dynamic_creds [-] Created isolated network resources for: credentials: Credentials: {'domain_id': 'default', 'domain_name': 'Default', 'username': 'tempest-ServersNegativeTestMultiTenantJSON-1194870379-project-member', 'project_domain_id': 'default', 'project_domain_name': 'Default', 'project_id': '165015ca60634333a49250b1fff139d4', 'project_name': 'tempest-ServersNegativeTestMultiTenantJSON-1194870379', 'tenant_id': '165015ca60634333a49250b1fff139d4', 'tenant_name': 'tempest-ServersNegativeTestMultiTenantJSON-1194870379', 'user_domain_id': 'default', 'user_domain_name': 'Default', 'user_id': '4dcb50846b2b4ad1bca5a66797ebba67', 'system': None}, Network: {'id': '75b35261-32c1-42d6-a5b6-358eb70babeb', 'name': 'tempest-ServersNegativeTestMultiTenantJSON-62180764-network', 'tenant_id': '165015ca60634333a49250b1fff139d4', 'admin_state_up': True, 'mtu': 8950, 'status': 'ACTIVE', 'subnets': [], 'shared': False, 'project_id': '165015ca60634333a49250b1fff139d4', 'port_security_enabled': True, 'router:external': False, 'provider:network_type': 'vlan', 'provider:physical_network': 'default', 'provider:segmentation_id': 579, 'availability_zone_hints': [], 'availability_zones': [], 'ipv4_address_scope': None, 'ipv6_address_scope': None, 'description': '', 'tags': [], 'created_at': '2025-04-03T15:02:52Z', 'updated_at': '2025-04-03T15:02:52Z', 'revision_number': 1}, Subnet: {'id': '66ad227f-7b72-4925-8048-edd7d621cb26', 'name': 'tempest-ServersNegativeTestMultiTenantJSON-62180764-subnet', 'tenant_id': '165015ca60634333a49250b1fff139d4', 'network_id': '75b35261-32c1-42d6-a5b6-358eb70babeb', 'ip_version': 4, 'subnetpool_id': None, 'enable_dhcp': True, 'ipv6_ra_mode': None, 'ipv6_address_mode': None, 'gateway_ip': '192.168.128.1', 'cidr': '192.168.128.0/28', 'allocation_pools': [{'start': '192.168.128.2', 'end': '192.168.128.14'}], 'host_routes': [], 'dns_nameservers': [], 'description': '', 'router:external': False, 'service_types': [], 'tags': [], 'created_at': '2025-04-03T15:02:52Z', 'updated_at': '2025-04-03T15:02:52Z', 'revision_number': 0, 'project_id': '165015ca60634333a49250b1fff139d4'}, Router: {'id': 'a2918c20-9417-429d-8bae-b9280d23e570', 'name': 'tempest-ServersNegativeTestMultiTenantJSON-62180764-router', 'tenant_id': '165015ca60634333a49250b1fff139d4', 'admin_state_up': True, 'status': 'ACTIVE', 'external_gateway_info': {'network_id': 'e0b7acc9-2c91-4706-b31a-6313c9a8262a', 'external_fixed_ips': [{'subnet_id': '84978cc7-a931-46f2-bb73-45d66aef57be', 'ip_address': '10.180.180.217'}], 'enable_snat': True}, 'description': '', 'availability_zones': [], 'distributed': False, 'ha': False, 'availability_zone_hints': [], 'routes': [], 'flavor_id': None, 'tags': [], 'created_at': '2025-04-03T15:02:52Z', 'updated_at': '2025-04-03T15:02:53Z', 'revision_number': 2, 'project_id': '165015ca60634333a49250b1fff139d4'}
2025-04-03 15:02:55.758 69849 INFO tempest.lib.common.rest_client [req-5bc87dbd-787f-4674-87d3-fa3b0e60a2c8 req-5bc87dbd-787f-4674-87d3-fa3b0e60a2c8 ] Request (ServersNegativeTestMultiTenantJSON:setUpClass): 201 POST http://10.180.1.21/identity/v3/auth/tokens 0.082s
2025-04-03 15:02:55.783 69858 INFO tempest.lib.common.rest_client [req-dedf09b9-c416-44b5-bd25-6133433a5be6 req-dedf09b9-c416-44b5-bd25-6133433a5be6 ] Request (AZV2TestJSON:test_get_availability_zone_list_with_non_admin_user): 200 GET http://10.180.1.21/compute/v2.1/os-availability-zone 0.894s
2025-04-03 15:02:55.829 69849 INFO tempest.lib.common.rest_client [req-8345eeeb-92c7-4041-b6ba-a37926eed91e req-8345eeeb-92c7-4041-b6ba-a37926eed91e ] Request (ServersNegativeTestMultiTenantJSON:setUpClass): 201 POST http://10.180.1.21/identity/v3/auth/tokens 0.067s
2025-04-03 15:02:55.829 69849 INFO tempest.lib.common.fixed_network [-] (ServersNegativeTestMultiTenantJSON:setUpClass) Found network {'id': '7e157f03-7182-477e-9b14-7b6a694e29d8', 'name': 'tempest-ServersNegativeTestMultiTenantJSON-537391976-network', 'tenant_id': 'c6adb518713a4a43926d1660cd8b1ada', 'admin_state_up': True, 'mtu': 8950, 'status': 'ACTIVE', 'subnets': [], 'shared': False, 'project_id': 'c6adb518713a4a43926d1660cd8b1ada', 'port_security_enabled': True, 'router:external': False, 'provider:network_type': 'vlan', 'provider:physical_network': 'default', 'provider:segmentation_id': 846, 'availability_zone_hints': [], 'availability_zones': [], 'ipv4_address_scope': None, 'ipv6_address_scope': None, 'description': '', 'tags': [], 'created_at': '2025-04-03T15:02:47Z', 'updated_at': '2025-04-03T15:02:47Z', 'revision_number': 1} available for tenant
2025-04-03 15:02:55.848 69843 INFO tempest.lib.common.rest_client [req-60290299-2514-4c0f-8492-67e48eacc7b5 req-60290299-2514-4c0f-8492-67e48eacc7b5 ] Request (FloatingIPsAssociationTestJSON:test_associate_already_associated_floating_ip): 200 GET http://10.180.1.21/compute/v2.1/servers/a4700b2f-00f1-49aa-af3d-8045c6f6a797 0.883s
2025-04-03 15:02:55.870 69835 INFO tempest.lib.common.rest_client [req-7d058d35-70c4-4969-96ae-927457b93aec req-7d058d35-70c4-4969-96ae-927457b93aec ] Request (ServerMetadataNegativeTestJSON:setUpClass): 200 GET http://10.180.1.21/compute/v2.1/servers/a0978186-2fc8-4763-ae5a-b70e5a8e8b28 1.595s
2025-04-03 15:02:55.910 69858 INFO tempest.lib.common.rest_client [req-51661b23-77a9-4479-8df3-eaf8b73dadad req-51661b23-77a9-4479-8df3-eaf8b73dadad ] Request (AZV2TestJSON:tearDownClass): 204 DELETE http://10.180.1.21/identity/v3/users/b52df2fc667446c68f4bcab70c9a2814 0.118s
2025-04-03 15:02:55.910 69858 INFO tempest.lib.common.dynamic_creds [-] Deleting project and security group for project: 13e10e35521145fa90f0f35af43ff530
2025-04-03 15:02:55.954 69847 INFO tempest.lib.common.rest_client [req-41d5fefe-440d-4072-94db-6bbf190041ab req-41d5fefe-440d-4072-94db-6bbf190041ab ] Request (FloatingIPsAssociationNegativeTestJSON:tearDownClass): 200 GET http://10.180.1.21/compute/v2.1/servers/06429df3-0f61-491e-8263-87b0dcc74bab 0.884s
2025-04-03 15:02:55.973 69858 INFO tempest.lib.common.rest_client [req-885e7f79-6a1e-41e8-8105-313e33294c6a req-885e7f79-6a1e-41e8-8105-313e33294c6a ] Request (AZV2TestJSON:tearDownClass): 201 POST http://10.180.1.21/identity/v3/auth/tokens 0.061s
2025-04-03 15:02:56.072 69825 INFO tempest.lib.common.rest_client [req-0e091986-cb0a-4d0b-80ad-896f419e5bd9 req-0e091986-cb0a-4d0b-80ad-896f419e5bd9 ] Request (ServersNegativeTestJSON:setUpClass): 201 POST http://10.180.1.21:9696/networking/v2.0/routers 1.849s
2025-04-03 15:02:56.112 69855 INFO tempest.lib.common.rest_client [req-79a16575-f84c-4bc6-a94b-c0084957a91e req-79a16575-f84c-4bc6-a94b-c0084957a91e ] Request (ServerActionsTestOtherA:setUpClass): 200 GET http://10.180.1.21/compute/v2.1/servers/634b6ae2-3e25-4f45-9ace-005766a588de/os-interface 0.990s
2025-04-03 15:02:56.168 69837 INFO tempest.lib.common.rest_client [req-3de6a16e-6e8e-456f-8b85-6f3a0313e46c req-3de6a16e-6e8e-456f-8b85-6f3a0313e46c ] Request (ImagesOneServerNegativeTestJSON:setUpClass): 200 GET http://10.180.1.21/compute/v2.1/servers/31d05edc-ce5c-494d-b7aa-54d937656ca9 1.000s
2025-04-03 15:02:56.177 69803 INFO tempest.lib.common.rest_client [req-d8a63e3c-7ed7-423f-80c9-bb81fcafe5d3 req-d8a63e3c-7ed7-423f-80c9-bb81fcafe5d3 ] Request (KeyPairsV22TestJSON:test_get_keypair_detail): 200 GET http://10.180.1.21/compute/v2.1/os-keypairs/tempest-keypair-495079999 1.006s
2025-04-03 15:02:56.201 69858 INFO tempest.lib.common.rest_client [req-1aad6c37-c365-4121-a140-4a0e5041d6a2 req-1aad6c37-c365-4121-a140-4a0e5041d6a2 ] Request (AZV2TestJSON:tearDownClass): 200 GET http://10.180.1.21:9696/networking/v2.0/security-groups?tenant_id=13e10e35521145fa90f0f35af43ff530&name=default 0.227s
2025-04-03 15:02:56.215 69815 INFO tempest.lib.common.rest_client [req-544ee35a-aef9-42e9-b9a8-90c1869eca79 req-544ee35a-aef9-42e9-b9a8-90c1869eca79 ] Request (SecurityGroupsTestJSON:test_list_security_groups_by_server): 202 POST http://10.180.1.21/compute/v2.1/servers 1.195s
2025-04-03 15:02:56.244 69861 INFO tempest.lib.common.rest_client [req-d0a395b7-95ce-49b4-858a-bac891a73fba req-d0a395b7-95ce-49b4-858a-bac891a73fba ] Request (ServersTestBootFromVolume:setUpClass): 200 GET http://10.180.1.21/volume/v3/volumes/f5286ab6-65ca-4571-ad24-bb160c3cfaad 0.036s
2025-04-03 15:02:56.277 69807 INFO tempest.lib.common.rest_client [req-08af2efd-ddc2-4c22-a33f-708b3de48055 req-08af2efd-ddc2-4c22-a33f-708b3de48055 ] Request (DeleteServersAdminTestJSON:test_delete_server_while_in_error_state): 200 GET http://10.180.1.21/compute/v2.1/servers/3627b7e2-a873-46df-a5bf-84114546d285 1.009s
2025-04-03 15:02:56.346 69829 INFO tempest.lib.common.rest_client [req-ac1198c2-c5a0-4201-8cd0-9d44ce5c6dde req-ac1198c2-c5a0-4201-8cd0-9d44ce5c6dde ] Request (ServersTestMultiNic:test_verify_duplicate_network_nics): 200 GET http://10.180.1.21/compute/v2.1/servers/ed30ff05-dd61-418f-848a-45ff94fac298 0.715s
2025-04-03 15:02:56.453 69853 INFO tempest.lib.common.rest_client [req-5b10236e-f747-467a-883b-19cb17f700ca req-5b10236e-f747-467a-883b-19cb17f700ca ] Request (MigrationsAdminTest:test_list_migrations_in_flavor_resize_situation): 200 GET http://10.180.1.21/compute/v2.1/servers/a09a75d5-e39c-40c6-9f3e-343928a2c96e 0.891s
2025-04-03 15:02:56.471 69858 INFO tempest.lib.common.rest_client [req-4c57f5de-d6fb-48d6-923e-2d82205a6f33 req-4c57f5de-d6fb-48d6-923e-2d82205a6f33 ] Request (AZV2TestJSON:tearDownClass): 204 DELETE http://10.180.1.21:9696/networking/v2.0/security-groups/a1b51592-a5ba-405d-9cc7-49864774263b 0.270s
2025-04-03 15:02:56.590 69858 INFO tempest.lib.common.rest_client [req-141768b5-21b1-42ac-8cfa-e84584a8a31a req-141768b5-21b1-42ac-8cfa-e84584a8a31a ] Request (AZV2TestJSON:tearDownClass): 204 DELETE http://10.180.1.21/identity/v3/projects/13e10e35521145fa90f0f35af43ff530 0.118s
2025-04-03 15:02:56.772 69851 INFO tempest.lib.common.rest_client [req-ce57f5ff-569d-40bc-81ae-14e1b138db8e req-ce57f5ff-569d-40bc-81ae-14e1b138db8e ] Request (ServerDiskConfigTestJSON:test_rebuild_server_with_manual_disk_config): 200 GET http://10.180.1.21/compute/v2.1/servers/ba59923e-442a-4444-b439-8083fddea082 1.062s
2025-04-03 15:02:56.775 69809 INFO tempest.lib.common.rest_client [req-a631ca45-c90c-43c3-b518-c5b00cc92ea4 req-a631ca45-c90c-43c3-b518-c5b00cc92ea4 ] Request (VolumesGetTestJSON:test_volume_create_get_delete): 200 POST http://10.180.1.21/compute/v2.1/os-volumes 1.141s
2025-04-03 15:02:56.910 69805 INFO tempest.lib.common.rest_client [req-b8049bc3-8a37-465f-90d0-34ebe9b87ebf req-b8049bc3-8a37-465f-90d0-34ebe9b87ebf ] Request (ServersAdminTestJSON:test_create_server_with_scheduling_hint): 200 GET http://10.180.1.21/compute/v2.1/servers/a91fc8d7-bb23-4b3a-a8d6-60de66ec3d94 1.199s
