2025-04-03 15:04:40.727 69805 INFO tempest.lib.common.rest_client [req-4fc0166e-f1c1-4506-932d-ad69c2b476ca req-4fc0166e-f1c1-4506-932d-ad69c2b476ca ] Request (ServersAdminTestJSON:tearDownClass): 200 GET http://10.180.1.21/compute/v2.1/servers/bf16ff00-3ca8-4e48-96f9-20e7c5641bb7 0.405s
2025-04-03 15:04:40.764 69849 INFO tempest.lib.common.rest_client [req-e3549cf6-8961-41e0-929b-67871e2db9e7 req-e3549cf6-8961-41e0-929b-67871e2db9e7 ] Request (QuotasTestJSON:test_compare_tenant_quotas_with_default_quotas): 200 GET http://10.180.1.21/compute/v2.1/os-quota-sets/a80c0fb9fb3743dbabaff2175dcc92ab/defaults 0.470s
2025-04-03 15:04:40.828 69815 INFO tempest.lib.common.rest_client [req-7daa94b3-215c-4000-b93e-2ef774cd0d4f req-7daa94b3-215c-4000-b93e-2ef774cd0d4f ] Request (SecurityGroupsTestJSON:test_server_security_groups): 200 GET http://10.180.1.21/compute/v2.1/servers/2fd81153-eb96-436d-9041-0c21f77944b5 0.435s
2025-04-03 15:04:40.837 69841 INFO tempest.lib.common.rest_client [req-75fad5e6-5582-4d06-99ee-ace6230c1c06 req-75fad5e6-5582-4d06-99ee-ace6230c1c06 ] Request (ServerAddressesNegativeTestJSON:setUpClass): 200 GET http://10.180.1.21/compute/v2.1/servers/f1f7dcf6-6b4e-4bea-8b81-cdbeaca0a66e 0.479s
2025-04-03 15:04:40.844 69841 INFO tempest.common.waiters [-] State transition "BUILD/None" ==> "BUILD/block_device_mapping" after 59 second wait
2025-04-03 15:04:40.872 69801 INFO tempest.lib.common.rest_client [req-e60324f2-3de0-4a3a-b82a-04bcc01100d0 req-e60324f2-3de0-4a3a-b82a-04bcc01100d0 ] Request (ListImageFiltersTestJSON:setUpClass): 200 GET http://10.180.1.21/compute/v2.1/images/cd233898-8e9e-4a25-92d5-d3ad2e1acbc1 0.377s
2025-04-03 15:04:40.889 69825 INFO tempest.lib.common.rest_client [req-8c157e50-a3a6-4b1e-b4a7-17a8ca3f4421 req-8c157e50-a3a6-4b1e-b4a7-17a8ca3f4421 ] Request (ServersNegativeTestJSON:setUpClass): 200 GET http://10.180.1.21/compute/v2.1/servers/692c8686-ae6f-45d1-b227-c4e1c440bf08 0.465s
2025-04-03 15:04:40.946 69807 INFO tempest.lib.common.rest_client [req-15557243-2412-4ef3-bf87-1674a92fa418 req-15557243-2412-4ef3-bf87-1674a92fa418 ] Request (ServersTestManualDisk:setUpClass): 200 GET http://10.180.1.21/compute/v2.1/servers/b688722e-ebff-4304-9e3e-7aa9f97f5354 0.292s
2025-04-03 15:04:40.989 69833 INFO tempest.lib.common.rest_client [req-2f408825-3b3a-4dca-bd53-06330cc6ce84 req-2f408825-3b3a-4dca-bd53-06330cc6ce84 ] Request (DeleteServersTestJSON:test_delete_server_while_in_attached_volume): 200 GET http://10.180.1.21/compute/v2.1/servers/4183d319-37e1-4d9d-9b53-e629d6fc84f5 0.391s
2025-04-03 15:04:40.996 69833 INFO tempest.common.waiters [-] State transition "BUILD/spawning" ==> "ACTIVE/None" after 68 second wait
2025-04-03 15:04:41.013 69845 INFO tempest.lib.common.rest_client [req-6627308f-8be4-4ced-a1ed-02c74f85ce33 req-6627308f-8be4-4ced-a1ed-02c74f85ce33 ] Request (ServerActionsV293TestJSON:setUpClass): 200 GET http://10.180.1.21/compute/v2.1/servers/9c8ddf15-1774-4e8d-ab95-2b9f480f5bc3/os-interface 0.338s
2025-04-03 15:04:41.051 69849 INFO tempest.lib.common.rest_client [req-2c9b811b-80d7-47ed-a52b-66202ce13a5a req-2c9b811b-80d7-47ed-a52b-66202ce13a5a ] Request (QuotasTestJSON:test_compare_tenant_quotas_with_default_quotas): 200 GET http://10.180.1.21/compute/v2.1/os-quota-sets/a80c0fb9fb3743dbabaff2175dcc92ab 0.282s
2025-04-03 15:04:41.065 69855 INFO tempest.lib.common.rest_client [req-a5a7ec9c-6686-4e91-ad45-286b9043b0aa req-a5a7ec9c-6686-4e91-ad45-286b9043b0aa ] Request (ServerActionsTestOtherA:test_rebuild_server_in_stop_state): 200 GET http://10.180.1.21/compute/v2.1/servers/18d13787-300f-4a23-806b-1d3e8101b296 0.175s
2025-04-03 15:04:41.126 69831 INFO tempest.lib.common.rest_client [req-d84685d7-a14f-481a-abc8-ab4c4002683c req-d84685d7-a14f-481a-abc8-ab4c4002683c ] Request (ServersWithSpecificFlavorTestJSON:test_verify_created_server_ephemeral_disk): 200 GET http://10.180.1.21/compute/v2.1/servers/43bfc4c0-4c06-40c7-a3f9-273ccb77e994 0.119s
2025-04-03 15:04:41.156 69849 INFO tempest.lib.common.rest_client [req-aff9470d-1870-4fa3-b23d-7bf650c0256c req-aff9470d-1870-4fa3-b23d-7bf650c0256c ] Request (QuotasTestJSON:test_get_default_quotas): 200 GET http://10.180.1.21/compute/v2.1/os-quota-sets/a80c0fb9fb3743dbabaff2175dcc92ab/defaults 0.097s
2025-04-03 15:04:41.175 69833 INFO tempest.lib.common.rest_client [req-ce4f8d51-20f0-4639-b74e-719478fa0466 req-ce4f8d51-20f0-4639-b74e-719478fa0466 ] Request (DeleteServersTestJSON:test_delete_server_while_in_attached_volume): 202 POST http://10.180.1.21/volume/v3/volumes 0.178s
2025-04-03 15:04:41.202 69817 INFO tempest.lib.common.rest_client [req-c64ed30d-efe8-449b-b055-3a1298925433 req-c64ed30d-efe8-449b-b055-3a1298925433 ] Request (ImagesTestJSON:test_create_server_from_snapshot): 200 GET http://10.180.1.21/compute/v2.1/servers/de29d366-5596-4109-9b46-3628b86684de 0.244s
2025-04-03 15:04:41.212 69833 INFO tempest.lib.common.rest_client [req-b36c1871-f05d-4fb1-b260-c86fc47da91b req-b36c1871-f05d-4fb1-b260-c86fc47da91b ] Request (DeleteServersTestJSON:test_delete_server_while_in_attached_volume): 200 GET http://10.180.1.21/volume/v3/volumes/10f2ffca-2790-4208-a7b7-9b75d456d56e 0.027s
2025-04-03 15:04:41.226 69821 INFO tempest.lib.common.rest_client [req-3570f624-894d-452a-9b5f-a26d69275317 req-3570f624-894d-452a-9b5f-a26d69275317 ] Request (ServerRescueTestJSONUnderV235:tearDownClass): 200 GET http://10.180.1.21/compute/v2.1/servers/9848e301-0bc2-43f1-ba0f-afbe47ad0247 0.153s
2025-04-03 15:04:41.264 69849 INFO tempest.lib.common.rest_client [req-9cbddd50-3f59-4b9f-a09e-587281816565 req-9cbddd50-3f59-4b9f-a09e-587281816565 ] Request (QuotasTestJSON:test_get_quotas): 200 GET http://10.180.1.21/compute/v2.1/os-quota-sets/a80c0fb9fb3743dbabaff2175dcc92ab 0.104s
2025-04-03 15:04:41.346 69851 INFO tempest.lib.common.rest_client [req-692e1ea1-969a-4cd3-bc8a-daff5d60bfed req-692e1ea1-969a-4cd3-bc8a-daff5d60bfed ] Request (ServerDiskConfigTestJSON:test_resize_server_from_auto_to_manual): 200 GET http://10.180.1.21/compute/v2.1/servers/29474f4a-15a6-41cb-8df5-8fdb1747f116 0.243s
2025-04-03 15:04:41.399 69849 INFO tempest.lib.common.rest_client [req-db3d8caa-10d5-46ae-9543-0ca2c190cd7b req-db3d8caa-10d5-46ae-9543-0ca2c190cd7b ] Request (QuotasTestJSON:test_get_quotas): 200 GET http://10.180.1.21/compute/v2.1/os-quota-sets/a80c0fb9fb3743dbabaff2175dcc92ab?user_id=a1f6bffbf12049f8882ed520f47d2166 0.132s
2025-04-03 15:04:41.407 69847 INFO tempest.lib.common.rest_client [req-25d0161e-51e0-4bdf-9eaf-f601724525e8 req-25d0161e-51e0-4bdf-9eaf-f601724525e8 ] Request (ServersV294TestFqdnHostnames:setUpClass): 200 GET http://10.180.1.21/compute/v2.1/servers/516b18ca-fe00-4836-9f5f-c313deab2eb8 0.176s
2025-04-03 15:04:41.495 69823 INFO tempest.lib.common.rest_client [req-56e3b86c-a029-4620-9e29-3071a4c0f6d5 req-56e3b86c-a029-4620-9e29-3071a4c0f6d5 ] Request (ImagesNegativeTestJSON:test_create_image_from_deleted_server): 200 GET http://10.180.1.21/compute/v2.1/servers/d76e5784-8fdf-4af0-b983-d2f2dfa3d7bc 0.150s
2025-04-03 15:04:41.556 69849 INFO tempest.lib.common.rest_client [req-bcf48504-f733-436a-a1ca-087f93a9dc72 req-bcf48504-f733-436a-a1ca-087f93a9dc72 ] Request (QuotasTestJSON:tearDownClass): 204 DELETE http://10.180.1.21/identity/v3/users/a1f6bffbf12049f8882ed520f47d2166 0.143s
2025-04-03 15:04:41.557 69849 INFO tempest.lib.common.dynamic_creds [-] Deleting project and security group for project: a80c0fb9fb3743dbabaff2175dcc92ab
2025-04-03 15:04:41.576 69843 INFO tempest.lib.common.rest_client [req-c94e9020-03c9-480d-916c-787d8a952ae7 req-c94e9020-03c9-480d-916c-787d8a952ae7 ] Request (FloatingIPsAssociationTestJSON:tearDownClass): 200 GET http://10.180.1.21/compute/v2.1/servers/373884a4-1ca4-412b-adb0-0122a6c3a6ac 0.156s
2025-04-03 15:04:41.627 69849 INFO tempest.lib.common.rest_client [req-8d2aacad-92d9-45b6-83c9-8cc08662b8e7 req-8d2aacad-92d9-45b6-83c9-8cc08662b8e7 ] Request (QuotasTestJSON:tearDownClass): 201 POST http://10.180.1.21/identity/v3/auth/tokens 0.070s
2025-04-03 15:04:41.638 69853 INFO tempest.lib.common.rest_client [req-ed25df2c-f9f9-41f8-abf3-b982ab9577e2 req-ed25df2c-f9f9-41f8-abf3-b982ab9577e2 ] Request (MigrationsAdminTest:test_resize_server_revert_deleted_flavor): 200 GET http://10.180.1.21/compute/v2.1/servers/170c4c18-014e-4887-a6ce-888f2b28303e 0.159s
2025-04-03 15:04:41.650 69829 INFO tempest.lib.common.rest_client [req-1d83c7a5-c6e0-450c-9331-5c41f5178382 req-1d83c7a5-c6e0-450c-9331-5c41f5178382 ] Request (ServersTestMultiNic:test_verify_multiple_nics_order): 200 GET http://10.180.1.21/compute/v2.1/servers/3692b4ab-0ace-434f-be78-5d9db94453f6 0.374s
2025-04-03 15:04:41.725 69827 INFO tempest.lib.common.rest_client [req-5b92cdaa-9252-4c85-a216-6b74c085f7ec req-5b92cdaa-9252-4c85-a216-6b74c085f7ec ] Request (VolumesAssistedSnapshotsTest:tearDownClass): 200 GET http://10.180.1.21/compute/v2.1/servers/42551aa9-dd5e-4434-9c83-2749d325efe9 0.134s
2025-04-03 15:04:41.742 69837 INFO tempest.lib.common.rest_client [req-ea3f1ae0-cac1-4eb2-afef-c9bb2f962d71 req-ea3f1ae0-cac1-4eb2-afef-c9bb2f962d71 ] Request (ImagesOneServerNegativeTestJSON:_run_cleanups): 200 GET http://10.180.1.21/compute/v2.1/servers/6e121b59-0677-42d8-b694-a0c05bab1118 0.082s
2025-04-03 15:04:41.819 69805 INFO tempest.lib.common.rest_client [req-67535257-8636-49ba-a41e-f6bfad82ed74 req-67535257-8636-49ba-a41e-f6bfad82ed74 ] Request (ServersAdminTestJSON:tearDownClass): 200 GET http://10.180.1.21/compute/v2.1/servers/bf16ff00-3ca8-4e48-96f9-20e7c5641bb7 0.081s
2025-04-03 15:04:41.909 69849 INFO tempest.lib.common.rest_client [req-35b469f9-7718-4072-958e-4de129aa81d8 req-35b469f9-7718-4072-958e-4de129aa81d8 ] Request (QuotasTestJSON:tearDownClass): 200 GET http://10.180.1.21:9696/networking/v2.0/security-groups?tenant_id=a80c0fb9fb3743dbabaff2175dcc92ab&name=default 0.281s
2025-04-03 15:04:41.914 69815 INFO tempest.lib.common.rest_client [req-61bc8d85-1baa-4008-9bc2-294d86ce68f6 req-61bc8d85-1baa-4008-9bc2-294d86ce68f6 ] Request (SecurityGroupsTestJSON:test_server_security_groups): 200 GET http://10.180.1.21/compute/v2.1/servers/2fd81153-eb96-436d-9041-0c21f77944b5 0.077s
2025-04-03 15:04:41.949 69845 INFO tempest.lib.common.rest_client [req-e11792d4-fca6-42c4-b015-7d9affff3884 req-e11792d4-fca6-42c4-b015-7d9affff3884 ] Request (ServerActionsV293TestJSON:setUpClass): 200 PUT http://10.180.1.21:9696/networking/v2.0/floatingips/05b87b05-f24c-4b07-af13-b02d162b30bd 0.933s
2025-04-03 15:04:41.969 69801 INFO tempest.lib.common.rest_client [req-16bf1ea9-da73-48aa-99a0-b8dd5e8bd46f req-16bf1ea9-da73-48aa-99a0-b8dd5e8bd46f ] Request (ListImageFiltersTestJSON:setUpClass): 200 GET http://10.180.1.21/compute/v2.1/images/cd233898-8e9e-4a25-92d5-d3ad2e1acbc1 0.092s
2025-04-03 15:04:42.026 69825 INFO tempest.lib.common.rest_client [req-4dec1bc1-de59-49e9-a877-4f70e1f00bed req-4dec1bc1-de59-49e9-a877-4f70e1f00bed ] Request (ServersNegativeTestJSON:setUpClass): 200 GET http://10.180.1.21/compute/v2.1/servers/692c8686-ae6f-45d1-b227-c4e1c440bf08 0.127s
2025-04-03 15:04:42.063 69849 INFO tempest.lib.common.rest_client [req-373f7535-220d-4dca-8a4b-cb2f15e14261 req-373f7535-220d-4dca-8a4b-cb2f15e14261 ] Request (QuotasTestJSON:tearDownClass): 204 DELETE http://10.180.1.21:9696/networking/v2.0/security-groups/8dd92ad9-a40d-4842-8b19-8eff748b4530 0.153s
2025-04-03 15:04:42.067 69811 WARNING tempest.lib.common.ssh [-] Failed to establish authenticated ssh connection to cirros@10.180.180.254 ([Errno None] Unable to connect to port 22 on 10.180.180.254). Number attempts: 14. Retry after 15 seconds.: paramiko.ssh_exception.NoValidConnectionsError: [Errno None] Unable to connect to port 22 on 10.180.180.254
2025-04-03 15:04:42.080 69841 INFO tempest.lib.common.rest_client [req-078774b5-2a1e-432a-b421-3c53eb117056 req-078774b5-2a1e-432a-b421-3c53eb117056 ] Request (ServerAddressesNegativeTestJSON:setUpClass): 200 GET http://10.180.1.21/compute/v2.1/servers/f1f7dcf6-6b4e-4bea-8b81-cdbeaca0a66e 0.235s
2025-04-03 15:04:42.091 69841 INFO tempest.common.waiters [-] State transition "BUILD/block_device_mapping" ==> "BUILD/spawning" after 61 second wait
2025-04-03 15:04:42.155 69849 INFO tempest.lib.common.rest_client [req-e715d19d-ce6b-465c-9f40-2d1485db2b78 req-e715d19d-ce6b-465c-9f40-2d1485db2b78 ] Request (QuotasTestJSON:tearDownClass): 204 DELETE http://10.180.1.21/identity/v3/projects/a80c0fb9fb3743dbabaff2175dcc92ab 0.092s
2025-04-03 15:04:42.163 69845 INFO tempest.lib.common.rest_client [req-cd8edabf-c6e1-4c9c-bb51-a19cc919ff66 req-cd8edabf-c6e1-4c9c-bb51-a19cc919ff66 ] Request (ServerActionsV293TestJSON:test_rebuild_volume_backed_server): 200 GET http://10.180.1.21/compute/v2.1/servers/9c8ddf15-1774-4e8d-ab95-2b9f480f5bc3 0.213s
2025-04-03 15:04:42.169 69807 INFO tempest.lib.common.rest_client [req-77209fcd-7ae3-4361-a766-39120abf6e4e req-77209fcd-7ae3-4361-a766-39120abf6e4e ] Request (ServersTestManualDisk:setUpClass): 200 GET http://10.180.1.21/compute/v2.1/servers/b688722e-ebff-4304-9e3e-7aa9f97f5354 0.213s
2025-04-03 15:04:42.177 69807 INFO tempest.common.waiters [-] State transition "BUILD/scheduling" ==> "BUILD/None" after 18 second wait
2025-04-03 15:04:42.219 69845 INFO tempest.lib.common.rest_client [req-ef994d5a-7e4d-4dd3-97a9-71c48808d560 req-ef994d5a-7e4d-4dd3-97a9-71c48808d560 ] Request (ServerActionsV293TestJSON:test_rebuild_volume_backed_server): 200 GET http://10.180.1.21/volume/v3/volumes/101112b8-164f-4e1f-8ed8-6cb704a4e0d0 0.041s
2025-04-03 15:04:42.230 69845 INFO tempest.lib.common.ssh [-] Creating ssh connection to '10.180.180.146:22' as 'cirros' with public key authentication
2025-04-03 15:04:42.238 69855 INFO tempest.lib.common.rest_client [req-be480362-8931-4e16-98a3-0264e551ecb4 req-be480362-8931-4e16-98a3-0264e551ecb4 ] Request (ServerActionsTestOtherA:test_rebuild_server_in_stop_state): 200 GET http://10.180.1.21/compute/v2.1/servers/18d13787-300f-4a23-806b-1d3e8101b296 0.158s
2025-04-03 15:04:42.241 69831 INFO tempest.lib.common.rest_client [req-96d298f7-a3a1-47b2-98e6-8c16ac8a29bb req-96d298f7-a3a1-47b2-98e6-8c16ac8a29bb ] Request (ServersWithSpecificFlavorTestJSON:test_verify_created_server_ephemeral_disk): 200 GET http://10.180.1.21/compute/v2.1/servers/43bfc4c0-4c06-40c7-a3f9-273ccb77e994 0.108s
2025-04-03 15:04:42.249 69855 INFO tempest.common.waiters [-] State transition "BUILD/scheduling" ==> "BUILD/None" after 10 second wait
2025-04-03 15:04:42.256 69861 WARNING tempest.lib.common.ssh [-] Failed to establish authenticated ssh connection to cirros@10.180.180.156 ([Errno None] Unable to connect to port 22 on 10.180.180.156). Number attempts: 6. Retry after 7 seconds.: paramiko.ssh_exception.NoValidConnectionsError: [Errno None] Unable to connect to port 22 on 10.180.180.156
2025-04-03 15:04:42.266 69833 INFO tempest.lib.common.rest_client [req-c3dacef3-09fb-49c3-b779-1ae95ae32c64 req-c3dacef3-09fb-49c3-b779-1ae95ae32c64 ] Request (DeleteServersTestJSON:test_delete_server_while_in_attached_volume): 200 GET http://10.180.1.21/volume/v3/volumes/10f2ffca-2790-4208-a7b7-9b75d456d56e 0.046s
2025-04-03 15:04:42.273 69833 INFO tempest.common.waiters [-] volume 10f2ffca-2790-4208-a7b7-9b75d456d56e reached available after waiting for 1.273080 seconds
2025-04-03 15:04:42.338 69821 INFO tempest.lib.common.rest_client [req-69f7f83d-99f3-40c2-b406-2869c68ec1b0 req-69f7f83d-99f3-40c2-b406-2869c68ec1b0 ] Request (ServerRescueTestJSONUnderV235:tearDownClass): 200 GET http://10.180.1.21/compute/v2.1/servers/9848e301-0bc2-43f1-ba0f-afbe47ad0247 0.094s
2025-04-03 15:04:42.418 69817 INFO tempest.lib.common.rest_client [req-f43c0352-175b-494f-b283-ba18abdeac2b req-f43c0352-175b-494f-b283-ba18abdeac2b ] Request (ImagesTestJSON:test_create_server_from_snapshot): 200 GET http://10.180.1.21/compute/v2.1/servers/de29d366-5596-4109-9b46-3628b86684de 0.207s
2025-04-03 15:04:42.533 69851 INFO tempest.lib.common.rest_client [req-2bde1c4d-b3fd-44f8-9a80-ae6620d06636 req-2bde1c4d-b3fd-44f8-9a80-ae6620d06636 ] Request (ServerDiskConfigTestJSON:test_resize_server_from_auto_to_manual): 200 GET http://10.180.1.21/compute/v2.1/servers/29474f4a-15a6-41cb-8df5-8fdb1747f116 0.177s
2025-04-03 15:04:42.670 69847 INFO tempest.lib.common.rest_client [req-8b389f2c-265f-4ea5-8deb-484b9cb83c33 req-8b389f2c-265f-4ea5-8deb-484b9cb83c33 ] Request (ServersV294TestFqdnHostnames:setUpClass): 200 GET http://10.180.1.21/compute/v2.1/servers/516b18ca-fe00-4836-9f5f-c313deab2eb8 0.251s
2025-04-03 15:04:42.735 69823 INFO tempest.lib.common.rest_client [req-58b61377-7fb4-4182-ab40-2b82db039083 req-58b61377-7fb4-4182-ab40-2b82db039083 ] Request (ImagesNegativeTestJSON:test_create_image_from_deleted_server): 200 GET http://10.180.1.21/compute/v2.1/servers/d76e5784-8fdf-4af0-b983-d2f2dfa3d7bc 0.231s
2025-04-03 15:04:42.812 69843 INFO tempest.lib.common.rest_client [req-01b3a302-96f0-49d9-982d-892b247c75c6 req-01b3a302-96f0-49d9-982d-892b247c75c6 ] Request (FloatingIPsAssociationTestJSON:tearDownClass): 200 GET http://10.180.1.21/compute/v2.1/servers/373884a4-1ca4-412b-adb0-0122a6c3a6ac 0.228s
2025-04-03 15:04:42.884 69853 INFO tempest.lib.common.rest_client [req-d682aafd-4102-4699-b96e-c04cd2660a18 req-d682aafd-4102-4699-b96e-c04cd2660a18 ] Request (MigrationsAdminTest:test_resize_server_revert_deleted_flavor): 200 GET http://10.180.1.21/compute/v2.1/servers/170c4c18-014e-4887-a6ce-888f2b28303e 0.228s
2025-04-03 15:04:42.946 69829 INFO tempest.lib.common.rest_client [req-d9538f53-428f-4e52-ae84-32f0852bcbd3 req-d9538f53-428f-4e52-ae84-32f0852bcbd3 ] Request (ServersTestMultiNic:test_verify_multiple_nics_order): 200 GET http://10.180.1.21/compute/v2.1/servers/3692b4ab-0ace-434f-be78-5d9db94453f6 0.276s
2025-04-03 15:04:43.026 69827 INFO tempest.lib.common.rest_client [req-859c5dda-ac9f-496c-8961-5cb5a69641f9 req-859c5dda-ac9f-496c-8961-5cb5a69641f9 ] Request (VolumesAssistedSnapshotsTest:tearDownClass): 200 GET http://10.180.1.21/compute/v2.1/servers/42551aa9-dd5e-4434-9c83-2749d325efe9 0.288s
2025-04-03 15:04:43.100 69837 INFO tempest.lib.common.rest_client [req-18c7ec9d-6daa-4a33-b582-3a71fca3d996 req-18c7ec9d-6daa-4a33-b582-3a71fca3d996 ] Request (ImagesOneServerNegativeTestJSON:_run_cleanups): 200 GET http://10.180.1.21/compute/v2.1/servers/6e121b59-0677-42d8-b694-a0c05bab1118 0.349s
2025-04-03 15:04:43.168 69805 INFO tempest.lib.common.rest_client [req-06d42d94-36ee-46d0-99d4-a85d101886dd req-06d42d94-36ee-46d0-99d4-a85d101886dd ] Request (ServersAdminTestJSON:tearDownClass): 200 GET http://10.180.1.21/compute/v2.1/servers/bf16ff00-3ca8-4e48-96f9-20e7c5641bb7 0.339s
2025-04-03 15:04:43.303 69815 INFO tempest.lib.common.rest_client [req-3eaf5a7a-018c-4904-ac3b-fa46efb02701 req-3eaf5a7a-018c-4904-ac3b-fa46efb02701 ] Request (SecurityGroupsTestJSON:test_server_security_groups): 200 GET http://10.180.1.21/compute/v2.1/servers/2fd81153-eb96-436d-9041-0c21f77944b5 0.377s
2025-04-03 15:04:43.310 69815 INFO tempest.common.waiters [-] State transition "BUILD/None" ==> "BUILD/block_device_mapping" after 51 second wait
2025-04-03 15:04:43.339 69801 INFO tempest.lib.common.rest_client [req-43e8d23b-d1c5-42a6-809b-27bc920141a8 req-43e8d23b-d1c5-42a6-809b-27bc920141a8 ] Request (ListImageFiltersTestJSON:setUpClass): 200 GET http://10.180.1.21/compute/v2.1/images/cd233898-8e9e-4a25-92d5-d3ad2e1acbc1 0.364s
2025-04-03 15:04:43.391 69825 INFO tempest.lib.common.rest_client [req-9a67cfe7-4d5b-4643-bda1-59e407ce0a24 req-9a67cfe7-4d5b-4643-bda1-59e407ce0a24 ] Request (ServersNegativeTestJSON:setUpClass): 200 GET http://10.180.1.21/compute/v2.1/servers/692c8686-ae6f-45d1-b227-c4e1c440bf08 0.353s
2025-04-03 15:04:43.498 69841 INFO tempest.lib.common.rest_client [req-f6048365-3d48-4a0b-9ae4-7ae816a159fe req-f6048365-3d48-4a0b-9ae4-7ae816a159fe ] Request (ServerAddressesNegativeTestJSON:setUpClass): 200 GET http://10.180.1.21/compute/v2.1/servers/f1f7dcf6-6b4e-4bea-8b81-cdbeaca0a66e 0.405s
2025-04-03 15:04:43.545 69807 INFO tempest.lib.common.rest_client [req-d676f7c3-8edf-4ca5-b69d-b5251d0ff879 req-d676f7c3-8edf-4ca5-b69d-b5251d0ff879 ] Request (ServersTestManualDisk:setUpClass): 200 GET http://10.180.1.21/compute/v2.1/servers/b688722e-ebff-4304-9e3e-7aa9f97f5354 0.368s
2025-04-03 15:04:43.591 69855 INFO tempest.lib.common.rest_client [req-20cda8b5-9e91-443e-ace8-369a0cdf43e8 req-20cda8b5-9e91-443e-ace8-369a0cdf43e8 ] Request (ServerActionsTestOtherA:test_rebuild_server_in_stop_state): 200 GET http://10.180.1.21/compute/v2.1/servers/18d13787-300f-4a23-806b-1d3e8101b296 0.340s
2025-04-03 15:04:43.634 69831 INFO tempest.lib.common.rest_client [req-9051d144-12ed-41d0-b4f0-f9e9869b5dc2 req-9051d144-12ed-41d0-b4f0-f9e9869b5dc2 ] Request (ServersWithSpecificFlavorTestJSON:test_verify_created_server_ephemeral_disk): 200 GET http://10.180.1.21/compute/v2.1/servers/43bfc4c0-4c06-40c7-a3f9-273ccb77e994 0.380s
2025-04-03 15:04:43.683 69821 INFO tempest.lib.common.rest_client [req-690d27c8-d916-451f-9628-d4e3a721d927 req-690d27c8-d916-451f-9628-d4e3a721d927 ] Request (ServerRescueTestJSONUnderV235:tearDownClass): 200 GET http://10.180.1.21/compute/v2.1/servers/9848e301-0bc2-43f1-ba0f-afbe47ad0247 0.337s
2025-04-03 15:04:43.767 69817 INFO tempest.lib.common.rest_client [req-1be159bd-77df-42e2-aec2-dbc8dc6769ec req-1be159bd-77df-42e2-aec2-dbc8dc6769ec ] Request (ImagesTestJSON:test_create_server_from_snapshot): 200 GET http://10.180.1.21/compute/v2.1/servers/de29d366-5596-4109-9b46-3628b86684de 0.337s
2025-04-03 15:04:43.857 69851 INFO tempest.lib.common.rest_client [req-0cf0e0af-d3a5-405d-94fe-d9a452af176e req-0cf0e0af-d3a5-405d-94fe-d9a452af176e ] Request (ServerDiskConfigTestJSON:test_resize_server_from_auto_to_manual): 200 GET http://10.180.1.21/compute/v2.1/servers/29474f4a-15a6-41cb-8df5-8fdb1747f116 0.316s
2025-04-03 15:04:43.973 69833 INFO tempest.lib.common.rest_client [req-b8dcbc69-fa7c-468e-a71f-d234ee76d536 req-b8dcbc69-fa7c-468e-a71f-d234ee76d536 ] Request (DeleteServersTestJSON:test_delete_server_while_in_attached_volume): 200 POST http://10.180.1.21/compute/v2.1/servers/4183d319-37e1-4d9d-9b53-e629d6fc84f5/os-volume_attachments 1.700s
2025-04-03 15:04:43.991 69847 INFO tempest.lib.common.rest_client [req-41c79db9-4339-428e-873f-31662ec77744 req-41c79db9-4339-428e-873f-31662ec77744 ] Request (ServersV294TestFqdnHostnames:setUpClass): 200 GET http://10.180.1.21/compute/v2.1/servers/516b18ca-fe00-4836-9f5f-c313deab2eb8 0.308s
2025-04-03 15:04:44.001 69833 INFO tempest.lib.common.rest_client [req-a96723c3-1730-45ea-a7a8-19e72ca87b1c req-a96723c3-1730-45ea-a7a8-19e72ca87b1c ] Request (DeleteServersTestJSON:test_delete_server_while_in_attached_volume): 200 GET http://10.180.1.21/volume/v3/volumes/10f2ffca-2790-4208-a7b7-9b75d456d56e 0.026s
2025-04-03 15:04:44.029 69823 INFO tempest.lib.common.rest_client [req-2773d7d5-e923-4a76-ae7e-969c62b401a8 req-2773d7d5-e923-4a76-ae7e-969c62b401a8 ] Request (ImagesNegativeTestJSON:test_create_image_from_deleted_server): 200 GET http://10.180.1.21/compute/v2.1/servers/d76e5784-8fdf-4af0-b983-d2f2dfa3d7bc 0.287s
2025-04-03 15:04:44.046 69843 INFO tempest.lib.common.rest_client [req-48b09bf9-af17-4330-88e2-4e8754b60ec2 req-48b09bf9-af17-4330-88e2-4e8754b60ec2 ] Request (FloatingIPsAssociationTestJSON:tearDownClass): 200 GET http://10.180.1.21/compute/v2.1/servers/373884a4-1ca4-412b-adb0-0122a6c3a6ac 0.222s
2025-04-03 15:04:44.078 69853 INFO tempest.lib.common.rest_client [req-2a5f5006-2d19-4c1c-886d-98ed85145191 req-2a5f5006-2d19-4c1c-886d-98ed85145191 ] Request (MigrationsAdminTest:test_resize_server_revert_deleted_flavor): 200 GET http://10.180.1.21/compute/v2.1/servers/170c4c18-014e-4887-a6ce-888f2b28303e 0.184s
2025-04-03 15:04:44.094 69829 INFO tempest.lib.common.rest_client [req-6aba2c75-af48-42ec-bddc-9394f7ba0d40 req-6aba2c75-af48-42ec-bddc-9394f7ba0d40 ] Request (ServersTestMultiNic:test_verify_multiple_nics_order): 200 GET http://10.180.1.21/compute/v2.1/servers/3692b4ab-0ace-434f-be78-5d9db94453f6 0.139s
2025-04-03 15:04:44.140 69827 INFO tempest.lib.common.rest_client [req-d95d7106-ff36-4f4e-bb43-2ff30c4a5c29 req-d95d7106-ff36-4f4e-bb43-2ff30c4a5c29 ] Request (VolumesAssistedSnapshotsTest:tearDownClass): 200 GET http://10.180.1.21/compute/v2.1/servers/42551aa9-dd5e-4434-9c83-2749d325efe9 0.105s
2025-04-03 15:04:44.165 69837 INFO tempest.lib.common.rest_client [req-46a49794-26d3-4c46-884e-6af8f54b4428 req-46a49794-26d3-4c46-884e-6af8f54b4428 ] Request (ImagesOneServerNegativeTestJSON:_run_cleanups): 200 GET http://10.180.1.21/compute/v2.1/servers/6e121b59-0677-42d8-b694-a0c05bab1118 0.055s
2025-04-03 15:04:44.239 69805 INFO tempest.lib.common.rest_client [req-b08262fd-8d40-4be8-9812-062b086db53a req-b08262fd-8d40-4be8-9812-062b086db53a ] Request (ServersAdminTestJSON:tearDownClass): 200 GET http://10.180.1.21/compute/v2.1/servers/bf16ff00-3ca8-4e48-96f9-20e7c5641bb7 0.062s
2025-04-03 15:04:44.377 69801 INFO tempest.lib.common.rest_client [req-9d226629-e123-44b8-a8c4-507848bab27c req-9d226629-e123-44b8-a8c4-507848bab27c ] Request (ListImageFiltersTestJSON:setUpClass): 200 GET http://10.180.1.21/compute/v2.1/images/cd233898-8e9e-4a25-92d5-d3ad2e1acbc1 0.033s
2025-04-03 15:04:44.399 69815 INFO tempest.lib.common.rest_client [req-e7e52f1d-62bc-463f-a5b4-abe4cc50348a req-e7e52f1d-62bc-463f-a5b4-abe4cc50348a ] Request (SecurityGroupsTestJSON:test_server_security_groups): 200 GET http://10.180.1.21/compute/v2.1/servers/2fd81153-eb96-436d-9041-0c21f77944b5 0.087s
2025-04-03 15:04:44.406 69815 INFO tempest.common.waiters [-] State transition "BUILD/block_device_mapping" ==> "BUILD/spawning" after 52 second wait
2025-04-03 15:04:44.459 69825 INFO tempest.lib.common.rest_client [req-43b1863e-0399-4f18-9d41-8320095e6642 req-43b1863e-0399-4f18-9d41-8320095e6642 ] Request (ServersNegativeTestJSON:setUpClass): 200 GET http://10.180.1.21/compute/v2.1/servers/692c8686-ae6f-45d1-b227-c4e1c440bf08 0.060s
2025-04-03 15:04:44.620 69807 INFO tempest.lib.common.rest_client [req-021b5056-3522-4333-bddb-9ddfa377d1d3 req-021b5056-3522-4333-bddb-9ddfa377d1d3 ] Request (ServersTestManualDisk:setUpClass): 200 GET http://10.180.1.21/compute/v2.1/servers/b688722e-ebff-4304-9e3e-7aa9f97f5354 0.067s
2025-04-03 15:04:44.631 69841 INFO tempest.lib.common.rest_client [req-25085680-83ea-4460-b419-3231a2518979 req-25085680-83ea-4460-b419-3231a2518979 ] Request (ServerAddressesNegativeTestJSON:setUpClass): 200 GET http://10.180.1.21/compute/v2.1/servers/f1f7dcf6-6b4e-4bea-8b81-cdbeaca0a66e 0.126s
2025-04-03 15:04:44.675 69855 INFO tempest.lib.common.rest_client [req-8079bffe-0143-4380-ae7c-0d1a27fe2f87 req-8079bffe-0143-4380-ae7c-0d1a27fe2f87 ] Request (ServerActionsTestOtherA:test_rebuild_server_in_stop_state): 200 GET http://10.180.1.21/compute/v2.1/servers/18d13787-300f-4a23-806b-1d3e8101b296 0.076s
2025-04-03 15:04:44.706 69831 INFO tempest.lib.common.rest_client [req-1f3cb0e5-8b4f-458f-8b5e-c85a7160ddd1 req-1f3cb0e5-8b4f-458f-8b5e-c85a7160ddd1 ] Request (ServersWithSpecificFlavorTestJSON:test_verify_created_server_ephemeral_disk): 200 GET http://10.180.1.21/compute/v2.1/servers/43bfc4c0-4c06-40c7-a3f9-273ccb77e994 0.064s
2025-04-03 15:04:44.750 69821 INFO tempest.lib.common.rest_client [req-5db65360-4f78-43cd-9ccd-39f453d2db65 req-5db65360-4f78-43cd-9ccd-39f453d2db65 ] Request (ServerRescueTestJSONUnderV235:tearDownClass): 200 GET http://10.180.1.21/compute/v2.1/servers/9848e301-0bc2-43f1-ba0f-afbe47ad0247 0.059s
2025-04-03 15:04:44.907 69817 INFO tempest.lib.common.rest_client [req-911ed57a-8bf7-44ac-9b2d-de97b792d888 req-911ed57a-8bf7-44ac-9b2d-de97b792d888 ] Request (ImagesTestJSON:test_create_server_from_snapshot): 200 GET http://10.180.1.21/compute/v2.1/servers/de29d366-5596-4109-9b46-3628b86684de 0.133s
2025-04-03 15:04:44.999 69851 INFO tempest.lib.common.rest_client [req-1c4485c8-5ca9-4cfc-844e-edf157e183ed req-1c4485c8-5ca9-4cfc-844e-edf157e183ed ] Request (ServerDiskConfigTestJSON:test_resize_server_from_auto_to_manual): 200 GET http://10.180.1.21/compute/v2.1/servers/29474f4a-15a6-41cb-8df5-8fdb1747f116 0.132s
2025-04-03 15:04:45.038 69833 INFO tempest.lib.common.rest_client [req-55af18eb-c31a-45db-9781-12086f90c01c req-55af18eb-c31a-45db-9781-12086f90c01c ] Request (DeleteServersTestJSON:test_delete_server_while_in_attached_volume): 200 GET http://10.180.1.21/volume/v3/volumes/10f2ffca-2790-4208-a7b7-9b75d456d56e 0.029s
2025-04-03 15:04:45.103 69847 INFO tempest.lib.common.rest_client [req-688b48fc-162a-4fda-81e4-98e5284bd64c req-688b48fc-162a-4fda-81e4-98e5284bd64c ] Request (ServersV294TestFqdnHostnames:setUpClass): 200 GET http://10.180.1.21/compute/v2.1/servers/516b18ca-fe00-4836-9f5f-c313deab2eb8 0.102s
2025-04-03 15:04:45.106 69823 INFO tempest.lib.common.rest_client [req-9c8c5450-91da-42c6-b4c7-58a8e0489392 req-9c8c5450-91da-42c6-b4c7-58a8e0489392 ] Request (ImagesNegativeTestJSON:test_create_image_from_deleted_server): 200 GET http://10.180.1.21/compute/v2.1/servers/d76e5784-8fdf-4af0-b983-d2f2dfa3d7bc 0.068s
2025-04-03 15:04:45.160 69853 INFO tempest.lib.common.rest_client [req-d661930e-8fe7-4a25-8b96-d0f2e49d2776 req-d661930e-8fe7-4a25-8b96-d0f2e49d2776 ] Request (MigrationsAdminTest:test_resize_server_revert_deleted_flavor): 200 GET http://10.180.1.21/compute/v2.1/servers/170c4c18-014e-4887-a6ce-888f2b28303e 0.073s
2025-04-03 15:04:45.170 69843 INFO tempest.lib.common.rest_client [req-5396a96f-c2f1-48dc-ac76-f60b80130acc req-5396a96f-c2f1-48dc-ac76-f60b80130acc ] Request (FloatingIPsAssociationTestJSON:tearDownClass): 200 GET http://10.180.1.21/compute/v2.1/servers/373884a4-1ca4-412b-adb0-0122a6c3a6ac 0.117s
2025-04-03 15:04:45.214 69829 INFO tempest.lib.common.rest_client [req-c8c81160-105d-4952-a30d-a09f97e73929 req-c8c81160-105d-4952-a30d-a09f97e73929 ] Request (ServersTestMultiNic:test_verify_multiple_nics_order): 200 GET http://10.180.1.21/compute/v2.1/servers/3692b4ab-0ace-434f-be78-5d9db94453f6 0.109s
2025-04-03 15:04:45.252 69827 INFO tempest.lib.common.rest_client [req-27371ee8-e282-40c8-a16a-1d36f3e4e5ed req-27371ee8-e282-40c8-a16a-1d36f3e4e5ed ] Request (VolumesAssistedSnapshotsTest:tearDownClass): 200 GET http://10.180.1.21/compute/v2.1/servers/42551aa9-dd5e-4434-9c83-2749d325efe9 0.103s
2025-04-03 15:04:45.269 69837 INFO tempest.lib.common.rest_client [req-23fb3707-7384-4425-98a4-e24af73b69ae req-23fb3707-7384-4425-98a4-e24af73b69ae ] Request (ImagesOneServerNegativeTestJSON:_run_cleanups): 200 GET http://10.180.1.21/compute/v2.1/servers/6e121b59-0677-42d8-b694-a0c05bab1118 0.097s
2025-04-03 15:04:45.322 69805 INFO tempest.lib.common.rest_client [req-cdd79cd4-aea7-4bf8-b6de-e75b613442ba req-cdd79cd4-aea7-4bf8-b6de-e75b613442ba ] Request (ServersAdminTestJSON:tearDownClass): 200 GET http://10.180.1.21/compute/v2.1/servers/bf16ff00-3ca8-4e48-96f9-20e7c5641bb7 0.075s
2025-04-03 15:04:45.419 69801 INFO tempest.lib.common.rest_client [req-a31dd5df-6f3b-456b-9764-c26a88b1a258 req-a31dd5df-6f3b-456b-9764-c26a88b1a258 ] Request (ListImageFiltersTestJSON:setUpClass): 200 GET http://10.180.1.21/compute/v2.1/images/cd233898-8e9e-4a25-92d5-d3ad2e1acbc1 0.038s
2025-04-03 15:04:45.528 69815 INFO tempest.lib.common.rest_client [req-63873859-2387-4726-bb17-d64abd45880c req-63873859-2387-4726-bb17-d64abd45880c ] Request (SecurityGroupsTestJSON:test_server_security_groups): 200 GET http://10.180.1.21/compute/v2.1/servers/2fd81153-eb96-436d-9041-0c21f77944b5 0.121s
2025-04-03 15:04:45.590 69825 INFO tempest.lib.common.rest_client [req-d5ac2a46-ae48-4180-bfd1-071f12726093 req-d5ac2a46-ae48-4180-bfd1-071f12726093 ] Request (ServersNegativeTestJSON:setUpClass): 200 GET http://10.180.1.21/compute/v2.1/servers/692c8686-ae6f-45d1-b227-c4e1c440bf08 0.123s
2025-04-03 15:04:45.600 69825 INFO tempest.common.waiters [-] State transition "BUILD/None" ==> "BUILD/networking" after 50 second wait
2025-04-03 15:04:45.704 69807 INFO tempest.lib.common.rest_client [req-35eb07d2-0c49-4ac6-88c1-cf1e8afae025 req-35eb07d2-0c49-4ac6-88c1-cf1e8afae025 ] Request (ServersTestManualDisk:setUpClass): 200 GET http://10.180.1.21/compute/v2.1/servers/b688722e-ebff-4304-9e3e-7aa9f97f5354 0.074s
2025-04-03 15:04:45.783 69855 INFO tempest.lib.common.rest_client [req-2660a080-7349-4a40-85e5-97be72be427e req-2660a080-7349-4a40-85e5-97be72be427e ] Request (ServerActionsTestOtherA:test_rebuild_server_in_stop_state): 200 GET http://10.180.1.21/compute/v2.1/servers/18d13787-300f-4a23-806b-1d3e8101b296 0.097s
2025-04-03 15:04:45.808 69841 INFO tempest.lib.common.rest_client [req-012ffc6d-d221-43d1-8f1c-3351df2fb520 req-012ffc6d-d221-43d1-8f1c-3351df2fb520 ] Request (ServerAddressesNegativeTestJSON:setUpClass): 200 GET http://10.180.1.21/compute/v2.1/servers/f1f7dcf6-6b4e-4bea-8b81-cdbeaca0a66e 0.168s
2025-04-03 15:04:45.867 69831 INFO tempest.lib.common.rest_client [req-e8b34abe-f23a-4af8-9cf1-db26cb88dda6 req-e8b34abe-f23a-4af8-9cf1-db26cb88dda6 ] Request (ServersWithSpecificFlavorTestJSON:test_verify_created_server_ephemeral_disk): 200 GET http://10.180.1.21/compute/v2.1/servers/43bfc4c0-4c06-40c7-a3f9-273ccb77e994 0.153s
2025-04-03 15:04:45.902 69821 INFO tempest.lib.common.rest_client [req-7082cd72-8467-4869-8846-24a49348bd39 req-7082cd72-8467-4869-8846-24a49348bd39 ] Request (ServerRescueTestJSONUnderV235:tearDownClass): 200 GET http://10.180.1.21/compute/v2.1/servers/9848e301-0bc2-43f1-ba0f-afbe47ad0247 0.143s
2025-04-03 15:04:46.083 69833 INFO tempest.lib.common.rest_client [req-dddf594c-93cd-472b-ab66-e198b62932f3 req-dddf594c-93cd-472b-ab66-e198b62932f3 ] Request (DeleteServersTestJSON:test_delete_server_while_in_attached_volume): 200 GET http://10.180.1.21/volume/v3/volumes/10f2ffca-2790-4208-a7b7-9b75d456d56e 0.036s
2025-04-03 15:04:46.113 69817 INFO tempest.lib.common.rest_client [req-4828ff65-432c-47ee-93be-a7ed9d7c28a2 req-4828ff65-432c-47ee-93be-a7ed9d7c28a2 ] Request (ImagesTestJSON:test_create_server_from_snapshot): 200 GET http://10.180.1.21/compute/v2.1/servers/de29d366-5596-4109-9b46-3628b86684de 0.198s
2025-04-03 15:04:46.140 69851 INFO tempest.lib.common.rest_client [req-9b1b423e-1419-44ec-abd0-8451375af2c1 req-9b1b423e-1419-44ec-abd0-8451375af2c1 ] Request (ServerDiskConfigTestJSON:test_resize_server_from_auto_to_manual): 200 GET http://10.180.1.21/compute/v2.1/servers/29474f4a-15a6-41cb-8df5-8fdb1747f116 0.132s
2025-04-03 15:04:46.210 69823 INFO tempest.lib.common.rest_client [req-65e71ab4-beae-4cb1-a37e-50b94cf455fb req-65e71ab4-beae-4cb1-a37e-50b94cf455fb ] Request (ImagesNegativeTestJSON:test_create_image_from_deleted_server): 200 GET http://10.180.1.21/compute/v2.1/servers/d76e5784-8fdf-4af0-b983-d2f2dfa3d7bc 0.095s
2025-04-03 15:04:46.225 69847 INFO tempest.lib.common.rest_client [req-fbf3b7a0-946e-48b8-ae82-2ed7c9a618df req-fbf3b7a0-946e-48b8-ae82-2ed7c9a618df ] Request (ServersV294TestFqdnHostnames:setUpClass): 200 GET http://10.180.1.21/compute/v2.1/servers/516b18ca-fe00-4836-9f5f-c313deab2eb8 0.112s
2025-04-03 15:04:46.260 69853 INFO tempest.lib.common.rest_client [req-c2b1b39c-9e02-49a5-a295-3ee4f2f31820 req-c2b1b39c-9e02-49a5-a295-3ee4f2f31820 ] Request (MigrationsAdminTest:test_resize_server_revert_deleted_flavor): 200 GET http://10.180.1.21/compute/v2.1/servers/170c4c18-014e-4887-a6ce-888f2b28303e 0.092s
2025-04-03 15:04:46.283 69843 INFO tempest.lib.common.rest_client [req-87f93ab1-c34f-4189-bc77-c148d35d2cdd req-87f93ab1-c34f-4189-bc77-c148d35d2cdd ] Request (FloatingIPsAssociationTestJSON:tearDownClass): 200 GET http://10.180.1.21/compute/v2.1/servers/373884a4-1ca4-412b-adb0-0122a6c3a6ac 0.101s
2025-04-03 15:04:46.308 69829 INFO tempest.lib.common.rest_client [req-8d452ff8-2847-47e0-b41d-a3a73ecb52a0 req-8d452ff8-2847-47e0-b41d-a3a73ecb52a0 ] Request (ServersTestMultiNic:test_verify_multiple_nics_order): 200 GET http://10.180.1.21/compute/v2.1/servers/3692b4ab-0ace-434f-be78-5d9db94453f6 0.086s
2025-04-03 15:04:46.338 69827 INFO tempest.lib.common.rest_client [req-dc87493b-0393-4f76-a6b9-2d721d21d4ef req-dc87493b-0393-4f76-a6b9-2d721d21d4ef ] Request (VolumesAssistedSnapshotsTest:tearDownClass): 200 GET http://10.180.1.21/compute/v2.1/servers/42551aa9-dd5e-4434-9c83-2749d325efe9 0.079s
2025-04-03 15:04:46.356 69845 WARNING tempest.lib.common.ssh [-] Failed to establish authenticated ssh connection to cirros@10.180.180.146 ([Errno None] Unable to connect to port 22 on 10.180.180.146). Number attempts: 1. Retry after 2 seconds.: paramiko.ssh_exception.NoValidConnectionsError: [Errno None] Unable to connect to port 22 on 10.180.180.146
2025-04-03 15:04:46.357 69837 INFO tempest.lib.common.rest_client [req-55af0aa7-662c-4685-982e-d619799c0d43 req-55af0aa7-662c-4685-982e-d619799c0d43 ] Request (ImagesOneServerNegativeTestJSON:_run_cleanups): 200 GET http://10.180.1.21/compute/v2.1/servers/6e121b59-0677-42d8-b694-a0c05bab1118 0.079s
2025-04-03 15:04:46.396 69805 INFO tempest.lib.common.rest_client [req-170c3abe-8bb5-4f2e-9d99-a08c62215fe1 req-170c3abe-8bb5-4f2e-9d99-a08c62215fe1 ] Request (ServersAdminTestJSON:tearDownClass): 200 GET http://10.180.1.21/compute/v2.1/servers/bf16ff00-3ca8-4e48-96f9-20e7c5641bb7 0.066s
2025-04-03 15:04:46.454 69801 INFO tempest.lib.common.rest_client [req-190ccaeb-6e16-4095-b1c1-0ca554faa68f req-190ccaeb-6e16-4095-b1c1-0ca554faa68f ] Request (ListImageFiltersTestJSON:setUpClass): 200 GET http://10.180.1.21/compute/v2.1/images/cd233898-8e9e-4a25-92d5-d3ad2e1acbc1 0.030s
2025-04-03 15:04:46.609 69859 WARNING tempest.lib.common.ssh [-] Failed to establish authenticated ssh connection to cirros@10.180.180.131 ([Errno None] Unable to connect to port 22 on 10.180.180.131). Number attempts: 14. Retry after 15 seconds.: paramiko.ssh_exception.NoValidConnectionsError: [Errno None] Unable to connect to port 22 on 10.180.180.131
2025-04-03 15:04:46.645 69815 INFO tempest.lib.common.rest_client [req-dc375655-705d-45b8-b9bc-f37aae62ad25 req-dc375655-705d-45b8-b9bc-f37aae62ad25 ] Request (SecurityGroupsTestJSON:test_server_security_groups): 200 GET http://10.180.1.21/compute/v2.1/servers/2fd81153-eb96-436d-9041-0c21f77944b5 0.109s
2025-04-03 15:04:46.689 69825 INFO tempest.lib.common.rest_client [req-8b4d1213-6788-4de9-a738-6a59790210bd req-8b4d1213-6788-4de9-a738-6a59790210bd ] Request (ServersNegativeTestJSON:setUpClass): 200 GET http://10.180.1.21/compute/v2.1/servers/692c8686-ae6f-45d1-b227-c4e1c440bf08 0.088s
2025-04-03 15:04:46.696 69825 INFO tempest.common.waiters [-] State transition "BUILD/networking" ==> "BUILD/spawning" after 51 second wait
2025-04-03 15:04:46.766 69807 INFO tempest.lib.common.rest_client [req-17113f71-50b9-46b5-8eff-75e2f9dc1f9d req-17113f71-50b9-46b5-8eff-75e2f9dc1f9d ] Request (ServersTestManualDisk:setUpClass): 200 GET http://10.180.1.21/compute/v2.1/servers/b688722e-ebff-4304-9e3e-7aa9f97f5354 0.053s
2025-04-03 15:04:46.859 69855 INFO tempest.lib.common.rest_client [req-b9359af5-793c-48d9-a3ab-42eeb5780052 req-b9359af5-793c-48d9-a3ab-42eeb5780052 ] Request (ServerActionsTestOtherA:test_rebuild_server_in_stop_state): 200 GET http://10.180.1.21/compute/v2.1/servers/18d13787-300f-4a23-806b-1d3e8101b296 0.067s
2025-04-03 15:04:46.924 69841 INFO tempest.lib.common.rest_client [req-cbabb694-ce1a-42fe-8264-55831496832c req-cbabb694-ce1a-42fe-8264-55831496832c ] Request (ServerAddressesNegativeTestJSON:setUpClass): 200 GET http://10.180.1.21/compute/v2.1/servers/f1f7dcf6-6b4e-4bea-8b81-cdbeaca0a66e 0.108s
2025-04-03 15:04:46.952 69831 INFO tempest.lib.common.rest_client [req-760436e7-7e61-4806-a1cf-4a86be74e11b req-760436e7-7e61-4806-a1cf-4a86be74e11b ] Request (ServersWithSpecificFlavorTestJSON:test_verify_created_server_ephemeral_disk): 200 GET http://10.180.1.21/compute/v2.1/servers/43bfc4c0-4c06-40c7-a3f9-273ccb77e994 0.075s
2025-04-03 15:04:46.988 69821 INFO tempest.lib.common.rest_client [req-36bfca60-41ae-4b4f-98ec-dd6837dc2f48 req-36bfca60-41ae-4b4f-98ec-dd6837dc2f48 ] Request (ServerRescueTestJSONUnderV235:tearDownClass): 200 GET http://10.180.1.21/compute/v2.1/servers/9848e301-0bc2-43f1-ba0f-afbe47ad0247 0.075s
2025-04-03 15:04:47.134 69833 INFO tempest.lib.common.rest_client [req-e889b7e9-a204-4138-bd83-7b1544d50579 req-e889b7e9-a204-4138-bd83-7b1544d50579 ] Request (DeleteServersTestJSON:test_delete_server_while_in_attached_volume): 200 GET http://10.180.1.21/volume/v3/volumes/10f2ffca-2790-4208-a7b7-9b75d456d56e 0.042s
2025-04-03 15:04:47.281 69817 INFO tempest.lib.common.rest_client [req-b30419c0-af84-432c-82ed-2496acabc464 req-b30419c0-af84-432c-82ed-2496acabc464 ] Request (ImagesTestJSON:test_create_server_from_snapshot): 200 GET http://10.180.1.21/compute/v2.1/servers/de29d366-5596-4109-9b46-3628b86684de 0.158s
2025-04-03 15:04:47.289 69817 INFO tempest.common.waiters [-] State transition "BUILD/spawning" ==> "ACTIVE/None" after 73 second wait
2025-04-03 15:04:47.337 69851 INFO tempest.lib.common.rest_client [req-c053ecfe-d91a-491e-a1d4-5fb8b16dd382 req-c053ecfe-d91a-491e-a1d4-5fb8b16dd382 ] Request (ServerDiskConfigTestJSON:test_resize_server_from_auto_to_manual): 200 GET http://10.180.1.21/compute/v2.1/servers/29474f4a-15a6-41cb-8df5-8fdb1747f116 0.184s
2025-04-03 15:04:47.372 69823 INFO tempest.lib.common.rest_client [req-49a40db0-00a7-4283-8f0e-f2bfc6ed6416 req-49a40db0-00a7-4283-8f0e-f2bfc6ed6416 ] Request (ImagesNegativeTestJSON:test_create_image_from_deleted_server): 200 GET http://10.180.1.21/compute/v2.1/servers/d76e5784-8fdf-4af0-b983-d2f2dfa3d7bc 0.153s
2025-04-03 15:04:47.427 69853 INFO tempest.lib.common.rest_client [req-c0a1af33-87a0-428d-8f51-432d0748cdbf req-c0a1af33-87a0-428d-8f51-432d0748cdbf ] Request (MigrationsAdminTest:test_resize_server_revert_deleted_flavor): 200 GET http://10.180.1.21/compute/v2.1/servers/170c4c18-014e-4887-a6ce-888f2b28303e 0.160s
2025-04-03 15:04:47.436 69853 INFO tempest.common.waiters [-] State transition "BUILD/None" ==> "BUILD/networking" after 42 second wait
2025-04-03 15:04:47.544 69847 INFO tempest.lib.common.rest_client [req-595d0e6c-d38a-426b-ab4a-62a230ffcb45 req-595d0e6c-d38a-426b-ab4a-62a230ffcb45 ] Request (ServersV294TestFqdnHostnames:setUpClass): 200 GET http://10.180.1.21/compute/v2.1/servers/516b18ca-fe00-4836-9f5f-c313deab2eb8 0.308s
2025-04-03 15:04:47.621 69843 INFO tempest.lib.common.rest_client [req-5a6d38ba-497b-4ff4-998c-e84606367006 req-5a6d38ba-497b-4ff4-998c-e84606367006 ] Request (FloatingIPsAssociationTestJSON:tearDownClass): 200 GET http://10.180.1.21/compute/v2.1/servers/373884a4-1ca4-412b-adb0-0122a6c3a6ac 0.330s
2025-04-03 15:04:47.673 69829 INFO tempest.lib.common.rest_client [req-33c9052c-0cf7-47c7-924a-7bd63b61369e req-33c9052c-0cf7-47c7-924a-7bd63b61369e ] Request (ServersTestMultiNic:test_verify_multiple_nics_order): 200 GET http://10.180.1.21/compute/v2.1/servers/3692b4ab-0ace-434f-be78-5d9db94453f6 0.356s
2025-04-03 15:04:47.740 69827 INFO tempest.lib.common.rest_client [req-4c0bb46f-7600-4af6-a06f-df346556b2d8 req-4c0bb46f-7600-4af6-a06f-df346556b2d8 ] Request (VolumesAssistedSnapshotsTest:tearDownClass): 200 GET http://10.180.1.21/compute/v2.1/servers/42551aa9-dd5e-4434-9c83-2749d325efe9 0.394s
2025-04-03 15:04:47.805 69837 INFO tempest.lib.common.rest_client [req-e99674f9-d37d-4f4d-8443-e582ee9899f8 req-e99674f9-d37d-4f4d-8443-e582ee9899f8 ] Request (ImagesOneServerNegativeTestJSON:_run_cleanups): 200 GET http://10.180.1.21/compute/v2.1/servers/6e121b59-0677-42d8-b694-a0c05bab1118 0.441s
2025-04-03 15:04:47.865 69805 INFO tempest.lib.common.rest_client [req-9bceac40-888c-4940-b387-b4813ec713b8 req-9bceac40-888c-4940-b387-b4813ec713b8 ] Request (ServersAdminTestJSON:tearDownClass): 200 GET http://10.180.1.21/compute/v2.1/servers/bf16ff00-3ca8-4e48-96f9-20e7c5641bb7 0.460s
2025-04-03 15:04:47.867 69817 INFO tempest.lib.common.rest_client [req-016a266d-5ace-4fbe-a987-16ba043718e7 req-016a266d-5ace-4fbe-a987-16ba043718e7 ] Request (ImagesTestJSON:test_create_server_from_snapshot): 202 POST http://10.180.1.21/compute/v2.1/servers/de29d366-5596-4109-9b46-3628b86684de/action 0.578s
2025-04-03 15:04:47.897 69801 INFO tempest.lib.common.rest_client [req-ada7f760-4b58-4fe6-b24a-5356943fd81a req-ada7f760-4b58-4fe6-b24a-5356943fd81a ] Request (ListImageFiltersTestJSON:setUpClass): 200 GET http://10.180.1.21/compute/v2.1/images/cd233898-8e9e-4a25-92d5-d3ad2e1acbc1 0.437s
2025-04-03 15:04:47.975 69815 INFO tempest.lib.common.rest_client [req-98b08dc4-bce2-41cb-9533-d86a04e01ed6 req-98b08dc4-bce2-41cb-9533-d86a04e01ed6 ] Request (SecurityGroupsTestJSON:test_server_security_groups): 200 GET http://10.180.1.21/compute/v2.1/servers/2fd81153-eb96-436d-9041-0c21f77944b5 0.322s
2025-04-03 15:04:48.013 69825 INFO tempest.lib.common.rest_client [req-051589c6-efa7-4055-a782-992635a1d1ee req-051589c6-efa7-4055-a782-992635a1d1ee ] Request (ServersNegativeTestJSON:setUpClass): 200 GET http://10.180.1.21/compute/v2.1/servers/692c8686-ae6f-45d1-b227-c4e1c440bf08 0.317s
2025-04-03 15:04:48.035 69807 INFO tempest.lib.common.rest_client [req-46e39914-a796-412d-9a6f-05a0687acd72 req-46e39914-a796-412d-9a6f-05a0687acd72 ] Request (ServersTestManualDisk:setUpClass): 200 GET http://10.180.1.21/compute/v2.1/servers/b688722e-ebff-4304-9e3e-7aa9f97f5354 0.262s
2025-04-03 15:04:48.067 69817 INFO tempest.lib.common.rest_client [req-0a2d959b-d679-4158-84fe-47999efc58e1 req-0a2d959b-d679-4158-84fe-47999efc58e1 ] Request (ImagesTestJSON:test_create_server_from_snapshot): 200 GET http://10.180.1.21/compute/v2.1/images/2bce8bb7-a44c-4cc4-8b1e-287fab02ce95 0.197s
2025-04-03 15:04:48.069 69855 INFO tempest.lib.common.rest_client [req-517021b3-953c-4f8a-8884-96f87e5b569a req-517021b3-953c-4f8a-8884-96f87e5b569a ] Request (ServerActionsTestOtherA:test_rebuild_server_in_stop_state): 200 GET http://10.180.1.21/compute/v2.1/servers/18d13787-300f-4a23-806b-1d3e8101b296 0.202s
2025-04-03 15:04:48.138 69831 INFO tempest.lib.common.rest_client [req-3c08411d-5469-484b-9a93-5c750c754315 req-3c08411d-5469-484b-9a93-5c750c754315 ] Request (ServersWithSpecificFlavorTestJSON:test_verify_created_server_ephemeral_disk): 200 GET http://10.180.1.21/compute/v2.1/servers/43bfc4c0-4c06-40c7-a3f9-273ccb77e994 0.178s
2025-04-03 15:04:48.202 69833 INFO tempest.lib.common.rest_client [req-88270269-0e95-46cf-abf9-8ca036c4fcaf req-88270269-0e95-46cf-abf9-8ca036c4fcaf ] Request (DeleteServersTestJSON:test_delete_server_while_in_attached_volume): 200 GET http://10.180.1.21/volume/v3/volumes/10f2ffca-2790-4208-a7b7-9b75d456d56e 0.055s
2025-04-03 15:04:48.203 69821 INFO tempest.lib.common.rest_client [req-b71f27e7-ac66-496c-a240-414d766f4ffa req-b71f27e7-ac66-496c-a240-414d766f4ffa ] Request (ServerRescueTestJSONUnderV235:tearDownClass): 200 GET http://10.180.1.21/compute/v2.1/servers/9848e301-0bc2-43f1-ba0f-afbe47ad0247 0.207s
2025-04-03 15:04:48.247 69841 INFO tempest.lib.common.rest_client [req-93de4bcf-438e-488f-8de6-a899b0d62be1 req-93de4bcf-438e-488f-8de6-a899b0d62be1 ] Request (ServerAddressesNegativeTestJSON:setUpClass): 200 GET http://10.180.1.21/compute/v2.1/servers/f1f7dcf6-6b4e-4bea-8b81-cdbeaca0a66e 0.310s
2025-04-03 15:04:48.462 69823 INFO tempest.lib.common.rest_client [req-a0c32686-eecc-4c5c-a115-16fd16bbd5e8 req-a0c32686-eecc-4c5c-a115-16fd16bbd5e8 ] Request (ImagesNegativeTestJSON:test_create_image_from_deleted_server): 200 GET http://10.180.1.21/compute/v2.1/servers/d76e5784-8fdf-4af0-b983-d2f2dfa3d7bc 0.081s
2025-04-03 15:04:48.497 69851 INFO tempest.lib.common.rest_client [req-444a4264-b668-4360-a4da-411e6dac0b9a req-444a4264-b668-4360-a4da-411e6dac0b9a ] Request (ServerDiskConfigTestJSON:test_resize_server_from_auto_to_manual): 200 GET http://10.180.1.21/compute/v2.1/servers/29474f4a-15a6-41cb-8df5-8fdb1747f116 0.146s
2025-04-03 15:04:48.577 69853 INFO tempest.lib.common.rest_client [req-0f95635c-a097-4305-b466-75b6c1a139a0 req-0f95635c-a097-4305-b466-75b6c1a139a0 ] Request (MigrationsAdminTest:test_resize_server_revert_deleted_flavor): 200 GET http://10.180.1.21/compute/v2.1/servers/170c4c18-014e-4887-a6ce-888f2b28303e 0.140s
2025-04-03 15:04:48.585 69853 INFO tempest.common.waiters [-] State transition "BUILD/networking" ==> "BUILD/block_device_mapping" after 43 second wait
2025-04-03 15:04:48.662 69847 INFO tempest.lib.common.rest_client [req-d894be89-01b4-4ba6-8a71-1b766e8fb193 req-d894be89-01b4-4ba6-8a71-1b766e8fb193 ] Request (ServersV294TestFqdnHostnames:setUpClass): 200 GET http://10.180.1.21/compute/v2.1/servers/516b18ca-fe00-4836-9f5f-c313deab2eb8 0.107s
2025-04-03 15:04:48.696 69843 INFO tempest.lib.common.rest_client [req-51b76c38-29e1-4803-a923-e2050eedce2b req-51b76c38-29e1-4803-a923-e2050eedce2b ] Request (FloatingIPsAssociationTestJSON:tearDownClass): 200 GET http://10.180.1.21/compute/v2.1/servers/373884a4-1ca4-412b-adb0-0122a6c3a6ac 0.067s
2025-04-03 15:04:48.737 69829 INFO tempest.lib.common.rest_client [req-d521a3b5-acdc-40bf-9752-8ecd646bc254 req-d521a3b5-acdc-40bf-9752-8ecd646bc254 ] Request (ServersTestMultiNic:test_verify_multiple_nics_order): 200 GET http://10.180.1.21/compute/v2.1/servers/3692b4ab-0ace-434f-be78-5d9db94453f6 0.057s
2025-04-03 15:04:48.839 69827 INFO tempest.lib.common.rest_client [req-42ad15b7-f6dc-48af-8eeb-47806681058d req-42ad15b7-f6dc-48af-8eeb-47806681058d ] Request (VolumesAssistedSnapshotsTest:tearDownClass): 200 GET http://10.180.1.21/compute/v2.1/servers/42551aa9-dd5e-4434-9c83-2749d325efe9 0.090s
2025-04-03 15:04:48.878 69837 INFO tempest.lib.common.rest_client [req-28ec1401-91a6-4aa1-9a5b-19f139b19447 req-28ec1401-91a6-4aa1-9a5b-19f139b19447 ] Request (ImagesOneServerNegativeTestJSON:_run_cleanups): 200 GET http://10.180.1.21/compute/v2.1/servers/6e121b59-0677-42d8-b694-a0c05bab1118 0.064s
2025-04-03 15:04:48.936 69801 INFO tempest.lib.common.rest_client [req-a7c14796-7dac-4efa-af49-0ceb741066d9 req-a7c14796-7dac-4efa-af49-0ceb741066d9 ] Request (ListImageFiltersTestJSON:setUpClass): 200 GET http://10.180.1.21/compute/v2.1/images/cd233898-8e9e-4a25-92d5-d3ad2e1acbc1 0.034s
2025-04-03 15:04:48.939 69805 INFO tempest.lib.common.rest_client [req-b218652a-84b6-4d42-ac52-e53a5690f926 req-b218652a-84b6-4d42-ac52-e53a5690f926 ] Request (ServersAdminTestJSON:tearDownClass): 200 GET http://10.180.1.21/compute/v2.1/servers/bf16ff00-3ca8-4e48-96f9-20e7c5641bb7 0.065s
