2025-04-03 15:02:56.922 69805 INFO tempest.common.waiters [-] State transition "BUILD/None" ==> "BUILD/networking" after 31 second wait
2025-04-03 15:02:56.982 69831 WARNING tempest.lib.common.ssh [-] Failed to establish authenticated ssh connection to cirros@10.180.180.162 ([Errno None] Unable to connect to port 22 on 10.180.180.162). Number attempts: 1. Retry after 2 seconds.: paramiko.ssh_exception.NoValidConnectionsError: [Errno None] Unable to connect to port 22 on 10.180.180.162
2025-04-03 15:02:57.029 69855 INFO tempest.lib.common.rest_client [req-03adf1bc-5170-443c-b8bf-adb19c680a47 req-03adf1bc-5170-443c-b8bf-adb19c680a47 ] Request (ServerActionsTestOtherA:setUpClass): 200 PUT http://10.180.1.21:9696/networking/v2.0/floatingips/55b5f159-7e1d-4dce-b93f-eca5d91deefd 0.915s
2025-04-03 15:02:57.031 69855 INFO tempest.lib.common.ssh [-] Creating ssh connection to '10.180.180.163:22' as 'cirros' with public key authentication
2025-04-03 15:02:57.054 69823 INFO tempest.lib.common.rest_client [req-256ab944-62bd-40ed-8898-3db0e0dda7f8 req-256ab944-62bd-40ed-8898-3db0e0dda7f8 ] Request (ServersAdmin275Test:tearDownClass): 200 GET http://10.180.1.21/compute/v2.1/servers/033d81f0-8d19-4caf-a260-3ad2ebf8ad6e 1.189s
2025-04-03 15:02:57.141 69841 INFO tempest.lib.common.rest_client [req-0cdce4ae-e11a-4405-9de1-b15bfcde0f29 req-0cdce4ae-e11a-4405-9de1-b15bfcde0f29 ] Request (ImagesOneServerTestJSON:tearDownClass): 200 GET http://10.180.1.21/compute/v2.1/servers/995a6972-c2c5-4559-bec6-b5de4ed09a61 1.123s
2025-04-03 15:02:57.150 69841 INFO tempest.common.waiters [-] State transition "ACTIVE/deleting" ==> "DELETED/None" after 5 second wait
2025-04-03 15:02:57.164 69803 INFO tempest.lib.common.rest_client [req-b5b3cd5a-5be1-49af-9694-3d9cf8a2c6ab req-b5b3cd5a-5be1-49af-9694-3d9cf8a2c6ab ] Request (KeyPairsV22TestJSON:_run_cleanups): 204 DELETE http://10.180.1.21/compute/v2.1/os-keypairs/tempest-keypair-495079999 0.984s
2025-04-03 15:02:57.211 69801 INFO tempest.lib.common.rest_client [req-077670e3-f644-4534-976b-2201dc9aab5f req-077670e3-f644-4534-976b-2201dc9aab5f ] Request (ListImageFiltersTestJSON:setUpClass): 204 PUT http://10.180.1.21/image/v2/images/956794a5-134e-47bf-ac15-5169674fdcaf/file 0.908s
2025-04-03 15:02:57.243 69821 INFO tempest.lib.common.rest_client [req-03b93f7a-86a3-4bb7-8484-f0b9edbb8cc1 req-03b93f7a-86a3-4bb7-8484-f0b9edbb8cc1 ] Request (InstanceActionsV221TestJSON:test_get_list_deleted_instance_actions): 200 GET http://10.180.1.21/compute/v2.1/servers/48b3e04b-ca2e-4718-8a6a-37a21170630d 1.026s
2025-04-03 15:02:57.297 69861 INFO tempest.lib.common.rest_client [req-29ecf04a-bdb5-4382-b991-39b65e94d6d3 req-29ecf04a-bdb5-4382-b991-39b65e94d6d3 ] Request (ServersTestBootFromVolume:setUpClass): 200 GET http://10.180.1.21/volume/v3/volumes/f5286ab6-65ca-4571-ad24-bb160c3cfaad 0.043s
2025-04-03 15:02:57.306 69815 INFO tempest.lib.common.rest_client [req-7f32c494-f75c-4793-bb03-7235f529b4b2 req-7f32c494-f75c-4793-bb03-7235f529b4b2 ] Request (SecurityGroupsTestJSON:test_list_security_groups_by_server): 200 GET http://10.180.1.21/compute/v2.1/servers/5e338780-2cf4-436c-ae29-6225d56648fa 1.087s
2025-04-03 15:02:57.382 69845 INFO tempest.lib.common.rest_client [req-0f9fcdf5-7ece-4e4b-acdf-d6401a06c34f req-0f9fcdf5-7ece-4e4b-acdf-d6401a06c34f ] Request (AttachInterfacesV270Test:tearDownClass): 200 GET http://10.180.1.21/compute/v2.1/servers/6ebbfc05-34bf-4439-8feb-bb5410c145fd 1.110s
2025-04-03 15:02:57.451 69817 INFO tempest.lib.common.rest_client [req-d3e248a7-41e4-4e54-839d-d66aa4d1af42 req-d3e248a7-41e4-4e54-839d-d66aa4d1af42 ] Request (ImagesTestJSON:test_create_image_from_suspended_server): 200 GET http://10.180.1.21/compute/v2.1/servers/c299fcb9-93a7-418b-afc3-fd10ba330c44 1.142s
2025-04-03 15:02:57.527 69819 INFO tempest.lib.common.rest_client [req-6ab68426-5a61-41aa-9bcb-98d082dd59eb req-6ab68426-5a61-41aa-9bcb-98d082dd59eb ] Request (InstanceActionsNegativeTestJSON:tearDownClass): 200 GET http://10.180.1.21/compute/v2.1/servers/88a26444-e368-4ea8-8396-9ba0a921a52a 1.189s
2025-04-03 15:02:57.587 69833 INFO tempest.lib.common.rest_client [req-b3d634cc-1fe7-4672-963d-facd6883d20f req-b3d634cc-1fe7-4672-963d-facd6883d20f ] Request (DeleteServersTestJSON:test_delete_active_server): 200 GET http://10.180.1.21/compute/v2.1/servers/1673f26d-bec6-43c3-9dcc-162655774fac 1.185s
2025-04-03 15:02:57.662 69799 INFO tempest.lib.common.rest_client [req-820fe25a-1519-468a-bca2-62ec8022ee07 req-820fe25a-1519-468a-bca2-62ec8022ee07 ] Request (ServersListShow298Test:test_list_show_update_rebuild_server_298): 200 GET http://10.180.1.21/compute/v2.1/servers/83c98adf-e50f-4908-b1fe-c42c7a2568cf 1.105s
2025-04-03 15:02:57.802 69839 INFO tempest.lib.common.rest_client [req-6aa19a3f-4176-4332-98dc-a4a67b647a65 req-6aa19a3f-4176-4332-98dc-a4a67b647a65 ] Request (VolumesAdminNegativeTest:test_update_attached_volume_with_nonexistent_volume_in_body): 200 GET http://10.180.1.21/compute/v2.1/servers/5777318f-3425-4ad6-913a-4c98ab68d4e1 1.131s
2025-04-03 15:02:57.855 69809 INFO tempest.lib.common.rest_client [req-0658158e-4dcf-407b-9e0f-b202fd341a0d req-0658158e-4dcf-407b-9e0f-b202fd341a0d ] Request (VolumesGetTestJSON:test_volume_create_get_delete): 200 GET http://10.180.1.21/compute/v2.1/os-volumes/fd1e23d0-6204-43b0-8499-53062497ae85 1.076s
2025-04-03 15:02:57.858 69809 INFO tempest.common.waiters [-] volume fd1e23d0-6204-43b0-8499-53062497ae85 reached available after waiting for 0.858562 seconds
2025-04-03 15:02:57.880 69813 INFO tempest.lib.common.rest_client [req-26214d79-1703-4a20-b586-252a09d55f55 req-26214d79-1703-4a20-b586-252a09d55f55 ] Request (SecurityGroupRulesTestJSON:tearDownClass): 200 PUT http://10.180.1.21:9696/networking/v2.0/routers/2b991956-ee6c-4c92-8c86-1c2748eb3738/remove_router_interface 2.424s
2025-04-03 15:02:57.927 69843 INFO tempest.lib.common.rest_client [req-2c531f8b-c3d5-4e90-b86c-f9ab8fe32f66 req-2c531f8b-c3d5-4e90-b86c-f9ab8fe32f66 ] Request (FloatingIPsAssociationTestJSON:test_associate_already_associated_floating_ip): 200 GET http://10.180.1.21/compute/v2.1/servers/a4700b2f-00f1-49aa-af3d-8045c6f6a797 1.069s
2025-04-03 15:02:57.991 69835 INFO tempest.lib.common.rest_client [req-089ed46c-6aab-4d23-9717-364ef25b1e39 req-089ed46c-6aab-4d23-9717-364ef25b1e39 ] Request (ServerMetadataNegativeTestJSON:setUpClass): 200 GET http://10.180.1.21/compute/v2.1/servers/a0978186-2fc8-4763-ae5a-b70e5a8e8b28 1.108s
2025-04-03 15:02:58.033 69849 INFO tempest.lib.common.rest_client [req-d07db128-d874-42af-ad98-4e76c989f353 req-d07db128-d874-42af-ad98-4e76c989f353 ] Request (ServersNegativeTestMultiTenantJSON:setUpClass): 202 POST http://10.180.1.21/compute/v2.1/servers 2.203s
2025-04-03 15:02:58.069 69803 INFO tempest.lib.common.rest_client [req-ff1d7e4f-1fb5-4f5c-afce-ade46ea88002 req-ff1d7e4f-1fb5-4f5c-afce-ade46ea88002 ] Request (KeyPairsV22TestJSON:test_keypair_create_delete): 201 POST http://10.180.1.21/compute/v2.1/os-keypairs 0.903s
2025-04-03 15:02:58.076 69847 INFO tempest.lib.common.rest_client [req-efa64b7a-34c5-4966-bb92-0e945a4939b9 req-efa64b7a-34c5-4966-bb92-0e945a4939b9 ] Request (FloatingIPsAssociationNegativeTestJSON:tearDownClass): 200 GET http://10.180.1.21/compute/v2.1/servers/06429df3-0f61-491e-8263-87b0dcc74bab 1.113s
2025-04-03 15:02:58.124 69801 INFO tempest.lib.common.rest_client [req-6e5647a4-de77-4cce-a115-98efe547fbd6 req-6e5647a4-de77-4cce-a115-98efe547fbd6 ] Request (ListImageFiltersTestJSON:setUpClass): 200 GET http://10.180.1.21/compute/v2.1/images/956794a5-134e-47bf-ac15-5169674fdcaf 0.912s
2025-04-03 15:02:58.163 69837 INFO tempest.lib.common.rest_client [req-75301188-893c-4606-95b8-f2943b8beb7c req-75301188-893c-4606-95b8-f2943b8beb7c ] Request (ImagesOneServerNegativeTestJSON:setUpClass): 200 GET http://10.180.1.21/compute/v2.1/servers/31d05edc-ce5c-494d-b7aa-54d937656ca9 0.985s
2025-04-03 15:02:58.195 69807 INFO tempest.lib.common.rest_client [req-8d8d9d0a-cca4-4282-9847-7f2614c788eb req-8d8d9d0a-cca4-4282-9847-7f2614c788eb ] Request (DeleteServersAdminTestJSON:test_delete_server_while_in_error_state): 200 GET http://10.180.1.21/compute/v2.1/servers/3627b7e2-a873-46df-a5bf-84114546d285 0.908s
2025-04-03 15:02:58.235 69829 INFO tempest.lib.common.rest_client [req-294050c3-f9f2-47ca-9d39-4373481a3706 req-294050c3-f9f2-47ca-9d39-4373481a3706 ] Request (ServersTestMultiNic:test_verify_duplicate_network_nics): 200 GET http://10.180.1.21/compute/v2.1/servers/ed30ff05-dd61-418f-848a-45ff94fac298 0.879s
2025-04-03 15:02:58.333 69853 INFO tempest.lib.common.rest_client [req-904a77a2-072b-4615-a384-eb14dcb3f141 req-904a77a2-072b-4615-a384-eb14dcb3f141 ] Request (MigrationsAdminTest:test_list_migrations_in_flavor_resize_situation): 200 GET http://10.180.1.21/compute/v2.1/servers/a09a75d5-e39c-40c6-9f3e-343928a2c96e 0.871s
2025-04-03 15:02:58.351 69861 INFO tempest.lib.common.rest_client [req-707e01ed-65f2-499a-8a4d-fd4c5793eb37 req-707e01ed-65f2-499a-8a4d-fd4c5793eb37 ] Request (ServersTestBootFromVolume:setUpClass): 200 GET http://10.180.1.21/volume/v3/volumes/f5286ab6-65ca-4571-ad24-bb160c3cfaad 0.037s
2025-04-03 15:02:58.368 69809 INFO tempest.lib.common.rest_client [req-f2d83ce0-a2ad-4954-83f5-39c6628393a8 req-f2d83ce0-a2ad-4954-83f5-39c6628393a8 ] Request (VolumesGetTestJSON:test_volume_create_get_delete): 200 GET http://10.180.1.21/compute/v2.1/os-volumes/fd1e23d0-6204-43b0-8499-53062497ae85 0.509s
2025-04-03 15:02:58.644 69851 INFO tempest.lib.common.rest_client [req-992805bc-c3b3-465a-ba74-e1f540a6f3a6 req-992805bc-c3b3-465a-ba74-e1f540a6f3a6 ] Request (ServerDiskConfigTestJSON:test_rebuild_server_with_manual_disk_config): 200 GET http://10.180.1.21/compute/v2.1/servers/ba59923e-442a-4444-b439-8083fddea082 0.858s
2025-04-03 15:02:58.669 69813 INFO tempest.lib.common.rest_client [req-5116a8ac-12a8-44c5-b8d2-faf01b542baa req-5116a8ac-12a8-44c5-b8d2-faf01b542baa ] Request (SecurityGroupRulesTestJSON:tearDownClass): 204 DELETE http://10.180.1.21:9696/networking/v2.0/routers/2b991956-ee6c-4c92-8c86-1c2748eb3738 0.788s
2025-04-03 15:02:58.713 69849 INFO tempest.lib.common.rest_client [req-3bb66bbe-e1f3-427c-9408-898a0c0e7268 req-3bb66bbe-e1f3-427c-9408-898a0c0e7268 ] Request (ServersNegativeTestMultiTenantJSON:setUpClass): 200 GET http://10.180.1.21/compute/v2.1/servers/1e853890-eff8-4c59-95f0-b1a81133b6f9 0.678s
2025-04-03 15:02:58.752 69803 INFO tempest.lib.common.rest_client [req-2dcac1e5-69b8-4c4a-864e-dd8e66319220 req-2dcac1e5-69b8-4c4a-864e-dd8e66319220 ] Request (KeyPairsV22TestJSON:_run_cleanups): 204 DELETE http://10.180.1.21/compute/v2.1/os-keypairs/tempest-keypair-6362242 0.681s
2025-04-03 15:02:58.756 69805 INFO tempest.lib.common.rest_client [req-4756f4a6-495e-459f-8a27-06561515c28b req-4756f4a6-495e-459f-8a27-06561515c28b ] Request (ServersAdminTestJSON:test_create_server_with_scheduling_hint): 200 GET http://10.180.1.21/compute/v2.1/servers/a91fc8d7-bb23-4b3a-a8d6-60de66ec3d94 0.833s
2025-04-03 15:02:58.764 69805 INFO tempest.common.waiters [-] State transition "BUILD/networking" ==> "BUILD/spawning" after 33 second wait
2025-04-03 15:02:58.811 69801 INFO tempest.lib.common.rest_client [req-e9c468e7-6483-49d2-8ca1-d47674996b51 req-e9c468e7-6483-49d2-8ca1-d47674996b51 ] Request (ListImageFiltersTestJSON:setUpClass): 200 GET http://10.180.1.21/compute/v2.1/images/956794a5-134e-47bf-ac15-5169674fdcaf 0.680s
2025-04-03 15:02:58.856 69813 INFO tempest.lib.common.rest_client [req-3711db10-a923-41de-975f-7f8d6d476d9b req-3711db10-a923-41de-975f-7f8d6d476d9b ] Request (SecurityGroupRulesTestJSON:tearDownClass): 204 DELETE http://10.180.1.21:9696/networking/v2.0/subnets/f4744b8e-1145-4365-a17e-6f696850cb9c 0.187s
2025-04-03 15:02:58.873 69823 INFO tempest.lib.common.rest_client [req-48b3bdaa-566e-4ca0-9d89-2da6947fe556 req-48b3bdaa-566e-4ca0-9d89-2da6947fe556 ] Request (ServersAdmin275Test:tearDownClass): 200 GET http://10.180.1.21/compute/v2.1/servers/033d81f0-8d19-4caf-a260-3ad2ebf8ad6e 0.791s
2025-04-03 15:02:58.881 69841 INFO tempest.lib.common.rest_client [req-1102b860-9805-4022-9b5a-1d14ce8d1801 req-1102b860-9805-4022-9b5a-1d14ce8d1801 ] Request (ImagesOneServerTestJSON:tearDownClass): 200 GET http://10.180.1.21/compute/v2.1/servers/995a6972-c2c5-4559-bec6-b5de4ed09a61 0.729s
2025-04-03 15:02:58.889 69801 INFO tempest.lib.common.rest_client [req-2ff759f3-3107-48ef-abbd-6d76cc39d9f3 req-2ff759f3-3107-48ef-abbd-6d76cc39d9f3 ] Request (ListImageFiltersTestJSON:setUpClass): 201 POST http://10.180.1.21/identity/v3/auth/tokens 0.071s
2025-04-03 15:02:58.889 69801 INFO tempest.lib.common.fixed_network [-] (ListImageFiltersTestJSON:setUpClass) Found network None available for tenant
2025-04-03 15:02:58.900 69821 INFO tempest.lib.common.rest_client [req-2e7883e3-5b93-4a58-9ad5-9df6367f8526 req-2e7883e3-5b93-4a58-9ad5-9df6367f8526 ] Request (InstanceActionsV221TestJSON:test_get_list_deleted_instance_actions): 404 GET http://10.180.1.21/compute/v2.1/servers/48b3e04b-ca2e-4718-8a6a-37a21170630d 0.644s
2025-04-03 15:02:58.909 69825 INFO tempest.lib.common.rest_client [req-0cdbe505-27ab-4598-94d8-981a49d07087 req-0cdbe505-27ab-4598-94d8-981a49d07087 ] Request (ServersNegativeTestJSON:setUpClass): 200 PUT http://10.180.1.21:9696/networking/v2.0/routers/ed3f2965-fe50-4bd8-afe9-ad0b9adcdb61/add_router_interface 2.836s
2025-04-03 15:02:58.909 69825 INFO tempest.lib.common.dynamic_creds [-] Created isolated network resources for: credentials: Credentials: {'domain_id': 'default', 'domain_name': 'Default', 'username': 'tempest-ServersNegativeTestJSON-198881498-project-member', 'project_domain_id': 'default', 'project_domain_name': 'Default', 'project_id': '156959a73af44524b2e83db967938cc1', 'project_name': 'tempest-ServersNegativeTestJSON-198881498', 'tenant_id': '156959a73af44524b2e83db967938cc1', 'tenant_name': 'tempest-ServersNegativeTestJSON-198881498', 'user_domain_id': 'default', 'user_domain_name': 'Default', 'user_id': 'ab78b56a966043deb13bfb09d582f92c', 'system': None}, Network: {'id': '28a97ff2-d66f-4fc2-a3fd-49fb27fac7df', 'name': 'tempest-ServersNegativeTestJSON-2057812180-network', 'tenant_id': '156959a73af44524b2e83db967938cc1', 'admin_state_up': True, 'mtu': 8950, 'status': 'ACTIVE', 'subnets': [], 'shared': False, 'project_id': '156959a73af44524b2e83db967938cc1', 'port_security_enabled': True, 'router:external': False, 'provider:network_type': 'vlan', 'provider:physical_network': 'default', 'provider:segmentation_id': 490, 'availability_zone_hints': [], 'availability_zones': [], 'ipv4_address_scope': None, 'ipv6_address_scope': None, 'description': '', 'tags': [], 'created_at': '2025-04-03T15:02:53Z', 'updated_at': '2025-04-03T15:02:53Z', 'revision_number': 1}, Subnet: {'id': '39b0993f-1b87-4826-ad5e-e5b23ced739f', 'name': 'tempest-ServersNegativeTestJSON-2057812180-subnet', 'tenant_id': '156959a73af44524b2e83db967938cc1', 'network_id': '28a97ff2-d66f-4fc2-a3fd-49fb27fac7df', 'ip_version': 4, 'subnetpool_id': None, 'enable_dhcp': True, 'ipv6_ra_mode': None, 'ipv6_address_mode': None, 'gateway_ip': '192.168.128.1', 'cidr': '192.168.128.0/28', 'allocation_pools': [{'start': '192.168.128.2', 'end': '192.168.128.14'}], 'host_routes': [], 'dns_nameservers': [], 'description': '', 'router:external': False, 'service_types': [], 'tags': [], 'created_at': '2025-04-03T15:02:53Z', 'updated_at': '2025-04-03T15:02:53Z', 'revision_number': 0, 'project_id': '156959a73af44524b2e83db967938cc1'}, Router: {'id': 'ed3f2965-fe50-4bd8-afe9-ad0b9adcdb61', 'name': 'tempest-ServersNegativeTestJSON-2057812180-router', 'tenant_id': '156959a73af44524b2e83db967938cc1', 'admin_state_up': True, 'status': 'ACTIVE', 'external_gateway_info': {'network_id': 'e0b7acc9-2c91-4706-b31a-6313c9a8262a', 'external_fixed_ips': [{'subnet_id': '84978cc7-a931-46f2-bb73-45d66aef57be', 'ip_address': '10.180.180.158'}], 'enable_snat': True}, 'description': '', 'availability_zones': [], 'distributed': False, 'ha': False, 'availability_zone_hints': [], 'routes': [], 'flavor_id': None, 'tags': [], 'created_at': '2025-04-03T15:02:54Z', 'updated_at': '2025-04-03T15:02:55Z', 'revision_number': 2, 'project_id': '156959a73af44524b2e83db967938cc1'}
2025-04-03 15:02:58.959 69815 INFO tempest.lib.common.rest_client [req-2fc7810a-13fb-420e-a18b-7977e88dd7a9 req-2fc7810a-13fb-420e-a18b-7977e88dd7a9 ] Request (SecurityGroupsTestJSON:test_list_security_groups_by_server): 200 GET http://10.180.1.21/compute/v2.1/servers/5e338780-2cf4-436c-ae29-6225d56648fa 0.638s
2025-04-03 15:02:58.988 69809 INFO tempest.lib.common.rest_client [req-3b277700-fc11-46cd-9cc7-ddd2035561e1 req-3b277700-fc11-46cd-9cc7-ddd2035561e1 ] Request (VolumesGetTestJSON:tearDownClass): 202 DELETE http://10.180.1.21/compute/v2.1/os-volumes/fd1e23d0-6204-43b0-8499-53062497ae85 0.609s
2025-04-03 15:02:59.003 69825 INFO tempest.lib.common.rest_client [req-0fe53dd3-5f24-409a-9130-dfec9bb9410b req-0fe53dd3-5f24-409a-9130-dfec9bb9410b ] Request (ServersNegativeTestJSON:setUpClass): 201 POST http://10.180.1.21/identity/v3/auth/tokens 0.091s
2025-04-03 15:02:59.024 69845 INFO tempest.lib.common.rest_client [req-f0851b51-99e5-4ed2-8982-8f9402caca52 req-f0851b51-99e5-4ed2-8982-8f9402caca52 ] Request (AttachInterfacesV270Test:tearDownClass): 200 GET http://10.180.1.21/compute/v2.1/servers/6ebbfc05-34bf-4439-8feb-bb5410c145fd 0.631s
2025-04-03 15:02:59.052 69817 INFO tempest.lib.common.rest_client [req-87eacae5-2891-4f48-9de5-5508a14db9c8 req-87eacae5-2891-4f48-9de5-5508a14db9c8 ] Request (ImagesTestJSON:test_create_image_from_suspended_server): 200 GET http://10.180.1.21/compute/v2.1/servers/c299fcb9-93a7-418b-afc3-fd10ba330c44 0.590s
2025-04-03 15:02:59.056 69825 INFO tempest.lib.common.rest_client [req-8a214ba2-bc88-48ac-88e6-3d07bb75306f req-8a214ba2-bc88-48ac-88e6-3d07bb75306f ] Request (ServersNegativeTestJSON:setUpClass): 201 POST http://10.180.1.21/identity/v3/auth/tokens 0.048s
2025-04-03 15:02:59.058 69825 INFO tempest.lib.common.fixed_network [-] (ServersNegativeTestJSON:setUpClass) Found network {'id': '28a97ff2-d66f-4fc2-a3fd-49fb27fac7df', 'name': 'tempest-ServersNegativeTestJSON-2057812180-network', 'tenant_id': '156959a73af44524b2e83db967938cc1', 'admin_state_up': True, 'mtu': 8950, 'status': 'ACTIVE', 'subnets': [], 'shared': False, 'project_id': '156959a73af44524b2e83db967938cc1', 'port_security_enabled': True, 'router:external': False, 'provider:network_type': 'vlan', 'provider:physical_network': 'default', 'provider:segmentation_id': 490, 'availability_zone_hints': [], 'availability_zones': [], 'ipv4_address_scope': None, 'ipv6_address_scope': None, 'description': '', 'tags': [], 'created_at': '2025-04-03T15:02:53Z', 'updated_at': '2025-04-03T15:02:53Z', 'revision_number': 1} available for tenant
2025-04-03 15:02:59.104 69819 INFO tempest.lib.common.rest_client [req-6645a2e9-92fa-4d22-9d5e-158be7e0809c req-6645a2e9-92fa-4d22-9d5e-158be7e0809c ] Request (InstanceActionsNegativeTestJSON:tearDownClass): 200 GET http://10.180.1.21/compute/v2.1/servers/88a26444-e368-4ea8-8396-9ba0a921a52a 0.565s
2025-04-03 15:02:59.111 69833 INFO tempest.lib.common.rest_client [req-6d0c8d79-012f-49ed-b1b0-ca6e6c916d85 req-6d0c8d79-012f-49ed-b1b0-ca6e6c916d85 ] Request (DeleteServersTestJSON:test_delete_active_server): 200 GET http://10.180.1.21/compute/v2.1/servers/1673f26d-bec6-43c3-9dcc-162655774fac 0.515s
2025-04-03 15:02:59.151 69813 INFO tempest.lib.common.rest_client [req-4523441d-493f-4e8e-8b42-3760330bbc53 req-4523441d-493f-4e8e-8b42-3760330bbc53 ] Request (SecurityGroupRulesTestJSON:tearDownClass): 204 DELETE http://10.180.1.21:9696/networking/v2.0/networks/59dd29ae-aebd-46ed-a468-5075f89a5741 0.294s
2025-04-03 15:02:59.155 69803 INFO tempest.lib.common.rest_client [req-67bd416a-369d-415f-b2ae-f16d0e0b1ae6 req-67bd416a-369d-415f-b2ae-f16d0e0b1ae6 ] Request (KeyPairsV22TestJSON:test_keypair_create_with_pub_key): 201 POST http://10.180.1.21/compute/v2.1/os-keypairs 0.402s
2025-04-03 15:02:59.183 69799 INFO tempest.lib.common.rest_client [req-f46d8cce-6225-4d44-947a-6b279bd20c43 req-f46d8cce-6225-4d44-947a-6b279bd20c43 ] Request (ServersListShow298Test:test_list_show_update_rebuild_server_298): 200 GET http://10.180.1.21/compute/v2.1/servers/83c98adf-e50f-4908-b1fe-c42c7a2568cf 0.500s
2025-04-03 15:02:59.282 69813 INFO tempest.lib.common.rest_client [req-40718144-aff3-4821-ba88-c65582588de1 req-40718144-aff3-4821-ba88-c65582588de1 ] Request (SecurityGroupRulesTestJSON:tearDownClass): 204 DELETE http://10.180.1.21/identity/v3/users/9163d05a2ec841f9b34076e50ba3fec7 0.130s
2025-04-03 15:02:59.282 69813 INFO tempest.lib.common.dynamic_creds [-] Deleting project and security group for project: d02dba2cccdc4926be4a865bd904f884
2025-04-03 15:02:59.288 69839 INFO tempest.lib.common.rest_client [req-fab90e2c-96fb-4eb0-be45-34b05e844e9f req-fab90e2c-96fb-4eb0-be45-34b05e844e9f ] Request (VolumesAdminNegativeTest:test_update_attached_volume_with_nonexistent_volume_in_body): 200 GET http://10.180.1.21/compute/v2.1/servers/5777318f-3425-4ad6-913a-4c98ab68d4e1 0.473s
2025-04-03 15:02:59.308 69813 INFO tempest.lib.common.rest_client [req-a0d7f5b3-654b-467a-baa3-d07793181446 req-a0d7f5b3-654b-467a-baa3-d07793181446 ] Request (SecurityGroupRulesTestJSON:tearDownClass): 200 GET http://10.180.1.21:9696/networking/v2.0/security-groups?tenant_id=d02dba2cccdc4926be4a865bd904f884&name=default 0.026s
2025-04-03 15:02:59.351 69821 INFO tempest.lib.common.rest_client [req-2b1aab65-aff0-4c43-ac05-467249f87bbf req-2b1aab65-aff0-4c43-ac05-467249f87bbf ] Request (InstanceActionsV221TestJSON:test_get_list_deleted_instance_actions): 200 GET http://10.180.1.21/compute/v2.1/servers/48b3e04b-ca2e-4718-8a6a-37a21170630d/os-instance-actions 0.450s
2025-04-03 15:02:59.393 69861 INFO tempest.lib.common.rest_client [req-c6177245-7871-49cc-9782-e5e8727fc754 req-c6177245-7871-49cc-9782-e5e8727fc754 ] Request (ServersTestBootFromVolume:setUpClass): 200 GET http://10.180.1.21/volume/v3/volumes/f5286ab6-65ca-4571-ad24-bb160c3cfaad 0.033s
2025-04-03 15:02:59.403 69813 INFO tempest.lib.common.rest_client [req-11fb1ead-3d78-427d-82f6-47f96b344cc5 req-11fb1ead-3d78-427d-82f6-47f96b344cc5 ] Request (SecurityGroupRulesTestJSON:tearDownClass): 204 DELETE http://10.180.1.21:9696/networking/v2.0/security-groups/1cc6cdc6-d66b-48bb-a693-2c7d2175a83f 0.095s
2025-04-03 15:02:59.414 69843 INFO tempest.lib.common.rest_client [req-d8197852-e7b9-45cb-b8fb-4debd7ee92eb req-d8197852-e7b9-45cb-b8fb-4debd7ee92eb ] Request (FloatingIPsAssociationTestJSON:test_associate_already_associated_floating_ip): 200 GET http://10.180.1.21/compute/v2.1/servers/a4700b2f-00f1-49aa-af3d-8045c6f6a797 0.479s
2025-04-03 15:02:59.442 69809 INFO tempest.lib.common.rest_client [req-d001eb01-2cb5-474e-8b41-6003490b9232 req-d001eb01-2cb5-474e-8b41-6003490b9232 ] Request (VolumesGetTestJSON:tearDownClass): 404 GET http://10.180.1.21/compute/v2.1/os-volumes/fd1e23d0-6204-43b0-8499-53062497ae85 0.453s
2025-04-03 15:02:59.442 69801 INFO tempest.lib.common.rest_client [req-6339c594-c706-41b3-bb5c-6c2c42dcc479 req-6339c594-c706-41b3-bb5c-6c2c42dcc479 ] Request (ListImageFiltersTestJSON:setUpClass): 202 POST http://10.180.1.21/compute/v2.1/servers 0.552s
2025-04-03 15:02:59.502 69835 INFO tempest.lib.common.rest_client [req-f05a6f86-38a3-4da2-9aa3-b5b1c435aa80 req-f05a6f86-38a3-4da2-9aa3-b5b1c435aa80 ] Request (ServerMetadataNegativeTestJSON:setUpClass): 200 GET http://10.180.1.21/compute/v2.1/servers/a0978186-2fc8-4763-ae5a-b70e5a8e8b28 0.502s
2025-04-03 15:02:59.514 69813 INFO tempest.lib.common.rest_client [req-72bc1faa-7161-4b50-8314-4485fe3c03c3 req-72bc1faa-7161-4b50-8314-4485fe3c03c3 ] Request (SecurityGroupRulesTestJSON:tearDownClass): 204 DELETE http://10.180.1.21/identity/v3/projects/d02dba2cccdc4926be4a865bd904f884 0.110s
2025-04-03 15:02:59.617 69847 INFO tempest.lib.common.rest_client [req-7749c69d-09eb-4bbd-aa9e-60cbc2c8531b req-7749c69d-09eb-4bbd-aa9e-60cbc2c8531b ] Request (FloatingIPsAssociationNegativeTestJSON:tearDownClass): 200 GET http://10.180.1.21/compute/v2.1/servers/06429df3-0f61-491e-8263-87b0dcc74bab 0.529s
2025-04-03 15:02:59.638 69803 INFO tempest.lib.common.rest_client [req-c19f5655-3869-4a54-84ea-0f0cfae3bee7 req-c19f5655-3869-4a54-84ea-0f0cfae3bee7 ] Request (KeyPairsV22TestJSON:_run_cleanups): 204 DELETE http://10.180.1.21/compute/v2.1/os-keypairs/tempest-keypair-986842085 0.479s
2025-04-03 15:02:59.659 69809 INFO tempest.lib.common.rest_client [req-333a98b1-ca70-460d-b6ce-d6133a384b28 req-333a98b1-ca70-460d-b6ce-d6133a384b28 ] Request (VolumesGetTestJSON:tearDownClass): 204 DELETE http://10.180.1.21/identity/v3/users/cfb7b39c20e7417e8762d0ad3e19fc08 0.217s
2025-04-03 15:02:59.660 69809 INFO tempest.lib.common.dynamic_creds [-] Deleting project and security group for project: 3eb24180e84b4b84a2fa40224555f7df
2025-04-03 15:02:59.703 69801 INFO tempest.lib.common.rest_client [req-c162198c-d91c-419b-9241-c52b525e860b req-c162198c-d91c-419b-9241-c52b525e860b ] Request (ListImageFiltersTestJSON:setUpClass): 201 POST http://10.180.1.21/identity/v3/auth/tokens 0.253s
2025-04-03 15:02:59.703 69801 INFO tempest.lib.common.fixed_network [-] (ListImageFiltersTestJSON:setUpClass) Found network None available for tenant
2025-04-03 15:02:59.731 69837 INFO tempest.lib.common.rest_client [req-32df7829-aaaf-473e-aa8e-9242c0571772 req-32df7829-aaaf-473e-aa8e-9242c0571772 ] Request (ImagesOneServerNegativeTestJSON:setUpClass): 200 GET http://10.180.1.21/compute/v2.1/servers/31d05edc-ce5c-494d-b7aa-54d937656ca9 0.556s
2025-04-03 15:02:59.736 69809 INFO tempest.lib.common.rest_client [req-f2abfa59-8fc0-491f-b580-bea65bacedfa req-f2abfa59-8fc0-491f-b580-bea65bacedfa ] Request (VolumesGetTestJSON:tearDownClass): 201 POST http://10.180.1.21/identity/v3/auth/tokens 0.076s
2025-04-03 15:02:59.825 69807 INFO tempest.lib.common.rest_client [req-3f5bbd78-6a48-49fd-9d07-c020c5f22f7a req-3f5bbd78-6a48-49fd-9d07-c020c5f22f7a ] Request (DeleteServersAdminTestJSON:test_delete_server_while_in_error_state): 200 GET http://10.180.1.21/compute/v2.1/servers/3627b7e2-a873-46df-a5bf-84114546d285 0.621s
2025-04-03 15:02:59.887 69829 INFO tempest.lib.common.rest_client [req-8a70c9f5-6e3b-4b42-b1da-b0f13d0abbb5 req-8a70c9f5-6e3b-4b42-b1da-b0f13d0abbb5 ] Request (ServersTestMultiNic:test_verify_duplicate_network_nics): 200 GET http://10.180.1.21/compute/v2.1/servers/ed30ff05-dd61-418f-848a-45ff94fac298 0.642s
2025-04-03 15:02:59.977 69809 INFO tempest.lib.common.rest_client [req-cb3175d0-8415-494f-9906-c690932a01de req-cb3175d0-8415-494f-9906-c690932a01de ] Request (VolumesGetTestJSON:tearDownClass): 200 GET http://10.180.1.21:9696/networking/v2.0/security-groups?tenant_id=3eb24180e84b4b84a2fa40224555f7df&name=default 0.240s
2025-04-03 15:03:00.036 69825 INFO tempest.lib.common.rest_client [req-d3edb7c4-8285-46e8-a3da-ed36360e3ed1 req-d3edb7c4-8285-46e8-a3da-ed36360e3ed1 ] Request (ServersNegativeTestJSON:setUpClass): 202 POST http://10.180.1.21/compute/v2.1/servers 0.978s
2025-04-03 15:03:00.048 69859 WARNING tempest.lib.common.ssh [-] Failed to establish authenticated ssh connection to cirros@10.180.180.131 ([Errno None] Unable to connect to port 22 on 10.180.180.131). Number attempts: 6. Retry after 7 seconds.: paramiko.ssh_exception.NoValidConnectionsError: [Errno None] Unable to connect to port 22 on 10.180.180.131
2025-04-03 15:03:00.048 69831 WARNING tempest.lib.common.ssh [-] Failed to establish authenticated ssh connection to cirros@10.180.180.162 ([Errno None] Unable to connect to port 22 on 10.180.180.162). Number attempts: 2. Retry after 3 seconds.: paramiko.ssh_exception.NoValidConnectionsError: [Errno None] Unable to connect to port 22 on 10.180.180.162
2025-04-03 15:03:00.056 69821 INFO tempest.lib.common.rest_client [req-9a00c6e0-e8d8-4e45-b888-e58de5f401e3 req-9a00c6e0-e8d8-4e45-b888-e58de5f401e3 ] Request (InstanceActionsV221TestJSON:tearDownClass): 404 DELETE http://10.180.1.21/compute/v2.1/servers/48b3e04b-ca2e-4718-8a6a-37a21170630d 0.699s
2025-04-03 15:03:00.094 69803 INFO tempest.lib.common.rest_client [req-d39cfd17-1677-4a88-81da-c4e178c8efb6 req-d39cfd17-1677-4a88-81da-c4e178c8efb6 ] Request (KeyPairsV22TestJSON:test_keypairs_create_list_delete): 201 POST http://10.180.1.21/compute/v2.1/os-keypairs 0.454s
2025-04-03 15:03:00.156 69853 INFO tempest.lib.common.rest_client [req-b4484abf-56dd-4fe7-b914-fda2f49c510c req-b4484abf-56dd-4fe7-b914-fda2f49c510c ] Request (MigrationsAdminTest:test_list_migrations_in_flavor_resize_situation): 200 GET http://10.180.1.21/compute/v2.1/servers/a09a75d5-e39c-40c6-9f3e-343928a2c96e 0.811s
2025-04-03 15:03:00.188 69851 INFO tempest.lib.common.rest_client [req-ce771963-55de-4dc6-8253-a48778d1db8b req-ce771963-55de-4dc6-8253-a48778d1db8b ] Request (ServerDiskConfigTestJSON:test_rebuild_server_with_manual_disk_config): 200 GET http://10.180.1.21/compute/v2.1/servers/ba59923e-442a-4444-b439-8083fddea082 0.535s
2025-04-03 15:03:00.235 69809 INFO tempest.lib.common.rest_client [req-b880c40e-6407-4719-a5c0-acd644103711 req-b880c40e-6407-4719-a5c0-acd644103711 ] Request (VolumesGetTestJSON:tearDownClass): 204 DELETE http://10.180.1.21:9696/networking/v2.0/security-groups/73c2e5b1-9cab-48ab-a025-c81feafdcc20 0.258s
2025-04-03 15:03:00.245 69849 INFO tempest.lib.common.rest_client [req-9b4a0969-8686-415e-bcae-25f782a6d15f req-9b4a0969-8686-415e-bcae-25f782a6d15f ] Request (ServersNegativeTestMultiTenantJSON:setUpClass): 200 GET http://10.180.1.21/compute/v2.1/servers/1e853890-eff8-4c59-95f0-b1a81133b6f9 0.523s
2025-04-03 15:03:00.327 69809 INFO tempest.lib.common.rest_client [req-e0a36661-9c74-4796-8328-616b1cd1da43 req-e0a36661-9c74-4796-8328-616b1cd1da43 ] Request (VolumesGetTestJSON:tearDownClass): 204 DELETE http://10.180.1.21/identity/v3/projects/3eb24180e84b4b84a2fa40224555f7df 0.091s
2025-04-03 15:03:00.351 69805 INFO tempest.lib.common.rest_client [req-911454bc-4978-4561-8cd4-03143fdf2e23 req-911454bc-4978-4561-8cd4-03143fdf2e23 ] Request (ServersAdminTestJSON:test_create_server_with_scheduling_hint): 200 GET http://10.180.1.21/compute/v2.1/servers/a91fc8d7-bb23-4b3a-a8d6-60de66ec3d94 0.585s
2025-04-03 15:03:00.369 69827 WARNING tempest.lib.common.ssh [-] Failed to establish authenticated ssh connection to cirros@10.180.180.237 ([Errno None] Unable to connect to port 22 on 10.180.180.237). Number attempts: 4. Retry after 5 seconds.: paramiko.ssh_exception.NoValidConnectionsError: [Errno None] Unable to connect to port 22 on 10.180.180.237
2025-04-03 15:03:00.423 69823 INFO tempest.lib.common.rest_client [req-3766513b-6d3d-4582-9915-8e867bc9b461 req-3766513b-6d3d-4582-9915-8e867bc9b461 ] Request (ServersAdmin275Test:tearDownClass): 200 GET http://10.180.1.21/compute/v2.1/servers/033d81f0-8d19-4caf-a260-3ad2ebf8ad6e 0.540s
2025-04-03 15:03:00.447 69861 INFO tempest.lib.common.rest_client [req-de73bf11-f57f-4a7f-b57f-0aaa23a9ed19 req-de73bf11-f57f-4a7f-b57f-0aaa23a9ed19 ] Request (ServersTestBootFromVolume:setUpClass): 200 GET http://10.180.1.21/volume/v3/volumes/f5286ab6-65ca-4571-ad24-bb160c3cfaad 0.044s
2025-04-03 15:03:00.454 69801 INFO tempest.lib.common.rest_client [req-98daaaba-b392-4848-bc80-41fc928497cf req-98daaaba-b392-4848-bc80-41fc928497cf ] Request (ListImageFiltersTestJSON:setUpClass): 202 POST http://10.180.1.21/compute/v2.1/servers 0.750s
2025-04-03 15:03:00.503 69841 INFO tempest.lib.common.rest_client [req-87c587af-b4d7-43c7-96f9-3cf3bf8c431d req-87c587af-b4d7-43c7-96f9-3cf3bf8c431d ] Request (ImagesOneServerTestJSON:tearDownClass): 200 GET http://10.180.1.21/compute/v2.1/servers/995a6972-c2c5-4559-bec6-b5de4ed09a61 0.613s
2025-04-03 15:03:00.516 69815 INFO tempest.lib.common.rest_client [req-1988a09e-e081-45c1-8561-310bf93754ec req-1988a09e-e081-45c1-8561-310bf93754ec ] Request (SecurityGroupsTestJSON:test_list_security_groups_by_server): 200 GET http://10.180.1.21/compute/v2.1/servers/5e338780-2cf4-436c-ae29-6225d56648fa 0.549s
2025-04-03 15:03:00.550 69825 INFO tempest.lib.common.rest_client [req-61c093e1-e461-434e-8ce2-8638293cd2ae req-61c093e1-e461-434e-8ce2-8638293cd2ae ] Request (ServersNegativeTestJSON:setUpClass): 200 GET http://10.180.1.21/compute/v2.1/servers/e2d3f1f0-30a5-41bb-804a-a57073b4fed5 0.512s
2025-04-03 15:03:00.573 69821 INFO tempest.lib.common.rest_client [req-cc04b583-fbf8-4a02-b6ff-db11c5e50121 req-cc04b583-fbf8-4a02-b6ff-db11c5e50121 ] Request (InstanceActionsV221TestJSON:tearDownClass): 404 GET http://10.180.1.21/compute/v2.1/servers/48b3e04b-ca2e-4718-8a6a-37a21170630d 0.517s
2025-04-03 15:03:00.585 69845 INFO tempest.lib.common.rest_client [req-e5e8dd65-3352-4eb3-adc4-e7e537bf83e3 req-e5e8dd65-3352-4eb3-adc4-e7e537bf83e3 ] Request (AttachInterfacesV270Test:tearDownClass): 200 GET http://10.180.1.21/compute/v2.1/servers/6ebbfc05-34bf-4439-8feb-bb5410c145fd 0.541s
2025-04-03 15:03:00.616 69803 INFO tempest.lib.common.rest_client [req-fb7ae039-ae2c-4426-974d-ea7ea3f96270 req-fb7ae039-ae2c-4426-974d-ea7ea3f96270 ] Request (KeyPairsV22TestJSON:test_keypairs_create_list_delete): 201 POST http://10.180.1.21/compute/v2.1/os-keypairs 0.521s
2025-04-03 15:03:00.632 69817 INFO tempest.lib.common.rest_client [req-1004d40b-ab4b-4544-b8a1-a8c495a201ce req-1004d40b-ab4b-4544-b8a1-a8c495a201ce ] Request (ImagesTestJSON:test_create_image_from_suspended_server): 200 GET http://10.180.1.21/compute/v2.1/servers/c299fcb9-93a7-418b-afc3-fd10ba330c44 0.572s
2025-04-03 15:03:00.676 69819 INFO tempest.lib.common.rest_client [req-d7515f02-b457-4de9-8fda-a8b63fa0db5d req-d7515f02-b457-4de9-8fda-a8b63fa0db5d ] Request (InstanceActionsNegativeTestJSON:tearDownClass): 200 GET http://10.180.1.21/compute/v2.1/servers/88a26444-e368-4ea8-8396-9ba0a921a52a 0.561s
2025-04-03 15:03:00.685 69833 INFO tempest.lib.common.rest_client [req-70b1144a-8451-4b62-a669-2c243709bfba req-70b1144a-8451-4b62-a669-2c243709bfba ] Request (DeleteServersTestJSON:test_delete_active_server): 200 GET http://10.180.1.21/compute/v2.1/servers/1673f26d-bec6-43c3-9dcc-162655774fac 0.565s
2025-04-03 15:03:00.741 69799 INFO tempest.lib.common.rest_client [req-3d790b1b-9f97-40b4-8ed8-4743d3347667 req-3d790b1b-9f97-40b4-8ed8-4743d3347667 ] Request (ServersListShow298Test:test_list_show_update_rebuild_server_298): 200 GET http://10.180.1.21/compute/v2.1/servers/83c98adf-e50f-4908-b1fe-c42c7a2568cf 0.547s
2025-04-03 15:03:00.778 69839 INFO tempest.lib.common.rest_client [req-b8fa035c-c5cf-46ed-82f0-4b44c04f85ba req-b8fa035c-c5cf-46ed-82f0-4b44c04f85ba ] Request (VolumesAdminNegativeTest:test_update_attached_volume_with_nonexistent_volume_in_body): 200 GET http://10.180.1.21/compute/v2.1/servers/5777318f-3425-4ad6-913a-4c98ab68d4e1 0.479s
2025-04-03 15:03:00.792 69843 INFO tempest.lib.common.rest_client [req-6da84476-c043-4af4-86c5-eb4720f662dd req-6da84476-c043-4af4-86c5-eb4720f662dd ] Request (FloatingIPsAssociationTestJSON:test_associate_already_associated_floating_ip): 200 GET http://10.180.1.21/compute/v2.1/servers/a4700b2f-00f1-49aa-af3d-8045c6f6a797 0.371s
2025-04-03 15:03:00.814 69801 INFO tempest.lib.common.rest_client [req-5682c2c7-d8fb-48fa-908b-b11c772a6fdb req-5682c2c7-d8fb-48fa-908b-b11c772a6fdb ] Request (ListImageFiltersTestJSON:setUpClass): 200 GET http://10.180.1.21/compute/v2.1/servers/eb369bb1-f4d2-4286-a4d0-f1a7080e7723 0.358s
2025-04-03 15:03:00.846 69803 INFO tempest.lib.common.rest_client [req-3bed570b-bb42-4ee0-a247-e5a7ec12ffc8 req-3bed570b-bb42-4ee0-a247-e5a7ec12ffc8 ] Request (KeyPairsV22TestJSON:test_keypairs_create_list_delete): 201 POST http://10.180.1.21/compute/v2.1/os-keypairs 0.227s
2025-04-03 15:03:00.855 69835 INFO tempest.lib.common.rest_client [req-a7f15aaf-47dd-4cf8-a4c0-8be05cd0b6f8 req-a7f15aaf-47dd-4cf8-a4c0-8be05cd0b6f8 ] Request (ServerMetadataNegativeTestJSON:setUpClass): 200 GET http://10.180.1.21/compute/v2.1/servers/a0978186-2fc8-4763-ae5a-b70e5a8e8b28 0.342s
2025-04-03 15:03:00.912 69837 INFO tempest.lib.common.rest_client [req-1405bcca-961c-4b85-9ff7-11632777a2d2 req-1405bcca-961c-4b85-9ff7-11632777a2d2 ] Request (ImagesOneServerNegativeTestJSON:setUpClass): 200 GET http://10.180.1.21/compute/v2.1/servers/31d05edc-ce5c-494d-b7aa-54d937656ca9 0.169s
2025-04-03 15:03:00.912 69847 INFO tempest.lib.common.rest_client [req-45053928-9170-455c-8276-1c5d42eadd8d req-45053928-9170-455c-8276-1c5d42eadd8d ] Request (FloatingIPsAssociationNegativeTestJSON:tearDownClass): 200 GET http://10.180.1.21/compute/v2.1/servers/06429df3-0f61-491e-8263-87b0dcc74bab 0.280s
2025-04-03 15:03:00.921 69803 INFO tempest.lib.common.rest_client [req-a1c5a8aa-ccb4-42f4-81fb-19f6be3b2263 req-a1c5a8aa-ccb4-42f4-81fb-19f6be3b2263 ] Request (KeyPairsV22TestJSON:test_keypairs_create_list_delete): 200 GET http://10.180.1.21/compute/v2.1/os-keypairs 0.074s
2025-04-03 15:03:00.957 69807 INFO tempest.lib.common.rest_client [req-e4336215-2eda-4a20-95b0-eafb376ff1c6 req-e4336215-2eda-4a20-95b0-eafb376ff1c6 ] Request (DeleteServersAdminTestJSON:test_delete_server_while_in_error_state): 200 GET http://10.180.1.21/compute/v2.1/servers/3627b7e2-a873-46df-a5bf-84114546d285 0.122s
2025-04-03 15:03:00.966 69829 INFO tempest.lib.common.rest_client [req-78ee993d-b147-4bce-81c0-11a83ae53914 req-78ee993d-b147-4bce-81c0-11a83ae53914 ] Request (ServersTestMultiNic:test_verify_duplicate_network_nics): 200 GET http://10.180.1.21/compute/v2.1/servers/ed30ff05-dd61-418f-848a-45ff94fac298 0.071s
2025-04-03 15:03:00.983 69803 INFO tempest.lib.common.rest_client [req-e722cc35-45b3-46aa-9b7f-7dc693f94137 req-e722cc35-45b3-46aa-9b7f-7dc693f94137 ] Request (KeyPairsV22TestJSON:_run_cleanups): 204 DELETE http://10.180.1.21/compute/v2.1/os-keypairs/tempest-KeyPairsV22TestJSON-keypair-716929323 0.060s
2025-04-03 15:03:01.004 69803 INFO tempest.lib.common.rest_client [req-5afe8716-42f5-497e-af95-f8efc4433a29 req-5afe8716-42f5-497e-af95-f8efc4433a29 ] Request (KeyPairsV22TestJSON:_run_cleanups): 204 DELETE http://10.180.1.21/compute/v2.1/os-keypairs/tempest-KeyPairsV22TestJSON-keypair-533022332 0.020s
2025-04-03 15:03:01.023 69803 INFO tempest.lib.common.rest_client [req-ce5a0b80-c291-43ff-89c8-7c526c7095a8 req-ce5a0b80-c291-43ff-89c8-7c526c7095a8 ] Request (KeyPairsV22TestJSON:_run_cleanups): 204 DELETE http://10.180.1.21/compute/v2.1/os-keypairs/tempest-KeyPairsV22TestJSON-keypair-285506728 0.018s
2025-04-03 15:03:01.056 69803 INFO tempest.lib.common.rest_client [req-ebd0271e-ca64-484f-beb4-f31f5df85733 req-ebd0271e-ca64-484f-beb4-f31f5df85733 ] Request (KeyPairsV22TestJSON:test_keypairsv22_create_list_show): 201 POST http://10.180.1.21/compute/v2.1/os-keypairs 0.032s
2025-04-03 15:03:01.070 69803 INFO tempest.lib.common.rest_client [req-02093ec1-6e4d-4fd8-b303-039f55959449 req-02093ec1-6e4d-4fd8-b303-039f55959449 ] Request (KeyPairsV22TestJSON:test_keypairsv22_create_list_show): 200 GET http://10.180.1.21/compute/v2.1/os-keypairs/tempest-keypair-534783486 0.011s
2025-04-03 15:03:01.085 69803 INFO tempest.lib.common.rest_client [req-2beeaca8-e8b2-476f-acdd-b4bc0da36b09 req-2beeaca8-e8b2-476f-acdd-b4bc0da36b09 ] Request (KeyPairsV22TestJSON:test_keypairsv22_create_list_show): 200 GET http://10.180.1.21/compute/v2.1/os-keypairs 0.013s
2025-04-03 15:03:01.106 69803 INFO tempest.lib.common.rest_client [req-11f38d42-9659-48d7-b777-f92529422679 req-11f38d42-9659-48d7-b777-f92529422679 ] Request (KeyPairsV22TestJSON:_run_cleanups): 204 DELETE http://10.180.1.21/compute/v2.1/os-keypairs/tempest-keypair-534783486 0.018s
2025-04-03 15:03:01.307 69853 INFO tempest.lib.common.rest_client [req-abcd24d7-ae91-449f-a9b4-79289393ae7c req-abcd24d7-ae91-449f-a9b4-79289393ae7c ] Request (MigrationsAdminTest:test_list_migrations_in_flavor_resize_situation): 200 GET http://10.180.1.21/compute/v2.1/servers/a09a75d5-e39c-40c6-9f3e-343928a2c96e 0.134s
2025-04-03 15:03:01.315 69803 INFO tempest.lib.common.rest_client [req-186242bc-41e3-4d49-8039-bc1d8425e0ae req-186242bc-41e3-4d49-8039-bc1d8425e0ae ] Request (KeyPairsV22TestJSON:test_keypairsv22_create_list_show_with_type): 201 POST http://10.180.1.21/compute/v2.1/os-keypairs 0.208s
2025-04-03 15:03:01.370 69849 INFO tempest.lib.common.rest_client [req-82bbe777-f9ec-409d-a58c-2a23c79eb856 req-82bbe777-f9ec-409d-a58c-2a23c79eb856 ] Request (ServersNegativeTestMultiTenantJSON:setUpClass): 200 GET http://10.180.1.21/compute/v2.1/servers/1e853890-eff8-4c59-95f0-b1a81133b6f9 0.117s
2025-04-03 15:03:01.373 69821 INFO tempest.lib.common.rest_client [req-6383ce3a-f7e9-4def-ab65-06ce39e77a25 req-6383ce3a-f7e9-4def-ab65-06ce39e77a25 ] Request (InstanceActionsV221TestJSON:tearDownClass): 200 PUT http://10.180.1.21:9696/networking/v2.0/routers/a56a4d3f-78e4-47d6-8559-0e71fc8eaf44/remove_router_interface 0.800s
2025-04-03 15:03:01.381 69803 INFO tempest.lib.common.rest_client [req-932adee2-3d63-4989-8522-2a0bb718320b req-932adee2-3d63-4989-8522-2a0bb718320b ] Request (KeyPairsV22TestJSON:test_keypairsv22_create_list_show_with_type): 200 GET http://10.180.1.21/compute/v2.1/os-keypairs/tempest-keypair-1608526931 0.064s
2025-04-03 15:03:01.439 69851 INFO tempest.lib.common.rest_client [req-5f0b6a2e-6d26-445d-8ab0-1a9a3ed00e00 req-5f0b6a2e-6d26-445d-8ab0-1a9a3ed00e00 ] Request (ServerDiskConfigTestJSON:test_rebuild_server_with_manual_disk_config): 200 GET http://10.180.1.21/compute/v2.1/servers/ba59923e-442a-4444-b439-8083fddea082 0.242s
2025-04-03 15:03:01.448 69803 INFO tempest.lib.common.rest_client [req-a8b84963-a1ca-4c08-aa26-2789205ddfe0 req-a8b84963-a1ca-4c08-aa26-2789205ddfe0 ] Request (KeyPairsV22TestJSON:test_keypairsv22_create_list_show_with_type): 200 GET http://10.180.1.21/compute/v2.1/os-keypairs 0.064s
2025-04-03 15:03:01.496 69861 INFO tempest.lib.common.rest_client [req-f20efe41-7916-446d-8942-e118a56dcca5 req-f20efe41-7916-446d-8942-e118a56dcca5 ] Request (ServersTestBootFromVolume:setUpClass): 200 GET http://10.180.1.21/volume/v3/volumes/f5286ab6-65ca-4571-ad24-bb160c3cfaad 0.032s
2025-04-03 15:03:01.500 69805 INFO tempest.lib.common.rest_client [req-bb5f7504-1b37-4540-9434-cef3dbf0184d req-bb5f7504-1b37-4540-9434-cef3dbf0184d ] Request (ServersAdminTestJSON:test_create_server_with_scheduling_hint): 200 GET http://10.180.1.21/compute/v2.1/servers/a91fc8d7-bb23-4b3a-a8d6-60de66ec3d94 0.139s
2025-04-03 15:03:01.521 69803 INFO tempest.lib.common.rest_client [req-ae3c5e56-58a9-4508-9675-1c4d057a45a0 req-ae3c5e56-58a9-4508-9675-1c4d057a45a0 ] Request (KeyPairsV22TestJSON:_run_cleanups): 204 DELETE http://10.180.1.21/compute/v2.1/os-keypairs/tempest-keypair-1608526931 0.072s
2025-04-03 15:03:01.528 69823 INFO tempest.lib.common.rest_client [req-743a1407-c702-4bf8-bc1e-94ff74a26c27 req-743a1407-c702-4bf8-bc1e-94ff74a26c27 ] Request (ServersAdmin275Test:tearDownClass): 200 GET http://10.180.1.21/compute/v2.1/servers/033d81f0-8d19-4caf-a260-3ad2ebf8ad6e 0.084s
2025-04-03 15:03:01.611 69815 INFO tempest.lib.common.rest_client [req-a058bd8e-79aa-41e9-86b5-53f6ba8f1048 req-a058bd8e-79aa-41e9-86b5-53f6ba8f1048 ] Request (SecurityGroupsTestJSON:test_list_security_groups_by_server): 200 GET http://10.180.1.21/compute/v2.1/servers/5e338780-2cf4-436c-ae29-6225d56648fa 0.081s
2025-04-03 15:03:01.688 69825 INFO tempest.lib.common.rest_client [req-4473d70a-ca91-4799-b417-12f0ae0f77ea req-4473d70a-ca91-4799-b417-12f0ae0f77ea ] Request (ServersNegativeTestJSON:setUpClass): 200 GET http://10.180.1.21/compute/v2.1/servers/e2d3f1f0-30a5-41bb-804a-a57073b4fed5 0.127s
2025-04-03 15:03:01.713 69803 INFO tempest.lib.common.rest_client [req-6b24668b-5986-4b3d-81c6-7cbbcb0c3a08 req-6b24668b-5986-4b3d-81c6-7cbbcb0c3a08 ] Request (KeyPairsV22TestJSON:tearDownClass): 204 DELETE http://10.180.1.21/identity/v3/users/43a5187506914c299cf550ea1bef9300 0.186s
2025-04-03 15:03:01.714 69803 INFO tempest.lib.common.dynamic_creds [-] Deleting project and security group for project: cbe2bbf3fdb24e9fa0ede1007e42a7f2
2025-04-03 15:03:01.789 69845 INFO tempest.lib.common.rest_client [req-36c368a3-3c3d-4ed3-b83f-b968b552d572 req-36c368a3-3c3d-4ed3-b83f-b968b552d572 ] Request (AttachInterfacesV270Test:tearDownClass): 200 GET http://10.180.1.21/compute/v2.1/servers/6ebbfc05-34bf-4439-8feb-bb5410c145fd 0.192s
2025-04-03 15:03:01.800 69803 INFO tempest.lib.common.rest_client [req-a46b3361-4324-4971-b126-d3a8d66dc65d req-a46b3361-4324-4971-b126-d3a8d66dc65d ] Request (KeyPairsV22TestJSON:tearDownClass): 201 POST http://10.180.1.21/identity/v3/auth/tokens 0.085s
2025-04-03 15:03:01.835 69841 INFO tempest.lib.common.rest_client [req-3f7b8091-cbdd-4439-8392-d7d723f57943 req-3f7b8091-cbdd-4439-8392-d7d723f57943 ] Request (ImagesOneServerTestJSON:tearDownClass): 200 GET http://10.180.1.21/compute/v2.1/servers/995a6972-c2c5-4559-bec6-b5de4ed09a61 0.323s
2025-04-03 15:03:01.870 69821 INFO tempest.lib.common.rest_client [req-34c0b712-076a-4440-850e-d22990fdbdb3 req-34c0b712-076a-4440-850e-d22990fdbdb3 ] Request (InstanceActionsV221TestJSON:tearDownClass): 204 DELETE http://10.180.1.21:9696/networking/v2.0/routers/a56a4d3f-78e4-47d6-8559-0e71fc8eaf44 0.496s
2025-04-03 15:03:01.891 69817 INFO tempest.lib.common.rest_client [req-780a02e1-87df-40fd-afdb-38e97b93599a req-780a02e1-87df-40fd-afdb-38e97b93599a ] Request (ImagesTestJSON:test_create_image_from_suspended_server): 200 GET http://10.180.1.21/compute/v2.1/servers/c299fcb9-93a7-418b-afc3-fd10ba330c44 0.251s
2025-04-03 15:03:01.899 69817 INFO tempest.common.waiters [-] State transition "BUILD/None" ==> "BUILD/networking" after 36 second wait
2025-04-03 15:03:01.900 69819 INFO tempest.lib.common.rest_client [req-3386e737-28e7-4c4e-b86f-69aa24f9444b req-3386e737-28e7-4c4e-b86f-69aa24f9444b ] Request (InstanceActionsNegativeTestJSON:tearDownClass): 200 GET http://10.180.1.21/compute/v2.1/servers/88a26444-e368-4ea8-8396-9ba0a921a52a 0.214s
2025-04-03 15:03:01.993 69833 INFO tempest.lib.common.rest_client [req-b1892aae-4d2d-44c1-a7e4-6083f22e70d1 req-b1892aae-4d2d-44c1-a7e4-6083f22e70d1 ] Request (DeleteServersTestJSON:test_delete_active_server): 200 GET http://10.180.1.21/compute/v2.1/servers/1673f26d-bec6-43c3-9dcc-162655774fac 0.298s
2025-04-03 15:03:01.995 69799 INFO tempest.lib.common.rest_client [req-81367d87-0064-4b6c-a287-fd060e3f5db5 req-81367d87-0064-4b6c-a287-fd060e3f5db5 ] Request (ServersListShow298Test:test_list_show_update_rebuild_server_298): 200 GET http://10.180.1.21/compute/v2.1/servers/83c98adf-e50f-4908-b1fe-c42c7a2568cf 0.243s
2025-04-03 15:03:02.064 69821 INFO tempest.lib.common.rest_client [req-b33cc014-87bc-4c68-bcb6-437e07b17f5e req-b33cc014-87bc-4c68-bcb6-437e07b17f5e ] Request (InstanceActionsV221TestJSON:tearDownClass): 204 DELETE http://10.180.1.21:9696/networking/v2.0/subnets/3e62d33f-561c-4502-bdbe-e4695bb99ba4 0.193s
2025-04-03 15:03:02.069 69843 INFO tempest.lib.common.rest_client [req-a3c5bdc4-e3eb-4b2b-be48-85c8358aa013 req-a3c5bdc4-e3eb-4b2b-be48-85c8358aa013 ] Request (FloatingIPsAssociationTestJSON:test_associate_already_associated_floating_ip): 200 GET http://10.180.1.21/compute/v2.1/servers/a4700b2f-00f1-49aa-af3d-8045c6f6a797 0.269s
2025-04-03 15:03:02.090 69803 INFO tempest.lib.common.rest_client [req-75d2b961-d920-4fa3-ba0e-3c69debe2af8 req-75d2b961-d920-4fa3-ba0e-3c69debe2af8 ] Request (KeyPairsV22TestJSON:tearDownClass): 200 GET http://10.180.1.21:9696/networking/v2.0/security-groups?tenant_id=cbe2bbf3fdb24e9fa0ede1007e42a7f2&name=default 0.290s
2025-04-03 15:03:02.141 69801 INFO tempest.lib.common.rest_client [req-85df5603-989f-45a5-93d4-c94d6bbaa3e1 req-85df5603-989f-45a5-93d4-c94d6bbaa3e1 ] Request (ListImageFiltersTestJSON:setUpClass): 200 GET http://10.180.1.21/compute/v2.1/servers/eb369bb1-f4d2-4286-a4d0-f1a7080e7723 0.318s
2025-04-03 15:03:02.153 69839 INFO tempest.lib.common.rest_client [req-238c98f6-acba-4b8d-bda0-8b0eb3a98318 req-238c98f6-acba-4b8d-bda0-8b0eb3a98318 ] Request (VolumesAdminNegativeTest:test_update_attached_volume_with_nonexistent_volume_in_body): 200 GET http://10.180.1.21/compute/v2.1/servers/5777318f-3425-4ad6-913a-4c98ab68d4e1 0.367s
2025-04-03 15:03:02.163 69855 WARNING tempest.lib.common.ssh [-] Failed to establish authenticated ssh connection to cirros@10.180.180.163 ([Errno None] Unable to connect to port 22 on 10.180.180.163). Number attempts: 1. Retry after 2 seconds.: paramiko.ssh_exception.NoValidConnectionsError: [Errno None] Unable to connect to port 22 on 10.180.180.163
2025-04-03 15:03:02.207 69835 INFO tempest.lib.common.rest_client [req-ec4664e7-e250-4cbf-ada2-065906a2050e req-ec4664e7-e250-4cbf-ada2-065906a2050e ] Request (ServerMetadataNegativeTestJSON:setUpClass): 200 GET http://10.180.1.21/compute/v2.1/servers/a0978186-2fc8-4763-ae5a-b70e5a8e8b28 0.343s
2025-04-03 15:03:02.215 69837 INFO tempest.lib.common.rest_client [req-fdf7789a-3bdc-427c-a5c7-37a2aa907923 req-fdf7789a-3bdc-427c-a5c7-37a2aa907923 ] Request (ImagesOneServerNegativeTestJSON:setUpClass): 200 GET http://10.180.1.21/compute/v2.1/servers/31d05edc-ce5c-494d-b7aa-54d937656ca9 0.292s
2025-04-03 15:03:02.236 69803 INFO tempest.lib.common.rest_client [req-2f339fae-6062-450a-8687-c27700048cd7 req-2f339fae-6062-450a-8687-c27700048cd7 ] Request (KeyPairsV22TestJSON:tearDownClass): 204 DELETE http://10.180.1.21:9696/networking/v2.0/security-groups/0ff3d9c4-180e-423c-ba9e-8e605f828a1b 0.145s
2025-04-03 15:03:02.266 69807 INFO tempest.lib.common.rest_client [req-e06140f9-1802-4b64-9d3d-142c9a746570 req-e06140f9-1802-4b64-9d3d-142c9a746570 ] Request (DeleteServersAdminTestJSON:test_delete_server_while_in_error_state): 200 GET http://10.180.1.21/compute/v2.1/servers/3627b7e2-a873-46df-a5bf-84114546d285 0.301s
2025-04-03 15:03:02.266 69847 INFO tempest.lib.common.rest_client [req-15739ca5-0e01-4472-b7ab-38f0769b0962 req-15739ca5-0e01-4472-b7ab-38f0769b0962 ] Request (FloatingIPsAssociationNegativeTestJSON:tearDownClass): 200 GET http://10.180.1.21/compute/v2.1/servers/06429df3-0f61-491e-8263-87b0dcc74bab 0.345s
2025-04-03 15:03:02.311 69803 INFO tempest.lib.common.rest_client [req-099cc972-168e-4794-ad20-84e5df5a455a req-099cc972-168e-4794-ad20-84e5df5a455a ] Request (KeyPairsV22TestJSON:tearDownClass): 204 DELETE http://10.180.1.21/identity/v3/projects/cbe2bbf3fdb24e9fa0ede1007e42a7f2 0.075s
