2025-04-16 18:35:56.061 69941 INFO tempest.lib.common.rest_client [req-1b1d5abd-0f23-4171-971f-132ecac4c53c req-1b1d5abd-0f23-4171-971f-132ecac4c53c ] Request (ImagesOneServerNegativeTestJSON:setUpClass): 200 GET http://10.180.1.21/compute/v2.1/servers/8e6a4fd6-5f80-476d-9789-adea1be2ae72 0.046s
2025-04-16 18:35:56.104 69971 INFO tempest.lib.common.rest_client [req-688920ec-b014-4afc-9353-3ad89eef5d23 req-688920ec-b014-4afc-9353-3ad89eef5d23 ] Request (ServerDiagnosticsNegativeTest:test_get_server_diagnostics_by_non_admin): 200 GET http://10.180.1.21/compute/v2.1/servers/63c7b328-2c8a-42a6-b340-78528a656f9f 0.046s
2025-04-16 18:35:56.152 69985 INFO tempest.lib.common.rest_client [req-01dca3ac-15b5-4a87-9129-aa83a281c34d req-01dca3ac-15b5-4a87-9129-aa83a281c34d ] Request (ServerExternalEventsTest:test_create_server_external_events): 200 GET http://10.180.1.21/compute/v2.1/servers/62954fe5-a462-40bd-85ec-d03b98d2ec42 0.048s
2025-04-16 18:35:56.197 69937 INFO tempest.lib.common.rest_client [req-456f252c-9a37-4ee9-8ff0-78c252cb63ba req-456f252c-9a37-4ee9-8ff0-78c252cb63ba ] Request (ServersAdminNegativeTestJSON:setUpClass): 200 GET http://10.180.1.21/compute/v2.1/servers/e0b188fb-3ec8-46c7-8966-ea4eaef2430b 0.051s
2025-04-16 18:35:56.207 69963 INFO tempest.lib.common.rest_client [req-903733ba-1b77-48ee-a1b0-7590a917f386 req-903733ba-1b77-48ee-a1b0-7590a917f386 ] Request (ImagesTestJSON:test_create_image_from_stopped_server): 200 GET http://10.180.1.21/compute/v2.1/servers/1756fcf7-3d68-4d02-9a66-619d0a1a9505 0.085s
2025-04-16 18:35:56.238 69965 INFO tempest.lib.common.rest_client [req-45092531-dc52-4e0a-8da8-952e878ad54f req-45092531-dc52-4e0a-8da8-952e878ad54f ] Request (ServerMetadataNegativeTestJSON:setUpClass): 200 GET http://10.180.1.21/compute/v2.1/servers/2c03e5ce-0ebd-40b3-982a-f0f7d4742dde 0.052s
2025-04-16 18:35:56.273 69989 INFO tempest.lib.common.rest_client [req-1f2895d1-433a-47a1-a240-ce69b23bfd19 req-1f2895d1-433a-47a1-a240-ce69b23bfd19 ] Request (ServerActionsTestJSON:setUpClass): 200 GET http://10.180.1.21/compute/v2.1/servers/63b167e7-3d86-4ee4-8bae-bfb8fe084135 0.045s
2025-04-16 18:35:56.313 69935 INFO tempest.lib.common.rest_client [req-4dc6481f-fd56-4e15-9946-0cc18c3cc570 req-4dc6481f-fd56-4e15-9946-0cc18c3cc570 ] Request (VolumesAdminNegativeTest:test_update_attached_volume_with_nonexistent_volume_in_body): 200 GET http://10.180.1.21/compute/v2.1/servers/51ebee08-c929-4485-b229-cd99d35db2f7 0.043s
2025-04-16 18:35:56.326 69947 INFO tempest.lib.common.rest_client [req-9fc7ff0f-cb4b-48c1-a760-9563fc901523 req-9fc7ff0f-cb4b-48c1-a760-9563fc901523 ] Request (ServersAdminTestJSON:setUpClass): 200 GET http://10.180.1.21/compute/v2.1/servers/ed63f202-c76d-4492-b738-606ee1c6b059 0.082s
2025-04-16 18:35:56.453 69969 INFO tempest.lib.common.rest_client [req-e809ed19-1e89-4106-be2a-48b51aed6cb2 req-e809ed19-1e89-4106-be2a-48b51aed6cb2 ] Request (FloatingIPsAssociationNegativeTestJSON:setUpClass): 200 GET http://10.180.1.21/compute/v2.1/servers/ce04d2df-8587-4cda-93b1-cad7ba3ff670 0.087s
2025-04-16 18:35:56.476 69955 INFO tempest.lib.common.rest_client [req-7d80629c-ce81-4a00-a9b6-581e8fab9d0c req-7d80629c-ce81-4a00-a9b6-581e8fab9d0c ] Request (VolumesAssistedSnapshotsTest:test_volume_assisted_snapshot_create_delete): 200 GET http://10.180.1.21/compute/v2.1/servers/2b75aa03-750c-49b3-b69a-63bfee58942f 0.047s
2025-04-16 18:35:56.516 69949 INFO tempest.lib.common.rest_client [req-028bcc60-7c4c-44ca-a136-b34f85389abd req-028bcc60-7c4c-44ca-a136-b34f85389abd ] Request (ImagesOneServerTestJSON:setUpClass): 200 GET http://10.180.1.21/compute/v2.1/servers/267be1e0-7768-421d-9ae4-f8acb5331b23 0.044s
2025-04-16 18:35:56.557 69953 INFO tempest.lib.common.rest_client [req-e855bc15-318a-4592-99a0-de573be57d52 req-e855bc15-318a-4592-99a0-de573be57d52 ] Request (ListServersNegativeTestJSON:setUpClass): 200 GET http://10.180.1.21/compute/v2.1/servers/19e7f1b0-5cd9-453f-8600-a7d76487de87 0.044s
2025-04-16 18:35:56.598 69943 INFO tempest.lib.common.rest_client [req-feabf8e3-45c8-416d-92b6-8dbd8ae5a7e6 req-feabf8e3-45c8-416d-92b6-8dbd8ae5a7e6 ] Request (InstanceActionsNegativeTestJSON:setUpClass): 200 GET http://10.180.1.21/compute/v2.1/servers/928bc799-4fed-4005-89d2-e18196f88ffb 0.088s
2025-04-16 18:35:56.605 69961 INFO tempest.lib.common.rest_client [req-464b4943-6884-46cd-89d0-971eb43886be req-464b4943-6884-46cd-89d0-971eb43886be ] Request (InstanceActionsV221TestJSON:test_get_list_deleted_instance_actions): 200 GET http://10.180.1.21/compute/v2.1/servers/12ddb227-b0e5-47cf-92b0-5c7338c1120e 0.046s
2025-04-16 18:35:56.648 69933 INFO tempest.lib.common.rest_client [req-67000d4d-0d3c-4079-a89b-5770947b32fd req-67000d4d-0d3c-4079-a89b-5770947b32fd ] Request (ServerGroupTestJSON:test_create_server_with_scheduler_hint_group): 200 GET http://10.180.1.21/compute/v2.1/servers/c411e626-dff7-4999-8e69-9716f322d518 0.050s
2025-04-16 18:35:56.679 69987 INFO tempest.lib.common.rest_client [req-9bdddba7-ba04-4c5b-9fe9-d884d3473c2f req-9bdddba7-ba04-4c5b-9fe9-d884d3473c2f ] Request (ServersTestManualDisk:setUpClass): 200 GET http://10.180.1.21/compute/v2.1/servers/dfbb396b-8f18-456d-9064-be451cdd1ac9 0.083s
2025-04-16 18:35:56.690 69939 INFO tempest.lib.common.rest_client [req-efa7286c-d279-4f80-a5a5-3ed9b279b9bf req-efa7286c-d279-4f80-a5a5-3ed9b279b9bf ] Request (ListServerFiltersTestJSON:setUpClass): 200 GET http://10.180.1.21/compute/v2.1/servers/45ccc6ec-6501-4477-9b94-1c0e3d1271d9 0.051s
2025-04-16 18:35:56.720 69983 INFO tempest.lib.common.rest_client [req-18d0f459-2b2b-4f08-9294-0fbc24b56398 req-18d0f459-2b2b-4f08-9294-0fbc24b56398 ] Request (ServersWithSpecificFlavorTestJSON:test_verify_created_server_ephemeral_disk): 200 GET http://10.180.1.21/compute/v2.1/servers/50dd8f44-95ae-4b0c-ad88-2f11f4886d57 0.051s
2025-04-16 18:35:56.786 69957 INFO tempest.lib.common.rest_client [req-08da3dc6-6018-48e4-8e76-9cc70981b0d0 req-08da3dc6-6018-48e4-8e76-9cc70981b0d0 ] Request (ServerMetadataTestJSON:setUpClass): 200 GET http://10.180.1.21/compute/v2.1/servers/b21a0b12-14c7-491f-ae08-f596924490d3 0.048s
2025-04-16 18:35:56.846 69959 INFO tempest.lib.common.rest_client [req-5b1c9f1b-06fa-4a00-a301-54d2db343ec5 req-5b1c9f1b-06fa-4a00-a301-54d2db343ec5 ] Request (ImagesNegativeTestJSON:test_create_image_from_deleted_server): 200 GET http://10.180.1.21/compute/v2.1/servers/613910dc-5ba5-482f-8b77-bf978fe622dd 0.045s
2025-04-16 18:35:56.847 69929 INFO tempest.lib.common.rest_client [req-7eb9db8a-5e35-41c6-bb47-5851735bb04f req-7eb9db8a-5e35-41c6-bb47-5851735bb04f ] Request (MigrationsAdminTest:test_list_migrations_in_flavor_resize_situation): 200 GET http://10.180.1.21/compute/v2.1/servers/9550f67e-b7b2-48a9-b918-e2f5b38f3bc1 0.088s
2025-04-16 18:35:56.890 69931 INFO tempest.lib.common.rest_client [req-bc0e5f4e-2b17-4d86-b10f-6b15758d3deb req-bc0e5f4e-2b17-4d86-b10f-6b15758d3deb ] Request (ServerActionsTestOtherA:setUpClass): 200 GET http://10.180.1.21/compute/v2.1/servers/ca4953f5-de55-4476-a845-c633a073eb43 0.046s
2025-04-16 18:35:56.933 69945 INFO tempest.lib.common.rest_client [req-c3944459-9b0a-45a9-b37c-8a8d9dfbe28b req-c3944459-9b0a-45a9-b37c-8a8d9dfbe28b ] Request (SecurityGroupsTestJSON:test_list_security_groups_by_server): 200 GET http://10.180.1.21/compute/v2.1/servers/6e484ac2-6437-488a-97e2-f5dedb5816c6 0.046s
2025-04-16 18:35:56.947 69975 INFO tempest.lib.common.rest_client [req-417214e3-9164-4e81-a035-a5a7b3fa541f req-417214e3-9164-4e81-a035-a5a7b3fa541f ] Request (TenantUsagesTestJSON:setUpClass): 200 GET http://10.180.1.21/compute/v2.1/servers/54630c78-200e-4b36-8612-34f411e08821 0.086s
2025-04-16 18:35:56.976 69927 INFO tempest.lib.common.rest_client [req-020fa36e-6cd8-4e0f-8d93-bf899102516c req-020fa36e-6cd8-4e0f-8d93-bf899102516c ] Request (AttachInterfacesTestJSON:test_create_list_show_delete_interfaces_by_fixed_ip): 200 GET http://10.180.1.21/compute/v2.1/servers/72591ff3-6bb9-4b0a-9f38-fa6111f74408 0.045s
2025-04-16 18:35:57.021 69973 INFO tempest.lib.common.rest_client [req-8b15fb72-b41a-47f7-ac2e-625037ec823f req-8b15fb72-b41a-47f7-ac2e-625037ec823f ] Request (InstanceActionsTestJSON:setUpClass): 200 GET http://10.180.1.21/compute/v2.1/servers/741e7ee9-8ee1-4b36-89cc-a640e6f6b97a 0.047s
2025-04-16 18:35:57.074 69967 INFO tempest.lib.common.rest_client [req-204562eb-30a8-4b24-b152-4b9fc6e18c6f req-204562eb-30a8-4b24-b152-4b9fc6e18c6f ] Request (ServersTestMultiNic:test_verify_duplicate_network_nics): 200 GET http://10.180.1.21/compute/v2.1/servers/28f086a0-3197-47a9-ad8d-6cfd3a59bfc3 0.047s
2025-04-16 18:35:57.116 69941 INFO tempest.lib.common.rest_client [req-7900e7ec-33d4-4ac1-b586-9bab42812852 req-7900e7ec-33d4-4ac1-b586-9bab42812852 ] Request (ImagesOneServerNegativeTestJSON:setUpClass): 200 GET http://10.180.1.21/compute/v2.1/servers/8e6a4fd6-5f80-476d-9789-adea1be2ae72 0.047s
2025-04-16 18:35:57.156 69971 INFO tempest.lib.common.rest_client [req-189774ed-c6a8-4f6a-9f91-151f926acc9f req-189774ed-c6a8-4f6a-9f91-151f926acc9f ] Request (ServerDiagnosticsNegativeTest:test_get_server_diagnostics_by_non_admin): 200 GET http://10.180.1.21/compute/v2.1/servers/63c7b328-2c8a-42a6-b340-78528a656f9f 0.045s
2025-04-16 18:35:57.205 69985 INFO tempest.lib.common.rest_client [req-3cd5139f-97d7-4b6b-80a0-e86bd4f685fd req-3cd5139f-97d7-4b6b-80a0-e86bd4f685fd ] Request (ServerExternalEventsTest:test_create_server_external_events): 200 GET http://10.180.1.21/compute/v2.1/servers/62954fe5-a462-40bd-85ec-d03b98d2ec42 0.045s
2025-04-16 18:35:57.251 69937 INFO tempest.lib.common.rest_client [req-6d07506e-b656-4586-898b-6834a45319e7 req-6d07506e-b656-4586-898b-6834a45319e7 ] Request (ServersAdminNegativeTestJSON:setUpClass): 200 GET http://10.180.1.21/compute/v2.1/servers/e0b188fb-3ec8-46c7-8966-ea4eaef2430b 0.046s
2025-04-16 18:35:57.292 69965 INFO tempest.lib.common.rest_client [req-4ac50767-b8e7-45fb-912c-4e588ba18d1a req-4ac50767-b8e7-45fb-912c-4e588ba18d1a ] Request (ServerMetadataNegativeTestJSON:setUpClass): 200 GET http://10.180.1.21/compute/v2.1/servers/2c03e5ce-0ebd-40b3-982a-f0f7d4742dde 0.046s
2025-04-16 18:35:57.334 69989 INFO tempest.lib.common.rest_client [req-089b629d-b04d-4236-8f14-3cbd13a167a8 req-089b629d-b04d-4236-8f14-3cbd13a167a8 ] Request (ServerActionsTestJSON:setUpClass): 200 GET http://10.180.1.21/compute/v2.1/servers/63b167e7-3d86-4ee4-8bae-bfb8fe084135 0.052s
2025-04-16 18:35:57.342 69963 INFO tempest.lib.common.rest_client [req-14fde0b2-cae9-4ffe-bd97-1b982eea2cfb req-14fde0b2-cae9-4ffe-bd97-1b982eea2cfb ] Request (ImagesTestJSON:test_create_image_from_stopped_server): 200 GET http://10.180.1.21/compute/v2.1/servers/1756fcf7-3d68-4d02-9a66-619d0a1a9505 0.127s
2025-04-16 18:35:57.377 69935 INFO tempest.lib.common.rest_client [req-b5f6cf1e-4d40-4157-93b2-867a37feb091 req-b5f6cf1e-4d40-4157-93b2-867a37feb091 ] Request (VolumesAdminNegativeTest:test_update_attached_volume_with_nonexistent_volume_in_body): 200 GET http://10.180.1.21/compute/v2.1/servers/51ebee08-c929-4485-b229-cd99d35db2f7 0.057s
2025-04-16 18:35:57.425 69947 INFO tempest.lib.common.rest_client [req-8d66f9da-727d-4260-8848-8c7584c749d8 req-8d66f9da-727d-4260-8848-8c7584c749d8 ] Request (ServersAdminTestJSON:setUpClass): 200 GET http://10.180.1.21/compute/v2.1/servers/ed63f202-c76d-4492-b738-606ee1c6b059 0.092s
2025-04-16 18:35:57.531 69955 INFO tempest.lib.common.rest_client [req-ff450009-3d19-4a25-8fb3-097971475e7c req-ff450009-3d19-4a25-8fb3-097971475e7c ] Request (VolumesAssistedSnapshotsTest:test_volume_assisted_snapshot_create_delete): 200 GET http://10.180.1.21/compute/v2.1/servers/2b75aa03-750c-49b3-b69a-63bfee58942f 0.046s
2025-04-16 18:35:57.549 69969 INFO tempest.lib.common.rest_client [req-8fa96db2-975b-4d41-b905-f15ac42b7c02 req-8fa96db2-975b-4d41-b905-f15ac42b7c02 ] Request (FloatingIPsAssociationNegativeTestJSON:setUpClass): 200 GET http://10.180.1.21/compute/v2.1/servers/ce04d2df-8587-4cda-93b1-cad7ba3ff670 0.087s
2025-04-16 18:35:57.574 69949 INFO tempest.lib.common.rest_client [req-c295c07f-af1f-418f-bb1d-18b0197d2019 req-c295c07f-af1f-418f-bb1d-18b0197d2019 ] Request (ImagesOneServerTestJSON:setUpClass): 200 GET http://10.180.1.21/compute/v2.1/servers/267be1e0-7768-421d-9ae4-f8acb5331b23 0.049s
2025-04-16 18:35:57.611 69953 INFO tempest.lib.common.rest_client [req-d142ced7-6c77-41fa-a560-23a65c1fecae req-d142ced7-6c77-41fa-a560-23a65c1fecae ] Request (ListServersNegativeTestJSON:setUpClass): 200 GET http://10.180.1.21/compute/v2.1/servers/19e7f1b0-5cd9-453f-8600-a7d76487de87 0.046s
2025-04-16 18:35:57.659 69961 INFO tempest.lib.common.rest_client [req-49208545-cff2-48b2-b3a6-029b8cdb5a9d req-49208545-cff2-48b2-b3a6-029b8cdb5a9d ] Request (InstanceActionsV221TestJSON:test_get_list_deleted_instance_actions): 200 GET http://10.180.1.21/compute/v2.1/servers/12ddb227-b0e5-47cf-92b0-5c7338c1120e 0.046s
2025-04-16 18:35:57.691 69943 INFO tempest.lib.common.rest_client [req-a6be1403-c067-4435-ae86-48eb306d3b74 req-a6be1403-c067-4435-ae86-48eb306d3b74 ] Request (InstanceActionsNegativeTestJSON:setUpClass): 200 GET http://10.180.1.21/compute/v2.1/servers/928bc799-4fed-4005-89d2-e18196f88ffb 0.086s
2025-04-16 18:35:57.702 69933 INFO tempest.lib.common.rest_client [req-8ecde4f1-b55f-4bb5-a4c4-331ee70b5833 req-8ecde4f1-b55f-4bb5-a4c4-331ee70b5833 ] Request (ServerGroupTestJSON:test_create_server_with_scheduler_hint_group): 200 GET http://10.180.1.21/compute/v2.1/servers/c411e626-dff7-4999-8e69-9716f322d518 0.045s
2025-04-16 18:35:57.747 69939 INFO tempest.lib.common.rest_client [req-4617c70d-425b-4014-aaf7-ca3e8beb713a req-4617c70d-425b-4014-aaf7-ca3e8beb713a ] Request (ListServerFiltersTestJSON:setUpClass): 200 GET http://10.180.1.21/compute/v2.1/servers/45ccc6ec-6501-4477-9b94-1c0e3d1271d9 0.049s
2025-04-16 18:35:57.783 69987 INFO tempest.lib.common.rest_client [req-f25898f8-d9e7-407b-9418-d01b6d3c2950 req-f25898f8-d9e7-407b-9418-d01b6d3c2950 ] Request (ServersTestManualDisk:setUpClass): 200 GET http://10.180.1.21/compute/v2.1/servers/dfbb396b-8f18-456d-9064-be451cdd1ac9 0.096s
2025-04-16 18:35:57.794 69983 INFO tempest.lib.common.rest_client [req-a8f9022e-9833-4cf9-b7fd-a00b56922bd6 req-a8f9022e-9833-4cf9-b7fd-a00b56922bd6 ] Request (ServersWithSpecificFlavorTestJSON:test_verify_created_server_ephemeral_disk): 200 GET http://10.180.1.21/compute/v2.1/servers/50dd8f44-95ae-4b0c-ad88-2f11f4886d57 0.067s
2025-04-16 18:35:57.841 69957 INFO tempest.lib.common.rest_client [req-77ac637e-78ff-4def-9fb3-580f2a8b12d2 req-77ac637e-78ff-4def-9fb3-580f2a8b12d2 ] Request (ServerMetadataTestJSON:setUpClass): 200 GET http://10.180.1.21/compute/v2.1/servers/b21a0b12-14c7-491f-ae08-f596924490d3 0.048s
2025-04-16 18:35:57.902 69959 INFO tempest.lib.common.rest_client [req-94c998cc-a49a-4e57-871c-f58e234b0dff req-94c998cc-a49a-4e57-871c-f58e234b0dff ] Request (ImagesNegativeTestJSON:test_create_image_from_deleted_server): 200 GET http://10.180.1.21/compute/v2.1/servers/613910dc-5ba5-482f-8b77-bf978fe622dd 0.048s
2025-04-16 18:35:57.942 69929 INFO tempest.lib.common.rest_client [req-8b214f69-7436-4713-a974-2a82f7661ac9 req-8b214f69-7436-4713-a974-2a82f7661ac9 ] Request (MigrationsAdminTest:test_list_migrations_in_flavor_resize_situation): 200 GET http://10.180.1.21/compute/v2.1/servers/9550f67e-b7b2-48a9-b918-e2f5b38f3bc1 0.087s
2025-04-16 18:35:57.944 69931 INFO tempest.lib.common.rest_client [req-b1e5dab6-bbbe-42c6-8e85-b3c0b360db00 req-b1e5dab6-bbbe-42c6-8e85-b3c0b360db00 ] Request (ServerActionsTestOtherA:setUpClass): 200 GET http://10.180.1.21/compute/v2.1/servers/ca4953f5-de55-4476-a845-c633a073eb43 0.047s
2025-04-16 18:35:57.988 69945 INFO tempest.lib.common.rest_client [req-c889cc53-4e8d-476b-9489-37958b01b2fb req-c889cc53-4e8d-476b-9489-37958b01b2fb ] Request (SecurityGroupsTestJSON:test_list_security_groups_by_server): 200 GET http://10.180.1.21/compute/v2.1/servers/6e484ac2-6437-488a-97e2-f5dedb5816c6 0.048s
2025-04-16 18:35:58.032 69927 INFO tempest.lib.common.rest_client [req-fd4a85db-476b-4293-a359-0c2faba10492 req-fd4a85db-476b-4293-a359-0c2faba10492 ] Request (AttachInterfacesTestJSON:test_create_list_show_delete_interfaces_by_fixed_ip): 200 GET http://10.180.1.21/compute/v2.1/servers/72591ff3-6bb9-4b0a-9f38-fa6111f74408 0.048s
2025-04-16 18:35:58.040 69975 INFO tempest.lib.common.rest_client [req-8fe62b08-7aa6-44a7-829b-8d4a6afabcf6 req-8fe62b08-7aa6-44a7-829b-8d4a6afabcf6 ] Request (TenantUsagesTestJSON:setUpClass): 200 GET http://10.180.1.21/compute/v2.1/servers/54630c78-200e-4b36-8612-34f411e08821 0.085s
2025-04-16 18:35:58.072 69973 INFO tempest.lib.common.rest_client [req-03ea9652-03e7-44e1-b886-cf57cd74e8d1 req-03ea9652-03e7-44e1-b886-cf57cd74e8d1 ] Request (InstanceActionsTestJSON:setUpClass): 200 GET http://10.180.1.21/compute/v2.1/servers/741e7ee9-8ee1-4b36-89cc-a640e6f6b97a 0.044s
2025-04-16 18:35:58.127 69967 INFO tempest.lib.common.rest_client [req-0372524e-e811-4fdf-9c8e-1f4fd95a8155 req-0372524e-e811-4fdf-9c8e-1f4fd95a8155 ] Request (ServersTestMultiNic:test_verify_duplicate_network_nics): 200 GET http://10.180.1.21/compute/v2.1/servers/28f086a0-3197-47a9-ad8d-6cfd3a59bfc3 0.044s
2025-04-16 18:35:58.168 69941 INFO tempest.lib.common.rest_client [req-2b03432b-40fd-49f0-835e-d0118bd788e6 req-2b03432b-40fd-49f0-835e-d0118bd788e6 ] Request (ImagesOneServerNegativeTestJSON:setUpClass): 200 GET http://10.180.1.21/compute/v2.1/servers/8e6a4fd6-5f80-476d-9789-adea1be2ae72 0.045s
2025-04-16 18:35:58.210 69971 INFO tempest.lib.common.rest_client [req-a4aba8ac-23d2-466f-b7e2-ed1b6c71de14 req-a4aba8ac-23d2-466f-b7e2-ed1b6c71de14 ] Request (ServerDiagnosticsNegativeTest:test_get_server_diagnostics_by_non_admin): 200 GET http://10.180.1.21/compute/v2.1/servers/63c7b328-2c8a-42a6-b340-78528a656f9f 0.046s
2025-04-16 18:35:58.259 69985 INFO tempest.lib.common.rest_client [req-e478a9f6-bb02-46ce-b23e-b62f10f4edf9 req-e478a9f6-bb02-46ce-b23e-b62f10f4edf9 ] Request (ServerExternalEventsTest:test_create_server_external_events): 200 GET http://10.180.1.21/compute/v2.1/servers/62954fe5-a462-40bd-85ec-d03b98d2ec42 0.047s
2025-04-16 18:35:58.305 69937 INFO tempest.lib.common.rest_client [req-1669a48b-7d1e-4f08-ab47-dadfcd0ba924 req-1669a48b-7d1e-4f08-ab47-dadfcd0ba924 ] Request (ServersAdminNegativeTestJSON:setUpClass): 200 GET http://10.180.1.21/compute/v2.1/servers/e0b188fb-3ec8-46c7-8966-ea4eaef2430b 0.045s
2025-04-16 18:35:58.343 69965 INFO tempest.lib.common.rest_client [req-3a03498f-bddb-4045-8b86-0280504545e5 req-3a03498f-bddb-4045-8b86-0280504545e5 ] Request (ServerMetadataNegativeTestJSON:setUpClass): 200 GET http://10.180.1.21/compute/v2.1/servers/2c03e5ce-0ebd-40b3-982a-f0f7d4742dde 0.044s
2025-04-16 18:35:58.388 69989 INFO tempest.lib.common.rest_client [req-a2f07d24-5683-47b9-a78b-b356375fd085 req-a2f07d24-5683-47b9-a78b-b356375fd085 ] Request (ServerActionsTestJSON:setUpClass): 200 GET http://10.180.1.21/compute/v2.1/servers/63b167e7-3d86-4ee4-8bae-bfb8fe084135 0.046s
2025-04-16 18:35:58.429 69935 INFO tempest.lib.common.rest_client [req-f2b48de0-0ef6-43c2-903c-d8fee105abd3 req-f2b48de0-0ef6-43c2-903c-d8fee105abd3 ] Request (VolumesAdminNegativeTest:test_update_attached_volume_with_nonexistent_volume_in_body): 200 GET http://10.180.1.21/compute/v2.1/servers/51ebee08-c929-4485-b229-cd99d35db2f7 0.044s
2025-04-16 18:35:58.433 69963 INFO tempest.lib.common.rest_client [req-ace57f02-737b-43a3-b3a6-17f961adf4f6 req-ace57f02-737b-43a3-b3a6-17f961adf4f6 ] Request (ImagesTestJSON:test_create_image_from_stopped_server): 200 GET http://10.180.1.21/compute/v2.1/servers/1756fcf7-3d68-4d02-9a66-619d0a1a9505 0.084s
2025-04-16 18:35:58.518 69947 INFO tempest.lib.common.rest_client [req-3c8abf78-837e-4b65-9fda-c89e409a2c4c req-3c8abf78-837e-4b65-9fda-c89e409a2c4c ] Request (ServersAdminTestJSON:setUpClass): 200 GET http://10.180.1.21/compute/v2.1/servers/ed63f202-c76d-4492-b738-606ee1c6b059 0.086s
2025-04-16 18:35:58.587 69955 INFO tempest.lib.common.rest_client [req-f324af1e-a912-441e-8344-29e6618362e6 req-f324af1e-a912-441e-8344-29e6618362e6 ] Request (VolumesAssistedSnapshotsTest:test_volume_assisted_snapshot_create_delete): 200 GET http://10.180.1.21/compute/v2.1/servers/2b75aa03-750c-49b3-b69a-63bfee58942f 0.047s
2025-04-16 18:35:58.630 69949 INFO tempest.lib.common.rest_client [req-f0eb1358-037e-420b-98f6-18acad91aa18 req-f0eb1358-037e-420b-98f6-18acad91aa18 ] Request (ImagesOneServerTestJSON:setUpClass): 200 GET http://10.180.1.21/compute/v2.1/servers/267be1e0-7768-421d-9ae4-f8acb5331b23 0.049s
2025-04-16 18:35:58.642 69969 INFO tempest.lib.common.rest_client [req-b4b28dbb-7ef2-4b6c-852f-bb80c7a8563a req-b4b28dbb-7ef2-4b6c-852f-bb80c7a8563a ] Request (FloatingIPsAssociationNegativeTestJSON:setUpClass): 200 GET http://10.180.1.21/compute/v2.1/servers/ce04d2df-8587-4cda-93b1-cad7ba3ff670 0.087s
2025-04-16 18:35:58.671 69953 INFO tempest.lib.common.rest_client [req-ee7d575e-342b-461c-9130-fc3106c4ad74 req-ee7d575e-342b-461c-9130-fc3106c4ad74 ] Request (ListServersNegativeTestJSON:setUpClass): 200 GET http://10.180.1.21/compute/v2.1/servers/19e7f1b0-5cd9-453f-8600-a7d76487de87 0.053s
2025-04-16 18:35:58.714 69961 INFO tempest.lib.common.rest_client [req-d45a8ef7-806f-409f-b7de-7e38783e1a8d req-d45a8ef7-806f-409f-b7de-7e38783e1a8d ] Request (InstanceActionsV221TestJSON:test_get_list_deleted_instance_actions): 200 GET http://10.180.1.21/compute/v2.1/servers/12ddb227-b0e5-47cf-92b0-5c7338c1120e 0.046s
2025-04-16 18:35:58.757 69933 INFO tempest.lib.common.rest_client [req-08032afb-92de-4f77-844e-6bdacbc36724 req-08032afb-92de-4f77-844e-6bdacbc36724 ] Request (ServerGroupTestJSON:test_create_server_with_scheduler_hint_group): 200 GET http://10.180.1.21/compute/v2.1/servers/c411e626-dff7-4999-8e69-9716f322d518 0.047s
2025-04-16 18:35:58.784 69943 INFO tempest.lib.common.rest_client [req-b38ccc2a-351c-44ba-8e5b-faf6d39fc304 req-b38ccc2a-351c-44ba-8e5b-faf6d39fc304 ] Request (InstanceActionsNegativeTestJSON:setUpClass): 200 GET http://10.180.1.21/compute/v2.1/servers/928bc799-4fed-4005-89d2-e18196f88ffb 0.085s
2025-04-16 18:35:58.799 69939 INFO tempest.lib.common.rest_client [req-9c41cf6c-8084-4010-80da-ba243781b876 req-9c41cf6c-8084-4010-80da-ba243781b876 ] Request (ListServerFiltersTestJSON:setUpClass): 200 GET http://10.180.1.21/compute/v2.1/servers/45ccc6ec-6501-4477-9b94-1c0e3d1271d9 0.045s
2025-04-16 18:35:58.846 69983 INFO tempest.lib.common.rest_client [req-513ea388-0219-4d38-bcb3-5a2d70e743d9 req-513ea388-0219-4d38-bcb3-5a2d70e743d9 ] Request (ServersWithSpecificFlavorTestJSON:test_verify_created_server_ephemeral_disk): 200 GET http://10.180.1.21/compute/v2.1/servers/50dd8f44-95ae-4b0c-ad88-2f11f4886d57 0.043s
2025-04-16 18:35:58.895 69957 INFO tempest.lib.common.rest_client [req-9d67f6d5-9aa4-440f-939f-0ded5c8cf94e req-9d67f6d5-9aa4-440f-939f-0ded5c8cf94e ] Request (ServerMetadataTestJSON:setUpClass): 200 GET http://10.180.1.21/compute/v2.1/servers/b21a0b12-14c7-491f-ae08-f596924490d3 0.046s
2025-04-16 18:35:58.918 69987 INFO tempest.lib.common.rest_client [req-1945ad21-1681-456b-b6c9-72865ecaf886 req-1945ad21-1681-456b-b6c9-72865ecaf886 ] Request (ServersTestManualDisk:setUpClass): 200 GET http://10.180.1.21/compute/v2.1/servers/dfbb396b-8f18-456d-9064-be451cdd1ac9 0.126s
2025-04-16 18:35:58.955 69959 INFO tempest.lib.common.rest_client [req-150587ad-2ec5-468b-96b8-797a39477e1c req-150587ad-2ec5-468b-96b8-797a39477e1c ] Request (ImagesNegativeTestJSON:test_create_image_from_deleted_server): 200 GET http://10.180.1.21/compute/v2.1/servers/613910dc-5ba5-482f-8b77-bf978fe622dd 0.046s
2025-04-16 18:35:58.999 69931 INFO tempest.lib.common.rest_client [req-56250738-01d7-4a59-8845-20f466c3da6b req-56250738-01d7-4a59-8845-20f466c3da6b ] Request (ServerActionsTestOtherA:setUpClass): 200 GET http://10.180.1.21/compute/v2.1/servers/ca4953f5-de55-4476-a845-c633a073eb43 0.048s
2025-04-16 18:35:59.035 69929 INFO tempest.lib.common.rest_client [req-0a36e31e-406b-4677-b756-65280916b79b req-0a36e31e-406b-4677-b756-65280916b79b ] Request (MigrationsAdminTest:test_list_migrations_in_flavor_resize_situation): 200 GET http://10.180.1.21/compute/v2.1/servers/9550f67e-b7b2-48a9-b918-e2f5b38f3bc1 0.086s
2025-04-16 18:35:59.045 69945 INFO tempest.lib.common.rest_client [req-69f52cf6-42f8-4874-a2b2-f8f7cdaf5684 req-69f52cf6-42f8-4874-a2b2-f8f7cdaf5684 ] Request (SecurityGroupsTestJSON:test_list_security_groups_by_server): 200 GET http://10.180.1.21/compute/v2.1/servers/6e484ac2-6437-488a-97e2-f5dedb5816c6 0.049s
2025-04-16 18:35:59.088 69927 INFO tempest.lib.common.rest_client [req-d5b3ea77-74f1-43da-a225-26e8405cce5b req-d5b3ea77-74f1-43da-a225-26e8405cce5b ] Request (AttachInterfacesTestJSON:test_create_list_show_delete_interfaces_by_fixed_ip): 200 GET http://10.180.1.21/compute/v2.1/servers/72591ff3-6bb9-4b0a-9f38-fa6111f74408 0.048s
2025-04-16 18:35:59.132 69973 INFO tempest.lib.common.rest_client [req-60642481-9d09-4f2b-8a9e-ad5d9fc69ed9 req-60642481-9d09-4f2b-8a9e-ad5d9fc69ed9 ] Request (InstanceActionsTestJSON:setUpClass): 200 GET http://10.180.1.21/compute/v2.1/servers/741e7ee9-8ee1-4b36-89cc-a640e6f6b97a 0.052s
2025-04-16 18:35:59.133 69975 INFO tempest.lib.common.rest_client [req-3d0b2ffb-f665-4af3-b7cf-286f9134c075 req-3d0b2ffb-f665-4af3-b7cf-286f9134c075 ] Request (TenantUsagesTestJSON:setUpClass): 200 GET http://10.180.1.21/compute/v2.1/servers/54630c78-200e-4b36-8612-34f411e08821 0.085s
2025-04-16 18:35:59.178 69967 INFO tempest.lib.common.rest_client [req-2ea0fed0-157b-4116-95f9-8b958e683883 req-2ea0fed0-157b-4116-95f9-8b958e683883 ] Request (ServersTestMultiNic:test_verify_duplicate_network_nics): 200 GET http://10.180.1.21/compute/v2.1/servers/28f086a0-3197-47a9-ad8d-6cfd3a59bfc3 0.042s
2025-04-16 18:35:59.220 69941 INFO tempest.lib.common.rest_client [req-47b50c7a-b84e-4097-abeb-8f99b44d1a96 req-47b50c7a-b84e-4097-abeb-8f99b44d1a96 ] Request (ImagesOneServerNegativeTestJSON:setUpClass): 200 GET http://10.180.1.21/compute/v2.1/servers/8e6a4fd6-5f80-476d-9789-adea1be2ae72 0.044s
2025-04-16 18:35:59.264 69971 INFO tempest.lib.common.rest_client [req-96afa59c-71a8-4586-bc9b-f47d64a655d8 req-96afa59c-71a8-4586-bc9b-f47d64a655d8 ] Request (ServerDiagnosticsNegativeTest:test_get_server_diagnostics_by_non_admin): 200 GET http://10.180.1.21/compute/v2.1/servers/63c7b328-2c8a-42a6-b340-78528a656f9f 0.046s
2025-04-16 18:35:59.313 69985 INFO tempest.lib.common.rest_client [req-ce1d2a69-255d-4427-a2cd-72c931735785 req-ce1d2a69-255d-4427-a2cd-72c931735785 ] Request (ServerExternalEventsTest:test_create_server_external_events): 200 GET http://10.180.1.21/compute/v2.1/servers/62954fe5-a462-40bd-85ec-d03b98d2ec42 0.046s
2025-04-16 18:35:59.358 69937 INFO tempest.lib.common.rest_client [req-01747666-e14f-4a0a-8c49-3e0a0531b746 req-01747666-e14f-4a0a-8c49-3e0a0531b746 ] Request (ServersAdminNegativeTestJSON:setUpClass): 200 GET http://10.180.1.21/compute/v2.1/servers/e0b188fb-3ec8-46c7-8966-ea4eaef2430b 0.046s
2025-04-16 18:35:59.397 69965 INFO tempest.lib.common.rest_client [req-89a7db8a-5bec-4b48-b1e8-2c63c371bf96 req-89a7db8a-5bec-4b48-b1e8-2c63c371bf96 ] Request (ServerMetadataNegativeTestJSON:setUpClass): 200 GET http://10.180.1.21/compute/v2.1/servers/2c03e5ce-0ebd-40b3-982a-f0f7d4742dde 0.046s
2025-04-16 18:35:59.440 69989 INFO tempest.lib.common.rest_client [req-d8674427-f230-4cb8-ba4f-86121a47f8fb req-d8674427-f230-4cb8-ba4f-86121a47f8fb ] Request (ServerActionsTestJSON:setUpClass): 200 GET http://10.180.1.21/compute/v2.1/servers/63b167e7-3d86-4ee4-8bae-bfb8fe084135 0.044s
2025-04-16 18:35:59.485 69935 INFO tempest.lib.common.rest_client [req-3a14eec1-7115-4f13-ba8f-62a4a75ff415 req-3a14eec1-7115-4f13-ba8f-62a4a75ff415 ] Request (VolumesAdminNegativeTest:test_update_attached_volume_with_nonexistent_volume_in_body): 200 GET http://10.180.1.21/compute/v2.1/servers/51ebee08-c929-4485-b229-cd99d35db2f7 0.048s
2025-04-16 18:35:59.526 69963 INFO tempest.lib.common.rest_client [req-acaf6eb5-226b-419b-a806-4e7f7963f9d6 req-acaf6eb5-226b-419b-a806-4e7f7963f9d6 ] Request (ImagesTestJSON:test_create_image_from_stopped_server): 200 GET http://10.180.1.21/compute/v2.1/servers/1756fcf7-3d68-4d02-9a66-619d0a1a9505 0.084s
2025-04-16 18:35:59.615 69947 INFO tempest.lib.common.rest_client [req-2b5d300f-e0ca-44c8-b745-c8c6ba51b49b req-2b5d300f-e0ca-44c8-b745-c8c6ba51b49b ] Request (ServersAdminTestJSON:setUpClass): 200 GET http://10.180.1.21/compute/v2.1/servers/ed63f202-c76d-4492-b738-606ee1c6b059 0.089s
2025-04-16 18:35:59.647 69955 INFO tempest.lib.common.rest_client [req-106ca5fd-5912-4a2e-ab0b-5aabb7e41e3a req-106ca5fd-5912-4a2e-ab0b-5aabb7e41e3a ] Request (VolumesAssistedSnapshotsTest:test_volume_assisted_snapshot_create_delete): 200 GET http://10.180.1.21/compute/v2.1/servers/2b75aa03-750c-49b3-b69a-63bfee58942f 0.052s
2025-04-16 18:35:59.683 69949 INFO tempest.lib.common.rest_client [req-dedddd47-0808-4c58-8144-a680ce1d50a1 req-dedddd47-0808-4c58-8144-a680ce1d50a1 ] Request (ImagesOneServerTestJSON:setUpClass): 200 GET http://10.180.1.21/compute/v2.1/servers/267be1e0-7768-421d-9ae4-f8acb5331b23 0.046s
2025-04-16 18:35:59.725 69953 INFO tempest.lib.common.rest_client [req-ba40ac5d-d440-4ce6-97c0-e2b90e718fe5 req-ba40ac5d-d440-4ce6-97c0-e2b90e718fe5 ] Request (ListServersNegativeTestJSON:setUpClass): 200 GET http://10.180.1.21/compute/v2.1/servers/19e7f1b0-5cd9-453f-8600-a7d76487de87 0.047s
2025-04-16 18:35:59.772 69961 INFO tempest.lib.common.rest_client [req-1e94cb7e-5fc1-498f-af92-fd49e566d50e req-1e94cb7e-5fc1-498f-af92-fd49e566d50e ] Request (InstanceActionsV221TestJSON:test_get_list_deleted_instance_actions): 200 GET http://10.180.1.21/compute/v2.1/servers/12ddb227-b0e5-47cf-92b0-5c7338c1120e 0.049s
2025-04-16 18:35:59.792 69969 INFO tempest.lib.common.rest_client [req-44141d7b-f1fc-4137-9f99-f6460b941611 req-44141d7b-f1fc-4137-9f99-f6460b941611 ] Request (FloatingIPsAssociationNegativeTestJSON:setUpClass): 200 GET http://10.180.1.21/compute/v2.1/servers/ce04d2df-8587-4cda-93b1-cad7ba3ff670 0.143s
2025-04-16 18:35:59.816 69933 INFO tempest.lib.common.rest_client [req-256751dc-dd4e-4417-a890-7c955a02af8d req-256751dc-dd4e-4417-a890-7c955a02af8d ] Request (ServerGroupTestJSON:test_create_server_with_scheduler_hint_group): 200 GET http://10.180.1.21/compute/v2.1/servers/c411e626-dff7-4999-8e69-9716f322d518 0.050s
2025-04-16 18:35:59.859 69939 INFO tempest.lib.common.rest_client [req-587c8917-0536-4102-8c13-e36a8ebb5153 req-587c8917-0536-4102-8c13-e36a8ebb5153 ] Request (ListServerFiltersTestJSON:setUpClass): 200 GET http://10.180.1.21/compute/v2.1/servers/45ccc6ec-6501-4477-9b94-1c0e3d1271d9 0.052s
2025-04-16 18:35:59.877 69943 INFO tempest.lib.common.rest_client [req-3f763bd9-2c98-45e6-a7d5-8ecc48b507e7 req-3f763bd9-2c98-45e6-a7d5-8ecc48b507e7 ] Request (InstanceActionsNegativeTestJSON:setUpClass): 200 GET http://10.180.1.21/compute/v2.1/servers/928bc799-4fed-4005-89d2-e18196f88ffb 0.084s
2025-04-16 18:35:59.902 69983 INFO tempest.lib.common.rest_client [req-b804796e-aec4-4cda-9f6d-d96e2da7f3e9 req-b804796e-aec4-4cda-9f6d-d96e2da7f3e9 ] Request (ServersWithSpecificFlavorTestJSON:test_verify_created_server_ephemeral_disk): 200 GET http://10.180.1.21/compute/v2.1/servers/50dd8f44-95ae-4b0c-ad88-2f11f4886d57 0.048s
2025-04-16 18:35:59.951 69957 INFO tempest.lib.common.rest_client [req-39c90237-b27d-479c-9d7a-3844b3e4dfa7 req-39c90237-b27d-479c-9d7a-3844b3e4dfa7 ] Request (ServerMetadataTestJSON:setUpClass): 200 GET http://10.180.1.21/compute/v2.1/servers/b21a0b12-14c7-491f-ae08-f596924490d3 0.047s
2025-04-16 18:36:00.011 69959 INFO tempest.lib.common.rest_client [req-769a1336-522a-4221-8ba4-07e13502cf39 req-769a1336-522a-4221-8ba4-07e13502cf39 ] Request (ImagesNegativeTestJSON:test_create_image_from_deleted_server): 200 GET http://10.180.1.21/compute/v2.1/servers/613910dc-5ba5-482f-8b77-bf978fe622dd 0.047s
2025-04-16 18:36:00.055 69987 INFO tempest.lib.common.rest_client [req-2a8a6635-ef23-4776-931a-58df0023e494 req-2a8a6635-ef23-4776-931a-58df0023e494 ] Request (ServersTestManualDisk:setUpClass): 200 GET http://10.180.1.21/compute/v2.1/servers/dfbb396b-8f18-456d-9064-be451cdd1ac9 0.130s
2025-04-16 18:36:00.056 69931 INFO tempest.lib.common.rest_client [req-323310ca-9e23-4142-bf63-e2783433df86 req-323310ca-9e23-4142-bf63-e2783433df86 ] Request (ServerActionsTestOtherA:setUpClass): 200 GET http://10.180.1.21/compute/v2.1/servers/ca4953f5-de55-4476-a845-c633a073eb43 0.048s
2025-04-16 18:36:00.098 69945 INFO tempest.lib.common.rest_client [req-09ab3a6a-8bef-4edb-bb04-14f5bf18bd02 req-09ab3a6a-8bef-4edb-bb04-14f5bf18bd02 ] Request (SecurityGroupsTestJSON:test_list_security_groups_by_server): 200 GET http://10.180.1.21/compute/v2.1/servers/6e484ac2-6437-488a-97e2-f5dedb5816c6 0.045s
2025-04-16 18:36:00.140 69927 INFO tempest.lib.common.rest_client [req-4bcd732a-8c75-44c4-a1b4-83e42ddd720f req-4bcd732a-8c75-44c4-a1b4-83e42ddd720f ] Request (AttachInterfacesTestJSON:test_create_list_show_delete_interfaces_by_fixed_ip): 200 GET http://10.180.1.21/compute/v2.1/servers/72591ff3-6bb9-4b0a-9f38-fa6111f74408 0.044s
2025-04-16 18:36:00.141 69929 INFO tempest.lib.common.rest_client [req-e8106d6f-a9a8-4349-a989-b8041038e66d req-e8106d6f-a9a8-4349-a989-b8041038e66d ] Request (MigrationsAdminTest:test_list_migrations_in_flavor_resize_situation): 200 GET http://10.180.1.21/compute/v2.1/servers/9550f67e-b7b2-48a9-b918-e2f5b38f3bc1 0.099s
2025-04-16 18:36:00.181 69973 INFO tempest.lib.common.rest_client [req-14b1daf8-fa14-4a31-9a41-f66bbb951be2 req-14b1daf8-fa14-4a31-9a41-f66bbb951be2 ] Request (InstanceActionsTestJSON:setUpClass): 200 GET http://10.180.1.21/compute/v2.1/servers/741e7ee9-8ee1-4b36-89cc-a640e6f6b97a 0.042s
2025-04-16 18:36:00.226 69975 INFO tempest.lib.common.rest_client [req-23b3d552-0fcd-42d4-8f3c-60e4c2d46218 req-23b3d552-0fcd-42d4-8f3c-60e4c2d46218 ] Request (TenantUsagesTestJSON:setUpClass): 200 GET http://10.180.1.21/compute/v2.1/servers/54630c78-200e-4b36-8612-34f411e08821 0.086s
2025-04-16 18:36:00.227 69967 INFO tempest.lib.common.rest_client [req-e16633b2-6e1d-4213-aedc-25523ae03ea6 req-e16633b2-6e1d-4213-aedc-25523ae03ea6 ] Request (ServersTestMultiNic:test_verify_duplicate_network_nics): 200 GET http://10.180.1.21/compute/v2.1/servers/28f086a0-3197-47a9-ad8d-6cfd3a59bfc3 0.042s
2025-04-16 18:36:00.272 69941 INFO tempest.lib.common.rest_client [req-177b3816-061c-4620-bed3-bc6be0f09a92 req-177b3816-061c-4620-bed3-bc6be0f09a92 ] Request (ImagesOneServerNegativeTestJSON:setUpClass): 200 GET http://10.180.1.21/compute/v2.1/servers/8e6a4fd6-5f80-476d-9789-adea1be2ae72 0.044s
2025-04-16 18:36:00.319 69971 INFO tempest.lib.common.rest_client [req-801ee991-ac53-497a-935f-1e369f58e26d req-801ee991-ac53-497a-935f-1e369f58e26d ] Request (ServerDiagnosticsNegativeTest:test_get_server_diagnostics_by_non_admin): 200 GET http://10.180.1.21/compute/v2.1/servers/63c7b328-2c8a-42a6-b340-78528a656f9f 0.047s
2025-04-16 18:36:00.367 69985 INFO tempest.lib.common.rest_client [req-fa0c6780-4b49-4fea-9f06-dc4d6cdf4ffe req-fa0c6780-4b49-4fea-9f06-dc4d6cdf4ffe ] Request (ServerExternalEventsTest:test_create_server_external_events): 200 GET http://10.180.1.21/compute/v2.1/servers/62954fe5-a462-40bd-85ec-d03b98d2ec42 0.046s
2025-04-16 18:36:00.411 69937 INFO tempest.lib.common.rest_client [req-fe70e544-f2bc-4824-88e5-b5ad3362d009 req-fe70e544-f2bc-4824-88e5-b5ad3362d009 ] Request (ServersAdminNegativeTestJSON:setUpClass): 200 GET http://10.180.1.21/compute/v2.1/servers/e0b188fb-3ec8-46c7-8966-ea4eaef2430b 0.045s
2025-04-16 18:36:00.449 69965 INFO tempest.lib.common.rest_client [req-18f90076-8d46-4f85-8dc5-d397bb51f96d req-18f90076-8d46-4f85-8dc5-d397bb51f96d ] Request (ServerMetadataNegativeTestJSON:setUpClass): 200 GET http://10.180.1.21/compute/v2.1/servers/2c03e5ce-0ebd-40b3-982a-f0f7d4742dde 0.044s
2025-04-16 18:36:00.492 69989 INFO tempest.lib.common.rest_client [req-b140e5b2-d361-4288-a492-f67b4b49b7f9 req-b140e5b2-d361-4288-a492-f67b4b49b7f9 ] Request (ServerActionsTestJSON:setUpClass): 200 GET http://10.180.1.21/compute/v2.1/servers/63b167e7-3d86-4ee4-8bae-bfb8fe084135 0.045s
2025-04-16 18:36:00.537 69935 INFO tempest.lib.common.rest_client [req-597e1d1f-17fd-4df4-af68-83a47ff58d9b req-597e1d1f-17fd-4df4-af68-83a47ff58d9b ] Request (VolumesAdminNegativeTest:test_update_attached_volume_with_nonexistent_volume_in_body): 200 GET http://10.180.1.21/compute/v2.1/servers/51ebee08-c929-4485-b229-cd99d35db2f7 0.045s
2025-04-16 18:36:00.622 69963 INFO tempest.lib.common.rest_client [req-a4e20272-8840-4be5-ac66-5b720ff8d114 req-a4e20272-8840-4be5-ac66-5b720ff8d114 ] Request (ImagesTestJSON:test_create_image_from_stopped_server): 200 GET http://10.180.1.21/compute/v2.1/servers/1756fcf7-3d68-4d02-9a66-619d0a1a9505 0.088s
2025-04-16 18:36:00.700 69955 INFO tempest.lib.common.rest_client [req-39c55b59-800a-44f0-8a6a-817a6241fbb7 req-39c55b59-800a-44f0-8a6a-817a6241fbb7 ] Request (VolumesAssistedSnapshotsTest:test_volume_assisted_snapshot_create_delete): 200 GET http://10.180.1.21/compute/v2.1/servers/2b75aa03-750c-49b3-b69a-63bfee58942f 0.045s
2025-04-16 18:36:00.743 69949 INFO tempest.lib.common.rest_client [req-bb0ab1ca-b02b-4fb3-85f3-54e897415045 req-bb0ab1ca-b02b-4fb3-85f3-54e897415045 ] Request (ImagesOneServerTestJSON:setUpClass): 200 GET http://10.180.1.21/compute/v2.1/servers/267be1e0-7768-421d-9ae4-f8acb5331b23 0.051s
2025-04-16 18:36:00.748 69947 INFO tempest.lib.common.rest_client [req-cb99f3ca-6911-4d2c-b496-d184fed81578 req-cb99f3ca-6911-4d2c-b496-d184fed81578 ] Request (ServersAdminTestJSON:setUpClass): 200 GET http://10.180.1.21/compute/v2.1/servers/ed63f202-c76d-4492-b738-606ee1c6b059 0.124s
2025-04-16 18:36:00.783 69953 INFO tempest.lib.common.rest_client [req-f253c923-df79-4edb-9b5f-b0073ac1f43d req-f253c923-df79-4edb-9b5f-b0073ac1f43d ] Request (ListServersNegativeTestJSON:setUpClass): 200 GET http://10.180.1.21/compute/v2.1/servers/19e7f1b0-5cd9-453f-8600-a7d76487de87 0.050s
2025-04-16 18:36:00.828 69961 INFO tempest.lib.common.rest_client [req-61e29b89-cc80-4c9c-b692-189174d23d65 req-61e29b89-cc80-4c9c-b692-189174d23d65 ] Request (InstanceActionsV221TestJSON:test_get_list_deleted_instance_actions): 200 GET http://10.180.1.21/compute/v2.1/servers/12ddb227-b0e5-47cf-92b0-5c7338c1120e 0.047s
2025-04-16 18:36:00.872 69933 INFO tempest.lib.common.rest_client [req-541ca043-369c-414f-b9bb-5723c2c499e1 req-541ca043-369c-414f-b9bb-5723c2c499e1 ] Request (ServerGroupTestJSON:test_create_server_with_scheduler_hint_group): 200 GET http://10.180.1.21/compute/v2.1/servers/c411e626-dff7-4999-8e69-9716f322d518 0.049s
2025-04-16 18:36:00.888 69969 INFO tempest.lib.common.rest_client [req-ea3fa4af-80b1-462f-a106-8ed57b24aa24 req-ea3fa4af-80b1-462f-a106-8ed57b24aa24 ] Request (FloatingIPsAssociationNegativeTestJSON:setUpClass): 200 GET http://10.180.1.21/compute/v2.1/servers/ce04d2df-8587-4cda-93b1-cad7ba3ff670 0.087s
2025-04-16 18:36:00.916 69939 INFO tempest.lib.common.rest_client [req-78dd497e-3270-4f19-85f8-07a871e6254b req-78dd497e-3270-4f19-85f8-07a871e6254b ] Request (ListServerFiltersTestJSON:setUpClass): 200 GET http://10.180.1.21/compute/v2.1/servers/45ccc6ec-6501-4477-9b94-1c0e3d1271d9 0.049s
2025-04-16 18:36:00.959 69983 INFO tempest.lib.common.rest_client [req-41389479-d019-4b48-a7c4-b814b38e2095 req-41389479-d019-4b48-a7c4-b814b38e2095 ] Request (ServersWithSpecificFlavorTestJSON:test_verify_created_server_ephemeral_disk): 200 GET http://10.180.1.21/compute/v2.1/servers/50dd8f44-95ae-4b0c-ad88-2f11f4886d57 0.049s
2025-04-16 18:36:01.002 69957 INFO tempest.lib.common.rest_client [req-6131c48a-4416-4519-9b58-de7f23b29274 req-6131c48a-4416-4519-9b58-de7f23b29274 ] Request (ServerMetadataTestJSON:setUpClass): 200 GET http://10.180.1.21/compute/v2.1/servers/b21a0b12-14c7-491f-ae08-f596924490d3 0.044s
2025-04-16 18:36:01.012 69943 INFO tempest.lib.common.rest_client [req-f01ad9ed-4d35-482f-b775-534d122d030b req-f01ad9ed-4d35-482f-b775-534d122d030b ] Request (InstanceActionsNegativeTestJSON:setUpClass): 200 GET http://10.180.1.21/compute/v2.1/servers/928bc799-4fed-4005-89d2-e18196f88ffb 0.127s
2025-04-16 18:36:01.064 69959 INFO tempest.lib.common.rest_client [req-6f3f65d3-d4b8-4bb2-972e-007d2b48f1c9 req-6f3f65d3-d4b8-4bb2-972e-007d2b48f1c9 ] Request (ImagesNegativeTestJSON:test_create_image_from_deleted_server): 200 GET http://10.180.1.21/compute/v2.1/servers/613910dc-5ba5-482f-8b77-bf978fe622dd 0.045s
2025-04-16 18:36:01.110 69931 INFO tempest.lib.common.rest_client [req-302d45a9-e646-48c3-b376-a86da10340b2 req-302d45a9-e646-48c3-b376-a86da10340b2 ] Request (ServerActionsTestOtherA:setUpClass): 200 GET http://10.180.1.21/compute/v2.1/servers/ca4953f5-de55-4476-a845-c633a073eb43 0.044s
2025-04-16 18:36:01.151 69987 INFO tempest.lib.common.rest_client [req-3fdf5c6e-6e59-40c2-a763-2a7e466b5a08 req-3fdf5c6e-6e59-40c2-a763-2a7e466b5a08 ] Request (ServersTestManualDisk:setUpClass): 200 GET http://10.180.1.21/compute/v2.1/servers/dfbb396b-8f18-456d-9064-be451cdd1ac9 0.087s
2025-04-16 18:36:01.154 69945 INFO tempest.lib.common.rest_client [req-6eaca5c5-6f5b-4db6-9a01-88fceeabce91 req-6eaca5c5-6f5b-4db6-9a01-88fceeabce91 ] Request (SecurityGroupsTestJSON:test_list_security_groups_by_server): 200 GET http://10.180.1.21/compute/v2.1/servers/6e484ac2-6437-488a-97e2-f5dedb5816c6 0.048s
2025-04-16 18:36:01.196 69927 INFO tempest.lib.common.rest_client [req-f46e4763-463d-4f32-a334-d65d6916846c req-f46e4763-463d-4f32-a334-d65d6916846c ] Request (AttachInterfacesTestJSON:test_create_list_show_delete_interfaces_by_fixed_ip): 200 GET http://10.180.1.21/compute/v2.1/servers/72591ff3-6bb9-4b0a-9f38-fa6111f74408 0.048s
2025-04-16 18:36:01.241 69973 INFO tempest.lib.common.rest_client [req-0bace654-58c2-4044-878a-f02ccc13ddc0 req-0bace654-58c2-4044-878a-f02ccc13ddc0 ] Request (InstanceActionsTestJSON:setUpClass): 200 GET http://10.180.1.21/compute/v2.1/servers/741e7ee9-8ee1-4b36-89cc-a640e6f6b97a 0.052s
2025-04-16 18:36:01.281 69929 INFO tempest.lib.common.rest_client [req-26918543-fe10-4ee5-9ff0-e45cb731333d req-26918543-fe10-4ee5-9ff0-e45cb731333d ] Request (MigrationsAdminTest:test_list_migrations_in_flavor_resize_situation): 200 GET http://10.180.1.21/compute/v2.1/servers/9550f67e-b7b2-48a9-b918-e2f5b38f3bc1 0.131s
2025-04-16 18:36:01.324 69967 INFO tempest.lib.common.rest_client [req-9b5a84de-6215-4a8f-8521-260f03e97d07 req-9b5a84de-6215-4a8f-8521-260f03e97d07 ] Request (ServersTestMultiNic:test_verify_duplicate_network_nics): 200 GET http://10.180.1.21/compute/v2.1/servers/28f086a0-3197-47a9-ad8d-6cfd3a59bfc3 0.089s
2025-04-16 18:36:01.363 69975 INFO tempest.lib.common.rest_client [req-593d672d-6c46-4047-a06a-76674c9cbd65 req-593d672d-6c46-4047-a06a-76674c9cbd65 ] Request (TenantUsagesTestJSON:setUpClass): 200 GET http://10.180.1.21/compute/v2.1/servers/54630c78-200e-4b36-8612-34f411e08821 0.130s
2025-04-16 18:36:01.368 69941 INFO tempest.lib.common.rest_client [req-c11372ce-bca2-437d-af9e-86a9b2ba2ac0 req-c11372ce-bca2-437d-af9e-86a9b2ba2ac0 ] Request (ImagesOneServerNegativeTestJSON:setUpClass): 200 GET http://10.180.1.21/compute/v2.1/servers/8e6a4fd6-5f80-476d-9789-adea1be2ae72 0.088s
2025-04-16 18:36:01.407 69971 INFO tempest.lib.common.rest_client [req-b595630d-63d3-4cf1-9364-59c23b604608 req-b595630d-63d3-4cf1-9364-59c23b604608 ] Request (ServerDiagnosticsNegativeTest:test_get_server_diagnostics_by_non_admin): 200 GET http://10.180.1.21/compute/v2.1/servers/63c7b328-2c8a-42a6-b340-78528a656f9f 0.080s
2025-04-16 18:36:01.419 69985 INFO tempest.lib.common.rest_client [req-94ad2017-b05a-4d8c-b54e-ca9727a79a33 req-94ad2017-b05a-4d8c-b54e-ca9727a79a33 ] Request (ServerExternalEventsTest:test_create_server_external_events): 200 GET http://10.180.1.21/compute/v2.1/servers/62954fe5-a462-40bd-85ec-d03b98d2ec42 0.044s
2025-04-16 18:36:01.463 69937 INFO tempest.lib.common.rest_client [req-fa33b4fe-c798-4ab2-bdcd-e34992234a77 req-fa33b4fe-c798-4ab2-bdcd-e34992234a77 ] Request (ServersAdminNegativeTestJSON:setUpClass): 200 GET http://10.180.1.21/compute/v2.1/servers/e0b188fb-3ec8-46c7-8966-ea4eaef2430b 0.043s
2025-04-16 18:36:01.502 69965 INFO tempest.lib.common.rest_client [req-2cf5ac57-c3b0-4353-acbe-bc0ddd533348 req-2cf5ac57-c3b0-4353-acbe-bc0ddd533348 ] Request (ServerMetadataNegativeTestJSON:setUpClass): 200 GET http://10.180.1.21/compute/v2.1/servers/2c03e5ce-0ebd-40b3-982a-f0f7d4742dde 0.045s
2025-04-16 18:36:01.545 69989 INFO tempest.lib.common.rest_client [req-36d08815-c703-457a-a4a3-7e1c295b4f97 req-36d08815-c703-457a-a4a3-7e1c295b4f97 ] Request (ServerActionsTestJSON:setUpClass): 200 GET http://10.180.1.21/compute/v2.1/servers/63b167e7-3d86-4ee4-8bae-bfb8fe084135 0.044s
2025-04-16 18:36:01.590 69935 INFO tempest.lib.common.rest_client [req-0aefa046-79b5-4f64-bdde-63b0b5fae4e6 req-0aefa046-79b5-4f64-bdde-63b0b5fae4e6 ] Request (VolumesAdminNegativeTest:test_update_attached_volume_with_nonexistent_volume_in_body): 200 GET http://10.180.1.21/compute/v2.1/servers/51ebee08-c929-4485-b229-cd99d35db2f7 0.045s
2025-04-16 18:36:01.716 69963 INFO tempest.lib.common.rest_client [req-35991266-b639-4582-8360-e3d09deebee6 req-35991266-b639-4582-8360-e3d09deebee6 ] Request (ImagesTestJSON:test_create_image_from_stopped_server): 200 GET http://10.180.1.21/compute/v2.1/servers/1756fcf7-3d68-4d02-9a66-619d0a1a9505 0.087s
2025-04-16 18:36:01.758 69955 INFO tempest.lib.common.rest_client [req-93dfe3ea-c7de-471b-9e1e-01d6573efeac req-93dfe3ea-c7de-471b-9e1e-01d6573efeac ] Request (VolumesAssistedSnapshotsTest:test_volume_assisted_snapshot_create_delete): 200 GET http://10.180.1.21/compute/v2.1/servers/2b75aa03-750c-49b3-b69a-63bfee58942f 0.050s
2025-04-16 18:36:01.800 69949 INFO tempest.lib.common.rest_client [req-ef964bea-2f91-4559-8b4d-b5acbfe7bc5c req-ef964bea-2f91-4559-8b4d-b5acbfe7bc5c ] Request (ImagesOneServerTestJSON:setUpClass): 200 GET http://10.180.1.21/compute/v2.1/servers/267be1e0-7768-421d-9ae4-f8acb5331b23 0.049s
2025-04-16 18:36:01.844 69953 INFO tempest.lib.common.rest_client [req-c9fd6776-6c12-4ffc-ae46-098b868d4f25 req-c9fd6776-6c12-4ffc-ae46-098b868d4f25 ] Request (ListServersNegativeTestJSON:setUpClass): 200 GET http://10.180.1.21/compute/v2.1/servers/19e7f1b0-5cd9-453f-8600-a7d76487de87 0.052s
2025-04-16 18:36:01.847 69947 INFO tempest.lib.common.rest_client [req-49947d56-c9b0-4eda-85ae-f3ac97ebb7aa req-49947d56-c9b0-4eda-85ae-f3ac97ebb7aa ] Request (ServersAdminTestJSON:setUpClass): 200 GET http://10.180.1.21/compute/v2.1/servers/ed63f202-c76d-4492-b738-606ee1c6b059 0.091s
2025-04-16 18:36:01.892 69961 INFO tempest.lib.common.rest_client [req-378b4314-f741-4426-b113-769250037171 req-378b4314-f741-4426-b113-769250037171 ] Request (InstanceActionsV221TestJSON:test_get_list_deleted_instance_actions): 200 GET http://10.180.1.21/compute/v2.1/servers/12ddb227-b0e5-47cf-92b0-5c7338c1120e 0.054s
2025-04-16 18:36:01.928 69933 INFO tempest.lib.common.rest_client [req-a287d163-a029-4312-82cd-c543238fc141 req-a287d163-a029-4312-82cd-c543238fc141 ] Request (ServerGroupTestJSON:test_create_server_with_scheduler_hint_group): 200 GET http://10.180.1.21/compute/v2.1/servers/c411e626-dff7-4999-8e69-9716f322d518 0.048s
2025-04-16 18:36:01.972 69939 INFO tempest.lib.common.rest_client [req-9e3d2172-bdbe-4bea-bc7f-48dc2eebf569 req-9e3d2172-bdbe-4bea-bc7f-48dc2eebf569 ] Request (ListServerFiltersTestJSON:setUpClass): 200 GET http://10.180.1.21/compute/v2.1/servers/45ccc6ec-6501-4477-9b94-1c0e3d1271d9 0.048s
2025-04-16 18:36:01.982 69969 INFO tempest.lib.common.rest_client [req-d8b4b47b-8b2c-4399-a408-983f5179afd4 req-d8b4b47b-8b2c-4399-a408-983f5179afd4 ] Request (FloatingIPsAssociationNegativeTestJSON:setUpClass): 200 GET http://10.180.1.21/compute/v2.1/servers/ce04d2df-8587-4cda-93b1-cad7ba3ff670 0.087s
2025-04-16 18:36:02.015 69983 INFO tempest.lib.common.rest_client [req-80d03fbf-b0e0-42d6-8fd9-6d2ebb07b6cc req-80d03fbf-b0e0-42d6-8fd9-6d2ebb07b6cc ] Request (ServersWithSpecificFlavorTestJSON:test_verify_created_server_ephemeral_disk): 200 GET http://10.180.1.21/compute/v2.1/servers/50dd8f44-95ae-4b0c-ad88-2f11f4886d57 0.049s
2025-04-16 18:36:02.059 69957 INFO tempest.lib.common.rest_client [req-de51a013-e479-4077-a426-0763b264ad29 req-de51a013-e479-4077-a426-0763b264ad29 ] Request (ServerMetadataTestJSON:setUpClass): 200 GET http://10.180.1.21/compute/v2.1/servers/b21a0b12-14c7-491f-ae08-f596924490d3 0.049s
2025-04-16 18:36:02.120 69959 INFO tempest.lib.common.rest_client [req-ba92030d-1c8e-4c43-bbff-45d58f05da86 req-ba92030d-1c8e-4c43-bbff-45d58f05da86 ] Request (ImagesNegativeTestJSON:test_create_image_from_deleted_server): 200 GET http://10.180.1.21/compute/v2.1/servers/613910dc-5ba5-482f-8b77-bf978fe622dd 0.048s
2025-04-16 18:36:02.165 69931 INFO tempest.lib.common.rest_client [req-1c8dc263-800f-4275-a448-ce6014c05990 req-1c8dc263-800f-4275-a448-ce6014c05990 ] Request (ServerActionsTestOtherA:setUpClass): 200 GET http://10.180.1.21/compute/v2.1/servers/ca4953f5-de55-4476-a845-c633a073eb43 0.047s
2025-04-16 18:36:02.252 69987 INFO tempest.lib.common.rest_client [req-0f6e9d43-3d7d-4a8c-9bfc-1f2af1c3777d req-0f6e9d43-3d7d-4a8c-9bfc-1f2af1c3777d ] Request (ServersTestManualDisk:setUpClass): 200 GET http://10.180.1.21/compute/v2.1/servers/dfbb396b-8f18-456d-9064-be451cdd1ac9 0.093s
2025-04-16 18:36:02.298 69945 INFO tempest.lib.common.rest_client [req-83232dac-a438-4dee-9666-2bf1d90b6ad8 req-83232dac-a438-4dee-9666-2bf1d90b6ad8 ] Request (SecurityGroupsTestJSON:test_list_security_groups_by_server): 200 GET http://10.180.1.21/compute/v2.1/servers/6e484ac2-6437-488a-97e2-f5dedb5816c6 0.137s
2025-04-16 18:36:02.328 69943 INFO tempest.lib.common.rest_client [req-9af4f841-dc95-479a-8921-654254bd3cb8 req-9af4f841-dc95-479a-8921-654254bd3cb8 ] Request (InstanceActionsNegativeTestJSON:setUpClass): 200 GET http://10.180.1.21/compute/v2.1/servers/928bc799-4fed-4005-89d2-e18196f88ffb 0.308s
