2025-04-16 18:33:30.112 69955 INFO tempest.lib.common.rest_client [req-52cce1e4-608b-469f-99f1-26d4f13e98b6 req-52cce1e4-608b-469f-99f1-26d4f13e98b6 ] Request (VolumesAssistedSnapshotsTest:setUpClass): 201 POST http://10.180.1.21:9696/networking/v2.0/networks 1.324s
2025-04-16 18:33:30.148 69973 INFO tempest.lib.common.rest_client [req-dd991f14-26fc-4aaa-98f6-7ff4ae497b19 req-dd991f14-26fc-4aaa-98f6-7ff4ae497b19 ] Request (InstanceActionsTestJSON:setUpClass): 201 POST http://10.180.1.21/identity/v3/auth/tokens 0.066s
2025-04-16 18:33:30.280 69947 INFO tempest.lib.common.rest_client [req-774e3793-c4bd-4af9-a671-bea09949a2d7 req-774e3793-c4bd-4af9-a671-bea09949a2d7 ] Request (ServersAdminTestJSON:setUpClass): 202 POST http://10.180.1.21/compute/v2.1/servers 3.335s
2025-04-16 18:33:30.366 69947 INFO tempest.lib.common.rest_client [req-94477f9d-f883-4cde-a0ed-6a905fe249e9 req-94477f9d-f883-4cde-a0ed-6a905fe249e9 ] Request (ServersAdminTestJSON:setUpClass): 201 POST http://10.180.1.21/identity/v3/auth/tokens 0.079s
2025-04-16 18:33:30.366 69947 INFO tempest.lib.common.fixed_network [-] (ServersAdminTestJSON:setUpClass) Found network {'id': 'add7e0ae-c621-4a5b-a4fe-c7fc9a267c92', 'name': 'tempest-ServersAdminTestJSON-2032585077-network', 'tenant_id': 'a3d06fdf00fb4237b20e95cfcdee2af1', 'admin_state_up': True, 'mtu': 8950, 'status': 'ACTIVE', 'subnets': [], 'shared': False, 'project_id': 'a3d06fdf00fb4237b20e95cfcdee2af1', 'port_security_enabled': True, 'router:external': False, 'provider:network_type': 'vlan', 'provider:physical_network': 'default', 'provider:segmentation_id': 340, 'is_default': False, 'availability_zone_hints': [], 'availability_zones': [], 'ipv4_address_scope': None, 'ipv6_address_scope': None, 'description': '', 'tags': [], 'created_at': '2025-04-16T18:33:03Z', 'updated_at': '2025-04-16T18:33:03Z', 'revision_number': 1} available for tenant
2025-04-16 18:33:30.375 69967 INFO tempest.lib.common.rest_client [req-0380bf51-3c5b-4002-870b-29f2d23642aa req-0380bf51-3c5b-4002-870b-29f2d23642aa ] Request (ServicesAdminTestJSON:tearDownClass): 204 DELETE http://10.180.1.21:9696/networking/v2.0/security-groups/1e365a1c-bf81-43b3-bb83-62af4c4856d6 0.533s
2025-04-16 18:33:30.383 69943 INFO tempest.lib.common.rest_client [req-b1609621-7524-4731-9c13-6781fd2fc028 req-b1609621-7524-4731-9c13-6781fd2fc028 ] Request (InstanceActionsNegativeTestJSON:setUpClass): 202 POST http://10.180.1.21/compute/v2.1/servers 3.825s
2025-04-16 18:33:30.414 69981 INFO tempest.lib.common.rest_client [req-368ea780-6352-4a46-8331-9c8c63fd4ca9 req-368ea780-6352-4a46-8331-9c8c63fd4ca9 ] Request (QuotaClassesAdmin257Test:tearDownClass): 204 DELETE http://10.180.1.21:9696/networking/v2.0/security-groups/6de71557-d74d-4928-8b9f-77172375676d 0.598s
2025-04-16 18:33:30.465 69967 INFO tempest.lib.common.rest_client [req-7a330eee-b3de-4469-b768-4c6e7c46f846 req-7a330eee-b3de-4469-b768-4c6e7c46f846 ] Request (ServicesAdminTestJSON:tearDownClass): 204 DELETE http://10.180.1.21/identity/v3/projects/832c4131596d4e52b341787f854aa1f0 0.090s
2025-04-16 18:33:30.545 69983 INFO tempest.lib.common.rest_client [req-ea2f85df-44fa-44bc-bc14-81bcd621b7ea req-ea2f85df-44fa-44bc-bc14-81bcd621b7ea ] Request (ServersWithSpecificFlavorTestJSON:test_verify_created_server_ephemeral_disk): 200 GET http://10.180.1.21/compute/v2.1/flavors/42 3.271s
2025-04-16 18:33:30.556 69967 INFO tempest.lib.common.rest_client [req-77c411b9-6525-49e5-8650-504398245c05 req-77c411b9-6525-49e5-8650-504398245c05 ] Request (ServersTestMultiNic:setUpClass): 201 POST http://10.180.1.21/identity/v3/auth/tokens 0.089s
2025-04-16 18:33:30.574 69951 INFO tempest.lib.common.rest_client [req-b2c76ae6-983d-47aa-a6ac-7f38ffe8eb63 req-b2c76ae6-983d-47aa-a6ac-7f38ffe8eb63 ] Request (FlavorsAdminTestJSON:_run_cleanups): 200 GET http://10.180.1.21/compute/v2.1/flavors/detail 2.821s
2025-04-16 18:33:30.602 69967 INFO tempest.lib.common.rest_client [req-9d061daf-b80b-410b-96cd-ae2bbf541221 req-9d061daf-b80b-410b-96cd-ae2bbf541221 ] Request (ServersTestMultiNic:setUpClass): 201 POST http://10.180.1.21/identity/v3/auth/tokens 0.041s
2025-04-16 18:33:30.625 69967 INFO tempest.lib.common.rest_client [req-43991b77-c953-46b8-bc8c-5d9ffd1041bd req-43991b77-c953-46b8-bc8c-5d9ffd1041bd ] Request (ServersTestMultiNic:setUpClass): 200 GET http://10.180.1.21/identity/v3/domains?name=Default 0.023s
2025-04-16 18:33:30.665 69967 INFO tempest.lib.common.rest_client [req-9337b254-a565-4750-b91c-786750051e71 req-9337b254-a565-4750-b91c-786750051e71 ] Request (ServersTestMultiNic:setUpClass): 201 POST http://10.180.1.21/identity/v3/projects 0.040s
2025-04-16 18:33:30.680 69935 INFO tempest.lib.common.rest_client [req-9837d9ff-2e61-4dfe-9c23-968da34d7e56 req-9837d9ff-2e61-4dfe-9c23-968da34d7e56 ] Request (VolumesAdminNegativeTest:setUpClass): 200 PUT http://10.180.1.21:9696/networking/v2.0/routers/81659fa4-88e9-448f-9fca-e917efb4d342/add_router_interface 3.507s
2025-04-16 18:33:30.680 69935 INFO tempest.lib.common.dynamic_creds [-] Created isolated network resources for: credentials: Credentials: {'domain_id': 'default', 'domain_name': 'Default', 'username': 'tempest-VolumesAdminNegativeTest-919289879-project-member', 'project_domain_id': 'default', 'project_domain_name': 'Default', 'project_id': '4eec00c770df46a7a2bd2d1078623820', 'project_name': 'tempest-VolumesAdminNegativeTest-919289879', 'tenant_id': '4eec00c770df46a7a2bd2d1078623820', 'tenant_name': 'tempest-VolumesAdminNegativeTest-919289879', 'user_domain_id': 'default', 'user_domain_name': 'Default', 'user_id': 'cfdb0a16fa274c3abbc999cc6283e224', 'system': None}, Network: {'id': '97414936-ba34-4700-85c3-213341973608', 'name': 'tempest-VolumesAdminNegativeTest-1268769319-network', 'tenant_id': '4eec00c770df46a7a2bd2d1078623820', 'admin_state_up': True, 'mtu': 8950, 'status': 'ACTIVE', 'subnets': [], 'shared': False, 'project_id': '4eec00c770df46a7a2bd2d1078623820', 'port_security_enabled': True, 'router:external': False, 'provider:network_type': 'vlan', 'provider:physical_network': 'default', 'provider:segmentation_id': 800, 'is_default': False, 'availability_zone_hints': [], 'availability_zones': [], 'ipv4_address_scope': None, 'ipv6_address_scope': None, 'description': '', 'tags': [], 'created_at': '2025-04-16T18:33:20Z', 'updated_at': '2025-04-16T18:33:21Z', 'revision_number': 1}, Subnet: {'id': '6e2a3cbf-7ab6-4cbd-b3ef-7c8b72dc7f6e', 'name': 'tempest-VolumesAdminNegativeTest-1268769319-subnet', 'tenant_id': '4eec00c770df46a7a2bd2d1078623820', 'network_id': '97414936-ba34-4700-85c3-213341973608', 'ip_version': 4, 'subnetpool_id': None, 'enable_dhcp': True, 'ipv6_ra_mode': None, 'ipv6_address_mode': None, 'gateway_ip': '192.168.128.1', 'cidr': '192.168.128.0/28', 'allocation_pools': [{'start': '192.168.128.2', 'end': '192.168.128.14'}], 'host_routes': [], 'dns_nameservers': [], 'description': '', 'service_types': [], 'tags': [], 'created_at': '2025-04-16T18:33:21Z', 'updated_at': '2025-04-16T18:33:21Z', 'revision_number': 0, 'project_id': '4eec00c770df46a7a2bd2d1078623820'}, Router: {'id': '81659fa4-88e9-448f-9fca-e917efb4d342', 'name': 'tempest-VolumesAdminNegativeTest-1268769319-router', 'tenant_id': '4eec00c770df46a7a2bd2d1078623820', 'admin_state_up': True, 'status': 'ACTIVE', 'external_gateway_info': {'network_id': 'e81bd06e-bb16-4eac-aed6-b707886b5654', 'external_fixed_ips': [{'subnet_id': 'ee477ad6-d1bc-4715-8df0-6ebdabb2ddc7', 'ip_address': '10.180.180.147'}], 'enable_snat': True}, 'description': '', 'availability_zones': [], 'distributed': False, 'ha': False, 'availability_zone_hints': [], 'routes': [], 'flavor_id': None, 'tags': [], 'created_at': '2025-04-16T18:33:23Z', 'updated_at': '2025-04-16T18:33:25Z', 'revision_number': 2, 'project_id': '4eec00c770df46a7a2bd2d1078623820'}
2025-04-16 18:33:30.750 69967 INFO tempest.lib.common.rest_client [req-8de49d5a-0707-47c5-b9b8-e627ff9f69f6 req-8de49d5a-0707-47c5-b9b8-e627ff9f69f6 ] Request (ServersTestMultiNic:setUpClass): 201 POST http://10.180.1.21/identity/v3/users 0.084s
2025-04-16 18:33:30.757 69981 INFO tempest.lib.common.rest_client [req-1bdf4788-055a-41cd-b720-dce14c810d8b req-1bdf4788-055a-41cd-b720-dce14c810d8b ] Request (QuotaClassesAdmin257Test:tearDownClass): 204 DELETE http://10.180.1.21/identity/v3/projects/f6884ac265b64e8889c004cc45ff56ef 0.343s
2025-04-16 18:33:30.757 69981 INFO tempest.lib.common.dynamic_creds [-] Deleting project and security group for project: ba5d7a28cbeb4f66a27893fafa77cfb4
2025-04-16 18:33:30.816 69967 INFO tempest.lib.common.rest_client [req-9bf49f6c-97c1-4338-b353-d6bd1996087a req-9bf49f6c-97c1-4338-b353-d6bd1996087a ] Request (ServersTestMultiNic:setUpClass): 200 GET http://10.180.1.21/identity/v3/roles 0.065s
2025-04-16 18:33:30.853 69935 INFO tempest.lib.common.rest_client [req-607d965f-9c88-4df3-8ae6-bbdc942e8d01 req-607d965f-9c88-4df3-8ae6-bbdc942e8d01 ] Request (VolumesAdminNegativeTest:setUpClass): 201 POST http://10.180.1.21/identity/v3/auth/tokens 0.168s
2025-04-16 18:33:30.867 69967 INFO tempest.lib.common.rest_client [req-6b851269-3d4c-4774-884f-e4e942dc1177 req-6b851269-3d4c-4774-884f-e4e942dc1177 ] Request (ServersTestMultiNic:setUpClass): 204 PUT http://10.180.1.21/identity/v3/projects/102a9faeda9947cf85c59ab5e841d46a/users/84fd4840e38140e5b5d4b884f269a32a/roles/0edfe17eaf3e450a88227ce59b30d435 0.051s
2025-04-16 18:33:30.868 69967 INFO tempest.lib.common.dynamic_creds [-] Dynamic test user 84fd4840e38140e5b5d4b884f269a32a is created with scope project and roles: ['member']
2025-04-16 18:33:30.868 69967 INFO tempest.lib.common.dynamic_creds [-] Acquired dynamic creds: credentials: Credentials: {'domain_id': 'default', 'domain_name': 'Default', 'username': 'tempest-ServersTestMultiNic-1461458840-project-member', 'project_domain_id': 'default', 'project_domain_name': 'Default', 'project_id': '102a9faeda9947cf85c59ab5e841d46a', 'project_name': 'tempest-ServersTestMultiNic-1461458840', 'tenant_id': '102a9faeda9947cf85c59ab5e841d46a', 'tenant_name': 'tempest-ServersTestMultiNic-1461458840', 'user_domain_id': 'default', 'user_domain_name': 'Default', 'user_id': '84fd4840e38140e5b5d4b884f269a32a', 'system': None}, Network: None, Subnet: None, Router: None
2025-04-16 18:33:30.922 69967 INFO tempest.lib.common.rest_client [req-679a84a6-11ee-4f29-89ce-d600ac85e2c6 req-679a84a6-11ee-4f29-89ce-d600ac85e2c6 ] Request (ServersTestMultiNic:setUpClass): 201 POST http://10.180.1.21/identity/v3/auth/tokens 0.053s
2025-04-16 18:33:30.928 69935 INFO tempest.lib.common.rest_client [req-b239afc6-ad2c-42f6-8cf0-18a96c431c06 req-b239afc6-ad2c-42f6-8cf0-18a96c431c06 ] Request (VolumesAdminNegativeTest:setUpClass): 201 POST http://10.180.1.21/identity/v3/projects 0.074s
2025-04-16 18:33:31.010 69935 INFO tempest.lib.common.rest_client [req-4ec9509b-4d8d-4205-9658-6e915309afe8 req-4ec9509b-4d8d-4205-9658-6e915309afe8 ] Request (VolumesAdminNegativeTest:setUpClass): 201 POST http://10.180.1.21/identity/v3/users 0.082s
2025-04-16 18:33:31.046 69935 INFO tempest.lib.common.rest_client [req-3484d00d-492d-42d4-ab4a-d61d24abbbe7 req-3484d00d-492d-42d4-ab4a-d61d24abbbe7 ] Request (VolumesAdminNegativeTest:setUpClass): 200 GET http://10.180.1.21/identity/v3/roles 0.035s
2025-04-16 18:33:31.059 69955 INFO tempest.lib.common.rest_client [req-3b6c92d3-87cd-4783-9eaf-2c2eb0246989 req-3b6c92d3-87cd-4783-9eaf-2c2eb0246989 ] Request (VolumesAssistedSnapshotsTest:setUpClass): 201 POST http://10.180.1.21:9696/networking/v2.0/subnets 0.945s
2025-04-16 18:33:31.091 69935 INFO tempest.lib.common.rest_client [req-885c7fec-4370-4d37-a263-063d4c23b307 req-885c7fec-4370-4d37-a263-063d4c23b307 ] Request (VolumesAdminNegativeTest:setUpClass): 204 PUT http://10.180.1.21/identity/v3/projects/56f1c69719c543caa48c5559f4050d07/users/cef1a8ca5f1645dfb411e6d22db7f8ee/roles/b2713a2a336340f4ad00685f59aafe44 0.045s
2025-04-16 18:33:31.110 69969 INFO tempest.lib.common.rest_client [req-68712f9b-a3cc-4f46-9243-08c6e7a9e930 req-68712f9b-a3cc-4f46-9243-08c6e7a9e930 ] Request (FloatingIPsAssociationNegativeTestJSON:setUpClass): 200 GET http://10.180.1.21/compute/v2.1/servers/ce04d2df-8587-4cda-93b1-cad7ba3ff670 3.238s
2025-04-16 18:33:31.146 69935 INFO tempest.lib.common.rest_client [req-12dbef40-4259-4139-a961-adc8b5347f5e req-12dbef40-4259-4139-a961-adc8b5347f5e ] Request (VolumesAdminNegativeTest:setUpClass): 200 GET http://10.180.1.21/identity/v3/roles 0.054s
2025-04-16 18:33:31.178 69935 INFO tempest.lib.common.rest_client [req-0dc878ab-aa3a-4cd3-b4aa-923b54953c04 req-0dc878ab-aa3a-4cd3-b4aa-923b54953c04 ] Request (VolumesAdminNegativeTest:setUpClass): 204 PUT http://10.180.1.21/identity/v3/projects/56f1c69719c543caa48c5559f4050d07/users/cef1a8ca5f1645dfb411e6d22db7f8ee/roles/b2713a2a336340f4ad00685f59aafe44 0.032s
2025-04-16 18:33:31.178 69935 INFO tempest.lib.common.dynamic_creds [-] Dynamic test user cef1a8ca5f1645dfb411e6d22db7f8ee is created with scope project and roles: ['admin']
2025-04-16 18:33:31.178 69935 INFO tempest.lib.common.dynamic_creds [-] Acquired dynamic creds: credentials: Credentials: {'domain_id': 'default', 'domain_name': 'Default', 'username': 'tempest-VolumesAdminNegativeTest-81395078-project-admin', 'project_domain_id': 'default', 'project_domain_name': 'Default', 'project_id': '56f1c69719c543caa48c5559f4050d07', 'project_name': 'tempest-VolumesAdminNegativeTest-81395078', 'tenant_id': '56f1c69719c543caa48c5559f4050d07', 'tenant_name': 'tempest-VolumesAdminNegativeTest-81395078', 'user_domain_id': 'default', 'user_domain_name': 'Default', 'user_id': 'cef1a8ca5f1645dfb411e6d22db7f8ee', 'system': None}, Network: None, Subnet: None, Router: None
2025-04-16 18:33:31.261 69987 INFO tempest.lib.common.rest_client [req-6127b8b3-ccda-4ff1-b0cf-f93af7ae9a9b req-6127b8b3-ccda-4ff1-b0cf-f93af7ae9a9b ] Request (ServersTestManualDisk:setUpClass): 200 GET http://10.180.1.21/compute/v2.1/servers/dfbb396b-8f18-456d-9064-be451cdd1ac9 4.039s
2025-04-16 18:33:31.312 69989 INFO tempest.lib.common.rest_client [req-6f295585-1af1-4677-a5f0-e590e2fd6cd1 req-6f295585-1af1-4677-a5f0-e590e2fd6cd1 ] Request (KeyPairsV2TestJSON:test_keypair_create_delete): 200 POST http://10.180.1.21/compute/v2.1/os-keypairs 3.348s
2025-04-16 18:33:31.357 69949 INFO tempest.lib.common.rest_client [req-f27d3338-764e-49ab-9d87-b90b050313e9 req-f27d3338-764e-49ab-9d87-b90b050313e9 ] Request (KeyPairsV210TestJSON:test_admin_manage_keypairs_for_other_users): 201 POST http://10.180.1.21/compute/v2.1/os-keypairs 3.382s
2025-04-16 18:33:31.360 69939 INFO tempest.lib.common.rest_client [req-1fe4b2cf-c259-42f5-9fac-e2c649126836 req-1fe4b2cf-c259-42f5-9fac-e2c649126836 ] Request (ListServerFiltersTestJSON:setUpClass): 201 POST http://10.180.1.21:9696/networking/v2.0/networks 1.343s
2025-04-16 18:33:31.472 69931 INFO tempest.lib.common.rest_client [req-8fc3c482-daee-43c6-b00e-ca9bfcd6d20c req-8fc3c482-daee-43c6-b00e-ca9bfcd6d20c ] Request (ServerActionsTestOtherA:setUpClass): 201 POST http://10.180.1.21:9696/networking/v2.0/subnets 1.442s
2025-04-16 18:33:31.525 69933 INFO tempest.lib.common.rest_client [req-1c4630a4-adea-46cd-8f04-c0e113bad503 req-1c4630a4-adea-46cd-8f04-c0e113bad503 ] Request (QuotasAdminNegativeTest:test_create_server_when_memory_quota_is_full): 200 GET http://10.180.1.21/compute/v2.1/os-quota-sets/7b427b07d78b400ba83735eaeae18ce5 3.481s
2025-04-16 18:33:31.543 69961 INFO tempest.lib.common.rest_client [req-d7b04c47-8a59-412a-aa9d-372826e05b43 req-d7b04c47-8a59-412a-aa9d-372826e05b43 ] Request (FlavorsAccessTestJSON:test_flavor_access_list_with_private_flavor): 200 GET http://10.180.1.21/compute/v2.1/flavors/1288154378/os-flavor-access 3.476s
2025-04-16 18:33:31.576 69981 INFO tempest.lib.common.rest_client [req-ed093af6-23f4-4a17-89d8-869d4ef7b526 req-ed093af6-23f4-4a17-89d8-869d4ef7b526 ] Request (QuotaClassesAdmin257Test:tearDownClass): 200 GET http://10.180.1.21:9696/networking/v2.0/security-groups?tenant_id=ba5d7a28cbeb4f66a27893fafa77cfb4&name=default 0.818s
2025-04-16 18:33:31.593 69927 INFO tempest.lib.common.rest_client [req-1d7bb58e-922d-43c6-846b-c96f752b4eb9 req-1d7bb58e-922d-43c6-846b-c96f752b4eb9 ] Request (AggregatesAdminNegativeTestJSON:_run_cleanups): 200 DELETE http://10.180.1.21/compute/v2.1/os-aggregates/3 3.513s
2025-04-16 18:33:31.626 69977 INFO tempest.lib.common.rest_client [req-5b752954-f25d-4d4a-8234-fa8451f20648 req-5b752954-f25d-4d4a-8234-fa8451f20648 ] Request (HypervisorAdminNegativeTestJSON:test_show_hypervisor_with_non_admin_user): 200 GET http://10.180.1.21/compute/v2.1/os-hypervisors 3.541s
2025-04-16 18:33:31.642 69957 INFO tempest.lib.common.rest_client [req-0575fc3c-a32e-46ef-a861-14c949c0a571 req-0575fc3c-a32e-46ef-a861-14c949c0a571 ] Request (FlavorsExtraSpecsNegativeTestJSON:tearDownClass): 202 DELETE http://10.180.1.21/compute/v2.1/flavors/528113986 3.552s
2025-04-16 18:33:31.676 69945 INFO tempest.lib.common.rest_client [req-baf0bde0-c5cb-4e62-8b6a-a9b387a63bc0 req-baf0bde0-c5cb-4e62-8b6a-a9b387a63bc0 ] Request (HostsAdminNegativeTestJSON:test_update_host_with_invalid_status): 400 PUT http://10.180.1.21/compute/v2.1/os-hosts/devstack 3.211s
2025-04-16 18:33:31.684 69973 INFO tempest.lib.common.rest_client [req-033594e7-9f43-4117-b695-e892966ba7ca req-033594e7-9f43-4117-b695-e892966ba7ca ] Request (InstanceActionsTestJSON:setUpClass): 201 POST http://10.180.1.21:9696/networking/v2.0/networks 1.535s
2025-04-16 18:33:32.426 69981 INFO tempest.lib.common.rest_client [req-a078df3e-c320-4448-bd7d-ae297f75f1eb req-a078df3e-c320-4448-bd7d-ae297f75f1eb ] Request (QuotaClassesAdmin257Test:tearDownClass): 204 DELETE http://10.180.1.21:9696/networking/v2.0/security-groups/e4d1a304-a657-48cb-ae66-36de15922817 0.850s
2025-04-16 18:33:32.511 69979 INFO tempest.lib.common.rest_client [req-4b420799-6fb8-4e5e-b67e-dccadf48a5bf req-4b420799-6fb8-4e5e-b67e-dccadf48a5bf ] Request (SecurityGroupsNegativeTestJSON:tearDownClass): 200 PUT http://10.180.1.21:9696/networking/v2.0/routers/26ac3f47-acde-491d-8e93-671d8361d25f/remove_router_interface 5.548s
2025-04-16 18:33:32.551 69981 INFO tempest.lib.common.rest_client [req-49d3caf5-2b9a-49a9-af91-530fc6973060 req-49d3caf5-2b9a-49a9-af91-530fc6973060 ] Request (QuotaClassesAdmin257Test:tearDownClass): 204 DELETE http://10.180.1.21/identity/v3/projects/ba5d7a28cbeb4f66a27893fafa77cfb4 0.124s
2025-04-16 18:33:32.578 69935 INFO tempest.lib.common.rest_client [req-aa223914-60af-4c32-9d23-04c79792a363 req-aa223914-60af-4c32-9d23-04c79792a363 ] Request (VolumesAdminNegativeTest:setUpClass): 201 POST http://10.180.1.21:9696/networking/v2.0/networks 1.399s
2025-04-16 18:33:32.587 69967 INFO tempest.lib.common.rest_client [req-922b167a-a385-4ab8-b956-3cbc90781acc req-922b167a-a385-4ab8-b956-3cbc90781acc ] Request (ServersTestMultiNic:setUpClass): 201 POST http://10.180.1.21:9696/networking/v2.0/networks 1.664s
2025-04-16 18:33:32.590 69963 INFO tempest.lib.common.rest_client [req-aa9857cd-f96b-4215-977c-98af34ff8d50 req-aa9857cd-f96b-4215-977c-98af34ff8d50 ] Request (ImagesTestJSON:setUpClass): 200 PUT http://10.180.1.21:9696/networking/v2.0/routers/db61282c-121e-4633-967c-74c81ae69b71/add_router_interface 6.608s
2025-04-16 18:33:32.590 69963 INFO tempest.lib.common.dynamic_creds [-] Created isolated network resources for: credentials: Credentials: {'domain_id': 'default', 'domain_name': 'Default', 'username': 'tempest-ImagesTestJSON-1163555157-project-member', 'project_domain_id': 'default', 'project_domain_name': 'Default', 'project_id': '896367398859465488fc12205d122a4e', 'project_name': 'tempest-ImagesTestJSON-1163555157', 'tenant_id': '896367398859465488fc12205d122a4e', 'tenant_name': 'tempest-ImagesTestJSON-1163555157', 'user_domain_id': 'default', 'user_domain_name': 'Default', 'user_id': 'd02320b12288496eae0a735447321a7d', 'system': None}, Network: {'id': '58c9db42-24fd-4615-9f91-977554db657a', 'name': 'tempest-ImagesTestJSON-27923875-network', 'tenant_id': '896367398859465488fc12205d122a4e', 'admin_state_up': True, 'mtu': 8950, 'status': 'ACTIVE', 'subnets': [], 'shared': False, 'project_id': '896367398859465488fc12205d122a4e', 'port_security_enabled': True, 'router:external': False, 'provider:network_type': 'vlan', 'provider:physical_network': 'default', 'provider:segmentation_id': 895, 'is_default': False, 'availability_zone_hints': [], 'availability_zones': [], 'ipv4_address_scope': None, 'ipv6_address_scope': None, 'description': '', 'tags': [], 'created_at': '2025-04-16T18:33:18Z', 'updated_at': '2025-04-16T18:33:19Z', 'revision_number': 1}, Subnet: {'id': 'd32fc109-5fee-4586-a90f-4e79e3414486', 'name': 'tempest-ImagesTestJSON-27923875-subnet', 'tenant_id': '896367398859465488fc12205d122a4e', 'network_id': '58c9db42-24fd-4615-9f91-977554db657a', 'ip_version': 4, 'subnetpool_id': None, 'enable_dhcp': True, 'ipv6_ra_mode': None, 'ipv6_address_mode': None, 'gateway_ip': '192.168.128.1', 'cidr': '192.168.128.0/28', 'allocation_pools': [{'start': '192.168.128.2', 'end': '192.168.128.14'}], 'host_routes': [], 'dns_nameservers': [], 'description': '', 'service_types': [], 'tags': [], 'created_at': '2025-04-16T18:33:19Z', 'updated_at': '2025-04-16T18:33:19Z', 'revision_number': 0, 'project_id': '896367398859465488fc12205d122a4e'}, Router: {'id': 'db61282c-121e-4633-967c-74c81ae69b71', 'name': 'tempest-ImagesTestJSON-27923875-router', 'tenant_id': '896367398859465488fc12205d122a4e', 'admin_state_up': True, 'status': 'ACTIVE', 'external_gateway_info': {'network_id': 'e81bd06e-bb16-4eac-aed6-b707886b5654', 'external_fixed_ips': [{'subnet_id': 'ee477ad6-d1bc-4715-8df0-6ebdabb2ddc7', 'ip_address': '10.180.180.149'}], 'enable_snat': True}, 'description': '', 'availability_zones': [], 'distributed': False, 'ha': False, 'availability_zone_hints': [], 'routes': [], 'flavor_id': None, 'tags': [], 'created_at': '2025-04-16T18:33:21Z', 'updated_at': '2025-04-16T18:33:23Z', 'revision_number': 2, 'project_id': '896367398859465488fc12205d122a4e'}
2025-04-16 18:33:32.629 69981 INFO tempest.lib.common.rest_client [req-792e7ad7-654e-493b-a500-18bdfc8d900f req-792e7ad7-654e-493b-a500-18bdfc8d900f ] Request (KeyPairsV22TestJSON:setUpClass): 201 POST http://10.180.1.21/identity/v3/auth/tokens 0.077s
2025-04-16 18:33:32.638 69929 INFO tempest.lib.common.rest_client [req-9689d678-ac38-470e-8fe2-228bd0950bff req-9689d678-ac38-470e-8fe2-228bd0950bff ] Request (MigrationsAdminTest:test_list_migrations_in_flavor_resize_situation): 200 GET http://10.180.1.21/compute/v2.1/servers/9550f67e-b7b2-48a9-b918-e2f5b38f3bc1 3.893s
2025-04-16 18:33:32.668 69981 INFO tempest.lib.common.rest_client [req-2c76bffe-b206-48d5-9932-fc93ce11794b req-2c76bffe-b206-48d5-9932-fc93ce11794b ] Request (KeyPairsV22TestJSON:setUpClass): 201 POST http://10.180.1.21/identity/v3/auth/tokens 0.031s
2025-04-16 18:33:32.688 69963 INFO tempest.lib.common.rest_client [req-fa5204b2-b220-4be5-bdfe-dba73ca4c38f req-fa5204b2-b220-4be5-bdfe-dba73ca4c38f ] Request (ImagesTestJSON:setUpClass): 201 POST http://10.180.1.21/identity/v3/auth/tokens 0.093s
2025-04-16 18:33:32.713 69981 INFO tempest.lib.common.rest_client [req-71aa9293-fae5-49e7-82ba-4b348b38ba6c req-71aa9293-fae5-49e7-82ba-4b348b38ba6c ] Request (KeyPairsV22TestJSON:setUpClass): 200 GET http://10.180.1.21/identity/v3/domains?name=Default 0.045s
2025-04-16 18:33:32.737 69963 INFO tempest.lib.common.rest_client [req-dc16c866-dc22-48e5-a64f-92631e003563 req-dc16c866-dc22-48e5-a64f-92631e003563 ] Request (ImagesTestJSON:test_create_image_from_stopped_server): 201 POST http://10.180.1.21/identity/v3/auth/tokens 0.044s
2025-04-16 18:33:32.738 69963 INFO tempest.lib.common.fixed_network [-] (ImagesTestJSON:test_create_image_from_stopped_server) Found network {'id': '58c9db42-24fd-4615-9f91-977554db657a', 'name': 'tempest-ImagesTestJSON-27923875-network', 'tenant_id': '896367398859465488fc12205d122a4e', 'admin_state_up': True, 'mtu': 8950, 'status': 'ACTIVE', 'subnets': [], 'shared': False, 'project_id': '896367398859465488fc12205d122a4e', 'port_security_enabled': True, 'router:external': False, 'provider:network_type': 'vlan', 'provider:physical_network': 'default', 'provider:segmentation_id': 895, 'is_default': False, 'availability_zone_hints': [], 'availability_zones': [], 'ipv4_address_scope': None, 'ipv6_address_scope': None, 'description': '', 'tags': [], 'created_at': '2025-04-16T18:33:18Z', 'updated_at': '2025-04-16T18:33:19Z', 'revision_number': 1} available for tenant
2025-04-16 18:33:32.772 69981 INFO tempest.lib.common.rest_client [req-3b0c435d-71a2-4351-8e43-eb77e0cfd917 req-3b0c435d-71a2-4351-8e43-eb77e0cfd917 ] Request (KeyPairsV22TestJSON:setUpClass): 201 POST http://10.180.1.21/identity/v3/projects 0.059s
2025-04-16 18:33:32.833 69981 INFO tempest.lib.common.rest_client [req-3790fa59-9124-44a1-ab03-3cebba147eea req-3790fa59-9124-44a1-ab03-3cebba147eea ] Request (KeyPairsV22TestJSON:setUpClass): 201 POST http://10.180.1.21/identity/v3/users 0.060s
2025-04-16 18:33:32.852 69981 INFO tempest.lib.common.rest_client [req-ba9c517b-f6a3-4ac5-a41c-8f89c567154d req-ba9c517b-f6a3-4ac5-a41c-8f89c567154d ] Request (KeyPairsV22TestJSON:setUpClass): 200 GET http://10.180.1.21/identity/v3/roles 0.018s
2025-04-16 18:33:32.887 69981 INFO tempest.lib.common.rest_client [req-fa6d1061-bd83-4bb2-9133-97f4e828ff34 req-fa6d1061-bd83-4bb2-9133-97f4e828ff34 ] Request (KeyPairsV22TestJSON:setUpClass): 204 PUT http://10.180.1.21/identity/v3/projects/adc46e07c1b843f4b20b919267abf10a/users/6b4c0b44e5d442fb921418dbd60c50ba/roles/0edfe17eaf3e450a88227ce59b30d435 0.035s
2025-04-16 18:33:32.888 69981 INFO tempest.lib.common.dynamic_creds [-] Dynamic test user 6b4c0b44e5d442fb921418dbd60c50ba is created with scope project and roles: ['member']
2025-04-16 18:33:32.888 69981 INFO tempest.lib.common.dynamic_creds [-] Acquired dynamic creds: credentials: Credentials: {'domain_id': 'default', 'domain_name': 'Default', 'username': 'tempest-KeyPairsV22TestJSON-207826359-project-member', 'project_domain_id': 'default', 'project_domain_name': 'Default', 'project_id': 'adc46e07c1b843f4b20b919267abf10a', 'project_name': 'tempest-KeyPairsV22TestJSON-207826359', 'tenant_id': 'adc46e07c1b843f4b20b919267abf10a', 'tenant_name': 'tempest-KeyPairsV22TestJSON-207826359', 'user_domain_id': 'default', 'user_domain_name': 'Default', 'user_id': '6b4c0b44e5d442fb921418dbd60c50ba', 'system': None}, Network: None, Subnet: None, Router: None
2025-04-16 18:33:32.888 69981 INFO tempest.lib.common.dynamic_creds [-] Created isolated network resources for: credentials: Credentials: {'domain_id': 'default', 'domain_name': 'Default', 'username': 'tempest-KeyPairsV22TestJSON-207826359-project-member', 'project_domain_id': 'default', 'project_domain_name': 'Default', 'project_id': 'adc46e07c1b843f4b20b919267abf10a', 'project_name': 'tempest-KeyPairsV22TestJSON-207826359', 'tenant_id': 'adc46e07c1b843f4b20b919267abf10a', 'tenant_name': 'tempest-KeyPairsV22TestJSON-207826359', 'user_domain_id': 'default', 'user_domain_name': 'Default', 'user_id': '6b4c0b44e5d442fb921418dbd60c50ba', 'system': None}, Network: None, Subnet: None, Router: None
2025-04-16 18:33:32.929 69971 INFO tempest.lib.common.rest_client [req-ab2eab4a-a00a-4959-ade0-1ce7f04036df req-ab2eab4a-a00a-4959-ade0-1ce7f04036df ] Request (QuotasAdminTestV257:test_get_updated_quotas): 200 PUT http://10.180.1.21/compute/v2.1/os-quota-sets/fc052e1378cb41edb3efef01427c698e 3.886s
2025-04-16 18:33:32.986 69981 INFO tempest.lib.common.rest_client [req-1ba9250d-6363-4161-beed-74ff6302c40f req-1ba9250d-6363-4161-beed-74ff6302c40f ] Request (KeyPairsV22TestJSON:setUpClass): 201 POST http://10.180.1.21/identity/v3/auth/tokens 0.092s
2025-04-16 18:33:33.048 69985 INFO tempest.lib.common.rest_client [req-de77dfe2-b29d-4fd7-9732-22c3b3a6a8be req-de77dfe2-b29d-4fd7-9732-22c3b3a6a8be ] Request (ServerDiagnosticsV248Test:test_get_server_diagnostics): 200 GET http://10.180.1.21/compute/v2.1/servers/d2e78734-c619-43ab-bdad-bc18cc78c5e5 3.815s
2025-04-16 18:33:33.098 69973 INFO tempest.lib.common.rest_client [req-7ec20574-825e-46a3-91ea-f7b08566c96b req-7ec20574-825e-46a3-91ea-f7b08566c96b ] Request (InstanceActionsTestJSON:setUpClass): 201 POST http://10.180.1.21:9696/networking/v2.0/subnets 1.411s
2025-04-16 18:33:33.341 69939 INFO tempest.lib.common.rest_client [req-df48c341-8329-4832-907f-c2ad2e9a8c63 req-df48c341-8329-4832-907f-c2ad2e9a8c63 ] Request (ListServerFiltersTestJSON:setUpClass): 201 POST http://10.180.1.21:9696/networking/v2.0/subnets 1.981s
2025-04-16 18:33:33.341 69939 INFO tempest.lib.common.dynamic_creds [-] Created isolated network resources for: credentials: Credentials: {'domain_id': 'default', 'domain_name': 'Default', 'username': 'tempest-ListServerFiltersTestJSON-1244123173-project-member', 'project_domain_id': 'default', 'project_domain_name': 'Default', 'project_id': 'f4ba7bf91c1544e281527560cebedfb5', 'project_name': 'tempest-ListServerFiltersTestJSON-1244123173', 'tenant_id': 'f4ba7bf91c1544e281527560cebedfb5', 'tenant_name': 'tempest-ListServerFiltersTestJSON-1244123173', 'user_domain_id': 'default', 'user_domain_name': 'Default', 'user_id': 'b2b06de6e07a48088211d317d070b18b', 'system': None}, Network: {'id': '07cb66a4-31ee-4795-acb9-03b9394fe3fe', 'name': 'tempest-ListServerFiltersTestJSON-1187613248-network', 'tenant_id': 'f4ba7bf91c1544e281527560cebedfb5', 'admin_state_up': True, 'mtu': 8950, 'status': 'ACTIVE', 'subnets': [], 'shared': False, 'project_id': 'f4ba7bf91c1544e281527560cebedfb5', 'port_security_enabled': True, 'router:external': False, 'provider:network_type': 'vlan', 'provider:physical_network': 'default', 'provider:segmentation_id': 9, 'is_default': False, 'availability_zone_hints': [], 'availability_zones': [], 'ipv4_address_scope': None, 'ipv6_address_scope': None, 'description': '', 'tags': [], 'created_at': '2025-04-16T18:33:30Z', 'updated_at': '2025-04-16T18:33:30Z', 'revision_number': 1}, Subnet: {'id': 'd85da97e-919c-4738-89f3-44034b1e6b03', 'name': 'tempest-ListServerFiltersTestJSON-1187613248-subnet', 'tenant_id': 'f4ba7bf91c1544e281527560cebedfb5', 'network_id': '07cb66a4-31ee-4795-acb9-03b9394fe3fe', 'ip_version': 4, 'subnetpool_id': None, 'enable_dhcp': True, 'ipv6_ra_mode': None, 'ipv6_address_mode': None, 'gateway_ip': '192.168.128.1', 'cidr': '192.168.128.0/28', 'allocation_pools': [{'start': '192.168.128.2', 'end': '192.168.128.14'}], 'host_routes': [], 'dns_nameservers': [], 'description': '', 'service_types': [], 'tags': [], 'created_at': '2025-04-16T18:33:31Z', 'updated_at': '2025-04-16T18:33:31Z', 'revision_number': 0, 'project_id': 'f4ba7bf91c1544e281527560cebedfb5'}, Router: None
2025-04-16 18:33:33.433 69939 INFO tempest.lib.common.rest_client [req-0a6c1ee4-4ac1-4d75-8b99-f1ac6498c310 req-0a6c1ee4-4ac1-4d75-8b99-f1ac6498c310 ] Request (ListServerFiltersTestJSON:setUpClass): 201 POST http://10.180.1.21/identity/v3/auth/tokens 0.088s
2025-04-16 18:33:33.472 69939 INFO tempest.lib.common.rest_client [req-9d3b0afe-a69e-4222-b829-1a103d3cb08a req-9d3b0afe-a69e-4222-b829-1a103d3cb08a ] Request (ListServerFiltersTestJSON:setUpClass): 201 POST http://10.180.1.21/identity/v3/auth/tokens 0.035s
2025-04-16 18:33:33.472 69939 INFO tempest.lib.common.fixed_network [-] (ListServerFiltersTestJSON:setUpClass) Found network {'id': '07cb66a4-31ee-4795-acb9-03b9394fe3fe', 'name': 'tempest-ListServerFiltersTestJSON-1187613248-network', 'tenant_id': 'f4ba7bf91c1544e281527560cebedfb5', 'admin_state_up': True, 'mtu': 8950, 'status': 'ACTIVE', 'subnets': [], 'shared': False, 'project_id': 'f4ba7bf91c1544e281527560cebedfb5', 'port_security_enabled': True, 'router:external': False, 'provider:network_type': 'vlan', 'provider:physical_network': 'default', 'provider:segmentation_id': 9, 'is_default': False, 'availability_zone_hints': [], 'availability_zones': [], 'ipv4_address_scope': None, 'ipv6_address_scope': None, 'description': '', 'tags': [], 'created_at': '2025-04-16T18:33:30Z', 'updated_at': '2025-04-16T18:33:30Z', 'revision_number': 1} available for tenant
2025-04-16 18:33:33.482 69941 INFO tempest.lib.common.rest_client [req-cca48a9e-567c-4d7f-8231-0e5ad8b5ba8d req-cca48a9e-567c-4d7f-8231-0e5ad8b5ba8d ] Request (ServerDiagnosticsTest:test_get_server_diagnostics): 200 GET http://10.180.1.21/compute/v2.1/servers/549c349e-5417-408c-acb2-93e506476e2a 4.019s
2025-04-16 18:33:33.491 69959 INFO tempest.lib.common.rest_client [req-e0215c72-fbf7-4d45-9cc3-3c9f9da6d3ce req-e0215c72-fbf7-4d45-9cc3-3c9f9da6d3ce ] Request (FloatingIPsTestJSON:_run_cleanups): 202 DELETE http://10.180.1.21/compute/v2.1/os-floating-ips/aaacd900-0e10-4fc4-8aaa-e71b2028ce67 5.555s
2025-04-16 18:33:33.517 69939 INFO tempest.lib.common.rest_client [req-baab09b1-8bc9-4201-8c95-a9d4c872bcf7 req-baab09b1-8bc9-4201-8c95-a9d4c872bcf7 ] Request (ListServerFiltersTestJSON:setUpClass): 201 POST http://10.180.1.21/identity/v3/auth/tokens 0.040s
2025-04-16 18:33:33.518 69939 INFO tempest.lib.common.fixed_network [-] (ListServerFiltersTestJSON:setUpClass) Found network {'id': '07cb66a4-31ee-4795-acb9-03b9394fe3fe', 'name': 'tempest-ListServerFiltersTestJSON-1187613248-network', 'tenant_id': 'f4ba7bf91c1544e281527560cebedfb5', 'admin_state_up': True, 'mtu': 8950, 'status': 'ACTIVE', 'subnets': [], 'shared': False, 'project_id': 'f4ba7bf91c1544e281527560cebedfb5', 'port_security_enabled': True, 'router:external': False, 'provider:network_type': 'vlan', 'provider:physical_network': 'default', 'provider:segmentation_id': 9, 'is_default': False, 'availability_zone_hints': [], 'availability_zones': [], 'ipv4_address_scope': None, 'ipv6_address_scope': None, 'description': '', 'tags': [], 'created_at': '2025-04-16T18:33:30Z', 'updated_at': '2025-04-16T18:33:30Z', 'revision_number': 1} available for tenant
2025-04-16 18:33:33.609 69967 INFO tempest.lib.common.rest_client [req-2e6afc49-94fd-4b86-a895-a1cacc2a8f9b req-2e6afc49-94fd-4b86-a895-a1cacc2a8f9b ] Request (ServersTestMultiNic:setUpClass): 201 POST http://10.180.1.21:9696/networking/v2.0/subnets 1.022s
2025-04-16 18:33:33.675 69965 INFO tempest.lib.common.rest_client [req-9a9180cb-c363-4515-8e5d-2fa702674f7d req-9a9180cb-c363-4515-8e5d-2fa702674f7d ] Request (ServersAdmin275Test:test_rebuild_update_server_275): 200 GET http://10.180.1.21/compute/v2.1/servers/de093ae4-0e4c-49e8-9beb-c61501c5c705 3.939s
2025-04-16 18:33:33.790 69975 INFO tempest.lib.common.rest_client [req-5870baba-e0c0-4887-adf1-b353425cc6e8 req-5870baba-e0c0-4887-adf1-b353425cc6e8 ] Request (TenantUsagesTestJSON:setUpClass): 200 GET http://10.180.1.21/compute/v2.1/servers/54630c78-200e-4b36-8612-34f411e08821 4.188s
2025-04-16 18:33:34.127 69935 INFO tempest.lib.common.rest_client [req-da95a167-a80e-4755-bc56-0392025d4ecb req-da95a167-a80e-4755-bc56-0392025d4ecb ] Request (VolumesAdminNegativeTest:setUpClass): 201 POST http://10.180.1.21:9696/networking/v2.0/subnets 1.548s
2025-04-16 18:33:34.359 69979 INFO tempest.lib.common.rest_client [req-12a74efd-2817-41ca-9cce-ef20973e9bfa req-12a74efd-2817-41ca-9cce-ef20973e9bfa ] Request (SecurityGroupsNegativeTestJSON:tearDownClass): 204 DELETE http://10.180.1.21:9696/networking/v2.0/routers/26ac3f47-acde-491d-8e93-671d8361d25f 1.847s
2025-04-16 18:33:34.360 69943 INFO tempest.lib.common.rest_client [req-f7fa43c8-3355-4bfe-8f12-e95f5a8f0a55 req-f7fa43c8-3355-4bfe-8f12-e95f5a8f0a55 ] Request (InstanceActionsNegativeTestJSON:setUpClass): 200 GET http://10.180.1.21/compute/v2.1/servers/928bc799-4fed-4005-89d2-e18196f88ffb 3.975s
2025-04-16 18:33:34.518 69983 INFO tempest.lib.common.rest_client [req-0406e8df-1141-4bf3-a409-dfa960229954 req-0406e8df-1141-4bf3-a409-dfa960229954 ] Request (ServersWithSpecificFlavorTestJSON:test_verify_created_server_ephemeral_disk): 200 POST http://10.180.1.21/compute/v2.1/flavors 3.968s
2025-04-16 18:33:34.540 69951 INFO tempest.lib.common.rest_client [req-6e9fbc68-c5cb-407b-b1a9-f4ff652136f8 req-6e9fbc68-c5cb-407b-b1a9-f4ff652136f8 ] Request (FlavorsAdminTestJSON:test_create_flavor_with_none_id): 200 POST http://10.180.1.21/compute/v2.1/flavors 3.956s
2025-04-16 18:33:34.552 69989 INFO tempest.lib.common.rest_client [req-554c05c0-cc31-447c-aab8-4756e5629426 req-554c05c0-cc31-447c-aab8-4756e5629426 ] Request (KeyPairsV2TestJSON:_run_cleanups): 202 DELETE http://10.180.1.21/compute/v2.1/os-keypairs/tempest-keypair-144180270 3.239s
2025-04-16 18:33:34.564 69949 INFO tempest.lib.common.rest_client [req-1a2afb6d-4c5c-4054-b0ff-c1e41cea1a93 req-1a2afb6d-4c5c-4054-b0ff-c1e41cea1a93 ] Request (KeyPairsV210TestJSON:test_admin_manage_keypairs_for_other_users): 200 GET http://10.180.1.21/compute/v2.1/os-keypairs?user_id=a66337a9f194444cb370792274557d33 3.205s
2025-04-16 18:33:34.726 69933 INFO tempest.lib.common.rest_client [req-ce7919a3-c369-4069-bf42-2dedc307bebf req-ce7919a3-c369-4069-bf42-2dedc307bebf ] Request (QuotasAdminNegativeTest:test_create_server_when_memory_quota_is_full): 200 PUT http://10.180.1.21/compute/v2.1/os-quota-sets/7b427b07d78b400ba83735eaeae18ce5 3.199s
2025-04-16 18:33:34.758 69961 INFO tempest.lib.common.rest_client [req-c4ec2ebb-5468-4541-a71c-b7e00a42a7ed req-c4ec2ebb-5468-4541-a71c-b7e00a42a7ed ] Request (FlavorsAccessTestJSON:_run_cleanups): 202 DELETE http://10.180.1.21/compute/v2.1/flavors/1288154378 3.213s
2025-04-16 18:33:34.767 69927 INFO tempest.lib.common.rest_client [req-00558d43-e15e-4780-a77e-8139ad3793a3 req-00558d43-e15e-4780-a77e-8139ad3793a3 ] Request (AggregatesAdminNegativeTestJSON:test_aggregate_create_aggregate_name_length_exceeds_255): 400 POST http://10.180.1.21/compute/v2.1/os-aggregates 3.173s
2025-04-16 18:33:34.769 69977 INFO tempest.lib.common.rest_client [req-11d05e7d-fd3c-4d8f-b959-485ff54916a9 req-11d05e7d-fd3c-4d8f-b959-485ff54916a9 ] Request (HypervisorAdminNegativeTestJSON:test_show_hypervisor_with_non_admin_user): 403 GET http://10.180.1.21/compute/v2.1/os-hypervisors/1 3.142s
2025-04-16 18:33:34.788 69957 INFO tempest.lib.common.rest_client [req-c85fa816-2afc-4fff-a84a-ad518eabb400 req-c85fa816-2afc-4fff-a84a-ad518eabb400 ] Request (FlavorsExtraSpecsNegativeTestJSON:tearDownClass): 200 GET http://10.180.1.21/compute/v2.1/flavors/detail 3.145s
2025-04-16 18:33:34.796 69945 INFO tempest.lib.common.rest_client [req-663af83e-512c-4101-96b8-b53c82ba51c7 req-663af83e-512c-4101-96b8-b53c82ba51c7 ] Request (HostsAdminNegativeTestJSON:test_update_host_with_non_admin_user): 403 PUT http://10.180.1.21/compute/v2.1/os-hosts/devstack 3.117s
2025-04-16 18:33:34.810 69933 INFO tempest.lib.common.rest_client [req-75c9bf51-ad6f-49ae-8f0a-41fa16f0ea6b req-75c9bf51-ad6f-49ae-8f0a-41fa16f0ea6b ] Request (QuotasAdminNegativeTest:test_create_server_when_memory_quota_is_full): 201 POST http://10.180.1.21/identity/v3/auth/tokens 0.078s
2025-04-16 18:33:34.811 69933 INFO tempest.lib.common.fixed_network [-] (QuotasAdminNegativeTest:test_create_server_when_memory_quota_is_full) Found network None available for tenant
2025-04-16 18:33:34.910 69957 INFO tempest.lib.common.rest_client [req-d0c9cbda-4f23-4692-bc8b-c405d95a016f req-d0c9cbda-4f23-4692-bc8b-c405d95a016f ] Request (FlavorsExtraSpecsNegativeTestJSON:tearDownClass): 204 DELETE http://10.180.1.21/identity/v3/users/398450d147034dae84294ab10443a6e2 0.113s
2025-04-16 18:33:35.034 69957 INFO tempest.lib.common.rest_client [req-b679b7fe-5956-4855-a475-f44c61e5d754 req-b679b7fe-5956-4855-a475-f44c61e5d754 ] Request (FlavorsExtraSpecsNegativeTestJSON:tearDownClass): 204 DELETE http://10.180.1.21/identity/v3/users/0e7f04f12095452da5cf462006d09346 0.123s
2025-04-16 18:33:35.034 69957 INFO tempest.lib.common.dynamic_creds [-] Deleting project and security group for project: cdcd9066c4cb48038f417541c7ef56c9
2025-04-16 18:33:35.107 69957 INFO tempest.lib.common.rest_client [req-83beb1aa-99f7-4314-9cbe-b996fb799b34 req-83beb1aa-99f7-4314-9cbe-b996fb799b34 ] Request (FlavorsExtraSpecsNegativeTestJSON:tearDownClass): 201 POST http://10.180.1.21/identity/v3/auth/tokens 0.073s
2025-04-16 18:33:35.142 69979 INFO tempest.lib.common.rest_client [req-e186f52b-0070-4ad6-b5d4-7a4fd6d2dbb2 req-e186f52b-0070-4ad6-b5d4-7a4fd6d2dbb2 ] Request (SecurityGroupsNegativeTestJSON:tearDownClass): 204 DELETE http://10.180.1.21:9696/networking/v2.0/subnets/22a6b5b0-f2dd-414e-98fe-30befdecbff4 0.782s
2025-04-16 18:33:35.260 69947 INFO tempest.lib.common.rest_client [req-a80ee337-b4a0-4221-b29c-c3f8ab79448c req-a80ee337-b4a0-4221-b29c-c3f8ab79448c ] Request (ServersAdminTestJSON:setUpClass): 202 POST http://10.180.1.21/compute/v2.1/servers 4.893s
2025-04-16 18:33:35.289 69969 INFO tempest.lib.common.rest_client [req-c4e8d524-c5ed-4c6b-8976-b7d397665a01 req-c4e8d524-c5ed-4c6b-8976-b7d397665a01 ] Request (FloatingIPsAssociationNegativeTestJSON:setUpClass): 200 GET http://10.180.1.21/compute/v2.1/servers/ce04d2df-8587-4cda-93b1-cad7ba3ff670 3.170s
2025-04-16 18:33:35.651 69957 INFO tempest.lib.common.rest_client [req-2290cece-4409-411a-bb58-a349b9333525 req-2290cece-4409-411a-bb58-a349b9333525 ] Request (FlavorsExtraSpecsNegativeTestJSON:tearDownClass): 200 GET http://10.180.1.21:9696/networking/v2.0/security-groups?tenant_id=cdcd9066c4cb48038f417541c7ef56c9&name=default 0.543s
2025-04-16 18:33:35.793 69955 INFO tempest.lib.common.rest_client [req-05a7730b-c2ac-43c9-92ae-2400a5b62d06 req-05a7730b-c2ac-43c9-92ae-2400a5b62d06 ] Request (VolumesAssistedSnapshotsTest:setUpClass): 201 POST http://10.180.1.21:9696/networking/v2.0/routers 4.734s
2025-04-16 18:33:35.988 69987 INFO tempest.lib.common.rest_client [req-8b64eb45-cd01-41b2-bf9a-e81e7ac81cba req-8b64eb45-cd01-41b2-bf9a-e81e7ac81cba ] Request (ServersTestManualDisk:setUpClass): 200 GET http://10.180.1.21/compute/v2.1/servers/dfbb396b-8f18-456d-9064-be451cdd1ac9 3.714s
2025-04-16 18:33:36.104 69957 INFO tempest.lib.common.rest_client [req-7477a5dc-d1d7-49f8-b3ce-cbafb6bf82ac req-7477a5dc-d1d7-49f8-b3ce-cbafb6bf82ac ] Request (FlavorsExtraSpecsNegativeTestJSON:tearDownClass): 204 DELETE http://10.180.1.21:9696/networking/v2.0/security-groups/0be1faed-959a-4e41-8b04-77568c7660b0 0.453s
2025-04-16 18:33:36.112 69971 INFO tempest.lib.common.rest_client [req-96b6c589-00b5-4f92-ad3b-e346bda91187 req-96b6c589-00b5-4f92-ad3b-e346bda91187 ] Request (QuotasAdminTestV257:test_get_updated_quotas): 200 GET http://10.180.1.21/compute/v2.1/os-quota-sets/fc052e1378cb41edb3efef01427c698e/detail 3.181s
2025-04-16 18:33:36.201 69957 INFO tempest.lib.common.rest_client [req-2e23fcf6-31c1-423d-bd95-6bd7459d0cad req-2e23fcf6-31c1-423d-bd95-6bd7459d0cad ] Request (FlavorsExtraSpecsNegativeTestJSON:tearDownClass): 204 DELETE http://10.180.1.21/identity/v3/projects/cdcd9066c4cb48038f417541c7ef56c9 0.096s
2025-04-16 18:33:36.201 69957 INFO tempest.lib.common.dynamic_creds [-] Deleting project and security group for project: 2c5ac02b40bd4e288e0a8ab92641908a
2025-04-16 18:33:36.225 69981 INFO tempest.lib.common.rest_client [req-821cedb2-04c9-4ba9-ac0c-051a8fff023f req-821cedb2-04c9-4ba9-ac0c-051a8fff023f ] Request (KeyPairsV22TestJSON:test_get_keypair_detail): 201 POST http://10.180.1.21/compute/v2.1/os-keypairs 3.237s
2025-04-16 18:33:36.250 69971 INFO tempest.lib.common.rest_client [req-41e304bb-b69a-4a32-9b82-670efa9a9ceb req-41e304bb-b69a-4a32-9b82-670efa9a9ceb ] Request (QuotasAdminTestV257:test_get_updated_quotas): 200 GET http://10.180.1.21/identity/v3/domains?name=Default 0.133s
2025-04-16 18:33:36.289 69971 INFO tempest.lib.common.rest_client [req-13d1f41a-75ee-471a-8a77-7ca4ae5f8a22 req-13d1f41a-75ee-471a-8a77-7ca4ae5f8a22 ] Request (QuotasAdminTestV257:test_get_updated_quotas): 201 POST http://10.180.1.21/identity/v3/users 0.038s
2025-04-16 18:33:36.321 69971 INFO tempest.lib.common.rest_client [req-a43646ef-93d8-4690-8633-f0e559cab8b6 req-a43646ef-93d8-4690-8633-f0e559cab8b6 ] Request (QuotasAdminTestV257:test_get_updated_quotas): 200 GET http://10.180.1.21/identity/v3/domains?name=Default 0.032s
2025-04-16 18:33:36.526 69931 INFO tempest.lib.common.rest_client [req-195e400d-e355-4545-b578-34acaeb6598a req-195e400d-e355-4545-b578-34acaeb6598a ] Request (ServerActionsTestOtherA:setUpClass): 201 POST http://10.180.1.21:9696/networking/v2.0/routers 5.053s
2025-04-16 18:33:36.687 69979 INFO tempest.lib.common.rest_client [req-4c97621a-ca4c-4c4a-a07d-6bd377941ad2 req-4c97621a-ca4c-4c4a-a07d-6bd377941ad2 ] Request (SecurityGroupsNegativeTestJSON:tearDownClass): 204 DELETE http://10.180.1.21:9696/networking/v2.0/networks/8bde6a84-06a9-4ce9-9b9f-80817d07183e 1.544s
2025-04-16 18:33:36.790 69963 INFO tempest.lib.common.rest_client [req-29a50fe6-cba6-4ea0-b218-c49be93576e6 req-29a50fe6-cba6-4ea0-b218-c49be93576e6 ] Request (ImagesTestJSON:test_create_image_from_stopped_server): 202 POST http://10.180.1.21/compute/v2.1/servers 4.051s
2025-04-16 18:33:36.836 69979 INFO tempest.lib.common.rest_client [req-b3b3ecd1-de5b-4200-87f0-b17b2cc668d4 req-b3b3ecd1-de5b-4200-87f0-b17b2cc668d4 ] Request (SecurityGroupsNegativeTestJSON:tearDownClass): 204 DELETE http://10.180.1.21/identity/v3/users/98511639252642638268c64bfbdb19c7 0.148s
2025-04-16 18:33:36.836 69979 INFO tempest.lib.common.dynamic_creds [-] Deleting project and security group for project: b48737b515f14825a99546c3a9954f22
2025-04-16 18:33:37.036 69979 INFO tempest.lib.common.rest_client [req-8a4123d0-828a-4220-8f62-af74b0a8805b req-8a4123d0-828a-4220-8f62-af74b0a8805b ] Request (SecurityGroupsNegativeTestJSON:tearDownClass): 200 GET http://10.180.1.21:9696/networking/v2.0/security-groups?tenant_id=b48737b515f14825a99546c3a9954f22&name=default 0.199s
2025-04-16 18:33:37.147 69957 INFO tempest.lib.common.rest_client [req-df2d52ab-c226-465c-bf8f-558b1be78b37 req-df2d52ab-c226-465c-bf8f-558b1be78b37 ] Request (FlavorsExtraSpecsNegativeTestJSON:tearDownClass): 200 GET http://10.180.1.21:9696/networking/v2.0/security-groups?tenant_id=2c5ac02b40bd4e288e0a8ab92641908a&name=default 0.946s
2025-04-16 18:33:37.510 69967 INFO tempest.lib.common.rest_client [req-af540d7b-1b46-4940-999b-14c04bc498c3 req-af540d7b-1b46-4940-999b-14c04bc498c3 ] Request (ServersTestMultiNic:setUpClass): 201 POST http://10.180.1.21:9696/networking/v2.0/routers 3.900s
2025-04-16 18:33:37.631 69957 INFO tempest.lib.common.rest_client [req-85074655-c72e-47b7-bb9e-4c2c3e6670e0 req-85074655-c72e-47b7-bb9e-4c2c3e6670e0 ] Request (FlavorsExtraSpecsNegativeTestJSON:tearDownClass): 204 DELETE http://10.180.1.21:9696/networking/v2.0/security-groups/7c8cc573-c110-4020-8358-c4a0628d60f1 0.483s
2025-04-16 18:33:37.740 69979 INFO tempest.lib.common.rest_client [req-0669ec75-89bc-4e0e-916b-cffd9f4401e3 req-0669ec75-89bc-4e0e-916b-cffd9f4401e3 ] Request (SecurityGroupsNegativeTestJSON:tearDownClass): 204 DELETE http://10.180.1.21:9696/networking/v2.0/security-groups/371ce5cd-b7fa-4996-848d-57fbec62ad1b 0.704s
2025-04-16 18:33:37.766 69957 INFO tempest.lib.common.rest_client [req-d1c94861-5d11-44ec-a801-97281ee3190b req-d1c94861-5d11-44ec-a801-97281ee3190b ] Request (FlavorsExtraSpecsNegativeTestJSON:tearDownClass): 204 DELETE http://10.180.1.21/identity/v3/projects/2c5ac02b40bd4e288e0a8ab92641908a 0.134s
2025-04-16 18:33:37.767 69957 INFO tempest.test [-] raised in TestMultiAttachVolumeSwap.setUpClass. Invoking tearDownClass.
2025-04-16 18:33:37.803 69957 INFO tempest.lib.common.rest_client [req-7f61c8b0-ce83-415a-807d-5f7952611df1 req-7f61c8b0-ce83-415a-807d-5f7952611df1 ] Request (ServerMetadataTestJSON:setUpClass): 201 POST http://10.180.1.21/identity/v3/auth/tokens 0.032s
2025-04-16 18:33:37.845 69979 INFO tempest.lib.common.rest_client [req-14f00964-0317-48e4-b693-e97180c3cc59 req-14f00964-0317-48e4-b693-e97180c3cc59 ] Request (SecurityGroupsNegativeTestJSON:tearDownClass): 204 DELETE http://10.180.1.21/identity/v3/projects/b48737b515f14825a99546c3a9954f22 0.104s
2025-04-16 18:33:37.846 69979 INFO tempest.test [-] raised in NoVNCConsoleTestJSON.setUpClass. Invoking tearDownClass.
2025-04-16 18:33:37.873 69957 INFO tempest.lib.common.rest_client [req-94a873a5-7950-40f6-8bbb-851a41661deb req-94a873a5-7950-40f6-8bbb-851a41661deb ] Request (ServerMetadataTestJSON:setUpClass): 201 POST http://10.180.1.21/identity/v3/auth/tokens 0.066s
2025-04-16 18:33:37.877 69979 INFO tempest.lib.common.rest_client [req-fae31225-fcb8-49ac-8ae5-74b5aea3586b req-fae31225-fcb8-49ac-8ae5-74b5aea3586b ] Request (TestVersions:setUpClass): 201 POST http://10.180.1.21/identity/v3/auth/tokens 0.028s
2025-04-16 18:33:37.893 69957 INFO tempest.lib.common.rest_client [req-146777a2-7686-42c0-96a1-3e69b28170e8 req-146777a2-7686-42c0-96a1-3e69b28170e8 ] Request (ServerMetadataTestJSON:setUpClass): 200 GET http://10.180.1.21/identity/v3/domains?name=Default 0.019s
2025-04-16 18:33:37.909 69979 INFO tempest.lib.common.rest_client [req-ac1ebd3e-0042-4420-b748-6036e0b14f09 req-ac1ebd3e-0042-4420-b748-6036e0b14f09 ] Request (TestVersions:setUpClass): 201 POST http://10.180.1.21/identity/v3/auth/tokens 0.029s
2025-04-16 18:33:37.920 69957 INFO tempest.lib.common.rest_client [req-b67db8ce-9af4-46df-97f8-5b0d8c5ce4bc req-b67db8ce-9af4-46df-97f8-5b0d8c5ce4bc ] Request (ServerMetadataTestJSON:setUpClass): 201 POST http://10.180.1.21/identity/v3/projects 0.027s
2025-04-16 18:33:37.927 69973 INFO tempest.lib.common.rest_client [req-edc1ac91-1d94-46b8-ab13-e045ff98d1c5 req-edc1ac91-1d94-46b8-ab13-e045ff98d1c5 ] Request (InstanceActionsTestJSON:setUpClass): 201 POST http://10.180.1.21:9696/networking/v2.0/routers 4.828s
2025-04-16 18:33:37.930 69979 INFO tempest.lib.common.rest_client [req-39197032-d254-44bf-a448-ccb72c447cf5 req-39197032-d254-44bf-a448-ccb72c447cf5 ] Request (TestVersions:setUpClass): 200 GET http://10.180.1.21/identity/v3/domains?name=Default 0.020s
2025-04-16 18:33:37.982 69957 INFO tempest.lib.common.rest_client [req-290a44fd-e97f-4bfc-b229-46bc61976e13 req-290a44fd-e97f-4bfc-b229-46bc61976e13 ] Request (ServerMetadataTestJSON:setUpClass): 201 POST http://10.180.1.21/identity/v3/users 0.062s
2025-04-16 18:33:37.991 69979 INFO tempest.lib.common.rest_client [req-4e987509-77c7-44ed-bf7e-140b6e796b9a req-4e987509-77c7-44ed-bf7e-140b6e796b9a ] Request (TestVersions:setUpClass): 201 POST http://10.180.1.21/identity/v3/projects 0.060s
