2025-04-16 18:34:08.105 69961 INFO tempest.lib.common.rest_client [req-fc76d824-5f09-44cf-82c3-2f487b2188bf req-fc76d824-5f09-44cf-82c3-2f487b2188bf ] Request (FlavorsAccessNegativeTestJSON:tearDownClass): 204 DELETE http://10.180.1.21:9696/networking/v2.0/security-groups/74738e64-10e8-4301-b9ce-b7db38b539b0 0.068s
2025-04-16 18:34:08.173 69953 INFO tempest.lib.common.rest_client [req-5ff7bff8-d5a1-4718-81dc-a358010700b7 req-5ff7bff8-d5a1-4718-81dc-a358010700b7 ] Request (ImagesMetadataTestJSON:setUp): 200 PUT http://10.180.1.21/compute/v2.1/images/c79f6210-f087-4976-8ee4-fc18c3bce36f/metadata 0.280s
2025-04-16 18:34:08.189 69927 INFO tempest.lib.common.rest_client [req-b7593ca8-3555-4cfd-b1d5-34f16b3df5e9 req-b7593ca8-3555-4cfd-b1d5-34f16b3df5e9 ] Request (HypervisorAdminTestJSON:test_get_hypervisor_stats): 200 GET http://10.180.1.21/compute/v2.1/os-hypervisors/statistics 0.278s
2025-04-16 18:34:08.200 69947 INFO tempest.lib.common.rest_client [req-3b9835e1-3107-4ff5-9d42-6465866aefd9 req-3b9835e1-3107-4ff5-9d42-6465866aefd9 ] Request (ServersAdminTestJSON:setUpClass): 200 GET http://10.180.1.21/compute/v2.1/servers/ed63f202-c76d-4492-b738-606ee1c6b059 0.299s
2025-04-16 18:34:08.201 69961 INFO tempest.lib.common.rest_client [req-98abb22e-bccf-4f94-8f92-4053cdf19a3e req-98abb22e-bccf-4f94-8f92-4053cdf19a3e ] Request (FlavorsAccessNegativeTestJSON:tearDownClass): 204 DELETE http://10.180.1.21/identity/v3/projects/3e9a9dfda53c4d3d9745c5588e03cd48 0.096s
2025-04-16 18:34:08.201 69961 INFO tempest.lib.common.dynamic_creds [-] Deleting project and security group for project: 314dbe96145f44cfb66882fc0926af38
2025-04-16 18:34:08.206 69951 INFO tempest.lib.common.rest_client [req-2419abed-a62d-4a58-9e0b-4f6c1d94228c req-2419abed-a62d-4a58-9e0b-4f6c1d94228c ] Request (FlavorsAdminTestJSON:test_list_non_public_flavor): 200 GET http://10.180.1.21/compute/v2.1/flavors/detail 0.280s
2025-04-16 18:34:08.208 69965 INFO tempest.lib.common.rest_client [req-5472fc32-87b8-414d-a660-9984fe8926af req-5472fc32-87b8-414d-a660-9984fe8926af ] Request (MultipleCreateNegativeTestJSON:test_max_count_non_integer): 400 POST http://10.180.1.21/compute/v2.1/servers 0.279s
2025-04-16 18:34:08.216 69933 INFO tempest.lib.common.rest_client [req-967966d0-cc3e-424e-a088-31d516d6cc13 req-967966d0-cc3e-424e-a088-31d516d6cc13 ] Request (ServerGroupTestJSON:test_create_delete_server_group_with_affinity_policy): 200 GET http://10.180.1.21/compute/v2.1/os-server-groups 0.263s
2025-04-16 18:34:08.264 69965 INFO tempest.lib.common.rest_client [req-05db8629-36a6-4338-9548-ee6c16aa4b2e req-05db8629-36a6-4338-9548-ee6c16aa4b2e ] Request (MultipleCreateNegativeTestJSON:test_min_count_less_than_one): 201 POST http://10.180.1.21/identity/v3/auth/tokens 0.052s
2025-04-16 18:34:08.265 69965 INFO tempest.lib.common.fixed_network [-] (MultipleCreateNegativeTestJSON:test_min_count_less_than_one) Found network None available for tenant
2025-04-16 18:34:08.273 69985 INFO tempest.lib.common.rest_client [req-cd4357bc-a52f-4e0f-bcf4-a55c88618f5d req-cd4357bc-a52f-4e0f-bcf4-a55c88618f5d ] Request (ServerDiagnosticsV248Test:test_get_server_diagnostics): 200 GET http://10.180.1.21/compute/v2.1/servers/d2e78734-c619-43ab-bdad-bc18cc78c5e5 0.320s
2025-04-16 18:34:08.295 69927 INFO tempest.lib.common.rest_client [req-8fc63708-8b85-4476-ba22-4294f1e4ee6b req-8fc63708-8b85-4476-ba22-4294f1e4ee6b ] Request (HypervisorAdminTestJSON:tearDownClass): 204 DELETE http://10.180.1.21/identity/v3/users/e4f9ef260c174169bb876be935324b36 0.102s
2025-04-16 18:34:08.296 69961 INFO tempest.lib.common.rest_client [req-b767450c-b3be-4637-ae97-39b8d1738102 req-b767450c-b3be-4637-ae97-39b8d1738102 ] Request (FlavorsAccessNegativeTestJSON:tearDownClass): 200 GET http://10.180.1.21:9696/networking/v2.0/security-groups?tenant_id=314dbe96145f44cfb66882fc0926af38&name=default 0.094s
2025-04-16 18:34:08.338 69949 INFO tempest.lib.common.rest_client [req-3d46bee8-59fa-48a4-a899-5ca2636656c7 req-3d46bee8-59fa-48a4-a899-5ca2636656c7 ] Request (ImagesOneServerTestJSON:setUpClass): 200 GET http://10.180.1.21/compute/v2.1/servers/267be1e0-7768-421d-9ae4-f8acb5331b23 0.210s
2025-04-16 18:34:08.351 69943 INFO tempest.lib.common.rest_client [req-398b1406-02a4-4ae9-b715-e6d630ed1b45 req-398b1406-02a4-4ae9-b715-e6d630ed1b45 ] Request (InstanceActionsNegativeTestJSON:setUpClass): 200 GET http://10.180.1.21/compute/v2.1/servers/928bc799-4fed-4005-89d2-e18196f88ffb 0.269s
2025-04-16 18:34:08.366 69951 INFO tempest.lib.common.rest_client [req-8a8d62ae-35ef-4a98-9a72-54cfb6291cdf req-8a8d62ae-35ef-4a98-9a72-54cfb6291cdf ] Request (FlavorsAdminTestJSON:_run_cleanups): 202 DELETE http://10.180.1.21/compute/v2.1/flavors/327445923 0.152s
2025-04-16 18:34:08.395 69927 INFO tempest.lib.common.rest_client [req-a4a096f3-adcb-4e7e-89ed-a8c5462ada74 req-a4a096f3-adcb-4e7e-89ed-a8c5462ada74 ] Request (HypervisorAdminTestJSON:tearDownClass): 204 DELETE http://10.180.1.21/identity/v3/users/7ef30682d2f1469ba31410a23ed3314d 0.099s
2025-04-16 18:34:08.395 69927 INFO tempest.lib.common.dynamic_creds [-] Deleting project and security group for project: eed190fa56324581a9a9d8909af4c929
2025-04-16 18:34:08.396 69961 INFO tempest.lib.common.rest_client [req-c61b27bf-00ab-4b05-b9ca-0f1fb9a0068b req-c61b27bf-00ab-4b05-b9ca-0f1fb9a0068b ] Request (FlavorsAccessNegativeTestJSON:tearDownClass): 204 DELETE http://10.180.1.21:9696/networking/v2.0/security-groups/30ef7ff5-925f-4350-a067-41cff078eedd 0.099s
2025-04-16 18:34:08.452 69969 INFO tempest.lib.common.rest_client [req-3dd92fd1-a1c6-46c9-b87c-9d78a1ad026a req-3dd92fd1-a1c6-46c9-b87c-9d78a1ad026a ] Request (FloatingIPsAssociationNegativeTestJSON:setUpClass): 200 GET http://10.180.1.21/compute/v2.1/servers/ce04d2df-8587-4cda-93b1-cad7ba3ff670 0.234s
2025-04-16 18:34:08.454 69927 INFO tempest.lib.common.rest_client [req-0c0d9831-b170-40ba-b1c9-d500d37e9668 req-0c0d9831-b170-40ba-b1c9-d500d37e9668 ] Request (HypervisorAdminTestJSON:tearDownClass): 201 POST http://10.180.1.21/identity/v3/auth/tokens 0.059s
2025-04-16 18:34:08.497 69933 INFO tempest.lib.common.rest_client [req-a3f66dab-da59-4f12-989b-46f77fb4d0f0 req-a3f66dab-da59-4f12-989b-46f77fb4d0f0 ] Request (ServerGroupTestJSON:test_create_delete_server_group_with_anti_affinity_policy): 200 POST http://10.180.1.21/compute/v2.1/os-server-groups 0.278s
2025-04-16 18:34:08.524 69953 INFO tempest.lib.common.rest_client [req-09137929-2dfd-4014-9bdc-fe1ea6a85ca8 req-09137929-2dfd-4014-9bdc-fe1ea6a85ca8 ] Request (ImagesMetadataTestJSON:test_set_image_metadata): 200 PUT http://10.180.1.21/compute/v2.1/images/c79f6210-f087-4976-8ee4-fc18c3bce36f/metadata 0.350s
2025-04-16 18:34:08.526 69961 INFO tempest.lib.common.rest_client [req-5196b1f6-d802-49f8-ad93-32bbde3cc639 req-5196b1f6-d802-49f8-ad93-32bbde3cc639 ] Request (FlavorsAccessNegativeTestJSON:tearDownClass): 204 DELETE http://10.180.1.21/identity/v3/projects/314dbe96145f44cfb66882fc0926af38 0.129s
2025-04-16 18:34:08.529 69965 INFO tempest.lib.common.rest_client [req-252681ab-0080-4d01-a992-0808e2fec03c req-252681ab-0080-4d01-a992-0808e2fec03c ] Request (MultipleCreateNegativeTestJSON:test_min_count_less_than_one): 400 POST http://10.180.1.21/compute/v2.1/servers 0.264s
2025-04-16 18:34:08.549 69955 INFO tempest.lib.common.rest_client [req-ebe0b916-329d-4e2b-8a59-94dbfa3e4d9a req-ebe0b916-329d-4e2b-8a59-94dbfa3e4d9a ] Request (VolumesAssistedSnapshotsTest:test_volume_assisted_snapshot_create_delete): 200 GET http://10.180.1.21/compute/v2.1/servers/2b75aa03-750c-49b3-b69a-63bfee58942f 0.289s
2025-04-16 18:34:08.590 69961 INFO tempest.lib.common.rest_client [req-02c5c2d4-4257-4711-bb43-27ba39899668 req-02c5c2d4-4257-4711-bb43-27ba39899668 ] Request (FlavorsV255TestJSON:setUpClass): 201 POST http://10.180.1.21/identity/v3/auth/tokens 0.062s
2025-04-16 18:34:08.603 69965 INFO tempest.lib.common.rest_client [req-9a2ed730-0aad-4499-9443-d2b40a641f56 req-9a2ed730-0aad-4499-9443-d2b40a641f56 ] Request (MultipleCreateNegativeTestJSON:test_min_count_non_integer): 201 POST http://10.180.1.21/identity/v3/auth/tokens 0.069s
2025-04-16 18:34:08.603 69965 INFO tempest.lib.common.fixed_network [-] (MultipleCreateNegativeTestJSON:test_min_count_non_integer) Found network None available for tenant
2025-04-16 18:34:08.603 69957 INFO tempest.lib.common.rest_client [req-337a7aa9-0ae6-4260-bccf-2420c7f7e42b req-337a7aa9-0ae6-4260-bccf-2420c7f7e42b ] Request (ServerMetadataTestJSON:setUpClass): 200 GET http://10.180.1.21/compute/v2.1/servers/b21a0b12-14c7-491f-ae08-f596924490d3 0.300s
2025-04-16 18:34:08.614 69927 INFO tempest.lib.common.rest_client [req-265f9239-ee2d-401f-b54f-eb1acbb6a04b req-265f9239-ee2d-401f-b54f-eb1acbb6a04b ] Request (HypervisorAdminTestJSON:tearDownClass): 200 GET http://10.180.1.21:9696/networking/v2.0/security-groups?tenant_id=eed190fa56324581a9a9d8909af4c929&name=default 0.159s
2025-04-16 18:34:08.621 69961 INFO tempest.lib.common.rest_client [req-cfe2209b-76d3-49e6-9ad1-d1bf135ff531 req-cfe2209b-76d3-49e6-9ad1-d1bf135ff531 ] Request (FlavorsV255TestJSON:setUpClass): 201 POST http://10.180.1.21/identity/v3/auth/tokens 0.028s
2025-04-16 18:34:08.642 69961 INFO tempest.lib.common.rest_client [req-b999d32b-b956-4e77-b040-ab8ce7ef5202 req-b999d32b-b956-4e77-b040-ab8ce7ef5202 ] Request (FlavorsV255TestJSON:setUpClass): 200 GET http://10.180.1.21/identity/v3/domains?name=Default 0.021s
2025-04-16 18:34:08.644 69987 INFO tempest.lib.common.rest_client [req-594288f7-dfcd-471a-a38d-72757f8f08cc req-594288f7-dfcd-471a-a38d-72757f8f08cc ] Request (ServersTestManualDisk:setUpClass): 200 GET http://10.180.1.21/compute/v2.1/servers/dfbb396b-8f18-456d-9064-be451cdd1ac9 0.362s
2025-04-16 18:34:08.657 69959 INFO tempest.lib.common.rest_client [req-07315d6f-1c76-4f98-b37e-ce1611c56e73 req-07315d6f-1c76-4f98-b37e-ce1611c56e73 ] Request (ImagesNegativeTestJSON:test_create_image_from_deleted_server): 200 GET http://10.180.1.21/compute/v2.1/servers/613910dc-5ba5-482f-8b77-bf978fe622dd 0.329s
2025-04-16 18:34:08.660 69951 INFO tempest.lib.common.rest_client [req-5e65824e-6e4d-4bbc-b2eb-6ec255d8ab8c req-5e65824e-6e4d-4bbc-b2eb-6ec255d8ab8c ] Request (FlavorsAdminTestJSON:_run_cleanups): 200 GET http://10.180.1.21/compute/v2.1/flavors/detail 0.294s
2025-04-16 18:34:08.678 69961 INFO tempest.lib.common.rest_client [req-9228452b-cca8-40a2-99b0-de06939f1986 req-9228452b-cca8-40a2-99b0-de06939f1986 ] Request (FlavorsV255TestJSON:setUpClass): 201 POST http://10.180.1.21/identity/v3/projects 0.036s
2025-04-16 18:34:08.708 69967 INFO tempest.lib.common.rest_client [req-81b16612-37e0-4817-a2fd-993fcab5dd31 req-81b16612-37e0-4817-a2fd-993fcab5dd31 ] Request (ServersTestMultiNic:test_verify_duplicate_network_nics): 200 GET http://10.180.1.21/compute/v2.1/servers/28f086a0-3197-47a9-ad8d-6cfd3a59bfc3 0.322s
2025-04-16 18:34:08.708 69983 INFO tempest.lib.common.rest_client [req-6db28bff-9eb5-4d4d-a169-9a4c1b5315d6 req-6db28bff-9eb5-4d4d-a169-9a4c1b5315d6 ] Request (ServersWithSpecificFlavorTestJSON:test_verify_created_server_ephemeral_disk): 200 GET http://10.180.1.21/compute/v2.1/servers/50dd8f44-95ae-4b0c-ad88-2f11f4886d57 0.329s
2025-04-16 18:34:08.720 69927 INFO tempest.lib.common.rest_client [req-749ffe54-5ec3-476b-9d39-a20843b24af7 req-749ffe54-5ec3-476b-9d39-a20843b24af7 ] Request (HypervisorAdminTestJSON:tearDownClass): 204 DELETE http://10.180.1.21:9696/networking/v2.0/security-groups/d758133c-7a21-483d-a3b6-9c58dc01fd17 0.106s
2025-04-16 18:34:08.729 69933 INFO tempest.lib.common.rest_client [req-a75e43b1-d06b-4928-ac3c-7b7abf88dc90 req-a75e43b1-d06b-4928-ac3c-7b7abf88dc90 ] Request (ServerGroupTestJSON:test_create_delete_server_group_with_anti_affinity_policy): 204 DELETE http://10.180.1.21/compute/v2.1/os-server-groups/b9f55738-dcf9-4e66-a7e0-332f02cff4e4 0.230s
2025-04-16 18:34:08.742 69961 INFO tempest.lib.common.rest_client [req-8d4b9bfe-71fd-4a6d-93ae-2ee687b5e179 req-8d4b9bfe-71fd-4a6d-93ae-2ee687b5e179 ] Request (FlavorsV255TestJSON:setUpClass): 201 POST http://10.180.1.21/identity/v3/users 0.063s
2025-04-16 18:34:08.757 69939 INFO tempest.lib.common.rest_client [req-e83bfe6f-40fa-4152-8625-ad2dca5eb7ac req-e83bfe6f-40fa-4152-8625-ad2dca5eb7ac ] Request (ListServerFiltersTestJSON:setUpClass): 200 GET http://10.180.1.21/compute/v2.1/servers/45ccc6ec-6501-4477-9b94-1c0e3d1271d9 0.327s
2025-04-16 18:34:08.757 69953 INFO tempest.lib.common.rest_client [req-95a67f20-e548-47f3-81f5-537cd36a37f9 req-95a67f20-e548-47f3-81f5-537cd36a37f9 ] Request (ImagesMetadataTestJSON:test_set_image_metadata): 200 GET http://10.180.1.21/compute/v2.1/images/c79f6210-f087-4976-8ee4-fc18c3bce36f/metadata 0.232s
2025-04-16 18:34:08.760 69961 INFO tempest.lib.common.rest_client [req-f2e75ac3-072f-477f-add7-0208c295b67a req-f2e75ac3-072f-477f-add7-0208c295b67a ] Request (FlavorsV255TestJSON:setUpClass): 200 GET http://10.180.1.21/identity/v3/roles 0.018s
2025-04-16 18:34:08.763 69965 INFO tempest.lib.common.rest_client [req-9277e5e2-c5f5-47c8-b4f9-4083b084ee5b req-9277e5e2-c5f5-47c8-b4f9-4083b084ee5b ] Request (MultipleCreateNegativeTestJSON:test_min_count_non_integer): 400 POST http://10.180.1.21/compute/v2.1/servers 0.159s
2025-04-16 18:34:08.777 69951 INFO tempest.lib.common.rest_client [req-0d518ff9-206f-45d8-b610-a9a343b8127c req-0d518ff9-206f-45d8-b610-a9a343b8127c ] Request (FlavorsAdminTestJSON:test_list_public_flavor_with_other_user): 200 POST http://10.180.1.21/compute/v2.1/flavors 0.110s
2025-04-16 18:34:08.782 69927 INFO tempest.lib.common.rest_client [req-f4055a8a-8428-4d49-af97-daa53c495fb6 req-f4055a8a-8428-4d49-af97-daa53c495fb6 ] Request (HypervisorAdminTestJSON:tearDownClass): 204 DELETE http://10.180.1.21/identity/v3/projects/eed190fa56324581a9a9d8909af4c929 0.061s
2025-04-16 18:34:08.782 69927 INFO tempest.lib.common.dynamic_creds [-] Deleting project and security group for project: 7f7aff4851614932846c43c2948a34fd
2025-04-16 18:34:08.816 69961 INFO tempest.lib.common.rest_client [req-0a63cc01-4689-4f7c-91aa-76dbac556eed req-0a63cc01-4689-4f7c-91aa-76dbac556eed ] Request (FlavorsV255TestJSON:setUpClass): 204 PUT http://10.180.1.21/identity/v3/projects/8fcaf101d38648199706da6aad4454ac/users/0d4ee478a5754548ba11724cd3e577c9/roles/0edfe17eaf3e450a88227ce59b30d435 0.055s
2025-04-16 18:34:08.816 69961 INFO tempest.lib.common.dynamic_creds [-] Dynamic test user 0d4ee478a5754548ba11724cd3e577c9 is created with scope project and roles: ['member']
2025-04-16 18:34:08.816 69961 INFO tempest.lib.common.dynamic_creds [-] Acquired dynamic creds: credentials: Credentials: {'domain_id': 'default', 'domain_name': 'Default', 'username': 'tempest-FlavorsV255TestJSON-808958624-project-member', 'project_domain_id': 'default', 'project_domain_name': 'Default', 'project_id': '8fcaf101d38648199706da6aad4454ac', 'project_name': 'tempest-FlavorsV255TestJSON-808958624', 'tenant_id': '8fcaf101d38648199706da6aad4454ac', 'tenant_name': 'tempest-FlavorsV255TestJSON-808958624', 'user_domain_id': 'default', 'user_domain_name': 'Default', 'user_id': '0d4ee478a5754548ba11724cd3e577c9', 'system': None}, Network: None, Subnet: None, Router: None
2025-04-16 18:34:08.816 69961 INFO tempest.lib.common.dynamic_creds [-] Created isolated network resources for: credentials: Credentials: {'domain_id': 'default', 'domain_name': 'Default', 'username': 'tempest-FlavorsV255TestJSON-808958624-project-member', 'project_domain_id': 'default', 'project_domain_name': 'Default', 'project_id': '8fcaf101d38648199706da6aad4454ac', 'project_name': 'tempest-FlavorsV255TestJSON-808958624', 'tenant_id': '8fcaf101d38648199706da6aad4454ac', 'tenant_name': 'tempest-FlavorsV255TestJSON-808958624', 'user_domain_id': 'default', 'user_domain_name': 'Default', 'user_id': '0d4ee478a5754548ba11724cd3e577c9', 'system': None}, Network: None, Subnet: None, Router: None
2025-04-16 18:34:08.864 69929 INFO tempest.lib.common.rest_client [req-7c05d51f-579b-4888-b3d1-3d7339d699d0 req-7c05d51f-579b-4888-b3d1-3d7339d699d0 ] Request (MigrationsAdminTest:test_list_migrations_in_flavor_resize_situation): 200 GET http://10.180.1.21/compute/v2.1/servers/9550f67e-b7b2-48a9-b918-e2f5b38f3bc1 0.174s
2025-04-16 18:34:08.877 69975 INFO tempest.lib.common.rest_client [req-c26e5b80-a261-4d99-95c2-00d2a7af4461 req-c26e5b80-a261-4d99-95c2-00d2a7af4461 ] Request (TenantUsagesTestJSON:setUpClass): 200 GET http://10.180.1.21/compute/v2.1/servers/54630c78-200e-4b36-8612-34f411e08821 0.251s
2025-04-16 18:34:08.880 69961 INFO tempest.lib.common.rest_client [req-7caf5565-6679-4010-80a0-b974e54b5d6b req-7caf5565-6679-4010-80a0-b974e54b5d6b ] Request (FlavorsV255TestJSON:setUpClass): 201 POST http://10.180.1.21/identity/v3/auth/tokens 0.061s
2025-04-16 18:34:08.892 69933 INFO tempest.lib.common.rest_client [req-afb9e535-2e89-48d3-a850-54a9826b4b5f req-afb9e535-2e89-48d3-a850-54a9826b4b5f ] Request (ServerGroupTestJSON:test_create_delete_server_group_with_anti_affinity_policy): 200 GET http://10.180.1.21/compute/v2.1/os-server-groups 0.163s
2025-04-16 18:34:08.899 69965 INFO tempest.lib.common.rest_client [req-f55aad3b-36ab-4344-878b-2fc9658e9eb1 req-f55aad3b-36ab-4344-878b-2fc9658e9eb1 ] Request (MultipleCreateNegativeTestJSON:tearDownClass): 204 DELETE http://10.180.1.21/identity/v3/users/abc1c4cad6644cfaab134d17adb68a7b 0.135s
2025-04-16 18:34:08.900 69965 INFO tempest.lib.common.dynamic_creds [-] Deleting project and security group for project: 8b70ed7308c84f08865df3e7e12a90ad
2025-04-16 18:34:08.911 69927 INFO tempest.lib.common.rest_client [req-7b57024d-0e1d-4d68-82c9-0572b6562f45 req-7b57024d-0e1d-4d68-82c9-0572b6562f45 ] Request (HypervisorAdminTestJSON:tearDownClass): 200 GET http://10.180.1.21:9696/networking/v2.0/security-groups?tenant_id=7f7aff4851614932846c43c2948a34fd&name=default 0.129s
2025-04-16 18:34:08.949 69961 INFO tempest.lib.common.rest_client [req-1141b003-1c41-4343-9fc6-05679c669de8 req-1141b003-1c41-4343-9fc6-05679c669de8 ] Request (FlavorsV255TestJSON:setUpClass): 201 POST http://10.180.1.21/identity/v3/projects 0.068s
2025-04-16 18:34:08.956 69933 INFO tempest.lib.common.rest_client [req-2a5e0a64-3acd-4dc0-bbe8-5761a0a30b1f req-2a5e0a64-3acd-4dc0-bbe8-5761a0a30b1f ] Request (ServerGroupTestJSON:test_create_server_with_scheduler_hint_group): 201 POST http://10.180.1.21/identity/v3/auth/tokens 0.056s
2025-04-16 18:34:08.956 69933 INFO tempest.lib.common.fixed_network [-] (ServerGroupTestJSON:test_create_server_with_scheduler_hint_group) Found network {'id': '2d905394-7c31-4cff-b9e5-caa197f951fd', 'name': 'tempest-ServerGroupTestJSON-1949441542-network', 'tenant_id': 'f046116d6c1d4b8287472303631d58a5', 'admin_state_up': True, 'mtu': 8950, 'status': 'ACTIVE', 'subnets': [], 'shared': False, 'project_id': 'f046116d6c1d4b8287472303631d58a5', 'port_security_enabled': True, 'router:external': False, 'provider:network_type': 'vlan', 'provider:physical_network': 'default', 'provider:segmentation_id': 535, 'is_default': False, 'availability_zone_hints': [], 'availability_zones': [], 'ipv4_address_scope': None, 'ipv6_address_scope': None, 'description': '', 'tags': [], 'created_at': '2025-04-16T18:34:00Z', 'updated_at': '2025-04-16T18:34:00Z', 'revision_number': 1} available for tenant
2025-04-16 18:34:08.960 69963 INFO tempest.lib.common.rest_client [req-13f48f8d-7856-48d9-bcfa-7e5f59928c1a req-13f48f8d-7856-48d9-bcfa-7e5f59928c1a ] Request (ImagesTestJSON:test_create_image_from_stopped_server): 200 GET http://10.180.1.21/compute/v2.1/servers/1756fcf7-3d68-4d02-9a66-619d0a1a9505 0.244s
2025-04-16 18:34:08.988 69927 INFO tempest.lib.common.rest_client [req-05595092-94b4-46ae-a2c0-9877f495963c req-05595092-94b4-46ae-a2c0-9877f495963c ] Request (HypervisorAdminTestJSON:tearDownClass): 204 DELETE http://10.180.1.21:9696/networking/v2.0/security-groups/bd569275-cbba-475a-9ad7-686fe3eeea7e 0.076s
2025-04-16 18:34:09.004 69965 INFO tempest.lib.common.rest_client [req-92be8c5b-76f6-4ea3-9d59-7b36b7ed98d7 req-92be8c5b-76f6-4ea3-9d59-7b36b7ed98d7 ] Request (MultipleCreateNegativeTestJSON:tearDownClass): 201 POST http://10.180.1.21/identity/v3/auth/tokens 0.104s
2025-04-16 18:34:09.010 69973 INFO tempest.lib.common.rest_client [req-d8fc8a8f-fd82-4aa8-bde9-fb3c638a0242 req-d8fc8a8f-fd82-4aa8-bde9-fb3c638a0242 ] Request (InstanceActionsTestJSON:setUpClass): 200 GET http://10.180.1.21/compute/v2.1/servers/741e7ee9-8ee1-4b36-89cc-a640e6f6b97a 0.248s
2025-04-16 18:34:09.020 69961 INFO tempest.lib.common.rest_client [req-cd41b336-a275-4627-9833-589979ba8e8b req-cd41b336-a275-4627-9833-589979ba8e8b ] Request (FlavorsV255TestJSON:setUpClass): 201 POST http://10.180.1.21/identity/v3/users 0.071s
2025-04-16 18:34:09.023 69951 INFO tempest.lib.common.rest_client [req-c60fe724-b236-4b23-a386-6b2b9dc5dad9 req-c60fe724-b236-4b23-a386-6b2b9dc5dad9 ] Request (FlavorsAdminTestJSON:test_list_public_flavor_with_other_user): 200 GET http://10.180.1.21/compute/v2.1/flavors/detail 0.243s
2025-04-16 18:34:09.054 69927 INFO tempest.lib.common.rest_client [req-683d4bc1-73fd-4304-8849-0e3f14124ba8 req-683d4bc1-73fd-4304-8849-0e3f14124ba8 ] Request (HypervisorAdminTestJSON:tearDownClass): 204 DELETE http://10.180.1.21/identity/v3/projects/7f7aff4851614932846c43c2948a34fd 0.066s
2025-04-16 18:34:09.072 69945 INFO tempest.lib.common.rest_client [req-d5cd44e9-9428-4df1-a942-9fae487ba7f1 req-d5cd44e9-9428-4df1-a942-9fae487ba7f1 ] Request (SecurityGroupsTestJSON:test_list_security_groups_by_server): 200 GET http://10.180.1.21/compute/v2.1/servers/6e484ac2-6437-488a-97e2-f5dedb5816c6 0.266s
2025-04-16 18:34:09.099 69961 INFO tempest.lib.common.rest_client [req-766eefdd-5e8a-417a-8101-2957411923aa req-766eefdd-5e8a-417a-8101-2957411923aa ] Request (FlavorsV255TestJSON:setUpClass): 200 GET http://10.180.1.21/identity/v3/roles 0.078s
2025-04-16 18:34:09.102 69953 INFO tempest.lib.common.rest_client [req-753ece76-6f62-4e2b-bf88-818d29737502 req-753ece76-6f62-4e2b-bf88-818d29737502 ] Request (ImagesMetadataTestJSON:setUp): 200 PUT http://10.180.1.21/compute/v2.1/images/c79f6210-f087-4976-8ee4-fc18c3bce36f/metadata 0.342s
2025-04-16 18:34:09.126 69931 INFO tempest.lib.common.rest_client [req-69d636d6-758b-47cc-a121-14a96add6f83 req-69d636d6-758b-47cc-a121-14a96add6f83 ] Request (ServerActionsTestOtherA:setUpClass): 200 GET http://10.180.1.21/compute/v2.1/servers/ca4953f5-de55-4476-a845-c633a073eb43 0.300s
2025-04-16 18:34:09.126 69927 INFO tempest.lib.common.rest_client [req-64dd74f2-b185-4bec-b9c8-83fe45936a88 req-64dd74f2-b185-4bec-b9c8-83fe45936a88 ] Request (QuotasSecurityGroupAdminNegativeTest:setUpClass): 201 POST http://10.180.1.21/identity/v3/auth/tokens 0.070s
2025-04-16 18:34:09.150 69961 INFO tempest.lib.common.rest_client [req-e5016a5d-b8fa-44bf-ac69-3d5f0da3fa73 req-e5016a5d-b8fa-44bf-ac69-3d5f0da3fa73 ] Request (FlavorsV255TestJSON:setUpClass): 204 PUT http://10.180.1.21/identity/v3/projects/67477b7358224f09a25f8f686caf10d3/users/bb055f3c67ce49bba96d83a304049499/roles/b2713a2a336340f4ad00685f59aafe44 0.051s
2025-04-16 18:34:09.155 69989 INFO tempest.lib.common.rest_client [req-e886eb72-889d-4316-ae8c-2bfef6f35884 req-e886eb72-889d-4316-ae8c-2bfef6f35884 ] Request (ServerActionsTestJSON:setUpClass): 200 GET http://10.180.1.21/compute/v2.1/servers/63b167e7-3d86-4ee4-8bae-bfb8fe084135 0.303s
2025-04-16 18:34:09.185 69937 INFO tempest.lib.common.rest_client [req-0421236a-6817-4092-ba87-656d6cb25e54 req-0421236a-6817-4092-ba87-656d6cb25e54 ] Request (ServersAdminNegativeTestJSON:setUpClass): 200 GET http://10.180.1.21/compute/v2.1/servers/e0b188fb-3ec8-46c7-8966-ea4eaef2430b 0.315s
2025-04-16 18:34:09.189 69927 INFO tempest.lib.common.rest_client [req-0c5b1d3f-c489-4c9e-a281-52605ea83c05 req-0c5b1d3f-c489-4c9e-a281-52605ea83c05 ] Request (QuotasSecurityGroupAdminNegativeTest:setUpClass): 201 POST http://10.180.1.21/identity/v3/auth/tokens 0.060s
2025-04-16 18:34:09.201 69935 INFO tempest.lib.common.rest_client [req-2f571c20-a12f-4ebe-aa48-2ab0edad6330 req-2f571c20-a12f-4ebe-aa48-2ab0edad6330 ] Request (VolumesAdminNegativeTest:test_update_attached_volume_with_nonexistent_volume_in_body): 200 GET http://10.180.1.21/compute/v2.1/servers/51ebee08-c929-4485-b229-cd99d35db2f7 0.306s
2025-04-16 18:34:09.202 69961 INFO tempest.lib.common.rest_client [req-27e6063f-dd95-4dd7-8e76-2f36074d85ab req-27e6063f-dd95-4dd7-8e76-2f36074d85ab ] Request (FlavorsV255TestJSON:setUpClass): 200 GET http://10.180.1.21/identity/v3/roles 0.051s
2025-04-16 18:34:09.212 69927 INFO tempest.lib.common.rest_client [req-6a515d4d-633a-4eed-abae-40f647c32d45 req-6a515d4d-633a-4eed-abae-40f647c32d45 ] Request (QuotasSecurityGroupAdminNegativeTest:setUpClass): 200 GET http://10.180.1.21/identity/v3/domains?name=Default 0.022s
2025-04-16 18:34:09.219 69961 INFO tempest.lib.common.rest_client [req-958e3209-de09-4b62-99bc-7efbd79b3a5c req-958e3209-de09-4b62-99bc-7efbd79b3a5c ] Request (FlavorsV255TestJSON:setUpClass): 204 PUT http://10.180.1.21/identity/v3/projects/67477b7358224f09a25f8f686caf10d3/users/bb055f3c67ce49bba96d83a304049499/roles/b2713a2a336340f4ad00685f59aafe44 0.017s
2025-04-16 18:34:09.220 69961 INFO tempest.lib.common.dynamic_creds [-] Dynamic test user bb055f3c67ce49bba96d83a304049499 is created with scope project and roles: ['admin']
2025-04-16 18:34:09.220 69961 INFO tempest.lib.common.dynamic_creds [-] Acquired dynamic creds: credentials: Credentials: {'domain_id': 'default', 'domain_name': 'Default', 'username': 'tempest-FlavorsV255TestJSON-874577627-project-admin', 'project_domain_id': 'default', 'project_domain_name': 'Default', 'project_id': '67477b7358224f09a25f8f686caf10d3', 'project_name': 'tempest-FlavorsV255TestJSON-874577627', 'tenant_id': '67477b7358224f09a25f8f686caf10d3', 'tenant_name': 'tempest-FlavorsV255TestJSON-874577627', 'user_domain_id': 'default', 'user_domain_name': 'Default', 'user_id': 'bb055f3c67ce49bba96d83a304049499', 'system': None}, Network: None, Subnet: None, Router: None
2025-04-16 18:34:09.220 69961 INFO tempest.lib.common.dynamic_creds [-] Created isolated network resources for: credentials: Credentials: {'domain_id': 'default', 'domain_name': 'Default', 'username': 'tempest-FlavorsV255TestJSON-874577627-project-admin', 'project_domain_id': 'default', 'project_domain_name': 'Default', 'project_id': '67477b7358224f09a25f8f686caf10d3', 'project_name': 'tempest-FlavorsV255TestJSON-874577627', 'tenant_id': '67477b7358224f09a25f8f686caf10d3', 'tenant_name': 'tempest-FlavorsV255TestJSON-874577627', 'user_domain_id': 'default', 'user_domain_name': 'Default', 'user_id': 'bb055f3c67ce49bba96d83a304049499', 'system': None}, Network: None, Subnet: None, Router: None
2025-04-16 18:34:09.230 69965 INFO tempest.lib.common.rest_client [req-0b2258ef-ecac-4ea8-8414-944f3e12fc0c req-0b2258ef-ecac-4ea8-8414-944f3e12fc0c ] Request (MultipleCreateNegativeTestJSON:tearDownClass): 200 GET http://10.180.1.21:9696/networking/v2.0/security-groups?tenant_id=8b70ed7308c84f08865df3e7e12a90ad&name=default 0.226s
2025-04-16 18:34:09.240 69971 INFO tempest.lib.common.rest_client [req-4a7368b6-bce8-4915-bcf2-475686a9fb5d req-4a7368b6-bce8-4915-bcf2-475686a9fb5d ] Request (ServerDiagnosticsNegativeTest:test_get_server_diagnostics_by_non_admin): 200 GET http://10.180.1.21/compute/v2.1/servers/63c7b328-2c8a-42a6-b340-78528a656f9f 0.299s
2025-04-16 18:34:09.256 69951 INFO tempest.lib.common.rest_client [req-a3e808d3-984a-41a3-a9a7-ddb6fa9de299 req-a3e808d3-984a-41a3-a9a7-ddb6fa9de299 ] Request (FlavorsAdminTestJSON:_run_cleanups): 202 DELETE http://10.180.1.21/compute/v2.1/flavors/293335629 0.228s
2025-04-16 18:34:09.280 69927 INFO tempest.lib.common.rest_client [req-a6476682-e7fa-44ca-9d7c-8d350d627a39 req-a6476682-e7fa-44ca-9d7c-8d350d627a39 ] Request (QuotasSecurityGroupAdminNegativeTest:setUpClass): 201 POST http://10.180.1.21/identity/v3/projects 0.067s
2025-04-16 18:34:09.291 69961 INFO tempest.lib.common.rest_client [req-44cbb6ae-c9e9-447f-94ae-008f71c6bfba req-44cbb6ae-c9e9-447f-94ae-008f71c6bfba ] Request (FlavorsV255TestJSON:setUpClass): 201 POST http://10.180.1.21/identity/v3/auth/tokens 0.067s
2025-04-16 18:34:09.311 69965 INFO tempest.lib.common.rest_client [req-d1ddb607-6a78-460d-a82e-1a5f98986cbd req-d1ddb607-6a78-460d-a82e-1a5f98986cbd ] Request (MultipleCreateNegativeTestJSON:tearDownClass): 204 DELETE http://10.180.1.21:9696/networking/v2.0/security-groups/9e3ba36a-836b-4643-ad45-d12d0230c2f3 0.080s
2025-04-16 18:34:09.333 69927 INFO tempest.lib.common.rest_client [req-58a36d24-62a1-4dc3-865a-79b728d9e030 req-58a36d24-62a1-4dc3-865a-79b728d9e030 ] Request (QuotasSecurityGroupAdminNegativeTest:setUpClass): 201 POST http://10.180.1.21/identity/v3/users 0.053s
2025-04-16 18:34:09.350 69927 INFO tempest.lib.common.rest_client [req-a7bbf02f-a4f5-4efe-8b1d-4dad8f4737c1 req-a7bbf02f-a4f5-4efe-8b1d-4dad8f4737c1 ] Request (QuotasSecurityGroupAdminNegativeTest:setUpClass): 200 GET http://10.180.1.21/identity/v3/roles 0.016s
2025-04-16 18:34:09.355 69941 INFO tempest.lib.common.rest_client [req-5016bd4e-5281-492f-a0d0-0d1499d40296 req-5016bd4e-5281-492f-a0d0-0d1499d40296 ] Request (ServerDiagnosticsTest:test_get_server_diagnostics): 200 GET http://10.180.1.21/compute/v2.1/servers/549c349e-5417-408c-acb2-93e506476e2a 0.272s
2025-04-16 18:34:09.370 69965 INFO tempest.lib.common.rest_client [req-4da790b6-ff13-492a-b1fa-cf1b672eed50 req-4da790b6-ff13-492a-b1fa-cf1b672eed50 ] Request (MultipleCreateNegativeTestJSON:tearDownClass): 204 DELETE http://10.180.1.21/identity/v3/projects/8b70ed7308c84f08865df3e7e12a90ad 0.059s
2025-04-16 18:34:09.399 69965 INFO tempest.lib.common.rest_client [req-9922ba91-2b96-4a4e-a109-7f773b3acbb8 req-9922ba91-2b96-4a4e-a109-7f773b3acbb8 ] Request (ServerMetadataNegativeTestJSON:setUpClass): 201 POST http://10.180.1.21/identity/v3/auth/tokens 0.026s
2025-04-16 18:34:09.405 69927 INFO tempest.lib.common.rest_client [req-e1f5d808-32f9-43df-9a57-a3296f7348c0 req-e1f5d808-32f9-43df-9a57-a3296f7348c0 ] Request (QuotasSecurityGroupAdminNegativeTest:setUpClass): 204 PUT http://10.180.1.21/identity/v3/projects/ae4cb47be70d4b019d0cba6de99ff855/users/05fcb52c55d34da3af8d6c318c9e8357/roles/0edfe17eaf3e450a88227ce59b30d435 0.055s
2025-04-16 18:34:09.406 69927 INFO tempest.lib.common.dynamic_creds [-] Dynamic test user 05fcb52c55d34da3af8d6c318c9e8357 is created with scope project and roles: ['member']
2025-04-16 18:34:09.406 69927 INFO tempest.lib.common.dynamic_creds [-] Acquired dynamic creds: credentials: Credentials: {'domain_id': 'default', 'domain_name': 'Default', 'username': 'tempest-QuotasSecurityGroupAdminNegativeTest-1714230582-project-member', 'project_domain_id': 'default', 'project_domain_name': 'Default', 'project_id': 'ae4cb47be70d4b019d0cba6de99ff855', 'project_name': 'tempest-QuotasSecurityGroupAdminNegativeTest-1714230582', 'tenant_id': 'ae4cb47be70d4b019d0cba6de99ff855', 'tenant_name': 'tempest-QuotasSecurityGroupAdminNegativeTest-1714230582', 'user_domain_id': 'default', 'user_domain_name': 'Default', 'user_id': '05fcb52c55d34da3af8d6c318c9e8357', 'system': None}, Network: None, Subnet: None, Router: None
2025-04-16 18:34:09.406 69927 INFO tempest.lib.common.dynamic_creds [-] Created isolated network resources for: credentials: Credentials: {'domain_id': 'default', 'domain_name': 'Default', 'username': 'tempest-QuotasSecurityGroupAdminNegativeTest-1714230582-project-member', 'project_domain_id': 'default', 'project_domain_name': 'Default', 'project_id': 'ae4cb47be70d4b019d0cba6de99ff855', 'project_name': 'tempest-QuotasSecurityGroupAdminNegativeTest-1714230582', 'tenant_id': 'ae4cb47be70d4b019d0cba6de99ff855', 'tenant_name': 'tempest-QuotasSecurityGroupAdminNegativeTest-1714230582', 'user_domain_id': 'default', 'user_domain_name': 'Default', 'user_id': '05fcb52c55d34da3af8d6c318c9e8357', 'system': None}, Network: None, Subnet: None, Router: None
2025-04-16 18:34:09.460 69965 INFO tempest.lib.common.rest_client [req-2a2d3d47-b9d4-4bcd-ad93-b4c56334c86b req-2a2d3d47-b9d4-4bcd-ad93-b4c56334c86b ] Request (ServerMetadataNegativeTestJSON:setUpClass): 201 POST http://10.180.1.21/identity/v3/auth/tokens 0.059s
2025-04-16 18:34:09.471 69927 INFO tempest.lib.common.rest_client [req-7f3ff49b-0233-46f6-ad7b-555e0c6a1444 req-7f3ff49b-0233-46f6-ad7b-555e0c6a1444 ] Request (QuotasSecurityGroupAdminNegativeTest:setUpClass): 201 POST http://10.180.1.21/identity/v3/auth/tokens 0.060s
2025-04-16 18:34:09.477 69965 INFO tempest.lib.common.rest_client [req-8118dc2f-a83f-4caa-9333-0b4637a206f8 req-8118dc2f-a83f-4caa-9333-0b4637a206f8 ] Request (ServerMetadataNegativeTestJSON:setUpClass): 200 GET http://10.180.1.21/identity/v3/domains?name=Default 0.017s
2025-04-16 18:34:09.498 69927 INFO tempest.lib.common.rest_client [req-98342b3a-a2a2-4bb5-add8-1b41b3b76a0b req-98342b3a-a2a2-4bb5-add8-1b41b3b76a0b ] Request (QuotasSecurityGroupAdminNegativeTest:setUpClass): 201 POST http://10.180.1.21/identity/v3/projects 0.027s
2025-04-16 18:34:09.506 69965 INFO tempest.lib.common.rest_client [req-ef154d9f-eff4-41cd-b706-fdbbe9c0d502 req-ef154d9f-eff4-41cd-b706-fdbbe9c0d502 ] Request (ServerMetadataNegativeTestJSON:setUpClass): 201 POST http://10.180.1.21/identity/v3/projects 0.028s
2025-04-16 18:34:09.517 69953 INFO tempest.lib.common.rest_client [req-24c7a51b-4101-446f-83cf-81c3a434b7ab req-24c7a51b-4101-446f-83cf-81c3a434b7ab ] Request (ImagesMetadataTestJSON:test_set_image_metadata_item): 200 PUT http://10.180.1.21/compute/v2.1/images/c79f6210-f087-4976-8ee4-fc18c3bce36f/metadata/os_version 0.415s
2025-04-16 18:34:09.565 69965 INFO tempest.lib.common.rest_client [req-90ff8063-bf77-4bcc-9421-f327154f88b7 req-90ff8063-bf77-4bcc-9421-f327154f88b7 ] Request (ServerMetadataNegativeTestJSON:setUpClass): 201 POST http://10.180.1.21/identity/v3/users 0.059s
2025-04-16 18:34:09.583 69965 INFO tempest.lib.common.rest_client [req-1e52b706-042d-431f-bc20-05e1cff0ce1b req-1e52b706-042d-431f-bc20-05e1cff0ce1b ] Request (ServerMetadataNegativeTestJSON:setUpClass): 200 GET http://10.180.1.21/identity/v3/roles 0.017s
2025-04-16 18:34:09.586 69927 INFO tempest.lib.common.rest_client [req-5dedf26e-724e-49cc-a0bd-985345028494 req-5dedf26e-724e-49cc-a0bd-985345028494 ] Request (QuotasSecurityGroupAdminNegativeTest:setUpClass): 201 POST http://10.180.1.21/identity/v3/users 0.087s
2025-04-16 18:34:09.603 69927 INFO tempest.lib.common.rest_client [req-2ba13919-b26b-4706-9e22-2cb4577c5e02 req-2ba13919-b26b-4706-9e22-2cb4577c5e02 ] Request (QuotasSecurityGroupAdminNegativeTest:setUpClass): 200 GET http://10.180.1.21/identity/v3/roles 0.017s
2025-04-16 18:34:09.608 69965 INFO tempest.lib.common.rest_client [req-55b43d59-c492-4495-b87d-0d9b5708ad9a req-55b43d59-c492-4495-b87d-0d9b5708ad9a ] Request (ServerMetadataNegativeTestJSON:setUpClass): 204 PUT http://10.180.1.21/identity/v3/projects/f0bc9c8566c245e58af707154feba37b/users/e41e2363cc7545f0aa48bfb5d39a4b5c/roles/0edfe17eaf3e450a88227ce59b30d435 0.024s
2025-04-16 18:34:09.608 69933 INFO tempest.lib.common.rest_client [req-72356b40-a78c-4c8a-b09e-7707263e8788 req-72356b40-a78c-4c8a-b09e-7707263e8788 ] Request (ServerGroupTestJSON:test_create_server_with_scheduler_hint_group): 202 POST http://10.180.1.21/compute/v2.1/servers 0.651s
2025-04-16 18:34:09.608 69965 INFO tempest.lib.common.dynamic_creds [-] Dynamic test user e41e2363cc7545f0aa48bfb5d39a4b5c is created with scope project and roles: ['member']
2025-04-16 18:34:09.608 69965 INFO tempest.lib.common.dynamic_creds [-] Acquired dynamic creds: credentials: Credentials: {'domain_id': 'default', 'domain_name': 'Default', 'username': 'tempest-ServerMetadataNegativeTestJSON-2070852957-project-member', 'project_domain_id': 'default', 'project_domain_name': 'Default', 'project_id': 'f0bc9c8566c245e58af707154feba37b', 'project_name': 'tempest-ServerMetadataNegativeTestJSON-2070852957', 'tenant_id': 'f0bc9c8566c245e58af707154feba37b', 'tenant_name': 'tempest-ServerMetadataNegativeTestJSON-2070852957', 'user_domain_id': 'default', 'user_domain_name': 'Default', 'user_id': 'e41e2363cc7545f0aa48bfb5d39a4b5c', 'system': None}, Network: None, Subnet: None, Router: None
2025-04-16 18:34:09.619 69951 INFO tempest.lib.common.rest_client [req-fa74a630-a3ea-4029-9206-5019b5997333 req-fa74a630-a3ea-4029-9206-5019b5997333 ] Request (FlavorsAdminTestJSON:_run_cleanups): 200 GET http://10.180.1.21/compute/v2.1/flavors/detail 0.363s
2025-04-16 18:34:09.662 69965 INFO tempest.lib.common.rest_client [req-cff2b1e9-c311-467c-bc6f-b80cb1b4ab6d req-cff2b1e9-c311-467c-bc6f-b80cb1b4ab6d ] Request (ServerMetadataNegativeTestJSON:setUpClass): 201 POST http://10.180.1.21/identity/v3/auth/tokens 0.054s
2025-04-16 18:34:09.668 69927 INFO tempest.lib.common.rest_client [req-23d59b74-db73-42db-8b79-f6c832ec903d req-23d59b74-db73-42db-8b79-f6c832ec903d ] Request (QuotasSecurityGroupAdminNegativeTest:setUpClass): 204 PUT http://10.180.1.21/identity/v3/projects/c26c0bebb0664a43af637b479062a376/users/dd39556091b94409ad6404192a70d98f/roles/b2713a2a336340f4ad00685f59aafe44 0.065s
2025-04-16 18:34:09.679 69985 INFO tempest.lib.common.rest_client [req-e5eccafb-b95f-4f6d-9e5e-4e3287a98841 req-e5eccafb-b95f-4f6d-9e5e-4e3287a98841 ] Request (ServerDiagnosticsV248Test:test_get_server_diagnostics): 200 GET http://10.180.1.21/compute/v2.1/servers/d2e78734-c619-43ab-bdad-bc18cc78c5e5 0.396s
2025-04-16 18:34:09.682 69947 INFO tempest.lib.common.rest_client [req-68427c02-1e88-42cd-b6e2-c56cf62aed8c req-68427c02-1e88-42cd-b6e2-c56cf62aed8c ] Request (ServersAdminTestJSON:setUpClass): 200 GET http://10.180.1.21/compute/v2.1/servers/ed63f202-c76d-4492-b738-606ee1c6b059 0.475s
2025-04-16 18:34:09.730 69949 INFO tempest.lib.common.rest_client [req-651f549f-7568-4134-90ec-13aa91b2ba71 req-651f549f-7568-4134-90ec-13aa91b2ba71 ] Request (ImagesOneServerTestJSON:setUpClass): 200 GET http://10.180.1.21/compute/v2.1/servers/267be1e0-7768-421d-9ae4-f8acb5331b23 0.381s
2025-04-16 18:34:09.735 69927 INFO tempest.lib.common.rest_client [req-e1689402-5fda-4691-b30c-d50216640a93 req-e1689402-5fda-4691-b30c-d50216640a93 ] Request (QuotasSecurityGroupAdminNegativeTest:setUpClass): 200 GET http://10.180.1.21/identity/v3/roles 0.066s
2025-04-16 18:34:09.771 69951 INFO tempest.lib.common.rest_client [req-d87cab60-8653-4db6-ac82-65669610cbd8 req-d87cab60-8653-4db6-ac82-65669610cbd8 ] Request (FlavorsAdminTestJSON:tearDownClass): 204 DELETE http://10.180.1.21/identity/v3/users/6079755ef5094cf7b5c90b56b2c75ad2 0.145s
2025-04-16 18:34:09.825 69927 INFO tempest.lib.common.rest_client [req-530d54f7-482d-48e1-96e5-385b5df550a3 req-530d54f7-482d-48e1-96e5-385b5df550a3 ] Request (QuotasSecurityGroupAdminNegativeTest:setUpClass): 204 PUT http://10.180.1.21/identity/v3/projects/c26c0bebb0664a43af637b479062a376/users/dd39556091b94409ad6404192a70d98f/roles/b2713a2a336340f4ad00685f59aafe44 0.090s
2025-04-16 18:34:09.825 69927 INFO tempest.lib.common.dynamic_creds [-] Dynamic test user dd39556091b94409ad6404192a70d98f is created with scope project and roles: ['admin']
2025-04-16 18:34:09.826 69927 INFO tempest.lib.common.dynamic_creds [-] Acquired dynamic creds: credentials: Credentials: {'domain_id': 'default', 'domain_name': 'Default', 'username': 'tempest-QuotasSecurityGroupAdminNegativeTest-1533676527-project-admin', 'project_domain_id': 'default', 'project_domain_name': 'Default', 'project_id': 'c26c0bebb0664a43af637b479062a376', 'project_name': 'tempest-QuotasSecurityGroupAdminNegativeTest-1533676527', 'tenant_id': 'c26c0bebb0664a43af637b479062a376', 'tenant_name': 'tempest-QuotasSecurityGroupAdminNegativeTest-1533676527', 'user_domain_id': 'default', 'user_domain_name': 'Default', 'user_id': 'dd39556091b94409ad6404192a70d98f', 'system': None}, Network: None, Subnet: None, Router: None
2025-04-16 18:34:09.826 69927 INFO tempest.lib.common.dynamic_creds [-] Created isolated network resources for: credentials: Credentials: {'domain_id': 'default', 'domain_name': 'Default', 'username': 'tempest-QuotasSecurityGroupAdminNegativeTest-1533676527-project-admin', 'project_domain_id': 'default', 'project_domain_name': 'Default', 'project_id': 'c26c0bebb0664a43af637b479062a376', 'project_name': 'tempest-QuotasSecurityGroupAdminNegativeTest-1533676527', 'tenant_id': 'c26c0bebb0664a43af637b479062a376', 'tenant_name': 'tempest-QuotasSecurityGroupAdminNegativeTest-1533676527', 'user_domain_id': 'default', 'user_domain_name': 'Default', 'user_id': 'dd39556091b94409ad6404192a70d98f', 'system': None}, Network: None, Subnet: None, Router: None
2025-04-16 18:34:09.861 69943 INFO tempest.lib.common.rest_client [req-7b2070c8-c173-4195-ba13-457601b49183 req-7b2070c8-c173-4195-ba13-457601b49183 ] Request (InstanceActionsNegativeTestJSON:setUpClass): 200 GET http://10.180.1.21/compute/v2.1/servers/928bc799-4fed-4005-89d2-e18196f88ffb 0.501s
2025-04-16 18:34:09.877 69961 INFO tempest.lib.common.rest_client [req-f056285c-53ce-4477-802f-77a99907142b req-f056285c-53ce-4477-802f-77a99907142b ] Request (FlavorsV255TestJSON:test_crud_flavor): 200 POST http://10.180.1.21/compute/v2.1/flavors 0.584s
2025-04-16 18:34:09.922 69953 INFO tempest.lib.common.rest_client [req-3e267b64-f19d-43e0-8f8a-88972fbd0fe9 req-3e267b64-f19d-43e0-8f8a-88972fbd0fe9 ] Request (ImagesMetadataTestJSON:test_set_image_metadata_item): 200 GET http://10.180.1.21/compute/v2.1/images/c79f6210-f087-4976-8ee4-fc18c3bce36f/metadata 0.403s
2025-04-16 18:34:09.956 69927 INFO tempest.lib.common.rest_client [req-734a848d-5580-47d4-bffb-e2996418c06d req-734a848d-5580-47d4-bffb-e2996418c06d ] Request (QuotasSecurityGroupAdminNegativeTest:setUpClass): 201 POST http://10.180.1.21/identity/v3/auth/tokens 0.126s
2025-04-16 18:34:09.957 69927 WARNING tempest.lib.common.rest_client [-] Deprecated: "tenant_id" property is deprecated for removal, use "project_id" instead
2025-04-16 18:34:09.983 69955 INFO tempest.lib.common.rest_client [req-077017f5-e4bf-4c3b-bbf3-38298dcd1446 req-077017f5-e4bf-4c3b-bbf3-38298dcd1446 ] Request (VolumesAssistedSnapshotsTest:test_volume_assisted_snapshot_create_delete): 200 GET http://10.180.1.21/compute/v2.1/servers/2b75aa03-750c-49b3-b69a-63bfee58942f 0.424s
2025-04-16 18:34:10.013 69965 INFO tempest.lib.common.rest_client [req-718ac742-e035-4180-976a-b736baffdf5d req-718ac742-e035-4180-976a-b736baffdf5d ] Request (ServerMetadataNegativeTestJSON:setUpClass): 201 POST http://10.180.1.21:9696/networking/v2.0/networks 0.350s
2025-04-16 18:34:10.019 69969 INFO tempest.lib.common.rest_client [req-ed80981b-d500-4bd5-b798-3d46210abcd6 req-ed80981b-d500-4bd5-b798-3d46210abcd6 ] Request (FloatingIPsAssociationNegativeTestJSON:setUpClass): 200 GET http://10.180.1.21/compute/v2.1/servers/ce04d2df-8587-4cda-93b1-cad7ba3ff670 0.559s
2025-04-16 18:34:10.032 69933 INFO tempest.lib.common.rest_client [req-8fecc95f-76ca-43c8-b13f-f066e9d4c2a6 req-8fecc95f-76ca-43c8-b13f-f066e9d4c2a6 ] Request (ServerGroupTestJSON:test_create_server_with_scheduler_hint_group): 200 GET http://10.180.1.21/compute/v2.1/servers/c411e626-dff7-4999-8e69-9716f322d518 0.423s
2025-04-16 18:34:10.059 69951 INFO tempest.lib.common.rest_client [req-1ff7d2a2-e341-4d37-b248-91732a37d4f9 req-1ff7d2a2-e341-4d37-b248-91732a37d4f9 ] Request (FlavorsAdminTestJSON:tearDownClass): 204 DELETE http://10.180.1.21/identity/v3/users/1ca817e619bf460fa68b8d3088d22765 0.288s
2025-04-16 18:34:10.059 69951 INFO tempest.lib.common.dynamic_creds [-] Deleting project and security group for project: 3988755fbb0c4d0cb3c04b71546a1afb
2025-04-16 18:34:10.066 69927 INFO tempest.lib.common.rest_client [req-032f10f5-6011-4d51-abbd-ca20acdc54f7 req-032f10f5-6011-4d51-abbd-ca20acdc54f7 ] Request (QuotasSecurityGroupAdminNegativeTest:tearDownClass): 204 DELETE http://10.180.1.21/identity/v3/users/05fcb52c55d34da3af8d6c318c9e8357 0.106s
2025-04-16 18:34:10.074 69957 INFO tempest.lib.common.rest_client [req-ece10e32-16b0-4599-a98c-0b07ab0f7f20 req-ece10e32-16b0-4599-a98c-0b07ab0f7f20 ] Request (ServerMetadataTestJSON:setUpClass): 200 GET http://10.180.1.21/compute/v2.1/servers/b21a0b12-14c7-491f-ae08-f596924490d3 0.456s
2025-04-16 18:34:10.114 69951 INFO tempest.lib.common.rest_client [req-703b2409-0ddd-4b1b-906e-86e1927bb470 req-703b2409-0ddd-4b1b-906e-86e1927bb470 ] Request (FlavorsAdminTestJSON:tearDownClass): 201 POST http://10.180.1.21/identity/v3/auth/tokens 0.054s
2025-04-16 18:34:10.133 69959 INFO tempest.lib.common.rest_client [req-8fca706e-d561-4195-a942-a70c4c2a8878 req-8fca706e-d561-4195-a942-a70c4c2a8878 ] Request (ImagesNegativeTestJSON:test_create_image_from_deleted_server): 200 GET http://10.180.1.21/compute/v2.1/servers/613910dc-5ba5-482f-8b77-bf978fe622dd 0.467s
2025-04-16 18:34:10.141 69987 INFO tempest.lib.common.rest_client [req-5eb2a1c0-b3d6-46c6-a496-b168c86fba89 req-5eb2a1c0-b3d6-46c6-a496-b168c86fba89 ] Request (ServersTestManualDisk:setUpClass): 200 GET http://10.180.1.21/compute/v2.1/servers/dfbb396b-8f18-456d-9064-be451cdd1ac9 0.486s
2025-04-16 18:34:10.168 69927 INFO tempest.lib.common.rest_client [req-1c44252e-f6b9-4a0d-99c2-a10993126ceb req-1c44252e-f6b9-4a0d-99c2-a10993126ceb ] Request (QuotasSecurityGroupAdminNegativeTest:tearDownClass): 204 DELETE http://10.180.1.21/identity/v3/users/dd39556091b94409ad6404192a70d98f 0.101s
2025-04-16 18:34:10.168 69927 INFO tempest.lib.common.dynamic_creds [-] Deleting project and security group for project: ae4cb47be70d4b019d0cba6de99ff855
2025-04-16 18:34:10.193 69983 INFO tempest.lib.common.rest_client [req-d787b206-b3d9-4a57-88bd-511197497e76 req-d787b206-b3d9-4a57-88bd-511197497e76 ] Request (ServersWithSpecificFlavorTestJSON:test_verify_created_server_ephemeral_disk): 200 GET http://10.180.1.21/compute/v2.1/servers/50dd8f44-95ae-4b0c-ad88-2f11f4886d57 0.475s
2025-04-16 18:34:10.194 69967 INFO tempest.lib.common.rest_client [req-cb5651c4-8c3b-4c49-918d-82ee8a220536 req-cb5651c4-8c3b-4c49-918d-82ee8a220536 ] Request (ServersTestMultiNic:test_verify_duplicate_network_nics): 200 GET http://10.180.1.21/compute/v2.1/servers/28f086a0-3197-47a9-ad8d-6cfd3a59bfc3 0.477s
2025-04-16 18:34:10.231 69927 INFO tempest.lib.common.rest_client [req-90ef31ca-dd75-4369-9f88-c156139cbc4d req-90ef31ca-dd75-4369-9f88-c156139cbc4d ] Request (QuotasSecurityGroupAdminNegativeTest:tearDownClass): 201 POST http://10.180.1.21/identity/v3/auth/tokens 0.063s
2025-04-16 18:34:10.252 69939 INFO tempest.lib.common.rest_client [req-27cc66db-048d-432d-a849-3c307361bfc7 req-27cc66db-048d-432d-a849-3c307361bfc7 ] Request (ListServerFiltersTestJSON:setUpClass): 200 GET http://10.180.1.21/compute/v2.1/servers/45ccc6ec-6501-4477-9b94-1c0e3d1271d9 0.487s
2025-04-16 18:34:10.255 69965 INFO tempest.lib.common.rest_client [req-8b92edf2-9c82-4bca-a18c-2b8be8333690 req-8b92edf2-9c82-4bca-a18c-2b8be8333690 ] Request (ServerMetadataNegativeTestJSON:setUpClass): 201 POST http://10.180.1.21:9696/networking/v2.0/subnets 0.241s
2025-04-16 18:34:10.298 69929 INFO tempest.lib.common.rest_client [req-a38426fd-554a-45b4-a390-290c12f0d28f req-a38426fd-554a-45b4-a390-290c12f0d28f ] Request (MigrationsAdminTest:test_list_migrations_in_flavor_resize_situation): 200 GET http://10.180.1.21/compute/v2.1/servers/9550f67e-b7b2-48a9-b918-e2f5b38f3bc1 0.427s
2025-04-16 18:34:10.352 69961 INFO tempest.lib.common.rest_client [req-0e897ed7-2247-48e2-abd8-a7ea62462134 req-0e897ed7-2247-48e2-abd8-a7ea62462134 ] Request (FlavorsV255TestJSON:test_crud_flavor): 200 GET http://10.180.1.21/compute/v2.1/flavors/764432168 0.472s
2025-04-16 18:34:10.399 69951 INFO tempest.lib.common.rest_client [req-68be008c-63a0-47a9-bd54-fb304a488574 req-68be008c-63a0-47a9-bd54-fb304a488574 ] Request (FlavorsAdminTestJSON:tearDownClass): 200 GET http://10.180.1.21:9696/networking/v2.0/security-groups?tenant_id=3988755fbb0c4d0cb3c04b71546a1afb&name=default 0.285s
2025-04-16 18:34:10.430 69975 INFO tempest.lib.common.rest_client [req-d5f8892d-73ac-4e90-b9dd-6368d8995c5e req-d5f8892d-73ac-4e90-b9dd-6368d8995c5e ] Request (TenantUsagesTestJSON:setUpClass): 200 GET http://10.180.1.21/compute/v2.1/servers/54630c78-200e-4b36-8612-34f411e08821 0.540s
2025-04-16 18:34:10.433 69927 INFO tempest.lib.common.rest_client [req-ce1b1f41-f978-487c-9456-644f3d933d2a req-ce1b1f41-f978-487c-9456-644f3d933d2a ] Request (QuotasSecurityGroupAdminNegativeTest:tearDownClass): 200 GET http://10.180.1.21:9696/networking/v2.0/security-groups?tenant_id=ae4cb47be70d4b019d0cba6de99ff855&name=default 0.201s
2025-04-16 18:34:10.544 69953 INFO tempest.lib.common.rest_client [req-088945aa-9e05-4178-afa9-cf7f2fcb4f11 req-088945aa-9e05-4178-afa9-cf7f2fcb4f11 ] Request (ImagesMetadataTestJSON:setUp): 200 PUT http://10.180.1.21/compute/v2.1/images/c79f6210-f087-4976-8ee4-fc18c3bce36f/metadata 0.621s
2025-04-16 18:34:10.709 69973 INFO tempest.lib.common.rest_client [req-8641ada3-d6d6-4110-a105-ca8dcde2cce0 req-8641ada3-d6d6-4110-a105-ca8dcde2cce0 ] Request (InstanceActionsTestJSON:setUpClass): 200 GET http://10.180.1.21/compute/v2.1/servers/741e7ee9-8ee1-4b36-89cc-a640e6f6b97a 0.691s
2025-04-16 18:34:10.776 69945 INFO tempest.lib.common.rest_client [req-2a758e72-1fce-4086-b258-be3a2936d318 req-2a758e72-1fce-4086-b258-be3a2936d318 ] Request (SecurityGroupsTestJSON:test_list_security_groups_by_server): 200 GET http://10.180.1.21/compute/v2.1/servers/6e484ac2-6437-488a-97e2-f5dedb5816c6 0.695s
2025-04-16 18:34:10.789 69951 INFO tempest.lib.common.rest_client [req-bb3701b8-83ad-46e5-92bc-6227bc54ac23 req-bb3701b8-83ad-46e5-92bc-6227bc54ac23 ] Request (FlavorsAdminTestJSON:tearDownClass): 204 DELETE http://10.180.1.21:9696/networking/v2.0/security-groups/68eb87a4-6a01-4231-84e2-df9a39eed1cb 0.389s
2025-04-16 18:34:10.798 69927 INFO tempest.lib.common.rest_client [req-69998e16-3ce7-4fd6-b9b0-4b1f6358a74d req-69998e16-3ce7-4fd6-b9b0-4b1f6358a74d ] Request (QuotasSecurityGroupAdminNegativeTest:tearDownClass): 204 DELETE http://10.180.1.21:9696/networking/v2.0/security-groups/265c1836-4bb5-4578-bac3-0b8f86c429f4 0.365s
