2025-04-10 14:56:16.132 68796 INFO tempest.lib.common.rest_client [req-286cd3d6-621c-4757-a5e0-f212d178562e req-286cd3d6-621c-4757-a5e0-f212d178562e ] Request (FlavorsAdminTestJSON:test_create_flavor_with_int_id): 200 POST http://10.180.1.21/compute/v2.1/flavors 1.268s
2025-04-10 14:56:16.145 68826 INFO tempest.lib.common.rest_client [req-e4b55659-b8ad-4323-aa20-9edd354d6ac6 req-e4b55659-b8ad-4323-aa20-9edd354d6ac6 ] Request (FlavorsV255TestJSON:tearDownClass): 204 DELETE http://10.180.1.21/identity/v3/projects/0d8f26a74e074c0da70a6ccc3c3c720e 0.123s
2025-04-10 14:56:16.145 68826 INFO tempest.lib.common.dynamic_creds [-] Deleting project and security group for project: 6a5fd94ea4f245a7a093c0662dcc20fe
2025-04-10 14:56:16.153 68812 INFO tempest.lib.common.rest_client [req-8dab82bf-7260-4060-abb3-a80c4b49030a req-8dab82bf-7260-4060-abb3-a80c4b49030a ] Request (ServicesAdminNegativeV253TestJSON:test_get_service_with_valid_service_and_invalid_host): 200 GET http://10.180.1.21/compute/v2.1/os-services 1.272s
2025-04-10 14:56:16.165 68806 INFO tempest.lib.common.rest_client [req-a61e09c8-9018-4639-a0d3-d2a6392c8967 req-a61e09c8-9018-4639-a0d3-d2a6392c8967 ] Request (HostsAdminNegativeTestJSON:test_shutdown_nonexistent_host): 404 GET http://10.180.1.21/compute/v2.1/os-hosts/nonexistent_hostname/shutdown 1.283s
2025-04-10 14:56:16.200 68800 INFO tempest.lib.common.rest_client [req-9c4fac62-c7bc-452a-93ba-2940a122e0cf req-9c4fac62-c7bc-452a-93ba-2940a122e0cf ] Request (ServersWithSpecificFlavorTestJSON:test_verify_created_server_ephemeral_disk): 200 POST http://10.180.1.21/compute/v2.1/flavors/482845311/os-extra_specs 1.310s
2025-04-10 14:56:16.216 68814 INFO tempest.lib.common.rest_client [req-83b5e873-564d-4f47-a5ec-bd42a86247d5 req-83b5e873-564d-4f47-a5ec-bd42a86247d5 ] Request (FlavorsAccessTestJSON:test_flavor_access_list_with_private_flavor): 200 POST http://10.180.1.21/compute/v2.1/flavors 1.302s
2025-04-10 14:56:16.236 68776 INFO tempest.lib.common.rest_client [req-9cdcf9a1-9f58-4a6a-af2a-0dfa40953cb2 req-9cdcf9a1-9f58-4a6a-af2a-0dfa40953cb2 ] Request (AggregatesAdminNegativeTestJSON:test_aggregate_add_non_exist_host): 404 POST http://10.180.1.21/compute/v2.1/os-aggregates/3/action 1.274s
2025-04-10 14:56:16.242 68780 INFO tempest.lib.common.rest_client [req-60979613-b18e-433c-9716-b43e84885847 req-60979613-b18e-433c-9716-b43e84885847 ] Request (FlavorsExtraSpecsNegativeTestJSON:test_flavor_update_mismatch_key): 400 PUT http://10.180.1.21/compute/v2.1/flavors/1915458556/os-extra_specs/hw:numa_nodes 1.271s
2025-04-10 14:56:16.287 68802 INFO tempest.lib.common.rest_client [req-41a09a63-c55c-4f3a-8535-19e748f61746 req-41a09a63-c55c-4f3a-8535-19e748f61746 ] Request (FlavorsV261TestJSON:tearDownClass): 204 DELETE http://10.180.1.21:9696/networking/v2.0/security-groups/89a51229-2623-4221-9838-f0ee59181ab1 0.428s
2025-04-10 14:56:16.319 68788 INFO tempest.lib.common.rest_client [req-5890f63f-577d-4c41-a81d-34e48ac3a2ad req-5890f63f-577d-4c41-a81d-34e48ac3a2ad ] Request (VolumesAssistedSnapshotsTest:test_volume_assisted_snapshot_create_delete): 201 POST http://10.180.1.21:9696/networking/v2.0/security-groups 0.442s
2025-04-10 14:56:16.407 68808 INFO tempest.lib.common.rest_client [req-cbbf1185-ba67-46ca-8b2c-a28a7223f46c req-cbbf1185-ba67-46ca-8b2c-a28a7223f46c ] Request (FloatingIPDetailsNegativeTestJSON:setUpClass): 201 POST http://10.180.1.21:9696/networking/v2.0/routers 1.831s
2025-04-10 14:56:16.434 68802 INFO tempest.lib.common.rest_client [req-0d3385a5-28a4-42ce-a024-fac3fe4585b6 req-0d3385a5-28a4-42ce-a024-fac3fe4585b6 ] Request (FlavorsV261TestJSON:tearDownClass): 204 DELETE http://10.180.1.21/identity/v3/projects/069c2d0afffd493ab8e3adef90fcd50a 0.147s
2025-04-10 14:56:16.435 68802 INFO tempest.lib.common.dynamic_creds [-] Deleting project and security group for project: 3b1d0a97b6e545719448e005f2959709
2025-04-10 14:56:16.476 68826 INFO tempest.lib.common.rest_client [req-1f4936e5-4dab-4642-9785-311266a76993 req-1f4936e5-4dab-4642-9785-311266a76993 ] Request (FlavorsV255TestJSON:tearDownClass): 200 GET http://10.180.1.21:9696/networking/v2.0/security-groups?tenant_id=6a5fd94ea4f245a7a093c0662dcc20fe&name=default 0.330s
2025-04-10 14:56:16.505 68824 INFO tempest.lib.common.rest_client [req-ab934106-3f75-4a23-bd89-247c0f778c98 req-ab934106-3f75-4a23-bd89-247c0f778c98 ] Request (FlavorsV2NegativeTest:test_boot_with_low_ram): 201 POST http://10.180.1.21/image/v2/images 0.438s
2025-04-10 14:56:16.742 68784 INFO tempest.lib.common.rest_client [req-e251d190-5905-47c6-80fe-793c499ad853 req-e251d190-5905-47c6-80fe-793c499ad853 ] Request (VolumesAdminNegativeTest:setUpClass): 201 POST http://10.180.1.21:9696/networking/v2.0/networks 1.018s
2025-04-10 14:56:16.794 68820 INFO tempest.lib.common.rest_client [req-d209dad1-c159-43b3-99e0-f0b98632a434 req-d209dad1-c159-43b3-99e0-f0b98632a434 ] Request (SecurityGroupsNegativeTestJSON:tearDownClass): 200 PUT http://10.180.1.21:9696/networking/v2.0/routers/2879a13d-a797-4850-afc4-c7978fcdd50d/remove_router_interface 2.033s
2025-04-10 14:56:16.819 68788 INFO tempest.lib.common.rest_client [req-d5aff6c5-0ed4-4d3c-8281-4e2f6f79026f req-d5aff6c5-0ed4-4d3c-8281-4e2f6f79026f ] Request (VolumesAssistedSnapshotsTest:test_volume_assisted_snapshot_create_delete): 201 POST http://10.180.1.21:9696/networking/v2.0/security-group-rules 0.498s
2025-04-10 14:56:16.897 68832 INFO tempest.lib.common.rest_client [req-0edc181f-bfc1-4004-9246-4688fdd5881b req-0edc181f-bfc1-4004-9246-4688fdd5881b ] Request (QuotasAdminNegativeTest:test_create_server_when_instances_quota_is_full): 403 POST http://10.180.1.21/compute/v2.1/servers 1.922s
2025-04-10 14:56:16.983 68802 INFO tempest.lib.common.rest_client [req-bcdf432a-76ed-4b6f-956d-fd8518730e19 req-bcdf432a-76ed-4b6f-956d-fd8518730e19 ] Request (FlavorsV261TestJSON:tearDownClass): 200 GET http://10.180.1.21:9696/networking/v2.0/security-groups?tenant_id=3b1d0a97b6e545719448e005f2959709&name=default 0.548s
2025-04-10 14:56:16.988 68826 INFO tempest.lib.common.rest_client [req-326b4d45-f555-434b-9674-e074591bf896 req-326b4d45-f555-434b-9674-e074591bf896 ] Request (FlavorsV255TestJSON:tearDownClass): 204 DELETE http://10.180.1.21:9696/networking/v2.0/security-groups/e2db8d15-e0bf-454f-98e4-8ffa8b6dab1c 0.512s
2025-04-10 14:56:17.007 68792 INFO tempest.lib.common.rest_client [req-2ba7ca58-408f-4cbd-a52c-54ed737dfd48 req-2ba7ca58-408f-4cbd-a52c-54ed737dfd48 ] Request (ServerShowV257Test:test_rebuild_server): 200 GET http://10.180.1.21/compute/v2.1/servers/d1d77916-2250-4bce-a3c1-50a2dda3627f 1.962s
2025-04-10 14:56:17.088 68774 INFO tempest.lib.common.rest_client [req-5876147c-98fb-4198-b0c4-c8969a980878 req-5876147c-98fb-4198-b0c4-c8969a980878 ] Request (ServersAaction247Test:test_create_backup): 200 GET http://10.180.1.21/compute/v2.1/servers/e9f787fc-98be-4086-9b70-ebbf33e31d13 1.971s
2025-04-10 14:56:17.147 68788 INFO tempest.lib.common.rest_client [req-7754516d-3161-4ad6-af4a-64b096eb3411 req-7754516d-3161-4ad6-af4a-64b096eb3411 ] Request (VolumesAssistedSnapshotsTest:test_volume_assisted_snapshot_create_delete): 201 POST http://10.180.1.21:9696/networking/v2.0/security-group-rules 0.328s
2025-04-10 14:56:17.164 68826 INFO tempest.lib.common.rest_client [req-0f6fd69f-2a82-433f-9ed0-738b5dce8f53 req-0f6fd69f-2a82-433f-9ed0-738b5dce8f53 ] Request (FlavorsV255TestJSON:tearDownClass): 204 DELETE http://10.180.1.21/identity/v3/projects/6a5fd94ea4f245a7a093c0662dcc20fe 0.175s
2025-04-10 14:56:17.274 68802 INFO tempest.lib.common.rest_client [req-6d322dcf-9e5d-4edb-9b58-8b873e92789f req-6d322dcf-9e5d-4edb-9b58-8b873e92789f ] Request (FlavorsV261TestJSON:tearDownClass): 204 DELETE http://10.180.1.21:9696/networking/v2.0/security-groups/484d5ef4-63d0-44a2-b897-dba76a0db3bf 0.291s
2025-04-10 14:56:17.293 68816 INFO tempest.lib.common.rest_client [req-12428b1c-286c-4b4c-a95c-8474909bff29 req-12428b1c-286c-4b4c-a95c-8474909bff29 ] Request (MigrationsAdminTest:test_list_migrations): 200 GET http://10.180.1.21/compute/v2.1/os-migrations 2.068s
2025-04-10 14:56:17.300 68826 INFO tempest.lib.common.rest_client [req-d5622e51-d58f-4ac2-adf1-b69a542da415 req-d5622e51-d58f-4ac2-adf1-b69a542da415 ] Request (AbsoluteLimitsNegativeTestJSON:setUpClass): 201 POST http://10.180.1.21/identity/v3/auth/tokens 0.134s
2025-04-10 14:56:17.324 68824 INFO tempest.lib.common.rest_client [req-00f20e2b-3ab9-4e0d-b3b7-38e93a3488ea req-00f20e2b-3ab9-4e0d-b3b7-38e93a3488ea ] Request (FlavorsV2NegativeTest:test_boot_with_low_ram): 204 PUT http://10.180.1.21/image/v2/images/02ded236-984a-49d6-90e4-7b171a1e33dc/file 0.818s
2025-04-10 14:56:17.367 68784 INFO tempest.lib.common.rest_client [req-f4118a63-1a61-4826-8ea2-96cacfc3fb57 req-f4118a63-1a61-4826-8ea2-96cacfc3fb57 ] Request (VolumesAdminNegativeTest:setUpClass): 201 POST http://10.180.1.21:9696/networking/v2.0/subnets 0.623s
2025-04-10 14:56:17.369 68802 INFO tempest.lib.common.rest_client [req-86b98ae4-0009-4232-ae7e-6bee4f5611a4 req-86b98ae4-0009-4232-ae7e-6bee4f5611a4 ] Request (FlavorsV261TestJSON:tearDownClass): 204 DELETE http://10.180.1.21/identity/v3/projects/3b1d0a97b6e545719448e005f2959709 0.094s
2025-04-10 14:56:17.418 68816 INFO tempest.lib.common.rest_client [req-0fc4fe29-ebb3-4df6-8ec8-a33dc1b90d12 req-0fc4fe29-ebb3-4df6-8ec8-a33dc1b90d12 ] Request (MigrationsAdminTest:test_list_migrations_in_flavor_resize_situation): 201 POST http://10.180.1.21/identity/v3/auth/tokens 0.116s
2025-04-10 14:56:17.418 68816 INFO tempest.lib.common.fixed_network [-] (MigrationsAdminTest:test_list_migrations_in_flavor_resize_situation) Found network None available for tenant
2025-04-10 14:56:17.444 68826 INFO tempest.lib.common.rest_client [req-0b2b1573-6439-40ae-aa50-f32debbcd7e2 req-0b2b1573-6439-40ae-aa50-f32debbcd7e2 ] Request (AbsoluteLimitsNegativeTestJSON:setUpClass): 201 POST http://10.180.1.21/identity/v3/auth/tokens 0.142s
2025-04-10 14:56:17.479 68824 INFO tempest.lib.common.rest_client [req-dfd33162-8398-451f-bdcb-c2250cf6af2a req-dfd33162-8398-451f-bdcb-c2250cf6af2a ] Request (FlavorsV2NegativeTest:test_boot_with_low_ram): 201 POST http://10.180.1.21/identity/v3/auth/tokens 0.149s
2025-04-10 14:56:17.479 68824 INFO tempest.lib.common.fixed_network [-] (FlavorsV2NegativeTest:test_boot_with_low_ram) Found network None available for tenant
2025-04-10 14:56:17.508 68802 INFO tempest.lib.common.rest_client [req-0372e0f8-594b-4647-8053-a6129248b1f8 req-0372e0f8-594b-4647-8053-a6129248b1f8 ] Request (ServersAdminNegativeTestJSON:setUpClass): 201 POST http://10.180.1.21/identity/v3/auth/tokens 0.137s
2025-04-10 14:56:17.531 68826 INFO tempest.lib.common.rest_client [req-1259a60d-72f9-41d5-b9d8-6c5c82f962db req-1259a60d-72f9-41d5-b9d8-6c5c82f962db ] Request (AbsoluteLimitsNegativeTestJSON:setUpClass): 200 GET http://10.180.1.21/identity/v3/domains?name=Default 0.086s
2025-04-10 14:56:17.561 68802 INFO tempest.lib.common.rest_client [req-5fd31b6a-ffaf-4efc-89ab-adfeb3bb61d2 req-5fd31b6a-ffaf-4efc-89ab-adfeb3bb61d2 ] Request (ServersAdminNegativeTestJSON:setUpClass): 201 POST http://10.180.1.21/identity/v3/auth/tokens 0.050s
2025-04-10 14:56:17.578 68826 INFO tempest.lib.common.rest_client [req-2a7e46e3-7a5b-4f79-9cb8-722e425f0840 req-2a7e46e3-7a5b-4f79-9cb8-722e425f0840 ] Request (AbsoluteLimitsNegativeTestJSON:setUpClass): 201 POST http://10.180.1.21/identity/v3/projects 0.047s
2025-04-10 14:56:17.584 68802 INFO tempest.lib.common.rest_client [req-9d080b2e-8313-4607-9330-4ca6bdc8827f req-9d080b2e-8313-4607-9330-4ca6bdc8827f ] Request (ServersAdminNegativeTestJSON:setUpClass): 200 GET http://10.180.1.21/identity/v3/domains?name=Default 0.023s
2025-04-10 14:56:17.600 68810 INFO tempest.lib.common.rest_client [req-77f08d1d-0314-45d9-8847-a5ff1b4d99f1 req-77f08d1d-0314-45d9-8847-a5ff1b4d99f1 ] Request (ListImageFiltersTestJSON:setUpClass): 204 PUT http://10.180.1.21/image/v2/images/7e52260f-c533-4ecf-b2a3-a9acf812bba8/file 0.972s
2025-04-10 14:56:17.625 68830 INFO tempest.lib.common.rest_client [req-b47dd8f6-b981-47e4-b45c-3a5b58c14dcd req-b47dd8f6-b981-47e4-b45c-3a5b58c14dcd ] Request (ServersV294TestFqdnHostnames:setUpClass): 201 POST http://10.180.1.21:9696/networking/v2.0/routers 2.419s
2025-04-10 14:56:17.673 68802 INFO tempest.lib.common.rest_client [req-54b60d8a-ed47-4b40-a855-7fa77eeb5de1 req-54b60d8a-ed47-4b40-a855-7fa77eeb5de1 ] Request (ServersAdminNegativeTestJSON:setUpClass): 201 POST http://10.180.1.21/identity/v3/projects 0.088s
2025-04-10 14:56:17.684 68826 INFO tempest.lib.common.rest_client [req-baa8fcdf-fb68-40bd-af77-6aff2e47e119 req-baa8fcdf-fb68-40bd-af77-6aff2e47e119 ] Request (AbsoluteLimitsNegativeTestJSON:setUpClass): 201 POST http://10.180.1.21/identity/v3/users 0.105s
2025-04-10 14:56:17.744 68826 INFO tempest.lib.common.rest_client [req-f69bd1b7-9200-4c59-b726-db2ecd3f2e36 req-f69bd1b7-9200-4c59-b726-db2ecd3f2e36 ] Request (AbsoluteLimitsNegativeTestJSON:setUpClass): 200 GET http://10.180.1.21/identity/v3/roles 0.059s
2025-04-10 14:56:17.751 68802 INFO tempest.lib.common.rest_client [req-7fb1e01e-8529-4517-b081-c830b20b153f req-7fb1e01e-8529-4517-b081-c830b20b153f ] Request (ServersAdminNegativeTestJSON:setUpClass): 201 POST http://10.180.1.21/identity/v3/users 0.077s
2025-04-10 14:56:17.773 68802 INFO tempest.lib.common.rest_client [req-25025be0-36a5-4156-a5ad-7b2433c17dbc req-25025be0-36a5-4156-a5ad-7b2433c17dbc ] Request (ServersAdminNegativeTestJSON:setUpClass): 200 GET http://10.180.1.21/identity/v3/roles 0.021s
2025-04-10 14:56:17.783 68826 INFO tempest.lib.common.rest_client [req-c40075e0-8604-42a7-96bb-17b1f811456b req-c40075e0-8604-42a7-96bb-17b1f811456b ] Request (AbsoluteLimitsNegativeTestJSON:setUpClass): 204 PUT http://10.180.1.21/identity/v3/projects/a2387b8bc377482cb70d23508d77de7e/users/cbfe2614a726467a975e0913a15dba8c/roles/9f043e3b7fb24ed8bef1e6f7a1ae0d34 0.039s
2025-04-10 14:56:17.784 68826 INFO tempest.lib.common.dynamic_creds [-] Dynamic test user cbfe2614a726467a975e0913a15dba8c is created with scope project and roles: ['member']
2025-04-10 14:56:17.784 68826 INFO tempest.lib.common.dynamic_creds [-] Acquired dynamic creds: credentials: Credentials: {'domain_id': 'default', 'domain_name': 'Default', 'username': 'tempest-AbsoluteLimitsNegativeTestJSON-61115698-project-member', 'project_domain_id': 'default', 'project_domain_name': 'Default', 'project_id': 'a2387b8bc377482cb70d23508d77de7e', 'project_name': 'tempest-AbsoluteLimitsNegativeTestJSON-61115698', 'tenant_id': 'a2387b8bc377482cb70d23508d77de7e', 'tenant_name': 'tempest-AbsoluteLimitsNegativeTestJSON-61115698', 'user_domain_id': 'default', 'user_domain_name': 'Default', 'user_id': 'cbfe2614a726467a975e0913a15dba8c', 'system': None}, Network: None, Subnet: None, Router: None
2025-04-10 14:56:17.784 68826 INFO tempest.lib.common.dynamic_creds [-] Created isolated network resources for: credentials: Credentials: {'domain_id': 'default', 'domain_name': 'Default', 'username': 'tempest-AbsoluteLimitsNegativeTestJSON-61115698-project-member', 'project_domain_id': 'default', 'project_domain_name': 'Default', 'project_id': 'a2387b8bc377482cb70d23508d77de7e', 'project_name': 'tempest-AbsoluteLimitsNegativeTestJSON-61115698', 'tenant_id': 'a2387b8bc377482cb70d23508d77de7e', 'tenant_name': 'tempest-AbsoluteLimitsNegativeTestJSON-61115698', 'user_domain_id': 'default', 'user_domain_name': 'Default', 'user_id': 'cbfe2614a726467a975e0913a15dba8c', 'system': None}, Network: None, Subnet: None, Router: None
2025-04-10 14:56:17.834 68802 INFO tempest.lib.common.rest_client [req-2456c5e3-7726-4528-a7d5-65b690278038 req-2456c5e3-7726-4528-a7d5-65b690278038 ] Request (ServersAdminNegativeTestJSON:setUpClass): 204 PUT http://10.180.1.21/identity/v3/projects/0143a0b112cc48c5b4696b3c06d04e73/users/b6046267ac804199963fb7ce6ba465ab/roles/9f043e3b7fb24ed8bef1e6f7a1ae0d34 0.061s
2025-04-10 14:56:17.834 68802 INFO tempest.lib.common.dynamic_creds [-] Dynamic test user b6046267ac804199963fb7ce6ba465ab is created with scope project and roles: ['member']
2025-04-10 14:56:17.835 68802 INFO tempest.lib.common.dynamic_creds [-] Acquired dynamic creds: credentials: Credentials: {'domain_id': 'default', 'domain_name': 'Default', 'username': 'tempest-ServersAdminNegativeTestJSON-642803759-project-member', 'project_domain_id': 'default', 'project_domain_name': 'Default', 'project_id': '0143a0b112cc48c5b4696b3c06d04e73', 'project_name': 'tempest-ServersAdminNegativeTestJSON-642803759', 'tenant_id': '0143a0b112cc48c5b4696b3c06d04e73', 'tenant_name': 'tempest-ServersAdminNegativeTestJSON-642803759', 'user_domain_id': 'default', 'user_domain_name': 'Default', 'user_id': 'b6046267ac804199963fb7ce6ba465ab', 'system': None}, Network: None, Subnet: None, Router: None
2025-04-10 14:56:17.835 68802 INFO tempest.lib.common.dynamic_creds [-] Created isolated network resources for: credentials: Credentials: {'domain_id': 'default', 'domain_name': 'Default', 'username': 'tempest-ServersAdminNegativeTestJSON-642803759-project-member', 'project_domain_id': 'default', 'project_domain_name': 'Default', 'project_id': '0143a0b112cc48c5b4696b3c06d04e73', 'project_name': 'tempest-ServersAdminNegativeTestJSON-642803759', 'tenant_id': '0143a0b112cc48c5b4696b3c06d04e73', 'tenant_name': 'tempest-ServersAdminNegativeTestJSON-642803759', 'user_domain_id': 'default', 'user_domain_name': 'Default', 'user_id': 'b6046267ac804199963fb7ce6ba465ab', 'system': None}, Network: None, Subnet: None, Router: None
2025-04-10 14:56:17.873 68826 INFO tempest.lib.common.rest_client [req-195bead1-f5f3-4e44-ad50-9eca0a1a7ad6 req-195bead1-f5f3-4e44-ad50-9eca0a1a7ad6 ] Request (AbsoluteLimitsNegativeTestJSON:setUpClass): 201 POST http://10.180.1.21/identity/v3/auth/tokens 0.085s
2025-04-10 14:56:17.904 68802 INFO tempest.lib.common.rest_client [req-d5d6a9df-05e7-41c9-841c-4a06bdfc6c0f req-d5d6a9df-05e7-41c9-841c-4a06bdfc6c0f ] Request (ServersAdminNegativeTestJSON:setUpClass): 201 POST http://10.180.1.21/identity/v3/auth/tokens 0.064s
2025-04-10 14:56:17.984 68802 INFO tempest.lib.common.rest_client [req-aba82c54-f10f-4cff-ab6d-db7931201cc3 req-aba82c54-f10f-4cff-ab6d-db7931201cc3 ] Request (ServersAdminNegativeTestJSON:setUpClass): 201 POST http://10.180.1.21/identity/v3/projects 0.079s
2025-04-10 14:56:18.046 68822 INFO tempest.lib.common.rest_client [req-63444ed5-6695-43a7-ad5b-86b09f158e88 req-63444ed5-6695-43a7-ad5b-86b09f158e88 ] Request (ImagesOneServerTestJSON:setUpClass): 200 GET http://10.180.1.21/compute/v2.1/servers/3de34725-4b54-4956-b2b6-285c9138e94c 2.784s
2025-04-10 14:56:18.058 68802 INFO tempest.lib.common.rest_client [req-370ebfe4-c8d3-4748-8c76-8c174686df95 req-370ebfe4-c8d3-4748-8c76-8c174686df95 ] Request (ServersAdminNegativeTestJSON:setUpClass): 201 POST http://10.180.1.21/identity/v3/users 0.073s
2025-04-10 14:56:18.079 68802 INFO tempest.lib.common.rest_client [req-38a6766a-b516-43cf-b760-a545d1970969 req-38a6766a-b516-43cf-b760-a545d1970969 ] Request (ServersAdminNegativeTestJSON:setUpClass): 200 GET http://10.180.1.21/identity/v3/roles 0.021s
2025-04-10 14:56:18.123 68802 INFO tempest.lib.common.rest_client [req-77f73f1a-6248-451e-bde9-a476803dbe6e req-77f73f1a-6248-451e-bde9-a476803dbe6e ] Request (ServersAdminNegativeTestJSON:setUpClass): 204 PUT http://10.180.1.21/identity/v3/projects/46e95ef267c84fd88754696e30300696/users/e87cc4dd2ec9405389db40781e34bd05/roles/ce15efe7fa8c4212852d9ac7e7169287 0.043s
2025-04-10 14:56:18.187 68802 INFO tempest.lib.common.rest_client [req-9f9a6d78-805e-4734-bf7f-8f1757219a29 req-9f9a6d78-805e-4734-bf7f-8f1757219a29 ] Request (ServersAdminNegativeTestJSON:setUpClass): 200 GET http://10.180.1.21/identity/v3/roles 0.063s
2025-04-10 14:56:18.208 68802 INFO tempest.lib.common.rest_client [req-f6673613-6fd4-4b69-95fb-9ef267b28244 req-f6673613-6fd4-4b69-95fb-9ef267b28244 ] Request (ServersAdminNegativeTestJSON:setUpClass): 204 PUT http://10.180.1.21/identity/v3/projects/46e95ef267c84fd88754696e30300696/users/e87cc4dd2ec9405389db40781e34bd05/roles/ce15efe7fa8c4212852d9ac7e7169287 0.021s
2025-04-10 14:56:18.208 68802 INFO tempest.lib.common.dynamic_creds [-] Dynamic test user e87cc4dd2ec9405389db40781e34bd05 is created with scope project and roles: ['admin']
2025-04-10 14:56:18.208 68802 INFO tempest.lib.common.dynamic_creds [-] Acquired dynamic creds: credentials: Credentials: {'domain_id': 'default', 'domain_name': 'Default', 'username': 'tempest-ServersAdminNegativeTestJSON-1834961637-project-admin', 'project_domain_id': 'default', 'project_domain_name': 'Default', 'project_id': '46e95ef267c84fd88754696e30300696', 'project_name': 'tempest-ServersAdminNegativeTestJSON-1834961637', 'tenant_id': '46e95ef267c84fd88754696e30300696', 'tenant_name': 'tempest-ServersAdminNegativeTestJSON-1834961637', 'user_domain_id': 'default', 'user_domain_name': 'Default', 'user_id': 'e87cc4dd2ec9405389db40781e34bd05', 'system': None}, Network: None, Subnet: None, Router: None
2025-04-10 14:56:18.208 68802 INFO tempest.lib.common.dynamic_creds [-] Created isolated network resources for: credentials: Credentials: {'domain_id': 'default', 'domain_name': 'Default', 'username': 'tempest-ServersAdminNegativeTestJSON-1834961637-project-admin', 'project_domain_id': 'default', 'project_domain_name': 'Default', 'project_id': '46e95ef267c84fd88754696e30300696', 'project_name': 'tempest-ServersAdminNegativeTestJSON-1834961637', 'tenant_id': '46e95ef267c84fd88754696e30300696', 'tenant_name': 'tempest-ServersAdminNegativeTestJSON-1834961637', 'user_domain_id': 'default', 'user_domain_name': 'Default', 'user_id': 'e87cc4dd2ec9405389db40781e34bd05', 'system': None}, Network: None, Subnet: None, Router: None
2025-04-10 14:56:18.272 68798 INFO tempest.lib.common.rest_client [req-693a15e3-59c9-49cc-8cb0-eaead8af168c req-693a15e3-59c9-49cc-8cb0-eaead8af168c ] Request (FloatingIPDetailsTestJSON:setUpClass): 200 POST http://10.180.1.21/compute/v2.1/os-floating-ips 3.526s
2025-04-10 14:56:18.278 68778 INFO tempest.lib.common.rest_client [req-f83d47e0-9083-4625-a2b0-74b9106bf322 req-f83d47e0-9083-4625-a2b0-74b9106bf322 ] Request (MultipleCreateNegativeTestJSON:test_max_count_less_than_one): 400 POST http://10.180.1.21/compute/v2.1/servers 2.885s
2025-04-10 14:56:18.296 68770 INFO tempest.lib.common.rest_client [req-b34ac5f6-e5d5-4241-a050-98478916b31b req-b34ac5f6-e5d5-4241-a050-98478916b31b ] Request (QuotasAdminTestV257:test_get_updated_quotas): 200 GET http://10.180.1.21/compute/v2.1/os-quota-sets/81fe4fa248ef4fdb802c01d79de07f2a/detail 2.906s
2025-04-10 14:56:18.335 68802 INFO tempest.lib.common.rest_client [req-5ec8a3a6-fd57-4034-90e0-05aaadb860d4 req-5ec8a3a6-fd57-4034-90e0-05aaadb860d4 ] Request (ServersAdminNegativeTestJSON:setUpClass): 201 POST http://10.180.1.21/identity/v3/auth/tokens 0.121s
2025-04-10 14:56:18.338 68802 WARNING tempest.lib.common.rest_client [-] Deprecated: "tenant_id" property is deprecated for removal, use "project_id" instead
2025-04-10 14:56:18.371 68778 INFO tempest.lib.common.rest_client [req-a511fe05-96e6-4ac0-81ee-2b77aa6ff761 req-a511fe05-96e6-4ac0-81ee-2b77aa6ff761 ] Request (MultipleCreateNegativeTestJSON:test_max_count_non_integer): 201 POST http://10.180.1.21/identity/v3/auth/tokens 0.087s
2025-04-10 14:56:18.372 68778 INFO tempest.lib.common.fixed_network [-] (MultipleCreateNegativeTestJSON:test_max_count_non_integer) Found network None available for tenant
2025-04-10 14:56:18.397 68770 INFO tempest.lib.common.rest_client [req-4dd41087-5fc5-47a3-908a-3e92b8cc3720 req-4dd41087-5fc5-47a3-908a-3e92b8cc3720 ] Request (QuotasAdminTestV257:test_get_updated_quotas): 200 GET http://10.180.1.21/identity/v3/domains?name=Default 0.095s
2025-04-10 14:56:18.408 68790 INFO tempest.lib.common.rest_client [req-4f4e04a2-7f3a-4734-b21f-dfe93d5ea141 req-4f4e04a2-7f3a-4734-b21f-dfe93d5ea141 ] Request (ServersAdmin275Test:test_rebuild_update_server_275): 200 PUT http://10.180.1.21/compute/v2.1/servers/5446b198-82c9-4a57-92e8-ffcf3c37be0d 2.719s
2025-04-10 14:56:18.419 68820 INFO tempest.lib.common.rest_client [req-ddd7306a-ce79-4f05-ac09-cc3afe2a8f7d req-ddd7306a-ce79-4f05-ac09-cc3afe2a8f7d ] Request (SecurityGroupsNegativeTestJSON:tearDownClass): 204 DELETE http://10.180.1.21:9696/networking/v2.0/routers/2879a13d-a797-4850-afc4-c7978fcdd50d 1.624s
2025-04-10 14:56:18.428 68786 INFO tempest.lib.common.rest_client [req-37b7a253-f3b5-4700-9e33-0ff556eff5a1 req-37b7a253-f3b5-4700-9e33-0ff556eff5a1 ] Request (FlavorsExtraSpecsTestJSON:test_flavor_set_get_update_show_unset_keys): 200 GET http://10.180.1.21/compute/v2.1/flavors/872885084/os-extra_specs 2.344s
2025-04-10 14:56:18.435 68828 INFO tempest.lib.common.rest_client [req-1ea57223-02ae-40f5-b9e9-385b69cc9706 req-1ea57223-02ae-40f5-b9e9-385b69cc9706 ] Request (FlavorsAccessNegativeTestJSON:test_flavor_access_list_with_public_flavor): 404 GET http://10.180.1.21/compute/v2.1/flavors/240973561/os-flavor-access 2.318s
2025-04-10 14:56:18.443 68802 INFO tempest.lib.common.rest_client [req-af859355-4b40-4b0c-8dff-93b228fa0eb1 req-af859355-4b40-4b0c-8dff-93b228fa0eb1 ] Request (ServersAdminNegativeTestJSON:setUpClass): 201 POST http://10.180.1.21/identity/v3/auth/tokens 0.101s
2025-04-10 14:56:18.444 68802 INFO tempest.lib.common.fixed_network [-] (ServersAdminNegativeTestJSON:setUpClass) Found network None available for tenant
2025-04-10 14:56:18.455 68770 INFO tempest.lib.common.rest_client [req-dff1a5a2-60af-43b3-9d1b-d2ddcc1eb216 req-dff1a5a2-60af-43b3-9d1b-d2ddcc1eb216 ] Request (QuotasAdminTestV257:test_get_updated_quotas): 201 POST http://10.180.1.21/identity/v3/users 0.057s
2025-04-10 14:56:18.459 68796 INFO tempest.lib.common.rest_client [req-f4c153e8-39b5-4132-b09b-a6821a338494 req-f4c153e8-39b5-4132-b09b-a6821a338494 ] Request (FlavorsAdminTestJSON:_run_cleanups): 202 DELETE http://10.180.1.21/compute/v2.1/flavors/1454365333 2.322s
2025-04-10 14:56:18.480 68770 INFO tempest.lib.common.rest_client [req-a656fb74-a768-45f6-b711-3cbdee57f5fc req-a656fb74-a768-45f6-b711-3cbdee57f5fc ] Request (QuotasAdminTestV257:test_get_updated_quotas): 200 GET http://10.180.1.21/identity/v3/domains?name=Default 0.025s
2025-04-10 14:56:18.485 68812 INFO tempest.lib.common.rest_client [req-0ccf835c-29bb-438b-887e-1c4fbd92fd80 req-0ccf835c-29bb-438b-887e-1c4fbd92fd80 ] Request (ServicesAdminNegativeV253TestJSON:test_get_service_with_valid_service_and_invalid_host): 200 GET http://10.180.1.21/compute/v2.1/os-services?host=xxx&binary=nova-scheduler 2.330s
2025-04-10 14:56:18.488 68806 INFO tempest.lib.common.rest_client [req-a67ad681-22ca-4f40-809e-8099f4b6358e req-a67ad681-22ca-4f40-809e-8099f4b6358e ] Request (HostsAdminNegativeTestJSON:test_startup_host_with_non_admin_user): 403 GET http://10.180.1.21/compute/v2.1/os-hosts/devstack/startup 2.319s
2025-04-10 14:56:18.503 68800 INFO tempest.lib.common.rest_client [req-6e1b482d-e922-4b1b-a194-1276a1887c6e req-6e1b482d-e922-4b1b-a194-1276a1887c6e ] Request (ServersWithSpecificFlavorTestJSON:test_verify_created_server_ephemeral_disk): 200 POST http://10.180.1.21/compute/v2.1/flavors 2.302s
2025-04-10 14:56:18.518 68814 INFO tempest.lib.common.rest_client [req-1a4f301a-ad12-4b25-b0ce-cf2115be267c req-1a4f301a-ad12-4b25-b0ce-cf2115be267c ] Request (FlavorsAccessTestJSON:test_flavor_access_list_with_private_flavor): 200 GET http://10.180.1.21/compute/v2.1/flavors/287653338/os-flavor-access 2.298s
2025-04-10 14:56:18.536 68776 INFO tempest.lib.common.rest_client [req-a15f3cec-bbf2-4e29-8886-e18c6b99017e req-a15f3cec-bbf2-4e29-8886-e18c6b99017e ] Request (AggregatesAdminNegativeTestJSON:_run_cleanups): 200 DELETE http://10.180.1.21/compute/v2.1/os-aggregates/3 2.299s
2025-04-10 14:56:18.543 68780 INFO tempest.lib.common.rest_client [req-8ca95d57-86cf-44b8-b2a6-cdb2e74036fc req-8ca95d57-86cf-44b8-b2a6-cdb2e74036fc ] Request (FlavorsExtraSpecsNegativeTestJSON:test_flavor_update_more_key): 400 PUT http://10.180.1.21/compute/v2.1/flavors/1915458556/os-extra_specs/hw:numa_nodes 2.295s
2025-04-10 14:56:19.029 68782 INFO tempest.lib.common.rest_client [req-f1dc5d7d-7690-4fad-abba-4bb086ac0efb req-f1dc5d7d-7690-4fad-abba-4bb086ac0efb ] Request (ServerDiagnosticsTest:test_get_server_diagnostics): 200 GET http://10.180.1.21/compute/v2.1/servers/b1180e4b-9e82-42e3-867c-b4a757ca6f14 2.593s
2025-04-10 14:56:19.064 68772 INFO tempest.lib.common.rest_client [req-c3079026-0332-4b84-aa2d-b2bf1b6b2869 req-c3079026-0332-4b84-aa2d-b2bf1b6b2869 ] Request (SecurityGroupsTestAdminJSON:_run_cleanups): 202 DELETE http://10.180.1.21/compute/v2.1/os-security-groups/ada21b25-168a-4ce0-ae35-193979854430 3.107s
2025-04-10 14:56:19.131 68820 INFO tempest.lib.common.rest_client [req-d64436b4-453a-4e30-b35c-5edd3c484a29 req-d64436b4-453a-4e30-b35c-5edd3c484a29 ] Request (SecurityGroupsNegativeTestJSON:tearDownClass): 204 DELETE http://10.180.1.21:9696/networking/v2.0/subnets/0d9764b7-d40e-414b-8976-aec2b35a46a0 0.712s
2025-04-10 14:56:19.182 68788 INFO tempest.lib.common.rest_client [req-7008eecc-2b26-4242-a56e-e63f5f3ddd02 req-7008eecc-2b26-4242-a56e-e63f5f3ddd02 ] Request (VolumesAssistedSnapshotsTest:test_volume_assisted_snapshot_create_delete): 201 POST http://10.180.1.21:9696/networking/v2.0/floatingips 2.035s
2025-04-10 14:56:19.232 68784 INFO tempest.lib.common.rest_client [req-496a2f76-d787-4db6-ba4f-52bf45ef5a5e req-496a2f76-d787-4db6-ba4f-52bf45ef5a5e ] Request (VolumesAdminNegativeTest:setUpClass): 201 POST http://10.180.1.21:9696/networking/v2.0/routers 1.864s
2025-04-10 14:56:19.244 68832 INFO tempest.lib.common.rest_client [req-927516a6-d49c-4e6c-980c-da94261924ca req-927516a6-d49c-4e6c-980c-da94261924ca ] Request (QuotasAdminNegativeTest:_run_cleanups): 200 PUT http://10.180.1.21/compute/v2.1/os-quota-sets/2c5b4cf48ec74e7ba6c4263fc16fd69d 2.346s
2025-04-10 14:56:19.254 68788 INFO tempest.lib.common.rest_client [req-f566e00e-86dd-4051-b1a0-b5fc2770df59 req-f566e00e-86dd-4051-b1a0-b5fc2770df59 ] Request (VolumesAssistedSnapshotsTest:test_volume_assisted_snapshot_create_delete): 201 POST http://10.180.1.21/identity/v3/auth/tokens 0.068s
2025-04-10 14:56:19.254 68788 INFO tempest.lib.common.fixed_network [-] (VolumesAssistedSnapshotsTest:test_volume_assisted_snapshot_create_delete) Found network {'id': '45f8649f-a424-409e-8030-e5b80e3b4714', 'name': 'tempest-VolumesAssistedSnapshotsTest-957537048-network', 'tenant_id': 'a8d0bf43012c42e1902c054df4ea4e1f', 'admin_state_up': True, 'mtu': 8950, 'status': 'ACTIVE', 'subnets': [], 'shared': False, 'project_id': 'a8d0bf43012c42e1902c054df4ea4e1f', 'port_security_enabled': True, 'router:external': False, 'provider:network_type': 'vlan', 'provider:physical_network': 'default', 'provider:segmentation_id': 298, 'is_default': False, 'availability_zone_hints': [], 'availability_zones': [], 'ipv4_address_scope': None, 'ipv6_address_scope': None, 'description': '', 'tags': [], 'created_at': '2025-04-10T14:55:55Z', 'updated_at': '2025-04-10T14:55:55Z', 'revision_number': 1} available for tenant
2025-04-10 14:56:19.285 68818 INFO tempest.lib.common.rest_client [req-1145348c-6932-43f6-845e-a0f1a535244d req-1145348c-6932-43f6-845e-a0f1a535244d ] Request (DeleteServersAdminTestJSON:test_admin_delete_servers_of_others): 200 GET http://10.180.1.21/compute/v2.1/servers/02050238-c4a5-4c06-952d-06af14ff7d35 2.698s
2025-04-10 14:56:19.632 68824 INFO tempest.lib.common.rest_client [req-ce00b93f-c539-47ac-98a2-cfb771eec12e req-ce00b93f-c539-47ac-98a2-cfb771eec12e ] Request (FlavorsV2NegativeTest:test_boot_with_low_ram): 400 POST http://10.180.1.21/compute/v2.1/servers 2.152s
2025-04-10 14:56:19.669 68810 INFO tempest.lib.common.rest_client [req-3875ff77-5ab0-4290-889d-d8f20313942d req-3875ff77-5ab0-4290-889d-d8f20313942d ] Request (ListImageFiltersTestJSON:setUpClass): 200 GET http://10.180.1.21/compute/v2.1/images/7e52260f-c533-4ecf-b2a3-a9acf812bba8 2.069s
2025-04-10 14:56:19.711 68824 INFO tempest.lib.common.rest_client [req-748c5a37-5b36-4ced-b21b-1172aa9c41e9 req-748c5a37-5b36-4ced-b21b-1172aa9c41e9 ] Request (FlavorsV2NegativeTest:_run_cleanups): 204 DELETE http://10.180.1.21/image/v2/images/02ded236-984a-49d6-90e4-7b171a1e33dc 0.078s
2025-04-10 14:56:19.731 68816 INFO tempest.lib.common.rest_client [req-65bbe703-99a0-40d6-b39d-c69fe5a6f7df req-65bbe703-99a0-40d6-b39d-c69fe5a6f7df ] Request (MigrationsAdminTest:test_list_migrations_in_flavor_resize_situation): 202 POST http://10.180.1.21/compute/v2.1/servers 2.312s
2025-04-10 14:56:19.739 68830 INFO tempest.lib.common.rest_client [req-812bb291-4ed6-4b6a-b469-132117d14111 req-812bb291-4ed6-4b6a-b469-132117d14111 ] Request (ServersV294TestFqdnHostnames:setUpClass): 200 PUT http://10.180.1.21:9696/networking/v2.0/routers/8c718b57-64c5-4a7e-9e69-94966c7473bc/add_router_interface 2.113s
2025-04-10 14:56:19.739 68830 INFO tempest.lib.common.dynamic_creds [-] Created isolated network resources for: credentials: Credentials: {'domain_id': 'default', 'domain_name': 'Default', 'username': 'tempest-ServersV294TestFqdnHostnames-1047329863-project-member', 'project_domain_id': 'default', 'project_domain_name': 'Default', 'project_id': '2c86cb33e9c44fd1a7aa06acc0a66267', 'project_name': 'tempest-ServersV294TestFqdnHostnames-1047329863', 'tenant_id': '2c86cb33e9c44fd1a7aa06acc0a66267', 'tenant_name': 'tempest-ServersV294TestFqdnHostnames-1047329863', 'user_domain_id': 'default', 'user_domain_name': 'Default', 'user_id': '6522ace0342b418ba35f7874c5661808', 'system': None}, Network: {'id': '3f4140f8-118f-4c44-89ac-1883fc60ea6d', 'name': 'tempest-ServersV294TestFqdnHostnames-1763220690-network', 'tenant_id': '2c86cb33e9c44fd1a7aa06acc0a66267', 'admin_state_up': True, 'mtu': 8950, 'status': 'ACTIVE', 'subnets': [], 'shared': False, 'project_id': '2c86cb33e9c44fd1a7aa06acc0a66267', 'port_security_enabled': True, 'router:external': False, 'provider:network_type': 'vlan', 'provider:physical_network': 'default', 'provider:segmentation_id': 90, 'is_default': False, 'availability_zone_hints': [], 'availability_zones': [], 'ipv4_address_scope': None, 'ipv6_address_scope': None, 'description': '', 'tags': [], 'created_at': '2025-04-10T14:56:14Z', 'updated_at': '2025-04-10T14:56:14Z', 'revision_number': 1}, Subnet: {'id': 'dc8007bb-8e9a-40a7-b1e9-09f49d8c037e', 'name': 'tempest-ServersV294TestFqdnHostnames-1763220690-subnet', 'tenant_id': '2c86cb33e9c44fd1a7aa06acc0a66267', 'network_id': '3f4140f8-118f-4c44-89ac-1883fc60ea6d', 'ip_version': 4, 'subnetpool_id': None, 'enable_dhcp': True, 'ipv6_ra_mode': None, 'ipv6_address_mode': None, 'gateway_ip': '192.168.128.1', 'cidr': '192.168.128.0/28', 'allocation_pools': [{'start': '192.168.128.2', 'end': '192.168.128.14'}], 'host_routes': [], 'dns_nameservers': [], 'description': '', 'service_types': [], 'tags': [], 'created_at': '2025-04-10T14:56:14Z', 'updated_at': '2025-04-10T14:56:14Z', 'revision_number': 0, 'project_id': '2c86cb33e9c44fd1a7aa06acc0a66267'}, Router: {'id': '8c718b57-64c5-4a7e-9e69-94966c7473bc', 'name': 'tempest-ServersV294TestFqdnHostnames-1763220690-router', 'tenant_id': '2c86cb33e9c44fd1a7aa06acc0a66267', 'admin_state_up': True, 'status': 'ACTIVE', 'external_gateway_info': {'network_id': '55ef708e-f560-4b33-be04-537bb0ee9f61', 'external_fixed_ips': [{'subnet_id': '239ffbf4-8ad7-40d0-b148-b3763c955cad', 'ip_address': '10.180.180.131'}], 'enable_snat': True}, 'description': '', 'availability_zones': [], 'distributed': False, 'ha': False, 'availability_zone_hints': [], 'routes': [], 'flavor_id': None, 'tags': [], 'created_at': '2025-04-10T14:56:15Z', 'updated_at': '2025-04-10T14:56:16Z', 'revision_number': 2, 'project_id': '2c86cb33e9c44fd1a7aa06acc0a66267'}
2025-04-10 14:56:19.788 68792 INFO tempest.lib.common.rest_client [req-32ade336-4598-4842-bcf6-5bf4841f86cc req-32ade336-4598-4842-bcf6-5bf4841f86cc ] Request (ServerShowV257Test:test_rebuild_server): 200 GET http://10.180.1.21/compute/v2.1/servers/d1d77916-2250-4bce-a3c1-50a2dda3627f 1.762s
2025-04-10 14:56:19.831 68774 INFO tempest.lib.common.rest_client [req-e018defb-12a5-4cd5-b05d-0acbde4bad9f req-e018defb-12a5-4cd5-b05d-0acbde4bad9f ] Request (ServersAaction247Test:test_create_backup): 200 GET http://10.180.1.21/compute/v2.1/servers/e9f787fc-98be-4086-9b70-ebbf33e31d13 1.730s
2025-04-10 14:56:19.838 68830 INFO tempest.lib.common.rest_client [req-05ac1c07-d238-460f-817e-4bf768becb12 req-05ac1c07-d238-460f-817e-4bf768becb12 ] Request (ServersV294TestFqdnHostnames:setUpClass): 201 POST http://10.180.1.21/identity/v3/auth/tokens 0.089s
2025-04-10 14:56:19.840 68778 INFO tempest.lib.common.rest_client [req-92b3dd7a-0a7a-4410-b70c-04ca0d259750 req-92b3dd7a-0a7a-4410-b70c-04ca0d259750 ] Request (MultipleCreateNegativeTestJSON:test_max_count_non_integer): 400 POST http://10.180.1.21/compute/v2.1/servers 1.467s
2025-04-10 14:56:19.896 68824 INFO tempest.lib.common.rest_client [req-77d01a5d-fca3-44b7-a2c7-a4cb2933bd6e req-77d01a5d-fca3-44b7-a2c7-a4cb2933bd6e ] Request (FlavorsV2NegativeTest:tearDownClass): 204 DELETE http://10.180.1.21/identity/v3/users/97bf8755699e4adc8945df01f1dfd4c2 0.183s
2025-04-10 14:56:19.896 68824 INFO tempest.lib.common.dynamic_creds [-] Deleting project and security group for project: 9bb8cf91c1374439934234fc739c9e96
2025-04-10 14:56:19.934 68778 INFO tempest.lib.common.rest_client [req-3c99b878-c6a0-4da4-845d-0e1d6c7c9172 req-3c99b878-c6a0-4da4-845d-0e1d6c7c9172 ] Request (MultipleCreateNegativeTestJSON:test_min_count_less_than_one): 201 POST http://10.180.1.21/identity/v3/auth/tokens 0.090s
2025-04-10 14:56:19.935 68778 INFO tempest.lib.common.fixed_network [-] (MultipleCreateNegativeTestJSON:test_min_count_less_than_one) Found network None available for tenant
2025-04-10 14:56:19.970 68824 INFO tempest.lib.common.rest_client [req-bf3fbe00-bd3c-466f-96af-e7f467676587 req-bf3fbe00-bd3c-466f-96af-e7f467676587 ] Request (FlavorsV2NegativeTest:tearDownClass): 201 POST http://10.180.1.21/identity/v3/auth/tokens 0.074s
2025-04-10 14:56:20.007 68790 INFO tempest.lib.common.rest_client [req-e8279640-c33e-4de1-8dbd-72b4a8d34471 req-e8279640-c33e-4de1-8dbd-72b4a8d34471 ] Request (ServersAdmin275Test:test_rebuild_update_server_275): 200 GET http://10.180.1.21/compute/v2.1/servers/5446b198-82c9-4a57-92e8-ffcf3c37be0d 1.587s
2025-04-10 14:56:20.052 68786 INFO tempest.lib.common.rest_client [req-3f5a22ce-55fa-4011-9999-6f128f1450dc req-3f5a22ce-55fa-4011-9999-6f128f1450dc ] Request (FlavorsExtraSpecsTestJSON:test_flavor_set_get_update_show_unset_keys): 200 DELETE http://10.180.1.21/compute/v2.1/flavors/872885084/os-extra_specs/hw:numa_nodes 1.623s
2025-04-10 14:56:20.068 68828 INFO tempest.lib.common.rest_client [req-d378379e-5be2-4a58-9f28-cb68f48aa7ef req-d378379e-5be2-4a58-9f28-cb68f48aa7ef ] Request (FlavorsAccessNegativeTestJSON:_run_cleanups): 202 DELETE http://10.180.1.21/compute/v2.1/flavors/240973561 1.633s
2025-04-10 14:56:20.076 68820 INFO tempest.lib.common.rest_client [req-734b1abb-1a2f-4015-ad2c-121f16989664 req-734b1abb-1a2f-4015-ad2c-121f16989664 ] Request (SecurityGroupsNegativeTestJSON:tearDownClass): 204 DELETE http://10.180.1.21:9696/networking/v2.0/networks/293afcb7-6763-4e53-afeb-14d3605a36de 0.945s
2025-04-10 14:56:20.191 68820 INFO tempest.lib.common.rest_client [req-82f6420a-c4cc-4776-9496-bceec54548ea req-82f6420a-c4cc-4776-9496-bceec54548ea ] Request (SecurityGroupsNegativeTestJSON:tearDownClass): 204 DELETE http://10.180.1.21/identity/v3/users/45fa42c6ec0e4340b7982e6976f061d5 0.114s
2025-04-10 14:56:20.191 68820 INFO tempest.lib.common.dynamic_creds [-] Deleting project and security group for project: 179b3afc25eb4ba681461bcfd9bc996f
2025-04-10 14:56:20.418 68820 INFO tempest.lib.common.rest_client [req-451b44ef-cb56-4d74-9085-778d71d28cc5 req-451b44ef-cb56-4d74-9085-778d71d28cc5 ] Request (SecurityGroupsNegativeTestJSON:tearDownClass): 200 GET http://10.180.1.21:9696/networking/v2.0/security-groups?tenant_id=179b3afc25eb4ba681461bcfd9bc996f&name=default 0.227s
2025-04-10 14:56:20.434 68824 INFO tempest.lib.common.rest_client [req-62aa33b3-ddbc-46b9-bb4a-25631b5a5340 req-62aa33b3-ddbc-46b9-bb4a-25631b5a5340 ] Request (FlavorsV2NegativeTest:tearDownClass): 200 GET http://10.180.1.21:9696/networking/v2.0/security-groups?tenant_id=9bb8cf91c1374439934234fc739c9e96&name=default 0.464s
2025-04-10 14:56:20.439 68808 INFO tempest.lib.common.rest_client [req-7338720c-3cf8-4dc6-b697-e6f01ec53e8e req-7338720c-3cf8-4dc6-b697-e6f01ec53e8e ] Request (FloatingIPDetailsNegativeTestJSON:setUpClass): 200 PUT http://10.180.1.21:9696/networking/v2.0/routers/8068c802-d0b7-461d-babd-a80528abf647/add_router_interface 4.031s
2025-04-10 14:56:20.440 68808 INFO tempest.lib.common.dynamic_creds [-] Created isolated network resources for: credentials: Credentials: {'domain_id': 'default', 'domain_name': 'Default', 'username': 'tempest-FloatingIPDetailsNegativeTestJSON-1296984857-project-member', 'project_domain_id': 'default', 'project_domain_name': 'Default', 'project_id': 'c9ae6f508b6a46179d7a0a66b030dfee', 'project_name': 'tempest-FloatingIPDetailsNegativeTestJSON-1296984857', 'tenant_id': 'c9ae6f508b6a46179d7a0a66b030dfee', 'tenant_name': 'tempest-FloatingIPDetailsNegativeTestJSON-1296984857', 'user_domain_id': 'default', 'user_domain_name': 'Default', 'user_id': '40b570f1d19a43079fba15aaeead6744', 'system': None}, Network: {'id': '7543d6e2-4d4e-4ad0-b32e-8df27cc04652', 'name': 'tempest-FloatingIPDetailsNegativeTestJSON-1921186405-network', 'tenant_id': 'c9ae6f508b6a46179d7a0a66b030dfee', 'admin_state_up': True, 'mtu': 8950, 'status': 'ACTIVE', 'subnets': [], 'shared': False, 'project_id': 'c9ae6f508b6a46179d7a0a66b030dfee', 'port_security_enabled': True, 'router:external': False, 'provider:network_type': 'vlan', 'provider:physical_network': 'default', 'provider:segmentation_id': 571, 'is_default': False, 'availability_zone_hints': [], 'availability_zones': [], 'ipv4_address_scope': None, 'ipv6_address_scope': None, 'description': '', 'tags': [], 'created_at': '2025-04-10T14:56:14Z', 'updated_at': '2025-04-10T14:56:14Z', 'revision_number': 1}, Subnet: {'id': '8fea4eb7-d238-480b-8591-1251d1fc8413', 'name': 'tempest-FloatingIPDetailsNegativeTestJSON-1921186405-subnet', 'tenant_id': 'c9ae6f508b6a46179d7a0a66b030dfee', 'network_id': '7543d6e2-4d4e-4ad0-b32e-8df27cc04652', 'ip_version': 4, 'subnetpool_id': None, 'enable_dhcp': True, 'ipv6_ra_mode': None, 'ipv6_address_mode': None, 'gateway_ip': '192.168.128.1', 'cidr': '192.168.128.0/28', 'allocation_pools': [{'start': '192.168.128.2', 'end': '192.168.128.14'}], 'host_routes': [], 'dns_nameservers': [], 'description': '', 'service_types': [], 'tags': [], 'created_at': '2025-04-10T14:56:14Z', 'updated_at': '2025-04-10T14:56:14Z', 'revision_number': 0, 'project_id': 'c9ae6f508b6a46179d7a0a66b030dfee'}, Router: {'id': '8068c802-d0b7-461d-babd-a80528abf647', 'name': 'tempest-FloatingIPDetailsNegativeTestJSON-1921186405-router', 'tenant_id': 'c9ae6f508b6a46179d7a0a66b030dfee', 'admin_state_up': True, 'status': 'ACTIVE', 'external_gateway_info': {'network_id': '55ef708e-f560-4b33-be04-537bb0ee9f61', 'external_fixed_ips': [{'subnet_id': '239ffbf4-8ad7-40d0-b148-b3763c955cad', 'ip_address': '10.180.180.227'}], 'enable_snat': True}, 'description': '', 'availability_zones': [], 'distributed': False, 'ha': False, 'availability_zone_hints': [], 'routes': [], 'flavor_id': None, 'tags': [], 'created_at': '2025-04-10T14:56:14Z', 'updated_at': '2025-04-10T14:56:15Z', 'revision_number': 2, 'project_id': 'c9ae6f508b6a46179d7a0a66b030dfee'}
2025-04-10 14:56:20.534 68808 INFO tempest.lib.common.rest_client [req-7307b4e9-a038-48bb-bc6a-2890c0e61ed7 req-7307b4e9-a038-48bb-bc6a-2890c0e61ed7 ] Request (FloatingIPDetailsNegativeTestJSON:setUpClass): 201 POST http://10.180.1.21/identity/v3/auth/tokens 0.088s
2025-04-10 14:56:20.586 68824 INFO tempest.lib.common.rest_client [req-3360e7cd-bb3a-4911-8b16-1b93cd80d33b req-3360e7cd-bb3a-4911-8b16-1b93cd80d33b ] Request (FlavorsV2NegativeTest:tearDownClass): 204 DELETE http://10.180.1.21:9696/networking/v2.0/security-groups/25a647d0-a8c4-40b9-be4e-d61e7166b7c7 0.152s
2025-04-10 14:56:20.637 68820 INFO tempest.lib.common.rest_client [req-17992994-502a-4bc0-86c8-4607925be79f req-17992994-502a-4bc0-86c8-4607925be79f ] Request (SecurityGroupsNegativeTestJSON:tearDownClass): 204 DELETE http://10.180.1.21:9696/networking/v2.0/security-groups/a3955a94-9bf3-4bdd-98c6-c673d9cbc2e7 0.218s
2025-04-10 14:56:20.708 68824 INFO tempest.lib.common.rest_client [req-36ceb689-03fb-4580-8c5b-af7ac8bda1cc req-36ceb689-03fb-4580-8c5b-af7ac8bda1cc ] Request (FlavorsV2NegativeTest:tearDownClass): 204 DELETE http://10.180.1.21/identity/v3/projects/9bb8cf91c1374439934234fc739c9e96 0.121s
2025-04-10 14:56:20.736 68820 INFO tempest.lib.common.rest_client [req-4a048a63-3749-4fa4-975f-244aa4c1be72 req-4a048a63-3749-4fa4-975f-244aa4c1be72 ] Request (SecurityGroupsNegativeTestJSON:tearDownClass): 204 DELETE http://10.180.1.21/identity/v3/projects/179b3afc25eb4ba681461bcfd9bc996f 0.099s
2025-04-10 14:56:20.757 68802 INFO tempest.lib.common.rest_client [req-f4fa6f8e-9555-4ce6-a09b-e2c587cfe934 req-f4fa6f8e-9555-4ce6-a09b-e2c587cfe934 ] Request (ServersAdminNegativeTestJSON:setUpClass): 202 POST http://10.180.1.21/compute/v2.1/servers 2.312s
2025-04-10 14:56:20.782 68796 INFO tempest.lib.common.rest_client [req-0493dd4d-38f7-4024-bb41-6d78e32069ab req-0493dd4d-38f7-4024-bb41-6d78e32069ab ] Request (FlavorsAdminTestJSON:_run_cleanups): 200 GET http://10.180.1.21/compute/v2.1/flavors/detail 2.323s
2025-04-10 14:56:20.818 68820 INFO tempest.lib.common.rest_client [req-723aff82-5ec4-4346-a70c-aca551870f18 req-723aff82-5ec4-4346-a70c-aca551870f18 ] Request (InstanceActionsV221TestJSON:setUpClass): 201 POST http://10.180.1.21/identity/v3/auth/tokens 0.080s
2025-04-10 14:56:20.823 68824 INFO tempest.lib.common.rest_client [req-893658e4-11a3-4eda-bb29-4c15ef5e97e6 req-893658e4-11a3-4eda-bb29-4c15ef5e97e6 ] Request (KeyPairsV2TestJSON:setUpClass): 201 POST http://10.180.1.21/identity/v3/auth/tokens 0.114s
2025-04-10 14:56:20.856 68820 INFO tempest.lib.common.rest_client [req-9c69c785-c25a-485e-81c8-b8ddf7f998e5 req-9c69c785-c25a-485e-81c8-b8ddf7f998e5 ] Request (InstanceActionsV221TestJSON:setUpClass): 201 POST http://10.180.1.21/identity/v3/auth/tokens 0.035s
2025-04-10 14:56:20.891 68784 INFO tempest.lib.common.rest_client [req-ed6f60b3-60d8-4e88-a96a-6f571d8d8002 req-ed6f60b3-60d8-4e88-a96a-6f571d8d8002 ] Request (VolumesAdminNegativeTest:setUpClass): 200 PUT http://10.180.1.21:9696/networking/v2.0/routers/d0826de6-9b42-4874-9560-d5dfd47704c6/add_router_interface 1.659s
2025-04-10 14:56:20.891 68784 INFO tempest.lib.common.dynamic_creds [-] Created isolated network resources for: credentials: Credentials: {'domain_id': 'default', 'domain_name': 'Default', 'username': 'tempest-VolumesAdminNegativeTest-447821136-project-member', 'project_domain_id': 'default', 'project_domain_name': 'Default', 'project_id': 'dc95b77eecea47c081122f8452ea71a1', 'project_name': 'tempest-VolumesAdminNegativeTest-447821136', 'tenant_id': 'dc95b77eecea47c081122f8452ea71a1', 'tenant_name': 'tempest-VolumesAdminNegativeTest-447821136', 'user_domain_id': 'default', 'user_domain_name': 'Default', 'user_id': '6e6cc485c02243bea6188efa2f792a01', 'system': None}, Network: {'id': '881ae598-9395-4f70-98f5-809bb2d63c40', 'name': 'tempest-VolumesAdminNegativeTest-1276312899-network', 'tenant_id': 'dc95b77eecea47c081122f8452ea71a1', 'admin_state_up': True, 'mtu': 8950, 'status': 'ACTIVE', 'subnets': [], 'shared': False, 'project_id': 'dc95b77eecea47c081122f8452ea71a1', 'port_security_enabled': True, 'router:external': False, 'provider:network_type': 'vlan', 'provider:physical_network': 'default', 'provider:segmentation_id': 528, 'is_default': False, 'availability_zone_hints': [], 'availability_zones': [], 'ipv4_address_scope': None, 'ipv6_address_scope': None, 'description': '', 'tags': [], 'created_at': '2025-04-10T14:56:16Z', 'updated_at': '2025-04-10T14:56:16Z', 'revision_number': 1}, Subnet: {'id': 'bf4c32f4-027a-4c59-80be-33cff4c04202', 'name': 'tempest-VolumesAdminNegativeTest-1276312899-subnet', 'tenant_id': 'dc95b77eecea47c081122f8452ea71a1', 'network_id': '881ae598-9395-4f70-98f5-809bb2d63c40', 'ip_version': 4, 'subnetpool_id': None, 'enable_dhcp': True, 'ipv6_ra_mode': None, 'ipv6_address_mode': None, 'gateway_ip': '192.168.128.1', 'cidr': '192.168.128.0/28', 'allocation_pools': [{'start': '192.168.128.2', 'end': '192.168.128.14'}], 'host_routes': [], 'dns_nameservers': [], 'description': '', 'service_types': [], 'tags': [], 'created_at': '2025-04-10T14:56:16Z', 'updated_at': '2025-04-10T14:56:16Z', 'revision_number': 0, 'project_id': 'dc95b77eecea47c081122f8452ea71a1'}, Router: {'id': 'd0826de6-9b42-4874-9560-d5dfd47704c6', 'name': 'tempest-VolumesAdminNegativeTest-1276312899-router', 'tenant_id': 'dc95b77eecea47c081122f8452ea71a1', 'admin_state_up': True, 'status': 'ACTIVE', 'external_gateway_info': {'network_id': '55ef708e-f560-4b33-be04-537bb0ee9f61', 'external_fixed_ips': [{'subnet_id': '239ffbf4-8ad7-40d0-b148-b3763c955cad', 'ip_address': '10.180.180.204'}], 'enable_snat': True}, 'description': '', 'availability_zones': [], 'distributed': False, 'ha': False, 'availability_zone_hints': [], 'routes': [], 'flavor_id': None, 'tags': [], 'created_at': '2025-04-10T14:56:17Z', 'updated_at': '2025-04-10T14:56:18Z', 'revision_number': 2, 'project_id': 'dc95b77eecea47c081122f8452ea71a1'}
2025-04-10 14:56:20.896 68824 INFO tempest.lib.common.rest_client [req-ef917e76-0d44-40de-b30d-19677c6536d1 req-ef917e76-0d44-40de-b30d-19677c6536d1 ] Request (KeyPairsV2TestJSON:setUpClass): 201 POST http://10.180.1.21/identity/v3/auth/tokens 0.070s
2025-04-10 14:56:20.917 68820 INFO tempest.lib.common.rest_client [req-55b1cfd9-bffb-4c76-b5c3-b9471c024619 req-55b1cfd9-bffb-4c76-b5c3-b9471c024619 ] Request (InstanceActionsV221TestJSON:setUpClass): 200 GET http://10.180.1.21/identity/v3/domains?name=Default 0.060s
