2025-04-10 14:56:01.440 68820 INFO tempest.lib.common.dynamic_creds [-] Created isolated network resources for: credentials: Credentials: {'domain_id': 'default', 'domain_name': 'Default', 'username': 'tempest-SecurityGroupsNegativeTestJSON-1933317857-project-member', 'project_domain_id': 'default', 'project_domain_name': 'Default', 'project_id': '179b3afc25eb4ba681461bcfd9bc996f', 'project_name': 'tempest-SecurityGroupsNegativeTestJSON-1933317857', 'tenant_id': '179b3afc25eb4ba681461bcfd9bc996f', 'tenant_name': 'tempest-SecurityGroupsNegativeTestJSON-1933317857', 'user_domain_id': 'default', 'user_domain_name': 'Default', 'user_id': '45fa42c6ec0e4340b7982e6976f061d5', 'system': None}, Network: {'id': '293afcb7-6763-4e53-afeb-14d3605a36de', 'name': 'tempest-SecurityGroupsNegativeTestJSON-1230534071-network', 'tenant_id': '179b3afc25eb4ba681461bcfd9bc996f', 'admin_state_up': True, 'mtu': 8950, 'status': 'ACTIVE', 'subnets': [], 'shared': False, 'project_id': '179b3afc25eb4ba681461bcfd9bc996f', 'port_security_enabled': True, 'router:external': False, 'provider:network_type': 'vlan', 'provider:physical_network': 'default', 'provider:segmentation_id': 939, 'is_default': False, 'availability_zone_hints': [], 'availability_zones': [], 'ipv4_address_scope': None, 'ipv6_address_scope': None, 'description': '', 'tags': [], 'created_at': '2025-04-10T14:55:55Z', 'updated_at': '2025-04-10T14:55:55Z', 'revision_number': 1}, Subnet: {'id': '0d9764b7-d40e-414b-8976-aec2b35a46a0', 'name': 'tempest-SecurityGroupsNegativeTestJSON-1230534071-subnet', 'tenant_id': '179b3afc25eb4ba681461bcfd9bc996f', 'network_id': '293afcb7-6763-4e53-afeb-14d3605a36de', 'ip_version': 4, 'subnetpool_id': None, 'enable_dhcp': True, 'ipv6_ra_mode': None, 'ipv6_address_mode': None, 'gateway_ip': '192.168.128.1', 'cidr': '192.168.128.0/28', 'allocation_pools': [{'start': '192.168.128.2', 'end': '192.168.128.14'}], 'host_routes': [], 'dns_nameservers': [], 'description': '', 'service_types': [], 'tags': [], 'created_at': '2025-04-10T14:55:56Z', 'updated_at': '2025-04-10T14:55:56Z', 'revision_number': 0, 'project_id': '179b3afc25eb4ba681461bcfd9bc996f'}, Router: {'id': '2879a13d-a797-4850-afc4-c7978fcdd50d', 'name': 'tempest-SecurityGroupsNegativeTestJSON-1230534071-router', 'tenant_id': '179b3afc25eb4ba681461bcfd9bc996f', 'admin_state_up': True, 'status': 'ACTIVE', 'external_gateway_info': {'network_id': '55ef708e-f560-4b33-be04-537bb0ee9f61', 'external_fixed_ips': [{'subnet_id': '239ffbf4-8ad7-40d0-b148-b3763c955cad', 'ip_address': '10.180.180.130'}], 'enable_snat': True}, 'description': '', 'availability_zones': [], 'distributed': False, 'ha': False, 'availability_zone_hints': [], 'routes': [], 'flavor_id': None, 'tags': [], 'created_at': '2025-04-10T14:55:56Z', 'updated_at': '2025-04-10T14:55:57Z', 'revision_number': 2, 'project_id': '179b3afc25eb4ba681461bcfd9bc996f'}
2025-04-10 14:56:01.444 68788 INFO tempest.lib.common.rest_client [req-c910547a-48e5-40cf-b899-7600135d4d8e req-c910547a-48e5-40cf-b899-7600135d4d8e ] Request (VolumesAssistedSnapshotsTest:setUpClass): 201 POST http://10.180.1.21/identity/v3/users 0.432s
2025-04-10 14:56:01.494 68770 INFO tempest.lib.common.rest_client [req-a63a361d-8493-49e5-abee-fc362352702b req-a63a361d-8493-49e5-abee-fc362352702b ] Request (InstanceUsageAuditLogTestJSON:test_get_instance_usage_audit_log): 200 GET http://10.180.1.21/compute/v2.1/os-instance_usage_audit_log/2025-04-10%2014%3A55%3A58 3.367s
2025-04-10 14:56:01.522 68784 INFO tempest.lib.common.rest_client [req-2d608975-c217-4db0-85b0-617141be3031 req-2d608975-c217-4db0-85b0-617141be3031 ] Request (QuotasAdminTestV236:test_get_updated_quotas): 200 GET http://10.180.1.21/identity/v3/domains?name=Default 0.508s
2025-04-10 14:56:01.536 68830 INFO tempest.lib.common.rest_client [req-8a32276e-9ec3-4a46-9d90-f133eb3932d5 req-8a32276e-9ec3-4a46-9d90-f133eb3932d5 ] Request (AZAdminV2TestJSON:tearDownClass): 204 DELETE http://10.180.1.21/identity/v3/users/aac25d5d913a42af952f2d364f0f84a3 0.341s
2025-04-10 14:56:01.536 68830 INFO tempest.lib.common.dynamic_creds [-] Deleting project and security group for project: 0a39573f4fe848f6bce578a13bb86dd8
2025-04-10 14:56:01.635 68792 INFO tempest.lib.common.rest_client [req-ede4de5a-f41f-4a8f-b7a5-039379a1dd34 req-ede4de5a-f41f-4a8f-b7a5-039379a1dd34 ] Request (ServerShowV257Test:test_rebuild_server): 200 GET http://10.180.1.21/compute/v2.1/servers/d1d77916-2250-4bce-a3c1-50a2dda3627f 3.232s
2025-04-10 14:56:01.651 68792 INFO tempest.common.waiters [-] State transition "BUILD/scheduling" ==> "BUILD/spawning" after 4 second wait
2025-04-10 14:56:01.667 68828 INFO tempest.lib.common.rest_client [req-0bd01991-f8f6-4965-8138-b4b57b42f155 req-0bd01991-f8f6-4965-8138-b4b57b42f155 ] Request (FlavorsAccessNegativeTestJSON:setUpClass): 201 POST http://10.180.1.21/identity/v3/users 0.351s
2025-04-10 14:56:01.693 68778 INFO tempest.lib.common.rest_client [req-86875597-cded-4de0-a300-895929292814 req-86875597-cded-4de0-a300-895929292814 ] Request (FlavorMetadataValidation:test_flavor_update_with_custom_namespace): 200 POST http://10.180.1.21/compute/v2.1/flavors 3.335s
2025-04-10 14:56:01.710 68774 INFO tempest.lib.common.rest_client [req-64c62c87-71ff-4846-85ac-aaa547e68298 req-64c62c87-71ff-4846-85ac-aaa547e68298 ] Request (ImagesDeleteNegativeTestJSON:test_delete_non_existent_image): 404 DELETE http://10.180.1.21/compute/v2.1/images/21c315fa-03ac-4d95-9205-7f81e428916e 2.795s
2025-04-10 14:56:01.743 68800 INFO tempest.lib.common.rest_client [req-d9275e51-6124-468f-8cd6-b2a5fbccdf8b req-d9275e51-6124-468f-8cd6-b2a5fbccdf8b ] Request (ServersWithSpecificFlavorTestJSON:setUpClass): 201 POST http://10.180.1.21/identity/v3/projects 0.386s
2025-04-10 14:56:01.802 68788 INFO tempest.lib.common.rest_client [req-11aac42a-59f2-49b0-b406-f9f606c9ffc2 req-11aac42a-59f2-49b0-b406-f9f606c9ffc2 ] Request (VolumesAssistedSnapshotsTest:setUpClass): 200 GET http://10.180.1.21/identity/v3/roles 0.357s
2025-04-10 14:56:01.834 68820 INFO tempest.lib.common.rest_client [req-c1668b5a-cf89-42c2-a793-e1310ab8ab75 req-c1668b5a-cf89-42c2-a793-e1310ab8ab75 ] Request (SecurityGroupsNegativeTestJSON:setUpClass): 201 POST http://10.180.1.21/identity/v3/auth/tokens 0.387s
2025-04-10 14:56:01.839 68830 INFO tempest.lib.common.rest_client [req-24d422de-c31f-4232-b9c1-941ccfd7ef57 req-24d422de-c31f-4232-b9c1-941ccfd7ef57 ] Request (AZAdminV2TestJSON:tearDownClass): 201 POST http://10.180.1.21/identity/v3/auth/tokens 0.303s
2025-04-10 14:56:01.863 68828 INFO tempest.lib.common.rest_client [req-1351d895-e2bf-464c-a3a3-43138a026b85 req-1351d895-e2bf-464c-a3a3-43138a026b85 ] Request (FlavorsAccessNegativeTestJSON:setUpClass): 200 GET http://10.180.1.21/identity/v3/roles 0.196s
2025-04-10 14:56:01.892 68798 INFO tempest.lib.common.rest_client [req-b7b9ae48-65e6-44a6-a2d0-52f662458cee req-b7b9ae48-65e6-44a6-a2d0-52f662458cee ] Request (ServicesAdminNegativeTestJSON:tearDownClass): 200 GET http://10.180.1.21:9696/networking/v2.0/security-groups?tenant_id=80eb01a356fe4b8b831cbbe08474c582&name=default 0.612s
2025-04-10 14:56:01.927 68822 INFO tempest.lib.common.rest_client [req-28bbbfb0-636a-487d-9324-65f47fe5ab8c req-28bbbfb0-636a-487d-9324-65f47fe5ab8c ] Request (ImagesOneServerTestJSON:setUpClass): 200 PUT http://10.180.1.21:9696/networking/v2.0/routers/f5c44d3a-facb-43dc-b49b-b54e2f3a0bd9/add_router_interface 2.169s
2025-04-10 14:56:01.927 68822 INFO tempest.lib.common.dynamic_creds [-] Created isolated network resources for: credentials: Credentials: {'domain_id': 'default', 'domain_name': 'Default', 'username': 'tempest-ImagesOneServerTestJSON-285364769-project-member', 'project_domain_id': 'default', 'project_domain_name': 'Default', 'project_id': 'e88b0740987944eaae8fe55d4434ceb7', 'project_name': 'tempest-ImagesOneServerTestJSON-285364769', 'tenant_id': 'e88b0740987944eaae8fe55d4434ceb7', 'tenant_name': 'tempest-ImagesOneServerTestJSON-285364769', 'user_domain_id': 'default', 'user_domain_name': 'Default', 'user_id': 'e1581cf3c5f1473dbce8c123aab15c5d', 'system': None}, Network: {'id': 'c205b2ab-712c-4a5d-8ac4-1e2cb8754b26', 'name': 'tempest-ImagesOneServerTestJSON-985707380-network', 'tenant_id': 'e88b0740987944eaae8fe55d4434ceb7', 'admin_state_up': True, 'mtu': 8950, 'status': 'ACTIVE', 'subnets': [], 'shared': False, 'project_id': 'e88b0740987944eaae8fe55d4434ceb7', 'port_security_enabled': True, 'router:external': False, 'provider:network_type': 'vlan', 'provider:physical_network': 'default', 'provider:segmentation_id': 621, 'is_default': False, 'availability_zone_hints': [], 'availability_zones': [], 'ipv4_address_scope': None, 'ipv6_address_scope': None, 'description': '', 'tags': [], 'created_at': '2025-04-10T14:55:56Z', 'updated_at': '2025-04-10T14:55:57Z', 'revision_number': 1}, Subnet: {'id': 'fb3b770a-bc90-4b49-b74c-d19ce30d7fb4', 'name': 'tempest-ImagesOneServerTestJSON-985707380-subnet', 'tenant_id': 'e88b0740987944eaae8fe55d4434ceb7', 'network_id': 'c205b2ab-712c-4a5d-8ac4-1e2cb8754b26', 'ip_version': 4, 'subnetpool_id': None, 'enable_dhcp': True, 'ipv6_ra_mode': None, 'ipv6_address_mode': None, 'gateway_ip': '192.168.128.1', 'cidr': '192.168.128.0/28', 'allocation_pools': [{'start': '192.168.128.2', 'end': '192.168.128.14'}], 'host_routes': [], 'dns_nameservers': [], 'description': '', 'service_types': [], 'tags': [], 'created_at': '2025-04-10T14:55:57Z', 'updated_at': '2025-04-10T14:55:57Z', 'revision_number': 0, 'project_id': 'e88b0740987944eaae8fe55d4434ceb7'}, Router: {'id': 'f5c44d3a-facb-43dc-b49b-b54e2f3a0bd9', 'name': 'tempest-ImagesOneServerTestJSON-985707380-router', 'tenant_id': 'e88b0740987944eaae8fe55d4434ceb7', 'admin_state_up': True, 'status': 'ACTIVE', 'external_gateway_info': {'network_id': '55ef708e-f560-4b33-be04-537bb0ee9f61', 'external_fixed_ips': [{'subnet_id': '239ffbf4-8ad7-40d0-b148-b3763c955cad', 'ip_address': '10.180.180.219'}], 'enable_snat': True}, 'description': '', 'availability_zones': [], 'distributed': False, 'ha': False, 'availability_zone_hints': [], 'routes': [], 'flavor_id': None, 'tags': [], 'created_at': '2025-04-10T14:55:57Z', 'updated_at': '2025-04-10T14:55:58Z', 'revision_number': 2, 'project_id': 'e88b0740987944eaae8fe55d4434ceb7'}
2025-04-10 14:56:01.990 68794 INFO tempest.lib.common.rest_client [req-4834425c-c4ae-4ff7-a68d-20462ae37098 req-4834425c-c4ae-4ff7-a68d-20462ae37098 ] Request (InstanceUsageAuditLogNegativeTestJSON:test_get_instance_usage_audit_logs_with_invalid_time): 400 GET http://10.180.1.21/compute/v2.1/os-instance_usage_audit_log/invalid_time 2.181s
2025-04-10 14:56:02.010 68800 INFO tempest.lib.common.rest_client [req-1cf69a6d-ddb9-45ef-bc51-be4f3f4238bd req-1cf69a6d-ddb9-45ef-bc51-be4f3f4238bd ] Request (ServersWithSpecificFlavorTestJSON:setUpClass): 201 POST http://10.180.1.21/identity/v3/users 0.264s
2025-04-10 14:56:02.031 68774 INFO tempest.lib.common.rest_client [req-1e861695-9caf-4da8-b6d7-b3f436ed9f11 req-1e861695-9caf-4da8-b6d7-b3f436ed9f11 ] Request (ImagesDeleteNegativeTestJSON:tearDownClass): 204 DELETE http://10.180.1.21/identity/v3/users/bd0db4fd8cde427788029c76651fa863 0.317s
2025-04-10 14:56:02.031 68774 INFO tempest.lib.common.dynamic_creds [-] Deleting project and security group for project: 323250d5d3a445fb9f5505de3b17213c
2025-04-10 14:56:02.102 68788 INFO tempest.lib.common.rest_client [req-042ba708-552c-4e97-949b-de7dd71f6f54 req-042ba708-552c-4e97-949b-de7dd71f6f54 ] Request (VolumesAssistedSnapshotsTest:setUpClass): 204 PUT http://10.180.1.21/identity/v3/projects/f9d606efcb9c4e1482625aa0c90ca8bb/users/cbe7718364bd4446a0ccf517e385e4fa/roles/ce15efe7fa8c4212852d9ac7e7169287 0.300s
2025-04-10 14:56:02.114 68798 INFO tempest.lib.common.rest_client [req-85980a8d-e2a1-460b-b20e-2ad25b6c1813 req-85980a8d-e2a1-460b-b20e-2ad25b6c1813 ] Request (ServicesAdminNegativeTestJSON:tearDownClass): 204 DELETE http://10.180.1.21:9696/networking/v2.0/security-groups/d7bfae53-135c-40be-82b4-07d4b6a09137 0.221s
2025-04-10 14:56:02.185 68828 INFO tempest.lib.common.rest_client [req-a0d10859-216f-42d7-b31c-20cb5e03abab req-a0d10859-216f-42d7-b31c-20cb5e03abab ] Request (FlavorsAccessNegativeTestJSON:setUpClass): 204 PUT http://10.180.1.21/identity/v3/projects/36dcade370bf487eaf5a8f55d267e728/users/202fc73170a04bd5acbe1bb3eabcfe3e/roles/9f043e3b7fb24ed8bef1e6f7a1ae0d34 0.321s
2025-04-10 14:56:02.185 68828 INFO tempest.lib.common.dynamic_creds [-] Dynamic test user 202fc73170a04bd5acbe1bb3eabcfe3e is created with scope project and roles: ['member']
2025-04-10 14:56:02.185 68828 INFO tempest.lib.common.dynamic_creds [-] Acquired dynamic creds: credentials: Credentials: {'domain_id': 'default', 'domain_name': 'Default', 'username': 'tempest-FlavorsAccessNegativeTestJSON-1768807256-project-member', 'project_domain_id': 'default', 'project_domain_name': 'Default', 'project_id': '36dcade370bf487eaf5a8f55d267e728', 'project_name': 'tempest-FlavorsAccessNegativeTestJSON-1768807256', 'tenant_id': '36dcade370bf487eaf5a8f55d267e728', 'tenant_name': 'tempest-FlavorsAccessNegativeTestJSON-1768807256', 'user_domain_id': 'default', 'user_domain_name': 'Default', 'user_id': '202fc73170a04bd5acbe1bb3eabcfe3e', 'system': None}, Network: None, Subnet: None, Router: None
2025-04-10 14:56:02.185 68828 INFO tempest.lib.common.dynamic_creds [-] Created isolated network resources for: credentials: Credentials: {'domain_id': 'default', 'domain_name': 'Default', 'username': 'tempest-FlavorsAccessNegativeTestJSON-1768807256-project-member', 'project_domain_id': 'default', 'project_domain_name': 'Default', 'project_id': '36dcade370bf487eaf5a8f55d267e728', 'project_name': 'tempest-FlavorsAccessNegativeTestJSON-1768807256', 'tenant_id': '36dcade370bf487eaf5a8f55d267e728', 'tenant_name': 'tempest-FlavorsAccessNegativeTestJSON-1768807256', 'user_domain_id': 'default', 'user_domain_name': 'Default', 'user_id': '202fc73170a04bd5acbe1bb3eabcfe3e', 'system': None}, Network: None, Subnet: None, Router: None
2025-04-10 14:56:02.245 68822 INFO tempest.lib.common.rest_client [req-e2d54521-f34c-4cef-97c2-4d9bd2db7fbb req-e2d54521-f34c-4cef-97c2-4d9bd2db7fbb ] Request (ImagesOneServerTestJSON:setUpClass): 201 POST http://10.180.1.21/identity/v3/auth/tokens 0.312s
2025-04-10 14:56:02.269 68772 INFO tempest.lib.common.rest_client [req-c442bf68-5223-456c-b07b-a62fae4b2a66 req-c442bf68-5223-456c-b07b-a62fae4b2a66 ] Request (SecurityGroupsTestAdminJSON:test_list_security_groups_list_all_tenants_filter): 200 POST http://10.180.1.21/compute/v2.1/os-security-groups 3.409s
2025-04-10 14:56:02.283 68830 INFO tempest.lib.common.rest_client [req-690f3973-0d62-4d6c-8f3a-0cf7090648eb req-690f3973-0d62-4d6c-8f3a-0cf7090648eb ] Request (AZAdminV2TestJSON:tearDownClass): 200 GET http://10.180.1.21:9696/networking/v2.0/security-groups?tenant_id=0a39573f4fe848f6bce578a13bb86dd8&name=default 0.443s
2025-04-10 14:56:02.300 68800 INFO tempest.lib.common.rest_client [req-39ca6fe1-14a3-4b0f-ab27-3a5f597a1581 req-39ca6fe1-14a3-4b0f-ab27-3a5f597a1581 ] Request (ServersWithSpecificFlavorTestJSON:setUpClass): 200 GET http://10.180.1.21/identity/v3/roles 0.289s
2025-04-10 14:56:02.312 68826 INFO tempest.lib.common.rest_client [req-827551d4-a671-4ea8-8517-581d9caa1b28 req-827551d4-a671-4ea8-8517-581d9caa1b28 ] Request (FlavorsV255TestJSON:test_crud_flavor): 200 POST http://10.180.1.21/compute/v2.1/flavors 2.425s
2025-04-10 14:56:02.316 68774 INFO tempest.lib.common.rest_client [req-15f909e9-c96c-4ca6-887d-5e94271a0361 req-15f909e9-c96c-4ca6-887d-5e94271a0361 ] Request (ImagesDeleteNegativeTestJSON:tearDownClass): 201 POST http://10.180.1.21/identity/v3/auth/tokens 0.281s
2025-04-10 14:56:02.317 68788 INFO tempest.lib.common.rest_client [req-4b8de5ac-ac05-4145-aff1-b5259619b6ff req-4b8de5ac-ac05-4145-aff1-b5259619b6ff ] Request (VolumesAssistedSnapshotsTest:setUpClass): 200 GET http://10.180.1.21/identity/v3/roles 0.214s
2025-04-10 14:56:02.366 68830 INFO tempest.lib.common.rest_client [req-b3f1e742-e105-44e0-89d3-c824faae1a31 req-b3f1e742-e105-44e0-89d3-c824faae1a31 ] Request (AZAdminV2TestJSON:tearDownClass): 204 DELETE http://10.180.1.21:9696/networking/v2.0/security-groups/474abac7-c453-497f-a1cf-f052cbb6a074 0.083s
2025-04-10 14:56:02.375 68798 INFO tempest.lib.common.rest_client [req-2a00e815-6415-4e82-ae2b-695b69b63fee req-2a00e815-6415-4e82-ae2b-695b69b63fee ] Request (ServicesAdminNegativeTestJSON:tearDownClass): 204 DELETE http://10.180.1.21/identity/v3/projects/80eb01a356fe4b8b831cbbe08474c582 0.261s
2025-04-10 14:56:02.375 68798 INFO tempest.lib.common.dynamic_creds [-] Deleting project and security group for project: d821c939bff44100a512174fee9880cb
2025-04-10 14:56:02.438 68828 INFO tempest.lib.common.rest_client [req-e4cd1ec9-8ee9-4815-b890-bda1514c21ce req-e4cd1ec9-8ee9-4815-b890-bda1514c21ce ] Request (FlavorsAccessNegativeTestJSON:setUpClass): 201 POST http://10.180.1.21/identity/v3/auth/tokens 0.248s
2025-04-10 14:56:02.439 68828 WARNING tempest.lib.common.rest_client [-] Deprecated: "tenant_id" property is deprecated for removal, use "project_id" instead
2025-04-10 14:56:02.467 68798 INFO tempest.lib.common.rest_client [req-01f2e219-ac3c-486e-a478-00b916e90ce6 req-01f2e219-ac3c-486e-a478-00b916e90ce6 ] Request (ServicesAdminNegativeTestJSON:tearDownClass): 200 GET http://10.180.1.21:9696/networking/v2.0/security-groups?tenant_id=d821c939bff44100a512174fee9880cb&name=default 0.091s
2025-04-10 14:56:02.497 68822 INFO tempest.lib.common.rest_client [req-8681599e-f45b-4ee7-b42e-7858fad556d0 req-8681599e-f45b-4ee7-b42e-7858fad556d0 ] Request (ImagesOneServerTestJSON:setUpClass): 201 POST http://10.180.1.21/identity/v3/auth/tokens 0.199s
2025-04-10 14:56:02.497 68822 INFO tempest.lib.common.fixed_network [-] (ImagesOneServerTestJSON:setUpClass) Found network {'id': 'c205b2ab-712c-4a5d-8ac4-1e2cb8754b26', 'name': 'tempest-ImagesOneServerTestJSON-985707380-network', 'tenant_id': 'e88b0740987944eaae8fe55d4434ceb7', 'admin_state_up': True, 'mtu': 8950, 'status': 'ACTIVE', 'subnets': [], 'shared': False, 'project_id': 'e88b0740987944eaae8fe55d4434ceb7', 'port_security_enabled': True, 'router:external': False, 'provider:network_type': 'vlan', 'provider:physical_network': 'default', 'provider:segmentation_id': 621, 'is_default': False, 'availability_zone_hints': [], 'availability_zones': [], 'ipv4_address_scope': None, 'ipv6_address_scope': None, 'description': '', 'tags': [], 'created_at': '2025-04-10T14:55:56Z', 'updated_at': '2025-04-10T14:55:57Z', 'revision_number': 1} available for tenant
2025-04-10 14:56:02.499 68786 INFO tempest.lib.common.rest_client [req-6ec8f6bc-0a02-4a70-b043-b29283a296a0 req-6ec8f6bc-0a02-4a70-b043-b29283a296a0 ] Request (FlavorsExtraSpecsTestJSON:setUpClass): 200 POST http://10.180.1.21/compute/v2.1/flavors 2.519s
2025-04-10 14:56:02.549 68798 INFO tempest.lib.common.rest_client [req-3f328775-deb7-4762-bcf9-c8eb456f78ef req-3f328775-deb7-4762-bcf9-c8eb456f78ef ] Request (ServicesAdminNegativeTestJSON:tearDownClass): 204 DELETE http://10.180.1.21:9696/networking/v2.0/security-groups/c5204066-65bb-4e3f-bbbb-c282de3f1987 0.081s
2025-04-10 14:56:02.550 68800 INFO tempest.lib.common.rest_client [req-cbfe3b0e-c8b0-4af8-9388-cad9dbfd8639 req-cbfe3b0e-c8b0-4af8-9388-cad9dbfd8639 ] Request (ServersWithSpecificFlavorTestJSON:setUpClass): 204 PUT http://10.180.1.21/identity/v3/projects/80b7117677ef45409b93fc6993d5ed54/users/67960a5df5924cad8d4c731ec4552b83/roles/ce15efe7fa8c4212852d9ac7e7169287 0.250s
2025-04-10 14:56:02.599 68796 INFO tempest.lib.common.rest_client [req-dd94f00f-456a-4e93-8bd1-123ebd270d26 req-dd94f00f-456a-4e93-8bd1-123ebd270d26 ] Request (FlavorsAdminTestJSON:test_create_flavor_using_string_ram): 200 POST http://10.180.1.21/compute/v2.1/flavors 2.613s
2025-04-10 14:56:02.621 68788 INFO tempest.lib.common.rest_client [req-438ec162-32e9-47d3-a7e7-a9b3beb3da39 req-438ec162-32e9-47d3-a7e7-a9b3beb3da39 ] Request (VolumesAssistedSnapshotsTest:setUpClass): 204 PUT http://10.180.1.21/identity/v3/projects/f9d606efcb9c4e1482625aa0c90ca8bb/users/cbe7718364bd4446a0ccf517e385e4fa/roles/ce15efe7fa8c4212852d9ac7e7169287 0.304s
2025-04-10 14:56:02.622 68788 INFO tempest.lib.common.dynamic_creds [-] Dynamic test user cbe7718364bd4446a0ccf517e385e4fa is created with scope project and roles: ['admin']
2025-04-10 14:56:02.622 68788 INFO tempest.lib.common.dynamic_creds [-] Acquired dynamic creds: credentials: Credentials: {'domain_id': 'default', 'domain_name': 'Default', 'username': 'tempest-VolumesAssistedSnapshotsTest-1990060637-project-admin', 'project_domain_id': 'default', 'project_domain_name': 'Default', 'project_id': 'f9d606efcb9c4e1482625aa0c90ca8bb', 'project_name': 'tempest-VolumesAssistedSnapshotsTest-1990060637', 'tenant_id': 'f9d606efcb9c4e1482625aa0c90ca8bb', 'tenant_name': 'tempest-VolumesAssistedSnapshotsTest-1990060637', 'user_domain_id': 'default', 'user_domain_name': 'Default', 'user_id': 'cbe7718364bd4446a0ccf517e385e4fa', 'system': None}, Network: None, Subnet: None, Router: None
2025-04-10 14:56:02.730 68830 INFO tempest.lib.common.rest_client [req-0a3cadf1-0b91-4c94-baed-b79cf55716ab req-0a3cadf1-0b91-4c94-baed-b79cf55716ab ] Request (AZAdminV2TestJSON:tearDownClass): 204 DELETE http://10.180.1.21/identity/v3/projects/0a39573f4fe848f6bce578a13bb86dd8 0.363s
2025-04-10 14:56:02.731 68830 INFO tempest.lib.common.dynamic_creds [-] Deleting project and security group for project: 2089caf2309a448fb897e8c5cf956542
2025-04-10 14:56:02.753 68774 INFO tempest.lib.common.rest_client [req-11ea060d-47e8-46c6-9079-9ce0dd8559b2 req-11ea060d-47e8-46c6-9079-9ce0dd8559b2 ] Request (ImagesDeleteNegativeTestJSON:tearDownClass): 200 GET http://10.180.1.21:9696/networking/v2.0/security-groups?tenant_id=323250d5d3a445fb9f5505de3b17213c&name=default 0.437s
2025-04-10 14:56:02.837 68800 INFO tempest.lib.common.rest_client [req-238c5936-aedb-4ff9-8e28-dc633601891f req-238c5936-aedb-4ff9-8e28-dc633601891f ] Request (ServersWithSpecificFlavorTestJSON:setUpClass): 200 GET http://10.180.1.21/identity/v3/roles 0.286s
2025-04-10 14:56:02.850 68808 INFO tempest.lib.common.rest_client [req-a28bcaba-f04b-4c04-84c4-b2d8171b4a09 req-a28bcaba-f04b-4c04-84c4-b2d8171b4a09 ] Request (ServicesAdminTestJSON:test_get_service_by_host_name): 200 GET http://10.180.1.21/compute/v2.1/os-services 2.775s
2025-04-10 14:56:02.864 68798 INFO tempest.lib.common.rest_client [req-eb534850-4711-4621-b877-19238daafcac req-eb534850-4711-4621-b877-19238daafcac ] Request (ServicesAdminNegativeTestJSON:tearDownClass): 204 DELETE http://10.180.1.21/identity/v3/projects/d821c939bff44100a512174fee9880cb 0.315s
2025-04-10 14:56:02.887 68830 INFO tempest.lib.common.rest_client [req-a43ca3d9-1892-46c3-b08e-b0abc9f8cb16 req-a43ca3d9-1892-46c3-b08e-b0abc9f8cb16 ] Request (AZAdminV2TestJSON:tearDownClass): 200 GET http://10.180.1.21:9696/networking/v2.0/security-groups?tenant_id=2089caf2309a448fb897e8c5cf956542&name=default 0.156s
2025-04-10 14:56:02.916 68774 INFO tempest.lib.common.rest_client [req-01b9bccd-ff36-47c3-9199-175b31b0efa5 req-01b9bccd-ff36-47c3-9199-175b31b0efa5 ] Request (ImagesDeleteNegativeTestJSON:tearDownClass): 204 DELETE http://10.180.1.21:9696/networking/v2.0/security-groups/babd176d-bd39-47c3-bddf-a49a69908164 0.162s
2025-04-10 14:56:02.966 68800 INFO tempest.lib.common.rest_client [req-8e26fd70-7775-4c77-ba87-9fcee70a2bd8 req-8e26fd70-7775-4c77-ba87-9fcee70a2bd8 ] Request (ServersWithSpecificFlavorTestJSON:setUpClass): 204 PUT http://10.180.1.21/identity/v3/projects/80b7117677ef45409b93fc6993d5ed54/users/67960a5df5924cad8d4c731ec4552b83/roles/ce15efe7fa8c4212852d9ac7e7169287 0.128s
2025-04-10 14:56:02.966 68800 INFO tempest.lib.common.dynamic_creds [-] Dynamic test user 67960a5df5924cad8d4c731ec4552b83 is created with scope project and roles: ['admin']
2025-04-10 14:56:02.966 68800 INFO tempest.lib.common.dynamic_creds [-] Acquired dynamic creds: credentials: Credentials: {'domain_id': 'default', 'domain_name': 'Default', 'username': 'tempest-ServersWithSpecificFlavorTestJSON-1318163872-project-admin', 'project_domain_id': 'default', 'project_domain_name': 'Default', 'project_id': '80b7117677ef45409b93fc6993d5ed54', 'project_name': 'tempest-ServersWithSpecificFlavorTestJSON-1318163872', 'tenant_id': '80b7117677ef45409b93fc6993d5ed54', 'tenant_name': 'tempest-ServersWithSpecificFlavorTestJSON-1318163872', 'user_domain_id': 'default', 'user_domain_name': 'Default', 'user_id': '67960a5df5924cad8d4c731ec4552b83', 'system': None}, Network: None, Subnet: None, Router: None
2025-04-10 14:56:02.987 68830 INFO tempest.lib.common.rest_client [req-dcbc2d75-ce8b-4cc4-8286-e7782a6237d9 req-dcbc2d75-ce8b-4cc4-8286-e7782a6237d9 ] Request (AZAdminV2TestJSON:tearDownClass): 204 DELETE http://10.180.1.21:9696/networking/v2.0/security-groups/15729583-7db5-4492-a55f-60f93d4e9d4e 0.099s
2025-04-10 14:56:03.017 68798 INFO tempest.lib.common.rest_client [req-65642ce6-04fa-425e-b199-25f6b579f8a1 req-65642ce6-04fa-425e-b199-25f6b579f8a1 ] Request (FloatingIPDetailsTestJSON:setUpClass): 201 POST http://10.180.1.21/identity/v3/auth/tokens 0.150s
2025-04-10 14:56:03.069 68774 INFO tempest.lib.common.rest_client [req-3ba120d2-89d6-4fa6-a389-caf31ccfe7db req-3ba120d2-89d6-4fa6-a389-caf31ccfe7db ] Request (ImagesDeleteNegativeTestJSON:tearDownClass): 204 DELETE http://10.180.1.21/identity/v3/projects/323250d5d3a445fb9f5505de3b17213c 0.153s
2025-04-10 14:56:03.071 68788 INFO tempest.lib.common.rest_client [req-317e120d-8bb4-472c-b7cf-79b4464936bf req-317e120d-8bb4-472c-b7cf-79b4464936bf ] Request (VolumesAssistedSnapshotsTest:setUpClass): 201 POST http://10.180.1.21:9696/networking/v2.0/networks 0.449s
2025-04-10 14:56:03.080 68782 INFO tempest.lib.common.rest_client [req-51907524-ca11-402b-8eb3-fa3ec08ccf2b req-51907524-ca11-402b-8eb3-fa3ec08ccf2b ] Request (ServerDiagnosticsTest:test_get_server_diagnostics): 200 GET http://10.180.1.21/compute/v2.1/servers/b1180e4b-9e82-42e3-867c-b4a757ca6f14 2.835s
2025-04-10 14:56:03.106 68812 INFO tempest.lib.common.rest_client [req-c055eb77-ee0a-4aae-87fe-2cbfc0574342 req-c055eb77-ee0a-4aae-87fe-2cbfc0574342 ] Request (ServicesAdminNegativeV253TestJSON:test_disable_log_reason_with_invalid_service_id): 404 PUT http://10.180.1.21/compute/v2.1/os-services/df682072-2754-4f89-8e6a-c7f65eb52160 2.858s
2025-04-10 14:56:03.171 68830 INFO tempest.lib.common.rest_client [req-da28ca79-2081-4c7f-9e6d-bf2135e2975d req-da28ca79-2081-4c7f-9e6d-bf2135e2975d ] Request (AZAdminV2TestJSON:tearDownClass): 204 DELETE http://10.180.1.21/identity/v3/projects/2089caf2309a448fb897e8c5cf956542 0.184s
2025-04-10 14:56:03.172 68830 INFO tempest.test [-] raised in ServersOnMultiNodesTest.setUpClass. Invoking tearDownClass.
2025-04-10 14:56:03.192 68810 INFO tempest.lib.common.rest_client [req-2758c864-63fa-48af-a39e-b14d63bdeb22 req-2758c864-63fa-48af-a39e-b14d63bdeb22 ] Request (ListImageFiltersTestJSON:setUpClass): 204 PUT http://10.180.1.21/image/v2/images/35543d60-8040-44b2-af1f-1e36f0abcba2/file 3.168s
2025-04-10 14:56:03.197 68798 INFO tempest.lib.common.rest_client [req-70d2b028-0ccd-48bd-ab13-496feb5d7a74 req-70d2b028-0ccd-48bd-ab13-496feb5d7a74 ] Request (FloatingIPDetailsTestJSON:setUpClass): 201 POST http://10.180.1.21/identity/v3/auth/tokens 0.177s
2025-04-10 14:56:03.199 68774 INFO tempest.lib.common.rest_client [req-bef208f4-bb80-4113-b23e-8bcf9af2b266 req-bef208f4-bb80-4113-b23e-8bcf9af2b266 ] Request (ServersAaction247Test:setUpClass): 201 POST http://10.180.1.21/identity/v3/auth/tokens 0.127s
2025-04-10 14:56:03.294 68788 INFO tempest.lib.common.rest_client [req-28704ecf-9e16-40e9-860b-80ae27195a6d req-28704ecf-9e16-40e9-860b-80ae27195a6d ] Request (VolumesAssistedSnapshotsTest:setUpClass): 201 POST http://10.180.1.21:9696/networking/v2.0/subnets 0.222s
2025-04-10 14:56:03.339 68830 INFO tempest.lib.common.rest_client [req-55a11db4-0802-42f5-bfe9-e2b0c84c72ac req-55a11db4-0802-42f5-bfe9-e2b0c84c72ac ] Request (TenantUsagesNegativeTestJSON:setUpClass): 201 POST http://10.180.1.21/identity/v3/auth/tokens 0.162s
2025-04-10 14:56:03.351 68804 INFO tempest.lib.common.rest_client [req-b3a8addf-cd59-4e73-a332-788ad1b2c47b req-b3a8addf-cd59-4e73-a332-788ad1b2c47b ] Request (HypervisorAdminV228Test:test_get_list_hypervisor_details): 200 GET http://10.180.1.21/compute/v2.1/os-hypervisors 2.815s
2025-04-10 14:56:03.359 68798 INFO tempest.lib.common.rest_client [req-f1e91ab8-3e40-4896-b19c-f3185612687f req-f1e91ab8-3e40-4896-b19c-f3185612687f ] Request (FloatingIPDetailsTestJSON:setUpClass): 200 GET http://10.180.1.21/identity/v3/domains?name=Default 0.162s
2025-04-10 14:56:03.366 68800 INFO tempest.lib.common.rest_client [req-27fce2c3-1370-4a33-ace9-7bea20ead273 req-27fce2c3-1370-4a33-ace9-7bea20ead273 ] Request (ServersWithSpecificFlavorTestJSON:setUpClass): 201 POST http://10.180.1.21:9696/networking/v2.0/networks 0.399s
2025-04-10 14:56:03.387 68774 INFO tempest.lib.common.rest_client [req-f25ff8bf-e633-4565-93a4-95be9ce330b5 req-f25ff8bf-e633-4565-93a4-95be9ce330b5 ] Request (ServersAaction247Test:setUpClass): 201 POST http://10.180.1.21/identity/v3/auth/tokens 0.184s
2025-04-10 14:56:03.426 68830 INFO tempest.lib.common.rest_client [req-22cb9b4e-ea89-4efa-befc-6d2126bec166 req-22cb9b4e-ea89-4efa-befc-6d2126bec166 ] Request (TenantUsagesNegativeTestJSON:setUpClass): 201 POST http://10.180.1.21/identity/v3/auth/tokens 0.084s
2025-04-10 14:56:03.455 68798 INFO tempest.lib.common.rest_client [req-37715b3f-a0f2-4f65-a0e0-3aca288d6c2d req-37715b3f-a0f2-4f65-a0e0-3aca288d6c2d ] Request (FloatingIPDetailsTestJSON:setUpClass): 201 POST http://10.180.1.21/identity/v3/projects 0.095s
2025-04-10 14:56:03.473 68790 INFO tempest.lib.common.rest_client [req-436e8841-c270-497d-99a6-94bb37eb5883 req-436e8841-c270-497d-99a6-94bb37eb5883 ] Request (HypervisorAdminV253TestBase:test_list_show_detail_hypervisors): 200 GET http://10.180.1.21/compute/v2.1/os-hypervisors/detail?with_servers=True 2.908s
2025-04-10 14:56:03.515 68774 INFO tempest.lib.common.rest_client [req-7958fc3b-1a81-4d1d-8929-8e0a5ebc2282 req-7958fc3b-1a81-4d1d-8929-8e0a5ebc2282 ] Request (ServersAaction247Test:setUpClass): 200 GET http://10.180.1.21/identity/v3/domains?name=Default 0.128s
2025-04-10 14:56:03.518 68830 INFO tempest.lib.common.rest_client [req-740c7ba1-df62-43b7-832d-4b43cfe5bdf7 req-740c7ba1-df62-43b7-832d-4b43cfe5bdf7 ] Request (TenantUsagesNegativeTestJSON:setUpClass): 200 GET http://10.180.1.21/identity/v3/domains?name=Default 0.092s
2025-04-10 14:56:03.531 68806 INFO tempest.lib.common.rest_client [req-fa63246b-c8e9-40c5-92a8-28f7a0d58e38 req-fa63246b-c8e9-40c5-92a8-28f7a0d58e38 ] Request (HostsAdminNegativeTestJSON:setUpClass): 200 GET http://10.180.1.21/compute/v2.1/os-hosts 2.893s
2025-04-10 14:56:03.556 68798 INFO tempest.lib.common.rest_client [req-02f9c267-b99a-4354-9de2-4e1c7531e060 req-02f9c267-b99a-4354-9de2-4e1c7531e060 ] Request (FloatingIPDetailsTestJSON:setUpClass): 201 POST http://10.180.1.21/identity/v3/users 0.100s
2025-04-10 14:56:03.599 68774 INFO tempest.lib.common.rest_client [req-e8bc1fcd-1367-43be-8de2-801b0e60b827 req-e8bc1fcd-1367-43be-8de2-801b0e60b827 ] Request (ServersAaction247Test:setUpClass): 201 POST http://10.180.1.21/identity/v3/projects 0.083s
2025-04-10 14:56:03.657 68830 INFO tempest.lib.common.rest_client [req-04371edf-a5e4-4512-9b0a-3ac766d6964d req-04371edf-a5e4-4512-9b0a-3ac766d6964d ] Request (TenantUsagesNegativeTestJSON:setUpClass): 201 POST http://10.180.1.21/identity/v3/projects 0.137s
2025-04-10 14:56:03.703 68798 INFO tempest.lib.common.rest_client [req-9a679ef4-10b8-4354-b605-a6575a05e168 req-9a679ef4-10b8-4354-b605-a6575a05e168 ] Request (FloatingIPDetailsTestJSON:setUpClass): 200 GET http://10.180.1.21/identity/v3/roles 0.146s
2025-04-10 14:56:03.729 68774 INFO tempest.lib.common.rest_client [req-478bc6f5-a7e4-429c-a594-196bf219af47 req-478bc6f5-a7e4-429c-a594-196bf219af47 ] Request (ServersAaction247Test:setUpClass): 201 POST http://10.180.1.21/identity/v3/users 0.130s
2025-04-10 14:56:03.754 68830 INFO tempest.lib.common.rest_client [req-591fdfaa-ea97-497e-a861-082b063c276f req-591fdfaa-ea97-497e-a861-082b063c276f ] Request (TenantUsagesNegativeTestJSON:setUpClass): 201 POST http://10.180.1.21/identity/v3/users 0.096s
2025-04-10 14:56:03.769 68816 INFO tempest.lib.common.rest_client [req-a3a29835-8c24-4cde-b4d8-c8d5e7163604 req-a3a29835-8c24-4cde-b4d8-c8d5e7163604 ] Request (HypervisorAdminUnderV252Test:test_get_hypervisor_show_servers): 200 GET http://10.180.1.21/compute/v2.1/os-hypervisors 3.050s
2025-04-10 14:56:03.772 68798 INFO tempest.lib.common.rest_client [req-892c4b92-040d-40d2-872e-5085d967da29 req-892c4b92-040d-40d2-872e-5085d967da29 ] Request (FloatingIPDetailsTestJSON:setUpClass): 204 PUT http://10.180.1.21/identity/v3/projects/a3f9dedfd31b41c196c5fd9be549ee58/users/c55dfa0c0b074311ac87238a3a0478ce/roles/9f043e3b7fb24ed8bef1e6f7a1ae0d34 0.068s
2025-04-10 14:56:03.772 68798 INFO tempest.lib.common.dynamic_creds [-] Dynamic test user c55dfa0c0b074311ac87238a3a0478ce is created with scope project and roles: ['member']
2025-04-10 14:56:03.772 68798 INFO tempest.lib.common.dynamic_creds [-] Acquired dynamic creds: credentials: Credentials: {'domain_id': 'default', 'domain_name': 'Default', 'username': 'tempest-FloatingIPDetailsTestJSON-816483311-project-member', 'project_domain_id': 'default', 'project_domain_name': 'Default', 'project_id': 'a3f9dedfd31b41c196c5fd9be549ee58', 'project_name': 'tempest-FloatingIPDetailsTestJSON-816483311', 'tenant_id': 'a3f9dedfd31b41c196c5fd9be549ee58', 'tenant_name': 'tempest-FloatingIPDetailsTestJSON-816483311', 'user_domain_id': 'default', 'user_domain_name': 'Default', 'user_id': 'c55dfa0c0b074311ac87238a3a0478ce', 'system': None}, Network: None, Subnet: None, Router: None
2025-04-10 14:56:03.822 68774 INFO tempest.lib.common.rest_client [req-fbb8f66c-3f70-4ad9-8d35-21869182de34 req-fbb8f66c-3f70-4ad9-8d35-21869182de34 ] Request (ServersAaction247Test:setUpClass): 200 GET http://10.180.1.21/identity/v3/roles 0.089s
2025-04-10 14:56:03.837 68830 INFO tempest.lib.common.rest_client [req-86e9d86d-8f56-44eb-8bb7-30d97a603235 req-86e9d86d-8f56-44eb-8bb7-30d97a603235 ] Request (TenantUsagesNegativeTestJSON:setUpClass): 200 GET http://10.180.1.21/identity/v3/roles 0.081s
2025-04-10 14:56:03.838 68800 INFO tempest.lib.common.rest_client [req-00bd5afc-2786-456b-9483-aebddeeeff11 req-00bd5afc-2786-456b-9483-aebddeeeff11 ] Request (ServersWithSpecificFlavorTestJSON:setUpClass): 201 POST http://10.180.1.21:9696/networking/v2.0/subnets 0.470s
2025-04-10 14:56:03.876 68832 INFO tempest.lib.common.rest_client [req-46e5397c-8992-4c50-89e3-3a6a99986678 req-46e5397c-8992-4c50-89e3-3a6a99986678 ] Request (QuotasAdminNegativeTest:test_create_server_when_cpu_quota_is_full): 200 GET http://10.180.1.21/compute/v2.1/os-quota-sets/2c5b4cf48ec74e7ba6c4263fc16fd69d 3.219s
2025-04-10 14:56:03.886 68798 INFO tempest.lib.common.rest_client [req-18941e85-43de-4ef2-97d8-d051db7e9ccd req-18941e85-43de-4ef2-97d8-d051db7e9ccd ] Request (FloatingIPDetailsTestJSON:setUpClass): 201 POST http://10.180.1.21/identity/v3/auth/tokens 0.113s
2025-04-10 14:56:03.917 68774 INFO tempest.lib.common.rest_client [req-db9dcdb0-0f5e-48e5-8685-e6f555104ad9 req-db9dcdb0-0f5e-48e5-8685-e6f555104ad9 ] Request (ServersAaction247Test:setUpClass): 204 PUT http://10.180.1.21/identity/v3/projects/cf81febcd9dc436da18c5f5c20a3fab1/users/9cba61f7287f4d9483101b683314bdf4/roles/9f043e3b7fb24ed8bef1e6f7a1ae0d34 0.094s
2025-04-10 14:56:03.917 68774 INFO tempest.lib.common.dynamic_creds [-] Dynamic test user 9cba61f7287f4d9483101b683314bdf4 is created with scope project and roles: ['member']
2025-04-10 14:56:03.917 68774 INFO tempest.lib.common.dynamic_creds [-] Acquired dynamic creds: credentials: Credentials: {'domain_id': 'default', 'domain_name': 'Default', 'username': 'tempest-ServersAaction247Test-855737930-project-member', 'project_domain_id': 'default', 'project_domain_name': 'Default', 'project_id': 'cf81febcd9dc436da18c5f5c20a3fab1', 'project_name': 'tempest-ServersAaction247Test-855737930', 'tenant_id': 'cf81febcd9dc436da18c5f5c20a3fab1', 'tenant_name': 'tempest-ServersAaction247Test-855737930', 'user_domain_id': 'default', 'user_domain_name': 'Default', 'user_id': '9cba61f7287f4d9483101b683314bdf4', 'system': None}, Network: None, Subnet: None, Router: None
2025-04-10 14:56:03.917 68774 INFO tempest.lib.common.dynamic_creds [-] Created isolated network resources for: credentials: Credentials: {'domain_id': 'default', 'domain_name': 'Default', 'username': 'tempest-ServersAaction247Test-855737930-project-member', 'project_domain_id': 'default', 'project_domain_name': 'Default', 'project_id': 'cf81febcd9dc436da18c5f5c20a3fab1', 'project_name': 'tempest-ServersAaction247Test-855737930', 'tenant_id': 'cf81febcd9dc436da18c5f5c20a3fab1', 'tenant_name': 'tempest-ServersAaction247Test-855737930', 'user_domain_id': 'default', 'user_domain_name': 'Default', 'user_id': '9cba61f7287f4d9483101b683314bdf4', 'system': None}, Network: None, Subnet: None, Router: None
2025-04-10 14:56:03.950 68824 INFO tempest.lib.common.rest_client [req-faa0562f-b487-4ff3-998d-41b72778dda9 req-faa0562f-b487-4ff3-998d-41b72778dda9 ] Request (HypervisorAdminTestJSON:test_get_hypervisor_list): 200 GET http://10.180.1.21/compute/v2.1/os-hypervisors 3.220s
2025-04-10 14:56:03.987 68830 INFO tempest.lib.common.rest_client [req-ac1584c3-1d5d-4468-b32c-3ae50f805c56 req-ac1584c3-1d5d-4468-b32c-3ae50f805c56 ] Request (TenantUsagesNegativeTestJSON:setUpClass): 204 PUT http://10.180.1.21/identity/v3/projects/39244cf37f094a0288462a2da41bc5a5/users/27fd582c2071452e8eec080e2bdf366a/roles/9f043e3b7fb24ed8bef1e6f7a1ae0d34 0.150s
2025-04-10 14:56:03.987 68830 INFO tempest.lib.common.dynamic_creds [-] Dynamic test user 27fd582c2071452e8eec080e2bdf366a is created with scope project and roles: ['member']
2025-04-10 14:56:03.988 68830 INFO tempest.lib.common.dynamic_creds [-] Acquired dynamic creds: credentials: Credentials: {'domain_id': 'default', 'domain_name': 'Default', 'username': 'tempest-TenantUsagesNegativeTestJSON-107008643-project-member', 'project_domain_id': 'default', 'project_domain_name': 'Default', 'project_id': '39244cf37f094a0288462a2da41bc5a5', 'project_name': 'tempest-TenantUsagesNegativeTestJSON-107008643', 'tenant_id': '39244cf37f094a0288462a2da41bc5a5', 'tenant_name': 'tempest-TenantUsagesNegativeTestJSON-107008643', 'user_domain_id': 'default', 'user_domain_name': 'Default', 'user_id': '27fd582c2071452e8eec080e2bdf366a', 'system': None}, Network: None, Subnet: None, Router: None
2025-04-10 14:56:03.988 68830 INFO tempest.lib.common.dynamic_creds [-] Created isolated network resources for: credentials: Credentials: {'domain_id': 'default', 'domain_name': 'Default', 'username': 'tempest-TenantUsagesNegativeTestJSON-107008643-project-member', 'project_domain_id': 'default', 'project_domain_name': 'Default', 'project_id': '39244cf37f094a0288462a2da41bc5a5', 'project_name': 'tempest-TenantUsagesNegativeTestJSON-107008643', 'tenant_id': '39244cf37f094a0288462a2da41bc5a5', 'tenant_name': 'tempest-TenantUsagesNegativeTestJSON-107008643', 'user_domain_id': 'default', 'user_domain_name': 'Default', 'user_id': '27fd582c2071452e8eec080e2bdf366a', 'system': None}, Network: None, Subnet: None, Router: None
2025-04-10 14:56:04.044 68814 INFO tempest.lib.common.rest_client [req-8d074d8a-5342-480b-847d-19a2d8549b1d req-8d074d8a-5342-480b-847d-19a2d8549b1d ] Request (FlavorsAccessTestJSON:test_flavor_access_add_remove): 200 POST http://10.180.1.21/compute/v2.1/flavors 3.244s
2025-04-10 14:56:04.082 68776 INFO tempest.lib.common.rest_client [req-622aa8b0-a336-450e-938a-44061013a0c8 req-622aa8b0-a336-450e-938a-44061013a0c8 ] Request (AggregatesAdminNegativeTestJSON:test_aggregate_add_existent_host): 409 POST http://10.180.1.21/compute/v2.1/os-aggregates/1/action 3.106s
2025-04-10 14:56:04.109 68774 INFO tempest.lib.common.rest_client [req-05306869-d48d-4bc7-9a2b-33d1c38c71ba req-05306869-d48d-4bc7-9a2b-33d1c38c71ba ] Request (ServersAaction247Test:setUpClass): 201 POST http://10.180.1.21/identity/v3/auth/tokens 0.187s
2025-04-10 14:56:04.191 68802 INFO tempest.lib.common.rest_client [req-cd553e92-5bb4-4d7c-a68c-18efded84204 req-cd553e92-5bb4-4d7c-a68c-18efded84204 ] Request (FlavorsV261TestJSON:test_crud_flavor): 200 POST http://10.180.1.21/compute/v2.1/flavors 3.361s
2025-04-10 14:56:04.207 68830 INFO tempest.lib.common.rest_client [req-355b2868-f33e-492e-8300-310aa90dc27b req-355b2868-f33e-492e-8300-310aa90dc27b ] Request (TenantUsagesNegativeTestJSON:setUpClass): 201 POST http://10.180.1.21/identity/v3/auth/tokens 0.216s
2025-04-10 14:56:04.230 68774 INFO tempest.lib.common.rest_client [req-fbf4424c-987d-4db6-93df-07ab77ad5fe8 req-fbf4424c-987d-4db6-93df-07ab77ad5fe8 ] Request (ServersAaction247Test:test_create_backup): 201 POST http://10.180.1.21/identity/v3/auth/tokens 0.114s
2025-04-10 14:56:04.230 68774 INFO tempest.lib.common.fixed_network [-] (ServersAaction247Test:test_create_backup) Found network None available for tenant
2025-04-10 14:56:04.255 68780 INFO tempest.lib.common.rest_client [req-77b108cc-c939-4bab-b649-19a0a1afa317 req-77b108cc-c939-4bab-b649-19a0a1afa317 ] Request (FlavorsExtraSpecsNegativeTestJSON:test_flavor_get_nonexistent_key): 404 GET http://10.180.1.21/compute/v2.1/flavors/1915458556/os-extra_specs/hw:cpu_thread_policy 3.017s
2025-04-10 14:56:04.257 68830 INFO tempest.lib.common.rest_client [req-a82c87d9-7931-4747-8ec2-b9ec0f45a9ec req-a82c87d9-7931-4747-8ec2-b9ec0f45a9ec ] Request (TenantUsagesNegativeTestJSON:setUpClass): 201 POST http://10.180.1.21/identity/v3/projects 0.049s
2025-04-10 14:56:04.269 68770 INFO tempest.lib.common.rest_client [req-72e2aba6-8eff-4af2-8f58-920ac8c2d695 req-72e2aba6-8eff-4af2-8f58-920ac8c2d695 ] Request (InstanceUsageAuditLogTestJSON:test_list_instance_usage_audit_logs): 200 GET http://10.180.1.21/compute/v2.1/os-instance_usage_audit_log 2.766s
2025-04-10 14:56:04.315 68830 INFO tempest.lib.common.rest_client [req-fb4f33c1-bc55-4262-9191-152e76fa2a32 req-fb4f33c1-bc55-4262-9191-152e76fa2a32 ] Request (TenantUsagesNegativeTestJSON:setUpClass): 201 POST http://10.180.1.21/identity/v3/users 0.058s
2025-04-10 14:56:04.379 68770 INFO tempest.lib.common.rest_client [req-4388a6b5-1af5-4f23-9095-aef57e2d8e1b req-4388a6b5-1af5-4f23-9095-aef57e2d8e1b ] Request (InstanceUsageAuditLogTestJSON:tearDownClass): 204 DELETE http://10.180.1.21/identity/v3/users/6595ce9593174f0eb04df4e5bdf1add7 0.106s
2025-04-10 14:56:04.420 68830 INFO tempest.lib.common.rest_client [req-471e8e7f-7cb4-48b7-92c8-927893ff2a3a req-471e8e7f-7cb4-48b7-92c8-927893ff2a3a ] Request (TenantUsagesNegativeTestJSON:setUpClass): 200 GET http://10.180.1.21/identity/v3/roles 0.104s
2025-04-10 14:56:04.476 68770 INFO tempest.lib.common.rest_client [req-1a7c17aa-1ed2-4255-8be2-e013b0709bd6 req-1a7c17aa-1ed2-4255-8be2-e013b0709bd6 ] Request (InstanceUsageAuditLogTestJSON:tearDownClass): 204 DELETE http://10.180.1.21/identity/v3/users/7d5082fee655425496563d19ae7fac4b 0.096s
2025-04-10 14:56:04.476 68770 INFO tempest.lib.common.dynamic_creds [-] Deleting project and security group for project: a2bf23bf3fe94c6c97d0609f7c07a232
2025-04-10 14:56:04.539 68798 INFO tempest.lib.common.rest_client [req-51b09365-e990-4eae-9422-8dc47f909525 req-51b09365-e990-4eae-9422-8dc47f909525 ] Request (FloatingIPDetailsTestJSON:setUpClass): 201 POST http://10.180.1.21:9696/networking/v2.0/networks 0.653s
2025-04-10 14:56:04.549 68830 INFO tempest.lib.common.rest_client [req-3a3266ea-dcfa-4a11-abbf-423b44f1779e req-3a3266ea-dcfa-4a11-abbf-423b44f1779e ] Request (TenantUsagesNegativeTestJSON:setUpClass): 204 PUT http://10.180.1.21/identity/v3/projects/92fa847b1b714a62a448ebf464c31323/users/96caa17dc74146b9b16d4ed14d5bf260/roles/ce15efe7fa8c4212852d9ac7e7169287 0.129s
2025-04-10 14:56:04.585 68818 INFO tempest.lib.common.rest_client [req-926273ff-6ebc-43b7-b1a1-8266ee6d90c3 req-926273ff-6ebc-43b7-b1a1-8266ee6d90c3 ] Request (DeleteServersAdminTestJSON:test_admin_delete_servers_of_others): 202 POST http://10.180.1.21/compute/v2.1/servers 3.334s
2025-04-10 14:56:04.611 68784 INFO tempest.lib.common.rest_client [req-331853e7-10c2-45aa-8e2f-8d1483df2129 req-331853e7-10c2-45aa-8e2f-8d1483df2129 ] Request (QuotasAdminTestV236:test_get_updated_quotas): 200 PUT http://10.180.1.21/compute/v2.1/os-quota-sets/58eb1063c18b450097edba38765be031 3.089s
2025-04-10 14:56:04.620 68770 INFO tempest.lib.common.rest_client [req-631e1ccc-513e-4235-8199-32ce19b7ce0c req-631e1ccc-513e-4235-8199-32ce19b7ce0c ] Request (InstanceUsageAuditLogTestJSON:tearDownClass): 201 POST http://10.180.1.21/identity/v3/auth/tokens 0.143s
2025-04-10 14:56:04.625 68830 INFO tempest.lib.common.rest_client [req-b939fc24-0c6f-42a2-9a53-3d551b8fe3a1 req-b939fc24-0c6f-42a2-9a53-3d551b8fe3a1 ] Request (TenantUsagesNegativeTestJSON:setUpClass): 200 GET http://10.180.1.21/identity/v3/roles 0.075s
2025-04-10 14:56:04.647 68830 INFO tempest.lib.common.rest_client [req-1ce05525-b837-43b2-8fa7-2b5a1e487f96 req-1ce05525-b837-43b2-8fa7-2b5a1e487f96 ] Request (TenantUsagesNegativeTestJSON:setUpClass): 204 PUT http://10.180.1.21/identity/v3/projects/92fa847b1b714a62a448ebf464c31323/users/96caa17dc74146b9b16d4ed14d5bf260/roles/ce15efe7fa8c4212852d9ac7e7169287 0.022s
2025-04-10 14:56:04.648 68830 INFO tempest.lib.common.dynamic_creds [-] Dynamic test user 96caa17dc74146b9b16d4ed14d5bf260 is created with scope project and roles: ['admin']
2025-04-10 14:56:04.648 68830 INFO tempest.lib.common.dynamic_creds [-] Acquired dynamic creds: credentials: Credentials: {'domain_id': 'default', 'domain_name': 'Default', 'username': 'tempest-TenantUsagesNegativeTestJSON-1283928652-project-admin', 'project_domain_id': 'default', 'project_domain_name': 'Default', 'project_id': '92fa847b1b714a62a448ebf464c31323', 'project_name': 'tempest-TenantUsagesNegativeTestJSON-1283928652', 'tenant_id': '92fa847b1b714a62a448ebf464c31323', 'tenant_name': 'tempest-TenantUsagesNegativeTestJSON-1283928652', 'user_domain_id': 'default', 'user_domain_name': 'Default', 'user_id': '96caa17dc74146b9b16d4ed14d5bf260', 'system': None}, Network: None, Subnet: None, Router: None
2025-04-10 14:56:04.648 68830 INFO tempest.lib.common.dynamic_creds [-] Created isolated network resources for: credentials: Credentials: {'domain_id': 'default', 'domain_name': 'Default', 'username': 'tempest-TenantUsagesNegativeTestJSON-1283928652-project-admin', 'project_domain_id': 'default', 'project_domain_name': 'Default', 'project_id': '92fa847b1b714a62a448ebf464c31323', 'project_name': 'tempest-TenantUsagesNegativeTestJSON-1283928652', 'tenant_id': '92fa847b1b714a62a448ebf464c31323', 'tenant_name': 'tempest-TenantUsagesNegativeTestJSON-1283928652', 'user_domain_id': 'default', 'user_domain_name': 'Default', 'user_id': '96caa17dc74146b9b16d4ed14d5bf260', 'system': None}, Network: None, Subnet: None, Router: None
2025-04-10 14:56:04.687 68778 INFO tempest.lib.common.rest_client [req-7abb181a-8dbd-4df0-91aa-8cc2ee3f7a9c req-7abb181a-8dbd-4df0-91aa-8cc2ee3f7a9c ] Request (FlavorMetadataValidation:test_flavor_update_with_custom_namespace): 200 POST http://10.180.1.21/compute/v2.1/flavors/1859200113/os-extra_specs 2.991s
2025-04-10 14:56:04.779 68820 INFO tempest.lib.common.rest_client [req-81bc649d-46e6-429c-83c9-c82ec2ebb013 req-81bc649d-46e6-429c-83c9-c82ec2ebb013 ] Request (SecurityGroupsNegativeTestJSON:test_delete_nonexistent_security_group): 404 DELETE http://10.180.1.21/compute/v2.1/os-security-groups/8d91c282-6665-4ace-91b9-8317a0328857 2.944s
2025-04-10 14:56:04.804 68830 INFO tempest.lib.common.rest_client [req-b4701e67-51ff-4287-91cf-1cc04359d460 req-b4701e67-51ff-4287-91cf-1cc04359d460 ] Request (TenantUsagesNegativeTestJSON:setUpClass): 201 POST http://10.180.1.21/identity/v3/auth/tokens 0.151s
2025-04-10 14:56:04.814 68798 INFO tempest.lib.common.rest_client [req-d94a261b-1102-42a6-aa49-0ef0e40478fd req-d94a261b-1102-42a6-aa49-0ef0e40478fd ] Request (FloatingIPDetailsTestJSON:setUpClass): 201 POST http://10.180.1.21:9696/networking/v2.0/subnets 0.274s
2025-04-10 14:56:04.817 68794 INFO tempest.lib.common.rest_client [req-d8ac1ce4-5e65-4122-9077-666af2c7adff req-d8ac1ce4-5e65-4122-9077-666af2c7adff ] Request (InstanceUsageAuditLogNegativeTestJSON:test_instance_usage_audit_logs_with_nonadmin_user): 403 GET http://10.180.1.21/compute/v2.1/os-instance_usage_audit_log 2.818s
2025-04-10 14:56:04.886 68826 INFO tempest.lib.common.rest_client [req-eeed2c7f-d303-40ce-a0fe-ca7069cc1aa3 req-eeed2c7f-d303-40ce-a0fe-ca7069cc1aa3 ] Request (FlavorsV255TestJSON:test_crud_flavor): 200 GET http://10.180.1.21/compute/v2.1/flavors/2004093935 2.572s
2025-04-10 14:56:04.902 68770 INFO tempest.lib.common.rest_client [req-c26c8df6-268e-4e10-bb64-330c7f762493 req-c26c8df6-268e-4e10-bb64-330c7f762493 ] Request (InstanceUsageAuditLogTestJSON:tearDownClass): 200 GET http://10.180.1.21:9696/networking/v2.0/security-groups?tenant_id=a2bf23bf3fe94c6c97d0609f7c07a232&name=default 0.282s
2025-04-10 14:56:04.958 68788 INFO tempest.lib.common.rest_client [req-65f8934c-3b6a-4c52-882c-387bfee448df req-65f8934c-3b6a-4c52-882c-387bfee448df ] Request (VolumesAssistedSnapshotsTest:setUpClass): 201 POST http://10.180.1.21:9696/networking/v2.0/routers 1.663s
2025-04-10 14:56:05.011 68828 INFO tempest.lib.common.rest_client [req-e6a173f1-1a02-48fa-b582-8e763b0cef22 req-e6a173f1-1a02-48fa-b582-8e763b0cef22 ] Request (FlavorsAccessNegativeTestJSON:test_add_flavor_access_duplicate): 200 POST http://10.180.1.21/compute/v2.1/flavors 2.571s
2025-04-10 14:56:05.017 68772 INFO tempest.lib.common.rest_client [req-3c20cf90-14c7-4d2f-a887-752187521ba7 req-3c20cf90-14c7-4d2f-a887-752187521ba7 ] Request (SecurityGroupsTestAdminJSON:test_list_security_groups_list_all_tenants_filter): 200 POST http://10.180.1.21/compute/v2.1/os-security-groups 2.744s
