2025-04-29 07:11:40.050 69569 INFO tempest.lib.common.rest_client [req-e100246b-5dd0-478e-a8f5-cc523e3a9f8f req-e100246b-5dd0-478e-a8f5-cc523e3a9f8f ] Request (HypervisorAdminUnderV252Test:setUpClass): 201 POST http://10.180.1.21/identity/v3/auth/tokens 1.023s
2025-04-29 07:11:40.066 69587 INFO tempest.lib.common.rest_client [req-0e6e9a75-00ce-4ed2-bb89-94c96b4297f0 req-0e6e9a75-00ce-4ed2-bb89-94c96b4297f0 ] Request (FlavorsAdminTestJSON:setUpClass): 201 POST http://10.180.1.21/identity/v3/users 0.980s
2025-04-29 07:11:40.085 69609 INFO tempest.lib.common.rest_client [req-af2d1acd-2e1f-4dda-aa54-a50298c8d7c0 req-af2d1acd-2e1f-4dda-aa54-a50298c8d7c0 ] Request (FlavorsV261TestJSON:setUpClass): 201 POST http://10.180.1.21/identity/v3/users 0.884s
2025-04-29 07:11:40.087 69607 INFO tempest.lib.common.rest_client [req-399056ee-6574-4fe9-a86d-2ac9d8e86417 req-399056ee-6574-4fe9-a86d-2ac9d8e86417 ] Request (VolumesAssistedSnapshotsTest:setUpClass): 201 POST http://10.180.1.21:9696/networking/v2.0/routers 1.548s
2025-04-29 07:11:40.098 69623 INFO tempest.lib.common.rest_client [req-c39917c6-9a21-414d-96bd-84896b4c37ef req-c39917c6-9a21-414d-96bd-84896b4c37ef ] Request (FlavorsAccessNegativeTestJSON:setUpClass): 201 POST http://10.180.1.21/identity/v3/users 0.781s
2025-04-29 07:11:40.123 69583 INFO tempest.lib.common.rest_client [req-5c7ce370-b528-49d2-9428-041c864c8519 req-5c7ce370-b528-49d2-9428-041c864c8519 ] Request (FlavorMetadataValidation:tearDownClass): 201 POST http://10.180.1.21/identity/v3/auth/tokens 0.657s
2025-04-29 07:11:40.132 69600 INFO tempest.lib.common.rest_client [req-d40838cb-4f36-449e-b4dd-70be82ee0d91 req-d40838cb-4f36-449e-b4dd-70be82ee0d91 ] Request (FloatingIPsTestJSON:setUpClass): 200 PUT http://10.180.1.21:9696/networking/v2.0/routers/c22a7fc3-3452-41b6-aa93-4106677a574a/add_router_interface 2.027s
2025-04-29 07:11:40.132 69600 INFO tempest.lib.common.dynamic_creds [-] Created isolated network resources for: credentials: Credentials: {'domain_id': 'default', 'domain_name': 'Default', 'username': 'tempest-FloatingIPsTestJSON-1431392777-project-member', 'project_domain_id': 'default', 'project_domain_name': 'Default', 'project_id': '3d4cf9f053ce49018b71ad260bd42648', 'project_name': 'tempest-FloatingIPsTestJSON-1431392777', 'tenant_id': '3d4cf9f053ce49018b71ad260bd42648', 'tenant_name': 'tempest-FloatingIPsTestJSON-1431392777', 'user_domain_id': 'default', 'user_domain_name': 'Default', 'user_id': 'a17b6810ea1b4b5b89d47bbddeeb53a0', 'system': None}, Network: {'id': '2616bd13-bca8-4e87-a3eb-b817a203f900', 'name': 'tempest-FloatingIPsTestJSON-1349511215-network', 'tenant_id': '3d4cf9f053ce49018b71ad260bd42648', 'admin_state_up': True, 'mtu': 8950, 'status': 'ACTIVE', 'subnets': [], 'shared': False, 'project_id': '3d4cf9f053ce49018b71ad260bd42648', 'port_security_enabled': True, 'router:external': False, 'provider:network_type': 'vlan', 'provider:physical_network': 'default', 'provider:segmentation_id': 232, 'availability_zone_hints': [], 'availability_zones': [], 'ipv4_address_scope': None, 'ipv6_address_scope': None, 'description': '', 'tags': [], 'created_at': '2025-04-29T07:11:36Z', 'updated_at': '2025-04-29T07:11:36Z', 'revision_number': 1}, Subnet: {'id': '8042626b-9b3e-4663-8cfd-a7470bb10a59', 'name': 'tempest-FloatingIPsTestJSON-1349511215-subnet', 'tenant_id': '3d4cf9f053ce49018b71ad260bd42648', 'network_id': '2616bd13-bca8-4e87-a3eb-b817a203f900', 'ip_version': 4, 'subnetpool_id': None, 'enable_dhcp': True, 'ipv6_ra_mode': None, 'ipv6_address_mode': None, 'gateway_ip': '192.168.128.1', 'cidr': '192.168.128.0/28', 'allocation_pools': [{'start': '192.168.128.2', 'end': '192.168.128.14'}], 'host_routes': [], 'dns_nameservers': [], 'description': '', 'router:external': False, 'service_types': [], 'tags': [], 'created_at': '2025-04-29T07:11:36Z', 'updated_at': '2025-04-29T07:11:36Z', 'revision_number': 0, 'project_id': '3d4cf9f053ce49018b71ad260bd42648'}, Router: {'id': 'c22a7fc3-3452-41b6-aa93-4106677a574a', 'name': 'tempest-FloatingIPsTestJSON-1349511215-router', 'tenant_id': '3d4cf9f053ce49018b71ad260bd42648', 'admin_state_up': True, 'status': 'ACTIVE', 'external_gateway_info': {'network_id': 'cd95f605-6626-43f2-994d-d92396cd0639', 'external_fixed_ips': [{'subnet_id': '18fdf708-4ce9-48db-8d8f-1a4d4ae9fb7a', 'ip_address': '10.180.180.240'}], 'enable_snat': True}, 'description': '', 'availability_zones': [], 'distributed': False, 'ha': False, 'availability_zone_hints': [], 'routes': [], 'flavor_id': None, 'tags': [], 'created_at': '2025-04-29T07:11:37Z', 'updated_at': '2025-04-29T07:11:37Z', 'revision_number': 2, 'project_id': '3d4cf9f053ce49018b71ad260bd42648'}
2025-04-29 07:11:40.149 69605 INFO tempest.lib.common.rest_client [req-4808e1d0-f977-4e73-97a2-5503eb6790c2 req-4808e1d0-f977-4e73-97a2-5503eb6790c2 ] Request (ServersWithSpecificFlavorTestJSON:setUpClass): 201 POST http://10.180.1.21:9696/networking/v2.0/subnets 0.523s
2025-04-29 07:11:40.150 69589 INFO tempest.lib.common.rest_client [req-3ee9b709-cc08-4e2d-96f8-5ab5cafe2265 req-3ee9b709-cc08-4e2d-96f8-5ab5cafe2265 ] Request (AZAdminV2TestJSON:setUpClass): 201 POST http://10.180.1.21/identity/v3/users 0.657s
2025-04-29 07:11:40.168 69591 INFO tempest.lib.common.rest_client [req-74c556a5-67e4-4844-beab-1ba814d39de8 req-74c556a5-67e4-4844-beab-1ba814d39de8 ] Request (TenantUsagesNegativeTestJSON:setUpClass): 201 POST http://10.180.1.21/identity/v3/auth/tokens 0.784s
2025-04-29 07:11:40.174 69611 INFO tempest.lib.common.rest_client [req-b0ae03f1-dc2d-407c-8a37-4b844db9e132 req-b0ae03f1-dc2d-407c-8a37-4b844db9e132 ] Request (AggregatesAdminNegativeTestJSON:setUpClass): 201 POST http://10.180.1.21/identity/v3/users 0.591s
2025-04-29 07:11:40.194 69621 INFO tempest.lib.common.rest_client [req-701f5fe8-0c4f-4afa-bb8f-2780ae44885d req-701f5fe8-0c4f-4afa-bb8f-2780ae44885d ] Request (QuotasSecurityGroupAdminNegativeTest:setUpClass): 200 GET http://10.180.1.21/identity/v3/roles 0.596s
2025-04-29 07:11:40.195 69597 INFO tempest.lib.common.rest_client [req-2d794b0b-3567-4950-bcfd-a996d6b92382 req-2d794b0b-3567-4950-bcfd-a996d6b92382 ] Request (FlavorsAccessTestJSON:setUpClass): 200 GET http://10.180.1.21/identity/v3/roles 0.554s
2025-04-29 07:11:40.220 69595 INFO tempest.lib.common.rest_client [req-cdf18bf1-0e3e-436b-91d7-f73383ab7859 req-cdf18bf1-0e3e-436b-91d7-f73383ab7859 ] Request (HypervisorAdminV253TestBase:setUpClass): 200 GET http://10.180.1.21/identity/v3/roles 0.557s
2025-04-29 07:11:40.224 69582 INFO tempest.lib.common.rest_client [req-c1a95ef9-c67e-4e4b-8193-c81d37af6cbf req-c1a95ef9-c67e-4e4b-8193-c81d37af6cbf ] Request (FlavorsExtraSpecsTestJSON:setUpClass): 204 PUT http://10.180.1.21/identity/v3/projects/2bc41975601546d5bc61498d7f1db559/users/51f48cc7d0ae48199a1add187b847235/roles/cce4b503aee0434bb1ff1e6643a8184a 0.496s
2025-04-29 07:11:40.281 69585 INFO tempest.lib.common.rest_client [req-5c4e9dd6-f2ca-4eeb-8062-bcfc2bc0f7a5 req-5c4e9dd6-f2ca-4eeb-8062-bcfc2bc0f7a5 ] Request (HostsAdminTestJSON:setUpClass): 200 GET http://10.180.1.21/identity/v3/roles 0.483s
2025-04-29 07:11:40.310 69619 INFO tempest.lib.common.rest_client [req-88fbbeb7-da04-400b-9e82-5a856eab2ec1 req-88fbbeb7-da04-400b-9e82-5a856eab2ec1 ] Request (AttachInterfacesV270Test:setUpClass): 201 POST http://10.180.1.21:9696/networking/v2.0/subnets 0.475s
2025-04-29 07:11:40.313 69615 INFO tempest.lib.common.rest_client [req-5dd178f3-76ad-494d-84a9-dcdb71684042 req-5dd178f3-76ad-494d-84a9-dcdb71684042 ] Request (HypervisorAdminTestJSON:setUpClass): 201 POST http://10.180.1.21/identity/v3/users 0.516s
2025-04-29 07:11:40.332 69617 INFO tempest.lib.common.rest_client [req-77e48e0b-2c56-4f73-b587-670193976033 req-77e48e0b-2c56-4f73-b587-670193976033 ] Request (ServerExternalEventsTest:setUpClass): 200 GET http://10.180.1.21/identity/v3/roles 0.464s
2025-04-29 07:11:40.334 69575 INFO tempest.lib.common.rest_client [req-7f1a16e5-0ce7-48fd-b22c-21c6beabd221 req-7f1a16e5-0ce7-48fd-b22c-21c6beabd221 ] Request (QuotaClassesAdmin257Test:setUpClass): 204 PUT http://10.180.1.21/identity/v3/projects/1846764c925944029e536c5692cc6db3/users/64f01251d9b74a8f86dfab6caec427ad/roles/cce4b503aee0434bb1ff1e6643a8184a 0.477s
2025-04-29 07:11:40.395 69571 INFO tempest.lib.common.rest_client [req-caf904fe-22ea-4308-a61c-ef4e885c0150 req-caf904fe-22ea-4308-a61c-ef4e885c0150 ] Request (QuotaClassesAdminTestJSON:setUpClass): 204 PUT http://10.180.1.21/identity/v3/projects/da13d90a401743b0b1aa3435c448500d/users/9ce87d0099d746cca8b629f3555387e8/roles/cce4b503aee0434bb1ff1e6643a8184a 0.514s
2025-04-29 07:11:40.399 69593 INFO tempest.lib.common.rest_client [req-23891697-5d76-4ed2-a89b-79a1f5c6059c req-23891697-5d76-4ed2-a89b-79a1f5c6059c ] Request (DeleteServersAdminTestJSON:setUpClass): 200 GET http://10.180.1.21/identity/v3/roles 0.483s
2025-04-29 07:11:40.453 69567 INFO tempest.lib.common.rest_client [req-c281f659-a60a-4bc1-9c05-b5aa46303b8c req-c281f659-a60a-4bc1-9c05-b5aa46303b8c ] Request (HostsAdminNegativeTestJSON:setUpClass): 200 GET http://10.180.1.21/identity/v3/roles 0.507s
2025-04-29 07:11:40.460 69603 INFO tempest.lib.common.rest_client [req-42889d7c-8c6a-4dad-800b-04f95f6ef6fc req-42889d7c-8c6a-4dad-800b-04f95f6ef6fc ] Request (ServersAdminNegativeTestJSON:setUpClass): 200 GET http://10.180.1.21/identity/v3/roles 0.477s
2025-04-29 07:11:40.495 69587 INFO tempest.lib.common.rest_client [req-bbde5dc0-02ae-4b95-b845-70955e751fff req-bbde5dc0-02ae-4b95-b845-70955e751fff ] Request (FlavorsAdminTestJSON:setUpClass): 200 GET http://10.180.1.21/identity/v3/roles 0.428s
2025-04-29 07:11:40.535 69579 INFO tempest.lib.common.rest_client [req-f29418e0-d192-4db7-955b-86f3c68ad20e req-f29418e0-d192-4db7-955b-86f3c68ad20e ] Request (InstanceUsageAuditLogTestJSON:setUpClass): 201 POST http://10.180.1.21/identity/v3/auth/tokens 0.525s
2025-04-29 07:11:40.554 69609 INFO tempest.lib.common.rest_client [req-d2ee38bd-9111-486e-a3cb-4d9edb01acaf req-d2ee38bd-9111-486e-a3cb-4d9edb01acaf ] Request (FlavorsV261TestJSON:setUpClass): 200 GET http://10.180.1.21/identity/v3/roles 0.468s
2025-04-29 07:11:40.572 69623 INFO tempest.lib.common.rest_client [req-9fedc89f-ddc4-4d20-982a-74eb8b52387b req-9fedc89f-ddc4-4d20-982a-74eb8b52387b ] Request (FlavorsAccessNegativeTestJSON:setUpClass): 200 GET http://10.180.1.21/identity/v3/roles 0.474s
2025-04-29 07:11:40.603 69589 INFO tempest.lib.common.rest_client [req-211b1513-01b5-4b3f-bce9-a26dc52376e4 req-211b1513-01b5-4b3f-bce9-a26dc52376e4 ] Request (AZAdminV2TestJSON:setUpClass): 200 GET http://10.180.1.21/identity/v3/roles 0.453s
2025-04-29 07:11:40.624 69611 INFO tempest.lib.common.rest_client [req-5a7a2dd4-23c3-424b-93e3-ebf6880e1c77 req-5a7a2dd4-23c3-424b-93e3-ebf6880e1c77 ] Request (AggregatesAdminNegativeTestJSON:setUpClass): 200 GET http://10.180.1.21/identity/v3/roles 0.449s
2025-04-29 07:11:40.654 69621 INFO tempest.lib.common.rest_client [req-6f92eb69-0cab-4e4f-8e36-170699af68a1 req-6f92eb69-0cab-4e4f-8e36-170699af68a1 ] Request (QuotasSecurityGroupAdminNegativeTest:setUpClass): 204 PUT http://10.180.1.21/identity/v3/projects/9718816e95e545e5a6069a21a09858ac/users/8df3d504693f4f75b38476d33fbbc9f0/roles/cce4b503aee0434bb1ff1e6643a8184a 0.459s
2025-04-29 07:11:40.692 69573 INFO tempest.lib.common.rest_client [req-a894b61a-f836-4426-ae1d-efc21f1614a6 req-a894b61a-f836-4426-ae1d-efc21f1614a6 ] Request (FlavorsV255TestJSON:tearDownClass): 200 GET http://10.180.1.21:9696/networking/v2.0/security-groups?tenant_id=07e754f1fd334461b7da9360045b45f5&name=default 0.936s
2025-04-29 07:11:40.698 69597 INFO tempest.lib.common.rest_client [req-3a376acd-f913-49a6-b049-278d7c2b7488 req-3a376acd-f913-49a6-b049-278d7c2b7488 ] Request (FlavorsAccessTestJSON:setUpClass): 204 PUT http://10.180.1.21/identity/v3/projects/0e506d0d2c7a4d4383f9dfcd40de63b9/users/056b99e0065e4876b3d4dfc3d97ff23d/roles/cce4b503aee0434bb1ff1e6643a8184a 0.503s
2025-04-29 07:11:40.698 69597 INFO tempest.lib.common.dynamic_creds [-] Dynamic test user 056b99e0065e4876b3d4dfc3d97ff23d is created with scope project and roles: ['admin']
2025-04-29 07:11:40.699 69597 INFO tempest.lib.common.dynamic_creds [-] Acquired dynamic creds: credentials: Credentials: {'domain_id': 'default', 'domain_name': 'Default', 'username': 'tempest-FlavorsAccessTestJSON-1181838407-project-admin', 'project_domain_id': 'default', 'project_domain_name': 'Default', 'project_id': '0e506d0d2c7a4d4383f9dfcd40de63b9', 'project_name': 'tempest-FlavorsAccessTestJSON-1181838407', 'tenant_id': '0e506d0d2c7a4d4383f9dfcd40de63b9', 'tenant_name': 'tempest-FlavorsAccessTestJSON-1181838407', 'user_domain_id': 'default', 'user_domain_name': 'Default', 'user_id': '056b99e0065e4876b3d4dfc3d97ff23d', 'system': None}, Network: None, Subnet: None, Router: None
2025-04-29 07:11:40.699 69597 INFO tempest.lib.common.dynamic_creds [-] Created isolated network resources for: credentials: Credentials: {'domain_id': 'default', 'domain_name': 'Default', 'username': 'tempest-FlavorsAccessTestJSON-1181838407-project-admin', 'project_domain_id': 'default', 'project_domain_name': 'Default', 'project_id': '0e506d0d2c7a4d4383f9dfcd40de63b9', 'project_name': 'tempest-FlavorsAccessTestJSON-1181838407', 'tenant_id': '0e506d0d2c7a4d4383f9dfcd40de63b9', 'tenant_name': 'tempest-FlavorsAccessTestJSON-1181838407', 'user_domain_id': 'default', 'user_domain_name': 'Default', 'user_id': '056b99e0065e4876b3d4dfc3d97ff23d', 'system': None}, Network: None, Subnet: None, Router: None
2025-04-29 07:11:40.703 69600 INFO tempest.lib.common.rest_client [req-fab5f732-690c-41f7-b1b5-84300cdb3994 req-fab5f732-690c-41f7-b1b5-84300cdb3994 ] Request (FloatingIPsTestJSON:setUpClass): 201 POST http://10.180.1.21/identity/v3/auth/tokens 0.516s
2025-04-29 07:11:40.758 69582 INFO tempest.lib.common.rest_client [req-ab833ac8-06da-4246-8481-750c3e9be589 req-ab833ac8-06da-4246-8481-750c3e9be589 ] Request (FlavorsExtraSpecsTestJSON:setUpClass): 200 GET http://10.180.1.21/identity/v3/roles 0.534s
2025-04-29 07:11:40.767 69595 INFO tempest.lib.common.rest_client [req-82d8e0ca-c1e8-410f-b2d5-df7603918540 req-82d8e0ca-c1e8-410f-b2d5-df7603918540 ] Request (HypervisorAdminV253TestBase:setUpClass): 204 PUT http://10.180.1.21/identity/v3/projects/d820686f814346f9914f42791d7d5cf4/users/457a14f7c9e14a4ca48bea8251146923/roles/cce4b503aee0434bb1ff1e6643a8184a 0.547s
2025-04-29 07:11:40.820 69585 INFO tempest.lib.common.rest_client [req-ac4198a4-1842-4155-91f3-d649e93e9a01 req-ac4198a4-1842-4155-91f3-d649e93e9a01 ] Request (HostsAdminTestJSON:setUpClass): 204 PUT http://10.180.1.21/identity/v3/projects/78834cd7dcd54c948f6adb3ff2004c8b/users/85cd279ed26747cf9d70eff84f114ea9/roles/cce4b503aee0434bb1ff1e6643a8184a 0.537s
2025-04-29 07:11:40.862 69615 INFO tempest.lib.common.rest_client [req-a8628ef3-a747-416d-90b4-2a94f32bafc7 req-a8628ef3-a747-416d-90b4-2a94f32bafc7 ] Request (HypervisorAdminTestJSON:setUpClass): 200 GET http://10.180.1.21/identity/v3/roles 0.546s
2025-04-29 07:11:40.877 69617 INFO tempest.lib.common.rest_client [req-79b896f5-eda4-47a9-aed7-2b95f02a236b req-79b896f5-eda4-47a9-aed7-2b95f02a236b ] Request (ServerExternalEventsTest:setUpClass): 204 PUT http://10.180.1.21/identity/v3/projects/361adfe12bfb437aa99769928a3592b8/users/732c96c5cb074ca08534e64da9a5963d/roles/cce4b503aee0434bb1ff1e6643a8184a 0.544s
2025-04-29 07:11:40.879 69575 INFO tempest.lib.common.rest_client [req-b1bc460f-97ba-4d40-a618-b4df2b23b732 req-b1bc460f-97ba-4d40-a618-b4df2b23b732 ] Request (QuotaClassesAdmin257Test:setUpClass): 200 GET http://10.180.1.21/identity/v3/roles 0.544s
2025-04-29 07:11:40.926 69571 INFO tempest.lib.common.rest_client [req-227b634a-7bd3-4ff9-9b23-1f25968c80cb req-227b634a-7bd3-4ff9-9b23-1f25968c80cb ] Request (QuotaClassesAdminTestJSON:setUpClass): 200 GET http://10.180.1.21/identity/v3/roles 0.529s
2025-04-29 07:11:40.947 69593 INFO tempest.lib.common.rest_client [req-d009976c-5e91-45b3-80da-9c2693fae083 req-d009976c-5e91-45b3-80da-9c2693fae083 ] Request (DeleteServersAdminTestJSON:setUpClass): 204 PUT http://10.180.1.21/identity/v3/projects/1aa0e9e0b3c949d4ab7f5f7527bfef11/users/0bf363073f2849c0b1ad55a509137179/roles/cce4b503aee0434bb1ff1e6643a8184a 0.548s
2025-04-29 07:11:40.957 69583 INFO tempest.lib.common.rest_client [req-ab16dcaa-fb27-4752-9a01-c04c3ce61eda req-ab16dcaa-fb27-4752-9a01-c04c3ce61eda ] Request (FlavorMetadataValidation:tearDownClass): 200 GET http://10.180.1.21:9696/networking/v2.0/security-groups?tenant_id=e09e79a04cc84dab81104c38cdf3f6a9&name=default 0.834s
2025-04-29 07:11:40.957 69567 INFO tempest.lib.common.rest_client [req-0c0735f6-b8e5-4422-9370-4b14e44b4319 req-0c0735f6-b8e5-4422-9370-4b14e44b4319 ] Request (HostsAdminNegativeTestJSON:setUpClass): 204 PUT http://10.180.1.21/identity/v3/projects/6e39ec2d8842485e941b0f420fcba2d9/users/d7c8168e7b864a7182467c427c2b8523/roles/cce4b503aee0434bb1ff1e6643a8184a 0.504s
2025-04-29 07:11:40.993 69573 INFO tempest.lib.common.rest_client [req-164116a1-782b-4e88-8a32-c541535cf460 req-164116a1-782b-4e88-8a32-c541535cf460 ] Request (FlavorsV255TestJSON:tearDownClass): 204 DELETE http://10.180.1.21:9696/networking/v2.0/security-groups/ed0ed60d-0b34-46bf-817f-a48a68ad5e11 0.301s
2025-04-29 07:11:41.016 69603 INFO tempest.lib.common.rest_client [req-866432c3-360d-40e4-b179-cbf93f6898a7 req-866432c3-360d-40e4-b179-cbf93f6898a7 ] Request (ServersAdminNegativeTestJSON:setUpClass): 204 PUT http://10.180.1.21/identity/v3/projects/49c620b797c64633a7829c0f34662cdf/users/9c133afccc574837bf46582c8af7b969/roles/cce4b503aee0434bb1ff1e6643a8184a 0.555s
2025-04-29 07:11:41.030 69587 INFO tempest.lib.common.rest_client [req-9c542719-0069-4d5c-8c9d-45f75768f077 req-9c542719-0069-4d5c-8c9d-45f75768f077 ] Request (FlavorsAdminTestJSON:setUpClass): 204 PUT http://10.180.1.21/identity/v3/projects/3181ee7e01c54be2a0826980b75af746/users/cd3ceab3a2734ba29f4611c98301c619/roles/cce4b503aee0434bb1ff1e6643a8184a 0.534s
2025-04-29 07:11:41.085 69623 INFO tempest.lib.common.rest_client [req-fa2ee8df-d141-42d3-888d-d6f893654008 req-fa2ee8df-d141-42d3-888d-d6f893654008 ] Request (FlavorsAccessNegativeTestJSON:setUpClass): 204 PUT http://10.180.1.21/identity/v3/projects/063929bf0da94f4993d968bd2788a778/users/d4b562c9416444778544809216fa4b7c/roles/cce4b503aee0434bb1ff1e6643a8184a 0.513s
2025-04-29 07:11:41.099 69609 INFO tempest.lib.common.rest_client [req-15516350-45d2-421a-a41d-29c06e7e8f93 req-15516350-45d2-421a-a41d-29c06e7e8f93 ] Request (FlavorsV261TestJSON:setUpClass): 204 PUT http://10.180.1.21/identity/v3/projects/a8e1cbcb044448b98cf91609226eae70/users/b766b3832785424d8ac9b26aabb9d95b/roles/cce4b503aee0434bb1ff1e6643a8184a 0.545s
2025-04-29 07:11:41.157 69611 INFO tempest.lib.common.rest_client [req-c346bbf6-8b40-4666-bc9b-986017079ce9 req-c346bbf6-8b40-4666-bc9b-986017079ce9 ] Request (AggregatesAdminNegativeTestJSON:setUpClass): 204 PUT http://10.180.1.21/identity/v3/projects/56d0cd117fbb4d29b748188a20315fc0/users/0b19a4e703544cf0bcd3c51d4d114745/roles/cce4b503aee0434bb1ff1e6643a8184a 0.532s
2025-04-29 07:11:41.160 69583 INFO tempest.lib.common.rest_client [req-82d3c8f2-7dcc-43c5-8a05-066b738ed217 req-82d3c8f2-7dcc-43c5-8a05-066b738ed217 ] Request (FlavorMetadataValidation:tearDownClass): 204 DELETE http://10.180.1.21:9696/networking/v2.0/security-groups/f1b53744-071d-4e9b-9fa5-c1808ea99924 0.202s
2025-04-29 07:11:41.184 69589 INFO tempest.lib.common.rest_client [req-3c43842c-000e-4d47-9812-1f7862bea356 req-3c43842c-000e-4d47-9812-1f7862bea356 ] Request (AZAdminV2TestJSON:setUpClass): 204 PUT http://10.180.1.21/identity/v3/projects/00c3844f6d51493b856c4dcf07a63c36/users/b342d8f278e244c790ee37344792d2c9/roles/cce4b503aee0434bb1ff1e6643a8184a 0.580s
2025-04-29 07:11:41.218 69577 INFO tempest.lib.common.rest_client [req-d642c31c-bae6-4b14-95cc-3c396b95a70b req-d642c31c-bae6-4b14-95cc-3c396b95a70b ] Request (FloatingIPsNegativeTestJSON:setUpClass): 200 PUT http://10.180.1.21:9696/networking/v2.0/routers/0641d984-0a40-4b3c-9f1b-37fc718a0e60/add_router_interface 1.955s
2025-04-29 07:11:41.218 69577 INFO tempest.lib.common.dynamic_creds [-] Created isolated network resources for: credentials: Credentials: {'domain_id': 'default', 'domain_name': 'Default', 'username': 'tempest-FloatingIPsNegativeTestJSON-1839828527-project-member', 'project_domain_id': 'default', 'project_domain_name': 'Default', 'project_id': '4fbe7cf6e7d14e2280636a1ee16d9af5', 'project_name': 'tempest-FloatingIPsNegativeTestJSON-1839828527', 'tenant_id': '4fbe7cf6e7d14e2280636a1ee16d9af5', 'tenant_name': 'tempest-FloatingIPsNegativeTestJSON-1839828527', 'user_domain_id': 'default', 'user_domain_name': 'Default', 'user_id': '92285f85c9814cf1a659438ed6ece13a', 'system': None}, Network: {'id': '356be792-bd93-47fb-8606-8864fc8d00ac', 'name': 'tempest-FloatingIPsNegativeTestJSON-516284122-network', 'tenant_id': '4fbe7cf6e7d14e2280636a1ee16d9af5', 'admin_state_up': True, 'mtu': 8950, 'status': 'ACTIVE', 'subnets': [], 'shared': False, 'project_id': '4fbe7cf6e7d14e2280636a1ee16d9af5', 'port_security_enabled': True, 'router:external': False, 'provider:network_type': 'vlan', 'provider:physical_network': 'default', 'provider:segmentation_id': 319, 'availability_zone_hints': [], 'availability_zones': [], 'ipv4_address_scope': None, 'ipv6_address_scope': None, 'description': '', 'tags': [], 'created_at': '2025-04-29T07:11:38Z', 'updated_at': '2025-04-29T07:11:38Z', 'revision_number': 1}, Subnet: {'id': 'b5b3c58f-fd1f-4626-ae8e-1e950a2cd3f8', 'name': 'tempest-FloatingIPsNegativeTestJSON-516284122-subnet', 'tenant_id': '4fbe7cf6e7d14e2280636a1ee16d9af5', 'network_id': '356be792-bd93-47fb-8606-8864fc8d00ac', 'ip_version': 4, 'subnetpool_id': None, 'enable_dhcp': True, 'ipv6_ra_mode': None, 'ipv6_address_mode': None, 'gateway_ip': '192.168.128.1', 'cidr': '192.168.128.0/28', 'allocation_pools': [{'start': '192.168.128.2', 'end': '192.168.128.14'}], 'host_routes': [], 'dns_nameservers': [], 'description': '', 'router:external': False, 'service_types': [], 'tags': [], 'created_at': '2025-04-29T07:11:38Z', 'updated_at': '2025-04-29T07:11:38Z', 'revision_number': 0, 'project_id': '4fbe7cf6e7d14e2280636a1ee16d9af5'}, Router: {'id': '0641d984-0a40-4b3c-9f1b-37fc718a0e60', 'name': 'tempest-FloatingIPsNegativeTestJSON-516284122-router', 'tenant_id': '4fbe7cf6e7d14e2280636a1ee16d9af5', 'admin_state_up': True, 'status': 'ACTIVE', 'external_gateway_info': {'network_id': 'cd95f605-6626-43f2-994d-d92396cd0639', 'external_fixed_ips': [{'subnet_id': '18fdf708-4ce9-48db-8d8f-1a4d4ae9fb7a', 'ip_address': '10.180.180.248'}], 'enable_snat': True}, 'description': '', 'availability_zones': [], 'distributed': False, 'ha': False, 'availability_zone_hints': [], 'routes': [], 'flavor_id': None, 'tags': [], 'created_at': '2025-04-29T07:11:38Z', 'updated_at': '2025-04-29T07:11:38Z', 'revision_number': 2, 'project_id': '4fbe7cf6e7d14e2280636a1ee16d9af5'}
2025-04-29 07:11:41.244 69621 INFO tempest.lib.common.rest_client [req-21a28515-3ccd-4703-b87d-0dcaea2dac14 req-21a28515-3ccd-4703-b87d-0dcaea2dac14 ] Request (QuotasSecurityGroupAdminNegativeTest:setUpClass): 200 GET http://10.180.1.21/identity/v3/roles 0.589s
2025-04-29 07:11:41.264 69597 INFO tempest.lib.common.rest_client [req-687179eb-8aec-4588-9e03-d341629382fb req-687179eb-8aec-4588-9e03-d341629382fb ] Request (FlavorsAccessTestJSON:setUpClass): 201 POST http://10.180.1.21/identity/v3/auth/tokens 0.561s
2025-04-29 07:11:41.265 69597 WARNING tempest.lib.common.rest_client [-] Deprecated: "tenant_id" property is deprecated for removal, use "project_id" instead
2025-04-29 07:11:41.266 69582 INFO tempest.lib.common.rest_client [req-38416823-3430-4582-b7cd-8d3cd569954b req-38416823-3430-4582-b7cd-8d3cd569954b ] Request (FlavorsExtraSpecsTestJSON:setUpClass): 204 PUT http://10.180.1.21/identity/v3/projects/2bc41975601546d5bc61498d7f1db559/users/51f48cc7d0ae48199a1add187b847235/roles/cce4b503aee0434bb1ff1e6643a8184a 0.506s
2025-04-29 07:11:41.266 69582 INFO tempest.lib.common.dynamic_creds [-] Dynamic test user 51f48cc7d0ae48199a1add187b847235 is created with scope project and roles: ['admin']
2025-04-29 07:11:41.266 69582 INFO tempest.lib.common.dynamic_creds [-] Acquired dynamic creds: credentials: Credentials: {'domain_id': 'default', 'domain_name': 'Default', 'username': 'tempest-FlavorsExtraSpecsTestJSON-844733458-project-admin', 'project_domain_id': 'default', 'project_domain_name': 'Default', 'project_id': '2bc41975601546d5bc61498d7f1db559', 'project_name': 'tempest-FlavorsExtraSpecsTestJSON-844733458', 'tenant_id': '2bc41975601546d5bc61498d7f1db559', 'tenant_name': 'tempest-FlavorsExtraSpecsTestJSON-844733458', 'user_domain_id': 'default', 'user_domain_name': 'Default', 'user_id': '51f48cc7d0ae48199a1add187b847235', 'system': None}, Network: None, Subnet: None, Router: None
2025-04-29 07:11:41.266 69582 INFO tempest.lib.common.dynamic_creds [-] Created isolated network resources for: credentials: Credentials: {'domain_id': 'default', 'domain_name': 'Default', 'username': 'tempest-FlavorsExtraSpecsTestJSON-844733458-project-admin', 'project_domain_id': 'default', 'project_domain_name': 'Default', 'project_id': '2bc41975601546d5bc61498d7f1db559', 'project_name': 'tempest-FlavorsExtraSpecsTestJSON-844733458', 'tenant_id': '2bc41975601546d5bc61498d7f1db559', 'tenant_name': 'tempest-FlavorsExtraSpecsTestJSON-844733458', 'user_domain_id': 'default', 'user_domain_name': 'Default', 'user_id': '51f48cc7d0ae48199a1add187b847235', 'system': None}, Network: None, Subnet: None, Router: None
2025-04-29 07:11:41.319 69585 INFO tempest.lib.common.rest_client [req-df11a191-0270-4f79-b53a-1d495e861613 req-df11a191-0270-4f79-b53a-1d495e861613 ] Request (HostsAdminTestJSON:setUpClass): 200 GET http://10.180.1.21/identity/v3/roles 0.499s
2025-04-29 07:11:41.322 69595 INFO tempest.lib.common.rest_client [req-ceea025a-fef2-4657-b5e3-da6e05b86bae req-ceea025a-fef2-4657-b5e3-da6e05b86bae ] Request (HypervisorAdminV253TestBase:setUpClass): 200 GET http://10.180.1.21/identity/v3/roles 0.554s
2025-04-29 07:11:41.344 69617 INFO tempest.lib.common.rest_client [req-cbcc752e-e601-45c3-909d-48094a3322e9 req-cbcc752e-e601-45c3-909d-48094a3322e9 ] Request (ServerExternalEventsTest:setUpClass): 200 GET http://10.180.1.21/identity/v3/roles 0.466s
2025-04-29 07:11:41.344 69615 INFO tempest.lib.common.rest_client [req-48214424-99d5-4455-8baf-0df5dc45e8d7 req-48214424-99d5-4455-8baf-0df5dc45e8d7 ] Request (HypervisorAdminTestJSON:setUpClass): 204 PUT http://10.180.1.21/identity/v3/projects/23746f6890b847ed8aa92f19972e7156/users/eb58a1da65da4e38b55ede600b93f58e/roles/cce4b503aee0434bb1ff1e6643a8184a 0.482s
2025-04-29 07:11:41.387 69575 INFO tempest.lib.common.rest_client [req-a3568280-db5a-40a3-8c91-5fb5d24035b5 req-a3568280-db5a-40a3-8c91-5fb5d24035b5 ] Request (QuotaClassesAdmin257Test:setUpClass): 204 PUT http://10.180.1.21/identity/v3/projects/1846764c925944029e536c5692cc6db3/users/64f01251d9b74a8f86dfab6caec427ad/roles/cce4b503aee0434bb1ff1e6643a8184a 0.507s
2025-04-29 07:11:41.388 69575 INFO tempest.lib.common.dynamic_creds [-] Dynamic test user 64f01251d9b74a8f86dfab6caec427ad is created with scope project and roles: ['admin']
2025-04-29 07:11:41.388 69571 INFO tempest.lib.common.rest_client [req-74ed01e4-cbaa-4454-af95-15276ddd4c82 req-74ed01e4-cbaa-4454-af95-15276ddd4c82 ] Request (QuotaClassesAdminTestJSON:setUpClass): 204 PUT http://10.180.1.21/identity/v3/projects/da13d90a401743b0b1aa3435c448500d/users/9ce87d0099d746cca8b629f3555387e8/roles/cce4b503aee0434bb1ff1e6643a8184a 0.461s
2025-04-29 07:11:41.389 69571 INFO tempest.lib.common.dynamic_creds [-] Dynamic test user 9ce87d0099d746cca8b629f3555387e8 is created with scope project and roles: ['admin']
2025-04-29 07:11:41.389 69571 INFO tempest.lib.common.dynamic_creds [-] Acquired dynamic creds: credentials: Credentials: {'domain_id': 'default', 'domain_name': 'Default', 'username': 'tempest-QuotaClassesAdminTestJSON-823424156-project-admin', 'project_domain_id': 'default', 'project_domain_name': 'Default', 'project_id': 'da13d90a401743b0b1aa3435c448500d', 'project_name': 'tempest-QuotaClassesAdminTestJSON-823424156', 'tenant_id': 'da13d90a401743b0b1aa3435c448500d', 'tenant_name': 'tempest-QuotaClassesAdminTestJSON-823424156', 'user_domain_id': 'default', 'user_domain_name': 'Default', 'user_id': '9ce87d0099d746cca8b629f3555387e8', 'system': None}, Network: None, Subnet: None, Router: None
2025-04-29 07:11:41.389 69571 INFO tempest.lib.common.dynamic_creds [-] Created isolated network resources for: credentials: Credentials: {'domain_id': 'default', 'domain_name': 'Default', 'username': 'tempest-QuotaClassesAdminTestJSON-823424156-project-admin', 'project_domain_id': 'default', 'project_domain_name': 'Default', 'project_id': 'da13d90a401743b0b1aa3435c448500d', 'project_name': 'tempest-QuotaClassesAdminTestJSON-823424156', 'tenant_id': 'da13d90a401743b0b1aa3435c448500d', 'tenant_name': 'tempest-QuotaClassesAdminTestJSON-823424156', 'user_domain_id': 'default', 'user_domain_name': 'Default', 'user_id': '9ce87d0099d746cca8b629f3555387e8', 'system': None}, Network: None, Subnet: None, Router: None
2025-04-29 07:11:41.389 69575 INFO tempest.lib.common.dynamic_creds [-] Acquired dynamic creds: credentials: Credentials: {'domain_id': 'default', 'domain_name': 'Default', 'username': 'tempest-QuotaClassesAdmin257Test-1635885673-project-admin', 'project_domain_id': 'default', 'project_domain_name': 'Default', 'project_id': '1846764c925944029e536c5692cc6db3', 'project_name': 'tempest-QuotaClassesAdmin257Test-1635885673', 'tenant_id': '1846764c925944029e536c5692cc6db3', 'tenant_name': 'tempest-QuotaClassesAdmin257Test-1635885673', 'user_domain_id': 'default', 'user_domain_name': 'Default', 'user_id': '64f01251d9b74a8f86dfab6caec427ad', 'system': None}, Network: None, Subnet: None, Router: None
2025-04-29 07:11:41.389 69575 INFO tempest.lib.common.dynamic_creds [-] Created isolated network resources for: credentials: Credentials: {'domain_id': 'default', 'domain_name': 'Default', 'username': 'tempest-QuotaClassesAdmin257Test-1635885673-project-admin', 'project_domain_id': 'default', 'project_domain_name': 'Default', 'project_id': '1846764c925944029e536c5692cc6db3', 'project_name': 'tempest-QuotaClassesAdmin257Test-1635885673', 'tenant_id': '1846764c925944029e536c5692cc6db3', 'tenant_name': 'tempest-QuotaClassesAdmin257Test-1635885673', 'user_domain_id': 'default', 'user_domain_name': 'Default', 'user_id': '64f01251d9b74a8f86dfab6caec427ad', 'system': None}, Network: None, Subnet: None, Router: None
2025-04-29 07:11:41.450 69567 INFO tempest.lib.common.rest_client [req-8c578d66-33e4-40d5-831c-d259580145f1 req-8c578d66-33e4-40d5-831c-d259580145f1 ] Request (HostsAdminNegativeTestJSON:setUpClass): 200 GET http://10.180.1.21/identity/v3/roles 0.492s
2025-04-29 07:11:41.468 69593 INFO tempest.lib.common.rest_client [req-7ba6154c-dbd2-4950-9384-18f8d02b204f req-7ba6154c-dbd2-4950-9384-18f8d02b204f ] Request (DeleteServersAdminTestJSON:setUpClass): 200 GET http://10.180.1.21/identity/v3/roles 0.521s
2025-04-29 07:11:41.512 69565 INFO tempest.lib.common.rest_client [req-59c252aa-fdd0-4a8e-9365-83c702aa0947 req-59c252aa-fdd0-4a8e-9365-83c702aa0947 ] Request (ServersAdminTestJSON:setUpClass): 200 PUT http://10.180.1.21:9696/networking/v2.0/routers/9f680e86-2d16-427a-b5ab-0095ab50d75d/add_router_interface 1.775s
2025-04-29 07:11:41.513 69565 INFO tempest.lib.common.dynamic_creds [-] Created isolated network resources for: credentials: Credentials: {'domain_id': 'default', 'domain_name': 'Default', 'username': 'tempest-ServersAdminTestJSON-1499817460-project-member', 'project_domain_id': 'default', 'project_domain_name': 'Default', 'project_id': 'da4e0700c0144ea1b765f9bde5826b47', 'project_name': 'tempest-ServersAdminTestJSON-1499817460', 'tenant_id': 'da4e0700c0144ea1b765f9bde5826b47', 'tenant_name': 'tempest-ServersAdminTestJSON-1499817460', 'user_domain_id': 'default', 'user_domain_name': 'Default', 'user_id': 'ba7a179b15114e04853c65c2c27725ea', 'system': None}, Network: {'id': 'bb31ab59-73ab-4d01-8d05-b1b4a1120706', 'name': 'tempest-ServersAdminTestJSON-57350365-network', 'tenant_id': 'da4e0700c0144ea1b765f9bde5826b47', 'admin_state_up': True, 'mtu': 8950, 'status': 'ACTIVE', 'subnets': [], 'shared': False, 'project_id': 'da4e0700c0144ea1b765f9bde5826b47', 'port_security_enabled': True, 'router:external': False, 'provider:network_type': 'vlan', 'provider:physical_network': 'default', 'provider:segmentation_id': 722, 'availability_zone_hints': [], 'availability_zones': [], 'ipv4_address_scope': None, 'ipv6_address_scope': None, 'description': '', 'tags': [], 'created_at': '2025-04-29T07:11:37Z', 'updated_at': '2025-04-29T07:11:37Z', 'revision_number': 1}, Subnet: {'id': 'c732234e-7793-4f67-a238-f5288ab3617d', 'name': 'tempest-ServersAdminTestJSON-57350365-subnet', 'tenant_id': 'da4e0700c0144ea1b765f9bde5826b47', 'network_id': 'bb31ab59-73ab-4d01-8d05-b1b4a1120706', 'ip_version': 4, 'subnetpool_id': None, 'enable_dhcp': True, 'ipv6_ra_mode': None, 'ipv6_address_mode': None, 'gateway_ip': '192.168.128.1', 'cidr': '192.168.128.0/28', 'allocation_pools': [{'start': '192.168.128.2', 'end': '192.168.128.14'}], 'host_routes': [], 'dns_nameservers': [], 'description': '', 'router:external': False, 'service_types': [], 'tags': [], 'created_at': '2025-04-29T07:11:38Z', 'updated_at': '2025-04-29T07:11:38Z', 'revision_number': 0, 'project_id': 'da4e0700c0144ea1b765f9bde5826b47'}, Router: {'id': '9f680e86-2d16-427a-b5ab-0095ab50d75d', 'name': 'tempest-ServersAdminTestJSON-57350365-router', 'tenant_id': 'da4e0700c0144ea1b765f9bde5826b47', 'admin_state_up': True, 'status': 'ACTIVE', 'external_gateway_info': {'network_id': 'cd95f605-6626-43f2-994d-d92396cd0639', 'external_fixed_ips': [{'subnet_id': '18fdf708-4ce9-48db-8d8f-1a4d4ae9fb7a', 'ip_address': '10.180.180.229'}], 'enable_snat': True}, 'description': '', 'availability_zones': [], 'distributed': False, 'ha': False, 'availability_zone_hints': [], 'routes': [], 'flavor_id': None, 'tags': [], 'created_at': '2025-04-29T07:11:38Z', 'updated_at': '2025-04-29T07:11:38Z', 'revision_number': 2, 'project_id': 'da4e0700c0144ea1b765f9bde5826b47'}
2025-04-29 07:11:41.532 69573 INFO tempest.lib.common.rest_client [req-0402e352-5586-432c-826f-a47b61d805ab req-0402e352-5586-432c-826f-a47b61d805ab ] Request (FlavorsV255TestJSON:tearDownClass): 204 DELETE http://10.180.1.21/identity/v3/projects/07e754f1fd334461b7da9360045b45f5 0.538s
2025-04-29 07:11:41.532 69573 INFO tempest.lib.common.dynamic_creds [-] Deleting project and security group for project: 9502790cccd44fb58f3ff3805ce8cd14
2025-04-29 07:11:41.595 69603 INFO tempest.lib.common.rest_client [req-8f9d3ebd-140d-4f8c-92e9-441db92deb8e req-8f9d3ebd-140d-4f8c-92e9-441db92deb8e ] Request (ServersAdminNegativeTestJSON:setUpClass): 200 GET http://10.180.1.21/identity/v3/roles 0.578s
2025-04-29 07:11:41.633 69587 INFO tempest.lib.common.rest_client [req-6b3de7ae-3b2c-44c1-88e8-b9c354948ec5 req-6b3de7ae-3b2c-44c1-88e8-b9c354948ec5 ] Request (FlavorsAdminTestJSON:setUpClass): 200 GET http://10.180.1.21/identity/v3/roles 0.603s
2025-04-29 07:11:41.652 69623 INFO tempest.lib.common.rest_client [req-0f9182c3-0223-40c6-aa11-444ac1a57f5e req-0f9182c3-0223-40c6-aa11-444ac1a57f5e ] Request (FlavorsAccessNegativeTestJSON:setUpClass): 200 GET http://10.180.1.21/identity/v3/roles 0.566s
2025-04-29 07:11:41.653 69573 INFO tempest.lib.common.rest_client [req-b80257d1-0231-4280-abbc-4bad27653869 req-b80257d1-0231-4280-abbc-4bad27653869 ] Request (FlavorsV255TestJSON:tearDownClass): 200 GET http://10.180.1.21:9696/networking/v2.0/security-groups?tenant_id=9502790cccd44fb58f3ff3805ce8cd14&name=default 0.120s
2025-04-29 07:11:41.679 69609 INFO tempest.lib.common.rest_client [req-8e20ce0b-dd1c-4b86-bf70-90079b59f081 req-8e20ce0b-dd1c-4b86-bf70-90079b59f081 ] Request (FlavorsV261TestJSON:setUpClass): 200 GET http://10.180.1.21/identity/v3/roles 0.580s
2025-04-29 07:11:41.696 69611 INFO tempest.lib.common.rest_client [req-969a4f6c-8eca-4aa7-a042-85821934aaab req-969a4f6c-8eca-4aa7-a042-85821934aaab ] Request (AggregatesAdminNegativeTestJSON:setUpClass): 200 GET http://10.180.1.21/identity/v3/roles 0.539s
2025-04-29 07:11:41.731 69589 INFO tempest.lib.common.rest_client [req-19f9d661-aa1a-4354-9e7a-f18625f01592 req-19f9d661-aa1a-4354-9e7a-f18625f01592 ] Request (AZAdminV2TestJSON:setUpClass): 200 GET http://10.180.1.21/identity/v3/roles 0.546s
2025-04-29 07:11:41.753 69583 INFO tempest.lib.common.rest_client [req-609a2210-0a3a-45b4-a25d-dc88b909726a req-609a2210-0a3a-45b4-a25d-dc88b909726a ] Request (FlavorMetadataValidation:tearDownClass): 204 DELETE http://10.180.1.21/identity/v3/projects/e09e79a04cc84dab81104c38cdf3f6a9 0.592s
2025-04-29 07:11:41.753 69583 INFO tempest.lib.common.dynamic_creds [-] Deleting project and security group for project: e0762c8787184eb0a187c876b73e873a
2025-04-29 07:11:41.798 69621 INFO tempest.lib.common.rest_client [req-60665063-116b-497a-a09f-8fe379fdfee5 req-60665063-116b-497a-a09f-8fe379fdfee5 ] Request (QuotasSecurityGroupAdminNegativeTest:setUpClass): 204 PUT http://10.180.1.21/identity/v3/projects/9718816e95e545e5a6069a21a09858ac/users/8df3d504693f4f75b38476d33fbbc9f0/roles/cce4b503aee0434bb1ff1e6643a8184a 0.553s
2025-04-29 07:11:41.798 69621 INFO tempest.lib.common.dynamic_creds [-] Dynamic test user 8df3d504693f4f75b38476d33fbbc9f0 is created with scope project and roles: ['admin']
2025-04-29 07:11:41.798 69621 INFO tempest.lib.common.dynamic_creds [-] Acquired dynamic creds: credentials: Credentials: {'domain_id': 'default', 'domain_name': 'Default', 'username': 'tempest-QuotasSecurityGroupAdminNegativeTest-1009376035-project-admin', 'project_domain_id': 'default', 'project_domain_name': 'Default', 'project_id': '9718816e95e545e5a6069a21a09858ac', 'project_name': 'tempest-QuotasSecurityGroupAdminNegativeTest-1009376035', 'tenant_id': '9718816e95e545e5a6069a21a09858ac', 'tenant_name': 'tempest-QuotasSecurityGroupAdminNegativeTest-1009376035', 'user_domain_id': 'default', 'user_domain_name': 'Default', 'user_id': '8df3d504693f4f75b38476d33fbbc9f0', 'system': None}, Network: None, Subnet: None, Router: None
2025-04-29 07:11:41.798 69621 INFO tempest.lib.common.dynamic_creds [-] Created isolated network resources for: credentials: Credentials: {'domain_id': 'default', 'domain_name': 'Default', 'username': 'tempest-QuotasSecurityGroupAdminNegativeTest-1009376035-project-admin', 'project_domain_id': 'default', 'project_domain_name': 'Default', 'project_id': '9718816e95e545e5a6069a21a09858ac', 'project_name': 'tempest-QuotasSecurityGroupAdminNegativeTest-1009376035', 'tenant_id': '9718816e95e545e5a6069a21a09858ac', 'tenant_name': 'tempest-QuotasSecurityGroupAdminNegativeTest-1009376035', 'user_domain_id': 'default', 'user_domain_name': 'Default', 'user_id': '8df3d504693f4f75b38476d33fbbc9f0', 'system': None}, Network: None, Subnet: None, Router: None
2025-04-29 07:11:41.823 69577 INFO tempest.lib.common.rest_client [req-9ae1b366-19d6-4860-9196-36084bb788d9 req-9ae1b366-19d6-4860-9196-36084bb788d9 ] Request (FloatingIPsNegativeTestJSON:setUpClass): 201 POST http://10.180.1.21/identity/v3/auth/tokens 0.560s
2025-04-29 07:11:41.875 69582 INFO tempest.lib.common.rest_client [req-29d57d8c-7604-4cf1-995e-f0ef05150588 req-29d57d8c-7604-4cf1-995e-f0ef05150588 ] Request (FlavorsExtraSpecsTestJSON:setUpClass): 201 POST http://10.180.1.21/identity/v3/auth/tokens 0.606s
2025-04-29 07:11:41.876 69585 INFO tempest.lib.common.rest_client [req-6e046111-1fc3-40d1-a0c1-2a535034e80b req-6e046111-1fc3-40d1-a0c1-2a535034e80b ] Request (HostsAdminTestJSON:setUpClass): 204 PUT http://10.180.1.21/identity/v3/projects/78834cd7dcd54c948f6adb3ff2004c8b/users/85cd279ed26747cf9d70eff84f114ea9/roles/cce4b503aee0434bb1ff1e6643a8184a 0.556s
2025-04-29 07:11:41.876 69585 INFO tempest.lib.common.dynamic_creds [-] Dynamic test user 85cd279ed26747cf9d70eff84f114ea9 is created with scope project and roles: ['admin']
2025-04-29 07:11:41.876 69585 INFO tempest.lib.common.dynamic_creds [-] Acquired dynamic creds: credentials: Credentials: {'domain_id': 'default', 'domain_name': 'Default', 'username': 'tempest-HostsAdminTestJSON-250569421-project-admin', 'project_domain_id': 'default', 'project_domain_name': 'Default', 'project_id': '78834cd7dcd54c948f6adb3ff2004c8b', 'project_name': 'tempest-HostsAdminTestJSON-250569421', 'tenant_id': '78834cd7dcd54c948f6adb3ff2004c8b', 'tenant_name': 'tempest-HostsAdminTestJSON-250569421', 'user_domain_id': 'default', 'user_domain_name': 'Default', 'user_id': '85cd279ed26747cf9d70eff84f114ea9', 'system': None}, Network: None, Subnet: None, Router: None
2025-04-29 07:11:41.876 69585 INFO tempest.lib.common.dynamic_creds [-] Created isolated network resources for: credentials: Credentials: {'domain_id': 'default', 'domain_name': 'Default', 'username': 'tempest-HostsAdminTestJSON-250569421-project-admin', 'project_domain_id': 'default', 'project_domain_name': 'Default', 'project_id': '78834cd7dcd54c948f6adb3ff2004c8b', 'project_name': 'tempest-HostsAdminTestJSON-250569421', 'tenant_id': '78834cd7dcd54c948f6adb3ff2004c8b', 'tenant_name': 'tempest-HostsAdminTestJSON-250569421', 'user_domain_id': 'default', 'user_domain_name': 'Default', 'user_id': '85cd279ed26747cf9d70eff84f114ea9', 'system': None}, Network: None, Subnet: None, Router: None
2025-04-29 07:11:41.885 69573 INFO tempest.lib.common.rest_client [req-f4e9d1ea-7bcd-4863-a045-f78452b745c3 req-f4e9d1ea-7bcd-4863-a045-f78452b745c3 ] Request (FlavorsV255TestJSON:tearDownClass): 204 DELETE http://10.180.1.21:9696/networking/v2.0/security-groups/7f579932-3753-42ac-ae6f-8d3c25c18ff4 0.232s
2025-04-29 07:11:41.929 69595 INFO tempest.lib.common.rest_client [req-ead04ae1-e225-4d07-b444-e65fc0298177 req-ead04ae1-e225-4d07-b444-e65fc0298177 ] Request (HypervisorAdminV253TestBase:setUpClass): 204 PUT http://10.180.1.21/identity/v3/projects/d820686f814346f9914f42791d7d5cf4/users/457a14f7c9e14a4ca48bea8251146923/roles/cce4b503aee0434bb1ff1e6643a8184a 0.607s
2025-04-29 07:11:41.930 69595 INFO tempest.lib.common.dynamic_creds [-] Dynamic test user 457a14f7c9e14a4ca48bea8251146923 is created with scope project and roles: ['admin']
2025-04-29 07:11:41.930 69595 INFO tempest.lib.common.dynamic_creds [-] Acquired dynamic creds: credentials: Credentials: {'domain_id': 'default', 'domain_name': 'Default', 'username': 'tempest-HypervisorAdminV253TestBase-398328859-project-admin', 'project_domain_id': 'default', 'project_domain_name': 'Default', 'project_id': 'd820686f814346f9914f42791d7d5cf4', 'project_name': 'tempest-HypervisorAdminV253TestBase-398328859', 'tenant_id': 'd820686f814346f9914f42791d7d5cf4', 'tenant_name': 'tempest-HypervisorAdminV253TestBase-398328859', 'user_domain_id': 'default', 'user_domain_name': 'Default', 'user_id': '457a14f7c9e14a4ca48bea8251146923', 'system': None}, Network: None, Subnet: None, Router: None
2025-04-29 07:11:41.930 69595 INFO tempest.lib.common.dynamic_creds [-] Created isolated network resources for: credentials: Credentials: {'domain_id': 'default', 'domain_name': 'Default', 'username': 'tempest-HypervisorAdminV253TestBase-398328859-project-admin', 'project_domain_id': 'default', 'project_domain_name': 'Default', 'project_id': 'd820686f814346f9914f42791d7d5cf4', 'project_name': 'tempest-HypervisorAdminV253TestBase-398328859', 'tenant_id': 'd820686f814346f9914f42791d7d5cf4', 'tenant_name': 'tempest-HypervisorAdminV253TestBase-398328859', 'user_domain_id': 'default', 'user_domain_name': 'Default', 'user_id': '457a14f7c9e14a4ca48bea8251146923', 'system': None}, Network: None, Subnet: None, Router: None
2025-04-29 07:11:41.939 69615 INFO tempest.lib.common.rest_client [req-0196c953-83f3-4c09-a85c-9e0f9f732f25 req-0196c953-83f3-4c09-a85c-9e0f9f732f25 ] Request (HypervisorAdminTestJSON:setUpClass): 200 GET http://10.180.1.21/identity/v3/roles 0.595s
2025-04-29 07:11:41.979 69617 INFO tempest.lib.common.rest_client [req-48da2dbe-6a36-413a-886a-00efaf8e7ac2 req-48da2dbe-6a36-413a-886a-00efaf8e7ac2 ] Request (ServerExternalEventsTest:setUpClass): 204 PUT http://10.180.1.21/identity/v3/projects/361adfe12bfb437aa99769928a3592b8/users/732c96c5cb074ca08534e64da9a5963d/roles/cce4b503aee0434bb1ff1e6643a8184a 0.635s
2025-04-29 07:11:41.979 69617 INFO tempest.lib.common.dynamic_creds [-] Dynamic test user 732c96c5cb074ca08534e64da9a5963d is created with scope project and roles: ['admin']
2025-04-29 07:11:41.979 69617 INFO tempest.lib.common.dynamic_creds [-] Acquired dynamic creds: credentials: Credentials: {'domain_id': 'default', 'domain_name': 'Default', 'username': 'tempest-ServerExternalEventsTest-267011202-project-admin', 'project_domain_id': 'default', 'project_domain_name': 'Default', 'project_id': '361adfe12bfb437aa99769928a3592b8', 'project_name': 'tempest-ServerExternalEventsTest-267011202', 'tenant_id': '361adfe12bfb437aa99769928a3592b8', 'tenant_name': 'tempest-ServerExternalEventsTest-267011202', 'user_domain_id': 'default', 'user_domain_name': 'Default', 'user_id': '732c96c5cb074ca08534e64da9a5963d', 'system': None}, Network: None, Subnet: None, Router: None
2025-04-29 07:11:41.979 69617 INFO tempest.lib.common.dynamic_creds [-] Created isolated network resources for: credentials: Credentials: {'domain_id': 'default', 'domain_name': 'Default', 'username': 'tempest-ServerExternalEventsTest-267011202-project-admin', 'project_domain_id': 'default', 'project_domain_name': 'Default', 'project_id': '361adfe12bfb437aa99769928a3592b8', 'project_name': 'tempest-ServerExternalEventsTest-267011202', 'tenant_id': '361adfe12bfb437aa99769928a3592b8', 'tenant_name': 'tempest-ServerExternalEventsTest-267011202', 'user_domain_id': 'default', 'user_domain_name': 'Default', 'user_id': '732c96c5cb074ca08534e64da9a5963d', 'system': None}, Network: None, Subnet: None, Router: None
2025-04-29 07:11:42.009 69575 INFO tempest.lib.common.rest_client [req-1e838e08-231a-4480-a440-4989de8f9b68 req-1e838e08-231a-4480-a440-4989de8f9b68 ] Request (QuotaClassesAdmin257Test:setUpClass): 201 POST http://10.180.1.21/identity/v3/auth/tokens 0.617s
2025-04-29 07:11:42.047 69571 INFO tempest.lib.common.rest_client [req-e5f4a85e-e70e-457b-aac6-94d444b03946 req-e5f4a85e-e70e-457b-aac6-94d444b03946 ] Request (QuotaClassesAdminTestJSON:setUpClass): 201 POST http://10.180.1.21/identity/v3/auth/tokens 0.651s
2025-04-29 07:11:42.062 69567 INFO tempest.lib.common.rest_client [req-f3170150-6281-4d62-a4f7-9f5a3a397bee req-f3170150-6281-4d62-a4f7-9f5a3a397bee ] Request (HostsAdminNegativeTestJSON:setUpClass): 204 PUT http://10.180.1.21/identity/v3/projects/6e39ec2d8842485e941b0f420fcba2d9/users/d7c8168e7b864a7182467c427c2b8523/roles/cce4b503aee0434bb1ff1e6643a8184a 0.612s
2025-04-29 07:11:42.063 69567 INFO tempest.lib.common.dynamic_creds [-] Dynamic test user d7c8168e7b864a7182467c427c2b8523 is created with scope project and roles: ['admin']
2025-04-29 07:11:42.063 69567 INFO tempest.lib.common.dynamic_creds [-] Acquired dynamic creds: credentials: Credentials: {'domain_id': 'default', 'domain_name': 'Default', 'username': 'tempest-HostsAdminNegativeTestJSON-485064259-project-admin', 'project_domain_id': 'default', 'project_domain_name': 'Default', 'project_id': '6e39ec2d8842485e941b0f420fcba2d9', 'project_name': 'tempest-HostsAdminNegativeTestJSON-485064259', 'tenant_id': '6e39ec2d8842485e941b0f420fcba2d9', 'tenant_name': 'tempest-HostsAdminNegativeTestJSON-485064259', 'user_domain_id': 'default', 'user_domain_name': 'Default', 'user_id': 'd7c8168e7b864a7182467c427c2b8523', 'system': None}, Network: None, Subnet: None, Router: None
2025-04-29 07:11:42.063 69567 INFO tempest.lib.common.dynamic_creds [-] Created isolated network resources for: credentials: Credentials: {'domain_id': 'default', 'domain_name': 'Default', 'username': 'tempest-HostsAdminNegativeTestJSON-485064259-project-admin', 'project_domain_id': 'default', 'project_domain_name': 'Default', 'project_id': '6e39ec2d8842485e941b0f420fcba2d9', 'project_name': 'tempest-HostsAdminNegativeTestJSON-485064259', 'tenant_id': '6e39ec2d8842485e941b0f420fcba2d9', 'tenant_name': 'tempest-HostsAdminNegativeTestJSON-485064259', 'user_domain_id': 'default', 'user_domain_name': 'Default', 'user_id': 'd7c8168e7b864a7182467c427c2b8523', 'system': None}, Network: None, Subnet: None, Router: None
2025-04-29 07:11:42.121 69565 INFO tempest.lib.common.rest_client [req-33d07668-d5db-415d-b944-913314f93e57 req-33d07668-d5db-415d-b944-913314f93e57 ] Request (ServersAdminTestJSON:setUpClass): 201 POST http://10.180.1.21/identity/v3/auth/tokens 0.551s
2025-04-29 07:11:42.143 69593 INFO tempest.lib.common.rest_client [req-963ea0dd-b3e4-40c0-baab-4730f3b8b164 req-963ea0dd-b3e4-40c0-baab-4730f3b8b164 ] Request (DeleteServersAdminTestJSON:setUpClass): 204 PUT http://10.180.1.21/identity/v3/projects/1aa0e9e0b3c949d4ab7f5f7527bfef11/users/0bf363073f2849c0b1ad55a509137179/roles/cce4b503aee0434bb1ff1e6643a8184a 0.674s
2025-04-29 07:11:42.145 69593 INFO tempest.lib.common.dynamic_creds [-] Dynamic test user 0bf363073f2849c0b1ad55a509137179 is created with scope project and roles: ['admin']
2025-04-29 07:11:42.145 69593 INFO tempest.lib.common.dynamic_creds [-] Acquired dynamic creds: credentials: Credentials: {'domain_id': 'default', 'domain_name': 'Default', 'username': 'tempest-DeleteServersAdminTestJSON-8335460-project-admin', 'project_domain_id': 'default', 'project_domain_name': 'Default', 'project_id': '1aa0e9e0b3c949d4ab7f5f7527bfef11', 'project_name': 'tempest-DeleteServersAdminTestJSON-8335460', 'tenant_id': '1aa0e9e0b3c949d4ab7f5f7527bfef11', 'tenant_name': 'tempest-DeleteServersAdminTestJSON-8335460', 'user_domain_id': 'default', 'user_domain_name': 'Default', 'user_id': '0bf363073f2849c0b1ad55a509137179', 'system': None}, Network: None, Subnet: None, Router: None
