2025-04-29 07:11:49.043 69575 INFO tempest.lib.common.rest_client [req-f4356985-ce28-460a-afab-c6cb8ae93ed7 req-f4356985-ce28-460a-afab-c6cb8ae93ed7 ] Request (QuotaClassesAdmin257Test:test_update_default_quotas): 200 GET http://10.180.1.21/compute/v2.1/os-quota-class-sets/default 1.402s
2025-04-29 07:11:49.045 69579 INFO tempest.lib.common.rest_client [req-3a20bdd9-967c-4dea-b262-1cfac64528e6 req-3a20bdd9-967c-4dea-b262-1cfac64528e6 ] Request (ServerDiagnosticsTest:setUpClass): 201 POST http://10.180.1.21/identity/v3/projects 0.255s
2025-04-29 07:11:49.067 69585 INFO tempest.lib.common.rest_client [req-3cd879db-9ab4-40cd-9cf0-f614c3880a4b req-3cd879db-9ab4-40cd-9cf0-f614c3880a4b ] Request (HostsAdminTestJSON:test_list_hosts_with_nonexistent_zone): 200 GET http://10.180.1.21/compute/v2.1/os-hosts?zone=xxx 1.394s
2025-04-29 07:11:49.117 69621 INFO tempest.lib.common.rest_client [req-75fe95e6-1598-43b1-a88a-d0769aac2661 req-75fe95e6-1598-43b1-a88a-d0769aac2661 ] Request (ServerActionsTestOtherB:setUpClass): 201 POST http://10.180.1.21:9696/networking/v2.0/routers 2.042s
2025-04-29 07:11:49.162 69582 INFO tempest.lib.common.rest_client [req-a8a4b051-5e23-411c-add3-e66ff766c278 req-a8a4b051-5e23-411c-add3-e66ff766c278 ] Request (FlavorsExtraSpecsTestJSON:test_flavor_non_admin_get_all_keys): 200 GET http://10.180.1.21/compute/v2.1/flavors/1808646972/os-extra_specs 1.844s
2025-04-29 07:11:49.171 69613 INFO tempest.lib.common.rest_client [req-e390de2c-43ef-4f53-a623-298cad63da03 req-e390de2c-43ef-4f53-a623-298cad63da03 ] Request (FloatingIPsAssociationNegativeTestJSON:setUpClass): 200 GET http://10.180.1.21/compute/v2.1/servers/157a3e3c-50b6-4d40-96c7-72cd9caffb77 1.455s
2025-04-29 07:11:49.182 69613 INFO tempest.common.waiters [-] State transition "BUILD/None" ==> "BUILD/networking" after 3 second wait
2025-04-29 07:11:49.193 69595 INFO tempest.lib.common.rest_client [req-8c1dee7d-00c3-4303-9470-ad785e056d2c req-8c1dee7d-00c3-4303-9470-ad785e056d2c ] Request (HypervisorAdminV253TestBase:test_list_show_detail_hypervisors): 200 GET http://10.180.1.21/compute/v2.1/os-hypervisors/631aacfb-e1b8-491f-9761-218261bab7a3 1.458s
2025-04-29 07:11:49.207 69607 INFO tempest.lib.common.rest_client [req-2d74a165-c381-4483-872b-9480d2c03752 req-2d74a165-c381-4483-872b-9480d2c03752 ] Request (VolumesAssistedSnapshotsTest:setUpClass): 201 POST http://10.180.1.21/identity/v3/auth/tokens 0.259s
2025-04-29 07:11:49.208 69591 INFO tempest.lib.common.rest_client [req-c980ef93-a442-4ad1-ab99-d0730bc758a7 req-c980ef93-a442-4ad1-ab99-d0730bc758a7 ] Request (TenantUsagesNegativeTestJSON:tearDownClass): 201 POST http://10.180.1.21/identity/v3/auth/tokens 0.207s
2025-04-29 07:11:49.232 69579 INFO tempest.lib.common.rest_client [req-b8767508-d5e9-400e-b3b2-bd20001a7a44 req-b8767508-d5e9-400e-b3b2-bd20001a7a44 ] Request (ServerDiagnosticsTest:setUpClass): 201 POST http://10.180.1.21/identity/v3/users 0.187s
2025-04-29 07:11:49.245 69601 INFO tempest.lib.common.rest_client [req-2fe07959-e32d-43c7-beb4-2d7d1c799d6f req-2fe07959-e32d-43c7-beb4-2d7d1c799d6f ] Request (ListImageFiltersTestJSON:setUpClass): 200 GET http://10.180.1.21/compute/v2.1/images/e72227ff-c2e8-40fb-b1d3-a783b319bc5a 1.300s
2025-04-29 07:11:49.263 69567 INFO tempest.lib.common.rest_client [req-d688442a-dc9a-4b99-944c-d10a40ca2cd1 req-d688442a-dc9a-4b99-944c-d10a40ca2cd1 ] Request (HostsAdminNegativeTestJSON:test_reboot_host_with_non_admin_user): 403 GET http://10.180.1.21/compute/v2.1/os-hosts/devstack/reboot 1.242s
2025-04-29 07:11:49.297 69589 INFO tempest.lib.common.rest_client [req-848411db-b8e5-4180-8362-82ceeac98490 req-848411db-b8e5-4180-8362-82ceeac98490 ] Request (AZAdminV2TestJSON:tearDownClass): 200 GET http://10.180.1.21:9696/networking/v2.0/security-groups?tenant_id=73d440b2eef54ce7976c436e4bc84463&name=default 0.560s
2025-04-29 07:11:49.300 69587 INFO tempest.lib.common.rest_client [req-d1241188-1501-411f-835a-b876f488227e req-d1241188-1501-411f-835a-b876f488227e ] Request (FlavorsAdminTestJSON:_run_cleanups): 200 GET http://10.180.1.21/compute/v2.1/flavors/detail 1.263s
2025-04-29 07:11:49.346 69609 INFO tempest.lib.common.rest_client [req-bc56e68a-c3d3-443d-9594-0fd24fd96697 req-bc56e68a-c3d3-443d-9594-0fd24fd96697 ] Request (FlavorsV261TestJSON:test_crud_flavor): 200 PUT http://10.180.1.21/compute/v2.1/flavors/818889340 1.225s
2025-04-29 07:11:49.391 69607 INFO tempest.lib.common.rest_client [req-eb494ccb-e546-48b8-a348-b530fd928192 req-eb494ccb-e546-48b8-a348-b530fd928192 ] Request (VolumesAssistedSnapshotsTest:setUpClass): 201 POST http://10.180.1.21/identity/v3/projects 0.184s
2025-04-29 07:11:49.460 69595 INFO tempest.lib.common.rest_client [req-82421cf3-2c29-4018-9416-cbfd3d1d8fb3 req-82421cf3-2c29-4018-9416-cbfd3d1d8fb3 ] Request (HypervisorAdminV253TestBase:tearDownClass): 204 DELETE http://10.180.1.21/identity/v3/users/39d29eb1676747028783f5f3371fbb32 0.255s
2025-04-29 07:11:49.540 69579 INFO tempest.lib.common.rest_client [req-9ea456c5-f96b-4a87-9c88-67b3906f9ec7 req-9ea456c5-f96b-4a87-9c88-67b3906f9ec7 ] Request (ServerDiagnosticsTest:setUpClass): 200 GET http://10.180.1.21/identity/v3/roles 0.307s
2025-04-29 07:11:49.633 69607 INFO tempest.lib.common.rest_client [req-05859c41-e2ea-4faf-8b9c-850f47f77f2c req-05859c41-e2ea-4faf-8b9c-850f47f77f2c ] Request (VolumesAssistedSnapshotsTest:setUpClass): 201 POST http://10.180.1.21/identity/v3/users 0.241s
2025-04-29 07:11:49.659 69579 INFO tempest.lib.common.rest_client [req-15921ec4-4c31-43fa-81f1-868085cf1d17 req-15921ec4-4c31-43fa-81f1-868085cf1d17 ] Request (ServerDiagnosticsTest:setUpClass): 204 PUT http://10.180.1.21/identity/v3/projects/4c6017d020834b2fb129da9e425af50d/users/8c000d88008040dca4c7edec3af9cc53/roles/42e56ac737e34fb29054bc642c4b789c 0.118s
2025-04-29 07:11:49.660 69579 INFO tempest.lib.common.dynamic_creds [-] Dynamic test user 8c000d88008040dca4c7edec3af9cc53 is created with scope project and roles: ['member']
2025-04-29 07:11:49.660 69579 INFO tempest.lib.common.dynamic_creds [-] Acquired dynamic creds: credentials: Credentials: {'domain_id': 'default', 'domain_name': 'Default', 'username': 'tempest-ServerDiagnosticsTest-275767881-project-member', 'project_domain_id': 'default', 'project_domain_name': 'Default', 'project_id': '4c6017d020834b2fb129da9e425af50d', 'project_name': 'tempest-ServerDiagnosticsTest-275767881', 'tenant_id': '4c6017d020834b2fb129da9e425af50d', 'tenant_name': 'tempest-ServerDiagnosticsTest-275767881', 'user_domain_id': 'default', 'user_domain_name': 'Default', 'user_id': '8c000d88008040dca4c7edec3af9cc53', 'system': None}, Network: None, Subnet: None, Router: None
2025-04-29 07:11:49.660 69579 INFO tempest.lib.common.dynamic_creds [-] Created isolated network resources for: credentials: Credentials: {'domain_id': 'default', 'domain_name': 'Default', 'username': 'tempest-ServerDiagnosticsTest-275767881-project-member', 'project_domain_id': 'default', 'project_domain_name': 'Default', 'project_id': '4c6017d020834b2fb129da9e425af50d', 'project_name': 'tempest-ServerDiagnosticsTest-275767881', 'tenant_id': '4c6017d020834b2fb129da9e425af50d', 'tenant_name': 'tempest-ServerDiagnosticsTest-275767881', 'user_domain_id': 'default', 'user_domain_name': 'Default', 'user_id': '8c000d88008040dca4c7edec3af9cc53', 'system': None}, Network: None, Subnet: None, Router: None
2025-04-29 07:11:49.682 69573 INFO tempest.lib.common.rest_client [req-daabf9be-6f95-4c08-80e5-9cf30e4819d4 req-daabf9be-6f95-4c08-80e5-9cf30e4819d4 ] Request (FlavorsV2NegativeTest:test_boot_with_low_ram): 204 PUT http://10.180.1.21/image/v2/images/71010b0b-850c-48b2-8ef1-bf1845697aee/file 1.613s
2025-04-29 07:11:49.725 69595 INFO tempest.lib.common.rest_client [req-125c8807-6b61-4d0b-82ac-76d0afc2d119 req-125c8807-6b61-4d0b-82ac-76d0afc2d119 ] Request (HypervisorAdminV253TestBase:tearDownClass): 204 DELETE http://10.180.1.21/identity/v3/users/457a14f7c9e14a4ca48bea8251146923 0.265s
2025-04-29 07:11:49.725 69595 INFO tempest.lib.common.dynamic_creds [-] Deleting project and security group for project: 015a8965e6c446d18ffa990a219bcdcf
2025-04-29 07:11:49.766 69589 INFO tempest.lib.common.rest_client [req-05591f59-3f2c-4442-8f6a-c7ebfd630191 req-05591f59-3f2c-4442-8f6a-c7ebfd630191 ] Request (AZAdminV2TestJSON:tearDownClass): 204 DELETE http://10.180.1.21:9696/networking/v2.0/security-groups/e243be89-3132-4638-8ef2-650e6c4d41ae 0.468s
2025-04-29 07:11:49.785 69607 INFO tempest.lib.common.rest_client [req-f6a17582-816e-42b3-bc9f-42ca606d377f req-f6a17582-816e-42b3-bc9f-42ca606d377f ] Request (VolumesAssistedSnapshotsTest:setUpClass): 200 GET http://10.180.1.21/identity/v3/roles 0.151s
2025-04-29 07:11:49.791 69579 INFO tempest.lib.common.rest_client [req-b8e2bd67-7e7c-496e-ba81-426682b5e98b req-b8e2bd67-7e7c-496e-ba81-426682b5e98b ] Request (ServerDiagnosticsTest:setUpClass): 201 POST http://10.180.1.21/identity/v3/auth/tokens 0.126s
2025-04-29 07:11:49.815 69595 INFO tempest.lib.common.rest_client [req-bb761347-4a11-4d67-aa06-8b8475e04a11 req-bb761347-4a11-4d67-aa06-8b8475e04a11 ] Request (HypervisorAdminV253TestBase:tearDownClass): 201 POST http://10.180.1.21/identity/v3/auth/tokens 0.090s
2025-04-29 07:11:49.845 69573 INFO tempest.lib.common.rest_client [req-6365c2a3-73db-407a-b772-162e43e1acf2 req-6365c2a3-73db-407a-b772-162e43e1acf2 ] Request (FlavorsV2NegativeTest:test_boot_with_low_ram): 201 POST http://10.180.1.21/identity/v3/auth/tokens 0.157s
2025-04-29 07:11:49.845 69573 INFO tempest.lib.common.fixed_network [-] (FlavorsV2NegativeTest:test_boot_with_low_ram) Found network None available for tenant
2025-04-29 07:11:49.852 69605 INFO tempest.lib.common.rest_client [req-a0718b97-2817-4b49-92fa-dc6df1da74dd req-a0718b97-2817-4b49-92fa-dc6df1da74dd ] Request (ServersWithSpecificFlavorTestJSON:setUpClass): 200 PUT http://10.180.1.21:9696/networking/v2.0/routers/fb0d7574-98c0-4102-9e67-253f3cf73046/add_router_interface 2.146s
2025-04-29 07:11:49.852 69605 INFO tempest.lib.common.dynamic_creds [-] Created isolated network resources for: credentials: Credentials: {'domain_id': 'default', 'domain_name': 'Default', 'username': 'tempest-ServersWithSpecificFlavorTestJSON-1611065043-project-admin', 'project_domain_id': 'default', 'project_domain_name': 'Default', 'project_id': '36c112ebc3f34232b5dbc6b5d2df2042', 'project_name': 'tempest-ServersWithSpecificFlavorTestJSON-1611065043', 'tenant_id': '36c112ebc3f34232b5dbc6b5d2df2042', 'tenant_name': 'tempest-ServersWithSpecificFlavorTestJSON-1611065043', 'user_domain_id': 'default', 'user_domain_name': 'Default', 'user_id': 'cf696d6ff91443eb951ff4f26391434a', 'system': None}, Network: {'id': '4b9b7380-6537-4c23-8248-d3c46c0f52ae', 'name': 'tempest-ServersWithSpecificFlavorTestJSON-1328683469-network', 'tenant_id': '36c112ebc3f34232b5dbc6b5d2df2042', 'admin_state_up': True, 'mtu': 8950, 'status': 'ACTIVE', 'subnets': [], 'shared': False, 'project_id': '36c112ebc3f34232b5dbc6b5d2df2042', 'port_security_enabled': True, 'router:external': False, 'provider:network_type': 'vlan', 'provider:physical_network': 'default', 'provider:segmentation_id': 619, 'availability_zone_hints': [], 'availability_zones': [], 'ipv4_address_scope': None, 'ipv6_address_scope': None, 'description': '', 'tags': [], 'created_at': '2025-04-29T07:11:45Z', 'updated_at': '2025-04-29T07:11:45Z', 'revision_number': 1}, Subnet: {'id': '7724bbeb-ca34-4948-a540-7bf8546054d6', 'name': 'tempest-ServersWithSpecificFlavorTestJSON-1328683469-subnet', 'tenant_id': '36c112ebc3f34232b5dbc6b5d2df2042', 'network_id': '4b9b7380-6537-4c23-8248-d3c46c0f52ae', 'ip_version': 4, 'subnetpool_id': None, 'enable_dhcp': True, 'ipv6_ra_mode': None, 'ipv6_address_mode': None, 'gateway_ip': '192.168.128.1', 'cidr': '192.168.128.0/28', 'allocation_pools': [{'start': '192.168.128.2', 'end': '192.168.128.14'}], 'host_routes': [], 'dns_nameservers': [], 'description': '', 'router:external': False, 'service_types': [], 'tags': [], 'created_at': '2025-04-29T07:11:45Z', 'updated_at': '2025-04-29T07:11:45Z', 'revision_number': 0, 'project_id': '36c112ebc3f34232b5dbc6b5d2df2042'}, Router: {'id': 'fb0d7574-98c0-4102-9e67-253f3cf73046', 'name': 'tempest-ServersWithSpecificFlavorTestJSON-1328683469-router', 'tenant_id': '36c112ebc3f34232b5dbc6b5d2df2042', 'admin_state_up': True, 'status': 'ACTIVE', 'external_gateway_info': {'network_id': 'cd95f605-6626-43f2-994d-d92396cd0639', 'external_fixed_ips': [{'subnet_id': '18fdf708-4ce9-48db-8d8f-1a4d4ae9fb7a', 'ip_address': '10.180.180.173'}], 'enable_snat': True}, 'description': '', 'availability_zones': [], 'distributed': False, 'ha': False, 'availability_zone_hints': [], 'routes': [], 'flavor_id': None, 'tags': [], 'created_at': '2025-04-29T07:11:46Z', 'updated_at': '2025-04-29T07:11:46Z', 'revision_number': 2, 'project_id': '36c112ebc3f34232b5dbc6b5d2df2042'}
2025-04-29 07:11:49.872 69607 INFO tempest.lib.common.rest_client [req-2f77d2c8-f3a9-442b-b625-cb393f5ef747 req-2f77d2c8-f3a9-442b-b625-cb393f5ef747 ] Request (VolumesAssistedSnapshotsTest:setUpClass): 204 PUT http://10.180.1.21/identity/v3/projects/85a99976afa14078ad7814437b594a11/users/3667dbb9f50b48fb85a1c6db6c85537c/roles/b280f00378c04d30b89c43d396fc663c 0.087s
2025-04-29 07:11:49.886 69589 INFO tempest.lib.common.rest_client [req-1a133495-3a66-409c-8fc0-085e03123f6e req-1a133495-3a66-409c-8fc0-085e03123f6e ] Request (AZAdminV2TestJSON:tearDownClass): 204 DELETE http://10.180.1.21/identity/v3/projects/73d440b2eef54ce7976c436e4bc84463 0.120s
2025-04-29 07:11:49.886 69589 INFO tempest.lib.common.dynamic_creds [-] Deleting project and security group for project: 00c3844f6d51493b856c4dcf07a63c36
2025-04-29 07:11:49.894 69591 INFO tempest.lib.common.rest_client [req-e5d4e0df-cce9-4688-9cdf-fe3db6c906a4 req-e5d4e0df-cce9-4688-9cdf-fe3db6c906a4 ] Request (TenantUsagesNegativeTestJSON:tearDownClass): 200 GET http://10.180.1.21:9696/networking/v2.0/security-groups?tenant_id=81da8bd55231487fb281db9a04790a50&name=default 0.686s
2025-04-29 07:11:49.941 69579 INFO tempest.lib.common.rest_client [req-2586f4a2-ad74-4fc7-9cbb-9ca55dec546d req-2586f4a2-ad74-4fc7-9cbb-9ca55dec546d ] Request (ServerDiagnosticsTest:setUpClass): 201 POST http://10.180.1.21/identity/v3/projects 0.149s
2025-04-29 07:11:50.026 69605 INFO tempest.lib.common.rest_client [req-9c5f00f1-7776-450e-94f3-c19d7061023e req-9c5f00f1-7776-450e-94f3-c19d7061023e ] Request (ServersWithSpecificFlavorTestJSON:setUpClass): 201 POST http://10.180.1.21/identity/v3/auth/tokens 0.169s
2025-04-29 07:11:50.033 69591 INFO tempest.lib.common.rest_client [req-1f0c0d67-eb43-47ef-8206-34e943a561c7 req-1f0c0d67-eb43-47ef-8206-34e943a561c7 ] Request (TenantUsagesNegativeTestJSON:tearDownClass): 204 DELETE http://10.180.1.21:9696/networking/v2.0/security-groups/6ecd1dff-2efa-451b-ba70-0a9f12994693 0.137s
2025-04-29 07:11:50.080 69579 INFO tempest.lib.common.rest_client [req-b654d572-7a94-4ca7-a416-8d7bdad630ff req-b654d572-7a94-4ca7-a416-8d7bdad630ff ] Request (ServerDiagnosticsTest:setUpClass): 201 POST http://10.180.1.21/identity/v3/users 0.137s
2025-04-29 07:11:50.095 69607 INFO tempest.lib.common.rest_client [req-34f87e24-cbb7-4588-8061-64ee4ee565b9 req-34f87e24-cbb7-4588-8061-64ee4ee565b9 ] Request (VolumesAssistedSnapshotsTest:setUpClass): 200 GET http://10.180.1.21/identity/v3/roles 0.222s
2025-04-29 07:11:50.175 69589 INFO tempest.lib.common.rest_client [req-4a60c543-7a0e-4a05-9c88-f6c45df0999a req-4a60c543-7a0e-4a05-9c88-f6c45df0999a ] Request (AZAdminV2TestJSON:tearDownClass): 200 GET http://10.180.1.21:9696/networking/v2.0/security-groups?tenant_id=00c3844f6d51493b856c4dcf07a63c36&name=default 0.288s
2025-04-29 07:11:50.228 69591 INFO tempest.lib.common.rest_client [req-aec68ddb-f465-4013-bbde-4c71d8fd7f70 req-aec68ddb-f465-4013-bbde-4c71d8fd7f70 ] Request (TenantUsagesNegativeTestJSON:tearDownClass): 204 DELETE http://10.180.1.21/identity/v3/projects/81da8bd55231487fb281db9a04790a50 0.194s
2025-04-29 07:11:50.228 69591 INFO tempest.lib.common.dynamic_creds [-] Deleting project and security group for project: 47a1df9bc2b74675adf3711852d59f6f
2025-04-29 07:11:50.301 69611 INFO tempest.lib.common.rest_client [req-4ab4d9ff-3214-44e6-b5be-45c03c989a7e req-4ab4d9ff-3214-44e6-b5be-45c03c989a7e ] Request (AggregatesAdminNegativeTestJSON:test_aggregate_add_existent_host): 200 POST http://10.180.1.21/compute/v2.1/os-aggregates/1/action 2.134s
2025-04-29 07:11:50.309 69595 INFO tempest.lib.common.rest_client [req-950f73a9-b87c-47be-8d80-5b46311dd10f req-950f73a9-b87c-47be-8d80-5b46311dd10f ] Request (HypervisorAdminV253TestBase:tearDownClass): 200 GET http://10.180.1.21:9696/networking/v2.0/security-groups?tenant_id=015a8965e6c446d18ffa990a219bcdcf&name=default 0.493s
2025-04-29 07:11:50.323 69579 INFO tempest.lib.common.rest_client [req-7e3d1512-b5ca-489c-8dd8-5006d043bd73 req-7e3d1512-b5ca-489c-8dd8-5006d043bd73 ] Request (ServerDiagnosticsTest:setUpClass): 200 GET http://10.180.1.21/identity/v3/roles 0.239s
2025-04-29 07:11:50.327 69569 INFO tempest.lib.common.rest_client [req-97b30cd2-2044-443b-b076-94f0ebdd8e0c req-97b30cd2-2044-443b-b076-94f0ebdd8e0c ] Request (HypervisorAdminUnderV252Test:test_search_hypervisor): 200 GET http://10.180.1.21/compute/v2.1/os-hypervisors/domain-c8.fc996f14-c53b-4953-92e3-bdfa48f5cc28/search 2.130s
2025-04-29 07:11:50.341 69607 INFO tempest.lib.common.rest_client [req-40ab8721-ecc5-4c4e-8699-87c9b50c2406 req-40ab8721-ecc5-4c4e-8699-87c9b50c2406 ] Request (VolumesAssistedSnapshotsTest:setUpClass): 204 PUT http://10.180.1.21/identity/v3/projects/85a99976afa14078ad7814437b594a11/users/3667dbb9f50b48fb85a1c6db6c85537c/roles/cce4b503aee0434bb1ff1e6643a8184a 0.245s
2025-04-29 07:11:50.342 69607 INFO tempest.lib.common.dynamic_creds [-] Dynamic test user 3667dbb9f50b48fb85a1c6db6c85537c is created with scope project and roles: ['service', 'admin']
2025-04-29 07:11:50.342 69607 INFO tempest.lib.common.dynamic_creds [-] Acquired dynamic creds: credentials: Credentials: {'domain_id': 'default', 'domain_name': 'Default', 'username': 'tempest-VolumesAssistedSnapshotsTest-922704812-project', 'project_domain_id': 'default', 'project_domain_name': 'Default', 'project_id': '85a99976afa14078ad7814437b594a11', 'project_name': 'tempest-VolumesAssistedSnapshotsTest-922704812', 'tenant_id': '85a99976afa14078ad7814437b594a11', 'tenant_name': 'tempest-VolumesAssistedSnapshotsTest-922704812', 'user_domain_id': 'default', 'user_domain_name': 'Default', 'user_id': '3667dbb9f50b48fb85a1c6db6c85537c', 'system': None}, Network: None, Subnet: None, Router: None
2025-04-29 07:11:50.400 69579 INFO tempest.lib.common.rest_client [req-8e6df2ac-52c5-4e3f-bec0-3fba2c1d0d5a req-8e6df2ac-52c5-4e3f-bec0-3fba2c1d0d5a ] Request (ServerDiagnosticsTest:setUpClass): 204 PUT http://10.180.1.21/identity/v3/projects/b7d4b21a82644cd0ba0c351679ce5c6b/users/feb612e48dfd404e9e5717b142e7a035/roles/cce4b503aee0434bb1ff1e6643a8184a 0.076s
2025-04-29 07:11:50.402 69617 INFO tempest.lib.common.rest_client [req-15886939-976a-4883-a61d-e7667a64174d req-15886939-976a-4883-a61d-e7667a64174d ] Request (ServerExternalEventsTest:test_create_server_external_events): 200 GET http://10.180.1.21/compute/v2.1/servers/69a5aaf1-a364-47ac-a4ec-e64159f94f29 2.155s
2025-04-29 07:11:50.406 69589 INFO tempest.lib.common.rest_client [req-59a034aa-431d-48fd-9686-871df6ee727d req-59a034aa-431d-48fd-9686-871df6ee727d ] Request (AZAdminV2TestJSON:tearDownClass): 204 DELETE http://10.180.1.21:9696/networking/v2.0/security-groups/798a1331-5c71-4885-af75-e128d2b0a22b 0.230s
2025-04-29 07:11:50.422 69615 INFO tempest.lib.common.rest_client [req-abb04b7d-3308-45bb-bb96-e0fa0598a4e9 req-abb04b7d-3308-45bb-bb96-e0fa0598a4e9 ] Request (HypervisorAdminTestJSON:test_get_hypervisor_show_details): 200 GET http://10.180.1.21/compute/v2.1/os-hypervisors 2.110s
2025-04-29 07:11:50.467 69579 INFO tempest.lib.common.rest_client [req-74277e3d-b065-4160-846d-12fa8212d2d7 req-74277e3d-b065-4160-846d-12fa8212d2d7 ] Request (ServerDiagnosticsTest:setUpClass): 200 GET http://10.180.1.21/identity/v3/roles 0.067s
2025-04-29 07:11:50.481 69591 INFO tempest.lib.common.rest_client [req-ef8ca7da-1873-4347-93f2-e6fc6aa6aa9f req-ef8ca7da-1873-4347-93f2-e6fc6aa6aa9f ] Request (TenantUsagesNegativeTestJSON:tearDownClass): 200 GET http://10.180.1.21:9696/networking/v2.0/security-groups?tenant_id=47a1df9bc2b74675adf3711852d59f6f&name=default 0.252s
2025-04-29 07:11:50.548 69569 INFO tempest.lib.common.rest_client [req-593b3257-90ac-43c7-b460-be9f25dffd6a req-593b3257-90ac-43c7-b460-be9f25dffd6a ] Request (HypervisorAdminUnderV252Test:tearDownClass): 204 DELETE http://10.180.1.21/identity/v3/users/ace28c097ee24c418a127377ce1bb2d5 0.216s
2025-04-29 07:11:50.554 69577 INFO tempest.lib.common.rest_client [req-f24b8cc9-e26e-410e-a628-86ad69235ac3 req-f24b8cc9-e26e-410e-a628-86ad69235ac3 ] Request (FloatingIPsNegativeTestJSON:tearDownClass): 200 PUT http://10.180.1.21:9696/networking/v2.0/routers/0641d984-0a40-4b3c-9f1b-37fc718a0e60/remove_router_interface 1.863s
2025-04-29 07:11:50.565 69595 INFO tempest.lib.common.rest_client [req-76928b4c-1dba-481e-a0f7-3c5b9d43f9a0 req-76928b4c-1dba-481e-a0f7-3c5b9d43f9a0 ] Request (HypervisorAdminV253TestBase:tearDownClass): 204 DELETE http://10.180.1.21:9696/networking/v2.0/security-groups/be213241-8784-4ebf-8932-4ea91d94698e 0.256s
2025-04-29 07:11:50.566 69589 INFO tempest.lib.common.rest_client [req-29c18ff5-adbf-4b5a-bdfb-4fc0ed56099d req-29c18ff5-adbf-4b5a-bdfb-4fc0ed56099d ] Request (AZAdminV2TestJSON:tearDownClass): 204 DELETE http://10.180.1.21/identity/v3/projects/00c3844f6d51493b856c4dcf07a63c36 0.160s
2025-04-29 07:11:50.669 69579 INFO tempest.lib.common.rest_client [req-0559e7c5-f658-46d6-9370-a0ae781f84bc req-0559e7c5-f658-46d6-9370-a0ae781f84bc ] Request (ServerDiagnosticsTest:setUpClass): 204 PUT http://10.180.1.21/identity/v3/projects/b7d4b21a82644cd0ba0c351679ce5c6b/users/feb612e48dfd404e9e5717b142e7a035/roles/cce4b503aee0434bb1ff1e6643a8184a 0.201s
2025-04-29 07:11:50.669 69579 INFO tempest.lib.common.dynamic_creds [-] Dynamic test user feb612e48dfd404e9e5717b142e7a035 is created with scope project and roles: ['admin']
2025-04-29 07:11:50.670 69579 INFO tempest.lib.common.dynamic_creds [-] Acquired dynamic creds: credentials: Credentials: {'domain_id': 'default', 'domain_name': 'Default', 'username': 'tempest-ServerDiagnosticsTest-694743878-project-admin', 'project_domain_id': 'default', 'project_domain_name': 'Default', 'project_id': 'b7d4b21a82644cd0ba0c351679ce5c6b', 'project_name': 'tempest-ServerDiagnosticsTest-694743878', 'tenant_id': 'b7d4b21a82644cd0ba0c351679ce5c6b', 'tenant_name': 'tempest-ServerDiagnosticsTest-694743878', 'user_domain_id': 'default', 'user_domain_name': 'Default', 'user_id': 'feb612e48dfd404e9e5717b142e7a035', 'system': None}, Network: None, Subnet: None, Router: None
2025-04-29 07:11:50.670 69579 INFO tempest.lib.common.dynamic_creds [-] Created isolated network resources for: credentials: Credentials: {'domain_id': 'default', 'domain_name': 'Default', 'username': 'tempest-ServerDiagnosticsTest-694743878-project-admin', 'project_domain_id': 'default', 'project_domain_name': 'Default', 'project_id': 'b7d4b21a82644cd0ba0c351679ce5c6b', 'project_name': 'tempest-ServerDiagnosticsTest-694743878', 'tenant_id': 'b7d4b21a82644cd0ba0c351679ce5c6b', 'tenant_name': 'tempest-ServerDiagnosticsTest-694743878', 'user_domain_id': 'default', 'user_domain_name': 'Default', 'user_id': 'feb612e48dfd404e9e5717b142e7a035', 'system': None}, Network: None, Subnet: None, Router: None
2025-04-29 07:11:50.679 69583 INFO tempest.lib.common.rest_client [req-7725c32d-6627-4180-adb4-7d1fc1b238d0 req-7725c32d-6627-4180-adb4-7d1fc1b238d0 ] Request (FlavorsExtraSpecsNegativeTestJSON:test_flavor_get_nonexistent_key): 404 GET http://10.180.1.21/compute/v2.1/flavors/1907524001/os-extra_specs/hw:cpu_thread_policy 2.361s
2025-04-29 07:11:50.763 69565 INFO tempest.lib.common.rest_client [req-587fe5ce-2aaa-49dc-8962-2515c5707443 req-587fe5ce-2aaa-49dc-8962-2515c5707443 ] Request (ServersAdminTestJSON:setUpClass): 202 POST http://10.180.1.21/compute/v2.1/servers 2.844s
2025-04-29 07:11:50.779 69595 INFO tempest.lib.common.rest_client [req-2b347fe5-8f4b-4921-bf1a-5b18237a7ace req-2b347fe5-8f4b-4921-bf1a-5b18237a7ace ] Request (HypervisorAdminV253TestBase:tearDownClass): 204 DELETE http://10.180.1.21/identity/v3/projects/015a8965e6c446d18ffa990a219bcdcf 0.213s
2025-04-29 07:11:50.779 69595 INFO tempest.lib.common.dynamic_creds [-] Deleting project and security group for project: d820686f814346f9914f42791d7d5cf4
2025-04-29 07:11:50.784 69591 INFO tempest.lib.common.rest_client [req-ef80f20e-e6c4-4d66-b7d9-50b004ed2b14 req-ef80f20e-e6c4-4d66-b7d9-50b004ed2b14 ] Request (TenantUsagesNegativeTestJSON:tearDownClass): 204 DELETE http://10.180.1.21:9696/networking/v2.0/security-groups/99152358-2ba7-4066-85d5-aacf1ac6bdfb 0.302s
2025-04-29 07:11:50.793 69569 INFO tempest.lib.common.rest_client [req-7f08808b-b668-468b-a813-e6630c2f2103 req-7f08808b-b668-468b-a813-e6630c2f2103 ] Request (HypervisorAdminUnderV252Test:tearDownClass): 204 DELETE http://10.180.1.21/identity/v3/users/86ff66b71a374279b6773a4de7f57720 0.245s
2025-04-29 07:11:50.794 69569 INFO tempest.lib.common.dynamic_creds [-] Deleting project and security group for project: b693547b787b415885a8c0027e9d125f
2025-04-29 07:11:50.842 69589 INFO tempest.lib.common.rest_client [req-190f1655-787f-4ba7-b3f2-0bd8000d17c3 req-190f1655-787f-4ba7-b3f2-0bd8000d17c3 ] Request (AZAdminNegativeTestJSON:setUpClass): 201 POST http://10.180.1.21/identity/v3/auth/tokens 0.274s
2025-04-29 07:11:50.870 69621 INFO tempest.lib.common.rest_client [req-7b9aa1fe-82e5-46ef-9d06-12dd76fda15e req-7b9aa1fe-82e5-46ef-9d06-12dd76fda15e ] Request (ServerActionsTestOtherB:setUpClass): 200 PUT http://10.180.1.21:9696/networking/v2.0/routers/e4b1bad6-38a3-4ceb-ae5e-580bad5ec9cd/add_router_interface 1.752s
2025-04-29 07:11:50.871 69621 INFO tempest.lib.common.dynamic_creds [-] Created isolated network resources for: credentials: Credentials: {'domain_id': 'default', 'domain_name': 'Default', 'username': 'tempest-ServerActionsTestOtherB-293023804-project-member', 'project_domain_id': 'default', 'project_domain_name': 'Default', 'project_id': '52cb8c16c4e541628785c7b86a1ebd8d', 'project_name': 'tempest-ServerActionsTestOtherB-293023804', 'tenant_id': '52cb8c16c4e541628785c7b86a1ebd8d', 'tenant_name': 'tempest-ServerActionsTestOtherB-293023804', 'user_domain_id': 'default', 'user_domain_name': 'Default', 'user_id': '340c980ae0dc4e6cb04ff266a71f4f05', 'system': None}, Network: {'id': 'af3e5d89-0ac4-401b-8284-5bf43b24f161', 'name': 'tempest-ServerActionsTestOtherB-1459609985-network', 'tenant_id': '52cb8c16c4e541628785c7b86a1ebd8d', 'admin_state_up': True, 'mtu': 8950, 'status': 'ACTIVE', 'subnets': [], 'shared': False, 'project_id': '52cb8c16c4e541628785c7b86a1ebd8d', 'port_security_enabled': True, 'router:external': False, 'provider:network_type': 'vlan', 'provider:physical_network': 'default', 'provider:segmentation_id': 292, 'availability_zone_hints': [], 'availability_zones': [], 'ipv4_address_scope': None, 'ipv6_address_scope': None, 'description': '', 'tags': [], 'created_at': '2025-04-29T07:11:46Z', 'updated_at': '2025-04-29T07:11:46Z', 'revision_number': 1}, Subnet: {'id': 'f4d824f8-c74b-4dc5-8b78-a1a04673d37c', 'name': 'tempest-ServerActionsTestOtherB-1459609985-subnet', 'tenant_id': '52cb8c16c4e541628785c7b86a1ebd8d', 'network_id': 'af3e5d89-0ac4-401b-8284-5bf43b24f161', 'ip_version': 4, 'subnetpool_id': None, 'enable_dhcp': True, 'ipv6_ra_mode': None, 'ipv6_address_mode': None, 'gateway_ip': '192.168.128.1', 'cidr': '192.168.128.0/28', 'allocation_pools': [{'start': '192.168.128.2', 'end': '192.168.128.14'}], 'host_routes': [], 'dns_nameservers': [], 'description': '', 'router:external': False, 'service_types': [], 'tags': [], 'created_at': '2025-04-29T07:11:46Z', 'updated_at': '2025-04-29T07:11:46Z', 'revision_number': 0, 'project_id': '52cb8c16c4e541628785c7b86a1ebd8d'}, Router: {'id': 'e4b1bad6-38a3-4ceb-ae5e-580bad5ec9cd', 'name': 'tempest-ServerActionsTestOtherB-1459609985-router', 'tenant_id': '52cb8c16c4e541628785c7b86a1ebd8d', 'admin_state_up': True, 'status': 'ACTIVE', 'external_gateway_info': {'network_id': 'cd95f605-6626-43f2-994d-d92396cd0639', 'external_fixed_ips': [{'subnet_id': '18fdf708-4ce9-48db-8d8f-1a4d4ae9fb7a', 'ip_address': '10.180.180.176'}], 'enable_snat': True}, 'description': '', 'availability_zones': [], 'distributed': False, 'ha': False, 'availability_zone_hints': [], 'routes': [], 'flavor_id': None, 'tags': [], 'created_at': '2025-04-29T07:11:47Z', 'updated_at': '2025-04-29T07:11:48Z', 'revision_number': 2, 'project_id': '52cb8c16c4e541628785c7b86a1ebd8d'}
2025-04-29 07:11:50.909 69607 INFO tempest.lib.common.rest_client [req-dfba99e7-1a70-4f1d-9364-fd1ab55e9a1c req-dfba99e7-1a70-4f1d-9364-fd1ab55e9a1c ] Request (VolumesAssistedSnapshotsTest:setUpClass): 201 POST http://10.180.1.21:9696/networking/v2.0/networks 0.567s
2025-04-29 07:11:50.914 69579 INFO tempest.lib.common.rest_client [req-ab95002e-3466-419a-ac2b-58249111c243 req-ab95002e-3466-419a-ac2b-58249111c243 ] Request (ServerDiagnosticsTest:setUpClass): 201 POST http://10.180.1.21/identity/v3/auth/tokens 0.238s
2025-04-29 07:11:50.984 69565 INFO tempest.lib.common.rest_client [req-77156758-615a-4127-bfc6-8388c7b970e4 req-77156758-615a-4127-bfc6-8388c7b970e4 ] Request (ServersAdminTestJSON:setUpClass): 201 POST http://10.180.1.21/identity/v3/auth/tokens 0.216s
2025-04-29 07:11:50.984 69565 INFO tempest.lib.common.fixed_network [-] (ServersAdminTestJSON:setUpClass) Found network {'id': 'bb31ab59-73ab-4d01-8d05-b1b4a1120706', 'name': 'tempest-ServersAdminTestJSON-57350365-network', 'tenant_id': 'da4e0700c0144ea1b765f9bde5826b47', 'admin_state_up': True, 'mtu': 8950, 'status': 'ACTIVE', 'subnets': [], 'shared': False, 'project_id': 'da4e0700c0144ea1b765f9bde5826b47', 'port_security_enabled': True, 'router:external': False, 'provider:network_type': 'vlan', 'provider:physical_network': 'default', 'provider:segmentation_id': 722, 'availability_zone_hints': [], 'availability_zones': [], 'ipv4_address_scope': None, 'ipv6_address_scope': None, 'description': '', 'tags': [], 'created_at': '2025-04-29T07:11:37Z', 'updated_at': '2025-04-29T07:11:37Z', 'revision_number': 1} available for tenant
2025-04-29 07:11:50.996 69591 INFO tempest.lib.common.rest_client [req-72513693-d4b4-4e61-8ca4-1b153f1809fa req-72513693-d4b4-4e61-8ca4-1b153f1809fa ] Request (TenantUsagesNegativeTestJSON:tearDownClass): 204 DELETE http://10.180.1.21/identity/v3/projects/47a1df9bc2b74675adf3711852d59f6f 0.211s
2025-04-29 07:11:51.029 69595 INFO tempest.lib.common.rest_client [req-0336cdd4-da5b-4580-8c0d-539bb35884e4 req-0336cdd4-da5b-4580-8c0d-539bb35884e4 ] Request (HypervisorAdminV253TestBase:tearDownClass): 200 GET http://10.180.1.21:9696/networking/v2.0/security-groups?tenant_id=d820686f814346f9914f42791d7d5cf4&name=default 0.250s
2025-04-29 07:11:51.061 69569 INFO tempest.lib.common.rest_client [req-0a7489f6-536a-4bc1-af39-529958bfdd92 req-0a7489f6-536a-4bc1-af39-529958bfdd92 ] Request (HypervisorAdminUnderV252Test:tearDownClass): 201 POST http://10.180.1.21/identity/v3/auth/tokens 0.267s
2025-04-29 07:11:51.067 69589 INFO tempest.lib.common.rest_client [req-4d28bdda-c0a5-4087-aa30-1c11b6d7ddd3 req-4d28bdda-c0a5-4087-aa30-1c11b6d7ddd3 ] Request (AZAdminNegativeTestJSON:setUpClass): 201 POST http://10.180.1.21/identity/v3/auth/tokens 0.222s
2025-04-29 07:11:51.133 69621 INFO tempest.lib.common.rest_client [req-e69b6e7d-0df3-449d-8ecd-470d844a6cff req-e69b6e7d-0df3-449d-8ecd-470d844a6cff ] Request (ServerActionsTestOtherB:setUpClass): 201 POST http://10.180.1.21/identity/v3/auth/tokens 0.253s
2025-04-29 07:11:51.161 69595 INFO tempest.lib.common.rest_client [req-c45a1014-ebc9-438c-9aae-f82a08b4b258 req-c45a1014-ebc9-438c-9aae-f82a08b4b258 ] Request (HypervisorAdminV253TestBase:tearDownClass): 204 DELETE http://10.180.1.21:9696/networking/v2.0/security-groups/63089d19-b521-4b55-926a-a456250270ca 0.131s
2025-04-29 07:11:51.190 69597 INFO tempest.lib.common.rest_client [req-6058384c-04b1-40cb-8276-eadfbd5c12f2 req-6058384c-04b1-40cb-8276-eadfbd5c12f2 ] Request (FlavorsAccessTestJSON:test_flavor_access_add_remove): 200 POST http://10.180.1.21/compute/v2.1/flavors/776638039/action 2.529s
2025-04-29 07:11:51.191 69579 INFO tempest.lib.common.rest_client [req-b2d26bae-0aca-4beb-87a7-f3abcb743a44 req-b2d26bae-0aca-4beb-87a7-f3abcb743a44 ] Request (ServerDiagnosticsTest:test_get_server_diagnostics): 201 POST http://10.180.1.21/identity/v3/auth/tokens 0.271s
2025-04-29 07:11:51.191 69579 INFO tempest.lib.common.fixed_network [-] (ServerDiagnosticsTest:test_get_server_diagnostics) Found network None available for tenant
2025-04-29 07:11:51.216 69591 INFO tempest.lib.common.rest_client [req-769947ee-efbf-479b-a1ec-216511877f97 req-769947ee-efbf-479b-a1ec-216511877f97 ] Request (ListImageFiltersNegativeTestJSON:setUpClass): 201 POST http://10.180.1.21/identity/v3/auth/tokens 0.218s
2025-04-29 07:11:51.239 69589 INFO tempest.lib.common.rest_client [req-e03e7178-6b1c-4086-a14a-3522bc725770 req-e03e7178-6b1c-4086-a14a-3522bc725770 ] Request (AZAdminNegativeTestJSON:setUpClass): 200 GET http://10.180.1.21/identity/v3/domains?name=Default 0.172s
2025-04-29 07:11:51.266 69607 INFO tempest.lib.common.rest_client [req-773f6754-834f-4a54-acdf-9c036586f411 req-773f6754-834f-4a54-acdf-9c036586f411 ] Request (VolumesAssistedSnapshotsTest:setUpClass): 201 POST http://10.180.1.21:9696/networking/v2.0/subnets 0.356s
2025-04-29 07:11:51.283 69591 INFO tempest.lib.common.rest_client [req-3f9d1262-e807-45da-9964-afea5245dd05 req-3f9d1262-e807-45da-9964-afea5245dd05 ] Request (ListImageFiltersNegativeTestJSON:setUpClass): 201 POST http://10.180.1.21/identity/v3/auth/tokens 0.063s
2025-04-29 07:11:51.312 69589 INFO tempest.lib.common.rest_client [req-520dfbd6-3343-40cc-9ddc-1912aa11fb30 req-520dfbd6-3343-40cc-9ddc-1912aa11fb30 ] Request (AZAdminNegativeTestJSON:setUpClass): 201 POST http://10.180.1.21/identity/v3/projects 0.072s
2025-04-29 07:11:51.316 69595 INFO tempest.lib.common.rest_client [req-566ff797-162c-4a64-96ad-e0a74f90dbda req-566ff797-162c-4a64-96ad-e0a74f90dbda ] Request (HypervisorAdminV253TestBase:tearDownClass): 204 DELETE http://10.180.1.21/identity/v3/projects/d820686f814346f9914f42791d7d5cf4 0.155s
2025-04-29 07:11:51.430 69591 INFO tempest.lib.common.rest_client [req-f46b3a7d-f362-4da6-ae14-06c30013c610 req-f46b3a7d-f362-4da6-ae14-06c30013c610 ] Request (ListImageFiltersNegativeTestJSON:setUpClass): 200 GET http://10.180.1.21/identity/v3/domains?name=Default 0.147s
2025-04-29 07:11:51.439 69623 INFO tempest.lib.common.rest_client [req-c8323960-cc7a-4ade-af1c-68a4de0bcb85 req-c8323960-cc7a-4ade-af1c-68a4de0bcb85 ] Request (FlavorsAccessNegativeTestJSON:test_add_flavor_access_duplicate): 409 POST http://10.180.1.21/compute/v2.1/flavors/1042357723/action 2.546s
2025-04-29 07:11:51.453 69589 INFO tempest.lib.common.rest_client [req-c89751f0-1360-4770-8d4e-20b4c0e04574 req-c89751f0-1360-4770-8d4e-20b4c0e04574 ] Request (AZAdminNegativeTestJSON:setUpClass): 201 POST http://10.180.1.21/identity/v3/users 0.140s
2025-04-29 07:11:51.464 69625 INFO tempest.lib.common.rest_client [req-01546c12-6209-4def-8bab-eeef6465547c req-01546c12-6209-4def-8bab-eeef6465547c ] Request (ImagesDeleteNegativeTestJSON:test_delete_non_existent_image): 404 DELETE http://10.180.1.21/compute/v2.1/images/7b3f3012-5b01-4443-ba56-3c88dd642970 2.549s
2025-04-29 07:11:51.479 69595 INFO tempest.lib.common.rest_client [req-dcf3489b-e1d1-4317-ad91-ffb057a04de2 req-dcf3489b-e1d1-4317-ad91-ffb057a04de2 ] Request (FloatingIPsAssociationTestJSON:setUpClass): 201 POST http://10.180.1.21/identity/v3/auth/tokens 0.161s
2025-04-29 07:11:51.480 69591 INFO tempest.lib.common.rest_client [req-6f0a2459-ac82-42cf-8126-707b8ffeedea req-6f0a2459-ac82-42cf-8126-707b8ffeedea ] Request (ListImageFiltersNegativeTestJSON:setUpClass): 201 POST http://10.180.1.21/identity/v3/projects 0.049s
2025-04-29 07:11:51.488 69629 INFO tempest.lib.common.rest_client [req-c42b834a-f99c-467c-a038-955b83d8e0b8 req-c42b834a-f99c-467c-a038-955b83d8e0b8 ] Request (KeyPairsV22TestJSON:_run_cleanups): 204 DELETE http://10.180.1.21/compute/v2.1/os-keypairs/tempest-KeyPairsV22TestJSON-keypair-1151144281 2.561s
2025-04-29 07:11:51.528 69575 INFO tempest.lib.common.rest_client [req-006c174b-d1d4-4848-b7c9-8265a1f0b7df req-006c174b-d1d4-4848-b7c9-8265a1f0b7df ] Request (QuotaClassesAdmin257Test:_run_cleanups): 200 PUT http://10.180.1.21/compute/v2.1/os-quota-class-sets/default 2.478s
2025-04-29 07:11:51.535 69569 INFO tempest.lib.common.rest_client [req-c7019352-3833-46a5-98ed-2818fdd4b62f req-c7019352-3833-46a5-98ed-2818fdd4b62f ] Request (HypervisorAdminUnderV252Test:tearDownClass): 200 GET http://10.180.1.21:9696/networking/v2.0/security-groups?tenant_id=b693547b787b415885a8c0027e9d125f&name=default 0.474s
2025-04-29 07:11:51.538 69589 INFO tempest.lib.common.rest_client [req-a4d7a50b-34bc-4280-9eda-35986181a5f0 req-a4d7a50b-34bc-4280-9eda-35986181a5f0 ] Request (AZAdminNegativeTestJSON:setUpClass): 200 GET http://10.180.1.21/identity/v3/roles 0.085s
2025-04-29 07:11:51.556 69582 INFO tempest.lib.common.rest_client [req-7866a1ac-1ccb-4a23-b4cc-932096f9108e req-7866a1ac-1ccb-4a23-b4cc-932096f9108e ] Request (FlavorsExtraSpecsTestJSON:test_flavor_non_admin_get_specific_key): 200 POST http://10.180.1.21/compute/v2.1/flavors/1808646972/os-extra_specs 2.388s
2025-04-29 07:11:51.561 69591 INFO tempest.lib.common.rest_client [req-efe8aa03-aa8e-48a0-bae6-f1d970e86f25 req-efe8aa03-aa8e-48a0-bae6-f1d970e86f25 ] Request (ListImageFiltersNegativeTestJSON:setUpClass): 201 POST http://10.180.1.21/identity/v3/users 0.080s
2025-04-29 07:11:51.576 69625 INFO tempest.lib.common.rest_client [req-7d872f8f-de63-430f-892c-f98db1ae60bf req-7d872f8f-de63-430f-892c-f98db1ae60bf ] Request (ImagesDeleteNegativeTestJSON:tearDownClass): 204 DELETE http://10.180.1.21/identity/v3/users/b2e475c8d96a432594512b5255fa5786 0.111s
2025-04-29 07:11:51.577 69625 INFO tempest.lib.common.dynamic_creds [-] Deleting project and security group for project: 1dc20beecb4f44d0bfaeba58c6de734b
2025-04-29 07:11:51.601 69601 INFO tempest.lib.common.rest_client [req-db2a690a-547b-4fa6-bb16-a0fdb43f177a req-db2a690a-547b-4fa6-bb16-a0fdb43f177a ] Request (ListImageFiltersTestJSON:setUpClass): 200 GET http://10.180.1.21/compute/v2.1/images/e72227ff-c2e8-40fb-b1d3-a783b319bc5a 2.348s
2025-04-29 07:11:51.614 69577 INFO tempest.lib.common.rest_client [req-829bfbc0-6335-4389-938d-61d37259771d req-829bfbc0-6335-4389-938d-61d37259771d ] Request (FloatingIPsNegativeTestJSON:tearDownClass): 204 DELETE http://10.180.1.21:9696/networking/v2.0/routers/0641d984-0a40-4b3c-9f1b-37fc718a0e60 1.059s
2025-04-29 07:11:51.621 69567 INFO tempest.lib.common.rest_client [req-1409c938-c877-4fe9-911e-fcc63b23f158 req-1409c938-c877-4fe9-911e-fcc63b23f158 ] Request (HostsAdminNegativeTestJSON:test_reboot_nonexistent_host): 404 GET http://10.180.1.21/compute/v2.1/os-hosts/nonexistent_hostname/reboot 2.356s
2025-04-29 07:11:51.626 69595 INFO tempest.lib.common.rest_client [req-1d9050fe-666c-4c04-ab71-a5e8e8c0501f req-1d9050fe-666c-4c04-ab71-a5e8e8c0501f ] Request (FloatingIPsAssociationTestJSON:setUpClass): 201 POST http://10.180.1.21/identity/v3/auth/tokens 0.144s
2025-04-29 07:11:51.645 69587 INFO tempest.lib.common.rest_client [req-11e272b0-2ef1-41b3-ab5b-c72f1c98ed96 req-11e272b0-2ef1-41b3-ab5b-c72f1c98ed96 ] Request (FlavorsAdminTestJSON:test_create_flavor_verify_entry_in_list_details): 200 POST http://10.180.1.21/compute/v2.1/flavors 2.329s
2025-04-29 07:11:51.647 69589 INFO tempest.lib.common.rest_client [req-c5a7f9a6-8cdd-4735-9b44-59ba38b58e34 req-c5a7f9a6-8cdd-4735-9b44-59ba38b58e34 ] Request (AZAdminNegativeTestJSON:setUpClass): 204 PUT http://10.180.1.21/identity/v3/projects/3e17f7c27d0c4396869b9f5b523bf82e/users/4cc57521e85a40e59f3c6314d793d397/roles/42e56ac737e34fb29054bc642c4b789c 0.108s
2025-04-29 07:11:51.648 69589 INFO tempest.lib.common.dynamic_creds [-] Dynamic test user 4cc57521e85a40e59f3c6314d793d397 is created with scope project and roles: ['member']
2025-04-29 07:11:51.648 69589 INFO tempest.lib.common.dynamic_creds [-] Acquired dynamic creds: credentials: Credentials: {'domain_id': 'default', 'domain_name': 'Default', 'username': 'tempest-AZAdminNegativeTestJSON-1338398710-project-member', 'project_domain_id': 'default', 'project_domain_name': 'Default', 'project_id': '3e17f7c27d0c4396869b9f5b523bf82e', 'project_name': 'tempest-AZAdminNegativeTestJSON-1338398710', 'tenant_id': '3e17f7c27d0c4396869b9f5b523bf82e', 'tenant_name': 'tempest-AZAdminNegativeTestJSON-1338398710', 'user_domain_id': 'default', 'user_domain_name': 'Default', 'user_id': '4cc57521e85a40e59f3c6314d793d397', 'system': None}, Network: None, Subnet: None, Router: None
2025-04-29 07:11:51.648 69589 INFO tempest.lib.common.dynamic_creds [-] Created isolated network resources for: credentials: Credentials: {'domain_id': 'default', 'domain_name': 'Default', 'username': 'tempest-AZAdminNegativeTestJSON-1338398710-project-member', 'project_domain_id': 'default', 'project_domain_name': 'Default', 'project_id': '3e17f7c27d0c4396869b9f5b523bf82e', 'project_name': 'tempest-AZAdminNegativeTestJSON-1338398710', 'tenant_id': '3e17f7c27d0c4396869b9f5b523bf82e', 'tenant_name': 'tempest-AZAdminNegativeTestJSON-1338398710', 'user_domain_id': 'default', 'user_domain_name': 'Default', 'user_id': '4cc57521e85a40e59f3c6314d793d397', 'system': None}, Network: None, Subnet: None, Router: None
2025-04-29 07:11:51.667 69609 INFO tempest.lib.common.rest_client [req-5d5a3542-89a7-48ad-9eb6-7b5ba0533698 req-5d5a3542-89a7-48ad-9eb6-7b5ba0533698 ] Request (FlavorsV261TestJSON:test_crud_flavor): 200 GET http://10.180.1.21/compute/v2.1/flavors/detail 2.319s
2025-04-29 07:11:51.708 69575 INFO tempest.lib.common.rest_client [req-0c9905da-aa20-49c4-a216-95f60013b85f req-0c9905da-aa20-49c4-a216-95f60013b85f ] Request (QuotaClassesAdmin257Test:tearDownClass): 204 DELETE http://10.180.1.21/identity/v3/users/badbc8436dad40daac39ee8d231f5de1 0.167s
2025-04-29 07:11:51.745 69591 INFO tempest.lib.common.rest_client [req-62216be3-b048-4dae-9d26-92dc6c80f34b req-62216be3-b048-4dae-9d26-92dc6c80f34b ] Request (ListImageFiltersNegativeTestJSON:setUpClass): 200 GET http://10.180.1.21/identity/v3/roles 0.183s
2025-04-29 07:11:51.771 69625 INFO tempest.lib.common.rest_client [req-df8bbae2-3462-4b97-948c-a21e5b7a2e2c req-df8bbae2-3462-4b97-948c-a21e5b7a2e2c ] Request (ImagesDeleteNegativeTestJSON:tearDownClass): 201 POST http://10.180.1.21/identity/v3/auth/tokens 0.193s
2025-04-29 07:11:51.793 69569 INFO tempest.lib.common.rest_client [req-a4cd5077-18b5-4966-9264-7dae3dd22392 req-a4cd5077-18b5-4966-9264-7dae3dd22392 ] Request (HypervisorAdminUnderV252Test:tearDownClass): 204 DELETE http://10.180.1.21:9696/networking/v2.0/security-groups/c3508d23-a7dc-4060-8b49-075e32d7e09f 0.258s
2025-04-29 07:11:51.796 69600 INFO tempest.lib.common.rest_client [req-d633323c-f09d-4e36-bb55-297a6e000fda req-d633323c-f09d-4e36-bb55-297a6e000fda ] Request (FloatingIPsTestJSON:_run_cleanups): 202 DELETE http://10.180.1.21/compute/v2.1/os-floating-ips/ee7519af-7e85-45a7-ab0f-f34f33a4bbc9 2.990s
2025-04-29 07:11:51.800 69603 INFO tempest.lib.common.rest_client [req-2559b28e-30ba-4048-9872-7b5898a3b0bf req-2559b28e-30ba-4048-9872-7b5898a3b0bf ] Request (ServersAdminNegativeTestJSON:setUpClass): 200 GET http://10.180.1.21/compute/v2.1/servers/16a6f8fe-7c7d-4304-aca9-59fb2d4b6d04 2.384s
2025-04-29 07:11:51.821 69595 INFO tempest.lib.common.rest_client [req-267cf0a0-0451-4400-a304-4301efa101e6 req-267cf0a0-0451-4400-a304-4301efa101e6 ] Request (FloatingIPsAssociationTestJSON:setUpClass): 200 GET http://10.180.1.21/identity/v3/domains?name=Default 0.194s
2025-04-29 07:11:51.880 69593 INFO tempest.lib.common.rest_client [req-71b97422-2cda-44b9-899c-c42c5b347dca req-71b97422-2cda-44b9-899c-c42c5b347dca ] Request (DeleteServersAdminTestJSON:test_admin_delete_servers_of_others): 200 GET http://10.180.1.21/compute/v2.1/servers/ad516b14-bc7d-43d0-bd0e-fb54690c1e9a 2.430s
2025-04-29 07:11:51.889 69593 INFO tempest.common.waiters [-] State transition "BUILD/None" ==> "BUILD/block_device_mapping" after 3 second wait
2025-04-29 07:11:51.895 69589 INFO tempest.lib.common.rest_client [req-18687298-a593-457b-8fdc-56c466aaba91 req-18687298-a593-457b-8fdc-56c466aaba91 ] Request (AZAdminNegativeTestJSON:setUpClass): 201 POST http://10.180.1.21/identity/v3/auth/tokens 0.242s
2025-04-29 07:11:51.928 69591 INFO tempest.lib.common.rest_client [req-63cd84ba-e4f6-4a51-a27b-7abce4a8705e req-63cd84ba-e4f6-4a51-a27b-7abce4a8705e ] Request (ListImageFiltersNegativeTestJSON:setUpClass): 204 PUT http://10.180.1.21/identity/v3/projects/6d795f638a2546e59f75ba747ad7c103/users/516045caee784394a5b5fca84e311600/roles/42e56ac737e34fb29054bc642c4b789c 0.183s
2025-04-29 07:11:51.928 69591 INFO tempest.lib.common.dynamic_creds [-] Dynamic test user 516045caee784394a5b5fca84e311600 is created with scope project and roles: ['member']
2025-04-29 07:11:51.928 69591 INFO tempest.lib.common.dynamic_creds [-] Acquired dynamic creds: credentials: Credentials: {'domain_id': 'default', 'domain_name': 'Default', 'username': 'tempest-ListImageFiltersNegativeTestJSON-937241671-project-member', 'project_domain_id': 'default', 'project_domain_name': 'Default', 'project_id': '6d795f638a2546e59f75ba747ad7c103', 'project_name': 'tempest-ListImageFiltersNegativeTestJSON-937241671', 'tenant_id': '6d795f638a2546e59f75ba747ad7c103', 'tenant_name': 'tempest-ListImageFiltersNegativeTestJSON-937241671', 'user_domain_id': 'default', 'user_domain_name': 'Default', 'user_id': '516045caee784394a5b5fca84e311600', 'system': None}, Network: None, Subnet: None, Router: None
2025-04-29 07:11:51.929 69591 INFO tempest.lib.common.dynamic_creds [-] Created isolated network resources for: credentials: Credentials: {'domain_id': 'default', 'domain_name': 'Default', 'username': 'tempest-ListImageFiltersNegativeTestJSON-937241671-project-member', 'project_domain_id': 'default', 'project_domain_name': 'Default', 'project_id': '6d795f638a2546e59f75ba747ad7c103', 'project_name': 'tempest-ListImageFiltersNegativeTestJSON-937241671', 'tenant_id': '6d795f638a2546e59f75ba747ad7c103', 'tenant_name': 'tempest-ListImageFiltersNegativeTestJSON-937241671', 'user_domain_id': 'default', 'user_domain_name': 'Default', 'user_id': '516045caee784394a5b5fca84e311600', 'system': None}, Network: None, Subnet: None, Router: None
2025-04-29 07:11:51.940 69575 INFO tempest.lib.common.rest_client [req-c6900105-efb7-4e93-887a-97632c04296a req-c6900105-efb7-4e93-887a-97632c04296a ] Request (QuotaClassesAdmin257Test:tearDownClass): 204 DELETE http://10.180.1.21/identity/v3/users/64f01251d9b74a8f86dfab6caec427ad 0.231s
2025-04-29 07:11:51.940 69575 INFO tempest.lib.common.dynamic_creds [-] Deleting project and security group for project: 4d36580290d44cd382abadb2cce48295
2025-04-29 07:11:51.953 69577 INFO tempest.lib.common.rest_client [req-20e44b8d-4037-4077-82e8-fdfc5266809b req-20e44b8d-4037-4077-82e8-fdfc5266809b ] Request (FloatingIPsNegativeTestJSON:tearDownClass): 204 DELETE http://10.180.1.21:9696/networking/v2.0/subnets/b5b3c58f-fd1f-4626-ae8e-1e950a2cd3f8 0.338s
2025-04-29 07:11:52.009 69573 INFO tempest.lib.common.rest_client [req-a6321dfd-de09-4594-a042-88b2eea8787c req-a6321dfd-de09-4594-a042-88b2eea8787c ] Request (FlavorsV2NegativeTest:test_boot_with_low_ram): 400 POST http://10.180.1.21/compute/v2.1/servers 2.162s
2025-04-29 07:11:52.077 69573 INFO tempest.lib.common.rest_client [req-fa1f9898-bf16-4e93-8f38-806eb44c3761 req-fa1f9898-bf16-4e93-8f38-806eb44c3761 ] Request (FlavorsV2NegativeTest:_run_cleanups): 204 DELETE http://10.180.1.21/image/v2/images/71010b0b-850c-48b2-8ef1-bf1845697aee 0.068s
2025-04-29 07:11:52.086 69569 INFO tempest.lib.common.rest_client [req-ea02689e-6d0c-438a-acf7-7c58cb4df9c9 req-ea02689e-6d0c-438a-acf7-7c58cb4df9c9 ] Request (HypervisorAdminUnderV252Test:tearDownClass): 204 DELETE http://10.180.1.21/identity/v3/projects/b693547b787b415885a8c0027e9d125f 0.292s
2025-04-29 07:11:52.086 69569 INFO tempest.lib.common.dynamic_creds [-] Deleting project and security group for project: 61a5de0f976a4a63baddd24f2e676bd0
2025-04-29 07:11:52.114 69619 INFO tempest.lib.common.rest_client [req-d53b5411-5510-4f5e-bd5d-ca2ec601e6c5 req-d53b5411-5510-4f5e-bd5d-ca2ec601e6c5 ] Request (AttachInterfacesV270Test:test_create_get_list_interfaces): 200 GET http://10.180.1.21/compute/v2.1/servers/65a64c66-0d91-452a-a604-045e0a7f1177 2.082s
2025-04-29 07:11:52.138 69595 INFO tempest.lib.common.rest_client [req-7a96bf3c-4de9-476f-8c23-2ae3e9d7b677 req-7a96bf3c-4de9-476f-8c23-2ae3e9d7b677 ] Request (FloatingIPsAssociationTestJSON:setUpClass): 201 POST http://10.180.1.21/identity/v3/projects 0.316s
2025-04-29 07:11:52.253 69589 INFO tempest.lib.common.rest_client [req-3b13e30c-d6c5-4152-9e62-1e60884e222c req-3b13e30c-d6c5-4152-9e62-1e60884e222c ] Request (AZAdminNegativeTestJSON:setUpClass): 201 POST http://10.180.1.21/identity/v3/projects 0.356s
2025-04-29 07:11:52.259 69605 INFO tempest.lib.common.rest_client [req-e578f2a9-7f68-4003-a697-5b83bdce2c19 req-e578f2a9-7f68-4003-a697-5b83bdce2c19 ] Request (ServersWithSpecificFlavorTestJSON:test_verify_created_server_ephemeral_disk): 200 GET http://10.180.1.21/compute/v2.1/flavors/42 2.232s
2025-04-29 07:11:52.319 69613 INFO tempest.lib.common.rest_client [req-7e330f5e-f7a3-4a29-943c-7da77ec34cc4 req-7e330f5e-f7a3-4a29-943c-7da77ec34cc4 ] Request (FloatingIPsAssociationNegativeTestJSON:setUpClass): 200 GET http://10.180.1.21/compute/v2.1/servers/157a3e3c-50b6-4d40-96c7-72cd9caffb77 2.137s
