2025-04-29 07:14:34.315 69579 INFO tempest.lib.common.rest_client [req-b98c43ec-b156-49af-8220-12fd42c2b8f9 req-b98c43ec-b156-49af-8220-12fd42c2b8f9 ] Request (ServersListShow2100Test:test_list_show_rebuild_update_server_2100): 200 GET http://10.180.1.21/compute/v2.1/servers/4e68d324-6c16-4173-bb86-a89af3de302e 1.037s
2025-04-29 07:14:34.358 69597 INFO tempest.lib.common.rest_client [req-52a1bacf-ea8e-4277-b16a-7d85aee8f5d6 req-52a1bacf-ea8e-4277-b16a-7d85aee8f5d6 ] Request (VolumesGetTestJSON:setUpClass): 201 POST http://10.180.1.21/identity/v3/users 0.081s
2025-04-29 07:14:34.388 69597 INFO tempest.lib.common.rest_client [req-285bc60e-36d2-447b-bb64-2a3bc6638e9e req-285bc60e-36d2-447b-bb64-2a3bc6638e9e ] Request (VolumesGetTestJSON:setUpClass): 200 GET http://10.180.1.21/identity/v3/roles 0.029s
2025-04-29 07:14:34.444 69597 INFO tempest.lib.common.rest_client [req-daa6b15b-140e-4b5b-b5cf-bc1ca91fac98 req-daa6b15b-140e-4b5b-b5cf-bc1ca91fac98 ] Request (VolumesGetTestJSON:setUpClass): 204 PUT http://10.180.1.21/identity/v3/projects/38c26c3038d1475a9da0350aa077a66a/users/35e9c7128f464d87b14254339a5cca25/roles/42e56ac737e34fb29054bc642c4b789c 0.055s
2025-04-29 07:14:34.444 69597 INFO tempest.lib.common.dynamic_creds [-] Dynamic test user 35e9c7128f464d87b14254339a5cca25 is created with scope project and roles: ['member']
2025-04-29 07:14:34.445 69597 INFO tempest.lib.common.dynamic_creds [-] Acquired dynamic creds: credentials: Credentials: {'domain_id': 'default', 'domain_name': 'Default', 'username': 'tempest-VolumesGetTestJSON-528834547-project-member', 'project_domain_id': 'default', 'project_domain_name': 'Default', 'project_id': '38c26c3038d1475a9da0350aa077a66a', 'project_name': 'tempest-VolumesGetTestJSON-528834547', 'tenant_id': '38c26c3038d1475a9da0350aa077a66a', 'tenant_name': 'tempest-VolumesGetTestJSON-528834547', 'user_domain_id': 'default', 'user_domain_name': 'Default', 'user_id': '35e9c7128f464d87b14254339a5cca25', 'system': None}, Network: None, Subnet: None, Router: None
2025-04-29 07:14:34.445 69597 INFO tempest.lib.common.dynamic_creds [-] Created isolated network resources for: credentials: Credentials: {'domain_id': 'default', 'domain_name': 'Default', 'username': 'tempest-VolumesGetTestJSON-528834547-project-member', 'project_domain_id': 'default', 'project_domain_name': 'Default', 'project_id': '38c26c3038d1475a9da0350aa077a66a', 'project_name': 'tempest-VolumesGetTestJSON-528834547', 'tenant_id': '38c26c3038d1475a9da0350aa077a66a', 'tenant_name': 'tempest-VolumesGetTestJSON-528834547', 'user_domain_id': 'default', 'user_domain_name': 'Default', 'user_id': '35e9c7128f464d87b14254339a5cca25', 'system': None}, Network: None, Subnet: None, Router: None
2025-04-29 07:14:34.502 69629 INFO tempest.lib.common.rest_client [req-aef9f547-bd0b-4b86-bd10-6f3f11a34a74 req-aef9f547-bd0b-4b86-bd10-6f3f11a34a74 ] Request (ServersTestFqdnHostnames:tearDownClass): 204 DELETE http://10.180.1.21:9696/networking/v2.0/floatingips/76406526-3722-46c6-ac7a-2a0a85f65ae8 0.460s
2025-04-29 07:14:34.548 69597 INFO tempest.lib.common.rest_client [req-d106ebc7-b23c-44a5-b1e4-f342e3909432 req-d106ebc7-b23c-44a5-b1e4-f342e3909432 ] Request (VolumesGetTestJSON:setUpClass): 201 POST http://10.180.1.21/identity/v3/auth/tokens 0.099s
2025-04-29 07:14:34.857 69603 INFO tempest.lib.common.rest_client [req-9ca87423-95b7-43d5-9aac-34642bb878fb req-9ca87423-95b7-43d5-9aac-34642bb878fb ] Request (InstanceActionsNegativeTestJSON:setUpClass): 202 POST http://10.180.1.21/compute/v2.1/servers 1.613s
2025-04-29 07:14:34.894 69582 INFO tempest.lib.common.rest_client [req-e5135642-bdb3-4201-a13c-dc6e393cb155 req-e5135642-bdb3-4201-a13c-dc6e393cb155 ] Request (SecurityGroupRulesNegativeTestJSON:setUpClass): 200 PUT http://10.180.1.21:9696/networking/v2.0/routers/068070b6-664a-4276-917d-09707437d100/add_router_interface 1.658s
2025-04-29 07:14:34.895 69582 INFO tempest.lib.common.dynamic_creds [-] Created isolated network resources for: credentials: Credentials: {'domain_id': 'default', 'domain_name': 'Default', 'username': 'tempest-SecurityGroupRulesNegativeTestJSON-575417265-project-member', 'project_domain_id': 'default', 'project_domain_name': 'Default', 'project_id': 'dc7fce5ef5bf47c1a4a95ab2b8bec6b6', 'project_name': 'tempest-SecurityGroupRulesNegativeTestJSON-575417265', 'tenant_id': 'dc7fce5ef5bf47c1a4a95ab2b8bec6b6', 'tenant_name': 'tempest-SecurityGroupRulesNegativeTestJSON-575417265', 'user_domain_id': 'default', 'user_domain_name': 'Default', 'user_id': 'c9c352ae604d42bc9706a30e64a67cc7', 'system': None}, Network: {'id': '256ba4d9-8856-4bd2-b432-dedeb699f8ab', 'name': 'tempest-SecurityGroupRulesNegativeTestJSON-959603444-network', 'tenant_id': 'dc7fce5ef5bf47c1a4a95ab2b8bec6b6', 'admin_state_up': True, 'mtu': 8950, 'status': 'ACTIVE', 'subnets': [], 'shared': False, 'project_id': 'dc7fce5ef5bf47c1a4a95ab2b8bec6b6', 'port_security_enabled': True, 'router:external': False, 'provider:network_type': 'vlan', 'provider:physical_network': 'default', 'provider:segmentation_id': 727, 'availability_zone_hints': [], 'availability_zones': [], 'ipv4_address_scope': None, 'ipv6_address_scope': None, 'description': '', 'tags': [], 'created_at': '2025-04-29T07:14:30Z', 'updated_at': '2025-04-29T07:14:30Z', 'revision_number': 1}, Subnet: {'id': '2a29e6b2-c77c-4105-9a94-aa76002f97e9', 'name': 'tempest-SecurityGroupRulesNegativeTestJSON-959603444-subnet', 'tenant_id': 'dc7fce5ef5bf47c1a4a95ab2b8bec6b6', 'network_id': '256ba4d9-8856-4bd2-b432-dedeb699f8ab', 'ip_version': 4, 'subnetpool_id': None, 'enable_dhcp': True, 'ipv6_ra_mode': None, 'ipv6_address_mode': None, 'gateway_ip': '192.168.128.1', 'cidr': '192.168.128.0/28', 'allocation_pools': [{'start': '192.168.128.2', 'end': '192.168.128.14'}], 'host_routes': [], 'dns_nameservers': [], 'description': '', 'router:external': False, 'service_types': [], 'tags': [], 'created_at': '2025-04-29T07:14:30Z', 'updated_at': '2025-04-29T07:14:30Z', 'revision_number': 0, 'project_id': 'dc7fce5ef5bf47c1a4a95ab2b8bec6b6'}, Router: {'id': '068070b6-664a-4276-917d-09707437d100', 'name': 'tempest-SecurityGroupRulesNegativeTestJSON-959603444-router', 'tenant_id': 'dc7fce5ef5bf47c1a4a95ab2b8bec6b6', 'admin_state_up': True, 'status': 'ACTIVE', 'external_gateway_info': {'network_id': 'cd95f605-6626-43f2-994d-d92396cd0639', 'external_fixed_ips': [{'subnet_id': '18fdf708-4ce9-48db-8d8f-1a4d4ae9fb7a', 'ip_address': '10.180.180.210'}], 'enable_snat': True}, 'description': '', 'availability_zones': [], 'distributed': False, 'ha': False, 'availability_zone_hints': [], 'routes': [], 'flavor_id': None, 'tags': [], 'created_at': '2025-04-29T07:14:30Z', 'updated_at': '2025-04-29T07:14:31Z', 'revision_number': 2, 'project_id': 'dc7fce5ef5bf47c1a4a95ab2b8bec6b6'}
2025-04-29 07:14:34.902 69613 INFO tempest.lib.common.rest_client [req-50eb6453-549c-4ba7-90b3-9eb997f11e6b req-50eb6453-549c-4ba7-90b3-9eb997f11e6b ] Request (ImagesOneServerTestJSON:test_create_delete_image): 202 POST http://10.180.1.21/compute/v2.1/servers/86bff97b-2120-400d-b464-05c3400125cc/action 1.458s
2025-04-29 07:14:34.981 69605 WARNING tempest.lib.common.ssh [-] Failed to establish authenticated ssh connection to cirros@10.180.180.178 ([Errno None] Unable to connect to port 22 on 10.180.180.178). Number attempts: 11. Retry after 12 seconds.: paramiko.ssh_exception.NoValidConnectionsError: [Errno None] Unable to connect to port 22 on 10.180.180.178
2025-04-29 07:14:35.000 69582 INFO tempest.lib.common.rest_client [req-82041aa1-f444-4f4e-8c86-38e33acc6b2e req-82041aa1-f444-4f4e-8c86-38e33acc6b2e ] Request (SecurityGroupRulesNegativeTestJSON:setUpClass): 201 POST http://10.180.1.21/identity/v3/auth/tokens 0.100s
2025-04-29 07:14:35.140 69621 INFO tempest.lib.common.rest_client [req-c28c6db3-c264-4229-8924-74530e356561 req-c28c6db3-c264-4229-8924-74530e356561 ] Request (ServerActionsTestOtherB:test_resize_server_confirm_from_stopped): 200 GET http://10.180.1.21/compute/v2.1/servers/c020b49d-0484-4df0-bca9-44053f5210ae 1.388s
2025-04-29 07:14:35.182 69609 INFO tempest.lib.common.rest_client [req-ed56a409-e0c3-418b-ac48-4762babd83d1 req-ed56a409-e0c3-418b-ac48-4762babd83d1 ] Request (VolumesAdminNegativeTest:test_update_attached_volume_with_nonexistent_volume_in_body): 200 GET http://10.180.1.21/compute/v2.1/servers/102fc0dd-4690-4dcc-b95b-ff9feee72ae5 1.363s
2025-04-29 07:14:35.264 69577 INFO tempest.lib.common.rest_client [req-5843f0de-717a-40de-a535-8a4acd40243c req-5843f0de-717a-40de-a535-8a4acd40243c ] Request (AttachInterfacesUnderV243Test:_run_cleanups): 200 GET http://10.180.1.21/compute/v2.1/servers/9a01687a-a5c9-4ec4-b2d0-d86b8d786e8b 1.387s
2025-04-29 07:14:35.466 69600 INFO tempest.lib.common.rest_client [req-6fb769e9-b5e1-4cfe-b3e7-d60866bab66d req-6fb769e9-b5e1-4cfe-b3e7-d60866bab66d ] Request (ServerActionsTestOtherA:setUpClass): 200 GET http://10.180.1.21/compute/v2.1/servers/5b2d06c1-0308-4145-9f70-809fdc3ce700 1.459s
2025-04-29 07:14:35.535 69569 INFO tempest.lib.common.rest_client [req-2e89631e-87df-4dae-ae56-e351278f7142 req-2e89631e-87df-4dae-ae56-e351278f7142 ] Request (ImagesTestJSON:test_create_image_from_stopped_server): 200 GET http://10.180.1.21/compute/v2.1/images/0f172c6b-a3a5-4f9e-8848-698221fefd8d 1.390s
2025-04-29 07:14:35.542 69567 INFO tempest.lib.common.rest_client [req-d85cca15-0620-4f0f-ba1f-4c46651b647e req-d85cca15-0620-4f0f-ba1f-4c46651b647e ] Request (MigrationsAdminTest:test_list_migrations_in_flavor_resize_situation): 200 GET http://10.180.1.21/compute/v2.1/servers/be8e0fe9-3777-42da-a8e7-658b0bc2bb97 1.463s
2025-04-29 07:14:35.671 69595 INFO tempest.lib.common.rest_client [req-cc52a7f0-4239-4e91-8674-66f7f599e9d9 req-cc52a7f0-4239-4e91-8674-66f7f599e9d9 ] Request (FloatingIPsAssociationTestJSON:tearDownClass): 200 GET http://10.180.1.21/compute/v2.1/servers/322dcd38-4643-438a-b672-6a47edc1e5c8 1.326s
2025-04-29 07:14:35.737 69565 INFO tempest.lib.common.rest_client [req-002f622e-7575-4a3a-bee2-148cba73f6ed req-002f622e-7575-4a3a-bee2-148cba73f6ed ] Request (ServersAdminTestJSON:_run_cleanups): 200 GET http://10.180.1.21/compute/v2.1/servers/2a8b68ba-cda7-4c51-8dd0-c9b38e88ced4 1.527s
2025-04-29 07:14:35.765 69619 INFO tempest.lib.common.rest_client [req-511c73bf-705a-4c98-908b-83b971179c54 req-511c73bf-705a-4c98-908b-83b971179c54 ] Request (ServerMetadataTestJSON:setUpClass): 200 GET http://10.180.1.21/compute/v2.1/servers/e32032ac-3659-472b-b593-cadfb38f977c 1.337s
2025-04-29 07:14:35.857 69615 INFO tempest.lib.common.rest_client [req-613bf493-0c55-4050-84ed-6442cddaeb32 req-613bf493-0c55-4050-84ed-6442cddaeb32 ] Request (ServersV294TestFqdnHostnames:tearDownClass): 200 GET http://10.180.1.21/compute/v2.1/servers/d76103e4-36df-4a38-96e9-83ee667c3e1e 1.292s
2025-04-29 07:14:36.080 69573 INFO tempest.lib.common.rest_client [req-d5f280fd-6057-48be-b6b8-f213651ae832 req-d5f280fd-6057-48be-b6b8-f213651ae832 ] Request (ImagesOneServerNegativeTestJSON:_run_cleanups): 200 GET http://10.180.1.21/compute/v2.1/servers/f7dbf915-0416-4aa8-9811-56ecef1916ea 1.461s
2025-04-29 07:14:36.092 69629 INFO tempest.lib.common.rest_client [req-73bfe6df-4bf1-45cf-8263-00619664c2a1 req-73bfe6df-4bf1-45cf-8263-00619664c2a1 ] Request (ServersTestFqdnHostnames:tearDownClass): 200 PUT http://10.180.1.21:9696/networking/v2.0/routers/3c73c276-a93e-43ca-96fa-fa91a66ba357/remove_router_interface 1.589s
2025-04-29 07:14:36.108 69575 INFO tempest.lib.common.rest_client [req-3740431c-7a30-4e17-a618-ed949f8a351b req-3740431c-7a30-4e17-a618-ed949f8a351b ] Request (MultipleCreateTestJSON:_run_cleanups): 404 GET http://10.180.1.21/compute/v2.1/servers/f153deb7-511b-45b6-817f-7e5e55cf9836 1.396s
2025-04-29 07:14:36.120 69597 INFO tempest.lib.common.rest_client [req-77abd0cb-dd2d-46d1-b792-35ac6259b5ed req-77abd0cb-dd2d-46d1-b792-35ac6259b5ed ] Request (VolumesGetTestJSON:test_volume_create_get_delete): 200 POST http://10.180.1.21/compute/v2.1/os-volumes 1.570s
2025-04-29 07:14:36.190 69603 INFO tempest.lib.common.rest_client [req-ad470a73-810b-4d02-a3bb-3543d623a20e req-ad470a73-810b-4d02-a3bb-3543d623a20e ] Request (InstanceActionsNegativeTestJSON:setUpClass): 200 GET http://10.180.1.21/compute/v2.1/servers/196a0c22-cd45-4c37-9a35-75511fd2d0de 1.331s
2025-04-29 07:14:36.203 69585 INFO tempest.lib.common.rest_client [req-dae55d42-f7b4-418b-b608-ad2204995684 req-dae55d42-f7b4-418b-b608-ad2204995684 ] Request (ServerMetadataNegativeTestJSON:tearDownClass): 200 GET http://10.180.1.21/compute/v2.1/servers/66fbc220-b650-4b82-a3f8-f6f55a3dbcf7 1.353s
2025-04-29 07:14:36.251 69613 INFO tempest.lib.common.rest_client [req-1536bbec-1427-48d4-a78e-b7fcccccfd12 req-1536bbec-1427-48d4-a78e-b7fcccccfd12 ] Request (ImagesOneServerTestJSON:test_create_delete_image): 200 GET http://10.180.1.21/compute/v2.1/images/0cd092f3-4e1e-4e59-bf4f-a93d6fddbfab 1.346s
2025-04-29 07:14:36.263 69623 INFO tempest.lib.common.rest_client [req-34ef0be9-9e13-4c77-b5d5-1c9d8932758d req-34ef0be9-9e13-4c77-b5d5-1c9d8932758d ] Request (ServersTestMultiNic:_run_cleanups): 200 GET http://10.180.1.21/compute/v2.1/servers/2add4819-da09-4267-a9fa-b29dfd8c5b9d 1.395s
2025-04-29 07:14:36.329 69593 INFO tempest.lib.common.rest_client [req-381ea00b-947a-4e77-8bcb-e9dddf757c83 req-381ea00b-947a-4e77-8bcb-e9dddf757c83 ] Request (ServerDiskConfigTestJSON:test_rebuild_server_with_auto_disk_config): 200 GET http://10.180.1.21/compute/v2.1/servers/22ed893c-95fc-4487-87cc-e3d7727c2230 1.379s
2025-04-29 07:14:36.343 69601 INFO tempest.lib.common.rest_client [req-3c32114c-08db-4da7-9054-47c0ed84f53e req-3c32114c-08db-4da7-9054-47c0ed84f53e ] Request (ListImageFiltersTestJSON:tearDownClass): 200 GET http://10.180.1.21/compute/v2.1/servers/4a3b9e55-6e11-4191-8b8e-acf0a1472f66 1.412s
2025-04-29 07:14:36.397 69591 INFO tempest.lib.common.rest_client [req-754a4565-a66f-42ba-a657-d189d703d356 req-754a4565-a66f-42ba-a657-d189d703d356 ] Request (ServerRescueNegativeTestJSON:setUpClass): 200 GET http://10.180.1.21/compute/v2.1/servers/414535bd-4bc0-4cca-9a89-e950c8e79f0b 1.395s
2025-04-29 07:14:36.489 69579 INFO tempest.lib.common.rest_client [req-66361b9a-5520-4395-bb50-5836cd6a4fb1 req-66361b9a-5520-4395-bb50-5836cd6a4fb1 ] Request (ServersListShow2100Test:test_list_show_rebuild_update_server_2100): 200 GET http://10.180.1.21/compute/v2.1/servers/4e68d324-6c16-4173-bb86-a89af3de302e 1.153s
2025-04-29 07:14:36.576 69629 INFO tempest.lib.common.rest_client [req-3866aeda-99cf-4acd-b87f-b453fa5ccfa6 req-3866aeda-99cf-4acd-b87f-b453fa5ccfa6 ] Request (ServersTestFqdnHostnames:tearDownClass): 204 DELETE http://10.180.1.21:9696/networking/v2.0/routers/3c73c276-a93e-43ca-96fa-fa91a66ba357 0.483s
2025-04-29 07:14:36.599 69575 INFO tempest.lib.common.rest_client [req-16f438fa-ed81-48f7-a57b-db1890458d25 req-16f438fa-ed81-48f7-a57b-db1890458d25 ] Request (MultipleCreateTestJSON:_run_cleanups): 200 GET http://10.180.1.21/compute/v2.1/servers/6eab8aa4-2e32-4a3a-8a13-bdffbce8eabb 0.490s
2025-04-29 07:14:36.605 69582 INFO tempest.lib.common.rest_client [req-f8339fd4-d339-41fa-8f60-d29c6fb67303 req-f8339fd4-d339-41fa-8f60-d29c6fb67303 ] Request (SecurityGroupRulesNegativeTestJSON:test_create_security_group_rule_duplicate): 200 POST http://10.180.1.21/compute/v2.1/os-security-groups 1.603s
2025-04-29 07:14:36.658 69597 INFO tempest.lib.common.rest_client [req-e481d47f-e97f-4896-82d9-fca828b3253b req-e481d47f-e97f-4896-82d9-fca828b3253b ] Request (VolumesGetTestJSON:test_volume_create_get_delete): 200 GET http://10.180.1.21/compute/v2.1/os-volumes/d083e651-78b1-45be-83a1-19f6cf31478b 0.535s
2025-04-29 07:14:36.660 69597 INFO tempest.common.waiters [-] volume d083e651-78b1-45be-83a1-19f6cf31478b reached available after waiting for 0.660799 seconds
2025-04-29 07:14:36.761 69629 INFO tempest.lib.common.rest_client [req-ed740452-8dc3-4ad3-827a-66b08821829b req-ed740452-8dc3-4ad3-827a-66b08821829b ] Request (ServersTestFqdnHostnames:tearDownClass): 204 DELETE http://10.180.1.21:9696/networking/v2.0/subnets/3166b253-9f6e-4bb1-8712-6b65bbb1a14c 0.185s
2025-04-29 07:14:36.793 69621 INFO tempest.lib.common.rest_client [req-8e610430-f307-4db3-a3d8-1539a317227b req-8e610430-f307-4db3-a3d8-1539a317227b ] Request (ServerActionsTestOtherB:test_resize_server_confirm_from_stopped): 200 GET http://10.180.1.21/compute/v2.1/servers/c020b49d-0484-4df0-bca9-44053f5210ae 0.640s
2025-04-29 07:14:36.803 69609 INFO tempest.lib.common.rest_client [req-94054dd3-c8f5-425a-9d8b-f88e4a76fd62 req-94054dd3-c8f5-425a-9d8b-f88e4a76fd62 ] Request (VolumesAdminNegativeTest:test_update_attached_volume_with_nonexistent_volume_in_body): 200 GET http://10.180.1.21/compute/v2.1/servers/102fc0dd-4690-4dcc-b95b-ff9feee72ae5 0.605s
2025-04-29 07:14:36.814 69609 INFO tempest.common.waiters [-] State transition "BUILD/spawning" ==> "ACTIVE/None" after 60 second wait
2025-04-29 07:14:36.867 69577 INFO tempest.lib.common.rest_client [req-6ad138f0-1ce6-4962-8f03-1dd0d72dbb99 req-6ad138f0-1ce6-4962-8f03-1dd0d72dbb99 ] Request (AttachInterfacesUnderV243Test:_run_cleanups): 200 GET http://10.180.1.21/compute/v2.1/servers/9a01687a-a5c9-4ec4-b2d0-d86b8d786e8b 0.593s
2025-04-29 07:14:36.906 69569 INFO tempest.lib.common.rest_client [req-a2934290-b4c1-47fd-a634-7624ef0ab554 req-a2934290-b4c1-47fd-a634-7624ef0ab554 ] Request (ImagesTestJSON:test_create_image_from_stopped_server): 200 GET http://10.180.1.21/compute/v2.1/images/0f172c6b-a3a5-4f9e-8848-698221fefd8d 0.366s
2025-04-29 07:14:36.928 69600 INFO tempest.lib.common.rest_client [req-2808c14b-2062-4fa0-afe9-cb328730068c req-2808c14b-2062-4fa0-afe9-cb328730068c ] Request (ServerActionsTestOtherA:setUpClass): 200 GET http://10.180.1.21/compute/v2.1/servers/5b2d06c1-0308-4145-9f70-809fdc3ce700 0.444s
2025-04-29 07:14:37.041 69567 INFO tempest.lib.common.rest_client [req-797de210-5d02-4706-983a-691ff55011dc req-797de210-5d02-4706-983a-691ff55011dc ] Request (MigrationsAdminTest:test_list_migrations_in_flavor_resize_situation): 200 GET http://10.180.1.21/compute/v2.1/servers/be8e0fe9-3777-42da-a8e7-658b0bc2bb97 0.488s
2025-04-29 07:14:37.056 69629 INFO tempest.lib.common.rest_client [req-10cfaa2f-bad3-4a87-a811-1d0a5b6f5073 req-10cfaa2f-bad3-4a87-a811-1d0a5b6f5073 ] Request (ServersTestFqdnHostnames:tearDownClass): 204 DELETE http://10.180.1.21:9696/networking/v2.0/networks/9abea047-ad28-4ecc-b75a-c4513eb3b5a9 0.294s
2025-04-29 07:14:37.096 69597 INFO tempest.lib.common.rest_client [req-54008e7c-dc58-4bbc-bf03-1631665d364c req-54008e7c-dc58-4bbc-bf03-1631665d364c ] Request (VolumesGetTestJSON:test_volume_create_get_delete): 200 GET http://10.180.1.21/compute/v2.1/os-volumes/d083e651-78b1-45be-83a1-19f6cf31478b 0.435s
2025-04-29 07:14:37.109 69582 INFO tempest.lib.common.rest_client [req-deb7af22-84f3-4ae4-a50f-e4c684cf3532 req-deb7af22-84f3-4ae4-a50f-e4c684cf3532 ] Request (SecurityGroupRulesNegativeTestJSON:test_create_security_group_rule_duplicate): 200 POST http://10.180.1.21/compute/v2.1/os-security-group-rules 0.496s
2025-04-29 07:14:37.182 69595 INFO tempest.lib.common.rest_client [req-1f99577f-c29f-402b-8f97-637a1c14de00 req-1f99577f-c29f-402b-8f97-637a1c14de00 ] Request (FloatingIPsAssociationTestJSON:tearDownClass): 200 GET http://10.180.1.21/compute/v2.1/servers/322dcd38-4643-438a-b672-6a47edc1e5c8 0.496s
2025-04-29 07:14:37.228 69629 INFO tempest.lib.common.rest_client [req-c04c98dc-f362-436a-be8b-9db98d8e93e6 req-c04c98dc-f362-436a-be8b-9db98d8e93e6 ] Request (ServersTestFqdnHostnames:tearDownClass): 204 DELETE http://10.180.1.21/identity/v3/users/90931ce139fb4be2927bb91cf2fdd1b2 0.171s
2025-04-29 07:14:37.228 69629 INFO tempest.lib.common.dynamic_creds [-] Deleting project and security group for project: 19b58c404fd24a48b03b56ce9a599c14
2025-04-29 07:14:37.256 69619 INFO tempest.lib.common.rest_client [req-4a89c9ec-8dd8-43fa-91f5-7f66bcd727af req-4a89c9ec-8dd8-43fa-91f5-7f66bcd727af ] Request (ServerMetadataTestJSON:setUpClass): 200 GET http://10.180.1.21/compute/v2.1/servers/e32032ac-3659-472b-b593-cadfb38f977c 0.478s
2025-04-29 07:14:37.267 69629 INFO tempest.lib.common.rest_client [req-6f3822e3-6112-4de0-8000-e67cf32e7c87 req-6f3822e3-6112-4de0-8000-e67cf32e7c87 ] Request (ServersTestFqdnHostnames:tearDownClass): 200 GET http://10.180.1.21:9696/networking/v2.0/security-groups?tenant_id=19b58c404fd24a48b03b56ce9a599c14&name=default 0.038s
2025-04-29 07:14:37.321 69565 INFO tempest.lib.common.rest_client [req-aef2f677-6615-4f64-b9d5-1cbfcc4995b3 req-aef2f677-6615-4f64-b9d5-1cbfcc4995b3 ] Request (ServersAdminTestJSON:_run_cleanups): 200 GET http://10.180.1.21/compute/v2.1/servers/2a8b68ba-cda7-4c51-8dd0-c9b38e88ced4 0.569s
2025-04-29 07:14:37.338 69609 INFO tempest.lib.common.rest_client [req-f5ebba0f-53b3-4e71-bb34-b0a4b8cd7513 req-f5ebba0f-53b3-4e71-bb34-b0a4b8cd7513 ] Request (VolumesAdminNegativeTest:test_update_attached_volume_with_nonexistent_volume_in_body): 200 GET http://10.180.1.21/compute/v2.1/servers/102fc0dd-4690-4dcc-b95b-ff9feee72ae5/os-interface 0.523s
2025-04-29 07:14:37.399 69629 INFO tempest.lib.common.rest_client [req-3d907c3d-4e3f-463e-8d74-69350fa51b06 req-3d907c3d-4e3f-463e-8d74-69350fa51b06 ] Request (ServersTestFqdnHostnames:tearDownClass): 204 DELETE http://10.180.1.21:9696/networking/v2.0/security-groups/a927130d-7a36-4a44-af31-32ecc98c78de 0.132s
2025-04-29 07:14:37.418 69615 INFO tempest.lib.common.rest_client [req-70a0aebf-cdb2-4ea0-a657-194566740ff8 req-70a0aebf-cdb2-4ea0-a657-194566740ff8 ] Request (ServersV294TestFqdnHostnames:tearDownClass): 200 GET http://10.180.1.21/compute/v2.1/servers/d76103e4-36df-4a38-96e9-83ee667c3e1e 0.547s
2025-04-29 07:14:37.493 69573 INFO tempest.lib.common.rest_client [req-497f726c-2876-42c3-8f7e-3432d29f83d7 req-497f726c-2876-42c3-8f7e-3432d29f83d7 ] Request (ImagesOneServerNegativeTestJSON:_run_cleanups): 200 GET http://10.180.1.21/compute/v2.1/servers/f7dbf915-0416-4aa8-9811-56ecef1916ea 0.405s
2025-04-29 07:14:37.500 69597 INFO tempest.lib.common.rest_client [req-dc461e97-4406-4f1e-9302-9d3ca97eab6a req-dc461e97-4406-4f1e-9302-9d3ca97eab6a ] Request (VolumesGetTestJSON:tearDownClass): 202 DELETE http://10.180.1.21/compute/v2.1/os-volumes/d083e651-78b1-45be-83a1-19f6cf31478b 0.393s
2025-04-29 07:14:37.566 69629 INFO tempest.lib.common.rest_client [req-09c89328-1d74-4eee-8cc8-8361d3000819 req-09c89328-1d74-4eee-8cc8-8361d3000819 ] Request (ServersTestFqdnHostnames:tearDownClass): 204 DELETE http://10.180.1.21/identity/v3/projects/19b58c404fd24a48b03b56ce9a599c14 0.166s
2025-04-29 07:14:37.571 69582 INFO tempest.lib.common.rest_client [req-f01f1ace-a62a-4a17-932f-b0b99e48d0c9 req-f01f1ace-a62a-4a17-932f-b0b99e48d0c9 ] Request (SecurityGroupRulesNegativeTestJSON:test_create_security_group_rule_duplicate): 400 POST http://10.180.1.21/compute/v2.1/os-security-group-rules 0.458s
2025-04-29 07:14:37.604 69603 INFO tempest.lib.common.rest_client [req-be50693e-6732-487f-abd8-3d21e3fb938f req-be50693e-6732-487f-abd8-3d21e3fb938f ] Request (InstanceActionsNegativeTestJSON:setUpClass): 200 GET http://10.180.1.21/compute/v2.1/servers/196a0c22-cd45-4c37-9a35-75511fd2d0de 0.405s
2025-04-29 07:14:37.616 69603 INFO tempest.common.waiters [-] State transition "BUILD/scheduling" ==> "BUILD/None" after 1 second wait
2025-04-29 07:14:37.653 69613 INFO tempest.lib.common.rest_client [req-aec32254-2f53-46dd-9722-7727d8d7f07a req-aec32254-2f53-46dd-9722-7727d8d7f07a ] Request (ImagesOneServerTestJSON:test_create_delete_image): 200 GET http://10.180.1.21/compute/v2.1/images/0cd092f3-4e1e-4e59-bf4f-a93d6fddbfab 0.395s
2025-04-29 07:14:37.679 69585 INFO tempest.lib.common.rest_client [req-30392b9a-2361-42ab-a888-511fc022ced1 req-30392b9a-2361-42ab-a888-511fc022ced1 ] Request (ServerMetadataNegativeTestJSON:tearDownClass): 200 GET http://10.180.1.21/compute/v2.1/servers/66fbc220-b650-4b82-a3f8-f6f55a3dbcf7 0.465s
2025-04-29 07:14:37.682 69629 INFO tempest.lib.common.rest_client [req-631c41d5-46bf-4635-a9c5-061933b7e8d4 req-631c41d5-46bf-4635-a9c5-061933b7e8d4 ] Request (ServerAddressesTestJSON:setUpClass): 201 POST http://10.180.1.21/identity/v3/auth/tokens 0.114s
2025-04-29 07:14:37.728 69629 INFO tempest.lib.common.rest_client [req-d39a5a52-e161-471a-b9c0-2536426960c2 req-d39a5a52-e161-471a-b9c0-2536426960c2 ] Request (ServerAddressesTestJSON:setUpClass): 201 POST http://10.180.1.21/identity/v3/auth/tokens 0.043s
2025-04-29 07:14:37.743 69623 INFO tempest.lib.common.rest_client [req-2a1d3aef-ff84-446f-93f1-334d39571aab req-2a1d3aef-ff84-446f-93f1-334d39571aab ] Request (ServersTestMultiNic:_run_cleanups): 200 GET http://10.180.1.21/compute/v2.1/servers/2add4819-da09-4267-a9fa-b29dfd8c5b9d 0.464s
2025-04-29 07:14:37.752 69593 INFO tempest.lib.common.rest_client [req-02003ec7-b081-41c4-ae97-806d5c831da9 req-02003ec7-b081-41c4-ae97-806d5c831da9 ] Request (ServerDiskConfigTestJSON:test_rebuild_server_with_auto_disk_config): 200 GET http://10.180.1.21/compute/v2.1/servers/22ed893c-95fc-4487-87cc-e3d7727c2230 0.413s
2025-04-29 07:14:37.762 69629 INFO tempest.lib.common.rest_client [req-36fddbff-06d5-476f-a1d8-809109b66f86 req-36fddbff-06d5-476f-a1d8-809109b66f86 ] Request (ServerAddressesTestJSON:setUpClass): 200 GET http://10.180.1.21/identity/v3/domains?name=Default 0.032s
2025-04-29 07:14:37.797 69629 INFO tempest.lib.common.rest_client [req-464e27ea-80de-4102-b3e8-14ad658f5bea req-464e27ea-80de-4102-b3e8-14ad658f5bea ] Request (ServerAddressesTestJSON:setUpClass): 201 POST http://10.180.1.21/identity/v3/projects 0.034s
2025-04-29 07:14:37.797 69571 WARNING tempest.lib.common.ssh [-] Failed to establish authenticated ssh connection to cirros@10.180.180.201 ([Errno None] Unable to connect to port 22 on 10.180.180.201). Number attempts: 1. Retry after 2 seconds.: paramiko.ssh_exception.NoValidConnectionsError: [Errno None] Unable to connect to port 22 on 10.180.180.201
2025-04-29 07:14:37.833 69591 INFO tempest.lib.common.rest_client [req-57ad4ab6-968a-428a-ae6d-bd48a3841ac0 req-57ad4ab6-968a-428a-ae6d-bd48a3841ac0 ] Request (ServerRescueNegativeTestJSON:setUpClass): 200 GET http://10.180.1.21/compute/v2.1/servers/414535bd-4bc0-4cca-9a89-e950c8e79f0b 0.424s
2025-04-29 07:14:37.836 69601 INFO tempest.lib.common.rest_client [req-6c9b2570-b58a-4780-81ef-84f203cf811a req-6c9b2570-b58a-4780-81ef-84f203cf811a ] Request (ListImageFiltersTestJSON:tearDownClass): 200 GET http://10.180.1.21/compute/v2.1/servers/4a3b9e55-6e11-4191-8b8e-acf0a1472f66 0.481s
2025-04-29 07:14:37.861 69597 INFO tempest.lib.common.rest_client [req-a8b0ef3d-ba6e-4440-810b-28303aad8919 req-a8b0ef3d-ba6e-4440-810b-28303aad8919 ] Request (VolumesGetTestJSON:tearDownClass): 404 GET http://10.180.1.21/compute/v2.1/os-volumes/d083e651-78b1-45be-83a1-19f6cf31478b 0.360s
2025-04-29 07:14:37.864 69629 INFO tempest.lib.common.rest_client [req-4ef24878-9dec-4764-a71e-bcb027b8e672 req-4ef24878-9dec-4764-a71e-bcb027b8e672 ] Request (ServerAddressesTestJSON:setUpClass): 201 POST http://10.180.1.21/identity/v3/users 0.067s
2025-04-29 07:14:37.888 69629 INFO tempest.lib.common.rest_client [req-048bdd5e-c66f-431b-9f35-3169cb57cf7d req-048bdd5e-c66f-431b-9f35-3169cb57cf7d ] Request (ServerAddressesTestJSON:setUpClass): 200 GET http://10.180.1.21/identity/v3/roles 0.024s
2025-04-29 07:14:37.919 69629 INFO tempest.lib.common.rest_client [req-bc7a7203-3275-4e1b-af1e-fe9f47630ff2 req-bc7a7203-3275-4e1b-af1e-fe9f47630ff2 ] Request (ServerAddressesTestJSON:setUpClass): 204 PUT http://10.180.1.21/identity/v3/projects/54958c300eff458ea5e85f21c2e55bb3/users/4c8fe7c8e1fd4c4283a56bd10a78c9d9/roles/42e56ac737e34fb29054bc642c4b789c 0.030s
2025-04-29 07:14:37.919 69629 INFO tempest.lib.common.dynamic_creds [-] Dynamic test user 4c8fe7c8e1fd4c4283a56bd10a78c9d9 is created with scope project and roles: ['member']
2025-04-29 07:14:37.920 69629 INFO tempest.lib.common.dynamic_creds [-] Acquired dynamic creds: credentials: Credentials: {'domain_id': 'default', 'domain_name': 'Default', 'username': 'tempest-ServerAddressesTestJSON-1304762753-project-member', 'project_domain_id': 'default', 'project_domain_name': 'Default', 'project_id': '54958c300eff458ea5e85f21c2e55bb3', 'project_name': 'tempest-ServerAddressesTestJSON-1304762753', 'tenant_id': '54958c300eff458ea5e85f21c2e55bb3', 'tenant_name': 'tempest-ServerAddressesTestJSON-1304762753', 'user_domain_id': 'default', 'user_domain_name': 'Default', 'user_id': '4c8fe7c8e1fd4c4283a56bd10a78c9d9', 'system': None}, Network: None, Subnet: None, Router: None
2025-04-29 07:14:37.945 69597 INFO tempest.lib.common.rest_client [req-f65fcefa-feb5-4991-94aa-595e13203255 req-f65fcefa-feb5-4991-94aa-595e13203255 ] Request (VolumesGetTestJSON:tearDownClass): 204 DELETE http://10.180.1.21/identity/v3/users/35e9c7128f464d87b14254339a5cca25 0.083s
2025-04-29 07:14:37.945 69597 INFO tempest.lib.common.dynamic_creds [-] Deleting project and security group for project: 38c26c3038d1475a9da0350aa077a66a
2025-04-29 07:14:37.987 69629 INFO tempest.lib.common.rest_client [req-6699d657-9920-49e6-9aab-07b539ba4eb4 req-6699d657-9920-49e6-9aab-07b539ba4eb4 ] Request (ServerAddressesTestJSON:setUpClass): 201 POST http://10.180.1.21/identity/v3/auth/tokens 0.067s
2025-04-29 07:14:38.022 69597 INFO tempest.lib.common.rest_client [req-caeea860-dbf9-49ee-8e8d-5ae82173d434 req-caeea860-dbf9-49ee-8e8d-5ae82173d434 ] Request (VolumesGetTestJSON:tearDownClass): 201 POST http://10.180.1.21/identity/v3/auth/tokens 0.077s
2025-04-29 07:14:38.194 69579 INFO tempest.lib.common.rest_client [req-a53c5a8c-58e8-4a7c-a81a-2cd079fbd605 req-a53c5a8c-58e8-4a7c-a81a-2cd079fbd605 ] Request (ServersListShow2100Test:test_list_show_rebuild_update_server_2100): 200 GET http://10.180.1.21/compute/v2.1/servers/4e68d324-6c16-4173-bb86-a89af3de302e 0.687s
2025-04-29 07:14:38.209 69579 INFO tempest.common.waiters [-] State transition "REBUILD/rebuild_spawning" ==> "ACTIVE/None" after 11 second wait
2025-04-29 07:14:38.225 69575 INFO tempest.lib.common.rest_client [req-1f0a11ea-7203-4a34-80fa-4656c58b55e3 req-1f0a11ea-7203-4a34-80fa-4656c58b55e3 ] Request (MultipleCreateTestJSON:_run_cleanups): 404 GET http://10.180.1.21/compute/v2.1/servers/6eab8aa4-2e32-4a3a-8a13-bdffbce8eabb 0.610s
2025-04-29 07:14:38.319 69575 INFO tempest.lib.common.rest_client [req-67b26d9c-72f7-4089-a3e5-d384b6507a53 req-67b26d9c-72f7-4089-a3e5-d384b6507a53 ] Request (MultipleCreateTestJSON:test_multiple_create_with_reservation_return): 201 POST http://10.180.1.21/identity/v3/auth/tokens 0.088s
2025-04-29 07:14:38.319 69575 INFO tempest.lib.common.fixed_network [-] (MultipleCreateTestJSON:test_multiple_create_with_reservation_return) Found network {'id': '9b608da7-fe47-4dc9-a122-e688c3a528e6', 'name': 'tempest-MultipleCreateTestJSON-395140271-network', 'tenant_id': 'd7ac53d4a4034953aae2a8c1006632f5', 'admin_state_up': True, 'mtu': 8950, 'status': 'ACTIVE', 'subnets': [], 'shared': False, 'project_id': 'd7ac53d4a4034953aae2a8c1006632f5', 'port_security_enabled': True, 'router:external': False, 'provider:network_type': 'vlan', 'provider:physical_network': 'default', 'provider:segmentation_id': 510, 'availability_zone_hints': [], 'availability_zones': [], 'ipv4_address_scope': None, 'ipv6_address_scope': None, 'description': '', 'tags': [], 'created_at': '2025-04-29T07:12:47Z', 'updated_at': '2025-04-29T07:12:47Z', 'revision_number': 1} available for tenant
2025-04-29 07:14:38.322 69597 INFO tempest.lib.common.rest_client [req-02a00758-6dcd-42ad-9498-d4e400690f4d req-02a00758-6dcd-42ad-9498-d4e400690f4d ] Request (VolumesGetTestJSON:tearDownClass): 200 GET http://10.180.1.21:9696/networking/v2.0/security-groups?tenant_id=38c26c3038d1475a9da0350aa077a66a&name=default 0.299s
2025-04-29 07:14:38.404 69621 INFO tempest.lib.common.rest_client [req-45080f55-e33f-442f-bf09-2ac5591b17b4 req-45080f55-e33f-442f-bf09-2ac5591b17b4 ] Request (ServerActionsTestOtherB:test_resize_server_confirm_from_stopped): 200 GET http://10.180.1.21/compute/v2.1/servers/c020b49d-0484-4df0-bca9-44053f5210ae 0.602s
2025-04-29 07:14:38.413 69582 INFO tempest.lib.common.rest_client [req-0ffa387f-2e01-4c99-90d1-b1034f7475b7 req-0ffa387f-2e01-4c99-90d1-b1034f7475b7 ] Request (SecurityGroupRulesNegativeTestJSON:_run_cleanups): 202 DELETE http://10.180.1.21/compute/v2.1/os-security-group-rules/b87955d9-4f41-47e3-9889-7dfe98673565 0.841s
2025-04-29 07:14:38.457 69629 INFO tempest.lib.common.rest_client [req-fcd8f0d9-bdd3-460e-9812-d8eb42675574 req-fcd8f0d9-bdd3-460e-9812-d8eb42675574 ] Request (ServerAddressesTestJSON:setUpClass): 201 POST http://10.180.1.21:9696/networking/v2.0/networks 0.469s
2025-04-29 07:14:38.468 69569 INFO tempest.lib.common.rest_client [req-6079eaae-c9e8-4392-a969-0907e465c316 req-6079eaae-c9e8-4392-a969-0907e465c316 ] Request (ImagesTestJSON:test_create_image_from_stopped_server): 200 GET http://10.180.1.21/compute/v2.1/images/0f172c6b-a3a5-4f9e-8848-698221fefd8d 0.558s
2025-04-29 07:14:38.468 69597 INFO tempest.lib.common.rest_client [req-7c1a6731-6b10-4b44-82c0-afe19a620f07 req-7c1a6731-6b10-4b44-82c0-afe19a620f07 ] Request (VolumesGetTestJSON:tearDownClass): 204 DELETE http://10.180.1.21:9696/networking/v2.0/security-groups/3ac825fe-cb54-45a0-8b8a-56e72b99323e 0.145s
2025-04-29 07:14:38.507 69577 INFO tempest.lib.common.rest_client [req-e16a433b-5906-41c1-86aa-912b64991776 req-e16a433b-5906-41c1-86aa-912b64991776 ] Request (AttachInterfacesUnderV243Test:_run_cleanups): 200 GET http://10.180.1.21/compute/v2.1/servers/9a01687a-a5c9-4ec4-b2d0-d86b8d786e8b 0.628s
2025-04-29 07:14:38.568 69597 INFO tempest.lib.common.rest_client [req-ca1173e4-8d4b-4313-a3d6-096e03875395 req-ca1173e4-8d4b-4313-a3d6-096e03875395 ] Request (VolumesGetTestJSON:tearDownClass): 204 DELETE http://10.180.1.21/identity/v3/projects/38c26c3038d1475a9da0350aa077a66a 0.096s
2025-04-29 07:14:38.746 69567 INFO tempest.lib.common.rest_client [req-4d826549-411f-47da-8f70-bdd3739d7cd2 req-4d826549-411f-47da-8f70-bdd3739d7cd2 ] Request (MigrationsAdminTest:test_list_migrations_in_flavor_resize_situation): 200 GET http://10.180.1.21/compute/v2.1/servers/be8e0fe9-3777-42da-a8e7-658b0bc2bb97 0.689s
2025-04-29 07:14:38.750 69600 INFO tempest.lib.common.rest_client [req-6045aad9-d1c8-4e7a-aa1c-a526c4237365 req-6045aad9-d1c8-4e7a-aa1c-a526c4237365 ] Request (ServerActionsTestOtherA:setUpClass): 200 GET http://10.180.1.21/compute/v2.1/servers/5b2d06c1-0308-4145-9f70-809fdc3ce700 0.814s
2025-04-29 07:14:38.765 69609 INFO tempest.lib.common.rest_client [req-7766bf32-e611-4417-99ed-3985a84b671d req-7766bf32-e611-4417-99ed-3985a84b671d ] Request (VolumesAdminNegativeTest:test_update_attached_volume_with_nonexistent_volume_in_body): 200 PUT http://10.180.1.21:9696/networking/v2.0/floatingips/2f2401f3-851d-4ef9-9d18-51f455755e24 1.425s
2025-04-29 07:14:38.767 69609 INFO tempest.lib.common.ssh [-] Creating ssh connection to '10.180.180.133:22' as 'cirros' with public key authentication
2025-04-29 07:14:38.850 69595 INFO tempest.lib.common.rest_client [req-b1e646df-c45e-47c9-933f-93c160858c10 req-b1e646df-c45e-47c9-933f-93c160858c10 ] Request (FloatingIPsAssociationTestJSON:tearDownClass): 200 GET http://10.180.1.21/compute/v2.1/servers/322dcd38-4643-438a-b672-6a47edc1e5c8 0.653s
2025-04-29 07:14:38.875 69579 INFO tempest.lib.common.rest_client [req-888cd250-47ec-4aaa-9db9-e1d590850bd3 req-888cd250-47ec-4aaa-9db9-e1d590850bd3 ] Request (ServersListShow2100Test:tearDownClass): 204 DELETE http://10.180.1.21/compute/v2.1/servers/4e68d324-6c16-4173-bb86-a89af3de302e 0.663s
2025-04-29 07:14:38.896 69629 INFO tempest.lib.common.rest_client [req-7a6f08ec-c878-4916-81c3-498d05beab1e req-7a6f08ec-c878-4916-81c3-498d05beab1e ] Request (ServerAddressesTestJSON:setUpClass): 201 POST http://10.180.1.21:9696/networking/v2.0/subnets 0.438s
2025-04-29 07:14:38.917 69619 INFO tempest.lib.common.rest_client [req-9c615dae-71ca-4b6e-bccb-4de12fe7e463 req-9c615dae-71ca-4b6e-bccb-4de12fe7e463 ] Request (ServerMetadataTestJSON:setUpClass): 200 GET http://10.180.1.21/compute/v2.1/servers/e32032ac-3659-472b-b593-cadfb38f977c 0.651s
2025-04-29 07:14:39.064 69565 INFO tempest.lib.common.rest_client [req-763a2820-1b65-4016-be29-f83083246bcf req-763a2820-1b65-4016-be29-f83083246bcf ] Request (ServersAdminTestJSON:_run_cleanups): 200 GET http://10.180.1.21/compute/v2.1/servers/2a8b68ba-cda7-4c51-8dd0-c9b38e88ced4 0.734s
2025-04-29 07:14:39.073 69565 INFO tempest.common.waiters [-] State transition "REBUILD/rebuilding" ==> "REBUILD/rebuild_spawning" after 4 second wait
2025-04-29 07:14:39.271 69582 INFO tempest.lib.common.rest_client [req-bbcb8434-671d-4c9e-bb64-90b3acf38d36 req-bbcb8434-671d-4c9e-bb64-90b3acf38d36 ] Request (SecurityGroupRulesNegativeTestJSON:test_create_security_group_rule_with_invalid_from_port): 200 POST http://10.180.1.21/compute/v2.1/os-security-groups 0.855s
2025-04-29 07:14:39.365 69615 INFO tempest.lib.common.rest_client [req-a017e238-820f-49ef-afee-8b147f432e04 req-a017e238-820f-49ef-afee-8b147f432e04 ] Request (ServersV294TestFqdnHostnames:tearDownClass): 200 GET http://10.180.1.21/compute/v2.1/servers/d76103e4-36df-4a38-96e9-83ee667c3e1e 0.927s
2025-04-29 07:14:39.423 69575 INFO tempest.lib.common.rest_client [req-e186a8d3-2e6d-47fd-a390-44c819d104c8 req-e186a8d3-2e6d-47fd-a390-44c819d104c8 ] Request (MultipleCreateTestJSON:test_multiple_create_with_reservation_return): 202 POST http://10.180.1.21/compute/v2.1/servers 1.103s
2025-04-29 07:14:39.513 69603 INFO tempest.lib.common.rest_client [req-09423140-e43e-4119-927d-6ec0aad29d52 req-09423140-e43e-4119-927d-6ec0aad29d52 ] Request (InstanceActionsNegativeTestJSON:setUpClass): 200 GET http://10.180.1.21/compute/v2.1/servers/196a0c22-cd45-4c37-9a35-75511fd2d0de 0.895s
2025-04-29 07:14:39.526 69573 INFO tempest.lib.common.rest_client [req-d05eb070-c1d1-46a8-a553-578202c2b495 req-d05eb070-c1d1-46a8-a553-578202c2b495 ] Request (ImagesOneServerNegativeTestJSON:_run_cleanups): 200 GET http://10.180.1.21/compute/v2.1/servers/f7dbf915-0416-4aa8-9811-56ecef1916ea 1.018s
2025-04-29 07:14:39.565 69613 INFO tempest.lib.common.rest_client [req-5f4c4c51-1ce1-4536-b340-1e67fa300af5 req-5f4c4c51-1ce1-4536-b340-1e67fa300af5 ] Request (ImagesOneServerTestJSON:test_create_delete_image): 200 GET http://10.180.1.21/compute/v2.1/images/0cd092f3-4e1e-4e59-bf4f-a93d6fddbfab 0.907s
2025-04-29 07:14:39.609 69585 INFO tempest.lib.common.rest_client [req-f03f80d8-4e30-4055-b9b5-4443ee31e532 req-f03f80d8-4e30-4055-b9b5-4443ee31e532 ] Request (ServerMetadataNegativeTestJSON:tearDownClass): 200 GET http://10.180.1.21/compute/v2.1/servers/66fbc220-b650-4b82-a3f8-f6f55a3dbcf7 0.917s
2025-04-29 07:14:39.631 69623 INFO tempest.lib.common.rest_client [req-75d63099-b9e3-4d1b-8dd5-bcff0943f81b req-75d63099-b9e3-4d1b-8dd5-bcff0943f81b ] Request (ServersTestMultiNic:_run_cleanups): 200 GET http://10.180.1.21/compute/v2.1/servers/2add4819-da09-4267-a9fa-b29dfd8c5b9d 0.873s
2025-04-29 07:14:39.706 69591 INFO tempest.lib.common.rest_client [req-7ae5bdd6-d1c8-4948-8847-ca8ce5e4d853 req-7ae5bdd6-d1c8-4948-8847-ca8ce5e4d853 ] Request (ServerRescueNegativeTestJSON:setUpClass): 200 GET http://10.180.1.21/compute/v2.1/servers/414535bd-4bc0-4cca-9a89-e950c8e79f0b 0.864s
2025-04-29 07:14:39.706 69593 INFO tempest.lib.common.rest_client [req-036d1edb-145c-494c-91a4-929c7a68ce11 req-036d1edb-145c-494c-91a4-929c7a68ce11 ] Request (ServerDiskConfigTestJSON:test_rebuild_server_with_auto_disk_config): 200 GET http://10.180.1.21/compute/v2.1/servers/22ed893c-95fc-4487-87cc-e3d7727c2230 0.939s
2025-04-29 07:14:39.785 69601 INFO tempest.lib.common.rest_client [req-ec932dcc-ab56-4a09-b9ac-ca35147e744c req-ec932dcc-ab56-4a09-b9ac-ca35147e744c ] Request (ListImageFiltersTestJSON:tearDownClass): 200 GET http://10.180.1.21/compute/v2.1/servers/4a3b9e55-6e11-4191-8b8e-acf0a1472f66 0.932s
2025-04-29 07:14:39.793 69579 INFO tempest.lib.common.rest_client [req-c5e44230-e2a2-401f-b62b-730fb905ff44 req-c5e44230-e2a2-401f-b62b-730fb905ff44 ] Request (ServersListShow2100Test:tearDownClass): 200 GET http://10.180.1.21/compute/v2.1/servers/4e68d324-6c16-4173-bb86-a89af3de302e 0.917s
2025-04-29 07:14:39.813 69629 INFO tempest.lib.common.rest_client [req-93311948-ca85-481e-8183-e1cc26af9d44 req-93311948-ca85-481e-8183-e1cc26af9d44 ] Request (ServerAddressesTestJSON:setUpClass): 201 POST http://10.180.1.21:9696/networking/v2.0/routers 0.916s
2025-04-29 07:14:39.824 69582 INFO tempest.lib.common.rest_client [req-f67da935-37bb-446c-9ff9-245243ac6d4f req-f67da935-37bb-446c-9ff9-245243ac6d4f ] Request (SecurityGroupRulesNegativeTestJSON:test_create_security_group_rule_with_invalid_from_port): 400 POST http://10.180.1.21/compute/v2.1/os-security-group-rules 0.549s
2025-04-29 07:14:39.899 69575 INFO tempest.lib.common.rest_client [req-4d7fb5a4-98d8-49ef-9ba9-5d09e52bb280 req-4d7fb5a4-98d8-49ef-9ba9-5d09e52bb280 ] Request (MultipleCreateTestJSON:test_multiple_create_with_reservation_return): 200 GET http://10.180.1.21/compute/v2.1/servers 0.475s
2025-04-29 07:14:39.914 69621 INFO tempest.lib.common.rest_client [req-e5e2bdf6-c382-46aa-b0e5-2387d0ef4157 req-e5e2bdf6-c382-46aa-b0e5-2387d0ef4157 ] Request (ServerActionsTestOtherB:test_resize_server_confirm_from_stopped): 200 GET http://10.180.1.21/compute/v2.1/servers/c020b49d-0484-4df0-bca9-44053f5210ae 0.499s
2025-04-29 07:14:39.937 69569 INFO tempest.lib.common.rest_client [req-c9417656-97fc-4641-a0cf-07fa5414c1f1 req-c9417656-97fc-4641-a0cf-07fa5414c1f1 ] Request (ImagesTestJSON:test_create_image_from_stopped_server): 200 GET http://10.180.1.21/compute/v2.1/images/0f172c6b-a3a5-4f9e-8848-698221fefd8d 0.463s
2025-04-29 07:14:40.009 69577 INFO tempest.lib.common.rest_client [req-410dd853-9225-4c1f-bf32-66bd04ba5e2f req-410dd853-9225-4c1f-bf32-66bd04ba5e2f ] Request (AttachInterfacesUnderV243Test:_run_cleanups): 200 GET http://10.180.1.21/compute/v2.1/servers/9a01687a-a5c9-4ec4-b2d0-d86b8d786e8b 0.489s
2025-04-29 07:14:40.107 69600 INFO tempest.lib.common.rest_client [req-f4f3024d-0803-411b-8439-00621c8e890d req-f4f3024d-0803-411b-8439-00621c8e890d ] Request (ServerActionsTestOtherA:setUpClass): 200 GET http://10.180.1.21/compute/v2.1/servers/5b2d06c1-0308-4145-9f70-809fdc3ce700 0.344s
2025-04-29 07:14:40.112 69582 INFO tempest.lib.common.rest_client [req-df0bdde3-0179-4e8f-8d5e-5cea3a239100 req-df0bdde3-0179-4e8f-8d5e-5cea3a239100 ] Request (SecurityGroupRulesNegativeTestJSON:test_create_security_group_rule_with_invalid_id): 400 POST http://10.180.1.21/compute/v2.1/os-security-group-rules 0.287s
2025-04-29 07:14:40.117 69600 INFO tempest.common.waiters [-] State transition "BUILD/spawning" ==> "ACTIVE/None" after 60 second wait
2025-04-29 07:14:40.158 69567 INFO tempest.lib.common.rest_client [req-39a5d495-b608-45bd-b25a-86e9026f6ded req-39a5d495-b608-45bd-b25a-86e9026f6ded ] Request (MigrationsAdminTest:test_list_migrations_in_flavor_resize_situation): 200 GET http://10.180.1.21/compute/v2.1/servers/be8e0fe9-3777-42da-a8e7-658b0bc2bb97 0.388s
2025-04-29 07:14:40.194 69595 INFO tempest.lib.common.rest_client [req-cc583be7-89f7-40d8-bdbe-9b249df35571 req-cc583be7-89f7-40d8-bdbe-9b249df35571 ] Request (FloatingIPsAssociationTestJSON:tearDownClass): 200 GET http://10.180.1.21/compute/v2.1/servers/322dcd38-4643-438a-b672-6a47edc1e5c8 0.330s
2025-04-29 07:14:40.231 69575 INFO tempest.lib.common.rest_client [req-6dabdc57-951d-451d-80f9-ae0ad09ff5a3 req-6dabdc57-951d-451d-80f9-ae0ad09ff5a3 ] Request (MultipleCreateTestJSON:test_multiple_create_with_reservation_return): 200 GET http://10.180.1.21/compute/v2.1/servers/35a72864-4fdc-4458-96bd-d48d2739ec87 0.330s
2025-04-29 07:14:40.262 69619 INFO tempest.lib.common.rest_client [req-dba33ff2-3f7c-4fbf-a034-6236fd140967 req-dba33ff2-3f7c-4fbf-a034-6236fd140967 ] Request (ServerMetadataTestJSON:setUpClass): 200 GET http://10.180.1.21/compute/v2.1/servers/e32032ac-3659-472b-b593-cadfb38f977c 0.337s
2025-04-29 07:14:40.382 69565 INFO tempest.lib.common.rest_client [req-5caa7153-13dd-4f57-af9a-bda81f57058d req-5caa7153-13dd-4f57-af9a-bda81f57058d ] Request (ServersAdminTestJSON:_run_cleanups): 200 GET http://10.180.1.21/compute/v2.1/servers/2a8b68ba-cda7-4c51-8dd0-c9b38e88ced4 0.306s
2025-04-29 07:14:40.417 69582 INFO tempest.lib.common.rest_client [req-b4ea58ef-1840-468b-a86a-f82bd8754404 req-b4ea58ef-1840-468b-a86a-f82bd8754404 ] Request (SecurityGroupRulesNegativeTestJSON:test_create_security_group_rule_with_invalid_ip_protocol): 200 POST http://10.180.1.21/compute/v2.1/os-security-groups 0.303s
2025-04-29 07:14:40.514 69600 INFO tempest.lib.common.rest_client [req-57b21dd8-500c-4392-8f32-884288a3fd29 req-57b21dd8-500c-4392-8f32-884288a3fd29 ] Request (ServerActionsTestOtherA:setUpClass): 200 GET http://10.180.1.21/compute/v2.1/servers/5b2d06c1-0308-4145-9f70-809fdc3ce700/os-interface 0.395s
2025-04-29 07:14:40.519 69615 INFO tempest.lib.common.rest_client [req-25473c96-c239-4e97-baa0-8433e5ac4792 req-25473c96-c239-4e97-baa0-8433e5ac4792 ] Request (ServersV294TestFqdnHostnames:tearDownClass): 200 GET http://10.180.1.21/compute/v2.1/servers/d76103e4-36df-4a38-96e9-83ee667c3e1e 0.141s
2025-04-29 07:14:40.600 69582 INFO tempest.lib.common.rest_client [req-1c769a36-71c6-4b2a-a6c5-7c219582396c req-1c769a36-71c6-4b2a-a6c5-7c219582396c ] Request (SecurityGroupRulesNegativeTestJSON:test_create_security_group_rule_with_invalid_ip_protocol): 400 POST http://10.180.1.21/compute/v2.1/os-security-group-rules 0.180s
2025-04-29 07:14:40.617 69603 INFO tempest.lib.common.rest_client [req-a60d6ab1-ad41-4612-8770-bf389124e195 req-a60d6ab1-ad41-4612-8770-bf389124e195 ] Request (InstanceActionsNegativeTestJSON:setUpClass): 200 GET http://10.180.1.21/compute/v2.1/servers/196a0c22-cd45-4c37-9a35-75511fd2d0de 0.093s
2025-04-29 07:14:40.655 69613 INFO tempest.lib.common.rest_client [req-95dd6a5a-8820-4187-8421-76686a50109d req-95dd6a5a-8820-4187-8421-76686a50109d ] Request (ImagesOneServerTestJSON:test_create_delete_image): 200 GET http://10.180.1.21/compute/v2.1/images/0cd092f3-4e1e-4e59-bf4f-a93d6fddbfab 0.086s
2025-04-29 07:14:40.769 69573 INFO tempest.lib.common.rest_client [req-fa523476-43e2-4203-b0a4-acf9585d5d55 req-fa523476-43e2-4203-b0a4-acf9585d5d55 ] Request (ImagesOneServerNegativeTestJSON:_run_cleanups): 200 GET http://10.180.1.21/compute/v2.1/servers/f7dbf915-0416-4aa8-9811-56ecef1916ea 0.234s
2025-04-29 07:14:40.797 69629 INFO tempest.lib.common.rest_client [req-707bb421-15cb-4e31-bb10-78d20774f9ca req-707bb421-15cb-4e31-bb10-78d20774f9ca ] Request (ServerAddressesTestJSON:setUpClass): 200 PUT http://10.180.1.21:9696/networking/v2.0/routers/572b70aa-a52c-43e7-b899-4b1b7bb6a16f/add_router_interface 0.983s
2025-04-29 07:14:40.797 69629 INFO tempest.lib.common.dynamic_creds [-] Created isolated network resources for: credentials: Credentials: {'domain_id': 'default', 'domain_name': 'Default', 'username': 'tempest-ServerAddressesTestJSON-1304762753-project-member', 'project_domain_id': 'default', 'project_domain_name': 'Default', 'project_id': '54958c300eff458ea5e85f21c2e55bb3', 'project_name': 'tempest-ServerAddressesTestJSON-1304762753', 'tenant_id': '54958c300eff458ea5e85f21c2e55bb3', 'tenant_name': 'tempest-ServerAddressesTestJSON-1304762753', 'user_domain_id': 'default', 'user_domain_name': 'Default', 'user_id': '4c8fe7c8e1fd4c4283a56bd10a78c9d9', 'system': None}, Network: {'id': '0697d495-18d1-487e-a115-4c61e860c4af', 'name': 'tempest-ServerAddressesTestJSON-919494775-network', 'tenant_id': '54958c300eff458ea5e85f21c2e55bb3', 'admin_state_up': True, 'mtu': 8950, 'status': 'ACTIVE', 'subnets': [], 'shared': False, 'project_id': '54958c300eff458ea5e85f21c2e55bb3', 'port_security_enabled': True, 'router:external': False, 'provider:network_type': 'vlan', 'provider:physical_network': 'default', 'provider:segmentation_id': 601, 'availability_zone_hints': [], 'availability_zones': [], 'ipv4_address_scope': None, 'ipv6_address_scope': None, 'description': '', 'tags': [], 'created_at': '2025-04-29T07:14:38Z', 'updated_at': '2025-04-29T07:14:38Z', 'revision_number': 1}, Subnet: {'id': '7c3d6d1a-4663-44af-b945-45aea77854ba', 'name': 'tempest-ServerAddressesTestJSON-919494775-subnet', 'tenant_id': '54958c300eff458ea5e85f21c2e55bb3', 'network_id': '0697d495-18d1-487e-a115-4c61e860c4af', 'ip_version': 4, 'subnetpool_id': None, 'enable_dhcp': True, 'ipv6_ra_mode': None, 'ipv6_address_mode': None, 'gateway_ip': '192.168.128.1', 'cidr': '192.168.128.0/28', 'allocation_pools': [{'start': '192.168.128.2', 'end': '192.168.128.14'}], 'host_routes': [], 'dns_nameservers': [], 'description': '', 'router:external': False, 'service_types': [], 'tags': [], 'created_at': '2025-04-29T07:14:38Z', 'updated_at': '2025-04-29T07:14:38Z', 'revision_number': 0, 'project_id': '54958c300eff458ea5e85f21c2e55bb3'}, Router: {'id': '572b70aa-a52c-43e7-b899-4b1b7bb6a16f', 'name': 'tempest-ServerAddressesTestJSON-919494775-router', 'tenant_id': '54958c300eff458ea5e85f21c2e55bb3', 'admin_state_up': True, 'status': 'ACTIVE', 'external_gateway_info': {'network_id': 'cd95f605-6626-43f2-994d-d92396cd0639', 'external_fixed_ips': [{'subnet_id': '18fdf708-4ce9-48db-8d8f-1a4d4ae9fb7a', 'ip_address': '10.180.180.196'}], 'enable_snat': True}, 'description': '', 'availability_zones': [], 'distributed': False, 'ha': False, 'availability_zone_hints': [], 'routes': [], 'flavor_id': None, 'tags': [], 'created_at': '2025-04-29T07:14:38Z', 'updated_at': '2025-04-29T07:14:39Z', 'revision_number': 2, 'project_id': '54958c300eff458ea5e85f21c2e55bb3'}
2025-04-29 07:14:40.841 69585 INFO tempest.lib.common.rest_client [req-56989f07-3b0d-438c-9471-22ffed4109d2 req-56989f07-3b0d-438c-9471-22ffed4109d2 ] Request (ServerMetadataNegativeTestJSON:tearDownClass): 200 GET http://10.180.1.21/compute/v2.1/servers/66fbc220-b650-4b82-a3f8-f6f55a3dbcf7 0.219s
2025-04-29 07:14:40.870 69571 WARNING tempest.lib.common.ssh [-] Failed to establish authenticated ssh connection to cirros@10.180.180.201 ([Errno None] Unable to connect to port 22 on 10.180.180.201). Number attempts: 2. Retry after 3 seconds.: paramiko.ssh_exception.NoValidConnectionsError: [Errno None] Unable to connect to port 22 on 10.180.180.201
