2025-04-29 07:12:04.148 69571 INFO tempest.lib.common.rest_client [req-5b4a5dd6-0ad6-4e9b-b289-38a405ed0c18 req-5b4a5dd6-0ad6-4e9b-b289-38a405ed0c18 ] Request (ServicesAdminNegativeV253TestJSON:setUpClass): 200 GET http://10.180.1.21/identity/v3/roles 0.103s
2025-04-29 07:12:04.172 69585 INFO tempest.lib.common.rest_client [req-4dfa87dd-8d19-44a5-a0aa-98724634498c req-4dfa87dd-8d19-44a5-a0aa-98724634498c ] Request (HostsAdminTestJSON:tearDownClass): 200 GET http://10.180.1.21:9696/networking/v2.0/security-groups?tenant_id=78834cd7dcd54c948f6adb3ff2004c8b&name=default 0.940s
2025-04-29 07:12:04.174 69571 INFO tempest.lib.common.rest_client [req-30349a32-662f-43b2-82e9-7e9d943deb1b req-30349a32-662f-43b2-82e9-7e9d943deb1b ] Request (ServicesAdminNegativeV253TestJSON:setUpClass): 204 PUT http://10.180.1.21/identity/v3/projects/a582104bf0714de09c47938ef3a3c074/users/7787da5c4d4d404dafcd92cd2ff5b68c/roles/cce4b503aee0434bb1ff1e6643a8184a 0.025s
2025-04-29 07:12:04.174 69571 INFO tempest.lib.common.dynamic_creds [-] Dynamic test user 7787da5c4d4d404dafcd92cd2ff5b68c is created with scope project and roles: ['admin']
2025-04-29 07:12:04.174 69571 INFO tempest.lib.common.dynamic_creds [-] Acquired dynamic creds: credentials: Credentials: {'domain_id': 'default', 'domain_name': 'Default', 'username': 'tempest-ServicesAdminNegativeV253TestJSON-218640617-project-admin', 'project_domain_id': 'default', 'project_domain_name': 'Default', 'project_id': 'a582104bf0714de09c47938ef3a3c074', 'project_name': 'tempest-ServicesAdminNegativeV253TestJSON-218640617', 'tenant_id': 'a582104bf0714de09c47938ef3a3c074', 'tenant_name': 'tempest-ServicesAdminNegativeV253TestJSON-218640617', 'user_domain_id': 'default', 'user_domain_name': 'Default', 'user_id': '7787da5c4d4d404dafcd92cd2ff5b68c', 'system': None}, Network: None, Subnet: None, Router: None
2025-04-29 07:12:04.174 69571 INFO tempest.lib.common.dynamic_creds [-] Created isolated network resources for: credentials: Credentials: {'domain_id': 'default', 'domain_name': 'Default', 'username': 'tempest-ServicesAdminNegativeV253TestJSON-218640617-project-admin', 'project_domain_id': 'default', 'project_domain_name': 'Default', 'project_id': 'a582104bf0714de09c47938ef3a3c074', 'project_name': 'tempest-ServicesAdminNegativeV253TestJSON-218640617', 'tenant_id': 'a582104bf0714de09c47938ef3a3c074', 'tenant_name': 'tempest-ServicesAdminNegativeV253TestJSON-218640617', 'user_domain_id': 'default', 'user_domain_name': 'Default', 'user_id': '7787da5c4d4d404dafcd92cd2ff5b68c', 'system': None}, Network: None, Subnet: None, Router: None
2025-04-29 07:12:04.288 69571 INFO tempest.lib.common.rest_client [req-bd78ba28-dd4a-4145-8d27-b3c01e2fc8a6 req-bd78ba28-dd4a-4145-8d27-b3c01e2fc8a6 ] Request (ServicesAdminNegativeV253TestJSON:setUpClass): 201 POST http://10.180.1.21/identity/v3/auth/tokens 0.110s
2025-04-29 07:12:04.394 69597 INFO tempest.lib.common.rest_client [req-5d0be449-4af8-494d-8bb7-9a0487691d59 req-5d0be449-4af8-494d-8bb7-9a0487691d59 ] Request (FlavorsAccessTestJSON:tearDownClass): 204 DELETE http://10.180.1.21:9696/networking/v2.0/security-groups/073d764b-c845-453b-9911-bce124451001 0.419s
2025-04-29 07:12:04.535 69593 INFO tempest.lib.common.rest_client [req-e7204593-1430-4f5a-b66a-8ba22634c830 req-e7204593-1430-4f5a-b66a-8ba22634c830 ] Request (DeleteServersAdminTestJSON:test_admin_delete_servers_of_others): 200 GET http://10.180.1.21/compute/v2.1/servers/ad516b14-bc7d-43d0-bd0e-fb54690c1e9a 2.866s
2025-04-29 07:12:04.548 69597 INFO tempest.lib.common.rest_client [req-09a8e4cb-e9a9-4550-87d5-56ba3ba19d49 req-09a8e4cb-e9a9-4550-87d5-56ba3ba19d49 ] Request (FlavorsAccessTestJSON:tearDownClass): 204 DELETE http://10.180.1.21/identity/v3/projects/ab26be4dbcf8427eb1d3cb80e7d169ed 0.153s
2025-04-29 07:12:04.564 69619 INFO tempest.lib.common.rest_client [req-ad0777d1-a0e5-4f70-a6b1-1265b852781b req-ad0777d1-a0e5-4f70-a6b1-1265b852781b ] Request (AttachInterfacesV270Test:test_create_get_list_interfaces): 200 GET http://10.180.1.21/compute/v2.1/servers/65a64c66-0d91-452a-a604-045e0a7f1177 3.411s
2025-04-29 07:12:04.580 69583 INFO tempest.lib.common.rest_client [req-0935267c-64a1-4c51-87de-caf09267972d req-0935267c-64a1-4c51-87de-caf09267972d ] Request (FlavorsExtraSpecsNegativeTestJSON:test_flavor_update_more_key): 400 PUT http://10.180.1.21/compute/v2.1/flavors/1907524001/os-extra_specs/hw:numa_nodes 2.822s
2025-04-29 07:12:04.594 69605 INFO tempest.lib.common.rest_client [req-9a98ede4-63a8-49ae-b67b-cc47ba369f18 req-9a98ede4-63a8-49ae-b67b-cc47ba369f18 ] Request (ValidationResourcesFixture:setUp): 201 POST http://10.180.1.21:9696/networking/v2.0/security-groups 1.050s
2025-04-29 07:12:04.607 69623 INFO tempest.lib.common.rest_client [req-e5ace6e9-36db-4160-855e-0a41b5abe597 req-e5ace6e9-36db-4160-855e-0a41b5abe597 ] Request (FlavorsAccessNegativeTestJSON:test_flavor_non_admin_add): 200 POST http://10.180.1.21/compute/v2.1/flavors 2.729s
2025-04-29 07:12:04.621 69629 INFO tempest.lib.common.rest_client [req-1e3ca4b6-4283-47f4-b685-43e95078e061 req-1e3ca4b6-4283-47f4-b685-43e95078e061 ] Request (KeyPairsV22TestJSON:test_keypairsv22_create_list_show_with_type): 200 GET http://10.180.1.21/compute/v2.1/os-keypairs/tempest-keypair-723059593 2.050s
2025-04-29 07:12:04.656 69597 INFO tempest.lib.common.rest_client [req-cb9baf5c-8929-40b3-8c38-c1dbb80dd626 req-cb9baf5c-8929-40b3-8c38-c1dbb80dd626 ] Request (HypervisorAdminNegativeUnderV252Test:setUpClass): 201 POST http://10.180.1.21/identity/v3/auth/tokens 0.106s
2025-04-29 07:12:04.689 69579 INFO tempest.lib.common.rest_client [req-a5a58170-7652-4c01-83b7-a4f1eb1eb93b req-a5a58170-7652-4c01-83b7-a4f1eb1eb93b ] Request (ServerDiagnosticsTest:test_get_server_diagnostics): 200 GET http://10.180.1.21/compute/v2.1/servers/8c7dc96c-da68-42cb-9e35-db4407e1f820 2.941s
2025-04-29 07:12:04.702 69597 INFO tempest.lib.common.rest_client [req-a4699a07-3e60-4def-a03a-3ecc037350f1 req-a4699a07-3e60-4def-a03a-3ecc037350f1 ] Request (HypervisorAdminNegativeUnderV252Test:setUpClass): 201 POST http://10.180.1.21/identity/v3/auth/tokens 0.042s
2025-04-29 07:12:04.715 69611 INFO tempest.lib.common.rest_client [req-c2ecc7e4-8ebb-4d2f-8c76-8466282d9468 req-c2ecc7e4-8ebb-4d2f-8c76-8466282d9468 ] Request (AggregatesAdminNegativeTestJSON:test_aggregate_add_non_exist_host): 404 POST http://10.180.1.21/compute/v2.1/os-aggregates/3/action 1.986s
2025-04-29 07:12:04.721 69567 INFO tempest.lib.common.rest_client [req-757f2374-201f-4fc5-9baf-d3f38cf4d9e9 req-757f2374-201f-4fc5-9baf-d3f38cf4d9e9 ] Request (HostsAdminNegativeTestJSON:test_update_host_with_invalid_status): 400 PUT http://10.180.1.21/compute/v2.1/os-hosts/devstack 1.982s
2025-04-29 07:12:04.737 69595 INFO tempest.lib.common.rest_client [req-7e32df40-503b-4b19-9d32-7d08813f0843 req-7e32df40-503b-4b19-9d32-7d08813f0843 ] Request (FloatingIPsAssociationTestJSON:setUpClass): 200 GET http://10.180.1.21/compute/v2.1/servers/322dcd38-4643-438a-b672-6a47edc1e5c8 2.056s
2025-04-29 07:12:04.748 69600 INFO tempest.lib.common.rest_client [req-c8747f65-2451-4858-8984-755628b7111d req-c8747f65-2451-4858-8984-755628b7111d ] Request (FloatingIPsTestJSON:tearDownClass): 204 DELETE http://10.180.1.21:9696/networking/v2.0/routers/c22a7fc3-3452-41b6-aa93-4106677a574a 1.854s
2025-04-29 07:12:04.752 69597 INFO tempest.lib.common.rest_client [req-38bd4173-479d-49d9-b43a-145b54614d5f req-38bd4173-479d-49d9-b43a-145b54614d5f ] Request (HypervisorAdminNegativeUnderV252Test:setUpClass): 200 GET http://10.180.1.21/identity/v3/domains?name=Default 0.049s
2025-04-29 07:12:04.767 69615 INFO tempest.lib.common.rest_client [req-51cf5400-2e14-4f62-954a-1478091cd243 req-51cf5400-2e14-4f62-954a-1478091cd243 ] Request (ServicesAdminTestJSON:test_list_services): 200 GET http://10.180.1.21/compute/v2.1/os-services 1.999s
2025-04-29 07:12:04.792 69582 INFO tempest.lib.common.rest_client [req-60e51330-f512-4f40-8bd1-ae1d7e83c81a req-60e51330-f512-4f40-8bd1-ae1d7e83c81a ] Request (FlavorsExtraSpecsTestJSON:test_flavor_set_get_update_show_unset_keys): 200 GET http://10.180.1.21/compute/v2.1/flavors/1808646972/os-extra_specs 1.851s
2025-04-29 07:12:04.799 69597 INFO tempest.lib.common.rest_client [req-ce1fc591-a9c2-4f28-ab64-f65f3906fa61 req-ce1fc591-a9c2-4f28-ab64-f65f3906fa61 ] Request (HypervisorAdminNegativeUnderV252Test:setUpClass): 201 POST http://10.180.1.21/identity/v3/projects 0.046s
2025-04-29 07:12:04.817 69587 INFO tempest.lib.common.rest_client [req-9612d64f-5b58-4f8d-a8a4-147975d1788d req-9612d64f-5b58-4f8d-a8a4-147975d1788d ] Request (FlavorsAdminTestJSON:_run_cleanups): 202 DELETE http://10.180.1.21/compute/v2.1/flavors/17d59afb-68da-46d3-9235-98bf15ba63ac 1.854s
2025-04-29 07:12:04.818 69585 INFO tempest.lib.common.rest_client [req-354b46c2-b49c-444e-a1e7-e874bfdc9a68 req-354b46c2-b49c-444e-a1e7-e874bfdc9a68 ] Request (HostsAdminTestJSON:tearDownClass): 204 DELETE http://10.180.1.21:9696/networking/v2.0/security-groups/f624c9d5-3cf6-4444-a093-1eaf71caa39f 0.645s
2025-04-29 07:12:04.883 69577 INFO tempest.lib.common.rest_client [req-26d2d37c-30a1-4885-bf70-52fa7f6b07d1 req-26d2d37c-30a1-4885-bf70-52fa7f6b07d1 ] Request (SecurityGroupsNegativeTestJSON:setUpClass): 200 PUT http://10.180.1.21:9696/networking/v2.0/routers/634a4864-7377-4f3a-8763-ef49b7c7cbef/add_router_interface 3.211s
2025-04-29 07:12:04.884 69577 INFO tempest.lib.common.dynamic_creds [-] Created isolated network resources for: credentials: Credentials: {'domain_id': 'default', 'domain_name': 'Default', 'username': 'tempest-SecurityGroupsNegativeTestJSON-191515406-project-member', 'project_domain_id': 'default', 'project_domain_name': 'Default', 'project_id': '94b0461e76e542ba98e87982672bcb04', 'project_name': 'tempest-SecurityGroupsNegativeTestJSON-191515406', 'tenant_id': '94b0461e76e542ba98e87982672bcb04', 'tenant_name': 'tempest-SecurityGroupsNegativeTestJSON-191515406', 'user_domain_id': 'default', 'user_domain_name': 'Default', 'user_id': '2f22ca66abee4d19928b910d3ff5cda3', 'system': None}, Network: {'id': 'd262543d-af1a-4b34-b3bd-b614d057006c', 'name': 'tempest-SecurityGroupsNegativeTestJSON-340009350-network', 'tenant_id': '94b0461e76e542ba98e87982672bcb04', 'admin_state_up': True, 'mtu': 8950, 'status': 'ACTIVE', 'subnets': [], 'shared': False, 'project_id': '94b0461e76e542ba98e87982672bcb04', 'port_security_enabled': True, 'router:external': False, 'provider:network_type': 'vlan', 'provider:physical_network': 'default', 'provider:segmentation_id': 270, 'availability_zone_hints': [], 'availability_zones': [], 'ipv4_address_scope': None, 'ipv6_address_scope': None, 'description': '', 'tags': [], 'created_at': '2025-04-29T07:11:56Z', 'updated_at': '2025-04-29T07:11:56Z', 'revision_number': 1}, Subnet: {'id': '93eec8a2-1147-4adf-9026-50786c37b851', 'name': 'tempest-SecurityGroupsNegativeTestJSON-340009350-subnet', 'tenant_id': '94b0461e76e542ba98e87982672bcb04', 'network_id': 'd262543d-af1a-4b34-b3bd-b614d057006c', 'ip_version': 4, 'subnetpool_id': None, 'enable_dhcp': True, 'ipv6_ra_mode': None, 'ipv6_address_mode': None, 'gateway_ip': '192.168.128.1', 'cidr': '192.168.128.0/28', 'allocation_pools': [{'start': '192.168.128.2', 'end': '192.168.128.14'}], 'host_routes': [], 'dns_nameservers': [], 'description': '', 'router:external': False, 'service_types': [], 'tags': [], 'created_at': '2025-04-29T07:11:57Z', 'updated_at': '2025-04-29T07:11:57Z', 'revision_number': 0, 'project_id': '94b0461e76e542ba98e87982672bcb04'}, Router: {'id': '634a4864-7377-4f3a-8763-ef49b7c7cbef', 'name': 'tempest-SecurityGroupsNegativeTestJSON-340009350-router', 'tenant_id': '94b0461e76e542ba98e87982672bcb04', 'admin_state_up': True, 'status': 'ACTIVE', 'external_gateway_info': {'network_id': 'cd95f605-6626-43f2-994d-d92396cd0639', 'external_fixed_ips': [{'subnet_id': '18fdf708-4ce9-48db-8d8f-1a4d4ae9fb7a', 'ip_address': '10.180.180.196'}], 'enable_snat': True}, 'description': '', 'availability_zones': [], 'distributed': False, 'ha': False, 'availability_zone_hints': [], 'routes': [], 'flavor_id': None, 'tags': [], 'created_at': '2025-04-29T07:11:58Z', 'updated_at': '2025-04-29T07:11:59Z', 'revision_number': 2, 'project_id': '94b0461e76e542ba98e87982672bcb04'}
2025-04-29 07:12:04.905 69597 INFO tempest.lib.common.rest_client [req-7116a302-94fa-497a-9152-a3158d16d3be req-7116a302-94fa-497a-9152-a3158d16d3be ] Request (HypervisorAdminNegativeUnderV252Test:setUpClass): 201 POST http://10.180.1.21/identity/v3/users 0.105s
2025-04-29 07:12:04.933 69615 INFO tempest.lib.common.rest_client [req-1a0dea8f-19e9-4d09-95ea-b442aec498ba req-1a0dea8f-19e9-4d09-95ea-b442aec498ba ] Request (ServicesAdminTestJSON:tearDownClass): 204 DELETE http://10.180.1.21/identity/v3/users/cf312a95741d4c229883712972a365b7 0.159s
2025-04-29 07:12:05.021 69577 INFO tempest.lib.common.rest_client [req-3937ebbe-f26a-40de-a5f3-1c304c5f4a86 req-3937ebbe-f26a-40de-a5f3-1c304c5f4a86 ] Request (SecurityGroupsNegativeTestJSON:setUpClass): 201 POST http://10.180.1.21/identity/v3/auth/tokens 0.131s
2025-04-29 07:12:05.042 69585 INFO tempest.lib.common.rest_client [req-91906221-28f2-4d3f-8aa0-424cb52e0d33 req-91906221-28f2-4d3f-8aa0-424cb52e0d33 ] Request (HostsAdminTestJSON:tearDownClass): 204 DELETE http://10.180.1.21/identity/v3/projects/78834cd7dcd54c948f6adb3ff2004c8b 0.223s
2025-04-29 07:12:05.116 69617 INFO tempest.lib.common.rest_client [req-e05ffb46-9f1f-4ff7-831f-548c56753c45 req-e05ffb46-9f1f-4ff7-831f-548c56753c45 ] Request (ServerExternalEventsTest:test_create_server_external_events): 200 GET http://10.180.1.21/compute/v2.1/servers/69a5aaf1-a364-47ac-a4ec-e64159f94f29 2.351s
2025-04-29 07:12:05.120 69597 INFO tempest.lib.common.rest_client [req-d85c9e3f-8700-428f-8ed7-ba693544e5ec req-d85c9e3f-8700-428f-8ed7-ba693544e5ec ] Request (HypervisorAdminNegativeUnderV252Test:setUpClass): 200 GET http://10.180.1.21/identity/v3/roles 0.213s
2025-04-29 07:12:05.140 69605 INFO tempest.lib.common.rest_client [req-b67afbe8-a66b-41a0-bb49-8a59cb31c39d req-b67afbe8-a66b-41a0-bb49-8a59cb31c39d ] Request (ValidationResourcesFixture:setUp): 201 POST http://10.180.1.21:9696/networking/v2.0/security-group-rules 0.546s
2025-04-29 07:12:05.151 69615 INFO tempest.lib.common.rest_client [req-5de557a4-6147-4f31-8b67-adf2a8a09d46 req-5de557a4-6147-4f31-8b67-adf2a8a09d46 ] Request (ServicesAdminTestJSON:tearDownClass): 204 DELETE http://10.180.1.21/identity/v3/users/04cd25e3d5b2460cb2f9b03838fd4e88 0.218s
2025-04-29 07:12:05.152 69615 INFO tempest.lib.common.dynamic_creds [-] Deleting project and security group for project: 2eba186e1c914a3a9569e0eb7549d695
2025-04-29 07:12:05.185 69585 INFO tempest.lib.common.rest_client [req-52826f7b-6e47-4729-b14a-12054d19cb82 req-52826f7b-6e47-4729-b14a-12054d19cb82 ] Request (QuotasAdminTestV257:setUpClass): 201 POST http://10.180.1.21/identity/v3/auth/tokens 0.141s
2025-04-29 07:12:05.210 69615 INFO tempest.lib.common.rest_client [req-4973f260-821f-4c17-8a38-2d9fc0a9c8ba req-4973f260-821f-4c17-8a38-2d9fc0a9c8ba ] Request (ServicesAdminTestJSON:tearDownClass): 201 POST http://10.180.1.21/identity/v3/auth/tokens 0.058s
2025-04-29 07:12:05.238 69597 INFO tempest.lib.common.rest_client [req-8b462c10-df50-4038-97f7-4e5707093095 req-8b462c10-df50-4038-97f7-4e5707093095 ] Request (HypervisorAdminNegativeUnderV252Test:setUpClass): 204 PUT http://10.180.1.21/identity/v3/projects/413055589d1d4d6a83c70a28d11377c1/users/eb22230200604654a8d6dcf1389de110/roles/42e56ac737e34fb29054bc642c4b789c 0.117s
2025-04-29 07:12:05.238 69597 INFO tempest.lib.common.dynamic_creds [-] Dynamic test user eb22230200604654a8d6dcf1389de110 is created with scope project and roles: ['member']
2025-04-29 07:12:05.238 69597 INFO tempest.lib.common.dynamic_creds [-] Acquired dynamic creds: credentials: Credentials: {'domain_id': 'default', 'domain_name': 'Default', 'username': 'tempest-HypervisorAdminNegativeUnderV252Test-525829118-project-member', 'project_domain_id': 'default', 'project_domain_name': 'Default', 'project_id': '413055589d1d4d6a83c70a28d11377c1', 'project_name': 'tempest-HypervisorAdminNegativeUnderV252Test-525829118', 'tenant_id': '413055589d1d4d6a83c70a28d11377c1', 'tenant_name': 'tempest-HypervisorAdminNegativeUnderV252Test-525829118', 'user_domain_id': 'default', 'user_domain_name': 'Default', 'user_id': 'eb22230200604654a8d6dcf1389de110', 'system': None}, Network: None, Subnet: None, Router: None
2025-04-29 07:12:05.238 69597 INFO tempest.lib.common.dynamic_creds [-] Created isolated network resources for: credentials: Credentials: {'domain_id': 'default', 'domain_name': 'Default', 'username': 'tempest-HypervisorAdminNegativeUnderV252Test-525829118-project-member', 'project_domain_id': 'default', 'project_domain_name': 'Default', 'project_id': '413055589d1d4d6a83c70a28d11377c1', 'project_name': 'tempest-HypervisorAdminNegativeUnderV252Test-525829118', 'tenant_id': '413055589d1d4d6a83c70a28d11377c1', 'tenant_name': 'tempest-HypervisorAdminNegativeUnderV252Test-525829118', 'user_domain_id': 'default', 'user_domain_name': 'Default', 'user_id': 'eb22230200604654a8d6dcf1389de110', 'system': None}, Network: None, Subnet: None, Router: None
2025-04-29 07:12:05.254 69600 INFO tempest.lib.common.rest_client [req-42106c3d-569a-4a4d-a102-98c91852ceb5 req-42106c3d-569a-4a4d-a102-98c91852ceb5 ] Request (FloatingIPsTestJSON:tearDownClass): 204 DELETE http://10.180.1.21:9696/networking/v2.0/subnets/8042626b-9b3e-4663-8cfd-a7470bb10a59 0.506s
2025-04-29 07:12:05.257 69601 INFO tempest.lib.common.rest_client [req-bed8e332-2da1-48b2-a994-1901fa6aac05 req-bed8e332-2da1-48b2-a994-1901fa6aac05 ] Request (ListImageFiltersTestJSON:setUpClass): 200 GET http://10.180.1.21/compute/v2.1/servers/4a3b9e55-6e11-4191-8b8e-acf0a1472f66 1.866s
2025-04-29 07:12:05.277 69585 INFO tempest.lib.common.rest_client [req-4ff20938-7b6e-4e21-97e0-625ceaba7ef5 req-4ff20938-7b6e-4e21-97e0-625ceaba7ef5 ] Request (QuotasAdminTestV257:setUpClass): 201 POST http://10.180.1.21/identity/v3/auth/tokens 0.089s
2025-04-29 07:12:05.290 69613 INFO tempest.lib.common.rest_client [req-2a16a449-e234-4b9c-9152-41797261da04 req-2a16a449-e234-4b9c-9152-41797261da04 ] Request (FloatingIPsAssociationNegativeTestJSON:setUpClass): 200 GET http://10.180.1.21/compute/v2.1/servers/157a3e3c-50b6-4d40-96c7-72cd9caffb77 1.961s
2025-04-29 07:12:05.349 69585 INFO tempest.lib.common.rest_client [req-2a19fff6-ec4d-4b6e-a9da-feb66bbd27cd req-2a19fff6-ec4d-4b6e-a9da-feb66bbd27cd ] Request (QuotasAdminTestV257:setUpClass): 200 GET http://10.180.1.21/identity/v3/domains?name=Default 0.072s
2025-04-29 07:12:05.357 69621 INFO tempest.lib.common.rest_client [req-05a52729-d786-4087-8131-3086b3a3cee7 req-05a52729-d786-4087-8131-3086b3a3cee7 ] Request (ServerActionsTestOtherB:setUpClass): 200 GET http://10.180.1.21/compute/v2.1/servers/c020b49d-0484-4df0-bca9-44053f5210ae 1.650s
2025-04-29 07:12:05.359 69597 INFO tempest.lib.common.rest_client [req-89dd56f8-eaf5-4536-925f-cd1fc904b5dc req-89dd56f8-eaf5-4536-925f-cd1fc904b5dc ] Request (HypervisorAdminNegativeUnderV252Test:setUpClass): 201 POST http://10.180.1.21/identity/v3/auth/tokens 0.115s
2025-04-29 07:12:05.389 69585 INFO tempest.lib.common.rest_client [req-586b52ff-6474-4309-b57c-3962be1b8fbf req-586b52ff-6474-4309-b57c-3962be1b8fbf ] Request (QuotasAdminTestV257:setUpClass): 201 POST http://10.180.1.21/identity/v3/projects 0.039s
2025-04-29 07:12:05.399 69597 INFO tempest.lib.common.rest_client [req-a0dfdd43-2d18-40d8-a19d-59115d265a68 req-a0dfdd43-2d18-40d8-a19d-59115d265a68 ] Request (HypervisorAdminNegativeUnderV252Test:setUpClass): 201 POST http://10.180.1.21/identity/v3/projects 0.039s
2025-04-29 07:12:05.533 69585 INFO tempest.lib.common.rest_client [req-d681acbc-226b-4c1e-9309-986ee801ffb9 req-d681acbc-226b-4c1e-9309-986ee801ffb9 ] Request (QuotasAdminTestV257:setUpClass): 201 POST http://10.180.1.21/identity/v3/users 0.144s
2025-04-29 07:12:05.551 69597 INFO tempest.lib.common.rest_client [req-c78b6ba6-a118-418e-aa37-1fb4f584a341 req-c78b6ba6-a118-418e-aa37-1fb4f584a341 ] Request (HypervisorAdminNegativeUnderV252Test:setUpClass): 201 POST http://10.180.1.21/identity/v3/users 0.152s
2025-04-29 07:12:05.561 69605 INFO tempest.lib.common.rest_client [req-6e859418-88d0-44ff-bdc0-cbbaf51ea7e0 req-6e859418-88d0-44ff-bdc0-cbbaf51ea7e0 ] Request (ValidationResourcesFixture:setUp): 201 POST http://10.180.1.21:9696/networking/v2.0/security-group-rules 0.420s
2025-04-29 07:12:05.562 69585 INFO tempest.lib.common.rest_client [req-0dba4a7b-4445-411b-bfe8-eacad47f8eac req-0dba4a7b-4445-411b-bfe8-eacad47f8eac ] Request (QuotasAdminTestV257:setUpClass): 200 GET http://10.180.1.21/identity/v3/roles 0.028s
2025-04-29 07:12:05.577 69597 INFO tempest.lib.common.rest_client [req-99a4d359-65ea-4f6e-8dc2-a515e31fc70d req-99a4d359-65ea-4f6e-8dc2-a515e31fc70d ] Request (HypervisorAdminNegativeUnderV252Test:setUpClass): 200 GET http://10.180.1.21/identity/v3/roles 0.025s
2025-04-29 07:12:05.599 69565 INFO tempest.lib.common.rest_client [req-10b2288e-e3da-4569-837e-840f7c72a26d req-10b2288e-e3da-4569-837e-840f7c72a26d ] Request (ServersAdminTestJSON:setUpClass): 200 GET http://10.180.1.21/compute/v2.1/servers/ae7e0e6f-aac9-47fa-93d2-75f19702f708 1.676s
2025-04-29 07:12:05.603 69585 INFO tempest.lib.common.rest_client [req-79b27860-b87c-4c8d-9455-1c1938591435 req-79b27860-b87c-4c8d-9455-1c1938591435 ] Request (QuotasAdminTestV257:setUpClass): 204 PUT http://10.180.1.21/identity/v3/projects/0264bce5e2294e6a8ba39a753781b181/users/422d93c4eaeb43c89f8ee0e51cb4eb46/roles/42e56ac737e34fb29054bc642c4b789c 0.041s
2025-04-29 07:12:05.603 69585 INFO tempest.lib.common.dynamic_creds [-] Dynamic test user 422d93c4eaeb43c89f8ee0e51cb4eb46 is created with scope project and roles: ['member']
2025-04-29 07:12:05.603 69585 INFO tempest.lib.common.dynamic_creds [-] Acquired dynamic creds: credentials: Credentials: {'domain_id': 'default', 'domain_name': 'Default', 'username': 'tempest-QuotasAdminTestV257-183895306-project-member', 'project_domain_id': 'default', 'project_domain_name': 'Default', 'project_id': '0264bce5e2294e6a8ba39a753781b181', 'project_name': 'tempest-QuotasAdminTestV257-183895306', 'tenant_id': '0264bce5e2294e6a8ba39a753781b181', 'tenant_name': 'tempest-QuotasAdminTestV257-183895306', 'user_domain_id': 'default', 'user_domain_name': 'Default', 'user_id': '422d93c4eaeb43c89f8ee0e51cb4eb46', 'system': None}, Network: None, Subnet: None, Router: None
2025-04-29 07:12:05.603 69585 INFO tempest.lib.common.dynamic_creds [-] Created isolated network resources for: credentials: Credentials: {'domain_id': 'default', 'domain_name': 'Default', 'username': 'tempest-QuotasAdminTestV257-183895306-project-member', 'project_domain_id': 'default', 'project_domain_name': 'Default', 'project_id': '0264bce5e2294e6a8ba39a753781b181', 'project_name': 'tempest-QuotasAdminTestV257-183895306', 'tenant_id': '0264bce5e2294e6a8ba39a753781b181', 'tenant_name': 'tempest-QuotasAdminTestV257-183895306', 'user_domain_id': 'default', 'user_domain_name': 'Default', 'user_id': '422d93c4eaeb43c89f8ee0e51cb4eb46', 'system': None}, Network: None, Subnet: None, Router: None
2025-04-29 07:12:05.607 69565 INFO tempest.common.waiters [-] State transition "BUILD/networking" ==> "BUILD/spawning" after 10 second wait
2025-04-29 07:12:05.610 69597 INFO tempest.lib.common.rest_client [req-3bb2899e-bf5d-4682-800c-c7f8bcb88865 req-3bb2899e-bf5d-4682-800c-c7f8bcb88865 ] Request (HypervisorAdminNegativeUnderV252Test:setUpClass): 204 PUT http://10.180.1.21/identity/v3/projects/91968358c1594643bea150a48c17965a/users/fc3d459073a74d01a674787283a20e2d/roles/cce4b503aee0434bb1ff1e6643a8184a 0.032s
2025-04-29 07:12:05.626 69575 INFO tempest.lib.common.rest_client [req-b3bdc4b0-c6af-41f8-b11e-e9c8e1461e86 req-b3bdc4b0-c6af-41f8-b11e-e9c8e1461e86 ] Request (QuotasAdminTestV236:test_get_updated_quotas): 200 PUT http://10.180.1.21/compute/v2.1/os-quota-sets/2212ba1255c048dca379a64b66242964?user_id=f602b221fd6c4c058afbcf5a535c8ef9 1.643s
2025-04-29 07:12:05.674 69597 INFO tempest.lib.common.rest_client [req-8471debb-a85f-4bdb-a65d-123104d955ba req-8471debb-a85f-4bdb-a65d-123104d955ba ] Request (HypervisorAdminNegativeUnderV252Test:setUpClass): 200 GET http://10.180.1.21/identity/v3/roles 0.062s
2025-04-29 07:12:05.690 69585 INFO tempest.lib.common.rest_client [req-04fd4e6e-1eb6-48b9-862d-855b5b274173 req-04fd4e6e-1eb6-48b9-862d-855b5b274173 ] Request (QuotasAdminTestV257:setUpClass): 201 POST http://10.180.1.21/identity/v3/auth/tokens 0.081s
2025-04-29 07:12:05.698 69597 INFO tempest.lib.common.rest_client [req-43a874c5-61a6-4453-9a86-2f8bc25c1bde req-43a874c5-61a6-4453-9a86-2f8bc25c1bde ] Request (HypervisorAdminNegativeUnderV252Test:setUpClass): 204 PUT http://10.180.1.21/identity/v3/projects/91968358c1594643bea150a48c17965a/users/fc3d459073a74d01a674787283a20e2d/roles/cce4b503aee0434bb1ff1e6643a8184a 0.022s
2025-04-29 07:12:05.698 69597 INFO tempest.lib.common.dynamic_creds [-] Dynamic test user fc3d459073a74d01a674787283a20e2d is created with scope project and roles: ['admin']
2025-04-29 07:12:05.698 69597 INFO tempest.lib.common.dynamic_creds [-] Acquired dynamic creds: credentials: Credentials: {'domain_id': 'default', 'domain_name': 'Default', 'username': 'tempest-HypervisorAdminNegativeUnderV252Test-832036904-project-admin', 'project_domain_id': 'default', 'project_domain_name': 'Default', 'project_id': '91968358c1594643bea150a48c17965a', 'project_name': 'tempest-HypervisorAdminNegativeUnderV252Test-832036904', 'tenant_id': '91968358c1594643bea150a48c17965a', 'tenant_name': 'tempest-HypervisorAdminNegativeUnderV252Test-832036904', 'user_domain_id': 'default', 'user_domain_name': 'Default', 'user_id': 'fc3d459073a74d01a674787283a20e2d', 'system': None}, Network: None, Subnet: None, Router: None
2025-04-29 07:12:05.698 69597 INFO tempest.lib.common.dynamic_creds [-] Created isolated network resources for: credentials: Credentials: {'domain_id': 'default', 'domain_name': 'Default', 'username': 'tempest-HypervisorAdminNegativeUnderV252Test-832036904-project-admin', 'project_domain_id': 'default', 'project_domain_name': 'Default', 'project_id': '91968358c1594643bea150a48c17965a', 'project_name': 'tempest-HypervisorAdminNegativeUnderV252Test-832036904', 'tenant_id': '91968358c1594643bea150a48c17965a', 'tenant_name': 'tempest-HypervisorAdminNegativeUnderV252Test-832036904', 'user_domain_id': 'default', 'user_domain_name': 'Default', 'user_id': 'fc3d459073a74d01a674787283a20e2d', 'system': None}, Network: None, Subnet: None, Router: None
2025-04-29 07:12:05.698 69615 INFO tempest.lib.common.rest_client [req-3bbc5731-b0e9-4a9c-9f4b-6d32741ae6f2 req-3bbc5731-b0e9-4a9c-9f4b-6d32741ae6f2 ] Request (ServicesAdminTestJSON:tearDownClass): 200 GET http://10.180.1.21:9696/networking/v2.0/security-groups?tenant_id=2eba186e1c914a3a9569e0eb7549d695&name=default 0.488s
2025-04-29 07:12:05.760 69609 INFO tempest.lib.common.rest_client [req-2010342e-1d8c-4e26-9a57-29af36e44c78 req-2010342e-1d8c-4e26-9a57-29af36e44c78 ] Request (ServerDiagnosticsV248Test:test_get_server_diagnostics): 200 GET http://10.180.1.21/compute/v2.1/servers/f31d3f59-0fef-4b38-b071-a490318240af 1.709s
2025-04-29 07:12:05.761 69585 INFO tempest.lib.common.rest_client [req-b44a4e83-6cdc-4102-8311-39a5aecad9a1 req-b44a4e83-6cdc-4102-8311-39a5aecad9a1 ] Request (QuotasAdminTestV257:setUpClass): 201 POST http://10.180.1.21/identity/v3/projects 0.070s
2025-04-29 07:12:05.776 69597 INFO tempest.lib.common.rest_client [req-a779ffad-3a11-4f27-9918-609722e31507 req-a779ffad-3a11-4f27-9918-609722e31507 ] Request (HypervisorAdminNegativeUnderV252Test:setUpClass): 201 POST http://10.180.1.21/identity/v3/auth/tokens 0.075s
2025-04-29 07:12:05.824 69585 INFO tempest.lib.common.rest_client [req-2fe76a72-b798-458b-b36d-888248d721a6 req-2fe76a72-b798-458b-b36d-888248d721a6 ] Request (QuotasAdminTestV257:setUpClass): 201 POST http://10.180.1.21/identity/v3/users 0.063s
2025-04-29 07:12:05.842 69591 INFO tempest.lib.common.rest_client [req-c434c28a-764d-40ee-b400-2ecc1232e629 req-c434c28a-764d-40ee-b400-2ecc1232e629 ] Request (ServerActionsV293TestJSON:setUpClass): 200 PUT http://10.180.1.21:9696/networking/v2.0/routers/7b9d9794-5de0-4aea-b2fa-7fc4f20bd0c9/add_router_interface 3.772s
2025-04-29 07:12:05.843 69591 INFO tempest.lib.common.dynamic_creds [-] Created isolated network resources for: credentials: Credentials: {'domain_id': 'default', 'domain_name': 'Default', 'username': 'tempest-ServerActionsV293TestJSON-586000412-project-member', 'project_domain_id': 'default', 'project_domain_name': 'Default', 'project_id': '86db0af1d1c643dcb944e37f137e37f0', 'project_name': 'tempest-ServerActionsV293TestJSON-586000412', 'tenant_id': '86db0af1d1c643dcb944e37f137e37f0', 'tenant_name': 'tempest-ServerActionsV293TestJSON-586000412', 'user_domain_id': 'default', 'user_domain_name': 'Default', 'user_id': 'c98cb0f9d02c40ad84bec9657101b906', 'system': None}, Network: {'id': '27a9eea6-fb02-4440-8dbe-78a5875e3573', 'name': 'tempest-ServerActionsV293TestJSON-1757587569-network', 'tenant_id': '86db0af1d1c643dcb944e37f137e37f0', 'admin_state_up': True, 'mtu': 8950, 'status': 'ACTIVE', 'subnets': [], 'shared': False, 'project_id': '86db0af1d1c643dcb944e37f137e37f0', 'port_security_enabled': True, 'router:external': False, 'provider:network_type': 'vlan', 'provider:physical_network': 'default', 'provider:segmentation_id': 410, 'availability_zone_hints': [], 'availability_zones': [], 'ipv4_address_scope': None, 'ipv6_address_scope': None, 'description': '', 'tags': [], 'created_at': '2025-04-29T07:11:57Z', 'updated_at': '2025-04-29T07:11:57Z', 'revision_number': 1}, Subnet: {'id': 'd454dab0-0e9a-4fa7-a894-6ff9b2bf558e', 'name': 'tempest-ServerActionsV293TestJSON-1757587569-subnet', 'tenant_id': '86db0af1d1c643dcb944e37f137e37f0', 'network_id': '27a9eea6-fb02-4440-8dbe-78a5875e3573', 'ip_version': 4, 'subnetpool_id': None, 'enable_dhcp': True, 'ipv6_ra_mode': None, 'ipv6_address_mode': None, 'gateway_ip': '192.168.128.1', 'cidr': '192.168.128.0/28', 'allocation_pools': [{'start': '192.168.128.2', 'end': '192.168.128.14'}], 'host_routes': [], 'dns_nameservers': [], 'description': '', 'router:external': False, 'service_types': [], 'tags': [], 'created_at': '2025-04-29T07:11:58Z', 'updated_at': '2025-04-29T07:11:58Z', 'revision_number': 0, 'project_id': '86db0af1d1c643dcb944e37f137e37f0'}, Router: {'id': '7b9d9794-5de0-4aea-b2fa-7fc4f20bd0c9', 'name': 'tempest-ServerActionsV293TestJSON-1757587569-router', 'tenant_id': '86db0af1d1c643dcb944e37f137e37f0', 'admin_state_up': True, 'status': 'ACTIVE', 'external_gateway_info': {'network_id': 'cd95f605-6626-43f2-994d-d92396cd0639', 'external_fixed_ips': [{'subnet_id': '18fdf708-4ce9-48db-8d8f-1a4d4ae9fb7a', 'ip_address': '10.180.180.137'}], 'enable_snat': True}, 'description': '', 'availability_zones': [], 'distributed': False, 'ha': False, 'availability_zone_hints': [], 'routes': [], 'flavor_id': None, 'tags': [], 'created_at': '2025-04-29T07:11:59Z', 'updated_at': '2025-04-29T07:12:01Z', 'revision_number': 2, 'project_id': '86db0af1d1c643dcb944e37f137e37f0'}
2025-04-29 07:12:05.849 69585 INFO tempest.lib.common.rest_client [req-65a08eb0-8027-4347-84cc-569470fe286c req-65a08eb0-8027-4347-84cc-569470fe286c ] Request (QuotasAdminTestV257:setUpClass): 200 GET http://10.180.1.21/identity/v3/roles 0.024s
2025-04-29 07:12:05.879 69585 INFO tempest.lib.common.rest_client [req-f49da272-c6fb-4632-9ed4-6ea3e6500991 req-f49da272-c6fb-4632-9ed4-6ea3e6500991 ] Request (QuotasAdminTestV257:setUpClass): 204 PUT http://10.180.1.21/identity/v3/projects/c1d7606fcaea4e0c9a2bf436141977e1/users/b496b4d71d0a4b21be650a65a2ce34f6/roles/cce4b503aee0434bb1ff1e6643a8184a 0.029s
2025-04-29 07:12:05.880 69615 INFO tempest.lib.common.rest_client [req-ff60f253-8629-4e2e-a493-4c102b26b6fc req-ff60f253-8629-4e2e-a493-4c102b26b6fc ] Request (ServicesAdminTestJSON:tearDownClass): 204 DELETE http://10.180.1.21:9696/networking/v2.0/security-groups/e2fd07b9-1547-4e6a-a231-d9a39ebb2be5 0.180s
2025-04-29 07:12:05.900 69569 INFO tempest.lib.common.rest_client [req-bd4c41bd-c980-4506-9e45-9c2eeb590002 req-bd4c41bd-c980-4506-9e45-9c2eeb590002 ] Request (ServerDiagnosticsNegativeTest:test_get_server_diagnostics_by_non_admin): 200 GET http://10.180.1.21/compute/v2.1/servers/a6d2089f-ea74-4565-a76c-f8d6606445f6 1.801s
2025-04-29 07:12:05.930 69591 INFO tempest.lib.common.rest_client [req-7875f54d-3b96-41de-a42c-f13f8c775a47 req-7875f54d-3b96-41de-a42c-f13f8c775a47 ] Request (ServerActionsV293TestJSON:setUpClass): 201 POST http://10.180.1.21/identity/v3/auth/tokens 0.084s
2025-04-29 07:12:05.956 69585 INFO tempest.lib.common.rest_client [req-8aed989a-a5f3-43af-8fdb-45f2b5d3f3ac req-8aed989a-a5f3-43af-8fdb-45f2b5d3f3ac ] Request (QuotasAdminTestV257:setUpClass): 200 GET http://10.180.1.21/identity/v3/roles 0.077s
2025-04-29 07:12:06.017 69615 INFO tempest.lib.common.rest_client [req-19b9a4f3-ab1d-4c62-b3a2-1a727ea70031 req-19b9a4f3-ab1d-4c62-b3a2-1a727ea70031 ] Request (ServicesAdminTestJSON:tearDownClass): 204 DELETE http://10.180.1.21/identity/v3/projects/2eba186e1c914a3a9569e0eb7549d695 0.135s
2025-04-29 07:12:06.018 69615 INFO tempest.lib.common.dynamic_creds [-] Deleting project and security group for project: 726e5798e68b4312b036dbf27bb00ee7
2025-04-29 07:12:06.084 69585 INFO tempest.lib.common.rest_client [req-952a07fc-d0c3-4e61-9418-8d291894d911 req-952a07fc-d0c3-4e61-9418-8d291894d911 ] Request (QuotasAdminTestV257:setUpClass): 204 PUT http://10.180.1.21/identity/v3/projects/c1d7606fcaea4e0c9a2bf436141977e1/users/b496b4d71d0a4b21be650a65a2ce34f6/roles/cce4b503aee0434bb1ff1e6643a8184a 0.127s
2025-04-29 07:12:06.084 69585 INFO tempest.lib.common.dynamic_creds [-] Dynamic test user b496b4d71d0a4b21be650a65a2ce34f6 is created with scope project and roles: ['admin']
2025-04-29 07:12:06.084 69585 INFO tempest.lib.common.dynamic_creds [-] Acquired dynamic creds: credentials: Credentials: {'domain_id': 'default', 'domain_name': 'Default', 'username': 'tempest-QuotasAdminTestV257-1144478002-project-admin', 'project_domain_id': 'default', 'project_domain_name': 'Default', 'project_id': 'c1d7606fcaea4e0c9a2bf436141977e1', 'project_name': 'tempest-QuotasAdminTestV257-1144478002', 'tenant_id': 'c1d7606fcaea4e0c9a2bf436141977e1', 'tenant_name': 'tempest-QuotasAdminTestV257-1144478002', 'user_domain_id': 'default', 'user_domain_name': 'Default', 'user_id': 'b496b4d71d0a4b21be650a65a2ce34f6', 'system': None}, Network: None, Subnet: None, Router: None
2025-04-29 07:12:06.084 69585 INFO tempest.lib.common.dynamic_creds [-] Created isolated network resources for: credentials: Credentials: {'domain_id': 'default', 'domain_name': 'Default', 'username': 'tempest-QuotasAdminTestV257-1144478002-project-admin', 'project_domain_id': 'default', 'project_domain_name': 'Default', 'project_id': 'c1d7606fcaea4e0c9a2bf436141977e1', 'project_name': 'tempest-QuotasAdminTestV257-1144478002', 'tenant_id': 'c1d7606fcaea4e0c9a2bf436141977e1', 'tenant_name': 'tempest-QuotasAdminTestV257-1144478002', 'user_domain_id': 'default', 'user_domain_name': 'Default', 'user_id': 'b496b4d71d0a4b21be650a65a2ce34f6', 'system': None}, Network: None, Subnet: None, Router: None
2025-04-29 07:12:06.135 69571 INFO tempest.lib.common.rest_client [req-9f41495d-1048-47d3-8f0c-d5966b094a10 req-9f41495d-1048-47d3-8f0c-d5966b094a10 ] Request (ServicesAdminNegativeV253TestJSON:test_disable_log_reason_with_invalid_service_id): 404 PUT http://10.180.1.21/compute/v2.1/os-services/9fd2acf7-eaf6-4b3c-a180-39262a326931 1.845s
2025-04-29 07:12:06.174 69585 INFO tempest.lib.common.rest_client [req-6521813e-ed04-4507-82c3-6251709e08be req-6521813e-ed04-4507-82c3-6251709e08be ] Request (QuotasAdminTestV257:setUpClass): 201 POST http://10.180.1.21/identity/v3/auth/tokens 0.087s
2025-04-29 07:12:06.175 69585 WARNING tempest.lib.common.rest_client [-] Deprecated: "tenant_id" property is deprecated for removal, use "project_id" instead
2025-04-29 07:12:06.197 69615 INFO tempest.lib.common.rest_client [req-a5fd9018-6c52-455e-b5f1-bf56764438cd req-a5fd9018-6c52-455e-b5f1-bf56764438cd ] Request (ServicesAdminTestJSON:tearDownClass): 200 GET http://10.180.1.21:9696/networking/v2.0/security-groups?tenant_id=726e5798e68b4312b036dbf27bb00ee7&name=default 0.179s
2025-04-29 07:12:06.326 69605 INFO tempest.lib.common.rest_client [req-30d7202f-c537-4b77-b9c9-ced477dacd92 req-30d7202f-c537-4b77-b9c9-ced477dacd92 ] Request (ValidationResourcesFixture:setUp): 201 POST http://10.180.1.21:9696/networking/v2.0/floatingips 0.765s
2025-04-29 07:12:06.346 69615 INFO tempest.lib.common.rest_client [req-62664e9d-d359-49d5-bab6-ebf8fd2a75de req-62664e9d-d359-49d5-bab6-ebf8fd2a75de ] Request (ServicesAdminTestJSON:tearDownClass): 204 DELETE http://10.180.1.21:9696/networking/v2.0/security-groups/3aa9e9c9-4670-4cba-8e59-683bcd46e373 0.149s
2025-04-29 07:12:06.401 69605 INFO tempest.lib.common.rest_client [req-f33661aa-0127-44fe-8f1d-1e85a2819e86 req-f33661aa-0127-44fe-8f1d-1e85a2819e86 ] Request (ServersWithSpecificFlavorTestJSON:test_verify_created_server_ephemeral_disk): 201 POST http://10.180.1.21/identity/v3/auth/tokens 0.071s
2025-04-29 07:12:06.402 69605 INFO tempest.lib.common.fixed_network [-] (ServersWithSpecificFlavorTestJSON:test_verify_created_server_ephemeral_disk) Found network {'id': 'e83716d1-67b9-4b0b-994d-7895796db237', 'name': 'tempest-ServersWithSpecificFlavorTestJSON-118267392-network', 'tenant_id': 'af1f2be2cf604fafa89e46646ad82c22', 'admin_state_up': True, 'mtu': 8950, 'status': 'ACTIVE', 'subnets': [], 'shared': False, 'project_id': 'af1f2be2cf604fafa89e46646ad82c22', 'port_security_enabled': True, 'router:external': False, 'provider:network_type': 'vlan', 'provider:physical_network': 'default', 'provider:segmentation_id': 40, 'availability_zone_hints': [], 'availability_zones': [], 'ipv4_address_scope': None, 'ipv6_address_scope': None, 'description': '', 'tags': [], 'created_at': '2025-04-29T07:11:39Z', 'updated_at': '2025-04-29T07:11:39Z', 'revision_number': 1} available for tenant
2025-04-29 07:12:06.464 69573 INFO tempest.lib.common.rest_client [req-19fccb83-35e9-4617-8775-03380a9786c9 req-19fccb83-35e9-4617-8775-03380a9786c9 ] Request (ImagesOneServerNegativeTestJSON:setUpClass): 200 PUT http://10.180.1.21:9696/networking/v2.0/routers/ff049f28-739d-44fe-98c6-24b10136f4bc/add_router_interface 5.637s
2025-04-29 07:12:06.464 69573 INFO tempest.lib.common.dynamic_creds [-] Created isolated network resources for: credentials: Credentials: {'domain_id': 'default', 'domain_name': 'Default', 'username': 'tempest-ImagesOneServerNegativeTestJSON-1397179055-project-member', 'project_domain_id': 'default', 'project_domain_name': 'Default', 'project_id': '01c9ee5563fd4ed486c006b208f3dd60', 'project_name': 'tempest-ImagesOneServerNegativeTestJSON-1397179055', 'tenant_id': '01c9ee5563fd4ed486c006b208f3dd60', 'tenant_name': 'tempest-ImagesOneServerNegativeTestJSON-1397179055', 'user_domain_id': 'default', 'user_domain_name': 'Default', 'user_id': '6925730dcc9047c39d385be46a1c34d6', 'system': None}, Network: {'id': 'cda542da-3ca7-47ec-b0aa-c926b1bf077e', 'name': 'tempest-ImagesOneServerNegativeTestJSON-1329232610-network', 'tenant_id': '01c9ee5563fd4ed486c006b208f3dd60', 'admin_state_up': True, 'mtu': 8950, 'status': 'ACTIVE', 'subnets': [], 'shared': False, 'project_id': '01c9ee5563fd4ed486c006b208f3dd60', 'port_security_enabled': True, 'router:external': False, 'provider:network_type': 'vlan', 'provider:physical_network': 'default', 'provider:segmentation_id': 958, 'availability_zone_hints': [], 'availability_zones': [], 'ipv4_address_scope': None, 'ipv6_address_scope': None, 'description': '', 'tags': [], 'created_at': '2025-04-29T07:11:55Z', 'updated_at': '2025-04-29T07:11:55Z', 'revision_number': 1}, Subnet: {'id': '61da0db6-ea94-4a7f-bc9f-23be10132421', 'name': 'tempest-ImagesOneServerNegativeTestJSON-1329232610-subnet', 'tenant_id': '01c9ee5563fd4ed486c006b208f3dd60', 'network_id': 'cda542da-3ca7-47ec-b0aa-c926b1bf077e', 'ip_version': 4, 'subnetpool_id': None, 'enable_dhcp': True, 'ipv6_ra_mode': None, 'ipv6_address_mode': None, 'gateway_ip': '192.168.128.1', 'cidr': '192.168.128.0/28', 'allocation_pools': [{'start': '192.168.128.2', 'end': '192.168.128.14'}], 'host_routes': [], 'dns_nameservers': [], 'description': '', 'router:external': False, 'service_types': [], 'tags': [], 'created_at': '2025-04-29T07:11:56Z', 'updated_at': '2025-04-29T07:11:56Z', 'revision_number': 0, 'project_id': '01c9ee5563fd4ed486c006b208f3dd60'}, Router: {'id': 'ff049f28-739d-44fe-98c6-24b10136f4bc', 'name': 'tempest-ImagesOneServerNegativeTestJSON-1329232610-router', 'tenant_id': '01c9ee5563fd4ed486c006b208f3dd60', 'admin_state_up': True, 'status': 'ACTIVE', 'external_gateway_info': {'network_id': 'cd95f605-6626-43f2-994d-d92396cd0639', 'external_fixed_ips': [{'subnet_id': '18fdf708-4ce9-48db-8d8f-1a4d4ae9fb7a', 'ip_address': '10.180.180.219'}], 'enable_snat': True}, 'description': '', 'availability_zones': [], 'distributed': False, 'ha': False, 'availability_zone_hints': [], 'routes': [], 'flavor_id': None, 'tags': [], 'created_at': '2025-04-29T07:11:57Z', 'updated_at': '2025-04-29T07:11:58Z', 'revision_number': 2, 'project_id': '01c9ee5563fd4ed486c006b208f3dd60'}
2025-04-29 07:12:06.488 69615 INFO tempest.lib.common.rest_client [req-34d50106-d084-4d9b-943f-cfb3594f7f87 req-34d50106-d084-4d9b-943f-cfb3594f7f87 ] Request (ServicesAdminTestJSON:tearDownClass): 204 DELETE http://10.180.1.21/identity/v3/projects/726e5798e68b4312b036dbf27bb00ee7 0.141s
2025-04-29 07:12:06.562 69573 INFO tempest.lib.common.rest_client [req-0d79cd3c-b66e-4829-a61e-251a12609fb7 req-0d79cd3c-b66e-4829-a61e-251a12609fb7 ] Request (ImagesOneServerNegativeTestJSON:setUpClass): 201 POST http://10.180.1.21/identity/v3/auth/tokens 0.091s
2025-04-29 07:12:06.597 69573 INFO tempest.lib.common.rest_client [req-3446e089-b62f-4317-b0e9-c759800c8610 req-3446e089-b62f-4317-b0e9-c759800c8610 ] Request (ImagesOneServerNegativeTestJSON:setUpClass): 201 POST http://10.180.1.21/identity/v3/auth/tokens 0.030s
2025-04-29 07:12:06.597 69573 INFO tempest.lib.common.fixed_network [-] (ImagesOneServerNegativeTestJSON:setUpClass) Found network {'id': 'cda542da-3ca7-47ec-b0aa-c926b1bf077e', 'name': 'tempest-ImagesOneServerNegativeTestJSON-1329232610-network', 'tenant_id': '01c9ee5563fd4ed486c006b208f3dd60', 'admin_state_up': True, 'mtu': 8950, 'status': 'ACTIVE', 'subnets': [], 'shared': False, 'project_id': '01c9ee5563fd4ed486c006b208f3dd60', 'port_security_enabled': True, 'router:external': False, 'provider:network_type': 'vlan', 'provider:physical_network': 'default', 'provider:segmentation_id': 958, 'availability_zone_hints': [], 'availability_zones': [], 'ipv4_address_scope': None, 'ipv6_address_scope': None, 'description': '', 'tags': [], 'created_at': '2025-04-29T07:11:55Z', 'updated_at': '2025-04-29T07:11:55Z', 'revision_number': 1} available for tenant
2025-04-29 07:12:06.642 69600 INFO tempest.lib.common.rest_client [req-5f267352-df59-4b77-9e98-c757200bc4c7 req-5f267352-df59-4b77-9e98-c757200bc4c7 ] Request (FloatingIPsTestJSON:tearDownClass): 204 DELETE http://10.180.1.21:9696/networking/v2.0/networks/2616bd13-bca8-4e87-a3eb-b817a203f900 1.387s
2025-04-29 07:12:06.649 69615 INFO tempest.lib.common.rest_client [req-4196bccf-e74b-4512-90d4-448f7bb9ea3c req-4196bccf-e74b-4512-90d4-448f7bb9ea3c ] Request (ServicesAdminNegativeTestJSON:setUpClass): 201 POST http://10.180.1.21/identity/v3/auth/tokens 0.158s
2025-04-29 07:12:06.692 69615 INFO tempest.lib.common.rest_client [req-8b333518-ee81-4f8d-9877-ea074fa91072 req-8b333518-ee81-4f8d-9877-ea074fa91072 ] Request (ServicesAdminNegativeTestJSON:setUpClass): 201 POST http://10.180.1.21/identity/v3/auth/tokens 0.040s
2025-04-29 07:12:06.738 69600 INFO tempest.lib.common.rest_client [req-2302e665-ec63-4ce0-860a-00c075fea4c9 req-2302e665-ec63-4ce0-860a-00c075fea4c9 ] Request (FloatingIPsTestJSON:tearDownClass): 204 DELETE http://10.180.1.21/identity/v3/users/a17b6810ea1b4b5b89d47bbddeeb53a0 0.096s
2025-04-29 07:12:06.738 69600 INFO tempest.lib.common.dynamic_creds [-] Deleting project and security group for project: 3d4cf9f053ce49018b71ad260bd42648
2025-04-29 07:12:06.766 69615 INFO tempest.lib.common.rest_client [req-0715a058-61d8-472b-99fa-f037167c7db5 req-0715a058-61d8-472b-99fa-f037167c7db5 ] Request (ServicesAdminNegativeTestJSON:setUpClass): 200 GET http://10.180.1.21/identity/v3/domains?name=Default 0.073s
2025-04-29 07:12:06.770 69600 INFO tempest.lib.common.rest_client [req-204d5c80-ef71-402b-a378-353868a01ca0 req-204d5c80-ef71-402b-a378-353868a01ca0 ] Request (FloatingIPsTestJSON:tearDownClass): 200 GET http://10.180.1.21:9696/networking/v2.0/security-groups?tenant_id=3d4cf9f053ce49018b71ad260bd42648&name=default 0.031s
2025-04-29 07:12:06.802 69603 INFO tempest.lib.common.rest_client [req-df473fb0-6431-4c3d-bf7b-a3d77720f7b8 req-df473fb0-6431-4c3d-bf7b-a3d77720f7b8 ] Request (ServersAdminNegativeTestJSON:setUpClass): 200 GET http://10.180.1.21/compute/v2.1/servers/16a6f8fe-7c7d-4304-aca9-59fb2d4b6d04 2.336s
2025-04-29 07:12:06.826 69583 INFO tempest.lib.common.rest_client [req-075f932d-847d-4140-8135-f348ce1b8b40 req-075f932d-847d-4140-8135-f348ce1b8b40 ] Request (FlavorsExtraSpecsNegativeTestJSON:tearDownClass): 202 DELETE http://10.180.1.21/compute/v2.1/flavors/1907524001 2.244s
2025-04-29 07:12:06.850 69615 INFO tempest.lib.common.rest_client [req-9f637f73-d366-4548-96f4-3ab545610bb7 req-9f637f73-d366-4548-96f4-3ab545610bb7 ] Request (ServicesAdminNegativeTestJSON:setUpClass): 201 POST http://10.180.1.21/identity/v3/projects 0.083s
2025-04-29 07:12:06.855 69600 INFO tempest.lib.common.rest_client [req-ef7c5265-79ea-418b-8315-6db287afec82 req-ef7c5265-79ea-418b-8315-6db287afec82 ] Request (FloatingIPsTestJSON:tearDownClass): 204 DELETE http://10.180.1.21:9696/networking/v2.0/security-groups/fe9c02a0-6c2c-441a-9b3c-a71a02b07c4b 0.085s
2025-04-29 07:12:06.927 69615 INFO tempest.lib.common.rest_client [req-bde3dfe4-fc34-4de4-adcf-594d9c348e79 req-bde3dfe4-fc34-4de4-adcf-594d9c348e79 ] Request (ServicesAdminNegativeTestJSON:setUpClass): 201 POST http://10.180.1.21/identity/v3/users 0.076s
2025-04-29 07:12:07.006 69600 INFO tempest.lib.common.rest_client [req-42ed46fb-96f3-4923-af5c-5853a5d8cf0a req-42ed46fb-96f3-4923-af5c-5853a5d8cf0a ] Request (FloatingIPsTestJSON:tearDownClass): 204 DELETE http://10.180.1.21/identity/v3/projects/3d4cf9f053ce49018b71ad260bd42648 0.150s
2025-04-29 07:12:07.015 69607 INFO tempest.lib.common.rest_client [req-fa0c5642-2236-45b0-bca2-f34e0dd0e5f9 req-fa0c5642-2236-45b0-bca2-f34e0dd0e5f9 ] Request (VolumesAssistedSnapshotsTest:test_volume_assisted_snapshot_create_delete): 202 POST http://10.180.1.21/compute/v2.1/servers 2.943s
2025-04-29 07:12:07.017 69623 INFO tempest.lib.common.rest_client [req-a16781d8-bb2b-4439-94ec-fbb3dd46db33 req-a16781d8-bb2b-4439-94ec-fbb3dd46db33 ] Request (FlavorsAccessNegativeTestJSON:test_flavor_non_admin_add): 403 POST http://10.180.1.21/compute/v2.1/flavors/398921581/action 2.408s
2025-04-29 07:12:07.025 69629 INFO tempest.lib.common.rest_client [req-5f323f68-e213-490c-a693-ddf7cc3f058c req-5f323f68-e213-490c-a693-ddf7cc3f058c ] Request (KeyPairsV22TestJSON:test_keypairsv22_create_list_show_with_type): 200 GET http://10.180.1.21/compute/v2.1/os-keypairs 2.400s
2025-04-29 07:12:07.040 69567 INFO tempest.lib.common.rest_client [req-9dfad6d0-2abb-4278-a9df-2fd85a118f04 req-9dfad6d0-2abb-4278-a9df-2fd85a118f04 ] Request (HostsAdminNegativeTestJSON:test_update_host_with_non_admin_user): 403 PUT http://10.180.1.21/compute/v2.1/os-hosts/devstack 2.315s
2025-04-29 07:12:07.056 69582 INFO tempest.lib.common.rest_client [req-7864663f-1fa5-4bae-8d35-b3f9fcefbfb3 req-7864663f-1fa5-4bae-8d35-b3f9fcefbfb3 ] Request (FlavorsExtraSpecsTestJSON:tearDownClass): 202 DELETE http://10.180.1.21/compute/v2.1/flavors/1808646972 2.262s
2025-04-29 07:12:07.057 69611 INFO tempest.lib.common.rest_client [req-1e087baf-75a8-4100-a185-46f5a9015005 req-1e087baf-75a8-4100-a185-46f5a9015005 ] Request (AggregatesAdminNegativeTestJSON:_run_cleanups): 200 DELETE http://10.180.1.21/compute/v2.1/os-aggregates/3 2.342s
2025-04-29 07:12:07.086 69587 INFO tempest.lib.common.rest_client [req-049b6c6a-a07c-4ce7-95ae-b9bcad3402a9 req-049b6c6a-a07c-4ce7-95ae-b9bcad3402a9 ] Request (FlavorsAdminTestJSON:_run_cleanups): 200 GET http://10.180.1.21/compute/v2.1/flavors/detail 2.268s
2025-04-29 07:12:07.112 69615 INFO tempest.lib.common.rest_client [req-e4b93405-958b-439a-af56-f5049d998762 req-e4b93405-958b-439a-af56-f5049d998762 ] Request (ServicesAdminNegativeTestJSON:setUpClass): 200 GET http://10.180.1.21/identity/v3/roles 0.185s
2025-04-29 07:12:07.123 69600 INFO tempest.lib.common.rest_client [req-a34cd04e-e927-4134-a7e9-768c5a0208ca req-a34cd04e-e927-4134-a7e9-768c5a0208ca ] Request (ImagesNegativeTestJSON:setUpClass): 201 POST http://10.180.1.21/identity/v3/auth/tokens 0.113s
2025-04-29 07:12:07.167 69615 INFO tempest.lib.common.rest_client [req-1e2f852e-61d6-4b6a-b5b8-532bd6c403fe req-1e2f852e-61d6-4b6a-b5b8-532bd6c403fe ] Request (ServicesAdminNegativeTestJSON:setUpClass): 204 PUT http://10.180.1.21/identity/v3/projects/53fc0a00574e4cadba93aa93017b0afa/users/f3d115f9daa941fd90285365dbb89cf4/roles/42e56ac737e34fb29054bc642c4b789c 0.055s
2025-04-29 07:12:07.168 69615 INFO tempest.lib.common.dynamic_creds [-] Dynamic test user f3d115f9daa941fd90285365dbb89cf4 is created with scope project and roles: ['member']
