2025-04-29 07:11:59.637 69595 INFO tempest.lib.common.dynamic_creds [-] Created isolated network resources for: credentials: Credentials: {'domain_id': 'default', 'domain_name': 'Default', 'username': 'tempest-FloatingIPsAssociationTestJSON-1554317950-project-member', 'project_domain_id': 'default', 'project_domain_name': 'Default', 'project_id': 'cfbde41d6f50486ca94a56d6fef91261', 'project_name': 'tempest-FloatingIPsAssociationTestJSON-1554317950', 'tenant_id': 'cfbde41d6f50486ca94a56d6fef91261', 'tenant_name': 'tempest-FloatingIPsAssociationTestJSON-1554317950', 'user_domain_id': 'default', 'user_domain_name': 'Default', 'user_id': 'cf8d5c0b295b498c8ab804f779177251', 'system': None}, Network: {'id': '262199db-07ec-45ca-99b4-e2e7e019d3b4', 'name': 'tempest-FloatingIPsAssociationTestJSON-1045526678-network', 'tenant_id': 'cfbde41d6f50486ca94a56d6fef91261', 'admin_state_up': True, 'mtu': 8950, 'status': 'ACTIVE', 'subnets': [], 'shared': False, 'project_id': 'cfbde41d6f50486ca94a56d6fef91261', 'port_security_enabled': True, 'router:external': False, 'provider:network_type': 'vlan', 'provider:physical_network': 'default', 'provider:segmentation_id': 862, 'availability_zone_hints': [], 'availability_zones': [], 'ipv4_address_scope': None, 'ipv6_address_scope': None, 'description': '', 'tags': [], 'created_at': '2025-04-29T07:11:53Z', 'updated_at': '2025-04-29T07:11:53Z', 'revision_number': 1}, Subnet: {'id': 'a614667e-258c-4e5b-8174-b9fefd1952f4', 'name': 'tempest-FloatingIPsAssociationTestJSON-1045526678-subnet', 'tenant_id': 'cfbde41d6f50486ca94a56d6fef91261', 'network_id': '262199db-07ec-45ca-99b4-e2e7e019d3b4', 'ip_version': 4, 'subnetpool_id': None, 'enable_dhcp': True, 'ipv6_ra_mode': None, 'ipv6_address_mode': None, 'gateway_ip': '192.168.128.1', 'cidr': '192.168.128.0/28', 'allocation_pools': [{'start': '192.168.128.2', 'end': '192.168.128.14'}], 'host_routes': [], 'dns_nameservers': [], 'description': '', 'router:external': False, 'service_types': [], 'tags': [], 'created_at': '2025-04-29T07:11:53Z', 'updated_at': '2025-04-29T07:11:53Z', 'revision_number': 0, 'project_id': 'cfbde41d6f50486ca94a56d6fef91261'}, Router: {'id': '723ba707-0550-4fad-80bb-d513aa56d419', 'name': 'tempest-FloatingIPsAssociationTestJSON-1045526678-router', 'tenant_id': 'cfbde41d6f50486ca94a56d6fef91261', 'admin_state_up': True, 'status': 'ACTIVE', 'external_gateway_info': {'network_id': 'cd95f605-6626-43f2-994d-d92396cd0639', 'external_fixed_ips': [{'subnet_id': '18fdf708-4ce9-48db-8d8f-1a4d4ae9fb7a', 'ip_address': '10.180.180.187'}], 'enable_snat': True}, 'description': '', 'availability_zones': [], 'distributed': False, 'ha': False, 'availability_zone_hints': [], 'routes': [], 'flavor_id': None, 'tags': [], 'created_at': '2025-04-29T07:11:54Z', 'updated_at': '2025-04-29T07:11:54Z', 'revision_number': 2, 'project_id': 'cfbde41d6f50486ca94a56d6fef91261'}
2025-04-29 07:11:59.698 69565 INFO tempest.lib.common.rest_client [req-be476677-aa69-45a4-b138-1184ee0e5b2f req-be476677-aa69-45a4-b138-1184ee0e5b2f ] Request (ServersAdminTestJSON:setUpClass): 200 GET http://10.180.1.21/compute/v2.1/servers/ae7e0e6f-aac9-47fa-93d2-75f19702f708 0.750s
2025-04-29 07:11:59.708 69629 INFO tempest.lib.common.rest_client [req-26cac9df-267b-49ef-b50a-5fdd62e1fe82 req-26cac9df-267b-49ef-b50a-5fdd62e1fe82 ] Request (KeyPairsV22TestJSON:test_keypairsv22_create_list_show): 200 GET http://10.180.1.21/compute/v2.1/os-keypairs 0.757s
2025-04-29 07:11:59.720 69575 INFO tempest.lib.common.rest_client [req-e2be2e02-4774-4723-91b9-4d1c2cb185c5 req-e2be2e02-4774-4723-91b9-4d1c2cb185c5 ] Request (QuotasAdminTestV236:test_get_updated_quotas): 200 GET http://10.180.1.21/identity/v3/domains?name=Default 0.224s
2025-04-29 07:11:59.748 69611 INFO tempest.lib.common.rest_client [req-2da16085-373b-4e26-bb3f-4acb70d54e16 req-2da16085-373b-4e26-bb3f-4acb70d54e16 ] Request (AggregatesAdminNegativeTestJSON:test_aggregate_add_host_as_user): 403 POST http://10.180.1.21/compute/v2.1/os-aggregates/2/action 0.860s
2025-04-29 07:11:59.782 69569 INFO tempest.lib.common.rest_client [req-fbc0bdba-c5f4-4526-9979-2dfffa0eb21c req-fbc0bdba-c5f4-4526-9979-2dfffa0eb21c ] Request (ServerDiagnosticsNegativeTest:test_get_server_diagnostics_by_non_admin): 200 GET http://10.180.1.21/compute/v2.1/servers/a6d2089f-ea74-4565-a76c-f8d6606445f6 0.829s
2025-04-29 07:11:59.801 69589 INFO tempest.lib.common.rest_client [req-94d98341-f490-46f5-b7b4-2c63ae5f1630 req-94d98341-f490-46f5-b7b4-2c63ae5f1630 ] Request (QuotasAdminTestJSON:setUpClass): 201 POST http://10.180.1.21/identity/v3/users 0.201s
2025-04-29 07:11:59.811 69600 INFO tempest.lib.common.rest_client [req-75f13647-965d-4604-aebf-7a35c4f6d22d req-75f13647-965d-4604-aebf-7a35c4f6d22d ] Request (FloatingIPsTestJSON:_run_cleanups): 404 DELETE http://10.180.1.21/compute/v2.1/os-floating-ips/4923493d-7b7c-406d-b81f-c9078147c307 0.595s
2025-04-29 07:11:59.829 69625 INFO tempest.lib.common.rest_client [req-42841a49-82b0-4d04-8896-1081324f1f4b req-42841a49-82b0-4d04-8896-1081324f1f4b ] Request (ListImagesTestJSON:tearDownClass): 204 DELETE http://10.180.1.21/identity/v3/users/fd2d48f830904e0786c9f99cd54d2fca 0.241s
2025-04-29 07:11:59.830 69625 INFO tempest.lib.common.dynamic_creds [-] Deleting project and security group for project: 88e0f67ebb6645dfb1dd2f520ed27c41
2025-04-29 07:11:59.901 69571 INFO tempest.lib.common.rest_client [req-ad141927-919a-4e1b-91f4-e3a7300792c7 req-ad141927-919a-4e1b-91f4-e3a7300792c7 ] Request (QuotaClassesAdminTestJSON:tearDownClass): 204 DELETE http://10.180.1.21/identity/v3/users/9ce87d0099d746cca8b629f3555387e8 0.286s
2025-04-29 07:11:59.902 69571 INFO tempest.lib.common.dynamic_creds [-] Deleting project and security group for project: 9e2a7238ecdc4525b55484c45d643811
2025-04-29 07:11:59.904 69595 INFO tempest.lib.common.rest_client [req-1a60ec20-2a91-46ee-81c9-e829d276c876 req-1a60ec20-2a91-46ee-81c9-e829d276c876 ] Request (FloatingIPsAssociationTestJSON:setUpClass): 201 POST http://10.180.1.21/identity/v3/auth/tokens 0.259s
2025-04-29 07:11:59.955 69603 INFO tempest.lib.common.rest_client [req-48222a49-af75-42ff-b941-d4a46b1011e9 req-48222a49-af75-42ff-b941-d4a46b1011e9 ] Request (ServersAdminNegativeTestJSON:setUpClass): 200 GET http://10.180.1.21/compute/v2.1/servers/16a6f8fe-7c7d-4304-aca9-59fb2d4b6d04 0.701s
2025-04-29 07:11:59.964 69567 INFO tempest.lib.common.rest_client [req-1b684d49-1752-4191-979f-a35498ed622f req-1b684d49-1752-4191-979f-a35498ed622f ] Request (HostsAdminNegativeTestJSON:test_startup_host_with_non_admin_user): 403 GET http://10.180.1.21/compute/v2.1/os-hosts/devstack/startup 0.692s
2025-04-29 07:11:59.973 69575 INFO tempest.lib.common.rest_client [req-a90a628a-c14c-4bc1-b017-af17d672d3d4 req-a90a628a-c14c-4bc1-b017-af17d672d3d4 ] Request (QuotasAdminTestV236:test_get_updated_quotas): 201 POST http://10.180.1.21/identity/v3/projects 0.252s
2025-04-29 07:11:59.994 69609 INFO tempest.lib.common.rest_client [req-f22591bb-859b-46b5-9f86-137f6affb140 req-f22591bb-859b-46b5-9f86-137f6affb140 ] Request (FlavorsV261TestJSON:tearDownClass): 204 DELETE http://10.180.1.21:9696/networking/v2.0/security-groups/1c6d3b24-aca1-4e8d-ae5a-7ef41dfd12f1 0.490s
2025-04-29 07:12:00.037 69589 INFO tempest.lib.common.rest_client [req-5251ed8c-409b-4c7d-a726-305ad304aaba req-5251ed8c-409b-4c7d-a726-305ad304aaba ] Request (QuotasAdminTestJSON:setUpClass): 200 GET http://10.180.1.21/identity/v3/roles 0.236s
2025-04-29 07:12:00.065 69625 INFO tempest.lib.common.rest_client [req-ccd601cd-a093-4922-8e81-1e8485a875b4 req-ccd601cd-a093-4922-8e81-1e8485a875b4 ] Request (ListImagesTestJSON:tearDownClass): 201 POST http://10.180.1.21/identity/v3/auth/tokens 0.235s
2025-04-29 07:12:00.065 69571 INFO tempest.lib.common.rest_client [req-ff266d9a-0f65-4f1f-b4b5-db7dd8803895 req-ff266d9a-0f65-4f1f-b4b5-db7dd8803895 ] Request (QuotaClassesAdminTestJSON:tearDownClass): 201 POST http://10.180.1.21/identity/v3/auth/tokens 0.163s
2025-04-29 07:12:00.075 69615 INFO tempest.lib.common.rest_client [req-e6bed18e-78a4-4cd8-b605-0772c80f7f8a req-e6bed18e-78a4-4cd8-b605-0772c80f7f8a ] Request (ServicesAdminTestJSON:test_get_service_by_host_name): 200 GET http://10.180.1.21/compute/v2.1/os-services 1.096s
2025-04-29 07:12:00.091 69582 INFO tempest.lib.common.rest_client [req-bd28e428-9fbd-45ee-bdbe-cecdf78e6fe0 req-bd28e428-9fbd-45ee-bdbe-cecdf78e6fe0 ] Request (FlavorsExtraSpecsTestJSON:test_flavor_set_get_update_show_unset_keys): 200 GET http://10.180.1.21/compute/v2.1/flavors/1808646972/os-extra_specs 0.818s
2025-04-29 07:12:00.115 69587 INFO tempest.lib.common.rest_client [req-e7ab5337-34aa-41b3-996a-be1886c74360 req-e7ab5337-34aa-41b3-996a-be1886c74360 ] Request (FlavorsAdminTestJSON:_run_cleanups): 202 DELETE http://10.180.1.21/compute/v2.1/flavors/2039112859 0.814s
2025-04-29 07:12:00.118 69575 INFO tempest.lib.common.rest_client [req-818c96e7-7934-4827-84c0-ce49ffe821d6 req-818c96e7-7934-4827-84c0-ce49ffe821d6 ] Request (QuotasAdminTestV236:test_get_updated_quotas): 200 GET http://10.180.1.21/identity/v3/domains?name=Default 0.145s
2025-04-29 07:12:00.119 69595 INFO tempest.lib.common.rest_client [req-a3e538d1-416b-46fd-bd78-49509cf864c3 req-a3e538d1-416b-46fd-bd78-49509cf864c3 ] Request (FloatingIPsAssociationTestJSON:setUpClass): 201 POST http://10.180.1.21/identity/v3/auth/tokens 0.209s
2025-04-29 07:12:00.120 69595 INFO tempest.lib.common.fixed_network [-] (FloatingIPsAssociationTestJSON:setUpClass) Found network {'id': '262199db-07ec-45ca-99b4-e2e7e019d3b4', 'name': 'tempest-FloatingIPsAssociationTestJSON-1045526678-network', 'tenant_id': 'cfbde41d6f50486ca94a56d6fef91261', 'admin_state_up': True, 'mtu': 8950, 'status': 'ACTIVE', 'subnets': [], 'shared': False, 'project_id': 'cfbde41d6f50486ca94a56d6fef91261', 'port_security_enabled': True, 'router:external': False, 'provider:network_type': 'vlan', 'provider:physical_network': 'default', 'provider:segmentation_id': 862, 'availability_zone_hints': [], 'availability_zones': [], 'ipv4_address_scope': None, 'ipv6_address_scope': None, 'description': '', 'tags': [], 'created_at': '2025-04-29T07:11:53Z', 'updated_at': '2025-04-29T07:11:53Z', 'revision_number': 1} available for tenant
2025-04-29 07:12:00.133 69619 INFO tempest.lib.common.rest_client [req-b321e411-2bbf-453a-a18d-9f4d71950162 req-b321e411-2bbf-453a-a18d-9f4d71950162 ] Request (AttachInterfacesV270Test:test_create_get_list_interfaces): 200 GET http://10.180.1.21/compute/v2.1/servers/65a64c66-0d91-452a-a604-045e0a7f1177 0.862s
2025-04-29 07:12:00.151 69605 INFO tempest.lib.common.rest_client [req-ce68f312-7a5b-4260-ac6a-b1f6a5d690bb req-ce68f312-7a5b-4260-ac6a-b1f6a5d690bb ] Request (ServersWithSpecificFlavorTestJSON:test_verify_created_server_ephemeral_disk): 200 GET http://10.180.1.21/compute/v2.1/flavors/42/os-extra_specs 0.635s
2025-04-29 07:12:00.155 69589 INFO tempest.lib.common.rest_client [req-d727dd23-519f-4a5a-a537-d5c1373f43e6 req-d727dd23-519f-4a5a-a537-d5c1373f43e6 ] Request (QuotasAdminTestJSON:setUpClass): 204 PUT http://10.180.1.21/identity/v3/projects/b24db1865b164e5ba9beb5a08fb6f66f/users/40983a4a042542e6805fac7789bcfa05/roles/cce4b503aee0434bb1ff1e6643a8184a 0.115s
2025-04-29 07:12:00.171 69583 INFO tempest.lib.common.rest_client [req-d20b0883-9d59-410c-bfab-f1b915ce625b req-d20b0883-9d59-410c-bfab-f1b915ce625b ] Request (FlavorsExtraSpecsNegativeTestJSON:test_flavor_unset_nonexistent_key): 404 DELETE http://10.180.1.21/compute/v2.1/flavors/1907524001/os-extra_specs/hw:cpu_thread_policy 0.618s
2025-04-29 07:12:00.189 69597 INFO tempest.lib.common.rest_client [req-f3520572-db3b-483b-ba2d-445ca78c5e25 req-f3520572-db3b-483b-ba2d-445ca78c5e25 ] Request (FlavorsAccessTestJSON:_run_cleanups): 202 DELETE http://10.180.1.21/compute/v2.1/flavors/795675057 0.614s
2025-04-29 07:12:00.190 69607 INFO tempest.lib.common.rest_client [req-64903cd5-09bd-478f-a569-7d693d18d5c3 req-64903cd5-09bd-478f-a569-7d693d18d5c3 ] Request (VolumesAssistedSnapshotsTest:test_volume_assisted_snapshot_create_delete): 201 POST http://10.180.1.21:9696/networking/v2.0/security-groups 0.660s
2025-04-29 07:12:00.193 69609 INFO tempest.lib.common.rest_client [req-3a455d6b-d0ae-4904-b995-74603dc13f8d req-3a455d6b-d0ae-4904-b995-74603dc13f8d ] Request (FlavorsV261TestJSON:tearDownClass): 204 DELETE http://10.180.1.21/identity/v3/projects/a8e1cbcb044448b98cf91609226eae70 0.198s
2025-04-29 07:12:00.218 69585 INFO tempest.lib.common.rest_client [req-6fc615b9-4955-4838-944e-6a32165e2708 req-6fc615b9-4955-4838-944e-6a32165e2708 ] Request (HostsAdminTestJSON:test_show_host_detail): 200 GET http://10.180.1.21/compute/v2.1/os-hosts 0.599s
2025-04-29 07:12:00.238 69623 INFO tempest.lib.common.rest_client [req-de138833-5903-4fc7-bcf8-eb83e91c4b30 req-de138833-5903-4fc7-bcf8-eb83e91c4b30 ] Request (FlavorsAccessNegativeTestJSON:_run_cleanups): 202 DELETE http://10.180.1.21/compute/v2.1/flavors/398791384 0.610s
2025-04-29 07:12:00.259 69629 INFO tempest.lib.common.rest_client [req-f613d144-01c7-433b-9e47-f999ceb8fa47 req-f613d144-01c7-433b-9e47-f999ceb8fa47 ] Request (KeyPairsV22TestJSON:_run_cleanups): 204 DELETE http://10.180.1.21/compute/v2.1/os-keypairs/tempest-keypair-966485579 0.549s
2025-04-29 07:12:00.317 69589 INFO tempest.lib.common.rest_client [req-c4501123-7087-437a-934c-74f30de86fa7 req-c4501123-7087-437a-934c-74f30de86fa7 ] Request (QuotasAdminTestJSON:setUpClass): 200 GET http://10.180.1.21/identity/v3/roles 0.162s
2025-04-29 07:12:00.328 69609 INFO tempest.lib.common.rest_client [req-8a6b6eed-8b53-463e-aef9-fefaeb85a45a req-8a6b6eed-8b53-463e-aef9-fefaeb85a45a ] Request (ServerDiagnosticsV248Test:setUpClass): 201 POST http://10.180.1.21/identity/v3/auth/tokens 0.133s
2025-04-29 07:12:00.341 69589 INFO tempest.lib.common.rest_client [req-6468cfab-cfa5-4f45-a57f-0f0b32adb06f req-6468cfab-cfa5-4f45-a57f-0f0b32adb06f ] Request (QuotasAdminTestJSON:setUpClass): 204 PUT http://10.180.1.21/identity/v3/projects/b24db1865b164e5ba9beb5a08fb6f66f/users/40983a4a042542e6805fac7789bcfa05/roles/cce4b503aee0434bb1ff1e6643a8184a 0.023s
2025-04-29 07:12:00.341 69589 INFO tempest.lib.common.dynamic_creds [-] Dynamic test user 40983a4a042542e6805fac7789bcfa05 is created with scope project and roles: ['admin']
2025-04-29 07:12:00.341 69589 INFO tempest.lib.common.dynamic_creds [-] Acquired dynamic creds: credentials: Credentials: {'domain_id': 'default', 'domain_name': 'Default', 'username': 'tempest-QuotasAdminTestJSON-1512044135-project-admin', 'project_domain_id': 'default', 'project_domain_name': 'Default', 'project_id': 'b24db1865b164e5ba9beb5a08fb6f66f', 'project_name': 'tempest-QuotasAdminTestJSON-1512044135', 'tenant_id': 'b24db1865b164e5ba9beb5a08fb6f66f', 'tenant_name': 'tempest-QuotasAdminTestJSON-1512044135', 'user_domain_id': 'default', 'user_domain_name': 'Default', 'user_id': '40983a4a042542e6805fac7789bcfa05', 'system': None}, Network: None, Subnet: None, Router: None
2025-04-29 07:12:00.342 69589 INFO tempest.lib.common.dynamic_creds [-] Created isolated network resources for: credentials: Credentials: {'domain_id': 'default', 'domain_name': 'Default', 'username': 'tempest-QuotasAdminTestJSON-1512044135-project-admin', 'project_domain_id': 'default', 'project_domain_name': 'Default', 'project_id': 'b24db1865b164e5ba9beb5a08fb6f66f', 'project_name': 'tempest-QuotasAdminTestJSON-1512044135', 'tenant_id': 'b24db1865b164e5ba9beb5a08fb6f66f', 'tenant_name': 'tempest-QuotasAdminTestJSON-1512044135', 'user_domain_id': 'default', 'user_domain_name': 'Default', 'user_id': '40983a4a042542e6805fac7789bcfa05', 'system': None}, Network: None, Subnet: None, Router: None
2025-04-29 07:12:00.422 69609 INFO tempest.lib.common.rest_client [req-61a88c23-33cb-45f8-8fd6-217df96079fb req-61a88c23-33cb-45f8-8fd6-217df96079fb ] Request (ServerDiagnosticsV248Test:setUpClass): 201 POST http://10.180.1.21/identity/v3/auth/tokens 0.088s
2025-04-29 07:12:00.435 69589 INFO tempest.lib.common.rest_client [req-51e4f7f8-b62d-4544-8300-c2259a325e66 req-51e4f7f8-b62d-4544-8300-c2259a325e66 ] Request (QuotasAdminTestJSON:setUpClass): 201 POST http://10.180.1.21/identity/v3/auth/tokens 0.090s
2025-04-29 07:12:00.436 69589 WARNING tempest.lib.common.rest_client [-] Deprecated: "tenant_id" property is deprecated for removal, use "project_id" instead
2025-04-29 07:12:00.455 69609 INFO tempest.lib.common.rest_client [req-475acd20-820d-4e16-aa1d-d623bc0750ad req-475acd20-820d-4e16-aa1d-d623bc0750ad ] Request (ServerDiagnosticsV248Test:setUpClass): 200 GET http://10.180.1.21/identity/v3/domains?name=Default 0.032s
2025-04-29 07:12:00.480 69607 INFO tempest.lib.common.rest_client [req-170ff98c-6f33-4913-b7bc-06b50e892376 req-170ff98c-6f33-4913-b7bc-06b50e892376 ] Request (VolumesAssistedSnapshotsTest:test_volume_assisted_snapshot_create_delete): 201 POST http://10.180.1.21:9696/networking/v2.0/security-group-rules 0.290s
2025-04-29 07:12:00.492 69609 INFO tempest.lib.common.rest_client [req-42bc684d-815f-4d7a-a621-132c5f69e9b8 req-42bc684d-815f-4d7a-a621-132c5f69e9b8 ] Request (ServerDiagnosticsV248Test:setUpClass): 201 POST http://10.180.1.21/identity/v3/projects 0.037s
2025-04-29 07:12:00.563 69601 INFO tempest.lib.common.rest_client [req-1337b2a1-bfc3-43ce-bbf7-0c71136e49c2 req-1337b2a1-bfc3-43ce-bbf7-0c71136e49c2 ] Request (ListImageFiltersTestJSON:setUpClass): 202 POST http://10.180.1.21/compute/v2.1/servers 1.228s
2025-04-29 07:12:00.567 69609 INFO tempest.lib.common.rest_client [req-93ac87bc-255b-4610-a1fe-90437ba9c738 req-93ac87bc-255b-4610-a1fe-90437ba9c738 ] Request (ServerDiagnosticsV248Test:setUpClass): 201 POST http://10.180.1.21/identity/v3/users 0.074s
2025-04-29 07:12:00.608 69609 INFO tempest.lib.common.rest_client [req-02e1ef09-f110-4c55-8378-3fd77fa1468e req-02e1ef09-f110-4c55-8378-3fd77fa1468e ] Request (ServerDiagnosticsV248Test:setUpClass): 200 GET http://10.180.1.21/identity/v3/roles 0.041s
2025-04-29 07:12:00.625 69611 INFO tempest.lib.common.rest_client [req-fbb345db-7f78-457f-9638-d77d3165a2a3 req-fbb345db-7f78-457f-9638-d77d3165a2a3 ] Request (AggregatesAdminNegativeTestJSON:_run_cleanups): 200 DELETE http://10.180.1.21/compute/v2.1/os-aggregates/2 0.876s
2025-04-29 07:12:00.632 69601 INFO tempest.lib.common.rest_client [req-bfbf5a6c-ffba-41ca-a645-9e08bed72bee req-bfbf5a6c-ffba-41ca-a645-9e08bed72bee ] Request (ListImageFiltersTestJSON:setUpClass): 201 POST http://10.180.1.21/identity/v3/auth/tokens 0.062s
2025-04-29 07:12:00.633 69601 INFO tempest.lib.common.fixed_network [-] (ListImageFiltersTestJSON:setUpClass) Found network None available for tenant
2025-04-29 07:12:00.635 69567 INFO tempest.lib.common.rest_client [req-78514893-3c19-4c20-a40c-3e1c24fd3440 req-78514893-3c19-4c20-a40c-3e1c24fd3440 ] Request (HostsAdminNegativeTestJSON:test_startup_nonexistent_host): 404 GET http://10.180.1.21/compute/v2.1/os-hosts/nonexistent_hostname/startup 0.666s
2025-04-29 07:12:00.654 69593 INFO tempest.lib.common.rest_client [req-03d23972-460a-4a82-a4e8-d17132a290d1 req-03d23972-460a-4a82-a4e8-d17132a290d1 ] Request (DeleteServersAdminTestJSON:test_admin_delete_servers_of_others): 200 GET http://10.180.1.21/compute/v2.1/servers/ad516b14-bc7d-43d0-bd0e-fb54690c1e9a 0.919s
2025-04-29 07:12:00.674 69609 INFO tempest.lib.common.rest_client [req-fe3aa400-6401-48f3-918b-2a0b1a9e3fcf req-fe3aa400-6401-48f3-918b-2a0b1a9e3fcf ] Request (ServerDiagnosticsV248Test:setUpClass): 204 PUT http://10.180.1.21/identity/v3/projects/26bde05eb9ac4f78a8bcd7651e908165/users/4273d360319e48c89725714c9701754f/roles/42e56ac737e34fb29054bc642c4b789c 0.065s
2025-04-29 07:12:00.674 69609 INFO tempest.lib.common.dynamic_creds [-] Dynamic test user 4273d360319e48c89725714c9701754f is created with scope project and roles: ['member']
2025-04-29 07:12:00.674 69609 INFO tempest.lib.common.dynamic_creds [-] Acquired dynamic creds: credentials: Credentials: {'domain_id': 'default', 'domain_name': 'Default', 'username': 'tempest-ServerDiagnosticsV248Test-1492871846-project-member', 'project_domain_id': 'default', 'project_domain_name': 'Default', 'project_id': '26bde05eb9ac4f78a8bcd7651e908165', 'project_name': 'tempest-ServerDiagnosticsV248Test-1492871846', 'tenant_id': '26bde05eb9ac4f78a8bcd7651e908165', 'tenant_name': 'tempest-ServerDiagnosticsV248Test-1492871846', 'user_domain_id': 'default', 'user_domain_name': 'Default', 'user_id': '4273d360319e48c89725714c9701754f', 'system': None}, Network: None, Subnet: None, Router: None
2025-04-29 07:12:00.674 69609 INFO tempest.lib.common.dynamic_creds [-] Created isolated network resources for: credentials: Credentials: {'domain_id': 'default', 'domain_name': 'Default', 'username': 'tempest-ServerDiagnosticsV248Test-1492871846-project-member', 'project_domain_id': 'default', 'project_domain_name': 'Default', 'project_id': '26bde05eb9ac4f78a8bcd7651e908165', 'project_name': 'tempest-ServerDiagnosticsV248Test-1492871846', 'tenant_id': '26bde05eb9ac4f78a8bcd7651e908165', 'tenant_name': 'tempest-ServerDiagnosticsV248Test-1492871846', 'user_domain_id': 'default', 'user_domain_name': 'Default', 'user_id': '4273d360319e48c89725714c9701754f', 'system': None}, Network: None, Subnet: None, Router: None
2025-04-29 07:12:00.681 69615 INFO tempest.lib.common.rest_client [req-706593fb-f8da-4936-89b8-c96e63c44854 req-706593fb-f8da-4936-89b8-c96e63c44854 ] Request (ServicesAdminTestJSON:test_get_service_by_host_name): 200 GET http://10.180.1.21/compute/v2.1/os-services?host=devstack 0.602s
2025-04-29 07:12:00.725 69582 INFO tempest.lib.common.rest_client [req-e7c68ac9-f7bd-4f4b-aa52-9f9ef95c98a8 req-e7c68ac9-f7bd-4f4b-aa52-9f9ef95c98a8 ] Request (FlavorsExtraSpecsTestJSON:test_flavor_set_get_update_show_unset_keys): 200 DELETE http://10.180.1.21/compute/v2.1/flavors/1808646972/os-extra_specs/hw:numa_nodes 0.633s
2025-04-29 07:12:00.735 69579 INFO tempest.lib.common.rest_client [req-c59bf5b5-d22b-4e1f-9905-1fafc3849b79 req-c59bf5b5-d22b-4e1f-9905-1fafc3849b79 ] Request (ServerDiagnosticsTest:test_get_server_diagnostics): 200 GET http://10.180.1.21/compute/v2.1/servers/8c7dc96c-da68-42cb-9e35-db4407e1f820 0.668s
2025-04-29 07:12:00.760 69587 INFO tempest.lib.common.rest_client [req-9ffc673f-0da1-4d67-8171-d64cd02b09de req-9ffc673f-0da1-4d67-8171-d64cd02b09de ] Request (FlavorsAdminTestJSON:_run_cleanups): 200 GET http://10.180.1.21/compute/v2.1/flavors/detail 0.644s
2025-04-29 07:12:00.779 69609 INFO tempest.lib.common.rest_client [req-fc50463a-1590-4f0c-9ff4-4f8d41b4fcb8 req-fc50463a-1590-4f0c-9ff4-4f8d41b4fcb8 ] Request (ServerDiagnosticsV248Test:setUpClass): 201 POST http://10.180.1.21/identity/v3/auth/tokens 0.096s
2025-04-29 07:12:00.802 69607 INFO tempest.lib.common.rest_client [req-a08ce348-7683-4181-adcb-9287f494fa83 req-a08ce348-7683-4181-adcb-9287f494fa83 ] Request (VolumesAssistedSnapshotsTest:test_volume_assisted_snapshot_create_delete): 201 POST http://10.180.1.21:9696/networking/v2.0/security-group-rules 0.322s
2025-04-29 07:12:00.826 69573 INFO tempest.lib.common.rest_client [req-2403b237-b5a5-4552-bdb6-de920a02057c req-2403b237-b5a5-4552-bdb6-de920a02057c ] Request (ImagesOneServerNegativeTestJSON:setUpClass): 201 POST http://10.180.1.21:9696/networking/v2.0/routers 3.473s
2025-04-29 07:12:01.076 69609 INFO tempest.lib.common.rest_client [req-eea38c68-9752-444a-a05e-76a74fcf3f42 req-eea38c68-9752-444a-a05e-76a74fcf3f42 ] Request (ServerDiagnosticsV248Test:setUpClass): 201 POST http://10.180.1.21/identity/v3/projects 0.296s
2025-04-29 07:12:01.107 69575 INFO tempest.lib.common.rest_client [req-75ed1705-4903-40d0-b477-2c8a0d5cdf8c req-75ed1705-4903-40d0-b477-2c8a0d5cdf8c ] Request (QuotasAdminTestV236:test_get_updated_quotas): 200 PUT http://10.180.1.21/compute/v2.1/os-quota-sets/2212ba1255c048dca379a64b66242964 0.988s
2025-04-29 07:12:01.130 69605 INFO tempest.lib.common.rest_client [req-90c0eb95-cada-4889-942e-8b8f949056a8 req-90c0eb95-cada-4889-942e-8b8f949056a8 ] Request (ServersWithSpecificFlavorTestJSON:test_verify_created_server_ephemeral_disk): 200 POST http://10.180.1.21/compute/v2.1/flavors/1840364269/os-extra_specs 0.978s
2025-04-29 07:12:01.166 69609 INFO tempest.lib.common.rest_client [req-d4cb013d-e19d-4b37-94c1-f1669aecbbbe req-d4cb013d-e19d-4b37-94c1-f1669aecbbbe ] Request (ServerDiagnosticsV248Test:setUpClass): 201 POST http://10.180.1.21/identity/v3/users 0.089s
2025-04-29 07:12:01.188 69571 INFO tempest.lib.common.rest_client [req-f3eed1b6-85f3-4137-b772-ac9a1b1a6f1f req-f3eed1b6-85f3-4137-b772-ac9a1b1a6f1f ] Request (QuotaClassesAdminTestJSON:tearDownClass): 200 GET http://10.180.1.21:9696/networking/v2.0/security-groups?tenant_id=9e2a7238ecdc4525b55484c45d643811&name=default 1.122s
2025-04-29 07:12:01.194 69609 INFO tempest.lib.common.rest_client [req-314f39ac-d8be-4b25-a8d9-6800d201fa7a req-314f39ac-d8be-4b25-a8d9-6800d201fa7a ] Request (ServerDiagnosticsV248Test:setUpClass): 200 GET http://10.180.1.21/identity/v3/roles 0.027s
2025-04-29 07:12:01.227 69609 INFO tempest.lib.common.rest_client [req-e7b3cd76-825f-44da-87e3-27357e806da9 req-e7b3cd76-825f-44da-87e3-27357e806da9 ] Request (ServerDiagnosticsV248Test:setUpClass): 204 PUT http://10.180.1.21/identity/v3/projects/107eb4e4700848b09a0c0e4f0cc7f905/users/f67c913a9fa14465ab0e0497dab2d9ef/roles/cce4b503aee0434bb1ff1e6643a8184a 0.033s
2025-04-29 07:12:01.240 69625 INFO tempest.lib.common.rest_client [req-400cf5f4-4365-4498-abeb-be62e1db562b req-400cf5f4-4365-4498-abeb-be62e1db562b ] Request (ListImagesTestJSON:tearDownClass): 200 GET http://10.180.1.21:9696/networking/v2.0/security-groups?tenant_id=88e0f67ebb6645dfb1dd2f520ed27c41&name=default 1.174s
2025-04-29 07:12:01.296 69609 INFO tempest.lib.common.rest_client [req-f0dc5405-bff4-440d-8b02-b0f4b76c71f8 req-f0dc5405-bff4-440d-8b02-b0f4b76c71f8 ] Request (ServerDiagnosticsV248Test:setUpClass): 200 GET http://10.180.1.21/identity/v3/roles 0.068s
2025-04-29 07:12:01.319 69609 INFO tempest.lib.common.rest_client [req-fe4b846b-413e-4290-bc27-45106f480e63 req-fe4b846b-413e-4290-bc27-45106f480e63 ] Request (ServerDiagnosticsV248Test:setUpClass): 204 PUT http://10.180.1.21/identity/v3/projects/107eb4e4700848b09a0c0e4f0cc7f905/users/f67c913a9fa14465ab0e0497dab2d9ef/roles/cce4b503aee0434bb1ff1e6643a8184a 0.023s
2025-04-29 07:12:01.320 69609 INFO tempest.lib.common.dynamic_creds [-] Dynamic test user f67c913a9fa14465ab0e0497dab2d9ef is created with scope project and roles: ['admin']
2025-04-29 07:12:01.320 69609 INFO tempest.lib.common.dynamic_creds [-] Acquired dynamic creds: credentials: Credentials: {'domain_id': 'default', 'domain_name': 'Default', 'username': 'tempest-ServerDiagnosticsV248Test-1821843791-project-admin', 'project_domain_id': 'default', 'project_domain_name': 'Default', 'project_id': '107eb4e4700848b09a0c0e4f0cc7f905', 'project_name': 'tempest-ServerDiagnosticsV248Test-1821843791', 'tenant_id': '107eb4e4700848b09a0c0e4f0cc7f905', 'tenant_name': 'tempest-ServerDiagnosticsV248Test-1821843791', 'user_domain_id': 'default', 'user_domain_name': 'Default', 'user_id': 'f67c913a9fa14465ab0e0497dab2d9ef', 'system': None}, Network: None, Subnet: None, Router: None
2025-04-29 07:12:01.320 69609 INFO tempest.lib.common.dynamic_creds [-] Created isolated network resources for: credentials: Credentials: {'domain_id': 'default', 'domain_name': 'Default', 'username': 'tempest-ServerDiagnosticsV248Test-1821843791-project-admin', 'project_domain_id': 'default', 'project_domain_name': 'Default', 'project_id': '107eb4e4700848b09a0c0e4f0cc7f905', 'project_name': 'tempest-ServerDiagnosticsV248Test-1821843791', 'tenant_id': '107eb4e4700848b09a0c0e4f0cc7f905', 'tenant_name': 'tempest-ServerDiagnosticsV248Test-1821843791', 'user_domain_id': 'default', 'user_domain_name': 'Default', 'user_id': 'f67c913a9fa14465ab0e0497dab2d9ef', 'system': None}, Network: None, Subnet: None, Router: None
2025-04-29 07:12:01.405 69609 INFO tempest.lib.common.rest_client [req-c86b96ea-82ec-443d-9211-9a9ad777b740 req-c86b96ea-82ec-443d-9211-9a9ad777b740 ] Request (ServerDiagnosticsV248Test:setUpClass): 201 POST http://10.180.1.21/identity/v3/auth/tokens 0.082s
2025-04-29 07:12:01.473 69609 INFO tempest.lib.common.rest_client [req-c4b8d433-6f1f-4a96-b8f9-e0d836457662 req-c4b8d433-6f1f-4a96-b8f9-e0d836457662 ] Request (ServerDiagnosticsV248Test:test_get_server_diagnostics): 201 POST http://10.180.1.21/identity/v3/auth/tokens 0.064s
2025-04-29 07:12:01.474 69609 INFO tempest.lib.common.fixed_network [-] (ServerDiagnosticsV248Test:test_get_server_diagnostics) Found network None available for tenant
2025-04-29 07:12:01.577 69625 INFO tempest.lib.common.rest_client [req-770ee760-724f-4085-b6e7-6d55ca64fdd7 req-770ee760-724f-4085-b6e7-6d55ca64fdd7 ] Request (ListImagesTestJSON:tearDownClass): 204 DELETE http://10.180.1.21:9696/networking/v2.0/security-groups/b140297f-7295-44dd-baf2-e5f8023d1af5 0.336s
2025-04-29 07:12:01.583 69571 INFO tempest.lib.common.rest_client [req-5c38e2ce-fe37-40fd-879f-a72eda445469 req-5c38e2ce-fe37-40fd-879f-a72eda445469 ] Request (QuotaClassesAdminTestJSON:tearDownClass): 204 DELETE http://10.180.1.21:9696/networking/v2.0/security-groups/7af7f321-1d52-4c88-a210-c387f083f493 0.394s
2025-04-29 07:12:01.671 69577 INFO tempest.lib.common.rest_client [req-c4227f64-94aa-422f-9d92-cc2f5163b2e8 req-c4227f64-94aa-422f-9d92-cc2f5163b2e8 ] Request (SecurityGroupsNegativeTestJSON:setUpClass): 201 POST http://10.180.1.21:9696/networking/v2.0/routers 3.656s
2025-04-29 07:12:01.683 69571 INFO tempest.lib.common.rest_client [req-d67420e6-146f-4981-8541-07186da243f7 req-d67420e6-146f-4981-8541-07186da243f7 ] Request (QuotaClassesAdminTestJSON:tearDownClass): 204 DELETE http://10.180.1.21/identity/v3/projects/9e2a7238ecdc4525b55484c45d643811 0.099s
2025-04-29 07:12:01.683 69571 INFO tempest.lib.common.dynamic_creds [-] Deleting project and security group for project: da13d90a401743b0b1aa3435c448500d
2025-04-29 07:12:01.688 69625 INFO tempest.lib.common.rest_client [req-725887fc-7394-431e-95f3-c7bfe8bf095e req-725887fc-7394-431e-95f3-c7bfe8bf095e ] Request (ListImagesTestJSON:tearDownClass): 204 DELETE http://10.180.1.21/identity/v3/projects/88e0f67ebb6645dfb1dd2f520ed27c41 0.110s
2025-04-29 07:12:01.689 69625 INFO tempest.test [-] raised in ComputeNetworksTest.setUpClass. Invoking tearDownClass.
2025-04-29 07:12:01.747 69617 INFO tempest.lib.common.rest_client [req-7c345e38-aafe-43cf-a7ab-1976824a969e req-7c345e38-aafe-43cf-a7ab-1976824a969e ] Request (ServerExternalEventsTest:test_create_server_external_events): 200 GET http://10.180.1.21/compute/v2.1/servers/69a5aaf1-a364-47ac-a4ec-e64159f94f29 1.589s
2025-04-29 07:12:01.756 69583 INFO tempest.lib.common.rest_client [req-c03395eb-790a-4295-958d-13f5548a1fbe req-c03395eb-790a-4295-958d-13f5548a1fbe ] Request (FlavorsExtraSpecsNegativeTestJSON:test_flavor_update_mismatch_key): 400 PUT http://10.180.1.21/compute/v2.1/flavors/1907524001/os-extra_specs/hw:numa_nodes 1.583s
2025-04-29 07:12:01.762 69617 INFO tempest.common.waiters [-] State transition "BUILD/block_device_mapping" ==> "BUILD/spawning" after 11 second wait
2025-04-29 07:12:01.788 69597 INFO tempest.lib.common.rest_client [req-b01a203c-22f5-4570-a5f0-310241c4c4bc req-b01a203c-22f5-4570-a5f0-310241c4c4bc ] Request (FlavorsAccessTestJSON:_run_cleanups): 200 GET http://10.180.1.21/compute/v2.1/flavors/detail 1.598s
2025-04-29 07:12:01.833 69585 INFO tempest.lib.common.rest_client [req-9c0d7f61-7a07-44be-a60e-b9a9f7a51027 req-9c0d7f61-7a07-44be-a60e-b9a9f7a51027 ] Request (HostsAdminTestJSON:test_show_host_detail): 200 GET http://10.180.1.21/compute/v2.1/os-hosts/cpu-1 1.613s
2025-04-29 07:12:01.870 69623 INFO tempest.lib.common.rest_client [req-2a772b3c-0f79-4d5d-89ea-70bef255babc req-2a772b3c-0f79-4d5d-89ea-70bef255babc ] Request (FlavorsAccessNegativeTestJSON:_run_cleanups): 200 GET http://10.180.1.21/compute/v2.1/flavors/detail 1.631s
2025-04-29 07:12:01.953 69585 INFO tempest.lib.common.rest_client [req-b5f64e41-04be-4d52-ba4a-127d17e2d335 req-b5f64e41-04be-4d52-ba4a-127d17e2d335 ] Request (HostsAdminTestJSON:tearDownClass): 204 DELETE http://10.180.1.21/identity/v3/users/9ac4143ab7434882b57083155729a799 0.118s
2025-04-29 07:12:01.963 69597 INFO tempest.lib.common.rest_client [req-60bf987a-5214-4d05-8b2d-0d370b91035e req-60bf987a-5214-4d05-8b2d-0d370b91035e ] Request (FlavorsAccessTestJSON:tearDownClass): 204 DELETE http://10.180.1.21/identity/v3/users/430ccbd6291d42d2bf6864517f249b85 0.165s
2025-04-29 07:12:02.070 69597 INFO tempest.lib.common.rest_client [req-2d9a544b-3165-494a-b7c0-4398c575cd33 req-2d9a544b-3165-494a-b7c0-4398c575cd33 ] Request (FlavorsAccessTestJSON:tearDownClass): 204 DELETE http://10.180.1.21/identity/v3/users/056b99e0065e4876b3d4dfc3d97ff23d 0.106s
2025-04-29 07:12:02.070 69597 INFO tempest.lib.common.dynamic_creds [-] Deleting project and security group for project: 0e506d0d2c7a4d4383f9dfcd40de63b9
2025-04-29 07:12:02.070 69591 INFO tempest.lib.common.rest_client [req-089738fd-5506-4af2-9295-c4587383b69e req-089738fd-5506-4af2-9295-c4587383b69e ] Request (ServerActionsV293TestJSON:setUpClass): 201 POST http://10.180.1.21:9696/networking/v2.0/routers 2.989s
2025-04-29 07:12:02.087 69585 INFO tempest.lib.common.rest_client [req-d07cadf1-d7ad-47cd-a36b-978cf2fccdcc req-d07cadf1-d7ad-47cd-a36b-978cf2fccdcc ] Request (HostsAdminTestJSON:tearDownClass): 204 DELETE http://10.180.1.21/identity/v3/users/85cd279ed26747cf9d70eff84f114ea9 0.133s
2025-04-29 07:12:02.087 69585 INFO tempest.lib.common.dynamic_creds [-] Deleting project and security group for project: ff2ae4bbf50845c6ac54c9a812c60f5f
2025-04-29 07:12:02.141 69597 INFO tempest.lib.common.rest_client [req-44451ca7-34fa-4357-822e-41f4fcf3aed5 req-44451ca7-34fa-4357-822e-41f4fcf3aed5 ] Request (FlavorsAccessTestJSON:tearDownClass): 201 POST http://10.180.1.21/identity/v3/auth/tokens 0.071s
2025-04-29 07:12:02.155 69585 INFO tempest.lib.common.rest_client [req-785c6423-3a5e-437f-aec1-cd0fb0325007 req-785c6423-3a5e-437f-aec1-cd0fb0325007 ] Request (HostsAdminTestJSON:tearDownClass): 201 POST http://10.180.1.21/identity/v3/auth/tokens 0.067s
2025-04-29 07:12:02.318 69613 INFO tempest.lib.common.rest_client [req-14983ee0-dfdf-45dc-8878-a9ccb47a783d req-14983ee0-dfdf-45dc-8878-a9ccb47a783d ] Request (FloatingIPsAssociationNegativeTestJSON:setUpClass): 200 GET http://10.180.1.21/compute/v2.1/servers/157a3e3c-50b6-4d40-96c7-72cd9caffb77 2.071s
2025-04-29 07:12:02.370 69571 INFO tempest.lib.common.rest_client [req-924f834b-454f-4d10-8366-ef2cd010e4cd req-924f834b-454f-4d10-8366-ef2cd010e4cd ] Request (QuotaClassesAdminTestJSON:tearDownClass): 200 GET http://10.180.1.21:9696/networking/v2.0/security-groups?tenant_id=da13d90a401743b0b1aa3435c448500d&name=default 0.686s
2025-04-29 07:12:02.569 69629 INFO tempest.lib.common.rest_client [req-a74d9626-8382-4578-bde5-7627ed000039 req-a74d9626-8382-4578-bde5-7627ed000039 ] Request (KeyPairsV22TestJSON:test_keypairsv22_create_list_show_with_type): 201 POST http://10.180.1.21/compute/v2.1/os-keypairs 2.308s
2025-04-29 07:12:02.673 69597 INFO tempest.lib.common.rest_client [req-28f6a25a-9265-4fb5-ae19-915e99479153 req-28f6a25a-9265-4fb5-ae19-915e99479153 ] Request (FlavorsAccessTestJSON:tearDownClass): 200 GET http://10.180.1.21:9696/networking/v2.0/security-groups?tenant_id=0e506d0d2c7a4d4383f9dfcd40de63b9&name=default 0.532s
2025-04-29 07:12:02.678 69595 INFO tempest.lib.common.rest_client [req-996ea6bf-837c-4928-8e4c-a1e82d6b789e req-996ea6bf-837c-4928-8e4c-a1e82d6b789e ] Request (FloatingIPsAssociationTestJSON:setUpClass): 202 POST http://10.180.1.21/compute/v2.1/servers 2.558s
2025-04-29 07:12:02.695 69621 INFO tempest.lib.common.rest_client [req-9300f359-6304-4b7c-bff5-69eb370757f4 req-9300f359-6304-4b7c-bff5-69eb370757f4 ] Request (ServerActionsTestOtherB:setUpClass): 200 GET http://10.180.1.21/compute/v2.1/servers/c020b49d-0484-4df0-bca9-44053f5210ae 2.276s
2025-04-29 07:12:02.721 69585 INFO tempest.lib.common.rest_client [req-a6edf83c-cb9a-41df-9199-9c95a3d03eb3 req-a6edf83c-cb9a-41df-9199-9c95a3d03eb3 ] Request (HostsAdminTestJSON:tearDownClass): 200 GET http://10.180.1.21:9696/networking/v2.0/security-groups?tenant_id=ff2ae4bbf50845c6ac54c9a812c60f5f&name=default 0.566s
2025-04-29 07:12:02.726 69611 INFO tempest.lib.common.rest_client [req-18b81441-056d-455a-b197-e550053986f2 req-18b81441-056d-455a-b197-e550053986f2 ] Request (AggregatesAdminNegativeTestJSON:test_aggregate_add_non_exist_host): 200 POST http://10.180.1.21/compute/v2.1/os-aggregates 2.098s
2025-04-29 07:12:02.736 69567 INFO tempest.lib.common.rest_client [req-0217d3f2-d5a8-4d60-a437-5d7f6389122b req-0217d3f2-d5a8-4d60-a437-5d7f6389122b ] Request (HostsAdminNegativeTestJSON:test_update_host_with_invalid_maintenance_mode): 400 PUT http://10.180.1.21/compute/v2.1/os-hosts/devstack 2.100s
2025-04-29 07:12:02.760 69615 INFO tempest.lib.common.rest_client [req-ed723f9d-28f7-4c2d-bf8f-438e725e6732 req-ed723f9d-28f7-4c2d-bf8f-438e725e6732 ] Request (ServicesAdminTestJSON:test_get_service_by_service_binary_name): 200 GET http://10.180.1.21/compute/v2.1/os-services?binary=nova-compute 2.068s
2025-04-29 07:12:02.894 69600 INFO tempest.lib.common.rest_client [req-1846d32f-cf02-4612-8d47-d20d0a7a2718 req-1846d32f-cf02-4612-8d47-d20d0a7a2718 ] Request (FloatingIPsTestJSON:tearDownClass): 200 PUT http://10.180.1.21:9696/networking/v2.0/routers/c22a7fc3-3452-41b6-aa93-4106677a574a/remove_router_interface 3.081s
2025-04-29 07:12:02.909 69565 INFO tempest.lib.common.rest_client [req-3c099848-41e3-4a7a-8739-4147f140ff0d req-3c099848-41e3-4a7a-8739-4147f140ff0d ] Request (ServersAdminTestJSON:setUpClass): 200 GET http://10.180.1.21/compute/v2.1/servers/ae7e0e6f-aac9-47fa-93d2-75f19702f708 2.201s
2025-04-29 07:12:02.922 69565 INFO tempest.common.waiters [-] State transition "BUILD/None" ==> "BUILD/networking" after 7 second wait
2025-04-29 07:12:02.940 69582 INFO tempest.lib.common.rest_client [req-1bea60ae-880a-4973-985a-3854d16b8161 req-1bea60ae-880a-4973-985a-3854d16b8161 ] Request (FlavorsExtraSpecsTestJSON:test_flavor_set_get_update_show_unset_keys): 200 DELETE http://10.180.1.21/compute/v2.1/flavors/1808646972/os-extra_specs/hw:cpu_policy 2.214s
2025-04-29 07:12:02.961 69587 INFO tempest.lib.common.rest_client [req-f2200b39-6511-4a25-b633-8045a5407b36 req-f2200b39-6511-4a25-b633-8045a5407b36 ] Request (FlavorsAdminTestJSON:test_create_flavor_with_none_id): 200 POST http://10.180.1.21/compute/v2.1/flavors 2.187s
2025-04-29 07:12:02.979 69571 INFO tempest.lib.common.rest_client [req-be48ac61-1857-4773-b762-ccfcb4213e08 req-be48ac61-1857-4773-b762-ccfcb4213e08 ] Request (QuotaClassesAdminTestJSON:tearDownClass): 204 DELETE http://10.180.1.21:9696/networking/v2.0/security-groups/eac4490b-2050-4ba9-bbe3-ee82f93da43f 0.608s
2025-04-29 07:12:03.040 69585 INFO tempest.lib.common.rest_client [req-0d0e6419-bb12-417c-bfdb-ecee4fb904de req-0d0e6419-bb12-417c-bfdb-ecee4fb904de ] Request (HostsAdminTestJSON:tearDownClass): 204 DELETE http://10.180.1.21:9696/networking/v2.0/security-groups/90df796e-9422-4990-9768-f8622305b2bd 0.318s
2025-04-29 07:12:03.089 69569 INFO tempest.lib.common.rest_client [req-fc3a3e49-4078-48ae-a1be-0b516afe5a6b req-fc3a3e49-4078-48ae-a1be-0b516afe5a6b ] Request (ServerDiagnosticsNegativeTest:test_get_server_diagnostics_by_non_admin): 200 GET http://10.180.1.21/compute/v2.1/servers/a6d2089f-ea74-4565-a76c-f8d6606445f6 2.297s
2025-04-29 07:12:03.098 69569 INFO tempest.common.waiters [-] State transition "BUILD/scheduling" ==> "BUILD/None" after 4 second wait
2025-04-29 07:12:03.107 69571 INFO tempest.lib.common.rest_client [req-78fd7ca5-68e5-4280-88b9-5915ba96bae0 req-78fd7ca5-68e5-4280-88b9-5915ba96bae0 ] Request (QuotaClassesAdminTestJSON:tearDownClass): 204 DELETE http://10.180.1.21/identity/v3/projects/da13d90a401743b0b1aa3435c448500d 0.127s
2025-04-29 07:12:03.183 69571 INFO tempest.lib.common.rest_client [req-672ac0e8-49a5-4ed9-8003-cf69d4dcaed5 req-672ac0e8-49a5-4ed9-8003-cf69d4dcaed5 ] Request (ServicesAdminNegativeV253TestJSON:setUpClass): 201 POST http://10.180.1.21/identity/v3/auth/tokens 0.074s
2025-04-29 07:12:03.231 69585 INFO tempest.lib.common.rest_client [req-3fcb89c8-0cbe-4694-b2e6-ffac9570b866 req-3fcb89c8-0cbe-4694-b2e6-ffac9570b866 ] Request (HostsAdminTestJSON:tearDownClass): 204 DELETE http://10.180.1.21/identity/v3/projects/ff2ae4bbf50845c6ac54c9a812c60f5f 0.191s
2025-04-29 07:12:03.232 69585 INFO tempest.lib.common.dynamic_creds [-] Deleting project and security group for project: 78834cd7dcd54c948f6adb3ff2004c8b
2025-04-29 07:12:03.244 69597 INFO tempest.lib.common.rest_client [req-494be6f1-61c1-4e6b-b805-91c8827e2a99 req-494be6f1-61c1-4e6b-b805-91c8827e2a99 ] Request (FlavorsAccessTestJSON:tearDownClass): 204 DELETE http://10.180.1.21:9696/networking/v2.0/security-groups/256cde18-2910-4e90-a23c-d30ad023de11 0.571s
2025-04-29 07:12:03.309 69571 INFO tempest.lib.common.rest_client [req-a8f65e84-56a1-4e61-a471-8c7ca20716ea req-a8f65e84-56a1-4e61-a471-8c7ca20716ea ] Request (ServicesAdminNegativeV253TestJSON:setUpClass): 201 POST http://10.180.1.21/identity/v3/auth/tokens 0.121s
2025-04-29 07:12:03.362 69571 INFO tempest.lib.common.rest_client [req-4b28c0c8-03df-4746-bba8-57d5d2c72252 req-4b28c0c8-03df-4746-bba8-57d5d2c72252 ] Request (ServicesAdminNegativeV253TestJSON:setUpClass): 200 GET http://10.180.1.21/identity/v3/domains?name=Default 0.052s
2025-04-29 07:12:03.389 69601 INFO tempest.lib.common.rest_client [req-c304bf06-3a19-4004-b806-44046dd36671 req-c304bf06-3a19-4004-b806-44046dd36671 ] Request (ListImageFiltersTestJSON:setUpClass): 202 POST http://10.180.1.21/compute/v2.1/servers 2.756s
2025-04-29 07:12:03.436 69571 INFO tempest.lib.common.rest_client [req-92fcb80b-d3fd-463c-acbc-256ecbebef92 req-92fcb80b-d3fd-463c-acbc-256ecbebef92 ] Request (ServicesAdminNegativeV253TestJSON:setUpClass): 201 POST http://10.180.1.21/identity/v3/projects 0.073s
2025-04-29 07:12:03.455 69603 INFO tempest.lib.common.rest_client [req-6aaca50f-91f1-41c9-9c3f-e34608333154 req-6aaca50f-91f1-41c9-9c3f-e34608333154 ] Request (ServersAdminNegativeTestJSON:setUpClass): 200 GET http://10.180.1.21/compute/v2.1/servers/16a6f8fe-7c7d-4304-aca9-59fb2d4b6d04 2.487s
2025-04-29 07:12:03.506 69597 INFO tempest.lib.common.rest_client [req-331b0069-6fcd-4c9a-a0bf-525d25380b77 req-331b0069-6fcd-4c9a-a0bf-525d25380b77 ] Request (FlavorsAccessTestJSON:tearDownClass): 204 DELETE http://10.180.1.21/identity/v3/projects/0e506d0d2c7a4d4383f9dfcd40de63b9 0.261s
2025-04-29 07:12:03.506 69597 INFO tempest.lib.common.dynamic_creds [-] Deleting project and security group for project: ab26be4dbcf8427eb1d3cb80e7d169ed
2025-04-29 07:12:03.542 69605 INFO tempest.lib.common.rest_client [req-6dfaac1f-4643-44c4-b924-5de5d2ceaafe req-6dfaac1f-4643-44c4-b924-5de5d2ceaafe ] Request (ValidationResourcesFixture:setUp): 200 POST http://10.180.1.21/compute/v2.1/os-keypairs 2.409s
2025-04-29 07:12:03.574 69571 INFO tempest.lib.common.rest_client [req-b3c38243-aca2-440d-8080-1811cf3e724a req-b3c38243-aca2-440d-8080-1811cf3e724a ] Request (ServicesAdminNegativeV253TestJSON:setUpClass): 201 POST http://10.180.1.21/identity/v3/users 0.137s
2025-04-29 07:12:03.616 69571 INFO tempest.lib.common.rest_client [req-6513ac86-594e-4ca8-bb12-94e07f1fafc5 req-6513ac86-594e-4ca8-bb12-94e07f1fafc5 ] Request (ServicesAdminNegativeV253TestJSON:setUpClass): 200 GET http://10.180.1.21/identity/v3/roles 0.041s
2025-04-29 07:12:03.658 69571 INFO tempest.lib.common.rest_client [req-6c25865b-6436-42c5-a17f-4b572b3614bf req-6c25865b-6436-42c5-a17f-4b572b3614bf ] Request (ServicesAdminNegativeV253TestJSON:setUpClass): 204 PUT http://10.180.1.21/identity/v3/projects/34669b330436499d8a7ff2a0c7a02427/users/af8b265ff10f4545933804e4684102a0/roles/42e56ac737e34fb29054bc642c4b789c 0.041s
2025-04-29 07:12:03.658 69571 INFO tempest.lib.common.dynamic_creds [-] Dynamic test user af8b265ff10f4545933804e4684102a0 is created with scope project and roles: ['member']
2025-04-29 07:12:03.658 69571 INFO tempest.lib.common.dynamic_creds [-] Acquired dynamic creds: credentials: Credentials: {'domain_id': 'default', 'domain_name': 'Default', 'username': 'tempest-ServicesAdminNegativeV253TestJSON-397502647-project-member', 'project_domain_id': 'default', 'project_domain_name': 'Default', 'project_id': '34669b330436499d8a7ff2a0c7a02427', 'project_name': 'tempest-ServicesAdminNegativeV253TestJSON-397502647', 'tenant_id': '34669b330436499d8a7ff2a0c7a02427', 'tenant_name': 'tempest-ServicesAdminNegativeV253TestJSON-397502647', 'user_domain_id': 'default', 'user_domain_name': 'Default', 'user_id': 'af8b265ff10f4545933804e4684102a0', 'system': None}, Network: None, Subnet: None, Router: None
2025-04-29 07:12:03.658 69571 INFO tempest.lib.common.dynamic_creds [-] Created isolated network resources for: credentials: Credentials: {'domain_id': 'default', 'domain_name': 'Default', 'username': 'tempest-ServicesAdminNegativeV253TestJSON-397502647-project-member', 'project_domain_id': 'default', 'project_domain_name': 'Default', 'project_id': '34669b330436499d8a7ff2a0c7a02427', 'project_name': 'tempest-ServicesAdminNegativeV253TestJSON-397502647', 'tenant_id': '34669b330436499d8a7ff2a0c7a02427', 'tenant_name': 'tempest-ServicesAdminNegativeV253TestJSON-397502647', 'user_domain_id': 'default', 'user_domain_name': 'Default', 'user_id': 'af8b265ff10f4545933804e4684102a0', 'system': None}, Network: None, Subnet: None, Router: None
2025-04-29 07:12:03.746 69575 INFO tempest.lib.common.rest_client [req-ac915840-2b44-49b6-b9f9-5a30bb01670a req-ac915840-2b44-49b6-b9f9-5a30bb01670a ] Request (QuotasAdminTestV236:test_get_updated_quotas): 200 GET http://10.180.1.21/compute/v2.1/os-quota-sets/2212ba1255c048dca379a64b66242964/detail 2.637s
2025-04-29 07:12:03.760 69571 INFO tempest.lib.common.rest_client [req-638f2fda-4e7f-4b85-a566-c2b989d8ebc9 req-638f2fda-4e7f-4b85-a566-c2b989d8ebc9 ] Request (ServicesAdminNegativeV253TestJSON:setUpClass): 201 POST http://10.180.1.21/identity/v3/auth/tokens 0.097s
2025-04-29 07:12:03.784 69575 INFO tempest.lib.common.rest_client [req-74a97ae2-c0cf-4a5d-9a29-50fb41909e39 req-74a97ae2-c0cf-4a5d-9a29-50fb41909e39 ] Request (QuotasAdminTestV236:test_get_updated_quotas): 200 GET http://10.180.1.21/identity/v3/domains?name=Default 0.029s
2025-04-29 07:12:03.864 69571 INFO tempest.lib.common.rest_client [req-20b2083e-80a6-4b78-bd61-8356f33b74bd req-20b2083e-80a6-4b78-bd61-8356f33b74bd ] Request (ServicesAdminNegativeV253TestJSON:setUpClass): 201 POST http://10.180.1.21/identity/v3/projects 0.103s
2025-04-29 07:12:03.932 69575 INFO tempest.lib.common.rest_client [req-849da677-b5ca-43f7-bb8a-7668e131dac3 req-849da677-b5ca-43f7-bb8a-7668e131dac3 ] Request (QuotasAdminTestV236:test_get_updated_quotas): 201 POST http://10.180.1.21/identity/v3/users 0.147s
2025-04-29 07:12:03.933 69607 INFO tempest.lib.common.rest_client [req-3a070441-e1fc-45b5-b938-e9e1cce447a7 req-3a070441-e1fc-45b5-b938-e9e1cce447a7 ] Request (VolumesAssistedSnapshotsTest:test_volume_assisted_snapshot_create_delete): 201 POST http://10.180.1.21:9696/networking/v2.0/floatingips 3.130s
2025-04-29 07:12:03.934 69571 INFO tempest.lib.common.rest_client [req-e20c7645-a566-43a1-956c-a7f2d1c9b64f req-e20c7645-a566-43a1-956c-a7f2d1c9b64f ] Request (ServicesAdminNegativeV253TestJSON:setUpClass): 201 POST http://10.180.1.21/identity/v3/users 0.070s
2025-04-29 07:12:03.974 69597 INFO tempest.lib.common.rest_client [req-e3174fce-8925-4860-be0b-7de38c15c807 req-e3174fce-8925-4860-be0b-7de38c15c807 ] Request (FlavorsAccessTestJSON:tearDownClass): 200 GET http://10.180.1.21:9696/networking/v2.0/security-groups?tenant_id=ab26be4dbcf8427eb1d3cb80e7d169ed&name=default 0.467s
2025-04-29 07:12:03.981 69575 INFO tempest.lib.common.rest_client [req-103cda76-c099-4983-bf73-f603fd5b558c req-103cda76-c099-4983-bf73-f603fd5b558c ] Request (QuotasAdminTestV236:test_get_updated_quotas): 200 GET http://10.180.1.21/identity/v3/domains?name=Default 0.048s
2025-04-29 07:12:03.989 69571 INFO tempest.lib.common.rest_client [req-42b1b4ca-a7a0-4fff-8ce8-61cdc2d29427 req-42b1b4ca-a7a0-4fff-8ce8-61cdc2d29427 ] Request (ServicesAdminNegativeV253TestJSON:setUpClass): 200 GET http://10.180.1.21/identity/v3/roles 0.054s
2025-04-29 07:12:04.044 69571 INFO tempest.lib.common.rest_client [req-24d1ef9b-3e7e-4302-8aff-6fe44f926253 req-24d1ef9b-3e7e-4302-8aff-6fe44f926253 ] Request (ServicesAdminNegativeV253TestJSON:setUpClass): 204 PUT http://10.180.1.21/identity/v3/projects/a582104bf0714de09c47938ef3a3c074/users/7787da5c4d4d404dafcd92cd2ff5b68c/roles/cce4b503aee0434bb1ff1e6643a8184a 0.054s
2025-04-29 07:12:04.049 69609 INFO tempest.lib.common.rest_client [req-e5232c32-7732-4520-8708-87c039ec452c req-e5232c32-7732-4520-8708-87c039ec452c ] Request (ServerDiagnosticsV248Test:test_get_server_diagnostics): 202 POST http://10.180.1.21/compute/v2.1/servers 2.574s
2025-04-29 07:12:04.071 69607 INFO tempest.lib.common.rest_client [req-940769df-9138-46cb-b0ba-3bf2996e402b req-940769df-9138-46cb-b0ba-3bf2996e402b ] Request (VolumesAssistedSnapshotsTest:test_volume_assisted_snapshot_create_delete): 201 POST http://10.180.1.21/identity/v3/auth/tokens 0.133s
2025-04-29 07:12:04.071 69607 INFO tempest.lib.common.fixed_network [-] (VolumesAssistedSnapshotsTest:test_volume_assisted_snapshot_create_delete) Found network {'id': '760f2bbb-7b87-4c22-bceb-95040c1ccfe0', 'name': 'tempest-VolumesAssistedSnapshotsTest-1065315926-network', 'tenant_id': '4e8b1a5107d2487e851316a211e9c927', 'admin_state_up': True, 'mtu': 8950, 'status': 'ACTIVE', 'subnets': [], 'shared': False, 'project_id': '4e8b1a5107d2487e851316a211e9c927', 'port_security_enabled': True, 'router:external': False, 'provider:network_type': 'vlan', 'provider:physical_network': 'default', 'provider:segmentation_id': 877, 'availability_zone_hints': [], 'availability_zones': [], 'ipv4_address_scope': None, 'ipv6_address_scope': None, 'description': '', 'tags': [], 'created_at': '2025-04-29T07:11:38Z', 'updated_at': '2025-04-29T07:11:38Z', 'revision_number': 1} available for tenant
