2025-04-29 07:14:18.762 69591 INFO tempest.lib.common.rest_client [req-5da5dac8-dfac-401e-a1a0-501688acb7e5 req-5da5dac8-dfac-401e-a1a0-501688acb7e5 ] Request (ServerRescueNegativeTestJSON:setUpClass): 200 GET http://10.180.1.21/compute/v2.1/servers/414535bd-4bc0-4cca-9a89-e950c8e79f0b 0.127s
2025-04-29 07:14:18.802 69565 INFO tempest.lib.common.rest_client [req-b09e31b5-86b4-4e44-bb08-65cbcbc22624 req-b09e31b5-86b4-4e44-bb08-65cbcbc22624 ] Request (ServersAdminTestJSON:test_rebuild_server_in_error_state): 202 POST http://10.180.1.21/compute/v2.1/servers/2a8b68ba-cda7-4c51-8dd0-c9b38e88ced4/action 0.225s
2025-04-29 07:14:18.854 69579 INFO tempest.lib.common.rest_client [req-1194d5d8-d0f2-4536-a079-8fb4218e941c req-1194d5d8-d0f2-4536-a079-8fb4218e941c ] Request (ServersListShow2100Test:test_list_show_rebuild_update_server_2100): 200 GET http://10.180.1.21/compute/v2.1/servers/4e68d324-6c16-4173-bb86-a89af3de302e 0.204s
2025-04-29 07:14:18.857 69600 INFO tempest.lib.common.rest_client [req-a6a8c53e-b935-4066-9f77-99105a468542 req-a6a8c53e-b935-4066-9f77-99105a468542 ] Request (ServerActionsTestOtherA:setUpClass): 200 GET http://10.180.1.21/compute/v2.1/servers/5b2d06c1-0308-4145-9f70-809fdc3ce700 0.149s
2025-04-29 07:14:18.934 69582 INFO tempest.lib.common.rest_client [req-ffb7dce7-4f64-46eb-aed4-ee2b32aeeef5 req-ffb7dce7-4f64-46eb-aed4-ee2b32aeeef5 ] Request (ServersAdmin275Test:tearDownClass): 200 GET http://10.180.1.21/compute/v2.1/servers/2c4b1f26-fd3b-46ee-9830-774e54796cbc 0.098s
2025-04-29 07:14:19.009 69613 INFO tempest.lib.common.rest_client [req-e3ce6e20-7d26-43c7-92e8-112db671cbe3 req-e3ce6e20-7d26-43c7-92e8-112db671cbe3 ] Request (ImagesOneServerTestJSON:setUpClass): 200 GET http://10.180.1.21/compute/v2.1/servers/86bff97b-2120-400d-b464-05c3400125cc 0.083s
2025-04-29 07:14:19.021 69613 INFO tempest.common.waiters [-] State transition "BUILD/None" ==> "BUILD/networking" after 61 second wait
2025-04-29 07:14:19.097 69629 INFO tempest.lib.common.rest_client [req-d04e1707-d12b-4a2e-941f-9fee059eff43 req-d04e1707-d12b-4a2e-941f-9fee059eff43 ] Request (ServersTestFqdnHostnames:tearDownClass): 200 GET http://10.180.1.21/compute/v2.1/servers/f06d8e83-f8e4-41d5-a3cb-e3b7a48f2431 0.094s
2025-04-29 07:14:19.115 69565 INFO tempest.lib.common.rest_client [req-15903d1f-d7c1-442b-a0d0-0d0783ffa622 req-15903d1f-d7c1-442b-a0d0-0d0783ffa622 ] Request (ServersAdminTestJSON:test_rebuild_server_in_error_state): 200 GET http://10.180.1.21/compute/v2.1/servers/2a8b68ba-cda7-4c51-8dd0-c9b38e88ced4 0.307s
2025-04-29 07:14:19.182 69597 INFO tempest.lib.common.rest_client [req-773ee99d-1fe9-4379-81c1-840876b8a266 req-773ee99d-1fe9-4379-81c1-840876b8a266 ] Request (ServerShowV254Test:tearDownClass): 200 GET http://10.180.1.21/compute/v2.1/servers/52226813-7807-42e1-9d49-378dbd70a061 0.164s
2025-04-29 07:14:19.192 69575 INFO tempest.lib.common.rest_client [req-87533d02-0af3-46e4-b5b2-279ff569da2b req-87533d02-0af3-46e4-b5b2-279ff569da2b ] Request (MultipleCreateTestJSON:_run_cleanups): 200 GET http://10.180.1.21/compute/v2.1/servers/f153deb7-511b-45b6-817f-7e5e55cf9836 0.118s
2025-04-29 07:14:19.280 69595 INFO tempest.lib.common.rest_client [req-776d6930-2aff-463f-9af0-3d0ac8ce7b21 req-776d6930-2aff-463f-9af0-3d0ac8ce7b21 ] Request (FloatingIPsAssociationTestJSON:tearDownClass): 200 GET http://10.180.1.21/compute/v2.1/servers/7af95d4f-b663-45f4-8e7c-5462659e95f5 0.119s
2025-04-29 07:14:19.290 69619 INFO tempest.lib.common.rest_client [req-5ce3db47-3e7b-4815-a367-e09165173d82 req-5ce3db47-3e7b-4815-a367-e09165173d82 ] Request (InstanceActionsV221TestJSON:test_get_list_deleted_instance_actions): 200 GET http://10.180.1.21/compute/v2.1/servers/b7c6331c-3651-4b02-b34c-c8efaccec931 0.201s
2025-04-29 07:14:19.325 69577 INFO tempest.lib.common.rest_client [req-4e449904-d6db-40ba-bb7d-f1ec7c009e4f req-4e449904-d6db-40ba-bb7d-f1ec7c009e4f ] Request (AttachInterfacesUnderV243Test:test_add_remove_fixed_ip): 200 GET http://10.180.1.21/compute/v2.1/servers/9a01687a-a5c9-4ec4-b2d0-d86b8d786e8b/ips 0.145s
2025-04-29 07:14:19.418 69585 INFO tempest.lib.common.rest_client [req-35638f4a-d281-43eb-a8d0-9df5196c243c req-35638f4a-d281-43eb-a8d0-9df5196c243c ] Request (ServerMetadataNegativeTestJSON:tearDownClass): 200 GET http://10.180.1.21/compute/v2.1/servers/66fbc220-b650-4b82-a3f8-f6f55a3dbcf7 0.163s
2025-04-29 07:14:19.496 69569 INFO tempest.lib.common.rest_client [req-76872e9d-c903-4722-90ff-b59016482608 req-76872e9d-c903-4722-90ff-b59016482608 ] Request (ImagesTestJSON:test_create_image_from_stopped_server): 200 GET http://10.180.1.21/compute/v2.1/servers/13440a25-adc8-40d3-9a4c-bc04d0487141 0.278s
2025-04-29 07:14:19.631 69621 INFO tempest.lib.common.rest_client [req-55c4737e-4d52-4290-97ac-53200dfc7b1f req-55c4737e-4d52-4290-97ac-53200dfc7b1f ] Request (ServerActionsTestOtherB:test_create_backup): 200 GET http://10.180.1.21/compute/v2.1/servers/c020b49d-0484-4df0-bca9-44053f5210ae 0.319s
2025-04-29 07:14:19.697 69577 INFO tempest.lib.common.rest_client [req-b734836b-02ef-4934-aedb-78497a6e0ac6 req-b734836b-02ef-4934-aedb-78497a6e0ac6 ] Request (AttachInterfacesUnderV243Test:test_add_remove_fixed_ip): 200 GET http://10.180.1.21/compute/v2.1/servers/9a01687a-a5c9-4ec4-b2d0-d86b8d786e8b 0.369s
2025-04-29 07:14:19.723 69573 INFO tempest.lib.common.rest_client [req-f4454147-dabc-427d-aa66-43f2a3c4b5c4 req-f4454147-dabc-427d-aa66-43f2a3c4b5c4 ] Request (ImagesOneServerNegativeTestJSON:_run_cleanups): 200 GET http://10.180.1.21/compute/v2.1/servers/f7dbf915-0416-4aa8-9811-56ecef1916ea 0.354s
2025-04-29 07:14:19.820 69623 INFO tempest.lib.common.rest_client [req-7ef2f2e9-f5ec-455f-a700-151d0e784d57 req-7ef2f2e9-f5ec-455f-a700-151d0e784d57 ] Request (ServersTestMultiNic:_run_cleanups): 200 GET http://10.180.1.21/compute/v2.1/servers/2add4819-da09-4267-a9fa-b29dfd8c5b9d 0.385s
2025-04-29 07:14:19.873 69571 INFO tempest.lib.common.rest_client [req-227834ff-ae36-4d69-ae93-c2831aab26b2 req-227834ff-ae36-4d69-ae93-c2831aab26b2 ] Request (AttachInterfacesTestJSON:test_create_list_show_delete_interfaces_by_fixed_ip): 200 GET http://10.180.1.21/compute/v2.1/servers/b6fa4c33-43dc-4908-8dfc-7e89c803f0d6 0.398s
2025-04-29 07:14:19.885 69601 INFO tempest.lib.common.rest_client [req-2ab561b0-d00f-4af4-b4f2-5bf13e6e2428 req-2ab561b0-d00f-4af4-b4f2-5bf13e6e2428 ] Request (ListImageFiltersTestJSON:tearDownClass): 200 GET http://10.180.1.21/compute/v2.1/servers/4a3b9e55-6e11-4191-8b8e-acf0a1472f66 0.390s
2025-04-29 07:14:19.938 69593 INFO tempest.lib.common.rest_client [req-85ad9099-0a7e-48a6-87cc-d75f7c4a9791 req-85ad9099-0a7e-48a6-87cc-d75f7c4a9791 ] Request (ServerDiskConfigTestJSON:test_rebuild_server_with_auto_disk_config): 200 GET http://10.180.1.21/compute/v2.1/servers/22ed893c-95fc-4487-87cc-e3d7727c2230 0.412s
2025-04-29 07:14:19.951 69609 INFO tempest.lib.common.rest_client [req-9cf23de4-d65b-46d0-aced-79b1946f0d98 req-9cf23de4-d65b-46d0-aced-79b1946f0d98 ] Request (VolumesAdminNegativeTest:test_update_attached_volume_with_nonexistent_volume_in_body): 200 GET http://10.180.1.21/compute/v2.1/servers/102fc0dd-4690-4dcc-b95b-ff9feee72ae5 0.382s
2025-04-29 07:14:19.985 69577 INFO tempest.lib.common.rest_client [req-406fd28c-9973-4ea4-833c-f99925d7b955 req-406fd28c-9973-4ea4-833c-f99925d7b955 ] Request (AttachInterfacesUnderV243Test:test_add_remove_fixed_ip): 202 POST http://10.180.1.21/compute/v2.1/servers/9a01687a-a5c9-4ec4-b2d0-d86b8d786e8b/action 0.272s
2025-04-29 07:14:20.011 69603 INFO tempest.lib.common.rest_client [req-4cd952fc-3dae-4d7a-8005-1514bb0e6eb2 req-4cd952fc-3dae-4d7a-8005-1514bb0e6eb2 ] Request (ServersAdminNegativeTestJSON:tearDownClass): 200 GET http://10.180.1.21/compute/v2.1/servers/16a6f8fe-7c7d-4304-aca9-59fb2d4b6d04 0.362s
2025-04-29 07:14:20.325 69591 INFO tempest.lib.common.rest_client [req-e292bb30-3db6-44b2-9aac-1100bb584532 req-e292bb30-3db6-44b2-9aac-1100bb584532 ] Request (ServerRescueNegativeTestJSON:setUpClass): 200 GET http://10.180.1.21/compute/v2.1/servers/414535bd-4bc0-4cca-9a89-e950c8e79f0b 0.548s
2025-04-29 07:14:20.389 69605 WARNING tempest.lib.common.ssh [-] Failed to establish authenticated ssh connection to cirros@10.180.180.178 ([Errno None] Unable to connect to port 22 on 10.180.180.178). Number attempts: 10. Retry after 11 seconds.: paramiko.ssh_exception.NoValidConnectionsError: [Errno None] Unable to connect to port 22 on 10.180.180.178
2025-04-29 07:14:20.408 69600 INFO tempest.lib.common.rest_client [req-a016366c-ffab-4457-94e3-93579f639d1b req-a016366c-ffab-4457-94e3-93579f639d1b ] Request (ServerActionsTestOtherA:setUpClass): 200 GET http://10.180.1.21/compute/v2.1/servers/5b2d06c1-0308-4145-9f70-809fdc3ce700 0.542s
2025-04-29 07:14:20.424 69567 INFO tempest.lib.common.rest_client [req-6f9d1ee5-a515-45b9-9be1-0e9037e55d8d req-6f9d1ee5-a515-45b9-9be1-0e9037e55d8d ] Request (MigrationsAdminTest:test_list_migrations_in_flavor_resize_situation): 200 GET http://10.180.1.21/compute/v2.1/servers/be8e0fe9-3777-42da-a8e7-658b0bc2bb97 0.710s
2025-04-29 07:14:20.537 69579 INFO tempest.lib.common.rest_client [req-cdf94d0a-4cc1-4fcb-95e0-14ebd48a3328 req-cdf94d0a-4cc1-4fcb-95e0-14ebd48a3328 ] Request (ServersListShow2100Test:test_list_show_rebuild_update_server_2100): 200 GET http://10.180.1.21/compute/v2.1/servers/4e68d324-6c16-4173-bb86-a89af3de302e 0.669s
2025-04-29 07:14:20.543 69582 INFO tempest.lib.common.rest_client [req-f6ba5a7f-1a4d-471a-bfb7-ee526e3209b5 req-f6ba5a7f-1a4d-471a-bfb7-ee526e3209b5 ] Request (ServersAdmin275Test:tearDownClass): 200 GET http://10.180.1.21/compute/v2.1/servers/2c4b1f26-fd3b-46ee-9830-774e54796cbc 0.594s
2025-04-29 07:14:20.566 69577 INFO tempest.lib.common.rest_client [req-813e696e-0bda-4b67-9c59-0d9606cc4a99 req-813e696e-0bda-4b67-9c59-0d9606cc4a99 ] Request (AttachInterfacesUnderV243Test:test_add_remove_fixed_ip): 200 GET http://10.180.1.21/compute/v2.1/servers/9a01687a-a5c9-4ec4-b2d0-d86b8d786e8b/ips 0.581s
2025-04-29 07:14:20.659 69629 INFO tempest.lib.common.rest_client [req-dec41c76-2f40-4ffa-aba7-3f500e2f774a req-dec41c76-2f40-4ffa-aba7-3f500e2f774a ] Request (ServersTestFqdnHostnames:tearDownClass): 200 GET http://10.180.1.21/compute/v2.1/servers/f06d8e83-f8e4-41d5-a3cb-e3b7a48f2431 0.552s
2025-04-29 07:14:20.736 69613 INFO tempest.lib.common.rest_client [req-750e488d-e797-4b8b-a828-7830d857aca0 req-750e488d-e797-4b8b-a828-7830d857aca0 ] Request (ImagesOneServerTestJSON:setUpClass): 200 GET http://10.180.1.21/compute/v2.1/servers/86bff97b-2120-400d-b464-05c3400125cc 0.711s
2025-04-29 07:14:20.746 69613 INFO tempest.common.waiters [-] State transition "BUILD/networking" ==> "BUILD/spawning" after 62 second wait
2025-04-29 07:14:20.826 69597 INFO tempest.lib.common.rest_client [req-9ad2ebd9-da4a-4a0a-8c8b-3c5c00b0f806 req-9ad2ebd9-da4a-4a0a-8c8b-3c5c00b0f806 ] Request (ServerShowV254Test:tearDownClass): 200 GET http://10.180.1.21/compute/v2.1/servers/52226813-7807-42e1-9d49-378dbd70a061 0.630s
2025-04-29 07:14:20.873 69565 INFO tempest.lib.common.rest_client [req-65e0e6cc-b51b-48d2-9e0e-1805be0968f3 req-65e0e6cc-b51b-48d2-9e0e-1805be0968f3 ] Request (ServersAdminTestJSON:test_rebuild_server_in_error_state): 200 GET http://10.180.1.21/compute/v2.1/servers/2a8b68ba-cda7-4c51-8dd0-c9b38e88ced4 0.749s
2025-04-29 07:14:20.909 69575 INFO tempest.lib.common.rest_client [req-e60aaeb3-70e6-4d76-a18b-c3ceff219df4 req-e60aaeb3-70e6-4d76-a18b-c3ceff219df4 ] Request (MultipleCreateTestJSON:_run_cleanups): 200 GET http://10.180.1.21/compute/v2.1/servers/f153deb7-511b-45b6-817f-7e5e55cf9836 0.707s
2025-04-29 07:14:20.938 69619 INFO tempest.lib.common.rest_client [req-56e32119-d608-4359-8b88-4a9f32221def req-56e32119-d608-4359-8b88-4a9f32221def ] Request (InstanceActionsV221TestJSON:test_get_list_deleted_instance_actions): 404 GET http://10.180.1.21/compute/v2.1/servers/b7c6331c-3651-4b02-b34c-c8efaccec931 0.634s
2025-04-29 07:14:20.944 69595 INFO tempest.lib.common.rest_client [req-21307f15-0045-4222-af5c-8705fa56face req-21307f15-0045-4222-af5c-8705fa56face ] Request (FloatingIPsAssociationTestJSON:tearDownClass): 200 GET http://10.180.1.21/compute/v2.1/servers/7af95d4f-b663-45f4-8e7c-5462659e95f5 0.656s
2025-04-29 07:14:21.007 69585 INFO tempest.lib.common.rest_client [req-0799033e-c5b1-454e-8ea7-a6f4543a098a req-0799033e-c5b1-454e-8ea7-a6f4543a098a ] Request (ServerMetadataNegativeTestJSON:tearDownClass): 200 GET http://10.180.1.21/compute/v2.1/servers/66fbc220-b650-4b82-a3f8-f6f55a3dbcf7 0.579s
2025-04-29 07:14:21.101 69569 INFO tempest.lib.common.rest_client [req-b8f2ffa6-b2ab-4769-ab93-4d188de51442 req-b8f2ffa6-b2ab-4769-ab93-4d188de51442 ] Request (ImagesTestJSON:test_create_image_from_stopped_server): 200 GET http://10.180.1.21/compute/v2.1/servers/13440a25-adc8-40d3-9a4c-bc04d0487141 0.597s
2025-04-29 07:14:21.112 69569 INFO tempest.common.waiters [-] State transition "BUILD/spawning" ==> "ACTIVE/None" after 69 second wait
2025-04-29 07:14:21.164 69573 INFO tempest.lib.common.rest_client [req-07aa570c-d681-44e7-9a62-f5cace43c198 req-07aa570c-d681-44e7-9a62-f5cace43c198 ] Request (ImagesOneServerNegativeTestJSON:_run_cleanups): 200 GET http://10.180.1.21/compute/v2.1/servers/f7dbf915-0416-4aa8-9811-56ecef1916ea 0.425s
2025-04-29 07:14:21.203 69621 INFO tempest.lib.common.rest_client [req-315e436e-8642-47ec-be21-74f29e15d13c req-315e436e-8642-47ec-be21-74f29e15d13c ] Request (ServerActionsTestOtherB:test_create_backup): 200 GET http://10.180.1.21/compute/v2.1/servers/c020b49d-0484-4df0-bca9-44053f5210ae 0.560s
2025-04-29 07:14:21.212 69621 INFO tempest.common.waiters [-] State transition "ACTIVE/image_uploading" ==> "ACTIVE/None" after 20 second wait
2025-04-29 07:14:21.222 69621 INFO tempest.lib.common.rest_client [req-2bd80e23-ff76-44c7-9590-a6d0b38bcc34 req-2bd80e23-ff76-44c7-9590-a6d0b38bcc34 ] Request (ServerActionsTestOtherB:test_create_backup): 404 GET http://10.180.1.21/image/v2/images/2d1fd91a-5762-4e78-812b-bda043161873 0.009s
2025-04-29 07:14:21.225 69623 INFO tempest.lib.common.rest_client [req-b377baef-ff58-432f-a7b0-a52608182f37 req-b377baef-ff58-432f-a7b0-a52608182f37 ] Request (ServersTestMultiNic:_run_cleanups): 200 GET http://10.180.1.21/compute/v2.1/servers/2add4819-da09-4267-a9fa-b29dfd8c5b9d 0.396s
2025-04-29 07:14:21.255 69621 INFO tempest.lib.common.rest_client [req-39b382eb-7ca7-4d78-b910-bd465f22f8ed req-39b382eb-7ca7-4d78-b910-bd465f22f8ed ] Request (ServerActionsTestOtherB:test_create_backup): 200 GET http://10.180.1.21/image/v2/images?status=active&sort_key=created_at&sort_dir=asc&image_type=backup&backup_type=daily&instance_uuid=c020b49d-0484-4df0-bca9-44053f5210ae 0.033s
2025-04-29 07:14:21.294 69601 INFO tempest.lib.common.rest_client [req-9aece6f3-5faf-4c75-862b-1cd4b1b34e1b req-9aece6f3-5faf-4c75-862b-1cd4b1b34e1b ] Request (ListImageFiltersTestJSON:tearDownClass): 200 GET http://10.180.1.21/compute/v2.1/servers/4a3b9e55-6e11-4191-8b8e-acf0a1472f66 0.399s
2025-04-29 07:14:21.304 69571 INFO tempest.lib.common.rest_client [req-74b4eddd-8ea6-41f6-94ae-ac3ef1cfb578 req-74b4eddd-8ea6-41f6-94ae-ac3ef1cfb578 ] Request (AttachInterfacesTestJSON:test_create_list_show_delete_interfaces_by_fixed_ip): 200 GET http://10.180.1.21/compute/v2.1/servers/b6fa4c33-43dc-4908-8dfc-7e89c803f0d6 0.423s
2025-04-29 07:14:21.340 69619 INFO tempest.lib.common.rest_client [req-6ea7bb7b-9261-46e2-bf05-69d38feed321 req-6ea7bb7b-9261-46e2-bf05-69d38feed321 ] Request (InstanceActionsV221TestJSON:test_get_list_deleted_instance_actions): 200 GET http://10.180.1.21/compute/v2.1/servers/b7c6331c-3651-4b02-b34c-c8efaccec931/os-instance-actions 0.401s
2025-04-29 07:14:21.351 69593 INFO tempest.lib.common.rest_client [req-97020cb7-f6e6-427c-b359-fa2717be9e15 req-97020cb7-f6e6-427c-b359-fa2717be9e15 ] Request (ServerDiskConfigTestJSON:test_rebuild_server_with_auto_disk_config): 200 GET http://10.180.1.21/compute/v2.1/servers/22ed893c-95fc-4487-87cc-e3d7727c2230 0.402s
2025-04-29 07:14:21.388 69609 INFO tempest.lib.common.rest_client [req-551e3921-0ffd-4476-a556-4301efad6321 req-551e3921-0ffd-4476-a556-4301efad6321 ] Request (VolumesAdminNegativeTest:test_update_attached_volume_with_nonexistent_volume_in_body): 200 GET http://10.180.1.21/compute/v2.1/servers/102fc0dd-4690-4dcc-b95b-ff9feee72ae5 0.426s
2025-04-29 07:14:21.414 69603 INFO tempest.lib.common.rest_client [req-dfd09ef1-d054-4586-9eac-efbec05b3d5a req-dfd09ef1-d054-4586-9eac-efbec05b3d5a ] Request (ServersAdminNegativeTestJSON:tearDownClass): 200 GET http://10.180.1.21/compute/v2.1/servers/16a6f8fe-7c7d-4304-aca9-59fb2d4b6d04 0.394s
2025-04-29 07:14:21.423 69615 INFO paramiko.transport [-] Connected (version 2.0, client dropbear_2020.81)
2025-04-29 07:14:21.458 69569 INFO tempest.lib.common.rest_client [req-5ff4ad6a-4d9c-44db-abe8-fd1bfee26c3c req-5ff4ad6a-4d9c-44db-abe8-fd1bfee26c3c ] Request (ImagesTestJSON:test_create_image_from_stopped_server): 202 POST http://10.180.1.21/compute/v2.1/servers/13440a25-adc8-40d3-9a4c-bc04d0487141/action 0.345s
2025-04-29 07:14:21.531 69615 INFO paramiko.transport [-] Authentication (publickey) successful!
2025-04-29 07:14:21.532 69615 INFO tempest.lib.common.ssh [-] ssh connection to cirros@10.180.180.139 successfully created
2025-04-29 07:14:21.538 69615 INFO tempest.lib.common.ssh [-] Creating ssh connection to '10.180.180.139:22' as 'cirros' with public key authentication
2025-04-29 07:14:21.542 69615 INFO paramiko.transport [-] Connected (version 2.0, client dropbear_2020.81)
2025-04-29 07:14:21.563 69591 INFO tempest.lib.common.rest_client [req-2e696a7d-8ecb-47a7-8e4f-6a964a2a87e0 req-2e696a7d-8ecb-47a7-8e4f-6a964a2a87e0 ] Request (ServerRescueNegativeTestJSON:setUpClass): 200 GET http://10.180.1.21/compute/v2.1/servers/414535bd-4bc0-4cca-9a89-e950c8e79f0b 0.223s
2025-04-29 07:14:21.583 69619 INFO tempest.lib.common.rest_client [req-8dff75cd-f075-44bc-b4a7-f88633f346d2 req-8dff75cd-f075-44bc-b4a7-f88633f346d2 ] Request (InstanceActionsV221TestJSON:tearDownClass): 404 DELETE http://10.180.1.21/compute/v2.1/servers/b7c6331c-3651-4b02-b34c-c8efaccec931 0.241s
2025-04-29 07:14:21.598 69615 INFO paramiko.transport [-] Authentication (publickey) successful!
2025-04-29 07:14:21.598 69615 INFO tempest.lib.common.ssh [-] ssh connection to cirros@10.180.180.139 successfully created
2025-04-29 07:14:21.602 69621 INFO tempest.lib.common.rest_client [req-29a5b704-9081-4667-a32b-6f60e1e0b179 req-29a5b704-9081-4667-a32b-6f60e1e0b179 ] Request (ServerActionsTestOtherB:tearDown): 200 GET http://10.180.1.21/compute/v2.1/servers/c020b49d-0484-4df0-bca9-44053f5210ae 0.346s
2025-04-29 07:14:21.645 69600 INFO tempest.lib.common.rest_client [req-53286ceb-0b5b-43df-b987-8666a44d81e5 req-53286ceb-0b5b-43df-b987-8666a44d81e5 ] Request (ServerActionsTestOtherA:setUpClass): 200 GET http://10.180.1.21/compute/v2.1/servers/5b2d06c1-0308-4145-9f70-809fdc3ce700 0.226s
2025-04-29 07:14:21.753 69621 INFO tempest.lib.common.rest_client [req-b5e695e9-2e21-42fa-bff7-2080f9766017 req-b5e695e9-2e21-42fa-bff7-2080f9766017 ] Request (ServerActionsTestOtherB:_run_cleanups): 204 DELETE http://10.180.1.21/image/v2/images/bb50a81c-ee13-4e15-90a5-f28e52d78056 0.138s
2025-04-29 07:14:21.817 69567 INFO tempest.lib.common.rest_client [req-09bcff57-f2d0-4b26-ae1f-9126f907f6a2 req-09bcff57-f2d0-4b26-ae1f-9126f907f6a2 ] Request (MigrationsAdminTest:test_list_migrations_in_flavor_resize_situation): 200 GET http://10.180.1.21/compute/v2.1/servers/be8e0fe9-3777-42da-a8e7-658b0bc2bb97 0.382s
2025-04-29 07:14:21.868 69621 INFO tempest.lib.common.rest_client [req-57dffa3f-3db1-4807-a9da-1a9936e4e83d req-57dffa3f-3db1-4807-a9da-1a9936e4e83d ] Request (ServerActionsTestOtherB:_run_cleanups): 204 DELETE http://10.180.1.21/image/v2/images/697792f6-ec3c-45a6-8c97-ce35270d5cd5 0.114s
2025-04-29 07:14:21.869 69569 INFO tempest.lib.common.rest_client [req-f8bbb8f3-4028-4c4c-b9af-e4b804b8deb2 req-f8bbb8f3-4028-4c4c-b9af-e4b804b8deb2 ] Request (ImagesTestJSON:test_create_image_from_stopped_server): 200 GET http://10.180.1.21/compute/v2.1/servers/13440a25-adc8-40d3-9a4c-bc04d0487141 0.410s
2025-04-29 07:14:21.912 69582 INFO tempest.lib.common.rest_client [req-1bdcf8fe-4a2b-4d6e-af7a-ee90f8202e01 req-1bdcf8fe-4a2b-4d6e-af7a-ee90f8202e01 ] Request (ServersAdmin275Test:tearDownClass): 200 GET http://10.180.1.21/compute/v2.1/servers/2c4b1f26-fd3b-46ee-9830-774e54796cbc 0.358s
2025-04-29 07:14:21.937 69579 INFO tempest.lib.common.rest_client [req-dbad7ccb-7ca9-480f-9123-0ab247c898da req-dbad7ccb-7ca9-480f-9123-0ab247c898da ] Request (ServersListShow2100Test:test_list_show_rebuild_update_server_2100): 200 GET http://10.180.1.21/compute/v2.1/servers/4e68d324-6c16-4173-bb86-a89af3de302e 0.380s
2025-04-29 07:14:21.940 69577 INFO tempest.lib.common.rest_client [req-ab22a13b-f021-4871-bae9-6e0d612a9ca3 req-ab22a13b-f021-4871-bae9-6e0d612a9ca3 ] Request (AttachInterfacesUnderV243Test:test_add_remove_fixed_ip): 200 GET http://10.180.1.21/compute/v2.1/servers/9a01687a-a5c9-4ec4-b2d0-d86b8d786e8b/ips 0.370s
2025-04-29 07:14:21.950 69579 INFO tempest.common.waiters [-] State transition "BUILD/spawning" ==> "ACTIVE/None" after 68 second wait
2025-04-29 07:14:21.956 69619 INFO tempest.lib.common.rest_client [req-fb00f989-e456-4af6-a354-2fbbf7a3d264 req-fb00f989-e456-4af6-a354-2fbbf7a3d264 ] Request (InstanceActionsV221TestJSON:tearDownClass): 404 GET http://10.180.1.21/compute/v2.1/servers/b7c6331c-3651-4b02-b34c-c8efaccec931 0.372s
2025-04-29 07:14:22.044 69629 INFO tempest.lib.common.rest_client [req-1a26a406-f3e0-42da-b34a-1ce496af7ed1 req-1a26a406-f3e0-42da-b34a-1ce496af7ed1 ] Request (ServersTestFqdnHostnames:tearDownClass): 200 GET http://10.180.1.21/compute/v2.1/servers/f06d8e83-f8e4-41d5-a3cb-e3b7a48f2431 0.375s
2025-04-29 07:14:22.144 69597 INFO tempest.lib.common.rest_client [req-cb132e11-2d89-4f9e-a04b-4e651eb572e1 req-cb132e11-2d89-4f9e-a04b-4e651eb572e1 ] Request (ServerShowV254Test:tearDownClass): 200 GET http://10.180.1.21/compute/v2.1/servers/52226813-7807-42e1-9d49-378dbd70a061 0.303s
2025-04-29 07:14:22.178 69613 INFO tempest.lib.common.rest_client [req-efdc7b04-fc21-445c-861e-2368cdd9a393 req-efdc7b04-fc21-445c-861e-2368cdd9a393 ] Request (ImagesOneServerTestJSON:setUpClass): 200 GET http://10.180.1.21/compute/v2.1/servers/86bff97b-2120-400d-b464-05c3400125cc 0.430s
2025-04-29 07:14:22.390 69621 INFO tempest.lib.common.rest_client [req-67a12c62-8f73-42be-b446-05faeb944fd2 req-67a12c62-8f73-42be-b446-05faeb944fd2 ] Request (ServerActionsTestOtherB:setUp): 200 GET http://10.180.1.21/compute/v2.1/servers/c020b49d-0484-4df0-bca9-44053f5210ae 0.521s
2025-04-29 07:14:22.403 69565 INFO tempest.lib.common.rest_client [req-33c54c59-fd45-43ef-a828-7e9b1051a693 req-33c54c59-fd45-43ef-a828-7e9b1051a693 ] Request (ServersAdminTestJSON:test_rebuild_server_in_error_state): 200 GET http://10.180.1.21/compute/v2.1/servers/2a8b68ba-cda7-4c51-8dd0-c9b38e88ced4 0.521s
2025-04-29 07:14:22.413 69565 INFO tempest.common.waiters [-] State transition "REBUILD/rebuilding" ==> "REBUILD/rebuild_spawning" after 3 second wait
2025-04-29 07:14:22.491 69575 INFO tempest.lib.common.rest_client [req-6fd8067b-e4fa-47bd-9f0f-bca5ba8429ed req-6fd8067b-e4fa-47bd-9f0f-bca5ba8429ed ] Request (MultipleCreateTestJSON:_run_cleanups): 200 GET http://10.180.1.21/compute/v2.1/servers/f153deb7-511b-45b6-817f-7e5e55cf9836 0.568s
2025-04-29 07:14:22.584 69579 INFO tempest.lib.common.rest_client [req-f53e42bf-b82c-4dcb-9a14-2b18a8e11364 req-f53e42bf-b82c-4dcb-9a14-2b18a8e11364 ] Request (ServersListShow2100Test:test_list_show_rebuild_update_server_2100): 200 GET http://10.180.1.21/compute/v2.1/servers/detail 0.633s
2025-04-29 07:14:22.592 69595 INFO tempest.lib.common.rest_client [req-87418802-e98d-42d0-9ac3-cae3d8371810 req-87418802-e98d-42d0-9ac3-cae3d8371810 ] Request (FloatingIPsAssociationTestJSON:tearDownClass): 200 GET http://10.180.1.21/compute/v2.1/servers/7af95d4f-b663-45f4-8e7c-5462659e95f5 0.639s
2025-04-29 07:14:22.676 69573 INFO tempest.lib.common.rest_client [req-6a18af2d-ea32-4013-b506-b0df8a9ab1b4 req-6a18af2d-ea32-4013-b506-b0df8a9ab1b4 ] Request (ImagesOneServerNegativeTestJSON:_run_cleanups): 200 GET http://10.180.1.21/compute/v2.1/servers/f7dbf915-0416-4aa8-9811-56ecef1916ea 0.501s
2025-04-29 07:14:22.680 69585 INFO tempest.lib.common.rest_client [req-13a27f39-e447-45cf-abb5-234a09378dcb req-13a27f39-e447-45cf-abb5-234a09378dcb ] Request (ServerMetadataNegativeTestJSON:tearDownClass): 200 GET http://10.180.1.21/compute/v2.1/servers/66fbc220-b650-4b82-a3f8-f6f55a3dbcf7 0.656s
2025-04-29 07:14:22.757 69623 INFO tempest.lib.common.rest_client [req-3d345cd8-f6c0-42e8-95d8-a969d376aacc req-3d345cd8-f6c0-42e8-95d8-a969d376aacc ] Request (ServersTestMultiNic:_run_cleanups): 200 GET http://10.180.1.21/compute/v2.1/servers/2add4819-da09-4267-a9fa-b29dfd8c5b9d 0.524s
2025-04-29 07:14:23.070 69601 INFO tempest.lib.common.rest_client [req-fc982eb7-7c51-4119-b5a0-11ee23c3c6c7 req-fc982eb7-7c51-4119-b5a0-11ee23c3c6c7 ] Request (ListImageFiltersTestJSON:tearDownClass): 200 GET http://10.180.1.21/compute/v2.1/servers/4a3b9e55-6e11-4191-8b8e-acf0a1472f66 0.768s
2025-04-29 07:14:23.132 69571 INFO tempest.lib.common.rest_client [req-59fff9b3-0676-4e8c-b134-1ffabca09961 req-59fff9b3-0676-4e8c-b134-1ffabca09961 ] Request (AttachInterfacesTestJSON:test_create_list_show_delete_interfaces_by_fixed_ip): 200 GET http://10.180.1.21/compute/v2.1/servers/b6fa4c33-43dc-4908-8dfc-7e89c803f0d6 0.818s
2025-04-29 07:14:23.153 69593 INFO tempest.lib.common.rest_client [req-db0cae4a-4d54-471e-9b3a-ddf38fb0d6f5 req-db0cae4a-4d54-471e-9b3a-ddf38fb0d6f5 ] Request (ServerDiskConfigTestJSON:test_rebuild_server_with_auto_disk_config): 200 GET http://10.180.1.21/compute/v2.1/servers/22ed893c-95fc-4487-87cc-e3d7727c2230 0.792s
2025-04-29 07:14:23.214 69609 INFO tempest.lib.common.rest_client [req-d138cfb0-1dfa-4a09-8967-e56757ec717f req-d138cfb0-1dfa-4a09-8967-e56757ec717f ] Request (VolumesAdminNegativeTest:test_update_attached_volume_with_nonexistent_volume_in_body): 200 GET http://10.180.1.21/compute/v2.1/servers/102fc0dd-4690-4dcc-b95b-ff9feee72ae5 0.818s
2025-04-29 07:14:23.220 69609 INFO tempest.common.waiters [-] State transition "BUILD/None" ==> "BUILD/networking" after 47 second wait
2025-04-29 07:14:23.314 69603 INFO tempest.lib.common.rest_client [req-3dae5189-82b2-430b-ab90-e9bb90ddc1bb req-3dae5189-82b2-430b-ab90-e9bb90ddc1bb ] Request (ServersAdminNegativeTestJSON:tearDownClass): 200 GET http://10.180.1.21/compute/v2.1/servers/16a6f8fe-7c7d-4304-aca9-59fb2d4b6d04 0.890s
2025-04-29 07:14:23.386 69621 INFO tempest.lib.common.rest_client [req-ecab0043-c6d3-4eb1-8cd5-2e48ce29af44 req-ecab0043-c6d3-4eb1-8cd5-2e48ce29af44 ] Request (ServerActionsTestOtherB:tearDown): 200 GET http://10.180.1.21/compute/v2.1/servers/c020b49d-0484-4df0-bca9-44053f5210ae 0.978s
2025-04-29 07:14:23.396 69591 INFO tempest.lib.common.rest_client [req-8690544e-7f62-478b-b101-06621fd1e850 req-8690544e-7f62-478b-b101-06621fd1e850 ] Request (ServerRescueNegativeTestJSON:setUpClass): 200 GET http://10.180.1.21/compute/v2.1/servers/414535bd-4bc0-4cca-9a89-e950c8e79f0b 0.825s
2025-04-29 07:14:23.482 69579 INFO tempest.lib.common.rest_client [req-b4bdf6fe-f797-4df2-980f-141bca48853d req-b4bdf6fe-f797-4df2-980f-141bca48853d ] Request (ServersListShow2100Test:test_list_show_rebuild_update_server_2100): 200 GET http://10.180.1.21/compute/v2.1/servers/4e68d324-6c16-4173-bb86-a89af3de302e 0.871s
2025-04-29 07:14:23.483 69615 INFO tempest.lib.common.rest_client [req-a21d714f-be29-4db8-b8b6-630752b8a608 req-a21d714f-be29-4db8-b8b6-630752b8a608 ] Request (ServersV294TestFqdnHostnames:tearDownClass): 204 DELETE http://10.180.1.21/compute/v2.1/servers/d76103e4-36df-4a38-96e9-83ee667c3e1e 0.846s
2025-04-29 07:14:23.822 69600 INFO tempest.lib.common.rest_client [req-055e65bd-d8a9-49d0-93cb-80dee74c9052 req-055e65bd-d8a9-49d0-93cb-80dee74c9052 ] Request (ServerActionsTestOtherA:setUpClass): 200 GET http://10.180.1.21/compute/v2.1/servers/5b2d06c1-0308-4145-9f70-809fdc3ce700 1.168s
2025-04-29 07:14:24.052 69569 INFO tempest.lib.common.rest_client [req-5d45baa2-374c-492b-82f8-3803bbd929aa req-5d45baa2-374c-492b-82f8-3803bbd929aa ] Request (ImagesTestJSON:test_create_image_from_stopped_server): 200 GET http://10.180.1.21/compute/v2.1/servers/13440a25-adc8-40d3-9a4c-bc04d0487141 1.174s
2025-04-29 07:14:24.060 69567 INFO tempest.lib.common.rest_client [req-c9e5e2ac-89ad-426c-8198-ade1a0db0e6f req-c9e5e2ac-89ad-426c-8198-ade1a0db0e6f ] Request (MigrationsAdminTest:test_list_migrations_in_flavor_resize_situation): 200 GET http://10.180.1.21/compute/v2.1/servers/be8e0fe9-3777-42da-a8e7-658b0bc2bb97 1.228s
2025-04-29 07:14:24.062 69569 INFO tempest.common.waiters [-] State transition "ACTIVE/powering-off" ==> "SHUTOFF/None" after 3 second wait
2025-04-29 07:14:24.091 69577 INFO tempest.lib.common.rest_client [req-a3fad186-6f20-4670-8db5-907f50d34518 req-a3fad186-6f20-4670-8db5-907f50d34518 ] Request (AttachInterfacesUnderV243Test:test_add_remove_fixed_ip): 200 GET http://10.180.1.21/compute/v2.1/servers/9a01687a-a5c9-4ec4-b2d0-d86b8d786e8b/ips 1.148s
2025-04-29 07:14:24.163 69582 INFO tempest.lib.common.rest_client [req-30779ada-409c-40f6-a0a5-e5fb9c2034f8 req-30779ada-409c-40f6-a0a5-e5fb9c2034f8 ] Request (ServersAdmin275Test:tearDownClass): 200 GET http://10.180.1.21/compute/v2.1/servers/2c4b1f26-fd3b-46ee-9830-774e54796cbc 1.233s
2025-04-29 07:14:24.179 69629 INFO tempest.lib.common.rest_client [req-601123c6-1c21-4cfb-a46e-7f029bf3086b req-601123c6-1c21-4cfb-a46e-7f029bf3086b ] Request (ServersTestFqdnHostnames:tearDownClass): 200 GET http://10.180.1.21/compute/v2.1/servers/f06d8e83-f8e4-41d5-a3cb-e3b7a48f2431 1.126s
2025-04-29 07:14:24.251 69597 INFO tempest.lib.common.rest_client [req-f51b490f-922d-4f70-aaa8-a35038f009b1 req-f51b490f-922d-4f70-aaa8-a35038f009b1 ] Request (ServerShowV254Test:tearDownClass): 200 GET http://10.180.1.21/compute/v2.1/servers/52226813-7807-42e1-9d49-378dbd70a061 1.091s
2025-04-29 07:14:24.356 69613 INFO tempest.lib.common.rest_client [req-7597fd33-44dd-4c2e-a53f-42b045f58160 req-7597fd33-44dd-4c2e-a53f-42b045f58160 ] Request (ImagesOneServerTestJSON:setUpClass): 200 GET http://10.180.1.21/compute/v2.1/servers/86bff97b-2120-400d-b464-05c3400125cc 1.168s
2025-04-29 07:14:24.425 69583 WARNING tempest.lib.common.ssh [-] Failed to establish authenticated ssh connection to cirros@10.180.180.240 ([Errno None] Unable to connect to port 22 on 10.180.180.240). Number attempts: 5. Retry after 6 seconds.: paramiko.ssh_exception.NoValidConnectionsError: [Errno None] Unable to connect to port 22 on 10.180.180.240
2025-04-29 07:14:24.434 69619 INFO tempest.lib.common.rest_client [req-f6f21327-7666-48fa-824f-4483cb8a0759 req-f6f21327-7666-48fa-824f-4483cb8a0759 ] Request (InstanceActionsV221TestJSON:tearDownClass): 200 PUT http://10.180.1.21:9696/networking/v2.0/routers/9953a80f-ab8d-4481-b2cc-0cd6562fd2f6/remove_router_interface 2.477s
2025-04-29 07:14:24.439 69621 INFO tempest.lib.common.rest_client [req-f67d9f88-c274-4424-b437-6c85d1251139 req-f67d9f88-c274-4424-b437-6c85d1251139 ] Request (ServerActionsTestOtherB:setUp): 200 GET http://10.180.1.21/compute/v2.1/servers/c020b49d-0484-4df0-bca9-44053f5210ae 1.041s
2025-04-29 07:14:24.640 69565 INFO tempest.lib.common.rest_client [req-7b1006ff-a0d8-4829-892c-9c50801eb102 req-7b1006ff-a0d8-4829-892c-9c50801eb102 ] Request (ServersAdminTestJSON:test_rebuild_server_in_error_state): 200 GET http://10.180.1.21/compute/v2.1/servers/2a8b68ba-cda7-4c51-8dd0-c9b38e88ced4 1.225s
2025-04-29 07:14:24.704 69615 INFO tempest.lib.common.rest_client [req-f0eea226-70d3-4c72-9e38-a788a8d04f0e req-f0eea226-70d3-4c72-9e38-a788a8d04f0e ] Request (ServersV294TestFqdnHostnames:tearDownClass): 200 GET http://10.180.1.21/compute/v2.1/servers/d76103e4-36df-4a38-96e9-83ee667c3e1e 1.221s
2025-04-29 07:14:24.754 69579 INFO tempest.lib.common.rest_client [req-e88a552a-e947-4862-8103-91dd39316494 req-e88a552a-e947-4862-8103-91dd39316494 ] Request (ServersListShow2100Test:test_list_show_rebuild_update_server_2100): 200 PUT http://10.180.1.21/compute/v2.1/servers/4e68d324-6c16-4173-bb86-a89af3de302e 1.253s
2025-04-29 07:14:24.784 69575 INFO tempest.lib.common.rest_client [req-d66f5a17-9a7d-46c8-80dc-3fe69df4b1e1 req-d66f5a17-9a7d-46c8-80dc-3fe69df4b1e1 ] Request (MultipleCreateTestJSON:_run_cleanups): 200 GET http://10.180.1.21/compute/v2.1/servers/f153deb7-511b-45b6-817f-7e5e55cf9836 1.280s
2025-04-29 07:14:24.818 69595 INFO tempest.lib.common.rest_client [req-9e5e4da9-ca37-42ec-b80e-3d5fad113dd4 req-9e5e4da9-ca37-42ec-b80e-3d5fad113dd4 ] Request (FloatingIPsAssociationTestJSON:tearDownClass): 200 GET http://10.180.1.21/compute/v2.1/servers/7af95d4f-b663-45f4-8e7c-5462659e95f5 1.207s
2025-04-29 07:14:24.845 69573 INFO tempest.lib.common.rest_client [req-f3927f33-b388-444c-96eb-654b11f1cdb4 req-f3927f33-b388-444c-96eb-654b11f1cdb4 ] Request (ImagesOneServerNegativeTestJSON:_run_cleanups): 200 GET http://10.180.1.21/compute/v2.1/servers/f7dbf915-0416-4aa8-9811-56ecef1916ea 1.162s
2025-04-29 07:14:24.875 69619 INFO tempest.lib.common.rest_client [req-9c61af15-1bdf-46c9-bc27-60664b206767 req-9c61af15-1bdf-46c9-bc27-60664b206767 ] Request (InstanceActionsV221TestJSON:tearDownClass): 204 DELETE http://10.180.1.21:9696/networking/v2.0/routers/9953a80f-ab8d-4481-b2cc-0cd6562fd2f6 0.441s
2025-04-29 07:14:24.880 69585 INFO tempest.lib.common.rest_client [req-bea0c597-8861-4083-a175-7156fd0990ac req-bea0c597-8861-4083-a175-7156fd0990ac ] Request (ServerMetadataNegativeTestJSON:tearDownClass): 200 GET http://10.180.1.21/compute/v2.1/servers/66fbc220-b650-4b82-a3f8-f6f55a3dbcf7 1.192s
2025-04-29 07:14:24.913 69623 INFO tempest.lib.common.rest_client [req-1357f9a6-80df-4129-85d5-4bd39d897e8f req-1357f9a6-80df-4129-85d5-4bd39d897e8f ] Request (ServersTestMultiNic:_run_cleanups): 200 GET http://10.180.1.21/compute/v2.1/servers/2add4819-da09-4267-a9fa-b29dfd8c5b9d 1.147s
2025-04-29 07:14:24.983 69601 INFO tempest.lib.common.rest_client [req-57951935-3ec7-4d51-b975-6776979b321a req-57951935-3ec7-4d51-b975-6776979b321a ] Request (ListImageFiltersTestJSON:tearDownClass): 200 GET http://10.180.1.21/compute/v2.1/servers/4a3b9e55-6e11-4191-8b8e-acf0a1472f66 0.901s
2025-04-29 07:14:25.022 69619 INFO tempest.lib.common.rest_client [req-5581b85d-417b-4d18-8bd2-997882104046 req-5581b85d-417b-4d18-8bd2-997882104046 ] Request (InstanceActionsV221TestJSON:tearDownClass): 204 DELETE http://10.180.1.21:9696/networking/v2.0/subnets/cc7dced3-63f6-4f08-9edd-35fc044084b9 0.146s
2025-04-29 07:14:25.069 69577 INFO tempest.lib.common.rest_client [req-800e9b20-300b-4049-b4b9-e1b787452bd4 req-800e9b20-300b-4049-b4b9-e1b787452bd4 ] Request (AttachInterfacesUnderV243Test:_run_cleanups): 204 DELETE http://10.180.1.21/compute/v2.1/servers/9a01687a-a5c9-4ec4-b2d0-d86b8d786e8b 0.973s
2025-04-29 07:14:25.193 69571 INFO tempest.lib.common.rest_client [req-cac03de5-bb6e-49bd-8d4e-0ac5cb60cbce req-cac03de5-bb6e-49bd-8d4e-0ac5cb60cbce ] Request (AttachInterfacesTestJSON:test_create_list_show_delete_interfaces_by_fixed_ip): 200 GET http://10.180.1.21/compute/v2.1/servers/b6fa4c33-43dc-4908-8dfc-7e89c803f0d6 1.049s
2025-04-29 07:14:25.252 69593 INFO tempest.lib.common.rest_client [req-8843bb42-ac9e-4bee-9c3b-aed3e45ac7d4 req-8843bb42-ac9e-4bee-9c3b-aed3e45ac7d4 ] Request (ServerDiskConfigTestJSON:test_rebuild_server_with_auto_disk_config): 200 GET http://10.180.1.21/compute/v2.1/servers/22ed893c-95fc-4487-87cc-e3d7727c2230 1.086s
2025-04-29 07:14:25.323 69619 INFO tempest.lib.common.rest_client [req-49c15b8a-891e-422c-a23c-2436be604b1c req-49c15b8a-891e-422c-a23c-2436be604b1c ] Request (InstanceActionsV221TestJSON:tearDownClass): 204 DELETE http://10.180.1.21:9696/networking/v2.0/networks/87d83c76-9758-48f5-887d-3c68bb6e5c04 0.300s
2025-04-29 07:14:25.371 69609 INFO tempest.lib.common.rest_client [req-842ff55d-0a71-49c9-8046-426b2e7f0ca8 req-842ff55d-0a71-49c9-8046-426b2e7f0ca8 ] Request (VolumesAdminNegativeTest:test_update_attached_volume_with_nonexistent_volume_in_body): 200 GET http://10.180.1.21/compute/v2.1/servers/102fc0dd-4690-4dcc-b95b-ff9feee72ae5 1.149s
2025-04-29 07:14:25.378 69609 INFO tempest.common.waiters [-] State transition "BUILD/networking" ==> "BUILD/spawning" after 49 second wait
2025-04-29 07:14:25.446 69603 INFO tempest.lib.common.rest_client [req-aa7bcedc-5686-4ca5-8bc6-8c051f3a82cc req-aa7bcedc-5686-4ca5-8bc6-8c051f3a82cc ] Request (ServersAdminNegativeTestJSON:tearDownClass): 200 GET http://10.180.1.21/compute/v2.1/servers/16a6f8fe-7c7d-4304-aca9-59fb2d4b6d04 1.124s
2025-04-29 07:14:25.452 69619 INFO tempest.lib.common.rest_client [req-1816cfe5-c5c5-49f7-a0fb-48a60ae56dd1 req-1816cfe5-c5c5-49f7-a0fb-48a60ae56dd1 ] Request (InstanceActionsV221TestJSON:tearDownClass): 204 DELETE http://10.180.1.21/identity/v3/users/abd67938b3f44b36a83588eccc4f109b 0.129s
2025-04-29 07:14:25.453 69619 INFO tempest.lib.common.dynamic_creds [-] Deleting project and security group for project: 6b7509ef87f7481b8d516d7906e4201f
2025-04-29 07:14:25.494 69619 INFO tempest.lib.common.rest_client [req-cecfe52d-c85a-4094-b1f9-279f15e5ddfe req-cecfe52d-c85a-4094-b1f9-279f15e5ddfe ] Request (InstanceActionsV221TestJSON:tearDownClass): 200 GET http://10.180.1.21:9696/networking/v2.0/security-groups?tenant_id=6b7509ef87f7481b8d516d7906e4201f&name=default 0.041s
2025-04-29 07:14:25.511 69591 INFO tempest.lib.common.rest_client [req-570cc40a-6f0a-415c-b58b-79594b79985e req-570cc40a-6f0a-415c-b58b-79594b79985e ] Request (ServerRescueNegativeTestJSON:setUpClass): 200 GET http://10.180.1.21/compute/v2.1/servers/414535bd-4bc0-4cca-9a89-e950c8e79f0b 1.107s
2025-04-29 07:14:25.520 69569 INFO tempest.lib.common.rest_client [req-a803a53b-8668-424b-b4c6-50c6911cab0e req-a803a53b-8668-424b-b4c6-50c6911cab0e ] Request (ImagesTestJSON:test_create_image_from_stopped_server): 202 POST http://10.180.1.21/compute/v2.1/servers/13440a25-adc8-40d3-9a4c-bc04d0487141/action 1.456s
2025-04-29 07:14:25.605 69579 INFO tempest.lib.common.rest_client [req-7d80a863-423f-46b9-8c8d-4e6e1e388260 req-7d80a863-423f-46b9-8c8d-4e6e1e388260 ] Request (ServersListShow2100Test:test_list_show_rebuild_update_server_2100): 200 GET http://10.180.1.21/compute/v2.1/servers/4e68d324-6c16-4173-bb86-a89af3de302e 0.834s
2025-04-29 07:14:25.607 69621 INFO tempest.lib.common.rest_client [req-6b54fece-18b4-4c99-9fc6-739b7a2e16b3 req-6b54fece-18b4-4c99-9fc6-739b7a2e16b3 ] Request (ServerActionsTestOtherB:test_resize_server_confirm_from_stopped): 202 POST http://10.180.1.21/compute/v2.1/servers/c020b49d-0484-4df0-bca9-44053f5210ae/action 1.158s
2025-04-29 07:14:25.647 69619 INFO tempest.lib.common.rest_client [req-f598fa3c-20cb-4abd-9bd0-3d5da171a52b req-f598fa3c-20cb-4abd-9bd0-3d5da171a52b ] Request (InstanceActionsV221TestJSON:tearDownClass): 204 DELETE http://10.180.1.21:9696/networking/v2.0/security-groups/9501cdef-a5a1-4d58-9c4f-32f41304e816 0.153s
2025-04-29 07:14:25.681 69600 INFO tempest.lib.common.rest_client [req-0cc399b1-8872-4783-909d-fbec1c9a4f75 req-0cc399b1-8872-4783-909d-fbec1c9a4f75 ] Request (ServerActionsTestOtherA:setUpClass): 200 GET http://10.180.1.21/compute/v2.1/servers/5b2d06c1-0308-4145-9f70-809fdc3ce700 0.844s
2025-04-29 07:14:25.776 69619 INFO tempest.lib.common.rest_client [req-21c4e2bc-366b-4831-9cce-cd65e7dc88be req-21c4e2bc-366b-4831-9cce-cd65e7dc88be ] Request (InstanceActionsV221TestJSON:tearDownClass): 204 DELETE http://10.180.1.21/identity/v3/projects/6b7509ef87f7481b8d516d7906e4201f 0.129s
2025-04-29 07:14:25.810 69577 INFO tempest.lib.common.rest_client [req-e87fdf2e-c14b-427a-ba62-9f8f8448706f req-e87fdf2e-c14b-427a-ba62-9f8f8448706f ] Request (AttachInterfacesUnderV243Test:_run_cleanups): 200 GET http://10.180.1.21/compute/v2.1/servers/9a01687a-a5c9-4ec4-b2d0-d86b8d786e8b 0.741s
2025-04-29 07:14:25.835 69567 INFO tempest.lib.common.rest_client [req-36f5a2ce-86cc-4c89-b5ae-dde3e6344026 req-36f5a2ce-86cc-4c89-b5ae-dde3e6344026 ] Request (MigrationsAdminTest:test_list_migrations_in_flavor_resize_situation): 200 GET http://10.180.1.21/compute/v2.1/servers/be8e0fe9-3777-42da-a8e7-658b0bc2bb97 0.763s
2025-04-29 07:14:25.858 69619 INFO tempest.lib.common.rest_client [req-00c59573-0b37-42b5-97a8-baae20950360 req-00c59573-0b37-42b5-97a8-baae20950360 ] Request (ServerMetadataTestJSON:setUpClass): 201 POST http://10.180.1.21/identity/v3/auth/tokens 0.080s
2025-04-29 07:14:25.890 69619 INFO tempest.lib.common.rest_client [req-38c18d03-d2c0-45c4-85e0-c6cb53b30f0c req-38c18d03-d2c0-45c4-85e0-c6cb53b30f0c ] Request (ServerMetadataTestJSON:setUpClass): 201 POST http://10.180.1.21/identity/v3/auth/tokens 0.028s
2025-04-29 07:14:25.907 69582 INFO tempest.lib.common.rest_client [req-03b520ba-a3e4-4916-9f44-26f7bafda315 req-03b520ba-a3e4-4916-9f44-26f7bafda315 ] Request (ServersAdmin275Test:tearDownClass): 200 GET http://10.180.1.21/compute/v2.1/servers/2c4b1f26-fd3b-46ee-9830-774e54796cbc 0.726s
2025-04-29 07:14:25.911 69629 INFO tempest.lib.common.rest_client [req-6f7a190d-f783-4421-8944-1d89c8083a8f req-6f7a190d-f783-4421-8944-1d89c8083a8f ] Request (ServersTestFqdnHostnames:tearDownClass): 200 GET http://10.180.1.21/compute/v2.1/servers/f06d8e83-f8e4-41d5-a3cb-e3b7a48f2431 0.723s
2025-04-29 07:14:25.915 69619 INFO tempest.lib.common.rest_client [req-5e988d68-7d86-4afd-8494-aac7fbfae483 req-5e988d68-7d86-4afd-8494-aac7fbfae483 ] Request (ServerMetadataTestJSON:setUpClass): 200 GET http://10.180.1.21/identity/v3/domains?name=Default 0.025s
2025-04-29 07:14:25.951 69619 INFO tempest.lib.common.rest_client [req-b359b671-ee13-4b24-a79d-a3497dad55e1 req-b359b671-ee13-4b24-a79d-a3497dad55e1 ] Request (ServerMetadataTestJSON:setUpClass): 201 POST http://10.180.1.21/identity/v3/projects 0.034s
2025-04-29 07:14:25.999 69597 INFO tempest.lib.common.rest_client [req-e9185f83-6a37-458d-8462-e3b601b955a9 req-e9185f83-6a37-458d-8462-e3b601b955a9 ] Request (ServerShowV254Test:tearDownClass): 200 GET http://10.180.1.21/compute/v2.1/servers/52226813-7807-42e1-9d49-378dbd70a061 0.734s
2025-04-29 07:14:26.005 69619 INFO tempest.lib.common.rest_client [req-149a4fa1-7ecc-4dad-a29d-224b0037890c req-149a4fa1-7ecc-4dad-a29d-224b0037890c ] Request (ServerMetadataTestJSON:setUpClass): 201 POST http://10.180.1.21/identity/v3/users 0.054s
2025-04-29 07:14:26.035 69619 INFO tempest.lib.common.rest_client [req-cec66f84-0274-41bc-b1ca-6a4d48a90cda req-cec66f84-0274-41bc-b1ca-6a4d48a90cda ] Request (ServerMetadataTestJSON:setUpClass): 200 GET http://10.180.1.21/identity/v3/roles 0.029s
2025-04-29 07:14:26.036 69569 INFO tempest.lib.common.rest_client [req-4595087e-2a10-48cb-a887-78f99089a626 req-4595087e-2a10-48cb-a887-78f99089a626 ] Request (ImagesTestJSON:test_create_image_from_stopped_server): 200 GET http://10.180.1.21/compute/v2.1/images/0f172c6b-a3a5-4f9e-8848-698221fefd8d 0.515s
2025-04-29 07:14:26.066 69619 INFO tempest.lib.common.rest_client [req-cbe6dd86-7e0d-46e7-b60e-c8e0f4f96b19 req-cbe6dd86-7e0d-46e7-b60e-c8e0f4f96b19 ] Request (ServerMetadataTestJSON:setUpClass): 204 PUT http://10.180.1.21/identity/v3/projects/101e75f4c8624b979b255ddec2276dd5/users/bdfb67396eb44081b22aef315e8ceb2a/roles/42e56ac737e34fb29054bc642c4b789c 0.030s
2025-04-29 07:14:26.066 69619 INFO tempest.lib.common.dynamic_creds [-] Dynamic test user bdfb67396eb44081b22aef315e8ceb2a is created with scope project and roles: ['member']
2025-04-29 07:14:26.067 69619 INFO tempest.lib.common.dynamic_creds [-] Acquired dynamic creds: credentials: Credentials: {'domain_id': 'default', 'domain_name': 'Default', 'username': 'tempest-ServerMetadataTestJSON-1269964747-project-member', 'project_domain_id': 'default', 'project_domain_name': 'Default', 'project_id': '101e75f4c8624b979b255ddec2276dd5', 'project_name': 'tempest-ServerMetadataTestJSON-1269964747', 'tenant_id': '101e75f4c8624b979b255ddec2276dd5', 'tenant_name': 'tempest-ServerMetadataTestJSON-1269964747', 'user_domain_id': 'default', 'user_domain_name': 'Default', 'user_id': 'bdfb67396eb44081b22aef315e8ceb2a', 'system': None}, Network: None, Subnet: None, Router: None
2025-04-29 07:14:26.131 69619 INFO tempest.lib.common.rest_client [req-59280af4-f537-404f-95a9-72e98a9df7ae req-59280af4-f537-404f-95a9-72e98a9df7ae ] Request (ServerMetadataTestJSON:setUpClass): 201 POST http://10.180.1.21/identity/v3/auth/tokens 0.064s
2025-04-29 07:14:26.273 69621 INFO tempest.lib.common.rest_client [req-4538a488-c51d-4938-94f9-df75100bf19a req-4538a488-c51d-4938-94f9-df75100bf19a ] Request (ServerActionsTestOtherB:test_resize_server_confirm_from_stopped): 200 GET http://10.180.1.21/compute/v2.1/servers/c020b49d-0484-4df0-bca9-44053f5210ae 0.665s
2025-04-29 07:14:26.278 69613 INFO tempest.lib.common.rest_client [req-f0a7826e-100a-4831-91f7-be016aa638f6 req-f0a7826e-100a-4831-91f7-be016aa638f6 ] Request (ImagesOneServerTestJSON:setUpClass): 200 GET http://10.180.1.21/compute/v2.1/servers/86bff97b-2120-400d-b464-05c3400125cc 0.907s
2025-04-29 07:14:26.403 69619 INFO tempest.lib.common.rest_client [req-690b2cb1-02fa-45f6-86c0-f9023f7e693c req-690b2cb1-02fa-45f6-86c0-f9023f7e693c ] Request (ServerMetadataTestJSON:setUpClass): 201 POST http://10.180.1.21:9696/networking/v2.0/networks 0.272s
2025-04-29 07:14:26.455 69565 INFO tempest.lib.common.rest_client [req-b570c4f6-3776-4e36-8fd8-af53edd384a6 req-b570c4f6-3776-4e36-8fd8-af53edd384a6 ] Request (ServersAdminTestJSON:test_rebuild_server_in_error_state): 200 GET http://10.180.1.21/compute/v2.1/servers/2a8b68ba-cda7-4c51-8dd0-c9b38e88ced4 0.804s
2025-04-29 07:14:26.550 69615 INFO tempest.lib.common.rest_client [req-15530c04-4f20-4e39-89f2-05a5d86524ca req-15530c04-4f20-4e39-89f2-05a5d86524ca ] Request (ServersV294TestFqdnHostnames:tearDownClass): 200 GET http://10.180.1.21/compute/v2.1/servers/d76103e4-36df-4a38-96e9-83ee667c3e1e 0.828s
2025-04-29 07:14:26.557 69579 INFO tempest.lib.common.rest_client [req-9ffc3cbe-fcc8-4f91-8853-2645d7493599 req-9ffc3cbe-fcc8-4f91-8853-2645d7493599 ] Request (ServersListShow2100Test:test_list_show_rebuild_update_server_2100): 202 POST http://10.180.1.21/compute/v2.1/servers/4e68d324-6c16-4173-bb86-a89af3de302e/action 0.938s
2025-04-29 07:14:26.593 69595 INFO tempest.lib.common.rest_client [req-f82bda05-56a7-4c69-a6f8-e36848ea1741 req-f82bda05-56a7-4c69-a6f8-e36848ea1741 ] Request (FloatingIPsAssociationTestJSON:tearDownClass): 404 GET http://10.180.1.21/compute/v2.1/servers/7af95d4f-b663-45f4-8e7c-5462659e95f5 0.766s
2025-04-29 07:14:26.625 69619 INFO tempest.lib.common.rest_client [req-e93005b8-8574-4932-b01d-923a29bf2a18 req-e93005b8-8574-4932-b01d-923a29bf2a18 ] Request (ServerMetadataTestJSON:setUpClass): 201 POST http://10.180.1.21:9696/networking/v2.0/subnets 0.220s
2025-04-29 07:14:26.663 69575 INFO tempest.lib.common.rest_client [req-496e45b3-a943-4975-907a-6934e55aacc4 req-496e45b3-a943-4975-907a-6934e55aacc4 ] Request (MultipleCreateTestJSON:_run_cleanups): 200 GET http://10.180.1.21/compute/v2.1/servers/f153deb7-511b-45b6-817f-7e5e55cf9836 0.871s
2025-04-29 07:14:26.683 69573 INFO tempest.lib.common.rest_client [req-4cdd5f90-6568-4b22-bf31-1bf99bb3e9f5 req-4cdd5f90-6568-4b22-bf31-1bf99bb3e9f5 ] Request (ImagesOneServerNegativeTestJSON:_run_cleanups): 200 GET http://10.180.1.21/compute/v2.1/servers/f7dbf915-0416-4aa8-9811-56ecef1916ea 0.826s
2025-04-29 07:14:26.741 69585 INFO tempest.lib.common.rest_client [req-ade11ea4-b832-4ad3-8e0f-7d67629f86c3 req-ade11ea4-b832-4ad3-8e0f-7d67629f86c3 ] Request (ServerMetadataNegativeTestJSON:tearDownClass): 200 GET http://10.180.1.21/compute/v2.1/servers/66fbc220-b650-4b82-a3f8-f6f55a3dbcf7 0.852s
2025-04-29 07:14:26.757 69623 INFO tempest.lib.common.rest_client [req-0d2845e5-34da-4fcd-b900-5b51f53a0f11 req-0d2845e5-34da-4fcd-b900-5b51f53a0f11 ] Request (ServersTestMultiNic:_run_cleanups): 200 GET http://10.180.1.21/compute/v2.1/servers/2add4819-da09-4267-a9fa-b29dfd8c5b9d 0.833s
2025-04-29 07:14:26.819 69601 INFO tempest.lib.common.rest_client [req-30fc6d25-726e-4f61-a13d-f98c50bf3b3a req-30fc6d25-726e-4f61-a13d-f98c50bf3b3a ] Request (ListImageFiltersTestJSON:tearDownClass): 200 GET http://10.180.1.21/compute/v2.1/servers/4a3b9e55-6e11-4191-8b8e-acf0a1472f66 0.824s
2025-04-29 07:14:26.884 69593 INFO tempest.lib.common.rest_client [req-97ee9030-1eda-4ee3-9424-50ea859b181d req-97ee9030-1eda-4ee3-9424-50ea859b181d ] Request (ServerDiskConfigTestJSON:test_rebuild_server_with_auto_disk_config): 200 GET http://10.180.1.21/compute/v2.1/servers/22ed893c-95fc-4487-87cc-e3d7727c2230 0.619s
2025-04-29 07:14:26.900 69571 INFO tempest.lib.common.rest_client [req-632ea148-8dc8-45d4-b377-90130b70e252 req-632ea148-8dc8-45d4-b377-90130b70e252 ] Request (AttachInterfacesTestJSON:test_create_list_show_delete_interfaces_by_fixed_ip): 200 GET http://10.180.1.21/compute/v2.1/servers/b6fa4c33-43dc-4908-8dfc-7e89c803f0d6 0.699s
2025-04-29 07:14:26.921 69603 INFO tempest.lib.common.rest_client [req-9fd2dbe8-1874-4b73-b0ea-4ed4b6440b7e req-9fd2dbe8-1874-4b73-b0ea-4ed4b6440b7e ] Request (ServersAdminNegativeTestJSON:tearDownClass): 404 GET http://10.180.1.21/compute/v2.1/servers/16a6f8fe-7c7d-4304-aca9-59fb2d4b6d04 0.466s
2025-04-29 07:14:26.999 69591 INFO tempest.lib.common.rest_client [req-6bb93666-a9a9-4f4b-8c7a-9cdb96502438 req-6bb93666-a9a9-4f4b-8c7a-9cdb96502438 ] Request (ServerRescueNegativeTestJSON:setUpClass): 200 GET http://10.180.1.21/compute/v2.1/servers/414535bd-4bc0-4cca-9a89-e950c8e79f0b 0.478s
2025-04-29 07:14:27.018 69603 INFO tempest.lib.common.rest_client [req-384da36f-b443-4ddb-8cd7-56ce79dfa0cf req-384da36f-b443-4ddb-8cd7-56ce79dfa0cf ] Request (ServersAdminNegativeTestJSON:tearDownClass): 204 DELETE http://10.180.1.21/identity/v3/users/5fd5fefed3e0431985882721fcc09e5c 0.096s
2025-04-29 07:14:27.062 69609 INFO tempest.lib.common.rest_client [req-a8af63b9-f167-42b6-8c41-891e229b7ced req-a8af63b9-f167-42b6-8c41-891e229b7ced ] Request (VolumesAdminNegativeTest:test_update_attached_volume_with_nonexistent_volume_in_body): 200 GET http://10.180.1.21/compute/v2.1/servers/102fc0dd-4690-4dcc-b95b-ff9feee72ae5 0.682s
