2025-02-19 03:53:32.804 63298 INFO tempest.lib.common.rest_client [req-1679fae3-959a-4629-9cf7-714afa518940 req-1679fae3-959a-4629-9cf7-714afa518940 ] Request (VolumesTestJSON:test_volume_list_with_detail_param_offset_and_limit): 200 GET http://10.180.1.21/compute/v2.1/os-volumes/detail?offset=1&limit=1 0.035s
2025-02-19 03:53:32.834 63292 INFO tempest.lib.common.rest_client [req-a5567307-c741-4aba-b218-bcceca714cec req-a5567307-c741-4aba-b218-bcceca714cec ] Request (MigrationsAdminTest:test_resize_server_revert_deleted_flavor): 200 GET http://10.180.1.21/compute/v2.1/servers/8621428e-cf42-47a4-82c8-a003c377b257 0.100s
2025-02-19 03:53:32.843 63292 INFO tempest.common.waiters [-] State transition "BUILD/spawning" ==> "ACTIVE/None" after 82 second wait
2025-02-19 03:53:32.862 63294 INFO tempest.lib.common.rest_client [req-f882f3c7-0c4b-4c62-9f04-4e02aae91220 req-f882f3c7-0c4b-4c62-9f04-4e02aae91220 ] Request (ServersNegativeTestJSON:setUpClass): 200 GET http://10.180.1.21/compute/v2.1/servers/bcacc508-b910-4144-bf0b-454b0928ca71 0.068s
2025-02-19 03:53:32.873 63298 INFO tempest.lib.common.rest_client [req-d54855b0-35e0-4eff-a962-66b3080b79e3 req-d54855b0-35e0-4eff-a962-66b3080b79e3 ] Request (VolumesTestJSON:test_volume_list_with_details): 200 GET http://10.180.1.21/compute/v2.1/os-volumes/detail 0.064s
2025-02-19 03:53:32.914 63298 INFO tempest.lib.common.rest_client [req-9db92f56-47a5-4b8c-a914-779acf36fe1c req-9db92f56-47a5-4b8c-a914-779acf36fe1c ] Request (VolumesTestJSON:tearDownClass): 202 DELETE http://10.180.1.21/volume/v3/volumes/26777547-3eb3-4265-a1e0-833d448c8e43 0.034s
2025-02-19 03:53:32.943 63298 INFO tempest.lib.common.rest_client [req-5c45e4f2-603b-423b-ad6d-54d20a2eb088 req-5c45e4f2-603b-423b-ad6d-54d20a2eb088 ] Request (VolumesTestJSON:tearDownClass): 200 GET http://10.180.1.21/volume/v3/volumes/26777547-3eb3-4265-a1e0-833d448c8e43 0.028s
2025-02-19 03:53:32.949 63304 INFO tempest.lib.common.rest_client [req-ec419ced-88d0-4e6c-a6c8-6f5dfbebd39d req-ec419ced-88d0-4e6c-a6c8-6f5dfbebd39d ] Request (ServersV294TestFqdnHostnames:tearDownClass): 200 GET http://10.180.1.21/compute/v2.1/servers/05742180-08db-45db-9ee0-e359aa8af2f0 0.079s
2025-02-19 03:53:32.971 63292 INFO tempest.lib.common.rest_client [req-1af6f4f1-af28-4000-9ca2-6f4183eb4d43 req-1af6f4f1-af28-4000-9ca2-6f4183eb4d43 ] Request (MigrationsAdminTest:test_resize_server_revert_deleted_flavor): 200 GET http://10.180.1.21/compute/v2.1/servers/8621428e-cf42-47a4-82c8-a003c377b257 0.128s
2025-02-19 03:53:33.007 63292 INFO tempest.lib.common.rest_client [req-915789dc-f0b5-4039-a901-6cd7ba7df4ae req-915789dc-f0b5-4039-a901-6cd7ba7df4ae ] Request (MigrationsAdminTest:test_resize_server_revert_deleted_flavor): 202 DELETE http://10.180.1.21/compute/v2.1/flavors/c356ba03-298c-489b-984a-f2eae32bbcc6 0.029s
2025-02-19 03:53:33.015 63330 INFO tempest.lib.common.rest_client [req-f6160d7d-9e1f-438d-ab02-26ff965c9314 req-f6160d7d-9e1f-438d-ab02-26ff965c9314 ] Request (DeleteServersTestJSON:test_delete_server_while_in_attached_volume): 200 GET http://10.180.1.21/compute/v2.1/servers/3bcbcf35-294e-4d58-b002-cb84db4316d5 0.086s
2025-02-19 03:53:33.068 63318 INFO tempest.lib.common.rest_client [req-9d29bc08-ea55-4600-8b45-00b8f500d66f req-9d29bc08-ea55-4600-8b45-00b8f500d66f ] Request (ServersWithSpecificFlavorTestJSON:test_verify_created_server_ephemeral_disk): 200 GET http://10.180.1.21/compute/v2.1/servers/c38cddae-95b3-4f4a-bf3a-5f0bdde548a9 0.068s
2025-02-19 03:53:33.092 63292 INFO tempest.lib.common.rest_client [req-8a36b9be-721f-4e57-bcda-1e784e396371 req-8a36b9be-721f-4e57-bcda-1e784e396371 ] Request (MigrationsAdminTest:test_resize_server_revert_deleted_flavor): 200 GET http://10.180.1.21/compute/v2.1/flavors/detail 0.084s
2025-02-19 03:53:33.110 63312 INFO tempest.lib.common.rest_client [req-329a85b7-3615-4614-8a8b-c4c2075f5f74 req-329a85b7-3615-4614-8a8b-c4c2075f5f74 ] Request (ImagesTestJSON:test_create_image_from_suspended_server): 200 GET http://10.180.1.21/compute/v2.1/servers/d941a678-1b67-4e0f-8806-e6682ef21774 0.115s
2025-02-19 03:53:33.117 63312 INFO tempest.common.waiters [-] State transition "ACTIVE/suspending" ==> "SUSPENDED/None" after 3 second wait
2025-02-19 03:53:33.141 63344 INFO tempest.lib.common.rest_client [req-35c18356-d013-4c8a-9ad0-5079815718df req-35c18356-d013-4c8a-9ad0-5079815718df ] Request (AttachInterfacesUnderV243Test:test_add_remove_fixed_ip): 200 GET http://10.180.1.21/compute/v2.1/servers/12c769fb-8c9e-4089-9563-232cfad89b21 0.088s
2025-02-19 03:53:33.151 63326 INFO tempest.lib.common.rest_client [req-539e7073-bc61-43d2-96e1-23862d4fb081 req-539e7073-bc61-43d2-96e1-23862d4fb081 ] Request (ServerActionsTestOtherA:test_rebuild_server_in_stop_state): 200 GET http://10.180.1.21/compute/v2.1/servers/65615fd7-c219-4c19-8ecf-11336b616ead 0.087s
2025-02-19 03:53:33.250 63292 INFO tempest.lib.common.rest_client [req-9a2f0ae0-bd73-4196-ad07-8737852b4b60 req-9a2f0ae0-bd73-4196-ad07-8737852b4b60 ] Request (MigrationsAdminTest:test_resize_server_revert_deleted_flavor): 202 POST http://10.180.1.21/compute/v2.1/servers/8621428e-cf42-47a4-82c8-a003c377b257/action 0.153s
2025-02-19 03:53:33.269 63332 INFO tempest.lib.common.rest_client [req-424e74ad-4ee9-4a52-8bb8-8c80c51de1e6 req-424e74ad-4ee9-4a52-8bb8-8c80c51de1e6 ] Request (ServersTestManualDisk:tearDownClass): 404 GET http://10.180.1.21/compute/v2.1/servers/7af90ee3-c0f4-451a-9e51-4ef0fb3d95bc 0.130s
2025-02-19 03:53:33.385 63336 INFO tempest.lib.common.rest_client [req-8327c7e2-a15e-44a8-85f2-7ef21333308d req-8327c7e2-a15e-44a8-85f2-7ef21333308d ] Request (ServersAdminTestJSON:test_create_server_with_scheduling_hint): 200 GET http://10.180.1.21/compute/v2.1/servers/da43a464-ebae-4038-9f7b-330df22d8d7c 0.226s
2025-02-19 03:53:33.511 63292 INFO tempest.lib.common.rest_client [req-0e4180c8-ab6c-457c-89c7-2d208f1ae2e1 req-0e4180c8-ab6c-457c-89c7-2d208f1ae2e1 ] Request (MigrationsAdminTest:test_resize_server_revert_deleted_flavor): 200 GET http://10.180.1.21/compute/v2.1/servers/8621428e-cf42-47a4-82c8-a003c377b257 0.261s
2025-02-19 03:53:33.534 63328 INFO tempest.lib.common.rest_client [req-8076e1fa-c414-47b9-a881-f9cd43df6930 req-8076e1fa-c414-47b9-a881-f9cd43df6930 ] Request (ServerShowV247Test:tearDownClass): 404 GET http://10.180.1.21/compute/v2.1/servers/28c247f6-3179-425d-ae1c-615151b1e2ff 0.282s
2025-02-19 03:53:33.575 63312 INFO tempest.lib.common.rest_client [req-b8aaa77e-cd30-4c32-b634-c1912bc6d4a0 req-b8aaa77e-cd30-4c32-b634-c1912bc6d4a0 ] Request (ImagesTestJSON:test_create_image_from_suspended_server): 202 POST http://10.180.1.21/compute/v2.1/servers/d941a678-1b67-4e0f-8806-e6682ef21774/action 0.458s
2025-02-19 03:53:33.591 63332 INFO tempest.lib.common.rest_client [req-dd83f3fe-79c2-422e-8382-51110821130c req-dd83f3fe-79c2-422e-8382-51110821130c ] Request (ServersTestManualDisk:tearDownClass): 202 DELETE http://10.180.1.21/compute/v2.1/os-keypairs/tempest-keypair-1617954467 0.322s
2025-02-19 03:53:33.630 63348 INFO tempest.lib.common.rest_client [req-c4af15d2-7ce5-4a2e-ba0b-82eee3b21632 req-c4af15d2-7ce5-4a2e-ba0b-82eee3b21632 ] Request (ServersTestBootFromVolume:setUpClass): 200 GET http://10.180.1.21/compute/v2.1/servers/a14e7e40-afef-4607-8fa9-935a92ea49dc 0.365s
2025-02-19 03:53:33.637 63348 INFO tempest.common.waiters [-] State transition "BUILD/block_device_mapping" ==> "BUILD/spawning" after 74 second wait
2025-02-19 03:53:33.643 63324 INFO tempest.lib.common.rest_client [req-70eff75e-af10-4281-86a3-4c313844d981 req-70eff75e-af10-4281-86a3-4c313844d981 ] Request (SecurityGroupsTestJSON:test_list_security_groups_by_server): 200 GET http://10.180.1.21/compute/v2.1/servers/6928b412-e8cb-42fb-bc47-dc8498f12ad1 0.324s
2025-02-19 03:53:33.680 63332 INFO tempest.lib.common.rest_client [req-0f138710-86df-4ce0-94a0-f36da0f7dcae req-0f138710-86df-4ce0-94a0-f36da0f7dcae ] Request (ServersTestManualDisk:tearDownClass): 204 DELETE http://10.180.1.21:9696/networking/v2.0/security-groups/d3168369-c325-4e38-a31f-c56ee30a18a4 0.088s
2025-02-19 03:53:33.690 63332 INFO tempest.lib.common.rest_client [req-ea02e61a-d3ec-4576-a5ed-4c015ceb15b8 req-ea02e61a-d3ec-4576-a5ed-4c015ceb15b8 ] Request (ServersTestManualDisk:tearDownClass): 404 GET http://10.180.1.21:9696/networking/v2.0/security-groups/d3168369-c325-4e38-a31f-c56ee30a18a4 0.009s
2025-02-19 03:53:33.692 63350 INFO tempest.lib.common.rest_client [req-140c6095-ee57-471e-9e71-7fcad885699b req-140c6095-ee57-471e-9e71-7fcad885699b ] Request (ServerDiagnosticsV248Test:tearDownClass): 200 GET http://10.180.1.21/compute/v2.1/servers/69597c3f-ccb2-474d-bb7c-629c5da0b456 0.309s
2025-02-19 03:53:33.735 63347 INFO tempest.lib.common.rest_client [req-746f22bb-0555-42a0-84ec-737436184686 req-746f22bb-0555-42a0-84ec-737436184686 ] Request (ServerDiskConfigTestJSON:test_rebuild_server_with_manual_disk_config): 200 GET http://10.180.1.21/compute/v2.1/servers/669cd72c-556f-40b6-8bc2-f50a125c182a 0.333s
2025-02-19 03:53:33.751 63342 INFO tempest.lib.common.rest_client [req-625ddcd1-998c-4824-91dc-96c8113c05a7 req-625ddcd1-998c-4824-91dc-96c8113c05a7 ] Request (VolumesAssistedSnapshotsTest:tearDownClass): 200 GET http://10.180.1.21/compute/v2.1/servers/1933bc47-1717-48c1-b4a2-492a17573de7 0.305s
2025-02-19 03:53:33.788 63314 INFO tempest.lib.common.rest_client [req-daa9771e-52e3-4abb-8795-6834f8a8c903 req-daa9771e-52e3-4abb-8795-6834f8a8c903 ] Request (ServerRescueNegativeTestJSON:setUpClass): 200 GET http://10.180.1.21/compute/v2.1/servers/c002aec9-4fdf-45c9-9ef6-d196c4891e19 0.283s
2025-02-19 03:53:33.799 63296 INFO tempest.lib.common.rest_client [req-5bf60262-a385-4fea-9ef2-c36a900f0ad7 req-5bf60262-a385-4fea-9ef2-c36a900f0ad7 ] Request (InstanceActionsNegativeTestJSON:setUpClass): 200 GET http://10.180.1.21/compute/v2.1/servers/cf6e4f04-f5f4-46cb-884b-8014af903a10 0.292s
2025-02-19 03:53:33.852 63310 INFO tempest.lib.common.rest_client [req-8ae83093-b4f4-44f4-9786-7e27625758da req-8ae83093-b4f4-44f4-9786-7e27625758da ] Request (AttachVolumeShelveTestJSON:test_attach_volume_shelved_or_offload_server): 200 GET http://10.180.1.21/compute/v2.1/servers/69fb00b3-6a41-4ef5-8876-6548cae31c07 0.296s
2025-02-19 03:53:33.870 63328 INFO tempest.lib.common.rest_client [req-7419da82-a7ca-4a16-8f0a-94dfa16abb5a req-7419da82-a7ca-4a16-8f0a-94dfa16abb5a ] Request (ServerShowV247Test:tearDownClass): 204 DELETE http://10.180.1.21/compute/v2.1/servers/5bc466fb-eebb-40b1-ba09-614a25782ecd 0.335s
2025-02-19 03:53:33.908 63312 INFO tempest.lib.common.rest_client [req-efda5eda-3101-4105-b7a5-db61c96174d1 req-efda5eda-3101-4105-b7a5-db61c96174d1 ] Request (ImagesTestJSON:test_create_image_from_suspended_server): 200 GET http://10.180.1.21/compute/v2.1/images/a6f12fcd-569e-4086-80cf-7a34fcbb8706 0.331s
2025-02-19 03:53:33.909 63308 INFO tempest.lib.common.rest_client [req-170c202d-f435-49f3-900a-a7e2573bd0c5 req-170c202d-f435-49f3-900a-a7e2573bd0c5 ] Request (ServersAaction247Test:test_create_backup): 200 GET http://10.180.1.21/compute/v2.1/servers/4967d5be-6cd4-4f23-aca4-d9ae11112369 0.344s
2025-02-19 03:53:33.958 63332 INFO tempest.lib.common.rest_client [req-cf25fa54-355d-4594-bda3-bed1932a5a2a req-cf25fa54-355d-4594-bda3-bed1932a5a2a ] Request (ServersTestManualDisk:tearDownClass): 204 DELETE http://10.180.1.21:9696/networking/v2.0/floatingips/67257781-035d-46fb-8132-4a9ee0ea1ab9 0.268s
2025-02-19 03:53:33.971 63338 INFO tempest.lib.common.rest_client [req-3e7b7b09-2c6e-4111-920f-683868f90d82 req-3e7b7b09-2c6e-4111-920f-683868f90d82 ] Request (ListImageFiltersTestJSON:setUpClass): 200 GET http://10.180.1.21/compute/v2.1/servers/0c2642d5-85fe-4db5-9891-025c88ca8c7c 0.360s
2025-02-19 03:53:33.976 63298 INFO tempest.lib.common.rest_client [req-e16909b7-1ae8-4430-9720-68804fd67a88 req-e16909b7-1ae8-4430-9720-68804fd67a88 ] Request (VolumesTestJSON:tearDownClass): 404 GET http://10.180.1.21/volume/v3/volumes/26777547-3eb3-4265-a1e0-833d448c8e43 0.024s
2025-02-19 03:53:33.982 63352 INFO tempest.lib.common.rest_client [req-032d1ea0-76d9-426f-9875-53724124e9d1 req-032d1ea0-76d9-426f-9875-53724124e9d1 ] Request (MultipleCreateTestJSON:tearDownClass): 200 GET http://10.180.1.21/compute/v2.1/servers/ea2227ff-f694-4baa-af17-dc50338d8fa6 0.325s
2025-02-19 03:53:34.005 63300 INFO tempest.lib.common.rest_client [req-ab3f67c2-8070-4bb5-8383-178e40ac4532 req-ab3f67c2-8070-4bb5-8383-178e40ac4532 ] Request (FloatingIPsAssociationTestJSON:tearDownClass): 404 GET http://10.180.1.21/compute/v2.1/servers/a63aa120-1c7b-4abc-93cf-4d138f5cebde 0.309s
2025-02-19 03:53:34.023 63298 INFO tempest.lib.common.rest_client [req-4c59928b-115a-431a-8bb2-a2aadd951359 req-4c59928b-115a-431a-8bb2-a2aadd951359 ] Request (VolumesTestJSON:tearDownClass): 202 DELETE http://10.180.1.21/volume/v3/volumes/0f910e53-f4e2-420e-a4b1-0d44ad44d5c8 0.046s
2025-02-19 03:53:34.049 63328 INFO tempest.lib.common.rest_client [req-8b79b078-25bc-4a20-aa20-bf832b637816 req-8b79b078-25bc-4a20-aa20-bf832b637816 ] Request (ServerShowV247Test:tearDownClass): 200 GET http://10.180.1.21/compute/v2.1/servers/5bc466fb-eebb-40b1-ba09-614a25782ecd 0.179s
2025-02-19 03:53:34.052 63298 INFO tempest.lib.common.rest_client [req-eb1df2ad-4289-4c3c-a552-575625676ef7 req-eb1df2ad-4289-4c3c-a552-575625676ef7 ] Request (VolumesTestJSON:tearDownClass): 200 GET http://10.180.1.21/volume/v3/volumes/0f910e53-f4e2-420e-a4b1-0d44ad44d5c8 0.029s
2025-02-19 03:53:34.075 63294 INFO tempest.lib.common.rest_client [req-68efef7b-b944-4d74-a2e5-3edb8c123d3e req-68efef7b-b944-4d74-a2e5-3edb8c123d3e ] Request (ServersNegativeTestJSON:setUpClass): 200 GET http://10.180.1.21/compute/v2.1/servers/bcacc508-b910-4144-bf0b-454b0928ca71 0.201s
2025-02-19 03:53:34.126 63304 INFO tempest.lib.common.rest_client [req-67bee442-941d-4176-a073-f3edb2cc7bc3 req-67bee442-941d-4176-a073-f3edb2cc7bc3 ] Request (ServersV294TestFqdnHostnames:tearDownClass): 200 GET http://10.180.1.21/compute/v2.1/servers/05742180-08db-45db-9ee0-e359aa8af2f0 0.164s
2025-02-19 03:53:34.142 63330 INFO tempest.lib.common.rest_client [req-3a3db5e6-bcef-4230-ae8b-35a32f84bb4f req-3a3db5e6-bcef-4230-ae8b-35a32f84bb4f ] Request (DeleteServersTestJSON:test_delete_server_while_in_attached_volume): 200 GET http://10.180.1.21/compute/v2.1/servers/3bcbcf35-294e-4d58-b002-cb84db4316d5 0.116s
2025-02-19 03:53:34.176 63318 INFO tempest.lib.common.rest_client [req-18df902c-2abe-41c2-a5ab-dba05a1dd0f1 req-18df902c-2abe-41c2-a5ab-dba05a1dd0f1 ] Request (ServersWithSpecificFlavorTestJSON:test_verify_created_server_ephemeral_disk): 200 GET http://10.180.1.21/compute/v2.1/servers/c38cddae-95b3-4f4a-bf3a-5f0bdde548a9 0.099s
2025-02-19 03:53:34.205 63344 INFO tempest.lib.common.rest_client [req-c9eb4f16-8a17-401e-b9d7-14af9105f94e req-c9eb4f16-8a17-401e-b9d7-14af9105f94e ] Request (AttachInterfacesUnderV243Test:test_add_remove_fixed_ip): 200 GET http://10.180.1.21/compute/v2.1/servers/12c769fb-8c9e-4089-9563-232cfad89b21 0.056s
2025-02-19 03:53:34.225 63326 INFO tempest.lib.common.rest_client [req-a02e206b-088a-484e-9f9b-8efe4018e2d8 req-a02e206b-088a-484e-9f9b-8efe4018e2d8 ] Request (ServerActionsTestOtherA:test_rebuild_server_in_stop_state): 200 GET http://10.180.1.21/compute/v2.1/servers/65615fd7-c219-4c19-8ecf-11336b616ead 0.066s
2025-02-19 03:53:34.235 63326 INFO tempest.common.waiters [-] State transition "BUILD/scheduling" ==> "BUILD/None" after 34 second wait
2025-02-19 03:53:34.339 63302 WARNING tempest.lib.common.ssh [-] Failed to establish authenticated ssh connection to cirros@10.180.180.222 ([Errno None] Unable to connect to port 22 on 10.180.180.222). Number attempts: 4. Retry after 5 seconds.: paramiko.ssh_exception.NoValidConnectionsError: [Errno None] Unable to connect to port 22 on 10.180.180.222
2025-02-19 03:53:34.477 63336 INFO tempest.lib.common.rest_client [req-e9a03945-b9b7-4934-a1b3-a3f6e03c0d4d req-e9a03945-b9b7-4934-a1b3-a3f6e03c0d4d ] Request (ServersAdminTestJSON:test_create_server_with_scheduling_hint): 200 GET http://10.180.1.21/compute/v2.1/servers/da43a464-ebae-4038-9f7b-330df22d8d7c 0.084s
2025-02-19 03:53:34.614 63292 INFO tempest.lib.common.rest_client [req-7529425a-787d-4db8-9b12-cc8daf1d4fc2 req-7529425a-787d-4db8-9b12-cc8daf1d4fc2 ] Request (MigrationsAdminTest:test_resize_server_revert_deleted_flavor): 200 GET http://10.180.1.21/compute/v2.1/servers/8621428e-cf42-47a4-82c8-a003c377b257 0.095s
2025-02-19 03:53:34.708 63324 INFO tempest.lib.common.rest_client [req-eb3e1d55-3625-454a-bbe1-5ff754eeb852 req-eb3e1d55-3625-454a-bbe1-5ff754eeb852 ] Request (SecurityGroupsTestJSON:test_list_security_groups_by_server): 200 GET http://10.180.1.21/compute/v2.1/servers/6928b412-e8cb-42fb-bc47-dc8498f12ad1 0.056s
2025-02-19 03:53:34.758 63348 INFO tempest.lib.common.rest_client [req-6bb7e849-c431-46c4-b02b-8d3bc4182049 req-6bb7e849-c431-46c4-b02b-8d3bc4182049 ] Request (ServersTestBootFromVolume:setUpClass): 200 GET http://10.180.1.21/compute/v2.1/servers/a14e7e40-afef-4607-8fa9-935a92ea49dc 0.120s
2025-02-19 03:53:34.772 63350 INFO tempest.lib.common.rest_client [req-c4421332-7f4f-4834-b99e-7d5d237e3a74 req-c4421332-7f4f-4834-b99e-7d5d237e3a74 ] Request (ServerDiagnosticsV248Test:tearDownClass): 200 GET http://10.180.1.21/compute/v2.1/servers/69597c3f-ccb2-474d-bb7c-629c5da0b456 0.070s
2025-02-19 03:53:34.852 63342 INFO tempest.lib.common.rest_client [req-a0f57719-dc8d-402c-98d3-3bacb42b0410 req-a0f57719-dc8d-402c-98d3-3bacb42b0410 ] Request (VolumesAssistedSnapshotsTest:tearDownClass): 200 GET http://10.180.1.21/compute/v2.1/servers/1933bc47-1717-48c1-b4a2-492a17573de7 0.092s
2025-02-19 03:53:34.907 63314 INFO tempest.lib.common.rest_client [req-06b11909-e3c0-4d89-955a-521e0c80922b req-06b11909-e3c0-4d89-955a-521e0c80922b ] Request (ServerRescueNegativeTestJSON:setUpClass): 200 GET http://10.180.1.21/compute/v2.1/servers/c002aec9-4fdf-45c9-9ef6-d196c4891e19 0.111s
2025-02-19 03:53:34.920 63347 INFO tempest.lib.common.rest_client [req-b71a9e0c-4702-465c-a280-ca610c044084 req-b71a9e0c-4702-465c-a280-ca610c044084 ] Request (ServerDiskConfigTestJSON:test_rebuild_server_with_manual_disk_config): 200 GET http://10.180.1.21/compute/v2.1/servers/669cd72c-556f-40b6-8bc2-f50a125c182a 0.173s
2025-02-19 03:53:34.983 63310 INFO tempest.lib.common.rest_client [req-83b2127a-204e-44bd-840c-82d9c9c145f1 req-83b2127a-204e-44bd-840c-82d9c9c145f1 ] Request (AttachVolumeShelveTestJSON:test_attach_volume_shelved_or_offload_server): 200 GET http://10.180.1.21/compute/v2.1/servers/69fb00b3-6a41-4ef5-8876-6548cae31c07 0.122s
2025-02-19 03:53:34.984 63296 INFO tempest.lib.common.rest_client [req-d1fa4e53-75aa-4c68-b853-26738084b778 req-d1fa4e53-75aa-4c68-b853-26738084b778 ] Request (InstanceActionsNegativeTestJSON:setUpClass): 200 GET http://10.180.1.21/compute/v2.1/servers/cf6e4f04-f5f4-46cb-884b-8014af903a10 0.176s
2025-02-19 03:53:35.029 63312 INFO tempest.lib.common.rest_client [req-74ece77a-2949-4b08-b8b5-67ba003901b3 req-74ece77a-2949-4b08-b8b5-67ba003901b3 ] Request (ImagesTestJSON:test_create_image_from_suspended_server): 200 GET http://10.180.1.21/compute/v2.1/images/a6f12fcd-569e-4086-80cf-7a34fcbb8706 0.116s
2025-02-19 03:53:35.046 63308 INFO tempest.lib.common.rest_client [req-61d70052-bfc5-44d2-8813-dac0f139e324 req-61d70052-bfc5-44d2-8813-dac0f139e324 ] Request (ServersAaction247Test:test_create_backup): 200 GET http://10.180.1.21/compute/v2.1/servers/4967d5be-6cd4-4f23-aca4-d9ae11112369 0.126s
2025-02-19 03:53:35.077 63298 INFO tempest.lib.common.rest_client [req-32875fca-09dc-4ff9-81c1-2431e597880b req-32875fca-09dc-4ff9-81c1-2431e597880b ] Request (VolumesTestJSON:tearDownClass): 404 GET http://10.180.1.21/volume/v3/volumes/0f910e53-f4e2-420e-a4b1-0d44ad44d5c8 0.015s
2025-02-19 03:53:35.112 63352 INFO tempest.lib.common.rest_client [req-05156e10-bfde-4ce0-97c5-84f0e2424115 req-05156e10-bfde-4ce0-97c5-84f0e2424115 ] Request (MultipleCreateTestJSON:tearDownClass): 200 GET http://10.180.1.21/compute/v2.1/servers/ea2227ff-f694-4baa-af17-dc50338d8fa6 0.116s
2025-02-19 03:53:35.114 63338 INFO tempest.lib.common.rest_client [req-902e6474-06f7-43d8-8127-4f13559ac6f9 req-902e6474-06f7-43d8-8127-4f13559ac6f9 ] Request (ListImageFiltersTestJSON:setUpClass): 200 GET http://10.180.1.21/compute/v2.1/servers/0c2642d5-85fe-4db5-9891-025c88ca8c7c 0.133s
2025-02-19 03:53:35.118 63298 INFO tempest.lib.common.rest_client [req-fb77b6f1-97bb-4a09-ba5a-58b2f5b30192 req-fb77b6f1-97bb-4a09-ba5a-58b2f5b30192 ] Request (VolumesTestJSON:tearDownClass): 202 DELETE http://10.180.1.21/volume/v3/volumes/7f345832-e642-42ca-b890-acc1a1aa6b72 0.041s
2025-02-19 03:53:35.159 63298 INFO tempest.lib.common.rest_client [req-63ee885d-d4ce-4d5d-bd1f-f2a3ca5ee1f4 req-63ee885d-d4ce-4d5d-bd1f-f2a3ca5ee1f4 ] Request (VolumesTestJSON:tearDownClass): 200 GET http://10.180.1.21/volume/v3/volumes/7f345832-e642-42ca-b890-acc1a1aa6b72 0.040s
2025-02-19 03:53:35.193 63294 INFO tempest.lib.common.rest_client [req-5782ec33-e79c-42b6-8ce2-88f81217df64 req-5782ec33-e79c-42b6-8ce2-88f81217df64 ] Request (ServersNegativeTestJSON:setUpClass): 200 GET http://10.180.1.21/compute/v2.1/servers/bcacc508-b910-4144-bf0b-454b0928ca71 0.109s
2025-02-19 03:53:35.196 63328 INFO tempest.lib.common.rest_client [req-05e71826-aa28-4fcf-936e-59d23ef84a4d req-05e71826-aa28-4fcf-936e-59d23ef84a4d ] Request (ServerShowV247Test:tearDownClass): 200 GET http://10.180.1.21/compute/v2.1/servers/5bc466fb-eebb-40b1-ba09-614a25782ecd 0.135s
2025-02-19 03:53:35.255 63330 INFO tempest.lib.common.rest_client [req-2f8af55f-e3a0-452e-8015-ab05dda7c5f6 req-2f8af55f-e3a0-452e-8015-ab05dda7c5f6 ] Request (DeleteServersTestJSON:test_delete_server_while_in_attached_volume): 200 GET http://10.180.1.21/compute/v2.1/servers/3bcbcf35-294e-4d58-b002-cb84db4316d5 0.104s
2025-02-19 03:53:35.273 63304 INFO tempest.lib.common.rest_client [req-1e93ebba-8b93-4c1e-9aa7-d7cacbb99016 req-1e93ebba-8b93-4c1e-9aa7-d7cacbb99016 ] Request (ServersV294TestFqdnHostnames:tearDownClass): 200 GET http://10.180.1.21/compute/v2.1/servers/05742180-08db-45db-9ee0-e359aa8af2f0 0.127s
2025-02-19 03:53:35.305 63318 INFO tempest.lib.common.rest_client [req-8d46a9ae-7eeb-447c-a524-f1c4f9077a0c req-8d46a9ae-7eeb-447c-a524-f1c4f9077a0c ] Request (ServersWithSpecificFlavorTestJSON:test_verify_created_server_ephemeral_disk): 200 GET http://10.180.1.21/compute/v2.1/servers/c38cddae-95b3-4f4a-bf3a-5f0bdde548a9 0.120s
2025-02-19 03:53:35.318 63344 INFO tempest.lib.common.rest_client [req-6c45e3ef-1c9c-4d52-922d-2e8e3f15999d req-6c45e3ef-1c9c-4d52-922d-2e8e3f15999d ] Request (AttachInterfacesUnderV243Test:test_add_remove_fixed_ip): 200 GET http://10.180.1.21/compute/v2.1/servers/12c769fb-8c9e-4089-9563-232cfad89b21 0.103s
2025-02-19 03:53:35.353 63326 INFO tempest.lib.common.rest_client [req-87247eff-423e-4d25-81f6-9ffa0a55ff5c req-87247eff-423e-4d25-81f6-9ffa0a55ff5c ] Request (ServerActionsTestOtherA:test_rebuild_server_in_stop_state): 200 GET http://10.180.1.21/compute/v2.1/servers/65615fd7-c219-4c19-8ecf-11336b616ead 0.116s
2025-02-19 03:53:35.589 63336 INFO tempest.lib.common.rest_client [req-2024daf2-b8c5-46e9-9e79-3e2b74068ad5 req-2024daf2-b8c5-46e9-9e79-3e2b74068ad5 ] Request (ServersAdminTestJSON:test_create_server_with_scheduling_hint): 200 GET http://10.180.1.21/compute/v2.1/servers/da43a464-ebae-4038-9f7b-330df22d8d7c 0.103s
2025-02-19 03:53:35.677 63332 INFO tempest.lib.common.rest_client [req-af941996-0bdf-45d7-a283-0b9327bfafb8 req-af941996-0bdf-45d7-a283-0b9327bfafb8 ] Request (ServersTestManualDisk:tearDownClass): 200 PUT http://10.180.1.21:9696/networking/v2.0/routers/58ddc0b3-2cdb-4e9c-8939-ed3e60fe36b1/remove_router_interface 1.719s
2025-02-19 03:53:35.717 63300 INFO tempest.lib.common.rest_client [req-b6aa98a9-951d-47e3-9bca-c949b59b03e0 req-b6aa98a9-951d-47e3-9bca-c949b59b03e0 ] Request (FloatingIPsAssociationTestJSON:tearDownClass): 200 PUT http://10.180.1.21:9696/networking/v2.0/routers/fa873c1f-0f3d-44fd-a448-029ead15e413/remove_router_interface 1.711s
2025-02-19 03:53:35.803 63324 INFO tempest.lib.common.rest_client [req-52fda03b-730a-4c55-8bd4-536a59c4e772 req-52fda03b-730a-4c55-8bd4-536a59c4e772 ] Request (SecurityGroupsTestJSON:test_list_security_groups_by_server): 200 GET http://10.180.1.21/compute/v2.1/servers/6928b412-e8cb-42fb-bc47-dc8498f12ad1 0.081s
2025-02-19 03:53:35.803 63292 INFO tempest.lib.common.rest_client [req-17bcd909-6084-427c-9892-5a2bd9612f42 req-17bcd909-6084-427c-9892-5a2bd9612f42 ] Request (MigrationsAdminTest:test_resize_server_revert_deleted_flavor): 200 GET http://10.180.1.21/compute/v2.1/servers/8621428e-cf42-47a4-82c8-a003c377b257 0.178s
2025-02-19 03:53:35.905 63350 INFO tempest.lib.common.rest_client [req-3611e794-d558-4b6a-9762-339b8b437953 req-3611e794-d558-4b6a-9762-339b8b437953 ] Request (ServerDiagnosticsV248Test:tearDownClass): 200 GET http://10.180.1.21/compute/v2.1/servers/69597c3f-ccb2-474d-bb7c-629c5da0b456 0.120s
2025-02-19 03:53:35.984 63348 INFO tempest.lib.common.rest_client [req-81710733-ddb8-4d2a-b1b2-e6745420f201 req-81710733-ddb8-4d2a-b1b2-e6745420f201 ] Request (ServersTestBootFromVolume:setUpClass): 200 GET http://10.180.1.21/compute/v2.1/servers/a14e7e40-afef-4607-8fa9-935a92ea49dc 0.215s
2025-02-19 03:53:35.999 63342 INFO tempest.lib.common.rest_client [req-0705e306-0e62-4446-a02b-abaf6189c15e req-0705e306-0e62-4446-a02b-abaf6189c15e ] Request (VolumesAssistedSnapshotsTest:tearDownClass): 200 GET http://10.180.1.21/compute/v2.1/servers/1933bc47-1717-48c1-b4a2-492a17573de7 0.140s
2025-02-19 03:53:36.063 63314 INFO tempest.lib.common.rest_client [req-76f44d55-1d9f-4417-9ff0-9954fab16d7d req-76f44d55-1d9f-4417-9ff0-9954fab16d7d ] Request (ServerRescueNegativeTestJSON:setUpClass): 200 GET http://10.180.1.21/compute/v2.1/servers/c002aec9-4fdf-45c9-9ef6-d196c4891e19 0.146s
2025-02-19 03:53:36.143 63296 INFO tempest.lib.common.rest_client [req-5084739c-9326-48f1-a436-89c57ffcc5bd req-5084739c-9326-48f1-a436-89c57ffcc5bd ] Request (InstanceActionsNegativeTestJSON:setUpClass): 200 GET http://10.180.1.21/compute/v2.1/servers/cf6e4f04-f5f4-46cb-884b-8014af903a10 0.151s
2025-02-19 03:53:36.192 63347 INFO tempest.lib.common.rest_client [req-7e5dc5af-ea40-46ba-9b0f-747e2c3feb9c req-7e5dc5af-ea40-46ba-9b0f-747e2c3feb9c ] Request (ServerDiskConfigTestJSON:test_rebuild_server_with_manual_disk_config): 200 GET http://10.180.1.21/compute/v2.1/servers/669cd72c-556f-40b6-8bc2-f50a125c182a 0.254s
2025-02-19 03:53:36.200 63298 INFO tempest.lib.common.rest_client [req-1a8e95d4-7513-4f5d-a72c-bdb90c753bb7 req-1a8e95d4-7513-4f5d-a72c-bdb90c753bb7 ] Request (VolumesTestJSON:tearDownClass): 404 GET http://10.180.1.21/volume/v3/volumes/7f345832-e642-42ca-b890-acc1a1aa6b72 0.032s
2025-02-19 03:53:36.221 63310 INFO tempest.lib.common.rest_client [req-2ec69625-ceb0-4ce4-9a1f-38fed1aa5666 req-2ec69625-ceb0-4ce4-9a1f-38fed1aa5666 ] Request (AttachVolumeShelveTestJSON:test_attach_volume_shelved_or_offload_server): 200 GET http://10.180.1.21/compute/v2.1/servers/69fb00b3-6a41-4ef5-8876-6548cae31c07 0.221s
2025-02-19 03:53:36.252 63312 INFO tempest.lib.common.rest_client [req-3ad7a804-fbe3-4ecb-85d0-6bf0059d7f1c req-3ad7a804-fbe3-4ecb-85d0-6bf0059d7f1c ] Request (ImagesTestJSON:test_create_image_from_suspended_server): 200 GET http://10.180.1.21/compute/v2.1/images/a6f12fcd-569e-4086-80cf-7a34fcbb8706 0.217s
2025-02-19 03:53:36.301 63308 INFO tempest.lib.common.rest_client [req-8d45b168-bff1-4740-9bf5-174854014347 req-8d45b168-bff1-4740-9bf5-174854014347 ] Request (ServersAaction247Test:test_create_backup): 200 GET http://10.180.1.21/compute/v2.1/servers/4967d5be-6cd4-4f23-aca4-d9ae11112369 0.236s
2025-02-19 03:53:36.355 63298 INFO tempest.lib.common.rest_client [req-ad09dfce-5275-4ac3-8ca6-5c1d5bd695d1 req-ad09dfce-5275-4ac3-8ca6-5c1d5bd695d1 ] Request (VolumesTestJSON:tearDownClass): 204 DELETE http://10.180.1.21/identity/v3/users/b8522e934ae84fb89cd74c8665d9adc7 0.154s
2025-02-19 03:53:36.355 63298 INFO tempest.lib.common.dynamic_creds [-] Deleting project and security group for project: f57426cae56e4aa29bbd317a11ef7f7c
2025-02-19 03:53:36.364 63352 INFO tempest.lib.common.rest_client [req-01552dc5-a515-429f-b517-e20cbbd32653 req-01552dc5-a515-429f-b517-e20cbbd32653 ] Request (MultipleCreateTestJSON:tearDownClass): 200 GET http://10.180.1.21/compute/v2.1/servers/ea2227ff-f694-4baa-af17-dc50338d8fa6 0.243s
2025-02-19 03:53:36.449 63298 INFO tempest.lib.common.rest_client [req-3bd34398-423f-4640-829b-388e7c5de7d5 req-3bd34398-423f-4640-829b-388e7c5de7d5 ] Request (VolumesTestJSON:tearDownClass): 201 POST http://10.180.1.21/identity/v3/auth/tokens 0.094s
2025-02-19 03:53:36.642 63338 INFO tempest.lib.common.rest_client [req-f2f48127-cfce-4678-831c-e715e6347f53 req-f2f48127-cfce-4678-831c-e715e6347f53 ] Request (ListImageFiltersTestJSON:setUpClass): 200 GET http://10.180.1.21/compute/v2.1/servers/0c2642d5-85fe-4db5-9891-025c88ca8c7c 0.520s
2025-02-19 03:53:36.649 63294 INFO tempest.lib.common.rest_client [req-8ed614a4-be75-4e19-9c98-8e7548fd87b3 req-8ed614a4-be75-4e19-9c98-8e7548fd87b3 ] Request (ServersNegativeTestJSON:setUpClass): 200 GET http://10.180.1.21/compute/v2.1/servers/bcacc508-b910-4144-bf0b-454b0928ca71 0.440s
2025-02-19 03:53:36.651 63338 INFO tempest.common.waiters [-] State transition "BUILD/None" ==> "BUILD/networking" after 69 second wait
2025-02-19 03:53:36.695 63298 INFO tempest.lib.common.rest_client [req-2027fa74-8658-455b-a759-2f5ec772f78f req-2027fa74-8658-455b-a759-2f5ec772f78f ] Request (VolumesTestJSON:tearDownClass): 200 GET http://10.180.1.21:9696/networking/v2.0/security-groups?tenant_id=f57426cae56e4aa29bbd317a11ef7f7c&name=default 0.245s
2025-02-19 03:53:36.733 63330 INFO tempest.lib.common.rest_client [req-77b280a7-bc71-4e64-ae09-aaefaebb1dda req-77b280a7-bc71-4e64-ae09-aaefaebb1dda ] Request (DeleteServersTestJSON:test_delete_server_while_in_attached_volume): 200 GET http://10.180.1.21/compute/v2.1/servers/3bcbcf35-294e-4d58-b002-cb84db4316d5 0.468s
2025-02-19 03:53:36.757 63328 INFO tempest.lib.common.rest_client [req-4aee5665-9829-487f-80f2-c64d42d8315c req-4aee5665-9829-487f-80f2-c64d42d8315c ] Request (ServerShowV247Test:tearDownClass): 200 GET http://10.180.1.21/compute/v2.1/servers/5bc466fb-eebb-40b1-ba09-614a25782ecd 0.542s
2025-02-19 03:53:36.834 63298 INFO tempest.lib.common.rest_client [req-eedbb822-f490-420c-8b6a-94b4f75fdbe4 req-eedbb822-f490-420c-8b6a-94b4f75fdbe4 ] Request (VolumesTestJSON:tearDownClass): 204 DELETE http://10.180.1.21:9696/networking/v2.0/security-groups/afaca847-fb52-4113-9591-e034300fb924 0.138s
2025-02-19 03:53:36.846 63304 INFO tempest.lib.common.rest_client [req-86ec21c8-cf91-4d6f-aeb7-afcb5bf1d54c req-86ec21c8-cf91-4d6f-aeb7-afcb5bf1d54c ] Request (ServersV294TestFqdnHostnames:tearDownClass): 200 GET http://10.180.1.21/compute/v2.1/servers/05742180-08db-45db-9ee0-e359aa8af2f0 0.561s
2025-02-19 03:53:36.856 63318 INFO tempest.lib.common.rest_client [req-72ad2d81-7de9-4a1c-8169-b04d78cf47b9 req-72ad2d81-7de9-4a1c-8169-b04d78cf47b9 ] Request (ServersWithSpecificFlavorTestJSON:test_verify_created_server_ephemeral_disk): 200 GET http://10.180.1.21/compute/v2.1/servers/c38cddae-95b3-4f4a-bf3a-5f0bdde548a9 0.541s
2025-02-19 03:53:36.892 63300 INFO tempest.lib.common.rest_client [req-f02ce846-00e4-4baa-adad-f6c74ed9e844 req-f02ce846-00e4-4baa-adad-f6c74ed9e844 ] Request (FloatingIPsAssociationTestJSON:tearDownClass): 204 DELETE http://10.180.1.21:9696/networking/v2.0/routers/fa873c1f-0f3d-44fd-a448-029ead15e413 1.174s
2025-02-19 03:53:36.896 63332 INFO tempest.lib.common.rest_client [req-3db0f034-7743-48d1-b031-bee54cdd8084 req-3db0f034-7743-48d1-b031-bee54cdd8084 ] Request (ServersTestManualDisk:tearDownClass): 204 DELETE http://10.180.1.21:9696/networking/v2.0/routers/58ddc0b3-2cdb-4e9c-8939-ed3e60fe36b1 1.218s
2025-02-19 03:53:36.922 63298 INFO tempest.lib.common.rest_client [req-347a66e0-8049-4926-8e62-2b52464ae1a7 req-347a66e0-8049-4926-8e62-2b52464ae1a7 ] Request (VolumesTestJSON:tearDownClass): 204 DELETE http://10.180.1.21/identity/v3/projects/f57426cae56e4aa29bbd317a11ef7f7c 0.087s
2025-02-19 03:53:36.944 63344 INFO tempest.lib.common.rest_client [req-71917f3a-336e-447b-a4fa-e51152201690 req-71917f3a-336e-447b-a4fa-e51152201690 ] Request (AttachInterfacesUnderV243Test:test_add_remove_fixed_ip): 200 GET http://10.180.1.21/compute/v2.1/servers/12c769fb-8c9e-4089-9563-232cfad89b21 0.618s
2025-02-19 03:53:36.949 63326 INFO tempest.lib.common.rest_client [req-40f4bcb6-af0d-40cc-bc48-1e8f3e0e85cd req-40f4bcb6-af0d-40cc-bc48-1e8f3e0e85cd ] Request (ServerActionsTestOtherA:test_rebuild_server_in_stop_state): 200 GET http://10.180.1.21/compute/v2.1/servers/65615fd7-c219-4c19-8ecf-11336b616ead 0.587s
2025-02-19 03:53:37.068 63300 INFO tempest.lib.common.rest_client [req-b64760c5-4745-4ccd-aa61-60cfcd57d7ec req-b64760c5-4745-4ccd-aa61-60cfcd57d7ec ] Request (FloatingIPsAssociationTestJSON:tearDownClass): 204 DELETE http://10.180.1.21:9696/networking/v2.0/subnets/3286b55e-9080-421d-90f0-8f29f75316d5 0.176s
2025-02-19 03:53:37.076 63324 INFO tempest.lib.common.rest_client [req-561d0c73-44f6-4b59-ad8c-15e350ca13d5 req-561d0c73-44f6-4b59-ad8c-15e350ca13d5 ] Request (SecurityGroupsTestJSON:test_list_security_groups_by_server): 200 GET http://10.180.1.21/compute/v2.1/servers/6928b412-e8cb-42fb-bc47-dc8498f12ad1 0.265s
2025-02-19 03:53:37.114 63336 INFO tempest.lib.common.rest_client [req-7deb975a-bfdc-4039-aa59-a3e56700e320 req-7deb975a-bfdc-4039-aa59-a3e56700e320 ] Request (ServersAdminTestJSON:test_create_server_with_scheduling_hint): 200 GET http://10.180.1.21/compute/v2.1/servers/da43a464-ebae-4038-9f7b-330df22d8d7c 0.516s
2025-02-19 03:53:37.117 63332 INFO tempest.lib.common.rest_client [req-4fafd4d6-d871-48d6-adcb-f53afdf4046c req-4fafd4d6-d871-48d6-adcb-f53afdf4046c ] Request (ServersTestManualDisk:tearDownClass): 204 DELETE http://10.180.1.21:9696/networking/v2.0/subnets/4848bd65-fa86-4ef4-a9a6-5ad733f5c261 0.220s
2025-02-19 03:53:37.212 63350 INFO tempest.lib.common.rest_client [req-79c95e99-13df-4aeb-a5c1-31e544b38f41 req-79c95e99-13df-4aeb-a5c1-31e544b38f41 ] Request (ServerDiagnosticsV248Test:tearDownClass): 200 GET http://10.180.1.21/compute/v2.1/servers/69597c3f-ccb2-474d-bb7c-629c5da0b456 0.297s
2025-02-19 03:53:37.232 63292 INFO tempest.lib.common.rest_client [req-81bcae0f-a8d2-441c-8b09-f97cc28059a4 req-81bcae0f-a8d2-441c-8b09-f97cc28059a4 ] Request (MigrationsAdminTest:test_resize_server_revert_deleted_flavor): 200 GET http://10.180.1.21/compute/v2.1/servers/8621428e-cf42-47a4-82c8-a003c377b257 0.417s
2025-02-19 03:53:37.320 63342 INFO tempest.lib.common.rest_client [req-6bcad34b-6d41-44ad-98ca-df2ad2ca3b78 req-6bcad34b-6d41-44ad-98ca-df2ad2ca3b78 ] Request (VolumesAssistedSnapshotsTest:tearDownClass): 200 GET http://10.180.1.21/compute/v2.1/servers/1933bc47-1717-48c1-b4a2-492a17573de7 0.304s
2025-02-19 03:53:37.340 63300 INFO tempest.lib.common.rest_client [req-c131a0f0-5c12-4d97-8213-99548cec47af req-c131a0f0-5c12-4d97-8213-99548cec47af ] Request (FloatingIPsAssociationTestJSON:tearDownClass): 204 DELETE http://10.180.1.21:9696/networking/v2.0/networks/22fd8460-1d41-493c-97b4-7f1ccf0c42ae 0.271s
2025-02-19 03:53:37.395 63314 INFO tempest.lib.common.rest_client [req-7557ae3c-93a5-465f-a531-5818369faa0f req-7557ae3c-93a5-465f-a531-5818369faa0f ] Request (ServerRescueNegativeTestJSON:setUpClass): 200 GET http://10.180.1.21/compute/v2.1/servers/c002aec9-4fdf-45c9-9ef6-d196c4891e19 0.322s
2025-02-19 03:53:37.420 63348 INFO tempest.lib.common.rest_client [req-307b9834-2942-4b63-b29c-4d6464b92f96 req-307b9834-2942-4b63-b29c-4d6464b92f96 ] Request (ServersTestBootFromVolume:setUpClass): 200 GET http://10.180.1.21/compute/v2.1/servers/a14e7e40-afef-4607-8fa9-935a92ea49dc 0.425s
2025-02-19 03:53:37.456 63296 INFO tempest.lib.common.rest_client [req-8e0dd6bb-4839-4d51-b5e0-b928bab467ed req-8e0dd6bb-4839-4d51-b5e0-b928bab467ed ] Request (InstanceActionsNegativeTestJSON:setUpClass): 200 GET http://10.180.1.21/compute/v2.1/servers/cf6e4f04-f5f4-46cb-884b-8014af903a10 0.297s
2025-02-19 03:53:37.458 63300 INFO tempest.lib.common.rest_client [req-059c4ce9-dfc4-461d-b12f-9cd137dc6231 req-059c4ce9-dfc4-461d-b12f-9cd137dc6231 ] Request (FloatingIPsAssociationTestJSON:tearDownClass): 204 DELETE http://10.180.1.21/identity/v3/users/32c96e2ef0194f61b9a3f83fe73cd3f0 0.118s
2025-02-19 03:53:37.458 63300 INFO tempest.lib.common.dynamic_creds [-] Deleting project and security group for project: ca220df51dc0414ea400a56fe5e49e1c
2025-02-19 03:53:37.485 63300 INFO tempest.lib.common.rest_client [req-67ab580c-7b77-49c2-bb32-9feb2005c41e req-67ab580c-7b77-49c2-bb32-9feb2005c41e ] Request (FloatingIPsAssociationTestJSON:tearDownClass): 200 GET http://10.180.1.21:9696/networking/v2.0/security-groups?tenant_id=ca220df51dc0414ea400a56fe5e49e1c&name=default 0.026s
2025-02-19 03:53:37.525 63310 INFO tempest.lib.common.rest_client [req-e9aac260-c110-456e-ada5-c5863d8df607 req-e9aac260-c110-456e-ada5-c5863d8df607 ] Request (AttachVolumeShelveTestJSON:test_attach_volume_shelved_or_offload_server): 200 GET http://10.180.1.21/compute/v2.1/servers/69fb00b3-6a41-4ef5-8876-6548cae31c07 0.288s
2025-02-19 03:53:37.561 63347 INFO tempest.lib.common.rest_client [req-3b0df0ca-47c3-40ad-89c4-fb94588a6493 req-3b0df0ca-47c3-40ad-89c4-fb94588a6493 ] Request (ServerDiskConfigTestJSON:test_rebuild_server_with_manual_disk_config): 200 GET http://10.180.1.21/compute/v2.1/servers/669cd72c-556f-40b6-8bc2-f50a125c182a 0.359s
2025-02-19 03:53:37.562 63332 INFO tempest.lib.common.rest_client [req-d205515b-9fdc-463c-a757-c6d46eda4bef req-d205515b-9fdc-463c-a757-c6d46eda4bef ] Request (ServersTestManualDisk:tearDownClass): 204 DELETE http://10.180.1.21:9696/networking/v2.0/networks/b099dd4d-3410-4464-ba41-9f3bf3fd709b 0.444s
2025-02-19 03:53:37.565 63312 INFO tempest.lib.common.rest_client [req-d396c820-4dab-45f3-a8ee-ee85ce98a9bf req-d396c820-4dab-45f3-a8ee-ee85ce98a9bf ] Request (ImagesTestJSON:test_create_image_from_suspended_server): 200 GET http://10.180.1.21/compute/v2.1/images/a6f12fcd-569e-4086-80cf-7a34fcbb8706 0.308s
2025-02-19 03:53:37.619 63308 INFO tempest.lib.common.rest_client [req-c55a1656-d04a-4fc3-9078-e144ed2b482d req-c55a1656-d04a-4fc3-9078-e144ed2b482d ] Request (ServersAaction247Test:test_create_backup): 200 GET http://10.180.1.21/compute/v2.1/servers/4967d5be-6cd4-4f23-aca4-d9ae11112369 0.306s
2025-02-19 03:53:37.628 63352 INFO tempest.lib.common.rest_client [req-6ab60bbe-c381-4ae3-9f84-e6f75549e074 req-6ab60bbe-c381-4ae3-9f84-e6f75549e074 ] Request (MultipleCreateTestJSON:tearDownClass): 200 GET http://10.180.1.21/compute/v2.1/servers/ea2227ff-f694-4baa-af17-dc50338d8fa6 0.249s
2025-02-19 03:53:37.662 63300 INFO tempest.lib.common.rest_client [req-27a0d342-e695-4f21-b71d-f8ecc0ef01bd req-27a0d342-e695-4f21-b71d-f8ecc0ef01bd ] Request (FloatingIPsAssociationTestJSON:tearDownClass): 204 DELETE http://10.180.1.21:9696/networking/v2.0/security-groups/c73602cb-40aa-4a53-b55d-81fb933bc84e 0.176s
2025-02-19 03:53:37.674 63332 INFO tempest.lib.common.rest_client [req-4f1ba4e8-1a79-43c8-a65d-ebc0c4d3e94b req-4f1ba4e8-1a79-43c8-a65d-ebc0c4d3e94b ] Request (ServersTestManualDisk:tearDownClass): 204 DELETE http://10.180.1.21/identity/v3/users/e3dbf4170c4b4c58adabcef28bbab5e0 0.112s
2025-02-19 03:53:37.674 63332 INFO tempest.lib.common.dynamic_creds [-] Deleting project and security group for project: d546e5faf230414aa1cb1cb08bcc6bcc
2025-02-19 03:53:37.712 63332 INFO tempest.lib.common.rest_client [req-6104d7fd-8130-4c1f-b672-94f73b0d61e0 req-6104d7fd-8130-4c1f-b672-94f73b0d61e0 ] Request (ServersTestManualDisk:tearDownClass): 200 GET http://10.180.1.21:9696/networking/v2.0/security-groups?tenant_id=d546e5faf230414aa1cb1cb08bcc6bcc&name=default 0.037s
2025-02-19 03:53:37.732 63294 INFO tempest.lib.common.rest_client [req-9af9202d-6fc7-47d4-a9f0-ee680b2c5860 req-9af9202d-6fc7-47d4-a9f0-ee680b2c5860 ] Request (ServersNegativeTestJSON:setUpClass): 200 GET http://10.180.1.21/compute/v2.1/servers/bcacc508-b910-4144-bf0b-454b0928ca71 0.073s
2025-02-19 03:53:37.774 63338 INFO tempest.lib.common.rest_client [req-f45b2170-1489-45a5-96f3-5a2b1c2cab35 req-f45b2170-1489-45a5-96f3-5a2b1c2cab35 ] Request (ListImageFiltersTestJSON:setUpClass): 200 GET http://10.180.1.21/compute/v2.1/servers/0c2642d5-85fe-4db5-9891-025c88ca8c7c 0.122s
2025-02-19 03:53:37.777 63300 INFO tempest.lib.common.rest_client [req-385190e6-0960-492e-9c6d-030283f00371 req-385190e6-0960-492e-9c6d-030283f00371 ] Request (FloatingIPsAssociationTestJSON:tearDownClass): 204 DELETE http://10.180.1.21/identity/v3/projects/ca220df51dc0414ea400a56fe5e49e1c 0.111s
2025-02-19 03:53:37.788 63338 INFO tempest.common.waiters [-] State transition "BUILD/networking" ==> "BUILD/spawning" after 70 second wait
2025-02-19 03:53:37.821 63330 INFO tempest.lib.common.rest_client [req-87c017f6-cb79-4ab6-ac27-a4b8cf03afe1 req-87c017f6-cb79-4ab6-ac27-a4b8cf03afe1 ] Request (DeleteServersTestJSON:test_delete_server_while_in_attached_volume): 200 GET http://10.180.1.21/compute/v2.1/servers/3bcbcf35-294e-4d58-b002-cb84db4316d5 0.072s
2025-02-19 03:53:37.848 63332 INFO tempest.lib.common.rest_client [req-40417d43-7807-4cf8-b750-24c4b94ec9a6 req-40417d43-7807-4cf8-b750-24c4b94ec9a6 ] Request (ServersTestManualDisk:tearDownClass): 204 DELETE http://10.180.1.21:9696/networking/v2.0/security-groups/129128a5-f717-464e-9e5a-ca0d4b34b0c2 0.135s
2025-02-19 03:53:37.854 63328 INFO tempest.lib.common.rest_client [req-78948829-9e13-4c77-ae01-f27ec3188e05 req-78948829-9e13-4c77-ae01-f27ec3188e05 ] Request (ServerShowV247Test:tearDownClass): 200 GET http://10.180.1.21/compute/v2.1/servers/5bc466fb-eebb-40b1-ba09-614a25782ecd 0.083s
2025-02-19 03:53:37.887 63300 INFO tempest.lib.common.rest_client [req-cfab1db4-9d03-422a-9717-5e2ad4d53da3 req-cfab1db4-9d03-422a-9717-5e2ad4d53da3 ] Request (ServerGroupTestJSON:setUpClass): 201 POST http://10.180.1.21/identity/v3/auth/tokens 0.108s
2025-02-19 03:53:37.892 63304 INFO tempest.lib.common.rest_client [req-a9e4aef7-d3d4-4ac8-8d0d-b170d288be4b req-a9e4aef7-d3d4-4ac8-8d0d-b170d288be4b ] Request (ServersV294TestFqdnHostnames:tearDownClass): 404 GET http://10.180.1.21/compute/v2.1/servers/05742180-08db-45db-9ee0-e359aa8af2f0 0.036s
2025-02-19 03:53:37.912 63304 INFO tempest.lib.common.rest_client [req-842963c8-05c4-4805-96da-7941c9134a29 req-842963c8-05c4-4805-96da-7941c9134a29 ] Request (ServersV294TestFqdnHostnames:tearDownClass): 204 DELETE http://10.180.1.21/compute/v2.1/os-keypairs/tempest-keypair-264847661 0.020s
2025-02-19 03:53:37.920 63300 INFO tempest.lib.common.rest_client [req-f9d2a9fb-e99d-4773-92ec-0d627ccfa077 req-f9d2a9fb-e99d-4773-92ec-0d627ccfa077 ] Request (ServerGroupTestJSON:setUpClass): 201 POST http://10.180.1.21/identity/v3/auth/tokens 0.030s
2025-02-19 03:53:37.933 63318 INFO tempest.lib.common.rest_client [req-7c2f6107-0de6-41d0-8cd4-5ee0fd750dad req-7c2f6107-0de6-41d0-8cd4-5ee0fd750dad ] Request (ServersWithSpecificFlavorTestJSON:test_verify_created_server_ephemeral_disk): 200 GET http://10.180.1.21/compute/v2.1/servers/c38cddae-95b3-4f4a-bf3a-5f0bdde548a9 0.064s
2025-02-19 03:53:37.950 63300 INFO tempest.lib.common.rest_client [req-fb455083-21d3-4a84-8b65-7cece2afe8c0 req-fb455083-21d3-4a84-8b65-7cece2afe8c0 ] Request (ServerGroupTestJSON:setUpClass): 200 GET http://10.180.1.21/identity/v3/domains?name=Default 0.030s
2025-02-19 03:53:37.969 63332 INFO tempest.lib.common.rest_client [req-b0398d13-e996-4bd5-b568-5d3e4f121e9a req-b0398d13-e996-4bd5-b568-5d3e4f121e9a ] Request (ServersTestManualDisk:tearDownClass): 204 DELETE http://10.180.1.21/identity/v3/projects/d546e5faf230414aa1cb1cb08bcc6bcc 0.120s
2025-02-19 03:53:37.999 63332 INFO tempest.lib.common.rest_client [req-2d9e3815-b1f3-49aa-bcce-2d7a3451e70c req-2d9e3815-b1f3-49aa-bcce-2d7a3451e70c ] Request (ListServersNegativeTestJSON:setUpClass): 201 POST http://10.180.1.21/identity/v3/auth/tokens 0.028s
2025-02-19 03:53:38.011 63300 INFO tempest.lib.common.rest_client [req-c2f728a5-6025-40b0-bb8d-218ce19d6080 req-c2f728a5-6025-40b0-bb8d-218ce19d6080 ] Request (ServerGroupTestJSON:setUpClass): 201 POST http://10.180.1.21/identity/v3/projects 0.060s
2025-02-19 03:53:38.023 63304 INFO tempest.lib.common.rest_client [req-8b435c79-b3f8-4ddd-9ddc-beb5127ddd51 req-8b435c79-b3f8-4ddd-9ddc-beb5127ddd51 ] Request (ServersV294TestFqdnHostnames:tearDownClass): 204 DELETE http://10.180.1.21:9696/networking/v2.0/security-groups/79805978-2220-4d6d-8d89-5af8de10306b 0.110s
2025-02-19 03:53:38.029 63326 INFO tempest.lib.common.rest_client [req-482f88cb-48ba-4d4d-81c0-dc5123191c53 req-482f88cb-48ba-4d4d-81c0-dc5123191c53 ] Request (ServerActionsTestOtherA:test_rebuild_server_in_stop_state): 200 GET http://10.180.1.21/compute/v2.1/servers/65615fd7-c219-4c19-8ecf-11336b616ead 0.066s
2025-02-19 03:53:38.041 63304 INFO tempest.lib.common.rest_client [req-061d2883-29ed-463a-aa7e-582bf6d44684 req-061d2883-29ed-463a-aa7e-582bf6d44684 ] Request (ServersV294TestFqdnHostnames:tearDownClass): 404 GET http://10.180.1.21:9696/networking/v2.0/security-groups/79805978-2220-4d6d-8d89-5af8de10306b 0.017s
2025-02-19 03:53:38.042 63344 INFO tempest.lib.common.rest_client [req-c8d955f9-ef79-40ca-9e56-436ccc777a87 req-c8d955f9-ef79-40ca-9e56-436ccc777a87 ] Request (AttachInterfacesUnderV243Test:test_add_remove_fixed_ip): 200 GET http://10.180.1.21/compute/v2.1/servers/12c769fb-8c9e-4089-9563-232cfad89b21 0.079s
2025-02-19 03:53:38.072 63332 INFO tempest.lib.common.rest_client [req-4a297d49-bfa0-49f9-8fd9-687a06b2b8e4 req-4a297d49-bfa0-49f9-8fd9-687a06b2b8e4 ] Request (ListServersNegativeTestJSON:setUpClass): 201 POST http://10.180.1.21/identity/v3/auth/tokens 0.071s
2025-02-19 03:53:38.096 63332 INFO tempest.lib.common.rest_client [req-a83c2141-7211-4b15-b014-0ebdf68781ee req-a83c2141-7211-4b15-b014-0ebdf68781ee ] Request (ListServersNegativeTestJSON:setUpClass): 200 GET http://10.180.1.21/identity/v3/domains?name=Default 0.023s
2025-02-19 03:53:38.096 63300 INFO tempest.lib.common.rest_client [req-eeb5ab89-a624-4883-bdb5-77833bc8ccb2 req-eeb5ab89-a624-4883-bdb5-77833bc8ccb2 ] Request (ServerGroupTestJSON:setUpClass): 201 POST http://10.180.1.21/identity/v3/users 0.084s
2025-02-19 03:53:38.120 63300 INFO tempest.lib.common.rest_client [req-076e7bdb-ceca-496f-9ee0-a35b8895b3c8 req-076e7bdb-ceca-496f-9ee0-a35b8895b3c8 ] Request (ServerGroupTestJSON:setUpClass): 200 GET http://10.180.1.21/identity/v3/roles 0.023s
2025-02-19 03:53:38.126 63332 INFO tempest.lib.common.rest_client [req-4006e15b-f93e-4da4-aa45-22ba69af2b3e req-4006e15b-f93e-4da4-aa45-22ba69af2b3e ] Request (ListServersNegativeTestJSON:setUpClass): 201 POST http://10.180.1.21/identity/v3/projects 0.030s
2025-02-19 03:53:38.172 63324 INFO tempest.lib.common.rest_client [req-e4cbc636-d935-46ab-80c9-3afaf3d2156c req-e4cbc636-d935-46ab-80c9-3afaf3d2156c ] Request (SecurityGroupsTestJSON:test_list_security_groups_by_server): 200 GET http://10.180.1.21/compute/v2.1/servers/6928b412-e8cb-42fb-bc47-dc8498f12ad1 0.087s
2025-02-19 03:53:38.195 63300 INFO tempest.lib.common.rest_client [req-4fc97f9f-2b9b-4499-a3e8-ba72ef52396a req-4fc97f9f-2b9b-4499-a3e8-ba72ef52396a ] Request (ServerGroupTestJSON:setUpClass): 204 PUT http://10.180.1.21/identity/v3/projects/08e83dd99878401ba921033cbd720343/users/bf156218a93b4610b408889b02fa4ae1/roles/59dd977bf65d40b49e7f6612dc217e6b 0.073s
2025-02-19 03:53:38.196 63300 INFO tempest.lib.common.dynamic_creds [-] Dynamic test user bf156218a93b4610b408889b02fa4ae1 is created with scope project and roles: ['member']
2025-02-19 03:53:38.196 63300 INFO tempest.lib.common.dynamic_creds [-] Acquired dynamic creds: credentials: Credentials: {'domain_id': 'default', 'domain_name': 'Default', 'username': 'tempest-ServerGroupTestJSON-1398951570-project-member', 'project_domain_id': 'default', 'project_domain_name': 'Default', 'project_id': '08e83dd99878401ba921033cbd720343', 'project_name': 'tempest-ServerGroupTestJSON-1398951570', 'tenant_id': '08e83dd99878401ba921033cbd720343', 'tenant_name': 'tempest-ServerGroupTestJSON-1398951570', 'user_domain_id': 'default', 'user_domain_name': 'Default', 'user_id': 'bf156218a93b4610b408889b02fa4ae1', 'system': None}, Network: None, Subnet: None, Router: None
2025-02-19 03:53:38.199 63332 INFO tempest.lib.common.rest_client [req-1a557cc9-2431-49be-be19-e3c5e4df6433 req-1a557cc9-2431-49be-be19-e3c5e4df6433 ] Request (ListServersNegativeTestJSON:setUpClass): 201 POST http://10.180.1.21/identity/v3/users 0.072s
2025-02-19 03:53:38.253 63332 INFO tempest.lib.common.rest_client [req-58224d34-b251-44b7-954a-f50fb33892d5 req-58224d34-b251-44b7-954a-f50fb33892d5 ] Request (ListServersNegativeTestJSON:setUpClass): 200 GET http://10.180.1.21/identity/v3/roles 0.053s
2025-02-19 03:53:38.263 63300 INFO tempest.lib.common.rest_client [req-4d3b25d9-f050-4bb3-9c29-159a88039fb4 req-4d3b25d9-f050-4bb3-9c29-159a88039fb4 ] Request (ServerGroupTestJSON:setUpClass): 201 POST http://10.180.1.21/identity/v3/auth/tokens 0.066s
2025-02-19 03:53:38.282 63336 INFO tempest.lib.common.rest_client [req-d46dbf04-0ecd-4b07-aadf-6d8e7db488cb req-d46dbf04-0ecd-4b07-aadf-6d8e7db488cb ] Request (ServersAdminTestJSON:test_create_server_with_scheduling_hint): 200 GET http://10.180.1.21/compute/v2.1/servers/da43a464-ebae-4038-9f7b-330df22d8d7c 0.158s
2025-02-19 03:53:38.284 63332 INFO tempest.lib.common.rest_client [req-d94afbaf-e764-4018-80e1-bff693128d9e req-d94afbaf-e764-4018-80e1-bff693128d9e ] Request (ListServersNegativeTestJSON:setUpClass): 204 PUT http://10.180.1.21/identity/v3/projects/e728dfba54cd4779aad4879fb213a81b/users/b18638d1ce6f4d2bb1f1e8117deba2ba/roles/59dd977bf65d40b49e7f6612dc217e6b 0.030s
2025-02-19 03:53:38.284 63332 INFO tempest.lib.common.dynamic_creds [-] Dynamic test user b18638d1ce6f4d2bb1f1e8117deba2ba is created with scope project and roles: ['member']
