2025-02-19 03:51:00.677 63340 INFO tempest.lib.common.rest_client [req-d256d81a-9de3-4182-b90e-77319ef24056 req-d256d81a-9de3-4182-b90e-77319ef24056 ] Request (FlavorsExtraSpecsTestJSON:tearDownClass): 200 GET http://10.180.1.21:9696/networking/v2.0/security-groups?tenant_id=28bc4b7c5c444156a5c312871660608f&name=default 0.412s
2025-02-19 03:51:00.694 63304 INFO tempest.lib.common.rest_client [req-cead7503-5218-4c1d-b3f5-6c81927d4df7 req-cead7503-5218-4c1d-b3f5-6c81927d4df7 ] Request (ServersV294TestFqdnHostnames:setUpClass): 201 POST http://10.180.1.21:9696/networking/v2.0/subnets 0.625s
2025-02-19 03:51:00.792 63334 INFO tempest.lib.common.rest_client [req-cfdf1113-63a5-4ce9-af77-a140f0ea0abc req-cfdf1113-63a5-4ce9-af77-a140f0ea0abc ] Request (HypervisorAdminNegativeTestJSON:tearDownClass): 200 GET http://10.180.1.21:9696/networking/v2.0/security-groups?tenant_id=d0d5e57c629f4fc5b01ecebf9ef0e292&name=default 0.416s
2025-02-19 03:51:00.825 63300 INFO tempest.lib.common.rest_client [req-910c5842-9a16-4500-a929-f889006ec09f req-910c5842-9a16-4500-a929-f889006ec09f ] Request (FloatingIPsAssociationTestJSON:setUpClass): 200 GET http://10.180.1.21/compute/v2.1/servers/a63aa120-1c7b-4abc-93cf-4d138f5cebde 3.051s
2025-02-19 03:51:00.832 63300 INFO tempest.common.waiters [-] State transition "BUILD/None" ==> "BUILD/spawning" after 11 second wait
2025-02-19 03:51:01.031 63310 INFO tempest.lib.common.rest_client [req-5e1c76f1-b72b-481a-bb19-464b56f16ddc req-5e1c76f1-b72b-481a-bb19-464b56f16ddc ] Request (ServerRescueTestJSONUnderV235:setUpClass): 201 POST http://10.180.1.21:9696/networking/v2.0/subnets 0.788s
2025-02-19 03:51:01.076 63316 INFO tempest.lib.common.rest_client [req-ad7bddeb-c73c-446f-b32b-5a853b4cdd35 req-ad7bddeb-c73c-446f-b32b-5a853b4cdd35 ] Request (FloatingIPsTestJSON:test_allocate_floating_ip): 200 POST http://10.180.1.21/compute/v2.1/os-floating-ips 3.692s
2025-02-19 03:51:01.127 63334 INFO tempest.lib.common.rest_client [req-e4386c10-2ff6-48b7-b18e-318b6e4cc736 req-e4386c10-2ff6-48b7-b18e-318b6e4cc736 ] Request (HypervisorAdminNegativeTestJSON:tearDownClass): 204 DELETE http://10.180.1.21:9696/networking/v2.0/security-groups/999e51c9-e340-47cd-b9ec-6b8a88c8c9b9 0.335s
2025-02-19 03:51:01.208 63334 INFO tempest.lib.common.rest_client [req-55d9514f-a956-4cbe-9983-4f4ed1b3dcd5 req-55d9514f-a956-4cbe-9983-4f4ed1b3dcd5 ] Request (HypervisorAdminNegativeTestJSON:tearDownClass): 204 DELETE http://10.180.1.21/identity/v3/projects/d0d5e57c629f4fc5b01ecebf9ef0e292 0.080s
2025-02-19 03:51:01.214 63340 INFO tempest.lib.common.rest_client [req-d5c4ff13-169f-4a2a-9d92-524621afa2a4 req-d5c4ff13-169f-4a2a-9d92-524621afa2a4 ] Request (FlavorsExtraSpecsTestJSON:tearDownClass): 204 DELETE http://10.180.1.21:9696/networking/v2.0/security-groups/36082ef7-3017-4be9-9b69-33530d42e8e9 0.535s
2025-02-19 03:51:01.231 63292 INFO tempest.lib.common.rest_client [req-a8e2021c-908a-4981-81c1-9e7104aca8fc req-a8e2021c-908a-4981-81c1-9e7104aca8fc ] Request (MigrationsAdminTest:test_list_migrations_in_flavor_resize_situation): 202 POST http://10.180.1.21/compute/v2.1/servers/d8b7a39f-ec73-4a87-9b1e-9428ca72f895/action 3.360s
2025-02-19 03:51:01.273 63334 INFO tempest.lib.common.rest_client [req-344d8019-de0a-40df-b109-be9ca08ac32e req-344d8019-de0a-40df-b109-be9ca08ac32e ] Request (ServicesAdminTestJSON:setUpClass): 201 POST http://10.180.1.21/identity/v3/auth/tokens 0.064s
2025-02-19 03:51:01.277 63330 INFO tempest.lib.common.rest_client [req-1390784e-db9d-47c2-aa89-1abda9b35d83 req-1390784e-db9d-47c2-aa89-1abda9b35d83 ] Request (ServerDiagnosticsNegativeTest:test_get_server_diagnostics_by_non_admin): 403 GET http://10.180.1.21/compute/v2.1/servers/124a02a3-ec9a-4c4f-b8df-1014ce8b8b7d/diagnostics 3.155s
2025-02-19 03:51:01.293 63302 INFO tempest.lib.common.rest_client [req-6ee42ad1-c777-44fe-a1e8-0691f9efeb6e req-6ee42ad1-c777-44fe-a1e8-0691f9efeb6e ] Request (ServerDiagnosticsTest:test_get_server_diagnostics): 200 GET http://10.180.1.21/compute/v2.1/servers/2313468e-820f-4fff-bdeb-5d542c94584d 3.258s
2025-02-19 03:51:01.297 63350 INFO tempest.lib.common.rest_client [req-c8c277e0-00fc-4dfe-b982-72c3e84c0f4c req-c8c277e0-00fc-4dfe-b982-72c3e84c0f4c ] Request (AggregatesAdminNegativeTestJSON:test_aggregate_create_aggregate_name_length_less_than_1): 400 POST http://10.180.1.21/compute/v2.1/os-aggregates 2.950s
2025-02-19 03:51:01.322 63324 INFO tempest.lib.common.rest_client [req-4fe5b9ff-f1c1-48cc-ab48-b3911e6a68f5 req-4fe5b9ff-f1c1-48cc-ab48-b3911e6a68f5 ] Request (FlavorsAccessNegativeTestJSON:_run_cleanups): 200 GET http://10.180.1.21/compute/v2.1/flavors/detail 2.923s
2025-02-19 03:51:01.327 63340 INFO tempest.lib.common.rest_client [req-d925efd3-bbbc-4e7c-90e8-8dda55e27279 req-d925efd3-bbbc-4e7c-90e8-8dda55e27279 ] Request (FlavorsExtraSpecsTestJSON:tearDownClass): 204 DELETE http://10.180.1.21/identity/v3/projects/28bc4b7c5c444156a5c312871660608f 0.112s
2025-02-19 03:51:01.347 63306 INFO tempest.lib.common.rest_client [req-06f3f8c0-3429-47b4-bd8e-ebc1f59ed75a req-06f3f8c0-3429-47b4-bd8e-ebc1f59ed75a ] Request (FlavorsAdminTestJSON:_run_cleanups): 200 GET http://10.180.1.21/compute/v2.1/flavors/detail 2.931s
2025-02-19 03:51:01.350 63334 INFO tempest.lib.common.rest_client [req-9ce53a78-c13f-4378-8779-de9ee62ff1cb req-9ce53a78-c13f-4378-8779-de9ee62ff1cb ] Request (ServicesAdminTestJSON:setUpClass): 201 POST http://10.180.1.21/identity/v3/auth/tokens 0.073s
2025-02-19 03:51:01.374 63340 INFO tempest.lib.common.rest_client [req-b1b5d151-69be-4a2f-a444-95321a0b53cb req-b1b5d151-69be-4a2f-a444-95321a0b53cb ] Request (InstanceUsageAuditLogTestJSON:setUpClass): 201 POST http://10.180.1.21/identity/v3/auth/tokens 0.045s
2025-02-19 03:51:01.386 63294 INFO tempest.lib.common.rest_client [req-47ec4660-9c81-40ea-a566-77b85b87baa0 req-47ec4660-9c81-40ea-a566-77b85b87baa0 ] Request (KeyPairsV22TestJSON:test_keypair_create_with_pub_key): 201 POST http://10.180.1.21/compute/v2.1/os-keypairs 2.727s
2025-02-19 03:51:01.396 63334 INFO tempest.lib.common.rest_client [req-e263ddb9-1b46-4945-bc56-3a2e0b85d2d7 req-e263ddb9-1b46-4945-bc56-3a2e0b85d2d7 ] Request (ServicesAdminTestJSON:setUpClass): 200 GET http://10.180.1.21/identity/v3/domains?name=Default 0.045s
2025-02-19 03:51:01.398 63312 INFO tempest.lib.common.rest_client [req-9f797462-cde7-4ff6-b030-88d2038a6a8d req-9f797462-cde7-4ff6-b030-88d2038a6a8d ] Request (ImagesTestJSON:setUpClass): 201 POST http://10.180.1.21:9696/networking/v2.0/networks 1.060s
2025-02-19 03:51:01.417 63340 INFO tempest.lib.common.rest_client [req-1152a4ff-108c-4500-a977-45bd92499103 req-1152a4ff-108c-4500-a977-45bd92499103 ] Request (InstanceUsageAuditLogTestJSON:setUpClass): 201 POST http://10.180.1.21/identity/v3/auth/tokens 0.041s
2025-02-19 03:51:01.443 63340 INFO tempest.lib.common.rest_client [req-2b04d6c5-5fb8-4f02-bcae-b8fa36bcaf0e req-2b04d6c5-5fb8-4f02-bcae-b8fa36bcaf0e ] Request (InstanceUsageAuditLogTestJSON:setUpClass): 200 GET http://10.180.1.21/identity/v3/domains?name=Default 0.025s
2025-02-19 03:51:01.448 63334 INFO tempest.lib.common.rest_client [req-7f5775c9-c29b-4a9a-b583-271b765c3923 req-7f5775c9-c29b-4a9a-b583-271b765c3923 ] Request (ServicesAdminTestJSON:setUpClass): 201 POST http://10.180.1.21/identity/v3/projects 0.050s
2025-02-19 03:51:01.510 63340 INFO tempest.lib.common.rest_client [req-d786e2d1-c517-4a0b-9130-04b3cc98f79d req-d786e2d1-c517-4a0b-9130-04b3cc98f79d ] Request (InstanceUsageAuditLogTestJSON:setUpClass): 201 POST http://10.180.1.21/identity/v3/projects 0.066s
2025-02-19 03:51:01.565 63340 INFO tempest.lib.common.rest_client [req-0205c118-c2cd-4a57-b59c-be0c2e43197b req-0205c118-c2cd-4a57-b59c-be0c2e43197b ] Request (InstanceUsageAuditLogTestJSON:setUpClass): 201 POST http://10.180.1.21/identity/v3/users 0.055s
2025-02-19 03:51:01.566 63334 INFO tempest.lib.common.rest_client [req-96b2b69d-d7f5-44be-b4f9-d414541d1eea req-96b2b69d-d7f5-44be-b4f9-d414541d1eea ] Request (ServicesAdminTestJSON:setUpClass): 201 POST http://10.180.1.21/identity/v3/users 0.118s
2025-02-19 03:51:01.587 63340 INFO tempest.lib.common.rest_client [req-38cc2f02-65cb-41be-af84-c47f60efab80 req-38cc2f02-65cb-41be-af84-c47f60efab80 ] Request (InstanceUsageAuditLogTestJSON:setUpClass): 200 GET http://10.180.1.21/identity/v3/roles 0.021s
2025-02-19 03:51:01.605 63334 INFO tempest.lib.common.rest_client [req-bcfac152-fd74-40fb-ac22-888fbbeaee31 req-bcfac152-fd74-40fb-ac22-888fbbeaee31 ] Request (ServicesAdminTestJSON:setUpClass): 200 GET http://10.180.1.21/identity/v3/roles 0.037s
2025-02-19 03:51:01.646 63340 INFO tempest.lib.common.rest_client [req-471d8601-b48b-41b7-b7f5-c0d67e07f303 req-471d8601-b48b-41b7-b7f5-c0d67e07f303 ] Request (InstanceUsageAuditLogTestJSON:setUpClass): 204 PUT http://10.180.1.21/identity/v3/projects/9b1f92fd59bf44d295b3b91fdcad11ef/users/676ae7d3d6604a93bacfd21b3fd5578d/roles/59dd977bf65d40b49e7f6612dc217e6b 0.059s
2025-02-19 03:51:01.647 63340 INFO tempest.lib.common.dynamic_creds [-] Dynamic test user 676ae7d3d6604a93bacfd21b3fd5578d is created with scope project and roles: ['member']
2025-02-19 03:51:01.647 63340 INFO tempest.lib.common.dynamic_creds [-] Acquired dynamic creds: credentials: Credentials: {'domain_id': 'default', 'domain_name': 'Default', 'username': 'tempest-InstanceUsageAuditLogTestJSON-1077216115-project-member', 'project_domain_id': 'default', 'project_domain_name': 'Default', 'project_id': '9b1f92fd59bf44d295b3b91fdcad11ef', 'project_name': 'tempest-InstanceUsageAuditLogTestJSON-1077216115', 'tenant_id': '9b1f92fd59bf44d295b3b91fdcad11ef', 'tenant_name': 'tempest-InstanceUsageAuditLogTestJSON-1077216115', 'user_domain_id': 'default', 'user_domain_name': 'Default', 'user_id': '676ae7d3d6604a93bacfd21b3fd5578d', 'system': None}, Network: None, Subnet: None, Router: None
2025-02-19 03:51:01.647 63340 INFO tempest.lib.common.dynamic_creds [-] Created isolated network resources for: credentials: Credentials: {'domain_id': 'default', 'domain_name': 'Default', 'username': 'tempest-InstanceUsageAuditLogTestJSON-1077216115-project-member', 'project_domain_id': 'default', 'project_domain_name': 'Default', 'project_id': '9b1f92fd59bf44d295b3b91fdcad11ef', 'project_name': 'tempest-InstanceUsageAuditLogTestJSON-1077216115', 'tenant_id': '9b1f92fd59bf44d295b3b91fdcad11ef', 'tenant_name': 'tempest-InstanceUsageAuditLogTestJSON-1077216115', 'user_domain_id': 'default', 'user_domain_name': 'Default', 'user_id': '676ae7d3d6604a93bacfd21b3fd5578d', 'system': None}, Network: None, Subnet: None, Router: None
2025-02-19 03:51:01.708 63334 INFO tempest.lib.common.rest_client [req-8ff38130-7041-4f8e-aaf3-de2c2c567ba3 req-8ff38130-7041-4f8e-aaf3-de2c2c567ba3 ] Request (ServicesAdminTestJSON:setUpClass): 204 PUT http://10.180.1.21/identity/v3/projects/bb65b0f481134842bf0e2205c4aaed21/users/bdea2ce8909340e39e0ebbd0323b9e54/roles/59dd977bf65d40b49e7f6612dc217e6b 0.103s
2025-02-19 03:51:01.709 63334 INFO tempest.lib.common.dynamic_creds [-] Dynamic test user bdea2ce8909340e39e0ebbd0323b9e54 is created with scope project and roles: ['member']
2025-02-19 03:51:01.709 63334 INFO tempest.lib.common.dynamic_creds [-] Acquired dynamic creds: credentials: Credentials: {'domain_id': 'default', 'domain_name': 'Default', 'username': 'tempest-ServicesAdminTestJSON-1774001596-project-member', 'project_domain_id': 'default', 'project_domain_name': 'Default', 'project_id': 'bb65b0f481134842bf0e2205c4aaed21', 'project_name': 'tempest-ServicesAdminTestJSON-1774001596', 'tenant_id': 'bb65b0f481134842bf0e2205c4aaed21', 'tenant_name': 'tempest-ServicesAdminTestJSON-1774001596', 'user_domain_id': 'default', 'user_domain_name': 'Default', 'user_id': 'bdea2ce8909340e39e0ebbd0323b9e54', 'system': None}, Network: None, Subnet: None, Router: None
2025-02-19 03:51:01.710 63334 INFO tempest.lib.common.dynamic_creds [-] Created isolated network resources for: credentials: Credentials: {'domain_id': 'default', 'domain_name': 'Default', 'username': 'tempest-ServicesAdminTestJSON-1774001596-project-member', 'project_domain_id': 'default', 'project_domain_name': 'Default', 'project_id': 'bb65b0f481134842bf0e2205c4aaed21', 'project_name': 'tempest-ServicesAdminTestJSON-1774001596', 'tenant_id': 'bb65b0f481134842bf0e2205c4aaed21', 'tenant_name': 'tempest-ServicesAdminTestJSON-1774001596', 'user_domain_id': 'default', 'user_domain_name': 'Default', 'user_id': 'bdea2ce8909340e39e0ebbd0323b9e54', 'system': None}, Network: None, Subnet: None, Router: None
2025-02-19 03:51:01.734 63340 INFO tempest.lib.common.rest_client [req-0f62811c-e437-4dda-9bea-f84e18adad9d req-0f62811c-e437-4dda-9bea-f84e18adad9d ] Request (InstanceUsageAuditLogTestJSON:setUpClass): 201 POST http://10.180.1.21/identity/v3/auth/tokens 0.081s
2025-02-19 03:51:01.768 63308 INFO tempest.lib.common.rest_client [req-d647d01e-bea2-41cf-829e-d2a3b441aa94 req-d647d01e-bea2-41cf-829e-d2a3b441aa94 ] Request (SecurityGroupsTestAdminJSON:test_list_security_groups_list_all_tenants_filter): 200 POST http://10.180.1.21/compute/v2.1/os-security-groups 3.597s
2025-02-19 03:51:01.806 63334 INFO tempest.lib.common.rest_client [req-1a61eb84-13c0-4964-8ac2-b4498e3b0c07 req-1a61eb84-13c0-4964-8ac2-b4498e3b0c07 ] Request (ServicesAdminTestJSON:setUpClass): 201 POST http://10.180.1.21/identity/v3/auth/tokens 0.091s
2025-02-19 03:51:01.817 63340 INFO tempest.lib.common.rest_client [req-fe883e88-95b6-4a94-ad93-4984e0062377 req-fe883e88-95b6-4a94-ad93-4984e0062377 ] Request (InstanceUsageAuditLogTestJSON:setUpClass): 201 POST http://10.180.1.21/identity/v3/projects 0.082s
2025-02-19 03:51:01.832 63348 INFO tempest.lib.common.rest_client [req-6aad89de-971e-4bd3-96f8-cc1e73709678 req-6aad89de-971e-4bd3-96f8-cc1e73709678 ] Request (SecurityGroupRulesTestJSON:test_security_group_rules_list): 200 POST http://10.180.1.21/compute/v2.1/os-security-group-rules 3.114s
2025-02-19 03:51:01.879 63322 INFO tempest.lib.common.rest_client [req-cba4e6b2-ef59-4d3d-8ea3-d3e65f611d10 req-cba4e6b2-ef59-4d3d-8ea3-d3e65f611d10 ] Request (ImagesMetadataTestJSON:test_list_image_metadata): 200 GET http://10.180.1.21/compute/v2.1/images/5c4b6745-09f2-40a9-9e7a-37384f69cb8d/metadata 3.020s
2025-02-19 03:51:01.885 63336 INFO tempest.lib.common.rest_client [req-e7856afe-57ad-444f-be25-0bb5e5ec51b1 req-e7856afe-57ad-444f-be25-0bb5e5ec51b1 ] Request (ServersAdminTestJSON:setUpClass): 200 PUT http://10.180.1.21:9696/networking/v2.0/routers/7847c214-669d-4d9b-932e-5bf4dbf769cc/add_router_interface 2.950s
2025-02-19 03:51:01.885 63336 INFO tempest.lib.common.dynamic_creds [-] Created isolated network resources for: credentials: Credentials: {'domain_id': 'default', 'domain_name': 'Default', 'username': 'tempest-ServersAdminTestJSON-699970003-project-member', 'project_domain_id': 'default', 'project_domain_name': 'Default', 'project_id': 'fc2dc33e40e549d1a025e4b883c4dfb1', 'project_name': 'tempest-ServersAdminTestJSON-699970003', 'tenant_id': 'fc2dc33e40e549d1a025e4b883c4dfb1', 'tenant_name': 'tempest-ServersAdminTestJSON-699970003', 'user_domain_id': 'default', 'user_domain_name': 'Default', 'user_id': '85705a53f9314b08aed10199854f0d2c', 'system': None}, Network: {'id': '02ca5c6a-3296-469c-bb93-ca4a9fb9d034', 'name': 'tempest-ServersAdminTestJSON-1720243746-network', 'tenant_id': 'fc2dc33e40e549d1a025e4b883c4dfb1', 'admin_state_up': True, 'mtu': 8950, 'status': 'ACTIVE', 'subnets': [], 'shared': False, 'project_id': 'fc2dc33e40e549d1a025e4b883c4dfb1', 'port_security_enabled': True, 'router:external': False, 'provider:network_type': 'vlan', 'provider:physical_network': 'default', 'provider:segmentation_id': 643, 'availability_zone_hints': [], 'availability_zones': [], 'ipv4_address_scope': None, 'ipv6_address_scope': None, 'description': '', 'tags': [], 'created_at': '2025-02-19T03:50:56Z', 'updated_at': '2025-02-19T03:50:56Z', 'revision_number': 1}, Subnet: {'id': 'a29edb97-97c7-4b5e-a382-dfc9a191e121', 'name': 'tempest-ServersAdminTestJSON-1720243746-subnet', 'tenant_id': 'fc2dc33e40e549d1a025e4b883c4dfb1', 'network_id': '02ca5c6a-3296-469c-bb93-ca4a9fb9d034', 'ip_version': 4, 'subnetpool_id': None, 'enable_dhcp': True, 'ipv6_ra_mode': None, 'ipv6_address_mode': None, 'gateway_ip': '192.168.128.1', 'cidr': '192.168.128.0/28', 'allocation_pools': [{'start': '192.168.128.2', 'end': '192.168.128.14'}], 'host_routes': [], 'dns_nameservers': [], 'description': '', 'router:external': False, 'service_types': [], 'tags': [], 'created_at': '2025-02-19T03:50:56Z', 'updated_at': '2025-02-19T03:50:56Z', 'revision_number': 0, 'project_id': 'fc2dc33e40e549d1a025e4b883c4dfb1'}, Router: {'id': '7847c214-669d-4d9b-932e-5bf4dbf769cc', 'name': 'tempest-ServersAdminTestJSON-1720243746-router', 'tenant_id': 'fc2dc33e40e549d1a025e4b883c4dfb1', 'admin_state_up': True, 'status': 'ACTIVE', 'external_gateway_info': {'network_id': 'f5b99c91-68cd-4e59-b6ed-6589e4518bc4', 'external_fixed_ips': [{'subnet_id': '543929b2-0375-4265-a863-f6bfc78e5ee5', 'ip_address': '10.180.180.236'}], 'enable_snat': True}, 'description': '', 'availability_zones': [], 'distributed': False, 'ha': False, 'availability_zone_hints': [], 'routes': [], 'flavor_id': None, 'tags': [], 'created_at': '2025-02-19T03:50:56Z', 'updated_at': '2025-02-19T03:50:58Z', 'revision_number': 2, 'project_id': 'fc2dc33e40e549d1a025e4b883c4dfb1'}
2025-02-19 03:51:01.915 63334 INFO tempest.lib.common.rest_client [req-86f092a2-f3cd-4313-82ac-0df4e166147f req-86f092a2-f3cd-4313-82ac-0df4e166147f ] Request (ServicesAdminTestJSON:setUpClass): 201 POST http://10.180.1.21/identity/v3/projects 0.108s
2025-02-19 03:51:01.930 63312 INFO tempest.lib.common.rest_client [req-5af759cd-819c-48c4-b10d-21331cb5760a req-5af759cd-819c-48c4-b10d-21331cb5760a ] Request (ImagesTestJSON:setUpClass): 201 POST http://10.180.1.21:9696/networking/v2.0/subnets 0.532s
2025-02-19 03:51:01.999 63340 INFO tempest.lib.common.rest_client [req-b2d47b5e-3ed1-474f-b2ab-f2925fbf0804 req-b2d47b5e-3ed1-474f-b2ab-f2925fbf0804 ] Request (InstanceUsageAuditLogTestJSON:setUpClass): 201 POST http://10.180.1.21/identity/v3/users 0.182s
2025-02-19 03:51:02.019 63336 INFO tempest.lib.common.rest_client [req-1091b7c6-2c89-4719-be6f-e16798826034 req-1091b7c6-2c89-4719-be6f-e16798826034 ] Request (ServersAdminTestJSON:setUpClass): 201 POST http://10.180.1.21/identity/v3/auth/tokens 0.129s
2025-02-19 03:51:02.022 63334 INFO tempest.lib.common.rest_client [req-330c324a-2158-4fa6-8d4b-a5ae1785d043 req-330c324a-2158-4fa6-8d4b-a5ae1785d043 ] Request (ServicesAdminTestJSON:setUpClass): 201 POST http://10.180.1.21/identity/v3/users 0.107s
2025-02-19 03:51:02.039 63340 INFO tempest.lib.common.rest_client [req-3767e2cd-182d-41e6-a305-62d0be06aef8 req-3767e2cd-182d-41e6-a305-62d0be06aef8 ] Request (InstanceUsageAuditLogTestJSON:setUpClass): 200 GET http://10.180.1.21/identity/v3/roles 0.039s
2025-02-19 03:51:02.074 63336 INFO tempest.lib.common.rest_client [req-4c12355a-2c06-4c5e-9b38-ec1d60203cc9 req-4c12355a-2c06-4c5e-9b38-ec1d60203cc9 ] Request (ServersAdminTestJSON:setUpClass): 201 POST http://10.180.1.21/identity/v3/projects 0.054s
2025-02-19 03:51:02.093 63347 INFO tempest.lib.common.rest_client [req-e5271868-2ccb-4a40-a7dd-1db38ce6504d req-e5271868-2ccb-4a40-a7dd-1db38ce6504d ] Request (FloatingIPsNegativeTestJSON:tearDownClass): 200 PUT http://10.180.1.21:9696/networking/v2.0/routers/437e6a8e-a0e1-4cdf-a98d-77bdbbc119a7/remove_router_interface 2.236s
2025-02-19 03:51:02.122 63334 INFO tempest.lib.common.rest_client [req-e7ea3f40-4fd1-46f8-ba9e-bf73c2679314 req-e7ea3f40-4fd1-46f8-ba9e-bf73c2679314 ] Request (ServicesAdminTestJSON:setUpClass): 200 GET http://10.180.1.21/identity/v3/roles 0.099s
2025-02-19 03:51:02.147 63340 INFO tempest.lib.common.rest_client [req-732a30e3-d11d-4b7f-960f-ba0e4b39f31c req-732a30e3-d11d-4b7f-960f-ba0e4b39f31c ] Request (InstanceUsageAuditLogTestJSON:setUpClass): 204 PUT http://10.180.1.21/identity/v3/projects/2f5de596cc1446ce85d06c6258de8176/users/48b5862a8a8e4ec582ee51b45c2ee2d2/roles/ae916b16de09405ebd4e74ca9d272ca6 0.107s
2025-02-19 03:51:02.200 63336 INFO tempest.lib.common.rest_client [req-a56a5d2d-fbe6-42eb-8111-29f39c68ffda req-a56a5d2d-fbe6-42eb-8111-29f39c68ffda ] Request (ServersAdminTestJSON:setUpClass): 201 POST http://10.180.1.21/identity/v3/users 0.125s
2025-02-19 03:51:02.221 63340 INFO tempest.lib.common.rest_client [req-fe35def5-dd13-43f7-9314-e81ddb7950ca req-fe35def5-dd13-43f7-9314-e81ddb7950ca ] Request (InstanceUsageAuditLogTestJSON:setUpClass): 200 GET http://10.180.1.21/identity/v3/roles 0.074s
2025-02-19 03:51:02.248 63320 INFO tempest.lib.common.rest_client [req-04ae9c45-80f3-41cc-9c27-1e02bf819ec4 req-04ae9c45-80f3-41cc-9c27-1e02bf819ec4 ] Request (QuotasAdminTestJSON:test_get_updated_quotas): 200 PUT http://10.180.1.21/compute/v2.1/os-quota-sets/2539d42cb86749f7b21ce79fbdf1be5b?user_id=01996ec4d80b49d88be89cd28aafc157 3.279s
2025-02-19 03:51:02.250 63334 INFO tempest.lib.common.rest_client [req-933ca6b7-154a-42be-a0d5-f5b4a1d513cd req-933ca6b7-154a-42be-a0d5-f5b4a1d513cd ] Request (ServicesAdminTestJSON:setUpClass): 204 PUT http://10.180.1.21/identity/v3/projects/9f5c3f4b45084ff29a9f2e0813de9168/users/7902fe0e48f746908eb9ab3960620d8c/roles/ae916b16de09405ebd4e74ca9d272ca6 0.127s
2025-02-19 03:51:02.315 63340 INFO tempest.lib.common.rest_client [req-fe29159d-a421-45b6-906a-9d7c7a417cf4 req-fe29159d-a421-45b6-906a-9d7c7a417cf4 ] Request (InstanceUsageAuditLogTestJSON:setUpClass): 204 PUT http://10.180.1.21/identity/v3/projects/2f5de596cc1446ce85d06c6258de8176/users/48b5862a8a8e4ec582ee51b45c2ee2d2/roles/ae916b16de09405ebd4e74ca9d272ca6 0.093s
2025-02-19 03:51:02.315 63340 INFO tempest.lib.common.dynamic_creds [-] Dynamic test user 48b5862a8a8e4ec582ee51b45c2ee2d2 is created with scope project and roles: ['admin']
2025-02-19 03:51:02.315 63340 INFO tempest.lib.common.dynamic_creds [-] Acquired dynamic creds: credentials: Credentials: {'domain_id': 'default', 'domain_name': 'Default', 'username': 'tempest-InstanceUsageAuditLogTestJSON-2029380068-project-admin', 'project_domain_id': 'default', 'project_domain_name': 'Default', 'project_id': '2f5de596cc1446ce85d06c6258de8176', 'project_name': 'tempest-InstanceUsageAuditLogTestJSON-2029380068', 'tenant_id': '2f5de596cc1446ce85d06c6258de8176', 'tenant_name': 'tempest-InstanceUsageAuditLogTestJSON-2029380068', 'user_domain_id': 'default', 'user_domain_name': 'Default', 'user_id': '48b5862a8a8e4ec582ee51b45c2ee2d2', 'system': None}, Network: None, Subnet: None, Router: None
2025-02-19 03:51:02.315 63340 INFO tempest.lib.common.dynamic_creds [-] Created isolated network resources for: credentials: Credentials: {'domain_id': 'default', 'domain_name': 'Default', 'username': 'tempest-InstanceUsageAuditLogTestJSON-2029380068-project-admin', 'project_domain_id': 'default', 'project_domain_name': 'Default', 'project_id': '2f5de596cc1446ce85d06c6258de8176', 'project_name': 'tempest-InstanceUsageAuditLogTestJSON-2029380068', 'tenant_id': '2f5de596cc1446ce85d06c6258de8176', 'tenant_name': 'tempest-InstanceUsageAuditLogTestJSON-2029380068', 'user_domain_id': 'default', 'user_domain_name': 'Default', 'user_id': '48b5862a8a8e4ec582ee51b45c2ee2d2', 'system': None}, Network: None, Subnet: None, Router: None
2025-02-19 03:51:02.317 63336 INFO tempest.lib.common.rest_client [req-b08c8658-db4c-4964-a97b-5d21c5836f43 req-b08c8658-db4c-4964-a97b-5d21c5836f43 ] Request (ServersAdminTestJSON:setUpClass): 200 GET http://10.180.1.21/identity/v3/roles 0.116s
2025-02-19 03:51:02.354 63338 INFO tempest.lib.common.rest_client [req-ae41b318-7c96-4d2f-ac18-4c51d5154549 req-ae41b318-7c96-4d2f-ac18-4c51d5154549 ] Request (FloatingIPsAssociationNegativeTestJSON:setUpClass): 200 GET http://10.180.1.21/compute/v2.1/servers/001557f9-ea50-4e86-9eeb-dd4436791453 3.149s
2025-02-19 03:51:02.366 63334 INFO tempest.lib.common.rest_client [req-0f60ff09-f7ff-4df9-9908-51542e5d0d77 req-0f60ff09-f7ff-4df9-9908-51542e5d0d77 ] Request (ServicesAdminTestJSON:setUpClass): 200 GET http://10.180.1.21/identity/v3/roles 0.116s
2025-02-19 03:51:02.388 63336 INFO tempest.lib.common.rest_client [req-fe355f9c-f89d-4250-b1e9-3f5c76af5869 req-fe355f9c-f89d-4250-b1e9-3f5c76af5869 ] Request (ServersAdminTestJSON:setUpClass): 204 PUT http://10.180.1.21/identity/v3/projects/8ec7634688a543c698611020188a1e27/users/38960ac9998a48fcb112f61bba9e388b/roles/ae916b16de09405ebd4e74ca9d272ca6 0.071s
2025-02-19 03:51:02.431 63326 INFO tempest.lib.common.rest_client [req-e55a7896-f0ea-4f46-9cfe-6d7b3f384fb1 req-e55a7896-f0ea-4f46-9cfe-6d7b3f384fb1 ] Request (ServerActionsTestOtherA:setUpClass): 200 GET http://10.180.1.21/compute/v2.1/servers/cf73422d-7f4b-4bae-9d69-de74d7211243 3.178s
2025-02-19 03:51:02.459 63340 INFO tempest.lib.common.rest_client [req-8a4975cd-d3e5-4ac3-a00c-cb11e4f92cd0 req-8a4975cd-d3e5-4ac3-a00c-cb11e4f92cd0 ] Request (InstanceUsageAuditLogTestJSON:setUpClass): 201 POST http://10.180.1.21/identity/v3/auth/tokens 0.141s
2025-02-19 03:51:02.486 63334 INFO tempest.lib.common.rest_client [req-c7053746-9242-4d0c-90a2-4d9c91e1208d req-c7053746-9242-4d0c-90a2-4d9c91e1208d ] Request (ServicesAdminTestJSON:setUpClass): 204 PUT http://10.180.1.21/identity/v3/projects/9f5c3f4b45084ff29a9f2e0813de9168/users/7902fe0e48f746908eb9ab3960620d8c/roles/ae916b16de09405ebd4e74ca9d272ca6 0.120s
2025-02-19 03:51:02.487 63334 INFO tempest.lib.common.dynamic_creds [-] Dynamic test user 7902fe0e48f746908eb9ab3960620d8c is created with scope project and roles: ['admin']
2025-02-19 03:51:02.487 63334 INFO tempest.lib.common.dynamic_creds [-] Acquired dynamic creds: credentials: Credentials: {'domain_id': 'default', 'domain_name': 'Default', 'username': 'tempest-ServicesAdminTestJSON-1666591656-project-admin', 'project_domain_id': 'default', 'project_domain_name': 'Default', 'project_id': '9f5c3f4b45084ff29a9f2e0813de9168', 'project_name': 'tempest-ServicesAdminTestJSON-1666591656', 'tenant_id': '9f5c3f4b45084ff29a9f2e0813de9168', 'tenant_name': 'tempest-ServicesAdminTestJSON-1666591656', 'user_domain_id': 'default', 'user_domain_name': 'Default', 'user_id': '7902fe0e48f746908eb9ab3960620d8c', 'system': None}, Network: None, Subnet: None, Router: None
2025-02-19 03:51:02.487 63334 INFO tempest.lib.common.dynamic_creds [-] Created isolated network resources for: credentials: Credentials: {'domain_id': 'default', 'domain_name': 'Default', 'username': 'tempest-ServicesAdminTestJSON-1666591656-project-admin', 'project_domain_id': 'default', 'project_domain_name': 'Default', 'project_id': '9f5c3f4b45084ff29a9f2e0813de9168', 'project_name': 'tempest-ServicesAdminTestJSON-1666591656', 'tenant_id': '9f5c3f4b45084ff29a9f2e0813de9168', 'tenant_name': 'tempest-ServicesAdminTestJSON-1666591656', 'user_domain_id': 'default', 'user_domain_name': 'Default', 'user_id': '7902fe0e48f746908eb9ab3960620d8c', 'system': None}, Network: None, Subnet: None, Router: None
2025-02-19 03:51:02.532 63336 INFO tempest.lib.common.rest_client [req-505b9ef8-d533-40a4-9ea4-a525be6253c0 req-505b9ef8-d533-40a4-9ea4-a525be6253c0 ] Request (ServersAdminTestJSON:setUpClass): 200 GET http://10.180.1.21/identity/v3/roles 0.144s
2025-02-19 03:51:02.590 63336 INFO tempest.lib.common.rest_client [req-9c17fbbc-8326-4f59-af5a-3cfe28f2be4e req-9c17fbbc-8326-4f59-af5a-3cfe28f2be4e ] Request (ServersAdminTestJSON:setUpClass): 204 PUT http://10.180.1.21/identity/v3/projects/8ec7634688a543c698611020188a1e27/users/38960ac9998a48fcb112f61bba9e388b/roles/ae916b16de09405ebd4e74ca9d272ca6 0.057s
2025-02-19 03:51:02.593 63336 INFO tempest.lib.common.dynamic_creds [-] Dynamic test user 38960ac9998a48fcb112f61bba9e388b is created with scope project and roles: ['admin']
2025-02-19 03:51:02.594 63336 INFO tempest.lib.common.dynamic_creds [-] Acquired dynamic creds: credentials: Credentials: {'domain_id': 'default', 'domain_name': 'Default', 'username': 'tempest-ServersAdminTestJSON-1382642963-project-admin', 'project_domain_id': 'default', 'project_domain_name': 'Default', 'project_id': '8ec7634688a543c698611020188a1e27', 'project_name': 'tempest-ServersAdminTestJSON-1382642963', 'tenant_id': '8ec7634688a543c698611020188a1e27', 'tenant_name': 'tempest-ServersAdminTestJSON-1382642963', 'user_domain_id': 'default', 'user_domain_name': 'Default', 'user_id': '38960ac9998a48fcb112f61bba9e388b', 'system': None}, Network: None, Subnet: None, Router: None
2025-02-19 03:51:02.604 63334 INFO tempest.lib.common.rest_client [req-dea29eba-618b-43ea-a3fb-e718046ed5c8 req-dea29eba-618b-43ea-a3fb-e718046ed5c8 ] Request (ServicesAdminTestJSON:setUpClass): 201 POST http://10.180.1.21/identity/v3/auth/tokens 0.115s
2025-02-19 03:51:02.626 63298 INFO tempest.lib.common.rest_client [req-4adb82e5-6e87-45f9-a1a5-db69f34fc0a1 req-4adb82e5-6e87-45f9-a1a5-db69f34fc0a1 ] Request (QuotasAdminNegativeTest:test_create_server_when_instances_quota_is_full): 200 PUT http://10.180.1.21/compute/v2.1/os-quota-sets/a589df9747c749619e26328c8d726d8e 3.336s
2025-02-19 03:51:02.719 63298 INFO tempest.lib.common.rest_client [req-0f03a6e6-3d23-4576-a274-3996cc7a6237 req-0f03a6e6-3d23-4576-a274-3996cc7a6237 ] Request (QuotasAdminNegativeTest:test_create_server_when_instances_quota_is_full): 201 POST http://10.180.1.21/identity/v3/auth/tokens 0.086s
2025-02-19 03:51:02.720 63298 INFO tempest.lib.common.fixed_network [-] (QuotasAdminNegativeTest:test_create_server_when_instances_quota_is_full) Found network None available for tenant
2025-02-19 03:51:02.973 63347 INFO tempest.lib.common.rest_client [req-eb8a0c11-49cc-4055-a315-fe575b4e2b96 req-eb8a0c11-49cc-4055-a315-fe575b4e2b96 ] Request (FloatingIPsNegativeTestJSON:tearDownClass): 204 DELETE http://10.180.1.21:9696/networking/v2.0/routers/437e6a8e-a0e1-4cdf-a98d-77bdbbc119a7 0.879s
2025-02-19 03:51:03.102 63318 INFO tempest.lib.common.rest_client [req-520f8a7a-59ab-48f4-b938-34f855551e7b req-520f8a7a-59ab-48f4-b938-34f855551e7b ] Request (ServersWithSpecificFlavorTestJSON:test_verify_created_server_ephemeral_disk): 202 POST http://10.180.1.21/compute/v2.1/servers 4.267s
2025-02-19 03:51:03.125 63352 INFO tempest.lib.common.rest_client [req-b2d7520d-9af7-46f6-8184-bf8a46cb3481 req-b2d7520d-9af7-46f6-8184-bf8a46cb3481 ] Request (MultipleCreateTestJSON:test_multiple_create): 200 GET http://10.180.1.21/compute/v2.1/servers/2a498460-fced-410b-8b33-3595a2ac6753 3.727s
2025-02-19 03:51:03.226 63314 INFO tempest.lib.common.rest_client [req-a8560fc1-3587-424a-894d-042f271e1a22 req-a8560fc1-3587-424a-894d-042f271e1a22 ] Request (ImagesOneServerTestJSON:setUpClass): 200 GET http://10.180.1.21/compute/v2.1/servers/7f0d367d-9d60-414b-990e-56a2b43fd963 3.732s
2025-02-19 03:51:03.227 63347 INFO tempest.lib.common.rest_client [req-485c22b3-a1f6-4dea-a665-d5691edb773d req-485c22b3-a1f6-4dea-a665-d5691edb773d ] Request (FloatingIPsNegativeTestJSON:tearDownClass): 204 DELETE http://10.180.1.21:9696/networking/v2.0/subnets/a96577e2-ec19-46ca-ab14-3d726d1cdb03 0.253s
2025-02-19 03:51:03.362 63304 INFO tempest.lib.common.rest_client [req-e4a3120e-079d-4fbe-90b8-e71a9a9fcab6 req-e4a3120e-079d-4fbe-90b8-e71a9a9fcab6 ] Request (ServersV294TestFqdnHostnames:setUpClass): 201 POST http://10.180.1.21:9696/networking/v2.0/routers 2.667s
2025-02-19 03:51:03.524 63347 INFO tempest.lib.common.rest_client [req-42c7f361-27d7-46c4-9cf3-f8567b7abe40 req-42c7f361-27d7-46c4-9cf3-f8567b7abe40 ] Request (FloatingIPsNegativeTestJSON:tearDownClass): 204 DELETE http://10.180.1.21:9696/networking/v2.0/networks/15a45b0b-d202-4630-a7e1-68ba1eff1006 0.297s
2025-02-19 03:51:03.546 63310 INFO tempest.lib.common.rest_client [req-712d522c-f40a-4c1f-8870-e045b627505a req-712d522c-f40a-4c1f-8870-e045b627505a ] Request (ServerRescueTestJSONUnderV235:setUpClass): 201 POST http://10.180.1.21:9696/networking/v2.0/routers 2.515s
2025-02-19 03:51:03.640 63344 INFO tempest.lib.common.rest_client [req-c72126da-9f4c-4a0c-901f-4c28658d7740 req-c72126da-9f4c-4a0c-901f-4c28658d7740 ] Request (ServersAdminNegativeTestJSON:setUpClass): 200 GET http://10.180.1.21/compute/v2.1/servers/2174cb7d-3e73-4529-b9f8-735dd6dfcf4e 3.995s
2025-02-19 03:51:03.648 63344 INFO tempest.common.waiters [-] State transition "BUILD/spawning" ==> "ACTIVE/None" after 24 second wait
2025-02-19 03:51:03.684 63336 INFO tempest.lib.common.rest_client [req-bbb46ef7-b7f5-45cb-b432-8cf6a92b5b59 req-bbb46ef7-b7f5-45cb-b432-8cf6a92b5b59 ] Request (ServersAdminTestJSON:setUpClass): 201 POST http://10.180.1.21:9696/networking/v2.0/networks 1.090s
2025-02-19 03:51:03.707 63347 INFO tempest.lib.common.rest_client [req-acafe15d-07f7-4917-b6bf-64bbed8724a2 req-acafe15d-07f7-4917-b6bf-64bbed8724a2 ] Request (FloatingIPsNegativeTestJSON:tearDownClass): 204 DELETE http://10.180.1.21/identity/v3/users/f9fd83889f244eec9881a96575b55367 0.182s
2025-02-19 03:51:03.707 63347 INFO tempest.lib.common.dynamic_creds [-] Deleting project and security group for project: 02aa9f25408f4d5fb224876a059b9958
2025-02-19 03:51:03.722 63296 INFO tempest.lib.common.rest_client [req-0015f671-75d2-44b2-af16-a94bbcf8a1b3 req-0015f671-75d2-44b2-af16-a94bbcf8a1b3 ] Request (DeleteServersAdminTestJSON:test_admin_delete_servers_of_others): 200 GET http://10.180.1.21/compute/v2.1/servers/572c2c5f-6a24-4532-9c80-d76017e4aaa1 3.304s
2025-02-19 03:51:03.745 63347 INFO tempest.lib.common.rest_client [req-d8809736-3f97-4ab1-99a7-5871004f9703 req-d8809736-3f97-4ab1-99a7-5871004f9703 ] Request (FloatingIPsNegativeTestJSON:tearDownClass): 200 GET http://10.180.1.21:9696/networking/v2.0/security-groups?tenant_id=02aa9f25408f4d5fb224876a059b9958&name=default 0.037s
2025-02-19 03:51:03.853 63342 INFO tempest.lib.common.rest_client [req-6011259f-1f2c-48c3-a391-68ee54627cee req-6011259f-1f2c-48c3-a391-68ee54627cee ] Request (VolumesAssistedSnapshotsTest:test_volume_assisted_snapshot_create_delete): 200 GET http://10.180.1.21/compute/v2.1/servers/1933bc47-1717-48c1-b4a2-492a17573de7 3.069s
2025-02-19 03:51:03.866 63342 INFO tempest.common.waiters [-] State transition "BUILD/scheduling" ==> "BUILD/None" after 4 second wait
2025-02-19 03:51:03.930 63332 INFO tempest.lib.common.rest_client [req-3c77556c-a1d3-4d79-bd31-47a979d015f7 req-3c77556c-a1d3-4d79-bd31-47a979d015f7 ] Request (ServersTestManualDisk:setUpClass): 200 GET http://10.180.1.21/compute/v2.1/servers/7af90ee3-c0f4-451a-9e51-4ef0fb3d95bc 3.243s
2025-02-19 03:51:04.054 63316 INFO tempest.lib.common.rest_client [req-8c7542a9-f535-4777-adfd-0bbb128b2ad5 req-8c7542a9-f535-4777-adfd-0bbb128b2ad5 ] Request (FloatingIPsTestJSON:test_allocate_floating_ip): 200 GET http://10.180.1.21/compute/v2.1/os-floating-ips/ca2be9f2-0846-40c2-accd-7c94dadd58f1 2.975s
2025-02-19 03:51:04.097 63347 INFO tempest.lib.common.rest_client [req-412296b3-cadc-4c2c-b2cd-8ad86644068b req-412296b3-cadc-4c2c-b2cd-8ad86644068b ] Request (FloatingIPsNegativeTestJSON:tearDownClass): 204 DELETE http://10.180.1.21:9696/networking/v2.0/security-groups/393247b0-87b8-4d19-b6c3-f2864df60508 0.350s
2025-02-19 03:51:04.158 63354 INFO tempest.lib.common.rest_client [req-8210175c-ac64-4233-8fa3-c99ba3a3481c req-8210175c-ac64-4233-8fa3-c99ba3a3481c ] Request (TenantUsagesTestJSON:setUpClass): 200 GET http://10.180.1.21/compute/v2.1/servers/8f4faa77-4f18-41da-b8d0-efba799d6ec6 3.026s
2025-02-19 03:51:04.169 63354 INFO tempest.common.waiters [-] State transition "BUILD/spawning" ==> "ACTIVE/None" after 24 second wait
2025-02-19 03:51:04.215 63336 INFO tempest.lib.common.rest_client [req-a3c29eae-409a-49bb-a2e1-74298091f6bb req-a3c29eae-409a-49bb-a2e1-74298091f6bb ] Request (ServersAdminTestJSON:setUpClass): 201 POST http://10.180.1.21:9696/networking/v2.0/subnets 0.530s
2025-02-19 03:51:04.229 63347 INFO tempest.lib.common.rest_client [req-ff9917ab-03da-4426-8e9c-55a891bd7ec6 req-ff9917ab-03da-4426-8e9c-55a891bd7ec6 ] Request (FloatingIPsNegativeTestJSON:tearDownClass): 204 DELETE http://10.180.1.21/identity/v3/projects/02aa9f25408f4d5fb224876a059b9958 0.131s
2025-02-19 03:51:04.272 63292 INFO tempest.lib.common.rest_client [req-05c974b5-a942-4ae1-a0b5-69d993cb3130 req-05c974b5-a942-4ae1-a0b5-69d993cb3130 ] Request (MigrationsAdminTest:test_list_migrations_in_flavor_resize_situation): 200 GET http://10.180.1.21/compute/v2.1/servers/d8b7a39f-ec73-4a87-9b1e-9428ca72f895 3.040s
2025-02-19 03:51:04.288 63350 INFO tempest.lib.common.rest_client [req-93d3e1d9-2ce6-468f-a45e-467dd086b12c req-93d3e1d9-2ce6-468f-a45e-467dd086b12c ] Request (AggregatesAdminNegativeTestJSON:test_aggregate_create_as_user): 403 POST http://10.180.1.21/compute/v2.1/os-aggregates 2.987s
2025-02-19 03:51:04.311 63330 INFO tempest.lib.common.rest_client [req-d5e96670-8969-415d-8178-5cf5c84c60b8 req-d5e96670-8969-415d-8178-5cf5c84c60b8 ] Request (ServerDiagnosticsNegativeTest:tearDownClass): 204 DELETE http://10.180.1.21/compute/v2.1/servers/124a02a3-ec9a-4c4f-b8df-1014ce8b8b7d 3.026s
2025-02-19 03:51:04.314 63324 INFO tempest.lib.common.rest_client [req-316ca20e-1cb4-4bf8-8227-bd43cdc1e61f req-316ca20e-1cb4-4bf8-8227-bd43cdc1e61f ] Request (FlavorsAccessNegativeTestJSON:test_flavor_non_admin_remove): 200 POST http://10.180.1.21/compute/v2.1/flavors 2.982s
2025-02-19 03:51:04.347 63306 INFO tempest.lib.common.rest_client [req-bbfb0036-1e0e-47dc-be08-00257920f101 req-bbfb0036-1e0e-47dc-be08-00257920f101 ] Request (FlavorsAdminTestJSON:test_create_list_flavor_without_extra_data): 200 POST http://10.180.1.21/compute/v2.1/flavors 2.991s
2025-02-19 03:51:04.350 63347 INFO tempest.lib.common.rest_client [req-d6fac927-5371-4be6-95b1-31b6ba346333 req-d6fac927-5371-4be6-95b1-31b6ba346333 ] Request (ServerDiskConfigTestJSON:setUpClass): 201 POST http://10.180.1.21/identity/v3/auth/tokens 0.119s
2025-02-19 03:51:04.354 63294 INFO tempest.lib.common.rest_client [req-e7a7cab6-59c4-431e-a071-db6a3ceb8a53 req-e7a7cab6-59c4-431e-a071-db6a3ceb8a53 ] Request (KeyPairsV22TestJSON:_run_cleanups): 204 DELETE http://10.180.1.21/compute/v2.1/os-keypairs/tempest-keypair-1436895950 2.966s
2025-02-19 03:51:04.417 63347 INFO tempest.lib.common.rest_client [req-b10dd7d7-ca8f-4f42-a086-ca3d6670fb1f req-b10dd7d7-ca8f-4f42-a086-ca3d6670fb1f ] Request (ServerDiskConfigTestJSON:setUpClass): 201 POST http://10.180.1.21/identity/v3/auth/tokens 0.063s
2025-02-19 03:51:04.464 63347 INFO tempest.lib.common.rest_client [req-e2683b5c-e6f3-4f3d-b98f-b76a22bfc1aa req-e2683b5c-e6f3-4f3d-b98f-b76a22bfc1aa ] Request (ServerDiskConfigTestJSON:setUpClass): 200 GET http://10.180.1.21/identity/v3/domains?name=Default 0.046s
2025-02-19 03:51:04.502 63347 INFO tempest.lib.common.rest_client [req-d40f70bd-1aca-40df-a73f-b68944db12e5 req-d40f70bd-1aca-40df-a73f-b68944db12e5 ] Request (ServerDiskConfigTestJSON:setUpClass): 201 POST http://10.180.1.21/identity/v3/projects 0.036s
2025-02-19 03:51:04.577 63347 INFO tempest.lib.common.rest_client [req-92742948-3c05-4280-851b-da7cc7bbda62 req-92742948-3c05-4280-851b-da7cc7bbda62 ] Request (ServerDiskConfigTestJSON:setUpClass): 201 POST http://10.180.1.21/identity/v3/users 0.074s
2025-02-19 03:51:04.602 63347 INFO tempest.lib.common.rest_client [req-a71d2b05-d974-4670-b1bb-b7ba8969c18e req-a71d2b05-d974-4670-b1bb-b7ba8969c18e ] Request (ServerDiskConfigTestJSON:setUpClass): 200 GET http://10.180.1.21/identity/v3/roles 0.024s
2025-02-19 03:51:04.642 63347 INFO tempest.lib.common.rest_client [req-969f0dd4-c944-4152-8c8e-b1cf82987067 req-969f0dd4-c944-4152-8c8e-b1cf82987067 ] Request (ServerDiskConfigTestJSON:setUpClass): 204 PUT http://10.180.1.21/identity/v3/projects/39e59f58f7c24529bfce4bcc18cc7925/users/84861fd0e88640529eb573045514dff0/roles/59dd977bf65d40b49e7f6612dc217e6b 0.039s
2025-02-19 03:51:04.654 63347 INFO tempest.lib.common.dynamic_creds [-] Dynamic test user 84861fd0e88640529eb573045514dff0 is created with scope project and roles: ['member']
2025-02-19 03:51:04.654 63347 INFO tempest.lib.common.dynamic_creds [-] Acquired dynamic creds: credentials: Credentials: {'domain_id': 'default', 'domain_name': 'Default', 'username': 'tempest-ServerDiskConfigTestJSON-265967801-project-member', 'project_domain_id': 'default', 'project_domain_name': 'Default', 'project_id': '39e59f58f7c24529bfce4bcc18cc7925', 'project_name': 'tempest-ServerDiskConfigTestJSON-265967801', 'tenant_id': '39e59f58f7c24529bfce4bcc18cc7925', 'tenant_name': 'tempest-ServerDiskConfigTestJSON-265967801', 'user_domain_id': 'default', 'user_domain_name': 'Default', 'user_id': '84861fd0e88640529eb573045514dff0', 'system': None}, Network: None, Subnet: None, Router: None
2025-02-19 03:51:04.713 63347 INFO tempest.lib.common.rest_client [req-61bf13b7-1cb0-4e26-8fb7-06111b8eea60 req-61bf13b7-1cb0-4e26-8fb7-06111b8eea60 ] Request (ServerDiskConfigTestJSON:setUpClass): 201 POST http://10.180.1.21/identity/v3/auth/tokens 0.059s
2025-02-19 03:51:04.875 63300 INFO tempest.lib.common.rest_client [req-3a21e1bd-351d-409e-b6de-f5509eff75fe req-3a21e1bd-351d-409e-b6de-f5509eff75fe ] Request (FloatingIPsAssociationTestJSON:setUpClass): 200 GET http://10.180.1.21/compute/v2.1/servers/a63aa120-1c7b-4abc-93cf-4d138f5cebde 3.041s
2025-02-19 03:51:05.051 63312 INFO tempest.lib.common.rest_client [req-8616dcbc-7fbc-49be-ab69-810f87ab46ef req-8616dcbc-7fbc-49be-ab69-810f87ab46ef ] Request (ImagesTestJSON:setUpClass): 201 POST http://10.180.1.21:9696/networking/v2.0/routers 3.121s
2025-02-19 03:51:05.323 63348 INFO tempest.lib.common.rest_client [req-52571fff-76a8-497b-b6d6-4c44e535b19e req-52571fff-76a8-497b-b6d6-4c44e535b19e ] Request (SecurityGroupRulesTestJSON:test_security_group_rules_list): 200 POST http://10.180.1.21/compute/v2.1/os-security-group-rules 3.488s
2025-02-19 03:51:05.385 63347 INFO tempest.lib.common.rest_client [req-62b49c91-ffcf-4af1-84e4-e23798e97b36 req-62b49c91-ffcf-4af1-84e4-e23798e97b36 ] Request (ServerDiskConfigTestJSON:setUpClass): 201 POST http://10.180.1.21:9696/networking/v2.0/networks 0.671s
2025-02-19 03:51:05.496 63322 INFO tempest.lib.common.rest_client [req-1a18d36b-2f88-4f03-bde5-140b72654869 req-1a18d36b-2f88-4f03-bde5-140b72654869 ] Request (ImagesMetadataTestJSON:setUp): 200 PUT http://10.180.1.21/compute/v2.1/images/5c4b6745-09f2-40a9-9e7a-37384f69cb8d/metadata 3.615s
2025-02-19 03:51:05.499 63304 INFO tempest.lib.common.rest_client [req-d357e074-0c6e-4c30-87c0-ced874e4ce6e req-d357e074-0c6e-4c30-87c0-ced874e4ce6e ] Request (ServersV294TestFqdnHostnames:setUpClass): 200 PUT http://10.180.1.21:9696/networking/v2.0/routers/002645d8-f090-4ea2-b4df-5ad1dd81134c/add_router_interface 2.136s
2025-02-19 03:51:05.500 63304 INFO tempest.lib.common.dynamic_creds [-] Created isolated network resources for: credentials: Credentials: {'domain_id': 'default', 'domain_name': 'Default', 'username': 'tempest-ServersV294TestFqdnHostnames-841949360-project-member', 'project_domain_id': 'default', 'project_domain_name': 'Default', 'project_id': 'df4c0c02aa7649ac8ded32754fa9613f', 'project_name': 'tempest-ServersV294TestFqdnHostnames-841949360', 'tenant_id': 'df4c0c02aa7649ac8ded32754fa9613f', 'tenant_name': 'tempest-ServersV294TestFqdnHostnames-841949360', 'user_domain_id': 'default', 'user_domain_name': 'Default', 'user_id': '1f91e6f005d44cb480912c2347243941', 'system': None}, Network: {'id': 'a7b97036-f96d-45ad-817d-464bdde49ab0', 'name': 'tempest-ServersV294TestFqdnHostnames-1367360885-network', 'tenant_id': 'df4c0c02aa7649ac8ded32754fa9613f', 'admin_state_up': True, 'mtu': 8950, 'status': 'ACTIVE', 'subnets': [], 'shared': False, 'project_id': 'df4c0c02aa7649ac8ded32754fa9613f', 'port_security_enabled': True, 'router:external': False, 'provider:network_type': 'vlan', 'provider:physical_network': 'default', 'provider:segmentation_id': 377, 'availability_zone_hints': [], 'availability_zones': [], 'ipv4_address_scope': None, 'ipv6_address_scope': None, 'description': '', 'tags': [], 'created_at': '2025-02-19T03:50:59Z', 'updated_at': '2025-02-19T03:50:59Z', 'revision_number': 1}, Subnet: {'id': '5831c582-63ec-49e6-aeab-6560e6b26143', 'name': 'tempest-ServersV294TestFqdnHostnames-1367360885-subnet', 'tenant_id': 'df4c0c02aa7649ac8ded32754fa9613f', 'network_id': 'a7b97036-f96d-45ad-817d-464bdde49ab0', 'ip_version': 4, 'subnetpool_id': None, 'enable_dhcp': True, 'ipv6_ra_mode': None, 'ipv6_address_mode': None, 'gateway_ip': '192.168.128.1', 'cidr': '192.168.128.0/28', 'allocation_pools': [{'start': '192.168.128.2', 'end': '192.168.128.14'}], 'host_routes': [], 'dns_nameservers': [], 'description': '', 'router:external': False, 'service_types': [], 'tags': [], 'created_at': '2025-02-19T03:51:00Z', 'updated_at': '2025-02-19T03:51:00Z', 'revision_number': 0, 'project_id': 'df4c0c02aa7649ac8ded32754fa9613f'}, Router: {'id': '002645d8-f090-4ea2-b4df-5ad1dd81134c', 'name': 'tempest-ServersV294TestFqdnHostnames-1367360885-router', 'tenant_id': 'df4c0c02aa7649ac8ded32754fa9613f', 'admin_state_up': True, 'status': 'ACTIVE', 'external_gateway_info': {'network_id': 'f5b99c91-68cd-4e59-b6ed-6589e4518bc4', 'external_fixed_ips': [{'subnet_id': '543929b2-0375-4265-a863-f6bfc78e5ee5', 'ip_address': '10.180.180.203'}], 'enable_snat': True}, 'description': '', 'availability_zones': [], 'distributed': False, 'ha': False, 'availability_zone_hints': [], 'routes': [], 'flavor_id': None, 'tags': [], 'created_at': '2025-02-19T03:51:00Z', 'updated_at': '2025-02-19T03:51:01Z', 'revision_number': 2, 'project_id': 'df4c0c02aa7649ac8ded32754fa9613f'}
2025-02-19 03:51:05.554 63310 INFO tempest.lib.common.rest_client [req-fd37198c-ed1f-4b7d-884c-2548984e9bf3 req-fd37198c-ed1f-4b7d-884c-2548984e9bf3 ] Request (ServerRescueTestJSONUnderV235:setUpClass): 200 PUT http://10.180.1.21:9696/networking/v2.0/routers/8f4fd27c-61f9-4b26-9eed-1c1b2b3e89cc/add_router_interface 2.007s
2025-02-19 03:51:05.554 63310 INFO tempest.lib.common.dynamic_creds [-] Created isolated network resources for: credentials: Credentials: {'domain_id': 'default', 'domain_name': 'Default', 'username': 'tempest-ServerRescueTestJSONUnderV235-216947283-project-member', 'project_domain_id': 'default', 'project_domain_name': 'Default', 'project_id': '57827584df3c485ca936672aebb4c992', 'project_name': 'tempest-ServerRescueTestJSONUnderV235-216947283', 'tenant_id': '57827584df3c485ca936672aebb4c992', 'tenant_name': 'tempest-ServerRescueTestJSONUnderV235-216947283', 'user_domain_id': 'default', 'user_domain_name': 'Default', 'user_id': 'e08ff9a28e0d4035b2d718fff54f2619', 'system': None}, Network: {'id': 'e86335e7-13c3-4fa3-beaa-0d85df4b33ad', 'name': 'tempest-ServerRescueTestJSONUnderV235-1500727308-network', 'tenant_id': '57827584df3c485ca936672aebb4c992', 'admin_state_up': True, 'mtu': 8950, 'status': 'ACTIVE', 'subnets': [], 'shared': False, 'project_id': '57827584df3c485ca936672aebb4c992', 'port_security_enabled': True, 'router:external': False, 'provider:network_type': 'vlan', 'provider:physical_network': 'default', 'provider:segmentation_id': 735, 'availability_zone_hints': [], 'availability_zones': [], 'ipv4_address_scope': None, 'ipv6_address_scope': None, 'description': '', 'tags': [], 'created_at': '2025-02-19T03:51:00Z', 'updated_at': '2025-02-19T03:51:00Z', 'revision_number': 1}, Subnet: {'id': '8b6890dd-85d3-49d5-8f91-903f47937eb8', 'name': 'tempest-ServerRescueTestJSONUnderV235-1500727308-subnet', 'tenant_id': '57827584df3c485ca936672aebb4c992', 'network_id': 'e86335e7-13c3-4fa3-beaa-0d85df4b33ad', 'ip_version': 4, 'subnetpool_id': None, 'enable_dhcp': False, 'ipv6_ra_mode': None, 'ipv6_address_mode': None, 'gateway_ip': '192.168.128.1', 'cidr': '192.168.128.0/28', 'allocation_pools': [{'start': '192.168.128.2', 'end': '192.168.128.14'}], 'host_routes': [], 'dns_nameservers': [], 'description': '', 'router:external': False, 'service_types': [], 'tags': [], 'created_at': '2025-02-19T03:51:00Z', 'updated_at': '2025-02-19T03:51:00Z', 'revision_number': 0, 'project_id': '57827584df3c485ca936672aebb4c992'}, Router: {'id': '8f4fd27c-61f9-4b26-9eed-1c1b2b3e89cc', 'name': 'tempest-ServerRescueTestJSONUnderV235-1500727308-router', 'tenant_id': '57827584df3c485ca936672aebb4c992', 'admin_state_up': True, 'status': 'ACTIVE', 'external_gateway_info': {'network_id': 'f5b99c91-68cd-4e59-b6ed-6589e4518bc4', 'external_fixed_ips': [{'subnet_id': '543929b2-0375-4265-a863-f6bfc78e5ee5', 'ip_address': '10.180.180.234'}], 'enable_snat': True}, 'description': '', 'availability_zones': [], 'distributed': False, 'ha': False, 'availability_zone_hints': [], 'routes': [], 'flavor_id': None, 'tags': [], 'created_at': '2025-02-19T03:51:01Z', 'updated_at': '2025-02-19T03:51:02Z', 'revision_number': 2, 'project_id': '57827584df3c485ca936672aebb4c992'}
2025-02-19 03:51:05.615 63304 INFO tempest.lib.common.rest_client [req-503fc880-efaa-460b-9980-fa8970b490e2 req-503fc880-efaa-460b-9980-fa8970b490e2 ] Request (ServersV294TestFqdnHostnames:setUpClass): 201 POST http://10.180.1.21/identity/v3/auth/tokens 0.112s
2025-02-19 03:51:05.643 63320 INFO tempest.lib.common.rest_client [req-39f46eb7-9e26-4262-b962-596e905fb1a3 req-39f46eb7-9e26-4262-b962-596e905fb1a3 ] Request (QuotasAdminTestJSON:test_get_updated_quotas): 200 GET http://10.180.1.21/compute/v2.1/os-quota-sets/2539d42cb86749f7b21ce79fbdf1be5b?user_id=01996ec4d80b49d88be89cd28aafc157 3.393s
2025-02-19 03:51:05.706 63347 INFO tempest.lib.common.rest_client [req-1bc43f3f-cdaa-4e45-9f3e-d7f430ab0d75 req-1bc43f3f-cdaa-4e45-9f3e-d7f430ab0d75 ] Request (ServerDiskConfigTestJSON:setUpClass): 201 POST http://10.180.1.21:9696/networking/v2.0/subnets 0.320s
2025-02-19 03:51:05.732 63310 INFO tempest.lib.common.rest_client [req-92e40e15-1403-4388-9836-d32cdae91a24 req-92e40e15-1403-4388-9836-d32cdae91a24 ] Request (ServerRescueTestJSONUnderV235:setUpClass): 201 POST http://10.180.1.21/identity/v3/auth/tokens 0.172s
2025-02-19 03:51:05.744 63320 INFO tempest.lib.common.rest_client [req-c910068d-c8c1-44b5-bf31-2b0c5b48bf92 req-c910068d-c8c1-44b5-bf31-2b0c5b48bf92 ] Request (QuotasAdminTestJSON:_run_cleanups): 204 DELETE http://10.180.1.21/identity/v3/users/01996ec4d80b49d88be89cd28aafc157 0.097s
