2025-01-10 18:46:02.908 67877 INFO tempest.lib.common.rest_client [req-ca1e5063-6c5d-4084-a03f-1c6a9e701bba req-ca1e5063-6c5d-4084-a03f-1c6a9e701bba ] Request (FloatingIPsTestJSON:test_delete_floating_ip): 404 GET http://10.180.1.21/compute/v2.1/os-floating-ips/c667f511-4496-4b57-946a-bf23a27b1ee8 1.390s
2025-01-10 18:46:02.928 67891 INFO tempest.lib.common.rest_client [req-15393c72-2751-49f5-ad51-772efd77a478 req-15393c72-2751-49f5-ad51-772efd77a478 ] Request (DeleteServersAdminTestJSON:test_admin_delete_servers_of_others): 404 GET http://10.180.1.21/compute/v2.1/servers/fc7a25a1-9451-4532-a172-9554a3f74344 1.399s
2025-01-10 18:46:02.958 67907 INFO tempest.lib.common.rest_client [req-fc54f2dd-0b54-4ce2-9f45-7ee9aa5c4a41 req-fc54f2dd-0b54-4ce2-9f45-7ee9aa5c4a41 ] Request (KeyPairsNegativeTestJSON:tearDownClass): 204 DELETE http://10.180.1.21/identity/v3/projects/ece5fb8f2e074896bc0727aaf21c3ad0 0.079s
2025-01-10 18:46:03.016 67891 INFO tempest.lib.common.rest_client [req-ff38fe96-25c8-4646-bd4d-b769950d9202 req-ff38fe96-25c8-4646-bd4d-b769950d9202 ] Request (DeleteServersAdminTestJSON:test_delete_server_while_in_error_state): 201 POST http://10.180.1.21/identity/v3/auth/tokens 0.079s
2025-01-10 18:46:03.016 67891 INFO tempest.lib.common.fixed_network [-] (DeleteServersAdminTestJSON:test_delete_server_while_in_error_state) Found network None available for tenant
2025-01-10 18:46:03.025 67932 INFO tempest.lib.common.rest_client [req-f937ab5f-e6fc-4072-9066-4df2790bd5f6 req-f937ab5f-e6fc-4072-9066-4df2790bd5f6 ] Request (ServerRescueTestJSONUnderV235:setUpClass): 200 GET http://10.180.1.21/compute/v2.1/servers/b1016b3d-45f3-4ee0-882f-0228c3a232f5 1.404s
2025-01-10 18:46:03.034 67907 INFO tempest.lib.common.rest_client [req-16df7cda-9d32-44a1-bf97-34ccddc50914 req-16df7cda-9d32-44a1-bf97-34ccddc50914 ] Request (AttachInterfacesV270Test:setUpClass): 201 POST http://10.180.1.21/identity/v3/auth/tokens 0.074s
2025-01-10 18:46:03.075 67907 INFO tempest.lib.common.rest_client [req-64dd4c96-e8f3-4e50-a426-3f9d1b7e9129 req-64dd4c96-e8f3-4e50-a426-3f9d1b7e9129 ] Request (AttachInterfacesV270Test:setUpClass): 201 POST http://10.180.1.21/identity/v3/auth/tokens 0.037s
2025-01-10 18:46:03.078 67915 INFO tempest.lib.common.rest_client [req-cc1e0f07-2e50-4009-b948-17bb882bb30c req-cc1e0f07-2e50-4009-b948-17bb882bb30c ] Request (AttachInterfacesUnderV243Test:test_add_remove_fixed_ip): 200 GET http://10.180.1.21/compute/v2.1/servers/af3cadb7-b261-4240-867a-aee52cd06f7a 1.713s
2025-01-10 18:46:03.099 67879 INFO tempest.lib.common.rest_client [req-6f823852-cdff-4117-b8bc-574ccce4fcdb req-6f823852-cdff-4117-b8bc-574ccce4fcdb ] Request (KeyPairsV22TestJSON:test_keypairs_create_list_delete): 200 GET http://10.180.1.21/compute/v2.1/os-keypairs 1.411s
2025-01-10 18:46:03.123 67907 INFO tempest.lib.common.rest_client [req-ffff65d0-7496-48c6-82ad-acb590bc2c4c req-ffff65d0-7496-48c6-82ad-acb590bc2c4c ] Request (AttachInterfacesV270Test:setUpClass): 200 GET http://10.180.1.21/identity/v3/domains?name=Default 0.047s
2025-01-10 18:46:03.123 67875 INFO tempest.lib.common.rest_client [req-8ade3fc9-a4ef-481e-b49d-7b1564bc35bd req-8ade3fc9-a4ef-481e-b49d-7b1564bc35bd ] Request (TenantUsagesNegativeTestJSON:tearDownClass): 204 DELETE http://10.180.1.21:9696/networking/v2.0/security-groups/7c22b9cc-7758-4d8f-acce-00900cc6f62f 0.376s
2025-01-10 18:46:03.155 67907 INFO tempest.lib.common.rest_client [req-14a9e7ba-cf42-49a8-a459-611ed9291442 req-14a9e7ba-cf42-49a8-a459-611ed9291442 ] Request (AttachInterfacesV270Test:setUpClass): 201 POST http://10.180.1.21/identity/v3/projects 0.031s
2025-01-10 18:46:03.196 67875 INFO tempest.lib.common.rest_client [req-f86698bc-6ae1-4432-a583-e82ccba408a5 req-f86698bc-6ae1-4432-a583-e82ccba408a5 ] Request (TenantUsagesNegativeTestJSON:tearDownClass): 204 DELETE http://10.180.1.21/identity/v3/projects/db431f6856604575bb6acbc98dd5bf0b 0.072s
2025-01-10 18:46:03.196 67875 INFO tempest.lib.common.dynamic_creds [-] Deleting project and security group for project: e6ef4074786245e1affd705eca92b9c1
2025-01-10 18:46:03.196 67903 INFO tempest.lib.common.rest_client [req-cf07125b-00f5-4385-a743-914cdc9ba27d req-cf07125b-00f5-4385-a743-914cdc9ba27d ] Request (ServersAdminNegativeTestJSON:setUpClass): 200 GET http://10.180.1.21/compute/v2.1/servers/94bf8010-b4e1-461f-aba7-0323563f3368 1.488s
2025-01-10 18:46:03.227 67929 INFO tempest.lib.common.rest_client [req-7174d123-4118-42a5-a0b2-f748201a209e req-7174d123-4118-42a5-a0b2-f748201a209e ] Request (AggregatesAdminNegativeTestJSON:test_aggregate_remove_host_as_user): 200 POST http://10.180.1.21/compute/v2.1/os-aggregates 1.514s
2025-01-10 18:46:03.274 67889 INFO tempest.lib.common.rest_client [req-afcf573b-bb1c-462c-8e6f-640839aac73e req-afcf573b-bb1c-462c-8e6f-640839aac73e ] Request (ServersTestBootFromVolume:setUpClass): 200 GET http://10.180.1.21/volume/v3/volumes/673655e4-468d-4425-ab60-5dfdce5b3a52 0.052s
2025-01-10 18:46:03.282 67907 INFO tempest.lib.common.rest_client [req-fba777fa-ba23-4c79-b18a-6afc068c672f req-fba777fa-ba23-4c79-b18a-6afc068c672f ] Request (AttachInterfacesV270Test:setUpClass): 201 POST http://10.180.1.21/identity/v3/users 0.126s
2025-01-10 18:46:03.299 67905 INFO tempest.lib.common.rest_client [req-a34aa026-b1c5-42be-bbea-85efcb33115d req-a34aa026-b1c5-42be-bbea-85efcb33115d ] Request (DeleteServersTestJSON:setUpClass): 200 PUT http://10.180.1.21:9696/networking/v2.0/routers/0c843047-16d9-44b0-a5ed-c1f8b3668b31/add_router_interface 2.934s
2025-01-10 18:46:03.304 67905 INFO tempest.lib.common.dynamic_creds [-] Created isolated network resources for: credentials: Credentials: {'domain_id': 'default', 'domain_name': 'Default', 'username': 'tempest-DeleteServersTestJSON-1299366144-project-member', 'project_domain_id': 'default', 'project_domain_name': 'Default', 'project_id': '76ce1065c1254ec5be394a3b4b7ee7f7', 'project_name': 'tempest-DeleteServersTestJSON-1299366144', 'tenant_id': '76ce1065c1254ec5be394a3b4b7ee7f7', 'tenant_name': 'tempest-DeleteServersTestJSON-1299366144', 'user_domain_id': 'default', 'user_domain_name': 'Default', 'user_id': 'd6e377eab9e343ce94ea5f3aa1afd1ff', 'system': None}, Network: {'id': 'cf160325-9b06-43d7-81ae-f5f425a654b4', 'name': 'tempest-DeleteServersTestJSON-145101215-network', 'tenant_id': '76ce1065c1254ec5be394a3b4b7ee7f7', 'admin_state_up': True, 'mtu': 8950, 'status': 'ACTIVE', 'subnets': [], 'shared': False, 'project_id': '76ce1065c1254ec5be394a3b4b7ee7f7', 'port_security_enabled': True, 'router:external': False, 'provider:network_type': 'vlan', 'provider:physical_network': 'default', 'provider:segmentation_id': 174, 'availability_zone_hints': [], 'availability_zones': [], 'ipv4_address_scope': None, 'ipv6_address_scope': None, 'description': '', 'tags': [], 'created_at': '2025-01-10T18:45:58Z', 'updated_at': '2025-01-10T18:45:58Z', 'revision_number': 1}, Subnet: {'id': '3d0340b5-0cfd-470e-9190-07461cb45c2d', 'name': 'tempest-DeleteServersTestJSON-145101215-subnet', 'tenant_id': '76ce1065c1254ec5be394a3b4b7ee7f7', 'network_id': 'cf160325-9b06-43d7-81ae-f5f425a654b4', 'ip_version': 4, 'subnetpool_id': None, 'enable_dhcp': True, 'ipv6_ra_mode': None, 'ipv6_address_mode': None, 'gateway_ip': '192.168.128.1', 'cidr': '192.168.128.0/28', 'allocation_pools': [{'start': '192.168.128.2', 'end': '192.168.128.14'}], 'host_routes': [], 'dns_nameservers': [], 'description': '', 'router:external': False, 'service_types': [], 'tags': [], 'created_at': '2025-01-10T18:45:58Z', 'updated_at': '2025-01-10T18:45:58Z', 'revision_number': 0, 'project_id': '76ce1065c1254ec5be394a3b4b7ee7f7'}, Router: {'id': '0c843047-16d9-44b0-a5ed-c1f8b3668b31', 'name': 'tempest-DeleteServersTestJSON-145101215-router', 'tenant_id': '76ce1065c1254ec5be394a3b4b7ee7f7', 'admin_state_up': True, 'status': 'ACTIVE', 'external_gateway_info': {'network_id': '91df3ccd-e79d-471b-8e22-202b1f1d1a3b', 'external_fixed_ips': [{'subnet_id': '9ebeed16-5c60-40d1-9fc2-f5ec0dd249db', 'ip_address': '10.180.180.227'}], 'enable_snat': True}, 'description': '', 'availability_zones': [], 'distributed': False, 'ha': False, 'availability_zone_hints': [], 'routes': [], 'flavor_id': None, 'tags': [], 'created_at': '2025-01-10T18:45:58Z', 'updated_at': '2025-01-10T18:45:59Z', 'revision_number': 2, 'project_id': '76ce1065c1254ec5be394a3b4b7ee7f7'}
2025-01-10 18:46:03.304 67927 INFO tempest.lib.common.rest_client [req-0d79c112-8239-474b-8f6f-ce0d92af0f0c req-0d79c112-8239-474b-8f6f-ce0d92af0f0c ] Request (ServerDiskConfigTestJSON:setUpClass): 201 POST http://10.180.1.21:9696/networking/v2.0/subnets 1.287s
2025-01-10 18:46:03.325 67907 INFO tempest.lib.common.rest_client [req-2b04535f-be62-4d68-80b9-f922658d96f5 req-2b04535f-be62-4d68-80b9-f922658d96f5 ] Request (AttachInterfacesV270Test:setUpClass): 200 GET http://10.180.1.21/identity/v3/roles 0.042s
2025-01-10 18:46:03.361 67907 INFO tempest.lib.common.rest_client [req-0d8e15c9-6799-4e49-a847-45f4c12f36e6 req-0d8e15c9-6799-4e49-a847-45f4c12f36e6 ] Request (AttachInterfacesV270Test:setUpClass): 204 PUT http://10.180.1.21/identity/v3/projects/4c7f8b6d3a1e45cca1acab6b8162d57b/users/bbd9db8edd4a4e24b8c3fdd72b2e9949/roles/dbab4837685e457ab79a1df5092f6afa 0.036s
2025-01-10 18:46:03.361 67907 INFO tempest.lib.common.dynamic_creds [-] Dynamic test user bbd9db8edd4a4e24b8c3fdd72b2e9949 is created with scope project and roles: ['member']
2025-01-10 18:46:03.362 67907 INFO tempest.lib.common.dynamic_creds [-] Acquired dynamic creds: credentials: Credentials: {'domain_id': 'default', 'domain_name': 'Default', 'username': 'tempest-AttachInterfacesV270Test-181985347-project-member', 'project_domain_id': 'default', 'project_domain_name': 'Default', 'project_id': '4c7f8b6d3a1e45cca1acab6b8162d57b', 'project_name': 'tempest-AttachInterfacesV270Test-181985347', 'tenant_id': '4c7f8b6d3a1e45cca1acab6b8162d57b', 'tenant_name': 'tempest-AttachInterfacesV270Test-181985347', 'user_domain_id': 'default', 'user_domain_name': 'Default', 'user_id': 'bbd9db8edd4a4e24b8c3fdd72b2e9949', 'system': None}, Network: None, Subnet: None, Router: None
2025-01-10 18:46:03.366 67869 INFO tempest.lib.common.rest_client [req-792b1841-95cb-4ef0-8ab3-b9df235e1ccc req-792b1841-95cb-4ef0-8ab3-b9df235e1ccc ] Request (ImagesNegativeTestJSON:tearDownClass): 204 DELETE http://10.180.1.21:9696/networking/v2.0/routers/a7cf832c-1556-43ac-ad21-aaed26b80ef5 1.217s
2025-01-10 18:46:03.396 67905 INFO tempest.lib.common.rest_client [req-7b6e721a-529a-44d3-9bce-52b94c6a367e req-7b6e721a-529a-44d3-9bce-52b94c6a367e ] Request (DeleteServersTestJSON:setUpClass): 201 POST http://10.180.1.21/identity/v3/auth/tokens 0.088s
2025-01-10 18:46:03.432 67907 INFO tempest.lib.common.rest_client [req-c8817ff2-af40-44bc-b24e-ff3cdd8cb1e0 req-c8817ff2-af40-44bc-b24e-ff3cdd8cb1e0 ] Request (AttachInterfacesV270Test:setUpClass): 201 POST http://10.180.1.21/identity/v3/auth/tokens 0.070s
2025-01-10 18:46:03.483 67905 INFO tempest.lib.common.rest_client [req-8c0a6aac-84f5-4fea-ba4c-0db8c2839f2c req-8c0a6aac-84f5-4fea-ba4c-0db8c2839f2c ] Request (DeleteServersTestJSON:test_delete_active_server): 201 POST http://10.180.1.21/identity/v3/auth/tokens 0.080s
2025-01-10 18:46:03.484 67905 INFO tempest.lib.common.fixed_network [-] (DeleteServersTestJSON:test_delete_active_server) Found network {'id': 'cf160325-9b06-43d7-81ae-f5f425a654b4', 'name': 'tempest-DeleteServersTestJSON-145101215-network', 'tenant_id': '76ce1065c1254ec5be394a3b4b7ee7f7', 'admin_state_up': True, 'mtu': 8950, 'status': 'ACTIVE', 'subnets': [], 'shared': False, 'project_id': '76ce1065c1254ec5be394a3b4b7ee7f7', 'port_security_enabled': True, 'router:external': False, 'provider:network_type': 'vlan', 'provider:physical_network': 'default', 'provider:segmentation_id': 174, 'availability_zone_hints': [], 'availability_zones': [], 'ipv4_address_scope': None, 'ipv6_address_scope': None, 'description': '', 'tags': [], 'created_at': '2025-01-10T18:45:58Z', 'updated_at': '2025-01-10T18:45:58Z', 'revision_number': 1} available for tenant
2025-01-10 18:46:03.541 67893 INFO tempest.lib.common.rest_client [req-d0bceafe-4229-4878-b9dd-3fe872f332fd req-d0bceafe-4229-4878-b9dd-3fe872f332fd ] Request (ListServersNegativeTestJSON:setUpClass): 200 GET http://10.180.1.21/compute/v2.1/servers/eb920195-af31-4bb4-b7b4-9bc60a213c2d 1.900s
2025-01-10 18:46:03.577 67911 INFO tempest.lib.common.rest_client [req-ecb497bb-b3df-4163-a15e-b9f0707d76b3 req-ecb497bb-b3df-4163-a15e-b9f0707d76b3 ] Request (ImagesMetadataTestJSON:tearDownClass): 200 GET http://10.180.1.21:9696/networking/v2.0/security-groups?tenant_id=3edc13604f0547028c7cd4f9ca03973a&name=default 0.996s
2025-01-10 18:46:03.649 67909 INFO tempest.lib.common.rest_client [req-adb78125-0aac-419f-9184-d70f7671570f req-adb78125-0aac-419f-9184-d70f7671570f ] Request (ServerDiagnosticsV248Test:test_get_server_diagnostics): 200 GET http://10.180.1.21/compute/v2.1/servers/3e05676e-70ae-4a04-a386-6b53eba82684 1.804s
2025-01-10 18:46:03.661 67895 INFO tempest.lib.common.rest_client [req-d5f63a72-184c-4099-8343-bc2c219e9bd3 req-d5f63a72-184c-4099-8343-bc2c219e9bd3 ] Request (FlavorsAdminTestJSON:test_is_public_string_variations): 200 GET http://10.180.1.21/compute/v2.1/flavors/detail?is_public=false 1.741s
2025-01-10 18:46:03.750 67883 INFO tempest.lib.common.rest_client [req-9b6f226f-be59-421e-bd8f-a1627cb918ce req-9b6f226f-be59-421e-bd8f-a1627cb918ce ] Request (ServerExternalEventsTest:tearDownClass): 200 GET http://10.180.1.21/compute/v2.1/servers/4deff428-c031-4f48-a875-c752206d7f2b 1.811s
2025-01-10 18:46:03.761 67921 INFO tempest.lib.common.rest_client [req-4eef3c34-3037-44ec-9524-0d588cb7038f req-4eef3c34-3037-44ec-9524-0d588cb7038f ] Request (MultipleCreateTestJSON:setUpClass): 201 POST http://10.180.1.21:9696/networking/v2.0/networks 1.020s
2025-01-10 18:46:03.822 67875 INFO tempest.lib.common.rest_client [req-51ca0eca-9d5e-4ca2-a82a-5120fb83d7a4 req-51ca0eca-9d5e-4ca2-a82a-5120fb83d7a4 ] Request (TenantUsagesNegativeTestJSON:tearDownClass): 200 GET http://10.180.1.21:9696/networking/v2.0/security-groups?tenant_id=e6ef4074786245e1affd705eca92b9c1&name=default 0.626s
2025-01-10 18:46:03.853 67919 INFO tempest.lib.common.rest_client [req-e16d41dc-1e4b-4bfc-9d6c-3375d65ba5cc req-e16d41dc-1e4b-4bfc-9d6c-3375d65ba5cc ] Request (VolumesAssistedSnapshotsTest:test_volume_assisted_snapshot_create_delete): 200 GET http://10.180.1.21/compute/v2.1/servers/cef29849-b62f-448e-a20b-563fded880fe 2.128s
2025-01-10 18:46:03.888 67873 INFO tempest.lib.common.rest_client [req-4d190e1a-7143-4d4f-9855-b7c35c21c442 req-4d190e1a-7143-4d4f-9855-b7c35c21c442 ] Request (ImagesOneServerTestJSON:setUpClass): 200 GET http://10.180.1.21/compute/v2.1/servers/414ecfc0-b23e-4027-a227-772f4867827e 1.888s
2025-01-10 18:46:03.894 67873 INFO tempest.common.waiters [-] State transition "BUILD/None" ==> "BUILD/networking" after 17 second wait
2025-01-10 18:46:03.963 67885 INFO tempest.lib.common.rest_client [req-a632ca09-6f29-4e45-b5e9-995ced38f563 req-a632ca09-6f29-4e45-b5e9-995ced38f563 ] Request (ServerAddressesTestJSON:setUpClass): 200 GET http://10.180.1.21/compute/v2.1/servers/fad7af7b-8d50-4bdb-84aa-57a8ef8e81a9 1.884s
2025-01-10 18:46:04.024 67869 INFO tempest.lib.common.rest_client [req-d8333398-4803-49d3-b513-9d6192f3b148 req-d8333398-4803-49d3-b513-9d6192f3b148 ] Request (ImagesNegativeTestJSON:tearDownClass): 204 DELETE http://10.180.1.21:9696/networking/v2.0/subnets/c9bb43f4-f8a4-4d03-b189-b41b590bd87b 0.658s
2025-01-10 18:46:04.035 67917 INFO tempest.lib.common.rest_client [req-dfb88ac7-e3d5-4dcf-9cb6-7d5fbda6be3b req-dfb88ac7-e3d5-4dcf-9cb6-7d5fbda6be3b ] Request (HypervisorAdminUnderV252Test:test_get_hypervisor_show_servers): 200 GET http://10.180.1.21/compute/v2.1/os-hypervisors/domain-c8.fc996f14-c53b-4953-92e3-bdfa48f5cc28/servers 1.563s
2025-01-10 18:46:04.085 67877 INFO tempest.lib.common.rest_client [req-361e3406-cd77-4908-9a84-eae6774de428 req-361e3406-cd77-4908-9a84-eae6774de428 ] Request (FloatingIPsTestJSON:_run_cleanups): 404 DELETE http://10.180.1.21/compute/v2.1/os-floating-ips/c667f511-4496-4b57-946a-bf23a27b1ee8 1.176s
2025-01-10 18:46:04.126 67911 INFO tempest.lib.common.rest_client [req-e315b39c-7620-4bea-8112-bdaefa871009 req-e315b39c-7620-4bea-8112-bdaefa871009 ] Request (ImagesMetadataTestJSON:tearDownClass): 204 DELETE http://10.180.1.21:9696/networking/v2.0/security-groups/3c60ee47-1b84-4cbf-8e31-94bc0243db3c 0.549s
2025-01-10 18:46:04.128 67875 INFO tempest.lib.common.rest_client [req-3c29d057-796e-4308-a9cb-a95b7c989572 req-3c29d057-796e-4308-a9cb-a95b7c989572 ] Request (TenantUsagesNegativeTestJSON:tearDownClass): 204 DELETE http://10.180.1.21:9696/networking/v2.0/security-groups/3ca46bc6-3937-4db2-aa2c-f7747bf2aa83 0.304s
2025-01-10 18:46:04.210 67911 INFO tempest.lib.common.rest_client [req-6e63d3b3-b33a-4c24-af0c-ad930f1ace86 req-6e63d3b3-b33a-4c24-af0c-ad930f1ace86 ] Request (ImagesMetadataTestJSON:tearDownClass): 204 DELETE http://10.180.1.21/identity/v3/projects/3edc13604f0547028c7cd4f9ca03973a 0.083s
2025-01-10 18:46:04.217 67875 INFO tempest.lib.common.rest_client [req-ef856cca-f3b5-4a4a-b4a0-287e2c78d394 req-ef856cca-f3b5-4a4a-b4a0-287e2c78d394 ] Request (TenantUsagesNegativeTestJSON:tearDownClass): 204 DELETE http://10.180.1.21/identity/v3/projects/e6ef4074786245e1affd705eca92b9c1 0.088s
2025-01-10 18:46:04.299 67875 INFO tempest.lib.common.rest_client [req-0e96bc24-e977-4040-945d-f23dc6dfdade req-0e96bc24-e977-4040-945d-f23dc6dfdade ] Request (FlavorsV2NegativeTest:setUpClass): 201 POST http://10.180.1.21/identity/v3/auth/tokens 0.080s
2025-01-10 18:46:04.300 67911 INFO tempest.lib.common.rest_client [req-475a60f0-1252-4f32-82ab-72d7aaf9f1cf req-475a60f0-1252-4f32-82ab-72d7aaf9f1cf ] Request (ListImageFiltersNegativeTestJSON:setUpClass): 201 POST http://10.180.1.21/identity/v3/auth/tokens 0.087s
2025-01-10 18:46:04.332 67889 INFO tempest.lib.common.rest_client [req-1eae3481-e90a-4ec2-bfa5-4f1b7c857c08 req-1eae3481-e90a-4ec2-bfa5-4f1b7c857c08 ] Request (ServersTestBootFromVolume:setUpClass): 200 GET http://10.180.1.21/volume/v3/volumes/673655e4-468d-4425-ab60-5dfdce5b3a52 0.045s
2025-01-10 18:46:04.338 67911 INFO tempest.lib.common.rest_client [req-ae9f60aa-9814-4d79-832c-5900121be39a req-ae9f60aa-9814-4d79-832c-5900121be39a ] Request (ListImageFiltersNegativeTestJSON:setUpClass): 201 POST http://10.180.1.21/identity/v3/auth/tokens 0.036s
2025-01-10 18:46:04.344 67875 INFO tempest.lib.common.rest_client [req-2e75db13-f806-485e-aeae-031f5065c787 req-2e75db13-f806-485e-aeae-031f5065c787 ] Request (FlavorsV2NegativeTest:setUpClass): 201 POST http://10.180.1.21/identity/v3/auth/tokens 0.039s
2025-01-10 18:46:04.368 67911 INFO tempest.lib.common.rest_client [req-311ec48f-ede8-4ad4-938f-9988119383fa req-311ec48f-ede8-4ad4-938f-9988119383fa ] Request (ListImageFiltersNegativeTestJSON:setUpClass): 200 GET http://10.180.1.21/identity/v3/domains?name=Default 0.029s
2025-01-10 18:46:04.374 67875 INFO tempest.lib.common.rest_client [req-326a2876-e324-4201-a279-1ee56e3d4bf2 req-326a2876-e324-4201-a279-1ee56e3d4bf2 ] Request (FlavorsV2NegativeTest:setUpClass): 200 GET http://10.180.1.21/identity/v3/domains?name=Default 0.030s
2025-01-10 18:46:04.380 67907 INFO tempest.lib.common.rest_client [req-24298ee5-1dd0-41bb-b3ed-5b39c7f6e13a req-24298ee5-1dd0-41bb-b3ed-5b39c7f6e13a ] Request (AttachInterfacesV270Test:setUpClass): 201 POST http://10.180.1.21:9696/networking/v2.0/networks 0.947s
2025-01-10 18:46:04.397 67911 INFO tempest.lib.common.rest_client [req-3f870187-89a6-474d-afdb-4ef9830675af req-3f870187-89a6-474d-afdb-4ef9830675af ] Request (ListImageFiltersNegativeTestJSON:setUpClass): 201 POST http://10.180.1.21/identity/v3/projects 0.028s
2025-01-10 18:46:04.401 67875 INFO tempest.lib.common.rest_client [req-b1cf06f8-8e9e-468f-ad9c-5eb5ee1db32e req-b1cf06f8-8e9e-468f-ad9c-5eb5ee1db32e ] Request (FlavorsV2NegativeTest:setUpClass): 201 POST http://10.180.1.21/identity/v3/projects 0.027s
2025-01-10 18:46:04.466 67911 INFO tempest.lib.common.rest_client [req-2890b1bb-44bc-4a4f-8c34-48b0e024a829 req-2890b1bb-44bc-4a4f-8c34-48b0e024a829 ] Request (ListImageFiltersNegativeTestJSON:setUpClass): 201 POST http://10.180.1.21/identity/v3/users 0.068s
2025-01-10 18:46:04.467 67875 INFO tempest.lib.common.rest_client [req-a6434341-77d1-4f21-b930-00351796038f req-a6434341-77d1-4f21-b930-00351796038f ] Request (FlavorsV2NegativeTest:setUpClass): 201 POST http://10.180.1.21/identity/v3/users 0.065s
2025-01-10 18:46:04.488 67911 INFO tempest.lib.common.rest_client [req-198786b0-ce27-4715-acd3-a45464a6e975 req-198786b0-ce27-4715-acd3-a45464a6e975 ] Request (ListImageFiltersNegativeTestJSON:setUpClass): 200 GET http://10.180.1.21/identity/v3/roles 0.022s
2025-01-10 18:46:04.491 67875 INFO tempest.lib.common.rest_client [req-cbd91ba2-b49b-4779-b582-dbc93753977c req-cbd91ba2-b49b-4779-b582-dbc93753977c ] Request (FlavorsV2NegativeTest:setUpClass): 200 GET http://10.180.1.21/identity/v3/roles 0.024s
2025-01-10 18:46:04.518 67911 INFO tempest.lib.common.rest_client [req-0d2c837d-aa11-4c64-8fe9-b0c6adea7375 req-0d2c837d-aa11-4c64-8fe9-b0c6adea7375 ] Request (ListImageFiltersNegativeTestJSON:setUpClass): 204 PUT http://10.180.1.21/identity/v3/projects/f2cdf58edaf644f0a1af12c5dd708f3e/users/f3e14902a3a146e3b27ed3b5fa490ca0/roles/dbab4837685e457ab79a1df5092f6afa 0.029s
2025-01-10 18:46:04.518 67911 INFO tempest.lib.common.dynamic_creds [-] Dynamic test user f3e14902a3a146e3b27ed3b5fa490ca0 is created with scope project and roles: ['member']
2025-01-10 18:46:04.519 67911 INFO tempest.lib.common.dynamic_creds [-] Acquired dynamic creds: credentials: Credentials: {'domain_id': 'default', 'domain_name': 'Default', 'username': 'tempest-ListImageFiltersNegativeTestJSON-1376539411-project-member', 'project_domain_id': 'default', 'project_domain_name': 'Default', 'project_id': 'f2cdf58edaf644f0a1af12c5dd708f3e', 'project_name': 'tempest-ListImageFiltersNegativeTestJSON-1376539411', 'tenant_id': 'f2cdf58edaf644f0a1af12c5dd708f3e', 'tenant_name': 'tempest-ListImageFiltersNegativeTestJSON-1376539411', 'user_domain_id': 'default', 'user_domain_name': 'Default', 'user_id': 'f3e14902a3a146e3b27ed3b5fa490ca0', 'system': None}, Network: None, Subnet: None, Router: None
2025-01-10 18:46:04.519 67911 INFO tempest.lib.common.dynamic_creds [-] Created isolated network resources for: credentials: Credentials: {'domain_id': 'default', 'domain_name': 'Default', 'username': 'tempest-ListImageFiltersNegativeTestJSON-1376539411-project-member', 'project_domain_id': 'default', 'project_domain_name': 'Default', 'project_id': 'f2cdf58edaf644f0a1af12c5dd708f3e', 'project_name': 'tempest-ListImageFiltersNegativeTestJSON-1376539411', 'tenant_id': 'f2cdf58edaf644f0a1af12c5dd708f3e', 'tenant_name': 'tempest-ListImageFiltersNegativeTestJSON-1376539411', 'user_domain_id': 'default', 'user_domain_name': 'Default', 'user_id': 'f3e14902a3a146e3b27ed3b5fa490ca0', 'system': None}, Network: None, Subnet: None, Router: None
2025-01-10 18:46:04.520 67875 INFO tempest.lib.common.rest_client [req-64c5aa83-079f-44e9-be32-cf46925e72e4 req-64c5aa83-079f-44e9-be32-cf46925e72e4 ] Request (FlavorsV2NegativeTest:setUpClass): 204 PUT http://10.180.1.21/identity/v3/projects/2d8172544d0242b1b479e2208072a4d3/users/cc842981d604478688ed142c1c42375c/roles/dbab4837685e457ab79a1df5092f6afa 0.028s
2025-01-10 18:46:04.521 67891 INFO tempest.lib.common.rest_client [req-45d4daeb-da68-4b4e-b9f8-0adcabd65099 req-45d4daeb-da68-4b4e-b9f8-0adcabd65099 ] Request (DeleteServersAdminTestJSON:test_delete_server_while_in_error_state): 202 POST http://10.180.1.21/compute/v2.1/servers 1.504s
2025-01-10 18:46:04.521 67875 INFO tempest.lib.common.dynamic_creds [-] Dynamic test user cc842981d604478688ed142c1c42375c is created with scope project and roles: ['member']
2025-01-10 18:46:04.521 67875 INFO tempest.lib.common.dynamic_creds [-] Acquired dynamic creds: credentials: Credentials: {'domain_id': 'default', 'domain_name': 'Default', 'username': 'tempest-FlavorsV2NegativeTest-1656308557-project-member', 'project_domain_id': 'default', 'project_domain_name': 'Default', 'project_id': '2d8172544d0242b1b479e2208072a4d3', 'project_name': 'tempest-FlavorsV2NegativeTest-1656308557', 'tenant_id': '2d8172544d0242b1b479e2208072a4d3', 'tenant_name': 'tempest-FlavorsV2NegativeTest-1656308557', 'user_domain_id': 'default', 'user_domain_name': 'Default', 'user_id': 'cc842981d604478688ed142c1c42375c', 'system': None}, Network: None, Subnet: None, Router: None
2025-01-10 18:46:04.521 67875 INFO tempest.lib.common.dynamic_creds [-] Created isolated network resources for: credentials: Credentials: {'domain_id': 'default', 'domain_name': 'Default', 'username': 'tempest-FlavorsV2NegativeTest-1656308557-project-member', 'project_domain_id': 'default', 'project_domain_name': 'Default', 'project_id': '2d8172544d0242b1b479e2208072a4d3', 'project_name': 'tempest-FlavorsV2NegativeTest-1656308557', 'tenant_id': '2d8172544d0242b1b479e2208072a4d3', 'tenant_name': 'tempest-FlavorsV2NegativeTest-1656308557', 'user_domain_id': 'default', 'user_domain_name': 'Default', 'user_id': 'cc842981d604478688ed142c1c42375c', 'system': None}, Network: None, Subnet: None, Router: None
2025-01-10 18:46:04.600 67911 INFO tempest.lib.common.rest_client [req-c269e199-4b24-45e7-a039-49cd4672cf8b req-c269e199-4b24-45e7-a039-49cd4672cf8b ] Request (ListImageFiltersNegativeTestJSON:setUpClass): 201 POST http://10.180.1.21/identity/v3/auth/tokens 0.076s
2025-01-10 18:46:04.601 67875 INFO tempest.lib.common.rest_client [req-9e161ed0-9f8d-4be0-b31f-0abc0522ac2f req-9e161ed0-9f8d-4be0-b31f-0abc0522ac2f ] Request (FlavorsV2NegativeTest:setUpClass): 201 POST http://10.180.1.21/identity/v3/auth/tokens 0.076s
2025-01-10 18:46:04.620 67871 INFO tempest.lib.common.rest_client [req-67119355-d90e-4110-a0cc-36a77adee609 req-67119355-d90e-4110-a0cc-36a77adee609 ] Request (FloatingIPsAssociationNegativeTestJSON:setUpClass): 200 GET http://10.180.1.21/compute/v2.1/servers/6ee918d4-4e81-46d4-95f8-3a10eec98535 1.587s
2025-01-10 18:46:04.650 67879 INFO tempest.lib.common.rest_client [req-4035124e-36ff-42c0-82cd-51eaf801f7c1 req-4035124e-36ff-42c0-82cd-51eaf801f7c1 ] Request (KeyPairsV22TestJSON:_run_cleanups): 204 DELETE http://10.180.1.21/compute/v2.1/os-keypairs/tempest-KeyPairsV22TestJSON-keypair-1505422028 1.549s
2025-01-10 18:46:04.863 67869 INFO tempest.lib.common.rest_client [req-6782c185-f2fd-4d56-afde-ffa56fdf7aca req-6782c185-f2fd-4d56-afde-ffa56fdf7aca ] Request (ImagesNegativeTestJSON:tearDownClass): 204 DELETE http://10.180.1.21:9696/networking/v2.0/networks/b619dfe1-6d33-480f-abe6-e5bb1e5f3888 0.838s
2025-01-10 18:46:04.971 67869 INFO tempest.lib.common.rest_client [req-52c43f37-9985-4ecb-ba60-64a6361e0ade req-52c43f37-9985-4ecb-ba60-64a6361e0ade ] Request (ImagesNegativeTestJSON:tearDownClass): 204 DELETE http://10.180.1.21/identity/v3/users/d87e7706bd214704a2560ca9e6782f97 0.107s
2025-01-10 18:46:04.971 67869 INFO tempest.lib.common.dynamic_creds [-] Deleting project and security group for project: 74b0217b06c94e4eadd24ef315cf5b6c
2025-01-10 18:46:05.020 67929 INFO tempest.lib.common.rest_client [req-072f0f9c-8e70-4841-9092-509683460901 req-072f0f9c-8e70-4841-9092-509683460901 ] Request (AggregatesAdminNegativeTestJSON:test_aggregate_remove_host_as_user): 200 POST http://10.180.1.21/compute/v2.1/os-aggregates/7/action 1.786s
2025-01-10 18:46:05.051 67907 INFO tempest.lib.common.rest_client [req-8c9bcea7-c3b8-4fa6-9e50-b97703ec991e req-8c9bcea7-c3b8-4fa6-9e50-b97703ec991e ] Request (AttachInterfacesV270Test:setUpClass): 201 POST http://10.180.1.21:9696/networking/v2.0/subnets 0.670s
2025-01-10 18:46:05.061 67869 INFO tempest.lib.common.rest_client [req-66e508b2-6865-43c1-b41a-16748e28358a req-66e508b2-6865-43c1-b41a-16748e28358a ] Request (ImagesNegativeTestJSON:tearDownClass): 200 GET http://10.180.1.21:9696/networking/v2.0/security-groups?tenant_id=74b0217b06c94e4eadd24ef315cf5b6c&name=default 0.090s
2025-01-10 18:46:05.082 67923 INFO tempest.lib.common.rest_client [req-1a966d87-2c7a-4787-ae4d-80e0703d2ad6 req-1a966d87-2c7a-4787-ae4d-80e0703d2ad6 ] Request (ServersWithSpecificFlavorTestJSON:test_verify_created_server_ephemeral_disk): 200 PUT http://10.180.1.21:9696/networking/v2.0/floatingips/d4267d19-ce45-44cf-bc88-fcf8f9e02e4a 2.888s
2025-01-10 18:46:05.137 67899 INFO tempest.lib.common.rest_client [req-a7415935-addf-4c5b-960f-9df27cd30b44 req-a7415935-addf-4c5b-960f-9df27cd30b44 ] Request (ServerDiagnosticsTest:tearDownClass): 200 GET http://10.180.1.21/compute/v2.1/servers/fd976259-0234-431b-8d24-0c5466cc8716 1.698s
2025-01-10 18:46:05.197 67921 INFO tempest.lib.common.rest_client [req-67b319d4-a265-4c9c-8e00-d28ea99ad4d5 req-67b319d4-a265-4c9c-8e00-d28ea99ad4d5 ] Request (MultipleCreateTestJSON:setUpClass): 201 POST http://10.180.1.21:9696/networking/v2.0/subnets 1.435s
2025-01-10 18:46:05.383 67889 INFO tempest.lib.common.rest_client [req-3d0d13d5-d2e5-40c0-b5f7-eaf99f541a71 req-3d0d13d5-d2e5-40c0-b5f7-eaf99f541a71 ] Request (ServersTestBootFromVolume:setUpClass): 200 GET http://10.180.1.21/volume/v3/volumes/673655e4-468d-4425-ab60-5dfdce5b3a52 0.041s
2025-01-10 18:46:05.541 67869 INFO tempest.lib.common.rest_client [req-53e11bdb-30c8-4015-af8d-3325b6311baf req-53e11bdb-30c8-4015-af8d-3325b6311baf ] Request (ImagesNegativeTestJSON:tearDownClass): 204 DELETE http://10.180.1.21:9696/networking/v2.0/security-groups/4de16590-8b33-4e95-b0f5-7e526b16541d 0.479s
2025-01-10 18:46:05.609 67913 INFO tempest.lib.common.rest_client [req-311e40ed-7992-45dd-b611-2c560e690cb7 req-311e40ed-7992-45dd-b611-2c560e690cb7 ] Request (ServerActionsTestJSON:setUpClass): 201 POST http://10.180.1.21:9696/networking/v2.0/routers 3.869s
2025-01-10 18:46:05.678 67869 INFO tempest.lib.common.rest_client [req-f95e8e54-88a7-44be-b4d3-73b7e9effab3 req-f95e8e54-88a7-44be-b4d3-73b7e9effab3 ] Request (ImagesNegativeTestJSON:tearDownClass): 204 DELETE http://10.180.1.21/identity/v3/projects/74b0217b06c94e4eadd24ef315cf5b6c 0.136s
2025-01-10 18:46:05.679 67869 INFO tempest.test [-] raised in ServerStableDeviceRescueTest.setUpClass. Invoking tearDownClass.
2025-01-10 18:46:05.737 67869 INFO tempest.lib.common.rest_client [req-1f55e861-9466-4518-9bbe-035a09b9c313 req-1f55e861-9466-4518-9bbe-035a09b9c313 ] Request (ServersListShow296Test:setUpClass): 201 POST http://10.180.1.21/identity/v3/auth/tokens 0.056s
2025-01-10 18:46:05.778 67869 INFO tempest.lib.common.rest_client [req-6cee5779-1af2-4e88-a768-13187cbf122c req-6cee5779-1af2-4e88-a768-13187cbf122c ] Request (ServersListShow296Test:setUpClass): 201 POST http://10.180.1.21/identity/v3/auth/tokens 0.038s
2025-01-10 18:46:05.804 67869 INFO tempest.lib.common.rest_client [req-0b8de480-2ab5-4199-ac13-d5d481cf10b8 req-0b8de480-2ab5-4199-ac13-d5d481cf10b8 ] Request (ServersListShow296Test:setUpClass): 200 GET http://10.180.1.21/identity/v3/domains?name=Default 0.026s
2025-01-10 18:46:05.842 67869 INFO tempest.lib.common.rest_client [req-4e7241e2-820d-44aa-9762-7117fa8e0960 req-4e7241e2-820d-44aa-9762-7117fa8e0960 ] Request (ServersListShow296Test:setUpClass): 201 POST http://10.180.1.21/identity/v3/projects 0.037s
2025-01-10 18:46:05.868 67901 INFO tempest.lib.common.rest_client [req-5f043aa7-c4d6-4b9f-b7ed-fd4b374b644a req-5f043aa7-c4d6-4b9f-b7ed-fd4b374b644a ] Request (SecurityGroupsTestJSON:test_list_security_groups_by_server): 202 POST http://10.180.1.21/compute/v2.1/servers/7757e7a7-8bd7-4057-9e65-83cda5ac2af6/action 3.622s
2025-01-10 18:46:05.920 67869 INFO tempest.lib.common.rest_client [req-0607e11d-c67e-47c0-9e94-9dee711d4c98 req-0607e11d-c67e-47c0-9e94-9dee711d4c98 ] Request (ServersListShow296Test:setUpClass): 201 POST http://10.180.1.21/identity/v3/users 0.077s
2025-01-10 18:46:05.943 67869 INFO tempest.lib.common.rest_client [req-9c5e66a5-658d-46cc-ae21-666146a8d5ba req-9c5e66a5-658d-46cc-ae21-666146a8d5ba ] Request (ServersListShow296Test:setUpClass): 200 GET http://10.180.1.21/identity/v3/roles 0.022s
2025-01-10 18:46:05.962 67925 INFO tempest.lib.common.rest_client [req-b23d041c-63c6-4e06-bdbe-57152bf8ae4b req-b23d041c-63c6-4e06-bdbe-57152bf8ae4b ] Request (ServersTestJSON:test_create_server_specify_multibyte_character_name): 200 GET http://10.180.1.21/compute/v2.1/servers/aa2ca68d-151a-4a1f-b526-230b8d8606a0 2.422s
2025-01-10 18:46:05.978 67869 INFO tempest.lib.common.rest_client [req-6d3b4966-052c-4f84-befd-abf31d27e776 req-6d3b4966-052c-4f84-befd-abf31d27e776 ] Request (ServersListShow296Test:setUpClass): 204 PUT http://10.180.1.21/identity/v3/projects/328cef557eaa492b9aa29d84fe3df601/users/c6becea0bf494c1594eabd3cd6da6885/roles/dbab4837685e457ab79a1df5092f6afa 0.035s
2025-01-10 18:46:05.978 67869 INFO tempest.lib.common.dynamic_creds [-] Dynamic test user c6becea0bf494c1594eabd3cd6da6885 is created with scope project and roles: ['member']
2025-01-10 18:46:05.979 67869 INFO tempest.lib.common.dynamic_creds [-] Acquired dynamic creds: credentials: Credentials: {'domain_id': 'default', 'domain_name': 'Default', 'username': 'tempest-ServersListShow296Test-1515929897-project-member', 'project_domain_id': 'default', 'project_domain_name': 'Default', 'project_id': '328cef557eaa492b9aa29d84fe3df601', 'project_name': 'tempest-ServersListShow296Test-1515929897', 'tenant_id': '328cef557eaa492b9aa29d84fe3df601', 'tenant_name': 'tempest-ServersListShow296Test-1515929897', 'user_domain_id': 'default', 'user_domain_name': 'Default', 'user_id': 'c6becea0bf494c1594eabd3cd6da6885', 'system': None}, Network: None, Subnet: None, Router: None
2025-01-10 18:46:05.979 67869 INFO tempest.lib.common.dynamic_creds [-] Created isolated network resources for: credentials: Credentials: {'domain_id': 'default', 'domain_name': 'Default', 'username': 'tempest-ServersListShow296Test-1515929897-project-member', 'project_domain_id': 'default', 'project_domain_name': 'Default', 'project_id': '328cef557eaa492b9aa29d84fe3df601', 'project_name': 'tempest-ServersListShow296Test-1515929897', 'tenant_id': '328cef557eaa492b9aa29d84fe3df601', 'tenant_name': 'tempest-ServersListShow296Test-1515929897', 'user_domain_id': 'default', 'user_domain_name': 'Default', 'user_id': 'c6becea0bf494c1594eabd3cd6da6885', 'system': None}, Network: None, Subnet: None, Router: None
2025-01-10 18:46:06.036 67897 INFO tempest.lib.common.rest_client [req-5825221d-fc32-4ee3-95b1-7605296e04d7 req-5825221d-fc32-4ee3-95b1-7605296e04d7 ] Request (ServerAddressesNegativeTestJSON:setUpClass): 200 GET http://10.180.1.21/compute/v2.1/servers/628d7db8-2567-4a70-93ce-d062cd4ebf1a 2.451s
2025-01-10 18:46:06.076 67869 INFO tempest.lib.common.rest_client [req-5c348ab4-d859-48b7-b96b-0f0e206793f5 req-5c348ab4-d859-48b7-b96b-0f0e206793f5 ] Request (ServersListShow296Test:setUpClass): 201 POST http://10.180.1.21/identity/v3/auth/tokens 0.089s
2025-01-10 18:46:06.116 67881 INFO tempest.lib.common.rest_client [req-04d3a664-44db-42de-95da-034c3544d9c2 req-04d3a664-44db-42de-95da-034c3544d9c2 ] Request (ServersAdminTestJSON:test_create_server_with_scheduling_hint): 200 GET http://10.180.1.21/compute/v2.1/servers/dd014a6d-45ba-4a56-9fd8-914c019c1f5b 2.491s
2025-01-10 18:46:06.123 67869 INFO tempest.lib.common.rest_client [req-1f3d6b72-7f19-4988-9e9e-7bcd8466ec2c req-1f3d6b72-7f19-4988-9e9e-7bcd8466ec2c ] Request (ServersListShow296Test:test_list_show_server_296): 201 POST http://10.180.1.21/identity/v3/auth/tokens 0.043s
2025-01-10 18:46:06.124 67869 INFO tempest.lib.common.fixed_network [-] (ServersListShow296Test:test_list_show_server_296) Found network None available for tenant
2025-01-10 18:46:06.129 67881 INFO tempest.common.waiters [-] State transition "BUILD/scheduling" ==> "BUILD/None" after 9 second wait
2025-01-10 18:46:06.138 67895 INFO tempest.lib.common.rest_client [req-fa65eef0-dade-476e-9d20-f1b7fca5334f req-fa65eef0-dade-476e-9d20-f1b7fca5334f ] Request (FlavorsAdminTestJSON:test_is_public_string_variations): 200 GET http://10.180.1.21/compute/v2.1/flavors/detail?is_public=no 2.473s
2025-01-10 18:46:06.167 67927 INFO tempest.lib.common.rest_client [req-cbdabc07-f452-4cb9-8d6a-ea841bc5ed5a req-cbdabc07-f452-4cb9-8d6a-ea841bc5ed5a ] Request (ServerDiskConfigTestJSON:setUpClass): 201 POST http://10.180.1.21:9696/networking/v2.0/routers 2.863s
2025-01-10 18:46:06.212 67887 INFO tempest.lib.common.rest_client [req-cba922ec-dbc6-4ad4-a27c-74e24df4db41 req-cba922ec-dbc6-4ad4-a27c-74e24df4db41 ] Request (ServersTestFqdnHostnames:test_create_server_with_fqdn_name): 200 GET http://10.180.1.21/compute/v2.1/servers/7a399c28-2511-4fae-a0f8-6775d22b5dae 2.542s
2025-01-10 18:46:06.241 67917 INFO tempest.lib.common.rest_client [req-3c33774d-8f36-4afb-bb34-ad118278eacf req-3c33774d-8f36-4afb-bb34-ad118278eacf ] Request (HypervisorAdminUnderV252Test:test_search_hypervisor): 200 GET http://10.180.1.21/compute/v2.1/os-hypervisors 2.201s
2025-01-10 18:46:06.315 67932 INFO tempest.lib.common.rest_client [req-2d35f198-78c2-4019-b4ee-fd2a8395f1fa req-2d35f198-78c2-4019-b4ee-fd2a8395f1fa ] Request (ServerRescueTestJSONUnderV235:setUpClass): 200 GET http://10.180.1.21/compute/v2.1/servers/b1016b3d-45f3-4ee0-882f-0228c3a232f5 2.276s
2025-01-10 18:46:06.438 67889 INFO tempest.lib.common.rest_client [req-33c8aa85-d4b7-4c93-adf0-880f2a0c50af req-33c8aa85-d4b7-4c93-adf0-880f2a0c50af ] Request (ServersTestBootFromVolume:setUpClass): 200 GET http://10.180.1.21/volume/v3/volumes/673655e4-468d-4425-ab60-5dfdce5b3a52 0.042s
2025-01-10 18:46:06.450 67905 INFO tempest.lib.common.rest_client [req-c53833c3-b2d9-4a80-b5cb-6d602475a568 req-c53833c3-b2d9-4a80-b5cb-6d602475a568 ] Request (DeleteServersTestJSON:test_delete_active_server): 202 POST http://10.180.1.21/compute/v2.1/servers 2.965s
2025-01-10 18:46:06.544 67903 INFO tempest.lib.common.rest_client [req-43d0760f-d76a-4543-aa36-8c63b90e2df3 req-43d0760f-d76a-4543-aa36-8c63b90e2df3 ] Request (ServersAdminNegativeTestJSON:setUpClass): 200 GET http://10.180.1.21/compute/v2.1/servers/94bf8010-b4e1-461f-aba7-0323563f3368 2.337s
2025-01-10 18:46:06.631 67891 INFO tempest.lib.common.rest_client [req-c2580019-b9f2-4e46-877f-f867d17008f2 req-c2580019-b9f2-4e46-877f-f867d17008f2 ] Request (DeleteServersAdminTestJSON:test_delete_server_while_in_error_state): 200 GET http://10.180.1.21/compute/v2.1/servers/661d1a4f-ee25-4d00-b1bd-763605ceca5b 2.109s
2025-01-10 18:46:06.718 67915 INFO tempest.lib.common.rest_client [req-8962a702-5b07-4272-8446-1a7fd5fa960d req-8962a702-5b07-4272-8446-1a7fd5fa960d ] Request (AttachInterfacesUnderV243Test:test_add_remove_fixed_ip): 200 GET http://10.180.1.21/compute/v2.1/servers/af3cadb7-b261-4240-867a-aee52cd06f7a 2.622s
2025-01-10 18:46:06.750 67893 INFO tempest.lib.common.rest_client [req-b981611a-495a-49c3-8d6d-3980b61c7dce req-b981611a-495a-49c3-8d6d-3980b61c7dce ] Request (ListServersNegativeTestJSON:setUpClass): 200 GET http://10.180.1.21/compute/v2.1/servers/eb920195-af31-4bb4-b7b4-9bc60a213c2d 2.199s
2025-01-10 18:46:06.757 67893 INFO tempest.common.waiters [-] State transition "ACTIVE/deleting" ==> "DELETED/None" after 3 second wait
2025-01-10 18:46:06.862 67877 INFO tempest.lib.common.rest_client [req-25b4095b-69b2-4971-8e4e-381a0c08becf req-25b4095b-69b2-4971-8e4e-381a0c08becf ] Request (FloatingIPsTestJSON:tearDownClass): 200 PUT http://10.180.1.21:9696/networking/v2.0/routers/542431f1-799f-4e4d-8648-ec9caa53f519/remove_router_interface 2.767s
2025-01-10 18:46:06.863 67875 INFO tempest.lib.common.rest_client [req-a3ecfb83-b263-4bd2-89fe-9e21bb00437a req-a3ecfb83-b263-4bd2-89fe-9e21bb00437a ] Request (FlavorsV2NegativeTest:test_boot_with_low_ram): 200 GET http://10.180.1.21/compute/v2.1/flavors/42 2.260s
2025-01-10 18:46:06.868 67911 INFO tempest.lib.common.rest_client [req-ea93a0b6-a910-43db-9826-f473af062705 req-ea93a0b6-a910-43db-9826-f473af062705 ] Request (ListImageFiltersNegativeTestJSON:test_get_nonexistent_image): 404 GET http://10.180.1.21/compute/v2.1/images/49e30f92-56ac-4955-9eda-e06c5d7b2f0f 2.266s
2025-01-10 18:46:06.892 67879 INFO tempest.lib.common.rest_client [req-8e628711-892f-46d7-91d1-741e002351e1 req-8e628711-892f-46d7-91d1-741e002351e1 ] Request (KeyPairsV22TestJSON:_run_cleanups): 204 DELETE http://10.180.1.21/compute/v2.1/os-keypairs/tempest-KeyPairsV22TestJSON-keypair-295684448 2.241s
2025-01-10 18:46:06.975 67883 INFO tempest.lib.common.rest_client [req-48edc420-6060-4394-a01d-83c4bcc1db1c req-48edc420-6060-4394-a01d-83c4bcc1db1c ] Request (ServerExternalEventsTest:tearDownClass): 200 GET http://10.180.1.21/compute/v2.1/servers/4deff428-c031-4f48-a875-c752206d7f2b 2.206s
2025-01-10 18:46:06.983 67909 INFO tempest.lib.common.rest_client [req-547eddc5-90ef-44a3-9342-fdb4498bdced req-547eddc5-90ef-44a3-9342-fdb4498bdced ] Request (ServerDiagnosticsV248Test:test_get_server_diagnostics): 200 GET http://10.180.1.21/compute/v2.1/servers/3e05676e-70ae-4a04-a386-6b53eba82684 2.324s
2025-01-10 18:46:07.018 67911 INFO tempest.lib.common.rest_client [req-ff4da668-42da-409c-b4b3-7e1b366111f9 req-ff4da668-42da-409c-b4b3-7e1b366111f9 ] Request (ListImageFiltersNegativeTestJSON:tearDownClass): 204 DELETE http://10.180.1.21/identity/v3/users/f3e14902a3a146e3b27ed3b5fa490ca0 0.141s
2025-01-10 18:46:07.018 67911 INFO tempest.lib.common.dynamic_creds [-] Deleting project and security group for project: f2cdf58edaf644f0a1af12c5dd708f3e
2025-01-10 18:46:07.081 67911 INFO tempest.lib.common.rest_client [req-b48d7676-bbff-4024-9bd1-96415bfc43e1 req-b48d7676-bbff-4024-9bd1-96415bfc43e1 ] Request (ListImageFiltersNegativeTestJSON:tearDownClass): 201 POST http://10.180.1.21/identity/v3/auth/tokens 0.062s
2025-01-10 18:46:07.194 67919 INFO tempest.lib.common.rest_client [req-ab32e593-52fc-4127-9551-49bdd32411e6 req-ab32e593-52fc-4127-9551-49bdd32411e6 ] Request (VolumesAssistedSnapshotsTest:test_volume_assisted_snapshot_create_delete): 200 GET http://10.180.1.21/compute/v2.1/servers/cef29849-b62f-448e-a20b-563fded880fe 2.329s
2025-01-10 18:46:07.205 67919 INFO tempest.common.waiters [-] State transition "BUILD/spawning" ==> "ACTIVE/None" after 32 second wait
2025-01-10 18:46:07.306 67885 INFO tempest.lib.common.rest_client [req-f5ca5d6f-b31b-4d11-bc85-91b6ee3011f7 req-f5ca5d6f-b31b-4d11-bc85-91b6ee3011f7 ] Request (ServerAddressesTestJSON:setUpClass): 200 GET http://10.180.1.21/compute/v2.1/servers/fad7af7b-8d50-4bdb-84aa-57a8ef8e81a9 2.334s
2025-01-10 18:46:07.314 67875 INFO tempest.lib.common.rest_client [req-d5b3c202-3bf1-4d31-a11a-35b5287e9158 req-d5b3c202-3bf1-4d31-a11a-35b5287e9158 ] Request (FlavorsV2NegativeTest:test_boot_with_low_ram): 201 POST http://10.180.1.21/image/v2/images 0.441s
2025-01-10 18:46:07.321 67929 INFO tempest.lib.common.rest_client [req-782371fa-614d-42ff-975f-49bf3e80aa1f req-782371fa-614d-42ff-975f-49bf3e80aa1f ] Request (AggregatesAdminNegativeTestJSON:test_aggregate_remove_host_as_user): 403 POST http://10.180.1.21/compute/v2.1/os-aggregates/7/action 2.299s
2025-01-10 18:46:07.340 67873 INFO tempest.lib.common.rest_client [req-715d435a-924e-4527-85b7-8da7c7256793 req-715d435a-924e-4527-85b7-8da7c7256793 ] Request (ImagesOneServerTestJSON:setUpClass): 200 GET http://10.180.1.21/compute/v2.1/servers/414ecfc0-b23e-4027-a227-772f4867827e 2.444s
2025-01-10 18:46:07.348 67873 INFO tempest.common.waiters [-] State transition "BUILD/networking" ==> "BUILD/spawning" after 21 second wait
2025-01-10 18:46:07.491 67889 INFO tempest.lib.common.rest_client [req-08532e56-a6d9-40e7-a69e-a67e5dfe2d1e req-08532e56-a6d9-40e7-a69e-a67e5dfe2d1e ] Request (ServersTestBootFromVolume:setUpClass): 200 GET http://10.180.1.21/volume/v3/volumes/673655e4-468d-4425-ab60-5dfdce5b3a52 0.044s
2025-01-10 18:46:07.494 67871 INFO tempest.lib.common.rest_client [req-f168fd4c-6f81-417c-aaaf-9e9dd5b460d7 req-f168fd4c-6f81-417c-aaaf-9e9dd5b460d7 ] Request (FloatingIPsAssociationNegativeTestJSON:setUpClass): 200 GET http://10.180.1.21/compute/v2.1/servers/6ee918d4-4e81-46d4-95f8-3a10eec98535 1.863s
2025-01-10 18:46:07.660 67911 INFO tempest.lib.common.rest_client [req-8cdbdd99-59d1-4bc4-b516-12ed511c4415 req-8cdbdd99-59d1-4bc4-b516-12ed511c4415 ] Request (ListImageFiltersNegativeTestJSON:tearDownClass): 200 GET http://10.180.1.21:9696/networking/v2.0/security-groups?tenant_id=f2cdf58edaf644f0a1af12c5dd708f3e&name=default 0.579s
2025-01-10 18:46:07.782 67923 INFO tempest.lib.common.rest_client [req-c2891a9b-ac03-43b6-9662-e11db1fa1caf req-c2891a9b-ac03-43b6-9662-e11db1fa1caf ] Request (ServersWithSpecificFlavorTestJSON:test_verify_created_server_ephemeral_disk): 200 GET http://10.180.1.21/compute/v2.1/servers/2157312b-0155-42fa-a5ce-0392f8f0df3f 2.699s
2025-01-10 18:46:07.792 67923 INFO tempest.lib.common.ssh [-] Creating ssh connection to '10.180.180.150:22' as 'cirros' with public key authentication
2025-01-10 18:46:07.986 67877 INFO tempest.lib.common.rest_client [req-6ad466aa-cf46-44e0-a181-49a9ae3ebc5e req-6ad466aa-cf46-44e0-a181-49a9ae3ebc5e ] Request (FloatingIPsTestJSON:tearDownClass): 204 DELETE http://10.180.1.21:9696/networking/v2.0/routers/542431f1-799f-4e4d-8648-ec9caa53f519 1.122s
2025-01-10 18:46:08.060 67869 INFO tempest.lib.common.rest_client [req-8728f05a-e4c4-4d11-b3fb-63ac63656768 req-8728f05a-e4c4-4d11-b3fb-63ac63656768 ] Request (ServersListShow296Test:test_list_show_server_296): 202 POST http://10.180.1.21/compute/v2.1/servers 1.935s
2025-01-10 18:46:08.071 67895 INFO tempest.lib.common.rest_client [req-3cbe4b08-10f4-4695-a0b4-b227116e8872 req-3cbe4b08-10f4-4695-a0b4-b227116e8872 ] Request (FlavorsAdminTestJSON:test_is_public_string_variations): 200 GET http://10.180.1.21/compute/v2.1/flavors/detail?is_public=0 1.927s
2025-01-10 18:46:08.083 67907 INFO tempest.lib.common.rest_client [req-a881ed82-1535-46d7-b289-b00b3d067fe8 req-a881ed82-1535-46d7-b289-b00b3d067fe8 ] Request (AttachInterfacesV270Test:setUpClass): 201 POST http://10.180.1.21:9696/networking/v2.0/routers 3.031s
2025-01-10 18:46:08.150 67901 INFO tempest.lib.common.rest_client [req-893d2bfc-f530-44d7-9973-f5ca740c04e5 req-893d2bfc-f530-44d7-9973-f5ca740c04e5 ] Request (SecurityGroupsTestJSON:test_list_security_groups_by_server): 200 GET http://10.180.1.21/compute/v2.1/servers/7757e7a7-8bd7-4057-9e65-83cda5ac2af6/os-security-groups 2.282s
2025-01-10 18:46:08.154 67875 INFO tempest.lib.common.rest_client [req-a0d15889-b58f-4860-a8fe-8a0d886e3b9e req-a0d15889-b58f-4860-a8fe-8a0d886e3b9e ] Request (FlavorsV2NegativeTest:test_boot_with_low_ram): 204 PUT http://10.180.1.21/image/v2/images/d226c03c-5b69-4cca-a086-f9b7c9d87dbb/file 0.839s
2025-01-10 18:46:08.190 67917 INFO tempest.lib.common.rest_client [req-61b60f4d-1e9d-4e9f-851c-f95f9cd28144 req-61b60f4d-1e9d-4e9f-851c-f95f9cd28144 ] Request (HypervisorAdminUnderV252Test:test_search_hypervisor): 200 GET http://10.180.1.21/compute/v2.1/os-hypervisors/domain-c8.fc996f14-c53b-4953-92e3-bdfa48f5cc28/search 1.948s
2025-01-10 18:46:08.223 67899 INFO tempest.lib.common.rest_client [req-0b6f66c5-bad3-4c63-9373-a9e7d44519d4 req-0b6f66c5-bad3-4c63-9373-a9e7d44519d4 ] Request (ServerDiagnosticsTest:tearDownClass): 200 GET http://10.180.1.21/compute/v2.1/servers/fd976259-0234-431b-8d24-0c5466cc8716 2.077s
2025-01-10 18:46:08.237 67921 INFO tempest.lib.common.rest_client [req-ca2e9d96-29b7-47ad-91db-084fceb7e84f req-ca2e9d96-29b7-47ad-91db-084fceb7e84f ] Request (MultipleCreateTestJSON:setUpClass): 201 POST http://10.180.1.21:9696/networking/v2.0/routers 3.040s
2025-01-10 18:46:08.251 67911 INFO tempest.lib.common.rest_client [req-35ce1f42-9b28-451a-87ae-f5c1d1b11b25 req-35ce1f42-9b28-451a-87ae-f5c1d1b11b25 ] Request (ListImageFiltersNegativeTestJSON:tearDownClass): 204 DELETE http://10.180.1.21:9696/networking/v2.0/security-groups/75b19af4-db6d-40f9-9d5b-49ccbb67a6fe 0.590s
2025-01-10 18:46:08.253 67879 INFO tempest.lib.common.rest_client [req-b87b4188-0818-4cab-a7ce-255265473524 req-b87b4188-0818-4cab-a7ce-255265473524 ] Request (KeyPairsV22TestJSON:_run_cleanups): 204 DELETE http://10.180.1.21/compute/v2.1/os-keypairs/tempest-KeyPairsV22TestJSON-keypair-235568859 1.360s
2025-01-10 18:46:08.288 67875 INFO tempest.lib.common.rest_client [req-39a8bc4d-4b52-4bb3-962b-8baabb92df41 req-39a8bc4d-4b52-4bb3-962b-8baabb92df41 ] Request (FlavorsV2NegativeTest:test_boot_with_low_ram): 201 POST http://10.180.1.21/identity/v3/auth/tokens 0.131s
2025-01-10 18:46:08.289 67875 INFO tempest.lib.common.fixed_network [-] (FlavorsV2NegativeTest:test_boot_with_low_ram) Found network None available for tenant
2025-01-10 18:46:08.330 67905 INFO tempest.lib.common.rest_client [req-e8acc1d3-3ea6-47f6-9f78-9f36172618d4 req-e8acc1d3-3ea6-47f6-9f78-9f36172618d4 ] Request (DeleteServersTestJSON:test_delete_active_server): 200 GET http://10.180.1.21/compute/v2.1/servers/9ded6a88-9eba-464d-9976-6168804a1076 1.878s
2025-01-10 18:46:08.375 67917 INFO tempest.lib.common.rest_client [req-37427b74-37e9-4d8c-aaa5-d5f14abd5ed2 req-37427b74-37e9-4d8c-aaa5-d5f14abd5ed2 ] Request (HypervisorAdminUnderV252Test:tearDownClass): 204 DELETE http://10.180.1.21/identity/v3/users/62e10e6953304cf788a7c8707f300db2 0.182s
2025-01-10 18:46:08.384 67877 INFO tempest.lib.common.rest_client [req-fd7922ba-9a74-4118-b35b-8fbfb982805e req-fd7922ba-9a74-4118-b35b-8fbfb982805e ] Request (FloatingIPsTestJSON:tearDownClass): 204 DELETE http://10.180.1.21:9696/networking/v2.0/subnets/bf92af91-a5b7-4b16-ab4a-1e595be6768e 0.398s
2025-01-10 18:46:08.416 67911 INFO tempest.lib.common.rest_client [req-7994e068-5f9e-4d2f-9b73-f21d3ae80b5e req-7994e068-5f9e-4d2f-9b73-f21d3ae80b5e ] Request (ListImageFiltersNegativeTestJSON:tearDownClass): 204 DELETE http://10.180.1.21/identity/v3/projects/f2cdf58edaf644f0a1af12c5dd708f3e 0.165s
2025-01-10 18:46:08.439 67925 INFO tempest.lib.common.rest_client [req-9042823f-12f8-4721-a882-32091e38488e req-9042823f-12f8-4721-a882-32091e38488e ] Request (ServersTestJSON:test_create_server_specify_multibyte_character_name): 200 GET http://10.180.1.21/compute/v2.1/servers/aa2ca68d-151a-4a1f-b526-230b8d8606a0 1.467s
