2025-01-10 18:48:08.391 67891 INFO tempest.lib.common.rest_client [req-e478616b-76d0-4dde-84a9-4804b88f3328 req-e478616b-76d0-4dde-84a9-4804b88f3328 ] Request (ServerActionsTestOtherA:setUpClass): 200 GET http://10.180.1.21/compute/v2.1/servers/547f622f-a5b2-4091-ad19-827bbce011a8 0.076s
2025-01-10 18:48:08.492 67889 INFO tempest.lib.common.rest_client [req-7328564b-8a4e-481f-aa07-94f26f026114 req-7328564b-8a4e-481f-aa07-94f26f026114 ] Request (ServersTestBootFromVolume:test_list_servers_with_detail): 200 GET http://10.180.1.21/compute/v2.1/servers/detail 0.191s
2025-01-10 18:48:08.564 67893 INFO tempest.lib.common.rest_client [req-9ea1c60f-9359-4186-8417-b73725a71834 req-9ea1c60f-9359-4186-8417-b73725a71834 ] Request (ServerShowV257Test:test_rebuild_server): 202 POST http://10.180.1.21/compute/v2.1/servers/dd73da07-637d-4675-9e13-d4b615a8fbca/action 0.216s
2025-01-10 18:48:08.566 67919 INFO tempest.lib.common.rest_client [req-06cdc69c-5c04-445b-81d1-14a2c6243c94 req-06cdc69c-5c04-445b-81d1-14a2c6243c94 ] Request (VolumesAssistedSnapshotsTest:tearDownClass): 200 GET http://10.180.1.21/compute/v2.1/servers/cef29849-b62f-448e-a20b-563fded880fe 0.203s
2025-01-10 18:48:08.577 67919 INFO tempest.common.waiters [-] State transition "ACTIVE/deleting" ==> "DELETED/None" after 5 second wait
2025-01-10 18:48:08.592 67889 INFO tempest.lib.common.rest_client [req-3712333c-2f98-4970-9ef9-27c48e070411 req-3712333c-2f98-4970-9ef9-27c48e070411 ] Request (ServersTestBootFromVolume:test_verify_created_server_vcpus): 200 GET http://10.180.1.21/compute/v2.1/flavors/42 0.093s
2025-01-10 18:48:08.594 67889 INFO tempest.lib.common.ssh [-] Creating ssh connection to '10.180.180.139:22' as 'cirros' with public key authentication
2025-01-10 18:48:08.597 67889 INFO paramiko.transport [-] Connected (version 2.0, client dropbear_2020.81)
2025-01-10 18:48:08.627 67905 INFO tempest.lib.common.rest_client [req-55661c69-8e1b-4794-a564-65796612755c req-55661c69-8e1b-4794-a564-65796612755c ] Request (DeleteServersTestJSON:test_delete_server_while_in_attached_volume): 200 GET http://10.180.1.21/compute/v2.1/servers/40e066ca-2283-4c5e-a98a-bddfcf032070 0.264s
2025-01-10 18:48:08.655 67893 INFO tempest.lib.common.rest_client [req-3a39126d-a1e7-47c0-8517-e95e950c2021 req-3a39126d-a1e7-47c0-8517-e95e950c2021 ] Request (ServerShowV257Test:test_rebuild_server): 200 GET http://10.180.1.21/compute/v2.1/servers/dd73da07-637d-4675-9e13-d4b615a8fbca 0.083s
2025-01-10 18:48:08.695 67889 INFO paramiko.transport [-] Authentication (publickey) successful!
2025-01-10 18:48:08.695 67889 INFO tempest.lib.common.ssh [-] ssh connection to cirros@10.180.180.139 successfully created
2025-01-10 18:48:08.781 67889 INFO tempest.lib.common.rest_client [req-abcabfbe-561b-4738-8d0a-247960a1ae83 req-abcabfbe-561b-4738-8d0a-247960a1ae83 ] Request (ServersTestBootFromVolume:tearDownClass): 204 DELETE http://10.180.1.21/compute/v2.1/servers/34c7e0b0-14f3-473e-aa93-69c668d92bd4 0.078s
2025-01-10 18:48:08.902 67889 INFO tempest.lib.common.rest_client [req-1164d34f-4ce4-4bfa-99bf-e5da91baace4 req-1164d34f-4ce4-4bfa-99bf-e5da91baace4 ] Request (ServersTestBootFromVolume:tearDownClass): 200 GET http://10.180.1.21/compute/v2.1/servers/34c7e0b0-14f3-473e-aa93-69c668d92bd4 0.121s
2025-01-10 18:48:08.939 67903 INFO tempest.lib.common.rest_client [req-15c8b945-a02e-4c1a-b739-39fbf0a5a0d9 req-15c8b945-a02e-4c1a-b739-39fbf0a5a0d9 ] Request (ServersAdminNegativeTestJSON:tearDownClass): 200 GET http://10.180.1.21/compute/v2.1/servers/e0a703b0-dea3-45c5-a9e6-ffc1a67c945d 0.068s
2025-01-10 18:48:09.001 67925 INFO tempest.lib.common.rest_client [req-e88f1370-5ee7-4c9d-8ebb-979d1866eb88 req-e88f1370-5ee7-4c9d-8ebb-979d1866eb88 ] Request (ServersTestJSON:_run_cleanups): 200 GET http://10.180.1.21/compute/v2.1/servers/97116663-4cff-4e44-a887-e570f071fff7 0.079s
2025-01-10 18:48:09.012 67881 INFO tempest.lib.common.rest_client [req-9fdbc159-6d7d-43c1-bea6-47259d5d5055 req-9fdbc159-6d7d-43c1-bea6-47259d5d5055 ] Request (ServersAdminTestJSON:test_rebuild_server_in_error_state): 200 GET http://10.180.1.21/compute/v2.1/servers/fb51b671-ea57-49e1-bb62-0f0a36f9de1b 0.116s
2025-01-10 18:48:09.054 67921 INFO tempest.lib.common.rest_client [req-8b3945d0-acc8-4f3d-891b-b7157d1d789b req-8b3945d0-acc8-4f3d-891b-b7157d1d789b ] Request (MultipleCreateTestJSON:test_multiple_create_with_reservation_return): 200 GET http://10.180.1.21/compute/v2.1/servers/ba7ac02d-5544-4aca-bddb-2825c976241c 0.113s
2025-01-10 18:48:09.076 67879 INFO tempest.lib.common.rest_client [req-70a59518-cb69-4be8-8a65-947b16cbb7f8 req-70a59518-cb69-4be8-8a65-947b16cbb7f8 ] Request (ServersTestMultiNic:_run_cleanups): 200 GET http://10.180.1.21/compute/v2.1/servers/b25ef405-c60d-43e9-b829-bc6d0e861364 0.105s
2025-01-10 18:48:09.115 67907 INFO tempest.lib.common.rest_client [req-8837bed2-b021-429a-8f22-dd5ba26257a3 req-8837bed2-b021-429a-8f22-dd5ba26257a3 ] Request (ListServerFiltersTestJSON:setUpClass): 200 GET http://10.180.1.21/compute/v2.1/servers/ecf46e23-9089-48bf-982c-d4002d90af9c 0.128s
2025-01-10 18:48:09.170 67899 INFO tempest.lib.common.rest_client [req-9a6601e6-9c4b-4ec6-8f9a-35c1e1731658 req-9a6601e6-9c4b-4ec6-8f9a-35c1e1731658 ] Request (ImagesTestJSON:test_create_image_from_suspended_server): 200 GET http://10.180.1.21/compute/v2.1/servers/0d3865b9-8e4c-4ea1-95d9-3440368179b6 0.139s
2025-01-10 18:48:09.194 67871 INFO tempest.lib.common.rest_client [req-837e6038-8e5a-42cf-9a3a-e9cc05b8d8dd req-837e6038-8e5a-42cf-9a3a-e9cc05b8d8dd ] Request (InstanceActionsNegativeTestJSON:setUpClass): 200 GET http://10.180.1.21/compute/v2.1/servers/a856f251-8287-479a-b086-0eaa5882e084 0.177s
2025-01-10 18:48:09.205 67871 INFO tempest.common.waiters [-] State transition "BUILD/None" ==> "BUILD/networking" after 45 second wait
2025-01-10 18:48:09.240 67901 INFO tempest.lib.common.rest_client [req-756f5e3d-9dcd-4c0d-abd8-79501d2b90b6 req-756f5e3d-9dcd-4c0d-abd8-79501d2b90b6 ] Request (SecurityGroupsTestJSON:test_server_security_groups): 200 GET http://10.180.1.21/compute/v2.1/servers/339999aa-0f91-47fd-9fa7-766e28a99026 0.174s
2025-01-10 18:48:09.246 67885 INFO tempest.lib.common.rest_client [req-6d6e380f-6046-4b0f-b225-a08b6f5c1ec5 req-6d6e380f-6046-4b0f-b225-a08b6f5c1ec5 ] Request (ServersNegativeTestJSON:setUpClass): 200 GET http://10.180.1.21/compute/v2.1/servers/c5343386-e9d5-4fc5-a7bc-56f568b8282b 0.172s
2025-01-10 18:48:09.296 67873 INFO tempest.lib.common.rest_client [req-f5326e8e-aba6-457a-ad4d-be6ce2d423bb req-f5326e8e-aba6-457a-ad4d-be6ce2d423bb ] Request (ServersAaction247Test:test_create_backup): 200 GET http://10.180.1.21/compute/v2.1/servers/8a88102f-7880-4fec-af45-6fc6651bfd18 0.145s
2025-01-10 18:48:09.310 67929 INFO tempest.lib.common.rest_client [req-358e23c5-4f56-4b87-9f08-a067fa9c746e req-358e23c5-4f56-4b87-9f08-a067fa9c746e ] Request (ServersAdmin275Test:tearDownClass): 200 GET http://10.180.1.21/compute/v2.1/servers/9f51515f-0845-40bf-b62a-9eaac1360e13 0.186s
2025-01-10 18:48:09.355 67932 INFO tempest.lib.common.rest_client [req-a2b8efd4-be7a-4f55-a286-b067219b3e32 req-a2b8efd4-be7a-4f55-a286-b067219b3e32 ] Request (ServerTagsTestJSON:setUpClass): 200 GET http://10.180.1.21/compute/v2.1/servers/85bb3618-e2ed-4dfa-8407-85aacf0ca554 0.147s
2025-01-10 18:48:09.361 67883 INFO tempest.lib.common.rest_client [req-296e0f1a-4078-4224-b575-776d22664518 req-296e0f1a-4078-4224-b575-776d22664518 ] Request (FloatingIPsAssociationTestJSON:test_associate_already_associated_floating_ip): 200 GET http://10.180.1.21/compute/v2.1/servers/e1bdb762-de7b-425c-8b36-4ef2ae552e0f 0.112s
2025-01-10 18:48:09.413 67923 INFO tempest.lib.common.rest_client [req-e652fa10-5579-4240-863f-6e91dcc600fd req-e652fa10-5579-4240-863f-6e91dcc600fd ] Request (ServersWithSpecificFlavorTestJSON:test_verify_created_server_ephemeral_disk): 200 GET http://10.180.1.21/compute/v2.1/servers/6204b096-8bc8-4f1f-ad9f-7d0af46dab21 0.120s
2025-01-10 18:48:09.461 67891 INFO tempest.lib.common.rest_client [req-f4c95ae1-ca1d-4ac8-82e4-c969e003617b req-f4c95ae1-ca1d-4ac8-82e4-c969e003617b ] Request (ServerActionsTestOtherA:setUpClass): 200 GET http://10.180.1.21/compute/v2.1/servers/547f622f-a5b2-4091-ad19-827bbce011a8 0.063s
2025-01-10 18:48:09.467 67927 INFO tempest.lib.common.rest_client [req-81201fa9-d32d-4b98-b8f4-5ebbbcb67c73 req-81201fa9-d32d-4b98-b8f4-5ebbbcb67c73 ] Request (ServerDiskConfigTestJSON:test_rebuild_server_with_manual_disk_config): 200 GET http://10.180.1.21/compute/v2.1/servers/451508ca-6b2f-4599-a8a5-1d132b3ee7f6 0.210s
2025-01-10 18:48:09.639 67919 INFO tempest.lib.common.rest_client [req-73f9486d-ce36-4948-aade-b28b482d5bc8 req-73f9486d-ce36-4948-aade-b28b482d5bc8 ] Request (VolumesAssistedSnapshotsTest:tearDownClass): 200 GET http://10.180.1.21/compute/v2.1/servers/cef29849-b62f-448e-a20b-563fded880fe 0.060s
2025-01-10 18:48:09.679 67905 INFO tempest.lib.common.rest_client [req-e75f21a5-279f-4b6e-a0ac-ae02ed4fc8fb req-e75f21a5-279f-4b6e-a0ac-ae02ed4fc8fb ] Request (DeleteServersTestJSON:test_delete_server_while_in_attached_volume): 200 GET http://10.180.1.21/compute/v2.1/servers/40e066ca-2283-4c5e-a98a-bddfcf032070 0.045s
2025-01-10 18:48:09.711 67893 INFO tempest.lib.common.rest_client [req-ef16eb6b-2b11-4754-92c7-27a15d8fc9c4 req-ef16eb6b-2b11-4754-92c7-27a15d8fc9c4 ] Request (ServerShowV257Test:test_rebuild_server): 200 GET http://10.180.1.21/compute/v2.1/servers/dd73da07-637d-4675-9e13-d4b615a8fbca 0.046s
2025-01-10 18:48:09.947 67913 WARNING tempest.lib.common.ssh [-] Failed to establish authenticated ssh connection to cirros@10.180.180.198 ([Errno None] Unable to connect to port 22 on 10.180.180.198). Number attempts: 8. Retry after 9 seconds.: paramiko.ssh_exception.NoValidConnectionsError: [Errno None] Unable to connect to port 22 on 10.180.180.198
2025-01-10 18:48:10.003 67903 INFO tempest.lib.common.rest_client [req-94a41ad7-12c8-4d5a-ae87-f9263b1afcdd req-94a41ad7-12c8-4d5a-ae87-f9263b1afcdd ] Request (ServersAdminNegativeTestJSON:tearDownClass): 200 GET http://10.180.1.21/compute/v2.1/servers/e0a703b0-dea3-45c5-a9e6-ffc1a67c945d 0.057s
2025-01-10 18:48:10.005 67889 INFO tempest.lib.common.rest_client [req-6e5ab674-b308-4d0a-a4da-6b3247c45c27 req-6e5ab674-b308-4d0a-a4da-6b3247c45c27 ] Request (ServersTestBootFromVolume:tearDownClass): 200 GET http://10.180.1.21/compute/v2.1/servers/34c7e0b0-14f3-473e-aa93-69c668d92bd4 0.092s
2025-01-10 18:48:10.062 67925 INFO tempest.lib.common.rest_client [req-b7d06205-bc6a-493d-b5bc-1c23bb5a82d3 req-b7d06205-bc6a-493d-b5bc-1c23bb5a82d3 ] Request (ServersTestJSON:_run_cleanups): 200 GET http://10.180.1.21/compute/v2.1/servers/97116663-4cff-4e44-a887-e570f071fff7 0.054s
2025-01-10 18:48:10.115 67921 INFO tempest.lib.common.rest_client [req-157cf1f8-34ad-476a-a814-1787aee19414 req-157cf1f8-34ad-476a-a814-1787aee19414 ] Request (MultipleCreateTestJSON:test_multiple_create_with_reservation_return): 200 GET http://10.180.1.21/compute/v2.1/servers/ba7ac02d-5544-4aca-bddb-2825c976241c 0.054s
2025-01-10 18:48:10.115 67881 INFO tempest.lib.common.rest_client [req-f37f364b-82a8-4639-acef-fd0efa50ef86 req-f37f364b-82a8-4639-acef-fd0efa50ef86 ] Request (ServersAdminTestJSON:test_rebuild_server_in_error_state): 200 GET http://10.180.1.21/compute/v2.1/servers/fb51b671-ea57-49e1-bb62-0f0a36f9de1b 0.095s
2025-01-10 18:48:10.171 67879 INFO tempest.lib.common.rest_client [req-c354fa74-4fc8-45fe-9987-cb0608f15cad req-c354fa74-4fc8-45fe-9987-cb0608f15cad ] Request (ServersTestMultiNic:_run_cleanups): 200 GET http://10.180.1.21/compute/v2.1/servers/b25ef405-c60d-43e9-b829-bc6d0e861364 0.087s
2025-01-10 18:48:10.177 67907 INFO tempest.lib.common.rest_client [req-1f966d70-040a-4b82-bd80-f2bd2df516ef req-1f966d70-040a-4b82-bd80-f2bd2df516ef ] Request (ListServerFiltersTestJSON:setUpClass): 200 GET http://10.180.1.21/compute/v2.1/servers/ecf46e23-9089-48bf-982c-d4002d90af9c 0.051s
2025-01-10 18:48:10.183 67907 INFO tempest.common.waiters [-] State transition "BUILD/scheduling" ==> "BUILD/None" after 20 second wait
2025-01-10 18:48:10.225 67899 INFO tempest.lib.common.rest_client [req-82b20219-84ae-4e53-8a37-891cddb135fd req-82b20219-84ae-4e53-8a37-891cddb135fd ] Request (ImagesTestJSON:test_create_image_from_suspended_server): 200 GET http://10.180.1.21/compute/v2.1/servers/0d3865b9-8e4c-4ea1-95d9-3440368179b6 0.048s
2025-01-10 18:48:10.302 67901 INFO tempest.lib.common.rest_client [req-29dd8776-a46a-4da5-9853-796673c48070 req-29dd8776-a46a-4da5-9853-796673c48070 ] Request (SecurityGroupsTestJSON:test_server_security_groups): 200 GET http://10.180.1.21/compute/v2.1/servers/339999aa-0f91-47fd-9fa7-766e28a99026 0.052s
2025-01-10 18:48:10.328 67871 INFO tempest.lib.common.rest_client [req-93f20b33-3735-4e05-9e8f-4bbe1e9322ce req-93f20b33-3735-4e05-9e8f-4bbe1e9322ce ] Request (InstanceActionsNegativeTestJSON:setUpClass): 200 GET http://10.180.1.21/compute/v2.1/servers/a856f251-8287-479a-b086-0eaa5882e084 0.123s
2025-01-10 18:48:10.335 67871 INFO tempest.common.waiters [-] State transition "BUILD/networking" ==> "BUILD/spawning" after 46 second wait
2025-01-10 18:48:10.353 67885 INFO tempest.lib.common.rest_client [req-06730071-a54d-4530-8499-b48cf36d61bb req-06730071-a54d-4530-8499-b48cf36d61bb ] Request (ServersNegativeTestJSON:setUpClass): 200 GET http://10.180.1.21/compute/v2.1/servers/c5343386-e9d5-4fc5-a7bc-56f568b8282b 0.099s
2025-01-10 18:48:10.379 67873 INFO tempest.lib.common.rest_client [req-95f9450d-da18-4b5c-bdae-ff608fff821d req-95f9450d-da18-4b5c-bdae-ff608fff821d ] Request (ServersAaction247Test:test_create_backup): 200 GET http://10.180.1.21/compute/v2.1/servers/8a88102f-7880-4fec-af45-6fc6651bfd18 0.074s
2025-01-10 18:48:10.423 67929 INFO tempest.lib.common.rest_client [req-fced13af-b3ef-405a-b35c-f4005b84f703 req-fced13af-b3ef-405a-b35c-f4005b84f703 ] Request (ServersAdmin275Test:tearDownClass): 200 GET http://10.180.1.21/compute/v2.1/servers/9f51515f-0845-40bf-b62a-9eaac1360e13 0.103s
2025-01-10 18:48:10.439 67932 INFO tempest.lib.common.rest_client [req-7a889b7d-60f1-4fab-acb1-175f509b7f5f req-7a889b7d-60f1-4fab-acb1-175f509b7f5f ] Request (ServerTagsTestJSON:setUpClass): 200 GET http://10.180.1.21/compute/v2.1/servers/85bb3618-e2ed-4dfa-8407-85aacf0ca554 0.074s
2025-01-10 18:48:10.468 67883 INFO tempest.lib.common.rest_client [req-2e789d3c-273a-49f0-874c-3aa19ee5fa89 req-2e789d3c-273a-49f0-874c-3aa19ee5fa89 ] Request (FloatingIPsAssociationTestJSON:test_associate_already_associated_floating_ip): 200 GET http://10.180.1.21/compute/v2.1/servers/e1bdb762-de7b-425c-8b36-4ef2ae552e0f 0.100s
2025-01-10 18:48:10.485 67923 INFO tempest.lib.common.rest_client [req-8bc038e6-3aa5-49d6-90d6-06f9d29bbf77 req-8bc038e6-3aa5-49d6-90d6-06f9d29bbf77 ] Request (ServersWithSpecificFlavorTestJSON:test_verify_created_server_ephemeral_disk): 200 GET http://10.180.1.21/compute/v2.1/servers/6204b096-8bc8-4f1f-ad9f-7d0af46dab21 0.058s
2025-01-10 18:48:10.514 67891 INFO tempest.lib.common.rest_client [req-86656843-6af7-4ebd-85c2-4782706ad0b9 req-86656843-6af7-4ebd-85c2-4782706ad0b9 ] Request (ServerActionsTestOtherA:setUpClass): 200 GET http://10.180.1.21/compute/v2.1/servers/547f622f-a5b2-4091-ad19-827bbce011a8 0.045s
2025-01-10 18:48:10.622 67927 INFO tempest.lib.common.rest_client [req-a5f0b616-a806-49bb-a353-0fbe34871605 req-a5f0b616-a806-49bb-a353-0fbe34871605 ] Request (ServerDiskConfigTestJSON:test_rebuild_server_with_manual_disk_config): 200 GET http://10.180.1.21/compute/v2.1/servers/451508ca-6b2f-4599-a8a5-1d132b3ee7f6 0.149s
2025-01-10 18:48:10.628 67927 INFO tempest.common.waiters [-] State transition "BUILD/spawning" ==> "ACTIVE/None" after 56 second wait
2025-01-10 18:48:10.709 67919 INFO tempest.lib.common.rest_client [req-b3c5d73f-234e-450d-beaf-974e0954c44b req-b3c5d73f-234e-450d-beaf-974e0954c44b ] Request (VolumesAssistedSnapshotsTest:tearDownClass): 200 GET http://10.180.1.21/compute/v2.1/servers/cef29849-b62f-448e-a20b-563fded880fe 0.063s
2025-01-10 18:48:10.718 67927 INFO tempest.lib.common.rest_client [req-d622f017-fdb9-474b-ad34-976a2b9b865a req-d622f017-fdb9-474b-ad34-976a2b9b865a ] Request (ServerDiskConfigTestJSON:test_rebuild_server_with_manual_disk_config): 200 GET http://10.180.1.21/compute/v2.1/servers/451508ca-6b2f-4599-a8a5-1d132b3ee7f6 0.090s
2025-01-10 18:48:10.753 67905 INFO tempest.lib.common.rest_client [req-092a980d-a672-4742-b99d-b4177e81e20e req-092a980d-a672-4742-b99d-b4177e81e20e ] Request (DeleteServersTestJSON:test_delete_server_while_in_attached_volume): 200 GET http://10.180.1.21/compute/v2.1/servers/40e066ca-2283-4c5e-a98a-bddfcf032070 0.067s
2025-01-10 18:48:10.771 67893 INFO tempest.lib.common.rest_client [req-586d293e-26ca-409f-95e9-a298d35ad2bf req-586d293e-26ca-409f-95e9-a298d35ad2bf ] Request (ServerShowV257Test:test_rebuild_server): 200 GET http://10.180.1.21/compute/v2.1/servers/dd73da07-637d-4675-9e13-d4b615a8fbca 0.049s
2025-01-10 18:48:10.813 67927 INFO tempest.lib.common.rest_client [req-890c0e24-0332-4b61-96cb-dcbef4d1876b req-890c0e24-0332-4b61-96cb-dcbef4d1876b ] Request (ServerDiskConfigTestJSON:test_rebuild_server_with_manual_disk_config): 200 PUT http://10.180.1.21/compute/v2.1/servers/451508ca-6b2f-4599-a8a5-1d132b3ee7f6 0.089s
2025-01-10 18:48:10.909 67927 INFO tempest.lib.common.rest_client [req-51f311ca-c711-4efc-a200-0471b0247a1b req-51f311ca-c711-4efc-a200-0471b0247a1b ] Request (ServerDiskConfigTestJSON:test_rebuild_server_with_manual_disk_config): 200 GET http://10.180.1.21/compute/v2.1/servers/451508ca-6b2f-4599-a8a5-1d132b3ee7f6 0.091s
2025-01-10 18:48:11.012 67927 INFO tempest.lib.common.rest_client [req-de279013-1b9d-4a12-9bbf-3c131fc0a092 req-de279013-1b9d-4a12-9bbf-3c131fc0a092 ] Request (ServerDiskConfigTestJSON:test_rebuild_server_with_manual_disk_config): 200 GET http://10.180.1.21/compute/v2.1/servers/451508ca-6b2f-4599-a8a5-1d132b3ee7f6 0.096s
2025-01-10 18:48:11.066 67903 INFO tempest.lib.common.rest_client [req-c3fa4bf1-982c-4ced-959a-2ff481d5c227 req-c3fa4bf1-982c-4ced-959a-2ff481d5c227 ] Request (ServersAdminNegativeTestJSON:tearDownClass): 200 GET http://10.180.1.21/compute/v2.1/servers/e0a703b0-dea3-45c5-a9e6-ffc1a67c945d 0.055s
2025-01-10 18:48:11.126 67895 WARNING tempest.lib.common.ssh [-] Failed to establish authenticated ssh connection to cirros@10.180.180.167 ([Errno None] Unable to connect to port 22 on 10.180.180.167). Number attempts: 4. Retry after 5 seconds.: paramiko.ssh_exception.NoValidConnectionsError: [Errno None] Unable to connect to port 22 on 10.180.180.167
2025-01-10 18:48:11.130 67889 INFO tempest.lib.common.rest_client [req-3ba03c35-c30b-47b5-ad89-77e2e1596a78 req-3ba03c35-c30b-47b5-ad89-77e2e1596a78 ] Request (ServersTestBootFromVolume:tearDownClass): 200 GET http://10.180.1.21/compute/v2.1/servers/34c7e0b0-14f3-473e-aa93-69c668d92bd4 0.117s
2025-01-10 18:48:11.183 67925 INFO tempest.lib.common.rest_client [req-3c066fa5-b316-47d6-a857-cb7f1c0f1734 req-3c066fa5-b316-47d6-a857-cb7f1c0f1734 ] Request (ServersTestJSON:_run_cleanups): 200 GET http://10.180.1.21/compute/v2.1/servers/97116663-4cff-4e44-a887-e570f071fff7 0.113s
2025-01-10 18:48:11.188 67927 INFO tempest.lib.common.rest_client [req-b4443230-530b-4080-93a6-854ac51d2e84 req-b4443230-530b-4080-93a6-854ac51d2e84 ] Request (ServerDiskConfigTestJSON:test_rebuild_server_with_manual_disk_config): 202 POST http://10.180.1.21/compute/v2.1/servers/451508ca-6b2f-4599-a8a5-1d132b3ee7f6/action 0.169s
2025-01-10 18:48:11.236 67921 INFO tempest.lib.common.rest_client [req-3a668833-2318-47af-9b1b-17ee108fa2d5 req-3a668833-2318-47af-9b1b-17ee108fa2d5 ] Request (MultipleCreateTestJSON:test_multiple_create_with_reservation_return): 200 GET http://10.180.1.21/compute/v2.1/servers/ba7ac02d-5544-4aca-bddb-2825c976241c 0.115s
2025-01-10 18:48:11.284 67881 INFO tempest.lib.common.rest_client [req-fb30b7d2-6717-4882-b10b-b4842e5505d1 req-fb30b7d2-6717-4882-b10b-b4842e5505d1 ] Request (ServersAdminTestJSON:test_rebuild_server_in_error_state): 200 GET http://10.180.1.21/compute/v2.1/servers/fb51b671-ea57-49e1-bb62-0f0a36f9de1b 0.162s
2025-01-10 18:48:11.289 67879 INFO tempest.lib.common.rest_client [req-15baf42e-c669-45d9-8a1a-1ec289669a45 req-15baf42e-c669-45d9-8a1a-1ec289669a45 ] Request (ServersTestMultiNic:_run_cleanups): 200 GET http://10.180.1.21/compute/v2.1/servers/b25ef405-c60d-43e9-b829-bc6d0e861364 0.110s
2025-01-10 18:48:11.329 67907 INFO tempest.lib.common.rest_client [req-c60063cd-0111-410c-971c-b45f60c51841 req-c60063cd-0111-410c-971c-b45f60c51841 ] Request (ListServerFiltersTestJSON:setUpClass): 200 GET http://10.180.1.21/compute/v2.1/servers/ecf46e23-9089-48bf-982c-d4002d90af9c 0.144s
2025-01-10 18:48:11.378 67927 INFO tempest.lib.common.rest_client [req-d0f2226c-3fe1-4b22-a6a4-12ec73e8472c req-d0f2226c-3fe1-4b22-a6a4-12ec73e8472c ] Request (ServerDiskConfigTestJSON:test_rebuild_server_with_manual_disk_config): 200 GET http://10.180.1.21/compute/v2.1/servers/451508ca-6b2f-4599-a8a5-1d132b3ee7f6 0.186s
2025-01-10 18:48:11.378 67899 INFO tempest.lib.common.rest_client [req-aa4e418b-49be-494c-aac0-81b4551e7eb1 req-aa4e418b-49be-494c-aac0-81b4551e7eb1 ] Request (ImagesTestJSON:test_create_image_from_suspended_server): 200 GET http://10.180.1.21/compute/v2.1/servers/0d3865b9-8e4c-4ea1-95d9-3440368179b6 0.144s
2025-01-10 18:48:11.437 67901 INFO tempest.lib.common.rest_client [req-9dbc7b26-f7e4-4939-95e1-569faa5cd302 req-9dbc7b26-f7e4-4939-95e1-569faa5cd302 ] Request (SecurityGroupsTestJSON:test_server_security_groups): 200 GET http://10.180.1.21/compute/v2.1/servers/339999aa-0f91-47fd-9fa7-766e28a99026 0.128s
2025-01-10 18:48:11.481 67871 INFO tempest.lib.common.rest_client [req-7f2d871e-6390-4c40-b27b-251c6f40ab62 req-7f2d871e-6390-4c40-b27b-251c6f40ab62 ] Request (InstanceActionsNegativeTestJSON:setUpClass): 200 GET http://10.180.1.21/compute/v2.1/servers/a856f251-8287-479a-b086-0eaa5882e084 0.145s
2025-01-10 18:48:11.486 67885 INFO tempest.lib.common.rest_client [req-920dfcf8-039b-41db-8120-e6c28547d07c req-920dfcf8-039b-41db-8120-e6c28547d07c ] Request (ServersNegativeTestJSON:setUpClass): 200 GET http://10.180.1.21/compute/v2.1/servers/c5343386-e9d5-4fc5-a7bc-56f568b8282b 0.124s
2025-01-10 18:48:11.533 67873 INFO tempest.lib.common.rest_client [req-9214efc7-ec61-4312-9a54-4c80559abe55 req-9214efc7-ec61-4312-9a54-4c80559abe55 ] Request (ServersAaction247Test:test_create_backup): 200 GET http://10.180.1.21/compute/v2.1/servers/8a88102f-7880-4fec-af45-6fc6651bfd18 0.146s
2025-01-10 18:48:11.540 67929 INFO tempest.lib.common.rest_client [req-d3d76314-955d-4564-84c9-3c91dbb8898b req-d3d76314-955d-4564-84c9-3c91dbb8898b ] Request (ServersAdmin275Test:tearDownClass): 200 GET http://10.180.1.21/compute/v2.1/servers/9f51515f-0845-40bf-b62a-9eaac1360e13 0.106s
2025-01-10 18:48:11.579 67932 INFO tempest.lib.common.rest_client [req-1e4b4929-50d7-47ce-8b72-d63e20ea96bf req-1e4b4929-50d7-47ce-8b72-d63e20ea96bf ] Request (ServerTagsTestJSON:setUpClass): 200 GET http://10.180.1.21/compute/v2.1/servers/85bb3618-e2ed-4dfa-8407-85aacf0ca554 0.132s
2025-01-10 18:48:11.582 67883 INFO tempest.lib.common.rest_client [req-d5f15337-f715-4927-aec1-f9698938b690 req-d5f15337-f715-4927-aec1-f9698938b690 ] Request (FloatingIPsAssociationTestJSON:test_associate_already_associated_floating_ip): 200 GET http://10.180.1.21/compute/v2.1/servers/e1bdb762-de7b-425c-8b36-4ef2ae552e0f 0.108s
2025-01-10 18:48:11.589 67883 INFO tempest.common.waiters [-] State transition "BUILD/scheduling" ==> "BUILD/None" after 17 second wait
2025-01-10 18:48:11.626 67923 INFO tempest.lib.common.rest_client [req-14496acb-cd78-4cbc-9dfb-7d63a92858ce req-14496acb-cd78-4cbc-9dfb-7d63a92858ce ] Request (ServersWithSpecificFlavorTestJSON:test_verify_created_server_ephemeral_disk): 200 GET http://10.180.1.21/compute/v2.1/servers/6204b096-8bc8-4f1f-ad9f-7d0af46dab21 0.133s
2025-01-10 18:48:11.628 67891 INFO tempest.lib.common.rest_client [req-cc332aea-8436-41d0-8c35-56ac015872d7 req-cc332aea-8436-41d0-8c35-56ac015872d7 ] Request (ServerActionsTestOtherA:setUpClass): 200 GET http://10.180.1.21/compute/v2.1/servers/547f622f-a5b2-4091-ad19-827bbce011a8 0.107s
2025-01-10 18:48:11.777 67919 INFO tempest.lib.common.rest_client [req-2d094a5a-b02a-4c30-ac99-25a168893301 req-2d094a5a-b02a-4c30-ac99-25a168893301 ] Request (VolumesAssistedSnapshotsTest:tearDownClass): 200 GET http://10.180.1.21/compute/v2.1/servers/cef29849-b62f-448e-a20b-563fded880fe 0.061s
2025-01-10 18:48:11.808 67905 INFO tempest.lib.common.rest_client [req-0e6e7661-4265-46b3-a625-d5a499a37f64 req-0e6e7661-4265-46b3-a625-d5a499a37f64 ] Request (DeleteServersTestJSON:test_delete_server_while_in_attached_volume): 200 GET http://10.180.1.21/compute/v2.1/servers/40e066ca-2283-4c5e-a98a-bddfcf032070 0.048s
2025-01-10 18:48:11.831 67893 INFO tempest.lib.common.rest_client [req-69c4c9d9-70d8-4213-a8a3-a5ab4d78216e req-69c4c9d9-70d8-4213-a8a3-a5ab4d78216e ] Request (ServerShowV257Test:test_rebuild_server): 200 GET http://10.180.1.21/compute/v2.1/servers/dd73da07-637d-4675-9e13-d4b615a8fbca 0.051s
2025-01-10 18:48:11.838 67893 INFO tempest.common.waiters [-] State transition "REBUILD/rebuilding" ==> "REBUILD/rebuild_spawning" after 3 second wait
2025-01-10 18:48:12.130 67903 INFO tempest.lib.common.rest_client [req-798ea57c-cd66-470f-aa6d-6b1db9e34aa7 req-798ea57c-cd66-470f-aa6d-6b1db9e34aa7 ] Request (ServersAdminNegativeTestJSON:tearDownClass): 200 GET http://10.180.1.21/compute/v2.1/servers/e0a703b0-dea3-45c5-a9e6-ffc1a67c945d 0.057s
2025-01-10 18:48:12.238 67889 INFO tempest.lib.common.rest_client [req-fc7cdbdf-5c87-4311-bd80-cd255a09d7fe req-fc7cdbdf-5c87-4311-bd80-cd255a09d7fe ] Request (ServersTestBootFromVolume:tearDownClass): 200 GET http://10.180.1.21/compute/v2.1/servers/34c7e0b0-14f3-473e-aa93-69c668d92bd4 0.100s
2025-01-10 18:48:12.249 67925 INFO tempest.lib.common.rest_client [req-8e63cae1-46a0-4cfb-b9ee-728b2f6adde5 req-8e63cae1-46a0-4cfb-b9ee-728b2f6adde5 ] Request (ServersTestJSON:_run_cleanups): 200 GET http://10.180.1.21/compute/v2.1/servers/97116663-4cff-4e44-a887-e570f071fff7 0.058s
2025-01-10 18:48:12.290 67921 INFO tempest.lib.common.rest_client [req-b1bf5b47-2afb-448b-8125-2bebfb8de469 req-b1bf5b47-2afb-448b-8125-2bebfb8de469 ] Request (MultipleCreateTestJSON:test_multiple_create_with_reservation_return): 200 GET http://10.180.1.21/compute/v2.1/servers/ba7ac02d-5544-4aca-bddb-2825c976241c 0.048s
2025-01-10 18:48:12.360 67879 INFO tempest.lib.common.rest_client [req-87de3ebb-4d4d-46ed-8a0c-7737e539e1ea req-87de3ebb-4d4d-46ed-8a0c-7737e539e1ea ] Request (ServersTestMultiNic:_run_cleanups): 200 GET http://10.180.1.21/compute/v2.1/servers/b25ef405-c60d-43e9-b829-bc6d0e861364 0.063s
2025-01-10 18:48:12.391 67881 INFO tempest.lib.common.rest_client [req-d1427024-6770-4ab8-9250-47b85ac10be4 req-d1427024-6770-4ab8-9250-47b85ac10be4 ] Request (ServersAdminTestJSON:test_rebuild_server_in_error_state): 200 GET http://10.180.1.21/compute/v2.1/servers/fb51b671-ea57-49e1-bb62-0f0a36f9de1b 0.099s
2025-01-10 18:48:12.409 67907 INFO tempest.lib.common.rest_client [req-feeed31e-191b-49eb-b1a2-29eb21aacf5d req-feeed31e-191b-49eb-b1a2-29eb21aacf5d ] Request (ListServerFiltersTestJSON:setUpClass): 200 GET http://10.180.1.21/compute/v2.1/servers/ecf46e23-9089-48bf-982c-d4002d90af9c 0.072s
2025-01-10 18:48:12.461 67899 INFO tempest.lib.common.rest_client [req-a910af07-2f78-46f5-a7b5-6ef6d1c241fe req-a910af07-2f78-46f5-a7b5-6ef6d1c241fe ] Request (ImagesTestJSON:test_create_image_from_suspended_server): 200 GET http://10.180.1.21/compute/v2.1/servers/0d3865b9-8e4c-4ea1-95d9-3440368179b6 0.072s
2025-01-10 18:48:12.513 67901 INFO tempest.lib.common.rest_client [req-b0f7a821-d368-481b-833f-16faefe25694 req-b0f7a821-d368-481b-833f-16faefe25694 ] Request (SecurityGroupsTestJSON:test_server_security_groups): 200 GET http://10.180.1.21/compute/v2.1/servers/339999aa-0f91-47fd-9fa7-766e28a99026 0.068s
2025-01-10 18:48:12.560 67927 INFO tempest.lib.common.rest_client [req-9d713991-2a1d-48e6-9669-3b455e8472e3 req-9d713991-2a1d-48e6-9669-3b455e8472e3 ] Request (ServerDiskConfigTestJSON:test_rebuild_server_with_manual_disk_config): 200 GET http://10.180.1.21/compute/v2.1/servers/451508ca-6b2f-4599-a8a5-1d132b3ee7f6 0.174s
2025-01-10 18:48:12.599 67871 INFO tempest.lib.common.rest_client [req-1aecec95-8710-4dfd-9195-7d3128d0f8f2 req-1aecec95-8710-4dfd-9195-7d3128d0f8f2 ] Request (InstanceActionsNegativeTestJSON:setUpClass): 200 GET http://10.180.1.21/compute/v2.1/servers/a856f251-8287-479a-b086-0eaa5882e084 0.111s
2025-01-10 18:48:12.605 67885 INFO tempest.lib.common.rest_client [req-ad139152-6518-465e-9e06-5f2b727083a5 req-ad139152-6518-465e-9e06-5f2b727083a5 ] Request (ServersNegativeTestJSON:setUpClass): 200 GET http://10.180.1.21/compute/v2.1/servers/c5343386-e9d5-4fc5-a7bc-56f568b8282b 0.112s
2025-01-10 18:48:12.647 67873 INFO tempest.lib.common.rest_client [req-d9b72e2d-836e-4877-b7bd-a063a48f2393 req-d9b72e2d-836e-4877-b7bd-a063a48f2393 ] Request (ServersAaction247Test:test_create_backup): 200 GET http://10.180.1.21/compute/v2.1/servers/8a88102f-7880-4fec-af45-6fc6651bfd18 0.105s
2025-01-10 18:48:12.672 67929 INFO tempest.lib.common.rest_client [req-727b0b52-e0d3-4e2a-977b-ed3df3c394e1 req-727b0b52-e0d3-4e2a-977b-ed3df3c394e1 ] Request (ServersAdmin275Test:tearDownClass): 200 GET http://10.180.1.21/compute/v2.1/servers/9f51515f-0845-40bf-b62a-9eaac1360e13 0.122s
2025-01-10 18:48:12.700 67932 INFO tempest.lib.common.rest_client [req-18dfa017-fc86-4751-95f1-e7ed4999b115 req-18dfa017-fc86-4751-95f1-e7ed4999b115 ] Request (ServerTagsTestJSON:setUpClass): 200 GET http://10.180.1.21/compute/v2.1/servers/85bb3618-e2ed-4dfa-8407-85aacf0ca554 0.112s
2025-01-10 18:48:12.718 67883 INFO tempest.lib.common.rest_client [req-1573d790-4b8a-42c1-b74c-a4382e26932c req-1573d790-4b8a-42c1-b74c-a4382e26932c ] Request (FloatingIPsAssociationTestJSON:test_associate_already_associated_floating_ip): 200 GET http://10.180.1.21/compute/v2.1/servers/e1bdb762-de7b-425c-8b36-4ef2ae552e0f 0.128s
2025-01-10 18:48:12.746 67923 INFO tempest.lib.common.rest_client [req-e06a8408-20f6-4079-a6bc-13295a942e2a req-e06a8408-20f6-4079-a6bc-13295a942e2a ] Request (ServersWithSpecificFlavorTestJSON:test_verify_created_server_ephemeral_disk): 200 GET http://10.180.1.21/compute/v2.1/servers/6204b096-8bc8-4f1f-ad9f-7d0af46dab21 0.114s
2025-01-10 18:48:12.759 67891 INFO tempest.lib.common.rest_client [req-cd119b91-6069-4047-ac96-654e1afb292a req-cd119b91-6069-4047-ac96-654e1afb292a ] Request (ServerActionsTestOtherA:setUpClass): 200 GET http://10.180.1.21/compute/v2.1/servers/547f622f-a5b2-4091-ad19-827bbce011a8 0.123s
2025-01-10 18:48:12.782 67887 WARNING tempest.lib.common.ssh [-] Failed to establish authenticated ssh connection to cirros@10.180.180.143 ([Errno None] Unable to connect to port 22 on 10.180.180.143). Number attempts: 10. Retry after 11 seconds.: paramiko.ssh_exception.NoValidConnectionsError: [Errno None] Unable to connect to port 22 on 10.180.180.143
2025-01-10 18:48:12.841 67919 INFO tempest.lib.common.rest_client [req-a8327c0e-b65e-4b47-a038-cdfb29877092 req-a8327c0e-b65e-4b47-a038-cdfb29877092 ] Request (VolumesAssistedSnapshotsTest:tearDownClass): 200 GET http://10.180.1.21/compute/v2.1/servers/cef29849-b62f-448e-a20b-563fded880fe 0.056s
2025-01-10 18:48:12.867 67905 INFO tempest.lib.common.rest_client [req-6306551d-759d-4925-bdba-a48305956a06 req-6306551d-759d-4925-bdba-a48305956a06 ] Request (DeleteServersTestJSON:test_delete_server_while_in_attached_volume): 200 GET http://10.180.1.21/compute/v2.1/servers/40e066ca-2283-4c5e-a98a-bddfcf032070 0.051s
2025-01-10 18:48:12.891 67893 INFO tempest.lib.common.rest_client [req-1c2dab8c-7bdc-486b-8687-58027167b67d req-1c2dab8c-7bdc-486b-8687-58027167b67d ] Request (ServerShowV257Test:test_rebuild_server): 200 GET http://10.180.1.21/compute/v2.1/servers/dd73da07-637d-4675-9e13-d4b615a8fbca 0.051s
2025-01-10 18:48:13.190 67903 INFO tempest.lib.common.rest_client [req-1574574c-29b8-4af3-ae57-6695f46e63b8 req-1574574c-29b8-4af3-ae57-6695f46e63b8 ] Request (ServersAdminNegativeTestJSON:tearDownClass): 200 GET http://10.180.1.21/compute/v2.1/servers/e0a703b0-dea3-45c5-a9e6-ffc1a67c945d 0.051s
2025-01-10 18:48:13.310 67925 INFO tempest.lib.common.rest_client [req-a39d84ea-5b23-4fab-a5f2-1eb129424c5e req-a39d84ea-5b23-4fab-a5f2-1eb129424c5e ] Request (ServersTestJSON:_run_cleanups): 200 GET http://10.180.1.21/compute/v2.1/servers/97116663-4cff-4e44-a887-e570f071fff7 0.054s
2025-01-10 18:48:13.337 67889 INFO tempest.lib.common.rest_client [req-047281d2-64d3-47db-becb-30f9971aea44 req-047281d2-64d3-47db-becb-30f9971aea44 ] Request (ServersTestBootFromVolume:tearDownClass): 200 GET http://10.180.1.21/compute/v2.1/servers/34c7e0b0-14f3-473e-aa93-69c668d92bd4 0.092s
2025-01-10 18:48:13.360 67921 INFO tempest.lib.common.rest_client [req-4eeb0728-67e4-4b1e-89dd-a40a93886320 req-4eeb0728-67e4-4b1e-89dd-a40a93886320 ] Request (MultipleCreateTestJSON:test_multiple_create_with_reservation_return): 200 GET http://10.180.1.21/compute/v2.1/servers/ba7ac02d-5544-4aca-bddb-2825c976241c 0.063s
2025-01-10 18:48:13.394 67869 WARNING tempest.lib.common.ssh [-] Failed to establish authenticated ssh connection to cirros@10.180.180.133 ([Errno None] Unable to connect to port 22 on 10.180.180.133). Number attempts: 6. Retry after 7 seconds.: paramiko.ssh_exception.NoValidConnectionsError: [Errno None] Unable to connect to port 22 on 10.180.180.133
2025-01-10 18:48:13.431 67879 INFO tempest.lib.common.rest_client [req-eb02f711-022b-46d5-9eb1-68acf8711b53 req-eb02f711-022b-46d5-9eb1-68acf8711b53 ] Request (ServersTestMultiNic:_run_cleanups): 200 GET http://10.180.1.21/compute/v2.1/servers/b25ef405-c60d-43e9-b829-bc6d0e861364 0.063s
2025-01-10 18:48:13.485 67907 INFO tempest.lib.common.rest_client [req-9ab71b01-7b97-4842-93d8-f94255396176 req-9ab71b01-7b97-4842-93d8-f94255396176 ] Request (ListServerFiltersTestJSON:setUpClass): 200 GET http://10.180.1.21/compute/v2.1/servers/ecf46e23-9089-48bf-982c-d4002d90af9c 0.068s
2025-01-10 18:48:13.522 67881 INFO tempest.lib.common.rest_client [req-4136c163-ac68-46b5-b78a-1b7bc660a7fc req-4136c163-ac68-46b5-b78a-1b7bc660a7fc ] Request (ServersAdminTestJSON:test_rebuild_server_in_error_state): 200 GET http://10.180.1.21/compute/v2.1/servers/fb51b671-ea57-49e1-bb62-0f0a36f9de1b 0.123s
2025-01-10 18:48:13.531 67899 INFO tempest.lib.common.rest_client [req-07825d21-321d-4a64-986c-6f9c880d58a3 req-07825d21-321d-4a64-986c-6f9c880d58a3 ] Request (ImagesTestJSON:test_create_image_from_suspended_server): 200 GET http://10.180.1.21/compute/v2.1/servers/0d3865b9-8e4c-4ea1-95d9-3440368179b6 0.063s
2025-01-10 18:48:13.576 67901 INFO tempest.lib.common.rest_client [req-c5f1339d-ea88-40d4-8165-a5c0f3e72336 req-c5f1339d-ea88-40d4-8165-a5c0f3e72336 ] Request (SecurityGroupsTestJSON:test_server_security_groups): 200 GET http://10.180.1.21/compute/v2.1/servers/339999aa-0f91-47fd-9fa7-766e28a99026 0.056s
2025-01-10 18:48:13.661 67927 INFO tempest.lib.common.rest_client [req-f380a9d8-06ad-4b49-a398-632ed12feaca req-f380a9d8-06ad-4b49-a398-632ed12feaca ] Request (ServerDiskConfigTestJSON:test_rebuild_server_with_manual_disk_config): 200 GET http://10.180.1.21/compute/v2.1/servers/451508ca-6b2f-4599-a8a5-1d132b3ee7f6 0.094s
2025-01-10 18:48:13.697 67871 INFO tempest.lib.common.rest_client [req-2f9734ee-2569-40ae-89cb-58a2072e4e05 req-2f9734ee-2569-40ae-89cb-58a2072e4e05 ] Request (InstanceActionsNegativeTestJSON:setUpClass): 200 GET http://10.180.1.21/compute/v2.1/servers/a856f251-8287-479a-b086-0eaa5882e084 0.090s
2025-01-10 18:48:13.706 67885 INFO tempest.lib.common.rest_client [req-38ad2a73-0ed7-415d-8f3d-482be198bc7a req-38ad2a73-0ed7-415d-8f3d-482be198bc7a ] Request (ServersNegativeTestJSON:setUpClass): 200 GET http://10.180.1.21/compute/v2.1/servers/c5343386-e9d5-4fc5-a7bc-56f568b8282b 0.094s
2025-01-10 18:48:13.744 67873 INFO tempest.lib.common.rest_client [req-c8c59de7-cff2-4d76-afec-6765399ebf41 req-c8c59de7-cff2-4d76-afec-6765399ebf41 ] Request (ServersAaction247Test:test_create_backup): 200 GET http://10.180.1.21/compute/v2.1/servers/8a88102f-7880-4fec-af45-6fc6651bfd18 0.089s
2025-01-10 18:48:13.764 67929 INFO tempest.lib.common.rest_client [req-9dbc7423-3e45-4d39-a9f7-61b738fdba35 req-9dbc7423-3e45-4d39-a9f7-61b738fdba35 ] Request (ServersAdmin275Test:tearDownClass): 200 GET http://10.180.1.21/compute/v2.1/servers/9f51515f-0845-40bf-b62a-9eaac1360e13 0.082s
2025-01-10 18:48:13.795 67932 INFO tempest.lib.common.rest_client [req-4ae6b1f4-61a3-4b22-8f9e-24ad179f23b9 req-4ae6b1f4-61a3-4b22-8f9e-24ad179f23b9 ] Request (ServerTagsTestJSON:setUpClass): 200 GET http://10.180.1.21/compute/v2.1/servers/85bb3618-e2ed-4dfa-8407-85aacf0ca554 0.084s
2025-01-10 18:48:13.809 67883 INFO tempest.lib.common.rest_client [req-067f2a4d-0c07-4db5-bc8b-8ba714c6b0a8 req-067f2a4d-0c07-4db5-bc8b-8ba714c6b0a8 ] Request (FloatingIPsAssociationTestJSON:test_associate_already_associated_floating_ip): 200 GET http://10.180.1.21/compute/v2.1/servers/e1bdb762-de7b-425c-8b36-4ef2ae552e0f 0.085s
2025-01-10 18:48:13.838 67923 INFO tempest.lib.common.rest_client [req-38344a1b-a22a-4c18-9d79-de3872196fe8 req-38344a1b-a22a-4c18-9d79-de3872196fe8 ] Request (ServersWithSpecificFlavorTestJSON:test_verify_created_server_ephemeral_disk): 200 GET http://10.180.1.21/compute/v2.1/servers/6204b096-8bc8-4f1f-ad9f-7d0af46dab21 0.085s
2025-01-10 18:48:13.856 67891 INFO tempest.lib.common.rest_client [req-6304bbfc-c19d-4822-936b-10693bd06401 req-6304bbfc-c19d-4822-936b-10693bd06401 ] Request (ServerActionsTestOtherA:setUpClass): 200 GET http://10.180.1.21/compute/v2.1/servers/547f622f-a5b2-4091-ad19-827bbce011a8 0.090s
2025-01-10 18:48:13.903 67919 INFO tempest.lib.common.rest_client [req-4e0fbdad-7d3d-4524-b506-66b09ae3fcbd req-4e0fbdad-7d3d-4524-b506-66b09ae3fcbd ] Request (VolumesAssistedSnapshotsTest:tearDownClass): 200 GET http://10.180.1.21/compute/v2.1/servers/cef29849-b62f-448e-a20b-563fded880fe 0.054s
2025-01-10 18:48:13.926 67905 INFO tempest.lib.common.rest_client [req-ed18817c-f5b1-40ae-8645-a72041905031 req-ed18817c-f5b1-40ae-8645-a72041905031 ] Request (DeleteServersTestJSON:test_delete_server_while_in_attached_volume): 200 GET http://10.180.1.21/compute/v2.1/servers/40e066ca-2283-4c5e-a98a-bddfcf032070 0.052s
2025-01-10 18:48:13.955 67893 INFO tempest.lib.common.rest_client [req-7f7cbc84-dc34-4116-ac41-509871c98e24 req-7f7cbc84-dc34-4116-ac41-509871c98e24 ] Request (ServerShowV257Test:test_rebuild_server): 200 GET http://10.180.1.21/compute/v2.1/servers/dd73da07-637d-4675-9e13-d4b615a8fbca 0.055s
2025-01-10 18:48:13.980 67915 WARNING tempest.lib.common.ssh [-] Failed to establish authenticated ssh connection to cirros@10.180.180.144 ([Errno None] Unable to connect to port 22 on 10.180.180.144). Number attempts: 12. Retry after 13 seconds.: paramiko.ssh_exception.NoValidConnectionsError: [Errno None] Unable to connect to port 22 on 10.180.180.144
2025-01-10 18:48:14.252 67903 INFO tempest.lib.common.rest_client [req-f9104659-d6cb-4a41-85a2-2a92d7d06d25 req-f9104659-d6cb-4a41-85a2-2a92d7d06d25 ] Request (ServersAdminNegativeTestJSON:tearDownClass): 200 GET http://10.180.1.21/compute/v2.1/servers/e0a703b0-dea3-45c5-a9e6-ffc1a67c945d 0.055s
2025-01-10 18:48:14.373 67925 INFO tempest.lib.common.rest_client [req-870c5c77-c4f0-4811-a7b9-4d5aef1f8b1b req-870c5c77-c4f0-4811-a7b9-4d5aef1f8b1b ] Request (ServersTestJSON:_run_cleanups): 200 GET http://10.180.1.21/compute/v2.1/servers/97116663-4cff-4e44-a887-e570f071fff7 0.055s
2025-01-10 18:48:14.424 67921 INFO tempest.lib.common.rest_client [req-fa3574fd-3af8-4dd6-9bea-3b5d74632015 req-fa3574fd-3af8-4dd6-9bea-3b5d74632015 ] Request (MultipleCreateTestJSON:test_multiple_create_with_reservation_return): 200 GET http://10.180.1.21/compute/v2.1/servers/ba7ac02d-5544-4aca-bddb-2825c976241c 0.056s
2025-01-10 18:48:14.447 67889 INFO tempest.lib.common.rest_client [req-749c5ed8-f7f5-4f54-80d2-c0cd575d409f req-749c5ed8-f7f5-4f54-80d2-c0cd575d409f ] Request (ServersTestBootFromVolume:tearDownClass): 200 GET http://10.180.1.21/compute/v2.1/servers/34c7e0b0-14f3-473e-aa93-69c668d92bd4 0.101s
2025-01-10 18:48:14.504 67879 INFO tempest.lib.common.rest_client [req-de3e2d9c-3a13-49b9-9219-e95fe6b90960 req-de3e2d9c-3a13-49b9-9219-e95fe6b90960 ] Request (ServersTestMultiNic:_run_cleanups): 200 GET http://10.180.1.21/compute/v2.1/servers/b25ef405-c60d-43e9-b829-bc6d0e861364 0.066s
2025-01-10 18:48:14.551 67907 INFO tempest.lib.common.rest_client [req-5819f731-24a8-4705-afc4-94031f574868 req-5819f731-24a8-4705-afc4-94031f574868 ] Request (ListServerFiltersTestJSON:setUpClass): 200 GET http://10.180.1.21/compute/v2.1/servers/ecf46e23-9089-48bf-982c-d4002d90af9c 0.058s
2025-01-10 18:48:14.606 67899 INFO tempest.lib.common.rest_client [req-61d915b1-0ed3-4a92-a30f-4e90aa54e089 req-61d915b1-0ed3-4a92-a30f-4e90aa54e089 ] Request (ImagesTestJSON:test_create_image_from_suspended_server): 200 GET http://10.180.1.21/compute/v2.1/servers/0d3865b9-8e4c-4ea1-95d9-3440368179b6 0.068s
2025-01-10 18:48:14.635 67881 INFO tempest.lib.common.rest_client [req-27ebe6b9-a48a-4187-b316-dd150b9719fb req-27ebe6b9-a48a-4187-b316-dd150b9719fb ] Request (ServersAdminTestJSON:test_rebuild_server_in_error_state): 200 GET http://10.180.1.21/compute/v2.1/servers/fb51b671-ea57-49e1-bb62-0f0a36f9de1b 0.106s
2025-01-10 18:48:14.665 67901 INFO tempest.lib.common.rest_client [req-79ab4247-6699-4dc8-8f7c-fd7eb0c4c41f req-79ab4247-6699-4dc8-8f7c-fd7eb0c4c41f ] Request (SecurityGroupsTestJSON:test_server_security_groups): 200 GET http://10.180.1.21/compute/v2.1/servers/339999aa-0f91-47fd-9fa7-766e28a99026 0.082s
2025-01-10 18:48:14.776 67927 INFO tempest.lib.common.rest_client [req-9ad1240d-90d4-4c91-9dfa-4f53d3acba84 req-9ad1240d-90d4-4c91-9dfa-4f53d3acba84 ] Request (ServerDiskConfigTestJSON:test_rebuild_server_with_manual_disk_config): 200 GET http://10.180.1.21/compute/v2.1/servers/451508ca-6b2f-4599-a8a5-1d132b3ee7f6 0.107s
2025-01-10 18:48:14.803 67871 INFO tempest.lib.common.rest_client [req-a474df4a-cff7-4d67-b92b-c0359b31e5b0 req-a474df4a-cff7-4d67-b92b-c0359b31e5b0 ] Request (InstanceActionsNegativeTestJSON:setUpClass): 200 GET http://10.180.1.21/compute/v2.1/servers/a856f251-8287-479a-b086-0eaa5882e084 0.099s
2025-01-10 18:48:14.829 67885 INFO tempest.lib.common.rest_client [req-0428295b-c620-4834-8672-b53a0b41cbc1 req-0428295b-c620-4834-8672-b53a0b41cbc1 ] Request (ServersNegativeTestJSON:setUpClass): 200 GET http://10.180.1.21/compute/v2.1/servers/c5343386-e9d5-4fc5-a7bc-56f568b8282b 0.117s
2025-01-10 18:48:14.857 67873 INFO tempest.lib.common.rest_client [req-41662a39-607b-4939-b6bf-22e9daf0c4e6 req-41662a39-607b-4939-b6bf-22e9daf0c4e6 ] Request (ServersAaction247Test:test_create_backup): 200 GET http://10.180.1.21/compute/v2.1/servers/8a88102f-7880-4fec-af45-6fc6651bfd18 0.104s
2025-01-10 18:48:14.892 67929 INFO tempest.lib.common.rest_client [req-5a1e5663-1ffa-4a6b-b91b-9e2031cf9a3d req-5a1e5663-1ffa-4a6b-b91b-9e2031cf9a3d ] Request (ServersAdmin275Test:tearDownClass): 200 GET http://10.180.1.21/compute/v2.1/servers/9f51515f-0845-40bf-b62a-9eaac1360e13 0.118s
2025-01-10 18:48:14.913 67932 INFO tempest.lib.common.rest_client [req-cd615d42-4533-4cda-aafa-409916e8ce87 req-cd615d42-4533-4cda-aafa-409916e8ce87 ] Request (ServerTagsTestJSON:setUpClass): 200 GET http://10.180.1.21/compute/v2.1/servers/85bb3618-e2ed-4dfa-8407-85aacf0ca554 0.111s
2025-01-10 18:48:14.937 67883 INFO tempest.lib.common.rest_client [req-e3259db1-a1ae-4613-98b9-4b9cec363bb7 req-e3259db1-a1ae-4613-98b9-4b9cec363bb7 ] Request (FloatingIPsAssociationTestJSON:test_associate_already_associated_floating_ip): 200 GET http://10.180.1.21/compute/v2.1/servers/e1bdb762-de7b-425c-8b36-4ef2ae552e0f 0.119s
2025-01-10 18:48:14.961 67923 INFO tempest.lib.common.rest_client [req-6729bc60-220f-4b9d-a4f3-974b4ed30851 req-6729bc60-220f-4b9d-a4f3-974b4ed30851 ] Request (ServersWithSpecificFlavorTestJSON:test_verify_created_server_ephemeral_disk): 200 GET http://10.180.1.21/compute/v2.1/servers/6204b096-8bc8-4f1f-ad9f-7d0af46dab21 0.116s
2025-01-10 18:48:14.988 67891 INFO tempest.lib.common.rest_client [req-0d716e1b-b725-4c8d-9afb-9b61a3cc5ea6 req-0d716e1b-b725-4c8d-9afb-9b61a3cc5ea6 ] Request (ServerActionsTestOtherA:setUpClass): 200 GET http://10.180.1.21/compute/v2.1/servers/547f622f-a5b2-4091-ad19-827bbce011a8 0.126s
2025-01-10 18:48:15.028 67919 INFO tempest.lib.common.rest_client [req-daadfd9c-cf33-4e0e-b11c-74d71825e1e0 req-daadfd9c-cf33-4e0e-b11c-74d71825e1e0 ] Request (VolumesAssistedSnapshotsTest:tearDownClass): 200 GET http://10.180.1.21/compute/v2.1/servers/cef29849-b62f-448e-a20b-563fded880fe 0.115s
2025-01-10 18:48:15.034 67905 INFO tempest.lib.common.rest_client [req-e80cbdb5-9b21-47c7-a154-0ae3cc7d1e02 req-e80cbdb5-9b21-47c7-a154-0ae3cc7d1e02 ] Request (DeleteServersTestJSON:test_delete_server_while_in_attached_volume): 200 GET http://10.180.1.21/compute/v2.1/servers/40e066ca-2283-4c5e-a98a-bddfcf032070 0.101s
2025-01-10 18:48:15.086 67893 INFO tempest.lib.common.rest_client [req-7c4a9a8c-dd2b-46ef-b44a-3f53955a5069 req-7c4a9a8c-dd2b-46ef-b44a-3f53955a5069 ] Request (ServerShowV257Test:test_rebuild_server): 200 GET http://10.180.1.21/compute/v2.1/servers/dd73da07-637d-4675-9e13-d4b615a8fbca 0.122s
2025-01-10 18:48:15.323 67903 INFO tempest.lib.common.rest_client [req-3bf08dab-6c38-4a4c-abc5-7be75496ad4a req-3bf08dab-6c38-4a4c-abc5-7be75496ad4a ] Request (ServersAdminNegativeTestJSON:tearDownClass): 200 GET http://10.180.1.21/compute/v2.1/servers/e0a703b0-dea3-45c5-a9e6-ffc1a67c945d 0.065s
2025-01-10 18:48:15.446 67925 INFO tempest.lib.common.rest_client [req-84eb7a99-492c-4f27-bf97-8ddcc9275bf7 req-84eb7a99-492c-4f27-bf97-8ddcc9275bf7 ] Request (ServersTestJSON:_run_cleanups): 200 GET http://10.180.1.21/compute/v2.1/servers/97116663-4cff-4e44-a887-e570f071fff7 0.066s
2025-01-10 18:48:15.492 67921 INFO tempest.lib.common.rest_client [req-5e950444-1bad-4a4e-ac27-844bb5fae031 req-5e950444-1bad-4a4e-ac27-844bb5fae031 ] Request (MultipleCreateTestJSON:test_multiple_create_with_reservation_return): 200 GET http://10.180.1.21/compute/v2.1/servers/ba7ac02d-5544-4aca-bddb-2825c976241c 0.061s
2025-01-10 18:48:15.522 67889 INFO tempest.lib.common.rest_client [req-637b6613-0242-4069-b94d-5143aea0c244 req-637b6613-0242-4069-b94d-5143aea0c244 ] Request (ServersTestBootFromVolume:tearDownClass): 200 GET http://10.180.1.21/compute/v2.1/servers/34c7e0b0-14f3-473e-aa93-69c668d92bd4 0.067s
2025-01-10 18:48:15.566 67879 INFO tempest.lib.common.rest_client [req-dfa29af1-49b2-4a14-ac53-5e25fcc1eb94 req-dfa29af1-49b2-4a14-ac53-5e25fcc1eb94 ] Request (ServersTestMultiNic:_run_cleanups): 200 GET http://10.180.1.21/compute/v2.1/servers/b25ef405-c60d-43e9-b829-bc6d0e861364 0.054s
2025-01-10 18:48:15.612 67907 INFO tempest.lib.common.rest_client [req-d00ecc61-3d02-4a3e-98eb-0d613372843c req-d00ecc61-3d02-4a3e-98eb-0d613372843c ] Request (ListServerFiltersTestJSON:setUpClass): 200 GET http://10.180.1.21/compute/v2.1/servers/ecf46e23-9089-48bf-982c-d4002d90af9c 0.053s
2025-01-10 18:48:15.662 67899 INFO tempest.lib.common.rest_client [req-183e6c01-972a-4379-a8b3-cb19963fee13 req-183e6c01-972a-4379-a8b3-cb19963fee13 ] Request (ImagesTestJSON:test_create_image_from_suspended_server): 200 GET http://10.180.1.21/compute/v2.1/servers/0d3865b9-8e4c-4ea1-95d9-3440368179b6 0.049s
2025-01-10 18:48:15.727 67901 INFO tempest.lib.common.rest_client [req-8ef53d4a-316b-4d42-af4a-1047af947aa0 req-8ef53d4a-316b-4d42-af4a-1047af947aa0 ] Request (SecurityGroupsTestJSON:test_server_security_groups): 200 GET http://10.180.1.21/compute/v2.1/servers/339999aa-0f91-47fd-9fa7-766e28a99026 0.054s
2025-01-10 18:48:15.828 67881 INFO tempest.lib.common.rest_client [req-428e8948-11a0-4d66-bc9b-a9cc88967789 req-428e8948-11a0-4d66-bc9b-a9cc88967789 ] Request (ServersAdminTestJSON:test_rebuild_server_in_error_state): 200 GET http://10.180.1.21/compute/v2.1/servers/fb51b671-ea57-49e1-bb62-0f0a36f9de1b 0.186s
2025-01-10 18:48:15.838 67881 INFO tempest.common.waiters [-] State transition "REBUILD/rebuilding" ==> "REBUILD/rebuild_spawning" after 10 second wait
2025-01-10 18:48:15.880 67927 INFO tempest.lib.common.rest_client [req-c030d601-e873-4f91-b477-eef26bf6d0b6 req-c030d601-e873-4f91-b477-eef26bf6d0b6 ] Request (ServerDiskConfigTestJSON:test_rebuild_server_with_manual_disk_config): 200 GET http://10.180.1.21/compute/v2.1/servers/451508ca-6b2f-4599-a8a5-1d132b3ee7f6 0.097s
2025-01-10 18:48:15.887 67927 INFO tempest.common.waiters [-] State transition "REBUILD/rebuilding" ==> "REBUILD/rebuild_spawning" after 4 second wait
2025-01-10 18:48:15.943 67885 INFO tempest.lib.common.rest_client [req-7513ca09-3542-48df-b22d-d196a5591d0c req-7513ca09-3542-48df-b22d-d196a5591d0c ] Request (ServersNegativeTestJSON:setUpClass): 200 GET http://10.180.1.21/compute/v2.1/servers/c5343386-e9d5-4fc5-a7bc-56f568b8282b 0.106s
2025-01-10 18:48:15.960 67871 INFO tempest.lib.common.rest_client [req-32bf8d87-3ec1-4406-abcc-68ea8890f95a req-32bf8d87-3ec1-4406-abcc-68ea8890f95a ] Request (InstanceActionsNegativeTestJSON:setUpClass): 200 GET http://10.180.1.21/compute/v2.1/servers/a856f251-8287-479a-b086-0eaa5882e084 0.149s
2025-01-10 18:48:15.993 67873 INFO tempest.lib.common.rest_client [req-b1175f82-23c6-4783-bba9-e72b9d48b9ed req-b1175f82-23c6-4783-bba9-e72b9d48b9ed ] Request (ServersAaction247Test:test_create_backup): 200 GET http://10.180.1.21/compute/v2.1/servers/8a88102f-7880-4fec-af45-6fc6651bfd18 0.126s
2025-01-10 18:48:16.036 67929 INFO tempest.lib.common.rest_client [req-870188c1-ac3e-4bfe-b758-5800e8f5c685 req-870188c1-ac3e-4bfe-b758-5800e8f5c685 ] Request (ServersAdmin275Test:tearDownClass): 200 GET http://10.180.1.21/compute/v2.1/servers/9f51515f-0845-40bf-b62a-9eaac1360e13 0.132s
2025-01-10 18:48:16.052 67932 INFO tempest.lib.common.rest_client [req-b469d58a-442d-4a2c-b0d5-dc3f5144d5b3 req-b469d58a-442d-4a2c-b0d5-dc3f5144d5b3 ] Request (ServerTagsTestJSON:setUpClass): 200 GET http://10.180.1.21/compute/v2.1/servers/85bb3618-e2ed-4dfa-8407-85aacf0ca554 0.131s
