2025-01-10 18:46:23.252 67873 INFO tempest.lib.common.rest_client [req-a1fee9ba-4a32-467d-84f5-da7a5544ccf3 req-a1fee9ba-4a32-467d-84f5-da7a5544ccf3 ] Request (ImagesOneServerTestJSON:test_create_delete_image): 200 GET http://10.180.1.21/compute/v2.1/images/07b73c4d-f9a6-4d84-a699-ea2f7326e01c 0.402s
2025-01-10 18:46:23.276 67897 INFO tempest.lib.common.rest_client [req-d3ef3781-4125-45cc-845d-f2ae1750acb3 req-d3ef3781-4125-45cc-845d-f2ae1750acb3 ] Request (ServerAddressesNegativeTestJSON:setUpClass): 200 GET http://10.180.1.21/compute/v2.1/servers/628d7db8-2567-4a70-93ce-d062cd4ebf1a 0.410s
2025-01-10 18:46:23.328 67883 INFO tempest.lib.common.rest_client [req-37830698-47dd-48c9-b62a-c2e445fe221e req-37830698-47dd-48c9-b62a-c2e445fe221e ] Request (ServicesAdminTestJSON:setUpClass): 201 POST http://10.180.1.21/identity/v3/auth/tokens 0.075s
2025-01-10 18:46:23.334 67887 INFO tempest.lib.common.rest_client [req-f910db8f-75de-456a-af91-df7702c2aa34 req-f910db8f-75de-456a-af91-df7702c2aa34 ] Request (ServersTestFqdnHostnames:test_create_server_with_fqdn_name): 200 GET http://10.180.1.21/compute/v2.1/servers/7a399c28-2511-4fae-a0f8-6775d22b5dae 0.411s
2025-01-10 18:46:23.388 67925 INFO tempest.lib.common.rest_client [req-dffb3eb9-25fb-4004-9f4f-800f13fe48fb req-dffb3eb9-25fb-4004-9f4f-800f13fe48fb ] Request (ServersTestJSON:test_create_server_specify_multibyte_character_name): 200 GET http://10.180.1.21/compute/v2.1/servers/aa2ca68d-151a-4a1f-b526-230b8d8606a0 0.440s
2025-01-10 18:46:23.513 67929 INFO tempest.lib.common.rest_client [req-585f48b4-25b3-48d8-a26d-7ea3e2eaf585 req-585f48b4-25b3-48d8-a26d-7ea3e2eaf585 ] Request (ServersAdmin275Test:test_rebuild_update_server_275): 202 POST http://10.180.1.21/compute/v2.1/servers 0.615s
2025-01-10 18:46:23.557 67901 INFO tempest.lib.common.rest_client [req-ff9806f0-5553-4730-b8b8-51a972d089fa req-ff9806f0-5553-4730-b8b8-51a972d089fa ] Request (SecurityGroupsTestJSON:test_server_security_groups): 200 POST http://10.180.1.21/compute/v2.1/os-security-groups 0.592s
2025-01-10 18:46:23.557 67895 INFO tempest.lib.common.rest_client [req-8915f404-1456-4849-92ca-077fd43d2c41 req-8915f404-1456-4849-92ca-077fd43d2c41 ] Request (AttachInterfacesTestJSON:setUpClass): 201 POST http://10.180.1.21:9696/networking/v2.0/networks 0.406s
2025-01-10 18:46:23.573 67917 INFO tempest.lib.common.rest_client [req-941c9172-bddd-4704-971b-6753a2c051a5 req-941c9172-bddd-4704-971b-6753a2c051a5 ] Request (FlavorsV2TestJSON:test_list_flavors_filter_by_min_disk): 200 GET http://10.180.1.21/compute/v2.1/flavors/42 0.547s
2025-01-10 18:46:23.574 67881 INFO tempest.lib.common.rest_client [req-2840c5ca-6530-45ee-a626-e396ed8968d0 req-2840c5ca-6530-45ee-a626-e396ed8968d0 ] Request (ServersAdminTestJSON:test_create_server_with_scheduling_hint): 200 GET http://10.180.1.21/compute/v2.1/servers/dd014a6d-45ba-4a56-9fd8-914c019c1f5b 0.550s
2025-01-10 18:46:23.626 67932 INFO tempest.lib.common.rest_client [req-7b15806a-0217-46c0-9a99-b5c1deb98eed req-7b15806a-0217-46c0-9a99-b5c1deb98eed ] Request (ServerRescueTestJSONUnderV235:setUpClass): 200 GET http://10.180.1.21/compute/v2.1/servers/b1016b3d-45f3-4ee0-882f-0228c3a232f5 0.599s
2025-01-10 18:46:23.628 67901 INFO tempest.lib.common.rest_client [req-5bd00a32-46b3-4dcd-8680-dec0e2d836e4 req-5bd00a32-46b3-4dcd-8680-dec0e2d836e4 ] Request (SecurityGroupsTestJSON:test_server_security_groups): 201 POST http://10.180.1.21/identity/v3/auth/tokens 0.066s
2025-01-10 18:46:23.629 67901 INFO tempest.lib.common.fixed_network [-] (SecurityGroupsTestJSON:test_server_security_groups) Found network {'id': '35f70714-5466-4cdf-b8ac-d16a6c2a3db0', 'name': 'tempest-SecurityGroupsTestJSON-419141319-network', 'tenant_id': '2fe37fca78f14f05b72f10bfb5eddcd2', 'admin_state_up': True, 'mtu': 8950, 'status': 'ACTIVE', 'subnets': [], 'shared': False, 'project_id': '2fe37fca78f14f05b72f10bfb5eddcd2', 'port_security_enabled': True, 'router:external': False, 'provider:network_type': 'vlan', 'provider:physical_network': 'default', 'provider:segmentation_id': 65, 'availability_zone_hints': [], 'availability_zones': [], 'ipv4_address_scope': None, 'ipv6_address_scope': None, 'description': '', 'tags': [], 'created_at': '2025-01-10T18:45:21Z', 'updated_at': '2025-01-10T18:45:21Z', 'revision_number': 1} available for tenant
2025-01-10 18:46:23.635 67869 INFO tempest.lib.common.rest_client [req-780d5eef-9424-486f-8aa8-4a8760c1ba20 req-780d5eef-9424-486f-8aa8-4a8760c1ba20 ] Request (AttachVolumeTestJSON:test_attach_detach_volume): 200 GET http://10.180.1.21/compute/v2.1/servers/7eb74404-1c61-4090-8e9a-e3a1f6cf5337 0.532s
2025-01-10 18:46:23.698 67921 INFO tempest.lib.common.rest_client [req-8ffd3b53-532b-484a-844d-d85dbd134f03 req-8ffd3b53-532b-484a-844d-d85dbd134f03 ] Request (MultipleCreateTestJSON:test_multiple_create): 200 GET http://10.180.1.21/compute/v2.1/servers/71bb3046-e6f4-41d0-8885-b765f51f630b 0.587s
2025-01-10 18:46:23.751 67909 INFO tempest.lib.common.rest_client [req-6017f22f-0e60-4676-857d-432db97c2b12 req-6017f22f-0e60-4676-857d-432db97c2b12 ] Request (ServerDiagnosticsV248Test:tearDownClass): 200 GET http://10.180.1.21/compute/v2.1/servers/3e05676e-70ae-4a04-a386-6b53eba82684 0.583s
2025-01-10 18:46:23.793 67883 INFO tempest.lib.common.rest_client [req-8463c280-e447-4914-b2c1-451128e97007 req-8463c280-e447-4914-b2c1-451128e97007 ] Request (ServicesAdminTestJSON:test_get_service_by_host_name): 200 GET http://10.180.1.21/compute/v2.1/os-services 0.465s
2025-01-10 18:46:23.830 67895 INFO tempest.lib.common.rest_client [req-e2c2624e-62f9-4fe7-afce-a908bf0a0e50 req-e2c2624e-62f9-4fe7-afce-a908bf0a0e50 ] Request (AttachInterfacesTestJSON:setUpClass): 201 POST http://10.180.1.21:9696/networking/v2.0/subnets 0.272s
2025-01-10 18:46:23.846 67889 INFO tempest.lib.common.rest_client [req-dd47cfc5-9f31-4df5-b2da-328996fbb1f6 req-dd47cfc5-9f31-4df5-b2da-328996fbb1f6 ] Request (ServersTestBootFromVolume:setUpClass): 200 GET http://10.180.1.21/compute/v2.1/servers/34c7e0b0-14f3-473e-aa93-69c668d92bd4 0.472s
2025-01-10 18:46:23.904 67929 INFO tempest.lib.common.rest_client [req-705ae5ea-76d4-454f-866d-7fe39c4b83fa req-705ae5ea-76d4-454f-866d-7fe39c4b83fa ] Request (ServersAdmin275Test:test_rebuild_update_server_275): 200 PUT http://10.180.1.21/compute/v2.1/servers/9f51515f-0845-40bf-b62a-9eaac1360e13 0.388s
2025-01-10 18:46:23.957 67893 INFO tempest.lib.common.rest_client [req-a92b3935-3a6a-42be-9dd4-1418ec12d235 req-a92b3935-3a6a-42be-9dd4-1418ec12d235 ] Request (ListServersNegativeTestJSON:setUpClass): 200 GET http://10.180.1.21/compute/v2.1/servers/eb920195-af31-4bb4-b7b4-9bc60a213c2d 0.389s
2025-01-10 18:46:23.977 67917 INFO tempest.lib.common.rest_client [req-ca0ab9bb-fa85-490c-8e6e-f9be2df7aec5 req-ca0ab9bb-fa85-490c-8e6e-f9be2df7aec5 ] Request (FlavorsV2TestJSON:test_list_flavors_filter_by_min_disk): 200 GET http://10.180.1.21/compute/v2.1/flavors?minDisk=2 0.401s
2025-01-10 18:46:24.087 67875 INFO tempest.lib.common.rest_client [req-db2b127e-8979-46a2-8bc8-19a528cefced req-db2b127e-8979-46a2-8bc8-19a528cefced ] Request (VolumesTestJSON:tearDownClass): 404 GET http://10.180.1.21/volume/v3/volumes/c86884e2-5a54-483e-a2b8-de9cab94d164 0.021s
2025-01-10 18:46:24.139 67875 INFO tempest.lib.common.rest_client [req-a3b639f3-9802-4e24-a207-12990130e486 req-a3b639f3-9802-4e24-a207-12990130e486 ] Request (VolumesTestJSON:tearDownClass): 202 DELETE http://10.180.1.21/volume/v3/volumes/071002de-be74-4751-9621-c4436cbe228c 0.051s
2025-01-10 18:46:24.177 67875 INFO tempest.lib.common.rest_client [req-8d97b0d1-92e7-40fd-b034-651054386f25 req-8d97b0d1-92e7-40fd-b034-651054386f25 ] Request (VolumesTestJSON:tearDownClass): 200 GET http://10.180.1.21/volume/v3/volumes/071002de-be74-4751-9621-c4436cbe228c 0.038s
2025-01-10 18:46:24.304 67901 INFO tempest.lib.common.rest_client [req-6ca17271-b96e-4383-abcc-c5b8a04a2c6d req-6ca17271-b96e-4383-abcc-c5b8a04a2c6d ] Request (SecurityGroupsTestJSON:test_server_security_groups): 202 POST http://10.180.1.21/compute/v2.1/servers 0.674s
2025-01-10 18:46:24.385 67891 INFO tempest.lib.common.rest_client [req-0acc0609-197b-431f-a99a-c79878613394 req-0acc0609-197b-431f-a99a-c79878613394 ] Request (DeleteServersAdminTestJSON:test_delete_server_while_in_error_state): 200 GET http://10.180.1.21/compute/v2.1/servers/661d1a4f-ee25-4d00-b1bd-763605ceca5b 0.746s
2025-01-10 18:46:24.452 67913 INFO tempest.lib.common.rest_client [req-4d3032a7-f22a-4778-98dc-af9976321e26 req-4d3032a7-f22a-4778-98dc-af9976321e26 ] Request (ServerActionsTestJSON:setUpClass): 200 GET http://10.180.1.21/compute/v2.1/servers/80efd7e0-078b-44cc-a0c0-ab1d868a9414 0.748s
2025-01-10 18:46:24.477 67919 WARNING tempest.lib.common.ssh [-] Failed to establish authenticated ssh connection to cirros@10.180.180.235 ([Errno None] Unable to connect to port 22 on 10.180.180.235). Number attempts: 3. Retry after 4 seconds.: paramiko.ssh_exception.NoValidConnectionsError: [Errno None] Unable to connect to port 22 on 10.180.180.235
2025-01-10 18:46:24.478 67883 INFO tempest.lib.common.rest_client [req-4d114cf5-c558-4a1e-a523-e9092e596f8d req-4d114cf5-c558-4a1e-a523-e9092e596f8d ] Request (ServicesAdminTestJSON:test_get_service_by_host_name): 200 GET http://10.180.1.21/compute/v2.1/os-services?host=devstack 0.682s
2025-01-10 18:46:24.584 67903 INFO tempest.lib.common.rest_client [req-ed76869c-c610-45bf-8d94-d517de5daaf5 req-ed76869c-c610-45bf-8d94-d517de5daaf5 ] Request (ServersAdminNegativeTestJSON:setUpClass): 200 GET http://10.180.1.21/compute/v2.1/servers/94bf8010-b4e1-461f-aba7-0323563f3368 0.744s
2025-01-10 18:46:24.653 67929 INFO tempest.lib.common.rest_client [req-34fb5d5d-188f-4ffe-9e5c-85b9fd2717bf req-34fb5d5d-188f-4ffe-9e5c-85b9fd2717bf ] Request (ServersAdmin275Test:test_rebuild_update_server_275): 200 GET http://10.180.1.21/compute/v2.1/servers/9f51515f-0845-40bf-b62a-9eaac1360e13 0.741s
2025-01-10 18:46:24.669 67879 INFO tempest.lib.common.rest_client [req-45ee790f-2c04-4759-9875-5483c09cb057 req-45ee790f-2c04-4759-9875-5483c09cb057 ] Request (ServersTestMultiNic:test_verify_duplicate_network_nics): 202 POST http://10.180.1.21/compute/v2.1/servers 1.546s
2025-01-10 18:46:24.689 67917 INFO tempest.lib.common.rest_client [req-b932988c-000f-4698-a469-f13ec7388d9c req-b932988c-000f-4698-a469-f13ec7388d9c ] Request (FlavorsV2TestJSON:test_list_flavors_filter_by_min_ram): 200 GET http://10.180.1.21/compute/v2.1/flavors/42 0.708s
2025-01-10 18:46:24.758 67899 INFO tempest.lib.common.rest_client [req-57ce0f1d-f805-4c76-90d2-17675a7af272 req-57ce0f1d-f805-4c76-90d2-17675a7af272 ] Request (ImagesTestJSON:test_create_image_from_stopped_server): 200 GET http://10.180.1.21/compute/v2.1/servers/de305795-6e3c-446d-82dd-54586b35d067 0.675s
2025-01-10 18:46:24.841 67871 INFO tempest.lib.common.rest_client [req-12d1b868-8135-4b6b-88e9-19001af9a666 req-12d1b868-8135-4b6b-88e9-19001af9a666 ] Request (FloatingIPsAssociationNegativeTestJSON:setUpClass): 200 GET http://10.180.1.21/compute/v2.1/servers/6ee918d4-4e81-46d4-95f8-3a10eec98535 0.915s
2025-01-10 18:46:24.906 67927 INFO tempest.lib.common.rest_client [req-043716fc-b96e-4b22-a629-58a18b6aeef8 req-043716fc-b96e-4b22-a629-58a18b6aeef8 ] Request (ServerDiskConfigTestJSON:test_rebuild_server_with_auto_disk_config): 200 GET http://10.180.1.21/compute/v2.1/servers/1056110c-acbd-43d9-a9af-6a9b972a2609 0.721s
2025-01-10 18:46:24.969 67907 INFO tempest.lib.common.rest_client [req-a9700bf0-68a1-4c19-8a17-4e5347c86cf9 req-a9700bf0-68a1-4c19-8a17-4e5347c86cf9 ] Request (AttachInterfacesV270Test:test_create_get_list_interfaces): 200 GET http://10.180.1.21/compute/v2.1/servers/1f7075c6-8566-4305-b6f0-64103a2954ea 0.741s
2025-01-10 18:46:25.017 67905 INFO tempest.lib.common.rest_client [req-34653128-ef47-4eaf-ae9f-1ef492d7775b req-34653128-ef47-4eaf-ae9f-1ef492d7775b ] Request (DeleteServersTestJSON:test_delete_active_server): 200 GET http://10.180.1.21/compute/v2.1/servers/9ded6a88-9eba-464d-9976-6168804a1076 0.786s
2025-01-10 18:46:25.032 67885 INFO tempest.lib.common.rest_client [req-4b4ef415-c316-4188-9d7c-933572aee18b req-4b4ef415-c316-4188-9d7c-933572aee18b ] Request (ServerAddressesTestJSON:setUpClass): 200 GET http://10.180.1.21/compute/v2.1/servers/fad7af7b-8d50-4bdb-84aa-57a8ef8e81a9 0.904s
2025-01-10 18:46:25.066 67873 INFO tempest.lib.common.rest_client [req-c383721f-8c9b-4df7-a330-fb5bb2575345 req-c383721f-8c9b-4df7-a330-fb5bb2575345 ] Request (ImagesOneServerTestJSON:test_create_delete_image): 200 GET http://10.180.1.21/compute/v2.1/images/07b73c4d-f9a6-4d84-a699-ea2f7326e01c 0.809s
2025-01-10 18:46:25.116 67901 INFO tempest.lib.common.rest_client [req-ebb03893-18fd-4e97-aadc-01447465a867 req-ebb03893-18fd-4e97-aadc-01447465a867 ] Request (SecurityGroupsTestJSON:test_server_security_groups): 200 GET http://10.180.1.21/compute/v2.1/servers/339999aa-0f91-47fd-9fa7-766e28a99026 0.811s
2025-01-10 18:46:25.130 67897 INFO tempest.lib.common.rest_client [req-9c0ae290-63a4-4e29-88b4-d90a18a2bc1f req-9c0ae290-63a4-4e29-88b4-d90a18a2bc1f ] Request (ServerAddressesNegativeTestJSON:setUpClass): 200 GET http://10.180.1.21/compute/v2.1/servers/628d7db8-2567-4a70-93ce-d062cd4ebf1a 0.845s
2025-01-10 18:46:25.174 67887 INFO tempest.lib.common.rest_client [req-94654965-13f4-4e4a-92d2-149d1d88efcd req-94654965-13f4-4e4a-92d2-149d1d88efcd ] Request (ServersTestFqdnHostnames:test_create_server_with_fqdn_name): 200 GET http://10.180.1.21/compute/v2.1/servers/7a399c28-2511-4fae-a0f8-6775d22b5dae 0.832s
2025-01-10 18:46:25.197 67883 INFO tempest.lib.common.rest_client [req-d277ac44-5977-4559-b87a-d2e46bab880b req-d277ac44-5977-4559-b87a-d2e46bab880b ] Request (ServicesAdminTestJSON:test_get_service_by_service_binary_name): 200 GET http://10.180.1.21/compute/v2.1/os-services?binary=nova-compute 0.716s
2025-01-10 18:46:25.206 67875 INFO tempest.lib.common.rest_client [req-1ca3828d-bda8-42c2-ac7c-6e22619aa736 req-1ca3828d-bda8-42c2-ac7c-6e22619aa736 ] Request (VolumesTestJSON:tearDownClass): 404 GET http://10.180.1.21/volume/v3/volumes/071002de-be74-4751-9621-c4436cbe228c 0.017s
2025-01-10 18:46:25.253 67881 INFO tempest.lib.common.rest_client [req-c573a48b-3d3c-4963-a71d-5bf62fe4ec39 req-c573a48b-3d3c-4963-a71d-5bf62fe4ec39 ] Request (ServersAdminTestJSON:test_create_server_with_scheduling_hint): 200 GET http://10.180.1.21/compute/v2.1/servers/dd014a6d-45ba-4a56-9fd8-914c019c1f5b 0.671s
2025-01-10 18:46:25.266 67875 INFO tempest.lib.common.rest_client [req-fa7db42b-85e1-40f2-9e9e-3c446ec52c00 req-fa7db42b-85e1-40f2-9e9e-3c446ec52c00 ] Request (VolumesTestJSON:tearDownClass): 202 DELETE http://10.180.1.21/volume/v3/volumes/7eadb0d0-d6aa-48e7-9cbf-7c8a123036c0 0.059s
2025-01-10 18:46:25.297 67875 INFO tempest.lib.common.rest_client [req-f563bc0f-aec1-4118-874d-e5ad38e62e2e req-f563bc0f-aec1-4118-874d-e5ad38e62e2e ] Request (VolumesTestJSON:tearDownClass): 200 GET http://10.180.1.21/volume/v3/volumes/7eadb0d0-d6aa-48e7-9cbf-7c8a123036c0 0.031s
2025-01-10 18:46:25.318 67932 INFO tempest.lib.common.rest_client [req-d8f85c2d-24c3-4111-bce8-52ea97cf0fa2 req-d8f85c2d-24c3-4111-bce8-52ea97cf0fa2 ] Request (ServerRescueTestJSONUnderV235:setUpClass): 200 GET http://10.180.1.21/compute/v2.1/servers/b1016b3d-45f3-4ee0-882f-0228c3a232f5 0.684s
2025-01-10 18:46:25.382 67869 INFO tempest.lib.common.rest_client [req-fb6488d7-f9f5-40f3-b9a6-90ccc4448448 req-fb6488d7-f9f5-40f3-b9a6-90ccc4448448 ] Request (AttachVolumeTestJSON:test_attach_detach_volume): 200 GET http://10.180.1.21/compute/v2.1/servers/7eb74404-1c61-4090-8e9a-e3a1f6cf5337 0.735s
2025-01-10 18:46:25.437 67879 INFO tempest.lib.common.rest_client [req-c63354d9-4ed2-4046-b985-ba206e52b5b0 req-c63354d9-4ed2-4046-b985-ba206e52b5b0 ] Request (ServersTestMultiNic:test_verify_duplicate_network_nics): 200 GET http://10.180.1.21/compute/v2.1/servers/b25ef405-c60d-43e9-b829-bc6d0e861364 0.765s
2025-01-10 18:46:25.468 67917 INFO tempest.lib.common.rest_client [req-c780ede9-87e4-4162-ade3-432008cda83b req-c780ede9-87e4-4162-ade3-432008cda83b ] Request (FlavorsV2TestJSON:test_list_flavors_filter_by_min_ram): 200 GET http://10.180.1.21/compute/v2.1/flavors?minRam=193 0.777s
2025-01-10 18:46:25.530 67921 INFO tempest.lib.common.rest_client [req-9ed164a8-a3c7-47b3-9644-cfd4df5e0605 req-9ed164a8-a3c7-47b3-9644-cfd4df5e0605 ] Request (MultipleCreateTestJSON:test_multiple_create): 200 GET http://10.180.1.21/compute/v2.1/servers/71bb3046-e6f4-41d0-8885-b765f51f630b 0.820s
2025-01-10 18:46:25.594 67909 INFO tempest.lib.common.rest_client [req-bb21cee7-57b1-4c81-b21f-2c295c12a7a9 req-bb21cee7-57b1-4c81-b21f-2c295c12a7a9 ] Request (ServerDiagnosticsV248Test:tearDownClass): 200 GET http://10.180.1.21/compute/v2.1/servers/3e05676e-70ae-4a04-a386-6b53eba82684 0.834s
2025-01-10 18:46:25.607 67925 INFO tempest.lib.common.rest_client [req-eaf0fbcd-4ea2-4de5-9500-1d3e8d6b162f req-eaf0fbcd-4ea2-4de5-9500-1d3e8d6b162f ] Request (ServersTestJSON:test_create_server_specify_multibyte_character_name): 200 GET http://10.180.1.21/compute/v2.1/servers/aa2ca68d-151a-4a1f-b526-230b8d8606a0 1.212s
2025-01-10 18:46:25.617 67925 INFO tempest.common.waiters [-] State transition "BUILD/None" ==> "BUILD/block_device_mapping" after 33 second wait
2025-01-10 18:46:25.652 67889 INFO tempest.lib.common.rest_client [req-951370df-317b-4f3d-a91c-30df484809fe req-951370df-317b-4f3d-a91c-30df484809fe ] Request (ServersTestBootFromVolume:setUpClass): 200 GET http://10.180.1.21/compute/v2.1/servers/34c7e0b0-14f3-473e-aa93-69c668d92bd4 0.798s
2025-01-10 18:46:25.677 67883 INFO tempest.lib.common.rest_client [req-d9ccf696-1ac0-49be-97ce-a836ecc98a36 req-d9ccf696-1ac0-49be-97ce-a836ecc98a36 ] Request (ServicesAdminTestJSON:test_list_services): 200 GET http://10.180.1.21/compute/v2.1/os-services 0.471s
2025-01-10 18:46:25.693 67893 INFO tempest.lib.common.rest_client [req-ee0c864d-27da-4d7f-9ed2-57f453e4c14b req-ee0c864d-27da-4d7f-9ed2-57f453e4c14b ] Request (ListServersNegativeTestJSON:setUpClass): 200 GET http://10.180.1.21/compute/v2.1/servers/eb920195-af31-4bb4-b7b4-9bc60a213c2d 0.728s
2025-01-10 18:46:25.730 67895 INFO tempest.lib.common.rest_client [req-d3564eb6-e4e3-4fe9-9e72-ce8780c28f29 req-d3564eb6-e4e3-4fe9-9e72-ce8780c28f29 ] Request (AttachInterfacesTestJSON:setUpClass): 201 POST http://10.180.1.21:9696/networking/v2.0/routers 1.899s
2025-01-10 18:46:25.759 67913 INFO tempest.lib.common.rest_client [req-eecb0e2f-2547-4f2b-b4af-ab2a1afa6d97 req-eecb0e2f-2547-4f2b-b4af-ab2a1afa6d97 ] Request (ServerActionsTestJSON:setUpClass): 200 GET http://10.180.1.21/compute/v2.1/servers/80efd7e0-078b-44cc-a0c0-ab1d868a9414 0.298s
2025-01-10 18:46:25.781 67917 INFO tempest.lib.common.rest_client [req-d9800c6f-33cb-413c-843e-4c5bd89c978e req-d9800c6f-33cb-413c-843e-4c5bd89c978e ] Request (FlavorsV2TestJSON:test_list_flavors_limit_results): 200 GET http://10.180.1.21/compute/v2.1/flavors?limit=1 0.308s
2025-01-10 18:46:25.810 67883 INFO tempest.lib.common.rest_client [req-1537a0af-3d97-4f78-ac5d-8fdada084e7c req-1537a0af-3d97-4f78-ac5d-8fdada084e7c ] Request (ServicesAdminTestJSON:tearDownClass): 204 DELETE http://10.180.1.21/identity/v3/users/f2b6a2caea514f258e2ee12e41a997a8 0.130s
2025-01-10 18:46:25.904 67883 INFO tempest.lib.common.rest_client [req-33de3a84-8272-4d4a-9310-fb64b62f321e req-33de3a84-8272-4d4a-9310-fb64b62f321e ] Request (ServicesAdminTestJSON:tearDownClass): 204 DELETE http://10.180.1.21/identity/v3/users/78cca1a184854c5e93b73b00b7f9ec6f 0.093s
2025-01-10 18:46:25.905 67883 INFO tempest.lib.common.dynamic_creds [-] Deleting project and security group for project: ad4586db05ee428aa4fdc9a4d471d504
2025-01-10 18:46:25.941 67891 INFO tempest.lib.common.rest_client [req-1fdad25c-d425-484a-8d9c-2b670784535c req-1fdad25c-d425-484a-8d9c-2b670784535c ] Request (DeleteServersAdminTestJSON:test_delete_server_while_in_error_state): 200 GET http://10.180.1.21/compute/v2.1/servers/661d1a4f-ee25-4d00-b1bd-763605ceca5b 0.546s
2025-01-10 18:46:25.981 67883 INFO tempest.lib.common.rest_client [req-8269ecb8-711b-4a54-9760-d07339599806 req-8269ecb8-711b-4a54-9760-d07339599806 ] Request (ServicesAdminTestJSON:tearDownClass): 201 POST http://10.180.1.21/identity/v3/auth/tokens 0.076s
2025-01-10 18:46:25.996 67903 INFO tempest.lib.common.rest_client [req-1bde7799-2616-4f4d-b72f-bfe35605a2c2 req-1bde7799-2616-4f4d-b72f-bfe35605a2c2 ] Request (ServersAdminNegativeTestJSON:setUpClass): 200 GET http://10.180.1.21/compute/v2.1/servers/94bf8010-b4e1-461f-aba7-0323563f3368 0.404s
2025-01-10 18:46:26.008 67903 INFO tempest.common.waiters [-] State transition "BUILD/spawning" ==> "ACTIVE/None" after 36 second wait
2025-01-10 18:46:26.021 67929 INFO tempest.lib.common.rest_client [req-230f9c77-53fa-4894-8dab-a7ae7fda509a req-230f9c77-53fa-4894-8dab-a7ae7fda509a ] Request (ServersAdmin275Test:test_rebuild_update_server_275): 200 GET http://10.180.1.21/compute/v2.1/servers/9f51515f-0845-40bf-b62a-9eaac1360e13 0.357s
2025-01-10 18:46:26.034 67917 INFO tempest.lib.common.rest_client [req-6c2a218a-1009-494c-9bdb-c8254ab7a346 req-6c2a218a-1009-494c-9bdb-c8254ab7a346 ] Request (FlavorsV2TestJSON:test_list_flavors_using_marker): 200 GET http://10.180.1.21/compute/v2.1/flavors/42 0.247s
2025-01-10 18:46:26.054 67899 INFO tempest.lib.common.rest_client [req-d934849d-37f9-4d20-b48b-307d9a03de64 req-d934849d-37f9-4d20-b48b-307d9a03de64 ] Request (ImagesTestJSON:test_create_image_from_stopped_server): 200 GET http://10.180.1.21/compute/v2.1/servers/de305795-6e3c-446d-82dd-54586b35d067 0.286s
2025-01-10 18:46:26.112 67927 INFO tempest.lib.common.rest_client [req-a36dd502-ab1d-4a3e-ad54-0e415d209c7e req-a36dd502-ab1d-4a3e-ad54-0e415d209c7e ] Request (ServerDiskConfigTestJSON:test_rebuild_server_with_auto_disk_config): 200 GET http://10.180.1.21/compute/v2.1/servers/1056110c-acbd-43d9-a9af-6a9b972a2609 0.190s
2025-01-10 18:46:26.186 67907 INFO tempest.lib.common.rest_client [req-17a4593b-08f9-42d6-8396-9e7c27b0483d req-17a4593b-08f9-42d6-8396-9e7c27b0483d ] Request (AttachInterfacesV270Test:test_create_get_list_interfaces): 200 GET http://10.180.1.21/compute/v2.1/servers/1f7075c6-8566-4305-b6f0-64103a2954ea 0.206s
2025-01-10 18:46:26.215 67871 INFO tempest.lib.common.rest_client [req-7c554ab5-883c-4e65-a5c0-30d4fcc4215c req-7c554ab5-883c-4e65-a5c0-30d4fcc4215c ] Request (FloatingIPsAssociationNegativeTestJSON:setUpClass): 200 GET http://10.180.1.21/compute/v2.1/servers/6ee918d4-4e81-46d4-95f8-3a10eec98535 0.364s
2025-01-10 18:46:26.276 67883 INFO tempest.lib.common.rest_client [req-5d25f8c7-5a40-4437-9786-b897c05e492a req-5d25f8c7-5a40-4437-9786-b897c05e492a ] Request (ServicesAdminTestJSON:tearDownClass): 200 GET http://10.180.1.21:9696/networking/v2.0/security-groups?tenant_id=ad4586db05ee428aa4fdc9a4d471d504&name=default 0.294s
2025-01-10 18:46:26.293 67905 INFO tempest.lib.common.rest_client [req-2e69cef6-7f7c-400e-b70a-809aba7f1e10 req-2e69cef6-7f7c-400e-b70a-809aba7f1e10 ] Request (DeleteServersTestJSON:test_delete_active_server): 200 GET http://10.180.1.21/compute/v2.1/servers/9ded6a88-9eba-464d-9976-6168804a1076 0.263s
2025-01-10 18:46:26.316 67903 INFO tempest.lib.common.rest_client [req-ebfa41db-e9aa-4d1c-8b62-c622dbc36917 req-ebfa41db-e9aa-4d1c-8b62-c622dbc36917 ] Request (ServersAdminNegativeTestJSON:test_migrate_non_existent_server): 404 POST http://10.180.1.21/compute/v2.1/servers/2ebd81fe-6862-4a4d-a3bf-3eb883502f2d/action 0.307s
2025-01-10 18:46:26.322 67875 INFO tempest.lib.common.rest_client [req-e0441862-4655-4257-9b4e-92e8a5b14af7 req-e0441862-4655-4257-9b4e-92e8a5b14af7 ] Request (VolumesTestJSON:tearDownClass): 404 GET http://10.180.1.21/volume/v3/volumes/7eadb0d0-d6aa-48e7-9cbf-7c8a123036c0 0.018s
2025-01-10 18:46:26.333 67917 INFO tempest.lib.common.rest_client [req-40fc2495-4eeb-4816-85aa-c3f63d7e0159 req-40fc2495-4eeb-4816-85aa-c3f63d7e0159 ] Request (FlavorsV2TestJSON:test_list_flavors_using_marker): 200 GET http://10.180.1.21/compute/v2.1/flavors?marker=42 0.296s
2025-01-10 18:46:26.383 67873 INFO tempest.lib.common.rest_client [req-f2c7d4dc-24d9-455e-8f7b-d878f8dfea48 req-f2c7d4dc-24d9-455e-8f7b-d878f8dfea48 ] Request (ImagesOneServerTestJSON:test_create_delete_image): 200 GET http://10.180.1.21/compute/v2.1/images/07b73c4d-f9a6-4d84-a699-ea2f7326e01c 0.308s
2025-01-10 18:46:26.415 67903 INFO tempest.lib.common.rest_client [req-af8ab517-957d-4ad6-a853-0000789cbb12 req-af8ab517-957d-4ad6-a853-0000789cbb12 ] Request (ServersAdminNegativeTestJSON:test_migrate_server_invalid_state): 201 POST http://10.180.1.21/identity/v3/auth/tokens 0.091s
2025-01-10 18:46:26.415 67903 INFO tempest.lib.common.fixed_network [-] (ServersAdminNegativeTestJSON:test_migrate_server_invalid_state) Found network None available for tenant
2025-01-10 18:46:26.431 67875 INFO tempest.lib.common.rest_client [req-c1e0ffa4-f4cf-49cd-88d3-42bc51be2be3 req-c1e0ffa4-f4cf-49cd-88d3-42bc51be2be3 ] Request (VolumesTestJSON:tearDownClass): 204 DELETE http://10.180.1.21/identity/v3/users/b732a69f0a2040d58026ffaf606cdc26 0.108s
2025-01-10 18:46:26.431 67875 INFO tempest.lib.common.dynamic_creds [-] Deleting project and security group for project: 17a88df04d104b01b33e32031f82f561
2025-01-10 18:46:26.463 67901 INFO tempest.lib.common.rest_client [req-e9b58531-71cc-4b8d-8ff7-6223fea8a5c6 req-e9b58531-71cc-4b8d-8ff7-6223fea8a5c6 ] Request (SecurityGroupsTestJSON:test_server_security_groups): 200 GET http://10.180.1.21/compute/v2.1/servers/339999aa-0f91-47fd-9fa7-766e28a99026 0.335s
2025-01-10 18:46:26.507 67875 INFO tempest.lib.common.rest_client [req-edf04b1a-2f92-48fc-988a-7777c313adf7 req-edf04b1a-2f92-48fc-988a-7777c313adf7 ] Request (VolumesTestJSON:tearDownClass): 201 POST http://10.180.1.21/identity/v3/auth/tokens 0.076s
2025-01-10 18:46:26.527 67897 INFO tempest.lib.common.rest_client [req-019b7fa5-c445-45ab-af42-0b837a16587f req-019b7fa5-c445-45ab-af42-0b837a16587f ] Request (ServerAddressesNegativeTestJSON:setUpClass): 200 GET http://10.180.1.21/compute/v2.1/servers/628d7db8-2567-4a70-93ce-d062cd4ebf1a 0.388s
2025-01-10 18:46:26.528 67885 INFO tempest.lib.common.rest_client [req-07be290a-b576-42c2-8b99-63f61575c2e7 req-07be290a-b576-42c2-8b99-63f61575c2e7 ] Request (ServerAddressesTestJSON:setUpClass): 200 GET http://10.180.1.21/compute/v2.1/servers/fad7af7b-8d50-4bdb-84aa-57a8ef8e81a9 0.488s
2025-01-10 18:46:26.555 67883 INFO tempest.lib.common.rest_client [req-42c9ce89-b4d5-4ade-9949-b76ffb956b3c req-42c9ce89-b4d5-4ade-9949-b76ffb956b3c ] Request (ServicesAdminTestJSON:tearDownClass): 204 DELETE http://10.180.1.21:9696/networking/v2.0/security-groups/e1ce029c-515d-4f04-8b76-439debab28ef 0.278s
2025-01-10 18:46:26.590 67881 INFO tempest.lib.common.rest_client [req-2ad8d070-890d-49c6-a778-e4a483f1d031 req-2ad8d070-890d-49c6-a778-e4a483f1d031 ] Request (ServersAdminTestJSON:test_create_server_with_scheduling_hint): 200 GET http://10.180.1.21/compute/v2.1/servers/dd014a6d-45ba-4a56-9fd8-914c019c1f5b 0.322s
2025-01-10 18:46:26.599 67887 INFO tempest.lib.common.rest_client [req-aef05598-4010-4178-acfe-8e8fd7a989a0 req-aef05598-4010-4178-acfe-8e8fd7a989a0 ] Request (ServersTestFqdnHostnames:test_create_server_with_fqdn_name): 200 GET http://10.180.1.21/compute/v2.1/servers/7a399c28-2511-4fae-a0f8-6775d22b5dae 0.417s
2025-01-10 18:46:26.634 67883 INFO tempest.lib.common.rest_client [req-f1050385-b139-4691-ba6c-829a40cec430 req-f1050385-b139-4691-ba6c-829a40cec430 ] Request (ServicesAdminTestJSON:tearDownClass): 204 DELETE http://10.180.1.21/identity/v3/projects/ad4586db05ee428aa4fdc9a4d471d504 0.078s
2025-01-10 18:46:26.635 67883 INFO tempest.lib.common.dynamic_creds [-] Deleting project and security group for project: 029d07ecc4fb459b81e5583dc99eee03
2025-01-10 18:46:26.635 67917 INFO tempest.lib.common.rest_client [req-d12869c2-5943-4b30-9ba9-682bbe728b2b req-d12869c2-5943-4b30-9ba9-682bbe728b2b ] Request (FlavorsV2TestJSON:test_list_flavors_with_detail): 200 GET http://10.180.1.21/compute/v2.1/flavors/detail 0.296s
2025-01-10 18:46:26.659 67932 INFO tempest.lib.common.rest_client [req-c405a64d-6634-4bea-91fa-b772436d4bae req-c405a64d-6634-4bea-91fa-b772436d4bae ] Request (ServerRescueTestJSONUnderV235:setUpClass): 200 GET http://10.180.1.21/compute/v2.1/servers/b1016b3d-45f3-4ee0-882f-0228c3a232f5 0.329s
2025-01-10 18:46:26.669 67932 INFO tempest.common.waiters [-] State transition "BUILD/None" ==> "BUILD/networking" after 33 second wait
2025-01-10 18:46:26.706 67869 INFO tempest.lib.common.rest_client [req-23f5fb59-0d55-488c-87b8-8a75807d62a8 req-23f5fb59-0d55-488c-87b8-8a75807d62a8 ] Request (AttachVolumeTestJSON:test_attach_detach_volume): 200 GET http://10.180.1.21/compute/v2.1/servers/7eb74404-1c61-4090-8e9a-e3a1f6cf5337 0.315s
2025-01-10 18:46:26.774 67879 INFO tempest.lib.common.rest_client [req-0b88c17a-ad05-4f55-886e-f99450918563 req-0b88c17a-ad05-4f55-886e-f99450918563 ] Request (ServersTestMultiNic:test_verify_duplicate_network_nics): 200 GET http://10.180.1.21/compute/v2.1/servers/b25ef405-c60d-43e9-b829-bc6d0e861364 0.327s
2025-01-10 18:46:26.804 67875 INFO tempest.lib.common.rest_client [req-d53216b1-3af5-402f-991a-7f94ded05db5 req-d53216b1-3af5-402f-991a-7f94ded05db5 ] Request (VolumesTestJSON:tearDownClass): 200 GET http://10.180.1.21:9696/networking/v2.0/security-groups?tenant_id=17a88df04d104b01b33e32031f82f561&name=default 0.297s
2025-01-10 18:46:26.838 67921 INFO tempest.lib.common.rest_client [req-d8433173-3fa2-47f8-b8f5-27176b213cdf req-d8433173-3fa2-47f8-b8f5-27176b213cdf ] Request (MultipleCreateTestJSON:test_multiple_create): 200 GET http://10.180.1.21/compute/v2.1/servers/71bb3046-e6f4-41d0-8885-b765f51f630b 0.295s
2025-01-10 18:46:26.877 67883 INFO tempest.lib.common.rest_client [req-4d96e6ca-5f1b-4bed-860d-fa5e0ae6ece7 req-4d96e6ca-5f1b-4bed-860d-fa5e0ae6ece7 ] Request (ServicesAdminTestJSON:tearDownClass): 200 GET http://10.180.1.21:9696/networking/v2.0/security-groups?tenant_id=029d07ecc4fb459b81e5583dc99eee03&name=default 0.242s
2025-01-10 18:46:26.915 67909 INFO tempest.lib.common.rest_client [req-2dd5d9c1-8418-4caa-812a-bf1867c3c28b req-2dd5d9c1-8418-4caa-812a-bf1867c3c28b ] Request (ServerDiagnosticsV248Test:tearDownClass): 200 GET http://10.180.1.21/compute/v2.1/servers/3e05676e-70ae-4a04-a386-6b53eba82684 0.309s
2025-01-10 18:46:26.981 67903 INFO tempest.lib.common.rest_client [req-aa21f367-aa8b-4c3d-8566-4f52006a5483 req-aa21f367-aa8b-4c3d-8566-4f52006a5483 ] Request (ServersAdminNegativeTestJSON:test_migrate_server_invalid_state): 202 POST http://10.180.1.21/compute/v2.1/servers 0.565s
2025-01-10 18:46:26.993 67917 INFO tempest.lib.common.rest_client [req-c92d935f-e328-41e9-a0e1-e06973e4c37f req-c92d935f-e328-41e9-a0e1-e06973e4c37f ] Request (FlavorsV2TestJSON:test_list_flavors_with_detail): 200 GET http://10.180.1.21/compute/v2.1/flavors/42 0.351s
2025-01-10 18:46:27.055 67875 INFO tempest.lib.common.rest_client [req-b7009b37-0457-4efb-80cd-aa2e36af79d0 req-b7009b37-0457-4efb-80cd-aa2e36af79d0 ] Request (VolumesTestJSON:tearDownClass): 204 DELETE http://10.180.1.21:9696/networking/v2.0/security-groups/46409af6-f3d9-4b88-8780-0740a8d254d5 0.250s
2025-01-10 18:46:27.062 67883 INFO tempest.lib.common.rest_client [req-6b27a4b3-e6b8-4dc0-aa08-d7277ea6fb87 req-6b27a4b3-e6b8-4dc0-aa08-d7277ea6fb87 ] Request (ServicesAdminTestJSON:tearDownClass): 204 DELETE http://10.180.1.21:9696/networking/v2.0/security-groups/b1ff2f5b-983a-4e45-90be-bc921aba30c1 0.184s
2025-01-10 18:46:27.062 67889 INFO tempest.lib.common.rest_client [req-6cd0025a-2ba7-44af-8f04-4c110ff625cd req-6cd0025a-2ba7-44af-8f04-4c110ff625cd ] Request (ServersTestBootFromVolume:setUpClass): 200 GET http://10.180.1.21/compute/v2.1/servers/34c7e0b0-14f3-473e-aa93-69c668d92bd4 0.400s
2025-01-10 18:46:27.130 67925 INFO tempest.lib.common.rest_client [req-9ffc23d0-1737-496e-bfd6-d7d6029ef397 req-9ffc23d0-1737-496e-bfd6-d7d6029ef397 ] Request (ServersTestJSON:test_create_server_specify_multibyte_character_name): 200 GET http://10.180.1.21/compute/v2.1/servers/aa2ca68d-151a-4a1f-b526-230b8d8606a0 0.512s
2025-01-10 18:46:27.138 67925 INFO tempest.common.waiters [-] State transition "BUILD/block_device_mapping" ==> "BUILD/spawning" after 35 second wait
2025-01-10 18:46:27.143 67893 INFO tempest.lib.common.rest_client [req-4cc1cfca-8bf7-4cff-b39a-2fe692351a54 req-4cc1cfca-8bf7-4cff-b39a-2fe692351a54 ] Request (ListServersNegativeTestJSON:setUpClass): 200 GET http://10.180.1.21/compute/v2.1/servers/eb920195-af31-4bb4-b7b4-9bc60a213c2d 0.435s
2025-01-10 18:46:27.177 67917 INFO tempest.lib.common.rest_client [req-2ad805ae-b41d-46ff-8d67-327386153cca req-2ad805ae-b41d-46ff-8d67-327386153cca ] Request (FlavorsV2TestJSON:tearDownClass): 204 DELETE http://10.180.1.21/identity/v3/users/6a10ab0bc8ba48adb34b61f9ac110e7b 0.171s
2025-01-10 18:46:27.177 67917 INFO tempest.lib.common.dynamic_creds [-] Deleting project and security group for project: e6334b9526fd4087ac42072f9d554818
2025-01-10 18:46:27.179 67875 INFO tempest.lib.common.rest_client [req-f12dfb97-2f8a-4e5d-aba8-67e9b06c2d00 req-f12dfb97-2f8a-4e5d-aba8-67e9b06c2d00 ] Request (VolumesTestJSON:tearDownClass): 204 DELETE http://10.180.1.21/identity/v3/projects/17a88df04d104b01b33e32031f82f561 0.122s
2025-01-10 18:46:27.207 67891 INFO tempest.lib.common.rest_client [req-67f83ee9-eadc-4d6f-b6a2-431c02ef93e7 req-67f83ee9-eadc-4d6f-b6a2-431c02ef93e7 ] Request (DeleteServersAdminTestJSON:test_delete_server_while_in_error_state): 200 GET http://10.180.1.21/compute/v2.1/servers/661d1a4f-ee25-4d00-b1bd-763605ceca5b 0.255s
2025-01-10 18:46:27.209 67913 INFO tempest.lib.common.rest_client [req-b13e1e76-5538-49db-b82c-424c31332697 req-b13e1e76-5538-49db-b82c-424c31332697 ] Request (ServerActionsTestJSON:setUpClass): 200 GET http://10.180.1.21/compute/v2.1/servers/80efd7e0-078b-44cc-a0c0-ab1d868a9414 0.438s
2025-01-10 18:46:27.294 67903 INFO tempest.lib.common.rest_client [req-869a22ba-c873-47a4-a7ab-95fa70234601 req-869a22ba-c873-47a4-a7ab-95fa70234601 ] Request (ServersAdminNegativeTestJSON:test_migrate_server_invalid_state): 200 GET http://10.180.1.21/compute/v2.1/servers/e0a703b0-dea3-45c5-a9e6-ffc1a67c945d 0.311s
2025-01-10 18:46:27.295 67917 INFO tempest.lib.common.rest_client [req-1b156eaf-5d7b-4dfd-98e7-9f2c08e9fcb2 req-1b156eaf-5d7b-4dfd-98e7-9f2c08e9fcb2 ] Request (FlavorsV2TestJSON:tearDownClass): 201 POST http://10.180.1.21/identity/v3/auth/tokens 0.117s
2025-01-10 18:46:27.306 67895 INFO tempest.lib.common.rest_client [req-61bbc9c3-728d-4051-90c0-4615e1ab4c1c req-61bbc9c3-728d-4051-90c0-4615e1ab4c1c ] Request (AttachInterfacesTestJSON:setUpClass): 200 PUT http://10.180.1.21:9696/networking/v2.0/routers/e22e5ab5-ffe8-46e7-861e-076a6e708e47/add_router_interface 1.575s
2025-01-10 18:46:27.308 67895 INFO tempest.lib.common.dynamic_creds [-] Created isolated network resources for: credentials: Credentials: {'domain_id': 'default', 'domain_name': 'Default', 'username': 'tempest-AttachInterfacesTestJSON-1811331876-project-member', 'project_domain_id': 'default', 'project_domain_name': 'Default', 'project_id': 'b50d06bcae9c46508664683d433bb236', 'project_name': 'tempest-AttachInterfacesTestJSON-1811331876', 'tenant_id': 'b50d06bcae9c46508664683d433bb236', 'tenant_name': 'tempest-AttachInterfacesTestJSON-1811331876', 'user_domain_id': 'default', 'user_domain_name': 'Default', 'user_id': '18231bc6b1734fdcb9f58b86c80beead', 'system': None}, Network: {'id': 'a7817626-5240-4ded-aca1-488c7c0d5e33', 'name': 'tempest-AttachInterfacesTestJSON-1651461511-network', 'tenant_id': 'b50d06bcae9c46508664683d433bb236', 'admin_state_up': True, 'mtu': 8950, 'status': 'ACTIVE', 'subnets': [], 'shared': False, 'project_id': 'b50d06bcae9c46508664683d433bb236', 'port_security_enabled': True, 'router:external': False, 'provider:network_type': 'vlan', 'provider:physical_network': 'default', 'provider:segmentation_id': 528, 'availability_zone_hints': [], 'availability_zones': [], 'ipv4_address_scope': None, 'ipv6_address_scope': None, 'description': '', 'tags': [], 'created_at': '2025-01-10T18:46:23Z', 'updated_at': '2025-01-10T18:46:23Z', 'revision_number': 1}, Subnet: {'id': '91317bc4-3572-4772-a0ec-6eda5b2d1934', 'name': 'tempest-AttachInterfacesTestJSON-1651461511-subnet', 'tenant_id': 'b50d06bcae9c46508664683d433bb236', 'network_id': 'a7817626-5240-4ded-aca1-488c7c0d5e33', 'ip_version': 4, 'subnetpool_id': None, 'enable_dhcp': True, 'ipv6_ra_mode': None, 'ipv6_address_mode': None, 'gateway_ip': '192.168.128.1', 'cidr': '192.168.128.0/28', 'allocation_pools': [{'start': '192.168.128.2', 'end': '192.168.128.14'}], 'host_routes': [], 'dns_nameservers': [], 'description': '', 'router:external': False, 'service_types': [], 'tags': [], 'created_at': '2025-01-10T18:46:23Z', 'updated_at': '2025-01-10T18:46:23Z', 'revision_number': 0, 'project_id': 'b50d06bcae9c46508664683d433bb236'}, Router: {'id': 'e22e5ab5-ffe8-46e7-861e-076a6e708e47', 'name': 'tempest-AttachInterfacesTestJSON-1651461511-router', 'tenant_id': 'b50d06bcae9c46508664683d433bb236', 'admin_state_up': True, 'status': 'ACTIVE', 'external_gateway_info': {'network_id': '91df3ccd-e79d-471b-8e22-202b1f1d1a3b', 'external_fixed_ips': [{'subnet_id': '9ebeed16-5c60-40d1-9fc2-f5ec0dd249db', 'ip_address': '10.180.180.187'}], 'enable_snat': True}, 'description': '', 'availability_zones': [], 'distributed': False, 'ha': False, 'availability_zone_hints': [], 'routes': [], 'flavor_id': None, 'tags': [], 'created_at': '2025-01-10T18:46:23Z', 'updated_at': '2025-01-10T18:46:24Z', 'revision_number': 2, 'project_id': 'b50d06bcae9c46508664683d433bb236'}
2025-01-10 18:46:27.310 67929 INFO tempest.lib.common.rest_client [req-6bb8a2ed-6c42-46f4-bdc7-253677784745 req-6bb8a2ed-6c42-46f4-bdc7-253677784745 ] Request (ServersAdmin275Test:test_rebuild_update_server_275): 200 GET http://10.180.1.21/compute/v2.1/servers/9f51515f-0845-40bf-b62a-9eaac1360e13 0.273s
2025-01-10 18:46:27.368 67883 INFO tempest.lib.common.rest_client [req-d89d8cff-f4c5-4d81-bcf3-e86de82d5573 req-d89d8cff-f4c5-4d81-bcf3-e86de82d5573 ] Request (ServicesAdminTestJSON:tearDownClass): 204 DELETE http://10.180.1.21/identity/v3/projects/029d07ecc4fb459b81e5583dc99eee03 0.305s
2025-01-10 18:46:27.389 67899 INFO tempest.lib.common.rest_client [req-aba9c762-1cab-4ff9-a61e-111b87d5eccf req-aba9c762-1cab-4ff9-a61e-111b87d5eccf ] Request (ImagesTestJSON:test_create_image_from_stopped_server): 200 GET http://10.180.1.21/compute/v2.1/servers/de305795-6e3c-446d-82dd-54586b35d067 0.324s
2025-01-10 18:46:27.432 67927 INFO tempest.lib.common.rest_client [req-9eaabb4b-8cdf-4497-8539-db5846daa277 req-9eaabb4b-8cdf-4497-8539-db5846daa277 ] Request (ServerDiskConfigTestJSON:test_rebuild_server_with_auto_disk_config): 200 GET http://10.180.1.21/compute/v2.1/servers/1056110c-acbd-43d9-a9af-6a9b972a2609 0.306s
2025-01-10 18:46:27.472 67907 INFO tempest.lib.common.rest_client [req-253cb6cd-f1bf-49c9-86f2-a16407625aac req-253cb6cd-f1bf-49c9-86f2-a16407625aac ] Request (AttachInterfacesV270Test:test_create_get_list_interfaces): 200 GET http://10.180.1.21/compute/v2.1/servers/1f7075c6-8566-4305-b6f0-64103a2954ea 0.271s
2025-01-10 18:46:27.534 67895 INFO tempest.lib.common.rest_client [req-b28fd6ce-bc7d-4494-9da8-3318eac846c8 req-b28fd6ce-bc7d-4494-9da8-3318eac846c8 ] Request (AttachInterfacesTestJSON:setUpClass): 201 POST http://10.180.1.21/identity/v3/auth/tokens 0.217s
2025-01-10 18:46:27.543 67905 INFO tempest.lib.common.rest_client [req-b97cf7f5-f561-4807-b6f1-21ae765b5f0e req-b97cf7f5-f561-4807-b6f1-21ae765b5f0e ] Request (DeleteServersTestJSON:test_delete_active_server): 200 GET http://10.180.1.21/compute/v2.1/servers/9ded6a88-9eba-464d-9976-6168804a1076 0.238s
2025-01-10 18:46:27.561 67883 INFO tempest.lib.common.rest_client [req-be7e0d8a-8df9-4859-b4ca-c29e653699b4 req-be7e0d8a-8df9-4859-b4ca-c29e653699b4 ] Request (FloatingIPsAssociationTestJSON:setUpClass): 201 POST http://10.180.1.21/identity/v3/auth/tokens 0.180s
2025-01-10 18:46:27.601 67883 INFO tempest.lib.common.rest_client [req-96bc60cc-ce14-419c-ac9f-e47e791f7a7e req-96bc60cc-ce14-419c-ac9f-e47e791f7a7e ] Request (FloatingIPsAssociationTestJSON:setUpClass): 201 POST http://10.180.1.21/identity/v3/auth/tokens 0.036s
2025-01-10 18:46:27.608 67873 INFO tempest.lib.common.rest_client [req-702e23d6-9cdc-4ba1-8b72-f528b483f24d req-702e23d6-9cdc-4ba1-8b72-f528b483f24d ] Request (ImagesOneServerTestJSON:test_create_delete_image): 200 GET http://10.180.1.21/compute/v2.1/images/07b73c4d-f9a6-4d84-a699-ea2f7326e01c 0.216s
2025-01-10 18:46:27.644 67883 INFO tempest.lib.common.rest_client [req-c00341b0-2f87-44fe-b71a-7df849c3a7a0 req-c00341b0-2f87-44fe-b71a-7df849c3a7a0 ] Request (FloatingIPsAssociationTestJSON:setUpClass): 200 GET http://10.180.1.21/identity/v3/domains?name=Default 0.042s
2025-01-10 18:46:27.689 67901 INFO tempest.lib.common.rest_client [req-8dc29bb1-a634-4ee5-b3ba-bd8a345a376e req-8dc29bb1-a634-4ee5-b3ba-bd8a345a376e ] Request (SecurityGroupsTestJSON:test_server_security_groups): 200 GET http://10.180.1.21/compute/v2.1/servers/339999aa-0f91-47fd-9fa7-766e28a99026 0.218s
2025-01-10 18:46:27.701 67883 INFO tempest.lib.common.rest_client [req-d7665940-07a1-4e84-8150-a78f2a80dc27 req-d7665940-07a1-4e84-8150-a78f2a80dc27 ] Request (FloatingIPsAssociationTestJSON:setUpClass): 201 POST http://10.180.1.21/identity/v3/projects 0.056s
2025-01-10 18:46:27.748 67871 INFO tempest.lib.common.rest_client [req-73a9cac5-95a8-4b0a-9578-23b4086f8f70 req-73a9cac5-95a8-4b0a-9578-23b4086f8f70 ] Request (FloatingIPsAssociationNegativeTestJSON:setUpClass): 200 GET http://10.180.1.21/compute/v2.1/servers/6ee918d4-4e81-46d4-95f8-3a10eec98535 0.526s
2025-01-10 18:46:27.785 67897 INFO tempest.lib.common.rest_client [req-92d23dfa-1f1a-4954-b97f-5529e2d2e009 req-92d23dfa-1f1a-4954-b97f-5529e2d2e009 ] Request (ServerAddressesNegativeTestJSON:setUpClass): 200 GET http://10.180.1.21/compute/v2.1/servers/628d7db8-2567-4a70-93ce-d062cd4ebf1a 0.249s
2025-01-10 18:46:27.786 67917 INFO tempest.lib.common.rest_client [req-8738697b-8f6a-43c7-b9fd-1a096896365f req-8738697b-8f6a-43c7-b9fd-1a096896365f ] Request (FlavorsV2TestJSON:tearDownClass): 200 GET http://10.180.1.21:9696/networking/v2.0/security-groups?tenant_id=e6334b9526fd4087ac42072f9d554818&name=default 0.491s
2025-01-10 18:46:27.812 67883 INFO tempest.lib.common.rest_client [req-90f99bf5-6624-483c-a2ba-16f718fd541f req-90f99bf5-6624-483c-a2ba-16f718fd541f ] Request (FloatingIPsAssociationTestJSON:setUpClass): 201 POST http://10.180.1.21/identity/v3/users 0.111s
2025-01-10 18:46:27.844 67883 INFO tempest.lib.common.rest_client [req-196cb699-d0e0-4f42-8562-7a8109456e52 req-196cb699-d0e0-4f42-8562-7a8109456e52 ] Request (FloatingIPsAssociationTestJSON:setUpClass): 200 GET http://10.180.1.21/identity/v3/roles 0.032s
2025-01-10 18:46:27.886 67883 INFO tempest.lib.common.rest_client [req-ebbf531e-56fe-4127-88a7-9c9cd05c593b req-ebbf531e-56fe-4127-88a7-9c9cd05c593b ] Request (FloatingIPsAssociationTestJSON:setUpClass): 204 PUT http://10.180.1.21/identity/v3/projects/aa38d28ddf4b4965b47ee147c7475f0e/users/97a32f83227842d097833b7c471e71dc/roles/dbab4837685e457ab79a1df5092f6afa 0.041s
2025-01-10 18:46:27.886 67883 INFO tempest.lib.common.dynamic_creds [-] Dynamic test user 97a32f83227842d097833b7c471e71dc is created with scope project and roles: ['member']
2025-01-10 18:46:27.887 67883 INFO tempest.lib.common.dynamic_creds [-] Acquired dynamic creds: credentials: Credentials: {'domain_id': 'default', 'domain_name': 'Default', 'username': 'tempest-FloatingIPsAssociationTestJSON-1084194144-project-member', 'project_domain_id': 'default', 'project_domain_name': 'Default', 'project_id': 'aa38d28ddf4b4965b47ee147c7475f0e', 'project_name': 'tempest-FloatingIPsAssociationTestJSON-1084194144', 'tenant_id': 'aa38d28ddf4b4965b47ee147c7475f0e', 'tenant_name': 'tempest-FloatingIPsAssociationTestJSON-1084194144', 'user_domain_id': 'default', 'user_domain_name': 'Default', 'user_id': '97a32f83227842d097833b7c471e71dc', 'system': None}, Network: None, Subnet: None, Router: None
2025-01-10 18:46:27.934 67895 INFO tempest.lib.common.rest_client [req-eb8ac956-c28f-4efd-9f30-5a00a541d569 req-eb8ac956-c28f-4efd-9f30-5a00a541d569 ] Request (ValidationResourcesFixture:setUp): 200 POST http://10.180.1.21/compute/v2.1/os-keypairs 0.395s
2025-01-10 18:46:27.948 67883 INFO tempest.lib.common.rest_client [req-f14a5ae7-4f9a-4083-9cd8-fa824722e504 req-f14a5ae7-4f9a-4083-9cd8-fa824722e504 ] Request (FloatingIPsAssociationTestJSON:setUpClass): 201 POST http://10.180.1.21/identity/v3/auth/tokens 0.060s
2025-01-10 18:46:28.003 67881 INFO tempest.lib.common.rest_client [req-757686b7-832a-4a83-863f-626432fdb5cd req-757686b7-832a-4a83-863f-626432fdb5cd ] Request (ServersAdminTestJSON:test_create_server_with_scheduling_hint): 200 GET http://10.180.1.21/compute/v2.1/servers/dd014a6d-45ba-4a56-9fd8-914c019c1f5b 0.400s
2025-01-10 18:46:28.049 67917 INFO tempest.lib.common.rest_client [req-ff9e4a08-40c3-4abe-aa02-21aaf4904693 req-ff9e4a08-40c3-4abe-aa02-21aaf4904693 ] Request (FlavorsV2TestJSON:tearDownClass): 204 DELETE http://10.180.1.21:9696/networking/v2.0/security-groups/6ebafa33-3c27-4c8b-a2de-8e7b4de92330 0.262s
2025-01-10 18:46:28.065 67887 INFO tempest.lib.common.rest_client [req-4b92e742-a336-4da0-8b63-bc3dd2cf84fc req-4b92e742-a336-4da0-8b63-bc3dd2cf84fc ] Request (ServersTestFqdnHostnames:test_create_server_with_fqdn_name): 200 GET http://10.180.1.21/compute/v2.1/servers/7a399c28-2511-4fae-a0f8-6775d22b5dae 0.454s
2025-01-10 18:46:28.117 67885 INFO tempest.lib.common.rest_client [req-e4cb76ed-5afd-471e-8999-2329dba1e1fb req-e4cb76ed-5afd-471e-8999-2329dba1e1fb ] Request (ServerAddressesTestJSON:setUpClass): 200 GET http://10.180.1.21/compute/v2.1/servers/fad7af7b-8d50-4bdb-84aa-57a8ef8e81a9 0.577s
2025-01-10 18:46:28.124 67923 WARNING tempest.lib.common.ssh [-] Failed to establish authenticated ssh connection to cirros@10.180.180.150 ([Errno None] Unable to connect to port 22 on 10.180.180.150). Number attempts: 4. Retry after 5 seconds.: paramiko.ssh_exception.NoValidConnectionsError: [Errno None] Unable to connect to port 22 on 10.180.180.150
2025-01-10 18:46:28.132 67885 INFO tempest.common.waiters [-] State transition "BUILD/spawning" ==> "ACTIVE/None" after 37 second wait
2025-01-10 18:46:28.136 67917 INFO tempest.lib.common.rest_client [req-d5094554-52c7-49c2-9898-9e7cbf9cc8ad req-d5094554-52c7-49c2-9898-9e7cbf9cc8ad ] Request (FlavorsV2TestJSON:tearDownClass): 204 DELETE http://10.180.1.21/identity/v3/projects/e6334b9526fd4087ac42072f9d554818 0.087s
2025-01-10 18:46:28.165 67895 INFO tempest.lib.common.rest_client [req-04362951-6adf-48e7-ad69-b1cbac56ad98 req-04362951-6adf-48e7-ad69-b1cbac56ad98 ] Request (ValidationResourcesFixture:setUp): 201 POST http://10.180.1.21:9696/networking/v2.0/security-groups 0.230s
2025-01-10 18:46:28.181 67869 INFO tempest.lib.common.rest_client [req-1ce0763b-bf21-4977-bdf6-bc322eca2442 req-1ce0763b-bf21-4977-bdf6-bc322eca2442 ] Request (AttachVolumeTestJSON:test_attach_detach_volume): 200 GET http://10.180.1.21/compute/v2.1/servers/7eb74404-1c61-4090-8e9a-e3a1f6cf5337 0.464s
2025-01-10 18:46:28.237 67879 INFO tempest.lib.common.rest_client [req-f7f76851-b021-4bc3-9a38-e31256ce3207 req-f7f76851-b021-4bc3-9a38-e31256ce3207 ] Request (ServersTestMultiNic:test_verify_duplicate_network_nics): 200 GET http://10.180.1.21/compute/v2.1/servers/b25ef405-c60d-43e9-b829-bc6d0e861364 0.453s
2025-01-10 18:46:28.305 67921 INFO tempest.lib.common.rest_client [req-a2921e45-2244-4f6f-a6e2-48932305c2f0 req-a2921e45-2244-4f6f-a6e2-48932305c2f0 ] Request (MultipleCreateTestJSON:test_multiple_create): 200 GET http://10.180.1.21/compute/v2.1/servers/71bb3046-e6f4-41d0-8885-b765f51f630b 0.455s
2025-01-10 18:46:28.394 67909 INFO tempest.lib.common.rest_client [req-f5839111-7db3-41ac-9e8f-70f5c845cc99 req-f5839111-7db3-41ac-9e8f-70f5c845cc99 ] Request (ServerDiagnosticsV248Test:tearDownClass): 200 GET http://10.180.1.21/compute/v2.1/servers/3e05676e-70ae-4a04-a386-6b53eba82684 0.468s
2025-01-10 18:46:28.403 67909 INFO tempest.common.waiters [-] State transition "ACTIVE/deleting" ==> "DELETED/None" after 5 second wait
2025-01-10 18:46:28.416 67932 INFO tempest.lib.common.rest_client [req-d79bbebe-33e0-4cb1-855b-9e4e4c49e804 req-d79bbebe-33e0-4cb1-855b-9e4e4c49e804 ] Request (ServerRescueTestJSONUnderV235:setUpClass): 200 GET http://10.180.1.21/compute/v2.1/servers/b1016b3d-45f3-4ee0-882f-0228c3a232f5 0.745s
2025-01-10 18:46:28.428 67932 INFO tempest.common.waiters [-] State transition "BUILD/networking" ==> "BUILD/spawning" after 35 second wait
2025-01-10 18:46:28.436 67895 INFO tempest.lib.common.rest_client [req-6f064e55-196f-4da6-8df5-cf9413180dce req-6f064e55-196f-4da6-8df5-cf9413180dce ] Request (ValidationResourcesFixture:setUp): 201 POST http://10.180.1.21:9696/networking/v2.0/security-group-rules 0.270s
2025-01-10 18:46:28.450 67885 INFO tempest.lib.common.rest_client [req-ef60b8a6-61e8-40c6-8661-10a712325252 req-ef60b8a6-61e8-40c6-8661-10a712325252 ] Request (ServerAddressesTestJSON:test_list_server_addresses): 200 GET http://10.180.1.21/compute/v2.1/servers/fad7af7b-8d50-4bdb-84aa-57a8ef8e81a9/ips 0.317s
2025-01-10 18:46:28.459 67889 INFO tempest.lib.common.rest_client [req-d126597d-5f0f-4a07-b4b5-c43c26aa521d req-d126597d-5f0f-4a07-b4b5-c43c26aa521d ] Request (ServersTestBootFromVolume:setUpClass): 200 GET http://10.180.1.21/compute/v2.1/servers/34c7e0b0-14f3-473e-aa93-69c668d92bd4 0.385s
2025-01-10 18:46:28.507 67883 INFO tempest.lib.common.rest_client [req-0025a4d4-775e-4c65-9ba7-ec5b5e06b116 req-0025a4d4-775e-4c65-9ba7-ec5b5e06b116 ] Request (FloatingIPsAssociationTestJSON:setUpClass): 201 POST http://10.180.1.21:9696/networking/v2.0/networks 0.558s
2025-01-10 18:46:28.517 67893 INFO tempest.lib.common.rest_client [req-d00b7db1-87b5-4ce7-b90f-b7bf50f4ce49 req-d00b7db1-87b5-4ce7-b90f-b7bf50f4ce49 ] Request (ListServersNegativeTestJSON:setUpClass): 200 GET http://10.180.1.21/compute/v2.1/servers/eb920195-af31-4bb4-b7b4-9bc60a213c2d 0.362s
