2025-01-10 18:48:01.455 67932 INFO tempest.lib.common.rest_client [req-c2df4251-161b-4884-b364-ed9cf2493a36 req-c2df4251-161b-4884-b364-ed9cf2493a36 ] Request (ServerTagsTestJSON:setUpClass): 200 GET http://10.180.1.21/compute/v2.1/servers/85bb3618-e2ed-4dfa-8407-85aacf0ca554 0.095s
2025-01-10 18:48:01.495 67883 INFO tempest.lib.common.rest_client [req-abb07f70-755b-4799-a5f5-bcf22d9a54a9 req-abb07f70-755b-4799-a5f5-bcf22d9a54a9 ] Request (FloatingIPsAssociationTestJSON:test_associate_already_associated_floating_ip): 200 GET http://10.180.1.21/compute/v2.1/servers/e1bdb762-de7b-425c-8b36-4ef2ae552e0f 0.116s
2025-01-10 18:48:01.507 67893 INFO tempest.lib.common.rest_client [req-4e446c67-cb1c-4ccc-a724-c988da0ddb1e req-4e446c67-cb1c-4ccc-a724-c988da0ddb1e ] Request (ServerShowV257Test:test_rebuild_server): 200 GET http://10.180.1.21/compute/v2.1/servers/dd73da07-637d-4675-9e13-d4b615a8fbca 0.074s
2025-01-10 18:48:01.515 67893 INFO tempest.common.waiters [-] State transition "BUILD/networking" ==> "BUILD/spawning" after 42 second wait
2025-01-10 18:48:01.544 67923 INFO tempest.lib.common.rest_client [req-f5622bf2-cbe7-4015-8824-d4f3ebd17124 req-f5622bf2-cbe7-4015-8824-d4f3ebd17124 ] Request (ServersWithSpecificFlavorTestJSON:test_verify_created_server_ephemeral_disk): 200 GET http://10.180.1.21/compute/v2.1/servers/6204b096-8bc8-4f1f-ad9f-7d0af46dab21 0.104s
2025-01-10 18:48:01.568 67921 INFO tempest.lib.common.rest_client [req-8c99f84b-45a5-427a-bcc0-65ccf40d4281 req-8c99f84b-45a5-427a-bcc0-65ccf40d4281 ] Request (MultipleCreateTestJSON:_run_cleanups): 200 GET http://10.180.1.21/compute/v2.1/servers/af4330c0-aa33-4932-ba54-16f3334f9717 0.068s
2025-01-10 18:48:01.661 67891 INFO tempest.lib.common.rest_client [req-6b5531be-33a0-4ab3-b972-7be8d4833c3e req-6b5531be-33a0-4ab3-b972-7be8d4833c3e ] Request (ServerActionsTestOtherA:setUpClass): 200 GET http://10.180.1.21/compute/v2.1/servers/547f622f-a5b2-4091-ad19-827bbce011a8 0.050s
2025-01-10 18:48:01.757 67925 INFO tempest.lib.common.rest_client [req-dd441d41-e068-4053-b328-913133016964 req-dd441d41-e068-4053-b328-913133016964 ] Request (ServersTestJSON:test_create_server_with_ipv6_addr_only): 200 GET http://10.180.1.21/compute/v2.1/servers/97116663-4cff-4e44-a887-e570f071fff7 0.090s
2025-01-10 18:48:01.763 67925 INFO tempest.common.waiters [-] State transition "BUILD/spawning" ==> "ACTIVE/None" after 81 second wait
2025-01-10 18:48:01.818 67905 INFO tempest.lib.common.rest_client [req-78d18736-dfb1-4779-bb52-017187e1d6ff req-78d18736-dfb1-4779-bb52-017187e1d6ff ] Request (DeleteServersTestJSON:test_delete_server_while_in_attached_volume): 200 GET http://10.180.1.21/compute/v2.1/servers/40e066ca-2283-4c5e-a98a-bddfcf032070 0.054s
2025-01-10 18:48:02.010 67925 INFO tempest.lib.common.rest_client [req-53641e02-cba3-418d-b56a-0b11bf10c04c req-53641e02-cba3-418d-b56a-0b11bf10c04c ] Request (ServersTestJSON:test_create_server_with_ipv6_addr_only): 200 GET http://10.180.1.21/compute/v2.1/servers/97116663-4cff-4e44-a887-e570f071fff7 0.246s
2025-01-10 18:48:02.091 67885 INFO tempest.lib.common.rest_client [req-435d9c41-426e-46d5-8002-101f743f7c21 req-435d9c41-426e-46d5-8002-101f743f7c21 ] Request (ServersNegativeTestJSON:setUpClass): 200 GET http://10.180.1.21/compute/v2.1/servers/ba3f9b14-58e4-42bd-83ba-fc4edf9a0535 0.142s
2025-01-10 18:48:02.094 67925 INFO tempest.lib.common.rest_client [req-b0881a70-e037-4c27-8a2e-34a49641097f req-b0881a70-e037-4c27-8a2e-34a49641097f ] Request (ServersTestJSON:_run_cleanups): 204 DELETE http://10.180.1.21/compute/v2.1/servers/97116663-4cff-4e44-a887-e570f071fff7 0.072s
2025-01-10 18:48:02.156 67903 INFO tempest.lib.common.rest_client [req-f1adbf9c-2267-4a60-a8d3-7adc264fb626 req-f1adbf9c-2267-4a60-a8d3-7adc264fb626 ] Request (ServersAdminNegativeTestJSON:tearDownClass): 200 GET http://10.180.1.21/compute/v2.1/servers/e0a703b0-dea3-45c5-a9e6-ffc1a67c945d 0.061s
2025-01-10 18:48:02.163 67903 INFO tempest.common.waiters [-] State transition "SUSPENDED/deleting" ==> "DELETED/None" after 5 second wait
2025-01-10 18:48:02.246 67925 INFO tempest.lib.common.rest_client [req-39fd7549-9fb2-45a7-bd01-16fa71ec2035 req-39fd7549-9fb2-45a7-bd01-16fa71ec2035 ] Request (ServersTestJSON:_run_cleanups): 200 GET http://10.180.1.21/compute/v2.1/servers/97116663-4cff-4e44-a887-e570f071fff7 0.152s
2025-01-10 18:48:02.264 67879 INFO tempest.lib.common.rest_client [req-e84febdf-8cb5-414a-9cc3-0cc32866eaad req-e84febdf-8cb5-414a-9cc3-0cc32866eaad ] Request (ServersTestMultiNic:_run_cleanups): 200 GET http://10.180.1.21/compute/v2.1/servers/b25ef405-c60d-43e9-b829-bc6d0e861364 0.134s
2025-01-10 18:48:02.270 67887 WARNING tempest.lib.common.ssh [-] Failed to establish authenticated ssh connection to cirros@10.180.180.143 ([Errno None] Unable to connect to port 22 on 10.180.180.143). Number attempts: 9. Retry after 10 seconds.: paramiko.ssh_exception.NoValidConnectionsError: [Errno None] Unable to connect to port 22 on 10.180.180.143
2025-01-10 18:48:02.299 67907 INFO tempest.lib.common.rest_client [req-2b802932-9856-4d37-a12e-5d88dd8719b5 req-2b802932-9856-4d37-a12e-5d88dd8719b5 ] Request (ListServerFiltersTestJSON:setUpClass): 200 GET http://10.180.1.21/compute/v2.1/servers/ecf46e23-9089-48bf-982c-d4002d90af9c 0.144s
2025-01-10 18:48:02.312 67871 INFO tempest.lib.common.rest_client [req-4035ec19-2e34-4ddc-886a-7704d5b9c1b0 req-4035ec19-2e34-4ddc-886a-7704d5b9c1b0 ] Request (InstanceActionsNegativeTestJSON:setUpClass): 200 GET http://10.180.1.21/compute/v2.1/servers/a856f251-8287-479a-b086-0eaa5882e084 0.109s
2025-01-10 18:48:02.364 67919 INFO tempest.lib.common.rest_client [req-0b4daaa8-23d7-4269-8ca7-c9f9204a52b0 req-0b4daaa8-23d7-4269-8ca7-c9f9204a52b0 ] Request (VolumesAssistedSnapshotsTest:_run_cleanups): 200 GET http://10.180.1.21/volume/v3/volumes/8960247d-5c18-495a-bdf5-5c6149a93f09 0.032s
2025-01-10 18:48:02.364 67899 INFO tempest.lib.common.rest_client [req-eab90eb8-d57e-431d-ad00-0703c4e523dd req-eab90eb8-d57e-431d-ad00-0703c4e523dd ] Request (ImagesTestJSON:test_create_image_from_suspended_server): 200 GET http://10.180.1.21/compute/v2.1/servers/0d3865b9-8e4c-4ea1-95d9-3440368179b6 0.109s
2025-01-10 18:48:02.439 67901 INFO tempest.lib.common.rest_client [req-7e912476-f1a1-448e-ace0-3fc15dddb348 req-7e912476-f1a1-448e-ace0-3fc15dddb348 ] Request (SecurityGroupsTestJSON:test_server_security_groups): 200 GET http://10.180.1.21/compute/v2.1/servers/339999aa-0f91-47fd-9fa7-766e28a99026 0.147s
2025-01-10 18:48:02.458 67927 INFO tempest.lib.common.rest_client [req-cf0dfcb1-33e7-4df3-90f5-f930c209680c req-cf0dfcb1-33e7-4df3-90f5-f930c209680c ] Request (ServerDiskConfigTestJSON:test_rebuild_server_with_manual_disk_config): 200 GET http://10.180.1.21/compute/v2.1/servers/451508ca-6b2f-4599-a8a5-1d132b3ee7f6 0.231s
2025-01-10 18:48:02.502 67929 INFO tempest.lib.common.rest_client [req-23bb6b29-f719-4621-8f6d-fb0a49062018 req-23bb6b29-f719-4621-8f6d-fb0a49062018 ] Request (ServersAdmin275Test:tearDownClass): 200 GET http://10.180.1.21/compute/v2.1/servers/9f51515f-0845-40bf-b62a-9eaac1360e13 0.158s
2025-01-10 18:48:02.511 67873 INFO tempest.lib.common.rest_client [req-da3231e1-bc93-4e61-a4f4-cf5126d715b3 req-da3231e1-bc93-4e61-a4f4-cf5126d715b3 ] Request (ServersAaction247Test:test_create_backup): 200 GET http://10.180.1.21/compute/v2.1/servers/8a88102f-7880-4fec-af45-6fc6651bfd18 0.103s
2025-01-10 18:48:02.565 67932 INFO tempest.lib.common.rest_client [req-5c5681f7-086f-42dd-81cc-7069a6af0230 req-5c5681f7-086f-42dd-81cc-7069a6af0230 ] Request (ServerTagsTestJSON:setUpClass): 200 GET http://10.180.1.21/compute/v2.1/servers/85bb3618-e2ed-4dfa-8407-85aacf0ca554 0.101s
2025-01-10 18:48:02.620 67883 INFO tempest.lib.common.rest_client [req-0311969a-f1f6-42c1-8954-9ba6fabdacb2 req-0311969a-f1f6-42c1-8954-9ba6fabdacb2 ] Request (FloatingIPsAssociationTestJSON:test_associate_already_associated_floating_ip): 200 GET http://10.180.1.21/compute/v2.1/servers/e1bdb762-de7b-425c-8b36-4ef2ae552e0f 0.117s
2025-01-10 18:48:02.635 67881 INFO tempest.lib.common.rest_client [req-d15311d4-3a8e-4493-8769-7420800a153f req-d15311d4-3a8e-4493-8769-7420800a153f ] Request (ServersAdminTestJSON:test_inject_network_info): 200 GET http://10.180.1.21/compute/v2.1/servers/6f89ca5a-ad87-4201-8bcc-6deeb60df555 0.180s
2025-01-10 18:48:02.645 67881 INFO tempest.common.waiters [-] State transition "BUILD/spawning" ==> "ACTIVE/None" after 76 second wait
2025-01-10 18:48:02.686 67923 INFO tempest.lib.common.rest_client [req-f7a36ef7-b7e1-41c4-9a7c-a6a7925e157f req-f7a36ef7-b7e1-41c4-9a7c-a6a7925e157f ] Request (ServersWithSpecificFlavorTestJSON:test_verify_created_server_ephemeral_disk): 200 GET http://10.180.1.21/compute/v2.1/servers/6204b096-8bc8-4f1f-ad9f-7d0af46dab21 0.134s
2025-01-10 18:48:02.690 67893 INFO tempest.lib.common.rest_client [req-38cb6362-dab8-4897-b5cb-563df448b5ef req-38cb6362-dab8-4897-b5cb-563df448b5ef ] Request (ServerShowV257Test:test_rebuild_server): 200 GET http://10.180.1.21/compute/v2.1/servers/dd73da07-637d-4675-9e13-d4b615a8fbca 0.171s
2025-01-10 18:48:02.698 67923 INFO tempest.common.waiters [-] State transition "BUILD/scheduling" ==> "BUILD/None" after 22 second wait
2025-01-10 18:48:02.745 67921 INFO tempest.lib.common.rest_client [req-af26023d-05ec-4052-bf2b-a67426460850 req-af26023d-05ec-4052-bf2b-a67426460850 ] Request (MultipleCreateTestJSON:_run_cleanups): 200 GET http://10.180.1.21/compute/v2.1/servers/af4330c0-aa33-4932-ba54-16f3334f9717 0.170s
2025-01-10 18:48:02.794 67881 INFO tempest.lib.common.rest_client [req-06b04b51-1edf-457c-9d0c-d40c5f7aa218 req-06b04b51-1edf-457c-9d0c-d40c5f7aa218 ] Request (ServersAdminTestJSON:test_inject_network_info): 202 POST http://10.180.1.21/compute/v2.1/servers/6f89ca5a-ad87-4201-8bcc-6deeb60df555/action 0.149s
2025-01-10 18:48:02.795 67891 INFO tempest.lib.common.rest_client [req-98a666be-c1e6-40a1-ab7f-9cd1f562c9a5 req-98a666be-c1e6-40a1-ab7f-9cd1f562c9a5 ] Request (ServerActionsTestOtherA:setUpClass): 200 GET http://10.180.1.21/compute/v2.1/servers/547f622f-a5b2-4091-ad19-827bbce011a8 0.128s
2025-01-10 18:48:02.833 67881 INFO tempest.lib.common.rest_client [req-8a492f76-ab72-495a-b8ce-be9069c5bba2 req-8a492f76-ab72-495a-b8ce-be9069c5bba2 ] Request (ServersAdminTestJSON:test_list_servers_by_admin): 200 GET http://10.180.1.21/compute/v2.1/servers/detail 0.036s
2025-01-10 18:48:02.882 67905 INFO tempest.lib.common.rest_client [req-d4fd83be-b46d-4a1f-be64-78287e8d5adf req-d4fd83be-b46d-4a1f-be64-78287e8d5adf ] Request (DeleteServersTestJSON:test_delete_server_while_in_attached_volume): 200 GET http://10.180.1.21/compute/v2.1/servers/40e066ca-2283-4c5e-a98a-bddfcf032070 0.057s
2025-01-10 18:48:03.145 67881 INFO tempest.lib.common.rest_client [req-3921f178-e88d-4d51-ba1c-49bfe3b059c7 req-3921f178-e88d-4d51-ba1c-49bfe3b059c7 ] Request (ServersAdminTestJSON:test_list_servers_by_admin_with_all_tenants): 200 GET http://10.180.1.21/compute/v2.1/servers/detail?all_tenants= 0.305s
2025-01-10 18:48:03.173 67881 WARNING tempest.lib.common.rest_client [-] Deprecated: "tenant_id" property is deprecated for removal, use "project_id" instead
2025-01-10 18:48:03.196 67885 INFO tempest.lib.common.rest_client [req-2faffafd-d582-490c-b17d-35aa48ecbfe4 req-2faffafd-d582-490c-b17d-35aa48ecbfe4 ] Request (ServersNegativeTestJSON:setUpClass): 200 GET http://10.180.1.21/compute/v2.1/servers/ba3f9b14-58e4-42bd-83ba-fc4edf9a0535 0.097s
2025-01-10 18:48:03.222 67903 INFO tempest.lib.common.rest_client [req-5dca927f-7be9-439c-b41f-4680b7730dd3 req-5dca927f-7be9-439c-b41f-4680b7730dd3 ] Request (ServersAdminNegativeTestJSON:tearDownClass): 200 GET http://10.180.1.21/compute/v2.1/servers/e0a703b0-dea3-45c5-a9e6-ffc1a67c945d 0.057s
2025-01-10 18:48:03.254 67881 INFO tempest.lib.common.rest_client [req-baca1996-4857-4677-b06b-43259ca78ace req-baca1996-4857-4677-b06b-43259ca78ace ] Request (ServersAdminTestJSON:test_list_servers_by_admin_with_specified_tenant): 200 GET http://10.180.1.21/compute/v2.1/servers/detail?tenant_id=8a329974a21d408087d05fcd88609e68 0.081s
2025-01-10 18:48:03.386 67919 INFO tempest.lib.common.rest_client [req-cd5f438a-77d4-4a23-99d0-24fef377db72 req-cd5f438a-77d4-4a23-99d0-24fef377db72 ] Request (VolumesAssistedSnapshotsTest:_run_cleanups): 404 GET http://10.180.1.21/volume/v3/volumes/8960247d-5c18-495a-bdf5-5c6149a93f09 0.013s
2025-01-10 18:48:03.401 67925 INFO tempest.lib.common.rest_client [req-9d8f14db-5dbc-49b9-93d2-54e918dbbb02 req-9d8f14db-5dbc-49b9-93d2-54e918dbbb02 ] Request (ServersTestJSON:_run_cleanups): 200 GET http://10.180.1.21/compute/v2.1/servers/97116663-4cff-4e44-a887-e570f071fff7 0.142s
2025-01-10 18:48:03.430 67881 INFO tempest.lib.common.rest_client [req-33a4d8a3-fcf6-4fa3-871d-47ececca39c3 req-33a4d8a3-fcf6-4fa3-871d-47ececca39c3 ] Request (ServersAdminTestJSON:test_list_servers_by_admin_with_specified_tenant): 200 GET http://10.180.1.21/compute/v2.1/servers/detail?all_tenants=&tenant_id=8a329974a21d408087d05fcd88609e68 0.169s
2025-01-10 18:48:03.470 67879 INFO tempest.lib.common.rest_client [req-80c8e001-ff8d-4754-8840-4a19fed838d0 req-80c8e001-ff8d-4754-8840-4a19fed838d0 ] Request (ServersTestMultiNic:_run_cleanups): 200 GET http://10.180.1.21/compute/v2.1/servers/b25ef405-c60d-43e9-b829-bc6d0e861364 0.198s
2025-01-10 18:48:03.486 67907 INFO tempest.lib.common.rest_client [req-5b6aea5a-48de-431a-aa7f-b335fc8141b7 req-5b6aea5a-48de-431a-aa7f-b335fc8141b7 ] Request (ListServerFiltersTestJSON:setUpClass): 200 GET http://10.180.1.21/compute/v2.1/servers/ecf46e23-9089-48bf-982c-d4002d90af9c 0.180s
2025-01-10 18:48:03.531 67871 INFO tempest.lib.common.rest_client [req-82700721-2a5b-4eca-a956-5ad0f06c98d9 req-82700721-2a5b-4eca-a956-5ad0f06c98d9 ] Request (InstanceActionsNegativeTestJSON:setUpClass): 200 GET http://10.180.1.21/compute/v2.1/servers/a856f251-8287-479a-b086-0eaa5882e084 0.211s
2025-01-10 18:48:03.553 67899 INFO tempest.lib.common.rest_client [req-e7b1bfde-965a-4fbe-a2c6-e35c9f23b399 req-e7b1bfde-965a-4fbe-a2c6-e35c9f23b399 ] Request (ImagesTestJSON:test_create_image_from_suspended_server): 200 GET http://10.180.1.21/compute/v2.1/servers/0d3865b9-8e4c-4ea1-95d9-3440368179b6 0.179s
2025-01-10 18:48:03.582 67881 INFO tempest.lib.common.rest_client [req-f500d262-9ea8-4855-bd6a-d043f4d9aca9 req-f500d262-9ea8-4855-bd6a-d043f4d9aca9 ] Request (ServersAdminTestJSON:test_list_servers_by_admin_with_specified_tenant): 200 GET http://10.180.1.21/compute/v2.1/servers/detail?all_tenants=&tenant_id=61a2aa871f5549e08bf31912aab69d4e 0.143s
2025-01-10 18:48:03.602 67919 INFO tempest.lib.common.rest_client [req-6ffcbc9c-529b-46d8-acb9-2602302747bb req-6ffcbc9c-529b-46d8-acb9-2602302747bb ] Request (VolumesAssistedSnapshotsTest:tearDownClass): 204 DELETE http://10.180.1.21/compute/v2.1/servers/cef29849-b62f-448e-a20b-563fded880fe 0.209s
2025-01-10 18:48:03.639 67901 INFO tempest.lib.common.rest_client [req-0a0530dc-e91f-4448-91de-e7f352e8aa49 req-0a0530dc-e91f-4448-91de-e7f352e8aa49 ] Request (SecurityGroupsTestJSON:test_server_security_groups): 200 GET http://10.180.1.21/compute/v2.1/servers/339999aa-0f91-47fd-9fa7-766e28a99026 0.192s
2025-01-10 18:48:03.692 67927 INFO tempest.lib.common.rest_client [req-dd669a5d-9ea5-460d-868e-75f6cadd26ef req-dd669a5d-9ea5-460d-868e-75f6cadd26ef ] Request (ServerDiskConfigTestJSON:test_rebuild_server_with_manual_disk_config): 200 GET http://10.180.1.21/compute/v2.1/servers/451508ca-6b2f-4599-a8a5-1d132b3ee7f6 0.225s
2025-01-10 18:48:03.697 67929 INFO tempest.lib.common.rest_client [req-93f31331-512e-4417-8632-81fc2869dca2 req-93f31331-512e-4417-8632-81fc2869dca2 ] Request (ServersAdmin275Test:tearDownClass): 200 GET http://10.180.1.21/compute/v2.1/servers/9f51515f-0845-40bf-b62a-9eaac1360e13 0.185s
2025-01-10 18:48:03.743 67873 INFO tempest.lib.common.rest_client [req-88bad343-9082-435c-b860-7499ae23737d req-88bad343-9082-435c-b860-7499ae23737d ] Request (ServersAaction247Test:test_create_backup): 200 GET http://10.180.1.21/compute/v2.1/servers/8a88102f-7880-4fec-af45-6fc6651bfd18 0.222s
2025-01-10 18:48:03.747 67932 INFO tempest.lib.common.rest_client [req-9261d00c-dbf2-42ff-98e3-80beb54eee7c req-9261d00c-dbf2-42ff-98e3-80beb54eee7c ] Request (ServerTagsTestJSON:setUpClass): 200 GET http://10.180.1.21/compute/v2.1/servers/85bb3618-e2ed-4dfa-8407-85aacf0ca554 0.168s
2025-01-10 18:48:03.748 67881 INFO tempest.lib.common.rest_client [req-6cdcf9e6-d20b-4e14-aae7-226c6f985194 req-6cdcf9e6-d20b-4e14-aae7-226c6f985194 ] Request (ServersAdminTestJSON:test_list_servers_detailed_filter_by_invalid_status): 200 GET http://10.180.1.21/compute/v2.1/servers/detail?status=invalid_status 0.158s
2025-01-10 18:48:03.798 67883 INFO tempest.lib.common.rest_client [req-db45d617-a045-44c5-b172-95d3a00a250a req-db45d617-a045-44c5-b172-95d3a00a250a ] Request (FloatingIPsAssociationTestJSON:test_associate_already_associated_floating_ip): 200 GET http://10.180.1.21/compute/v2.1/servers/e1bdb762-de7b-425c-8b36-4ef2ae552e0f 0.165s
2025-01-10 18:48:03.849 67893 INFO tempest.lib.common.rest_client [req-f9b8bf33-1944-4f69-8e31-75e684b22f3e req-f9b8bf33-1944-4f69-8e31-75e684b22f3e ] Request (ServerShowV257Test:test_rebuild_server): 200 GET http://10.180.1.21/compute/v2.1/servers/dd73da07-637d-4675-9e13-d4b615a8fbca 0.151s
2025-01-10 18:48:03.891 67919 INFO tempest.lib.common.rest_client [req-3ad6c7aa-f4c3-4719-8d51-a02e0aafbc1c req-3ad6c7aa-f4c3-4719-8d51-a02e0aafbc1c ] Request (VolumesAssistedSnapshotsTest:tearDownClass): 200 GET http://10.180.1.21/compute/v2.1/servers/cef29849-b62f-448e-a20b-563fded880fe 0.288s
2025-01-10 18:48:03.898 67923 INFO tempest.lib.common.rest_client [req-dbe54fee-a53b-4fc1-b2fe-a56e43d88e8c req-dbe54fee-a53b-4fc1-b2fe-a56e43d88e8c ] Request (ServersWithSpecificFlavorTestJSON:test_verify_created_server_ephemeral_disk): 200 GET http://10.180.1.21/compute/v2.1/servers/6204b096-8bc8-4f1f-ad9f-7d0af46dab21 0.198s
2025-01-10 18:48:03.948 67881 INFO tempest.lib.common.rest_client [req-b5800046-db1c-442a-bb65-baee3329db2d req-b5800046-db1c-442a-bb65-baee3329db2d ] Request (ServersAdminTestJSON:test_list_servers_filter_by_error_status): 202 POST http://10.180.1.21/compute/v2.1/servers/fb51b671-ea57-49e1-bb62-0f0a36f9de1b/action 0.192s
2025-01-10 18:48:03.960 67921 INFO tempest.lib.common.rest_client [req-1a847eeb-dd9f-4a57-8e82-cbfd0ab59278 req-1a847eeb-dd9f-4a57-8e82-cbfd0ab59278 ] Request (MultipleCreateTestJSON:_run_cleanups): 200 GET http://10.180.1.21/compute/v2.1/servers/af4330c0-aa33-4932-ba54-16f3334f9717 0.207s
2025-01-10 18:48:04.000 67891 INFO tempest.lib.common.rest_client [req-c1951f84-49b8-4bfa-942d-7ef10a61b526 req-c1951f84-49b8-4bfa-942d-7ef10a61b526 ] Request (ServerActionsTestOtherA:setUpClass): 200 GET http://10.180.1.21/compute/v2.1/servers/547f622f-a5b2-4091-ad19-827bbce011a8 0.198s
2025-01-10 18:48:04.014 67905 INFO tempest.lib.common.rest_client [req-cbe7f510-f954-467d-adf9-5cb6ed017224 req-cbe7f510-f954-467d-adf9-5cb6ed017224 ] Request (DeleteServersTestJSON:test_delete_server_while_in_attached_volume): 200 GET http://10.180.1.21/compute/v2.1/servers/40e066ca-2283-4c5e-a98a-bddfcf032070 0.125s
2025-01-10 18:48:04.082 67881 INFO tempest.lib.common.rest_client [req-037f3cac-4887-437f-b692-35b8bfb75e47 req-037f3cac-4887-437f-b692-35b8bfb75e47 ] Request (ServersAdminTestJSON:test_list_servers_filter_by_error_status): 200 GET http://10.180.1.21/compute/v2.1/servers?status=error 0.133s
2025-01-10 18:48:04.147 67881 INFO tempest.lib.common.rest_client [req-7f787972-aa98-47ed-bc95-ede5a5351eba req-7f787972-aa98-47ed-bc95-ede5a5351eba ] Request (ServersAdminTestJSON:test_list_servers_filter_by_error_status): 202 POST http://10.180.1.21/compute/v2.1/servers/fb51b671-ea57-49e1-bb62-0f0a36f9de1b/action 0.062s
2025-01-10 18:48:04.313 67885 INFO tempest.lib.common.rest_client [req-e760dd94-f827-4733-8acf-ecfeb0f71acd req-e760dd94-f827-4733-8acf-ecfeb0f71acd ] Request (ServersNegativeTestJSON:setUpClass): 200 GET http://10.180.1.21/compute/v2.1/servers/ba3f9b14-58e4-42bd-83ba-fc4edf9a0535 0.111s
2025-01-10 18:48:04.403 67903 INFO tempest.lib.common.rest_client [req-8e7d5ea1-5bfe-4b3f-8ed6-04debab6cba3 req-8e7d5ea1-5bfe-4b3f-8ed6-04debab6cba3 ] Request (ServersAdminNegativeTestJSON:tearDownClass): 200 GET http://10.180.1.21/compute/v2.1/servers/e0a703b0-dea3-45c5-a9e6-ffc1a67c945d 0.172s
2025-01-10 18:48:04.574 67925 INFO tempest.lib.common.rest_client [req-ba3fce8c-b8dc-43cd-8696-28899f20207b req-ba3fce8c-b8dc-43cd-8696-28899f20207b ] Request (ServersTestJSON:_run_cleanups): 200 GET http://10.180.1.21/compute/v2.1/servers/97116663-4cff-4e44-a887-e570f071fff7 0.167s
2025-01-10 18:48:04.580 67881 INFO tempest.lib.common.rest_client [req-29c568f8-9d73-44ac-9027-a7391989cfdb req-29c568f8-9d73-44ac-9027-a7391989cfdb ] Request (ServersAdminTestJSON:test_list_servers_filter_by_error_status): 200 GET http://10.180.1.21/compute/v2.1/servers/fb51b671-ea57-49e1-bb62-0f0a36f9de1b 0.433s
2025-01-10 18:48:04.635 67879 INFO tempest.lib.common.rest_client [req-abf41e59-ac05-41c5-adef-eb69ff15e8ed req-abf41e59-ac05-41c5-adef-eb69ff15e8ed ] Request (ServersTestMultiNic:_run_cleanups): 200 GET http://10.180.1.21/compute/v2.1/servers/b25ef405-c60d-43e9-b829-bc6d0e861364 0.157s
2025-01-10 18:48:04.648 67879 INFO tempest.common.waiters [-] State transition "ACTIVE/deleting" ==> "DELETED/None" after 6 second wait
2025-01-10 18:48:04.647 67907 INFO tempest.lib.common.rest_client [req-464284c1-e490-450f-9c57-195790f11974 req-464284c1-e490-450f-9c57-195790f11974 ] Request (ListServerFiltersTestJSON:setUpClass): 200 GET http://10.180.1.21/compute/v2.1/servers/ecf46e23-9089-48bf-982c-d4002d90af9c 0.153s
2025-01-10 18:48:04.688 67871 INFO tempest.lib.common.rest_client [req-7ddff2a5-101c-4856-a579-a2426ba419a6 req-7ddff2a5-101c-4856-a579-a2426ba419a6 ] Request (InstanceActionsNegativeTestJSON:setUpClass): 200 GET http://10.180.1.21/compute/v2.1/servers/a856f251-8287-479a-b086-0eaa5882e084 0.150s
2025-01-10 18:48:04.700 67899 INFO tempest.lib.common.rest_client [req-24f08f3c-8154-496b-87ed-a2a0b779c329 req-24f08f3c-8154-496b-87ed-a2a0b779c329 ] Request (ImagesTestJSON:test_create_image_from_suspended_server): 200 GET http://10.180.1.21/compute/v2.1/servers/0d3865b9-8e4c-4ea1-95d9-3440368179b6 0.138s
2025-01-10 18:48:04.750 67901 INFO tempest.lib.common.rest_client [req-0b062610-e485-4913-98fb-260f9c1e2c6f req-0b062610-e485-4913-98fb-260f9c1e2c6f ] Request (SecurityGroupsTestJSON:test_server_security_groups): 200 GET http://10.180.1.21/compute/v2.1/servers/339999aa-0f91-47fd-9fa7-766e28a99026 0.104s
2025-01-10 18:48:04.794 67881 INFO tempest.lib.common.rest_client [req-21bb639f-e408-4c3a-9a9e-1813041cbe9b req-21bb639f-e408-4c3a-9a9e-1813041cbe9b ] Request (ServersAdminTestJSON:test_list_servers_filter_by_exist_host): 200 GET http://10.180.1.21/compute/v2.1/servers/fb51b671-ea57-49e1-bb62-0f0a36f9de1b 0.207s
2025-01-10 18:48:04.861 67929 INFO tempest.lib.common.rest_client [req-aa7b35de-973e-46c3-8b1b-cc2522a90184 req-aa7b35de-973e-46c3-8b1b-cc2522a90184 ] Request (ServersAdmin275Test:tearDownClass): 200 GET http://10.180.1.21/compute/v2.1/servers/9f51515f-0845-40bf-b62a-9eaac1360e13 0.156s
2025-01-10 18:48:04.869 67927 INFO tempest.lib.common.rest_client [req-8aa7ecf2-8cf5-42ee-8427-7d84a1603c0e req-8aa7ecf2-8cf5-42ee-8427-7d84a1603c0e ] Request (ServerDiskConfigTestJSON:test_rebuild_server_with_manual_disk_config): 200 GET http://10.180.1.21/compute/v2.1/servers/451508ca-6b2f-4599-a8a5-1d132b3ee7f6 0.170s
2025-01-10 18:48:04.911 67873 INFO tempest.lib.common.rest_client [req-ee08cfcb-0f1b-468e-a9c0-1f401ae07cfb req-ee08cfcb-0f1b-468e-a9c0-1f401ae07cfb ] Request (ServersAaction247Test:test_create_backup): 200 GET http://10.180.1.21/compute/v2.1/servers/8a88102f-7880-4fec-af45-6fc6651bfd18 0.159s
2025-01-10 18:48:04.915 67932 INFO tempest.lib.common.rest_client [req-2441adf4-47a8-44a5-8a46-a978337b2c97 req-2441adf4-47a8-44a5-8a46-a978337b2c97 ] Request (ServerTagsTestJSON:setUpClass): 200 GET http://10.180.1.21/compute/v2.1/servers/85bb3618-e2ed-4dfa-8407-85aacf0ca554 0.159s
2025-01-10 18:48:04.960 67883 INFO tempest.lib.common.rest_client [req-9cb89f35-64be-464e-9d88-f4efb18210bb req-9cb89f35-64be-464e-9d88-f4efb18210bb ] Request (FloatingIPsAssociationTestJSON:test_associate_already_associated_floating_ip): 200 GET http://10.180.1.21/compute/v2.1/servers/e1bdb762-de7b-425c-8b36-4ef2ae552e0f 0.154s
2025-01-10 18:48:05.024 67893 INFO tempest.lib.common.rest_client [req-c7c37b21-50c2-46f9-b39a-5ea2bacd2ff0 req-c7c37b21-50c2-46f9-b39a-5ea2bacd2ff0 ] Request (ServerShowV257Test:test_rebuild_server): 200 GET http://10.180.1.21/compute/v2.1/servers/dd73da07-637d-4675-9e13-d4b615a8fbca 0.166s
2025-01-10 18:48:05.028 67881 INFO tempest.lib.common.rest_client [req-749d40d8-03ae-4c86-9d00-5cb6de553881 req-749d40d8-03ae-4c86-9d00-5cb6de553881 ] Request (ServersAdminTestJSON:test_list_servers_filter_by_exist_host): 200 GET http://10.180.1.21/compute/v2.1/servers?host=cpu-1&all_tenants=1 0.224s
2025-01-10 18:48:05.081 67923 INFO tempest.lib.common.rest_client [req-d0a4cc97-79bf-4548-8530-e19a606d0b6c req-d0a4cc97-79bf-4548-8530-e19a606d0b6c ] Request (ServersWithSpecificFlavorTestJSON:test_verify_created_server_ephemeral_disk): 200 GET http://10.180.1.21/compute/v2.1/servers/6204b096-8bc8-4f1f-ad9f-7d0af46dab21 0.175s
2025-01-10 18:48:05.139 67921 INFO tempest.lib.common.rest_client [req-a2bd557d-bc55-4d53-8152-efa3e8073f1e req-a2bd557d-bc55-4d53-8152-efa3e8073f1e ] Request (MultipleCreateTestJSON:_run_cleanups): 200 GET http://10.180.1.21/compute/v2.1/servers/af4330c0-aa33-4932-ba54-16f3334f9717 0.166s
2025-01-10 18:48:05.160 67919 INFO tempest.lib.common.rest_client [req-436c1894-bc49-4aa1-bf32-c35057b7a6ef req-436c1894-bc49-4aa1-bf32-c35057b7a6ef ] Request (VolumesAssistedSnapshotsTest:tearDownClass): 200 GET http://10.180.1.21/compute/v2.1/servers/cef29849-b62f-448e-a20b-563fded880fe 0.263s
2025-01-10 18:48:05.190 67891 INFO tempest.lib.common.rest_client [req-0d058c76-493a-469e-a5d1-6cae7506d819 req-0d058c76-493a-469e-a5d1-6cae7506d819 ] Request (ServerActionsTestOtherA:setUpClass): 200 GET http://10.180.1.21/compute/v2.1/servers/547f622f-a5b2-4091-ad19-827bbce011a8 0.182s
2025-01-10 18:48:05.213 67905 INFO tempest.lib.common.rest_client [req-9643a7f2-7932-41ad-bb9e-65652c15c4f9 req-9643a7f2-7932-41ad-bb9e-65652c15c4f9 ] Request (DeleteServersTestJSON:test_delete_server_while_in_attached_volume): 200 GET http://10.180.1.21/compute/v2.1/servers/40e066ca-2283-4c5e-a98a-bddfcf032070 0.192s
2025-01-10 18:48:05.218 67881 INFO tempest.lib.common.rest_client [req-32d5fbc1-e673-4508-a70a-79809d7aed23 req-32d5fbc1-e673-4508-a70a-79809d7aed23 ] Request (ServersAdminTestJSON:test_list_servers_filter_by_exist_host): 200 GET http://10.180.1.21/compute/v2.1/servers?host=nonexistent_host&all_tenants=1 0.186s
2025-01-10 18:48:05.287 67881 INFO tempest.lib.common.rest_client [req-0e1e040d-3fbf-46d9-8935-fe44678aaab0 req-0e1e040d-3fbf-46d9-8935-fe44678aaab0 ] Request (ServersAdminTestJSON:test_rebuild_server_in_error_state): 202 POST http://10.180.1.21/compute/v2.1/servers/fb51b671-ea57-49e1-bb62-0f0a36f9de1b/action 0.066s
2025-01-10 18:48:05.339 67869 WARNING tempest.lib.common.ssh [-] Failed to establish authenticated ssh connection to cirros@10.180.180.133 ([Errno None] Unable to connect to port 22 on 10.180.180.133). Number attempts: 5. Retry after 6 seconds.: paramiko.ssh_exception.NoValidConnectionsError: [Errno None] Unable to connect to port 22 on 10.180.180.133
2025-01-10 18:48:05.432 67881 INFO tempest.lib.common.rest_client [req-241422e8-d603-4a7a-8157-1b1ccef019e3 req-241422e8-d603-4a7a-8157-1b1ccef019e3 ] Request (ServersAdminTestJSON:test_rebuild_server_in_error_state): 202 POST http://10.180.1.21/compute/v2.1/servers/fb51b671-ea57-49e1-bb62-0f0a36f9de1b/action 0.144s
2025-01-10 18:48:05.480 67885 INFO tempest.lib.common.rest_client [req-4adf203a-5361-4416-b2a9-b6e76c0cb638 req-4adf203a-5361-4416-b2a9-b6e76c0cb638 ] Request (ServersNegativeTestJSON:setUpClass): 200 GET http://10.180.1.21/compute/v2.1/servers/ba3f9b14-58e4-42bd-83ba-fc4edf9a0535 0.149s
2025-01-10 18:48:05.486 67885 INFO tempest.common.waiters [-] State transition "BUILD/spawning" ==> "ACTIVE/None" after 63 second wait
2025-01-10 18:48:05.513 67903 INFO tempest.lib.common.rest_client [req-95519075-ce46-4ead-8327-a240d84e4918 req-95519075-ce46-4ead-8327-a240d84e4918 ] Request (ServersAdminNegativeTestJSON:tearDownClass): 200 GET http://10.180.1.21/compute/v2.1/servers/e0a703b0-dea3-45c5-a9e6-ffc1a67c945d 0.100s
2025-01-10 18:48:05.563 67885 INFO tempest.lib.common.rest_client [req-4a83a1e7-700d-493a-9a42-103933eef51f req-4a83a1e7-700d-493a-9a42-103933eef51f ] Request (ServersNegativeTestJSON:setUpClass): 201 POST http://10.180.1.21/identity/v3/auth/tokens 0.073s
2025-01-10 18:48:05.563 67885 INFO tempest.lib.common.fixed_network [-] (ServersNegativeTestJSON:setUpClass) Found network {'id': '09ed32c0-0b45-4b20-a730-211b525e415d', 'name': 'tempest-ServersNegativeTestJSON-598391462-network', 'tenant_id': '7d75d6942c6546b8a3483fb4e2a680bb', 'admin_state_up': True, 'mtu': 8950, 'status': 'ACTIVE', 'subnets': [], 'shared': False, 'project_id': '7d75d6942c6546b8a3483fb4e2a680bb', 'port_security_enabled': True, 'router:external': False, 'provider:network_type': 'vlan', 'provider:physical_network': 'default', 'provider:segmentation_id': 741, 'availability_zone_hints': [], 'availability_zones': [], 'ipv4_address_scope': None, 'ipv6_address_scope': None, 'description': '', 'tags': [], 'created_at': '2025-01-10T18:46:59Z', 'updated_at': '2025-01-10T18:46:59Z', 'revision_number': 1} available for tenant
2025-01-10 18:48:05.613 67881 INFO tempest.lib.common.rest_client [req-1b9cbb9e-4a04-418c-b4f7-61e5cb24c315 req-1b9cbb9e-4a04-418c-b4f7-61e5cb24c315 ] Request (ServersAdminTestJSON:test_rebuild_server_in_error_state): 200 GET http://10.180.1.21/compute/v2.1/servers/fb51b671-ea57-49e1-bb62-0f0a36f9de1b 0.173s
2025-01-10 18:48:05.666 67925 INFO tempest.lib.common.rest_client [req-4e85c752-8830-48f7-a449-d525310e1efe req-4e85c752-8830-48f7-a449-d525310e1efe ] Request (ServersTestJSON:_run_cleanups): 200 GET http://10.180.1.21/compute/v2.1/servers/97116663-4cff-4e44-a887-e570f071fff7 0.084s
2025-01-10 18:48:05.737 67879 INFO tempest.lib.common.rest_client [req-1232906a-9a32-4cfc-9284-ba3b3827d2d2 req-1232906a-9a32-4cfc-9284-ba3b3827d2d2 ] Request (ServersTestMultiNic:_run_cleanups): 200 GET http://10.180.1.21/compute/v2.1/servers/b25ef405-c60d-43e9-b829-bc6d0e861364 0.088s
2025-01-10 18:48:05.794 67907 INFO tempest.lib.common.rest_client [req-fbfce8d1-b920-41b4-a221-bd64994d4530 req-fbfce8d1-b920-41b4-a221-bd64994d4530 ] Request (ListServerFiltersTestJSON:setUpClass): 200 GET http://10.180.1.21/compute/v2.1/servers/ecf46e23-9089-48bf-982c-d4002d90af9c 0.135s
2025-01-10 18:48:05.837 67885 INFO tempest.lib.common.rest_client [req-a18ff016-9543-4547-8405-aa7762bc8cf7 req-a18ff016-9543-4547-8405-aa7762bc8cf7 ] Request (ServersNegativeTestJSON:setUpClass): 202 POST http://10.180.1.21/compute/v2.1/servers 0.273s
2025-01-10 18:48:05.843 67871 INFO tempest.lib.common.rest_client [req-f5dd2883-5be9-4054-8335-ddd0515388ba req-f5dd2883-5be9-4054-8335-ddd0515388ba ] Request (InstanceActionsNegativeTestJSON:setUpClass): 200 GET http://10.180.1.21/compute/v2.1/servers/a856f251-8287-479a-b086-0eaa5882e084 0.147s
2025-01-10 18:48:05.882 67899 INFO tempest.lib.common.rest_client [req-73212f74-5ce6-497b-b01a-49f86a73be71 req-73212f74-5ce6-497b-b01a-49f86a73be71 ] Request (ImagesTestJSON:test_create_image_from_suspended_server): 200 GET http://10.180.1.21/compute/v2.1/servers/0d3865b9-8e4c-4ea1-95d9-3440368179b6 0.175s
2025-01-10 18:48:05.894 67901 INFO tempest.lib.common.rest_client [req-8de80ea0-ba05-4068-9d93-266ea37ea975 req-8de80ea0-ba05-4068-9d93-266ea37ea975 ] Request (SecurityGroupsTestJSON:test_server_security_groups): 200 GET http://10.180.1.21/compute/v2.1/servers/339999aa-0f91-47fd-9fa7-766e28a99026 0.136s
2025-01-10 18:48:05.917 67885 INFO tempest.lib.common.rest_client [req-a813f1af-3342-4378-b8c8-3e4284cfb99a req-a813f1af-3342-4378-b8c8-3e4284cfb99a ] Request (ServersNegativeTestJSON:setUpClass): 200 GET http://10.180.1.21/compute/v2.1/servers/c5343386-e9d5-4fc5-a7bc-56f568b8282b 0.078s
2025-01-10 18:48:05.962 67929 INFO tempest.lib.common.rest_client [req-7c8980ef-2c7d-4aa5-9d7e-d9289c00bd09 req-7c8980ef-2c7d-4aa5-9d7e-d9289c00bd09 ] Request (ServersAdmin275Test:tearDownClass): 200 GET http://10.180.1.21/compute/v2.1/servers/9f51515f-0845-40bf-b62a-9eaac1360e13 0.088s
2025-01-10 18:48:06.021 67873 INFO tempest.lib.common.rest_client [req-37fb6945-d5bc-44ec-8fce-61ee30a7f9b1 req-37fb6945-d5bc-44ec-8fce-61ee30a7f9b1 ] Request (ServersAaction247Test:test_create_backup): 200 GET http://10.180.1.21/compute/v2.1/servers/8a88102f-7880-4fec-af45-6fc6651bfd18 0.101s
2025-01-10 18:48:06.049 67927 INFO tempest.lib.common.rest_client [req-75b8c98e-88e3-4c9f-b0d0-8b226c761406 req-75b8c98e-88e3-4c9f-b0d0-8b226c761406 ] Request (ServerDiskConfigTestJSON:test_rebuild_server_with_manual_disk_config): 200 GET http://10.180.1.21/compute/v2.1/servers/451508ca-6b2f-4599-a8a5-1d132b3ee7f6 0.173s
2025-01-10 18:48:06.081 67932 INFO tempest.lib.common.rest_client [req-ce515eb4-dcf3-47e6-836a-3538c9b5af7c req-ce515eb4-dcf3-47e6-836a-3538c9b5af7c ] Request (ServerTagsTestJSON:setUpClass): 200 GET http://10.180.1.21/compute/v2.1/servers/85bb3618-e2ed-4dfa-8407-85aacf0ca554 0.157s
2025-01-10 18:48:06.097 67883 INFO tempest.lib.common.rest_client [req-6caa971f-ffea-4367-8a74-5436c97913f9 req-6caa971f-ffea-4367-8a74-5436c97913f9 ] Request (FloatingIPsAssociationTestJSON:test_associate_already_associated_floating_ip): 200 GET http://10.180.1.21/compute/v2.1/servers/e1bdb762-de7b-425c-8b36-4ef2ae552e0f 0.130s
2025-01-10 18:48:06.140 67923 INFO tempest.lib.common.rest_client [req-c1ec18c7-033b-4050-9ee1-39181500be35 req-c1ec18c7-033b-4050-9ee1-39181500be35 ] Request (ServersWithSpecificFlavorTestJSON:test_verify_created_server_ephemeral_disk): 200 GET http://10.180.1.21/compute/v2.1/servers/6204b096-8bc8-4f1f-ad9f-7d0af46dab21 0.049s
2025-01-10 18:48:06.145 67893 INFO tempest.lib.common.rest_client [req-c07888b3-03ba-48a3-8d06-53514c39aa9e req-c07888b3-03ba-48a3-8d06-53514c39aa9e ] Request (ServerShowV257Test:test_rebuild_server): 200 GET http://10.180.1.21/compute/v2.1/servers/dd73da07-637d-4675-9e13-d4b615a8fbca 0.107s
2025-01-10 18:48:06.171 67921 INFO tempest.lib.common.rest_client [req-395ce641-8f3f-4e99-bce8-32dd634c0616 req-395ce641-8f3f-4e99-bce8-32dd634c0616 ] Request (MultipleCreateTestJSON:_run_cleanups): 404 GET http://10.180.1.21/compute/v2.1/servers/af4330c0-aa33-4932-ba54-16f3334f9717 0.023s
2025-01-10 18:48:06.190 67921 INFO tempest.lib.common.rest_client [req-47f26072-0054-4e54-bd90-4a488c964c78 req-47f26072-0054-4e54-bd90-4a488c964c78 ] Request (MultipleCreateTestJSON:_run_cleanups): 404 GET http://10.180.1.21/compute/v2.1/servers/71bb3046-e6f4-41d0-8885-b765f51f630b 0.018s
2025-01-10 18:48:06.250 67891 INFO tempest.lib.common.rest_client [req-1fab692b-8072-4e6c-abc7-c8e7f78bfc63 req-1fab692b-8072-4e6c-abc7-c8e7f78bfc63 ] Request (ServerActionsTestOtherA:setUpClass): 200 GET http://10.180.1.21/compute/v2.1/servers/547f622f-a5b2-4091-ad19-827bbce011a8 0.052s
2025-01-10 18:48:06.266 67921 INFO tempest.lib.common.rest_client [req-7835dd52-e571-4ad8-a520-da1cc83d37bc req-7835dd52-e571-4ad8-a520-da1cc83d37bc ] Request (MultipleCreateTestJSON:test_multiple_create_with_reservation_return): 201 POST http://10.180.1.21/identity/v3/auth/tokens 0.072s
2025-01-10 18:48:06.267 67921 INFO tempest.lib.common.fixed_network [-] (MultipleCreateTestJSON:test_multiple_create_with_reservation_return) Found network {'id': 'fc65f514-f155-47a4-838a-3953dccca3a9', 'name': 'tempest-MultipleCreateTestJSON-2030835438-network', 'tenant_id': '4a70215d14c3454e8b9cf5314c7924d7', 'admin_state_up': True, 'mtu': 8950, 'status': 'ACTIVE', 'subnets': [], 'shared': False, 'project_id': '4a70215d14c3454e8b9cf5314c7924d7', 'port_security_enabled': True, 'router:external': False, 'provider:network_type': 'vlan', 'provider:physical_network': 'default', 'provider:segmentation_id': 232, 'availability_zone_hints': [], 'availability_zones': [], 'ipv4_address_scope': None, 'ipv6_address_scope': None, 'description': '', 'tags': [], 'created_at': '2025-01-10T18:46:03Z', 'updated_at': '2025-01-10T18:46:03Z', 'revision_number': 1} available for tenant
2025-01-10 18:48:06.289 67919 INFO tempest.lib.common.rest_client [req-521e2518-d259-4190-b32c-844efd642814 req-521e2518-d259-4190-b32c-844efd642814 ] Request (VolumesAssistedSnapshotsTest:tearDownClass): 200 GET http://10.180.1.21/compute/v2.1/servers/cef29849-b62f-448e-a20b-563fded880fe 0.121s
2025-01-10 18:48:06.298 67905 INFO tempest.lib.common.rest_client [req-91f47e41-6bc5-476b-bfe6-a5c25d254268 req-91f47e41-6bc5-476b-bfe6-a5c25d254268 ] Request (DeleteServersTestJSON:test_delete_server_while_in_attached_volume): 200 GET http://10.180.1.21/compute/v2.1/servers/40e066ca-2283-4c5e-a98a-bddfcf032070 0.077s
2025-01-10 18:48:06.600 67903 INFO tempest.lib.common.rest_client [req-2a79e84b-cee1-47cb-89c9-914fa0bed739 req-2a79e84b-cee1-47cb-89c9-914fa0bed739 ] Request (ServersAdminNegativeTestJSON:tearDownClass): 200 GET http://10.180.1.21/compute/v2.1/servers/e0a703b0-dea3-45c5-a9e6-ffc1a67c945d 0.080s
2025-01-10 18:48:06.619 67895 WARNING tempest.lib.common.ssh [-] Failed to establish authenticated ssh connection to cirros@10.180.180.167 ([Errno None] Unable to connect to port 22 on 10.180.180.167). Number attempts: 3. Retry after 4 seconds.: paramiko.ssh_exception.NoValidConnectionsError: [Errno None] Unable to connect to port 22 on 10.180.180.167
2025-01-10 18:48:06.711 67921 INFO tempest.lib.common.rest_client [req-8c2e2ce3-53de-4d12-9c44-93934bbf183b req-8c2e2ce3-53de-4d12-9c44-93934bbf183b ] Request (MultipleCreateTestJSON:test_multiple_create_with_reservation_return): 202 POST http://10.180.1.21/compute/v2.1/servers 0.443s
2025-01-10 18:48:06.737 67881 INFO tempest.lib.common.rest_client [req-d750a632-8a64-4198-b226-0f4af47c0e55 req-d750a632-8a64-4198-b226-0f4af47c0e55 ] Request (ServersAdminTestJSON:test_rebuild_server_in_error_state): 200 GET http://10.180.1.21/compute/v2.1/servers/fb51b671-ea57-49e1-bb62-0f0a36f9de1b 0.116s
2025-01-10 18:48:06.777 67925 INFO tempest.lib.common.rest_client [req-c5a911b2-8e7f-4b9a-ad4b-84858734bfa8 req-c5a911b2-8e7f-4b9a-ad4b-84858734bfa8 ] Request (ServersTestJSON:_run_cleanups): 200 GET http://10.180.1.21/compute/v2.1/servers/97116663-4cff-4e44-a887-e570f071fff7 0.099s
2025-01-10 18:48:06.777 67921 INFO tempest.lib.common.rest_client [req-b19b6247-ef16-4983-8bb8-32ec427adb1b req-b19b6247-ef16-4983-8bb8-32ec427adb1b ] Request (MultipleCreateTestJSON:test_multiple_create_with_reservation_return): 200 GET http://10.180.1.21/compute/v2.1/servers 0.066s
2025-01-10 18:48:06.787 67925 INFO tempest.common.waiters [-] State transition "ACTIVE/deleting" ==> "DELETED/None" after 4 second wait
2025-01-10 18:48:06.832 67921 INFO tempest.lib.common.rest_client [req-0652d5ea-e23d-484d-8856-ea3907322e07 req-0652d5ea-e23d-484d-8856-ea3907322e07 ] Request (MultipleCreateTestJSON:test_multiple_create_with_reservation_return): 200 GET http://10.180.1.21/compute/v2.1/servers/ba7ac02d-5544-4aca-bddb-2825c976241c 0.053s
2025-01-10 18:48:06.836 67879 INFO tempest.lib.common.rest_client [req-970e00c9-f15e-426c-99dc-29a1936d24e1 req-970e00c9-f15e-426c-99dc-29a1936d24e1 ] Request (ServersTestMultiNic:_run_cleanups): 200 GET http://10.180.1.21/compute/v2.1/servers/b25ef405-c60d-43e9-b829-bc6d0e861364 0.091s
2025-01-10 18:48:06.890 67907 INFO tempest.lib.common.rest_client [req-c0a27a15-a497-4e4b-a2ed-664de26aff03 req-c0a27a15-a497-4e4b-a2ed-664de26aff03 ] Request (ListServerFiltersTestJSON:setUpClass): 200 GET http://10.180.1.21/compute/v2.1/servers/ecf46e23-9089-48bf-982c-d4002d90af9c 0.088s
2025-01-10 18:48:06.909 67871 INFO tempest.lib.common.rest_client [req-93413978-fa28-4693-874e-ad47b6cf84ff req-93413978-fa28-4693-874e-ad47b6cf84ff ] Request (InstanceActionsNegativeTestJSON:setUpClass): 200 GET http://10.180.1.21/compute/v2.1/servers/a856f251-8287-479a-b086-0eaa5882e084 0.058s
2025-01-10 18:48:06.944 67899 INFO tempest.lib.common.rest_client [req-c42e55ff-4e72-4a11-a946-3b2313e5ddb9 req-c42e55ff-4e72-4a11-a946-3b2313e5ddb9 ] Request (ImagesTestJSON:test_create_image_from_suspended_server): 200 GET http://10.180.1.21/compute/v2.1/servers/0d3865b9-8e4c-4ea1-95d9-3440368179b6 0.054s
2025-01-10 18:48:06.968 67901 INFO tempest.lib.common.rest_client [req-c1e06da1-cb63-4889-87a9-1a87632540f0 req-c1e06da1-cb63-4889-87a9-1a87632540f0 ] Request (SecurityGroupsTestJSON:test_server_security_groups): 200 GET http://10.180.1.21/compute/v2.1/servers/339999aa-0f91-47fd-9fa7-766e28a99026 0.066s
2025-01-10 18:48:06.990 67885 INFO tempest.lib.common.rest_client [req-dbceaa80-140a-4030-9106-1e1e2401f19f req-dbceaa80-140a-4030-9106-1e1e2401f19f ] Request (ServersNegativeTestJSON:setUpClass): 200 GET http://10.180.1.21/compute/v2.1/servers/c5343386-e9d5-4fc5-a7bc-56f568b8282b 0.066s
2025-01-10 18:48:07.036 67929 INFO tempest.lib.common.rest_client [req-5be2e8e5-6147-49ea-a248-13cfdbea534c req-5be2e8e5-6147-49ea-a248-13cfdbea534c ] Request (ServersAdmin275Test:tearDownClass): 200 GET http://10.180.1.21/compute/v2.1/servers/9f51515f-0845-40bf-b62a-9eaac1360e13 0.064s
2025-01-10 18:48:07.086 67873 INFO tempest.lib.common.rest_client [req-1a343c4f-b0ff-4994-8ad1-b196e9fbfc96 req-1a343c4f-b0ff-4994-8ad1-b196e9fbfc96 ] Request (ServersAaction247Test:test_create_backup): 200 GET http://10.180.1.21/compute/v2.1/servers/8a88102f-7880-4fec-af45-6fc6651bfd18 0.056s
2025-01-10 18:48:07.139 67932 INFO tempest.lib.common.rest_client [req-566f5f3d-d6de-4a2d-bf7f-88ff3e2f7215 req-566f5f3d-d6de-4a2d-bf7f-88ff3e2f7215 ] Request (ServerTagsTestJSON:setUpClass): 200 GET http://10.180.1.21/compute/v2.1/servers/85bb3618-e2ed-4dfa-8407-85aacf0ca554 0.050s
2025-01-10 18:48:07.154 67927 INFO tempest.lib.common.rest_client [req-6aa10f03-a9b9-4517-aca9-31c12e6d8d38 req-6aa10f03-a9b9-4517-aca9-31c12e6d8d38 ] Request (ServerDiskConfigTestJSON:test_rebuild_server_with_manual_disk_config): 200 GET http://10.180.1.21/compute/v2.1/servers/451508ca-6b2f-4599-a8a5-1d132b3ee7f6 0.097s
2025-01-10 18:48:07.188 67883 INFO tempest.lib.common.rest_client [req-b12f1487-c6c1-4f21-9ecb-c910aaa6fa84 req-b12f1487-c6c1-4f21-9ecb-c910aaa6fa84 ] Request (FloatingIPsAssociationTestJSON:test_associate_already_associated_floating_ip): 200 GET http://10.180.1.21/compute/v2.1/servers/e1bdb762-de7b-425c-8b36-4ef2ae552e0f 0.083s
2025-01-10 18:48:07.205 67923 INFO tempest.lib.common.rest_client [req-9268a176-3c97-45d0-808d-dc98e4331bdd req-9268a176-3c97-45d0-808d-dc98e4331bdd ] Request (ServersWithSpecificFlavorTestJSON:test_verify_created_server_ephemeral_disk): 200 GET http://10.180.1.21/compute/v2.1/servers/6204b096-8bc8-4f1f-ad9f-7d0af46dab21 0.057s
2025-01-10 18:48:07.245 67893 INFO tempest.lib.common.rest_client [req-f3a2b701-a030-41f1-8f71-d3c8919e43d1 req-f3a2b701-a030-41f1-8f71-d3c8919e43d1 ] Request (ServerShowV257Test:test_rebuild_server): 200 GET http://10.180.1.21/compute/v2.1/servers/dd73da07-637d-4675-9e13-d4b615a8fbca 0.091s
2025-01-10 18:48:07.308 67891 INFO tempest.lib.common.rest_client [req-95a78faa-7c05-4f77-97a3-1f4d0a862007 req-95a78faa-7c05-4f77-97a3-1f4d0a862007 ] Request (ServerActionsTestOtherA:setUpClass): 200 GET http://10.180.1.21/compute/v2.1/servers/547f622f-a5b2-4091-ad19-827bbce011a8 0.050s
2025-01-10 18:48:07.355 67919 INFO tempest.lib.common.rest_client [req-d053debb-58d0-4346-af9e-57d964de802a req-d053debb-58d0-4346-af9e-57d964de802a ] Request (VolumesAssistedSnapshotsTest:tearDownClass): 200 GET http://10.180.1.21/compute/v2.1/servers/cef29849-b62f-448e-a20b-563fded880fe 0.058s
2025-01-10 18:48:07.356 67905 INFO tempest.lib.common.rest_client [req-8a950e0d-abde-43a9-859e-56ca2b876539 req-8a950e0d-abde-43a9-859e-56ca2b876539 ] Request (DeleteServersTestJSON:test_delete_server_while_in_attached_volume): 200 GET http://10.180.1.21/compute/v2.1/servers/40e066ca-2283-4c5e-a98a-bddfcf032070 0.050s
2025-01-10 18:48:07.863 67903 INFO tempest.lib.common.rest_client [req-db278d3e-2e3a-41ae-a246-8b9e4f697efa req-db278d3e-2e3a-41ae-a246-8b9e4f697efa ] Request (ServersAdminNegativeTestJSON:tearDownClass): 200 GET http://10.180.1.21/compute/v2.1/servers/e0a703b0-dea3-45c5-a9e6-ffc1a67c945d 0.256s
2025-01-10 18:48:07.888 67881 INFO tempest.lib.common.rest_client [req-0b54a147-2c8e-40a2-8269-5bcfd600831c req-0b54a147-2c8e-40a2-8269-5bcfd600831c ] Request (ServersAdminTestJSON:test_rebuild_server_in_error_state): 200 GET http://10.180.1.21/compute/v2.1/servers/fb51b671-ea57-49e1-bb62-0f0a36f9de1b 0.144s
2025-01-10 18:48:07.915 67925 INFO tempest.lib.common.rest_client [req-1770cef7-b4f1-402b-8c6a-213f4e52ed17 req-1770cef7-b4f1-402b-8c6a-213f4e52ed17 ] Request (ServersTestJSON:_run_cleanups): 200 GET http://10.180.1.21/compute/v2.1/servers/97116663-4cff-4e44-a887-e570f071fff7 0.127s
2025-01-10 18:48:07.934 67921 INFO tempest.lib.common.rest_client [req-e38e5f9b-b3b6-4752-a33b-a0ad65a06f64 req-e38e5f9b-b3b6-4752-a33b-a0ad65a06f64 ] Request (MultipleCreateTestJSON:test_multiple_create_with_reservation_return): 200 GET http://10.180.1.21/compute/v2.1/servers/ba7ac02d-5544-4aca-bddb-2825c976241c 0.094s
2025-01-10 18:48:07.964 67879 INFO tempest.lib.common.rest_client [req-0f96b3ac-b8d5-483f-b95b-6ac2a90d74e6 req-0f96b3ac-b8d5-483f-b95b-6ac2a90d74e6 ] Request (ServersTestMultiNic:_run_cleanups): 200 GET http://10.180.1.21/compute/v2.1/servers/b25ef405-c60d-43e9-b829-bc6d0e861364 0.118s
2025-01-10 18:48:07.980 67907 INFO tempest.lib.common.rest_client [req-93c31f09-c235-439a-8f64-906fad39d163 req-93c31f09-c235-439a-8f64-906fad39d163 ] Request (ListServerFiltersTestJSON:setUpClass): 200 GET http://10.180.1.21/compute/v2.1/servers/ecf46e23-9089-48bf-982c-d4002d90af9c 0.083s
2025-01-10 18:48:08.010 67871 INFO tempest.lib.common.rest_client [req-3e94d555-1cd9-4846-892a-c9cc85bd15fe req-3e94d555-1cd9-4846-892a-c9cc85bd15fe ] Request (InstanceActionsNegativeTestJSON:setUpClass): 200 GET http://10.180.1.21/compute/v2.1/servers/a856f251-8287-479a-b086-0eaa5882e084 0.089s
2025-01-10 18:48:08.024 67899 INFO tempest.lib.common.rest_client [req-77ec7749-49b2-42dd-915d-5067b84fca67 req-77ec7749-49b2-42dd-915d-5067b84fca67 ] Request (ImagesTestJSON:test_create_image_from_suspended_server): 200 GET http://10.180.1.21/compute/v2.1/servers/0d3865b9-8e4c-4ea1-95d9-3440368179b6 0.073s
2025-01-10 18:48:08.059 67901 INFO tempest.lib.common.rest_client [req-0d4f5137-1974-4161-bfc2-f047db65478b req-0d4f5137-1974-4161-bfc2-f047db65478b ] Request (SecurityGroupsTestJSON:test_server_security_groups): 200 GET http://10.180.1.21/compute/v2.1/servers/339999aa-0f91-47fd-9fa7-766e28a99026 0.082s
2025-01-10 18:48:08.068 67885 INFO tempest.lib.common.rest_client [req-db0f3936-1156-462d-8bd8-17aac7d770f7 req-db0f3936-1156-462d-8bd8-17aac7d770f7 ] Request (ServersNegativeTestJSON:setUpClass): 200 GET http://10.180.1.21/compute/v2.1/servers/c5343386-e9d5-4fc5-a7bc-56f568b8282b 0.070s
2025-01-10 18:48:08.114 67929 INFO tempest.lib.common.rest_client [req-4d50984d-3786-438c-90a4-4f804391aff3 req-4d50984d-3786-438c-90a4-4f804391aff3 ] Request (ServersAdmin275Test:tearDownClass): 200 GET http://10.180.1.21/compute/v2.1/servers/9f51515f-0845-40bf-b62a-9eaac1360e13 0.065s
2025-01-10 18:48:08.123 67889 INFO paramiko.transport [-] Connected (version 2.0, client dropbear_2020.81)
2025-01-10 18:48:08.143 67873 INFO tempest.lib.common.rest_client [req-46ea277c-4584-4b0d-82eb-26004709ea7b req-46ea277c-4584-4b0d-82eb-26004709ea7b ] Request (ServersAaction247Test:test_create_backup): 200 GET http://10.180.1.21/compute/v2.1/servers/8a88102f-7880-4fec-af45-6fc6651bfd18 0.048s
2025-01-10 18:48:08.199 67932 INFO tempest.lib.common.rest_client [req-87589952-8063-4903-b3ab-41dcf9bfd0ec req-87589952-8063-4903-b3ab-41dcf9bfd0ec ] Request (ServerTagsTestJSON:setUpClass): 200 GET http://10.180.1.21/compute/v2.1/servers/85bb3618-e2ed-4dfa-8407-85aacf0ca554 0.050s
2025-01-10 18:48:08.232 67889 INFO paramiko.transport [-] Authentication (publickey) successful!
2025-01-10 18:48:08.232 67889 INFO tempest.lib.common.ssh [-] ssh connection to cirros@10.180.180.139 successfully created
2025-01-10 18:48:08.241 67883 INFO tempest.lib.common.rest_client [req-65be2a88-f03f-48c1-957c-9e3463a04470 req-65be2a88-f03f-48c1-957c-9e3463a04470 ] Request (FloatingIPsAssociationTestJSON:test_associate_already_associated_floating_ip): 200 GET http://10.180.1.21/compute/v2.1/servers/e1bdb762-de7b-425c-8b36-4ef2ae552e0f 0.047s
2025-01-10 18:48:08.250 67927 INFO tempest.lib.common.rest_client [req-9450a989-24fb-459c-a973-7f1a173ce7f2 req-9450a989-24fb-459c-a973-7f1a173ce7f2 ] Request (ServerDiskConfigTestJSON:test_rebuild_server_with_manual_disk_config): 200 GET http://10.180.1.21/compute/v2.1/servers/451508ca-6b2f-4599-a8a5-1d132b3ee7f6 0.090s
2025-01-10 18:48:08.287 67923 INFO tempest.lib.common.rest_client [req-06ef7244-1ff9-4912-9671-0f3ebe54790f req-06ef7244-1ff9-4912-9671-0f3ebe54790f ] Request (ServersWithSpecificFlavorTestJSON:test_verify_created_server_ephemeral_disk): 200 GET http://10.180.1.21/compute/v2.1/servers/6204b096-8bc8-4f1f-ad9f-7d0af46dab21 0.073s
2025-01-10 18:48:08.298 67889 INFO tempest.lib.common.rest_client [req-807404c6-dd7c-4c6c-b6c3-446c5f6648ae req-807404c6-dd7c-4c6c-b6c3-446c5f6648ae ] Request (ServersTestBootFromVolume:test_list_servers): 200 GET http://10.180.1.21/compute/v2.1/servers 0.059s
2025-01-10 18:48:08.339 67893 INFO tempest.lib.common.rest_client [req-a089060f-f883-470c-a5c0-b3eacc9b723d req-a089060f-f883-470c-a5c0-b3eacc9b723d ] Request (ServerShowV257Test:test_rebuild_server): 200 GET http://10.180.1.21/compute/v2.1/servers/dd73da07-637d-4675-9e13-d4b615a8fbca 0.086s
2025-01-10 18:48:08.347 67893 INFO tempest.common.waiters [-] State transition "BUILD/spawning" ==> "ACTIVE/None" after 49 second wait
