2025-01-10 18:45:54.335 67929 INFO tempest.lib.common.rest_client [req-2ee6bd3d-1264-412a-ab6c-838e7ee03fb7 req-2ee6bd3d-1264-412a-ab6c-838e7ee03fb7 ] Request (AggregatesAdminNegativeTestJSON:_run_cleanups): 200 DELETE http://10.180.1.21/compute/v2.1/os-aggregates/5 1.901s
2025-01-10 18:45:54.344 67889 INFO tempest.lib.common.rest_client [req-927ed4e0-b0bf-4373-89bc-0a91b355b921 req-927ed4e0-b0bf-4373-89bc-0a91b355b921 ] Request (ServersTestBootFromVolume:setUpClass): 200 POST http://10.180.1.21/compute/v2.1/os-keypairs 1.995s
2025-01-10 18:45:54.369 67895 INFO tempest.lib.common.rest_client [req-cc31a6ac-f384-4601-af0a-9d84fdc3a390 req-cc31a6ac-f384-4601-af0a-9d84fdc3a390 ] Request (FlavorsAdminTestJSON:test_create_server_with_non_public_flavor): 200 POST http://10.180.1.21/compute/v2.1/flavors 1.900s
2025-01-10 18:45:54.416 67887 INFO tempest.lib.common.rest_client [req-31ca46f5-51f3-403c-88c6-2237e383ca6d req-31ca46f5-51f3-403c-88c6-2237e383ca6d ] Request (ServersTestFqdnHostnames:setUpClass): 201 POST http://10.180.1.21/identity/v3/auth/tokens 0.190s
2025-01-10 18:45:54.426 67881 INFO tempest.lib.common.rest_client [req-8a52a574-b43b-4bf0-b368-8c2fcf0e1b40 req-8a52a574-b43b-4bf0-b368-8c2fcf0e1b40 ] Request (ServersAdminTestJSON:test_create_server_with_scheduling_hint): 201 POST http://10.180.1.21/identity/v3/auth/tokens 0.126s
2025-01-10 18:45:54.426 67881 INFO tempest.lib.common.fixed_network [-] (ServersAdminTestJSON:test_create_server_with_scheduling_hint) Found network {'id': 'd0fda9aa-bce2-406d-a0cc-c36cbfb33788', 'name': 'tempest-ServersAdminTestJSON-2100773238-network', 'tenant_id': '8a329974a21d408087d05fcd88609e68', 'admin_state_up': True, 'mtu': 8950, 'status': 'ACTIVE', 'subnets': [], 'shared': False, 'project_id': '8a329974a21d408087d05fcd88609e68', 'port_security_enabled': True, 'router:external': False, 'provider:network_type': 'vlan', 'provider:physical_network': 'default', 'provider:segmentation_id': 635, 'availability_zone_hints': [], 'availability_zones': [], 'ipv4_address_scope': None, 'ipv6_address_scope': None, 'description': '', 'tags': [], 'created_at': '2025-01-10T18:45:06Z', 'updated_at': '2025-01-10T18:45:06Z', 'revision_number': 1} available for tenant
2025-01-10 18:45:54.433 67921 INFO tempest.lib.common.rest_client [req-ebac274d-1234-46b5-ab90-dcb21a15b173 req-ebac274d-1234-46b5-ab90-dcb21a15b173 ] Request (KeyPairsV2TestJSON:test_keypairs_create_list_delete): 200 POST http://10.180.1.21/compute/v2.1/os-keypairs 1.864s
2025-01-10 18:45:54.462 67873 INFO tempest.lib.common.rest_client [req-a213dd31-b6a7-4a00-85b4-b28d74ed55b1 req-a213dd31-b6a7-4a00-85b4-b28d74ed55b1 ] Request (ImagesOneServerTestJSON:setUpClass): 200 GET http://10.180.1.21/compute/v2.1/servers/414ecfc0-b23e-4027-a227-772f4867827e 1.938s
2025-01-10 18:45:54.649 67901 INFO tempest.lib.common.rest_client [req-40952ab9-6507-42e9-b009-ca5b1187aaf5 req-40952ab9-6507-42e9-b009-ca5b1187aaf5 ] Request (SecurityGroupsTestJSON:test_list_security_groups_by_server): 200 GET http://10.180.1.21/compute/v2.1/servers/7757e7a7-8bd7-4057-9e65-83cda5ac2af6 1.729s
2025-01-10 18:45:54.650 67885 INFO tempest.lib.common.rest_client [req-070ea4a8-9665-4599-ae25-cd6ba285748d req-070ea4a8-9665-4599-ae25-cd6ba285748d ] Request (ServerAddressesTestJSON:setUpClass): 200 GET http://10.180.1.21/compute/v2.1/servers/fad7af7b-8d50-4bdb-84aa-57a8ef8e81a9 2.014s
2025-01-10 18:45:54.705 67871 INFO tempest.lib.common.rest_client [req-e58737e7-bc87-49d1-a56a-dc0ebad8c0b0 req-e58737e7-bc87-49d1-a56a-dc0ebad8c0b0 ] Request (FloatingIPsAssociationNegativeTestJSON:setUpClass): 200 GET http://10.180.1.21/compute/v2.1/servers/6ee918d4-4e81-46d4-95f8-3a10eec98535 1.771s
2025-01-10 18:45:54.792 67927 INFO tempest.lib.common.rest_client [req-88b0f96b-d359-4598-a100-13c7acd13c2a req-88b0f96b-d359-4598-a100-13c7acd13c2a ] Request (QuotasAdminTestJSON:test_get_updated_quotas): 200 GET http://10.180.1.21/compute/v2.1/os-quota-sets/b42b98b165ef434cbd6d112655b65dfc?user_id=397c1135217c489482587b3c9eade9e9 1.662s
2025-01-10 18:45:54.820 67889 INFO tempest.lib.common.rest_client [req-5c8d6d19-202e-4549-a4e3-1ac1e89ee7b3 req-5c8d6d19-202e-4549-a4e3-1ac1e89ee7b3 ] Request (ServersTestBootFromVolume:setUpClass): 201 POST http://10.180.1.21:9696/networking/v2.0/security-groups 0.472s
2025-01-10 18:45:54.841 67877 INFO tempest.lib.common.rest_client [req-0c7e20fb-8fb3-4766-918f-6a76318c6367 req-0c7e20fb-8fb3-4766-918f-6a76318c6367 ] Request (FloatingIPsTestJSON:test_allocate_floating_ip): 200 GET http://10.180.1.21/compute/v2.1/os-floating-ips/8bb67b1e-134d-48bc-8758-a5c406031454 1.827s
2025-01-10 18:45:54.879 67899 INFO tempest.lib.common.rest_client [req-9f129818-6cea-40a5-8cf7-3c736119cc6f req-9f129818-6cea-40a5-8cf7-3c736119cc6f ] Request (ServerDiagnosticsTest:tearDownClass): 200 GET http://10.180.1.21/compute/v2.1/servers/fd976259-0234-431b-8d24-0c5466cc8716 1.745s
2025-01-10 18:45:54.888 67869 INFO tempest.lib.common.rest_client [req-25e40a31-52fa-4b2d-839d-a35098dc6993 req-25e40a31-52fa-4b2d-839d-a35098dc6993 ] Request (ImagesNegativeTestJSON:test_create_image_from_invalid_server): 404 POST http://10.180.1.21/compute/v2.1/servers/tempest-invalid-1506697922/action 1.539s
2025-01-10 18:45:54.905 67927 INFO tempest.lib.common.rest_client [req-906e6637-a08e-4009-aa19-71da4d02384a req-906e6637-a08e-4009-aa19-71da4d02384a ] Request (QuotasAdminTestJSON:_run_cleanups): 204 DELETE http://10.180.1.21/identity/v3/users/397c1135217c489482587b3c9eade9e9 0.111s
2025-01-10 18:45:54.917 67875 INFO tempest.lib.common.rest_client [req-20b3bec5-fe63-4e11-91d2-6d64ca81812e req-20b3bec5-fe63-4e11-91d2-6d64ca81812e ] Request (ServerDiagnosticsNegativeTest:tearDownClass): 404 GET http://10.180.1.21/compute/v2.1/servers/e619635b-ce3e-4b56-acdf-655fe3128157 1.482s
2025-01-10 18:45:54.953 67889 INFO tempest.lib.common.rest_client [req-1ab128c1-adbf-4068-942a-8b1925f543d5 req-1ab128c1-adbf-4068-942a-8b1925f543d5 ] Request (ServersTestBootFromVolume:setUpClass): 201 POST http://10.180.1.21:9696/networking/v2.0/security-group-rules 0.133s
2025-01-10 18:45:54.962 67925 INFO tempest.lib.common.rest_client [req-2355aace-70c9-47cd-953e-20f43cfaa8c0 req-2355aace-70c9-47cd-953e-20f43cfaa8c0 ] Request (ServersTestJSON:test_create_server_specify_multibyte_character_name): 200 GET http://10.180.1.21/compute/v2.1/servers/aa2ca68d-151a-4a1f-b526-230b8d8606a0 1.432s
2025-01-10 18:45:54.985 67897 INFO tempest.lib.common.rest_client [req-3c2b1634-238a-4adf-aa8e-de959727fe5b req-3c2b1634-238a-4adf-aa8e-de959727fe5b ] Request (ServerAddressesNegativeTestJSON:setUpClass): 200 GET http://10.180.1.21/compute/v2.1/servers/628d7db8-2567-4a70-93ce-d062cd4ebf1a 1.215s
2025-01-10 18:45:54.987 67905 INFO tempest.lib.common.rest_client [req-34266a5e-e981-48e1-976e-13377d24ae7b req-34266a5e-e981-48e1-976e-13377d24ae7b ] Request (SecurityGroupRulesNegativeTestJSON:tearDownClass): 200 PUT http://10.180.1.21:9696/networking/v2.0/routers/90790da1-bfb7-4b69-a5ab-d0fd118b4132/remove_router_interface 1.668s
2025-01-10 18:45:55.040 67927 INFO tempest.lib.common.rest_client [req-4b90b8be-4f2d-46cc-8e4a-e8e74c07a4a2 req-4b90b8be-4f2d-46cc-8e4a-e8e74c07a4a2 ] Request (QuotasAdminTestJSON:_run_cleanups): 204 DELETE http://10.180.1.21/identity/v3/projects/b42b98b165ef434cbd6d112655b65dfc 0.134s
2025-01-10 18:45:55.047 67875 INFO tempest.lib.common.rest_client [req-26df9277-9603-4687-ba01-2feda7b87f00 req-26df9277-9603-4687-ba01-2feda7b87f00 ] Request (ServerDiagnosticsNegativeTest:tearDownClass): 204 DELETE http://10.180.1.21/identity/v3/users/e57c33da2ddb4251903f16bfd99d5139 0.130s
2025-01-10 18:45:55.082 67889 INFO tempest.lib.common.rest_client [req-4f48a66c-eff6-4a5a-861b-1dc9b009a1db req-4f48a66c-eff6-4a5a-861b-1dc9b009a1db ] Request (ServersTestBootFromVolume:setUpClass): 201 POST http://10.180.1.21:9696/networking/v2.0/security-group-rules 0.128s
2025-01-10 18:45:55.176 67893 INFO tempest.lib.common.rest_client [req-d353e796-b759-4079-9d37-a8600177f823 req-d353e796-b759-4079-9d37-a8600177f823 ] Request (ListServersNegativeTestJSON:setUpClass): 200 GET http://10.180.1.21/compute/v2.1/servers/af80c7da-2699-4b40-b829-529c89d2572b 1.212s
2025-01-10 18:45:55.187 67913 INFO tempest.lib.common.rest_client [req-4fd10c30-0849-42b1-9ed3-7637de2e168b req-4fd10c30-0849-42b1-9ed3-7637de2e168b ] Request (KeyPairsV210TestJSON:test_admin_manage_keypairs_for_other_users): 200 GET http://10.180.1.21/compute/v2.1/os-keypairs?user_id=b15506b463964a5e854d388de97045e7 1.198s
2025-01-10 18:45:55.223 67875 INFO tempest.lib.common.rest_client [req-88d18950-682b-49d1-962a-bf21b8a08137 req-88d18950-682b-49d1-962a-bf21b8a08137 ] Request (ServerDiagnosticsNegativeTest:tearDownClass): 204 DELETE http://10.180.1.21/identity/v3/users/8b80e68625084656b1bb36bbfababf96 0.176s
2025-01-10 18:45:55.224 67875 INFO tempest.lib.common.dynamic_creds [-] Deleting project and security group for project: ee8f7b3c0c294168a20e261b38666897
2025-01-10 18:45:55.244 67911 INFO tempest.lib.common.rest_client [req-9c1816f0-dde8-4d07-85e8-0614a1822049 req-9c1816f0-dde8-4d07-85e8-0614a1822049 ] Request (ImagesMetadataTestJSON:setUp): 200 PUT http://10.180.1.21/compute/v2.1/images/4983572a-1f76-41f3-b2b5-68089a35ce74/metadata 1.423s
2025-01-10 18:45:55.251 67915 INFO tempest.lib.common.rest_client [req-6986dbe6-8761-4e72-97a1-38bb95532f61 req-6986dbe6-8761-4e72-97a1-38bb95532f61 ] Request (AttachInterfacesUnderV243Test:test_add_remove_fixed_ip): 200 GET http://10.180.1.21/compute/v2.1/servers/af3cadb7-b261-4240-867a-aee52cd06f7a 1.213s
2025-01-10 18:45:55.272 67879 INFO tempest.lib.common.rest_client [req-8aaf812a-1812-48f9-b0b8-0e0d326eb414 req-8aaf812a-1812-48f9-b0b8-0e0d326eb414 ] Request (KeyPairsV22TestJSON:_run_cleanups): 204 DELETE http://10.180.1.21/compute/v2.1/os-keypairs/tempest-keypair-1125172879 1.193s
2025-01-10 18:45:55.291 67907 INFO tempest.lib.common.rest_client [req-172b9959-cef2-40bf-a25f-e495a0ced465 req-172b9959-cef2-40bf-a25f-e495a0ced465 ] Request (KeyPairsNegativeTestJSON:test_create_keypair_with_duplicate_name): 202 DELETE http://10.180.1.21/compute/v2.1/os-keypairs/tempest-keypair-1893284317 1.180s
2025-01-10 18:45:55.297 67875 INFO tempest.lib.common.rest_client [req-2cc36c02-63dd-4ba9-ad8a-f96d3a17732f req-2cc36c02-63dd-4ba9-ad8a-f96d3a17732f ] Request (ServerDiagnosticsNegativeTest:tearDownClass): 201 POST http://10.180.1.21/identity/v3/auth/tokens 0.072s
2025-01-10 18:45:55.302 67929 INFO tempest.lib.common.rest_client [req-53dc5db2-e1c7-498b-9644-4e9aa014307d req-53dc5db2-e1c7-498b-9644-4e9aa014307d ] Request (AggregatesAdminNegativeTestJSON:test_aggregate_delete_with_invalid_id): 404 DELETE http://10.180.1.21/compute/v2.1/os-aggregates/-1 0.965s
2025-01-10 18:45:55.316 67895 INFO tempest.lib.common.rest_client [req-5619fa4e-558e-4469-b0fc-4d5c5fd9af46 req-5619fa4e-558e-4469-b0fc-4d5c5fd9af46 ] Request (FlavorsAdminTestJSON:test_create_server_with_non_public_flavor): 400 POST http://10.180.1.21/compute/v2.1/servers 0.944s
2025-01-10 18:45:55.383 67917 INFO tempest.lib.common.rest_client [req-910124ef-4006-4b53-8fc5-76a3dae136e7 req-910124ef-4006-4b53-8fc5-76a3dae136e7 ] Request (FlavorsAccessNegativeTestJSON:test_remove_flavor_access_not_found): 404 POST http://10.180.1.21/compute/v2.1/flavors/168474849/action 1.308s
2025-01-10 18:45:55.484 67887 INFO tempest.lib.common.rest_client [req-eef342cf-d046-4ed2-8d54-def39d4b527f req-eef342cf-d046-4ed2-8d54-def39d4b527f ] Request (ServersTestFqdnHostnames:test_create_server_with_fqdn_name): 200 POST http://10.180.1.21/compute/v2.1/os-keypairs 1.066s
2025-01-10 18:45:55.520 67921 INFO tempest.lib.common.rest_client [req-9222862e-0a96-47e7-810a-dff9966d96d1 req-9222862e-0a96-47e7-810a-dff9966d96d1 ] Request (KeyPairsV2TestJSON:test_keypairs_create_list_delete): 200 POST http://10.180.1.21/compute/v2.1/os-keypairs 1.084s
2025-01-10 18:45:55.594 67905 INFO tempest.lib.common.rest_client [req-5c7394eb-8819-46a9-baff-ccf6508ce4b8 req-5c7394eb-8819-46a9-baff-ccf6508ce4b8 ] Request (SecurityGroupRulesNegativeTestJSON:tearDownClass): 204 DELETE http://10.180.1.21:9696/networking/v2.0/routers/90790da1-bfb7-4b69-a5ab-d0fd118b4132 0.606s
2025-01-10 18:45:55.701 67875 INFO tempest.lib.common.rest_client [req-8de5fa8e-f2b9-46ea-8780-6b5ede553a40 req-8de5fa8e-f2b9-46ea-8780-6b5ede553a40 ] Request (ServerDiagnosticsNegativeTest:tearDownClass): 200 GET http://10.180.1.21:9696/networking/v2.0/security-groups?tenant_id=ee8f7b3c0c294168a20e261b38666897&name=default 0.404s
2025-01-10 18:45:55.716 67923 INFO tempest.lib.common.rest_client [req-b5ad249d-0e52-40ae-844e-c5783e61f8ef req-b5ad249d-0e52-40ae-844e-c5783e61f8ef ] Request (ServersWithSpecificFlavorTestJSON:test_verify_created_server_ephemeral_disk): 200 GET http://10.180.1.21/compute/v2.1/servers/2157312b-0155-42fa-a5ce-0392f8f0df3f 1.065s
2025-01-10 18:45:55.772 67887 INFO tempest.lib.common.rest_client [req-b62d5f5a-0d36-4fe5-8654-9d40b887849f req-b62d5f5a-0d36-4fe5-8654-9d40b887849f ] Request (ServersTestFqdnHostnames:test_create_server_with_fqdn_name): 201 POST http://10.180.1.21:9696/networking/v2.0/security-groups 0.285s
2025-01-10 18:45:55.854 67877 INFO tempest.lib.common.rest_client [req-5b6d6097-3d5c-44d1-9240-416cd0bd33e1 req-5b6d6097-3d5c-44d1-9240-416cd0bd33e1 ] Request (FloatingIPsTestJSON:test_allocate_floating_ip): 200 GET http://10.180.1.21/compute/v2.1/os-floating-ips 1.011s
2025-01-10 18:45:55.874 67869 INFO tempest.lib.common.rest_client [req-12ef22da-ff58-4f2a-a3b2-63fda64b45a2 req-12ef22da-ff58-4f2a-a3b2-63fda64b45a2 ] Request (ImagesNegativeTestJSON:test_create_image_specify_uuid_35_characters_or_less): 404 POST http://10.180.1.21/compute/v2.1/servers/aaaaaaaaaaaaaaaaaaaaaaaaaaaaaaaaaaa/action 0.985s
2025-01-10 18:45:55.913 67887 INFO tempest.lib.common.rest_client [req-b49da820-4f16-4724-a188-e16734f0866d req-b49da820-4f16-4724-a188-e16734f0866d ] Request (ServersTestFqdnHostnames:test_create_server_with_fqdn_name): 201 POST http://10.180.1.21:9696/networking/v2.0/security-group-rules 0.141s
2025-01-10 18:45:55.951 67891 INFO tempest.lib.common.rest_client [req-85aa6056-eefd-4963-8d59-097b5e3bf251 req-85aa6056-eefd-4963-8d59-097b5e3bf251 ] Request (DeleteServersAdminTestJSON:test_admin_delete_servers_of_others): 200 GET http://10.180.1.21/compute/v2.1/servers/fc7a25a1-9451-4532-a172-9554a3f74344 1.055s
2025-01-10 18:45:56.013 67932 INFO tempest.lib.common.rest_client [req-03b15bde-c7d7-4afb-b237-f0698f41ee78 req-03b15bde-c7d7-4afb-b237-f0698f41ee78 ] Request (ServerRescueTestJSONUnderV235:setUpClass): 200 GET http://10.180.1.21/compute/v2.1/servers/b1016b3d-45f3-4ee0-882f-0228c3a232f5 1.052s
2025-01-10 18:45:56.044 67905 INFO tempest.lib.common.rest_client [req-8670a22a-bd2a-4560-80a4-1704ed3ec219 req-8670a22a-bd2a-4560-80a4-1704ed3ec219 ] Request (SecurityGroupRulesNegativeTestJSON:tearDownClass): 204 DELETE http://10.180.1.21:9696/networking/v2.0/subnets/bee1bc94-f886-477c-b2b0-ee0bda404dd9 0.449s
2025-01-10 18:45:56.069 67889 INFO tempest.lib.common.rest_client [req-159e1c4a-0b1f-4455-9f3d-94b67aa8f249 req-159e1c4a-0b1f-4455-9f3d-94b67aa8f249 ] Request (ServersTestBootFromVolume:setUpClass): 201 POST http://10.180.1.21:9696/networking/v2.0/floatingips 0.987s
2025-01-10 18:45:56.074 67875 INFO tempest.lib.common.rest_client [req-c7d3a08e-6c31-4b28-9069-9ebcd4de3846 req-c7d3a08e-6c31-4b28-9069-9ebcd4de3846 ] Request (ServerDiagnosticsNegativeTest:tearDownClass): 204 DELETE http://10.180.1.21:9696/networking/v2.0/security-groups/0f55ae0c-f861-4153-bf28-a5afbabb90ce 0.372s
2025-01-10 18:45:56.076 67887 INFO tempest.lib.common.rest_client [req-407340dd-8280-4500-a7c5-f05b8f632f1b req-407340dd-8280-4500-a7c5-f05b8f632f1b ] Request (ServersTestFqdnHostnames:test_create_server_with_fqdn_name): 201 POST http://10.180.1.21:9696/networking/v2.0/security-group-rules 0.162s
2025-01-10 18:45:56.143 67889 INFO tempest.lib.common.rest_client [req-a1a5d726-2d7d-495e-b0d1-3b0e56f33be4 req-a1a5d726-2d7d-495e-b0d1-3b0e56f33be4 ] Request (ServersTestBootFromVolume:setUpClass): 201 POST http://10.180.1.21/identity/v3/auth/tokens 0.071s
2025-01-10 18:45:56.144 67889 INFO tempest.lib.common.fixed_network [-] (ServersTestBootFromVolume:setUpClass) Found network {'id': 'cebaea91-0e86-42d6-9581-f5d3aba916e7', 'name': 'tempest-ServersTestBootFromVolume-642288912-network', 'tenant_id': 'e3cedb25506e48c7b6ef9d7887f7f3b3', 'admin_state_up': True, 'mtu': 8950, 'status': 'ACTIVE', 'subnets': [], 'shared': False, 'project_id': 'e3cedb25506e48c7b6ef9d7887f7f3b3', 'port_security_enabled': True, 'router:external': False, 'provider:network_type': 'vlan', 'provider:physical_network': 'default', 'provider:segmentation_id': 5, 'availability_zone_hints': [], 'availability_zones': [], 'ipv4_address_scope': None, 'ipv6_address_scope': None, 'description': '', 'tags': [], 'created_at': '2025-01-10T18:45:46Z', 'updated_at': '2025-01-10T18:45:47Z', 'revision_number': 1} available for tenant
2025-01-10 18:45:56.192 67875 INFO tempest.lib.common.rest_client [req-6661619a-45e7-457a-9ca0-80ed44aadc36 req-6661619a-45e7-457a-9ca0-80ed44aadc36 ] Request (ServerDiagnosticsNegativeTest:tearDownClass): 204 DELETE http://10.180.1.21/identity/v3/projects/ee8f7b3c0c294168a20e261b38666897 0.117s
2025-01-10 18:45:56.192 67875 INFO tempest.lib.common.dynamic_creds [-] Deleting project and security group for project: be93c31088d7414e82bf65e29e9ff932
2025-01-10 18:45:56.214 67881 INFO tempest.lib.common.rest_client [req-b5b7fac1-f0ff-45e7-8c1b-f927df291bca req-b5b7fac1-f0ff-45e7-8c1b-f927df291bca ] Request (ServersAdminTestJSON:test_create_server_with_scheduling_hint): 202 POST http://10.180.1.21/compute/v2.1/servers 1.788s
2025-01-10 18:45:56.240 67919 INFO tempest.lib.common.rest_client [req-b0845d8e-fc5b-4139-b7e1-c148859df386 req-b0845d8e-fc5b-4139-b7e1-c148859df386 ] Request (VolumesAssistedSnapshotsTest:test_volume_assisted_snapshot_create_delete): 200 GET http://10.180.1.21/compute/v2.1/servers/cef29849-b62f-448e-a20b-563fded880fe 1.257s
2025-01-10 18:45:56.284 67875 INFO tempest.lib.common.rest_client [req-df9f6f99-e791-4d46-bf26-d0664a2dbb20 req-df9f6f99-e791-4d46-bf26-d0664a2dbb20 ] Request (ServerDiagnosticsNegativeTest:tearDownClass): 200 GET http://10.180.1.21:9696/networking/v2.0/security-groups?tenant_id=be93c31088d7414e82bf65e29e9ff932&name=default 0.092s
2025-01-10 18:45:56.328 67903 INFO tempest.lib.common.rest_client [req-9a756a47-a737-4387-8548-eee71bebd949 req-9a756a47-a737-4387-8548-eee71bebd949 ] Request (ServersAdminNegativeTestJSON:setUpClass): 200 GET http://10.180.1.21/compute/v2.1/servers/94bf8010-b4e1-461f-aba7-0323563f3368 1.281s
2025-01-10 18:45:56.379 67927 INFO tempest.lib.common.rest_client [req-e12aac92-6a5f-4ef3-a4f9-b5dff83ae6fb req-e12aac92-6a5f-4ef3-a4f9-b5dff83ae6fb ] Request (QuotasAdminTestJSON:test_update_all_quota_resources_for_tenant): 200 GET http://10.180.1.21/compute/v2.1/os-quota-sets/c338ddc7d90044cb8dfdecfb259fe514/defaults 1.338s
2025-01-10 18:45:56.419 67913 INFO tempest.lib.common.rest_client [req-06e6297a-abd2-4b2b-b7fc-f586d93b7408 req-06e6297a-abd2-4b2b-b7fc-f586d93b7408 ] Request (KeyPairsV210TestJSON:_run_cleanups): 204 DELETE http://10.180.1.21/compute/v2.1/os-keypairs/tempest-KeyPairsV210TestJSON-keypair-778848182 1.230s
2025-01-10 18:45:56.440 67909 INFO tempest.lib.common.rest_client [req-7329c088-5d3d-49de-b82c-b42307cdb787 req-7329c088-5d3d-49de-b82c-b42307cdb787 ] Request (ServerDiagnosticsV248Test:test_get_server_diagnostics): 200 GET http://10.180.1.21/compute/v2.1/servers/3e05676e-70ae-4a04-a386-6b53eba82684 1.378s
2025-01-10 18:45:56.511 67875 INFO tempest.lib.common.rest_client [req-2a8bb677-9a9c-45ff-a878-198be554926a req-2a8bb677-9a9c-45ff-a878-198be554926a ] Request (ServerDiagnosticsNegativeTest:tearDownClass): 204 DELETE http://10.180.1.21:9696/networking/v2.0/security-groups/6e55ccf1-c4c4-4251-9b2a-dfbe1e93f56f 0.226s
2025-01-10 18:45:56.526 67883 INFO tempest.lib.common.rest_client [req-06f79ab3-ea03-4758-863f-a4c826fb428d req-06f79ab3-ea03-4758-863f-a4c826fb428d ] Request (ServerExternalEventsTest:tearDownClass): 200 GET http://10.180.1.21/compute/v2.1/servers/4deff428-c031-4f48-a875-c752206d7f2b 1.292s
2025-01-10 18:45:56.535 67883 INFO tempest.common.waiters [-] State transition "ACTIVE/deleting" ==> "DELETED/None" after 2 second wait
2025-01-10 18:45:56.580 67879 INFO tempest.lib.common.rest_client [req-383b7456-76c6-44a3-a5ff-4b1f59263496 req-383b7456-76c6-44a3-a5ff-4b1f59263496 ] Request (KeyPairsV22TestJSON:test_keypair_create_with_pub_key): 201 POST http://10.180.1.21/compute/v2.1/os-keypairs 1.307s
2025-01-10 18:45:56.586 67907 INFO tempest.lib.common.rest_client [req-e6db2cc0-cc70-4789-bdf6-b7aab52c4d2b req-e6db2cc0-cc70-4789-bdf6-b7aab52c4d2b ] Request (KeyPairsNegativeTestJSON:test_create_keypair_with_empty_name_string): 400 POST http://10.180.1.21/compute/v2.1/os-keypairs 1.292s
2025-01-10 18:45:56.618 67929 INFO tempest.lib.common.rest_client [req-c9ccfb39-9297-41ee-9532-b78591538883 req-c9ccfb39-9297-41ee-9532-b78591538883 ] Request (AggregatesAdminNegativeTestJSON:test_aggregate_get_details_as_user): 200 POST http://10.180.1.21/compute/v2.1/os-aggregates 1.314s
2025-01-10 18:45:56.639 67895 INFO tempest.lib.common.rest_client [req-010e81ed-63cc-4b62-964d-e3a327451bb7 req-010e81ed-63cc-4b62-964d-e3a327451bb7 ] Request (FlavorsAdminTestJSON:_run_cleanups): 202 DELETE http://10.180.1.21/compute/v2.1/flavors/1281219320 1.321s
2025-01-10 18:45:56.657 67917 INFO tempest.lib.common.rest_client [req-5cf179ee-35a7-4ebf-b3dc-998eea396c8f req-5cf179ee-35a7-4ebf-b3dc-998eea396c8f ] Request (FlavorsAccessNegativeTestJSON:_run_cleanups): 202 DELETE http://10.180.1.21/compute/v2.1/flavors/168474849 1.272s
2025-01-10 18:45:56.670 67905 INFO tempest.lib.common.rest_client [req-9e2d6dda-3346-4eac-b802-2c29ddc2e9fe req-9e2d6dda-3346-4eac-b802-2c29ddc2e9fe ] Request (SecurityGroupRulesNegativeTestJSON:tearDownClass): 204 DELETE http://10.180.1.21:9696/networking/v2.0/networks/70ec0f42-4caa-4149-9e93-bec74740ca4f 0.625s
2025-01-10 18:45:56.695 67875 INFO tempest.lib.common.rest_client [req-b6725660-c371-42dd-a973-6a2633710bf2 req-b6725660-c371-42dd-a973-6a2633710bf2 ] Request (ServerDiagnosticsNegativeTest:tearDownClass): 204 DELETE http://10.180.1.21/identity/v3/projects/be93c31088d7414e82bf65e29e9ff932 0.184s
2025-01-10 18:45:56.762 67911 INFO tempest.lib.common.rest_client [req-36f7e5fa-41d0-49e6-88dc-3f255aeba2d1 req-36f7e5fa-41d0-49e6-88dc-3f255aeba2d1 ] Request (ImagesMetadataTestJSON:test_set_image_metadata_item): 200 PUT http://10.180.1.21/compute/v2.1/images/4983572a-1f76-41f3-b2b5-68089a35ce74/metadata/os_version 1.517s
2025-01-10 18:45:56.777 67921 INFO tempest.lib.common.rest_client [req-25bd91d3-5957-4c3d-a523-7bbccd6df9c1 req-25bd91d3-5957-4c3d-a523-7bbccd6df9c1 ] Request (KeyPairsV2TestJSON:test_keypairs_create_list_delete): 200 GET http://10.180.1.21/compute/v2.1/os-keypairs 1.255s
2025-01-10 18:45:56.785 67873 INFO tempest.lib.common.rest_client [req-591a718a-3bd2-49d8-b6a7-212adf89cc3c req-591a718a-3bd2-49d8-b6a7-212adf89cc3c ] Request (ImagesOneServerTestJSON:setUpClass): 200 GET http://10.180.1.21/compute/v2.1/servers/414ecfc0-b23e-4027-a227-772f4867827e 1.311s
2025-01-10 18:45:56.839 67875 INFO tempest.lib.common.rest_client [req-c50914db-ca96-402c-a2ee-1f052cf31d9e req-c50914db-ca96-402c-a2ee-1f052cf31d9e ] Request (TenantUsagesNegativeTestJSON:setUpClass): 201 POST http://10.180.1.21/identity/v3/auth/tokens 0.143s
2025-01-10 18:45:56.864 67885 INFO tempest.lib.common.rest_client [req-d9ed1801-9223-4cca-bf5b-cea070efc4ee req-d9ed1801-9223-4cca-bf5b-cea070efc4ee ] Request (ServerAddressesTestJSON:setUpClass): 200 GET http://10.180.1.21/compute/v2.1/servers/fad7af7b-8d50-4bdb-84aa-57a8ef8e81a9 1.204s
2025-01-10 18:45:56.882 67885 INFO tempest.common.waiters [-] State transition "BUILD/scheduling" ==> "BUILD/None" after 5 second wait
2025-01-10 18:45:56.889 67905 INFO tempest.lib.common.rest_client [req-79bf7233-4286-4475-8afe-3de686d82aab req-79bf7233-4286-4475-8afe-3de686d82aab ] Request (SecurityGroupRulesNegativeTestJSON:tearDownClass): 204 DELETE http://10.180.1.21/identity/v3/users/ab5be7fc8bfc4d5299f85040f54ee566 0.219s
2025-01-10 18:45:56.889 67905 INFO tempest.lib.common.dynamic_creds [-] Deleting project and security group for project: fbb11cb1ac994b3aa7498ec1a28eecc3
2025-01-10 18:45:56.894 67887 INFO tempest.lib.common.rest_client [req-dd8cee39-b3c2-4ec6-bd81-7924ee4a9d45 req-dd8cee39-b3c2-4ec6-bd81-7924ee4a9d45 ] Request (ServersTestFqdnHostnames:test_create_server_with_fqdn_name): 201 POST http://10.180.1.21:9696/networking/v2.0/floatingips 0.817s
2025-01-10 18:45:56.908 67889 INFO tempest.lib.common.rest_client [req-1c2395e7-634e-4da2-8d40-618713d6ea4f req-1c2395e7-634e-4da2-8d40-618713d6ea4f ] Request (ServersTestBootFromVolume:setUpClass): 202 POST http://10.180.1.21/volume/v3/volumes 0.763s
2025-01-10 18:45:56.942 67871 INFO tempest.lib.common.rest_client [req-dd5e2d42-cfef-4943-b87a-8f9bf8f9165b req-dd5e2d42-cfef-4943-b87a-8f9bf8f9165b ] Request (FloatingIPsAssociationNegativeTestJSON:setUpClass): 200 GET http://10.180.1.21/compute/v2.1/servers/6ee918d4-4e81-46d4-95f8-3a10eec98535 1.225s
2025-01-10 18:45:56.948 67875 INFO tempest.lib.common.rest_client [req-cd64c95f-c0b4-477a-9e40-b8e59d87b691 req-cd64c95f-c0b4-477a-9e40-b8e59d87b691 ] Request (TenantUsagesNegativeTestJSON:setUpClass): 201 POST http://10.180.1.21/identity/v3/auth/tokens 0.106s
2025-01-10 18:45:56.978 67889 INFO tempest.lib.common.rest_client [req-cd5b4d51-a19c-4b9a-9bd8-e44b480a5fdd req-cd5b4d51-a19c-4b9a-9bd8-e44b480a5fdd ] Request (ServersTestBootFromVolume:setUpClass): 200 GET http://10.180.1.21/volume/v3/volumes/673655e4-468d-4425-ab60-5dfdce5b3a52 0.063s
2025-01-10 18:45:56.995 67901 INFO tempest.lib.common.rest_client [req-722ff37c-0711-49cb-ae93-8a1d748476d2 req-722ff37c-0711-49cb-ae93-8a1d748476d2 ] Request (SecurityGroupsTestJSON:test_list_security_groups_by_server): 200 GET http://10.180.1.21/compute/v2.1/servers/7757e7a7-8bd7-4057-9e65-83cda5ac2af6 1.336s
2025-01-10 18:45:57.002 67869 INFO tempest.lib.common.rest_client [req-8d69663b-20ae-418c-93bf-b8510003c091 req-8d69663b-20ae-418c-93bf-b8510003c091 ] Request (ImagesNegativeTestJSON:test_create_image_specify_uuid_37_characters_or_more): 404 POST http://10.180.1.21/compute/v2.1/servers/aaaaaaaaaaaaaaaaaaaaaaaaaaaaaaaaaaaaa/action 1.126s
2025-01-10 18:45:57.003 67905 INFO tempest.lib.common.rest_client [req-470ba923-663c-4a10-84c5-614a905705b3 req-470ba923-663c-4a10-84c5-614a905705b3 ] Request (SecurityGroupRulesNegativeTestJSON:tearDownClass): 200 GET http://10.180.1.21:9696/networking/v2.0/security-groups?tenant_id=fbb11cb1ac994b3aa7498ec1a28eecc3&name=default 0.113s
2025-01-10 18:45:57.026 67887 INFO tempest.lib.common.rest_client [req-623a9b84-c984-4561-9d5e-d7d8e470f1e8 req-623a9b84-c984-4561-9d5e-d7d8e470f1e8 ] Request (ServersTestFqdnHostnames:test_create_server_with_fqdn_name): 201 POST http://10.180.1.21/identity/v3/auth/tokens 0.126s
2025-01-10 18:45:57.027 67887 INFO tempest.lib.common.fixed_network [-] (ServersTestFqdnHostnames:test_create_server_with_fqdn_name) Found network {'id': 'a0727481-25db-4aa5-81e3-a64d0e0b36d9', 'name': 'tempest-ServersTestFqdnHostnames-336709987-network', 'tenant_id': '2df6371c00d843c5bcacf08626f9f8d7', 'admin_state_up': True, 'mtu': 8950, 'status': 'ACTIVE', 'subnets': [], 'shared': False, 'project_id': '2df6371c00d843c5bcacf08626f9f8d7', 'port_security_enabled': True, 'router:external': False, 'provider:network_type': 'vlan', 'provider:physical_network': 'default', 'provider:segmentation_id': 2, 'availability_zone_hints': [], 'availability_zones': [], 'ipv4_address_scope': None, 'ipv6_address_scope': None, 'description': '', 'tags': [], 'created_at': '2025-01-10T18:45:50Z', 'updated_at': '2025-01-10T18:45:50Z', 'revision_number': 1} available for tenant
2025-01-10 18:45:57.039 67875 INFO tempest.lib.common.rest_client [req-2385bcf3-7ff7-463c-a14e-c31e27887a57 req-2385bcf3-7ff7-463c-a14e-c31e27887a57 ] Request (TenantUsagesNegativeTestJSON:setUpClass): 200 GET http://10.180.1.21/identity/v3/domains?name=Default 0.090s
2025-01-10 18:45:57.079 67899 INFO tempest.lib.common.rest_client [req-dff084a1-325b-4f27-82f4-42930d7c378e req-dff084a1-325b-4f27-82f4-42930d7c378e ] Request (ServerDiagnosticsTest:tearDownClass): 200 GET http://10.180.1.21/compute/v2.1/servers/fd976259-0234-431b-8d24-0c5466cc8716 1.190s
2025-01-10 18:45:57.094 67875 INFO tempest.lib.common.rest_client [req-af487193-7e9e-442e-90e5-723bf3ca381b req-af487193-7e9e-442e-90e5-723bf3ca381b ] Request (TenantUsagesNegativeTestJSON:setUpClass): 201 POST http://10.180.1.21/identity/v3/projects 0.054s
2025-01-10 18:45:57.133 67925 INFO tempest.lib.common.rest_client [req-1a51d9ec-1f0f-489c-aad2-9d1eb83290d9 req-1a51d9ec-1f0f-489c-aad2-9d1eb83290d9 ] Request (ServersTestJSON:test_create_server_specify_multibyte_character_name): 200 GET http://10.180.1.21/compute/v2.1/servers/aa2ca68d-151a-4a1f-b526-230b8d8606a0 1.162s
2025-01-10 18:45:57.160 67905 INFO tempest.lib.common.rest_client [req-932e3925-29b1-472a-b6a3-b7ed79107e1b req-932e3925-29b1-472a-b6a3-b7ed79107e1b ] Request (SecurityGroupRulesNegativeTestJSON:tearDownClass): 204 DELETE http://10.180.1.21:9696/networking/v2.0/security-groups/c819eb54-13cc-4a79-93f6-0ecc3830d951 0.157s
2025-01-10 18:45:57.176 67875 INFO tempest.lib.common.rest_client [req-4ac4dfb6-e47b-4ada-896d-73e5621e9b08 req-4ac4dfb6-e47b-4ada-896d-73e5621e9b08 ] Request (TenantUsagesNegativeTestJSON:setUpClass): 201 POST http://10.180.1.21/identity/v3/users 0.082s
2025-01-10 18:45:57.200 67897 INFO tempest.lib.common.rest_client [req-479f649b-4b06-46bd-84c3-3b96ab28fd02 req-479f649b-4b06-46bd-84c3-3b96ab28fd02 ] Request (ServerAddressesNegativeTestJSON:setUpClass): 200 GET http://10.180.1.21/compute/v2.1/servers/628d7db8-2567-4a70-93ce-d062cd4ebf1a 1.206s
2025-01-10 18:45:57.287 67905 INFO tempest.lib.common.rest_client [req-cb2c0e65-1960-4312-b225-464d19794230 req-cb2c0e65-1960-4312-b225-464d19794230 ] Request (SecurityGroupRulesNegativeTestJSON:tearDownClass): 204 DELETE http://10.180.1.21/identity/v3/projects/fbb11cb1ac994b3aa7498ec1a28eecc3 0.122s
2025-01-10 18:45:57.323 67893 INFO tempest.lib.common.rest_client [req-9862423a-f7d1-4177-9dfa-656c0b4fc006 req-9862423a-f7d1-4177-9dfa-656c0b4fc006 ] Request (ListServersNegativeTestJSON:setUpClass): 200 GET http://10.180.1.21/compute/v2.1/servers/af80c7da-2699-4b40-b829-529c89d2572b 1.138s
2025-01-10 18:45:57.328 67875 INFO tempest.lib.common.rest_client [req-5e73622d-ed04-45f3-8730-5c5b1ab130b7 req-5e73622d-ed04-45f3-8730-5c5b1ab130b7 ] Request (TenantUsagesNegativeTestJSON:setUpClass): 200 GET http://10.180.1.21/identity/v3/roles 0.151s
2025-01-10 18:45:57.331 67893 INFO tempest.common.waiters [-] State transition "BUILD/spawning" ==> "ACTIVE/None" after 30 second wait
2025-01-10 18:45:57.362 67905 INFO tempest.lib.common.rest_client [req-f92b5782-b86f-4ae6-8f26-466b6db87ce2 req-f92b5782-b86f-4ae6-8f26-466b6db87ce2 ] Request (DeleteServersTestJSON:setUpClass): 201 POST http://10.180.1.21/identity/v3/auth/tokens 0.071s
2025-01-10 18:45:57.389 67881 INFO tempest.lib.common.rest_client [req-436120d6-4bd7-40ba-81c6-9572e5936fb0 req-436120d6-4bd7-40ba-81c6-9572e5936fb0 ] Request (ServersAdminTestJSON:test_create_server_with_scheduling_hint): 200 GET http://10.180.1.21/compute/v2.1/servers/dd014a6d-45ba-4a56-9fd8-914c019c1f5b 1.173s
2025-01-10 18:45:57.391 67875 INFO tempest.lib.common.rest_client [req-05922903-7bc9-4adf-9b9f-cdd1c9821013 req-05922903-7bc9-4adf-9b9f-cdd1c9821013 ] Request (TenantUsagesNegativeTestJSON:setUpClass): 204 PUT http://10.180.1.21/identity/v3/projects/db431f6856604575bb6acbc98dd5bf0b/users/d8f3cccc9a4341dd90b57a594efd7994/roles/dbab4837685e457ab79a1df5092f6afa 0.063s
2025-01-10 18:45:57.392 67875 INFO tempest.lib.common.dynamic_creds [-] Dynamic test user d8f3cccc9a4341dd90b57a594efd7994 is created with scope project and roles: ['member']
2025-01-10 18:45:57.392 67875 INFO tempest.lib.common.dynamic_creds [-] Acquired dynamic creds: credentials: Credentials: {'domain_id': 'default', 'domain_name': 'Default', 'username': 'tempest-TenantUsagesNegativeTestJSON-402827539-project-member', 'project_domain_id': 'default', 'project_domain_name': 'Default', 'project_id': 'db431f6856604575bb6acbc98dd5bf0b', 'project_name': 'tempest-TenantUsagesNegativeTestJSON-402827539', 'tenant_id': 'db431f6856604575bb6acbc98dd5bf0b', 'tenant_name': 'tempest-TenantUsagesNegativeTestJSON-402827539', 'user_domain_id': 'default', 'user_domain_name': 'Default', 'user_id': 'd8f3cccc9a4341dd90b57a594efd7994', 'system': None}, Network: None, Subnet: None, Router: None
2025-01-10 18:45:57.392 67875 INFO tempest.lib.common.dynamic_creds [-] Created isolated network resources for: credentials: Credentials: {'domain_id': 'default', 'domain_name': 'Default', 'username': 'tempest-TenantUsagesNegativeTestJSON-402827539-project-member', 'project_domain_id': 'default', 'project_domain_name': 'Default', 'project_id': 'db431f6856604575bb6acbc98dd5bf0b', 'project_name': 'tempest-TenantUsagesNegativeTestJSON-402827539', 'tenant_id': 'db431f6856604575bb6acbc98dd5bf0b', 'tenant_name': 'tempest-TenantUsagesNegativeTestJSON-402827539', 'user_domain_id': 'default', 'user_domain_name': 'Default', 'user_id': 'd8f3cccc9a4341dd90b57a594efd7994', 'system': None}, Network: None, Subnet: None, Router: None
2025-01-10 18:45:57.509 67905 INFO tempest.lib.common.rest_client [req-40b60d14-76ef-40b9-ab5d-3102137a0c54 req-40b60d14-76ef-40b9-ab5d-3102137a0c54 ] Request (DeleteServersTestJSON:setUpClass): 201 POST http://10.180.1.21/identity/v3/auth/tokens 0.070s
2025-01-10 18:45:57.520 67875 INFO tempest.lib.common.rest_client [req-431a20ad-1393-4caf-a3df-2feb9ced217c req-431a20ad-1393-4caf-a3df-2feb9ced217c ] Request (TenantUsagesNegativeTestJSON:setUpClass): 201 POST http://10.180.1.21/identity/v3/auth/tokens 0.116s
2025-01-10 18:45:57.544 67905 INFO tempest.lib.common.rest_client [req-f0695c0a-935d-4fed-ba65-5778fe17a95b req-f0695c0a-935d-4fed-ba65-5778fe17a95b ] Request (DeleteServersTestJSON:setUpClass): 200 GET http://10.180.1.21/identity/v3/domains?name=Default 0.034s
2025-01-10 18:45:57.558 67875 INFO tempest.lib.common.rest_client [req-7130de92-8377-413a-aa0e-d0799ad12ff4 req-7130de92-8377-413a-aa0e-d0799ad12ff4 ] Request (TenantUsagesNegativeTestJSON:setUpClass): 201 POST http://10.180.1.21/identity/v3/projects 0.037s
2025-01-10 18:45:57.622 67875 INFO tempest.lib.common.rest_client [req-e5ae22da-5b28-43f3-b7c7-767620ae44b8 req-e5ae22da-5b28-43f3-b7c7-767620ae44b8 ] Request (TenantUsagesNegativeTestJSON:setUpClass): 201 POST http://10.180.1.21/identity/v3/users 0.062s
2025-01-10 18:45:57.623 67915 INFO tempest.lib.common.rest_client [req-7ab03982-b488-4939-bfe9-a622d130888b req-7ab03982-b488-4939-bfe9-a622d130888b ] Request (AttachInterfacesUnderV243Test:test_add_remove_fixed_ip): 200 GET http://10.180.1.21/compute/v2.1/servers/af3cadb7-b261-4240-867a-aee52cd06f7a 1.360s
2025-01-10 18:45:57.637 67915 INFO tempest.common.waiters [-] State transition "BUILD/None" ==> "BUILD/spawning" after 19 second wait
2025-01-10 18:45:57.645 67875 INFO tempest.lib.common.rest_client [req-a92bf3d7-00ca-44c9-9f3d-7688de64ec82 req-a92bf3d7-00ca-44c9-9f3d-7688de64ec82 ] Request (TenantUsagesNegativeTestJSON:setUpClass): 200 GET http://10.180.1.21/identity/v3/roles 0.022s
2025-01-10 18:45:57.663 67905 INFO tempest.lib.common.rest_client [req-cf0c275b-0ccb-492e-a4be-bcc510a0bd7c req-cf0c275b-0ccb-492e-a4be-bcc510a0bd7c ] Request (DeleteServersTestJSON:setUpClass): 201 POST http://10.180.1.21/identity/v3/projects 0.117s
2025-01-10 18:45:57.681 67875 INFO tempest.lib.common.rest_client [req-07cfdd36-0a10-4f1d-afb9-3c485c945317 req-07cfdd36-0a10-4f1d-afb9-3c485c945317 ] Request (TenantUsagesNegativeTestJSON:setUpClass): 204 PUT http://10.180.1.21/identity/v3/projects/e6ef4074786245e1affd705eca92b9c1/users/aa4ccec542a7415a932d8fe5c37630a1/roles/f13c45b21cc147c5afb4508b84e6f9e6 0.035s
2025-01-10 18:45:57.741 67905 INFO tempest.lib.common.rest_client [req-ee576eeb-46fd-4aab-ac30-d86ea632a8ea req-ee576eeb-46fd-4aab-ac30-d86ea632a8ea ] Request (DeleteServersTestJSON:setUpClass): 201 POST http://10.180.1.21/identity/v3/users 0.077s
2025-01-10 18:45:57.743 67877 INFO tempest.lib.common.rest_client [req-c4f7a8df-3cab-40e0-83dd-0e33f4aeb18b req-c4f7a8df-3cab-40e0-83dd-0e33f4aeb18b ] Request (FloatingIPsTestJSON:_run_cleanups): 202 DELETE http://10.180.1.21/compute/v2.1/os-floating-ips/8bb67b1e-134d-48bc-8758-a5c406031454 1.886s
2025-01-10 18:45:57.758 67875 INFO tempest.lib.common.rest_client [req-630df2d2-dd32-4812-a550-2c2b81b076ca req-630df2d2-dd32-4812-a550-2c2b81b076ca ] Request (TenantUsagesNegativeTestJSON:setUpClass): 200 GET http://10.180.1.21/identity/v3/roles 0.077s
2025-01-10 18:45:57.766 67913 INFO tempest.lib.common.rest_client [req-6db934df-1add-4956-ac56-4da29cc17dcd req-6db934df-1add-4956-ac56-4da29cc17dcd ] Request (KeyPairsV210TestJSON:_run_cleanups): 204 DELETE http://10.180.1.21/compute/v2.1/os-keypairs/tempest-keypair-2141412068?user_id=b15506b463964a5e854d388de97045e7 1.346s
2025-01-10 18:45:57.779 67905 INFO tempest.lib.common.rest_client [req-25b17893-4deb-4496-99c6-6b12bb6b579a req-25b17893-4deb-4496-99c6-6b12bb6b579a ] Request (DeleteServersTestJSON:setUpClass): 200 GET http://10.180.1.21/identity/v3/roles 0.038s
2025-01-10 18:45:57.784 67879 INFO tempest.lib.common.rest_client [req-16c7a4b5-788a-4cc2-ac4e-70286c70bb6f req-16c7a4b5-788a-4cc2-ac4e-70286c70bb6f ] Request (KeyPairsV22TestJSON:_run_cleanups): 204 DELETE http://10.180.1.21/compute/v2.1/os-keypairs/tempest-keypair-242949578 1.202s
2025-01-10 18:45:57.802 67875 INFO tempest.lib.common.rest_client [req-19a53c43-c889-4c41-a9e3-c3eb7e61396d req-19a53c43-c889-4c41-a9e3-c3eb7e61396d ] Request (TenantUsagesNegativeTestJSON:setUpClass): 204 PUT http://10.180.1.21/identity/v3/projects/e6ef4074786245e1affd705eca92b9c1/users/aa4ccec542a7415a932d8fe5c37630a1/roles/f13c45b21cc147c5afb4508b84e6f9e6 0.043s
2025-01-10 18:45:57.803 67875 INFO tempest.lib.common.dynamic_creds [-] Dynamic test user aa4ccec542a7415a932d8fe5c37630a1 is created with scope project and roles: ['admin']
2025-01-10 18:45:57.803 67875 INFO tempest.lib.common.dynamic_creds [-] Acquired dynamic creds: credentials: Credentials: {'domain_id': 'default', 'domain_name': 'Default', 'username': 'tempest-TenantUsagesNegativeTestJSON-1296337137-project-admin', 'project_domain_id': 'default', 'project_domain_name': 'Default', 'project_id': 'e6ef4074786245e1affd705eca92b9c1', 'project_name': 'tempest-TenantUsagesNegativeTestJSON-1296337137', 'tenant_id': 'e6ef4074786245e1affd705eca92b9c1', 'tenant_name': 'tempest-TenantUsagesNegativeTestJSON-1296337137', 'user_domain_id': 'default', 'user_domain_name': 'Default', 'user_id': 'aa4ccec542a7415a932d8fe5c37630a1', 'system': None}, Network: None, Subnet: None, Router: None
2025-01-10 18:45:57.804 67875 INFO tempest.lib.common.dynamic_creds [-] Created isolated network resources for: credentials: Credentials: {'domain_id': 'default', 'domain_name': 'Default', 'username': 'tempest-TenantUsagesNegativeTestJSON-1296337137-project-admin', 'project_domain_id': 'default', 'project_domain_name': 'Default', 'project_id': 'e6ef4074786245e1affd705eca92b9c1', 'project_name': 'tempest-TenantUsagesNegativeTestJSON-1296337137', 'tenant_id': 'e6ef4074786245e1affd705eca92b9c1', 'tenant_name': 'tempest-TenantUsagesNegativeTestJSON-1296337137', 'user_domain_id': 'default', 'user_domain_name': 'Default', 'user_id': 'aa4ccec542a7415a932d8fe5c37630a1', 'system': None}, Network: None, Subnet: None, Router: None
2025-01-10 18:45:57.825 67907 INFO tempest.lib.common.rest_client [req-232aba26-0d31-4579-a59f-e19e59e763ff req-232aba26-0d31-4579-a59f-e19e59e763ff ] Request (KeyPairsNegativeTestJSON:test_create_keypair_with_empty_public_key): 400 POST http://10.180.1.21/compute/v2.1/os-keypairs 1.237s
2025-01-10 18:45:57.830 67929 INFO tempest.lib.common.rest_client [req-6df0d79e-b438-459d-9c9f-043b1dc97e59 req-6df0d79e-b438-459d-9c9f-043b1dc97e59 ] Request (AggregatesAdminNegativeTestJSON:test_aggregate_get_details_as_user): 403 GET http://10.180.1.21/compute/v2.1/os-aggregates/6 1.207s
2025-01-10 18:45:57.856 67895 INFO tempest.lib.common.rest_client [req-e188bfb1-2f70-46a1-bc46-f047a037aab6 req-e188bfb1-2f70-46a1-bc46-f047a037aab6 ] Request (FlavorsAdminTestJSON:_run_cleanups): 200 GET http://10.180.1.21/compute/v2.1/flavors/detail 1.216s
2025-01-10 18:45:57.868 67905 INFO tempest.lib.common.rest_client [req-5a046c3f-7cc8-4448-8e24-bdae68f3cdc2 req-5a046c3f-7cc8-4448-8e24-bdae68f3cdc2 ] Request (DeleteServersTestJSON:setUpClass): 204 PUT http://10.180.1.21/identity/v3/projects/76ce1065c1254ec5be394a3b4b7ee7f7/users/d6e377eab9e343ce94ea5f3aa1afd1ff/roles/dbab4837685e457ab79a1df5092f6afa 0.088s
2025-01-10 18:45:57.868 67905 INFO tempest.lib.common.dynamic_creds [-] Dynamic test user d6e377eab9e343ce94ea5f3aa1afd1ff is created with scope project and roles: ['member']
2025-01-10 18:45:57.869 67905 INFO tempest.lib.common.dynamic_creds [-] Acquired dynamic creds: credentials: Credentials: {'domain_id': 'default', 'domain_name': 'Default', 'username': 'tempest-DeleteServersTestJSON-1299366144-project-member', 'project_domain_id': 'default', 'project_domain_name': 'Default', 'project_id': '76ce1065c1254ec5be394a3b4b7ee7f7', 'project_name': 'tempest-DeleteServersTestJSON-1299366144', 'tenant_id': '76ce1065c1254ec5be394a3b4b7ee7f7', 'tenant_name': 'tempest-DeleteServersTestJSON-1299366144', 'user_domain_id': 'default', 'user_domain_name': 'Default', 'user_id': 'd6e377eab9e343ce94ea5f3aa1afd1ff', 'system': None}, Network: None, Subnet: None, Router: None
2025-01-10 18:45:57.880 67917 INFO tempest.lib.common.rest_client [req-4ed0ecad-6526-4b68-a1cc-adf1d898fa3f req-4ed0ecad-6526-4b68-a1cc-adf1d898fa3f ] Request (FlavorsAccessNegativeTestJSON:_run_cleanups): 200 GET http://10.180.1.21/compute/v2.1/flavors/detail 1.223s
2025-01-10 18:45:57.884 67875 INFO tempest.lib.common.rest_client [req-1d556946-8245-46df-9224-0e747f634ab8 req-1d556946-8245-46df-9224-0e747f634ab8 ] Request (TenantUsagesNegativeTestJSON:setUpClass): 201 POST http://10.180.1.21/identity/v3/auth/tokens 0.077s
2025-01-10 18:45:57.928 67905 INFO tempest.lib.common.rest_client [req-42d763a6-c385-46f0-8927-fdfb7f7f360b req-42d763a6-c385-46f0-8927-fdfb7f7f360b ] Request (DeleteServersTestJSON:setUpClass): 201 POST http://10.180.1.21/identity/v3/auth/tokens 0.059s
2025-01-10 18:45:57.935 67927 INFO tempest.lib.common.rest_client [req-bc6240e7-e835-459e-8b99-be3efe1bbc1d req-bc6240e7-e835-459e-8b99-be3efe1bbc1d ] Request (QuotasAdminTestJSON:test_update_all_quota_resources_for_tenant): 200 PUT http://10.180.1.21/compute/v2.1/os-quota-sets/c338ddc7d90044cb8dfdecfb259fe514 1.554s
2025-01-10 18:45:57.974 67911 INFO tempest.lib.common.rest_client [req-207a853d-a501-4db0-9d7e-6281be909827 req-207a853d-a501-4db0-9d7e-6281be909827 ] Request (ImagesMetadataTestJSON:test_set_image_metadata_item): 200 GET http://10.180.1.21/compute/v2.1/images/4983572a-1f76-41f3-b2b5-68089a35ce74/metadata 1.210s
2025-01-10 18:45:57.994 67921 INFO tempest.lib.common.rest_client [req-883eca0a-f29f-4fa2-8dab-7b3de4f3a5c1 req-883eca0a-f29f-4fa2-8dab-7b3de4f3a5c1 ] Request (KeyPairsV2TestJSON:_run_cleanups): 202 DELETE http://10.180.1.21/compute/v2.1/os-keypairs/tempest-KeyPairsV2TestJSON-keypair-1785675215 1.214s
2025-01-10 18:45:58.000 67917 INFO tempest.lib.common.rest_client [req-baa73c38-c60b-467c-ba64-55892f6625b7 req-baa73c38-c60b-467c-ba64-55892f6625b7 ] Request (FlavorsAccessNegativeTestJSON:tearDownClass): 204 DELETE http://10.180.1.21/identity/v3/users/73838990acff45f28f4cdae88b698266 0.113s
2025-01-10 18:45:58.019 67889 INFO tempest.lib.common.rest_client [req-6d17624d-d26c-4512-8054-caf0ddd26309 req-6d17624d-d26c-4512-8054-caf0ddd26309 ] Request (ServersTestBootFromVolume:setUpClass): 200 GET http://10.180.1.21/volume/v3/volumes/673655e4-468d-4425-ab60-5dfdce5b3a52 0.032s
2025-01-10 18:45:58.069 67923 INFO tempest.lib.common.rest_client [req-8071d752-3674-43d4-9b91-a329f74b8b15 req-8071d752-3674-43d4-9b91-a329f74b8b15 ] Request (ServersWithSpecificFlavorTestJSON:test_verify_created_server_ephemeral_disk): 200 GET http://10.180.1.21/compute/v2.1/servers/2157312b-0155-42fa-a5ce-0392f8f0df3f 1.343s
2025-01-10 18:45:58.100 67869 INFO tempest.lib.common.rest_client [req-50f97aa1-78b4-46fa-afc5-f498a8732474 req-50f97aa1-78b4-46fa-afc5-f498a8732474 ] Request (ImagesNegativeTestJSON:tearDownClass): 404 DELETE http://10.180.1.21/compute/v2.1/servers/d2ae10f8-d578-4bd6-93c7-24d91588672e 1.095s
2025-01-10 18:45:58.107 67891 INFO tempest.lib.common.rest_client [req-d6c5f5f4-805a-41ce-ac9f-c12ad16537ad req-d6c5f5f4-805a-41ce-ac9f-c12ad16537ad ] Request (DeleteServersAdminTestJSON:test_admin_delete_servers_of_others): 200 GET http://10.180.1.21/compute/v2.1/servers/fc7a25a1-9451-4532-a172-9554a3f74344 1.145s
2025-01-10 18:45:58.138 67917 INFO tempest.lib.common.rest_client [req-eafe4458-56e0-40b5-9135-501582c0e8a4 req-eafe4458-56e0-40b5-9135-501582c0e8a4 ] Request (FlavorsAccessNegativeTestJSON:tearDownClass): 204 DELETE http://10.180.1.21/identity/v3/users/a7da4953791f4571869b70d77d09167e 0.138s
2025-01-10 18:45:58.166 67932 INFO tempest.lib.common.rest_client [req-92e28244-57c6-44d6-b7dc-ad857d9495ed req-92e28244-57c6-44d6-b7dc-ad857d9495ed ] Request (ServerRescueTestJSONUnderV235:setUpClass): 200 GET http://10.180.1.21/compute/v2.1/servers/b1016b3d-45f3-4ee0-882f-0228c3a232f5 1.145s
2025-01-10 18:45:58.253 67917 INFO tempest.lib.common.rest_client [req-95a29092-b318-4925-8b5c-9ce666eeed70 req-95a29092-b318-4925-8b5c-9ce666eeed70 ] Request (FlavorsAccessNegativeTestJSON:tearDownClass): 204 DELETE http://10.180.1.21/identity/v3/users/77dab89232124047a896a31eb99e5044 0.115s
2025-01-10 18:45:58.254 67917 INFO tempest.lib.common.dynamic_creds [-] Deleting project and security group for project: 3496578899aa4660924a9b79c45d4915
2025-01-10 18:45:58.341 67917 INFO tempest.lib.common.rest_client [req-461070a3-f64d-43af-82b3-93881a1d533d req-461070a3-f64d-43af-82b3-93881a1d533d ] Request (FlavorsAccessNegativeTestJSON:tearDownClass): 201 POST http://10.180.1.21/identity/v3/auth/tokens 0.087s
2025-01-10 18:45:58.407 67905 INFO tempest.lib.common.rest_client [req-b57a1e2b-53a2-472c-aafd-61508eb0bbfa req-b57a1e2b-53a2-472c-aafd-61508eb0bbfa ] Request (DeleteServersTestJSON:setUpClass): 201 POST http://10.180.1.21:9696/networking/v2.0/networks 0.478s
2025-01-10 18:45:58.411 67919 INFO tempest.lib.common.rest_client [req-44dffabc-ede0-4a12-9e7a-60832af1165d req-44dffabc-ede0-4a12-9e7a-60832af1165d ] Request (VolumesAssistedSnapshotsTest:test_volume_assisted_snapshot_create_delete): 200 GET http://10.180.1.21/compute/v2.1/servers/cef29849-b62f-448e-a20b-563fded880fe 1.158s
2025-01-10 18:45:58.520 67887 INFO tempest.lib.common.rest_client [req-911c17a8-78df-4560-9415-696f63decebc req-911c17a8-78df-4560-9415-696f63decebc ] Request (ServersTestFqdnHostnames:test_create_server_with_fqdn_name): 202 POST http://10.180.1.21/compute/v2.1/servers 1.493s
2025-01-10 18:45:58.599 67893 INFO tempest.lib.common.rest_client [req-9a36d58f-fdc0-4576-8768-50943cd101ca req-9a36d58f-fdc0-4576-8768-50943cd101ca ] Request (ListServersNegativeTestJSON:setUpClass): 200 GET http://10.180.1.21/compute/v2.1/servers/e6a3c7ea-daff-4ffb-b5d0-466401b03c87 1.268s
2025-01-10 18:45:58.599 67903 INFO tempest.lib.common.rest_client [req-806161f0-6bee-4cbf-8b93-1ec718e2887c req-806161f0-6bee-4cbf-8b93-1ec718e2887c ] Request (ServersAdminNegativeTestJSON:setUpClass): 200 GET http://10.180.1.21/compute/v2.1/servers/94bf8010-b4e1-461f-aba7-0323563f3368 1.264s
2025-01-10 18:45:58.610 67917 INFO tempest.lib.common.rest_client [req-7fa4d5ac-9ed0-4e7b-8317-4cc32117ad9e req-7fa4d5ac-9ed0-4e7b-8317-4cc32117ad9e ] Request (FlavorsAccessNegativeTestJSON:tearDownClass): 200 GET http://10.180.1.21:9696/networking/v2.0/security-groups?tenant_id=3496578899aa4660924a9b79c45d4915&name=default 0.268s
2025-01-10 18:45:58.665 67909 INFO tempest.lib.common.rest_client [req-1efb9296-583f-4550-a242-46b4a16ba9bc req-1efb9296-583f-4550-a242-46b4a16ba9bc ] Request (ServerDiagnosticsV248Test:test_get_server_diagnostics): 200 GET http://10.180.1.21/compute/v2.1/servers/3e05676e-70ae-4a04-a386-6b53eba82684 1.206s
2025-01-10 18:45:58.682 67883 INFO tempest.lib.common.rest_client [req-7016bec2-80d7-484b-a103-215c9de197b3 req-7016bec2-80d7-484b-a103-215c9de197b3 ] Request (ServerExternalEventsTest:tearDownClass): 200 GET http://10.180.1.21/compute/v2.1/servers/4deff428-c031-4f48-a875-c752206d7f2b 1.141s
2025-01-10 18:45:58.700 67913 INFO tempest.lib.common.rest_client [req-d165d1a0-ac9d-4b79-aa85-b6610a9d69a6 req-d165d1a0-ac9d-4b79-aa85-b6610a9d69a6 ] Request (KeyPairsV210TestJSON:_run_cleanups): 204 DELETE http://10.180.1.21/compute/v2.1/os-keypairs/tempest-keypair-27309204?user_id=b15506b463964a5e854d388de97045e7 0.933s
2025-01-10 18:45:58.744 67879 INFO tempest.lib.common.rest_client [req-26294d62-2bd2-4bb5-b724-f32ad34d9571 req-26294d62-2bd2-4bb5-b724-f32ad34d9571 ] Request (KeyPairsV22TestJSON:test_keypairs_create_list_delete): 201 POST http://10.180.1.21/compute/v2.1/os-keypairs 0.958s
2025-01-10 18:45:58.778 67905 INFO tempest.lib.common.rest_client [req-5de56203-c30e-4dfe-87b1-977e526257a8 req-5de56203-c30e-4dfe-87b1-977e526257a8 ] Request (DeleteServersTestJSON:setUpClass): 201 POST http://10.180.1.21:9696/networking/v2.0/subnets 0.366s
2025-01-10 18:45:58.789 67913 INFO tempest.lib.common.rest_client [req-d92be3f2-243e-4b80-b1aa-aa0edf6a11ae req-d92be3f2-243e-4b80-b1aa-aa0edf6a11ae ] Request (KeyPairsV210TestJSON:tearDownClass): 204 DELETE http://10.180.1.21/identity/v3/users/b15506b463964a5e854d388de97045e7 0.087s
