2025-01-10 18:45:35.569 67919 INFO tempest.lib.common.rest_client [req-40f48493-6944-4e60-96e7-779c47d81e4b req-40f48493-6944-4e60-96e7-779c47d81e4b ] Request (VolumesAssistedSnapshotsTest:test_volume_assisted_snapshot_create_delete): 200 GET http://10.180.1.21/compute/v2.1/servers/cef29849-b62f-448e-a20b-563fded880fe 1.530s
2025-01-10 18:45:35.571 67921 INFO tempest.lib.common.rest_client [req-7d1aeb9d-b4f4-4fb5-8cf1-ca985cdc3c15 req-7d1aeb9d-b4f4-4fb5-8cf1-ca985cdc3c15 ] Request (SecurityGroupsTestAdminJSON:_run_cleanups): 202 DELETE http://10.180.1.21/compute/v2.1/os-security-groups/5960796d-cdc2-402b-99fd-ce18c10826b4 1.469s
2025-01-10 18:45:35.587 67885 INFO tempest.lib.common.rest_client [req-ee8bf79a-823f-44a9-81b9-a25e91b4175d req-ee8bf79a-823f-44a9-81b9-a25e91b4175d ] Request (ServerAddressesTestJSON:setUpClass): 201 POST http://10.180.1.21/identity/v3/auth/tokens 0.098s
2025-01-10 18:45:35.592 67879 INFO tempest.lib.common.rest_client [req-e8b2110b-62a4-4641-991f-b719d9afbbf3 req-e8b2110b-62a4-4641-991f-b719d9afbbf3 ] Request (HypervisorAdminV228Test:setUpClass): 204 PUT http://10.180.1.21/identity/v3/projects/e5a1b3de7a424c8e8288fe5b02094fb8/users/c7f834ee9a5647deabed55b5a26f998c/roles/f13c45b21cc147c5afb4508b84e6f9e6 0.048s
2025-01-10 18:45:35.592 67879 INFO tempest.lib.common.dynamic_creds [-] Dynamic test user c7f834ee9a5647deabed55b5a26f998c is created with scope project and roles: ['admin']
2025-01-10 18:45:35.593 67879 INFO tempest.lib.common.dynamic_creds [-] Acquired dynamic creds: credentials: Credentials: {'domain_id': 'default', 'domain_name': 'Default', 'username': 'tempest-HypervisorAdminV228Test-556635501-project-admin', 'project_domain_id': 'default', 'project_domain_name': 'Default', 'project_id': 'e5a1b3de7a424c8e8288fe5b02094fb8', 'project_name': 'tempest-HypervisorAdminV228Test-556635501', 'tenant_id': 'e5a1b3de7a424c8e8288fe5b02094fb8', 'tenant_name': 'tempest-HypervisorAdminV228Test-556635501', 'user_domain_id': 'default', 'user_domain_name': 'Default', 'user_id': 'c7f834ee9a5647deabed55b5a26f998c', 'system': None}, Network: None, Subnet: None, Router: None
2025-01-10 18:45:35.593 67879 INFO tempest.lib.common.dynamic_creds [-] Created isolated network resources for: credentials: Credentials: {'domain_id': 'default', 'domain_name': 'Default', 'username': 'tempest-HypervisorAdminV228Test-556635501-project-admin', 'project_domain_id': 'default', 'project_domain_name': 'Default', 'project_id': 'e5a1b3de7a424c8e8288fe5b02094fb8', 'project_name': 'tempest-HypervisorAdminV228Test-556635501', 'tenant_id': 'e5a1b3de7a424c8e8288fe5b02094fb8', 'tenant_name': 'tempest-HypervisorAdminV228Test-556635501', 'user_domain_id': 'default', 'user_domain_name': 'Default', 'user_id': 'c7f834ee9a5647deabed55b5a26f998c', 'system': None}, Network: None, Subnet: None, Router: None
2025-01-10 18:45:35.635 67889 INFO tempest.lib.common.rest_client [req-e39c7954-cb89-4b3e-9322-9c3959d0b2bf req-e39c7954-cb89-4b3e-9322-9c3959d0b2bf ] Request (SecurityGroupsNegativeTestJSON:test_security_group_get_nonexistent_group): 404 GET http://10.180.1.21/compute/v2.1/os-security-groups/d9647d99-0dca-4826-968d-12ebe0f5b6c8 1.486s
2025-01-10 18:45:35.678 67877 INFO tempest.lib.common.rest_client [req-cd755ff3-a02b-415b-b26f-73b13bd0029d req-cd755ff3-a02b-415b-b26f-73b13bd0029d ] Request (ServicesAdminNegativeV253TestJSON:tearDownClass): 200 GET http://10.180.1.21:9696/networking/v2.0/security-groups?tenant_id=0f09821fe9c546ab87d283e452caf5a1&name=default 0.801s
2025-01-10 18:45:35.687 67879 INFO tempest.lib.common.rest_client [req-70bf21d5-071c-45de-abc3-1de2424f909c req-70bf21d5-071c-45de-abc3-1de2424f909c ] Request (HypervisorAdminV228Test:setUpClass): 201 POST http://10.180.1.21/identity/v3/auth/tokens 0.089s
2025-01-10 18:45:35.728 67881 INFO tempest.lib.common.rest_client [req-e7445874-8f32-4f57-a76f-361c99de1fbe req-e7445874-8f32-4f57-a76f-361c99de1fbe ] Request (ServersAdminTestJSON:setUpClass): 200 GET http://10.180.1.21/compute/v2.1/servers/34e9a264-7999-4715-83bb-488219204ca7 1.416s
2025-01-10 18:45:35.739 67875 INFO tempest.lib.common.rest_client [req-95587260-67e3-43a4-ba9b-97733daf5653 req-95587260-67e3-43a4-ba9b-97733daf5653 ] Request (ServerDiagnosticsNegativeTest:tearDownClass): 204 DELETE http://10.180.1.21/compute/v2.1/servers/e619635b-ce3e-4b56-acdf-655fe3128157 1.561s
2025-01-10 18:45:35.746 67881 INFO tempest.common.waiters [-] State transition "BUILD/None" ==> "BUILD/block_device_mapping" after 12 second wait
2025-01-10 18:45:35.762 67895 INFO tempest.lib.common.rest_client [req-b768051f-7ecc-4881-95c0-04796351f2b0 req-b768051f-7ecc-4881-95c0-04796351f2b0 ] Request (FlavorsAdminTestJSON:_run_cleanups): 202 DELETE http://10.180.1.21/compute/v2.1/flavors/10e3960b-d4c1-4bb7-a6a6-93746a6e8501 1.403s
2025-01-10 18:45:35.770 67925 INFO tempest.lib.common.rest_client [req-5367ae8f-ab80-45c8-8303-71e890168e23 req-5367ae8f-ab80-45c8-8303-71e890168e23 ] Request (ServersTestJSON:setUpClass): 201 POST http://10.180.1.21:9696/networking/v2.0/networks 1.200s
2025-01-10 18:45:35.789 67909 INFO tempest.lib.common.rest_client [req-baeed12b-631b-4a74-aa2a-c164d6808402 req-baeed12b-631b-4a74-aa2a-c164d6808402 ] Request (InstanceUsageAuditLogTestJSON:tearDownClass): 200 GET http://10.180.1.21:9696/networking/v2.0/security-groups?tenant_id=a4c6d82604ae4293b49c4fccaf40f13a&name=default 0.333s
2025-01-10 18:45:35.812 67921 INFO tempest.lib.common.rest_client [req-de265bb4-0fe3-43de-a6c2-b8a9b29075b5 req-de265bb4-0fe3-43de-a6c2-b8a9b29075b5 ] Request (SecurityGroupsTestAdminJSON:tearDownClass): 204 DELETE http://10.180.1.21/identity/v3/users/912786f2c39743b49dcc4d07cb4d524d 0.181s
2025-01-10 18:45:35.852 67932 INFO tempest.lib.common.rest_client [req-d81f305a-6f2c-413c-b084-885b9b8ebcf5 req-d81f305a-6f2c-413c-b084-885b9b8ebcf5 ] Request (FlavorsAccessTestJSON:tearDownClass): 204 DELETE http://10.180.1.21:9696/networking/v2.0/security-groups/73eaf0de-df23-46c4-83bd-92db3b1e904a 0.540s
2025-01-10 18:45:35.916 67921 INFO tempest.lib.common.rest_client [req-636a8702-dbf4-4d66-a4fd-c9b266a3b77f req-636a8702-dbf4-4d66-a4fd-c9b266a3b77f ] Request (SecurityGroupsTestAdminJSON:tearDownClass): 204 DELETE http://10.180.1.21/identity/v3/users/85c6c541405446b6b2672fa22b051bc1 0.104s
2025-01-10 18:45:35.917 67921 INFO tempest.lib.common.dynamic_creds [-] Deleting project and security group for project: d0d9478e6bb34a51aa65736033c95872
2025-01-10 18:45:35.918 67932 INFO tempest.lib.common.rest_client [req-826ec4c4-b606-4192-b64e-57a1527d2690 req-826ec4c4-b606-4192-b64e-57a1527d2690 ] Request (FlavorsAccessTestJSON:tearDownClass): 204 DELETE http://10.180.1.21/identity/v3/projects/50692650f6af4a17949ea09d29f0a60e 0.065s
2025-01-10 18:45:35.968 67871 INFO tempest.lib.common.rest_client [req-9b17f0dd-6550-4102-99e8-4132332fc121 req-9b17f0dd-6550-4102-99e8-4132332fc121 ] Request (FloatingIPsAssociationNegativeTestJSON:setUpClass): 201 POST http://10.180.1.21:9696/networking/v2.0/networks 1.118s
2025-01-10 18:45:35.969 67877 INFO tempest.lib.common.rest_client [req-58067bb2-4dad-4190-88c5-e67bc10a1a09 req-58067bb2-4dad-4190-88c5-e67bc10a1a09 ] Request (ServicesAdminNegativeV253TestJSON:tearDownClass): 204 DELETE http://10.180.1.21:9696/networking/v2.0/security-groups/2df71ad2-e0a4-4ff3-a96f-101fd7c798a7 0.291s
2025-01-10 18:45:35.985 67921 INFO tempest.lib.common.rest_client [req-cb987d45-b199-4549-8c6b-ea55c2f27bbe req-cb987d45-b199-4549-8c6b-ea55c2f27bbe ] Request (SecurityGroupsTestAdminJSON:tearDownClass): 201 POST http://10.180.1.21/identity/v3/auth/tokens 0.068s
2025-01-10 18:45:35.986 67932 INFO tempest.lib.common.rest_client [req-cfbc62d3-30f4-4177-9137-eb7df968f0f7 req-cfbc62d3-30f4-4177-9137-eb7df968f0f7 ] Request (ServerRescueTestJSONUnderV235:setUpClass): 201 POST http://10.180.1.21/identity/v3/auth/tokens 0.066s
2025-01-10 18:45:36.018 67932 INFO tempest.lib.common.rest_client [req-f5cd52ac-a206-4aae-8cb4-8bf1a5bc738c req-f5cd52ac-a206-4aae-8cb4-8bf1a5bc738c ] Request (ServerRescueTestJSONUnderV235:setUpClass): 201 POST http://10.180.1.21/identity/v3/auth/tokens 0.030s
2025-01-10 18:45:36.048 67877 INFO tempest.lib.common.rest_client [req-f55a7887-d903-4ea9-807d-0fbd6e4daf8e req-f55a7887-d903-4ea9-807d-0fbd6e4daf8e ] Request (ServicesAdminNegativeV253TestJSON:tearDownClass): 204 DELETE http://10.180.1.21/identity/v3/projects/0f09821fe9c546ab87d283e452caf5a1 0.078s
2025-01-10 18:45:36.048 67877 INFO tempest.lib.common.dynamic_creds [-] Deleting project and security group for project: 1223e9a13a494b2eaa94127a057b3ce5
2025-01-10 18:45:36.103 67932 INFO tempest.lib.common.rest_client [req-166a9d25-26b9-4b07-978c-7e92fd7853f8 req-166a9d25-26b9-4b07-978c-7e92fd7853f8 ] Request (ServerRescueTestJSONUnderV235:setUpClass): 200 GET http://10.180.1.21/identity/v3/domains?name=Default 0.083s
2025-01-10 18:45:36.124 67909 INFO tempest.lib.common.rest_client [req-e6307b2e-217d-41a6-9d4d-86d664157ec9 req-e6307b2e-217d-41a6-9d4d-86d664157ec9 ] Request (InstanceUsageAuditLogTestJSON:tearDownClass): 204 DELETE http://10.180.1.21:9696/networking/v2.0/security-groups/5c446e0e-4f21-442c-9dce-2867cfc9e7b2 0.335s
2025-01-10 18:45:36.133 67932 INFO tempest.lib.common.rest_client [req-2a0f1abd-c38a-411a-98a7-6e0bfa9426d7 req-2a0f1abd-c38a-411a-98a7-6e0bfa9426d7 ] Request (ServerRescueTestJSONUnderV235:setUpClass): 201 POST http://10.180.1.21/identity/v3/projects 0.029s
2025-01-10 18:45:36.145 67869 INFO tempest.lib.common.rest_client [req-c4e7a7c7-91e6-4b39-a541-bde95a8901b1 req-c4e7a7c7-91e6-4b39-a541-bde95a8901b1 ] Request (ImagesNegativeTestJSON:test_create_image_from_deleted_server): 200 GET http://10.180.1.21/compute/v2.1/servers/d2ae10f8-d578-4bd6-93c7-24d91588672e 1.433s
2025-01-10 18:45:36.170 67929 INFO tempest.lib.common.rest_client [req-4f75cb1b-0353-4975-b6cf-19210d8ede5c req-4f75cb1b-0353-4975-b6cf-19210d8ede5c ] Request (AggregatesAdminNegativeTestJSON:test_aggregate_add_non_exist_host): 404 POST http://10.180.1.21/compute/v2.1/os-aggregates/3/action 1.270s
2025-01-10 18:45:36.184 67932 INFO tempest.lib.common.rest_client [req-ba1bdf9b-b1be-44c9-a247-d8f5375b2279 req-ba1bdf9b-b1be-44c9-a247-d8f5375b2279 ] Request (ServerRescueTestJSONUnderV235:setUpClass): 201 POST http://10.180.1.21/identity/v3/users 0.051s
2025-01-10 18:45:36.189 67921 INFO tempest.lib.common.rest_client [req-974414cb-4150-4b45-9aa7-9dcad84c75c9 req-974414cb-4150-4b45-9aa7-9dcad84c75c9 ] Request (SecurityGroupsTestAdminJSON:tearDownClass): 200 GET http://10.180.1.21:9696/networking/v2.0/security-groups?tenant_id=d0d9478e6bb34a51aa65736033c95872&name=default 0.204s
2025-01-10 18:45:36.204 67932 INFO tempest.lib.common.rest_client [req-f59a1ee5-6615-4ec9-82a0-53948b4d7bcd req-f59a1ee5-6615-4ec9-82a0-53948b4d7bcd ] Request (ServerRescueTestJSONUnderV235:setUpClass): 200 GET http://10.180.1.21/identity/v3/roles 0.020s
2025-01-10 18:45:36.248 67909 INFO tempest.lib.common.rest_client [req-d65d0e3f-23a4-4249-8fb0-ae9324411406 req-d65d0e3f-23a4-4249-8fb0-ae9324411406 ] Request (InstanceUsageAuditLogTestJSON:tearDownClass): 204 DELETE http://10.180.1.21/identity/v3/projects/a4c6d82604ae4293b49c4fccaf40f13a 0.123s
2025-01-10 18:45:36.248 67909 INFO tempest.lib.common.dynamic_creds [-] Deleting project and security group for project: 49efc9fa744a42bc83e4a9a58771ae85
2025-01-10 18:45:36.276 67932 INFO tempest.lib.common.rest_client [req-daa95729-a77d-4de3-aab1-73fe8f519327 req-daa95729-a77d-4de3-aab1-73fe8f519327 ] Request (ServerRescueTestJSONUnderV235:setUpClass): 204 PUT http://10.180.1.21/identity/v3/projects/b6d26c261e464184830a61e9e422205c/users/16e986aae3c240c6be65f1a0c79261c5/roles/dbab4837685e457ab79a1df5092f6afa 0.071s
2025-01-10 18:45:36.276 67932 INFO tempest.lib.common.dynamic_creds [-] Dynamic test user 16e986aae3c240c6be65f1a0c79261c5 is created with scope project and roles: ['member']
2025-01-10 18:45:36.276 67932 INFO tempest.lib.common.dynamic_creds [-] Acquired dynamic creds: credentials: Credentials: {'domain_id': 'default', 'domain_name': 'Default', 'username': 'tempest-ServerRescueTestJSONUnderV235-110290245-project-member', 'project_domain_id': 'default', 'project_domain_name': 'Default', 'project_id': 'b6d26c261e464184830a61e9e422205c', 'project_name': 'tempest-ServerRescueTestJSONUnderV235-110290245', 'tenant_id': 'b6d26c261e464184830a61e9e422205c', 'tenant_name': 'tempest-ServerRescueTestJSONUnderV235-110290245', 'user_domain_id': 'default', 'user_domain_name': 'Default', 'user_id': '16e986aae3c240c6be65f1a0c79261c5', 'system': None}, Network: None, Subnet: None, Router: None
2025-01-10 18:45:36.337 67885 INFO tempest.lib.common.rest_client [req-cf63c4a6-ded7-405d-ae7e-71f0e885bbc0 req-cf63c4a6-ded7-405d-ae7e-71f0e885bbc0 ] Request (ServerAddressesTestJSON:setUpClass): 201 POST http://10.180.1.21:9696/networking/v2.0/networks 0.749s
2025-01-10 18:45:36.350 67932 INFO tempest.lib.common.rest_client [req-6feb71bf-bb10-4927-bfa1-0950f746b8b4 req-6feb71bf-bb10-4927-bfa1-0950f746b8b4 ] Request (ServerRescueTestJSONUnderV235:setUpClass): 201 POST http://10.180.1.21/identity/v3/auth/tokens 0.074s
2025-01-10 18:45:36.429 67877 INFO tempest.lib.common.rest_client [req-b4de616d-cb0f-4fe1-b0b1-d9d79ff30a30 req-b4de616d-cb0f-4fe1-b0b1-d9d79ff30a30 ] Request (ServicesAdminNegativeV253TestJSON:tearDownClass): 200 GET http://10.180.1.21:9696/networking/v2.0/security-groups?tenant_id=1223e9a13a494b2eaa94127a057b3ce5&name=default 0.381s
2025-01-10 18:45:36.467 67925 INFO tempest.lib.common.rest_client [req-848a6d00-934f-45f5-80c2-e7062527e504 req-848a6d00-934f-45f5-80c2-e7062527e504 ] Request (ServersTestJSON:setUpClass): 201 POST http://10.180.1.21:9696/networking/v2.0/subnets 0.697s
2025-01-10 18:45:36.574 67921 INFO tempest.lib.common.rest_client [req-b4023585-e9ba-4148-ad01-94716160d2a5 req-b4023585-e9ba-4148-ad01-94716160d2a5 ] Request (SecurityGroupsTestAdminJSON:tearDownClass): 204 DELETE http://10.180.1.21:9696/networking/v2.0/security-groups/b87aca0c-e674-4e36-8b26-c0454c995a62 0.384s
2025-01-10 18:45:36.578 67915 INFO tempest.lib.common.rest_client [req-8be08233-ab7d-46f3-8d67-479b8de3e5c0 req-8be08233-ab7d-46f3-8d67-479b8de3e5c0 ] Request (AttachInterfacesUnderV243Test:test_add_remove_fixed_ip): 202 POST http://10.180.1.21/compute/v2.1/servers 2.214s
2025-01-10 18:45:36.588 67871 INFO tempest.lib.common.rest_client [req-86a63603-b090-4b37-aaa1-460f46d5c248 req-86a63603-b090-4b37-aaa1-460f46d5c248 ] Request (FloatingIPsAssociationNegativeTestJSON:setUpClass): 201 POST http://10.180.1.21:9696/networking/v2.0/subnets 0.619s
2025-01-10 18:45:36.599 67903 INFO tempest.lib.common.rest_client [req-2d56f8e1-e3c3-43b9-b98f-b7c9c7309ada req-2d56f8e1-e3c3-43b9-b98f-b7c9c7309ada ] Request (QuotasAdminNegativeTest:test_create_server_when_memory_quota_is_full): 403 POST http://10.180.1.21/compute/v2.1/servers 1.554s
2025-01-10 18:45:36.618 67913 INFO tempest.lib.common.rest_client [req-b615d677-3cf3-429e-a641-99aba0f8e0f4 req-b615d677-3cf3-429e-a641-99aba0f8e0f4 ] Request (FlavorsExtraSpecsTestJSON:tearDownClass): 202 DELETE http://10.180.1.21/compute/v2.1/flavors/893547371 1.550s
2025-01-10 18:45:36.680 67921 INFO tempest.lib.common.rest_client [req-aa88f51e-fad4-40b3-8051-e90261ee8635 req-aa88f51e-fad4-40b3-8051-e90261ee8635 ] Request (SecurityGroupsTestAdminJSON:tearDownClass): 204 DELETE http://10.180.1.21/identity/v3/projects/d0d9478e6bb34a51aa65736033c95872 0.105s
2025-01-10 18:45:36.681 67921 INFO tempest.lib.common.dynamic_creds [-] Deleting project and security group for project: 2655b6b96eb04b9db005cb094508d465
2025-01-10 18:45:36.734 67909 INFO tempest.lib.common.rest_client [req-8e511871-1d43-429d-a019-9cc49fecd610 req-8e511871-1d43-429d-a019-9cc49fecd610 ] Request (InstanceUsageAuditLogTestJSON:tearDownClass): 200 GET http://10.180.1.21:9696/networking/v2.0/security-groups?tenant_id=49efc9fa744a42bc83e4a9a58771ae85&name=default 0.485s
2025-01-10 18:45:36.826 67877 INFO tempest.lib.common.rest_client [req-72bbceaa-46f6-49a0-a987-0a999e7f8fd5 req-72bbceaa-46f6-49a0-a987-0a999e7f8fd5 ] Request (ServicesAdminNegativeV253TestJSON:tearDownClass): 204 DELETE http://10.180.1.21:9696/networking/v2.0/security-groups/813ab4bc-ac0d-436a-b3cb-f1e8db9993bc 0.396s
2025-01-10 18:45:36.840 67921 INFO tempest.lib.common.rest_client [req-d238c32c-748b-420a-b6fd-96d4ce3ba56e req-d238c32c-748b-420a-b6fd-96d4ce3ba56e ] Request (SecurityGroupsTestAdminJSON:tearDownClass): 200 GET http://10.180.1.21:9696/networking/v2.0/security-groups?tenant_id=2655b6b96eb04b9db005cb094508d465&name=default 0.158s
2025-01-10 18:45:36.887 67911 INFO tempest.lib.common.rest_client [req-33b884e2-56c6-4547-8bfa-9f01f574ac66 req-33b884e2-56c6-4547-8bfa-9f01f574ac66 ] Request (ImagesMetadataTestJSON:setUp): 200 PUT http://10.180.1.21/compute/v2.1/images/4983572a-1f76-41f3-b2b5-68089a35ce74/metadata 1.770s
2025-01-10 18:45:36.941 67877 INFO tempest.lib.common.rest_client [req-db5fc282-c43e-4649-bebf-93f80ac36a63 req-db5fc282-c43e-4649-bebf-93f80ac36a63 ] Request (ServicesAdminNegativeV253TestJSON:tearDownClass): 204 DELETE http://10.180.1.21/identity/v3/projects/1223e9a13a494b2eaa94127a057b3ce5 0.115s
2025-01-10 18:45:37.019 67877 INFO tempest.lib.common.rest_client [req-76244704-c87c-427c-88cf-1194821ea843 req-76244704-c87c-427c-88cf-1194821ea843 ] Request (FloatingIPsTestJSON:setUpClass): 201 POST http://10.180.1.21/identity/v3/auth/tokens 0.076s
2025-01-10 18:45:37.049 67897 INFO tempest.lib.common.rest_client [req-3a7b8731-1643-43f2-b0b4-87ab5ab7591c req-3a7b8731-1643-43f2-b0b4-87ab5ab7591c ] Request (QuotasAdminTestV236:test_get_updated_quotas): 200 GET http://10.180.1.21/compute/v2.1/os-quota-sets/9ab760e08fb34e54bb74abfa21429477?user_id=ea402ac62b494119b9f048793a3dfd82 1.824s
2025-01-10 18:45:37.056 67909 INFO tempest.lib.common.rest_client [req-52fed7a3-0624-487a-a383-ea27a841976e req-52fed7a3-0624-487a-a383-ea27a841976e ] Request (InstanceUsageAuditLogTestJSON:tearDownClass): 204 DELETE http://10.180.1.21:9696/networking/v2.0/security-groups/c6eda1e9-a8ff-495b-9b50-f6baf03b62bc 0.321s
2025-01-10 18:45:37.062 67907 INFO tempest.lib.common.rest_client [req-2c815265-e404-4383-9c1e-6a25bc082667 req-2c815265-e404-4383-9c1e-6a25bc082667 ] Request (HostsAdminNegativeTestJSON:test_update_host_with_non_admin_user): 403 PUT http://10.180.1.21/compute/v2.1/os-hosts/devstack 1.725s
2025-01-10 18:45:37.062 67877 INFO tempest.lib.common.rest_client [req-06f3cab3-0db6-4de8-b7da-8f7a434ff836 req-06f3cab3-0db6-4de8-b7da-8f7a434ff836 ] Request (FloatingIPsTestJSON:setUpClass): 201 POST http://10.180.1.21/identity/v3/auth/tokens 0.039s
2025-01-10 18:45:37.106 67885 INFO tempest.lib.common.rest_client [req-5c82dca8-582c-4346-955e-7bec45d4b2e9 req-5c82dca8-582c-4346-955e-7bec45d4b2e9 ] Request (ServerAddressesTestJSON:setUpClass): 201 POST http://10.180.1.21:9696/networking/v2.0/subnets 0.768s
2025-01-10 18:45:37.117 67921 INFO tempest.lib.common.rest_client [req-e7334462-65ee-4ea2-add0-d6c87706705b req-e7334462-65ee-4ea2-add0-d6c87706705b ] Request (SecurityGroupsTestAdminJSON:tearDownClass): 204 DELETE http://10.180.1.21:9696/networking/v2.0/security-groups/b587197f-0af1-4ac0-95be-2fb674920f0e 0.276s
2025-01-10 18:45:37.150 67909 INFO tempest.lib.common.rest_client [req-38ee0538-32cd-4f3a-9d5c-ec052de91bdc req-38ee0538-32cd-4f3a-9d5c-ec052de91bdc ] Request (InstanceUsageAuditLogTestJSON:tearDownClass): 204 DELETE http://10.180.1.21/identity/v3/projects/49efc9fa744a42bc83e4a9a58771ae85 0.094s
2025-01-10 18:45:37.160 67897 INFO tempest.lib.common.rest_client [req-064d7c12-962e-4d7b-83c2-af90251f8138 req-064d7c12-962e-4d7b-83c2-af90251f8138 ] Request (QuotasAdminTestV236:_run_cleanups): 204 DELETE http://10.180.1.21/identity/v3/users/ea402ac62b494119b9f048793a3dfd82 0.109s
2025-01-10 18:45:37.188 67905 INFO tempest.lib.common.rest_client [req-3feb4001-91a2-4157-b327-8ced4ce6eccc req-3feb4001-91a2-4157-b327-8ced4ce6eccc ] Request (SecurityGroupRulesNegativeTestJSON:test_create_security_group_rule_with_invalid_to_port): 200 POST http://10.180.1.21/compute/v2.1/os-security-groups 2.136s
2025-01-10 18:45:37.250 67932 INFO tempest.lib.common.rest_client [req-d57bf227-b900-43b6-8584-744b4349de92 req-d57bf227-b900-43b6-8584-744b4349de92 ] Request (ServerRescueTestJSONUnderV235:setUpClass): 201 POST http://10.180.1.21:9696/networking/v2.0/networks 0.899s
2025-01-10 18:45:37.260 67877 INFO tempest.lib.common.rest_client [req-1592a52b-1068-4b82-bb55-ec6da70fb4f2 req-1592a52b-1068-4b82-bb55-ec6da70fb4f2 ] Request (FloatingIPsTestJSON:setUpClass): 200 GET http://10.180.1.21/identity/v3/domains?name=Default 0.197s
2025-01-10 18:45:37.279 67921 INFO tempest.lib.common.rest_client [req-980b15d1-c19d-440c-b55a-e8f224f8098b req-980b15d1-c19d-440c-b55a-e8f224f8098b ] Request (SecurityGroupsTestAdminJSON:tearDownClass): 204 DELETE http://10.180.1.21/identity/v3/projects/2655b6b96eb04b9db005cb094508d465 0.162s
2025-01-10 18:45:37.323 67909 INFO tempest.lib.common.rest_client [req-5ecbdd6d-0ded-4879-aee6-cf5af826b684 req-5ecbdd6d-0ded-4879-aee6-cf5af826b684 ] Request (ServerDiagnosticsV248Test:setUpClass): 201 POST http://10.180.1.21/identity/v3/auth/tokens 0.171s
2025-01-10 18:45:37.391 67897 INFO tempest.lib.common.rest_client [req-ac08b544-c8f0-4a28-bbf1-5f5ebc480fb7 req-ac08b544-c8f0-4a28-bbf1-5f5ebc480fb7 ] Request (QuotasAdminTestV236:_run_cleanups): 204 DELETE http://10.180.1.21/identity/v3/projects/9ab760e08fb34e54bb74abfa21429477 0.230s
2025-01-10 18:45:37.463 67917 INFO tempest.lib.common.rest_client [req-0fd1a593-814b-4b7f-a60c-94fd60234c1b req-0fd1a593-814b-4b7f-a60c-94fd60234c1b ] Request (FlavorsAccessNegativeTestJSON:test_flavor_non_admin_add): 403 POST http://10.180.1.21/compute/v2.1/flavors/1524235993/action 2.097s
2025-01-10 18:45:37.471 67877 INFO tempest.lib.common.rest_client [req-62246e8b-961c-4825-a980-1b8d60f4a489 req-62246e8b-961c-4825-a980-1b8d60f4a489 ] Request (FloatingIPsTestJSON:setUpClass): 201 POST http://10.180.1.21/identity/v3/projects 0.210s
2025-01-10 18:45:37.493 67891 INFO tempest.lib.common.rest_client [req-ae3d58c3-7257-400a-b0da-72cd1ba379e2 req-ae3d58c3-7257-400a-b0da-72cd1ba379e2 ] Request (DeleteServersAdminTestJSON:test_admin_delete_servers_of_others): 200 GET http://10.180.1.21/compute/v2.1/servers/fc7a25a1-9451-4532-a172-9554a3f74344 2.148s
2025-01-10 18:45:37.500 67891 INFO tempest.common.waiters [-] State transition "BUILD/spawning" ==> "ACTIVE/None" after 16 second wait
2025-01-10 18:45:37.525 67921 INFO tempest.lib.common.rest_client [req-392b6d9c-f59b-44d2-98ac-501375f175a9 req-392b6d9c-f59b-44d2-98ac-501375f175a9 ] Request (KeyPairsV2TestJSON:setUpClass): 201 POST http://10.180.1.21/identity/v3/auth/tokens 0.243s
2025-01-10 18:45:37.562 67909 INFO tempest.lib.common.rest_client [req-dac77fa8-2633-4728-9243-110fdbc66e52 req-dac77fa8-2633-4728-9243-110fdbc66e52 ] Request (ServerDiagnosticsV248Test:setUpClass): 201 POST http://10.180.1.21/identity/v3/auth/tokens 0.235s
2025-01-10 18:45:37.581 67901 INFO tempest.lib.common.rest_client [req-3ce99b40-deec-4294-8659-7e3f039a0da9 req-3ce99b40-deec-4294-8659-7e3f039a0da9 ] Request (SecurityGroupsTestJSON:test_list_security_groups_by_server): 200 GET http://10.180.1.21/compute/v2.1/servers/7757e7a7-8bd7-4057-9e65-83cda5ac2af6 2.108s
2025-01-10 18:45:37.595 67897 INFO tempest.lib.common.rest_client [req-8744422f-0953-4f63-be55-7c65f1365a8a req-8744422f-0953-4f63-be55-7c65f1365a8a ] Request (QuotasAdminTestV236:tearDownClass): 204 DELETE http://10.180.1.21/identity/v3/users/bd131fb304f74f26afb5318ddfd6ec43 0.203s
2025-01-10 18:45:37.609 67873 INFO tempest.lib.common.rest_client [req-e01fde19-b38a-4448-9694-ca2882b71bdd req-e01fde19-b38a-4448-9694-ca2882b71bdd ] Request (ImagesOneServerTestJSON:setUpClass): 201 POST http://10.180.1.21:9696/networking/v2.0/routers 2.299s
2025-01-10 18:45:37.632 67877 INFO tempest.lib.common.rest_client [req-f076f3e1-5af6-4676-9f2c-c5aa3b764427 req-f076f3e1-5af6-4676-9f2c-c5aa3b764427 ] Request (FloatingIPsTestJSON:setUpClass): 201 POST http://10.180.1.21/identity/v3/users 0.161s
2025-01-10 18:45:37.649 67921 INFO tempest.lib.common.rest_client [req-34ca81b8-1d78-43bd-93b0-9b15a104b9bc req-34ca81b8-1d78-43bd-93b0-9b15a104b9bc ] Request (KeyPairsV2TestJSON:setUpClass): 201 POST http://10.180.1.21/identity/v3/auth/tokens 0.121s
2025-01-10 18:45:37.670 67889 INFO tempest.lib.common.rest_client [req-ce6b34da-96ea-4147-8cf2-9c90e5fcdafc req-ce6b34da-96ea-4147-8cf2-9c90e5fcdafc ] Request (SecurityGroupsNegativeTestJSON:test_update_non_existent_security_group): 404 PUT http://10.180.1.21/compute/v2.1/os-security-groups/4c555557-013e-4517-83eb-a1425a16d8e7 2.034s
2025-01-10 18:45:37.697 67909 INFO tempest.lib.common.rest_client [req-32299215-8a8e-440b-b37f-a29de883cd2d req-32299215-8a8e-440b-b37f-a29de883cd2d ] Request (ServerDiagnosticsV248Test:setUpClass): 200 GET http://10.180.1.21/identity/v3/domains?name=Default 0.134s
2025-01-10 18:45:37.716 67897 INFO tempest.lib.common.rest_client [req-4b862d52-5d89-4478-b89d-7ace6ba40bfd req-4b862d52-5d89-4478-b89d-7ace6ba40bfd ] Request (QuotasAdminTestV236:tearDownClass): 204 DELETE http://10.180.1.21/identity/v3/users/237f05871165496bb5167555d87acf23 0.119s
2025-01-10 18:45:37.716 67897 INFO tempest.lib.common.dynamic_creds [-] Deleting project and security group for project: 42481ae7387c4dff949ec403756b8dd7
2025-01-10 18:45:37.751 67877 INFO tempest.lib.common.rest_client [req-95438545-cfa3-4a37-9510-7fd595945cf5 req-95438545-cfa3-4a37-9510-7fd595945cf5 ] Request (FloatingIPsTestJSON:setUpClass): 200 GET http://10.180.1.21/identity/v3/roles 0.118s
2025-01-10 18:45:37.771 67921 INFO tempest.lib.common.rest_client [req-2c300fd0-503c-4fda-832b-bdf3771db5e0 req-2c300fd0-503c-4fda-832b-bdf3771db5e0 ] Request (KeyPairsV2TestJSON:setUpClass): 200 GET http://10.180.1.21/identity/v3/domains?name=Default 0.122s
2025-01-10 18:45:37.809 67909 INFO tempest.lib.common.rest_client [req-bf2b74e2-66a5-4c2a-ae48-463bdb022a45 req-bf2b74e2-66a5-4c2a-ae48-463bdb022a45 ] Request (ServerDiagnosticsV248Test:setUpClass): 201 POST http://10.180.1.21/identity/v3/projects 0.112s
2025-01-10 18:45:37.871 67897 INFO tempest.lib.common.rest_client [req-0d695319-c47e-4119-a3c1-b25873d0787f req-0d695319-c47e-4119-a3c1-b25873d0787f ] Request (QuotasAdminTestV236:tearDownClass): 201 POST http://10.180.1.21/identity/v3/auth/tokens 0.155s
2025-01-10 18:45:37.907 67899 INFO tempest.lib.common.rest_client [req-7746230c-666f-438f-8624-7a864768ff4f req-7746230c-666f-438f-8624-7a864768ff4f ] Request (ServerDiagnosticsTest:test_get_server_diagnostics): 200 GET http://10.180.1.21/compute/v2.1/servers/fd976259-0234-431b-8d24-0c5466cc8716 2.314s
2025-01-10 18:45:37.912 67921 INFO tempest.lib.common.rest_client [req-7ff682b2-25e4-4ef1-bee9-4fbcfd874c20 req-7ff682b2-25e4-4ef1-bee9-4fbcfd874c20 ] Request (KeyPairsV2TestJSON:setUpClass): 201 POST http://10.180.1.21/identity/v3/projects 0.140s
2025-01-10 18:45:37.917 67879 INFO tempest.lib.common.rest_client [req-2f48e31d-5e2f-473c-ab8b-58b4af641ac6 req-2f48e31d-5e2f-473c-ab8b-58b4af641ac6 ] Request (HypervisorAdminV228Test:test_get_list_hypervisor_details): 200 GET http://10.180.1.21/compute/v2.1/os-hypervisors 2.228s
2025-01-10 18:45:37.919 67877 INFO tempest.lib.common.rest_client [req-57b41d7c-91d0-4d79-beaa-e9a0896b7867 req-57b41d7c-91d0-4d79-beaa-e9a0896b7867 ] Request (FloatingIPsTestJSON:setUpClass): 204 PUT http://10.180.1.21/identity/v3/projects/12795dec43e440db91051a702934ce5d/users/0238f35dbaac4685b18da7db7e08c65f/roles/dbab4837685e457ab79a1df5092f6afa 0.167s
2025-01-10 18:45:37.919 67877 INFO tempest.lib.common.dynamic_creds [-] Dynamic test user 0238f35dbaac4685b18da7db7e08c65f is created with scope project and roles: ['member']
2025-01-10 18:45:37.920 67877 INFO tempest.lib.common.dynamic_creds [-] Acquired dynamic creds: credentials: Credentials: {'domain_id': 'default', 'domain_name': 'Default', 'username': 'tempest-FloatingIPsTestJSON-769722443-project-member', 'project_domain_id': 'default', 'project_domain_name': 'Default', 'project_id': '12795dec43e440db91051a702934ce5d', 'project_name': 'tempest-FloatingIPsTestJSON-769722443', 'tenant_id': '12795dec43e440db91051a702934ce5d', 'tenant_name': 'tempest-FloatingIPsTestJSON-769722443', 'user_domain_id': 'default', 'user_domain_name': 'Default', 'user_id': '0238f35dbaac4685b18da7db7e08c65f', 'system': None}, Network: None, Subnet: None, Router: None
2025-01-10 18:45:37.953 67895 INFO tempest.lib.common.rest_client [req-a97a7924-0428-44dc-b408-1f8aeae75346 req-a97a7924-0428-44dc-b408-1f8aeae75346 ] Request (FlavorsAdminTestJSON:_run_cleanups): 200 GET http://10.180.1.21/compute/v2.1/flavors/detail 2.190s
2025-01-10 18:45:37.991 67909 INFO tempest.lib.common.rest_client [req-f6514fd3-2eb1-4ef8-8b27-5ca225cca544 req-f6514fd3-2eb1-4ef8-8b27-5ca225cca544 ] Request (ServerDiagnosticsV248Test:setUpClass): 201 POST http://10.180.1.21/identity/v3/users 0.181s
2025-01-10 18:45:38.010 67921 INFO tempest.lib.common.rest_client [req-d600c486-619a-4ea7-a266-71ea40db102c req-d600c486-619a-4ea7-a266-71ea40db102c ] Request (KeyPairsV2TestJSON:setUpClass): 201 POST http://10.180.1.21/identity/v3/users 0.098s
2025-01-10 18:45:38.032 67909 INFO tempest.lib.common.rest_client [req-ee99713a-95ac-4af0-80b5-5de5a1e1965e req-ee99713a-95ac-4af0-80b5-5de5a1e1965e ] Request (ServerDiagnosticsV248Test:setUpClass): 200 GET http://10.180.1.21/identity/v3/roles 0.040s
2025-01-10 18:45:38.033 67877 INFO tempest.lib.common.rest_client [req-b0fd9c00-c7e2-4780-99c4-ef29510bcf06 req-b0fd9c00-c7e2-4780-99c4-ef29510bcf06 ] Request (FloatingIPsTestJSON:setUpClass): 201 POST http://10.180.1.21/identity/v3/auth/tokens 0.113s
2025-01-10 18:45:38.048 67921 INFO tempest.lib.common.rest_client [req-b4f9e382-184e-42bf-a125-7aca7a451b52 req-b4f9e382-184e-42bf-a125-7aca7a451b52 ] Request (KeyPairsV2TestJSON:setUpClass): 200 GET http://10.180.1.21/identity/v3/roles 0.037s
2025-01-10 18:45:38.059 67909 INFO tempest.lib.common.rest_client [req-89166092-0940-4437-a03a-0a6810f75e3c req-89166092-0940-4437-a03a-0a6810f75e3c ] Request (ServerDiagnosticsV248Test:setUpClass): 204 PUT http://10.180.1.21/identity/v3/projects/1b45890cc1bf47f7a1cf81934287b6dd/users/2187bf123ae2443a9e856b4e6230ff56/roles/dbab4837685e457ab79a1df5092f6afa 0.026s
2025-01-10 18:45:38.059 67909 INFO tempest.lib.common.dynamic_creds [-] Dynamic test user 2187bf123ae2443a9e856b4e6230ff56 is created with scope project and roles: ['member']
2025-01-10 18:45:38.059 67909 INFO tempest.lib.common.dynamic_creds [-] Acquired dynamic creds: credentials: Credentials: {'domain_id': 'default', 'domain_name': 'Default', 'username': 'tempest-ServerDiagnosticsV248Test-991775150-project-member', 'project_domain_id': 'default', 'project_domain_name': 'Default', 'project_id': '1b45890cc1bf47f7a1cf81934287b6dd', 'project_name': 'tempest-ServerDiagnosticsV248Test-991775150', 'tenant_id': '1b45890cc1bf47f7a1cf81934287b6dd', 'tenant_name': 'tempest-ServerDiagnosticsV248Test-991775150', 'user_domain_id': 'default', 'user_domain_name': 'Default', 'user_id': '2187bf123ae2443a9e856b4e6230ff56', 'system': None}, Network: None, Subnet: None, Router: None
2025-01-10 18:45:38.060 67909 INFO tempest.lib.common.dynamic_creds [-] Created isolated network resources for: credentials: Credentials: {'domain_id': 'default', 'domain_name': 'Default', 'username': 'tempest-ServerDiagnosticsV248Test-991775150-project-member', 'project_domain_id': 'default', 'project_domain_name': 'Default', 'project_id': '1b45890cc1bf47f7a1cf81934287b6dd', 'project_name': 'tempest-ServerDiagnosticsV248Test-991775150', 'tenant_id': '1b45890cc1bf47f7a1cf81934287b6dd', 'tenant_name': 'tempest-ServerDiagnosticsV248Test-991775150', 'user_domain_id': 'default', 'user_domain_name': 'Default', 'user_id': '2187bf123ae2443a9e856b4e6230ff56', 'system': None}, Network: None, Subnet: None, Router: None
2025-01-10 18:45:38.075 67893 INFO tempest.lib.common.rest_client [req-34ef9dd5-9fa3-456b-bc0b-3153324d4742 req-34ef9dd5-9fa3-456b-bc0b-3153324d4742 ] Request (ListServersNegativeTestJSON:setUpClass): 200 GET http://10.180.1.21/compute/v2.1/servers/af80c7da-2699-4b40-b829-529c89d2572b 2.096s
2025-01-10 18:45:38.076 67921 INFO tempest.lib.common.rest_client [req-b2e8a30e-85db-40b1-9d3e-4915f2e34dce req-b2e8a30e-85db-40b1-9d3e-4915f2e34dce ] Request (KeyPairsV2TestJSON:setUpClass): 204 PUT http://10.180.1.21/identity/v3/projects/c54cbe00b9f54a939e2c35ec7f67e170/users/6a00e02c5deb45d494166527e921b9ef/roles/dbab4837685e457ab79a1df5092f6afa 0.027s
2025-01-10 18:45:38.076 67921 INFO tempest.lib.common.dynamic_creds [-] Dynamic test user 6a00e02c5deb45d494166527e921b9ef is created with scope project and roles: ['member']
2025-01-10 18:45:38.076 67921 INFO tempest.lib.common.dynamic_creds [-] Acquired dynamic creds: credentials: Credentials: {'domain_id': 'default', 'domain_name': 'Default', 'username': 'tempest-KeyPairsV2TestJSON-1297124129-project-member', 'project_domain_id': 'default', 'project_domain_name': 'Default', 'project_id': 'c54cbe00b9f54a939e2c35ec7f67e170', 'project_name': 'tempest-KeyPairsV2TestJSON-1297124129', 'tenant_id': 'c54cbe00b9f54a939e2c35ec7f67e170', 'tenant_name': 'tempest-KeyPairsV2TestJSON-1297124129', 'user_domain_id': 'default', 'user_domain_name': 'Default', 'user_id': '6a00e02c5deb45d494166527e921b9ef', 'system': None}, Network: None, Subnet: None, Router: None
2025-01-10 18:45:38.076 67921 INFO tempest.lib.common.dynamic_creds [-] Created isolated network resources for: credentials: Credentials: {'domain_id': 'default', 'domain_name': 'Default', 'username': 'tempest-KeyPairsV2TestJSON-1297124129-project-member', 'project_domain_id': 'default', 'project_domain_name': 'Default', 'project_id': 'c54cbe00b9f54a939e2c35ec7f67e170', 'project_name': 'tempest-KeyPairsV2TestJSON-1297124129', 'tenant_id': 'c54cbe00b9f54a939e2c35ec7f67e170', 'tenant_name': 'tempest-KeyPairsV2TestJSON-1297124129', 'user_domain_id': 'default', 'user_domain_name': 'Default', 'user_id': '6a00e02c5deb45d494166527e921b9ef', 'system': None}, Network: None, Subnet: None, Router: None
2025-01-10 18:45:38.126 67929 INFO tempest.lib.common.rest_client [req-0a8a2998-60aa-40ec-bc31-c0af33a0d145 req-0a8a2998-60aa-40ec-bc31-c0af33a0d145 ] Request (AggregatesAdminNegativeTestJSON:_run_cleanups): 200 DELETE http://10.180.1.21/compute/v2.1/os-aggregates/3 1.955s
2025-01-10 18:45:38.159 67909 INFO tempest.lib.common.rest_client [req-3b0e689a-4f51-4187-b31e-062084ff3626 req-3b0e689a-4f51-4187-b31e-062084ff3626 ] Request (ServerDiagnosticsV248Test:setUpClass): 201 POST http://10.180.1.21/identity/v3/auth/tokens 0.095s
2025-01-10 18:45:38.190 67932 INFO tempest.lib.common.rest_client [req-fd47f2a2-9a44-415f-9aba-79cbaedb1174 req-fd47f2a2-9a44-415f-9aba-79cbaedb1174 ] Request (ServerRescueTestJSONUnderV235:setUpClass): 201 POST http://10.180.1.21:9696/networking/v2.0/subnets 0.938s
2025-01-10 18:45:38.203 67875 INFO tempest.lib.common.rest_client [req-2941b09f-eec8-4892-b7c5-cd940fe1db0d req-2941b09f-eec8-4892-b7c5-cd940fe1db0d ] Request (ServerDiagnosticsNegativeTest:tearDownClass): 200 GET http://10.180.1.21/compute/v2.1/servers/e619635b-ce3e-4b56-acdf-655fe3128157 2.463s
2025-01-10 18:45:38.240 67909 INFO tempest.lib.common.rest_client [req-0322b075-92d1-461c-9b7b-8d872c72dc71 req-0322b075-92d1-461c-9b7b-8d872c72dc71 ] Request (ServerDiagnosticsV248Test:setUpClass): 201 POST http://10.180.1.21/identity/v3/projects 0.080s
2025-01-10 18:45:38.246 67923 INFO tempest.lib.common.rest_client [req-7c445026-b762-4cc3-8090-6103464c7e8a req-7c445026-b762-4cc3-8090-6103464c7e8a ] Request (ServersWithSpecificFlavorTestJSON:test_verify_created_server_ephemeral_disk): 200 GET http://10.180.1.21/compute/v2.1/servers/2157312b-0155-42fa-a5ce-0392f8f0df3f 1.903s
2025-01-10 18:45:38.252 67921 INFO tempest.lib.common.rest_client [req-1fadb1a3-921e-49d5-98c7-6c5c6fbb4ad4 req-1fadb1a3-921e-49d5-98c7-6c5c6fbb4ad4 ] Request (KeyPairsV2TestJSON:setUpClass): 201 POST http://10.180.1.21/identity/v3/auth/tokens 0.169s
2025-01-10 18:45:38.313 67909 INFO tempest.lib.common.rest_client [req-8c380922-4135-40c5-83c9-cf1be0c9fd83 req-8c380922-4135-40c5-83c9-cf1be0c9fd83 ] Request (ServerDiagnosticsV248Test:setUpClass): 201 POST http://10.180.1.21/identity/v3/users 0.073s
2025-01-10 18:45:38.337 67915 INFO tempest.lib.common.rest_client [req-09a4fb00-ec91-4121-b3d6-4ad01e840060 req-09a4fb00-ec91-4121-b3d6-4ad01e840060 ] Request (AttachInterfacesUnderV243Test:test_add_remove_fixed_ip): 200 GET http://10.180.1.21/compute/v2.1/servers/af3cadb7-b261-4240-867a-aee52cd06f7a 1.757s
2025-01-10 18:45:38.339 67909 INFO tempest.lib.common.rest_client [req-a3956aa4-f42f-44bc-8567-a6cce692abdc req-a3956aa4-f42f-44bc-8567-a6cce692abdc ] Request (ServerDiagnosticsV248Test:setUpClass): 200 GET http://10.180.1.21/identity/v3/roles 0.025s
2025-01-10 18:45:38.375 67909 INFO tempest.lib.common.rest_client [req-e6c17eb0-0bd5-4c7e-bb42-8004b2f01ed4 req-e6c17eb0-0bd5-4c7e-bb42-8004b2f01ed4 ] Request (ServerDiagnosticsV248Test:setUpClass): 204 PUT http://10.180.1.21/identity/v3/projects/0185b5a8c9e1497f9b753ac10c1cb867/users/87fdb82f877549e585054aa3a48569e5/roles/f13c45b21cc147c5afb4508b84e6f9e6 0.036s
2025-01-10 18:45:38.422 67919 INFO tempest.lib.common.rest_client [req-5b0b88b5-dee4-4649-b4d3-3110f9f2a8cc req-5b0b88b5-dee4-4649-b4d3-3110f9f2a8cc ] Request (VolumesAssistedSnapshotsTest:test_volume_assisted_snapshot_create_delete): 200 GET http://10.180.1.21/compute/v2.1/servers/cef29849-b62f-448e-a20b-563fded880fe 1.836s
2025-01-10 18:45:38.428 67919 INFO tempest.common.waiters [-] State transition "BUILD/scheduling" ==> "BUILD/None" after 3 second wait
2025-01-10 18:45:38.438 67909 INFO tempest.lib.common.rest_client [req-07d37edc-f630-40fa-bd06-5207fcdc4fd4 req-07d37edc-f630-40fa-bd06-5207fcdc4fd4 ] Request (ServerDiagnosticsV248Test:setUpClass): 200 GET http://10.180.1.21/identity/v3/roles 0.062s
2025-01-10 18:45:38.458 67909 INFO tempest.lib.common.rest_client [req-da47471d-da55-4d9b-942d-e1cca474ee8f req-da47471d-da55-4d9b-942d-e1cca474ee8f ] Request (ServerDiagnosticsV248Test:setUpClass): 204 PUT http://10.180.1.21/identity/v3/projects/0185b5a8c9e1497f9b753ac10c1cb867/users/87fdb82f877549e585054aa3a48569e5/roles/f13c45b21cc147c5afb4508b84e6f9e6 0.020s
2025-01-10 18:45:38.459 67909 INFO tempest.lib.common.dynamic_creds [-] Dynamic test user 87fdb82f877549e585054aa3a48569e5 is created with scope project and roles: ['admin']
2025-01-10 18:45:38.459 67909 INFO tempest.lib.common.dynamic_creds [-] Acquired dynamic creds: credentials: Credentials: {'domain_id': 'default', 'domain_name': 'Default', 'username': 'tempest-ServerDiagnosticsV248Test-953437249-project-admin', 'project_domain_id': 'default', 'project_domain_name': 'Default', 'project_id': '0185b5a8c9e1497f9b753ac10c1cb867', 'project_name': 'tempest-ServerDiagnosticsV248Test-953437249', 'tenant_id': '0185b5a8c9e1497f9b753ac10c1cb867', 'tenant_name': 'tempest-ServerDiagnosticsV248Test-953437249', 'user_domain_id': 'default', 'user_domain_name': 'Default', 'user_id': '87fdb82f877549e585054aa3a48569e5', 'system': None}, Network: None, Subnet: None, Router: None
2025-01-10 18:45:38.459 67909 INFO tempest.lib.common.dynamic_creds [-] Created isolated network resources for: credentials: Credentials: {'domain_id': 'default', 'domain_name': 'Default', 'username': 'tempest-ServerDiagnosticsV248Test-953437249-project-admin', 'project_domain_id': 'default', 'project_domain_name': 'Default', 'project_id': '0185b5a8c9e1497f9b753ac10c1cb867', 'project_name': 'tempest-ServerDiagnosticsV248Test-953437249', 'tenant_id': '0185b5a8c9e1497f9b753ac10c1cb867', 'tenant_name': 'tempest-ServerDiagnosticsV248Test-953437249', 'user_domain_id': 'default', 'user_domain_name': 'Default', 'user_id': '87fdb82f877549e585054aa3a48569e5', 'system': None}, Network: None, Subnet: None, Router: None
2025-01-10 18:45:38.536 67897 INFO tempest.lib.common.rest_client [req-115886d3-ea5e-40e6-9479-93b5ea2e4603 req-115886d3-ea5e-40e6-9479-93b5ea2e4603 ] Request (QuotasAdminTestV236:tearDownClass): 200 GET http://10.180.1.21:9696/networking/v2.0/security-groups?tenant_id=42481ae7387c4dff949ec403756b8dd7&name=default 0.663s
2025-01-10 18:45:38.553 67909 INFO tempest.lib.common.rest_client [req-d6202a5c-ea6d-4b52-89e8-8592240b4d85 req-d6202a5c-ea6d-4b52-89e8-8592240b4d85 ] Request (ServerDiagnosticsV248Test:setUpClass): 201 POST http://10.180.1.21/identity/v3/auth/tokens 0.089s
2025-01-10 18:45:38.649 67909 INFO tempest.lib.common.rest_client [req-1fa636cb-8a3a-4772-99e8-7db1601308cd req-1fa636cb-8a3a-4772-99e8-7db1601308cd ] Request (ServerDiagnosticsV248Test:test_get_server_diagnostics): 201 POST http://10.180.1.21/identity/v3/auth/tokens 0.091s
2025-01-10 18:45:38.650 67909 INFO tempest.lib.common.fixed_network [-] (ServerDiagnosticsV248Test:test_get_server_diagnostics) Found network None available for tenant
2025-01-10 18:45:38.726 67903 INFO tempest.lib.common.rest_client [req-2400574c-3f4a-44de-ab50-65c803cca480 req-2400574c-3f4a-44de-ab50-65c803cca480 ] Request (QuotasAdminNegativeTest:_run_cleanups): 200 PUT http://10.180.1.21/compute/v2.1/os-quota-sets/525108e132d24c1f930e72be1f54a488 2.126s
2025-01-10 18:45:38.768 67883 INFO tempest.lib.common.rest_client [req-c0f07b01-dde3-40ad-bf4d-b5c02f19187e req-c0f07b01-dde3-40ad-bf4d-b5c02f19187e ] Request (ServerExternalEventsTest:test_create_server_external_events): 200 GET http://10.180.1.21/compute/v2.1/servers/4deff428-c031-4f48-a875-c752206d7f2b 2.422s
2025-01-10 18:45:38.770 67913 INFO tempest.lib.common.rest_client [req-5e025b83-af30-4761-b4f3-612759945fe6 req-5e025b83-af30-4761-b4f3-612759945fe6 ] Request (FlavorsExtraSpecsTestJSON:tearDownClass): 200 GET http://10.180.1.21/compute/v2.1/flavors/detail 2.151s
2025-01-10 18:45:38.912 67913 INFO tempest.lib.common.rest_client [req-d0a2faeb-8286-42b8-a8de-93c37e778e7e req-d0a2faeb-8286-42b8-a8de-93c37e778e7e ] Request (FlavorsExtraSpecsTestJSON:tearDownClass): 204 DELETE http://10.180.1.21/identity/v3/users/4bfbf2e498094679be9b50d867201763 0.136s
2025-01-10 18:45:39.028 67913 INFO tempest.lib.common.rest_client [req-15af6926-a503-495e-bc66-00d90456e1e9 req-15af6926-a503-495e-bc66-00d90456e1e9 ] Request (FlavorsExtraSpecsTestJSON:tearDownClass): 204 DELETE http://10.180.1.21/identity/v3/users/51fc4798724040e5bcd061c1a68146c7 0.115s
2025-01-10 18:45:39.028 67913 INFO tempest.lib.common.dynamic_creds [-] Deleting project and security group for project: c752bddb3df445e2b6e0c4ec9b3431ef
2025-01-10 18:45:39.097 67911 INFO tempest.lib.common.rest_client [req-a23042a8-0fa8-456e-8627-80b925f7e386 req-a23042a8-0fa8-456e-8627-80b925f7e386 ] Request (ImagesMetadataTestJSON:test_delete_image_metadata_item): 204 DELETE http://10.180.1.21/compute/v2.1/images/4983572a-1f76-41f3-b2b5-68089a35ce74/metadata/os_version 2.209s
2025-01-10 18:45:39.104 67907 INFO tempest.lib.common.rest_client [req-032241c6-dc19-4bb1-ab92-1c0a1ee7737d req-032241c6-dc19-4bb1-ab92-1c0a1ee7737d ] Request (HostsAdminNegativeTestJSON:test_update_host_without_param): 400 PUT http://10.180.1.21/compute/v2.1/os-hosts/devstack 2.038s
2025-01-10 18:45:39.105 67913 INFO tempest.lib.common.rest_client [req-593a7d7b-da5d-443b-bc8d-c5c3874429a1 req-593a7d7b-da5d-443b-bc8d-c5c3874429a1 ] Request (FlavorsExtraSpecsTestJSON:tearDownClass): 201 POST http://10.180.1.21/identity/v3/auth/tokens 0.076s
2025-01-10 18:45:39.202 67869 INFO tempest.lib.common.rest_client [req-c70a426c-e6a5-4bd3-8902-2ae47007b132 req-c70a426c-e6a5-4bd3-8902-2ae47007b132 ] Request (ImagesNegativeTestJSON:test_create_image_from_deleted_server): 200 GET http://10.180.1.21/compute/v2.1/servers/d2ae10f8-d578-4bd6-93c7-24d91588672e 2.045s
2025-01-10 18:45:39.250 67897 INFO tempest.lib.common.rest_client [req-f5d0aea7-efc8-4d31-b12b-a58708d81a66 req-f5d0aea7-efc8-4d31-b12b-a58708d81a66 ] Request (QuotasAdminTestV236:tearDownClass): 204 DELETE http://10.180.1.21:9696/networking/v2.0/security-groups/f16fba6d-fd01-4aae-aa3d-028a0ce4dbd3 0.714s
2025-01-10 18:45:39.287 67905 INFO tempest.lib.common.rest_client [req-a7d3c5cd-4f24-4836-ac13-14f5dfbc3fc5 req-a7d3c5cd-4f24-4836-ac13-14f5dfbc3fc5 ] Request (SecurityGroupRulesNegativeTestJSON:test_create_security_group_rule_with_invalid_to_port): 400 POST http://10.180.1.21/compute/v2.1/os-security-group-rules 2.094s
2025-01-10 18:45:39.331 67897 INFO tempest.lib.common.rest_client [req-a9de20df-8dea-4174-9fe8-11ef08312d2b req-a9de20df-8dea-4174-9fe8-11ef08312d2b ] Request (QuotasAdminTestV236:tearDownClass): 204 DELETE http://10.180.1.21/identity/v3/projects/42481ae7387c4dff949ec403756b8dd7 0.079s
2025-01-10 18:45:39.331 67897 INFO tempest.lib.common.dynamic_creds [-] Deleting project and security group for project: 655a63aa3bdb447fa73755ca0565afa9
2025-01-10 18:45:39.475 67887 INFO tempest.lib.common.rest_client [req-02392cd0-fc66-4227-80e0-b049debee4e2 req-02392cd0-fc66-4227-80e0-b049debee4e2 ] Request (QuotaClassesAdminTestJSON:test_update_default_quotas): 200 GET http://10.180.1.21/compute/v2.1/os-quota-class-sets/default 2.080s
2025-01-10 18:45:39.499 67917 INFO tempest.lib.common.rest_client [req-e93243ee-d8da-4e16-b72e-9fa6d11dda19 req-e93243ee-d8da-4e16-b72e-9fa6d11dda19 ] Request (FlavorsAccessNegativeTestJSON:_run_cleanups): 202 DELETE http://10.180.1.21/compute/v2.1/flavors/1524235993 2.035s
2025-01-10 18:45:39.623 67871 INFO tempest.lib.common.rest_client [req-03aadfcd-24ce-4707-8d49-bf852e533ac1 req-03aadfcd-24ce-4707-8d49-bf852e533ac1 ] Request (FloatingIPsAssociationNegativeTestJSON:setUpClass): 201 POST http://10.180.1.21:9696/networking/v2.0/routers 3.034s
2025-01-10 18:45:39.722 67897 INFO tempest.lib.common.rest_client [req-09590101-9be2-43c7-9620-b4109f168bc6 req-09590101-9be2-43c7-9620-b4109f168bc6 ] Request (QuotasAdminTestV236:tearDownClass): 200 GET http://10.180.1.21:9696/networking/v2.0/security-groups?tenant_id=655a63aa3bdb447fa73755ca0565afa9&name=default 0.391s
2025-01-10 18:45:39.731 67891 INFO tempest.lib.common.rest_client [req-a77c0dc0-31f0-4345-a036-0ceefbe46f8c req-a77c0dc0-31f0-4345-a036-0ceefbe46f8c ] Request (DeleteServersAdminTestJSON:test_admin_delete_servers_of_others): 204 DELETE http://10.180.1.21/compute/v2.1/servers/fc7a25a1-9451-4532-a172-9554a3f74344 2.231s
2025-01-10 18:45:39.743 67881 INFO tempest.lib.common.rest_client [req-96316ece-433f-4be2-b217-8bfeb1297639 req-96316ece-433f-4be2-b217-8bfeb1297639 ] Request (ServersAdminTestJSON:setUpClass): 200 GET http://10.180.1.21/compute/v2.1/servers/34e9a264-7999-4715-83bb-488219204ca7 2.996s
2025-01-10 18:45:39.749 67881 INFO tempest.common.waiters [-] State transition "BUILD/block_device_mapping" ==> "BUILD/spawning" after 16 second wait
2025-01-10 18:45:39.755 67879 INFO tempest.lib.common.rest_client [req-258b423e-e809-487e-9f31-113b2fd1a339 req-258b423e-e809-487e-9f31-113b2fd1a339 ] Request (HypervisorAdminV228Test:test_get_list_hypervisor_details): 200 GET http://10.180.1.21/compute/v2.1/os-hypervisors/1 1.836s
2025-01-10 18:45:39.760 67877 INFO tempest.lib.common.rest_client [req-26d734fc-f878-4bc2-924f-186dfeed7a8b req-26d734fc-f878-4bc2-924f-186dfeed7a8b ] Request (FloatingIPsTestJSON:setUpClass): 201 POST http://10.180.1.21:9696/networking/v2.0/networks 1.727s
2025-01-10 18:45:39.761 67929 INFO tempest.lib.common.rest_client [req-d8c5f03f-f1e7-4933-845c-f76a0536c2f8 req-d8c5f03f-f1e7-4933-845c-f76a0536c2f8 ] Request (AggregatesAdminNegativeTestJSON:test_aggregate_create_aggregate_name_length_exceeds_255): 400 POST http://10.180.1.21/compute/v2.1/os-aggregates 1.634s
2025-01-10 18:45:39.774 67895 INFO tempest.lib.common.rest_client [req-ca1d5367-f6f3-4dfa-ae49-72457109eeef req-ca1d5367-f6f3-4dfa-ae49-72457109eeef ] Request (FlavorsAdminTestJSON:test_create_flavor_with_uuid_id): 200 POST http://10.180.1.21/compute/v2.1/flavors 1.814s
2025-01-10 18:45:39.859 67921 INFO tempest.lib.common.rest_client [req-bee48a23-2385-4c00-ab73-a9f8ece9d65c req-bee48a23-2385-4c00-ab73-a9f8ece9d65c ] Request (KeyPairsV2TestJSON:test_get_keypair_detail): 200 POST http://10.180.1.21/compute/v2.1/os-keypairs 1.605s
2025-01-10 18:45:39.875 67879 INFO tempest.lib.common.rest_client [req-461fae7d-ed2d-434b-b868-23337546913e req-461fae7d-ed2d-434b-b868-23337546913e ] Request (HypervisorAdminV228Test:tearDownClass): 204 DELETE http://10.180.1.21/identity/v3/users/81aaeb5591f44f08a5e4ecffc37f0093 0.115s
2025-01-10 18:45:39.964 67901 INFO tempest.lib.common.rest_client [req-b18c6a3a-df13-4926-b7ce-0a371d9a569b req-b18c6a3a-df13-4926-b7ce-0a371d9a569b ] Request (SecurityGroupsTestJSON:test_list_security_groups_by_server): 200 GET http://10.180.1.21/compute/v2.1/servers/7757e7a7-8bd7-4057-9e65-83cda5ac2af6 1.369s
2025-01-10 18:45:39.969 67903 INFO tempest.lib.common.rest_client [req-fb3e39dd-ce32-4a7f-a55d-fd304f6d1e3c req-fb3e39dd-ce32-4a7f-a55d-fd304f6d1e3c ] Request (QuotasAdminNegativeTest:test_update_quota_normal_user): 403 PUT http://10.180.1.21/compute/v2.1/os-quota-sets/525108e132d24c1f930e72be1f54a488 1.239s
2025-01-10 18:45:39.976 67925 INFO tempest.lib.common.rest_client [req-3584125a-52e2-4af1-a160-c939c1cbde52 req-3584125a-52e2-4af1-a160-c939c1cbde52 ] Request (ServersTestJSON:setUpClass): 201 POST http://10.180.1.21:9696/networking/v2.0/routers 3.508s
2025-01-10 18:45:39.980 67879 INFO tempest.lib.common.rest_client [req-d97f4de0-d617-4247-9080-4310e90b17da req-d97f4de0-d617-4247-9080-4310e90b17da ] Request (HypervisorAdminV228Test:tearDownClass): 204 DELETE http://10.180.1.21/identity/v3/users/c7f834ee9a5647deabed55b5a26f998c 0.104s
2025-01-10 18:45:39.980 67879 INFO tempest.lib.common.dynamic_creds [-] Deleting project and security group for project: 0b16a01e849a4a0dacb4884df9a3759e
2025-01-10 18:45:40.048 67879 INFO tempest.lib.common.rest_client [req-277546f4-7e4c-4405-86a8-9a33882f9b09 req-277546f4-7e4c-4405-86a8-9a33882f9b09 ] Request (HypervisorAdminV228Test:tearDownClass): 201 POST http://10.180.1.21/identity/v3/auth/tokens 0.068s
