2024-08-19 23:06:45.523 62522 INFO tempest.lib.common.rest_client [req-22e4cbc2-a3b5-4a98-85fa-fb64c2b88ccd req-22e4cbc2-a3b5-4a98-85fa-fb64c2b88ccd ] Request (ServerDiagnosticsV248Test:setUpClass): 201 POST http://10.180.1.21/identity/v3/projects 0.731s
2024-08-19 23:06:45.533 62486 INFO tempest.lib.common.rest_client [req-e531a8b4-c1e9-4887-a50b-79d4990b860f req-e531a8b4-c1e9-4887-a50b-79d4990b860f ] Request (HypervisorAdminV253TestBase:setUpClass): 200 GET http://10.180.1.21/identity/v3/roles 0.699s
2024-08-19 23:06:45.594 62527 INFO tempest.lib.common.rest_client [req-3828adcf-2226-481b-9d7e-31ab0ddc48b7 req-3828adcf-2226-481b-9d7e-31ab0ddc48b7 ] Request (InstanceUsageAuditLogTestJSON:setUpClass): 201 POST http://10.180.1.21/identity/v3/projects 0.707s
2024-08-19 23:06:45.613 62524 INFO tempest.lib.common.rest_client [req-a40c0cef-578c-4990-bb8e-845b6f27b167 req-a40c0cef-578c-4990-bb8e-845b6f27b167 ] Request (InstanceUsageAuditLogNegativeTestJSON:setUpClass): 201 POST http://10.180.1.21/identity/v3/auth/tokens 0.766s
2024-08-19 23:06:45.634 62479 INFO tempest.lib.common.rest_client [req-6223cb53-5163-4275-84fb-71e5353426d2 req-6223cb53-5163-4275-84fb-71e5353426d2 ] Request (FlavorsV261TestJSON:setUpClass): 200 GET http://10.180.1.21/identity/v3/roles 0.700s
2024-08-19 23:06:45.682 62509 INFO tempest.lib.common.rest_client [req-a26885fd-89d0-49cd-b997-f94652274137 req-a26885fd-89d0-49cd-b997-f94652274137 ] Request (KeyPairsV210TestJSON:setUpClass): 201 POST http://10.180.1.21/identity/v3/auth/tokens 0.740s
2024-08-19 23:06:45.688 62494 INFO tempest.lib.common.rest_client [req-48768493-e2da-4692-a7bd-b9ab57d3580e req-48768493-e2da-4692-a7bd-b9ab57d3580e ] Request (ServerExternalEventsTest:setUpClass): 201 POST http://10.180.1.21/identity/v3/auth/tokens 0.703s
2024-08-19 23:06:45.706 62468 INFO tempest.lib.common.rest_client [req-a042eb35-44c0-4373-8d40-7ad3eb07762f req-a042eb35-44c0-4373-8d40-7ad3eb07762f ] Request (AZAdminV2TestJSON:setUpClass): 201 POST http://10.180.1.21/identity/v3/projects 0.707s
2024-08-19 23:06:45.752 62477 INFO tempest.lib.common.rest_client [req-b1ffb49f-b3a6-4853-bf8b-3d7abead5118 req-b1ffb49f-b3a6-4853-bf8b-3d7abead5118 ] Request (ListImageFiltersTestJSON:setUpClass): 200 GET http://10.180.1.21/identity/v3/roles 0.703s
2024-08-19 23:06:45.763 62496 INFO tempest.lib.common.rest_client [req-c21670bf-0fb2-4add-a37b-96712745b078 req-c21670bf-0fb2-4add-a37b-96712745b078 ] Request (ServerDiagnosticsTest:setUpClass): 200 GET http://10.180.1.21/identity/v3/roles 0.690s
2024-08-19 23:06:45.784 62480 INFO tempest.lib.common.rest_client [req-06afafb5-f107-4258-b954-5c2090ec77df req-06afafb5-f107-4258-b954-5c2090ec77df ] Request (HostsAdminTestJSON:setUpClass): 204 PUT http://10.180.1.21/identity/v3/projects/36b419c45c8e4b5ba8b80a0c6b1f11bd/users/5cec3b0c97e8478e9255a2c7a40bae74/roles/b6169344a49943edb4f8c462094d0648 0.661s
2024-08-19 23:06:45.790 62504 INFO tempest.lib.common.rest_client [req-0ea68b8c-4d9f-47ad-8e68-42a9adec7652 req-0ea68b8c-4d9f-47ad-8e68-42a9adec7652 ] Request (FlavorsAccessNegativeTestJSON:setUpClass): 201 POST http://10.180.1.21/identity/v3/projects 0.697s
2024-08-19 23:06:45.844 62492 INFO tempest.lib.common.rest_client [req-5a7db394-ef8b-4bd4-82d5-e9939e954da4 req-5a7db394-ef8b-4bd4-82d5-e9939e954da4 ] Request (AggregatesAdminNegativeTestJSON:setUpClass): 201 POST http://10.180.1.21/identity/v3/projects 0.683s
2024-08-19 23:06:45.863 62464 INFO tempest.lib.common.rest_client [req-abe4e03c-4ab5-4100-a11c-2ca36940d28a req-abe4e03c-4ab5-4100-a11c-2ca36940d28a ] Request (FlavorsExtraSpecsNegativeTestJSON:setUpClass): 201 POST http://10.180.1.21/identity/v3/users 0.716s
2024-08-19 23:06:45.884 62484 INFO tempest.lib.common.rest_client [req-e9266104-f05d-4f9d-b27e-12f1f7ee26f1 req-e9266104-f05d-4f9d-b27e-12f1f7ee26f1 ] Request (HypervisorAdminUnderV252Test:setUpClass): 200 GET http://10.180.1.21/identity/v3/roles 0.685s
2024-08-19 23:06:45.905 62517 INFO tempest.lib.common.rest_client [req-f66049fc-9a02-44d6-bc91-e0d41dd38286 req-f66049fc-9a02-44d6-bc91-e0d41dd38286 ] Request (QuotasAdminTestV236:setUpClass): 201 POST http://10.180.1.21/identity/v3/projects 0.671s
2024-08-19 23:06:45.916 62502 INFO tempest.lib.common.rest_client [req-e757ddba-477d-4f78-9f2e-80b42c931143 req-e757ddba-477d-4f78-9f2e-80b42c931143 ] Request (KeyPairsV22TestJSON:setUpClass): 204 PUT http://10.180.1.21/identity/v3/projects/f580ae1c1d944a1f82e3fa758abfd467/users/bf967cd3292f4ee7a0e9e5513090b9b5/roles/2cb7f3d83c444a8687e72db5905a3c74 0.704s
2024-08-19 23:06:45.916 62502 INFO tempest.lib.common.dynamic_creds [-] Dynamic test user bf967cd3292f4ee7a0e9e5513090b9b5 is created with scope project and roles: ['member']
2024-08-19 23:06:45.917 62502 INFO tempest.lib.common.dynamic_creds [-] Acquired dynamic creds: credentials: Credentials: {'domain_id': 'default', 'domain_name': 'Default', 'username': 'tempest-KeyPairsV22TestJSON-252230097-project-member', 'project_domain_id': 'default', 'project_domain_name': 'Default', 'project_id': 'f580ae1c1d944a1f82e3fa758abfd467', 'project_name': 'tempest-KeyPairsV22TestJSON-252230097', 'tenant_id': 'f580ae1c1d944a1f82e3fa758abfd467', 'tenant_name': 'tempest-KeyPairsV22TestJSON-252230097', 'user_domain_id': 'default', 'user_domain_name': 'Default', 'user_id': 'bf967cd3292f4ee7a0e9e5513090b9b5', 'system': None}, Network: None, Subnet: None, Router: None
2024-08-19 23:06:45.917 62502 INFO tempest.lib.common.dynamic_creds [-] Created isolated network resources for: credentials: Credentials: {'domain_id': 'default', 'domain_name': 'Default', 'username': 'tempest-KeyPairsV22TestJSON-252230097-project-member', 'project_domain_id': 'default', 'project_domain_name': 'Default', 'project_id': 'f580ae1c1d944a1f82e3fa758abfd467', 'project_name': 'tempest-KeyPairsV22TestJSON-252230097', 'tenant_id': 'f580ae1c1d944a1f82e3fa758abfd467', 'tenant_name': 'tempest-KeyPairsV22TestJSON-252230097', 'user_domain_id': 'default', 'user_domain_name': 'Default', 'user_id': 'bf967cd3292f4ee7a0e9e5513090b9b5', 'system': None}, Network: None, Subnet: None, Router: None
2024-08-19 23:06:45.962 62507 INFO tempest.lib.common.rest_client [req-5c526e13-f16b-41c3-a0c0-8bd7443fe2d8 req-5c526e13-f16b-41c3-a0c0-8bd7443fe2d8 ] Request (DeleteServersAdminTestJSON:setUpClass): 201 POST http://10.180.1.21/identity/v3/projects 0.669s
2024-08-19 23:06:45.985 62474 INFO tempest.lib.common.rest_client [req-c756ac27-60b7-472a-89a5-1b67b5bf5722 req-c756ac27-60b7-472a-89a5-1b67b5bf5722 ] Request (ServersAdmin275Test:setUpClass): 200 GET http://10.180.1.21/identity/v3/roles 0.749s
2024-08-19 23:06:46.004 62462 INFO tempest.lib.common.rest_client [req-12f3c535-ebf6-46bb-a69e-d81dc4201804 req-12f3c535-ebf6-46bb-a69e-d81dc4201804 ] Request (HypervisorAdminTestJSON:setUpClass): 200 GET http://10.180.1.21/identity/v3/roles 0.692s
2024-08-19 23:06:46.031 62470 INFO tempest.lib.common.rest_client [req-788a2b5e-51b5-4179-b988-f6c0430c8dea req-788a2b5e-51b5-4179-b988-f6c0430c8dea ] Request (FlavorsAccessTestJSON:setUpClass): 201 POST http://10.180.1.21/identity/v3/users 0.695s
2024-08-19 23:06:46.111 62498 INFO tempest.lib.common.rest_client [req-d094ad17-0469-47e9-895f-ee127161d9af req-d094ad17-0469-47e9-895f-ee127161d9af ] Request (QuotaClassesAdmin257Test:test_update_default_quotas): 200 GET http://10.180.1.21/compute/v2.1/os-quota-class-sets/default 0.737s
2024-08-19 23:06:46.120 62489 INFO tempest.lib.common.rest_client [req-d47fbeb8-a2d6-4074-ad62-87eeb667a1ea req-d47fbeb8-a2d6-4074-ad62-87eeb667a1ea ] Request (FlavorsV255TestJSON:setUpClass): 201 POST http://10.180.1.21/identity/v3/auth/tokens 0.739s
2024-08-19 23:06:46.180 62500 INFO tempest.lib.common.rest_client [req-23b7a98a-47ed-411a-87f5-9395e5c8738b req-23b7a98a-47ed-411a-87f5-9395e5c8738b ] Request (QuotaClassesAdminTestJSON:setUpClass): 201 POST http://10.180.1.21/identity/v3/projects 0.745s
2024-08-19 23:06:46.193 62513 INFO tempest.lib.common.rest_client [req-26b4781d-91f7-427b-b655-ffa2b564ddde req-26b4781d-91f7-427b-b655-ffa2b564ddde ] Request (NetworksTest:setUpClass): 201 POST http://10.180.1.21/identity/v3/projects 0.704s
2024-08-19 23:06:46.244 62515 INFO tempest.lib.common.rest_client [req-209b1657-db7b-44b9-ae69-0de41bed77e0 req-209b1657-db7b-44b9-ae69-0de41bed77e0 ] Request (ServersAdminTestJSON:setUpClass): 201 POST http://10.180.1.21:9696/networking/v2.0/networks 1.208s
2024-08-19 23:06:46.247 62522 INFO tempest.lib.common.rest_client [req-9b0a1cc5-0e87-498d-bd23-080d6f866353 req-9b0a1cc5-0e87-498d-bd23-080d6f866353 ] Request (ServerDiagnosticsV248Test:setUpClass): 201 POST http://10.180.1.21/identity/v3/users 0.723s
2024-08-19 23:06:46.260 62486 INFO tempest.lib.common.rest_client [req-a842c47e-7497-47ae-8590-730a1e3f27d8 req-a842c47e-7497-47ae-8590-730a1e3f27d8 ] Request (HypervisorAdminV253TestBase:setUpClass): 204 PUT http://10.180.1.21/identity/v3/projects/034f1870e1f84a5fafe37a4fced9ae1f/users/65a16065a32042f89bf1ff547eb4b16d/roles/b6169344a49943edb4f8c462094d0648 0.726s
2024-08-19 23:06:46.260 62486 INFO tempest.lib.common.dynamic_creds [-] Dynamic test user 65a16065a32042f89bf1ff547eb4b16d is created with scope project and roles: ['admin']
2024-08-19 23:06:46.260 62486 INFO tempest.lib.common.dynamic_creds [-] Acquired dynamic creds: credentials: Credentials: {'domain_id': 'default', 'domain_name': 'Default', 'username': 'tempest-HypervisorAdminV253TestBase-818807086-project-admin', 'project_domain_id': 'default', 'project_domain_name': 'Default', 'project_id': '034f1870e1f84a5fafe37a4fced9ae1f', 'project_name': 'tempest-HypervisorAdminV253TestBase-818807086', 'tenant_id': '034f1870e1f84a5fafe37a4fced9ae1f', 'tenant_name': 'tempest-HypervisorAdminV253TestBase-818807086', 'user_domain_id': 'default', 'user_domain_name': 'Default', 'user_id': '65a16065a32042f89bf1ff547eb4b16d', 'system': None}, Network: None, Subnet: None, Router: None
2024-08-19 23:06:46.260 62486 INFO tempest.lib.common.dynamic_creds [-] Created isolated network resources for: credentials: Credentials: {'domain_id': 'default', 'domain_name': 'Default', 'username': 'tempest-HypervisorAdminV253TestBase-818807086-project-admin', 'project_domain_id': 'default', 'project_domain_name': 'Default', 'project_id': '034f1870e1f84a5fafe37a4fced9ae1f', 'project_name': 'tempest-HypervisorAdminV253TestBase-818807086', 'tenant_id': '034f1870e1f84a5fafe37a4fced9ae1f', 'tenant_name': 'tempest-HypervisorAdminV253TestBase-818807086', 'user_domain_id': 'default', 'user_domain_name': 'Default', 'user_id': '65a16065a32042f89bf1ff547eb4b16d', 'system': None}, Network: None, Subnet: None, Router: None
2024-08-19 23:06:46.271 62527 INFO tempest.lib.common.rest_client [req-e5c6ce01-6d9d-492e-945c-6b6a73866d6f req-e5c6ce01-6d9d-492e-945c-6b6a73866d6f ] Request (InstanceUsageAuditLogTestJSON:setUpClass): 201 POST http://10.180.1.21/identity/v3/users 0.677s
2024-08-19 23:06:46.325 62524 INFO tempest.lib.common.rest_client [req-032843fb-0cc4-4b0c-9b64-b7033159ed58 req-032843fb-0cc4-4b0c-9b64-b7033159ed58 ] Request (InstanceUsageAuditLogNegativeTestJSON:setUpClass): 201 POST http://10.180.1.21/identity/v3/projects 0.711s
2024-08-19 23:06:46.327 62479 INFO tempest.lib.common.rest_client [req-28ca33dc-0d34-4e4d-8b75-85f4336b45be req-28ca33dc-0d34-4e4d-8b75-85f4336b45be ] Request (FlavorsV261TestJSON:setUpClass): 204 PUT http://10.180.1.21/identity/v3/projects/bea85512fcdc45c5bc22958c493b97cf/users/40eb7e08c8354826877db54cfef3def2/roles/b6169344a49943edb4f8c462094d0648 0.692s
2024-08-19 23:06:46.382 62494 INFO tempest.lib.common.rest_client [req-dfd8d29a-a89a-4253-8303-d4ee323d6579 req-dfd8d29a-a89a-4253-8303-d4ee323d6579 ] Request (ServerExternalEventsTest:setUpClass): 201 POST http://10.180.1.21/identity/v3/projects 0.693s
2024-08-19 23:06:46.383 62509 INFO tempest.lib.common.rest_client [req-83367689-c391-46d7-96bf-06f494e2f3ef req-83367689-c391-46d7-96bf-06f494e2f3ef ] Request (KeyPairsV210TestJSON:setUpClass): 201 POST http://10.180.1.21/identity/v3/projects 0.699s
2024-08-19 23:06:46.444 62477 INFO tempest.lib.common.rest_client [req-4ad08a48-0176-46d5-a4f8-bfdec7e0e912 req-4ad08a48-0176-46d5-a4f8-bfdec7e0e912 ] Request (ListImageFiltersTestJSON:setUpClass): 204 PUT http://10.180.1.21/identity/v3/projects/6b677e62048e42b2842202c2b976b052/users/750cbc3af65e472d8bbb3684e4a54f3c/roles/2cb7f3d83c444a8687e72db5905a3c74 0.691s
2024-08-19 23:06:46.444 62477 INFO tempest.lib.common.dynamic_creds [-] Dynamic test user 750cbc3af65e472d8bbb3684e4a54f3c is created with scope project and roles: ['member']
2024-08-19 23:06:46.444 62477 INFO tempest.lib.common.dynamic_creds [-] Acquired dynamic creds: credentials: Credentials: {'domain_id': 'default', 'domain_name': 'Default', 'username': 'tempest-ListImageFiltersTestJSON-1753121278-project-member', 'project_domain_id': 'default', 'project_domain_name': 'Default', 'project_id': '6b677e62048e42b2842202c2b976b052', 'project_name': 'tempest-ListImageFiltersTestJSON-1753121278', 'tenant_id': '6b677e62048e42b2842202c2b976b052', 'tenant_name': 'tempest-ListImageFiltersTestJSON-1753121278', 'user_domain_id': 'default', 'user_domain_name': 'Default', 'user_id': '750cbc3af65e472d8bbb3684e4a54f3c', 'system': None}, Network: None, Subnet: None, Router: None
2024-08-19 23:06:46.444 62477 INFO tempest.lib.common.dynamic_creds [-] Created isolated network resources for: credentials: Credentials: {'domain_id': 'default', 'domain_name': 'Default', 'username': 'tempest-ListImageFiltersTestJSON-1753121278-project-member', 'project_domain_id': 'default', 'project_domain_name': 'Default', 'project_id': '6b677e62048e42b2842202c2b976b052', 'project_name': 'tempest-ListImageFiltersTestJSON-1753121278', 'tenant_id': '6b677e62048e42b2842202c2b976b052', 'tenant_name': 'tempest-ListImageFiltersTestJSON-1753121278', 'user_domain_id': 'default', 'user_domain_name': 'Default', 'user_id': '750cbc3af65e472d8bbb3684e4a54f3c', 'system': None}, Network: None, Subnet: None, Router: None
2024-08-19 23:06:46.452 62472 INFO tempest.lib.common.rest_client [req-418907f3-b47f-403b-b137-e8aa42f42d06 req-418907f3-b47f-403b-b137-e8aa42f42d06 ] Request (FloatingIPsAssociationTestJSON:setUpClass): 200 PUT http://10.180.1.21:9696/networking/v2.0/routers/a0813692-e789-4eb0-bee0-ac570541484b/add_router_interface 1.480s
2024-08-19 23:06:46.452 62472 INFO tempest.lib.common.dynamic_creds [-] Created isolated network resources for: credentials: Credentials: {'domain_id': 'default', 'domain_name': 'Default', 'username': 'tempest-FloatingIPsAssociationTestJSON-50872365-project-member', 'project_domain_id': 'default', 'project_domain_name': 'Default', 'project_id': '536159c70ea64ac1851cc2990162c4a1', 'project_name': 'tempest-FloatingIPsAssociationTestJSON-50872365', 'tenant_id': '536159c70ea64ac1851cc2990162c4a1', 'tenant_name': 'tempest-FloatingIPsAssociationTestJSON-50872365', 'user_domain_id': 'default', 'user_domain_name': 'Default', 'user_id': 'cf4be925fb5e4f50a1e1914bbb78b81d', 'system': None}, Network: {'id': '62fd4d79-0297-4a9f-836c-88b6c1ba9fff', 'name': 'tempest-FloatingIPsAssociationTestJSON-1330748981-network', 'tenant_id': '536159c70ea64ac1851cc2990162c4a1', 'admin_state_up': True, 'mtu': 8950, 'status': 'ACTIVE', 'subnets': [], 'shared': False, 'project_id': '536159c70ea64ac1851cc2990162c4a1', 'port_security_enabled': True, 'router:external': False, 'provider:network_type': 'vlan', 'provider:physical_network': 'default', 'provider:segmentation_id': 79, 'is_default': False, 'availability_zone_hints': [], 'availability_zones': [], 'ipv4_address_scope': None, 'ipv6_address_scope': None, 'description': '', 'tags': [], 'created_at': '2024-08-19T23:06:43Z', 'updated_at': '2024-08-19T23:06:43Z', 'revision_number': 1}, Subnet: {'id': '97b078ae-5150-40cd-ac9c-02bf404ca4f2', 'name': 'tempest-FloatingIPsAssociationTestJSON-1330748981-subnet', 'tenant_id': '536159c70ea64ac1851cc2990162c4a1', 'network_id': '62fd4d79-0297-4a9f-836c-88b6c1ba9fff', 'ip_version': 4, 'subnetpool_id': None, 'enable_dhcp': True, 'ipv6_ra_mode': None, 'ipv6_address_mode': None, 'gateway_ip': '192.168.128.1', 'cidr': '192.168.128.0/28', 'allocation_pools': [{'start': '192.168.128.2', 'end': '192.168.128.14'}], 'host_routes': [], 'dns_nameservers': [], 'description': '', 'router:external': False, 'service_types': [], 'tags': [], 'created_at': '2024-08-19T23:06:44Z', 'updated_at': '2024-08-19T23:06:44Z', 'revision_number': 0, 'project_id': '536159c70ea64ac1851cc2990162c4a1'}, Router: {'id': 'a0813692-e789-4eb0-bee0-ac570541484b', 'name': 'tempest-FloatingIPsAssociationTestJSON-1330748981-router', 'tenant_id': '536159c70ea64ac1851cc2990162c4a1', 'admin_state_up': True, 'status': 'ACTIVE', 'external_gateway_info': {'network_id': '0cf906a5-dd94-49a4-bce9-adb6d0979ddc', 'external_fixed_ips': [{'subnet_id': 'ce79ce04-1661-469c-bd47-af3661853be4', 'ip_address': '10.180.180.194'}], 'enable_snat': True}, 'description': '', 'availability_zones': [], 'distributed': False, 'ha': False, 'availability_zone_hints': [], 'routes': [], 'flavor_id': None, 'tags': [], 'created_at': '2024-08-19T23:06:44Z', 'updated_at': '2024-08-19T23:06:44Z', 'revision_number': 2, 'project_id': '536159c70ea64ac1851cc2990162c4a1'}
2024-08-19 23:06:46.472 62468 INFO tempest.lib.common.rest_client [req-e14f1f19-395d-4774-95f5-919b601974ce req-e14f1f19-395d-4774-95f5-919b601974ce ] Request (AZAdminV2TestJSON:setUpClass): 201 POST http://10.180.1.21/identity/v3/users 0.765s
2024-08-19 23:06:46.488 62496 INFO tempest.lib.common.rest_client [req-5ad18438-ef2b-4878-b8b2-a9a3a083ca48 req-5ad18438-ef2b-4878-b8b2-a9a3a083ca48 ] Request (ServerDiagnosticsTest:setUpClass): 204 PUT http://10.180.1.21/identity/v3/projects/4835e899dbf54cc39b8c306cc63a634f/users/bd415bd41dbb4b518261b9cc5557fa47/roles/b6169344a49943edb4f8c462094d0648 0.724s
2024-08-19 23:06:46.488 62496 INFO tempest.lib.common.dynamic_creds [-] Dynamic test user bd415bd41dbb4b518261b9cc5557fa47 is created with scope project and roles: ['admin']
2024-08-19 23:06:46.488 62496 INFO tempest.lib.common.dynamic_creds [-] Acquired dynamic creds: credentials: Credentials: {'domain_id': 'default', 'domain_name': 'Default', 'username': 'tempest-ServerDiagnosticsTest-1597280704-project-admin', 'project_domain_id': 'default', 'project_domain_name': 'Default', 'project_id': '4835e899dbf54cc39b8c306cc63a634f', 'project_name': 'tempest-ServerDiagnosticsTest-1597280704', 'tenant_id': '4835e899dbf54cc39b8c306cc63a634f', 'tenant_name': 'tempest-ServerDiagnosticsTest-1597280704', 'user_domain_id': 'default', 'user_domain_name': 'Default', 'user_id': 'bd415bd41dbb4b518261b9cc5557fa47', 'system': None}, Network: None, Subnet: None, Router: None
2024-08-19 23:06:46.488 62496 INFO tempest.lib.common.dynamic_creds [-] Created isolated network resources for: credentials: Credentials: {'domain_id': 'default', 'domain_name': 'Default', 'username': 'tempest-ServerDiagnosticsTest-1597280704-project-admin', 'project_domain_id': 'default', 'project_domain_name': 'Default', 'project_id': '4835e899dbf54cc39b8c306cc63a634f', 'project_name': 'tempest-ServerDiagnosticsTest-1597280704', 'tenant_id': '4835e899dbf54cc39b8c306cc63a634f', 'tenant_name': 'tempest-ServerDiagnosticsTest-1597280704', 'user_domain_id': 'default', 'user_domain_name': 'Default', 'user_id': 'bd415bd41dbb4b518261b9cc5557fa47', 'system': None}, Network: None, Subnet: None, Router: None
2024-08-19 23:06:46.489 62480 INFO tempest.lib.common.rest_client [req-65a3134e-74e0-43a4-b3f9-e4f7eb53364f req-65a3134e-74e0-43a4-b3f9-e4f7eb53364f ] Request (HostsAdminTestJSON:setUpClass): 200 GET http://10.180.1.21/identity/v3/roles 0.705s
2024-08-19 23:06:46.518 62466 INFO tempest.lib.common.rest_client [req-ce2b2dc4-cdff-4711-8fdf-7d344f976e84 req-ce2b2dc4-cdff-4711-8fdf-7d344f976e84 ] Request (SecurityGroupsTestAdminJSON:test_list_security_groups_list_all_tenants_filter): 200 POST http://10.180.1.21/compute/v2.1/os-security-groups 1.116s
2024-08-19 23:06:46.537 62515 INFO tempest.lib.common.rest_client [req-a9b1be71-126d-48a3-abd7-8f7e46d7aebd req-a9b1be71-126d-48a3-abd7-8f7e46d7aebd ] Request (ServersAdminTestJSON:setUpClass): 201 POST http://10.180.1.21:9696/networking/v2.0/subnets 0.292s
2024-08-19 23:06:46.558 62492 INFO tempest.lib.common.rest_client [req-ae5ced60-37b6-4b9e-b3aa-3643aa60ebc1 req-ae5ced60-37b6-4b9e-b3aa-3643aa60ebc1 ] Request (AggregatesAdminNegativeTestJSON:setUpClass): 201 POST http://10.180.1.21/identity/v3/users 0.713s
2024-08-19 23:06:46.575 62504 INFO tempest.lib.common.rest_client [req-eae064a8-a5ea-4197-bfa4-22299857b92a req-eae064a8-a5ea-4197-bfa4-22299857b92a ] Request (FlavorsAccessNegativeTestJSON:setUpClass): 201 POST http://10.180.1.21/identity/v3/users 0.785s
2024-08-19 23:06:46.580 62464 INFO tempest.lib.common.rest_client [req-6f43f2c8-71a3-4165-b6f0-a9588b3d87c0 req-6f43f2c8-71a3-4165-b6f0-a9588b3d87c0 ] Request (FlavorsExtraSpecsNegativeTestJSON:setUpClass): 200 GET http://10.180.1.21/identity/v3/roles 0.717s
2024-08-19 23:06:46.582 62482 INFO tempest.lib.common.rest_client [req-e3e2d280-4cbc-46a1-b8ef-d4754b3b5f37 req-e3e2d280-4cbc-46a1-b8ef-d4754b3b5f37 ] Request (ServerPasswordTestJSON:setUpClass): 201 POST http://10.180.1.21:9696/networking/v2.0/routers 1.339s
2024-08-19 23:06:46.597 62519 INFO tempest.lib.common.rest_client [req-b2fea344-d081-4b10-b9b2-e97d64f0cf02 req-b2fea344-d081-4b10-b9b2-e97d64f0cf02 ] Request (ServersWithSpecificFlavorTestJSON:setUpClass): 201 POST http://10.180.1.21:9696/networking/v2.0/networks 1.169s
2024-08-19 23:06:46.602 62517 INFO tempest.lib.common.rest_client [req-3cade63f-509e-4438-86de-a6548d6db9bc req-3cade63f-509e-4438-86de-a6548d6db9bc ] Request (QuotasAdminTestV236:setUpClass): 201 POST http://10.180.1.21/identity/v3/users 0.696s
2024-08-19 23:06:46.609 62484 INFO tempest.lib.common.rest_client [req-b6061020-c63d-49ba-91a8-d746c06ee8f1 req-b6061020-c63d-49ba-91a8-d746c06ee8f1 ] Request (HypervisorAdminUnderV252Test:setUpClass): 204 PUT http://10.180.1.21/identity/v3/projects/1f7f4e8b75d4433db4baeccad90f4190/users/d8833621f4fb4d4295be7fc89430339f/roles/b6169344a49943edb4f8c462094d0648 0.724s
2024-08-19 23:06:46.635 62498 INFO tempest.lib.common.rest_client [req-bc0cd626-f05a-4292-85ae-2ca89f23fa13 req-bc0cd626-f05a-4292-85ae-2ca89f23fa13 ] Request (QuotaClassesAdmin257Test:test_update_default_quotas): 200 PUT http://10.180.1.21/compute/v2.1/os-quota-class-sets/default 0.523s
2024-08-19 23:06:46.663 62502 INFO tempest.lib.common.rest_client [req-9b998711-1b29-4ea6-8e5f-a257e2dd0582 req-9b998711-1b29-4ea6-8e5f-a257e2dd0582 ] Request (KeyPairsV22TestJSON:setUpClass): 201 POST http://10.180.1.21/identity/v3/auth/tokens 0.743s
2024-08-19 23:06:46.667 62507 INFO tempest.lib.common.rest_client [req-df5ae8a1-bfc7-4123-a76c-371d9ef478db req-df5ae8a1-bfc7-4123-a76c-371d9ef478db ] Request (DeleteServersAdminTestJSON:setUpClass): 201 POST http://10.180.1.21/identity/v3/users 0.704s
2024-08-19 23:06:46.673 62511 INFO tempest.lib.common.rest_client [req-f583b414-15a1-4232-a8cc-d3d34461279e req-f583b414-15a1-4232-a8cc-d3d34461279e ] Request (VolumesAssistedSnapshotsTest:setUpClass): 201 POST http://10.180.1.21:9696/networking/v2.0/networks 1.157s
2024-08-19 23:06:46.687 62474 INFO tempest.lib.common.rest_client [req-7bf7f663-7c6a-4467-800d-0b391668a580 req-7bf7f663-7c6a-4467-800d-0b391668a580 ] Request (ServersAdmin275Test:setUpClass): 204 PUT http://10.180.1.21/identity/v3/projects/7d9cbf95b2cb4432bc6042f63347afec/users/1b68a2eddb7a4b879c52ee595022a166/roles/b6169344a49943edb4f8c462094d0648 0.701s
2024-08-19 23:06:46.688 62462 INFO tempest.lib.common.rest_client [req-8156086e-b8d2-4b29-9ff4-98a5ce9cd290 req-8156086e-b8d2-4b29-9ff4-98a5ce9cd290 ] Request (HypervisorAdminTestJSON:setUpClass): 204 PUT http://10.180.1.21/identity/v3/projects/280588d291584705a4de71ad3d57f7e4/users/5a2d3d7cb6074c90b6e297384a054f53/roles/b6169344a49943edb4f8c462094d0648 0.684s
2024-08-19 23:06:46.758 62470 INFO tempest.lib.common.rest_client [req-e3f0c3b7-c05b-4dd3-9695-42c4735b20c1 req-e3f0c3b7-c05b-4dd3-9695-42c4735b20c1 ] Request (FlavorsAccessTestJSON:setUpClass): 200 GET http://10.180.1.21/identity/v3/roles 0.726s
2024-08-19 23:06:46.785 62490 INFO tempest.lib.common.rest_client [req-ca0e7e06-7273-40c0-b3bf-7291d5b5cac3 req-ca0e7e06-7273-40c0-b3bf-7291d5b5cac3 ] Request (AZAdminNegativeTestJSON:test_get_availability_zone_list_detail_with_non_admin_user): 403 GET http://10.180.1.21/compute/v2.1/os-availability-zone/detail 1.290s
2024-08-19 23:06:46.800 62513 INFO tempest.lib.common.rest_client [req-fb1ebbba-8d1b-4737-8ab6-8dfd993d870d req-fb1ebbba-8d1b-4737-8ab6-8dfd993d870d ] Request (NetworksTest:setUpClass): 201 POST http://10.180.1.21/identity/v3/users 0.606s
2024-08-19 23:06:46.803 62500 INFO tempest.lib.common.rest_client [req-ece5900d-7be7-491a-a8a8-5cff62e4c7bf req-ece5900d-7be7-491a-a8a8-5cff62e4c7bf ] Request (QuotaClassesAdminTestJSON:setUpClass): 201 POST http://10.180.1.21/identity/v3/users 0.623s
2024-08-19 23:06:46.815 62522 INFO tempest.lib.common.rest_client [req-ad1dfe87-9988-441f-bc4b-bb7bbf9dd06d req-ad1dfe87-9988-441f-bc4b-bb7bbf9dd06d ] Request (ServerDiagnosticsV248Test:setUpClass): 200 GET http://10.180.1.21/identity/v3/roles 0.567s
2024-08-19 23:06:46.827 62527 INFO tempest.lib.common.rest_client [req-ba9bbca7-03f6-47f4-b531-843ecb6f397a req-ba9bbca7-03f6-47f4-b531-843ecb6f397a ] Request (InstanceUsageAuditLogTestJSON:setUpClass): 200 GET http://10.180.1.21/identity/v3/roles 0.555s
2024-08-19 23:06:46.837 62519 INFO tempest.lib.common.rest_client [req-bea83295-bef6-4052-bb0e-9312c069d6a6 req-bea83295-bef6-4052-bb0e-9312c069d6a6 ] Request (ServersWithSpecificFlavorTestJSON:setUpClass): 201 POST http://10.180.1.21:9696/networking/v2.0/subnets 0.239s
2024-08-19 23:06:46.845 62524 INFO tempest.lib.common.rest_client [req-964777bd-41a4-43f9-8e1f-27a81f863869 req-964777bd-41a4-43f9-8e1f-27a81f863869 ] Request (InstanceUsageAuditLogNegativeTestJSON:setUpClass): 201 POST http://10.180.1.21/identity/v3/users 0.519s
2024-08-19 23:06:46.861 62479 INFO tempest.lib.common.rest_client [req-6e70d689-0a83-44b4-aafd-5bef5a17ffd5 req-6e70d689-0a83-44b4-aafd-5bef5a17ffd5 ] Request (FlavorsV261TestJSON:setUpClass): 200 GET http://10.180.1.21/identity/v3/roles 0.533s
2024-08-19 23:06:46.877 62494 INFO tempest.lib.common.rest_client [req-75c63aac-ed14-4007-8c12-c80198f9ace0 req-75c63aac-ed14-4007-8c12-c80198f9ace0 ] Request (ServerExternalEventsTest:setUpClass): 201 POST http://10.180.1.21/identity/v3/users 0.495s
2024-08-19 23:06:46.887 62486 INFO tempest.lib.common.rest_client [req-653aa8db-764f-427b-a8f3-ae930fbe643c req-653aa8db-764f-427b-a8f3-ae930fbe643c ] Request (HypervisorAdminV253TestBase:setUpClass): 201 POST http://10.180.1.21/identity/v3/auth/tokens 0.625s
2024-08-19 23:06:46.897 62509 INFO tempest.lib.common.rest_client [req-69d977ca-aba9-4816-9bcf-218295b2a0c8 req-69d977ca-aba9-4816-9bcf-218295b2a0c8 ] Request (KeyPairsV210TestJSON:setUpClass): 201 POST http://10.180.1.21/identity/v3/users 0.514s
2024-08-19 23:06:46.943 62477 INFO tempest.lib.common.rest_client [req-ea797055-b139-4876-818f-3e40a758a11d req-ea797055-b139-4876-818f-3e40a758a11d ] Request (ListImageFiltersTestJSON:setUpClass): 201 POST http://10.180.1.21/identity/v3/auth/tokens 0.496s
2024-08-19 23:06:46.955 62472 INFO tempest.lib.common.rest_client [req-9a978210-a827-413f-8a28-cff0d5f1a8e1 req-9a978210-a827-413f-8a28-cff0d5f1a8e1 ] Request (FloatingIPsAssociationTestJSON:setUpClass): 201 POST http://10.180.1.21/identity/v3/auth/tokens 0.500s
2024-08-19 23:06:46.956 62468 INFO tempest.lib.common.rest_client [req-17e07e4a-6597-4764-b986-a2ad27ec3985 req-17e07e4a-6597-4764-b986-a2ad27ec3985 ] Request (AZAdminV2TestJSON:setUpClass): 200 GET http://10.180.1.21/identity/v3/roles 0.483s
2024-08-19 23:06:46.961 62466 INFO tempest.lib.common.rest_client [req-556d3253-4afb-40f2-99c8-3e66d31dff6d req-556d3253-4afb-40f2-99c8-3e66d31dff6d ] Request (SecurityGroupsTestAdminJSON:test_list_security_groups_list_all_tenants_filter): 200 POST http://10.180.1.21/compute/v2.1/os-security-groups 0.441s
2024-08-19 23:06:46.974 62498 INFO tempest.lib.common.rest_client [req-6738cab9-a2bd-48a8-ae91-61371d5e1c22 req-6738cab9-a2bd-48a8-ae91-61371d5e1c22 ] Request (QuotaClassesAdmin257Test:test_update_default_quotas): 200 GET http://10.180.1.21/compute/v2.1/os-quota-class-sets/default 0.338s
2024-08-19 23:06:46.991 62480 INFO tempest.lib.common.rest_client [req-e2a072f6-324c-44e4-8770-ea373d80016f req-e2a072f6-324c-44e4-8770-ea373d80016f ] Request (HostsAdminTestJSON:setUpClass): 204 PUT http://10.180.1.21/identity/v3/projects/36b419c45c8e4b5ba8b80a0c6b1f11bd/users/5cec3b0c97e8478e9255a2c7a40bae74/roles/b6169344a49943edb4f8c462094d0648 0.501s
2024-08-19 23:06:46.991 62480 INFO tempest.lib.common.dynamic_creds [-] Dynamic test user 5cec3b0c97e8478e9255a2c7a40bae74 is created with scope project and roles: ['admin']
2024-08-19 23:06:46.991 62480 INFO tempest.lib.common.dynamic_creds [-] Acquired dynamic creds: credentials: Credentials: {'domain_id': 'default', 'domain_name': 'Default', 'username': 'tempest-HostsAdminTestJSON-2004967186-project-admin', 'project_domain_id': 'default', 'project_domain_name': 'Default', 'project_id': '36b419c45c8e4b5ba8b80a0c6b1f11bd', 'project_name': 'tempest-HostsAdminTestJSON-2004967186', 'tenant_id': '36b419c45c8e4b5ba8b80a0c6b1f11bd', 'tenant_name': 'tempest-HostsAdminTestJSON-2004967186', 'user_domain_id': 'default', 'user_domain_name': 'Default', 'user_id': '5cec3b0c97e8478e9255a2c7a40bae74', 'system': None}, Network: None, Subnet: None, Router: None
2024-08-19 23:06:46.991 62480 INFO tempest.lib.common.dynamic_creds [-] Created isolated network resources for: credentials: Credentials: {'domain_id': 'default', 'domain_name': 'Default', 'username': 'tempest-HostsAdminTestJSON-2004967186-project-admin', 'project_domain_id': 'default', 'project_domain_name': 'Default', 'project_id': '36b419c45c8e4b5ba8b80a0c6b1f11bd', 'project_name': 'tempest-HostsAdminTestJSON-2004967186', 'tenant_id': '36b419c45c8e4b5ba8b80a0c6b1f11bd', 'tenant_name': 'tempest-HostsAdminTestJSON-2004967186', 'user_domain_id': 'default', 'user_domain_name': 'Default', 'user_id': '5cec3b0c97e8478e9255a2c7a40bae74', 'system': None}, Network: None, Subnet: None, Router: None
2024-08-19 23:06:47.021 62496 INFO tempest.lib.common.rest_client [req-f1eb5933-7401-44cc-a941-346ddad9f477 req-f1eb5933-7401-44cc-a941-346ddad9f477 ] Request (ServerDiagnosticsTest:setUpClass): 201 POST http://10.180.1.21/identity/v3/auth/tokens 0.530s
2024-08-19 23:06:47.038 62492 INFO tempest.lib.common.rest_client [req-d68bcaf6-ad2e-446a-815f-da6be9c1db8f req-d68bcaf6-ad2e-446a-815f-da6be9c1db8f ] Request (AggregatesAdminNegativeTestJSON:setUpClass): 200 GET http://10.180.1.21/identity/v3/roles 0.480s
2024-08-19 23:06:47.062 62464 INFO tempest.lib.common.rest_client [req-984329f9-e1ee-4ffd-8a92-d87b53f4af92 req-984329f9-e1ee-4ffd-8a92-d87b53f4af92 ] Request (FlavorsExtraSpecsNegativeTestJSON:setUpClass): 204 PUT http://10.180.1.21/identity/v3/projects/2982b0c194504c06996ececf2d461435/users/db98b4c5c9f545ceb274b142dfd1c5ca/roles/b6169344a49943edb4f8c462094d0648 0.482s
2024-08-19 23:06:47.067 62504 INFO tempest.lib.common.rest_client [req-e98af9d1-f04f-4efa-8326-fc891b094002 req-e98af9d1-f04f-4efa-8326-fc891b094002 ] Request (FlavorsAccessNegativeTestJSON:setUpClass): 200 GET http://10.180.1.21/identity/v3/roles 0.491s
2024-08-19 23:06:47.108 62517 INFO tempest.lib.common.rest_client [req-71758686-6583-48a8-b587-e3b1b633b83e req-71758686-6583-48a8-b587-e3b1b633b83e ] Request (QuotasAdminTestV236:setUpClass): 200 GET http://10.180.1.21/identity/v3/roles 0.505s
2024-08-19 23:06:47.113 62484 INFO tempest.lib.common.rest_client [req-186f4edd-044b-48dc-8e3b-d8afa4ec59fe req-186f4edd-044b-48dc-8e3b-d8afa4ec59fe ] Request (HypervisorAdminUnderV252Test:setUpClass): 200 GET http://10.180.1.21/identity/v3/roles 0.503s
2024-08-19 23:06:47.125 62507 INFO tempest.lib.common.rest_client [req-e9e068a3-34ce-4bd0-905b-91ed39dd9451 req-e9e068a3-34ce-4bd0-905b-91ed39dd9451 ] Request (DeleteServersAdminTestJSON:setUpClass): 200 GET http://10.180.1.21/identity/v3/roles 0.458s
2024-08-19 23:06:47.139 62474 INFO tempest.lib.common.rest_client [req-ffa6babd-63d7-48d9-8dd2-52bda355087e req-ffa6babd-63d7-48d9-8dd2-52bda355087e ] Request (ServersAdmin275Test:setUpClass): 200 GET http://10.180.1.21/identity/v3/roles 0.452s
2024-08-19 23:06:47.155 62462 INFO tempest.lib.common.rest_client [req-014db23b-67af-47d2-99b9-138ee90324ff req-014db23b-67af-47d2-99b9-138ee90324ff ] Request (HypervisorAdminTestJSON:setUpClass): 200 GET http://10.180.1.21/identity/v3/roles 0.466s
2024-08-19 23:06:47.184 62511 INFO tempest.lib.common.rest_client [req-f22fa1fa-c102-4c66-a1d4-09de560309a3 req-f22fa1fa-c102-4c66-a1d4-09de560309a3 ] Request (VolumesAssistedSnapshotsTest:setUpClass): 201 POST http://10.180.1.21:9696/networking/v2.0/subnets 0.510s
2024-08-19 23:06:47.199 62470 INFO tempest.lib.common.rest_client [req-09fd3248-f995-499f-85bc-0855e44f5c78 req-09fd3248-f995-499f-85bc-0855e44f5c78 ] Request (FlavorsAccessTestJSON:setUpClass): 204 PUT http://10.180.1.21/identity/v3/projects/d277ca115e624b8eb787e407f166badb/users/13d849c235ec4aefa2192730cbb1edb5/roles/b6169344a49943edb4f8c462094d0648 0.441s
2024-08-19 23:06:47.217 62489 INFO tempest.lib.common.rest_client [req-bdabe4c0-cfb0-41a9-96c6-01ed91d2fb01 req-bdabe4c0-cfb0-41a9-96c6-01ed91d2fb01 ] Request (FlavorsV255TestJSON:test_crud_flavor): 200 POST http://10.180.1.21/compute/v2.1/flavors 1.096s
2024-08-19 23:06:47.250 62490 INFO tempest.lib.common.rest_client [req-23531932-a773-4b8d-b20e-8b325b2d769f req-23531932-a773-4b8d-b20e-8b325b2d769f ] Request (AZAdminNegativeTestJSON:tearDownClass): 204 DELETE http://10.180.1.21/identity/v3/users/57a3f63824e940bb83859e433bcb7454 0.460s
2024-08-19 23:06:47.276 62513 INFO tempest.lib.common.rest_client [req-21c27d69-3fa0-41c2-9a02-71253586b749 req-21c27d69-3fa0-41c2-9a02-71253586b749 ] Request (NetworksTest:setUpClass): 200 GET http://10.180.1.21/identity/v3/roles 0.475s
2024-08-19 23:06:47.302 62500 INFO tempest.lib.common.rest_client [req-7b03ba1f-ff13-4446-b40c-ba6d16bd5813 req-7b03ba1f-ff13-4446-b40c-ba6d16bd5813 ] Request (QuotaClassesAdminTestJSON:setUpClass): 200 GET http://10.180.1.21/identity/v3/roles 0.499s
2024-08-19 23:06:47.304 62522 INFO tempest.lib.common.rest_client [req-946d57a3-366b-44a4-9b58-df8ae3c0ae2f req-946d57a3-366b-44a4-9b58-df8ae3c0ae2f ] Request (ServerDiagnosticsV248Test:setUpClass): 204 PUT http://10.180.1.21/identity/v3/projects/df813449ad4d409597c6a9623c4b76c4/users/221a49f1b8484d2495598a4bddce400f/roles/b6169344a49943edb4f8c462094d0648 0.489s
2024-08-19 23:06:47.350 62524 INFO tempest.lib.common.rest_client [req-f604f15d-af76-4a52-abaf-92d8d85df24d req-f604f15d-af76-4a52-abaf-92d8d85df24d ] Request (InstanceUsageAuditLogNegativeTestJSON:setUpClass): 200 GET http://10.180.1.21/identity/v3/roles 0.504s
2024-08-19 23:06:47.367 62479 INFO tempest.lib.common.rest_client [req-afca54c7-4050-4c67-a802-7cfef5e378b4 req-afca54c7-4050-4c67-a802-7cfef5e378b4 ] Request (FlavorsV261TestJSON:setUpClass): 204 PUT http://10.180.1.21/identity/v3/projects/bea85512fcdc45c5bc22958c493b97cf/users/40eb7e08c8354826877db54cfef3def2/roles/b6169344a49943edb4f8c462094d0648 0.506s
2024-08-19 23:06:47.367 62479 INFO tempest.lib.common.dynamic_creds [-] Dynamic test user 40eb7e08c8354826877db54cfef3def2 is created with scope project and roles: ['admin']
2024-08-19 23:06:47.367 62479 INFO tempest.lib.common.dynamic_creds [-] Acquired dynamic creds: credentials: Credentials: {'domain_id': 'default', 'domain_name': 'Default', 'username': 'tempest-FlavorsV261TestJSON-388835817-project-admin', 'project_domain_id': 'default', 'project_domain_name': 'Default', 'project_id': 'bea85512fcdc45c5bc22958c493b97cf', 'project_name': 'tempest-FlavorsV261TestJSON-388835817', 'tenant_id': 'bea85512fcdc45c5bc22958c493b97cf', 'tenant_name': 'tempest-FlavorsV261TestJSON-388835817', 'user_domain_id': 'default', 'user_domain_name': 'Default', 'user_id': '40eb7e08c8354826877db54cfef3def2', 'system': None}, Network: None, Subnet: None, Router: None
2024-08-19 23:06:47.367 62479 INFO tempest.lib.common.dynamic_creds [-] Created isolated network resources for: credentials: Credentials: {'domain_id': 'default', 'domain_name': 'Default', 'username': 'tempest-FlavorsV261TestJSON-388835817-project-admin', 'project_domain_id': 'default', 'project_domain_name': 'Default', 'project_id': 'bea85512fcdc45c5bc22958c493b97cf', 'project_name': 'tempest-FlavorsV261TestJSON-388835817', 'tenant_id': 'bea85512fcdc45c5bc22958c493b97cf', 'tenant_name': 'tempest-FlavorsV261TestJSON-388835817', 'user_domain_id': 'default', 'user_domain_name': 'Default', 'user_id': '40eb7e08c8354826877db54cfef3def2', 'system': None}, Network: None, Subnet: None, Router: None
2024-08-19 23:06:47.369 62527 INFO tempest.lib.common.rest_client [req-925d1303-dda6-477f-a903-56433c329e2d req-925d1303-dda6-477f-a903-56433c329e2d ] Request (InstanceUsageAuditLogTestJSON:setUpClass): 204 PUT http://10.180.1.21/identity/v3/projects/4420db656610407f894735644ae8adaf/users/f70ca9ed56574748951bbf1b46051baf/roles/b6169344a49943edb4f8c462094d0648 0.541s
2024-08-19 23:06:47.412 62494 INFO tempest.lib.common.rest_client [req-19ced6a2-165d-4a00-b45d-27355f2aa636 req-19ced6a2-165d-4a00-b45d-27355f2aa636 ] Request (ServerExternalEventsTest:setUpClass): 200 GET http://10.180.1.21/identity/v3/roles 0.534s
2024-08-19 23:06:47.419 62509 INFO tempest.lib.common.rest_client [req-313a260c-751e-4f06-b852-56ee7baea609 req-313a260c-751e-4f06-b852-56ee7baea609 ] Request (KeyPairsV210TestJSON:setUpClass): 200 GET http://10.180.1.21/identity/v3/roles 0.522s
2024-08-19 23:06:47.438 62519 INFO tempest.lib.common.rest_client [req-b06a5524-e2dc-43c2-9961-b3761c770eb0 req-b06a5524-e2dc-43c2-9961-b3761c770eb0 ] Request (ServersWithSpecificFlavorTestJSON:setUpClass): 201 POST http://10.180.1.21:9696/networking/v2.0/routers 0.600s
2024-08-19 23:06:47.457 62468 INFO tempest.lib.common.rest_client [req-e4291212-6448-463b-9c56-4f27f6abb105 req-e4291212-6448-463b-9c56-4f27f6abb105 ] Request (AZAdminV2TestJSON:setUpClass): 204 PUT http://10.180.1.21/identity/v3/projects/a49ce8d930b04aa0877c54a56f2fadc2/users/4fe31bcb49f042d388d0a3d5c91f108f/roles/b6169344a49943edb4f8c462094d0648 0.500s
2024-08-19 23:06:47.525 62472 INFO tempest.lib.common.rest_client [req-3956bb5e-f6fa-4ca6-8cc7-1cd206970a23 req-3956bb5e-f6fa-4ca6-8cc7-1cd206970a23 ] Request (FloatingIPsAssociationTestJSON:setUpClass): 201 POST http://10.180.1.21/identity/v3/auth/tokens 0.567s
2024-08-19 23:06:47.526 62472 INFO tempest.lib.common.fixed_network [-] (FloatingIPsAssociationTestJSON:setUpClass) Found network {'id': '62fd4d79-0297-4a9f-836c-88b6c1ba9fff', 'name': 'tempest-FloatingIPsAssociationTestJSON-1330748981-network', 'tenant_id': '536159c70ea64ac1851cc2990162c4a1', 'admin_state_up': True, 'mtu': 8950, 'status': 'ACTIVE', 'subnets': [], 'shared': False, 'project_id': '536159c70ea64ac1851cc2990162c4a1', 'port_security_enabled': True, 'router:external': False, 'provider:network_type': 'vlan', 'provider:physical_network': 'default', 'provider:segmentation_id': 79, 'is_default': False, 'availability_zone_hints': [], 'availability_zones': [], 'ipv4_address_scope': None, 'ipv6_address_scope': None, 'description': '', 'tags': [], 'created_at': '2024-08-19T23:06:43Z', 'updated_at': '2024-08-19T23:06:43Z', 'revision_number': 1} available for tenant
2024-08-19 23:06:47.600 62480 INFO tempest.lib.common.rest_client [req-e20bfa5c-3e2c-4962-8960-ad0dfcc1963a req-e20bfa5c-3e2c-4962-8960-ad0dfcc1963a ] Request (HostsAdminTestJSON:setUpClass): 201 POST http://10.180.1.21/identity/v3/auth/tokens 0.606s
2024-08-19 23:06:47.658 62464 INFO tempest.lib.common.rest_client [req-88c07de4-307c-4420-bc85-8628d306406a req-88c07de4-307c-4420-bc85-8628d306406a ] Request (FlavorsExtraSpecsNegativeTestJSON:setUpClass): 200 GET http://10.180.1.21/identity/v3/roles 0.595s
2024-08-19 23:06:47.680 62502 INFO tempest.lib.common.rest_client [req-f21b0635-1161-4753-999f-ab29b27ba65c req-f21b0635-1161-4753-999f-ab29b27ba65c ] Request (KeyPairsV22TestJSON:test_get_keypair_detail): 201 POST http://10.180.1.21/compute/v2.1/os-keypairs 1.015s
2024-08-19 23:06:47.696 62504 INFO tempest.lib.common.rest_client [req-1d14150f-f680-4420-b743-5165da3b5c8a req-1d14150f-f680-4420-b743-5165da3b5c8a ] Request (FlavorsAccessNegativeTestJSON:setUpClass): 204 PUT http://10.180.1.21/identity/v3/projects/f50a77e35f1249d8a033459a46908d35/users/53d496d2c7c94955b45e6cae658b1b46/roles/b6169344a49943edb4f8c462094d0648 0.629s
2024-08-19 23:06:47.700 62492 INFO tempest.lib.common.rest_client [req-89cea58e-d079-42ed-8829-5e1b21a95189 req-89cea58e-d079-42ed-8829-5e1b21a95189 ] Request (AggregatesAdminNegativeTestJSON:setUpClass): 204 PUT http://10.180.1.21/identity/v3/projects/4e785a8a30524b678a0e4895754641f7/users/e9072113d2f04fbdb6fc73846ae3b59e/roles/b6169344a49943edb4f8c462094d0648 0.661s
2024-08-19 23:06:47.752 62496 INFO tempest.lib.common.rest_client [req-d11806d3-78cc-4b33-9dd1-7cc990f59f3d req-d11806d3-78cc-4b33-9dd1-7cc990f59f3d ] Request (ServerDiagnosticsTest:test_get_server_diagnostics): 201 POST http://10.180.1.21/identity/v3/auth/tokens 0.727s
2024-08-19 23:06:47.753 62496 INFO tempest.lib.common.fixed_network [-] (ServerDiagnosticsTest:test_get_server_diagnostics) Found network None available for tenant
2024-08-19 23:06:47.773 62484 INFO tempest.lib.common.rest_client [req-eaf0b856-e984-4d68-93e6-391efe6982b4 req-eaf0b856-e984-4d68-93e6-391efe6982b4 ] Request (HypervisorAdminUnderV252Test:setUpClass): 204 PUT http://10.180.1.21/identity/v3/projects/1f7f4e8b75d4433db4baeccad90f4190/users/d8833621f4fb4d4295be7fc89430339f/roles/b6169344a49943edb4f8c462094d0648 0.660s
2024-08-19 23:06:47.774 62484 INFO tempest.lib.common.dynamic_creds [-] Dynamic test user d8833621f4fb4d4295be7fc89430339f is created with scope project and roles: ['admin']
2024-08-19 23:06:47.774 62484 INFO tempest.lib.common.dynamic_creds [-] Acquired dynamic creds: credentials: Credentials: {'domain_id': 'default', 'domain_name': 'Default', 'username': 'tempest-HypervisorAdminUnderV252Test-41416783-project-admin', 'project_domain_id': 'default', 'project_domain_name': 'Default', 'project_id': '1f7f4e8b75d4433db4baeccad90f4190', 'project_name': 'tempest-HypervisorAdminUnderV252Test-41416783', 'tenant_id': '1f7f4e8b75d4433db4baeccad90f4190', 'tenant_name': 'tempest-HypervisorAdminUnderV252Test-41416783', 'user_domain_id': 'default', 'user_domain_name': 'Default', 'user_id': 'd8833621f4fb4d4295be7fc89430339f', 'system': None}, Network: None, Subnet: None, Router: None
2024-08-19 23:06:47.774 62484 INFO tempest.lib.common.dynamic_creds [-] Created isolated network resources for: credentials: Credentials: {'domain_id': 'default', 'domain_name': 'Default', 'username': 'tempest-HypervisorAdminUnderV252Test-41416783-project-admin', 'project_domain_id': 'default', 'project_domain_name': 'Default', 'project_id': '1f7f4e8b75d4433db4baeccad90f4190', 'project_name': 'tempest-HypervisorAdminUnderV252Test-41416783', 'tenant_id': '1f7f4e8b75d4433db4baeccad90f4190', 'tenant_name': 'tempest-HypervisorAdminUnderV252Test-41416783', 'user_domain_id': 'default', 'user_domain_name': 'Default', 'user_id': 'd8833621f4fb4d4295be7fc89430339f', 'system': None}, Network: None, Subnet: None, Router: None
2024-08-19 23:06:47.776 62517 INFO tempest.lib.common.rest_client [req-6c57b447-e6a1-469a-b03b-83efc1966f38 req-6c57b447-e6a1-469a-b03b-83efc1966f38 ] Request (QuotasAdminTestV236:setUpClass): 204 PUT http://10.180.1.21/identity/v3/projects/ed2083f0243e4ef88663955b657f3ea1/users/12140e5e6cf54515a12e593391acb6ce/roles/b6169344a49943edb4f8c462094d0648 0.668s
2024-08-19 23:06:47.834 62474 INFO tempest.lib.common.rest_client [req-b4692908-e90f-47a3-8c01-0c14b85740cc req-b4692908-e90f-47a3-8c01-0c14b85740cc ] Request (ServersAdmin275Test:setUpClass): 204 PUT http://10.180.1.21/identity/v3/projects/7d9cbf95b2cb4432bc6042f63347afec/users/1b68a2eddb7a4b879c52ee595022a166/roles/b6169344a49943edb4f8c462094d0648 0.694s
2024-08-19 23:06:47.834 62507 INFO tempest.lib.common.rest_client [req-af53ec76-f35c-4039-849e-22db19eb4165 req-af53ec76-f35c-4039-849e-22db19eb4165 ] Request (DeleteServersAdminTestJSON:setUpClass): 204 PUT http://10.180.1.21/identity/v3/projects/924e0b51ab7647198f0d016aeaa0470e/users/b4e846b4b9c2483ba3bbd2cf490785ea/roles/b6169344a49943edb4f8c462094d0648 0.709s
2024-08-19 23:06:47.835 62474 INFO tempest.lib.common.dynamic_creds [-] Dynamic test user 1b68a2eddb7a4b879c52ee595022a166 is created with scope project and roles: ['admin']
2024-08-19 23:06:47.835 62474 INFO tempest.lib.common.dynamic_creds [-] Acquired dynamic creds: credentials: Credentials: {'domain_id': 'default', 'domain_name': 'Default', 'username': 'tempest-ServersAdmin275Test-1064175422-project-admin', 'project_domain_id': 'default', 'project_domain_name': 'Default', 'project_id': '7d9cbf95b2cb4432bc6042f63347afec', 'project_name': 'tempest-ServersAdmin275Test-1064175422', 'tenant_id': '7d9cbf95b2cb4432bc6042f63347afec', 'tenant_name': 'tempest-ServersAdmin275Test-1064175422', 'user_domain_id': 'default', 'user_domain_name': 'Default', 'user_id': '1b68a2eddb7a4b879c52ee595022a166', 'system': None}, Network: None, Subnet: None, Router: None
2024-08-19 23:06:47.835 62474 INFO tempest.lib.common.dynamic_creds [-] Created isolated network resources for: credentials: Credentials: {'domain_id': 'default', 'domain_name': 'Default', 'username': 'tempest-ServersAdmin275Test-1064175422-project-admin', 'project_domain_id': 'default', 'project_domain_name': 'Default', 'project_id': '7d9cbf95b2cb4432bc6042f63347afec', 'project_name': 'tempest-ServersAdmin275Test-1064175422', 'tenant_id': '7d9cbf95b2cb4432bc6042f63347afec', 'tenant_name': 'tempest-ServersAdmin275Test-1064175422', 'user_domain_id': 'default', 'user_domain_name': 'Default', 'user_id': '1b68a2eddb7a4b879c52ee595022a166', 'system': None}, Network: None, Subnet: None, Router: None
2024-08-19 23:06:47.883 62462 INFO tempest.lib.common.rest_client [req-d8d825de-196d-4670-91b8-402d62aced7e req-d8d825de-196d-4670-91b8-402d62aced7e ] Request (HypervisorAdminTestJSON:setUpClass): 204 PUT http://10.180.1.21/identity/v3/projects/280588d291584705a4de71ad3d57f7e4/users/5a2d3d7cb6074c90b6e297384a054f53/roles/b6169344a49943edb4f8c462094d0648 0.728s
2024-08-19 23:06:47.883 62462 INFO tempest.lib.common.dynamic_creds [-] Dynamic test user 5a2d3d7cb6074c90b6e297384a054f53 is created with scope project and roles: ['admin']
2024-08-19 23:06:47.884 62462 INFO tempest.lib.common.dynamic_creds [-] Acquired dynamic creds: credentials: Credentials: {'domain_id': 'default', 'domain_name': 'Default', 'username': 'tempest-HypervisorAdminTestJSON-465605778-project-admin', 'project_domain_id': 'default', 'project_domain_name': 'Default', 'project_id': '280588d291584705a4de71ad3d57f7e4', 'project_name': 'tempest-HypervisorAdminTestJSON-465605778', 'tenant_id': '280588d291584705a4de71ad3d57f7e4', 'tenant_name': 'tempest-HypervisorAdminTestJSON-465605778', 'user_domain_id': 'default', 'user_domain_name': 'Default', 'user_id': '5a2d3d7cb6074c90b6e297384a054f53', 'system': None}, Network: None, Subnet: None, Router: None
2024-08-19 23:06:47.884 62462 INFO tempest.lib.common.dynamic_creds [-] Created isolated network resources for: credentials: Credentials: {'domain_id': 'default', 'domain_name': 'Default', 'username': 'tempest-HypervisorAdminTestJSON-465605778-project-admin', 'project_domain_id': 'default', 'project_domain_name': 'Default', 'project_id': '280588d291584705a4de71ad3d57f7e4', 'project_name': 'tempest-HypervisorAdminTestJSON-465605778', 'tenant_id': '280588d291584705a4de71ad3d57f7e4', 'tenant_name': 'tempest-HypervisorAdminTestJSON-465605778', 'user_domain_id': 'default', 'user_domain_name': 'Default', 'user_id': '5a2d3d7cb6074c90b6e297384a054f53', 'system': None}, Network: None, Subnet: None, Router: None
2024-08-19 23:06:47.886 62470 INFO tempest.lib.common.rest_client [req-ef53ad80-0b09-471c-a9ce-930e0373c12f req-ef53ad80-0b09-471c-a9ce-930e0373c12f ] Request (FlavorsAccessTestJSON:setUpClass): 200 GET http://10.180.1.21/identity/v3/roles 0.686s
2024-08-19 23:06:47.988 62490 INFO tempest.lib.common.rest_client [req-ebc7fe22-2d89-4a74-b4b0-74eb2a678429 req-ebc7fe22-2d89-4a74-b4b0-74eb2a678429 ] Request (AZAdminNegativeTestJSON:tearDownClass): 204 DELETE http://10.180.1.21/identity/v3/users/7c485baeecf84567b9b4525891540008 0.737s
2024-08-19 23:06:47.988 62490 INFO tempest.lib.common.dynamic_creds [-] Deleting project and security group for project: a9acf49443764683a8832e89c1d57e17
2024-08-19 23:06:48.043 62486 INFO tempest.lib.common.rest_client [req-b3d3804b-92c1-4c49-8edf-ff0d8284dad8 req-b3d3804b-92c1-4c49-8edf-ff0d8284dad8 ] Request (HypervisorAdminV253TestBase:test_list_show_detail_hypervisors): 200 GET http://10.180.1.21/compute/v2.1/os-hypervisors/detail?with_servers=True 1.154s
2024-08-19 23:06:48.055 62500 INFO tempest.lib.common.rest_client [req-b53db289-f9c6-4b00-a260-6fe4f8652ab2 req-b53db289-f9c6-4b00-a260-6fe4f8652ab2 ] Request (QuotaClassesAdminTestJSON:setUpClass): 204 PUT http://10.180.1.21/identity/v3/projects/aebb71c9b44743a192304216b4450d2e/users/23a7325abcb0431095b356c5520c10d5/roles/b6169344a49943edb4f8c462094d0648 0.752s
2024-08-19 23:06:48.055 62482 INFO tempest.lib.common.rest_client [req-274ca234-0c2f-4029-ad8a-f821b93d03e4 req-274ca234-0c2f-4029-ad8a-f821b93d03e4 ] Request (ServerPasswordTestJSON:setUpClass): 200 PUT http://10.180.1.21:9696/networking/v2.0/routers/6b5bc7bc-a355-4ae9-a869-39f77ea67879/add_router_interface 1.472s
