2024-08-19 23:07:18.600 62492 INFO tempest.lib.common.rest_client [req-e3bb3748-d359-4fd8-900e-abe407ea8aef req-e3bb3748-d359-4fd8-900e-abe407ea8aef ] Request (AggregatesAdminNegativeTestJSON:test_aggregate_delete_as_user): 403 DELETE http://10.180.1.21/compute/v2.1/os-aggregates/5 1.426s
2024-08-19 23:07:18.698 62502 INFO tempest.lib.common.rest_client [req-197326d2-f813-4bba-921b-d3d5329e2e8e req-197326d2-f813-4bba-921b-d3d5329e2e8e ] Request (KeyPairsV22TestJSON:tearDownClass): 204 DELETE http://10.180.1.21/identity/v3/users/bf967cd3292f4ee7a0e9e5513090b9b5 0.113s
2024-08-19 23:07:18.698 62502 INFO tempest.lib.common.dynamic_creds [-] Deleting project and security group for project: f580ae1c1d944a1f82e3fa758abfd467
2024-08-19 23:07:18.722 62464 INFO tempest.lib.common.rest_client [req-01b8a993-e441-455a-bdb9-0ee4c1c750e1 req-01b8a993-e441-455a-bdb9-0ee4c1c750e1 ] Request (QuotasAdminNegativeTest:test_create_server_when_instances_quota_is_full): 200 GET http://10.180.1.21/compute/v2.1/os-quota-sets/1fdcb5d204534bc2b901196ec5e2ce9b 1.429s
2024-08-19 23:07:18.785 62502 INFO tempest.lib.common.rest_client [req-19eb17dd-a319-476a-9724-f96544e5a282 req-19eb17dd-a319-476a-9724-f96544e5a282 ] Request (KeyPairsV22TestJSON:tearDownClass): 201 POST http://10.180.1.21/identity/v3/auth/tokens 0.086s
2024-08-19 23:07:18.816 62496 INFO tempest.lib.common.rest_client [req-02d39e57-3418-4b19-a37f-c6cd1975ab8a req-02d39e57-3418-4b19-a37f-c6cd1975ab8a ] Request (ServerDiagnosticsTest:test_get_server_diagnostics): 200 GET http://10.180.1.21/compute/v2.1/servers/0fb7b132-2c4f-43cd-a5b2-e542e3e748e3 1.503s
2024-08-19 23:07:18.823 62496 INFO tempest.common.waiters [-] State transition "BUILD/spawning" ==> "ERROR/None" after 25 second wait
2024-08-19 23:07:18.835 62504 INFO tempest.lib.common.rest_client [req-3d72b3d4-bb9f-463d-a9f3-81793e05f630 req-3d72b3d4-bb9f-463d-a9f3-81793e05f630 ] Request (FlavorsAccessNegativeTestJSON:_run_cleanups): 200 GET http://10.180.1.21/compute/v2.1/flavors/detail 1.446s
2024-08-19 23:07:18.883 62517 INFO tempest.lib.common.rest_client [req-db5d3665-e2f4-4aba-b1d9-33c9c7f9453a req-db5d3665-e2f4-4aba-b1d9-33c9c7f9453a ] Request (FloatingIPsNegativeTestJSON:test_delete_nonexistent_floating_ip): 404 DELETE http://10.180.1.21/compute/v2.1/os-floating-ips/ed409808-1117-43ef-abec-f4a2258e0125 1.457s
2024-08-19 23:07:18.957 62474 INFO tempest.lib.common.rest_client [req-10a4a902-3cc0-4ddc-91e0-ec138a868619 req-10a4a902-3cc0-4ddc-91e0-ec138a868619 ] Request (ServersAdmin275Test:test_rebuild_update_server_275): 200 GET http://10.180.1.21/compute/v2.1/servers/47b420a2-5eeb-4f14-9137-fb591a9dcbe6 1.492s
2024-08-19 23:07:19.089 62470 INFO tempest.lib.common.rest_client [req-72c9c32f-6c2e-4385-903e-da6c98efade7 req-72c9c32f-6c2e-4385-903e-da6c98efade7 ] Request (ServersTestBootFromVolume:setUpClass): 201 POST http://10.180.1.21:9696/networking/v2.0/routers 1.729s
2024-08-19 23:07:19.119 62519 INFO tempest.lib.common.rest_client [req-4b62b4c1-62b3-49a8-9e7d-8af8880a02b9 req-4b62b4c1-62b3-49a8-9e7d-8af8880a02b9 ] Request (ServersWithSpecificFlavorTestJSON:test_verify_created_server_ephemeral_disk): 200 GET http://10.180.1.21/compute/v2.1/servers/7a0241f3-41cc-494a-9a16-bf95b8abfab9 1.594s
2024-08-19 23:07:19.125 62519 INFO tempest.common.waiters [-] State transition "BUILD/scheduling" ==> "BUILD/None" after 9 second wait
2024-08-19 23:07:19.259 62484 INFO tempest.lib.common.rest_client [req-9634222d-e1a3-42ec-ad79-2f64faf7ba09 req-9634222d-e1a3-42ec-ad79-2f64faf7ba09 ] Request (ServerShowV247Test:test_update_rebuild_list_server): 202 POST http://10.180.1.21/compute/v2.1/servers 1.434s
2024-08-19 23:07:19.323 62472 INFO tempest.lib.common.rest_client [req-b80a31a6-41af-434e-aa5e-eee43812c04a req-b80a31a6-41af-434e-aa5e-eee43812c04a ] Request (FloatingIPsAssociationTestJSON:setUpClass): 200 GET http://10.180.1.21/compute/v2.1/servers/7384f309-7b32-40fc-881e-b967c7b8fec6 1.440s
2024-08-19 23:07:19.327 62502 INFO tempest.lib.common.rest_client [req-8ca6bb0c-0a34-4921-93d7-75eac7de99fb req-8ca6bb0c-0a34-4921-93d7-75eac7de99fb ] Request (KeyPairsV22TestJSON:tearDownClass): 200 GET http://10.180.1.21:9696/networking/v2.0/security-groups?tenant_id=f580ae1c1d944a1f82e3fa758abfd467&name=default 0.542s
2024-08-19 23:07:19.382 62468 INFO tempest.lib.common.rest_client [req-7e324abd-949b-421d-a6bd-aa3720dd8c1e req-7e324abd-949b-421d-a6bd-aa3720dd8c1e ] Request (ServersTestJSON:setUpClass): 202 POST http://10.180.1.21/compute/v2.1/servers 2.357s
2024-08-19 23:07:19.407 62511 INFO tempest.lib.common.rest_client [req-27e1820e-299f-41cf-9cb0-1c62f961135d req-27e1820e-299f-41cf-9cb0-1c62f961135d ] Request (VolumesAssistedSnapshotsTest:test_volume_assisted_snapshot_create_delete): 200 GET http://10.180.1.21/compute/v2.1/servers/7d0094fa-4b0d-48c1-9ff7-e8b7478fd6e2 1.441s
2024-08-19 23:07:19.413 62511 INFO tempest.common.waiters [-] State transition "BUILD/scheduling" ==> "BUILD/None" after 9 second wait
2024-08-19 23:07:19.449 62482 INFO tempest.lib.common.rest_client [req-75f6baec-3e98-4782-bad8-4b754c98e3ee req-75f6baec-3e98-4782-bad8-4b754c98e3ee ] Request (ServerPasswordTestJSON:setUpClass): 200 GET http://10.180.1.21/compute/v2.1/servers/e34b059b-8edf-4a81-9485-358cefd2bde6 1.392s
2024-08-19 23:07:19.478 62494 INFO tempest.lib.common.rest_client [req-acb41227-86cb-4672-bee6-dd92f17165c9 req-acb41227-86cb-4672-bee6-dd92f17165c9 ] Request (ServerExternalEventsTest:test_create_server_external_events): 200 GET http://10.180.1.21/compute/v2.1/servers/52bd7ff6-1149-4a56-95c2-806572b526f4 1.366s
2024-08-19 23:07:19.499 62490 INFO tempest.lib.common.rest_client [req-a502c243-ee02-4668-ada5-ce67fc265283 req-a502c243-ee02-4668-ada5-ce67fc265283 ] Request (FlavorsAdminTestJSON:_run_cleanups): 202 DELETE http://10.180.1.21/compute/v2.1/flavors/2140665885 1.321s
2024-08-19 23:07:19.541 62513 INFO tempest.lib.common.rest_client [req-e57b68b5-dbaf-4c7c-a2b1-de83d43be8e6 req-e57b68b5-dbaf-4c7c-a2b1-de83d43be8e6 ] Request (ImagesOneServerTestJSON:setUpClass): 200 GET http://10.180.1.21/compute/v2.1/servers/0840bc67-7390-4977-8004-f7a09358990d 1.414s
2024-08-19 23:07:19.545 62502 INFO tempest.lib.common.rest_client [req-3faf6c85-9b72-44c7-b7da-97ea42ac1bd3 req-3faf6c85-9b72-44c7-b7da-97ea42ac1bd3 ] Request (KeyPairsV22TestJSON:tearDownClass): 204 DELETE http://10.180.1.21:9696/networking/v2.0/security-groups/28d7ec17-5e0b-43da-b91d-8eccc38d355b 0.217s
2024-08-19 23:07:19.565 62486 INFO tempest.lib.common.rest_client [req-a7d6ecd7-bcb6-4bc1-8d1f-5650237277fb req-a7d6ecd7-bcb6-4bc1-8d1f-5650237277fb ] Request (AttachInterfacesUnderV243Test:setUpClass): 201 POST http://10.180.1.21:9696/networking/v2.0/routers 1.176s
2024-08-19 23:07:19.616 62502 INFO tempest.lib.common.rest_client [req-07789a0e-1456-4051-9bc7-b9ab7eb0b2f6 req-07789a0e-1456-4051-9bc7-b9ab7eb0b2f6 ] Request (KeyPairsV22TestJSON:tearDownClass): 204 DELETE http://10.180.1.21/identity/v3/projects/f580ae1c1d944a1f82e3fa758abfd467 0.071s
2024-08-19 23:07:19.683 62502 INFO tempest.lib.common.rest_client [req-f50e1685-0838-439b-8aec-cb4bdeed0332 req-f50e1685-0838-439b-8aec-cb4bdeed0332 ] Request (ServersTestMultiNic:setUpClass): 201 POST http://10.180.1.21/identity/v3/auth/tokens 0.065s
2024-08-19 23:07:19.710 62498 INFO tempest.lib.common.rest_client [req-a33bbf15-6bd8-4e89-9847-bf470644e3b9 req-a33bbf15-6bd8-4e89-9847-bf470644e3b9 ] Request (QuotasAdminTestJSON:test_get_updated_quotas): 200 GET http://10.180.1.21/compute/v2.1/os-quota-sets/a7b7c425edb649969a456744b5b5e740?user_id=4df38d1b000142bb820bb2e0231457a9 1.350s
2024-08-19 23:07:19.718 62502 INFO tempest.lib.common.rest_client [req-0ff4bc9b-f66e-43a4-99f8-fb0549f74fd9 req-0ff4bc9b-f66e-43a4-99f8-fb0549f74fd9 ] Request (ServersTestMultiNic:setUpClass): 201 POST http://10.180.1.21/identity/v3/auth/tokens 0.033s
2024-08-19 23:07:19.725 62524 INFO tempest.lib.common.rest_client [req-ebac0292-493c-45ca-ba2d-ab8ef47924aa req-ebac0292-493c-45ca-ba2d-ab8ef47924aa ] Request (SecurityGroupRulesNegativeTestJSON:test_create_security_group_rule_with_invalid_ip_protocol): 200 POST http://10.180.1.21/compute/v2.1/os-security-groups 1.391s
2024-08-19 23:07:19.738 62502 INFO tempest.lib.common.rest_client [req-49485f62-8b69-41f0-8484-c846fb1bcad7 req-49485f62-8b69-41f0-8484-c846fb1bcad7 ] Request (ServersTestMultiNic:setUpClass): 200 GET http://10.180.1.21/identity/v3/domains?name=Default 0.019s
2024-08-19 23:07:19.807 62498 INFO tempest.lib.common.rest_client [req-6ef58a79-14e6-4f79-b335-9925020df343 req-6ef58a79-14e6-4f79-b335-9925020df343 ] Request (QuotasAdminTestJSON:_run_cleanups): 204 DELETE http://10.180.1.21/identity/v3/users/4df38d1b000142bb820bb2e0231457a9 0.095s
2024-08-19 23:07:19.866 62502 INFO tempest.lib.common.rest_client [req-f549fe40-f2b6-4e11-831d-44a5048aea54 req-f549fe40-f2b6-4e11-831d-44a5048aea54 ] Request (ServersTestMultiNic:setUpClass): 201 POST http://10.180.1.21/identity/v3/projects 0.127s
2024-08-19 23:07:19.920 62509 INFO tempest.lib.common.rest_client [req-10ae09c1-392a-4e65-92c4-76646df65284 req-10ae09c1-392a-4e65-92c4-76646df65284 ] Request (FloatingIPsAssociationNegativeTestJSON:setUpClass): 200 GET http://10.180.1.21/compute/v2.1/servers/4b41ffc1-acc3-4568-b34e-548a0880a30d 1.541s
2024-08-19 23:07:19.929 62489 INFO tempest.lib.common.rest_client [req-4e82d661-2def-44ec-a537-a932e0b05535 req-4e82d661-2def-44ec-a537-a932e0b05535 ] Request (SecurityGroupsNegativeTestJSON:test_delete_security_group_without_passing_id): 404 DELETE http://10.180.1.21/compute/v2.1/os-security-groups/ 1.460s
2024-08-19 23:07:19.964 62498 INFO tempest.lib.common.rest_client [req-ad8abdab-c57d-407f-98a8-0e845cb566e2 req-ad8abdab-c57d-407f-98a8-0e845cb566e2 ] Request (QuotasAdminTestJSON:_run_cleanups): 204 DELETE http://10.180.1.21/identity/v3/projects/a7b7c425edb649969a456744b5b5e740 0.156s
2024-08-19 23:07:20.005 62502 INFO tempest.lib.common.rest_client [req-705d3484-46e1-4a45-8b1e-56f6c84796a7 req-705d3484-46e1-4a45-8b1e-56f6c84796a7 ] Request (ServersTestMultiNic:setUpClass): 201 POST http://10.180.1.21/identity/v3/users 0.138s
2024-08-19 23:07:20.038 62502 INFO tempest.lib.common.rest_client [req-f3b5b4e1-93af-4208-a82f-8a8c72eb66e1 req-f3b5b4e1-93af-4208-a82f-8a8c72eb66e1 ] Request (ServersTestMultiNic:setUpClass): 200 GET http://10.180.1.21/identity/v3/roles 0.033s
2024-08-19 23:07:20.070 62502 INFO tempest.lib.common.rest_client [req-a777fd01-e275-4c13-97dd-7844b960fac5 req-a777fd01-e275-4c13-97dd-7844b960fac5 ] Request (ServersTestMultiNic:setUpClass): 204 PUT http://10.180.1.21/identity/v3/projects/c643d8ca3dd24271950506b2b0d47f33/users/276e8c13a94e460cb820bc2d3970752d/roles/2cb7f3d83c444a8687e72db5905a3c74 0.032s
2024-08-19 23:07:20.071 62502 INFO tempest.lib.common.dynamic_creds [-] Dynamic test user 276e8c13a94e460cb820bc2d3970752d is created with scope project and roles: ['member']
2024-08-19 23:07:20.071 62502 INFO tempest.lib.common.dynamic_creds [-] Acquired dynamic creds: credentials: Credentials: {'domain_id': 'default', 'domain_name': 'Default', 'username': 'tempest-ServersTestMultiNic-83593086-project-member', 'project_domain_id': 'default', 'project_domain_name': 'Default', 'project_id': 'c643d8ca3dd24271950506b2b0d47f33', 'project_name': 'tempest-ServersTestMultiNic-83593086', 'tenant_id': 'c643d8ca3dd24271950506b2b0d47f33', 'tenant_name': 'tempest-ServersTestMultiNic-83593086', 'user_domain_id': 'default', 'user_domain_name': 'Default', 'user_id': '276e8c13a94e460cb820bc2d3970752d', 'system': None}, Network: None, Subnet: None, Router: None
2024-08-19 23:07:20.110 62480 INFO tempest.lib.common.rest_client [req-c16d6ce9-a333-40a7-84c6-661d04210e68 req-c16d6ce9-a333-40a7-84c6-661d04210e68 ] Request (ImagesMetadataTestJSON:setUp): 200 PUT http://10.180.1.21/compute/v2.1/images/b7d6262f-8fea-48b0-bf63-ede01854aae4/metadata 1.631s
2024-08-19 23:07:20.118 62479 INFO tempest.lib.common.rest_client [req-13942b82-218b-4c6e-a11a-f4933a2a2503 req-13942b82-218b-4c6e-a11a-f4933a2a2503 ] Request (HypervisorAdminNegativeTestJSON:test_show_nonexistent_hypervisor): 404 GET http://10.180.1.21/compute/v2.1/os-hypervisors/f9f06490-946c-4e82-a1a8-02723c7164a9 1.527s
2024-08-19 23:07:20.138 62492 INFO tempest.lib.common.rest_client [req-9ff98325-480d-4815-9fed-857aae2a7547 req-9ff98325-480d-4815-9fed-857aae2a7547 ] Request (AggregatesAdminNegativeTestJSON:_run_cleanups): 200 DELETE http://10.180.1.21/compute/v2.1/os-aggregates/5 1.538s
2024-08-19 23:07:20.147 62502 INFO tempest.lib.common.rest_client [req-ea5d476a-36a9-4989-af75-4ff4ecb48a9e req-ea5d476a-36a9-4989-af75-4ff4ecb48a9e ] Request (ServersTestMultiNic:setUpClass): 201 POST http://10.180.1.21/identity/v3/auth/tokens 0.076s
2024-08-19 23:07:20.217 62517 INFO tempest.lib.common.rest_client [req-099ec581-7470-4d72-ac61-2216e5a6f8a1 req-099ec581-7470-4d72-ac61-2216e5a6f8a1 ] Request (FloatingIPsNegativeTestJSON:tearDownClass): 200 PUT http://10.180.1.21:9696/networking/v2.0/routers/dd947625-a854-492d-a210-0a582f7199c3/remove_router_interface 1.332s
2024-08-19 23:07:20.236 62479 INFO tempest.lib.common.rest_client [req-1d428a38-a45c-4364-874a-f16511287685 req-1d428a38-a45c-4364-874a-f16511287685 ] Request (HypervisorAdminNegativeTestJSON:tearDownClass): 204 DELETE http://10.180.1.21/identity/v3/users/71afe29042fc47d28ed4538777be02b8 0.116s
2024-08-19 23:07:20.368 62464 INFO tempest.lib.common.rest_client [req-a3a54e5e-f92c-40da-a12f-d7dd9c638988 req-a3a54e5e-f92c-40da-a12f-d7dd9c638988 ] Request (QuotasAdminNegativeTest:test_create_server_when_instances_quota_is_full): 200 PUT http://10.180.1.21/compute/v2.1/os-quota-sets/1fdcb5d204534bc2b901196ec5e2ce9b 1.643s
2024-08-19 23:07:20.438 62479 INFO tempest.lib.common.rest_client [req-853248ba-7a40-4063-8b4b-7a2d38c09369 req-853248ba-7a40-4063-8b4b-7a2d38c09369 ] Request (HypervisorAdminNegativeTestJSON:tearDownClass): 204 DELETE http://10.180.1.21/identity/v3/users/736eab36576c4737baadcdc03bb4bf63 0.202s
2024-08-19 23:07:20.439 62479 INFO tempest.lib.common.dynamic_creds [-] Deleting project and security group for project: d0005504abc246daacff2abc649ebd3a
2024-08-19 23:07:20.469 62464 INFO tempest.lib.common.rest_client [req-fc697d9e-c3fa-46ff-a742-7d3d4719077a req-fc697d9e-c3fa-46ff-a742-7d3d4719077a ] Request (QuotasAdminNegativeTest:test_create_server_when_instances_quota_is_full): 201 POST http://10.180.1.21/identity/v3/auth/tokens 0.097s
2024-08-19 23:07:20.469 62464 INFO tempest.lib.common.fixed_network [-] (QuotasAdminNegativeTest:test_create_server_when_instances_quota_is_full) Found network None available for tenant
2024-08-19 23:07:20.503 62479 INFO tempest.lib.common.rest_client [req-87f5c75c-4a3e-4688-96ee-2211b8d247ef req-87f5c75c-4a3e-4688-96ee-2211b8d247ef ] Request (HypervisorAdminNegativeTestJSON:tearDownClass): 201 POST http://10.180.1.21/identity/v3/auth/tokens 0.064s
2024-08-19 23:07:20.681 62496 INFO tempest.lib.common.rest_client [req-73d4e8c8-5bb7-4ab8-b2c5-66ab514ea770 req-73d4e8c8-5bb7-4ab8-b2c5-66ab514ea770 ] Request (ServerDiagnosticsTest:test_get_server_diagnostics): 204 DELETE http://10.180.1.21/compute/v2.1/servers/0fb7b132-2c4f-43cd-a5b2-e542e3e748e3 1.858s
2024-08-19 23:07:20.699 62504 INFO tempest.lib.common.rest_client [req-25125928-af65-4f72-b4d1-3ee965ec370a req-25125928-af65-4f72-b4d1-3ee965ec370a ] Request (FlavorsAccessNegativeTestJSON:test_remove_flavor_access_not_found): 200 POST http://10.180.1.21/compute/v2.1/flavors 1.857s
2024-08-19 23:07:20.844 62527 INFO tempest.lib.common.rest_client [req-8a5e5218-84fe-4598-97d4-a75a3c812055 req-8a5e5218-84fe-4598-97d4-a75a3c812055 ] Request (MigrationsAdminTest:test_list_migrations_in_flavor_resize_situation): 200 GET http://10.180.1.21/compute/v2.1/servers/11e98624-f84b-420e-b5e1-42dbdd4779e3 1.806s
2024-08-19 23:07:20.849 62527 INFO tempest.common.waiters [-] State transition "BUILD/None" ==> "BUILD/block_device_mapping" after 16 second wait
2024-08-19 23:07:20.928 62477 INFO tempest.lib.common.rest_client [req-ccb1fcc0-873e-437a-be5b-9a556db2c749 req-ccb1fcc0-873e-437a-be5b-9a556db2c749 ] Request (ListImageFiltersTestJSON:setUpClass): 200 GET http://10.180.1.21/compute/v2.1/servers/4ddf6b0c-f752-4080-bdef-70d954d2c4f6 1.831s
2024-08-19 23:07:20.971 62462 INFO tempest.lib.common.rest_client [req-ccd811ea-5076-4535-9a53-77b822adca91 req-ccd811ea-5076-4535-9a53-77b822adca91 ] Request (FloatingIPDetailsTestJSON:setUpClass): 200 POST http://10.180.1.21/compute/v2.1/os-floating-ips 2.551s
2024-08-19 23:07:20.989 62484 INFO tempest.lib.common.rest_client [req-c4281782-306a-45e8-96e5-c1fa9fd2b1c3 req-c4281782-306a-45e8-96e5-c1fa9fd2b1c3 ] Request (ServerShowV247Test:test_update_rebuild_list_server): 200 PUT http://10.180.1.21/compute/v2.1/servers/e047a038-bcf1-4f90-929a-465bbee3ef67 1.728s
2024-08-19 23:07:21.010 62479 INFO tempest.lib.common.rest_client [req-40e5f305-2052-4ca1-a35a-1e525801e1d1 req-40e5f305-2052-4ca1-a35a-1e525801e1d1 ] Request (HypervisorAdminNegativeTestJSON:tearDownClass): 200 GET http://10.180.1.21:9696/networking/v2.0/security-groups?tenant_id=d0005504abc246daacff2abc649ebd3a&name=default 0.507s
2024-08-19 23:07:21.062 62502 INFO tempest.lib.common.rest_client [req-e2f274a2-8a3c-45f2-96ec-19e104a37dc8 req-e2f274a2-8a3c-45f2-96ec-19e104a37dc8 ] Request (ServersTestMultiNic:setUpClass): 201 POST http://10.180.1.21:9696/networking/v2.0/networks 0.914s
2024-08-19 23:07:21.063 62468 INFO tempest.lib.common.rest_client [req-fd341dd3-f3bc-446c-97ed-34d035fe7a73 req-fd341dd3-f3bc-446c-97ed-34d035fe7a73 ] Request (ServersTestJSON:setUpClass): 200 GET http://10.180.1.21/compute/v2.1/servers/77de9475-77f5-4833-aaa4-8a1d6de6db9b 1.679s
2024-08-19 23:07:21.067 62515 INFO tempest.lib.common.rest_client [req-587de366-76e6-4bf2-807b-a989c2e6f546 req-587de366-76e6-4bf2-807b-a989c2e6f546 ] Request (ServersAdminTestJSON:setUpClass): 200 GET http://10.180.1.21/compute/v2.1/servers/2681b401-47b3-4b05-b923-65e3078074d5 1.733s
2024-08-19 23:07:21.081 62517 INFO tempest.lib.common.rest_client [req-c3e0a64d-989f-46d9-aecd-243ace70d0bf req-c3e0a64d-989f-46d9-aecd-243ace70d0bf ] Request (FloatingIPsNegativeTestJSON:tearDownClass): 204 DELETE http://10.180.1.21:9696/networking/v2.0/routers/dd947625-a854-492d-a210-0a582f7199c3 0.864s
2024-08-19 23:07:21.084 62490 INFO tempest.lib.common.rest_client [req-1d5d18f5-5b94-418a-82e8-68469c0f32e8 req-1d5d18f5-5b94-418a-82e8-68469c0f32e8 ] Request (FlavorsAdminTestJSON:_run_cleanups): 200 GET http://10.180.1.21/compute/v2.1/flavors/detail 1.584s
2024-08-19 23:07:21.159 62466 INFO tempest.lib.common.rest_client [req-ccdb5c59-9be5-4b0c-ba56-5c45dfa067a7 req-ccdb5c59-9be5-4b0c-ba56-5c45dfa067a7 ] Request (ServerDiskConfigTestJSON:test_rebuild_server_with_auto_disk_config): 200 GET http://10.180.1.21/compute/v2.1/servers/ccaed194-e8b4-4620-be97-588a232af696 1.623s
2024-08-19 23:07:21.269 62524 INFO tempest.lib.common.rest_client [req-115c7cfb-99cc-42d2-9c9e-9d21ca47fc65 req-115c7cfb-99cc-42d2-9c9e-9d21ca47fc65 ] Request (SecurityGroupRulesNegativeTestJSON:test_create_security_group_rule_with_invalid_ip_protocol): 400 POST http://10.180.1.21/compute/v2.1/os-security-group-rules 1.541s
2024-08-19 23:07:21.298 62507 INFO tempest.lib.common.rest_client [req-b1e6fe1a-886c-472a-b6e0-b7bbf854c2b9 req-b1e6fe1a-886c-472a-b6e0-b7bbf854c2b9 ] Request (DeleteServersAdminTestJSON:test_admin_delete_servers_of_others): 200 GET http://10.180.1.21/compute/v2.1/servers/24cb3e4a-dffd-4cb6-9ebd-151c3f11966f 1.841s
2024-08-19 23:07:21.360 62517 INFO tempest.lib.common.rest_client [req-038faffc-a59c-41d6-90d1-2b54d9adbf40 req-038faffc-a59c-41d6-90d1-2b54d9adbf40 ] Request (FloatingIPsNegativeTestJSON:tearDownClass): 204 DELETE http://10.180.1.21:9696/networking/v2.0/subnets/57b15ef2-4cd4-4f47-89b1-2836accfbae5 0.278s
2024-08-19 23:07:21.385 62498 INFO tempest.lib.common.rest_client [req-306ecf20-8774-4a43-9217-58b8f33891c7 req-306ecf20-8774-4a43-9217-58b8f33891c7 ] Request (QuotasAdminTestJSON:test_update_all_quota_resources_for_tenant): 200 GET http://10.180.1.21/compute/v2.1/os-quota-sets/385ff3737dfe40dfb2ea23257aec0130/defaults 1.419s
2024-08-19 23:07:21.440 62502 INFO tempest.lib.common.rest_client [req-6f90dcab-a75e-49c9-a5e4-dc68d7ff6de8 req-6f90dcab-a75e-49c9-a5e4-dc68d7ff6de8 ] Request (ServersTestMultiNic:setUpClass): 201 POST http://10.180.1.21:9696/networking/v2.0/subnets 0.376s
2024-08-19 23:07:21.468 62474 INFO tempest.lib.common.rest_client [req-979f260b-ebe8-4a65-8c14-aebc32ad10ba req-979f260b-ebe8-4a65-8c14-aebc32ad10ba ] Request (ServersAdmin275Test:test_rebuild_update_server_275): 200 GET http://10.180.1.21/compute/v2.1/servers/47b420a2-5eeb-4f14-9137-fb591a9dcbe6 1.501s
2024-08-19 23:07:21.475 62474 INFO tempest.common.waiters [-] State transition "REBUILD/rebuilding" ==> "REBUILD/rebuild_spawning" after 3 second wait
2024-08-19 23:07:21.495 62480 INFO tempest.lib.common.rest_client [req-b7e4c7b0-d914-4aa5-b50e-0dc3d134bf46 req-b7e4c7b0-d914-4aa5-b50e-0dc3d134bf46 ] Request (ImagesMetadataTestJSON:test_get_image_metadata_item): 200 GET http://10.180.1.21/compute/v2.1/images/b7d6262f-8fea-48b0-bf63-ede01854aae4/metadata/os_distro 1.384s
2024-08-19 23:07:21.574 62519 INFO tempest.lib.common.rest_client [req-be61dc64-25ad-4d0b-9836-7d300bc9c678 req-be61dc64-25ad-4d0b-9836-7d300bc9c678 ] Request (ServersWithSpecificFlavorTestJSON:test_verify_created_server_ephemeral_disk): 200 GET http://10.180.1.21/compute/v2.1/servers/7a0241f3-41cc-494a-9a16-bf95b8abfab9 1.448s
2024-08-19 23:07:21.589 62492 INFO tempest.lib.common.rest_client [req-e598e490-e9c8-44d4-8170-943a2788a1aa req-e598e490-e9c8-44d4-8170-943a2788a1aa ] Request (AggregatesAdminNegativeTestJSON:test_aggregate_delete_with_invalid_id): 404 DELETE http://10.180.1.21/compute/v2.1/os-aggregates/-1 1.449s
2024-08-19 23:07:21.593 62489 INFO tempest.lib.common.rest_client [req-c69b848b-88b7-4d3b-b8f6-b2d1e1da2799 req-c69b848b-88b7-4d3b-b8f6-b2d1e1da2799 ] Request (SecurityGroupsNegativeTestJSON:test_delete_the_default_security_group): 200 GET http://10.180.1.21/compute/v2.1/os-security-groups 1.662s
2024-08-19 23:07:21.601 62479 INFO tempest.lib.common.rest_client [req-2aba6b16-2dc0-4e57-91e0-b214d7e1d5d5 req-2aba6b16-2dc0-4e57-91e0-b214d7e1d5d5 ] Request (HypervisorAdminNegativeTestJSON:tearDownClass): 204 DELETE http://10.180.1.21:9696/networking/v2.0/security-groups/d768967d-01bb-4457-b283-62560d6e1b5d 0.590s
2024-08-19 23:07:21.726 62479 INFO tempest.lib.common.rest_client [req-5d2ebcc1-3e4a-44b7-9cd2-553dc9aa7ebe req-5d2ebcc1-3e4a-44b7-9cd2-553dc9aa7ebe ] Request (HypervisorAdminNegativeTestJSON:tearDownClass): 204 DELETE http://10.180.1.21/identity/v3/projects/d0005504abc246daacff2abc649ebd3a 0.124s
2024-08-19 23:07:21.726 62479 INFO tempest.lib.common.dynamic_creds [-] Deleting project and security group for project: ba7dddea63aa4e99b28d72ea58107a5c
2024-08-19 23:07:21.737 62472 INFO tempest.lib.common.rest_client [req-836bc573-dbbb-4ee6-a11c-a4808a68a4ea req-836bc573-dbbb-4ee6-a11c-a4808a68a4ea ] Request (FloatingIPsAssociationTestJSON:setUpClass): 200 GET http://10.180.1.21/compute/v2.1/servers/7384f309-7b32-40fc-881e-b967c7b8fec6 1.406s
2024-08-19 23:07:21.743 62472 INFO tempest.common.waiters [-] State transition "BUILD/spawning" ==> "ERROR/None" after 28 second wait
2024-08-19 23:07:21.767 62511 INFO tempest.lib.common.rest_client [req-5df607e9-2c77-4b4a-b8f4-5fe0660f3bf7 req-5df607e9-2c77-4b4a-b8f4-5fe0660f3bf7 ] Request (VolumesAssistedSnapshotsTest:test_volume_assisted_snapshot_create_delete): 200 GET http://10.180.1.21/compute/v2.1/servers/7d0094fa-4b0d-48c1-9ff7-e8b7478fd6e2 1.353s
2024-08-19 23:07:21.793 62470 INFO tempest.lib.common.rest_client [req-b8c70c53-3377-49c4-b5d0-37d64fa55b75 req-b8c70c53-3377-49c4-b5d0-37d64fa55b75 ] Request (ServersTestBootFromVolume:setUpClass): 200 PUT http://10.180.1.21:9696/networking/v2.0/routers/3b7b786f-533d-406f-9637-dfff9373e156/add_router_interface 2.703s
2024-08-19 23:07:21.793 62470 INFO tempest.lib.common.dynamic_creds [-] Created isolated network resources for: credentials: Credentials: {'domain_id': 'default', 'domain_name': 'Default', 'username': 'tempest-ServersTestBootFromVolume-1713343898-project-member', 'project_domain_id': 'default', 'project_domain_name': 'Default', 'project_id': '71f0830f5b7140868457266402399c14', 'project_name': 'tempest-ServersTestBootFromVolume-1713343898', 'tenant_id': '71f0830f5b7140868457266402399c14', 'tenant_name': 'tempest-ServersTestBootFromVolume-1713343898', 'user_domain_id': 'default', 'user_domain_name': 'Default', 'user_id': 'e8a51fe443c14e6fbac2338fbbc7fad1', 'system': None}, Network: {'id': '016d31e2-d1ed-4618-9c1d-b70ac7064afc', 'name': 'tempest-ServersTestBootFromVolume-939479431-network', 'tenant_id': '71f0830f5b7140868457266402399c14', 'admin_state_up': True, 'mtu': 8950, 'status': 'ACTIVE', 'subnets': [], 'shared': False, 'project_id': '71f0830f5b7140868457266402399c14', 'port_security_enabled': True, 'router:external': False, 'provider:network_type': 'vlan', 'provider:physical_network': 'default', 'provider:segmentation_id': 321, 'is_default': False, 'availability_zone_hints': [], 'availability_zones': [], 'ipv4_address_scope': None, 'ipv6_address_scope': None, 'description': '', 'tags': [], 'created_at': '2024-08-19T23:07:16Z', 'updated_at': '2024-08-19T23:07:16Z', 'revision_number': 1}, Subnet: {'id': '4e087db7-9dbd-4959-b02f-a53318cf19e1', 'name': 'tempest-ServersTestBootFromVolume-939479431-subnet', 'tenant_id': '71f0830f5b7140868457266402399c14', 'network_id': '016d31e2-d1ed-4618-9c1d-b70ac7064afc', 'ip_version': 4, 'subnetpool_id': None, 'enable_dhcp': True, 'ipv6_ra_mode': None, 'ipv6_address_mode': None, 'gateway_ip': '192.168.128.1', 'cidr': '192.168.128.0/28', 'allocation_pools': [{'start': '192.168.128.2', 'end': '192.168.128.14'}], 'host_routes': [], 'dns_nameservers': [], 'description': '', 'router:external': False, 'service_types': [], 'tags': [], 'created_at': '2024-08-19T23:07:17Z', 'updated_at': '2024-08-19T23:07:17Z', 'revision_number': 0, 'project_id': '71f0830f5b7140868457266402399c14'}, Router: {'id': '3b7b786f-533d-406f-9637-dfff9373e156', 'name': 'tempest-ServersTestBootFromVolume-939479431-router', 'tenant_id': '71f0830f5b7140868457266402399c14', 'admin_state_up': True, 'status': 'ACTIVE', 'external_gateway_info': {'network_id': '0cf906a5-dd94-49a4-bce9-adb6d0979ddc', 'external_fixed_ips': [{'subnet_id': 'ce79ce04-1661-469c-bd47-af3661853be4', 'ip_address': '10.180.180.175'}], 'enable_snat': True}, 'description': '', 'availability_zones': [], 'distributed': False, 'ha': False, 'availability_zone_hints': [], 'routes': [], 'flavor_id': None, 'tags': [], 'created_at': '2024-08-19T23:07:17Z', 'updated_at': '2024-08-19T23:07:18Z', 'revision_number': 2, 'project_id': '71f0830f5b7140868457266402399c14'}
2024-08-19 23:07:21.894 62470 INFO tempest.lib.common.rest_client [req-9c7873fb-e4f7-4ee1-a6e3-6e52e0607bcb req-9c7873fb-e4f7-4ee1-a6e3-6e52e0607bcb ] Request (ServersTestBootFromVolume:setUpClass): 201 POST http://10.180.1.21/identity/v3/auth/tokens 0.097s
2024-08-19 23:07:21.967 62482 INFO tempest.lib.common.rest_client [req-b1c995f5-6ea3-4b3c-9dfe-f8f1d5c162d5 req-b1c995f5-6ea3-4b3c-9dfe-f8f1d5c162d5 ] Request (ServerPasswordTestJSON:setUpClass): 200 GET http://10.180.1.21/compute/v2.1/servers/e34b059b-8edf-4a81-9485-358cefd2bde6 1.512s
2024-08-19 23:07:22.079 62494 INFO tempest.lib.common.rest_client [req-f7d518ed-49d8-43ab-86cb-9fe9d9480ccf req-f7d518ed-49d8-43ab-86cb-9fe9d9480ccf ] Request (ServerExternalEventsTest:test_create_server_external_events): 200 GET http://10.180.1.21/compute/v2.1/servers/52bd7ff6-1149-4a56-95c2-806572b526f4 1.594s
2024-08-19 23:07:22.121 62464 INFO tempest.lib.common.rest_client [req-d64a8866-cbf2-476d-91f5-d11206436244 req-d64a8866-cbf2-476d-91f5-d11206436244 ] Request (QuotasAdminNegativeTest:test_create_server_when_instances_quota_is_full): 403 POST http://10.180.1.21/compute/v2.1/servers 1.651s
2024-08-19 23:07:22.135 62517 INFO tempest.lib.common.rest_client [req-31e631e1-ffac-4879-b41c-053b9b5fda90 req-31e631e1-ffac-4879-b41c-053b9b5fda90 ] Request (FloatingIPsNegativeTestJSON:tearDownClass): 204 DELETE http://10.180.1.21:9696/networking/v2.0/networks/bcc55f3f-39a4-4105-81a9-a4aa53f74925 0.775s
2024-08-19 23:07:22.159 62496 INFO tempest.lib.common.rest_client [req-649dcc9b-9609-4de5-974c-c807df938072 req-649dcc9b-9609-4de5-974c-c807df938072 ] Request (ServerDiagnosticsTest:test_get_server_diagnostics): 404 GET http://10.180.1.21/compute/v2.1/servers/0fb7b132-2c4f-43cd-a5b2-e542e3e748e3 1.477s
2024-08-19 23:07:22.227 62513 INFO tempest.lib.common.rest_client [req-1bcebeac-e41e-4b3f-8c9a-26c8ac193aea req-1bcebeac-e41e-4b3f-8c9a-26c8ac193aea ] Request (ImagesOneServerTestJSON:setUpClass): 200 GET http://10.180.1.21/compute/v2.1/servers/0840bc67-7390-4977-8004-f7a09358990d 1.678s
2024-08-19 23:07:22.263 62479 INFO tempest.lib.common.rest_client [req-5eac534c-04f4-4d1f-b88d-4c55270e0e65 req-5eac534c-04f4-4d1f-b88d-4c55270e0e65 ] Request (HypervisorAdminNegativeTestJSON:tearDownClass): 200 GET http://10.180.1.21:9696/networking/v2.0/security-groups?tenant_id=ba7dddea63aa4e99b28d72ea58107a5c&name=default 0.537s
2024-08-19 23:07:22.312 62509 INFO tempest.lib.common.rest_client [req-7f0c2814-40eb-4bed-88ef-60e52127780e req-7f0c2814-40eb-4bed-88ef-60e52127780e ] Request (FloatingIPsAssociationNegativeTestJSON:setUpClass): 200 GET http://10.180.1.21/compute/v2.1/servers/4b41ffc1-acc3-4568-b34e-548a0880a30d 1.384s
2024-08-19 23:07:22.322 62517 INFO tempest.lib.common.rest_client [req-5d0fe533-282c-43da-b18d-5af20c50dc0e req-5d0fe533-282c-43da-b18d-5af20c50dc0e ] Request (FloatingIPsNegativeTestJSON:tearDownClass): 204 DELETE http://10.180.1.21/identity/v3/users/523069b4cd8e429dbc82ce66f70dd62a 0.186s
2024-08-19 23:07:22.323 62517 INFO tempest.lib.common.dynamic_creds [-] Deleting project and security group for project: b839dafa573c4514b77768ab2158ae3d
2024-08-19 23:07:22.372 62496 INFO tempest.lib.common.rest_client [req-64c8a2d0-3f8f-45a3-8a5c-fd7b52da3804 req-64c8a2d0-3f8f-45a3-8a5c-fd7b52da3804 ] Request (ServerDiagnosticsTest:tearDownClass): 204 DELETE http://10.180.1.21/identity/v3/users/8ea3ad252b51443fb05df4daaacd53d8 0.202s
2024-08-19 23:07:22.437 62486 INFO tempest.lib.common.rest_client [req-3766ec6f-2b56-49a6-ab23-0aeadecce6f4 req-3766ec6f-2b56-49a6-ab23-0aeadecce6f4 ] Request (AttachInterfacesUnderV243Test:setUpClass): 200 PUT http://10.180.1.21:9696/networking/v2.0/routers/8161881a-bec2-4352-8ed8-fefe3ae51943/add_router_interface 2.871s
2024-08-19 23:07:22.437 62486 INFO tempest.lib.common.dynamic_creds [-] Created isolated network resources for: credentials: Credentials: {'domain_id': 'default', 'domain_name': 'Default', 'username': 'tempest-AttachInterfacesUnderV243Test-755047540-project-member', 'project_domain_id': 'default', 'project_domain_name': 'Default', 'project_id': 'f4d03da1abb94ce6b6242ffcda4d47f6', 'project_name': 'tempest-AttachInterfacesUnderV243Test-755047540', 'tenant_id': 'f4d03da1abb94ce6b6242ffcda4d47f6', 'tenant_name': 'tempest-AttachInterfacesUnderV243Test-755047540', 'user_domain_id': 'default', 'user_domain_name': 'Default', 'user_id': '1b05fcad1ffd4d4692b03e05a16fcae2', 'system': None}, Network: {'id': '2237842f-388e-4b76-aa4b-77b39ffa21bb', 'name': 'tempest-AttachInterfacesUnderV243Test-1974118616-network', 'tenant_id': 'f4d03da1abb94ce6b6242ffcda4d47f6', 'admin_state_up': True, 'mtu': 8950, 'status': 'ACTIVE', 'subnets': [], 'shared': False, 'project_id': 'f4d03da1abb94ce6b6242ffcda4d47f6', 'port_security_enabled': True, 'router:external': False, 'provider:network_type': 'vlan', 'provider:physical_network': 'default', 'provider:segmentation_id': 945, 'is_default': False, 'availability_zone_hints': [], 'availability_zones': [], 'ipv4_address_scope': None, 'ipv6_address_scope': None, 'description': '', 'tags': [], 'created_at': '2024-08-19T23:07:17Z', 'updated_at': '2024-08-19T23:07:17Z', 'revision_number': 1}, Subnet: {'id': 'a3d50b83-0073-4729-aedb-6e82b18d9b62', 'name': 'tempest-AttachInterfacesUnderV243Test-1974118616-subnet', 'tenant_id': 'f4d03da1abb94ce6b6242ffcda4d47f6', 'network_id': '2237842f-388e-4b76-aa4b-77b39ffa21bb', 'ip_version': 4, 'subnetpool_id': None, 'enable_dhcp': True, 'ipv6_ra_mode': None, 'ipv6_address_mode': None, 'gateway_ip': '192.168.128.1', 'cidr': '192.168.128.0/28', 'allocation_pools': [{'start': '192.168.128.2', 'end': '192.168.128.14'}], 'host_routes': [], 'dns_nameservers': [], 'description': '', 'router:external': False, 'service_types': [], 'tags': [], 'created_at': '2024-08-19T23:07:18Z', 'updated_at': '2024-08-19T23:07:18Z', 'revision_number': 0, 'project_id': 'f4d03da1abb94ce6b6242ffcda4d47f6'}, Router: {'id': '8161881a-bec2-4352-8ed8-fefe3ae51943', 'name': 'tempest-AttachInterfacesUnderV243Test-1974118616-router', 'tenant_id': 'f4d03da1abb94ce6b6242ffcda4d47f6', 'admin_state_up': True, 'status': 'ACTIVE', 'external_gateway_info': {'network_id': '0cf906a5-dd94-49a4-bce9-adb6d0979ddc', 'external_fixed_ips': [{'subnet_id': 'ce79ce04-1661-469c-bd47-af3661853be4', 'ip_address': '10.180.180.155'}], 'enable_snat': True}, 'description': '', 'availability_zones': [], 'distributed': False, 'ha': False, 'availability_zone_hints': [], 'routes': [], 'flavor_id': None, 'tags': [], 'created_at': '2024-08-19T23:07:18Z', 'updated_at': '2024-08-19T23:07:18Z', 'revision_number': 2, 'project_id': 'f4d03da1abb94ce6b6242ffcda4d47f6'}
2024-08-19 23:07:22.460 62517 INFO tempest.lib.common.rest_client [req-39d72dbd-31b3-4ffb-b4e1-8bab51f4ed1a req-39d72dbd-31b3-4ffb-b4e1-8bab51f4ed1a ] Request (FloatingIPsNegativeTestJSON:tearDownClass): 200 GET http://10.180.1.21:9696/networking/v2.0/security-groups?tenant_id=b839dafa573c4514b77768ab2158ae3d&name=default 0.137s
2024-08-19 23:07:22.468 62496 INFO tempest.lib.common.rest_client [req-9a3ebb41-6261-40d8-8a2e-81ff124bc401 req-9a3ebb41-6261-40d8-8a2e-81ff124bc401 ] Request (ServerDiagnosticsTest:tearDownClass): 204 DELETE http://10.180.1.21/identity/v3/users/bd415bd41dbb4b518261b9cc5557fa47 0.096s
2024-08-19 23:07:22.469 62496 INFO tempest.lib.common.dynamic_creds [-] Deleting project and security group for project: 4835e899dbf54cc39b8c306cc63a634f
2024-08-19 23:07:22.479 62504 INFO tempest.lib.common.rest_client [req-af1c02c3-5204-4799-892e-c22dcbfac9dd req-af1c02c3-5204-4799-892e-c22dcbfac9dd ] Request (FlavorsAccessNegativeTestJSON:test_remove_flavor_access_not_found): 404 POST http://10.180.1.21/compute/v2.1/flavors/1694492471/action 1.778s
2024-08-19 23:07:22.530 62496 INFO tempest.lib.common.rest_client [req-5f740df6-00a1-41ff-a55b-516ce11da444 req-5f740df6-00a1-41ff-a55b-516ce11da444 ] Request (ServerDiagnosticsTest:tearDownClass): 201 POST http://10.180.1.21/identity/v3/auth/tokens 0.061s
2024-08-19 23:07:22.538 62486 INFO tempest.lib.common.rest_client [req-1d0ca556-ab30-4582-b299-7de032f455da req-1d0ca556-ab30-4582-b299-7de032f455da ] Request (AttachInterfacesUnderV243Test:setUpClass): 201 POST http://10.180.1.21/identity/v3/auth/tokens 0.097s
2024-08-19 23:07:22.568 62484 INFO tempest.lib.common.rest_client [req-9f4ac017-88d1-4b11-b89b-a2a6b93f89bb req-9f4ac017-88d1-4b11-b89b-a2a6b93f89bb ] Request (ServerShowV247Test:test_update_rebuild_list_server): 200 GET http://10.180.1.21/compute/v2.1/servers/e047a038-bcf1-4f90-929a-465bbee3ef67 1.573s
2024-08-19 23:07:22.590 62490 INFO tempest.lib.common.rest_client [req-bf17d62d-3ff0-4e3f-a8bd-553be33d3e42 req-bf17d62d-3ff0-4e3f-a8bd-553be33d3e42 ] Request (FlavorsAdminTestJSON:test_create_server_with_non_public_flavor): 200 POST http://10.180.1.21/compute/v2.1/flavors 1.501s
2024-08-19 23:07:22.660 62517 INFO tempest.lib.common.rest_client [req-a3ca2c03-6f33-4ac3-9ca5-1d59dd4d7fc8 req-a3ca2c03-6f33-4ac3-9ca5-1d59dd4d7fc8 ] Request (FloatingIPsNegativeTestJSON:tearDownClass): 204 DELETE http://10.180.1.21:9696/networking/v2.0/security-groups/32744d36-d4e2-41e9-b447-4b93c37153b8 0.199s
2024-08-19 23:07:22.746 62517 INFO tempest.lib.common.rest_client [req-f3e85ea5-1057-4993-80c3-b026495a8868 req-f3e85ea5-1057-4993-80c3-b026495a8868 ] Request (FloatingIPsNegativeTestJSON:tearDownClass): 204 DELETE http://10.180.1.21/identity/v3/projects/b839dafa573c4514b77768ab2158ae3d 0.086s
2024-08-19 23:07:22.748 62479 INFO tempest.lib.common.rest_client [req-784f2fdf-b06b-4a6a-870a-0d728e365bc4 req-784f2fdf-b06b-4a6a-870a-0d728e365bc4 ] Request (HypervisorAdminNegativeTestJSON:tearDownClass): 204 DELETE http://10.180.1.21:9696/networking/v2.0/security-groups/742b9acb-1569-41e8-8242-dd79ef4508cc 0.484s
2024-08-19 23:07:22.787 62524 INFO tempest.lib.common.rest_client [req-0d148332-ecee-47ef-be32-59faef4fa6fc req-0d148332-ecee-47ef-be32-59faef4fa6fc ] Request (SecurityGroupRulesNegativeTestJSON:test_create_security_group_rule_with_invalid_port_range): 200 POST http://10.180.1.21/compute/v2.1/os-security-groups 1.517s
2024-08-19 23:07:22.845 62479 INFO tempest.lib.common.rest_client [req-5fe9bf77-ef7b-410b-9d6b-c92f91f951c3 req-5fe9bf77-ef7b-410b-9d6b-c92f91f951c3 ] Request (HypervisorAdminNegativeTestJSON:tearDownClass): 204 DELETE http://10.180.1.21/identity/v3/projects/ba7dddea63aa4e99b28d72ea58107a5c 0.096s
2024-08-19 23:07:22.846 62479 INFO tempest.test [-] raised in LiveMigrationRemoteConsolesV26Test.setUpClass. Invoking tearDownClass.
2024-08-19 23:07:22.849 62517 INFO tempest.lib.common.rest_client [req-600d00b6-1fa3-4271-b768-dfbc8d80c4fb req-600d00b6-1fa3-4271-b768-dfbc8d80c4fb ] Request (ServersV294TestFqdnHostnames:setUpClass): 201 POST http://10.180.1.21/identity/v3/auth/tokens 0.101s
2024-08-19 23:07:22.909 62479 INFO tempest.lib.common.rest_client [req-c7d38d4a-1d31-49d4-b1cf-fc3300401957 req-c7d38d4a-1d31-49d4-b1cf-fc3300401957 ] Request (VolumesAdminNegativeTest:setUpClass): 201 POST http://10.180.1.21/identity/v3/auth/tokens 0.061s
2024-08-19 23:07:22.935 62517 INFO tempest.lib.common.rest_client [req-cbac3418-1e27-4b79-9e4a-40a6ddf0d376 req-cbac3418-1e27-4b79-9e4a-40a6ddf0d376 ] Request (ServersV294TestFqdnHostnames:setUpClass): 201 POST http://10.180.1.21/identity/v3/auth/tokens 0.083s
2024-08-19 23:07:22.962 62517 INFO tempest.lib.common.rest_client [req-0619f64f-25c6-4f6f-b7fc-a02d47d0b61f req-0619f64f-25c6-4f6f-b7fc-a02d47d0b61f ] Request (ServersV294TestFqdnHostnames:setUpClass): 200 GET http://10.180.1.21/identity/v3/domains?name=Default 0.027s
2024-08-19 23:07:22.984 62479 INFO tempest.lib.common.rest_client [req-b7e5268d-3a11-4848-b2b2-cf04cfc31427 req-b7e5268d-3a11-4848-b2b2-cf04cfc31427 ] Request (VolumesAdminNegativeTest:setUpClass): 201 POST http://10.180.1.21/identity/v3/auth/tokens 0.073s
2024-08-19 23:07:22.993 62517 INFO tempest.lib.common.rest_client [req-0e0fdc10-27d5-4b72-9c1c-08a39137ea56 req-0e0fdc10-27d5-4b72-9c1c-08a39137ea56 ] Request (ServersV294TestFqdnHostnames:setUpClass): 201 POST http://10.180.1.21/identity/v3/projects 0.030s
2024-08-19 23:07:23.032 62496 INFO tempest.lib.common.rest_client [req-9dd8f5b8-8492-4484-a6ca-1612823327f5 req-9dd8f5b8-8492-4484-a6ca-1612823327f5 ] Request (ServerDiagnosticsTest:tearDownClass): 200 GET http://10.180.1.21:9696/networking/v2.0/security-groups?tenant_id=4835e899dbf54cc39b8c306cc63a634f&name=default 0.501s
2024-08-19 23:07:23.051 62479 INFO tempest.lib.common.rest_client [req-ca5e36a1-8104-4380-8ca4-8880c92405cf req-ca5e36a1-8104-4380-8ca4-8880c92405cf ] Request (VolumesAdminNegativeTest:setUpClass): 200 GET http://10.180.1.21/identity/v3/domains?name=Default 0.066s
2024-08-19 23:07:23.079 62479 INFO tempest.lib.common.rest_client [req-e898b3a9-1e2c-4725-97d2-ac82197d4f4a req-e898b3a9-1e2c-4725-97d2-ac82197d4f4a ] Request (VolumesAdminNegativeTest:setUpClass): 201 POST http://10.180.1.21/identity/v3/projects 0.028s
2024-08-19 23:07:23.086 62498 INFO tempest.lib.common.rest_client [req-b14a4ecd-2680-4aaf-9be0-58b96d9ebf63 req-b14a4ecd-2680-4aaf-9be0-58b96d9ebf63 ] Request (QuotasAdminTestJSON:test_update_all_quota_resources_for_tenant): 200 PUT http://10.180.1.21/compute/v2.1/os-quota-sets/385ff3737dfe40dfb2ea23257aec0130 1.698s
2024-08-19 23:07:23.100 62517 INFO tempest.lib.common.rest_client [req-03f6ed82-9303-48e9-a81c-b572954716dd req-03f6ed82-9303-48e9-a81c-b572954716dd ] Request (ServersV294TestFqdnHostnames:setUpClass): 201 POST http://10.180.1.21/identity/v3/users 0.107s
2024-08-19 23:07:23.145 62479 INFO tempest.lib.common.rest_client [req-2d06075f-01af-43de-99f6-7dc321e2415a req-2d06075f-01af-43de-99f6-7dc321e2415a ] Request (VolumesAdminNegativeTest:setUpClass): 201 POST http://10.180.1.21/identity/v3/users 0.065s
2024-08-19 23:07:23.154 62517 INFO tempest.lib.common.rest_client [req-fe9f5e48-c14f-4a40-98c5-d65a1f3a8953 req-fe9f5e48-c14f-4a40-98c5-d65a1f3a8953 ] Request (ServersV294TestFqdnHostnames:setUpClass): 200 GET http://10.180.1.21/identity/v3/roles 0.053s
2024-08-19 23:07:23.170 62479 INFO tempest.lib.common.rest_client [req-8019fdf2-7b0a-4d50-afe2-fd6fd0da0a06 req-8019fdf2-7b0a-4d50-afe2-fd6fd0da0a06 ] Request (VolumesAdminNegativeTest:setUpClass): 200 GET http://10.180.1.21/identity/v3/roles 0.025s
2024-08-19 23:07:23.173 62496 INFO tempest.lib.common.rest_client [req-f87e597c-0eca-4dcc-b3fa-81b09259ccda req-f87e597c-0eca-4dcc-b3fa-81b09259ccda ] Request (ServerDiagnosticsTest:tearDownClass): 204 DELETE http://10.180.1.21:9696/networking/v2.0/security-groups/fb2d6654-490f-4fab-8d2f-19e45ebbf361 0.141s
2024-08-19 23:07:23.190 62517 INFO tempest.lib.common.rest_client [req-620bc51c-3786-44b2-9bb4-1ce168170f7f req-620bc51c-3786-44b2-9bb4-1ce168170f7f ] Request (ServersV294TestFqdnHostnames:setUpClass): 204 PUT http://10.180.1.21/identity/v3/projects/5cf00ed7d6284559af7a8284bddb5adc/users/b885ed73081946dabcd9f659d1c38284/roles/2cb7f3d83c444a8687e72db5905a3c74 0.036s
2024-08-19 23:07:23.191 62517 INFO tempest.lib.common.dynamic_creds [-] Dynamic test user b885ed73081946dabcd9f659d1c38284 is created with scope project and roles: ['member']
2024-08-19 23:07:23.191 62517 INFO tempest.lib.common.dynamic_creds [-] Acquired dynamic creds: credentials: Credentials: {'domain_id': 'default', 'domain_name': 'Default', 'username': 'tempest-ServersV294TestFqdnHostnames-203601733-project-member', 'project_domain_id': 'default', 'project_domain_name': 'Default', 'project_id': '5cf00ed7d6284559af7a8284bddb5adc', 'project_name': 'tempest-ServersV294TestFqdnHostnames-203601733', 'tenant_id': '5cf00ed7d6284559af7a8284bddb5adc', 'tenant_name': 'tempest-ServersV294TestFqdnHostnames-203601733', 'user_domain_id': 'default', 'user_domain_name': 'Default', 'user_id': 'b885ed73081946dabcd9f659d1c38284', 'system': None}, Network: None, Subnet: None, Router: None
2024-08-19 23:07:23.211 62479 INFO tempest.lib.common.rest_client [req-40a77432-b2a8-4f55-b0eb-608f75115f46 req-40a77432-b2a8-4f55-b0eb-608f75115f46 ] Request (VolumesAdminNegativeTest:setUpClass): 204 PUT http://10.180.1.21/identity/v3/projects/2349d16a33ac4c3f89edd32da845923f/users/8443bbf7334f40eca2300348ea9cf3bf/roles/2cb7f3d83c444a8687e72db5905a3c74 0.040s
2024-08-19 23:07:23.211 62479 INFO tempest.lib.common.dynamic_creds [-] Dynamic test user 8443bbf7334f40eca2300348ea9cf3bf is created with scope project and roles: ['member']
2024-08-19 23:07:23.211 62479 INFO tempest.lib.common.dynamic_creds [-] Acquired dynamic creds: credentials: Credentials: {'domain_id': 'default', 'domain_name': 'Default', 'username': 'tempest-VolumesAdminNegativeTest-1912043827-project-member', 'project_domain_id': 'default', 'project_domain_name': 'Default', 'project_id': '2349d16a33ac4c3f89edd32da845923f', 'project_name': 'tempest-VolumesAdminNegativeTest-1912043827', 'tenant_id': '2349d16a33ac4c3f89edd32da845923f', 'tenant_name': 'tempest-VolumesAdminNegativeTest-1912043827', 'user_domain_id': 'default', 'user_domain_name': 'Default', 'user_id': '8443bbf7334f40eca2300348ea9cf3bf', 'system': None}, Network: None, Subnet: None, Router: None
2024-08-19 23:07:23.249 62480 INFO tempest.lib.common.rest_client [req-31d77900-9444-43b2-9a25-73c1ddbe3e0f req-31d77900-9444-43b2-9a25-73c1ddbe3e0f ] Request (ImagesMetadataTestJSON:setUp): 200 PUT http://10.180.1.21/compute/v2.1/images/b7d6262f-8fea-48b0-bf63-ede01854aae4/metadata 1.752s
2024-08-19 23:07:23.277 62517 INFO tempest.lib.common.rest_client [req-6fefbf04-b440-4822-bf5b-c64e7e5a5cbb req-6fefbf04-b440-4822-bf5b-c64e7e5a5cbb ] Request (ServersV294TestFqdnHostnames:setUpClass): 201 POST http://10.180.1.21/identity/v3/auth/tokens 0.086s
2024-08-19 23:07:23.291 62492 INFO tempest.lib.common.rest_client [req-7f746f06-42ab-41e7-959d-9d8dfe111c08 req-7f746f06-42ab-41e7-959d-9d8dfe111c08 ] Request (AggregatesAdminNegativeTestJSON:test_aggregate_get_details_as_user): 200 POST http://10.180.1.21/compute/v2.1/os-aggregates 1.700s
2024-08-19 23:07:23.301 62479 INFO tempest.lib.common.rest_client [req-b39ee8fc-583c-4ff8-b411-590e51ac5862 req-b39ee8fc-583c-4ff8-b411-590e51ac5862 ] Request (VolumesAdminNegativeTest:setUpClass): 201 POST http://10.180.1.21/identity/v3/auth/tokens 0.089s
2024-08-19 23:07:23.349 62496 INFO tempest.lib.common.rest_client [req-926e830b-c651-4b1d-a5f5-f30b26ffcf9f req-926e830b-c651-4b1d-a5f5-f30b26ffcf9f ] Request (ServerDiagnosticsTest:tearDownClass): 204 DELETE http://10.180.1.21/identity/v3/projects/4835e899dbf54cc39b8c306cc63a634f 0.176s
2024-08-19 23:07:23.350 62496 INFO tempest.lib.common.dynamic_creds [-] Deleting project and security group for project: d6e245649d10465e9855306f241cbfa5
2024-08-19 23:07:23.427 62496 INFO tempest.lib.common.rest_client [req-3dc65a0b-11e8-4285-b856-d3c4f4e3aa19 req-3dc65a0b-11e8-4285-b856-d3c4f4e3aa19 ] Request (ServerDiagnosticsTest:tearDownClass): 200 GET http://10.180.1.21:9696/networking/v2.0/security-groups?tenant_id=d6e245649d10465e9855306f241cbfa5&name=default 0.077s
2024-08-19 23:07:23.430 62502 INFO tempest.lib.common.rest_client [req-77a7fa55-c6eb-4ed0-8235-4d500fec5fdb req-77a7fa55-c6eb-4ed0-8235-4d500fec5fdb ] Request (ServersTestMultiNic:setUpClass): 201 POST http://10.180.1.21:9696/networking/v2.0/routers 1.989s
2024-08-19 23:07:23.764 62489 INFO tempest.lib.common.rest_client [req-0d54a734-a3d9-4c12-9ec6-2d47b354f44b req-0d54a734-a3d9-4c12-9ec6-2d47b354f44b ] Request (SecurityGroupsNegativeTestJSON:test_delete_the_default_security_group): 400 DELETE http://10.180.1.21/compute/v2.1/os-security-groups/4de4140d-6945-4509-af63-0916ebe62ef6 2.168s
2024-08-19 23:07:23.809 62462 INFO tempest.lib.common.rest_client [req-a8ab67bd-63b8-407b-8171-65968df8766a req-a8ab67bd-63b8-407b-8171-65968df8766a ] Request (FloatingIPDetailsTestJSON:setUpClass): 200 POST http://10.180.1.21/compute/v2.1/os-floating-ips 2.835s
2024-08-19 23:07:23.823 62496 INFO tempest.lib.common.rest_client [req-aa4848d2-51fc-4df0-ae49-3078de4854be req-aa4848d2-51fc-4df0-ae49-3078de4854be ] Request (ServerDiagnosticsTest:tearDownClass): 204 DELETE http://10.180.1.21:9696/networking/v2.0/security-groups/d4a084a7-b030-4130-b396-cc11eae114ae 0.396s
2024-08-19 23:07:23.886 62479 INFO tempest.lib.common.rest_client [req-7e7e082f-e734-4555-a267-fb5100fe4190 req-7e7e082f-e734-4555-a267-fb5100fe4190 ] Request (VolumesAdminNegativeTest:setUpClass): 201 POST http://10.180.1.21:9696/networking/v2.0/networks 0.584s
2024-08-19 23:07:23.899 62496 INFO tempest.lib.common.rest_client [req-8391d912-4e88-4c47-a40a-87b458a98672 req-8391d912-4e88-4c47-a40a-87b458a98672 ] Request (ServerDiagnosticsTest:tearDownClass): 204 DELETE http://10.180.1.21/identity/v3/projects/d6e245649d10465e9855306f241cbfa5 0.075s
2024-08-19 23:07:23.917 62517 INFO tempest.lib.common.rest_client [req-835d68c3-cf4a-4d9d-9a31-57cdeadd9cf6 req-835d68c3-cf4a-4d9d-9a31-57cdeadd9cf6 ] Request (ServersV294TestFqdnHostnames:setUpClass): 201 POST http://10.180.1.21:9696/networking/v2.0/networks 0.640s
2024-08-19 23:07:23.978 62496 INFO tempest.lib.common.rest_client [req-d179c27c-5a8f-4072-98c9-8da923819a42 req-d179c27c-5a8f-4072-98c9-8da923819a42 ] Request (ServerDiagnosticsNegativeTest:setUpClass): 201 POST http://10.180.1.21/identity/v3/auth/tokens 0.077s
2024-08-19 23:07:24.010 62472 INFO tempest.lib.common.rest_client [req-d53650f4-4289-4937-896f-16be1860db9b req-d53650f4-4289-4937-896f-16be1860db9b ] Request (FloatingIPsAssociationTestJSON:setUpClass): 204 DELETE http://10.180.1.21/compute/v2.1/servers/7384f309-7b32-40fc-881e-b967c7b8fec6 2.266s
2024-08-19 23:07:24.014 62496 INFO tempest.lib.common.rest_client [req-1bd71418-e5e2-402c-8eb5-43ebfe7d46b2 req-1bd71418-e5e2-402c-8eb5-43ebfe7d46b2 ] Request (ServerDiagnosticsNegativeTest:setUpClass): 201 POST http://10.180.1.21/identity/v3/auth/tokens 0.033s
2024-08-19 23:07:24.049 62496 INFO tempest.lib.common.rest_client [req-393dd1eb-0079-48e1-9ab8-2e1e54f2e843 req-393dd1eb-0079-48e1-9ab8-2e1e54f2e843 ] Request (ServerDiagnosticsNegativeTest:setUpClass): 200 GET http://10.180.1.21/identity/v3/domains?name=Default 0.035s
2024-08-19 23:07:24.091 62496 INFO tempest.lib.common.rest_client [req-e13dcb31-d675-4207-bc4a-727bf5df3571 req-e13dcb31-d675-4207-bc4a-727bf5df3571 ] Request (ServerDiagnosticsNegativeTest:setUpClass): 201 POST http://10.180.1.21/identity/v3/projects 0.042s
2024-08-19 23:07:24.098 62517 INFO tempest.lib.common.rest_client [req-b5790acd-3d67-46cc-9967-62647b402413 req-b5790acd-3d67-46cc-9967-62647b402413 ] Request (ServersV294TestFqdnHostnames:setUpClass): 201 POST http://10.180.1.21:9696/networking/v2.0/subnets 0.180s
2024-08-19 23:07:24.158 62527 INFO tempest.lib.common.rest_client [req-aff05bb4-9006-4d46-b3e3-d57eb62ba941 req-aff05bb4-9006-4d46-b3e3-d57eb62ba941 ] Request (MigrationsAdminTest:test_list_migrations_in_flavor_resize_situation): 200 GET http://10.180.1.21/compute/v2.1/servers/11e98624-f84b-420e-b5e1-42dbdd4779e3 2.307s
2024-08-19 23:07:24.162 62496 INFO tempest.lib.common.rest_client [req-e617023d-8590-4903-b3c7-5522fef400d8 req-e617023d-8590-4903-b3c7-5522fef400d8 ] Request (ServerDiagnosticsNegativeTest:setUpClass): 201 POST http://10.180.1.21/identity/v3/users 0.070s
