2024-08-19 23:07:42.938 62472 INFO tempest.lib.common.rest_client [req-4d4b2b4d-ae4a-4256-8718-72655f9766c0 req-4d4b2b4d-ae4a-4256-8718-72655f9766c0 ] Request (ServersTestJSON:setUpClass): 201 POST http://10.180.1.21/identity/v3/auth/tokens 0.101s
2024-08-19 23:07:42.957 62486 INFO tempest.lib.common.rest_client [req-b890bfcd-53ec-47b6-9e52-d4f64ed8037f req-b890bfcd-53ec-47b6-9e52-d4f64ed8037f ] Request (AttachInterfacesUnderV243Test:test_add_remove_fixed_ip): 200 GET http://10.180.1.21/compute/v2.1/servers/a36af4bb-2c96-4d9c-9964-21aef231d695 1.643s
2024-08-19 23:07:42.963 62472 INFO tempest.lib.common.rest_client [req-33efa289-7d4a-4f8e-af9e-3675baecbf2e req-33efa289-7d4a-4f8e-af9e-3675baecbf2e ] Request (ServersTestJSON:setUpClass): 200 GET http://10.180.1.21/identity/v3/projects/2ea54f18760640a8a5ad270a7ea434cc 0.025s
2024-08-19 23:07:42.963 62472 INFO tempest.lib.common.dynamic_creds [-] Using the existing project 2ea54f18760640a8a5ad270a7ea434cc for scope project and roles: ['reader']
2024-08-19 23:07:42.994 62466 INFO tempest.lib.common.rest_client [req-4e475f14-3f2e-4c91-b2b5-a4f5df6fe287 req-4e475f14-3f2e-4c91-b2b5-a4f5df6fe287 ] Request (ServerDiskConfigTestJSON:test_rebuild_server_with_auto_disk_config): 200 GET http://10.180.1.21/compute/v2.1/servers/ccaed194-e8b4-4620-be97-588a232af696 1.654s
2024-08-19 23:07:43.002 62472 INFO tempest.lib.common.rest_client [req-576dc90c-ef48-45ca-b177-2b4b3c7fb1d7 req-576dc90c-ef48-45ca-b177-2b4b3c7fb1d7 ] Request (ServersTestJSON:setUpClass): 201 POST http://10.180.1.21/identity/v3/users 0.038s
2024-08-19 23:07:43.022 62480 INFO tempest.lib.common.rest_client [req-c0f3bc51-5eac-411f-baa0-e49644312fe8 req-c0f3bc51-5eac-411f-baa0-e49644312fe8 ] Request (ServersTestManualDisk:setUpClass): 201 POST http://10.180.1.21:9696/networking/v2.0/networks 0.777s
2024-08-19 23:07:43.023 62472 INFO tempest.lib.common.rest_client [req-5a6b8a8c-b6f5-4e53-a6a3-a92f06c3729e req-5a6b8a8c-b6f5-4e53-a6a3-a92f06c3729e ] Request (ServersTestJSON:setUpClass): 200 GET http://10.180.1.21/identity/v3/roles 0.020s
2024-08-19 23:07:43.051 62472 INFO tempest.lib.common.rest_client [req-38bc4e70-5b0a-446c-85d1-0a7e2bb9a775 req-38bc4e70-5b0a-446c-85d1-0a7e2bb9a775 ] Request (ServersTestJSON:setUpClass): 204 PUT http://10.180.1.21/identity/v3/projects/2ea54f18760640a8a5ad270a7ea434cc/users/f4b6250bcb074976b9ca2f753ec27250/roles/ce5c590b28b74f80b0c250e3b7f50f99 0.027s
2024-08-19 23:07:43.051 62472 INFO tempest.lib.common.dynamic_creds [-] Dynamic test user f4b6250bcb074976b9ca2f753ec27250 is created with scope project and roles: ['reader']
2024-08-19 23:07:43.051 62472 INFO tempest.lib.common.dynamic_creds [-] Acquired dynamic creds: credentials: Credentials: {'domain_id': 'default', 'domain_name': 'Default', 'username': 'tempest-ServersTestJSON-125630170-project-reader', 'project_domain_id': 'default', 'project_domain_name': 'Default', 'project_id': '2ea54f18760640a8a5ad270a7ea434cc', 'project_name': 'tempest-ServersTestJSON-125630170', 'tenant_id': '2ea54f18760640a8a5ad270a7ea434cc', 'tenant_name': 'tempest-ServersTestJSON-125630170', 'user_domain_id': 'default', 'user_domain_name': 'Default', 'user_id': 'f4b6250bcb074976b9ca2f753ec27250', 'system': None}, Network: None, Subnet: None, Router: None
2024-08-19 23:07:43.051 62472 INFO tempest.lib.common.dynamic_creds [-] Network resources are not created for requested scope: project and credentials: Credentials: {'domain_id': 'default', 'domain_name': 'Default', 'username': 'tempest-ServersTestJSON-125630170-project-reader', 'project_domain_id': 'default', 'project_domain_name': 'Default', 'project_id': '2ea54f18760640a8a5ad270a7ea434cc', 'project_name': 'tempest-ServersTestJSON-125630170', 'tenant_id': '2ea54f18760640a8a5ad270a7ea434cc', 'tenant_name': 'tempest-ServersTestJSON-125630170', 'user_domain_id': 'default', 'user_domain_name': 'Default', 'user_id': 'f4b6250bcb074976b9ca2f753ec27250', 'system': None}, Network: None, Subnet: None, Router: None
2024-08-19 23:07:43.113 62482 INFO tempest.lib.common.rest_client [req-1bfffe1a-0349-448f-b594-956bdb7762ef req-1bfffe1a-0349-448f-b594-956bdb7762ef ] Request (ValidationResourcesFixture:setUp): 200 POST http://10.180.1.21/compute/v2.1/os-keypairs 1.749s
2024-08-19 23:07:43.120 62517 INFO tempest.lib.common.rest_client [req-15baf0a7-65d7-4635-81b6-d690b0b4f3bf req-15baf0a7-65d7-4635-81b6-d690b0b4f3bf ] Request (ServersV294TestFqdnHostnames:setUpClass): 200 GET http://10.180.1.21/compute/v2.1/servers/3a6e0c6a-cdcf-440a-a494-e12d0546d49e 1.675s
2024-08-19 23:07:43.139 62492 INFO tempest.lib.common.rest_client [req-f761c197-c4b3-4f18-831f-fc7be666b102 req-f761c197-c4b3-4f18-831f-fc7be666b102 ] Request (AggregatesAdminNegativeTestJSON:tearDownClass): 200 GET http://10.180.1.21:9696/networking/v2.0/security-groups?tenant_id=4e785a8a30524b678a0e4895754641f7&name=default 0.504s
2024-08-19 23:07:43.145 62472 INFO tempest.lib.common.rest_client [req-3be55791-e116-4db8-9260-5e051271db87 req-3be55791-e116-4db8-9260-5e051271db87 ] Request (ServersTestJSON:setUpClass): 201 POST http://10.180.1.21/identity/v3/auth/tokens 0.092s
2024-08-19 23:07:43.214 62472 INFO tempest.lib.common.rest_client [req-be118b1f-ecea-4b1b-a792-ecc0730bfb96 req-be118b1f-ecea-4b1b-a792-ecc0730bfb96 ] Request (ServersTestJSON:test_create_server_specify_multibyte_character_name): 201 POST http://10.180.1.21/identity/v3/auth/tokens 0.065s
2024-08-19 23:07:43.215 62472 INFO tempest.lib.common.fixed_network [-] (ServersTestJSON:test_create_server_specify_multibyte_character_name) Found network {'id': 'a370e481-3187-4713-b606-89eb70bd1047', 'name': 'tempest-ServersTestJSON-726125113-network', 'tenant_id': '2ea54f18760640a8a5ad270a7ea434cc', 'admin_state_up': True, 'mtu': 8950, 'status': 'ACTIVE', 'subnets': [], 'shared': False, 'project_id': '2ea54f18760640a8a5ad270a7ea434cc', 'port_security_enabled': True, 'router:external': False, 'provider:network_type': 'vlan', 'provider:physical_network': 'default', 'provider:segmentation_id': 705, 'is_default': False, 'availability_zone_hints': [], 'availability_zones': [], 'ipv4_address_scope': None, 'ipv6_address_scope': None, 'description': '', 'tags': [], 'created_at': '2024-08-19T23:07:36Z', 'updated_at': '2024-08-19T23:07:36Z', 'revision_number': 1} available for tenant
2024-08-19 23:07:43.318 62511 INFO tempest.lib.common.rest_client [req-05b9ece1-b14d-452f-b690-a1b00fffba66 req-05b9ece1-b14d-452f-b690-a1b00fffba66 ] Request (VolumesAssistedSnapshotsTest:test_volume_assisted_snapshot_create_delete): 200 GET http://10.180.1.21/compute/v2.1/servers/7d0094fa-4b0d-48c1-9ff7-e8b7478fd6e2 1.616s
2024-08-19 23:07:43.351 62524 INFO tempest.lib.common.rest_client [req-af82a9ce-de91-4a13-8615-db138564f5f3 req-af82a9ce-de91-4a13-8615-db138564f5f3 ] Request (SecurityGroupRulesNegativeTestJSON:tearDownClass): 204 DELETE http://10.180.1.21:9696/networking/v2.0/routers/6ac07017-f3f5-4b2b-aa59-ebbd6857ab4f 0.980s
2024-08-19 23:07:43.386 62494 INFO tempest.lib.common.rest_client [req-d75ca051-bef7-479a-b1b9-e8c1a7d6bb6d req-d75ca051-bef7-479a-b1b9-e8c1a7d6bb6d ] Request (ServerExternalEventsTest:test_create_server_external_events): 200 GET http://10.180.1.21/compute/v2.1/servers/52bd7ff6-1149-4a56-95c2-806572b526f4 1.558s
2024-08-19 23:07:43.393 62494 INFO tempest.common.waiters [-] State transition "BUILD/spawning" ==> "BUILD/scheduling" after 48 second wait
2024-08-19 23:07:43.458 62519 INFO tempest.lib.common.rest_client [req-a746bdf9-a28d-4fb5-9cd2-ec42fa72f9ee req-a746bdf9-a28d-4fb5-9cd2-ec42fa72f9ee ] Request (ServersWithSpecificFlavorTestJSON:test_verify_created_server_ephemeral_disk): 200 GET http://10.180.1.21/compute/v2.1/servers/7a0241f3-41cc-494a-9a16-bf95b8abfab9 1.482s
2024-08-19 23:07:43.485 62507 INFO tempest.lib.common.rest_client [req-f57a166d-b8f4-490f-8aa5-0de99ef56132 req-f57a166d-b8f4-490f-8aa5-0de99ef56132 ] Request (DeleteServersAdminTestJSON:test_admin_delete_servers_of_others): 404 GET http://10.180.1.21/compute/v2.1/servers/24cb3e4a-dffd-4cb6-9ebd-151c3f11966f 1.461s
2024-08-19 23:07:43.544 62507 INFO tempest.lib.common.rest_client [req-f8b01636-99f9-483f-a273-701ca8bfc2ae req-f8b01636-99f9-483f-a273-701ca8bfc2ae ] Request (DeleteServersAdminTestJSON:test_delete_server_while_in_error_state): 201 POST http://10.180.1.21/identity/v3/auth/tokens 0.051s
2024-08-19 23:07:43.544 62507 INFO tempest.lib.common.fixed_network [-] (DeleteServersAdminTestJSON:test_delete_server_while_in_error_state) Found network None available for tenant
2024-08-19 23:07:43.563 62482 INFO tempest.lib.common.rest_client [req-ecde7ec1-81eb-48d5-a3f8-399aa78734ea req-ecde7ec1-81eb-48d5-a3f8-399aa78734ea ] Request (ValidationResourcesFixture:setUp): 201 POST http://10.180.1.21:9696/networking/v2.0/security-groups 0.448s
2024-08-19 23:07:43.604 62479 INFO tempest.lib.common.rest_client [req-3055925e-c39b-445c-9edb-2f5b2f6d37a4 req-3055925e-c39b-445c-9edb-2f5b2f6d37a4 ] Request (VolumesAdminNegativeTest:test_update_attached_volume_with_nonexistent_volume_in_body): 200 GET http://10.180.1.21/compute/v2.1/servers/ab79e7d9-81d7-4152-af4f-008acee52b80 1.569s
2024-08-19 23:07:43.626 62500 INFO tempest.lib.common.rest_client [req-683cbe3a-7bc6-4bc1-9419-3eb0d69f1586 req-683cbe3a-7bc6-4bc1-9419-3eb0d69f1586 ] Request (ServicesAdminTestJSON:test_list_services): 200 GET http://10.180.1.21/compute/v2.1/os-services 1.571s
2024-08-19 23:07:43.658 62492 INFO tempest.lib.common.rest_client [req-b139c821-99c2-4377-81e3-bfefddd3a9ba req-b139c821-99c2-4377-81e3-bfefddd3a9ba ] Request (AggregatesAdminNegativeTestJSON:tearDownClass): 204 DELETE http://10.180.1.21:9696/networking/v2.0/security-groups/c3f261d6-4bae-4528-8be0-ba81177ab448 0.518s
2024-08-19 23:07:43.708 62489 INFO tempest.lib.common.rest_client [req-7d806752-f3d9-4501-b353-71d2c9641026 req-7d806752-f3d9-4501-b353-71d2c9641026 ] Request (AttachInterfacesV270Test:test_create_get_list_interfaces): 200 GET http://10.180.1.21/compute/v2.1/servers/187828cb-a913-49e0-99ba-f94f9fdd992f 1.536s
2024-08-19 23:07:43.725 62490 INFO tempest.lib.common.rest_client [req-5d9a3594-aaac-4bdd-ad69-d29d3f7e2821 req-5d9a3594-aaac-4bdd-ad69-d29d3f7e2821 ] Request (FlavorsAdminTestJSON:test_is_public_string_variations): 200 GET http://10.180.1.21/compute/v2.1/flavors/detail?is_public=1 1.523s
2024-08-19 23:07:43.745 62480 INFO tempest.lib.common.rest_client [req-9d1b7e40-399e-4319-a438-3e8389e16c66 req-9d1b7e40-399e-4319-a438-3e8389e16c66 ] Request (ServersTestManualDisk:setUpClass): 201 POST http://10.180.1.21:9696/networking/v2.0/subnets 0.722s
2024-08-19 23:07:43.783 62524 INFO tempest.lib.common.rest_client [req-11e83496-6c97-4840-b519-d1e6eeff0bb5 req-11e83496-6c97-4840-b519-d1e6eeff0bb5 ] Request (SecurityGroupRulesNegativeTestJSON:tearDownClass): 204 DELETE http://10.180.1.21:9696/networking/v2.0/subnets/3987327c-a07d-4401-96aa-41bb2a80e96a 0.432s
2024-08-19 23:07:43.794 62500 INFO tempest.lib.common.rest_client [req-39ceb67f-3170-4e66-a60e-60e5167ad23a req-39ceb67f-3170-4e66-a60e-60e5167ad23a ] Request (ServicesAdminTestJSON:tearDownClass): 204 DELETE http://10.180.1.21/identity/v3/users/2fb5d97f14bd41268f43b52d37652dd1 0.165s
2024-08-19 23:07:43.812 62492 INFO tempest.lib.common.rest_client [req-b7534bfb-59bf-42d5-8c11-fe8240004a9d req-b7534bfb-59bf-42d5-8c11-fe8240004a9d ] Request (AggregatesAdminNegativeTestJSON:tearDownClass): 204 DELETE http://10.180.1.21/identity/v3/projects/4e785a8a30524b678a0e4895754641f7 0.154s
2024-08-19 23:07:43.814 62492 INFO tempest.lib.common.dynamic_creds [-] Deleting project and security group for project: bdf491148ae149dea50b71495a076550
2024-08-19 23:07:43.827 62482 INFO tempest.lib.common.rest_client [req-979ebecf-67a2-4d50-b1aa-6113142f33c4 req-979ebecf-67a2-4d50-b1aa-6113142f33c4 ] Request (ValidationResourcesFixture:setUp): 201 POST http://10.180.1.21:9696/networking/v2.0/security-group-rules 0.264s
2024-08-19 23:07:43.830 62522 INFO tempest.lib.common.rest_client [req-ecbbd1a3-cb23-486a-b1c1-1ae4e411b691 req-ecbbd1a3-cb23-486a-b1c1-1ae4e411b691 ] Request (ServerDiagnosticsV248Test:tearDownClass): 200 GET http://10.180.1.21/compute/v2.1/servers/83fa93bc-04b9-4ace-aeaf-7dbcd3c456d8 1.436s
2024-08-19 23:07:43.905 62470 INFO tempest.lib.common.rest_client [req-a26777e8-f057-4605-a80c-0835fb4a1811 req-a26777e8-f057-4605-a80c-0835fb4a1811 ] Request (ServersTestBootFromVolume:setUpClass): 200 GET http://10.180.1.21/volume/v3/71f0830f5b7140868457266402399c14/volumes/56160eb4-9a74-486b-b253-a642a4e5c5b9 0.031s
2024-08-19 23:07:43.933 62474 INFO tempest.lib.common.rest_client [req-75332b03-3208-49fe-92c5-f25b7ed4d0e6 req-75332b03-3208-49fe-92c5-f25b7ed4d0e6 ] Request (ServersAdmin275Test:tearDownClass): 204 DELETE http://10.180.1.21/compute/v2.1/servers/47b420a2-5eeb-4f14-9137-fb591a9dcbe6 1.212s
2024-08-19 23:07:43.943 62500 INFO tempest.lib.common.rest_client [req-a3cd93bd-0e72-48f5-ad33-becba5a9060d req-a3cd93bd-0e72-48f5-ad33-becba5a9060d ] Request (ServicesAdminTestJSON:tearDownClass): 204 DELETE http://10.180.1.21/identity/v3/users/987987d789ac4558bf3ca2b8f5b49dbb 0.148s
2024-08-19 23:07:43.943 62500 INFO tempest.lib.common.dynamic_creds [-] Deleting project and security group for project: 27edf3791fde4ef7a115f8b01efecfca
2024-08-19 23:07:44.004 62500 INFO tempest.lib.common.rest_client [req-60d2308b-6189-434a-8b79-03b25031cc4a req-60d2308b-6189-434a-8b79-03b25031cc4a ] Request (ServicesAdminTestJSON:tearDownClass): 201 POST http://10.180.1.21/identity/v3/auth/tokens 0.060s
2024-08-19 23:07:44.008 62504 INFO tempest.lib.common.rest_client [req-962e84eb-5041-4811-8c11-ee101473a6a7 req-962e84eb-5041-4811-8c11-ee101473a6a7 ] Request (TenantUsagesTestJSON:setUpClass): 200 GET http://10.180.1.21/compute/v2.1/servers/946a30b4-9574-4b9b-8bc7-e951c7c75a9b 1.244s
2024-08-19 23:07:44.111 62492 INFO tempest.lib.common.rest_client [req-9c1068f1-49ef-47f1-ba52-50e9aac161b2 req-9c1068f1-49ef-47f1-ba52-50e9aac161b2 ] Request (AggregatesAdminNegativeTestJSON:tearDownClass): 200 GET http://10.180.1.21:9696/networking/v2.0/security-groups?tenant_id=bdf491148ae149dea50b71495a076550&name=default 0.297s
2024-08-19 23:07:44.112 62509 INFO tempest.lib.common.rest_client [req-62ae59d4-48b4-4e6c-97e6-fb513b1222a6 req-62ae59d4-48b4-4e6c-97e6-fb513b1222a6 ] Request (FloatingIPsAssociationNegativeTestJSON:setUpClass): 200 GET http://10.180.1.21/compute/v2.1/servers/4b41ffc1-acc3-4568-b34e-548a0880a30d 0.964s
2024-08-19 23:07:44.156 62482 INFO tempest.lib.common.rest_client [req-3348a1b4-7200-47e2-8348-e9dc4af96cfb req-3348a1b4-7200-47e2-8348-e9dc4af96cfb ] Request (ValidationResourcesFixture:setUp): 201 POST http://10.180.1.21:9696/networking/v2.0/security-group-rules 0.328s
2024-08-19 23:07:44.160 62462 INFO tempest.lib.common.rest_client [req-e7dcd99f-e71e-400e-b797-0370ba3d28a9 req-e7dcd99f-e71e-400e-b797-0370ba3d28a9 ] Request (FloatingIPDetailsTestJSON:tearDownClass): 202 DELETE http://10.180.1.21/compute/v2.1/os-floating-ips/18bce5e8-4baf-4a9e-91d5-e86853afd8c3 2.496s
2024-08-19 23:07:44.250 62513 INFO tempest.lib.common.rest_client [req-1a7cf84b-2b82-4647-8431-8ce2f31b95ff req-1a7cf84b-2b82-4647-8431-8ce2f31b95ff ] Request (ImagesOneServerTestJSON:setUpClass): 200 GET http://10.180.1.21/compute/v2.1/servers/0840bc67-7390-4977-8004-f7a09358990d 0.999s
2024-08-19 23:07:44.364 62524 INFO tempest.lib.common.rest_client [req-f2e6a17e-424b-43d1-8fe6-47684bcd2c20 req-f2e6a17e-424b-43d1-8fe6-47684bcd2c20 ] Request (SecurityGroupRulesNegativeTestJSON:tearDownClass): 204 DELETE http://10.180.1.21:9696/networking/v2.0/networks/9290eb26-8da8-4788-b3b4-e886019381e5 0.580s
2024-08-19 23:07:44.443 62524 INFO tempest.lib.common.rest_client [req-05ab25c7-a6b9-46b2-b3ca-dd6f66151490 req-05ab25c7-a6b9-46b2-b3ca-dd6f66151490 ] Request (SecurityGroupRulesNegativeTestJSON:tearDownClass): 204 DELETE http://10.180.1.21/identity/v3/users/1d0d436c8d7849038b70291a835fffab 0.079s
2024-08-19 23:07:44.444 62524 INFO tempest.lib.common.dynamic_creds [-] Deleting project and security group for project: c6cddb30cde14b39ac92472da7932b3b
2024-08-19 23:07:44.454 62492 INFO tempest.lib.common.rest_client [req-049b1d9f-dc79-4cc7-9d54-e80c311ad958 req-049b1d9f-dc79-4cc7-9d54-e80c311ad958 ] Request (AggregatesAdminNegativeTestJSON:tearDownClass): 204 DELETE http://10.180.1.21:9696/networking/v2.0/security-groups/6e077a25-8ebe-4e40-8d2a-46f71d48a6c1 0.342s
2024-08-19 23:07:44.484 62496 INFO tempest.lib.common.rest_client [req-91dd8407-346a-4a0e-9b92-fd78ce06d690 req-91dd8407-346a-4a0e-9b92-fd78ce06d690 ] Request (ServerDiagnosticsNegativeTest:test_get_server_diagnostics_by_non_admin): 200 GET http://10.180.1.21/compute/v2.1/servers/56c98167-585f-4e33-8119-59a0c2798ee8 1.173s
2024-08-19 23:07:44.548 62492 INFO tempest.lib.common.rest_client [req-e8f491e2-b175-4f0f-abdb-8442e14a7e0a req-e8f491e2-b175-4f0f-abdb-8442e14a7e0a ] Request (AggregatesAdminNegativeTestJSON:tearDownClass): 204 DELETE http://10.180.1.21/identity/v3/projects/bdf491148ae149dea50b71495a076550 0.094s
2024-08-19 23:07:44.614 62527 INFO tempest.lib.common.rest_client [req-d7055791-a578-4266-b24f-92f494e52254 req-d7055791-a578-4266-b24f-92f494e52254 ] Request (MigrationsAdminTest:test_list_migrations_in_flavor_resize_situation): 200 GET http://10.180.1.21/compute/v2.1/servers/11e98624-f84b-420e-b5e1-42dbdd4779e3 1.146s
2024-08-19 23:07:44.655 62500 INFO tempest.lib.common.rest_client [req-92bb9d53-a6d6-4438-8e5d-4fd0f2b71216 req-92bb9d53-a6d6-4438-8e5d-4fd0f2b71216 ] Request (ServicesAdminTestJSON:tearDownClass): 200 GET http://10.180.1.21:9696/networking/v2.0/security-groups?tenant_id=27edf3791fde4ef7a115f8b01efecfca&name=default 0.651s
2024-08-19 23:07:44.657 62492 INFO tempest.lib.common.rest_client [req-f1dc7883-e15d-4bb2-ae36-63906b322b4a req-f1dc7883-e15d-4bb2-ae36-63906b322b4a ] Request (HostsAdminNegativeTestJSON:setUpClass): 201 POST http://10.180.1.21/identity/v3/auth/tokens 0.107s
2024-08-19 23:07:44.687 62524 INFO tempest.lib.common.rest_client [req-47179efa-ca10-4214-bb2e-bfe6febed1be req-47179efa-ca10-4214-bb2e-bfe6febed1be ] Request (SecurityGroupRulesNegativeTestJSON:tearDownClass): 200 GET http://10.180.1.21:9696/networking/v2.0/security-groups?tenant_id=c6cddb30cde14b39ac92472da7932b3b&name=default 0.243s
2024-08-19 23:07:44.692 62492 INFO tempest.lib.common.rest_client [req-f6cff07b-88e8-4b72-b8b2-e4b4e1572e4e req-f6cff07b-88e8-4b72-b8b2-e4b4e1572e4e ] Request (HostsAdminNegativeTestJSON:setUpClass): 201 POST http://10.180.1.21/identity/v3/auth/tokens 0.033s
2024-08-19 23:07:44.721 62492 INFO tempest.lib.common.rest_client [req-63718389-1966-4202-8803-21031ba5dfbd req-63718389-1966-4202-8803-21031ba5dfbd ] Request (HostsAdminNegativeTestJSON:setUpClass): 200 GET http://10.180.1.21/identity/v3/domains?name=Default 0.029s
2024-08-19 23:07:44.748 62492 INFO tempest.lib.common.rest_client [req-f032e7c2-2c00-42e1-88e8-248517f6fd93 req-f032e7c2-2c00-42e1-88e8-248517f6fd93 ] Request (HostsAdminNegativeTestJSON:setUpClass): 201 POST http://10.180.1.21/identity/v3/projects 0.026s
2024-08-19 23:07:44.811 62492 INFO tempest.lib.common.rest_client [req-2fffd52d-e74f-4ec0-8e59-3adc10845382 req-2fffd52d-e74f-4ec0-8e59-3adc10845382 ] Request (HostsAdminNegativeTestJSON:setUpClass): 201 POST http://10.180.1.21/identity/v3/users 0.063s
2024-08-19 23:07:44.831 62492 INFO tempest.lib.common.rest_client [req-7f4084f8-18d1-466c-af53-ee89a20b363b req-7f4084f8-18d1-466c-af53-ee89a20b363b ] Request (HostsAdminNegativeTestJSON:setUpClass): 200 GET http://10.180.1.21/identity/v3/roles 0.019s
2024-08-19 23:07:44.859 62492 INFO tempest.lib.common.rest_client [req-6900505d-6386-4d0f-9698-d26d97e0ad3c req-6900505d-6386-4d0f-9698-d26d97e0ad3c ] Request (HostsAdminNegativeTestJSON:setUpClass): 204 PUT http://10.180.1.21/identity/v3/projects/b53d95489b39479594036c1af98d5f99/users/d116619108f644a7b771503c36bc40a4/roles/2cb7f3d83c444a8687e72db5905a3c74 0.027s
2024-08-19 23:07:44.859 62492 INFO tempest.lib.common.dynamic_creds [-] Dynamic test user d116619108f644a7b771503c36bc40a4 is created with scope project and roles: ['member']
2024-08-19 23:07:44.860 62492 INFO tempest.lib.common.dynamic_creds [-] Acquired dynamic creds: credentials: Credentials: {'domain_id': 'default', 'domain_name': 'Default', 'username': 'tempest-HostsAdminNegativeTestJSON-263608182-project-member', 'project_domain_id': 'default', 'project_domain_name': 'Default', 'project_id': 'b53d95489b39479594036c1af98d5f99', 'project_name': 'tempest-HostsAdminNegativeTestJSON-263608182', 'tenant_id': 'b53d95489b39479594036c1af98d5f99', 'tenant_name': 'tempest-HostsAdminNegativeTestJSON-263608182', 'user_domain_id': 'default', 'user_domain_name': 'Default', 'user_id': 'd116619108f644a7b771503c36bc40a4', 'system': None}, Network: None, Subnet: None, Router: None
2024-08-19 23:07:44.860 62492 INFO tempest.lib.common.dynamic_creds [-] Created isolated network resources for: credentials: Credentials: {'domain_id': 'default', 'domain_name': 'Default', 'username': 'tempest-HostsAdminNegativeTestJSON-263608182-project-member', 'project_domain_id': 'default', 'project_domain_name': 'Default', 'project_id': 'b53d95489b39479594036c1af98d5f99', 'project_name': 'tempest-HostsAdminNegativeTestJSON-263608182', 'tenant_id': 'b53d95489b39479594036c1af98d5f99', 'tenant_name': 'tempest-HostsAdminNegativeTestJSON-263608182', 'user_domain_id': 'default', 'user_domain_name': 'Default', 'user_id': 'd116619108f644a7b771503c36bc40a4', 'system': None}, Network: None, Subnet: None, Router: None
2024-08-19 23:07:44.938 62470 INFO tempest.lib.common.rest_client [req-f5df6c5a-31e4-4f5e-b3fc-9483f0520a60 req-f5df6c5a-31e4-4f5e-b3fc-9483f0520a60 ] Request (ServersTestBootFromVolume:setUpClass): 200 GET http://10.180.1.21/volume/v3/71f0830f5b7140868457266402399c14/volumes/56160eb4-9a74-486b-b253-a642a4e5c5b9 0.027s
2024-08-19 23:07:44.954 62492 INFO tempest.lib.common.rest_client [req-320aff2a-8cfc-4ed4-bbe4-55fe3cd16948 req-320aff2a-8cfc-4ed4-bbe4-55fe3cd16948 ] Request (HostsAdminNegativeTestJSON:setUpClass): 201 POST http://10.180.1.21/identity/v3/auth/tokens 0.092s
2024-08-19 23:07:45.019 62492 INFO tempest.lib.common.rest_client [req-23fe4302-e773-4810-9f85-708e968e4145 req-23fe4302-e773-4810-9f85-708e968e4145 ] Request (HostsAdminNegativeTestJSON:setUpClass): 201 POST http://10.180.1.21/identity/v3/projects 0.064s
2024-08-19 23:07:45.095 62492 INFO tempest.lib.common.rest_client [req-8a02aba2-4aea-4809-b18e-357e83cbd030 req-8a02aba2-4aea-4809-b18e-357e83cbd030 ] Request (HostsAdminNegativeTestJSON:setUpClass): 201 POST http://10.180.1.21/identity/v3/users 0.075s
2024-08-19 23:07:45.114 62472 INFO tempest.lib.common.rest_client [req-e8d4c3d2-b894-4047-9621-972fed95630e req-e8d4c3d2-b894-4047-9621-972fed95630e ] Request (ServersTestJSON:test_create_server_specify_multibyte_character_name): 202 POST http://10.180.1.21/compute/v2.1/servers 1.899s
2024-08-19 23:07:45.116 62464 INFO tempest.lib.common.rest_client [req-0890789e-6205-4beb-aebe-24de4de29e73 req-0890789e-6205-4beb-aebe-24de4de29e73 ] Request (FloatingIPDetailsNegativeTestJSON:tearDownClass): 200 PUT http://10.180.1.21:9696/networking/v2.0/routers/72d39dc9-64a9-4c58-90c8-794e2f7f499e/remove_router_interface 2.479s
2024-08-19 23:07:45.124 62524 INFO tempest.lib.common.rest_client [req-583657b4-8f47-48fb-b19e-76d2efa28585 req-583657b4-8f47-48fb-b19e-76d2efa28585 ] Request (SecurityGroupRulesNegativeTestJSON:tearDownClass): 204 DELETE http://10.180.1.21:9696/networking/v2.0/security-groups/0be5c0ee-6deb-4a75-9b7a-2ac48c0211c6 0.436s
2024-08-19 23:07:45.135 62492 INFO tempest.lib.common.rest_client [req-ab50fae6-417f-4469-b3f9-045e7040960d req-ab50fae6-417f-4469-b3f9-045e7040960d ] Request (HostsAdminNegativeTestJSON:setUpClass): 200 GET http://10.180.1.21/identity/v3/roles 0.040s
2024-08-19 23:07:45.180 62492 INFO tempest.lib.common.rest_client [req-5b517619-dce2-4208-90ee-4373b21035b1 req-5b517619-dce2-4208-90ee-4373b21035b1 ] Request (HostsAdminNegativeTestJSON:setUpClass): 204 PUT http://10.180.1.21/identity/v3/projects/a064f43656ee4e70b500ef63be4d927e/users/ca291adae8f24aa1bfc33a0806ece0fa/roles/b6169344a49943edb4f8c462094d0648 0.044s
2024-08-19 23:07:45.205 62484 INFO tempest.lib.common.rest_client [req-2f5b847f-ebff-431b-b20d-7ab608795fd0 req-2f5b847f-ebff-431b-b20d-7ab608795fd0 ] Request (ServerShowV247Test:test_update_rebuild_list_server): 200 GET http://10.180.1.21/compute/v2.1/servers/e047a038-bcf1-4f90-929a-465bbee3ef67 1.626s
2024-08-19 23:07:45.235 62490 INFO tempest.lib.common.rest_client [req-07a77137-e6c3-4ae0-b99e-aea4701f3a47 req-07a77137-e6c3-4ae0-b99e-aea4701f3a47 ] Request (FlavorsAdminTestJSON:_run_cleanups): 202 DELETE http://10.180.1.21/compute/v2.1/flavors/748448903 1.505s
2024-08-19 23:07:45.239 62524 INFO tempest.lib.common.rest_client [req-869951a6-c715-466d-b193-98b29a7cb570 req-869951a6-c715-466d-b193-98b29a7cb570 ] Request (SecurityGroupRulesNegativeTestJSON:tearDownClass): 204 DELETE http://10.180.1.21/identity/v3/projects/c6cddb30cde14b39ac92472da7932b3b 0.114s
2024-08-19 23:07:45.273 62500 INFO tempest.lib.common.rest_client [req-f0f69025-1161-4679-94b4-695a6d457481 req-f0f69025-1161-4679-94b4-695a6d457481 ] Request (ServicesAdminTestJSON:tearDownClass): 204 DELETE http://10.180.1.21:9696/networking/v2.0/security-groups/283fc171-a811-419a-a72a-7079c8875d9f 0.617s
2024-08-19 23:07:45.290 62492 INFO tempest.lib.common.rest_client [req-ad7c4f26-8af5-424a-bbca-262aea79a2b1 req-ad7c4f26-8af5-424a-bbca-262aea79a2b1 ] Request (HostsAdminNegativeTestJSON:setUpClass): 200 GET http://10.180.1.21/identity/v3/roles 0.110s
2024-08-19 23:07:45.305 62477 INFO tempest.lib.common.rest_client [req-bf61f05f-16e0-4343-9341-05a3fe127871 req-bf61f05f-16e0-4343-9341-05a3fe127871 ] Request (ListImageFiltersTestJSON:setUpClass): 200 GET http://10.180.1.21/compute/v2.1/servers/4ddf6b0c-f752-4080-bdef-70d954d2c4f6 1.546s
2024-08-19 23:07:45.320 62524 INFO tempest.lib.common.rest_client [req-6465c798-c908-43b8-84c1-0d011af5df41 req-6465c798-c908-43b8-84c1-0d011af5df41 ] Request (AttachInterfacesTestJSON:setUpClass): 201 POST http://10.180.1.21/identity/v3/auth/tokens 0.079s
2024-08-19 23:07:45.343 62492 INFO tempest.lib.common.rest_client [req-3af74165-6145-450d-8510-b655a1dc3c9d req-3af74165-6145-450d-8510-b655a1dc3c9d ] Request (HostsAdminNegativeTestJSON:setUpClass): 204 PUT http://10.180.1.21/identity/v3/projects/a064f43656ee4e70b500ef63be4d927e/users/ca291adae8f24aa1bfc33a0806ece0fa/roles/b6169344a49943edb4f8c462094d0648 0.052s
2024-08-19 23:07:45.343 62492 INFO tempest.lib.common.dynamic_creds [-] Dynamic test user ca291adae8f24aa1bfc33a0806ece0fa is created with scope project and roles: ['admin']
2024-08-19 23:07:45.343 62492 INFO tempest.lib.common.dynamic_creds [-] Acquired dynamic creds: credentials: Credentials: {'domain_id': 'default', 'domain_name': 'Default', 'username': 'tempest-HostsAdminNegativeTestJSON-784496394-project-admin', 'project_domain_id': 'default', 'project_domain_name': 'Default', 'project_id': 'a064f43656ee4e70b500ef63be4d927e', 'project_name': 'tempest-HostsAdminNegativeTestJSON-784496394', 'tenant_id': 'a064f43656ee4e70b500ef63be4d927e', 'tenant_name': 'tempest-HostsAdminNegativeTestJSON-784496394', 'user_domain_id': 'default', 'user_domain_name': 'Default', 'user_id': 'ca291adae8f24aa1bfc33a0806ece0fa', 'system': None}, Network: None, Subnet: None, Router: None
2024-08-19 23:07:45.343 62492 INFO tempest.lib.common.dynamic_creds [-] Created isolated network resources for: credentials: Credentials: {'domain_id': 'default', 'domain_name': 'Default', 'username': 'tempest-HostsAdminNegativeTestJSON-784496394-project-admin', 'project_domain_id': 'default', 'project_domain_name': 'Default', 'project_id': 'a064f43656ee4e70b500ef63be4d927e', 'project_name': 'tempest-HostsAdminNegativeTestJSON-784496394', 'tenant_id': 'a064f43656ee4e70b500ef63be4d927e', 'tenant_name': 'tempest-HostsAdminNegativeTestJSON-784496394', 'user_domain_id': 'default', 'user_domain_name': 'Default', 'user_id': 'ca291adae8f24aa1bfc33a0806ece0fa', 'system': None}, Network: None, Subnet: None, Router: None
2024-08-19 23:07:45.355 62500 INFO tempest.lib.common.rest_client [req-14d43baf-4a2b-433f-9aac-d1f6d4e11024 req-14d43baf-4a2b-433f-9aac-d1f6d4e11024 ] Request (ServicesAdminTestJSON:tearDownClass): 204 DELETE http://10.180.1.21/identity/v3/projects/27edf3791fde4ef7a115f8b01efecfca 0.082s
2024-08-19 23:07:45.356 62500 INFO tempest.lib.common.dynamic_creds [-] Deleting project and security group for project: 23d5598f4ada4a7b959b4b4f34c9b7c1
2024-08-19 23:07:45.398 62507 INFO tempest.lib.common.rest_client [req-6f0fcfa0-b444-4ecb-9fbe-8a959b0801ca req-6f0fcfa0-b444-4ecb-9fbe-8a959b0801ca ] Request (DeleteServersAdminTestJSON:test_delete_server_while_in_error_state): 202 POST http://10.180.1.21/compute/v2.1/servers 1.853s
2024-08-19 23:07:45.409 62524 INFO tempest.lib.common.rest_client [req-14c1a281-9633-494c-824b-fe7df029f28b req-14c1a281-9633-494c-824b-fe7df029f28b ] Request (AttachInterfacesTestJSON:setUpClass): 201 POST http://10.180.1.21/identity/v3/auth/tokens 0.086s
2024-08-19 23:07:45.409 62502 INFO tempest.lib.common.rest_client [req-d58eeb39-8af3-47b6-be35-05b4287bb963 req-d58eeb39-8af3-47b6-be35-05b4287bb963 ] Request (ServersTestMultiNic:test_verify_duplicate_network_nics): 200 GET http://10.180.1.21/compute/v2.1/servers/e5a91d8d-dec1-4026-a498-53e892121962 1.603s
2024-08-19 23:07:45.444 62524 INFO tempest.lib.common.rest_client [req-d4bc7980-491c-49cf-87f1-ebe3185622e2 req-d4bc7980-491c-49cf-87f1-ebe3185622e2 ] Request (AttachInterfacesTestJSON:setUpClass): 200 GET http://10.180.1.21/identity/v3/domains?name=Default 0.035s
2024-08-19 23:07:45.453 62492 INFO tempest.lib.common.rest_client [req-ed1de00a-7d39-477e-9d9b-17da7c2d14fb req-ed1de00a-7d39-477e-9d9b-17da7c2d14fb ] Request (HostsAdminNegativeTestJSON:setUpClass): 201 POST http://10.180.1.21/identity/v3/auth/tokens 0.107s
2024-08-19 23:07:45.473 62515 INFO tempest.lib.common.rest_client [req-86aacf4e-78e6-42d5-a620-c5ab6c1dae7e req-86aacf4e-78e6-42d5-a620-c5ab6c1dae7e ] Request (ServersAdminTestJSON:setUpClass): 200 GET http://10.180.1.21/compute/v2.1/servers/2681b401-47b3-4b05-b923-65e3078074d5 1.611s
2024-08-19 23:07:45.481 62468 INFO tempest.lib.common.rest_client [req-71014710-31e2-459e-a8c5-951587553fb2 req-71014710-31e2-459e-a8c5-951587553fb2 ] Request (ServersTestJSON:setUpClass): 200 GET http://10.180.1.21/compute/v2.1/servers/77de9475-77f5-4833-aaa4-8a1d6de6db9b 1.566s
2024-08-19 23:07:45.485 62524 INFO tempest.lib.common.rest_client [req-8f5bba58-850e-48c3-8734-7e1d7223d74b req-8f5bba58-850e-48c3-8734-7e1d7223d74b ] Request (AttachInterfacesTestJSON:setUpClass): 201 POST http://10.180.1.21/identity/v3/projects 0.040s
2024-08-19 23:07:45.538 62474 INFO tempest.lib.common.rest_client [req-b65acb27-e8b5-4474-a1ff-df2f87e99074 req-b65acb27-e8b5-4474-a1ff-df2f87e99074 ] Request (ServersAdmin275Test:tearDownClass): 200 GET http://10.180.1.21/compute/v2.1/servers/47b420a2-5eeb-4f14-9137-fb591a9dcbe6 1.604s
2024-08-19 23:07:45.546 62524 INFO tempest.lib.common.rest_client [req-4eab757a-5c8b-43f2-bb0a-3c3a3eaf9553 req-4eab757a-5c8b-43f2-bb0a-3c3a3eaf9553 ] Request (AttachInterfacesTestJSON:setUpClass): 201 POST http://10.180.1.21/identity/v3/users 0.060s
2024-08-19 23:07:45.562 62486 INFO tempest.lib.common.rest_client [req-cb0e1ce2-8b14-469b-a37e-2785d6afd202 req-cb0e1ce2-8b14-469b-a37e-2785d6afd202 ] Request (AttachInterfacesUnderV243Test:test_add_remove_fixed_ip): 200 GET http://10.180.1.21/compute/v2.1/servers/a36af4bb-2c96-4d9c-9964-21aef231d695 1.599s
2024-08-19 23:07:45.575 62524 INFO tempest.lib.common.rest_client [req-396f6b2c-07fc-4f77-97e4-1314a942288b req-396f6b2c-07fc-4f77-97e4-1314a942288b ] Request (AttachInterfacesTestJSON:setUpClass): 200 GET http://10.180.1.21/identity/v3/roles 0.029s
2024-08-19 23:07:45.606 62466 INFO tempest.lib.common.rest_client [req-33c951c7-be6c-4d0e-bd0a-620275085897 req-33c951c7-be6c-4d0e-bd0a-620275085897 ] Request (ServerDiskConfigTestJSON:test_rebuild_server_with_auto_disk_config): 200 GET http://10.180.1.21/compute/v2.1/servers/ccaed194-e8b4-4620-be97-588a232af696 1.605s
2024-08-19 23:07:45.609 62524 INFO tempest.lib.common.rest_client [req-63ac3e44-6526-4d0d-a6ac-76cffd46c714 req-63ac3e44-6526-4d0d-a6ac-76cffd46c714 ] Request (AttachInterfacesTestJSON:setUpClass): 204 PUT http://10.180.1.21/identity/v3/projects/efd323367e704a1abc4c3b1bc2d59374/users/9310912765ab445abf1d415bc339fe57/roles/2cb7f3d83c444a8687e72db5905a3c74 0.033s
2024-08-19 23:07:45.609 62524 INFO tempest.lib.common.dynamic_creds [-] Dynamic test user 9310912765ab445abf1d415bc339fe57 is created with scope project and roles: ['member']
2024-08-19 23:07:45.610 62524 INFO tempest.lib.common.dynamic_creds [-] Acquired dynamic creds: credentials: Credentials: {'domain_id': 'default', 'domain_name': 'Default', 'username': 'tempest-AttachInterfacesTestJSON-9510043-project-member', 'project_domain_id': 'default', 'project_domain_name': 'Default', 'project_id': 'efd323367e704a1abc4c3b1bc2d59374', 'project_name': 'tempest-AttachInterfacesTestJSON-9510043', 'tenant_id': 'efd323367e704a1abc4c3b1bc2d59374', 'tenant_name': 'tempest-AttachInterfacesTestJSON-9510043', 'user_domain_id': 'default', 'user_domain_name': 'Default', 'user_id': '9310912765ab445abf1d415bc339fe57', 'system': None}, Network: None, Subnet: None, Router: None
2024-08-19 23:07:45.639 62500 INFO tempest.lib.common.rest_client [req-9c84d0a3-2e45-42f7-8819-90f8096ce29a req-9c84d0a3-2e45-42f7-8819-90f8096ce29a ] Request (ServicesAdminTestJSON:tearDownClass): 200 GET http://10.180.1.21:9696/networking/v2.0/security-groups?tenant_id=23d5598f4ada4a7b959b4b4f34c9b7c1&name=default 0.283s
2024-08-19 23:07:45.662 62517 INFO tempest.lib.common.rest_client [req-2a320c78-c593-4b69-944a-b4c4588067a9 req-2a320c78-c593-4b69-944a-b4c4588067a9 ] Request (ServersV294TestFqdnHostnames:setUpClass): 200 GET http://10.180.1.21/compute/v2.1/servers/3a6e0c6a-cdcf-440a-a494-e12d0546d49e 1.532s
2024-08-19 23:07:45.687 62524 INFO tempest.lib.common.rest_client [req-492cdd22-b03b-464f-8bf0-24e6d3a4f46f req-492cdd22-b03b-464f-8bf0-24e6d3a4f46f ] Request (AttachInterfacesTestJSON:setUpClass): 201 POST http://10.180.1.21/identity/v3/auth/tokens 0.077s
2024-08-19 23:07:45.717 62511 INFO tempest.lib.common.rest_client [req-90c512fb-51e3-4323-9422-f6712693c5e6 req-90c512fb-51e3-4323-9422-f6712693c5e6 ] Request (VolumesAssistedSnapshotsTest:test_volume_assisted_snapshot_create_delete): 200 GET http://10.180.1.21/compute/v2.1/servers/7d0094fa-4b0d-48c1-9ff7-e8b7478fd6e2 1.392s
2024-08-19 23:07:45.792 62519 INFO tempest.lib.common.rest_client [req-d6207c9f-1ce0-45b8-9b73-70dc4ef675bf req-d6207c9f-1ce0-45b8-9b73-70dc4ef675bf ] Request (ServersWithSpecificFlavorTestJSON:test_verify_created_server_ephemeral_disk): 200 GET http://10.180.1.21/compute/v2.1/servers/7a0241f3-41cc-494a-9a16-bf95b8abfab9 1.326s
2024-08-19 23:07:45.869 62479 INFO tempest.lib.common.rest_client [req-50996b0e-93d0-4cde-b2b8-2586fbbd92fc req-50996b0e-93d0-4cde-b2b8-2586fbbd92fc ] Request (VolumesAdminNegativeTest:test_update_attached_volume_with_nonexistent_volume_in_body): 200 GET http://10.180.1.21/compute/v2.1/servers/ab79e7d9-81d7-4152-af4f-008acee52b80 1.258s
2024-08-19 23:07:45.886 62482 INFO tempest.lib.common.rest_client [req-1aa27e4f-06cc-4c15-9647-08b0b71986b6 req-1aa27e4f-06cc-4c15-9647-08b0b71986b6 ] Request (ValidationResourcesFixture:setUp): 201 POST http://10.180.1.21:9696/networking/v2.0/floatingips 1.730s
2024-08-19 23:07:45.926 62494 INFO tempest.lib.common.rest_client [req-97e1c020-eb1e-4a00-834d-15f7bbb20245 req-97e1c020-eb1e-4a00-834d-15f7bbb20245 ] Request (ServerExternalEventsTest:test_create_server_external_events): 200 GET http://10.180.1.21/compute/v2.1/servers/52bd7ff6-1149-4a56-95c2-806572b526f4 1.532s
2024-08-19 23:07:45.932 62494 INFO tempest.common.waiters [-] State transition "BUILD/scheduling" ==> "ERROR/None" after 50 second wait
2024-08-19 23:07:45.939 62489 INFO tempest.lib.common.rest_client [req-7542609a-64a9-4eee-9734-dcb1b0d075ed req-7542609a-64a9-4eee-9734-dcb1b0d075ed ] Request (AttachInterfacesV270Test:test_create_get_list_interfaces): 200 GET http://10.180.1.21/compute/v2.1/servers/187828cb-a913-49e0-99ba-f94f9fdd992f 1.222s
2024-08-19 23:07:45.971 62482 INFO tempest.lib.common.rest_client [req-85628a00-b154-4b69-8813-52f25c2e501f req-85628a00-b154-4b69-8813-52f25c2e501f ] Request (AttachVolumeTestJSON:test_attach_detach_volume): 201 POST http://10.180.1.21/identity/v3/auth/tokens 0.082s
2024-08-19 23:07:45.971 62482 INFO tempest.lib.common.fixed_network [-] (AttachVolumeTestJSON:test_attach_detach_volume) Found network {'id': '9bcc26bc-2fbd-472a-9861-61d2de55622f', 'name': 'tempest-AttachVolumeTestJSON-334602145-network', 'tenant_id': 'e52abd0081cd4eb4926f8d0e26707b4f', 'admin_state_up': True, 'mtu': 8950, 'status': 'ACTIVE', 'subnets': [], 'shared': False, 'project_id': 'e52abd0081cd4eb4926f8d0e26707b4f', 'port_security_enabled': True, 'router:external': False, 'provider:network_type': 'vlan', 'provider:physical_network': 'default', 'provider:segmentation_id': 53, 'is_default': False, 'availability_zone_hints': [], 'availability_zones': [], 'ipv4_address_scope': None, 'ipv6_address_scope': None, 'description': '', 'tags': [], 'created_at': '2024-08-19T23:07:37Z', 'updated_at': '2024-08-19T23:07:37Z', 'revision_number': 1} available for tenant
2024-08-19 23:07:45.977 62470 INFO tempest.lib.common.rest_client [req-3334c37f-d89d-475e-a1f7-7fb0ca6d9ac4 req-3334c37f-d89d-475e-a1f7-7fb0ca6d9ac4 ] Request (ServersTestBootFromVolume:setUpClass): 200 GET http://10.180.1.21/volume/v3/71f0830f5b7140868457266402399c14/volumes/56160eb4-9a74-486b-b253-a642a4e5c5b9 0.029s
2024-08-19 23:07:46.020 62504 INFO tempest.lib.common.rest_client [req-20c68584-47f4-4ea1-a5cc-51a0d08b75d6 req-20c68584-47f4-4ea1-a5cc-51a0d08b75d6 ] Request (TenantUsagesTestJSON:setUpClass): 200 GET http://10.180.1.21/compute/v2.1/servers/946a30b4-9574-4b9b-8bc7-e951c7c75a9b 1.005s
2024-08-19 23:07:46.025 62522 INFO tempest.lib.common.rest_client [req-c4134ffa-05b5-4851-a05d-9515789f8eed req-c4134ffa-05b5-4851-a05d-9515789f8eed ] Request (ServerDiagnosticsV248Test:tearDownClass): 200 GET http://10.180.1.21/compute/v2.1/servers/83fa93bc-04b9-4ace-aeaf-7dbcd3c456d8 1.178s
2024-08-19 23:07:46.038 62480 INFO tempest.lib.common.rest_client [req-d8e2a66b-47bb-43ae-a503-c3159a6dcd6a req-d8e2a66b-47bb-43ae-a503-c3159a6dcd6a ] Request (ServersTestManualDisk:setUpClass): 201 POST http://10.180.1.21:9696/networking/v2.0/routers 2.292s
2024-08-19 23:07:46.088 62472 INFO tempest.lib.common.rest_client [req-f9b007f0-55a7-44cd-b829-c68c656d2b0e req-f9b007f0-55a7-44cd-b829-c68c656d2b0e ] Request (ServersTestJSON:test_create_server_specify_multibyte_character_name): 200 GET http://10.180.1.21/compute/v2.1/servers/ce9bb96a-e79f-452e-9c73-848a00ed776e 0.972s
2024-08-19 23:07:46.094 62509 INFO tempest.lib.common.rest_client [req-194193c0-4d31-4156-b172-451c72a35ccf req-194193c0-4d31-4156-b172-451c72a35ccf ] Request (FloatingIPsAssociationNegativeTestJSON:setUpClass): 200 GET http://10.180.1.21/compute/v2.1/servers/4b41ffc1-acc3-4568-b34e-548a0880a30d 0.975s
2024-08-19 23:07:46.110 62490 INFO tempest.lib.common.rest_client [req-08d4a5a3-4b08-4a95-abe2-d41ff9f21d81 req-08d4a5a3-4b08-4a95-abe2-d41ff9f21d81 ] Request (FlavorsAdminTestJSON:_run_cleanups): 200 GET http://10.180.1.21/compute/v2.1/flavors/detail 0.875s
2024-08-19 23:07:46.124 62500 INFO tempest.lib.common.rest_client [req-e01c2195-fbde-49f3-8ab8-6522b0a96023 req-e01c2195-fbde-49f3-8ab8-6522b0a96023 ] Request (ServicesAdminTestJSON:tearDownClass): 204 DELETE http://10.180.1.21:9696/networking/v2.0/security-groups/1d425d09-d317-4fb5-98f4-a0b88066a6d6 0.484s
2024-08-19 23:07:46.167 62513 INFO tempest.lib.common.rest_client [req-6a9f9980-7f48-4df0-8640-199b4af65acd req-6a9f9980-7f48-4df0-8640-199b4af65acd ] Request (ImagesOneServerTestJSON:setUpClass): 200 GET http://10.180.1.21/compute/v2.1/servers/0840bc67-7390-4977-8004-f7a09358990d 0.909s
2024-08-19 23:07:46.169 62507 INFO tempest.lib.common.rest_client [req-9ba7a88b-ecbe-4fec-8e59-a4b20c8e7f1f req-9ba7a88b-ecbe-4fec-8e59-a4b20c8e7f1f ] Request (DeleteServersAdminTestJSON:test_delete_server_while_in_error_state): 200 GET http://10.180.1.21/compute/v2.1/servers/300e6986-d127-40f4-bd1b-58f9987ac192 0.770s
2024-08-19 23:07:46.172 62464 INFO tempest.lib.common.rest_client [req-dd855c0c-a0d8-4462-8d8f-7e894622e61b req-dd855c0c-a0d8-4462-8d8f-7e894622e61b ] Request (FloatingIPDetailsNegativeTestJSON:tearDownClass): 204 DELETE http://10.180.1.21:9696/networking/v2.0/routers/72d39dc9-64a9-4c58-90c8-794e2f7f499e 1.056s
2024-08-19 23:07:46.215 62500 INFO tempest.lib.common.rest_client [req-6ba0927f-9963-4c0a-aebd-28ada392c633 req-6ba0927f-9963-4c0a-aebd-28ada392c633 ] Request (ServicesAdminTestJSON:tearDownClass): 204 DELETE http://10.180.1.21/identity/v3/projects/23d5598f4ada4a7b959b4b4f34c9b7c1 0.091s
2024-08-19 23:07:46.232 62524 INFO tempest.lib.common.rest_client [req-a17ca41b-b4b5-49f6-8bf3-5e8dd88ae91a req-a17ca41b-b4b5-49f6-8bf3-5e8dd88ae91a ] Request (AttachInterfacesTestJSON:setUpClass): 201 POST http://10.180.1.21:9696/networking/v2.0/networks 0.544s
2024-08-19 23:07:46.289 62500 INFO tempest.lib.common.rest_client [req-d785cc7f-3b47-49c0-b40c-925c048b8a46 req-d785cc7f-3b47-49c0-b40c-925c048b8a46 ] Request (ServerTagsTestJSON:setUpClass): 201 POST http://10.180.1.21/identity/v3/auth/tokens 0.073s
2024-08-19 23:07:46.301 62496 INFO tempest.lib.common.rest_client [req-6bbe93cb-ac12-4a53-bf57-877185949a5c req-6bbe93cb-ac12-4a53-bf57-877185949a5c ] Request (ServerDiagnosticsNegativeTest:test_get_server_diagnostics_by_non_admin): 200 GET http://10.180.1.21/compute/v2.1/servers/56c98167-585f-4e33-8119-59a0c2798ee8 0.810s
2024-08-19 23:07:46.347 62500 INFO tempest.lib.common.rest_client [req-5a8cba9d-7516-48d0-892a-7ec0e1a2dafe req-5a8cba9d-7516-48d0-892a-7ec0e1a2dafe ] Request (ServerTagsTestJSON:setUpClass): 201 POST http://10.180.1.21/identity/v3/auth/tokens 0.055s
2024-08-19 23:07:46.382 62500 INFO tempest.lib.common.rest_client [req-5ee95e0a-15b7-4acb-bfd6-228dade4da5a req-5ee95e0a-15b7-4acb-bfd6-228dade4da5a ] Request (ServerTagsTestJSON:setUpClass): 200 GET http://10.180.1.21/identity/v3/domains?name=Default 0.035s
2024-08-19 23:07:46.396 62527 INFO tempest.lib.common.rest_client [req-f493b5bd-eff8-430c-9b71-342ab042d1f1 req-f493b5bd-eff8-430c-9b71-342ab042d1f1 ] Request (MigrationsAdminTest:test_list_migrations_in_flavor_resize_situation): 200 GET http://10.180.1.21/compute/v2.1/servers/11e98624-f84b-420e-b5e1-42dbdd4779e3 0.774s
2024-08-19 23:07:46.406 62492 INFO tempest.lib.common.rest_client [req-c0fbffd8-3eaf-4d57-9731-1c6aac1be7fc req-c0fbffd8-3eaf-4d57-9731-1c6aac1be7fc ] Request (HostsAdminNegativeTestJSON:setUpClass): 200 GET http://10.180.1.21/compute/v2.1/os-hosts 0.951s
2024-08-19 23:07:46.409 62524 INFO tempest.lib.common.rest_client [req-a8098e21-5cf7-49c3-8325-f97c1539298b req-a8098e21-5cf7-49c3-8325-f97c1539298b ] Request (AttachInterfacesTestJSON:setUpClass): 201 POST http://10.180.1.21:9696/networking/v2.0/subnets 0.177s
2024-08-19 23:07:46.441 62500 INFO tempest.lib.common.rest_client [req-40cb37b9-a207-4eed-9b7d-b2fc72380ce2 req-40cb37b9-a207-4eed-9b7d-b2fc72380ce2 ] Request (ServerTagsTestJSON:setUpClass): 201 POST http://10.180.1.21/identity/v3/projects 0.059s
2024-08-19 23:07:46.478 62464 INFO tempest.lib.common.rest_client [req-729bdc17-5799-4e9d-b775-fbe7336f609a req-729bdc17-5799-4e9d-b775-fbe7336f609a ] Request (FloatingIPDetailsNegativeTestJSON:tearDownClass): 204 DELETE http://10.180.1.21:9696/networking/v2.0/subnets/c95aa503-08d0-44fa-896c-922eab765d84 0.305s
2024-08-19 23:07:46.506 62500 INFO tempest.lib.common.rest_client [req-5df7770a-c7af-4f08-86bf-4d53f229d8b6 req-5df7770a-c7af-4f08-86bf-4d53f229d8b6 ] Request (ServerTagsTestJSON:setUpClass): 201 POST http://10.180.1.21/identity/v3/users 0.064s
2024-08-19 23:07:46.521 62500 INFO tempest.lib.common.rest_client [req-b0b169a1-90eb-4d23-9fe2-d3d782b1b3cf req-b0b169a1-90eb-4d23-9fe2-d3d782b1b3cf ] Request (ServerTagsTestJSON:setUpClass): 200 GET http://10.180.1.21/identity/v3/roles 0.015s
2024-08-19 23:07:46.534 62462 INFO tempest.lib.common.rest_client [req-b1c07039-07bb-4300-b417-c8a174ffd1c4 req-b1c07039-07bb-4300-b417-c8a174ffd1c4 ] Request (FloatingIPDetailsTestJSON:tearDownClass): 200 PUT http://10.180.1.21:9696/networking/v2.0/routers/b8ac61ac-2fe4-4533-957b-3d1019db1126/remove_router_interface 2.373s
2024-08-19 23:07:46.549 62500 INFO tempest.lib.common.rest_client [req-9ca4b946-745d-42c6-817b-c05a6f2da271 req-9ca4b946-745d-42c6-817b-c05a6f2da271 ] Request (ServerTagsTestJSON:setUpClass): 204 PUT http://10.180.1.21/identity/v3/projects/06f8a0a278f0486c9d8afd0f273ef055/users/34b42a263cdd4802be6d6ae37574a95f/roles/2cb7f3d83c444a8687e72db5905a3c74 0.027s
2024-08-19 23:07:46.549 62500 INFO tempest.lib.common.dynamic_creds [-] Dynamic test user 34b42a263cdd4802be6d6ae37574a95f is created with scope project and roles: ['member']
2024-08-19 23:07:46.549 62500 INFO tempest.lib.common.dynamic_creds [-] Acquired dynamic creds: credentials: Credentials: {'domain_id': 'default', 'domain_name': 'Default', 'username': 'tempest-ServerTagsTestJSON-821565445-project-member', 'project_domain_id': 'default', 'project_domain_name': 'Default', 'project_id': '06f8a0a278f0486c9d8afd0f273ef055', 'project_name': 'tempest-ServerTagsTestJSON-821565445', 'tenant_id': '06f8a0a278f0486c9d8afd0f273ef055', 'tenant_name': 'tempest-ServerTagsTestJSON-821565445', 'user_domain_id': 'default', 'user_domain_name': 'Default', 'user_id': '34b42a263cdd4802be6d6ae37574a95f', 'system': None}, Network: None, Subnet: None, Router: None
2024-08-19 23:07:46.631 62500 INFO tempest.lib.common.rest_client [req-28b9ade6-9150-45d2-9cf8-e30ccd604abe req-28b9ade6-9150-45d2-9cf8-e30ccd604abe ] Request (ServerTagsTestJSON:setUpClass): 201 POST http://10.180.1.21/identity/v3/auth/tokens 0.082s
2024-08-19 23:07:46.691 62494 INFO tempest.lib.common.rest_client [req-76d046e9-12fc-4029-bf84-b30887b2ff46 req-76d046e9-12fc-4029-bf84-b30887b2ff46 ] Request (ServerExternalEventsTest:test_create_server_external_events): 204 DELETE http://10.180.1.21/compute/v2.1/servers/52bd7ff6-1149-4a56-95c2-806572b526f4 0.758s
2024-08-19 23:07:46.754 62490 INFO tempest.lib.common.rest_client [req-58aa72d3-2770-4578-85ea-9007f2cc837c req-58aa72d3-2770-4578-85ea-9007f2cc837c ] Request (FlavorsAdminTestJSON:_run_cleanups): 202 DELETE http://10.180.1.21/compute/v2.1/flavors/1272512393 0.640s
2024-08-19 23:07:46.852 62484 INFO tempest.lib.common.rest_client [req-324dc784-bad1-4db3-affa-c961e0daf629 req-324dc784-bad1-4db3-affa-c961e0daf629 ] Request (ServerShowV247Test:test_update_rebuild_list_server): 200 GET http://10.180.1.21/compute/v2.1/servers/e047a038-bcf1-4f90-929a-465bbee3ef67 0.639s
2024-08-19 23:07:46.879 62464 INFO tempest.lib.common.rest_client [req-cc03a2a3-d337-4747-bf4b-172354b00999 req-cc03a2a3-d337-4747-bf4b-172354b00999 ] Request (FloatingIPDetailsNegativeTestJSON:tearDownClass): 204 DELETE http://10.180.1.21:9696/networking/v2.0/networks/98851381-4550-404b-88b2-3a11663eb530 0.401s
2024-08-19 23:07:46.925 62477 INFO tempest.lib.common.rest_client [req-8a8dbd19-c5c0-499a-b674-2b1fbe262e36 req-8a8dbd19-c5c0-499a-b674-2b1fbe262e36 ] Request (ListImageFiltersTestJSON:setUpClass): 200 GET http://10.180.1.21/compute/v2.1/servers/4ddf6b0c-f752-4080-bdef-70d954d2c4f6 0.606s
2024-08-19 23:07:46.978 62464 INFO tempest.lib.common.rest_client [req-004f729b-67c7-44d3-8ed2-847e569f9e5d req-004f729b-67c7-44d3-8ed2-847e569f9e5d ] Request (FloatingIPDetailsNegativeTestJSON:tearDownClass): 204 DELETE http://10.180.1.21/identity/v3/users/49eee33eee6f42569c4903a2830a85a0 0.098s
2024-08-19 23:07:46.978 62464 INFO tempest.lib.common.dynamic_creds [-] Deleting project and security group for project: 1947f768aa5d441abff367066a7efc94
2024-08-19 23:07:47.010 62470 INFO tempest.lib.common.rest_client [req-662fc154-1906-4a87-b0cc-12ef22e54847 req-662fc154-1906-4a87-b0cc-12ef22e54847 ] Request (ServersTestBootFromVolume:setUpClass): 200 GET http://10.180.1.21/volume/v3/71f0830f5b7140868457266402399c14/volumes/56160eb4-9a74-486b-b253-a642a4e5c5b9 0.027s
2024-08-19 23:07:47.016 62470 INFO tempest.common.waiters [-] volume 56160eb4-9a74-486b-b253-a642a4e5c5b9 reached available after waiting for 19.016954 seconds
2024-08-19 23:07:47.093 62492 INFO tempest.lib.common.rest_client [req-300b5ba3-870b-4bc7-a254-b9aa68449204 req-300b5ba3-870b-4bc7-a254-b9aa68449204 ] Request (HostsAdminNegativeTestJSON:test_list_hosts_with_non_admin_user): 403 GET http://10.180.1.21/compute/v2.1/os-hosts 0.685s
2024-08-19 23:07:47.124 62464 INFO tempest.lib.common.rest_client [req-bd4f6610-f130-4dff-af14-5963dca4a04b req-bd4f6610-f130-4dff-af14-5963dca4a04b ] Request (FloatingIPDetailsNegativeTestJSON:tearDownClass): 200 GET http://10.180.1.21:9696/networking/v2.0/security-groups?tenant_id=1947f768aa5d441abff367066a7efc94&name=default 0.145s
2024-08-19 23:07:47.142 62500 INFO tempest.lib.common.rest_client [req-a0b5b258-8575-4997-a6ee-a958b69a1e82 req-a0b5b258-8575-4997-a6ee-a958b69a1e82 ] Request (ServerTagsTestJSON:setUpClass): 201 POST http://10.180.1.21:9696/networking/v2.0/networks 0.510s
2024-08-19 23:07:47.242 62502 INFO tempest.lib.common.rest_client [req-a353f696-40b0-43af-8000-3b1084a78710 req-a353f696-40b0-43af-8000-3b1084a78710 ] Request (ServersTestMultiNic:test_verify_duplicate_network_nics): 200 GET http://10.180.1.21/compute/v2.1/servers/e5a91d8d-dec1-4026-a498-53e892121962 0.824s
2024-08-19 23:07:47.245 62482 INFO tempest.lib.common.rest_client [req-13582703-a18b-4d33-ac17-7616d804925e req-13582703-a18b-4d33-ac17-7616d804925e ] Request (AttachVolumeTestJSON:test_attach_detach_volume): 202 POST http://10.180.1.21/compute/v2.1/servers 1.273s
