2024-08-16 17:26:55.500 62892 INFO tempest.lib.common.dynamic_creds [-] Acquired dynamic creds: credentials: Credentials: {'domain_id': 'default', 'domain_name': 'Default', 'username': 'tempest-ServersAdmin275Test-1788286389-project-member', 'project_domain_id': 'default', 'project_domain_name': 'Default', 'project_id': 'acb475bd8f32414287803c824ff383af', 'project_name': 'tempest-ServersAdmin275Test-1788286389', 'tenant_id': 'acb475bd8f32414287803c824ff383af', 'tenant_name': 'tempest-ServersAdmin275Test-1788286389', 'user_domain_id': 'default', 'user_domain_name': 'Default', 'user_id': '622f15481c2946f9ad3a64f52a2a2d67', 'system': None}, Network: None, Subnet: None, Router: None
2024-08-16 17:26:55.501 62892 INFO tempest.lib.common.dynamic_creds [-] Created isolated network resources for: credentials: Credentials: {'domain_id': 'default', 'domain_name': 'Default', 'username': 'tempest-ServersAdmin275Test-1788286389-project-member', 'project_domain_id': 'default', 'project_domain_name': 'Default', 'project_id': 'acb475bd8f32414287803c824ff383af', 'project_name': 'tempest-ServersAdmin275Test-1788286389', 'tenant_id': 'acb475bd8f32414287803c824ff383af', 'tenant_name': 'tempest-ServersAdmin275Test-1788286389', 'user_domain_id': 'default', 'user_domain_name': 'Default', 'user_id': '622f15481c2946f9ad3a64f52a2a2d67', 'system': None}, Network: None, Subnet: None, Router: None
2024-08-16 17:26:55.551 62872 INFO tempest.lib.common.rest_client [req-819a9b1f-8790-47fe-8416-539e669d9284 req-819a9b1f-8790-47fe-8416-539e669d9284 ] Request (InstanceActionsV221TestJSON:setUpClass): 201 POST http://10.180.1.21/identity/v3/auth/tokens 0.109s
2024-08-16 17:26:55.620 62912 INFO tempest.lib.common.rest_client [req-6d65c377-2ccb-47d4-a856-910190d8f9ca req-6d65c377-2ccb-47d4-a856-910190d8f9ca ] Request (HypervisorAdminNegativeUnderV252Test:tearDownClass): 200 GET http://10.180.1.21:9696/networking/v2.0/security-groups?tenant_id=42c9e2afdafd4d8a900bcb9d2df0af5a&name=default 0.289s
2024-08-16 17:26:55.641 62882 INFO tempest.lib.common.rest_client [req-81a4f2b2-e006-44cb-b01f-a9d968eacd68 req-81a4f2b2-e006-44cb-b01f-a9d968eacd68 ] Request (QuotasSecurityGroupAdminNegativeTest:setUpClass): 201 POST http://10.180.1.21/identity/v3/auth/tokens 0.197s
2024-08-16 17:26:55.674 62872 INFO tempest.lib.common.rest_client [req-d4dfbc47-3079-4872-9d66-35564d5166d3 req-d4dfbc47-3079-4872-9d66-35564d5166d3 ] Request (InstanceActionsV221TestJSON:setUpClass): 200 GET http://10.180.1.21/identity/v3/domains?name=Default 0.122s
2024-08-16 17:26:55.719 62892 INFO tempest.lib.common.rest_client [req-3db0191e-8ca6-41cc-8ed5-99125d83306b req-3db0191e-8ca6-41cc-8ed5-99125d83306b ] Request (ServersAdmin275Test:setUpClass): 201 POST http://10.180.1.21/identity/v3/auth/tokens 0.215s
2024-08-16 17:26:55.747 62882 INFO tempest.lib.common.rest_client [req-32a02b5c-1b2f-43a9-a7e2-d8e6ff644da9 req-32a02b5c-1b2f-43a9-a7e2-d8e6ff644da9 ] Request (QuotasSecurityGroupAdminNegativeTest:setUpClass): 200 GET http://10.180.1.21/identity/v3/domains?name=Default 0.105s
2024-08-16 17:26:55.759 62895 INFO tempest.lib.common.rest_client [req-9a5c6984-bf5b-4f80-9d03-380c0ef928d3 req-9a5c6984-bf5b-4f80-9d03-380c0ef928d3 ] Request (QuotasAdminTestV257:test_get_updated_quotas): 200 GET http://10.180.1.21/compute/v2.1/os-quota-sets/03db90988f0c4ac5910469933c5dd14a?user_id=cf5aa539b9f941cb9f675bead28e8506 1.941s
2024-08-16 17:26:55.770 62892 INFO tempest.lib.common.rest_client [req-0c1620f9-9a98-4978-bf30-742d2a024964 req-0c1620f9-9a98-4978-bf30-742d2a024964 ] Request (ServersAdmin275Test:setUpClass): 201 POST http://10.180.1.21/identity/v3/projects 0.050s
2024-08-16 17:26:55.775 62872 INFO tempest.lib.common.rest_client [req-50f60042-3d18-4ca0-bf57-c22cf54fafa5 req-50f60042-3d18-4ca0-bf57-c22cf54fafa5 ] Request (InstanceActionsV221TestJSON:setUpClass): 201 POST http://10.180.1.21/identity/v3/projects 0.101s
2024-08-16 17:26:55.781 62907 INFO tempest.lib.common.rest_client [req-ce088150-f799-4bda-81be-7b23ae5f4dde req-ce088150-f799-4bda-81be-7b23ae5f4dde ] Request (FlavorsExtraSpecsTestJSON:test_flavor_non_admin_get_specific_key): 200 GET http://10.180.1.21/compute/v2.1/flavors/2062065823/os-extra_specs/hw:numa_nodes 1.942s
2024-08-16 17:26:55.814 62868 INFO tempest.lib.common.rest_client [req-cd0d205f-4996-4841-978c-013c17f67b8c req-cd0d205f-4996-4841-978c-013c17f67b8c ] Request (AggregatesAdminNegativeTestJSON:_run_cleanups): 200 DELETE http://10.180.1.21/compute/v2.1/os-aggregates/1 1.665s
2024-08-16 17:26:55.827 62864 INFO tempest.lib.common.rest_client [req-a5f79cbd-29a6-469e-b1df-a5232e64b6e3 req-a5f79cbd-29a6-469e-b1df-a5232e64b6e3 ] Request (ServersWithSpecificFlavorTestJSON:test_verify_created_server_ephemeral_disk): 200 GET http://10.180.1.21/compute/v2.1/flavors/42/os-extra_specs 1.541s
2024-08-16 17:26:55.851 62882 INFO tempest.lib.common.rest_client [req-d28cc4ae-804f-4bed-905f-1d71b41ef7d5 req-d28cc4ae-804f-4bed-905f-1d71b41ef7d5 ] Request (QuotasSecurityGroupAdminNegativeTest:setUpClass): 201 POST http://10.180.1.21/identity/v3/projects 0.104s
2024-08-16 17:26:55.858 62912 INFO tempest.lib.common.rest_client [req-29951184-9471-4ef5-9f7e-7a20fa530a07 req-29951184-9471-4ef5-9f7e-7a20fa530a07 ] Request (HypervisorAdminNegativeUnderV252Test:tearDownClass): 204 DELETE http://10.180.1.21:9696/networking/v2.0/security-groups/1a36d7d0-c7c3-447b-b6cc-8b0b2ee62b9a 0.237s
2024-08-16 17:26:55.909 62895 INFO tempest.lib.common.rest_client [req-3a6c9624-d6bc-456d-b352-8a01c61e033d req-3a6c9624-d6bc-456d-b352-8a01c61e033d ] Request (QuotasAdminTestV257:_run_cleanups): 204 DELETE http://10.180.1.21/identity/v3/users/cf5aa539b9f941cb9f675bead28e8506 0.148s
2024-08-16 17:26:55.932 62892 INFO tempest.lib.common.rest_client [req-521dd285-e18a-4563-90cc-1ad77a6202b5 req-521dd285-e18a-4563-90cc-1ad77a6202b5 ] Request (ServersAdmin275Test:setUpClass): 201 POST http://10.180.1.21/identity/v3/users 0.161s
2024-08-16 17:26:55.984 62882 INFO tempest.lib.common.rest_client [req-22041d8b-48b1-41b9-84fb-2077088543c8 req-22041d8b-48b1-41b9-84fb-2077088543c8 ] Request (QuotasSecurityGroupAdminNegativeTest:setUpClass): 201 POST http://10.180.1.21/identity/v3/users 0.132s
2024-08-16 17:26:55.986 62866 INFO tempest.lib.common.rest_client [req-484e1c2b-4507-4f40-bee6-3a52d32c5a8c req-484e1c2b-4507-4f40-bee6-3a52d32c5a8c ] Request (ServerDiagnosticsTest:test_get_server_diagnostics): 200 GET http://10.180.1.21/compute/v2.1/servers/030814bf-2510-49a7-a19a-b2afac554287 1.668s
2024-08-16 17:26:56.006 62884 INFO tempest.lib.common.rest_client [req-c45591d6-5ba6-4e49-a7db-5ac41478ad88 req-c45591d6-5ba6-4e49-a7db-5ac41478ad88 ] Request (FlavorsAdminTestJSON:_run_cleanups): 202 DELETE http://10.180.1.21/compute/v2.1/flavors/1901898039 1.677s
2024-08-16 17:26:56.014 62874 INFO tempest.lib.common.rest_client [req-57fc3095-ffef-4bbd-b50f-9b77a864d25f req-57fc3095-ffef-4bbd-b50f-9b77a864d25f ] Request (HypervisorAdminNegativeTestJSON:test_get_nonexistent_hypervisor_uptime): 404 GET http://10.180.1.21/compute/v2.1/os-hypervisors/cd1f28b6-8ccd-465a-a028-7600a2539055/uptime 1.559s
2024-08-16 17:26:56.023 62896 INFO tempest.lib.common.rest_client [req-d5585ecc-6d09-4edb-b158-1312929420b3 req-d5585ecc-6d09-4edb-b158-1312929420b3 ] Request (ServerExternalEventsTest:test_create_server_external_events): 202 POST http://10.180.1.21/compute/v2.1/servers 2.282s
2024-08-16 17:26:56.027 62872 INFO tempest.lib.common.rest_client [req-1787e7b9-994a-4491-aa3b-c0f06241336a req-1787e7b9-994a-4491-aa3b-c0f06241336a ] Request (InstanceActionsV221TestJSON:setUpClass): 201 POST http://10.180.1.21/identity/v3/users 0.251s
2024-08-16 17:26:56.044 62912 INFO tempest.lib.common.rest_client [req-4a054314-8abf-435a-9601-6044deb0c4a2 req-4a054314-8abf-435a-9601-6044deb0c4a2 ] Request (HypervisorAdminNegativeUnderV252Test:tearDownClass): 204 DELETE http://10.180.1.21/identity/v3/projects/42c9e2afdafd4d8a900bcb9d2df0af5a 0.186s
2024-08-16 17:26:56.060 62933 INFO tempest.lib.common.rest_client [req-d3c44c5c-25db-4328-8213-c8135bdf72a1 req-d3c44c5c-25db-4328-8213-c8135bdf72a1 ] Request (HostsAdminNegativeTestJSON:test_startup_nonexistent_host): 404 GET http://10.180.1.21/compute/v2.1/os-hosts/nonexistent_hostname/startup 1.312s
2024-08-16 17:26:56.060 62902 INFO tempest.lib.common.rest_client [req-68aa6a5d-b875-4aa7-81d4-f15778a5a849 req-68aa6a5d-b875-4aa7-81d4-f15778a5a849 ] Request (ServicesAdminNegativeV253TestJSON:test_get_service_by_invalid_service_and_valid_host): 200 GET http://10.180.1.21/compute/v2.1/os-services 1.288s
2024-08-16 17:26:56.100 62920 INFO tempest.lib.common.rest_client [req-33e36a89-d076-44bf-bd95-c379b6af470e req-33e36a89-d076-44bf-bd95-c379b6af470e ] Request (FlavorsAccessNegativeTestJSON:_run_cleanups): 202 DELETE http://10.180.1.21/compute/v2.1/flavors/20166456 1.045s
2024-08-16 17:26:56.102 62892 INFO tempest.lib.common.rest_client [req-9a5c6ffe-7e36-4379-adaf-d406af6ad9ef req-9a5c6ffe-7e36-4379-adaf-d406af6ad9ef ] Request (ServersAdmin275Test:setUpClass): 200 GET http://10.180.1.21/identity/v3/roles 0.169s
2024-08-16 17:26:56.121 62923 INFO tempest.lib.common.rest_client [req-2bff60f1-64fc-49cb-8ca3-52cc3845cf93 req-2bff60f1-64fc-49cb-8ca3-52cc3845cf93 ] Request (FlavorsExtraSpecsNegativeTestJSON:test_flavor_non_admin_update_specific_key): 200 POST http://10.180.1.21/compute/v2.1/flavors/91945959/os-extra_specs 1.060s
2024-08-16 17:26:56.127 62882 INFO tempest.lib.common.rest_client [req-8b1410b7-0d98-41ab-8ed2-4ad679f3c4bc req-8b1410b7-0d98-41ab-8ed2-4ad679f3c4bc ] Request (QuotasSecurityGroupAdminNegativeTest:setUpClass): 200 GET http://10.180.1.21/identity/v3/roles 0.142s
2024-08-16 17:26:56.173 62872 INFO tempest.lib.common.rest_client [req-659e80ab-08a9-41bb-9cad-d8b9531557d6 req-659e80ab-08a9-41bb-9cad-d8b9531557d6 ] Request (InstanceActionsV221TestJSON:setUpClass): 200 GET http://10.180.1.21/identity/v3/roles 0.146s
2024-08-16 17:26:56.211 62895 INFO tempest.lib.common.rest_client [req-35e3180c-8889-492f-ac91-b330a4a177f3 req-35e3180c-8889-492f-ac91-b330a4a177f3 ] Request (QuotasAdminTestV257:_run_cleanups): 204 DELETE http://10.180.1.21/identity/v3/projects/03db90988f0c4ac5910469933c5dd14a 0.301s
2024-08-16 17:26:56.231 62912 INFO tempest.lib.common.rest_client [req-94cdac4c-1053-4c83-a82c-5accfb524fa6 req-94cdac4c-1053-4c83-a82c-5accfb524fa6 ] Request (SecurityGroupRulesTestJSON:setUpClass): 201 POST http://10.180.1.21/identity/v3/auth/tokens 0.185s
2024-08-16 17:26:56.267 62892 INFO tempest.lib.common.rest_client [req-b3246930-455b-4273-9947-fe312bcdbdf1 req-b3246930-455b-4273-9947-fe312bcdbdf1 ] Request (ServersAdmin275Test:setUpClass): 204 PUT http://10.180.1.21/identity/v3/projects/aa04ccef5bf84fd7945e9fc1c3465bb6/users/612ac6b89f2e44bd9b3d4531375bb934/roles/a26a8acfd73a4158838ceac65764d9a4 0.165s
2024-08-16 17:26:56.273 62882 INFO tempest.lib.common.rest_client [req-205f37b5-caa1-41ba-8258-9b4eb91ba354 req-205f37b5-caa1-41ba-8258-9b4eb91ba354 ] Request (QuotasSecurityGroupAdminNegativeTest:setUpClass): 204 PUT http://10.180.1.21/identity/v3/projects/69d4b66d70684463ba986b419e6ad2f8/users/095372d4c40141ac93933738f6abbbfb/roles/612c27af845d45739adbca9524873353 0.146s
2024-08-16 17:26:56.273 62882 INFO tempest.lib.common.dynamic_creds [-] Dynamic test user 095372d4c40141ac93933738f6abbbfb is created with scope project and roles: ['member']
2024-08-16 17:26:56.274 62882 INFO tempest.lib.common.dynamic_creds [-] Acquired dynamic creds: credentials: Credentials: {'domain_id': 'default', 'domain_name': 'Default', 'username': 'tempest-QuotasSecurityGroupAdminNegativeTest-574911119-project-member', 'project_domain_id': 'default', 'project_domain_name': 'Default', 'project_id': '69d4b66d70684463ba986b419e6ad2f8', 'project_name': 'tempest-QuotasSecurityGroupAdminNegativeTest-574911119', 'tenant_id': '69d4b66d70684463ba986b419e6ad2f8', 'tenant_name': 'tempest-QuotasSecurityGroupAdminNegativeTest-574911119', 'user_domain_id': 'default', 'user_domain_name': 'Default', 'user_id': '095372d4c40141ac93933738f6abbbfb', 'system': None}, Network: None, Subnet: None, Router: None
2024-08-16 17:26:56.274 62882 INFO tempest.lib.common.dynamic_creds [-] Created isolated network resources for: credentials: Credentials: {'domain_id': 'default', 'domain_name': 'Default', 'username': 'tempest-QuotasSecurityGroupAdminNegativeTest-574911119-project-member', 'project_domain_id': 'default', 'project_domain_name': 'Default', 'project_id': '69d4b66d70684463ba986b419e6ad2f8', 'project_name': 'tempest-QuotasSecurityGroupAdminNegativeTest-574911119', 'tenant_id': '69d4b66d70684463ba986b419e6ad2f8', 'tenant_name': 'tempest-QuotasSecurityGroupAdminNegativeTest-574911119', 'user_domain_id': 'default', 'user_domain_name': 'Default', 'user_id': '095372d4c40141ac93933738f6abbbfb', 'system': None}, Network: None, Subnet: None, Router: None
2024-08-16 17:26:56.282 62916 INFO tempest.lib.common.rest_client [req-644de1ca-ae4a-4108-9572-e2e698e2a5ee req-644de1ca-ae4a-4108-9572-e2e698e2a5ee ] Request (HypervisorAdminTestJSON:tearDownClass): 200 GET http://10.180.1.21:9696/networking/v2.0/security-groups?tenant_id=293f13fe3db64cd485421257384c42d7&name=default 1.022s
2024-08-16 17:26:56.284 62905 INFO tempest.lib.common.rest_client [req-5dd3c858-1173-4ec8-9aba-305805fbdb5b req-5dd3c858-1173-4ec8-9aba-305805fbdb5b ] Request (DeleteServersAdminTestJSON:test_admin_delete_servers_of_others): 200 GET http://10.180.1.21/compute/v2.1/servers/91d61cd2-a61f-4a8a-8868-3f1f5654e176 1.217s
2024-08-16 17:26:56.303 62886 INFO tempest.lib.common.rest_client [req-54f0b226-63ad-4d5c-a1fc-c099d0b1e9fc req-54f0b226-63ad-4d5c-a1fc-c099d0b1e9fc ] Request (FlavorsAccessTestJSON:_run_cleanups): 202 DELETE http://10.180.1.21/compute/v2.1/flavors/146184097 1.214s
2024-08-16 17:26:56.315 62931 INFO tempest.lib.common.rest_client [req-43e9cb60-40dc-493f-8c83-01a26e31873a req-43e9cb60-40dc-493f-8c83-01a26e31873a ] Request (FlavorsV255TestJSON:_run_cleanups): 202 DELETE http://10.180.1.21/compute/v2.1/flavors/900391338 1.205s
2024-08-16 17:26:56.332 62888 INFO tempest.lib.common.rest_client [req-9220b89d-8515-46c0-a371-a774dd073e3d req-9220b89d-8515-46c0-a371-a774dd073e3d ] Request (ServerDiagnosticsV248Test:test_get_server_diagnostics): 200 GET http://10.180.1.21/compute/v2.1/servers/76004611-5b01-4b15-9411-c60d404bfd25 1.492s
2024-08-16 17:26:56.341 62888 INFO tempest.common.waiters [-] State transition "BUILD/None" ==> "BUILD/spawning" after 5 second wait
2024-08-16 17:26:56.357 62872 INFO tempest.lib.common.rest_client [req-e1c94ff2-47de-4673-acf7-e922d67911db req-e1c94ff2-47de-4673-acf7-e922d67911db ] Request (InstanceActionsV221TestJSON:setUpClass): 204 PUT http://10.180.1.21/identity/v3/projects/ab866d6bb9d84ccca2640d46f54e1b3d/users/813526314627473cbd52b0d110eeaeb8/roles/612c27af845d45739adbca9524873353 0.183s
2024-08-16 17:26:56.357 62872 INFO tempest.lib.common.dynamic_creds [-] Dynamic test user 813526314627473cbd52b0d110eeaeb8 is created with scope project and roles: ['member']
2024-08-16 17:26:56.357 62872 INFO tempest.lib.common.dynamic_creds [-] Acquired dynamic creds: credentials: Credentials: {'domain_id': 'default', 'domain_name': 'Default', 'username': 'tempest-InstanceActionsV221TestJSON-1538959522-project-member', 'project_domain_id': 'default', 'project_domain_name': 'Default', 'project_id': 'ab866d6bb9d84ccca2640d46f54e1b3d', 'project_name': 'tempest-InstanceActionsV221TestJSON-1538959522', 'tenant_id': 'ab866d6bb9d84ccca2640d46f54e1b3d', 'tenant_name': 'tempest-InstanceActionsV221TestJSON-1538959522', 'user_domain_id': 'default', 'user_domain_name': 'Default', 'user_id': '813526314627473cbd52b0d110eeaeb8', 'system': None}, Network: None, Subnet: None, Router: None
2024-08-16 17:26:56.402 62895 INFO tempest.lib.common.rest_client [req-3e00fd70-a552-4e5e-af1d-1d907918189c req-3e00fd70-a552-4e5e-af1d-1d907918189c ] Request (QuotasAdminTestV257:tearDownClass): 204 DELETE http://10.180.1.21/identity/v3/users/2b1e11d0f0de4811b4f8aeb877723c88 0.185s
2024-08-16 17:26:56.407 62898 INFO tempest.lib.common.rest_client [req-29ebc388-126f-4ba9-a7d9-c15b4259e222 req-29ebc388-126f-4ba9-a7d9-c15b4259e222 ] Request (MigrationsAdminTest:test_list_migrations_in_flavor_resize_situation): 200 GET http://10.180.1.21/compute/v2.1/servers/a888fb44-7545-48be-9135-7eb690994cdf 0.954s
2024-08-16 17:26:56.434 62892 INFO tempest.lib.common.rest_client [req-f258092b-48ba-4adf-91b3-5ef5dfe78a29 req-f258092b-48ba-4adf-91b3-5ef5dfe78a29 ] Request (ServersAdmin275Test:setUpClass): 200 GET http://10.180.1.21/identity/v3/roles 0.167s
2024-08-16 17:26:56.444 62916 INFO tempest.lib.common.rest_client [req-c1ceb6d3-aa3d-4349-87e6-23e13fb7bb54 req-c1ceb6d3-aa3d-4349-87e6-23e13fb7bb54 ] Request (HypervisorAdminTestJSON:tearDownClass): 204 DELETE http://10.180.1.21:9696/networking/v2.0/security-groups/4c2d41a3-ae7f-40cf-94a5-9ed967336843 0.161s
2024-08-16 17:26:56.481 62882 INFO tempest.lib.common.rest_client [req-495a2b08-1e33-40ae-818c-578f18723dfa req-495a2b08-1e33-40ae-818c-578f18723dfa ] Request (QuotasSecurityGroupAdminNegativeTest:setUpClass): 201 POST http://10.180.1.21/identity/v3/auth/tokens 0.203s
2024-08-16 17:26:56.488 62912 INFO tempest.lib.common.rest_client [req-7c40559f-f86a-4cb4-a11f-719cd47cad76 req-7c40559f-f86a-4cb4-a11f-719cd47cad76 ] Request (SecurityGroupRulesTestJSON:setUpClass): 201 POST http://10.180.1.21/identity/v3/auth/tokens 0.195s
2024-08-16 17:26:56.506 62872 INFO tempest.lib.common.rest_client [req-b1ca288b-0b60-4844-8f43-7a6bd12ee689 req-b1ca288b-0b60-4844-8f43-7a6bd12ee689 ] Request (InstanceActionsV221TestJSON:setUpClass): 201 POST http://10.180.1.21/identity/v3/auth/tokens 0.148s
2024-08-16 17:26:56.573 62895 INFO tempest.lib.common.rest_client [req-bbf4b3d8-f2c7-4761-89d6-beae0e4f562e req-bbf4b3d8-f2c7-4761-89d6-beae0e4f562e ] Request (QuotasAdminTestV257:tearDownClass): 204 DELETE http://10.180.1.21/identity/v3/users/85a12d366501495ba11d127bb5696d72 0.171s
2024-08-16 17:26:56.574 62895 INFO tempest.lib.common.dynamic_creds [-] Deleting project and security group for project: 7c4f69b5751f4d7fa1c6e9fbde135330
2024-08-16 17:26:56.623 62892 INFO tempest.lib.common.rest_client [req-c6d06a6f-146f-4f4b-8389-dc0639a4cfc5 req-c6d06a6f-146f-4f4b-8389-dc0639a4cfc5 ] Request (ServersAdmin275Test:setUpClass): 204 PUT http://10.180.1.21/identity/v3/projects/aa04ccef5bf84fd7945e9fc1c3465bb6/users/612ac6b89f2e44bd9b3d4531375bb934/roles/a26a8acfd73a4158838ceac65764d9a4 0.188s
2024-08-16 17:26:56.623 62892 INFO tempest.lib.common.dynamic_creds [-] Dynamic test user 612ac6b89f2e44bd9b3d4531375bb934 is created with scope project and roles: ['admin']
2024-08-16 17:26:56.623 62892 INFO tempest.lib.common.dynamic_creds [-] Acquired dynamic creds: credentials: Credentials: {'domain_id': 'default', 'domain_name': 'Default', 'username': 'tempest-ServersAdmin275Test-1989415545-project-admin', 'project_domain_id': 'default', 'project_domain_name': 'Default', 'project_id': 'aa04ccef5bf84fd7945e9fc1c3465bb6', 'project_name': 'tempest-ServersAdmin275Test-1989415545', 'tenant_id': 'aa04ccef5bf84fd7945e9fc1c3465bb6', 'tenant_name': 'tempest-ServersAdmin275Test-1989415545', 'user_domain_id': 'default', 'user_domain_name': 'Default', 'user_id': '612ac6b89f2e44bd9b3d4531375bb934', 'system': None}, Network: None, Subnet: None, Router: None
2024-08-16 17:26:56.623 62892 INFO tempest.lib.common.dynamic_creds [-] Created isolated network resources for: credentials: Credentials: {'domain_id': 'default', 'domain_name': 'Default', 'username': 'tempest-ServersAdmin275Test-1989415545-project-admin', 'project_domain_id': 'default', 'project_domain_name': 'Default', 'project_id': 'aa04ccef5bf84fd7945e9fc1c3465bb6', 'project_name': 'tempest-ServersAdmin275Test-1989415545', 'tenant_id': 'aa04ccef5bf84fd7945e9fc1c3465bb6', 'tenant_name': 'tempest-ServersAdmin275Test-1989415545', 'user_domain_id': 'default', 'user_domain_name': 'Default', 'user_id': '612ac6b89f2e44bd9b3d4531375bb934', 'system': None}, Network: None, Subnet: None, Router: None
2024-08-16 17:26:56.667 62929 INFO tempest.lib.common.rest_client [req-d60df789-32c5-4022-b488-df998c1d6656 req-d60df789-32c5-4022-b488-df998c1d6656 ] Request (ServersTestManualDisk:setUpClass): 200 PUT http://10.180.1.21:9696/networking/v2.0/routers/6e7c550c-0c8a-4a5b-89f8-6cb2b071cf2f/add_router_interface 3.315s
2024-08-16 17:26:56.667 62929 INFO tempest.lib.common.dynamic_creds [-] Created isolated network resources for: credentials: Credentials: {'domain_id': 'default', 'domain_name': 'Default', 'username': 'tempest-ServersTestManualDisk-1584989386-project-member', 'project_domain_id': 'default', 'project_domain_name': 'Default', 'project_id': '8412803d6f7140bcb4e0e8884530c427', 'project_name': 'tempest-ServersTestManualDisk-1584989386', 'tenant_id': '8412803d6f7140bcb4e0e8884530c427', 'tenant_name': 'tempest-ServersTestManualDisk-1584989386', 'user_domain_id': 'default', 'user_domain_name': 'Default', 'user_id': 'db635e39c3e34e7c88f4e20783988d42', 'system': None}, Network: {'id': 'a98bb874-b913-44b9-9fe2-71939aab804f', 'name': 'tempest-ServersTestManualDisk-2030339725-network', 'tenant_id': '8412803d6f7140bcb4e0e8884530c427', 'admin_state_up': True, 'mtu': 8950, 'status': 'ACTIVE', 'subnets': [], 'shared': False, 'project_id': '8412803d6f7140bcb4e0e8884530c427', 'port_security_enabled': True, 'router:external': False, 'provider:network_type': 'vlan', 'provider:physical_network': 'default', 'provider:segmentation_id': 920, 'is_default': False, 'availability_zone_hints': [], 'availability_zones': [], 'ipv4_address_scope': None, 'ipv6_address_scope': None, 'description': '', 'tags': [], 'created_at': '2024-08-16T17:26:50Z', 'updated_at': '2024-08-16T17:26:50Z', 'revision_number': 1}, Subnet: {'id': '5626af8f-3492-4754-8229-6fbd2dc0a1d6', 'name': 'tempest-ServersTestManualDisk-2030339725-subnet', 'tenant_id': '8412803d6f7140bcb4e0e8884530c427', 'network_id': 'a98bb874-b913-44b9-9fe2-71939aab804f', 'ip_version': 4, 'subnetpool_id': None, 'enable_dhcp': True, 'ipv6_ra_mode': None, 'ipv6_address_mode': None, 'gateway_ip': '192.168.128.1', 'cidr': '192.168.128.0/28', 'allocation_pools': [{'start': '192.168.128.2', 'end': '192.168.128.14'}], 'host_routes': [], 'dns_nameservers': [], 'description': '', 'router:external': False, 'service_types': [], 'tags': [], 'created_at': '2024-08-16T17:26:50Z', 'updated_at': '2024-08-16T17:26:50Z', 'revision_number': 0, 'project_id': '8412803d6f7140bcb4e0e8884530c427'}, Router: {'id': '6e7c550c-0c8a-4a5b-89f8-6cb2b071cf2f', 'name': 'tempest-ServersTestManualDisk-2030339725-router', 'tenant_id': '8412803d6f7140bcb4e0e8884530c427', 'admin_state_up': True, 'status': 'ACTIVE', 'external_gateway_info': {'network_id': '620cb512-1da6-401d-90b6-bfd4d6ea88ba', 'external_fixed_ips': [{'subnet_id': '78f74574-0903-413b-af4e-996418ac89ce', 'ip_address': '10.180.180.207'}], 'enable_snat': True}, 'description': '', 'availability_zones': [], 'distributed': False, 'ha': False, 'availability_zone_hints': [], 'routes': [], 'flavor_id': None, 'tags': [], 'created_at': '2024-08-16T17:26:51Z', 'updated_at': '2024-08-16T17:26:52Z', 'revision_number': 2, 'project_id': '8412803d6f7140bcb4e0e8884530c427'}
2024-08-16 17:26:56.689 62882 INFO tempest.lib.common.rest_client [req-2c32dd6c-b054-4b22-a0ab-17036ea873f6 req-2c32dd6c-b054-4b22-a0ab-17036ea873f6 ] Request (QuotasSecurityGroupAdminNegativeTest:setUpClass): 201 POST http://10.180.1.21/identity/v3/projects 0.208s
2024-08-16 17:26:56.692 62907 INFO tempest.lib.common.rest_client [req-3c171fcb-8a5a-4d15-a7c5-2a2c6f2bbe06 req-3c171fcb-8a5a-4d15-a7c5-2a2c6f2bbe06 ] Request (FlavorsExtraSpecsTestJSON:test_flavor_set_get_update_show_unset_keys): 200 POST http://10.180.1.21/compute/v2.1/flavors/2062065823/os-extra_specs 0.910s
2024-08-16 17:26:56.717 62868 INFO tempest.lib.common.rest_client [req-e35271cd-2710-4081-9e88-2ffccc32ebca req-e35271cd-2710-4081-9e88-2ffccc32ebca ] Request (AggregatesAdminNegativeTestJSON:test_aggregate_add_host_as_user): 200 POST http://10.180.1.21/compute/v2.1/os-aggregates 0.898s
2024-08-16 17:26:56.739 62880 INFO tempest.lib.common.rest_client [req-bf092a17-7362-4cb0-be98-aad1c05be8f5 req-bf092a17-7362-4cb0-be98-aad1c05be8f5 ] Request (InstanceActionsTestJSON:setUpClass): 200 PUT http://10.180.1.21:9696/networking/v2.0/routers/cb413fed-5e6f-4ad7-93b5-5f376b2f0a00/add_router_interface 3.396s
2024-08-16 17:26:56.739 62880 INFO tempest.lib.common.dynamic_creds [-] Created isolated network resources for: credentials: Credentials: {'domain_id': 'default', 'domain_name': 'Default', 'username': 'tempest-InstanceActionsTestJSON-1719799330-project-member', 'project_domain_id': 'default', 'project_domain_name': 'Default', 'project_id': '76f21b49d0a6418b91854d77c448235b', 'project_name': 'tempest-InstanceActionsTestJSON-1719799330', 'tenant_id': '76f21b49d0a6418b91854d77c448235b', 'tenant_name': 'tempest-InstanceActionsTestJSON-1719799330', 'user_domain_id': 'default', 'user_domain_name': 'Default', 'user_id': 'e60c4a3ab4ca467f848864e1f585ec72', 'system': None}, Network: {'id': '22e078ca-44c3-44fe-ac2d-ee7e35f8c1be', 'name': 'tempest-InstanceActionsTestJSON-2128104321-network', 'tenant_id': '76f21b49d0a6418b91854d77c448235b', 'admin_state_up': True, 'mtu': 8950, 'status': 'ACTIVE', 'subnets': [], 'shared': False, 'project_id': '76f21b49d0a6418b91854d77c448235b', 'port_security_enabled': True, 'router:external': False, 'provider:network_type': 'vlan', 'provider:physical_network': 'default', 'provider:segmentation_id': 732, 'is_default': False, 'availability_zone_hints': [], 'availability_zones': [], 'ipv4_address_scope': None, 'ipv6_address_scope': None, 'description': '', 'tags': [], 'created_at': '2024-08-16T17:26:50Z', 'updated_at': '2024-08-16T17:26:50Z', 'revision_number': 1}, Subnet: {'id': 'b437fd31-67f1-4bed-bd0e-025a4aa3d233', 'name': 'tempest-InstanceActionsTestJSON-2128104321-subnet', 'tenant_id': '76f21b49d0a6418b91854d77c448235b', 'network_id': '22e078ca-44c3-44fe-ac2d-ee7e35f8c1be', 'ip_version': 4, 'subnetpool_id': None, 'enable_dhcp': True, 'ipv6_ra_mode': None, 'ipv6_address_mode': None, 'gateway_ip': '192.168.128.1', 'cidr': '192.168.128.0/28', 'allocation_pools': [{'start': '192.168.128.2', 'end': '192.168.128.14'}], 'host_routes': [], 'dns_nameservers': [], 'description': '', 'router:external': False, 'service_types': [], 'tags': [], 'created_at': '2024-08-16T17:26:50Z', 'updated_at': '2024-08-16T17:26:50Z', 'revision_number': 0, 'project_id': '76f21b49d0a6418b91854d77c448235b'}, Router: {'id': 'cb413fed-5e6f-4ad7-93b5-5f376b2f0a00', 'name': 'tempest-InstanceActionsTestJSON-2128104321-router', 'tenant_id': '76f21b49d0a6418b91854d77c448235b', 'admin_state_up': True, 'status': 'ACTIVE', 'external_gateway_info': {'network_id': '620cb512-1da6-401d-90b6-bfd4d6ea88ba', 'external_fixed_ips': [{'subnet_id': '78f74574-0903-413b-af4e-996418ac89ce', 'ip_address': '10.180.180.194'}], 'enable_snat': True}, 'description': '', 'availability_zones': [], 'distributed': False, 'ha': False, 'availability_zone_hints': [], 'routes': [], 'flavor_id': None, 'tags': [], 'created_at': '2024-08-16T17:26:51Z', 'updated_at': '2024-08-16T17:26:52Z', 'revision_number': 2, 'project_id': '76f21b49d0a6418b91854d77c448235b'}
2024-08-16 17:26:56.740 62864 INFO tempest.lib.common.rest_client [req-c9af5462-56a4-495c-88b4-12fe9e77f3b9 req-c9af5462-56a4-495c-88b4-12fe9e77f3b9 ] Request (ServersWithSpecificFlavorTestJSON:test_verify_created_server_ephemeral_disk): 200 POST http://10.180.1.21/compute/v2.1/flavors/267941959/os-extra_specs 0.911s
2024-08-16 17:26:56.751 62916 INFO tempest.lib.common.rest_client [req-fcb88e10-de44-4f2f-901c-1f0f5f09f9b9 req-fcb88e10-de44-4f2f-901c-1f0f5f09f9b9 ] Request (HypervisorAdminTestJSON:tearDownClass): 204 DELETE http://10.180.1.21/identity/v3/projects/293f13fe3db64cd485421257384c42d7 0.306s
2024-08-16 17:26:56.751 62916 INFO tempest.lib.common.dynamic_creds [-] Deleting project and security group for project: 7d01d6068004437484a526087385f5d2
2024-08-16 17:26:56.773 62912 INFO tempest.lib.common.rest_client [req-8f544ee7-d1f8-49c2-9258-750a28e91f75 req-8f544ee7-d1f8-49c2-9258-750a28e91f75 ] Request (SecurityGroupRulesTestJSON:setUpClass): 200 GET http://10.180.1.21/identity/v3/domains?name=Default 0.284s
2024-08-16 17:26:56.783 62878 INFO tempest.lib.common.rest_client [req-8cdd3aa7-14c9-45ee-89af-36c0cb56dc2a req-8cdd3aa7-14c9-45ee-89af-36c0cb56dc2a ] Request (HostsAdminTestJSON:test_list_hosts_with_zone): 200 GET http://10.180.1.21/compute/v2.1/os-hosts 0.909s
2024-08-16 17:26:56.809 62884 INFO tempest.lib.common.rest_client [req-40759caf-7457-4956-8281-b8de19c5b2b7 req-40759caf-7457-4956-8281-b8de19c5b2b7 ] Request (FlavorsAdminTestJSON:_run_cleanups): 200 GET http://10.180.1.21/compute/v2.1/flavors/detail 0.802s
2024-08-16 17:26:56.820 62895 INFO tempest.lib.common.rest_client [req-8555de04-5c99-4161-ab09-824e2e65e894 req-8555de04-5c99-4161-ab09-824e2e65e894 ] Request (QuotasAdminTestV257:tearDownClass): 201 POST http://10.180.1.21/identity/v3/auth/tokens 0.246s
2024-08-16 17:26:56.843 62874 INFO tempest.lib.common.rest_client [req-91737dad-a018-4ce8-87d4-009be6a4ea75 req-91737dad-a018-4ce8-87d4-009be6a4ea75 ] Request (HypervisorAdminNegativeTestJSON:test_show_hypervisor_with_non_admin_user): 200 GET http://10.180.1.21/compute/v2.1/os-hypervisors 0.827s
2024-08-16 17:26:56.890 62892 INFO tempest.lib.common.rest_client [req-49ed37ca-165a-4869-944c-45fb157884c5 req-49ed37ca-165a-4869-944c-45fb157884c5 ] Request (ServersAdmin275Test:setUpClass): 201 POST http://10.180.1.21/identity/v3/auth/tokens 0.264s
2024-08-16 17:26:56.896 62929 INFO tempest.lib.common.rest_client [req-17116e41-998e-4618-8ed2-6f46d6d5affe req-17116e41-998e-4618-8ed2-6f46d6d5affe ] Request (ServersTestManualDisk:setUpClass): 201 POST http://10.180.1.21/identity/v3/auth/tokens 0.226s
2024-08-16 17:26:56.930 62882 INFO tempest.lib.common.rest_client [req-9a471aaa-34d0-426d-8bd8-eba3fa2528b6 req-9a471aaa-34d0-426d-8bd8-eba3fa2528b6 ] Request (QuotasSecurityGroupAdminNegativeTest:setUpClass): 201 POST http://10.180.1.21/identity/v3/users 0.240s
2024-08-16 17:26:56.959 62912 INFO tempest.lib.common.rest_client [req-ed8d7f69-392e-4508-978a-ee437129e7c6 req-ed8d7f69-392e-4508-978a-ee437129e7c6 ] Request (SecurityGroupRulesTestJSON:setUpClass): 201 POST http://10.180.1.21/identity/v3/projects 0.186s
2024-08-16 17:26:56.960 62896 INFO tempest.lib.common.rest_client [req-694b7231-4490-43c0-9ff5-3ff30eeb01ad req-694b7231-4490-43c0-9ff5-3ff30eeb01ad ] Request (ServerExternalEventsTest:test_create_server_external_events): 200 GET http://10.180.1.21/compute/v2.1/servers/b23b9e5a-b4cd-43e0-ab66-3bdf1d82883e 0.935s
2024-08-16 17:26:56.962 62880 INFO tempest.lib.common.rest_client [req-25bd2d7b-2d99-4b11-8855-a4130fd35dff req-25bd2d7b-2d99-4b11-8855-a4130fd35dff ] Request (InstanceActionsTestJSON:setUpClass): 201 POST http://10.180.1.21/identity/v3/auth/tokens 0.218s
2024-08-16 17:26:56.965 62933 INFO tempest.lib.common.rest_client [req-bd0047f7-ca5f-4d47-bdc8-1f82b1dea766 req-bd0047f7-ca5f-4d47-bdc8-1f82b1dea766 ] Request (HostsAdminNegativeTestJSON:test_update_host_with_invalid_maintenance_mode): 400 PUT http://10.180.1.21/compute/v2.1/os-hosts/devstack 0.903s
2024-08-16 17:26:56.991 62902 INFO tempest.lib.common.rest_client [req-1c226713-3e7f-4533-bfe0-82ed02684bc5 req-1c226713-3e7f-4533-bfe0-82ed02684bc5 ] Request (ServicesAdminNegativeV253TestJSON:test_get_service_by_invalid_service_and_valid_host): 200 GET http://10.180.1.21/compute/v2.1/os-services?host=devstack&binary=xxx 0.928s
2024-08-16 17:26:57.007 62920 INFO tempest.lib.common.rest_client [req-dc6d44bb-c7ac-4501-9848-6be80dfddc42 req-dc6d44bb-c7ac-4501-9848-6be80dfddc42 ] Request (FlavorsAccessNegativeTestJSON:_run_cleanups): 200 GET http://10.180.1.21/compute/v2.1/flavors/detail 0.907s
2024-08-16 17:26:57.011 62892 INFO tempest.lib.common.rest_client [req-9006e8dc-9ffa-4438-8613-9700d7141b1d req-9006e8dc-9ffa-4438-8613-9700d7141b1d ] Request (ServersAdmin275Test:test_rebuild_update_server_275): 201 POST http://10.180.1.21/identity/v3/auth/tokens 0.116s
2024-08-16 17:26:57.012 62892 INFO tempest.lib.common.fixed_network [-] (ServersAdmin275Test:test_rebuild_update_server_275) Found network None available for tenant
2024-08-16 17:26:57.014 62923 INFO tempest.lib.common.rest_client [req-2708bea5-800e-4362-a815-27317f613233 req-2708bea5-800e-4362-a815-27317f613233 ] Request (FlavorsExtraSpecsNegativeTestJSON:test_flavor_non_admin_update_specific_key): 403 PUT http://10.180.1.21/compute/v2.1/flavors/91945959/os-extra_specs/hw:numa_nodes 0.892s
2024-08-16 17:26:57.047 62916 INFO tempest.lib.common.rest_client [req-cd22e0ee-8c8a-4f20-a76f-c9e7c04b839a req-cd22e0ee-8c8a-4f20-a76f-c9e7c04b839a ] Request (HypervisorAdminTestJSON:tearDownClass): 200 GET http://10.180.1.21:9696/networking/v2.0/security-groups?tenant_id=7d01d6068004437484a526087385f5d2&name=default 0.295s
2024-08-16 17:26:57.058 62882 INFO tempest.lib.common.rest_client [req-593311b8-8ce4-4658-9b63-511d201081b9 req-593311b8-8ce4-4658-9b63-511d201081b9 ] Request (QuotasSecurityGroupAdminNegativeTest:setUpClass): 200 GET http://10.180.1.21/identity/v3/roles 0.128s
2024-08-16 17:26:57.081 62912 INFO tempest.lib.common.rest_client [req-dcc2fb28-0c43-4d77-9484-2618e6d50510 req-dcc2fb28-0c43-4d77-9484-2618e6d50510 ] Request (SecurityGroupRulesTestJSON:setUpClass): 201 POST http://10.180.1.21/identity/v3/users 0.121s
2024-08-16 17:26:57.129 62880 INFO tempest.lib.common.rest_client [req-49d7a17b-e02f-451d-8f19-7ef1897472f2 req-49d7a17b-e02f-451d-8f19-7ef1897472f2 ] Request (InstanceActionsTestJSON:setUpClass): 201 POST http://10.180.1.21/identity/v3/auth/tokens 0.164s
2024-08-16 17:26:57.130 62880 INFO tempest.lib.common.fixed_network [-] (InstanceActionsTestJSON:setUpClass) Found network {'id': '22e078ca-44c3-44fe-ac2d-ee7e35f8c1be', 'name': 'tempest-InstanceActionsTestJSON-2128104321-network', 'tenant_id': '76f21b49d0a6418b91854d77c448235b', 'admin_state_up': True, 'mtu': 8950, 'status': 'ACTIVE', 'subnets': [], 'shared': False, 'project_id': '76f21b49d0a6418b91854d77c448235b', 'port_security_enabled': True, 'router:external': False, 'provider:network_type': 'vlan', 'provider:physical_network': 'default', 'provider:segmentation_id': 732, 'is_default': False, 'availability_zone_hints': [], 'availability_zones': [], 'ipv4_address_scope': None, 'ipv6_address_scope': None, 'description': '', 'tags': [], 'created_at': '2024-08-16T17:26:50Z', 'updated_at': '2024-08-16T17:26:50Z', 'revision_number': 1} available for tenant
2024-08-16 17:26:57.133 62872 INFO tempest.lib.common.rest_client [req-a48cc01d-3a7d-4ffd-a3b4-7917e1d48fc6 req-a48cc01d-3a7d-4ffd-a3b4-7917e1d48fc6 ] Request (InstanceActionsV221TestJSON:setUpClass): 201 POST http://10.180.1.21:9696/networking/v2.0/networks 0.627s
2024-08-16 17:26:57.166 62882 INFO tempest.lib.common.rest_client [req-49d00b7e-bece-4689-95ba-934cdbc35b15 req-49d00b7e-bece-4689-95ba-934cdbc35b15 ] Request (QuotasSecurityGroupAdminNegativeTest:setUpClass): 204 PUT http://10.180.1.21/identity/v3/projects/9bca2ef836af4b9ba4518e4ce27620d0/users/b89353b5d3294b9c9c0ae6a1dfc78812/roles/a26a8acfd73a4158838ceac65764d9a4 0.107s
2024-08-16 17:26:57.189 62921 INFO tempest.lib.common.rest_client [req-3c6df546-25d7-46f8-8c45-398b08415b20 req-3c6df546-25d7-46f8-8c45-398b08415b20 ] Request (QuotaClassesAdminTestJSON:test_update_default_quotas): 200 GET http://10.180.1.21/compute/v2.1/os-quota-class-sets/default 0.958s
2024-08-16 17:26:57.208 62886 INFO tempest.lib.common.rest_client [req-3d61a1fb-0c75-401d-9215-836e037d3af4 req-3d61a1fb-0c75-401d-9215-836e037d3af4 ] Request (FlavorsAccessTestJSON:_run_cleanups): 200 GET http://10.180.1.21/compute/v2.1/flavors/detail 0.905s
2024-08-16 17:26:57.228 62931 INFO tempest.lib.common.rest_client [req-094bc617-190f-4b30-825b-860b2f2eb0b5 req-094bc617-190f-4b30-825b-860b2f2eb0b5 ] Request (FlavorsV255TestJSON:_run_cleanups): 200 GET http://10.180.1.21/compute/v2.1/flavors/detail 0.912s
2024-08-16 17:26:57.243 62909 INFO tempest.lib.common.rest_client [req-00e9646b-fd52-46d1-bdb2-ae25be341788 req-00e9646b-fd52-46d1-bdb2-ae25be341788 ] Request (VolumesAssistedSnapshotsTest:setUpClass): 201 POST http://10.180.1.21:9696/networking/v2.0/routers 2.047s
2024-08-16 17:26:57.248 62882 INFO tempest.lib.common.rest_client [req-4273799e-87ca-4707-8b2f-815cbec7eee7 req-4273799e-87ca-4707-8b2f-815cbec7eee7 ] Request (QuotasSecurityGroupAdminNegativeTest:setUpClass): 200 GET http://10.180.1.21/identity/v3/roles 0.081s
2024-08-16 17:26:57.250 62912 INFO tempest.lib.common.rest_client [req-71e90677-25db-4a59-ab2d-f68a4dda282b req-71e90677-25db-4a59-ab2d-f68a4dda282b ] Request (SecurityGroupRulesTestJSON:setUpClass): 200 GET http://10.180.1.21/identity/v3/roles 0.168s
2024-08-16 17:26:57.271 62882 INFO tempest.lib.common.rest_client [req-4afb6908-5a85-4874-ad87-65fbf1cc4d3d req-4afb6908-5a85-4874-ad87-65fbf1cc4d3d ] Request (QuotasSecurityGroupAdminNegativeTest:setUpClass): 204 PUT http://10.180.1.21/identity/v3/projects/9bca2ef836af4b9ba4518e4ce27620d0/users/b89353b5d3294b9c9c0ae6a1dfc78812/roles/a26a8acfd73a4158838ceac65764d9a4 0.023s
2024-08-16 17:26:57.271 62882 INFO tempest.lib.common.dynamic_creds [-] Dynamic test user b89353b5d3294b9c9c0ae6a1dfc78812 is created with scope project and roles: ['admin']
2024-08-16 17:26:57.272 62882 INFO tempest.lib.common.dynamic_creds [-] Acquired dynamic creds: credentials: Credentials: {'domain_id': 'default', 'domain_name': 'Default', 'username': 'tempest-QuotasSecurityGroupAdminNegativeTest-1447489466-project-admin', 'project_domain_id': 'default', 'project_domain_name': 'Default', 'project_id': '9bca2ef836af4b9ba4518e4ce27620d0', 'project_name': 'tempest-QuotasSecurityGroupAdminNegativeTest-1447489466', 'tenant_id': '9bca2ef836af4b9ba4518e4ce27620d0', 'tenant_name': 'tempest-QuotasSecurityGroupAdminNegativeTest-1447489466', 'user_domain_id': 'default', 'user_domain_name': 'Default', 'user_id': 'b89353b5d3294b9c9c0ae6a1dfc78812', 'system': None}, Network: None, Subnet: None, Router: None
2024-08-16 17:26:57.272 62882 INFO tempest.lib.common.dynamic_creds [-] Created isolated network resources for: credentials: Credentials: {'domain_id': 'default', 'domain_name': 'Default', 'username': 'tempest-QuotasSecurityGroupAdminNegativeTest-1447489466-project-admin', 'project_domain_id': 'default', 'project_domain_name': 'Default', 'project_id': '9bca2ef836af4b9ba4518e4ce27620d0', 'project_name': 'tempest-QuotasSecurityGroupAdminNegativeTest-1447489466', 'tenant_id': '9bca2ef836af4b9ba4518e4ce27620d0', 'tenant_name': 'tempest-QuotasSecurityGroupAdminNegativeTest-1447489466', 'user_domain_id': 'default', 'user_domain_name': 'Default', 'user_id': 'b89353b5d3294b9c9c0ae6a1dfc78812', 'system': None}, Network: None, Subnet: None, Router: None
2024-08-16 17:26:57.307 62931 INFO tempest.lib.common.rest_client [req-9999b27b-0370-47b1-a36b-f7df73b07df1 req-9999b27b-0370-47b1-a36b-f7df73b07df1 ] Request (FlavorsV255TestJSON:tearDownClass): 204 DELETE http://10.180.1.21/identity/v3/users/38affd22bf0146508cbf8bece0fc0bcb 0.069s
2024-08-16 17:26:57.322 62903 INFO tempest.lib.common.rest_client [req-5250e58c-d779-41da-b497-580f5f99ee74 req-5250e58c-d779-41da-b497-580f5f99ee74 ] Request (ServerDiagnosticsNegativeTest:test_get_server_diagnostics_by_non_admin): 200 GET http://10.180.1.21/compute/v2.1/servers/f3dfc3d7-eccf-4c25-bb74-4eba0aa3407a 0.864s
2024-08-16 17:26:57.335 62907 INFO tempest.lib.common.rest_client [req-ba02bf4a-5755-4319-808e-c49a738c3566 req-ba02bf4a-5755-4319-808e-c49a738c3566 ] Request (FlavorsExtraSpecsTestJSON:test_flavor_set_get_update_show_unset_keys): 200 GET http://10.180.1.21/compute/v2.1/flavors/2062065823/os-extra_specs 0.641s
2024-08-16 17:26:57.378 62912 INFO tempest.lib.common.rest_client [req-04aee7fc-4e04-4430-a059-db443d07ec96 req-04aee7fc-4e04-4430-a059-db443d07ec96 ] Request (SecurityGroupRulesTestJSON:setUpClass): 204 PUT http://10.180.1.21/identity/v3/projects/59c55fc45c5e426c90811e0e27124152/users/3cf5a255982a4bee87c731ea04b55349/roles/612c27af845d45739adbca9524873353 0.127s
2024-08-16 17:26:57.378 62912 INFO tempest.lib.common.dynamic_creds [-] Dynamic test user 3cf5a255982a4bee87c731ea04b55349 is created with scope project and roles: ['member']
2024-08-16 17:26:57.379 62912 INFO tempest.lib.common.dynamic_creds [-] Acquired dynamic creds: credentials: Credentials: {'domain_id': 'default', 'domain_name': 'Default', 'username': 'tempest-SecurityGroupRulesTestJSON-1761134170-project-member', 'project_domain_id': 'default', 'project_domain_name': 'Default', 'project_id': '59c55fc45c5e426c90811e0e27124152', 'project_name': 'tempest-SecurityGroupRulesTestJSON-1761134170', 'tenant_id': '59c55fc45c5e426c90811e0e27124152', 'tenant_name': 'tempest-SecurityGroupRulesTestJSON-1761134170', 'user_domain_id': 'default', 'user_domain_name': 'Default', 'user_id': '3cf5a255982a4bee87c731ea04b55349', 'system': None}, Network: None, Subnet: None, Router: None
2024-08-16 17:26:57.385 62882 INFO tempest.lib.common.rest_client [req-d06de046-7a0b-462d-b2e2-a7db91005385 req-d06de046-7a0b-462d-b2e2-a7db91005385 ] Request (QuotasSecurityGroupAdminNegativeTest:setUpClass): 201 POST http://10.180.1.21/identity/v3/auth/tokens 0.111s
2024-08-16 17:26:57.386 62882 WARNING tempest.lib.common.rest_client [-] Deprecated: "tenant_id" property is deprecated for removal, use "project_id" instead
2024-08-16 17:26:57.466 62916 INFO tempest.lib.common.rest_client [req-e23f3d45-063c-47f8-97bf-f5f1032037f7 req-e23f3d45-063c-47f8-97bf-f5f1032037f7 ] Request (HypervisorAdminTestJSON:tearDownClass): 204 DELETE http://10.180.1.21:9696/networking/v2.0/security-groups/72dcc53b-49f3-46ef-b9e9-900fe9a76f9b 0.419s
2024-08-16 17:26:57.498 62876 INFO tempest.lib.common.rest_client [req-0857a08a-46d5-4baa-a67d-706a2e26a8b6 req-0857a08a-46d5-4baa-a67d-706a2e26a8b6 ] Request (FloatingIPsTestJSON:test_delete_floating_ip): 200 POST http://10.180.1.21/compute/v2.1/os-floating-ips 2.371s
2024-08-16 17:26:57.508 62931 INFO tempest.lib.common.rest_client [req-1ad108e2-2493-4c9b-a808-4510a790239c req-1ad108e2-2493-4c9b-a808-4510a790239c ] Request (FlavorsV255TestJSON:tearDownClass): 204 DELETE http://10.180.1.21/identity/v3/users/7929670a954b4ac081f2797ef2a77163 0.201s
2024-08-16 17:26:57.509 62931 INFO tempest.lib.common.dynamic_creds [-] Deleting project and security group for project: 0d2acc93c1bc4a1db8253a00b72ef4f0
2024-08-16 17:26:57.512 62895 INFO tempest.lib.common.rest_client [req-9e2dc3e3-5325-4743-90dc-dad02e5195f5 req-9e2dc3e3-5325-4743-90dc-dad02e5195f5 ] Request (QuotasAdminTestV257:tearDownClass): 200 GET http://10.180.1.21:9696/networking/v2.0/security-groups?tenant_id=7c4f69b5751f4d7fa1c6e9fbde135330&name=default 0.692s
2024-08-16 17:26:57.529 62868 INFO tempest.lib.common.rest_client [req-51fd6a58-c41d-48bb-90a9-d36e30b40a4c req-51fd6a58-c41d-48bb-90a9-d36e30b40a4c ] Request (AggregatesAdminNegativeTestJSON:test_aggregate_add_host_as_user): 403 POST http://10.180.1.21/compute/v2.1/os-aggregates/2/action 0.810s
2024-08-16 17:26:57.537 62864 INFO tempest.lib.common.rest_client [req-3d66cd0e-7610-409c-98af-6dd05d8492bd req-3d66cd0e-7610-409c-98af-6dd05d8492bd ] Request (ServersWithSpecificFlavorTestJSON:test_verify_created_server_ephemeral_disk): 200 POST http://10.180.1.21/compute/v2.1/flavors 0.796s
2024-08-16 17:26:57.552 62884 INFO tempest.lib.common.rest_client [req-3d7b58bb-38cb-4e10-961b-1ea6a69ffc7b req-3d7b58bb-38cb-4e10-961b-1ea6a69ffc7b ] Request (FlavorsAdminTestJSON:test_create_flavor_with_none_id): 200 POST http://10.180.1.21/compute/v2.1/flavors 0.736s
2024-08-16 17:26:57.558 62874 INFO tempest.lib.common.rest_client [req-63d1e7d9-9d50-4c83-975f-1e402aea01aa req-63d1e7d9-9d50-4c83-975f-1e402aea01aa ] Request (HypervisorAdminNegativeTestJSON:test_show_hypervisor_with_non_admin_user): 403 GET http://10.180.1.21/compute/v2.1/os-hypervisors/1 0.714s
2024-08-16 17:26:57.564 62912 INFO tempest.lib.common.rest_client [req-11ccf247-b033-4048-9625-d87e2da11304 req-11ccf247-b033-4048-9625-d87e2da11304 ] Request (SecurityGroupRulesTestJSON:setUpClass): 201 POST http://10.180.1.21/identity/v3/auth/tokens 0.185s
2024-08-16 17:26:57.571 62872 INFO tempest.lib.common.rest_client [req-96b04447-1e38-4e26-8ad4-06fdb7efb7d1 req-96b04447-1e38-4e26-8ad4-06fdb7efb7d1 ] Request (InstanceActionsV221TestJSON:setUpClass): 201 POST http://10.180.1.21:9696/networking/v2.0/subnets 0.437s
2024-08-16 17:26:57.575 62878 INFO tempest.lib.common.rest_client [req-e459e799-aad4-4d93-824e-be330ce7b2a0 req-e459e799-aad4-4d93-824e-be330ce7b2a0 ] Request (HostsAdminTestJSON:test_list_hosts_with_zone): 200 GET http://10.180.1.21/compute/v2.1/os-hosts?zone=internal 0.791s
2024-08-16 17:26:57.582 62933 INFO tempest.lib.common.rest_client [req-2f1f73fe-d463-477d-95cb-bf50f97ac545 req-2f1f73fe-d463-477d-95cb-bf50f97ac545 ] Request (HostsAdminNegativeTestJSON:test_update_host_with_invalid_status): 400 PUT http://10.180.1.21/compute/v2.1/os-hosts/devstack 0.615s
2024-08-16 17:26:57.604 62902 INFO tempest.lib.common.rest_client [req-171c149e-5321-4484-9af0-cd8865b9afcb req-171c149e-5321-4484-9af0-cd8865b9afcb ] Request (ServicesAdminNegativeV253TestJSON:test_get_service_with_valid_service_and_invalid_host): 200 GET http://10.180.1.21/compute/v2.1/os-services 0.611s
2024-08-16 17:26:57.614 62882 INFO tempest.lib.common.rest_client [req-6f06893f-44a5-43f8-9226-06cb66ff8184 req-6f06893f-44a5-43f8-9226-06cb66ff8184 ] Request (QuotasSecurityGroupAdminNegativeTest:tearDownClass): 204 DELETE http://10.180.1.21/identity/v3/users/095372d4c40141ac93933738f6abbbfb 0.224s
2024-08-16 17:26:57.630 62916 INFO tempest.lib.common.rest_client [req-346e2a8d-eba0-4d9e-9411-2240a1fb2131 req-346e2a8d-eba0-4d9e-9411-2240a1fb2131 ] Request (HypervisorAdminTestJSON:tearDownClass): 204 DELETE http://10.180.1.21/identity/v3/projects/7d01d6068004437484a526087385f5d2 0.163s
2024-08-16 17:26:57.668 62931 INFO tempest.lib.common.rest_client [req-a7333b27-72e4-426b-9218-1db4a99f6408 req-a7333b27-72e4-426b-9218-1db4a99f6408 ] Request (FlavorsV255TestJSON:tearDownClass): 201 POST http://10.180.1.21/identity/v3/auth/tokens 0.159s
2024-08-16 17:26:57.713 62866 INFO tempest.lib.common.rest_client [req-84ac91b7-8b83-4899-88e4-25edfa1a14bc req-84ac91b7-8b83-4899-88e4-25edfa1a14bc ] Request (ServerDiagnosticsTest:test_get_server_diagnostics): 200 GET http://10.180.1.21/compute/v2.1/servers/030814bf-2510-49a7-a19a-b2afac554287 0.719s
2024-08-16 17:26:57.730 62882 INFO tempest.lib.common.rest_client [req-7af9e6ca-bbd4-4c8d-8b37-01504f7777db req-7af9e6ca-bbd4-4c8d-8b37-01504f7777db ] Request (QuotasSecurityGroupAdminNegativeTest:tearDownClass): 204 DELETE http://10.180.1.21/identity/v3/users/b89353b5d3294b9c9c0ae6a1dfc78812 0.115s
2024-08-16 17:26:57.730 62882 INFO tempest.lib.common.dynamic_creds [-] Deleting project and security group for project: 9bca2ef836af4b9ba4518e4ce27620d0
2024-08-16 17:26:57.800 62929 INFO tempest.lib.common.rest_client [req-7f10e431-cba5-4e35-ae1a-15f125948008 req-7f10e431-cba5-4e35-ae1a-15f125948008 ] Request (ServersTestManualDisk:setUpClass): 200 POST http://10.180.1.21/compute/v2.1/os-keypairs 0.902s
2024-08-16 17:26:57.809 62916 INFO tempest.lib.common.rest_client [req-e75b0106-6357-4469-8a0b-5080a7dfb6d3 req-e75b0106-6357-4469-8a0b-5080a7dfb6d3 ] Request (ServicesAdminTestJSON:setUpClass): 201 POST http://10.180.1.21/identity/v3/auth/tokens 0.178s
2024-08-16 17:26:57.832 62923 INFO tempest.lib.common.rest_client [req-e115c8c5-a9f8-4035-8eae-43ae3a7e5d09 req-e115c8c5-a9f8-4035-8eae-43ae3a7e5d09 ] Request (FlavorsExtraSpecsNegativeTestJSON:test_flavor_unset_nonexistent_key): 404 DELETE http://10.180.1.21/compute/v2.1/flavors/91945959/os-extra_specs/hw:cpu_thread_policy 0.813s
2024-08-16 17:26:57.864 62882 INFO tempest.lib.common.rest_client [req-1b6a1c0e-e79b-483a-b419-a3a93162de0d req-1b6a1c0e-e79b-483a-b419-a3a93162de0d ] Request (QuotasSecurityGroupAdminNegativeTest:tearDownClass): 201 POST http://10.180.1.21/identity/v3/auth/tokens 0.134s
2024-08-16 17:26:57.868 62920 INFO tempest.lib.common.rest_client [req-6cd2031c-589f-4cdd-addb-d1f320789a44 req-6cd2031c-589f-4cdd-addb-d1f320789a44 ] Request (FlavorsAccessNegativeTestJSON:test_flavor_access_list_with_public_flavor): 200 POST http://10.180.1.21/compute/v2.1/flavors 0.845s
2024-08-16 17:26:57.941 62895 INFO tempest.lib.common.rest_client [req-1beba382-c1aa-47be-aa93-51b280690b4e req-1beba382-c1aa-47be-aa93-51b280690b4e ] Request (QuotasAdminTestV257:tearDownClass): 204 DELETE http://10.180.1.21:9696/networking/v2.0/security-groups/8d4fd67a-e581-4d9f-9785-5dad655addad 0.429s
2024-08-16 17:26:57.957 62916 INFO tempest.lib.common.rest_client [req-44680fc7-c940-49e4-b1f4-3dd97625a366 req-44680fc7-c940-49e4-b1f4-3dd97625a366 ] Request (ServicesAdminTestJSON:setUpClass): 201 POST http://10.180.1.21/identity/v3/auth/tokens 0.076s
2024-08-16 17:26:57.977 62916 INFO tempest.lib.common.rest_client [req-9ec2adde-571b-4bd7-b558-ac682271392d req-9ec2adde-571b-4bd7-b558-ac682271392d ] Request (ServicesAdminTestJSON:setUpClass): 200 GET http://10.180.1.21/identity/v3/domains?name=Default 0.019s
2024-08-16 17:26:58.001 62916 INFO tempest.lib.common.rest_client [req-e412b795-4888-4963-8d5c-b49371ff6234 req-e412b795-4888-4963-8d5c-b49371ff6234 ] Request (ServicesAdminTestJSON:setUpClass): 201 POST http://10.180.1.21/identity/v3/projects 0.024s
2024-08-16 17:26:58.037 62895 INFO tempest.lib.common.rest_client [req-c26651b6-f5de-479e-a241-d1dfc76548a6 req-c26651b6-f5de-479e-a241-d1dfc76548a6 ] Request (QuotasAdminTestV257:tearDownClass): 204 DELETE http://10.180.1.21/identity/v3/projects/7c4f69b5751f4d7fa1c6e9fbde135330 0.095s
2024-08-16 17:26:58.037 62895 INFO tempest.lib.common.dynamic_creds [-] Deleting project and security group for project: 1778684fcf8c453e892387b83b1e8f12
