2024-08-16 17:27:48.012 62878 INFO tempest.lib.common.rest_client [req-2e715dae-99e5-4078-a4eb-7a2a970dbd44 req-2e715dae-99e5-4078-a4eb-7a2a970dbd44 ] Request (ServerMetadataNegativeTestJSON:setUpClass): 200 GET http://10.180.1.21/compute/v2.1/servers/4b313ce9-4fce-4eaf-968b-38a29402f46d 2.188s
2024-08-16 17:27:48.018 62878 INFO tempest.common.waiters [-] State transition "BUILD/scheduling" ==> "BUILD/None" after 18 second wait
2024-08-16 17:27:48.086 62898 INFO tempest.lib.common.rest_client [req-791deabb-4ebd-4f01-92db-14bf23d03a31 req-791deabb-4ebd-4f01-92db-14bf23d03a31 ] Request (MigrationsAdminTest:test_resize_server_revert_deleted_flavor): 200 GET http://10.180.1.21/compute/v2.1/servers/5920e769-c1a3-4526-8bc6-7705615aa238 2.146s
2024-08-16 17:27:48.153 62882 INFO tempest.lib.common.rest_client [req-5b81af6a-4157-4e17-81b3-32c2b452df59 req-5b81af6a-4157-4e17-81b3-32c2b452df59 ] Request (DeleteServersTestJSON:test_delete_active_server): 202 POST http://10.180.1.21/compute/v2.1/servers 2.340s
2024-08-16 17:27:48.169 62888 INFO tempest.lib.common.rest_client [req-8e78a3a8-70fd-4f6b-9a61-3d878bfcbbb7 req-8e78a3a8-70fd-4f6b-9a61-3d878bfcbbb7 ] Request (ServerDiagnosticsV248Test:tearDownClass): 200 GET http://10.180.1.21/compute/v2.1/servers/76004611-5b01-4b15-9411-c60d404bfd25 2.180s
2024-08-16 17:27:48.249 62864 INFO tempest.lib.common.rest_client [req-8d870464-a728-400e-bd12-d2a7fd3fd672 req-8d870464-a728-400e-bd12-d2a7fd3fd672 ] Request (ServersWithSpecificFlavorTestJSON:test_verify_created_server_ephemeral_disk): 200 GET http://10.180.1.21/compute/v2.1/servers/159fd42c-397a-4e00-ae6c-923ad73b8634 2.250s
2024-08-16 17:27:48.256 62895 INFO tempest.lib.common.rest_client [req-f2d6f90e-d0db-4328-8b5a-a229d0058c34 req-f2d6f90e-d0db-4328-8b5a-a229d0058c34 ] Request (ServerActionsTestJSON:setUpClass): 200 GET http://10.180.1.21/compute/v2.1/servers/37b9cc98-cf29-412a-9902-f8fe5ed9448e 2.166s
2024-08-16 17:27:48.322 62909 INFO tempest.lib.common.rest_client [req-6a0344e1-723e-4ad7-92aa-80ebc470e16b req-6a0344e1-723e-4ad7-92aa-80ebc470e16b ] Request (VolumesAssistedSnapshotsTest:test_volume_assisted_snapshot_create_delete): 200 GET http://10.180.1.21/compute/v2.1/servers/6c2e9faf-3379-4446-a9be-ad7c32ede732 2.182s
2024-08-16 17:27:48.327 62933 INFO tempest.lib.common.rest_client [req-8a6f7b31-5e24-4137-8677-0ce45deedd63 req-8a6f7b31-5e24-4137-8677-0ce45deedd63 ] Request (AttachVolumeTestJSON:test_attach_detach_volume): 200 GET http://10.180.1.21/compute/v2.1/servers/2407f8ec-daf8-4cbd-b9ff-1ed571c3be93 2.151s
2024-08-16 17:27:48.403 62902 INFO tempest.lib.common.rest_client [req-d50e44a2-c53d-4299-a79a-ecc73f83e64c req-d50e44a2-c53d-4299-a79a-ecc73f83e64c ] Request (ImagesTestJSON:test_create_image_from_stopped_server): 200 GET http://10.180.1.21/compute/v2.1/servers/5d7ec25a-d47d-4a78-bc4d-0218209784e0 2.171s
2024-08-16 17:27:48.422 62929 INFO tempest.lib.common.rest_client [req-338be4df-44dd-4cc5-afa1-7c60e7ab0bc1 req-338be4df-44dd-4cc5-afa1-7c60e7ab0bc1 ] Request (ServersTestManualDisk:setUpClass): 200 GET http://10.180.1.21/compute/v2.1/servers/e010768e-56bd-4f35-a619-2ea9f2f2436f 2.087s
2024-08-16 17:27:48.434 62929 INFO tempest.common.waiters [-] State transition "BUILD/scheduling" ==> "ERROR/None" after 44 second wait
2024-08-16 17:27:48.489 62892 INFO tempest.lib.common.rest_client [req-d013ac1f-3f5d-4400-a695-2d570e77a186 req-d013ac1f-3f5d-4400-a695-2d570e77a186 ] Request (ServersAdmin275Test:tearDownClass): 200 GET http://10.180.1.21/compute/v2.1/servers/66c56e34-39ee-41a3-94dc-6fd26a2cd726 2.088s
2024-08-16 17:27:48.497 62896 INFO tempest.lib.common.rest_client [req-4c438611-6a78-43d9-bc07-7efa5e0996a0 req-4c438611-6a78-43d9-bc07-7efa5e0996a0 ] Request (ImagesOneServerTestJSON:setUpClass): 200 GET http://10.180.1.21/compute/v2.1/servers/c0043906-eb3d-420b-b92f-89ad1946c1c7 2.041s
2024-08-16 17:27:48.499 62892 INFO tempest.common.waiters [-] State transition "ACTIVE/deleting" ==> "DELETED/None" after 5 second wait
2024-08-16 17:27:48.598 62921 INFO tempest.lib.common.rest_client [req-b2dd32aa-1f94-4d4a-bffc-ac6072e3040a req-b2dd32aa-1f94-4d4a-bffc-ac6072e3040a ] Request (FloatingIPsAssociationNegativeTestJSON:setUpClass): 200 GET http://10.180.1.21/compute/v2.1/servers/cdeaa360-5e34-4dbf-83f4-f6ba557bf941 2.022s
2024-08-16 17:27:48.613 62866 INFO tempest.lib.common.rest_client [req-2952731c-2e5c-4d13-b807-b4ec378999e2 req-2952731c-2e5c-4d13-b807-b4ec378999e2 ] Request (ListServerFiltersTestJSON:setUpClass): 201 POST http://10.180.1.21:9696/networking/v2.0/networks 0.646s
2024-08-16 17:27:48.644 62880 INFO tempest.lib.common.rest_client [req-1f198f44-3927-4146-817d-0d6235558f77 req-1f198f44-3927-4146-817d-0d6235558f77 ] Request (ServerActionsTestOtherB:setUpClass): 201 POST http://10.180.1.21:9696/networking/v2.0/networks 0.662s
2024-08-16 17:27:48.656 62891 INFO tempest.lib.common.rest_client [req-fd3f971b-3826-4cc2-8e80-b1896f0f8ce2 req-fd3f971b-3826-4cc2-8e80-b1896f0f8ce2 ] Request (QuotasAdminNegativeTest:_run_cleanups): 200 PUT http://10.180.1.21/compute/v2.1/os-quota-sets/dfc5370476694f4c9c4806f9bac3b946 2.086s
2024-08-16 17:27:48.686 62923 INFO tempest.lib.common.rest_client [req-0a6eeffd-a02d-47e6-ad71-30f70772bcab req-0a6eeffd-a02d-47e6-ad71-30f70772bcab ] Request (ServersTestJSON:setUpClass): 200 GET http://10.180.1.21/compute/v2.1/servers/efc544d1-35f1-47e3-a5e4-331adb137adf 1.925s
2024-08-16 17:27:48.705 62884 INFO tempest.lib.common.rest_client [req-557363f1-7a55-4225-a101-4dbbae1ad295 req-557363f1-7a55-4225-a101-4dbbae1ad295 ] Request (FlavorsAdminTestJSON:test_list_public_flavor_with_other_user): 200 GET http://10.180.1.21/compute/v2.1/flavors/detail 1.700s
2024-08-16 17:27:48.756 62920 INFO tempest.lib.common.rest_client [req-bfad2a9c-3790-4356-a96b-5ee39decb85c req-bfad2a9c-3790-4356-a96b-5ee39decb85c ] Request (ServersAdminTestJSON:setUpClass): 200 GET http://10.180.1.21/compute/v2.1/servers/aa12e9d0-6f90-4ac0-87b5-155db0be3ebe 1.753s
2024-08-16 17:27:48.944 62870 INFO tempest.lib.common.rest_client [req-b5ee74cb-f8e5-467e-a5d1-c816e46cddde req-b5ee74cb-f8e5-467e-a5d1-c816e46cddde ] Request (MultipleCreateTestJSON:setUpClass): 201 POST http://10.180.1.21:9696/networking/v2.0/routers 1.458s
2024-08-16 17:27:49.229 62931 INFO tempest.lib.common.rest_client [req-0721c908-8271-426d-b117-8f8bf2b9112b req-0721c908-8271-426d-b117-8f8bf2b9112b ] Request (SecurityGroupRulesNegativeTestJSON:tearDownClass): 202 DELETE http://10.180.1.21/compute/v2.1/os-security-groups/cedd1781-cf39-4e79-82fc-db27fbe8d83b 1.951s
2024-08-16 17:27:49.253 62866 INFO tempest.lib.common.rest_client [req-9d7eb39f-fb19-4bef-bfb4-b215283426cc req-9d7eb39f-fb19-4bef-bfb4-b215283426cc ] Request (ListServerFiltersTestJSON:setUpClass): 201 POST http://10.180.1.21:9696/networking/v2.0/subnets 0.639s
2024-08-16 17:27:49.253 62866 INFO tempest.lib.common.dynamic_creds [-] Created isolated network resources for: credentials: Credentials: {'domain_id': 'default', 'domain_name': 'Default', 'username': 'tempest-ListServerFiltersTestJSON-1183711280-project-member', 'project_domain_id': 'default', 'project_domain_name': 'Default', 'project_id': '89507ec6bbe441eb92a4d25f6d072d58', 'project_name': 'tempest-ListServerFiltersTestJSON-1183711280', 'tenant_id': '89507ec6bbe441eb92a4d25f6d072d58', 'tenant_name': 'tempest-ListServerFiltersTestJSON-1183711280', 'user_domain_id': 'default', 'user_domain_name': 'Default', 'user_id': '352321a426a34c0bacb09fbf3825bad2', 'system': None}, Network: {'id': 'daad9c08-399a-4424-a337-2db1e1559a80', 'name': 'tempest-ListServerFiltersTestJSON-683927085-network', 'tenant_id': '89507ec6bbe441eb92a4d25f6d072d58', 'admin_state_up': True, 'mtu': 8950, 'status': 'ACTIVE', 'subnets': [], 'shared': False, 'project_id': '89507ec6bbe441eb92a4d25f6d072d58', 'port_security_enabled': True, 'router:external': False, 'provider:network_type': 'vlan', 'provider:physical_network': 'default', 'provider:segmentation_id': 332, 'is_default': False, 'availability_zone_hints': [], 'availability_zones': [], 'ipv4_address_scope': None, 'ipv6_address_scope': None, 'description': '', 'tags': [], 'created_at': '2024-08-16T17:27:48Z', 'updated_at': '2024-08-16T17:27:48Z', 'revision_number': 1}, Subnet: {'id': 'da52fd42-aa7b-4aa0-ac96-cb4508b0c2d4', 'name': 'tempest-ListServerFiltersTestJSON-683927085-subnet', 'tenant_id': '89507ec6bbe441eb92a4d25f6d072d58', 'network_id': 'daad9c08-399a-4424-a337-2db1e1559a80', 'ip_version': 4, 'subnetpool_id': None, 'enable_dhcp': True, 'ipv6_ra_mode': None, 'ipv6_address_mode': None, 'gateway_ip': '192.168.128.1', 'cidr': '192.168.128.0/28', 'allocation_pools': [{'start': '192.168.128.2', 'end': '192.168.128.14'}], 'host_routes': [], 'dns_nameservers': [], 'description': '', 'router:external': False, 'service_types': [], 'tags': [], 'created_at': '2024-08-16T17:27:48Z', 'updated_at': '2024-08-16T17:27:48Z', 'revision_number': 0, 'project_id': '89507ec6bbe441eb92a4d25f6d072d58'}, Router: None
2024-08-16 17:27:49.268 62912 INFO tempest.lib.common.rest_client [req-12d2ce55-ea72-4d7e-9847-cfffa4f3a37d req-12d2ce55-ea72-4d7e-9847-cfffa4f3a37d ] Request (SecurityGroupRulesTestJSON:tearDownClass): 202 DELETE http://10.180.1.21/compute/v2.1/os-security-groups/1ab6d298-466d-4afd-86e9-df8ad4f4dd65 2.113s
2024-08-16 17:27:49.285 62928 INFO tempest.lib.common.rest_client [req-5fa374b8-f61e-4766-b88f-a89c7033c0cc req-5fa374b8-f61e-4766-b88f-a89c7033c0cc ] Request (QuotaClassesAdmin257Test:_run_cleanups): 200 PUT http://10.180.1.21/compute/v2.1/os-quota-class-sets/default 1.980s
2024-08-16 17:27:49.285 62880 INFO tempest.lib.common.rest_client [req-55b42ff4-ae0c-4f8a-8dbc-3740190e3409 req-55b42ff4-ae0c-4f8a-8dbc-3740190e3409 ] Request (ServerActionsTestOtherB:setUpClass): 201 POST http://10.180.1.21:9696/networking/v2.0/subnets 0.640s
2024-08-16 17:27:49.337 62866 INFO tempest.lib.common.rest_client [req-2fed2c97-c39a-4c0a-9589-0a8e7b4f3234 req-2fed2c97-c39a-4c0a-9589-0a8e7b4f3234 ] Request (ListServerFiltersTestJSON:setUpClass): 201 POST http://10.180.1.21/identity/v3/auth/tokens 0.080s
2024-08-16 17:27:49.381 62928 INFO tempest.lib.common.rest_client [req-e31735cc-66bd-4270-938f-320195836204 req-e31735cc-66bd-4270-938f-320195836204 ] Request (QuotaClassesAdmin257Test:tearDownClass): 204 DELETE http://10.180.1.21/identity/v3/users/fad1cc7efbc64194a728814b416f5734 0.094s
2024-08-16 17:27:49.411 62866 INFO tempest.lib.common.rest_client [req-114be5be-13a2-4502-ade3-1df18a7a2f60 req-114be5be-13a2-4502-ade3-1df18a7a2f60 ] Request (ListServerFiltersTestJSON:setUpClass): 201 POST http://10.180.1.21/identity/v3/auth/tokens 0.069s
2024-08-16 17:27:49.411 62866 INFO tempest.lib.common.fixed_network [-] (ListServerFiltersTestJSON:setUpClass) Found network {'id': 'daad9c08-399a-4424-a337-2db1e1559a80', 'name': 'tempest-ListServerFiltersTestJSON-683927085-network', 'tenant_id': '89507ec6bbe441eb92a4d25f6d072d58', 'admin_state_up': True, 'mtu': 8950, 'status': 'ACTIVE', 'subnets': [], 'shared': False, 'project_id': '89507ec6bbe441eb92a4d25f6d072d58', 'port_security_enabled': True, 'router:external': False, 'provider:network_type': 'vlan', 'provider:physical_network': 'default', 'provider:segmentation_id': 332, 'is_default': False, 'availability_zone_hints': [], 'availability_zones': [], 'ipv4_address_scope': None, 'ipv6_address_scope': None, 'description': '', 'tags': [], 'created_at': '2024-08-16T17:27:48Z', 'updated_at': '2024-08-16T17:27:48Z', 'revision_number': 1} available for tenant
2024-08-16 17:27:49.482 62928 INFO tempest.lib.common.rest_client [req-27101d1b-f279-48b4-9027-8ba3d89ed5aa req-27101d1b-f279-48b4-9027-8ba3d89ed5aa ] Request (QuotaClassesAdmin257Test:tearDownClass): 204 DELETE http://10.180.1.21/identity/v3/users/9c1ec3ab59db47418cfe912a9ec244c5 0.100s
2024-08-16 17:27:49.483 62928 INFO tempest.lib.common.dynamic_creds [-] Deleting project and security group for project: 0d8804802e7a44d89e1c6b959e51ee04
2024-08-16 17:27:49.485 62868 INFO tempest.lib.common.rest_client [req-bc4d7cb8-80e4-476a-aeab-92db28af477b req-bc4d7cb8-80e4-476a-aeab-92db28af477b ] Request (ServersAdminNegativeTestJSON:setUpClass): 200 GET http://10.180.1.21/compute/v2.1/servers/88f405fb-d070-4fa8-86d1-ac5033951d9d 1.944s
2024-08-16 17:27:49.504 62866 INFO tempest.lib.common.rest_client [req-32f1a599-e153-422c-90d0-ef4be5bbc0b6 req-32f1a599-e153-422c-90d0-ef4be5bbc0b6 ] Request (ListServerFiltersTestJSON:setUpClass): 201 POST http://10.180.1.21/identity/v3/auth/tokens 0.090s
2024-08-16 17:27:49.504 62866 INFO tempest.lib.common.fixed_network [-] (ListServerFiltersTestJSON:setUpClass) Found network {'id': 'daad9c08-399a-4424-a337-2db1e1559a80', 'name': 'tempest-ListServerFiltersTestJSON-683927085-network', 'tenant_id': '89507ec6bbe441eb92a4d25f6d072d58', 'admin_state_up': True, 'mtu': 8950, 'status': 'ACTIVE', 'subnets': [], 'shared': False, 'project_id': '89507ec6bbe441eb92a4d25f6d072d58', 'port_security_enabled': True, 'router:external': False, 'provider:network_type': 'vlan', 'provider:physical_network': 'default', 'provider:segmentation_id': 332, 'is_default': False, 'availability_zone_hints': [], 'availability_zones': [], 'ipv4_address_scope': None, 'ipv6_address_scope': None, 'description': '', 'tags': [], 'created_at': '2024-08-16T17:27:48Z', 'updated_at': '2024-08-16T17:27:48Z', 'revision_number': 1} available for tenant
2024-08-16 17:27:49.508 62905 INFO tempest.lib.common.rest_client [req-027b9810-8c75-4064-9bf2-7e33428e8b7c req-027b9810-8c75-4064-9bf2-7e33428e8b7c ] Request (DeleteServersAdminTestJSON:test_delete_server_while_in_error_state): 200 GET http://10.180.1.21/compute/v2.1/servers/bd2f666e-b089-433b-b11b-37a13c8a3400 1.796s
2024-08-16 17:27:49.548 62928 INFO tempest.lib.common.rest_client [req-a7eb1d07-2612-4723-a650-cbffa531f54f req-a7eb1d07-2612-4723-a650-cbffa531f54f ] Request (QuotaClassesAdmin257Test:tearDownClass): 201 POST http://10.180.1.21/identity/v3/auth/tokens 0.065s
2024-08-16 17:27:49.575 62874 INFO tempest.lib.common.rest_client [req-36b0810a-6ed1-4342-8d38-6834153bd33f req-36b0810a-6ed1-4342-8d38-6834153bd33f ] Request (AttachInterfacesUnderV243Test:test_add_remove_fixed_ip): 200 GET http://10.180.1.21/compute/v2.1/servers/cac55ba3-b856-40e5-b7f3-f3260dd51e00 1.733s
2024-08-16 17:27:49.590 62886 INFO tempest.lib.common.rest_client [req-cd7fc60d-b453-48ec-b517-b2a39b39267e req-cd7fc60d-b453-48ec-b517-b2a39b39267e ] Request (ServerActionsV293TestJSON:setUpClass): 200 GET http://10.180.1.21/compute/v2.1/servers/8c9bc22e-91c4-4e17-95a0-044d97e94aa2 1.673s
2024-08-16 17:27:49.604 62907 INFO tempest.lib.common.rest_client [req-0a4b8b0d-abe3-4ae2-8b4c-17febd3c0bac req-0a4b8b0d-abe3-4ae2-8b4c-17febd3c0bac ] Request (VolumesAdminNegativeTest:setUpClass): 200 PUT http://10.180.1.21:9696/networking/v2.0/routers/64298990-0e6b-4960-a13c-ff9972e8b9d5/add_router_interface 1.828s
2024-08-16 17:27:49.604 62907 INFO tempest.lib.common.dynamic_creds [-] Created isolated network resources for: credentials: Credentials: {'domain_id': 'default', 'domain_name': 'Default', 'username': 'tempest-VolumesAdminNegativeTest-1517546197-project-admin', 'project_domain_id': 'default', 'project_domain_name': 'Default', 'project_id': '44a313af23f1453d8c5ab343f02f759f', 'project_name': 'tempest-VolumesAdminNegativeTest-1517546197', 'tenant_id': '44a313af23f1453d8c5ab343f02f759f', 'tenant_name': 'tempest-VolumesAdminNegativeTest-1517546197', 'user_domain_id': 'default', 'user_domain_name': 'Default', 'user_id': '4855efc626494073b75c5921e4c208ac', 'system': None}, Network: {'id': 'fc8718da-8cf3-4bc3-9f48-17a3e819e549', 'name': 'tempest-VolumesAdminNegativeTest-2068548711-network', 'tenant_id': '44a313af23f1453d8c5ab343f02f759f', 'admin_state_up': True, 'mtu': 8950, 'status': 'ACTIVE', 'subnets': [], 'shared': False, 'project_id': '44a313af23f1453d8c5ab343f02f759f', 'port_security_enabled': True, 'router:external': False, 'provider:network_type': 'vlan', 'provider:physical_network': 'default', 'provider:segmentation_id': 904, 'is_default': False, 'availability_zone_hints': [], 'availability_zones': [], 'ipv4_address_scope': None, 'ipv6_address_scope': None, 'description': '', 'tags': [], 'created_at': '2024-08-16T17:27:44Z', 'updated_at': '2024-08-16T17:27:44Z', 'revision_number': 1}, Subnet: {'id': 'e01d84b7-4aa9-4906-a14f-cb362d6db038', 'name': 'tempest-VolumesAdminNegativeTest-2068548711-subnet', 'tenant_id': '44a313af23f1453d8c5ab343f02f759f', 'network_id': 'fc8718da-8cf3-4bc3-9f48-17a3e819e549', 'ip_version': 4, 'subnetpool_id': None, 'enable_dhcp': True, 'ipv6_ra_mode': None, 'ipv6_address_mode': None, 'gateway_ip': '192.168.128.1', 'cidr': '192.168.128.0/28', 'allocation_pools': [{'start': '192.168.128.2', 'end': '192.168.128.14'}], 'host_routes': [], 'dns_nameservers': [], 'description': '', 'router:external': False, 'service_types': [], 'tags': [], 'created_at': '2024-08-16T17:27:44Z', 'updated_at': '2024-08-16T17:27:44Z', 'revision_number': 0, 'project_id': '44a313af23f1453d8c5ab343f02f759f'}, Router: {'id': '64298990-0e6b-4960-a13c-ff9972e8b9d5', 'name': 'tempest-VolumesAdminNegativeTest-2068548711-router', 'tenant_id': '44a313af23f1453d8c5ab343f02f759f', 'admin_state_up': True, 'status': 'ACTIVE', 'external_gateway_info': {'network_id': '620cb512-1da6-401d-90b6-bfd4d6ea88ba', 'external_fixed_ips': [{'subnet_id': '78f74574-0903-413b-af4e-996418ac89ce', 'ip_address': '10.180.180.251'}], 'enable_snat': True}, 'description': '', 'availability_zones': [], 'distributed': False, 'ha': False, 'availability_zone_hints': [], 'routes': [], 'flavor_id': None, 'tags': [], 'created_at': '2024-08-16T17:27:45Z', 'updated_at': '2024-08-16T17:27:46Z', 'revision_number': 2, 'project_id': '44a313af23f1453d8c5ab343f02f759f'}
2024-08-16 17:27:49.683 62882 INFO tempest.lib.common.rest_client [req-8af24558-b54f-453b-aee0-4417fe69858e req-8af24558-b54f-453b-aee0-4417fe69858e ] Request (DeleteServersTestJSON:test_delete_active_server): 200 GET http://10.180.1.21/compute/v2.1/servers/5cec92c4-65d0-453a-90e4-07dee8e3b7a0 1.529s
2024-08-16 17:27:49.687 62903 INFO tempest.lib.common.rest_client [req-ef1a8b00-517f-4193-b838-3fb68864a838 req-ef1a8b00-517f-4193-b838-3fb68864a838 ] Request (FloatingIPsAssociationTestJSON:setUpClass): 200 GET http://10.180.1.21/compute/v2.1/servers/ccf5a2e6-cca9-4242-b2de-b1c29bbaa861 1.704s
2024-08-16 17:27:49.699 62907 INFO tempest.lib.common.rest_client [req-a1d2780e-0e2d-4afe-a4fe-f72c33416ef9 req-a1d2780e-0e2d-4afe-a4fe-f72c33416ef9 ] Request (VolumesAdminNegativeTest:setUpClass): 201 POST http://10.180.1.21/identity/v3/auth/tokens 0.090s
2024-08-16 17:27:49.760 62872 INFO tempest.lib.common.rest_client [req-3757ae99-dc91-4632-bccb-5a5335b4d6b9 req-3757ae99-dc91-4632-bccb-5a5335b4d6b9 ] Request (InstanceActionsV221TestJSON:test_get_list_deleted_instance_actions): 200 GET http://10.180.1.21/compute/v2.1/servers/37b14c16-ff14-4957-b394-c61450cae174 1.516s
2024-08-16 17:27:49.767 62872 INFO tempest.common.waiters [-] State transition "BUILD/spawning" ==> "ERROR/None" after 41 second wait
2024-08-16 17:27:49.817 62916 INFO tempest.lib.common.rest_client [req-574602b6-b093-4f80-92a5-058e49fa61f7 req-574602b6-b093-4f80-92a5-058e49fa61f7 ] Request (ServersTestFqdnHostnames:test_create_server_with_fqdn_name): 200 GET http://10.180.1.21/compute/v2.1/servers/56758047-1d5d-4600-b478-aec311fbd373 1.366s
2024-08-16 17:27:49.823 62891 INFO tempest.lib.common.rest_client [req-7f8c1a72-4a51-4fdd-8b75-7dd2c6528927 req-7f8c1a72-4a51-4fdd-8b75-7dd2c6528927 ] Request (QuotasAdminNegativeTest:test_update_quota_normal_user): 403 PUT http://10.180.1.21/compute/v2.1/os-quota-sets/dfc5370476694f4c9c4806f9bac3b946 1.162s
2024-08-16 17:27:49.841 62884 INFO tempest.lib.common.rest_client [req-d2db5d31-83a4-483f-8a7c-e48f547a906e req-d2db5d31-83a4-483f-8a7c-e48f547a906e ] Request (FlavorsAdminTestJSON:_run_cleanups): 202 DELETE http://10.180.1.21/compute/v2.1/flavors/1744483958 1.132s
2024-08-16 17:27:49.908 62929 INFO tempest.lib.common.rest_client [req-fe61eedc-5993-4aa8-9cd7-74b4ded0c67e req-fe61eedc-5993-4aa8-9cd7-74b4ded0c67e ] Request (ServersTestManualDisk:setUpClass): 204 DELETE http://10.180.1.21/compute/v2.1/servers/e010768e-56bd-4f35-a619-2ea9f2f2436f 1.474s
2024-08-16 17:27:49.912 62891 INFO tempest.lib.common.rest_client [req-528c13cb-e155-4af9-8c3f-b48a41c260f2 req-528c13cb-e155-4af9-8c3f-b48a41c260f2 ] Request (QuotasAdminNegativeTest:tearDownClass): 204 DELETE http://10.180.1.21/identity/v3/users/e4c654a7185142fb900d724439db0a01 0.085s
2024-08-16 17:27:49.922 62878 INFO tempest.lib.common.rest_client [req-c866a930-3646-4a7d-9f59-96618aaf4fb6 req-c866a930-3646-4a7d-9f59-96618aaf4fb6 ] Request (ServerMetadataNegativeTestJSON:setUpClass): 200 GET http://10.180.1.21/compute/v2.1/servers/4b313ce9-4fce-4eaf-968b-38a29402f46d 0.902s
2024-08-16 17:27:49.960 62898 INFO tempest.lib.common.rest_client [req-4e08e7a1-25a4-4975-aac9-a6bc2b7bc90c req-4e08e7a1-25a4-4975-aac9-a6bc2b7bc90c ] Request (MigrationsAdminTest:test_resize_server_revert_deleted_flavor): 200 GET http://10.180.1.21/compute/v2.1/servers/5920e769-c1a3-4526-8bc6-7705615aa238 0.862s
2024-08-16 17:27:50.019 62891 INFO tempest.lib.common.rest_client [req-136eabd1-1983-436c-8bd1-2434701b0f14 req-136eabd1-1983-436c-8bd1-2434701b0f14 ] Request (QuotasAdminNegativeTest:tearDownClass): 204 DELETE http://10.180.1.21/identity/v3/users/275bbf97fbf54a0284d29395b0e9c650 0.107s
2024-08-16 17:27:50.019 62891 INFO tempest.lib.common.dynamic_creds [-] Deleting project and security group for project: 549c4b7cd1fd40a2bfc0d623cc29c337
2024-08-16 17:27:50.031 62928 INFO tempest.lib.common.rest_client [req-da1e7e45-4bf5-47db-aedd-47853876a660 req-da1e7e45-4bf5-47db-aedd-47853876a660 ] Request (QuotaClassesAdmin257Test:tearDownClass): 200 GET http://10.180.1.21:9696/networking/v2.0/security-groups?tenant_id=0d8804802e7a44d89e1c6b959e51ee04&name=default 0.483s
2024-08-16 17:27:50.043 62888 INFO tempest.lib.common.rest_client [req-d87159c6-f5ed-4e26-9452-132f99810903 req-d87159c6-f5ed-4e26-9452-132f99810903 ] Request (ServerDiagnosticsV248Test:tearDownClass): 200 GET http://10.180.1.21/compute/v2.1/servers/76004611-5b01-4b15-9411-c60d404bfd25 0.855s
2024-08-16 17:27:50.101 62891 INFO tempest.lib.common.rest_client [req-1ef34be8-2120-482a-8ce6-4b813ccbb40a req-1ef34be8-2120-482a-8ce6-4b813ccbb40a ] Request (QuotasAdminNegativeTest:tearDownClass): 201 POST http://10.180.1.21/identity/v3/auth/tokens 0.082s
2024-08-16 17:27:50.122 62864 INFO tempest.lib.common.rest_client [req-1e8fb9af-6504-44b6-879f-54336eb7389b req-1e8fb9af-6504-44b6-879f-54336eb7389b ] Request (ServersWithSpecificFlavorTestJSON:test_verify_created_server_ephemeral_disk): 200 GET http://10.180.1.21/compute/v2.1/servers/159fd42c-397a-4e00-ae6c-923ad73b8634 0.865s
2024-08-16 17:27:50.189 62895 INFO tempest.lib.common.rest_client [req-da80fd73-53ed-4103-bd41-a9c003ff3d28 req-da80fd73-53ed-4103-bd41-a9c003ff3d28 ] Request (ServerActionsTestJSON:setUpClass): 200 GET http://10.180.1.21/compute/v2.1/servers/37b9cc98-cf29-412a-9902-f8fe5ed9448e 0.921s
2024-08-16 17:27:50.246 62931 INFO tempest.lib.common.rest_client [req-39b46dca-47d8-47ee-ad9b-c084c4718364 req-39b46dca-47d8-47ee-ad9b-c084c4718364 ] Request (SecurityGroupRulesNegativeTestJSON:tearDownClass): 202 DELETE http://10.180.1.21/compute/v2.1/os-security-groups/87487696-9d65-4283-a05d-b4c72ba5e0ab 1.017s
2024-08-16 17:27:50.356 62912 INFO tempest.lib.common.rest_client [req-2fdc6d77-3b21-48b6-89cb-21050b282bc4 req-2fdc6d77-3b21-48b6-89cb-21050b282bc4 ] Request (SecurityGroupRulesTestJSON:tearDownClass): 202 DELETE http://10.180.1.21/compute/v2.1/os-security-groups/ca24b510-0a89-414f-89d6-253951bcc053 1.087s
2024-08-16 17:27:50.359 62909 INFO tempest.lib.common.rest_client [req-dcb1ac0e-cba6-4b14-a418-02f293fef6ae req-dcb1ac0e-cba6-4b14-a418-02f293fef6ae ] Request (VolumesAssistedSnapshotsTest:test_volume_assisted_snapshot_create_delete): 200 GET http://10.180.1.21/compute/v2.1/servers/6c2e9faf-3379-4446-a9be-ad7c32ede732 1.029s
2024-08-16 17:27:50.500 62902 INFO tempest.lib.common.rest_client [req-e7b56438-949d-4ece-a61a-5eab10337ece req-e7b56438-949d-4ece-a61a-5eab10337ece ] Request (ImagesTestJSON:test_create_image_from_stopped_server): 200 GET http://10.180.1.21/compute/v2.1/servers/5d7ec25a-d47d-4a78-bc4d-0218209784e0 1.091s
2024-08-16 17:27:50.502 62933 INFO tempest.lib.common.rest_client [req-88cc077e-f377-4d3f-9eca-dc0ca525f3fa req-88cc077e-f377-4d3f-9eca-dc0ca525f3fa ] Request (AttachVolumeTestJSON:test_attach_detach_volume): 200 GET http://10.180.1.21/compute/v2.1/servers/2407f8ec-daf8-4cbd-b9ff-1ed571c3be93 1.162s
2024-08-16 17:27:50.588 62928 INFO tempest.lib.common.rest_client [req-08d80623-2456-4d61-8b44-030d8b81a4ea req-08d80623-2456-4d61-8b44-030d8b81a4ea ] Request (QuotaClassesAdmin257Test:tearDownClass): 204 DELETE http://10.180.1.21:9696/networking/v2.0/security-groups/a965a8a3-5bae-4ce3-9f12-24a438287c95 0.556s
2024-08-16 17:27:50.589 62892 INFO tempest.lib.common.rest_client [req-edbc1296-0de9-4dc7-893a-88d668dc14d3 req-edbc1296-0de9-4dc7-893a-88d668dc14d3 ] Request (ServersAdmin275Test:tearDownClass): 200 GET http://10.180.1.21/compute/v2.1/servers/66c56e34-39ee-41a3-94dc-6fd26a2cd726 1.088s
2024-08-16 17:27:50.589 62891 INFO tempest.lib.common.rest_client [req-272d5fcb-d138-4706-a544-9c8e4eda0537 req-272d5fcb-d138-4706-a544-9c8e4eda0537 ] Request (QuotasAdminNegativeTest:tearDownClass): 200 GET http://10.180.1.21:9696/networking/v2.0/security-groups?tenant_id=549c4b7cd1fd40a2bfc0d623cc29c337&name=default 0.487s
2024-08-16 17:27:50.592 62896 INFO tempest.lib.common.rest_client [req-8cbfb1e1-dd88-432a-bfb7-2bbadcfb3af5 req-8cbfb1e1-dd88-432a-bfb7-2bbadcfb3af5 ] Request (ImagesOneServerTestJSON:setUpClass): 200 GET http://10.180.1.21/compute/v2.1/servers/c0043906-eb3d-420b-b92f-89ad1946c1c7 1.088s
2024-08-16 17:27:50.654 62928 INFO tempest.lib.common.rest_client [req-5f03f0c9-276d-41aa-9ff9-4d7ccf762387 req-5f03f0c9-276d-41aa-9ff9-4d7ccf762387 ] Request (QuotaClassesAdmin257Test:tearDownClass): 204 DELETE http://10.180.1.21/identity/v3/projects/0d8804802e7a44d89e1c6b959e51ee04 0.066s
2024-08-16 17:27:50.655 62928 INFO tempest.lib.common.dynamic_creds [-] Deleting project and security group for project: 98ef40ca015144c2839fd74d0df14b10
2024-08-16 17:27:50.693 62921 INFO tempest.lib.common.rest_client [req-4df595fe-08e6-4eb6-b513-5fd68a6a611f req-4df595fe-08e6-4eb6-b513-5fd68a6a611f ] Request (FloatingIPsAssociationNegativeTestJSON:setUpClass): 200 GET http://10.180.1.21/compute/v2.1/servers/cdeaa360-5e34-4dbf-83f4-f6ba557bf941 1.089s
2024-08-16 17:27:50.757 62870 INFO tempest.lib.common.rest_client [req-3f1b8f34-424d-4687-b1e3-1a5b76e432eb req-3f1b8f34-424d-4687-b1e3-1a5b76e432eb ] Request (MultipleCreateTestJSON:setUpClass): 200 PUT http://10.180.1.21:9696/networking/v2.0/routers/f7797610-3d9b-4eaf-94b0-511d29ccb258/add_router_interface 1.813s
2024-08-16 17:27:50.758 62870 INFO tempest.lib.common.dynamic_creds [-] Created isolated network resources for: credentials: Credentials: {'domain_id': 'default', 'domain_name': 'Default', 'username': 'tempest-MultipleCreateTestJSON-1826418506-project-member', 'project_domain_id': 'default', 'project_domain_name': 'Default', 'project_id': '3e6aea9570534a3bbb2a9ffe405d7378', 'project_name': 'tempest-MultipleCreateTestJSON-1826418506', 'tenant_id': '3e6aea9570534a3bbb2a9ffe405d7378', 'tenant_name': 'tempest-MultipleCreateTestJSON-1826418506', 'user_domain_id': 'default', 'user_domain_name': 'Default', 'user_id': 'f62cf8329b0c4bea92cd490c31e527bb', 'system': None}, Network: {'id': '3d68f799-2ef1-46ca-8fff-c7175566ae06', 'name': 'tempest-MultipleCreateTestJSON-213973378-network', 'tenant_id': '3e6aea9570534a3bbb2a9ffe405d7378', 'admin_state_up': True, 'mtu': 8950, 'status': 'ACTIVE', 'subnets': [], 'shared': False, 'project_id': '3e6aea9570534a3bbb2a9ffe405d7378', 'port_security_enabled': True, 'router:external': False, 'provider:network_type': 'vlan', 'provider:physical_network': 'default', 'provider:segmentation_id': 11, 'is_default': False, 'availability_zone_hints': [], 'availability_zones': [], 'ipv4_address_scope': None, 'ipv6_address_scope': None, 'description': '', 'tags': [], 'created_at': '2024-08-16T17:27:46Z', 'updated_at': '2024-08-16T17:27:46Z', 'revision_number': 1}, Subnet: {'id': 'f4f84bbc-6d82-429c-a60a-e8172de5f9a0', 'name': 'tempest-MultipleCreateTestJSON-213973378-subnet', 'tenant_id': '3e6aea9570534a3bbb2a9ffe405d7378', 'network_id': '3d68f799-2ef1-46ca-8fff-c7175566ae06', 'ip_version': 4, 'subnetpool_id': None, 'enable_dhcp': True, 'ipv6_ra_mode': None, 'ipv6_address_mode': None, 'gateway_ip': '192.168.128.1', 'cidr': '192.168.128.0/28', 'allocation_pools': [{'start': '192.168.128.2', 'end': '192.168.128.14'}], 'host_routes': [], 'dns_nameservers': [], 'description': '', 'router:external': False, 'service_types': [], 'tags': [], 'created_at': '2024-08-16T17:27:46Z', 'updated_at': '2024-08-16T17:27:46Z', 'revision_number': 0, 'project_id': '3e6aea9570534a3bbb2a9ffe405d7378'}, Router: {'id': 'f7797610-3d9b-4eaf-94b0-511d29ccb258', 'name': 'tempest-MultipleCreateTestJSON-213973378-router', 'tenant_id': '3e6aea9570534a3bbb2a9ffe405d7378', 'admin_state_up': True, 'status': 'ACTIVE', 'external_gateway_info': {'network_id': '620cb512-1da6-401d-90b6-bfd4d6ea88ba', 'external_fixed_ips': [{'subnet_id': '78f74574-0903-413b-af4e-996418ac89ce', 'ip_address': '10.180.180.190'}], 'enable_snat': True}, 'description': '', 'availability_zones': [], 'distributed': False, 'ha': False, 'availability_zone_hints': [], 'routes': [], 'flavor_id': None, 'tags': [], 'created_at': '2024-08-16T17:27:47Z', 'updated_at': '2024-08-16T17:27:48Z', 'revision_number': 2, 'project_id': '3e6aea9570534a3bbb2a9ffe405d7378'}
2024-08-16 17:27:50.832 62870 INFO tempest.lib.common.rest_client [req-17b70935-fb27-4ae4-a342-8658044946e6 req-17b70935-fb27-4ae4-a342-8658044946e6 ] Request (MultipleCreateTestJSON:setUpClass): 201 POST http://10.180.1.21/identity/v3/auth/tokens 0.071s
2024-08-16 17:27:50.852 62923 INFO tempest.lib.common.rest_client [req-6e64e351-1e31-4660-990b-f3bd0baf4e20 req-6e64e351-1e31-4660-990b-f3bd0baf4e20 ] Request (ServersTestJSON:setUpClass): 200 GET http://10.180.1.21/compute/v2.1/servers/efc544d1-35f1-47e3-a5e4-331adb137adf 1.159s
2024-08-16 17:27:50.855 62891 INFO tempest.lib.common.rest_client [req-b7151e7e-e875-414b-a46e-9455e2cb6fae req-b7151e7e-e875-414b-a46e-9455e2cb6fae ] Request (QuotasAdminNegativeTest:tearDownClass): 204 DELETE http://10.180.1.21:9696/networking/v2.0/security-groups/37875f5b-9c77-40b6-ad51-dd3a7d7bb827 0.265s
2024-08-16 17:27:50.868 62870 INFO tempest.lib.common.rest_client [req-5c7e6c0b-1729-40df-9b12-d5631e42d964 req-5c7e6c0b-1729-40df-9b12-d5631e42d964 ] Request (MultipleCreateTestJSON:test_multiple_create): 201 POST http://10.180.1.21/identity/v3/auth/tokens 0.032s
2024-08-16 17:27:50.868 62870 INFO tempest.lib.common.fixed_network [-] (MultipleCreateTestJSON:test_multiple_create) Found network {'id': '3d68f799-2ef1-46ca-8fff-c7175566ae06', 'name': 'tempest-MultipleCreateTestJSON-213973378-network', 'tenant_id': '3e6aea9570534a3bbb2a9ffe405d7378', 'admin_state_up': True, 'mtu': 8950, 'status': 'ACTIVE', 'subnets': [], 'shared': False, 'project_id': '3e6aea9570534a3bbb2a9ffe405d7378', 'port_security_enabled': True, 'router:external': False, 'provider:network_type': 'vlan', 'provider:physical_network': 'default', 'provider:segmentation_id': 11, 'is_default': False, 'availability_zone_hints': [], 'availability_zones': [], 'ipv4_address_scope': None, 'ipv6_address_scope': None, 'description': '', 'tags': [], 'created_at': '2024-08-16T17:27:46Z', 'updated_at': '2024-08-16T17:27:46Z', 'revision_number': 1} available for tenant
2024-08-16 17:27:50.898 62880 INFO tempest.lib.common.rest_client [req-259cd8a0-4d6a-4e87-9696-7d6a5674ac63 req-259cd8a0-4d6a-4e87-9696-7d6a5674ac63 ] Request (ServerActionsTestOtherB:setUpClass): 201 POST http://10.180.1.21:9696/networking/v2.0/routers 1.613s
2024-08-16 17:27:50.956 62928 INFO tempest.lib.common.rest_client [req-402d093f-700b-4c7a-94c4-3d703eee1d9d req-402d093f-700b-4c7a-94c4-3d703eee1d9d ] Request (QuotaClassesAdmin257Test:tearDownClass): 200 GET http://10.180.1.21:9696/networking/v2.0/security-groups?tenant_id=98ef40ca015144c2839fd74d0df14b10&name=default 0.301s
2024-08-16 17:27:50.959 62907 INFO tempest.lib.common.rest_client [req-27c60294-bb6f-496a-b20b-a6a0020b8836 req-27c60294-bb6f-496a-b20b-a6a0020b8836 ] Request (VolumesAdminNegativeTest:test_update_attached_volume_with_nonexistent_volume_in_body): 200 POST http://10.180.1.21/compute/v2.1/os-keypairs 1.258s
2024-08-16 17:27:50.977 62891 INFO tempest.lib.common.rest_client [req-3355bf26-670f-4a01-99ca-51b9b919ad1a req-3355bf26-670f-4a01-99ca-51b9b919ad1a ] Request (QuotasAdminNegativeTest:tearDownClass): 204 DELETE http://10.180.1.21/identity/v3/projects/549c4b7cd1fd40a2bfc0d623cc29c337 0.122s
2024-08-16 17:27:50.977 62891 INFO tempest.lib.common.dynamic_creds [-] Deleting project and security group for project: dfc5370476694f4c9c4806f9bac3b946
2024-08-16 17:27:51.051 62920 INFO tempest.lib.common.rest_client [req-40598a1a-0186-4b0c-bfd4-e07f06317822 req-40598a1a-0186-4b0c-bfd4-e07f06317822 ] Request (ServersAdminTestJSON:setUpClass): 200 GET http://10.180.1.21/compute/v2.1/servers/aa12e9d0-6f90-4ac0-87b5-155db0be3ebe 1.288s
2024-08-16 17:27:51.092 62891 INFO tempest.lib.common.rest_client [req-565a9b90-2863-4725-8902-bd5fa5052b8e req-565a9b90-2863-4725-8902-bd5fa5052b8e ] Request (QuotasAdminNegativeTest:tearDownClass): 200 GET http://10.180.1.21:9696/networking/v2.0/security-groups?tenant_id=dfc5370476694f4c9c4806f9bac3b946&name=default 0.114s
2024-08-16 17:27:51.285 62872 INFO tempest.lib.common.rest_client [req-8a2638ea-54e2-4a45-87fc-9e273fdf1281 req-8a2638ea-54e2-4a45-87fc-9e273fdf1281 ] Request (InstanceActionsV221TestJSON:test_get_list_deleted_instance_actions): 204 DELETE http://10.180.1.21/compute/v2.1/servers/37b14c16-ff14-4957-b394-c61450cae174 1.517s
2024-08-16 17:27:51.289 62907 INFO tempest.lib.common.rest_client [req-c268fead-6696-47ff-96e3-3762974326ff req-c268fead-6696-47ff-96e3-3762974326ff ] Request (VolumesAdminNegativeTest:test_update_attached_volume_with_nonexistent_volume_in_body): 201 POST http://10.180.1.21:9696/networking/v2.0/security-groups 0.328s
2024-08-16 17:27:51.303 62884 INFO tempest.lib.common.rest_client [req-f10d8b50-7f51-40d3-8e70-af85630f3ce9 req-f10d8b50-7f51-40d3-8e70-af85630f3ce9 ] Request (FlavorsAdminTestJSON:_run_cleanups): 200 GET http://10.180.1.21/compute/v2.1/flavors/detail 1.462s
2024-08-16 17:27:51.340 62928 INFO tempest.lib.common.rest_client [req-c8422af4-da91-40c8-ba78-a58a0cdd475b req-c8422af4-da91-40c8-ba78-a58a0cdd475b ] Request (QuotaClassesAdmin257Test:tearDownClass): 204 DELETE http://10.180.1.21:9696/networking/v2.0/security-groups/a5b26282-50fe-4f6d-8684-71504a9b9df6 0.384s
2024-08-16 17:27:51.346 62929 INFO tempest.lib.common.rest_client [req-8c90305a-00c8-4391-a18d-a7401d163b36 req-8c90305a-00c8-4391-a18d-a7401d163b36 ] Request (ServersTestManualDisk:setUpClass): 404 GET http://10.180.1.21/compute/v2.1/servers/e010768e-56bd-4f35-a619-2ea9f2f2436f 1.437s
2024-08-16 17:27:51.346 62929 INFO tempest.test [-] raised in ServersTestManualDisk.setUpClass. Invoking tearDownClass.
2024-08-16 17:27:51.391 62891 INFO tempest.lib.common.rest_client [req-9f6a6787-74f5-4e73-bef9-d06abec107fb req-9f6a6787-74f5-4e73-bef9-d06abec107fb ] Request (QuotasAdminNegativeTest:tearDownClass): 204 DELETE http://10.180.1.21:9696/networking/v2.0/security-groups/8d367c7a-25bc-470f-a05b-cbd84cfca14e 0.299s
2024-08-16 17:27:51.478 62928 INFO tempest.lib.common.rest_client [req-5b6a6876-f4aa-46e2-9ab3-7cbfd8c28174 req-5b6a6876-f4aa-46e2-9ab3-7cbfd8c28174 ] Request (QuotaClassesAdmin257Test:tearDownClass): 204 DELETE http://10.180.1.21/identity/v3/projects/98ef40ca015144c2839fd74d0df14b10 0.137s
2024-08-16 17:27:51.491 62884 INFO tempest.lib.common.rest_client [req-978f5cad-3dc8-400c-9e36-d21e0dee7efe req-978f5cad-3dc8-400c-9e36-d21e0dee7efe ] Request (FlavorsAdminTestJSON:tearDownClass): 204 DELETE http://10.180.1.21/identity/v3/users/a0c3196d514f457e95dd39386d7e1b10 0.183s
2024-08-16 17:27:51.535 62866 INFO tempest.lib.common.rest_client [req-84b7df93-092b-43bb-9ef9-e93111e69f64 req-84b7df93-092b-43bb-9ef9-e93111e69f64 ] Request (ListServerFiltersTestJSON:setUpClass): 202 POST http://10.180.1.21/compute/v2.1/servers 2.031s
2024-08-16 17:27:51.622 62907 INFO tempest.lib.common.rest_client [req-ed01851e-0f73-490b-a415-9bf1b7e9bc20 req-ed01851e-0f73-490b-a415-9bf1b7e9bc20 ] Request (VolumesAdminNegativeTest:test_update_attached_volume_with_nonexistent_volume_in_body): 201 POST http://10.180.1.21:9696/networking/v2.0/security-group-rules 0.333s
2024-08-16 17:27:51.624 62928 INFO tempest.lib.common.rest_client [req-a14fa482-0133-497b-b0f8-8777e0efa7d9 req-a14fa482-0133-497b-b0f8-8777e0efa7d9 ] Request (ListServersNegativeTestJSON:setUpClass): 201 POST http://10.180.1.21/identity/v3/auth/tokens 0.145s
2024-08-16 17:27:51.652 62868 INFO tempest.lib.common.rest_client [req-6449f1f8-0d83-406f-8783-1d5ccbeee029 req-6449f1f8-0d83-406f-8783-1d5ccbeee029 ] Request (ServersAdminNegativeTestJSON:setUpClass): 200 GET http://10.180.1.21/compute/v2.1/servers/88f405fb-d070-4fa8-86d1-ac5033951d9d 1.157s
2024-08-16 17:27:51.682 62891 INFO tempest.lib.common.rest_client [req-579d1999-335b-4a19-8440-df9ba61f8933 req-579d1999-335b-4a19-8440-df9ba61f8933 ] Request (QuotasAdminNegativeTest:tearDownClass): 204 DELETE http://10.180.1.21/identity/v3/projects/dfc5370476694f4c9c4806f9bac3b946 0.290s
2024-08-16 17:27:51.699 62884 INFO tempest.lib.common.rest_client [req-6cdc528c-d9c0-40c0-949e-4e4825fbcb88 req-6cdc528c-d9c0-40c0-949e-4e4825fbcb88 ] Request (FlavorsAdminTestJSON:tearDownClass): 204 DELETE http://10.180.1.21/identity/v3/users/cd4f4a37c2884b8ab95cdef86526806d 0.208s
2024-08-16 17:27:51.700 62884 INFO tempest.lib.common.dynamic_creds [-] Deleting project and security group for project: 4fa8676e899249f9ac3fb8821b457b1b
2024-08-16 17:27:51.732 62905 INFO tempest.lib.common.rest_client [req-f396fc29-2037-49ef-adbe-e33a60e910dc req-f396fc29-2037-49ef-adbe-e33a60e910dc ] Request (DeleteServersAdminTestJSON:test_delete_server_while_in_error_state): 200 GET http://10.180.1.21/compute/v2.1/servers/bd2f666e-b089-433b-b11b-37a13c8a3400 1.215s
2024-08-16 17:27:51.738 62905 INFO tempest.common.waiters [-] State transition "BUILD/None" ==> "BUILD/networking" after 22 second wait
2024-08-16 17:27:51.746 62866 INFO tempest.lib.common.rest_client [req-83de3bb2-d0a4-4d4c-aa52-391d32f79b8b req-83de3bb2-d0a4-4d4c-aa52-391d32f79b8b ] Request (ListServerFiltersTestJSON:setUpClass): 201 POST http://10.180.1.21/identity/v3/auth/tokens 0.206s
2024-08-16 17:27:51.746 62866 INFO tempest.lib.common.fixed_network [-] (ListServerFiltersTestJSON:setUpClass) Found network {'id': 'daad9c08-399a-4424-a337-2db1e1559a80', 'name': 'tempest-ListServerFiltersTestJSON-683927085-network', 'tenant_id': '89507ec6bbe441eb92a4d25f6d072d58', 'admin_state_up': True, 'mtu': 8950, 'status': 'ACTIVE', 'subnets': [], 'shared': False, 'project_id': '89507ec6bbe441eb92a4d25f6d072d58', 'port_security_enabled': True, 'router:external': False, 'provider:network_type': 'vlan', 'provider:physical_network': 'default', 'provider:segmentation_id': 332, 'is_default': False, 'availability_zone_hints': [], 'availability_zones': [], 'ipv4_address_scope': None, 'ipv6_address_scope': None, 'description': '', 'tags': [], 'created_at': '2024-08-16T17:27:48Z', 'updated_at': '2024-08-16T17:27:48Z', 'revision_number': 1} available for tenant
2024-08-16 17:27:51.764 62928 INFO tempest.lib.common.rest_client [req-4a9ad029-e84e-4bd1-9379-95d96bd5ba14 req-4a9ad029-e84e-4bd1-9379-95d96bd5ba14 ] Request (ListServersNegativeTestJSON:setUpClass): 201 POST http://10.180.1.21/identity/v3/auth/tokens 0.136s
2024-08-16 17:27:51.769 62891 INFO tempest.lib.common.rest_client [req-db99adc1-d7a1-40f4-a57b-16fa70a4836e req-db99adc1-d7a1-40f4-a57b-16fa70a4836e ] Request (AttachInterfacesV270Test:setUpClass): 201 POST http://10.180.1.21/identity/v3/auth/tokens 0.086s
2024-08-16 17:27:51.776 62912 INFO tempest.lib.common.rest_client [req-00a67e5d-a796-4abd-a646-0851a2e1059c req-00a67e5d-a796-4abd-a646-0851a2e1059c ] Request (SecurityGroupRulesTestJSON:tearDownClass): 202 DELETE http://10.180.1.21/compute/v2.1/os-security-groups/6f53bcac-dd1c-4dfb-94f9-2d6dcea5c4de 1.420s
2024-08-16 17:27:51.792 62884 INFO tempest.lib.common.rest_client [req-3345fe9b-8998-4408-aa91-3c0a4dc9ff91 req-3345fe9b-8998-4408-aa91-3c0a4dc9ff91 ] Request (FlavorsAdminTestJSON:tearDownClass): 201 POST http://10.180.1.21/identity/v3/auth/tokens 0.092s
2024-08-16 17:27:51.809 62928 INFO tempest.lib.common.rest_client [req-a5a3a7ea-57bb-440e-af35-fd2f6413e05b req-a5a3a7ea-57bb-440e-af35-fd2f6413e05b ] Request (ListServersNegativeTestJSON:setUpClass): 200 GET http://10.180.1.21/identity/v3/domains?name=Default 0.045s
2024-08-16 17:27:51.813 62874 INFO tempest.lib.common.rest_client [req-a1ba57d7-25c3-4d0c-a3d8-8e50c82c7c68 req-a1ba57d7-25c3-4d0c-a3d8-8e50c82c7c68 ] Request (AttachInterfacesUnderV243Test:test_add_remove_fixed_ip): 200 GET http://10.180.1.21/compute/v2.1/servers/cac55ba3-b856-40e5-b7f3-f3260dd51e00 1.230s
2024-08-16 17:27:51.833 62891 INFO tempest.lib.common.rest_client [req-77efecf4-7905-457d-b5f7-17bc56b70f64 req-77efecf4-7905-457d-b5f7-17bc56b70f64 ] Request (AttachInterfacesV270Test:setUpClass): 201 POST http://10.180.1.21/identity/v3/auth/tokens 0.062s
2024-08-16 17:27:51.861 62928 INFO tempest.lib.common.rest_client [req-0c15f4dd-dca7-4d4e-a0c1-f6e339dce964 req-0c15f4dd-dca7-4d4e-a0c1-f6e339dce964 ] Request (ListServersNegativeTestJSON:setUpClass): 201 POST http://10.180.1.21/identity/v3/projects 0.051s
2024-08-16 17:27:51.876 62886 INFO tempest.lib.common.rest_client [req-f24bd684-7acc-4ed1-a044-50a2844515a9 req-f24bd684-7acc-4ed1-a044-50a2844515a9 ] Request (ServerActionsV293TestJSON:setUpClass): 200 GET http://10.180.1.21/compute/v2.1/servers/8c9bc22e-91c4-4e17-95a0-044d97e94aa2 1.276s
2024-08-16 17:27:51.893 62907 INFO tempest.lib.common.rest_client [req-6146e5b8-8a20-45f9-8e86-f85a1ed047ba req-6146e5b8-8a20-45f9-8e86-f85a1ed047ba ] Request (VolumesAdminNegativeTest:test_update_attached_volume_with_nonexistent_volume_in_body): 201 POST http://10.180.1.21:9696/networking/v2.0/security-group-rules 0.270s
2024-08-16 17:27:51.897 62882 INFO tempest.lib.common.rest_client [req-d06f5ffd-6ed7-4682-a95d-50aa8be59549 req-d06f5ffd-6ed7-4682-a95d-50aa8be59549 ] Request (DeleteServersTestJSON:test_delete_active_server): 200 GET http://10.180.1.21/compute/v2.1/servers/5cec92c4-65d0-453a-90e4-07dee8e3b7a0 1.206s
2024-08-16 17:27:51.920 62928 INFO tempest.lib.common.rest_client [req-51b1bb00-2f48-4727-ac79-a97628be758d req-51b1bb00-2f48-4727-ac79-a97628be758d ] Request (ListServersNegativeTestJSON:setUpClass): 201 POST http://10.180.1.21/identity/v3/users 0.058s
2024-08-16 17:27:51.924 62891 INFO tempest.lib.common.rest_client [req-ddcb9926-cdad-4124-a0e4-d35869b6a63e req-ddcb9926-cdad-4124-a0e4-d35869b6a63e ] Request (AttachInterfacesV270Test:setUpClass): 200 GET http://10.180.1.21/identity/v3/domains?name=Default 0.090s
2024-08-16 17:27:51.940 62928 INFO tempest.lib.common.rest_client [req-0dfd996a-e00e-4d71-80d0-109290325c3a req-0dfd996a-e00e-4d71-80d0-109290325c3a ] Request (ListServersNegativeTestJSON:setUpClass): 200 GET http://10.180.1.21/identity/v3/roles 0.019s
2024-08-16 17:27:51.952 62891 INFO tempest.lib.common.rest_client [req-c3e0ce09-8ced-4073-90c8-e2b9f74b9832 req-c3e0ce09-8ced-4073-90c8-e2b9f74b9832 ] Request (AttachInterfacesV270Test:setUpClass): 201 POST http://10.180.1.21/identity/v3/projects 0.028s
2024-08-16 17:27:51.953 62903 INFO tempest.lib.common.rest_client [req-7e00f57b-7467-4762-86dd-877729b0129e req-7e00f57b-7467-4762-86dd-877729b0129e ] Request (FloatingIPsAssociationTestJSON:setUpClass): 200 GET http://10.180.1.21/compute/v2.1/servers/ccf5a2e6-cca9-4242-b2de-b1c29bbaa861 1.259s
2024-08-16 17:27:51.972 62916 INFO tempest.lib.common.rest_client [req-6704e9fa-4bfe-41c1-a7e0-a168bb1be630 req-6704e9fa-4bfe-41c1-a7e0-a168bb1be630 ] Request (ServersTestFqdnHostnames:test_create_server_with_fqdn_name): 200 GET http://10.180.1.21/compute/v2.1/servers/56758047-1d5d-4600-b478-aec311fbd373 1.149s
2024-08-16 17:27:51.976 62928 INFO tempest.lib.common.rest_client [req-1afda7cc-e9c6-4112-976d-584f474cf526 req-1afda7cc-e9c6-4112-976d-584f474cf526 ] Request (ListServersNegativeTestJSON:setUpClass): 204 PUT http://10.180.1.21/identity/v3/projects/92d7838f3b024eab895c32d7746e6462/users/a6c2bffabe1644d49ac7e3782e00c923/roles/612c27af845d45739adbca9524873353 0.036s
2024-08-16 17:27:51.977 62928 INFO tempest.lib.common.dynamic_creds [-] Dynamic test user a6c2bffabe1644d49ac7e3782e00c923 is created with scope project and roles: ['member']
2024-08-16 17:27:51.977 62928 INFO tempest.lib.common.dynamic_creds [-] Acquired dynamic creds: credentials: Credentials: {'domain_id': 'default', 'domain_name': 'Default', 'username': 'tempest-ListServersNegativeTestJSON-516395902-project-member', 'project_domain_id': 'default', 'project_domain_name': 'Default', 'project_id': '92d7838f3b024eab895c32d7746e6462', 'project_name': 'tempest-ListServersNegativeTestJSON-516395902', 'tenant_id': '92d7838f3b024eab895c32d7746e6462', 'tenant_name': 'tempest-ListServersNegativeTestJSON-516395902', 'user_domain_id': 'default', 'user_domain_name': 'Default', 'user_id': 'a6c2bffabe1644d49ac7e3782e00c923', 'system': None}, Network: None, Subnet: None, Router: None
2024-08-16 17:27:52.047 62878 INFO tempest.lib.common.rest_client [req-2d7b4e2b-bbdd-4946-8234-8eb42f8c7d66 req-2d7b4e2b-bbdd-4946-8234-8eb42f8c7d66 ] Request (ServerMetadataNegativeTestJSON:setUpClass): 200 GET http://10.180.1.21/compute/v2.1/servers/4b313ce9-4fce-4eaf-968b-38a29402f46d 1.118s
2024-08-16 17:27:52.050 62884 INFO tempest.lib.common.rest_client [req-fa857b3b-ed26-4f57-9843-5fa1978c458a req-fa857b3b-ed26-4f57-9843-5fa1978c458a ] Request (FlavorsAdminTestJSON:tearDownClass): 200 GET http://10.180.1.21:9696/networking/v2.0/security-groups?tenant_id=4fa8676e899249f9ac3fb8821b457b1b&name=default 0.257s
2024-08-16 17:27:52.058 62931 INFO tempest.lib.common.rest_client [req-6ca4a1dd-ff20-42ad-af15-5e2cf4d52244 req-6ca4a1dd-ff20-42ad-af15-5e2cf4d52244 ] Request (SecurityGroupRulesNegativeTestJSON:tearDownClass): 200 PUT http://10.180.1.21:9696/networking/v2.0/routers/3174e6b0-763c-4e5f-94c7-56bfc90b84c2/remove_router_interface 1.811s
2024-08-16 17:27:52.078 62891 INFO tempest.lib.common.rest_client [req-d9255882-2d2e-46ca-b902-87160f9cd379 req-d9255882-2d2e-46ca-b902-87160f9cd379 ] Request (AttachInterfacesV270Test:setUpClass): 201 POST http://10.180.1.21/identity/v3/users 0.125s
2024-08-16 17:27:52.088 62928 INFO tempest.lib.common.rest_client [req-fcb9e877-573d-4b48-96c4-4804e25d72ea req-fcb9e877-573d-4b48-96c4-4804e25d72ea ] Request (ListServersNegativeTestJSON:setUpClass): 201 POST http://10.180.1.21/identity/v3/auth/tokens 0.111s
2024-08-16 17:27:52.098 62891 INFO tempest.lib.common.rest_client [req-9b5880b1-4297-4771-a3d8-d50954c7479b req-9b5880b1-4297-4771-a3d8-d50954c7479b ] Request (AttachInterfacesV270Test:setUpClass): 200 GET http://10.180.1.21/identity/v3/roles 0.019s
2024-08-16 17:27:52.131 62891 INFO tempest.lib.common.rest_client [req-28c3cb8b-aedc-48cf-855c-552c877c4851 req-28c3cb8b-aedc-48cf-855c-552c877c4851 ] Request (AttachInterfacesV270Test:setUpClass): 204 PUT http://10.180.1.21/identity/v3/projects/09df1532840f49c798c8064a048fd483/users/0a8267b29f074f56b51417c7cde7ba35/roles/612c27af845d45739adbca9524873353 0.033s
2024-08-16 17:27:52.132 62891 INFO tempest.lib.common.dynamic_creds [-] Dynamic test user 0a8267b29f074f56b51417c7cde7ba35 is created with scope project and roles: ['member']
2024-08-16 17:27:52.132 62891 INFO tempest.lib.common.dynamic_creds [-] Acquired dynamic creds: credentials: Credentials: {'domain_id': 'default', 'domain_name': 'Default', 'username': 'tempest-AttachInterfacesV270Test-1505329663-project-member', 'project_domain_id': 'default', 'project_domain_name': 'Default', 'project_id': '09df1532840f49c798c8064a048fd483', 'project_name': 'tempest-AttachInterfacesV270Test-1505329663', 'tenant_id': '09df1532840f49c798c8064a048fd483', 'tenant_name': 'tempest-AttachInterfacesV270Test-1505329663', 'user_domain_id': 'default', 'user_domain_name': 'Default', 'user_id': '0a8267b29f074f56b51417c7cde7ba35', 'system': None}, Network: None, Subnet: None, Router: None
2024-08-16 17:27:52.133 62898 INFO tempest.lib.common.rest_client [req-d32306ae-b257-4c79-bf80-1165e0a6d0ab req-d32306ae-b257-4c79-bf80-1165e0a6d0ab ] Request (MigrationsAdminTest:test_resize_server_revert_deleted_flavor): 200 GET http://10.180.1.21/compute/v2.1/servers/5920e769-c1a3-4526-8bc6-7705615aa238 1.166s
2024-08-16 17:27:52.193 62891 INFO tempest.lib.common.rest_client [req-78028086-a68f-43f9-8a71-786458ba52bf req-78028086-a68f-43f9-8a71-786458ba52bf ] Request (AttachInterfacesV270Test:setUpClass): 201 POST http://10.180.1.21/identity/v3/auth/tokens 0.061s
2024-08-16 17:27:52.258 62888 INFO tempest.lib.common.rest_client [req-099240cd-c086-47a7-adb2-0e7b6271b909 req-099240cd-c086-47a7-adb2-0e7b6271b909 ] Request (ServerDiagnosticsV248Test:tearDownClass): 200 GET http://10.180.1.21/compute/v2.1/servers/76004611-5b01-4b15-9411-c60d404bfd25 1.207s
2024-08-16 17:27:52.356 62864 INFO tempest.lib.common.rest_client [req-c06431c2-06b0-4ab6-8e5c-d5e4b9d209a0 req-c06431c2-06b0-4ab6-8e5c-d5e4b9d209a0 ] Request (ServersWithSpecificFlavorTestJSON:test_verify_created_server_ephemeral_disk): 200 GET http://10.180.1.21/compute/v2.1/servers/159fd42c-397a-4e00-ae6c-923ad73b8634 1.227s
2024-08-16 17:27:52.362 62864 INFO tempest.common.waiters [-] State transition "BUILD/spawning" ==> "ERROR/None" after 44 second wait
