2024-10-31 09:59:36.830 62872 INFO tempest.lib.common.rest_client [req-59234c5e-27a3-4fe7-b2f1-453de453b4ad req-59234c5e-27a3-4fe7-b2f1-453de453b4ad ] Request (ServerShowV257Test:setUpClass): 200 GET http://10.180.1.21/identity/v3/roles 0.025s
2024-10-31 09:59:36.882 62878 INFO tempest.lib.common.rest_client [req-67e90257-501c-451d-9aa8-edd2e1094dc9 req-67e90257-501c-451d-9aa8-edd2e1094dc9 ] Request (FloatingIPDetailsTestJSON:setUpClass): 201 POST http://10.180.1.21:9696/networking/v2.0/routers 2.635s
2024-10-31 09:59:36.882 62862 INFO tempest.lib.common.rest_client [req-97490a7d-0e57-48d8-bcae-63b70e8e7ac9 req-97490a7d-0e57-48d8-bcae-63b70e8e7ac9 ] Request (ServersTestBootFromVolume:setUpClass): 201 POST http://10.180.1.21:9696/networking/v2.0/routers 2.432s
2024-10-31 09:59:36.891 62840 INFO tempest.lib.common.rest_client [req-9bf50e15-4bc9-4a70-ba9d-bc1df4a28995 req-9bf50e15-4bc9-4a70-ba9d-bc1df4a28995 ] Request (ServerDiagnosticsV248Test:test_get_server_diagnostics): 200 GET http://10.180.1.21/compute/v2.1/servers/779efd7e-99d5-4065-8ade-1665533677a4 1.261s
2024-10-31 09:59:36.893 62872 INFO tempest.lib.common.rest_client [req-91380f43-0aab-4f3e-b444-7e059eb703d8 req-91380f43-0aab-4f3e-b444-7e059eb703d8 ] Request (ServerShowV257Test:setUpClass): 204 PUT http://10.180.1.21/identity/v3/projects/04f73661b7d24132bf6a5bc88543ee27/users/e9bf6b1b8d324afab59615fa76bd041f/roles/58834a667aff4859a21f0c75f4ac2b2b 0.063s
2024-10-31 09:59:36.895 62872 INFO tempest.lib.common.dynamic_creds [-] Dynamic test user e9bf6b1b8d324afab59615fa76bd041f is created with scope project and roles: ['member']
2024-10-31 09:59:36.895 62872 INFO tempest.lib.common.dynamic_creds [-] Acquired dynamic creds: credentials: Credentials: {'domain_id': 'default', 'domain_name': 'Default', 'username': 'tempest-ServerShowV257Test-1218433941-project-member', 'project_domain_id': 'default', 'project_domain_name': 'Default', 'project_id': '04f73661b7d24132bf6a5bc88543ee27', 'project_name': 'tempest-ServerShowV257Test-1218433941', 'tenant_id': '04f73661b7d24132bf6a5bc88543ee27', 'tenant_name': 'tempest-ServerShowV257Test-1218433941', 'user_domain_id': 'default', 'user_domain_name': 'Default', 'user_id': 'e9bf6b1b8d324afab59615fa76bd041f', 'system': None}, Network: None, Subnet: None, Router: None
2024-10-31 09:59:36.895 62872 INFO tempest.lib.common.dynamic_creds [-] Created isolated network resources for: credentials: Credentials: {'domain_id': 'default', 'domain_name': 'Default', 'username': 'tempest-ServerShowV257Test-1218433941-project-member', 'project_domain_id': 'default', 'project_domain_name': 'Default', 'project_id': '04f73661b7d24132bf6a5bc88543ee27', 'project_name': 'tempest-ServerShowV257Test-1218433941', 'tenant_id': '04f73661b7d24132bf6a5bc88543ee27', 'tenant_name': 'tempest-ServerShowV257Test-1218433941', 'user_domain_id': 'default', 'user_domain_name': 'Default', 'user_id': 'e9bf6b1b8d324afab59615fa76bd041f', 'system': None}, Network: None, Subnet: None, Router: None
2024-10-31 09:59:36.907 62840 INFO tempest.common.waiters [-] State transition "BUILD/None" ==> "BUILD/block_device_mapping" after 10 second wait
2024-10-31 09:59:36.912 62874 INFO tempest.lib.common.rest_client [req-53e173cc-c232-426f-8ea1-32e91de84d28 req-53e173cc-c232-426f-8ea1-32e91de84d28 ] Request (VolumesAssistedSnapshotsTest:setUpClass): 201 POST http://10.180.1.21/identity/v3/auth/tokens 0.104s
2024-10-31 09:59:36.991 62872 INFO tempest.lib.common.rest_client [req-819cbdec-9b87-40d3-8553-9ae88ba225db req-819cbdec-9b87-40d3-8553-9ae88ba225db ] Request (ServerShowV257Test:setUpClass): 201 POST http://10.180.1.21/identity/v3/auth/tokens 0.090s
2024-10-31 09:59:37.032 62872 INFO tempest.lib.common.rest_client [req-4a30b219-25ea-486f-bdaa-cda7dde92f24 req-4a30b219-25ea-486f-bdaa-cda7dde92f24 ] Request (ServerShowV257Test:test_rebuild_server): 201 POST http://10.180.1.21/identity/v3/auth/tokens 0.035s
2024-10-31 09:59:37.032 62872 INFO tempest.lib.common.fixed_network [-] (ServerShowV257Test:test_rebuild_server) Found network None available for tenant
2024-10-31 09:59:37.033 62830 INFO tempest.lib.common.rest_client [req-25511253-3636-4117-96b3-0a401bcbce8f req-25511253-3636-4117-96b3-0a401bcbce8f ] Request (FlavorsV255TestJSON:tearDownClass): 200 GET http://10.180.1.21:9696/networking/v2.0/security-groups?tenant_id=84ab4148a0734d5d947bea4991377ba7&name=default 0.551s
2024-10-31 09:59:37.046 62866 INFO tempest.lib.common.rest_client [req-f1e64ec8-393e-4f29-945f-4a83b166fd23 req-f1e64ec8-393e-4f29-945f-4a83b166fd23 ] Request (ServersAdmin275Test:test_rebuild_update_server_275): 200 PUT http://10.180.1.21/compute/v2.1/servers/dd387320-7101-440c-80bc-a7d19a654df8 1.323s
2024-10-31 09:59:37.111 62834 INFO tempest.lib.common.rest_client [req-882b054f-252c-4adf-ac89-175d6949bfb9 req-882b054f-252c-4adf-ac89-175d6949bfb9 ] Request (ValidationResourcesFixture:setUp): 201 POST http://10.180.1.21:9696/networking/v2.0/security-group-rules 0.535s
2024-10-31 09:59:37.140 62848 INFO tempest.lib.common.rest_client [req-11f337ca-d63f-4b94-8f1b-80a099a1295a req-11f337ca-d63f-4b94-8f1b-80a099a1295a ] Request (MigrationsAdminTest:test_list_migrations_in_flavor_resize_situation): 200 GET http://10.180.1.21/compute/v2.1/servers/40fd1fff-1df0-43b6-9cce-a666ecd63199 1.633s
2024-10-31 09:59:37.146 62848 INFO tempest.common.waiters [-] State transition "BUILD/block_device_mapping" ==> "BUILD/spawning" after 11 second wait
2024-10-31 09:59:37.157 62860 INFO tempest.lib.common.rest_client [req-69983ad3-8206-44f5-aa22-84b677ec4a74 req-69983ad3-8206-44f5-aa22-84b677ec4a74 ] Request (HostsAdminNegativeTestJSON:test_startup_nonexistent_host): 404 GET http://10.180.1.21/compute/v2.1/os-hosts/nonexistent_hostname/startup 1.225s
2024-10-31 09:59:37.176 62871 INFO tempest.lib.common.rest_client [req-d33558e0-85bb-46ef-aeda-440c3335c6fd req-d33558e0-85bb-46ef-aeda-440c3335c6fd ] Request (ImagesOneServerTestJSON:setUpClass): 200 GET http://10.180.1.21/compute/v2.1/servers/1a7356c7-1442-4de3-8a1f-04fc1bfb03b8 1.353s
2024-10-31 09:59:37.179 62854 INFO tempest.lib.common.rest_client [req-b5897269-a535-4c75-9354-57763b04e861 req-b5897269-a535-4c75-9354-57763b04e861 ] Request (KeyPairsV2TestJSON:_run_cleanups): 202 DELETE http://10.180.1.21/compute/v2.1/os-keypairs/tempest-KeyPairsV2TestJSON-keypair-569784602 1.218s
2024-10-31 09:59:37.292 62824 INFO tempest.lib.common.rest_client [req-4ffc6e20-38a1-4f27-a9d6-acba34bf3d4b req-4ffc6e20-38a1-4f27-a9d6-acba34bf3d4b ] Request (ServersAdminTestJSON:setUpClass): 200 GET http://10.180.1.21/compute/v2.1/servers/598c7b4f-8239-45af-8bc5-caf6b47172ba 1.291s
2024-10-31 09:59:37.304 62824 INFO tempest.common.waiters [-] State transition "BUILD/scheduling" ==> "BUILD/None" after 3 second wait
2024-10-31 09:59:37.309 62857 INFO tempest.lib.common.rest_client [req-db6ea243-1e95-4976-aed3-5ed5741f299b req-db6ea243-1e95-4976-aed3-5ed5741f299b ] Request (FlavorsAccessTestJSON:test_flavor_access_list_with_private_flavor): 200 GET http://10.180.1.21/compute/v2.1/flavors/957990621/os-flavor-access 1.273s
2024-10-31 09:59:37.328 62882 INFO tempest.lib.common.rest_client [req-e5f81e25-683e-441e-9079-9668be2d0766 req-e5f81e25-683e-441e-9079-9668be2d0766 ] Request (HypervisorAdminNegativeTestJSON:tearDownClass): 200 GET http://10.180.1.21:9696/networking/v2.0/security-groups?tenant_id=586b326417fd45a1b93a6536a7ac2660&name=default 0.645s
2024-10-31 09:59:37.332 62850 INFO tempest.lib.common.rest_client [req-0ea9c71f-bdf6-4e92-8b40-2df3cb5e71ad req-0ea9c71f-bdf6-4e92-8b40-2df3cb5e71ad ] Request (HostsAdminTestJSON:test_list_hosts_with_nonexistent_zone): 200 GET http://10.180.1.21/compute/v2.1/os-hosts?zone=xxx 1.274s
2024-10-31 09:59:37.401 62830 INFO tempest.lib.common.rest_client [req-7f5feae3-917b-4930-921f-9c3e71c23235 req-7f5feae3-917b-4930-921f-9c3e71c23235 ] Request (FlavorsV255TestJSON:tearDownClass): 204 DELETE http://10.180.1.21:9696/networking/v2.0/security-groups/33743fe5-edc1-4e29-8146-fef8543909e7 0.367s
2024-10-31 09:59:37.433 62884 INFO tempest.lib.common.rest_client [req-3539b7d6-8798-41d8-8ccc-8d0abfe3ebca req-3539b7d6-8798-41d8-8ccc-8d0abfe3ebca ] Request (FlavorsExtraSpecsTestJSON:test_flavor_non_admin_get_all_keys): 200 GET http://10.180.1.21/compute/v2.1/flavors/1909337738/os-extra_specs 1.347s
2024-10-31 09:59:37.519 62874 INFO tempest.lib.common.rest_client [req-24b6d626-f2be-4ab5-b404-7b24205f28c1 req-24b6d626-f2be-4ab5-b404-7b24205f28c1 ] Request (VolumesAssistedSnapshotsTest:test_volume_assisted_snapshot_create_delete): 202 POST http://10.180.1.21/volume/v3/volumes 0.605s
2024-10-31 09:59:37.549 62858 INFO tempest.lib.common.rest_client [req-45e8ef7d-9a36-431d-8563-68e526a36b3d req-45e8ef7d-9a36-431d-8563-68e526a36b3d ] Request (QuotasAdminTestJSON:test_get_updated_quotas): 200 PUT http://10.180.1.21/compute/v2.1/os-quota-sets/c8857e9bfa8c432092cbbcbda60c6d16?user_id=f5f19d23e3044db187960c63248f583d 1.418s
2024-10-31 09:59:37.587 62830 INFO tempest.lib.common.rest_client [req-6664b166-7a56-438c-8251-b348c0563523 req-6664b166-7a56-438c-8251-b348c0563523 ] Request (FlavorsV255TestJSON:tearDownClass): 204 DELETE http://10.180.1.21/identity/v3/projects/84ab4148a0734d5d947bea4991377ba7 0.185s
2024-10-31 09:59:37.613 62874 INFO tempest.lib.common.rest_client [req-0ee3cd5c-cc70-43e9-906e-44fd072fdfc8 req-0ee3cd5c-cc70-43e9-906e-44fd072fdfc8 ] Request (VolumesAssistedSnapshotsTest:test_volume_assisted_snapshot_create_delete): 200 GET http://10.180.1.21/volume/v3/volumes/dee718c5-0f33-4fc2-b71f-840907814686 0.083s
2024-10-31 09:59:37.614 62844 INFO tempest.lib.common.rest_client [req-619a48ce-4ac0-4443-b866-af87f113d4ca req-619a48ce-4ac0-4443-b866-af87f113d4ca ] Request (ServerDiagnosticsTest:test_get_server_diagnostics): 200 GET http://10.180.1.21/compute/v2.1/servers/3d05d741-1b46-4646-8269-f72dc6ad5cbd 1.460s
2024-10-31 09:59:37.621 62844 INFO tempest.common.waiters [-] State transition "BUILD/scheduling" ==> "BUILD/None" after 2 second wait
2024-10-31 09:59:37.627 62834 INFO tempest.lib.common.rest_client [req-cef51b64-744e-45b0-a7b7-f4efb481f49c req-cef51b64-744e-45b0-a7b7-f4efb481f49c ] Request (ValidationResourcesFixture:setUp): 201 POST http://10.180.1.21:9696/networking/v2.0/security-group-rules 0.515s
2024-10-31 09:59:37.641 62868 INFO tempest.lib.common.rest_client [req-994d7efa-edd2-40ce-bc1b-065cdca5faa5 req-994d7efa-edd2-40ce-bc1b-065cdca5faa5 ] Request (FlavorsAdminTestJSON:_run_cleanups): 200 GET http://10.180.1.21/compute/v2.1/flavors/detail 1.370s
2024-10-31 09:59:37.661 62846 INFO tempest.lib.common.rest_client [req-fab35de5-4881-41f8-a1ce-20ffce41ac3e req-fab35de5-4881-41f8-a1ce-20ffce41ac3e ] Request (FlavorsAccessNegativeTestJSON:_run_cleanups): 202 DELETE http://10.180.1.21/compute/v2.1/flavors/1971420515 1.378s
2024-10-31 09:59:37.676 62826 INFO tempest.lib.common.rest_client [req-4502581d-7bbf-4351-b37a-b65a3d87dd62 req-4502581d-7bbf-4351-b37a-b65a3d87dd62 ] Request (FlavorsV2TestJSON:test_list_flavors): 200 GET http://10.180.1.21/compute/v2.1/flavors/42 1.121s
2024-10-31 09:59:37.683 62876 INFO tempest.lib.common.rest_client [req-8f166578-b0d0-4661-8072-aaa9b5da38c2 req-8f166578-b0d0-4661-8072-aaa9b5da38c2 ] Request (ServerMetadataNegativeTestJSON:setUpClass): 201 POST http://10.180.1.21:9696/networking/v2.0/subnets 0.993s
2024-10-31 09:59:37.718 62830 INFO tempest.lib.common.rest_client [req-726267cd-8bca-4e02-81ef-dab382158779 req-726267cd-8bca-4e02-81ef-dab382158779 ] Request (InstanceUsageAuditLogTestJSON:setUpClass): 201 POST http://10.180.1.21/identity/v3/auth/tokens 0.130s
2024-10-31 09:59:37.723 62864 INFO tempest.lib.common.rest_client [req-c093b729-28ec-4239-a888-dd28921d5f52 req-c093b729-28ec-4239-a888-dd28921d5f52 ] Request (ServicesAdminNegativeV253TestJSON:test_list_services_with_non_admin_user): 403 GET http://10.180.1.21/compute/v2.1/os-services 1.483s
2024-10-31 09:59:37.745 62882 INFO tempest.lib.common.rest_client [req-1953a6c5-e9ed-4b2f-9982-eea61eca717c req-1953a6c5-e9ed-4b2f-9982-eea61eca717c ] Request (HypervisorAdminNegativeTestJSON:tearDownClass): 204 DELETE http://10.180.1.21:9696/networking/v2.0/security-groups/28e7a569-d9d6-4676-bc38-7a6225a30726 0.416s
2024-10-31 09:59:37.764 62830 INFO tempest.lib.common.rest_client [req-5fd98800-5b11-4788-a270-0c17460e2b07 req-5fd98800-5b11-4788-a270-0c17460e2b07 ] Request (InstanceUsageAuditLogTestJSON:setUpClass): 201 POST http://10.180.1.21/identity/v3/auth/tokens 0.043s
2024-10-31 09:59:37.765 62828 INFO tempest.lib.common.rest_client [req-94aa5651-e1d0-4b3a-9f19-4af1d3e0ebfa req-94aa5651-e1d0-4b3a-9f19-4af1d3e0ebfa ] Request (AggregatesAdminNegativeTestJSON:test_aggregate_add_non_exist_host): 200 POST http://10.180.1.21/compute/v2.1/os-aggregates 0.971s
2024-10-31 09:59:37.771 62832 INFO tempest.lib.common.rest_client [req-67154620-34a8-4ecb-b465-88038c33c00c req-67154620-34a8-4ecb-b465-88038c33c00c ] Request (FloatingIPsAssociationTestJSON:setUpClass): 200 GET http://10.180.1.21/compute/v2.1/servers/1531ed40-29c2-4812-afd5-eabffe22f4ea 1.187s
2024-10-31 09:59:37.839 62882 INFO tempest.lib.common.rest_client [req-654ab380-60a3-4a26-b29b-8d1d324ce001 req-654ab380-60a3-4a26-b29b-8d1d324ce001 ] Request (HypervisorAdminNegativeTestJSON:tearDownClass): 204 DELETE http://10.180.1.21/identity/v3/projects/586b326417fd45a1b93a6536a7ac2660 0.094s
2024-10-31 09:59:37.840 62882 INFO tempest.lib.common.dynamic_creds [-] Deleting project and security group for project: 4187be9fd6be405e9bc50f242dec8a71
2024-10-31 09:59:37.843 62864 INFO tempest.lib.common.rest_client [req-48c258b4-f741-413a-8ea5-e726044ca348 req-48c258b4-f741-413a-8ea5-e726044ca348 ] Request (ServicesAdminNegativeV253TestJSON:tearDownClass): 204 DELETE http://10.180.1.21/identity/v3/users/f231373ded0041f8af7bc75aa72b85c1 0.118s
2024-10-31 09:59:37.919 62866 INFO tempest.lib.common.rest_client [req-4ef92356-8725-4d35-9033-c133dc6be705 req-4ef92356-8725-4d35-9033-c133dc6be705 ] Request (ServersAdmin275Test:test_rebuild_update_server_275): 200 GET http://10.180.1.21/compute/v2.1/servers/dd387320-7101-440c-80bc-a7d19a654df8 0.854s
2024-10-31 09:59:37.927 62860 INFO tempest.lib.common.rest_client [req-5d5be99c-e70a-4846-a86b-0401ad3f465c req-5d5be99c-e70a-4846-a86b-0401ad3f465c ] Request (HostsAdminNegativeTestJSON:test_update_host_with_invalid_maintenance_mode): 400 PUT http://10.180.1.21/compute/v2.1/os-hosts/devstack 0.768s
2024-10-31 09:59:37.957 62854 INFO tempest.lib.common.rest_client [req-b16de6e1-15a4-4727-b372-1ab1152e6be8 req-b16de6e1-15a4-4727-b372-1ab1152e6be8 ] Request (KeyPairsV2TestJSON:_run_cleanups): 202 DELETE http://10.180.1.21/compute/v2.1/os-keypairs/tempest-KeyPairsV2TestJSON-keypair-875761608 0.778s
2024-10-31 09:59:37.981 62830 INFO tempest.lib.common.rest_client [req-f958a6d6-f65a-4ce0-a9bf-557c4364a50b req-f958a6d6-f65a-4ce0-a9bf-557c4364a50b ] Request (InstanceUsageAuditLogTestJSON:setUpClass): 200 GET http://10.180.1.21/identity/v3/domains?name=Default 0.216s
2024-10-31 09:59:38.102 62852 INFO tempest.lib.common.rest_client [req-a9faa1ae-3f9c-4e38-8b07-232d4b70ce1f req-a9faa1ae-3f9c-4e38-8b07-232d4b70ce1f ] Request (DeleteServersAdminTestJSON:test_admin_delete_servers_of_others): 200 GET http://10.180.1.21/compute/v2.1/servers/d8d432cc-07e0-4aac-9ad0-88a621173835 0.881s
2024-10-31 09:59:38.113 62864 INFO tempest.lib.common.rest_client [req-cf03633e-059c-4273-85f0-f40f5fd7c791 req-cf03633e-059c-4273-85f0-f40f5fd7c791 ] Request (ServicesAdminNegativeV253TestJSON:tearDownClass): 204 DELETE http://10.180.1.21/identity/v3/users/03e36e0d0e584653af9332c4f1721578 0.269s
2024-10-31 09:59:38.113 62864 INFO tempest.lib.common.dynamic_creds [-] Deleting project and security group for project: a2f869c10629431ba74f8e2896a664b8
2024-10-31 09:59:38.128 62854 INFO tempest.lib.common.rest_client [req-b2687776-b197-4cbb-ad41-67a40272cdb0 req-b2687776-b197-4cbb-ad41-67a40272cdb0 ] Request (KeyPairsV2TestJSON:tearDownClass): 204 DELETE http://10.180.1.21/identity/v3/users/d132d9d378ef47f4b57423dabc79632c 0.169s
2024-10-31 09:59:38.128 62854 INFO tempest.lib.common.dynamic_creds [-] Deleting project and security group for project: 451cc9925cf24fa19b814887aa67d0cb
2024-10-31 09:59:38.131 62857 INFO tempest.lib.common.rest_client [req-5edbd0eb-f8de-4620-bb8d-adee827b6be2 req-5edbd0eb-f8de-4620-bb8d-adee827b6be2 ] Request (FlavorsAccessTestJSON:_run_cleanups): 202 DELETE http://10.180.1.21/compute/v2.1/flavors/957990621 0.820s
2024-10-31 09:59:38.167 62850 INFO tempest.lib.common.rest_client [req-2e1de73e-1f85-46b3-8db7-1e407f308a25 req-2e1de73e-1f85-46b3-8db7-1e407f308a25 ] Request (HostsAdminTestJSON:test_list_hosts_with_zone): 200 GET http://10.180.1.21/compute/v2.1/os-hosts 0.833s
2024-10-31 09:59:38.214 62872 INFO tempest.lib.common.rest_client [req-80fdb8dd-841c-44ab-a89e-189ccc41d5e1 req-80fdb8dd-841c-44ab-a89e-189ccc41d5e1 ] Request (ServerShowV257Test:test_rebuild_server): 202 POST http://10.180.1.21/compute/v2.1/servers 1.181s
2024-10-31 09:59:38.228 62830 INFO tempest.lib.common.rest_client [req-6554a9db-2143-4e86-9437-2234dac7e4ca req-6554a9db-2143-4e86-9437-2234dac7e4ca ] Request (InstanceUsageAuditLogTestJSON:setUpClass): 201 POST http://10.180.1.21/identity/v3/projects 0.246s
2024-10-31 09:59:38.243 62884 INFO tempest.lib.common.rest_client [req-c69873ff-4cee-45a1-9b9b-41bfdfafc1fc req-c69873ff-4cee-45a1-9b9b-41bfdfafc1fc ] Request (FlavorsExtraSpecsTestJSON:test_flavor_non_admin_get_specific_key): 200 POST http://10.180.1.21/compute/v2.1/flavors/1909337738/os-extra_specs 0.808s
2024-10-31 09:59:38.256 62864 INFO tempest.lib.common.rest_client [req-434d9a1d-8c4e-44f9-bf90-34f066d6ecb6 req-434d9a1d-8c4e-44f9-bf90-34f066d6ecb6 ] Request (ServicesAdminNegativeV253TestJSON:tearDownClass): 201 POST http://10.180.1.21/identity/v3/auth/tokens 0.143s
2024-10-31 09:59:38.281 62838 INFO tempest.lib.common.rest_client [req-eed6d70e-8d63-4667-a79c-512c370e122b req-eed6d70e-8d63-4667-a79c-512c370e122b ] Request (ServersTestManualDisk:setUpClass): 200 GET http://10.180.1.21/compute/v2.1/servers/916af5db-2e20-4156-9048-148f0f6253cd 0.891s
2024-10-31 09:59:38.300 62838 INFO tempest.common.waiters [-] State transition "BUILD/None" ==> "BUILD/networking" after 10 second wait
2024-10-31 09:59:38.329 62854 INFO tempest.lib.common.rest_client [req-b1bd10c1-9752-4062-99c0-4f335819c970 req-b1bd10c1-9752-4062-99c0-4f335819c970 ] Request (KeyPairsV2TestJSON:tearDownClass): 201 POST http://10.180.1.21/identity/v3/auth/tokens 0.201s
2024-10-31 09:59:38.361 62830 INFO tempest.lib.common.rest_client [req-dadf5d6c-e111-44a4-bda3-4838a8b2129d req-dadf5d6c-e111-44a4-bda3-4838a8b2129d ] Request (InstanceUsageAuditLogTestJSON:setUpClass): 201 POST http://10.180.1.21/identity/v3/users 0.132s
2024-10-31 09:59:38.403 62830 INFO tempest.lib.common.rest_client [req-1d38f454-4a48-45c8-bfeb-e6e0ede2544d req-1d38f454-4a48-45c8-bfeb-e6e0ede2544d ] Request (InstanceUsageAuditLogTestJSON:setUpClass): 200 GET http://10.180.1.21/identity/v3/roles 0.041s
2024-10-31 09:59:38.429 62882 INFO tempest.lib.common.rest_client [req-5f8944f7-43c0-4f1c-9197-1dcbdd884055 req-5f8944f7-43c0-4f1c-9197-1dcbdd884055 ] Request (HypervisorAdminNegativeTestJSON:tearDownClass): 200 GET http://10.180.1.21:9696/networking/v2.0/security-groups?tenant_id=4187be9fd6be405e9bc50f242dec8a71&name=default 0.589s
2024-10-31 09:59:38.433 62830 INFO tempest.lib.common.rest_client [req-227ff5de-89eb-4af7-91e8-cf22e1d16af9 req-227ff5de-89eb-4af7-91e8-cf22e1d16af9 ] Request (InstanceUsageAuditLogTestJSON:setUpClass): 204 PUT http://10.180.1.21/identity/v3/projects/e39831a1bce94c819bcfbfc6e960cb19/users/f157b029d5e74ab9b7676d71845298c6/roles/58834a667aff4859a21f0c75f4ac2b2b 0.030s
2024-10-31 09:59:38.433 62830 INFO tempest.lib.common.dynamic_creds [-] Dynamic test user f157b029d5e74ab9b7676d71845298c6 is created with scope project and roles: ['member']
2024-10-31 09:59:38.433 62830 INFO tempest.lib.common.dynamic_creds [-] Acquired dynamic creds: credentials: Credentials: {'domain_id': 'default', 'domain_name': 'Default', 'username': 'tempest-InstanceUsageAuditLogTestJSON-1985535389-project-member', 'project_domain_id': 'default', 'project_domain_name': 'Default', 'project_id': 'e39831a1bce94c819bcfbfc6e960cb19', 'project_name': 'tempest-InstanceUsageAuditLogTestJSON-1985535389', 'tenant_id': 'e39831a1bce94c819bcfbfc6e960cb19', 'tenant_name': 'tempest-InstanceUsageAuditLogTestJSON-1985535389', 'user_domain_id': 'default', 'user_domain_name': 'Default', 'user_id': 'f157b029d5e74ab9b7676d71845298c6', 'system': None}, Network: None, Subnet: None, Router: None
2024-10-31 09:59:38.433 62830 INFO tempest.lib.common.dynamic_creds [-] Created isolated network resources for: credentials: Credentials: {'domain_id': 'default', 'domain_name': 'Default', 'username': 'tempest-InstanceUsageAuditLogTestJSON-1985535389-project-member', 'project_domain_id': 'default', 'project_domain_name': 'Default', 'project_id': 'e39831a1bce94c819bcfbfc6e960cb19', 'project_name': 'tempest-InstanceUsageAuditLogTestJSON-1985535389', 'tenant_id': 'e39831a1bce94c819bcfbfc6e960cb19', 'tenant_name': 'tempest-InstanceUsageAuditLogTestJSON-1985535389', 'user_domain_id': 'default', 'user_domain_name': 'Default', 'user_id': 'f157b029d5e74ab9b7676d71845298c6', 'system': None}, Network: None, Subnet: None, Router: None
2024-10-31 09:59:38.436 62880 INFO tempest.lib.common.rest_client [req-e48a8154-8be5-4bed-9290-c625d075be1d req-e48a8154-8be5-4bed-9290-c625d075be1d ] Request (ServerTagsTestJSON:setUpClass): 200 GET http://10.180.1.21/compute/v2.1/servers/106dca6d-1ddf-4315-b645-c52c7c59f5d1 0.895s
2024-10-31 09:59:38.461 62868 INFO tempest.lib.common.rest_client [req-d5d05a49-bb96-4e7d-9402-828a6647d0d2 req-d5d05a49-bb96-4e7d-9402-828a6647d0d2 ] Request (FlavorsAdminTestJSON:test_create_flavor_with_none_id): 200 POST http://10.180.1.21/compute/v2.1/flavors 0.813s
2024-10-31 09:59:38.479 62846 INFO tempest.lib.common.rest_client [req-2e088194-7bb3-4f43-8735-bc71e9022b4c req-2e088194-7bb3-4f43-8735-bc71e9022b4c ] Request (FlavorsAccessNegativeTestJSON:_run_cleanups): 200 GET http://10.180.1.21/compute/v2.1/flavors/detail 0.817s
2024-10-31 09:59:38.506 62826 INFO tempest.lib.common.rest_client [req-50fe9af1-93c4-442f-81cd-8414c7edec3e req-50fe9af1-93c4-442f-81cd-8414c7edec3e ] Request (FlavorsV2TestJSON:test_list_flavors_detailed_filter_by_min_disk): 200 GET http://10.180.1.21/compute/v2.1/flavors/42 0.821s
2024-10-31 09:59:38.523 62830 INFO tempest.lib.common.rest_client [req-4b9b2274-627a-43e3-bd55-d44f8b1ae284 req-4b9b2274-627a-43e3-bd55-d44f8b1ae284 ] Request (InstanceUsageAuditLogTestJSON:setUpClass): 201 POST http://10.180.1.21/identity/v3/auth/tokens 0.086s
2024-10-31 09:59:38.541 62828 INFO tempest.lib.common.rest_client [req-c1b9af8d-7161-4109-a8e2-74fffe2944b0 req-c1b9af8d-7161-4109-a8e2-74fffe2944b0 ] Request (AggregatesAdminNegativeTestJSON:test_aggregate_add_non_exist_host): 404 POST http://10.180.1.21/compute/v2.1/os-aggregates/3/action 0.774s
2024-10-31 09:59:38.575 62858 INFO tempest.lib.common.rest_client [req-5b3214bc-a7aa-4c21-bc07-62aab5523e9b req-5b3214bc-a7aa-4c21-bc07-62aab5523e9b ] Request (QuotasAdminTestJSON:test_get_updated_quotas): 200 GET http://10.180.1.21/compute/v2.1/os-quota-sets/c8857e9bfa8c432092cbbcbda60c6d16?user_id=f5f19d23e3044db187960c63248f583d 1.024s
2024-10-31 09:59:38.602 62830 INFO tempest.lib.common.rest_client [req-4e3c51f6-3417-4f10-9319-8d8f4ba86fd3 req-4e3c51f6-3417-4f10-9319-8d8f4ba86fd3 ] Request (InstanceUsageAuditLogTestJSON:setUpClass): 201 POST http://10.180.1.21/identity/v3/projects 0.078s
2024-10-31 09:59:38.672 62874 INFO tempest.lib.common.rest_client [req-08895ebd-168c-474a-bc09-0c0cdee95f3a req-08895ebd-168c-474a-bc09-0c0cdee95f3a ] Request (VolumesAssistedSnapshotsTest:test_volume_assisted_snapshot_create_delete): 200 GET http://10.180.1.21/volume/v3/volumes/dee718c5-0f33-4fc2-b71f-840907814686 0.046s
2024-10-31 09:59:38.681 62874 INFO tempest.common.waiters [-] volume dee718c5-0f33-4fc2-b71f-840907814686 reached available after waiting for 1.681614 seconds
2024-10-31 09:59:38.692 62836 INFO tempest.lib.common.rest_client [req-211cf933-1ed1-4e4f-ba64-4ec98c90d551 req-211cf933-1ed1-4e4f-ba64-4ec98c90d551 ] Request (ServersAdminNegativeTestJSON:setUpClass): 200 GET http://10.180.1.21/compute/v2.1/servers/bc1b883b-32e4-45a8-b785-0eb53bbd7ae9 0.918s
2024-10-31 09:59:38.699 62858 INFO tempest.lib.common.rest_client [req-6af8033c-ed21-4edb-a2eb-0f88df0749db req-6af8033c-ed21-4edb-a2eb-0f88df0749db ] Request (QuotasAdminTestJSON:_run_cleanups): 204 DELETE http://10.180.1.21/identity/v3/users/f5f19d23e3044db187960c63248f583d 0.120s
2024-10-31 09:59:38.701 62860 INFO tempest.lib.common.rest_client [req-cbc087f9-6f3e-4825-bf6b-0c44fcad70d8 req-cbc087f9-6f3e-4825-bf6b-0c44fcad70d8 ] Request (HostsAdminNegativeTestJSON:test_update_host_with_invalid_status): 400 PUT http://10.180.1.21/compute/v2.1/os-hosts/devstack 0.769s
2024-10-31 09:59:38.702 62840 INFO tempest.lib.common.rest_client [req-fbb36353-8c36-4f07-a74d-5426daa06f68 req-fbb36353-8c36-4f07-a74d-5426daa06f68 ] Request (ServerDiagnosticsV248Test:test_get_server_diagnostics): 200 GET http://10.180.1.21/compute/v2.1/servers/779efd7e-99d5-4065-8ade-1665533677a4 0.794s
2024-10-31 09:59:38.717 62840 INFO tempest.common.waiters [-] State transition "BUILD/block_device_mapping" ==> "BUILD/spawning" after 12 second wait
2024-10-31 09:59:38.722 62857 INFO tempest.lib.common.rest_client [req-8c37e4ac-29c3-44e0-9750-5047bf0e2ec0 req-8c37e4ac-29c3-44e0-9750-5047bf0e2ec0 ] Request (FlavorsAccessTestJSON:_run_cleanups): 200 GET http://10.180.1.21/compute/v2.1/flavors/detail 0.590s
2024-10-31 09:59:38.725 62830 INFO tempest.lib.common.rest_client [req-d0d56ede-80da-46a4-a439-16cd07080a43 req-d0d56ede-80da-46a4-a439-16cd07080a43 ] Request (InstanceUsageAuditLogTestJSON:setUpClass): 201 POST http://10.180.1.21/identity/v3/users 0.122s
2024-10-31 09:59:38.749 62850 INFO tempest.lib.common.rest_client [req-1d23b96c-1a79-46c7-8343-9bce1bc38a42 req-1d23b96c-1a79-46c7-8343-9bce1bc38a42 ] Request (HostsAdminTestJSON:test_list_hosts_with_zone): 200 GET http://10.180.1.21/compute/v2.1/os-hosts?zone=internal 0.581s
2024-10-31 09:59:38.840 62830 INFO tempest.lib.common.rest_client [req-11c0545c-5900-430a-a6e5-d5968428a556 req-11c0545c-5900-430a-a6e5-d5968428a556 ] Request (InstanceUsageAuditLogTestJSON:setUpClass): 200 GET http://10.180.1.21/identity/v3/roles 0.114s
2024-10-31 09:59:38.850 62858 INFO tempest.lib.common.rest_client [req-8a620b90-da9f-407b-ac62-ec55dc8d2dec req-8a620b90-da9f-407b-ac62-ec55dc8d2dec ] Request (QuotasAdminTestJSON:_run_cleanups): 204 DELETE http://10.180.1.21/identity/v3/projects/c8857e9bfa8c432092cbbcbda60c6d16 0.150s
2024-10-31 09:59:38.853 62871 INFO tempest.lib.common.rest_client [req-072edc82-2cd7-4c0a-b288-57ce578d0b21 req-072edc82-2cd7-4c0a-b288-57ce578d0b21 ] Request (ImagesOneServerTestJSON:setUpClass): 200 GET http://10.180.1.21/compute/v2.1/servers/1a7356c7-1442-4de3-8a1f-04fc1bfb03b8 0.666s
2024-10-31 09:59:38.986 62857 INFO tempest.lib.common.rest_client [req-eb7c4634-2d18-4cdb-a6d8-6dcd874ed886 req-eb7c4634-2d18-4cdb-a6d8-6dcd874ed886 ] Request (FlavorsAccessTestJSON:tearDownClass): 204 DELETE http://10.180.1.21/identity/v3/users/d0d5f13df1314f11b84b25f06ab67877 0.258s
2024-10-31 09:59:38.992 62854 INFO tempest.lib.common.rest_client [req-5f342ca7-5511-484e-ba0b-60e5caa6340a req-5f342ca7-5511-484e-ba0b-60e5caa6340a ] Request (KeyPairsV2TestJSON:tearDownClass): 200 GET http://10.180.1.21:9696/networking/v2.0/security-groups?tenant_id=451cc9925cf24fa19b814887aa67d0cb&name=default 0.663s
2024-10-31 09:59:39.040 62830 INFO tempest.lib.common.rest_client [req-2d368a39-12c4-4df3-bbbe-3e3874ed8799 req-2d368a39-12c4-4df3-bbbe-3e3874ed8799 ] Request (InstanceUsageAuditLogTestJSON:setUpClass): 204 PUT http://10.180.1.21/identity/v3/projects/32391c1f990e4b0b92a77e887f6db44f/users/9c4c5188be2040b391e3778c61cd9440/roles/171b053e024d42628826c1dd2353fada 0.199s
2024-10-31 09:59:39.086 62864 INFO tempest.lib.common.rest_client [req-9493988d-54a4-4cf4-8da5-0ec604fdd1b0 req-9493988d-54a4-4cf4-8da5-0ec604fdd1b0 ] Request (ServicesAdminNegativeV253TestJSON:tearDownClass): 200 GET http://10.180.1.21:9696/networking/v2.0/security-groups?tenant_id=a2f869c10629431ba74f8e2896a664b8&name=default 0.829s
2024-10-31 09:59:39.118 62872 INFO tempest.lib.common.rest_client [req-53b40271-44fb-4df3-ae8a-fe8e070a35fa req-53b40271-44fb-4df3-ae8a-fe8e070a35fa ] Request (ServerShowV257Test:test_rebuild_server): 200 GET http://10.180.1.21/compute/v2.1/servers/149bd77b-9583-42e5-8c82-f795cac53b87 0.902s
2024-10-31 09:59:39.128 62830 INFO tempest.lib.common.rest_client [req-134e5b07-dc7b-4402-860c-076deacb4605 req-134e5b07-dc7b-4402-860c-076deacb4605 ] Request (InstanceUsageAuditLogTestJSON:setUpClass): 200 GET http://10.180.1.21/identity/v3/roles 0.087s
2024-10-31 09:59:39.137 62884 INFO tempest.lib.common.rest_client [req-4f9a7a17-220e-4573-86b0-816e336f4ad4 req-4f9a7a17-220e-4573-86b0-816e336f4ad4 ] Request (FlavorsExtraSpecsTestJSON:test_flavor_non_admin_get_specific_key): 200 GET http://10.180.1.21/compute/v2.1/flavors/1909337738/os-extra_specs/hw:numa_nodes 0.893s
2024-10-31 09:59:39.162 62830 INFO tempest.lib.common.rest_client [req-f211f3f8-f58c-4e75-a062-f8f660d7f017 req-f211f3f8-f58c-4e75-a062-f8f660d7f017 ] Request (InstanceUsageAuditLogTestJSON:setUpClass): 204 PUT http://10.180.1.21/identity/v3/projects/32391c1f990e4b0b92a77e887f6db44f/users/9c4c5188be2040b391e3778c61cd9440/roles/171b053e024d42628826c1dd2353fada 0.034s
2024-10-31 09:59:39.163 62830 INFO tempest.lib.common.dynamic_creds [-] Dynamic test user 9c4c5188be2040b391e3778c61cd9440 is created with scope project and roles: ['admin']
2024-10-31 09:59:39.163 62830 INFO tempest.lib.common.dynamic_creds [-] Acquired dynamic creds: credentials: Credentials: {'domain_id': 'default', 'domain_name': 'Default', 'username': 'tempest-InstanceUsageAuditLogTestJSON-2064969862-project-admin', 'project_domain_id': 'default', 'project_domain_name': 'Default', 'project_id': '32391c1f990e4b0b92a77e887f6db44f', 'project_name': 'tempest-InstanceUsageAuditLogTestJSON-2064969862', 'tenant_id': '32391c1f990e4b0b92a77e887f6db44f', 'tenant_name': 'tempest-InstanceUsageAuditLogTestJSON-2064969862', 'user_domain_id': 'default', 'user_domain_name': 'Default', 'user_id': '9c4c5188be2040b391e3778c61cd9440', 'system': None}, Network: None, Subnet: None, Router: None
2024-10-31 09:59:39.163 62830 INFO tempest.lib.common.dynamic_creds [-] Created isolated network resources for: credentials: Credentials: {'domain_id': 'default', 'domain_name': 'Default', 'username': 'tempest-InstanceUsageAuditLogTestJSON-2064969862-project-admin', 'project_domain_id': 'default', 'project_domain_name': 'Default', 'project_id': '32391c1f990e4b0b92a77e887f6db44f', 'project_name': 'tempest-InstanceUsageAuditLogTestJSON-2064969862', 'tenant_id': '32391c1f990e4b0b92a77e887f6db44f', 'tenant_name': 'tempest-InstanceUsageAuditLogTestJSON-2064969862', 'user_domain_id': 'default', 'user_domain_name': 'Default', 'user_id': '9c4c5188be2040b391e3778c61cd9440', 'system': None}, Network: None, Subnet: None, Router: None
2024-10-31 09:59:39.169 62882 INFO tempest.lib.common.rest_client [req-a87a8d43-49e8-409c-b3fd-5bb3302502b5 req-a87a8d43-49e8-409c-b3fd-5bb3302502b5 ] Request (HypervisorAdminNegativeTestJSON:tearDownClass): 204 DELETE http://10.180.1.21:9696/networking/v2.0/security-groups/b27c565c-b401-47db-9833-e234e5bc75c4 0.740s
2024-10-31 09:59:39.211 62857 INFO tempest.lib.common.rest_client [req-ba3a147d-3b54-492a-9ddb-b10310c95da7 req-ba3a147d-3b54-492a-9ddb-b10310c95da7 ] Request (FlavorsAccessTestJSON:tearDownClass): 204 DELETE http://10.180.1.21/identity/v3/users/ce37a1d130e041fa836321f1bd1fd756 0.225s
2024-10-31 09:59:39.211 62857 INFO tempest.lib.common.dynamic_creds [-] Deleting project and security group for project: 27e15623f32a4effab5946a11be14c86
2024-10-31 09:59:39.226 62848 INFO tempest.lib.common.rest_client [req-d3ada9aa-e0dc-4b7c-a8b6-e9974784bd4a req-d3ada9aa-e0dc-4b7c-a8b6-e9974784bd4a ] Request (MigrationsAdminTest:test_list_migrations_in_flavor_resize_situation): 200 GET http://10.180.1.21/compute/v2.1/servers/40fd1fff-1df0-43b6-9cce-a666ecd63199 1.077s
2024-10-31 09:59:39.252 62868 INFO tempest.lib.common.rest_client [req-8f406885-8c78-46e7-b303-bfa36385b3b0 req-8f406885-8c78-46e7-b303-bfa36385b3b0 ] Request (FlavorsAdminTestJSON:_run_cleanups): 202 DELETE http://10.180.1.21/compute/v2.1/flavors/e3de582c-4281-4647-8b35-90324731930e 0.789s
2024-10-31 09:59:39.273 62824 INFO tempest.lib.common.rest_client [req-192ee52f-c8f0-4a2c-a9cf-f3f64cbb5ee1 req-192ee52f-c8f0-4a2c-a9cf-f3f64cbb5ee1 ] Request (ServersAdminTestJSON:setUpClass): 200 GET http://10.180.1.21/compute/v2.1/servers/598c7b4f-8239-45af-8bc5-caf6b47172ba 0.968s
2024-10-31 09:59:39.278 62846 INFO tempest.lib.common.rest_client [req-c309234c-f971-4f78-a33e-c3fc3e21ba08 req-c309234c-f971-4f78-a33e-c3fc3e21ba08 ] Request (FlavorsAccessNegativeTestJSON:test_flavor_non_admin_add): 200 POST http://10.180.1.21/compute/v2.1/flavors 0.789s
2024-10-31 09:59:39.299 62826 INFO tempest.lib.common.rest_client [req-7c45f7be-3dff-4113-b9e2-3cb3fe881d4a req-7c45f7be-3dff-4113-b9e2-3cb3fe881d4a ] Request (FlavorsV2TestJSON:test_list_flavors_detailed_filter_by_min_disk): 200 GET http://10.180.1.21/compute/v2.1/flavors/detail?minDisk=2 0.790s
2024-10-31 09:59:39.309 62828 INFO tempest.lib.common.rest_client [req-83af5720-0ec0-43b1-be57-0b59867038c7 req-83af5720-0ec0-43b1-be57-0b59867038c7 ] Request (AggregatesAdminNegativeTestJSON:_run_cleanups): 200 DELETE http://10.180.1.21/compute/v2.1/os-aggregates/3 0.768s
2024-10-31 09:59:39.318 62882 INFO tempest.lib.common.rest_client [req-a42d23d6-fb7d-4be8-95a8-7bacd49b6607 req-a42d23d6-fb7d-4be8-95a8-7bacd49b6607 ] Request (HypervisorAdminNegativeTestJSON:tearDownClass): 204 DELETE http://10.180.1.21/identity/v3/projects/4187be9fd6be405e9bc50f242dec8a71 0.148s
2024-10-31 09:59:39.341 62830 INFO tempest.lib.common.rest_client [req-5d41bcb1-1a7d-4d36-9f10-1de69cfa3e9e req-5d41bcb1-1a7d-4d36-9f10-1de69cfa3e9e ] Request (InstanceUsageAuditLogTestJSON:setUpClass): 201 POST http://10.180.1.21/identity/v3/auth/tokens 0.173s
2024-10-31 09:59:39.376 62857 INFO tempest.lib.common.rest_client [req-092daa29-1f76-495b-901b-8038a6b46a6e req-092daa29-1f76-495b-901b-8038a6b46a6e ] Request (FlavorsAccessTestJSON:tearDownClass): 201 POST http://10.180.1.21/identity/v3/auth/tokens 0.165s
2024-10-31 09:59:39.401 62882 INFO tempest.lib.common.rest_client [req-5c3f4768-58ea-42a9-94f4-b9267a9873a3 req-5c3f4768-58ea-42a9-94f4-b9267a9873a3 ] Request (ServerExternalEventsTest:setUpClass): 201 POST http://10.180.1.21/identity/v3/auth/tokens 0.081s
2024-10-31 09:59:39.424 62844 INFO tempest.lib.common.rest_client [req-c180abb7-a1ec-458c-80cd-ab3685eb9d00 req-c180abb7-a1ec-458c-80cd-ab3685eb9d00 ] Request (ServerDiagnosticsTest:test_get_server_diagnostics): 200 GET http://10.180.1.21/compute/v2.1/servers/3d05d741-1b46-4646-8269-f72dc6ad5cbd 0.801s
2024-10-31 09:59:39.436 62860 INFO tempest.lib.common.rest_client [req-eccefae5-405f-414a-9d60-2a1e8dae7ed2 req-eccefae5-405f-414a-9d60-2a1e8dae7ed2 ] Request (HostsAdminNegativeTestJSON:test_update_host_with_non_admin_user): 403 PUT http://10.180.1.21/compute/v2.1/os-hosts/devstack 0.732s
2024-10-31 09:59:39.455 62850 INFO tempest.lib.common.rest_client [req-afe49fdb-ffa9-4cfc-9642-2d6372c15dda req-afe49fdb-ffa9-4cfc-9642-2d6372c15dda ] Request (HostsAdminTestJSON:test_show_host_detail): 200 GET http://10.180.1.21/compute/v2.1/os-hosts 0.704s
2024-10-31 09:59:39.472 62834 INFO tempest.lib.common.rest_client [req-d3d4546a-c5b8-468b-851a-23fa051ec600 req-d3d4546a-c5b8-468b-851a-23fa051ec600 ] Request (ValidationResourcesFixture:setUp): 201 POST http://10.180.1.21:9696/networking/v2.0/floatingips 1.845s
2024-10-31 09:59:39.478 62882 INFO tempest.lib.common.rest_client [req-5a77f426-1f93-49e6-a6ba-e8e5401d0ab5 req-5a77f426-1f93-49e6-a6ba-e8e5401d0ab5 ] Request (ServerExternalEventsTest:setUpClass): 201 POST http://10.180.1.21/identity/v3/auth/tokens 0.074s
2024-10-31 09:59:39.500 62882 INFO tempest.lib.common.rest_client [req-bff2a556-9a84-4480-b201-51a273de415e req-bff2a556-9a84-4480-b201-51a273de415e ] Request (ServerExternalEventsTest:setUpClass): 200 GET http://10.180.1.21/identity/v3/domains?name=Default 0.021s
2024-10-31 09:59:39.522 62854 INFO tempest.lib.common.rest_client [req-9880baa0-3bf4-4bb2-8ceb-9c7263d695f8 req-9880baa0-3bf4-4bb2-8ceb-9c7263d695f8 ] Request (KeyPairsV2TestJSON:tearDownClass): 204 DELETE http://10.180.1.21:9696/networking/v2.0/security-groups/af711492-e9ed-4f1d-b05b-13fa60062392 0.527s
2024-10-31 09:59:39.528 62882 INFO tempest.lib.common.rest_client [req-034c3adf-e859-4d46-8501-38e57ecc5623 req-034c3adf-e859-4d46-8501-38e57ecc5623 ] Request (ServerExternalEventsTest:setUpClass): 201 POST http://10.180.1.21/identity/v3/projects 0.027s
2024-10-31 09:59:39.547 62832 INFO tempest.lib.common.rest_client [req-ffdd093a-daf6-4891-b010-ee049bc16804 req-ffdd093a-daf6-4891-b010-ee049bc16804 ] Request (FloatingIPsAssociationTestJSON:setUpClass): 200 GET http://10.180.1.21/compute/v2.1/servers/1531ed40-29c2-4812-afd5-eabffe22f4ea 0.768s
2024-10-31 09:59:39.579 62874 INFO tempest.lib.common.rest_client [req-9fad5167-5bef-4135-9c6d-337915b7c60f req-9fad5167-5bef-4135-9c6d-337915b7c60f ] Request (VolumesAssistedSnapshotsTest:test_volume_assisted_snapshot_create_delete): 200 POST http://10.180.1.21/compute/v2.1/os-keypairs 0.897s
2024-10-31 09:59:39.589 62882 INFO tempest.lib.common.rest_client [req-5ef7a964-d03a-42a3-aa52-4cb91584fc05 req-5ef7a964-d03a-42a3-aa52-4cb91584fc05 ] Request (ServerExternalEventsTest:setUpClass): 201 POST http://10.180.1.21/identity/v3/users 0.060s
2024-10-31 09:59:39.616 62864 INFO tempest.lib.common.rest_client [req-f77353dd-232c-42f3-920c-c75bb72327ab req-f77353dd-232c-42f3-920c-c75bb72327ab ] Request (ServicesAdminNegativeV253TestJSON:tearDownClass): 204 DELETE http://10.180.1.21:9696/networking/v2.0/security-groups/a82e8b3f-95fd-414d-b08b-a5a5fdb9ff4e 0.529s
2024-10-31 09:59:39.619 62854 INFO tempest.lib.common.rest_client [req-2521d6e3-5609-4c3d-9f2d-1ba0c628aafd req-2521d6e3-5609-4c3d-9f2d-1ba0c628aafd ] Request (KeyPairsV2TestJSON:tearDownClass): 204 DELETE http://10.180.1.21/identity/v3/projects/451cc9925cf24fa19b814887aa67d0cb 0.096s
2024-10-31 09:59:39.661 62834 INFO tempest.lib.common.rest_client [req-f7109f80-a9f8-4cdb-be83-8c4c1ccc234f req-f7109f80-a9f8-4cdb-be83-8c4c1ccc234f ] Request (ServersWithSpecificFlavorTestJSON:test_verify_created_server_ephemeral_disk): 201 POST http://10.180.1.21/identity/v3/auth/tokens 0.129s
2024-10-31 09:59:39.662 62834 INFO tempest.lib.common.fixed_network [-] (ServersWithSpecificFlavorTestJSON:test_verify_created_server_ephemeral_disk) Found network {'id': '0aacac4c-3b6b-4827-956b-8d21a1958464', 'name': 'tempest-ServersWithSpecificFlavorTestJSON-1810289688-network', 'tenant_id': '6846a29cd93d44c495c491f4287fefce', 'admin_state_up': True, 'mtu': 8950, 'status': 'ACTIVE', 'subnets': [], 'shared': False, 'project_id': '6846a29cd93d44c495c491f4287fefce', 'port_security_enabled': True, 'router:external': False, 'provider:network_type': 'vlan', 'provider:physical_network': 'default', 'provider:segmentation_id': 110, 'availability_zone_hints': [], 'availability_zones': [], 'ipv4_address_scope': None, 'ipv6_address_scope': None, 'description': '', 'tags': [], 'created_at': '2024-10-31T09:59:13Z', 'updated_at': '2024-10-31T09:59:13Z', 'revision_number': 1} available for tenant
2024-10-31 09:59:39.676 62866 INFO tempest.lib.common.rest_client [req-9d92935a-29db-4c5b-802f-1a42192270af req-9d92935a-29db-4c5b-802f-1a42192270af ] Request (ServersAdmin275Test:test_rebuild_update_server_275): 200 GET http://10.180.1.21/compute/v2.1/servers/dd387320-7101-440c-80bc-a7d19a654df8 0.742s
2024-10-31 09:59:39.690 62882 INFO tempest.lib.common.rest_client [req-b32e8177-fade-4769-a695-be0397df571a req-b32e8177-fade-4769-a695-be0397df571a ] Request (ServerExternalEventsTest:setUpClass): 200 GET http://10.180.1.21/identity/v3/roles 0.100s
2024-10-31 09:59:39.724 62864 INFO tempest.lib.common.rest_client [req-427d245d-a720-4f2d-bbcd-3f34fa20a4cc req-427d245d-a720-4f2d-bbcd-3f34fa20a4cc ] Request (ServicesAdminNegativeV253TestJSON:tearDownClass): 204 DELETE http://10.180.1.21/identity/v3/projects/a2f869c10629431ba74f8e2896a664b8 0.107s
2024-10-31 09:59:39.724 62864 INFO tempest.lib.common.dynamic_creds [-] Deleting project and security group for project: c30dad6ec7774a8b840f130a1b30d426
2024-10-31 09:59:39.746 62854 INFO tempest.lib.common.rest_client [req-fe6cfa76-9780-4925-8015-e67cd49409c7 req-fe6cfa76-9780-4925-8015-e67cd49409c7 ] Request (AbsoluteLimitsNegativeTestJSON:setUpClass): 201 POST http://10.180.1.21/identity/v3/auth/tokens 0.125s
2024-10-31 09:59:39.776 62882 INFO tempest.lib.common.rest_client [req-b2977ee8-3116-4e15-acc7-809af70611d8 req-b2977ee8-3116-4e15-acc7-809af70611d8 ] Request (ServerExternalEventsTest:setUpClass): 204 PUT http://10.180.1.21/identity/v3/projects/91b69b3b9e9b407ea5639ecb7d7e61e3/users/6489d5d61d36493891077c5fb2b86dc3/roles/58834a667aff4859a21f0c75f4ac2b2b 0.086s
2024-10-31 09:59:39.777 62882 INFO tempest.lib.common.dynamic_creds [-] Dynamic test user 6489d5d61d36493891077c5fb2b86dc3 is created with scope project and roles: ['member']
2024-10-31 09:59:39.777 62882 INFO tempest.lib.common.dynamic_creds [-] Acquired dynamic creds: credentials: Credentials: {'domain_id': 'default', 'domain_name': 'Default', 'username': 'tempest-ServerExternalEventsTest-520232516-project-member', 'project_domain_id': 'default', 'project_domain_name': 'Default', 'project_id': '91b69b3b9e9b407ea5639ecb7d7e61e3', 'project_name': 'tempest-ServerExternalEventsTest-520232516', 'tenant_id': '91b69b3b9e9b407ea5639ecb7d7e61e3', 'tenant_name': 'tempest-ServerExternalEventsTest-520232516', 'user_domain_id': 'default', 'user_domain_name': 'Default', 'user_id': '6489d5d61d36493891077c5fb2b86dc3', 'system': None}, Network: None, Subnet: None, Router: None
2024-10-31 09:59:39.777 62882 INFO tempest.lib.common.dynamic_creds [-] Created isolated network resources for: credentials: Credentials: {'domain_id': 'default', 'domain_name': 'Default', 'username': 'tempest-ServerExternalEventsTest-520232516-project-member', 'project_domain_id': 'default', 'project_domain_name': 'Default', 'project_id': '91b69b3b9e9b407ea5639ecb7d7e61e3', 'project_name': 'tempest-ServerExternalEventsTest-520232516', 'tenant_id': '91b69b3b9e9b407ea5639ecb7d7e61e3', 'tenant_name': 'tempest-ServerExternalEventsTest-520232516', 'user_domain_id': 'default', 'user_domain_name': 'Default', 'user_id': '6489d5d61d36493891077c5fb2b86dc3', 'system': None}, Network: None, Subnet: None, Router: None
2024-10-31 09:59:39.849 62858 INFO tempest.lib.common.rest_client [req-a38d2ee9-814f-49ab-b4b9-23c53ca41e38 req-a38d2ee9-814f-49ab-b4b9-23c53ca41e38 ] Request (QuotasAdminTestJSON:test_update_all_quota_resources_for_tenant): 200 GET http://10.180.1.21/compute/v2.1/os-quota-sets/d431a7149f1942809586f6888b133d36/defaults 0.996s
2024-10-31 09:59:39.876 62884 INFO tempest.lib.common.rest_client [req-82c64eeb-4be7-48a6-90ca-051e04d67fc0 req-82c64eeb-4be7-48a6-90ca-051e04d67fc0 ] Request (FlavorsExtraSpecsTestJSON:test_flavor_set_get_update_show_unset_keys): 200 POST http://10.180.1.21/compute/v2.1/flavors/1909337738/os-extra_specs 0.737s
2024-10-31 09:59:39.886 62854 INFO tempest.lib.common.rest_client [req-27d7fcfa-b02b-4f44-9194-b1db20bd38ff req-27d7fcfa-b02b-4f44-9194-b1db20bd38ff ] Request (AbsoluteLimitsNegativeTestJSON:setUpClass): 201 POST http://10.180.1.21/identity/v3/auth/tokens 0.136s
2024-10-31 09:59:39.897 62868 INFO tempest.lib.common.rest_client [req-967affea-4db9-4b9b-b19a-2bf6403e9479 req-967affea-4db9-4b9b-b19a-2bf6403e9479 ] Request (FlavorsAdminTestJSON:_run_cleanups): 200 GET http://10.180.1.21/compute/v2.1/flavors/detail 0.645s
2024-10-31 09:59:39.899 62852 INFO tempest.lib.common.rest_client [req-0812f000-7145-431d-95d4-ad72dff2b29d req-0812f000-7145-431d-95d4-ad72dff2b29d ] Request (DeleteServersAdminTestJSON:test_admin_delete_servers_of_others): 200 GET http://10.180.1.21/compute/v2.1/servers/d8d432cc-07e0-4aac-9ad0-88a621173835 0.785s
2024-10-31 09:59:39.921 62882 INFO tempest.lib.common.rest_client [req-bc439d43-f4db-4d14-af12-710f04fca292 req-bc439d43-f4db-4d14-af12-710f04fca292 ] Request (ServerExternalEventsTest:setUpClass): 201 POST http://10.180.1.21/identity/v3/auth/tokens 0.141s
2024-10-31 09:59:39.924 62854 INFO tempest.lib.common.rest_client [req-fcfb1f0f-242a-4832-b34d-247563024cb4 req-fcfb1f0f-242a-4832-b34d-247563024cb4 ] Request (AbsoluteLimitsNegativeTestJSON:setUpClass): 200 GET http://10.180.1.21/identity/v3/domains?name=Default 0.037s
2024-10-31 09:59:39.944 62857 INFO tempest.lib.common.rest_client [req-2477a2e5-de84-4f2e-977f-a11531e31998 req-2477a2e5-de84-4f2e-977f-a11531e31998 ] Request (FlavorsAccessTestJSON:tearDownClass): 200 GET http://10.180.1.21:9696/networking/v2.0/security-groups?tenant_id=27e15623f32a4effab5946a11be14c86&name=default 0.567s
2024-10-31 09:59:39.959 62882 INFO tempest.lib.common.rest_client [req-02e0373b-9525-4257-a322-c53bfedcf6da req-02e0373b-9525-4257-a322-c53bfedcf6da ] Request (ServerExternalEventsTest:setUpClass): 201 POST http://10.180.1.21/identity/v3/projects 0.037s
2024-10-31 09:59:40.002 62838 INFO tempest.lib.common.rest_client [req-5b9b923c-4c74-4c7a-82e6-56da7507033c req-5b9b923c-4c74-4c7a-82e6-56da7507033c ] Request (ServersTestManualDisk:setUpClass): 200 GET http://10.180.1.21/compute/v2.1/servers/916af5db-2e20-4156-9048-148f0f6253cd 0.701s
2024-10-31 09:59:40.008 62828 INFO tempest.lib.common.rest_client [req-8f1594d1-9db3-45a9-b896-d2ca6e9d2ee7 req-8f1594d1-9db3-45a9-b896-d2ca6e9d2ee7 ] Request (AggregatesAdminNegativeTestJSON:test_aggregate_create_aggregate_name_length_exceeds_255): 400 POST http://10.180.1.21/compute/v2.1/os-aggregates 0.697s
2024-10-31 09:59:40.011 62838 INFO tempest.common.waiters [-] State transition "BUILD/networking" ==> "BUILD/spawning" after 12 second wait
2024-10-31 09:59:40.024 62826 INFO tempest.lib.common.rest_client [req-0f388d52-2f5e-41c2-859c-bfe78be982c1 req-0f388d52-2f5e-41c2-859c-bfe78be982c1 ] Request (FlavorsV2TestJSON:test_list_flavors_detailed_filter_by_min_ram): 200 GET http://10.180.1.21/compute/v2.1/flavors/42 0.712s
2024-10-31 09:59:40.039 62854 INFO tempest.lib.common.rest_client [req-4a1f5704-b13d-4273-b58c-7d249dc0901f req-4a1f5704-b13d-4273-b58c-7d249dc0901f ] Request (AbsoluteLimitsNegativeTestJSON:setUpClass): 201 POST http://10.180.1.21/identity/v3/projects 0.113s
2024-10-31 09:59:40.048 62846 INFO tempest.lib.common.rest_client [req-b484e9a5-0d86-4b29-8250-b7d214159cde req-b484e9a5-0d86-4b29-8250-b7d214159cde ] Request (FlavorsAccessNegativeTestJSON:test_flavor_non_admin_add): 403 POST http://10.180.1.21/compute/v2.1/flavors/1842130529/action 0.767s
2024-10-31 09:59:40.064 62874 INFO tempest.lib.common.rest_client [req-79d9bedf-0e29-40fc-ad7f-0173ebde8f27 req-79d9bedf-0e29-40fc-ad7f-0173ebde8f27 ] Request (VolumesAssistedSnapshotsTest:test_volume_assisted_snapshot_create_delete): 201 POST http://10.180.1.21:9696/networking/v2.0/security-groups 0.483s
2024-10-31 09:59:40.072 62860 INFO tempest.lib.common.rest_client [req-4d39abc9-e142-4bc7-8443-5f3964f8ab97 req-4d39abc9-e142-4bc7-8443-5f3964f8ab97 ] Request (HostsAdminNegativeTestJSON:test_update_host_without_param): 400 PUT http://10.180.1.21/compute/v2.1/os-hosts/devstack 0.634s
2024-10-31 09:59:40.116 62882 INFO tempest.lib.common.rest_client [req-e4c4dc13-8366-4a18-9b4a-886e80fb970d req-e4c4dc13-8366-4a18-9b4a-886e80fb970d ] Request (ServerExternalEventsTest:setUpClass): 201 POST http://10.180.1.21/identity/v3/users 0.156s
2024-10-31 09:59:40.123 62854 INFO tempest.lib.common.rest_client [req-27e6e0a8-3ce4-4592-8c7e-25055f118b45 req-27e6e0a8-3ce4-4592-8c7e-25055f118b45 ] Request (AbsoluteLimitsNegativeTestJSON:setUpClass): 201 POST http://10.180.1.21/identity/v3/users 0.083s
2024-10-31 09:59:40.138 62882 INFO tempest.lib.common.rest_client [req-e823002e-d8cb-4ffa-b344-a37dd93dee92 req-e823002e-d8cb-4ffa-b344-a37dd93dee92 ] Request (ServerExternalEventsTest:setUpClass): 200 GET http://10.180.1.21/identity/v3/roles 0.022s
2024-10-31 09:59:40.144 62864 INFO tempest.lib.common.rest_client [req-c74759bf-602e-4fd9-8688-2b1b1768022e req-c74759bf-602e-4fd9-8688-2b1b1768022e ] Request (ServicesAdminNegativeV253TestJSON:tearDownClass): 200 GET http://10.180.1.21:9696/networking/v2.0/security-groups?tenant_id=c30dad6ec7774a8b840f130a1b30d426&name=default 0.416s
2024-10-31 09:59:40.154 62854 INFO tempest.lib.common.rest_client [req-b4b9faa8-af75-4004-9ea6-4b5e070518c0 req-b4b9faa8-af75-4004-9ea6-4b5e070518c0 ] Request (AbsoluteLimitsNegativeTestJSON:setUpClass): 200 GET http://10.180.1.21/identity/v3/roles 0.031s
2024-10-31 09:59:40.158 62880 INFO tempest.lib.common.rest_client [req-908a1892-c8e3-44a2-b3f7-d6b24bc8bfc6 req-908a1892-c8e3-44a2-b3f7-d6b24bc8bfc6 ] Request (ServerTagsTestJSON:setUpClass): 200 GET http://10.180.1.21/compute/v2.1/servers/106dca6d-1ddf-4315-b645-c52c7c59f5d1 0.712s
2024-10-31 09:59:40.186 62882 INFO tempest.lib.common.rest_client [req-12377b03-2c58-4d7b-bd89-c17b979c5b7f req-12377b03-2c58-4d7b-bd89-c17b979c5b7f ] Request (ServerExternalEventsTest:setUpClass): 204 PUT http://10.180.1.21/identity/v3/projects/7aaf9d15fbe2494fbf4a2f6a1f557423/users/b33dcb3b1a834f7196d17e02b3724e6f/roles/171b053e024d42628826c1dd2353fada 0.047s
2024-10-31 09:59:40.200 62850 INFO tempest.lib.common.rest_client [req-a9af2496-1b76-459a-ac79-9d93398f18c5 req-a9af2496-1b76-459a-ac79-9d93398f18c5 ] Request (HostsAdminTestJSON:test_show_host_detail): 200 GET http://10.180.1.21/compute/v2.1/os-hosts/cpu-1 0.744s
