2024-10-31 10:01:15.668 62868 INFO tempest.lib.common.rest_client [req-ad60aff0-a2ba-48f7-86fb-03cd5206d286 req-ad60aff0-a2ba-48f7-86fb-03cd5206d286 ] Request (TenantUsagesTestJSON:setUpClass): 200 GET http://10.180.1.21/compute/v2.1/servers/aae9ff25-f304-4dbe-824c-b17b3522655c 0.093s
2024-10-31 10:01:15.722 62874 INFO tempest.lib.common.rest_client [req-50b192de-49e4-4419-95d1-4e872fef43e5 req-50b192de-49e4-4419-95d1-4e872fef43e5 ] Request (InstanceUsageAuditLogNegativeTestJSON:tearDownClass): 204 DELETE http://10.180.1.21:9696/networking/v2.0/security-groups/11e0d896-7cd5-404d-ac32-3d9919161b76 0.159s
2024-10-31 10:01:15.729 62884 INFO tempest.lib.common.rest_client [req-0b286f48-86ab-4224-b49f-95c54c8b6f69 req-0b286f48-86ab-4224-b49f-95c54c8b6f69 ] Request (ServerAddressesTestJSON:setUpClass): 200 GET http://10.180.1.21/compute/v2.1/servers/86e3d197-2e8c-4357-ac0a-e1af8e247024 0.093s
2024-10-31 10:01:15.733 62860 INFO tempest.lib.common.rest_client [req-136a6b90-28dd-4bfd-bf8e-6b0662395178 req-136a6b90-28dd-4bfd-bf8e-6b0662395178 ] Request (ServerAddressesNegativeTestJSON:setUpClass): 200 GET http://10.180.1.21/compute/v2.1/servers/6f2ca381-b4a3-47ce-b135-dbceb7e44d24 0.069s
2024-10-31 10:01:15.781 62852 INFO tempest.lib.common.rest_client [req-08e11b97-f26d-48e9-ae4c-df8280b97b03 req-08e11b97-f26d-48e9-ae4c-df8280b97b03 ] Request (DeleteServersAdminTestJSON:test_delete_server_while_in_error_state): 200 GET http://10.180.1.21/compute/v2.1/servers/29f9e25a-a0b2-4bb8-b59a-3617819d3be5 0.091s
2024-10-31 10:01:15.782 62882 INFO tempest.lib.common.rest_client [req-344f9c82-b20a-42a7-8bbc-5fc449987334 req-344f9c82-b20a-42a7-8bbc-5fc449987334 ] Request (ServerActionsV293TestJSON:setUpClass): 200 GET http://10.180.1.21/volume/v3/volumes/eede5dcd-43bb-4621-8d96-f9f9f103294a 0.054s
2024-10-31 10:01:15.808 62830 INFO tempest.lib.common.rest_client [req-3b0df0cb-a066-4df3-8017-535b34b0f804 req-3b0df0cb-a066-4df3-8017-535b34b0f804 ] Request (ServerMetadataTestJSON:setUpClass): 200 GET http://10.180.1.21/compute/v2.1/servers/92080abc-eb47-439b-b702-d226666fa155 0.090s
2024-10-31 10:01:15.835 62858 INFO tempest.lib.common.rest_client [req-b2350971-107d-4324-8aa9-cfedbc45d2e2 req-b2350971-107d-4324-8aa9-cfedbc45d2e2 ] Request (FloatingIPsAssociationNegativeTestJSON:setUpClass): 200 GET http://10.180.1.21/compute/v2.1/servers/5177b4e2-e990-47e6-9f2b-156ca0ee8387 0.076s
2024-10-31 10:01:15.858 62874 INFO tempest.lib.common.rest_client [req-5397fefd-5c08-4bdd-9c01-c864cc54cbc2 req-5397fefd-5c08-4bdd-9c01-c864cc54cbc2 ] Request (InstanceUsageAuditLogNegativeTestJSON:tearDownClass): 204 DELETE http://10.180.1.21/identity/v3/projects/f08713568edf4b778348a0fe1c150071 0.135s
2024-10-31 10:01:15.874 62857 INFO tempest.lib.common.rest_client [req-a81237c9-070a-4b9d-b573-72476ba595d6 req-a81237c9-070a-4b9d-b573-72476ba595d6 ] Request (ServerActionsTestOtherB:setUpClass): 200 GET http://10.180.1.21/compute/v2.1/servers/5cd813d1-f778-4c8a-920b-64e92a3b52af 0.085s
2024-10-31 10:01:15.906 62840 INFO tempest.lib.common.rest_client [req-0b44702c-9c58-4b63-8b8e-47507a8badf2 req-0b44702c-9c58-4b63-8b8e-47507a8badf2 ] Request (ListImageFiltersTestJSON:setUpClass): 200 GET http://10.180.1.21/compute/v2.1/servers/72cdccb7-b398-4833-af82-d64222c83f8d 0.088s
2024-10-31 10:01:15.916 62874 INFO tempest.lib.common.rest_client [req-c2024d61-dfa3-4453-a3a8-29788c8c6583 req-c2024d61-dfa3-4453-a3a8-29788c8c6583 ] Request (ListImagesTestJSON:setUpClass): 201 POST http://10.180.1.21/identity/v3/auth/tokens 0.057s
2024-10-31 10:01:15.943 62864 INFO tempest.lib.common.rest_client [req-6aa39a53-d8de-48b5-ba1f-24ae5efc95df req-6aa39a53-d8de-48b5-ba1f-24ae5efc95df ] Request (ImagesNegativeTestJSON:tearDownClass): 204 DELETE http://10.180.1.21:9696/networking/v2.0/routers/935029b3-d840-434f-a042-3f4f91665e19 0.808s
2024-10-31 10:01:15.951 62871 INFO tempest.lib.common.rest_client [req-84b100dd-bb00-4ba2-a175-429607736f14 req-84b100dd-bb00-4ba2-a175-429607736f14 ] Request (ServersV294TestFqdnHostnames:setUpClass): 200 GET http://10.180.1.21/compute/v2.1/servers/3695a09f-dffc-4537-ac78-faffd6bdd252 0.078s
2024-10-31 10:01:15.951 62874 INFO tempest.lib.common.rest_client [req-31bc28b2-8c46-4668-967b-746f42bc5aea req-31bc28b2-8c46-4668-967b-746f42bc5aea ] Request (ListImagesTestJSON:setUpClass): 201 POST http://10.180.1.21/identity/v3/auth/tokens 0.032s
2024-10-31 10:01:15.978 62874 INFO tempest.lib.common.rest_client [req-d0a0216f-cc76-4163-8bb2-6ca2825de15e req-d0a0216f-cc76-4163-8bb2-6ca2825de15e ] Request (ListImagesTestJSON:setUpClass): 200 GET http://10.180.1.21/identity/v3/domains?name=Default 0.027s
2024-10-31 10:01:16.018 62874 INFO tempest.lib.common.rest_client [req-55dd0e77-21ba-412a-8c44-33aea3b64e69 req-55dd0e77-21ba-412a-8c44-33aea3b64e69 ] Request (ListImagesTestJSON:setUpClass): 201 POST http://10.180.1.21/identity/v3/projects 0.040s
2024-10-31 10:01:16.021 62848 INFO tempest.lib.common.rest_client [req-4474db0e-f225-479e-9e4f-3bd7c3eda03f req-4474db0e-f225-479e-9e4f-3bd7c3eda03f ] Request (MigrationsAdminTest:test_resize_server_revert_deleted_flavor): 200 GET http://10.180.1.21/compute/v2.1/servers/3b50dbde-2969-4a4b-ae35-42416342a60b 0.081s
2024-10-31 10:01:16.098 62832 INFO tempest.lib.common.rest_client [req-2d718b2f-ee07-487f-8cf7-23599d70414b req-2d718b2f-ee07-487f-8cf7-23599d70414b ] Request (AttachInterfacesTestJSON:test_create_list_show_delete_interfaces_by_fixed_ip): 200 GET http://10.180.1.21/compute/v2.1/servers/424fc272-b4b9-4867-a083-b27abe308f81 0.089s
2024-10-31 10:01:16.103 62874 INFO tempest.lib.common.rest_client [req-60b135ab-ab4a-402c-b124-d8fb6f9843ca req-60b135ab-ab4a-402c-b124-d8fb6f9843ca ] Request (ListImagesTestJSON:setUpClass): 201 POST http://10.180.1.21/identity/v3/users 0.084s
2024-10-31 10:01:16.122 62874 INFO tempest.lib.common.rest_client [req-8602d23a-6e7a-449a-a1af-801dca03fa1d req-8602d23a-6e7a-449a-a1af-801dca03fa1d ] Request (ListImagesTestJSON:setUpClass): 200 GET http://10.180.1.21/identity/v3/roles 0.019s
2024-10-31 10:01:16.150 62874 INFO tempest.lib.common.rest_client [req-2b2521c3-5eb1-4cee-af25-180346516585 req-2b2521c3-5eb1-4cee-af25-180346516585 ] Request (ListImagesTestJSON:setUpClass): 204 PUT http://10.180.1.21/identity/v3/projects/3edb9cf9639442198610c531c233a46d/users/562b328c2e9f41f292e3d8572660915f/roles/58834a667aff4859a21f0c75f4ac2b2b 0.027s
2024-10-31 10:01:16.150 62874 INFO tempest.lib.common.dynamic_creds [-] Dynamic test user 562b328c2e9f41f292e3d8572660915f is created with scope project and roles: ['member']
2024-10-31 10:01:16.150 62874 INFO tempest.lib.common.dynamic_creds [-] Acquired dynamic creds: credentials: Credentials: {'domain_id': 'default', 'domain_name': 'Default', 'username': 'tempest-ListImagesTestJSON-650519614-project-member', 'project_domain_id': 'default', 'project_domain_name': 'Default', 'project_id': '3edb9cf9639442198610c531c233a46d', 'project_name': 'tempest-ListImagesTestJSON-650519614', 'tenant_id': '3edb9cf9639442198610c531c233a46d', 'tenant_name': 'tempest-ListImagesTestJSON-650519614', 'user_domain_id': 'default', 'user_domain_name': 'Default', 'user_id': '562b328c2e9f41f292e3d8572660915f', 'system': None}, Network: None, Subnet: None, Router: None
2024-10-31 10:01:16.151 62874 INFO tempest.lib.common.dynamic_creds [-] Created isolated network resources for: credentials: Credentials: {'domain_id': 'default', 'domain_name': 'Default', 'username': 'tempest-ListImagesTestJSON-650519614-project-member', 'project_domain_id': 'default', 'project_domain_name': 'Default', 'project_id': '3edb9cf9639442198610c531c233a46d', 'project_name': 'tempest-ListImagesTestJSON-650519614', 'tenant_id': '3edb9cf9639442198610c531c233a46d', 'tenant_name': 'tempest-ListImagesTestJSON-650519614', 'user_domain_id': 'default', 'user_domain_name': 'Default', 'user_id': '562b328c2e9f41f292e3d8572660915f', 'system': None}, Network: None, Subnet: None, Router: None
2024-10-31 10:01:16.175 62866 INFO tempest.lib.common.rest_client [req-b426f13f-8da1-4b6c-84cd-8c450262a524 req-b426f13f-8da1-4b6c-84cd-8c450262a524 ] Request (AttachInterfacesUnderV243Test:setUpClass): 201 POST http://10.180.1.21:9696/networking/v2.0/routers 1.054s
2024-10-31 10:01:16.218 62838 INFO tempest.lib.common.rest_client [req-6c6c3c0d-b3b2-46bc-8d0a-ca034a4b7c40 req-6c6c3c0d-b3b2-46bc-8d0a-ca034a4b7c40 ] Request (ServerPasswordTestJSON:setUpClass): 200 GET http://10.180.1.21/compute/v2.1/servers/ed0ec962-3c4e-409f-9332-0a79ca1c6ed3 0.072s
2024-10-31 10:01:16.242 62874 INFO tempest.lib.common.rest_client [req-df4310c4-1172-4569-833b-8426da57843c req-df4310c4-1172-4569-833b-8426da57843c ] Request (ListImagesTestJSON:setUpClass): 201 POST http://10.180.1.21/identity/v3/auth/tokens 0.085s
2024-10-31 10:01:16.246 62864 INFO tempest.lib.common.rest_client [req-72e97f1c-49b6-4aa7-b5cb-3dc3790c5f1d req-72e97f1c-49b6-4aa7-b5cb-3dc3790c5f1d ] Request (ImagesNegativeTestJSON:tearDownClass): 204 DELETE http://10.180.1.21:9696/networking/v2.0/subnets/cdf03811-466e-4ca0-a09c-0faceae9ffc3 0.302s
2024-10-31 10:01:16.283 62862 INFO tempest.lib.common.rest_client [req-2b7448b1-c70d-4045-bbae-cf446bab273a req-2b7448b1-c70d-4045-bbae-cf446bab273a ] Request (ServersTestBootFromVolume:setUpClass): 200 GET http://10.180.1.21/compute/v2.1/servers/c080105d-4a58-4616-b65c-7bac79dd93c1 0.082s
2024-10-31 10:01:16.351 62880 INFO tempest.lib.common.rest_client [req-b41ed59a-a0d1-428b-8dae-3de14cf66018 req-b41ed59a-a0d1-428b-8dae-3de14cf66018 ] Request (ServersNegativeTestMultiTenantJSON:setUpClass): 200 GET http://10.180.1.21/compute/v2.1/servers/0b4d919f-552e-489e-bcfb-f6447cf81fb8 0.064s
2024-10-31 10:01:16.368 62874 INFO tempest.lib.common.rest_client [req-de3a157e-39ac-4b9d-a6f9-07a4413cb136 req-de3a157e-39ac-4b9d-a6f9-07a4413cb136 ] Request (ListImagesTestJSON:test_get_image): 200 GET http://10.180.1.21/compute/v2.1/images/790c072e-fdf9-43ec-b7a5-3b21a2eaee40 0.125s
2024-10-31 10:01:16.432 62854 INFO tempest.lib.common.rest_client [req-c2b30c15-13fe-434c-823b-92e8659ae04f req-c2b30c15-13fe-434c-823b-92e8659ae04f ] Request (ServerDiskConfigTestJSON:test_rebuild_server_with_auto_disk_config): 200 GET http://10.180.1.21/compute/v2.1/servers/a8af7330-6454-439c-870b-73d1637b6438 0.100s
2024-10-31 10:01:16.446 62874 INFO tempest.lib.common.rest_client [req-90bd39a9-f154-4183-a8c3-4d8e72c89e70 req-90bd39a9-f154-4183-a8c3-4d8e72c89e70 ] Request (ListImagesTestJSON:test_list_images): 200 GET http://10.180.1.21/compute/v2.1/images 0.068s
2024-10-31 10:01:16.497 62874 INFO tempest.lib.common.rest_client [req-fe906ad7-88e7-4154-85f1-df69193dfb76 req-fe906ad7-88e7-4154-85f1-df69193dfb76 ] Request (ListImagesTestJSON:test_list_images_with_detail): 200 GET http://10.180.1.21/compute/v2.1/images/detail 0.048s
2024-10-31 10:01:16.564 62846 INFO tempest.lib.common.rest_client [req-81a60e43-f962-4f31-b1ea-e77459c24260 req-81a60e43-f962-4f31-b1ea-e77459c24260 ] Request (InstanceActionsTestJSON:setUpClass): 200 GET http://10.180.1.21/compute/v2.1/servers/1cad8d1b-ed02-424c-879c-2f23d4d90b22 0.065s
2024-10-31 10:01:16.574 62834 INFO tempest.lib.common.rest_client [req-c15299df-18ec-4c7d-a40e-7d992b8bd5f5 req-c15299df-18ec-4c7d-a40e-7d992b8bd5f5 ] Request (AttachVolumeNegativeTest:setUpClass): 201 POST http://10.180.1.21:9696/networking/v2.0/routers 1.390s
2024-10-31 10:01:16.609 62874 INFO tempest.lib.common.rest_client [req-50709096-6eee-401f-b663-34de6ce17add req-50709096-6eee-401f-b663-34de6ce17add ] Request (ListImagesTestJSON:tearDownClass): 204 DELETE http://10.180.1.21/identity/v3/users/562b328c2e9f41f292e3d8572660915f 0.104s
2024-10-31 10:01:16.609 62874 INFO tempest.lib.common.dynamic_creds [-] Deleting project and security group for project: 3edb9cf9639442198610c531c233a46d
2024-10-31 10:01:16.619 62824 INFO tempest.lib.common.rest_client [req-d0c4047e-f680-4734-938f-54b07232fa7d req-d0c4047e-f680-4734-938f-54b07232fa7d ] Request (VolumesAdminNegativeTest:test_update_attached_volume_with_nonexistent_volume_in_body): 200 GET http://10.180.1.21/compute/v2.1/servers/53e10c33-0f41-48a2-ac19-c0b34a9a9312 0.066s
2024-10-31 10:01:16.626 62828 INFO tempest.lib.common.rest_client [req-3459578d-ecad-489f-963f-03f2b65e0b0b req-3459578d-ecad-489f-963f-03f2b65e0b0b ] Request (ServerShowV247Test:test_update_rebuild_list_server): 200 GET http://10.180.1.21/compute/v2.1/servers/2cf0927d-8d98-4554-92ce-c049e1ea179c 0.081s
2024-10-31 10:01:16.673 62874 INFO tempest.lib.common.rest_client [req-42781657-e91b-4275-9327-faaf1ac24bf6 req-42781657-e91b-4275-9327-faaf1ac24bf6 ] Request (ListImagesTestJSON:tearDownClass): 201 POST http://10.180.1.21/identity/v3/auth/tokens 0.064s
2024-10-31 10:01:16.692 62826 INFO tempest.lib.common.rest_client [req-db44e1d4-7485-4cc5-a59a-567c46f27f01 req-db44e1d4-7485-4cc5-a59a-567c46f27f01 ] Request (ServerActionsTestJSON:setUpClass): 200 GET http://10.180.1.21/compute/v2.1/servers/ae66c3e2-eac8-4239-b5be-64dc0dcf2c04 0.078s
2024-10-31 10:01:16.696 62822 INFO tempest.lib.common.rest_client [req-c1f2eca1-7614-426f-92df-aeb1fd4c1a08 req-c1f2eca1-7614-426f-92df-aeb1fd4c1a08 ] Request (ImagesOneServerNegativeTestJSON:setUpClass): 200 GET http://10.180.1.21/compute/v2.1/servers/e883b58a-0fa6-48fd-a8a7-24ead857e6f1 0.093s
2024-10-31 10:01:16.754 62868 INFO tempest.lib.common.rest_client [req-451d6622-0703-4655-80e5-09202051da3a req-451d6622-0703-4655-80e5-09202051da3a ] Request (TenantUsagesTestJSON:setUpClass): 200 GET http://10.180.1.21/compute/v2.1/servers/aae9ff25-f304-4dbe-824c-b17b3522655c 0.076s
2024-10-31 10:01:16.759 62864 INFO tempest.lib.common.rest_client [req-705d407b-3c60-4b8b-b2c5-d2355253b89c req-705d407b-3c60-4b8b-b2c5-d2355253b89c ] Request (ImagesNegativeTestJSON:tearDownClass): 204 DELETE http://10.180.1.21:9696/networking/v2.0/networks/e147bd3d-fa52-4a33-b033-a872bab5279a 0.512s
2024-10-31 10:01:16.771 62842 INFO tempest.lib.common.rest_client [req-93b34e12-e26e-45bc-b430-d393873b912a req-93b34e12-e26e-45bc-b430-d393873b912a ] Request (ServersTestFqdnHostnames:test_create_server_with_fqdn_name): 200 GET http://10.180.1.21/compute/v2.1/servers/14557f1a-2410-4201-9b91-49d23f18d47a 0.096s
2024-10-31 10:01:16.828 62882 INFO tempest.lib.common.rest_client [req-4e4df37c-2899-4471-8938-deb7f6440167 req-4e4df37c-2899-4471-8938-deb7f6440167 ] Request (ServerActionsV293TestJSON:setUpClass): 200 GET http://10.180.1.21/volume/v3/volumes/eede5dcd-43bb-4621-8d96-f9f9f103294a 0.033s
2024-10-31 10:01:16.842 62864 INFO tempest.lib.common.rest_client [req-81aa9825-fbf9-4dc6-9d3e-c1adbd14742e req-81aa9825-fbf9-4dc6-9d3e-c1adbd14742e ] Request (ImagesNegativeTestJSON:tearDownClass): 204 DELETE http://10.180.1.21/identity/v3/users/4646b4c0347b4164a058e9542e161187 0.083s
2024-10-31 10:01:16.842 62864 INFO tempest.lib.common.dynamic_creds [-] Deleting project and security group for project: 52b2f6e506d0420e928bdeb9ce8710d6
2024-10-31 10:01:16.848 62860 INFO tempest.lib.common.rest_client [req-a29fe2e8-71c4-4736-a81a-f0f6ba404a50 req-a29fe2e8-71c4-4736-a81a-f0f6ba404a50 ] Request (ServerAddressesNegativeTestJSON:setUpClass): 200 GET http://10.180.1.21/compute/v2.1/servers/6f2ca381-b4a3-47ce-b135-dbceb7e44d24 0.106s
2024-10-31 10:01:16.863 62884 INFO tempest.lib.common.rest_client [req-10adc65d-6745-4e8e-a3c9-0eb64fbae5b5 req-10adc65d-6745-4e8e-a3c9-0eb64fbae5b5 ] Request (ServerAddressesTestJSON:setUpClass): 200 GET http://10.180.1.21/compute/v2.1/servers/86e3d197-2e8c-4357-ac0a-e1af8e247024 0.126s
2024-10-31 10:01:16.883 62864 INFO tempest.lib.common.rest_client [req-e7189871-239d-4fb1-ab8e-0f137a7b6031 req-e7189871-239d-4fb1-ab8e-0f137a7b6031 ] Request (ImagesNegativeTestJSON:tearDownClass): 200 GET http://10.180.1.21:9696/networking/v2.0/security-groups?tenant_id=52b2f6e506d0420e928bdeb9ce8710d6&name=default 0.041s
2024-10-31 10:01:16.920 62852 INFO tempest.lib.common.rest_client [req-997fd46f-a4bf-4180-b9bb-f6969a11fcc0 req-997fd46f-a4bf-4180-b9bb-f6969a11fcc0 ] Request (DeleteServersAdminTestJSON:test_delete_server_while_in_error_state): 200 GET http://10.180.1.21/compute/v2.1/servers/29f9e25a-a0b2-4bb8-b59a-3617819d3be5 0.130s
2024-10-31 10:01:16.939 62830 INFO tempest.lib.common.rest_client [req-8b1d6a58-9173-4ed6-9d19-2a61b042dfcf req-8b1d6a58-9173-4ed6-9d19-2a61b042dfcf ] Request (ServerMetadataTestJSON:setUpClass): 200 GET http://10.180.1.21/compute/v2.1/servers/92080abc-eb47-439b-b702-d226666fa155 0.122s
2024-10-31 10:01:16.943 62874 INFO tempest.lib.common.rest_client [req-ec81aa58-aaf9-4db7-9e41-7e446bdfefd0 req-ec81aa58-aaf9-4db7-9e41-7e446bdfefd0 ] Request (ListImagesTestJSON:tearDownClass): 200 GET http://10.180.1.21:9696/networking/v2.0/security-groups?tenant_id=3edb9cf9639442198610c531c233a46d&name=default 0.269s
2024-10-31 10:01:16.991 62858 INFO tempest.lib.common.rest_client [req-e2889325-46a3-4e1c-82e4-56ec36c0699a req-e2889325-46a3-4e1c-82e4-56ec36c0699a ] Request (FloatingIPsAssociationNegativeTestJSON:setUpClass): 200 GET http://10.180.1.21/compute/v2.1/servers/5177b4e2-e990-47e6-9f2b-156ca0ee8387 0.149s
2024-10-31 10:01:16.999 62858 INFO tempest.common.waiters [-] State transition "BUILD/spawning" ==> "ERROR/None" after 82 second wait
2024-10-31 10:01:17.003 62857 INFO tempest.lib.common.rest_client [req-f5c23a24-afac-4248-9dbb-d8b920a0b4fa req-f5c23a24-afac-4248-9dbb-d8b920a0b4fa ] Request (ServerActionsTestOtherB:setUpClass): 200 GET http://10.180.1.21/compute/v2.1/servers/5cd813d1-f778-4c8a-920b-64e92a3b52af 0.122s
2024-10-31 10:01:17.056 62864 INFO tempest.lib.common.rest_client [req-329f748a-d763-4811-938e-9320323beec2 req-329f748a-d763-4811-938e-9320323beec2 ] Request (ImagesNegativeTestJSON:tearDownClass): 204 DELETE http://10.180.1.21:9696/networking/v2.0/security-groups/901b28d0-0470-4d31-95b2-1558f202b64f 0.172s
2024-10-31 10:01:17.059 62840 INFO tempest.lib.common.rest_client [req-fd364143-64d7-4749-a5c9-6803d44c3ca6 req-fd364143-64d7-4749-a5c9-6803d44c3ca6 ] Request (ListImageFiltersTestJSON:setUpClass): 200 GET http://10.180.1.21/compute/v2.1/servers/72cdccb7-b398-4833-af82-d64222c83f8d 0.143s
2024-10-31 10:01:17.086 62871 INFO tempest.lib.common.rest_client [req-6f8121a7-9aa4-4627-a127-00962bcaa151 req-6f8121a7-9aa4-4627-a127-00962bcaa151 ] Request (ServersV294TestFqdnHostnames:setUpClass): 200 GET http://10.180.1.21/compute/v2.1/servers/3695a09f-dffc-4537-ac78-faffd6bdd252 0.126s
2024-10-31 10:01:17.103 62874 INFO tempest.lib.common.rest_client [req-03a2f3db-5915-429f-9d51-11259823c03b req-03a2f3db-5915-429f-9d51-11259823c03b ] Request (ListImagesTestJSON:tearDownClass): 204 DELETE http://10.180.1.21:9696/networking/v2.0/security-groups/dec02406-7b17-42c3-a26e-2b0846de38ca 0.159s
2024-10-31 10:01:17.158 62848 INFO tempest.lib.common.rest_client [req-41bf1323-1d91-46e7-a4e5-5c96ef487705 req-41bf1323-1d91-46e7-a4e5-5c96ef487705 ] Request (MigrationsAdminTest:test_resize_server_revert_deleted_flavor): 200 GET http://10.180.1.21/compute/v2.1/servers/3b50dbde-2969-4a4b-ae35-42416342a60b 0.125s
2024-10-31 10:01:17.189 62864 INFO tempest.lib.common.rest_client [req-30d978e3-a25c-43cf-a8de-c6b0af5412ac req-30d978e3-a25c-43cf-a8de-c6b0af5412ac ] Request (ImagesNegativeTestJSON:tearDownClass): 204 DELETE http://10.180.1.21/identity/v3/projects/52b2f6e506d0420e928bdeb9ce8710d6 0.132s
2024-10-31 10:01:17.216 62832 INFO tempest.lib.common.rest_client [req-23397866-eb40-418e-a2df-0df85dff0e3a req-23397866-eb40-418e-a2df-0df85dff0e3a ] Request (AttachInterfacesTestJSON:test_create_list_show_delete_interfaces_by_fixed_ip): 200 GET http://10.180.1.21/compute/v2.1/servers/424fc272-b4b9-4867-a083-b27abe308f81 0.109s
2024-10-31 10:01:17.247 62874 INFO tempest.lib.common.rest_client [req-af8502bd-a66d-458d-8575-5f8cb2e47972 req-af8502bd-a66d-458d-8575-5f8cb2e47972 ] Request (ListImagesTestJSON:tearDownClass): 204 DELETE http://10.180.1.21/identity/v3/projects/3edb9cf9639442198610c531c233a46d 0.144s
2024-10-31 10:01:17.259 62864 INFO tempest.lib.common.rest_client [req-f8ad9215-491f-4e6e-a26c-da17a421e26a req-f8ad9215-491f-4e6e-a26c-da17a421e26a ] Request (AbsoluteLimitsTestJSON:setUpClass): 201 POST http://10.180.1.21/identity/v3/auth/tokens 0.065s
2024-10-31 10:01:17.290 62838 INFO tempest.lib.common.rest_client [req-9b0b017a-a63a-452e-aa56-6073d3e4dfd2 req-9b0b017a-a63a-452e-aa56-6073d3e4dfd2 ] Request (ServerPasswordTestJSON:setUpClass): 200 GET http://10.180.1.21/compute/v2.1/servers/ed0ec962-3c4e-409f-9332-0a79ca1c6ed3 0.063s
2024-10-31 10:01:17.291 62858 INFO tempest.lib.common.rest_client [req-224cf562-49a6-4286-93e7-02ef05bd5866 req-224cf562-49a6-4286-93e7-02ef05bd5866 ] Request (FloatingIPsAssociationNegativeTestJSON:setUpClass): 204 DELETE http://10.180.1.21/compute/v2.1/servers/5177b4e2-e990-47e6-9f2b-156ca0ee8387 0.292s
2024-10-31 10:01:17.292 62874 INFO tempest.lib.common.rest_client [req-ab10f217-f9fa-4289-8644-433aaabf5c72 req-ab10f217-f9fa-4289-8644-433aaabf5c72 ] Request (InstanceActionsNegativeTestJSON:setUpClass): 201 POST http://10.180.1.21/identity/v3/auth/tokens 0.043s
2024-10-31 10:01:17.299 62866 INFO tempest.lib.common.rest_client [req-d21e4d2b-a21e-4316-8c9d-8292d2a2dd16 req-d21e4d2b-a21e-4316-8c9d-8292d2a2dd16 ] Request (AttachInterfacesUnderV243Test:setUpClass): 200 PUT http://10.180.1.21:9696/networking/v2.0/routers/44b7bc57-98de-4899-927e-2f3bba4c4179/add_router_interface 1.123s
2024-10-31 10:01:17.299 62866 INFO tempest.lib.common.dynamic_creds [-] Created isolated network resources for: credentials: Credentials: {'domain_id': 'default', 'domain_name': 'Default', 'username': 'tempest-AttachInterfacesUnderV243Test-2110182679-project-member', 'project_domain_id': 'default', 'project_domain_name': 'Default', 'project_id': '7020a4f68049440a91e6c04fcf5f8464', 'project_name': 'tempest-AttachInterfacesUnderV243Test-2110182679', 'tenant_id': '7020a4f68049440a91e6c04fcf5f8464', 'tenant_name': 'tempest-AttachInterfacesUnderV243Test-2110182679', 'user_domain_id': 'default', 'user_domain_name': 'Default', 'user_id': 'f434794c6528422db6974b8c826b6dee', 'system': None}, Network: {'id': '30134c2a-88f1-4243-94ce-0608bb7b45d9', 'name': 'tempest-AttachInterfacesUnderV243Test-697153751-network', 'tenant_id': '7020a4f68049440a91e6c04fcf5f8464', 'admin_state_up': True, 'mtu': 8950, 'status': 'ACTIVE', 'subnets': [], 'shared': False, 'project_id': '7020a4f68049440a91e6c04fcf5f8464', 'port_security_enabled': True, 'router:external': False, 'provider:network_type': 'vlan', 'provider:physical_network': 'default', 'provider:segmentation_id': 485, 'availability_zone_hints': [], 'availability_zones': [], 'ipv4_address_scope': None, 'ipv6_address_scope': None, 'description': '', 'tags': [], 'created_at': '2024-10-31T10:01:14Z', 'updated_at': '2024-10-31T10:01:14Z', 'revision_number': 1}, Subnet: {'id': '05ee3b2b-2b3a-480e-89df-786721573ec9', 'name': 'tempest-AttachInterfacesUnderV243Test-697153751-subnet', 'tenant_id': '7020a4f68049440a91e6c04fcf5f8464', 'network_id': '30134c2a-88f1-4243-94ce-0608bb7b45d9', 'ip_version': 4, 'subnetpool_id': None, 'enable_dhcp': True, 'ipv6_ra_mode': None, 'ipv6_address_mode': None, 'gateway_ip': '192.168.128.1', 'cidr': '192.168.128.0/28', 'allocation_pools': [{'start': '192.168.128.2', 'end': '192.168.128.14'}], 'host_routes': [], 'dns_nameservers': [], 'description': '', 'router:external': False, 'service_types': [], 'tags': [], 'created_at': '2024-10-31T10:01:14Z', 'updated_at': '2024-10-31T10:01:14Z', 'revision_number': 0, 'project_id': '7020a4f68049440a91e6c04fcf5f8464'}, Router: {'id': '44b7bc57-98de-4899-927e-2f3bba4c4179', 'name': 'tempest-AttachInterfacesUnderV243Test-697153751-router', 'tenant_id': '7020a4f68049440a91e6c04fcf5f8464', 'admin_state_up': True, 'status': 'ACTIVE', 'external_gateway_info': {'network_id': '1b6f4eb0-9755-4e26-9ad3-b0b952044b77', 'external_fixed_ips': [{'subnet_id': 'ad72b6df-5e43-4672-81f0-1d7c8c338b1a', 'ip_address': '10.180.180.151'}], 'enable_snat': True}, 'description': '', 'availability_zones': [], 'distributed': False, 'ha': False, 'availability_zone_hints': [], 'routes': [], 'flavor_id': None, 'tags': [], 'created_at': '2024-10-31T10:01:15Z', 'updated_at': '2024-10-31T10:01:15Z', 'revision_number': 2, 'project_id': '7020a4f68049440a91e6c04fcf5f8464'}
2024-10-31 10:01:17.306 62864 INFO tempest.lib.common.rest_client [req-13939760-504a-4837-830a-7bdf093b41db req-13939760-504a-4837-830a-7bdf093b41db ] Request (AbsoluteLimitsTestJSON:setUpClass): 201 POST http://10.180.1.21/identity/v3/auth/tokens 0.044s
2024-10-31 10:01:17.316 62858 INFO tempest.lib.common.rest_client [req-614884cf-5da0-4b3c-9aeb-a0a76987bb28 req-614884cf-5da0-4b3c-9aeb-a0a76987bb28 ] Request (FloatingIPsAssociationNegativeTestJSON:setUpClass): 404 GET http://10.180.1.21/compute/v2.1/servers/5177b4e2-e990-47e6-9f2b-156ca0ee8387 0.024s
2024-10-31 10:01:17.316 62858 INFO tempest.test [-] raised in FloatingIPsAssociationNegativeTestJSON.setUpClass. Invoking tearDownClass.
2024-10-31 10:01:17.335 62874 INFO tempest.lib.common.rest_client [req-9a010b13-baff-439b-aa64-05621ac6f9f8 req-9a010b13-baff-439b-aa64-05621ac6f9f8 ] Request (InstanceActionsNegativeTestJSON:setUpClass): 201 POST http://10.180.1.21/identity/v3/auth/tokens 0.039s
2024-10-31 10:01:17.356 62864 INFO tempest.lib.common.rest_client [req-4d69292f-2bae-4936-8969-187e4cafe0c3 req-4d69292f-2bae-4936-8969-187e4cafe0c3 ] Request (AbsoluteLimitsTestJSON:setUpClass): 200 GET http://10.180.1.21/identity/v3/domains?name=Default 0.050s
2024-10-31 10:01:17.360 62862 INFO tempest.lib.common.rest_client [req-532718cc-dfee-4d93-af78-5171f17b5b44 req-532718cc-dfee-4d93-af78-5171f17b5b44 ] Request (ServersTestBootFromVolume:setUpClass): 200 GET http://10.180.1.21/compute/v2.1/servers/c080105d-4a58-4616-b65c-7bac79dd93c1 0.065s
2024-10-31 10:01:17.377 62874 INFO tempest.lib.common.rest_client [req-0fa34d93-2f5a-4852-9011-08b9e644f55e req-0fa34d93-2f5a-4852-9011-08b9e644f55e ] Request (InstanceActionsNegativeTestJSON:setUpClass): 200 GET http://10.180.1.21/identity/v3/domains?name=Default 0.042s
2024-10-31 10:01:17.386 62866 INFO tempest.lib.common.rest_client [req-1b70c159-14a6-4b94-b597-d0ccecbae00a req-1b70c159-14a6-4b94-b597-d0ccecbae00a ] Request (AttachInterfacesUnderV243Test:setUpClass): 201 POST http://10.180.1.21/identity/v3/auth/tokens 0.084s
2024-10-31 10:01:17.400 62864 INFO tempest.lib.common.rest_client [req-9ade603a-aaeb-4d01-b6df-ac6b7b035a34 req-9ade603a-aaeb-4d01-b6df-ac6b7b035a34 ] Request (AbsoluteLimitsTestJSON:setUpClass): 201 POST http://10.180.1.21/identity/v3/projects 0.043s
2024-10-31 10:01:17.418 62874 INFO tempest.lib.common.rest_client [req-f3067d85-ad1c-4d7e-b8c7-ceb96ab90ad0 req-f3067d85-ad1c-4d7e-b8c7-ceb96ab90ad0 ] Request (InstanceActionsNegativeTestJSON:setUpClass): 201 POST http://10.180.1.21/identity/v3/projects 0.040s
2024-10-31 10:01:17.438 62880 INFO tempest.lib.common.rest_client [req-1e94c8a3-d41d-42f2-98bd-5b17c48462e3 req-1e94c8a3-d41d-42f2-98bd-5b17c48462e3 ] Request (ServersNegativeTestMultiTenantJSON:setUpClass): 200 GET http://10.180.1.21/compute/v2.1/servers/0b4d919f-552e-489e-bcfb-f6447cf81fb8 0.077s
2024-10-31 10:01:17.514 62864 INFO tempest.lib.common.rest_client [req-49055d0e-aca1-49b9-872d-697f24c6b11b req-49055d0e-aca1-49b9-872d-697f24c6b11b ] Request (AbsoluteLimitsTestJSON:setUpClass): 201 POST http://10.180.1.21/identity/v3/users 0.113s
2024-10-31 10:01:17.524 62854 INFO tempest.lib.common.rest_client [req-8d9afbd0-fe6c-4309-a82c-b2cf5609911a req-8d9afbd0-fe6c-4309-a82c-b2cf5609911a ] Request (ServerDiskConfigTestJSON:test_rebuild_server_with_auto_disk_config): 200 GET http://10.180.1.21/compute/v2.1/servers/a8af7330-6454-439c-870b-73d1637b6438 0.081s
2024-10-31 10:01:17.535 62874 INFO tempest.lib.common.rest_client [req-0e98907b-54a3-41ff-9043-35f68e020451 req-0e98907b-54a3-41ff-9043-35f68e020451 ] Request (InstanceActionsNegativeTestJSON:setUpClass): 201 POST http://10.180.1.21/identity/v3/users 0.117s
2024-10-31 10:01:17.547 62864 INFO tempest.lib.common.rest_client [req-248ce40f-7dae-439f-b71f-59b76126498d req-248ce40f-7dae-439f-b71f-59b76126498d ] Request (AbsoluteLimitsTestJSON:setUpClass): 200 GET http://10.180.1.21/identity/v3/roles 0.032s
2024-10-31 10:01:17.562 62874 INFO tempest.lib.common.rest_client [req-f9c8b910-f480-4e0b-8c77-0db83484830d req-f9c8b910-f480-4e0b-8c77-0db83484830d ] Request (InstanceActionsNegativeTestJSON:setUpClass): 200 GET http://10.180.1.21/identity/v3/roles 0.026s
2024-10-31 10:01:17.568 62866 INFO tempest.lib.common.rest_client [req-bc03bd3c-76b9-41b1-b2fd-4ae81a29d295 req-bc03bd3c-76b9-41b1-b2fd-4ae81a29d295 ] Request (ValidationResourcesFixture:setUp): 200 POST http://10.180.1.21/compute/v2.1/os-keypairs 0.179s
2024-10-31 10:01:17.580 62864 INFO tempest.lib.common.rest_client [req-412d5d6a-bfe4-4b0a-a3a7-8ba226803a74 req-412d5d6a-bfe4-4b0a-a3a7-8ba226803a74 ] Request (AbsoluteLimitsTestJSON:setUpClass): 204 PUT http://10.180.1.21/identity/v3/projects/98959cfda89c4aeca7b8724221485383/users/965298118baf46e7a2b71debf01c12b5/roles/58834a667aff4859a21f0c75f4ac2b2b 0.032s
2024-10-31 10:01:17.580 62864 INFO tempest.lib.common.dynamic_creds [-] Dynamic test user 965298118baf46e7a2b71debf01c12b5 is created with scope project and roles: ['member']
2024-10-31 10:01:17.580 62864 INFO tempest.lib.common.dynamic_creds [-] Acquired dynamic creds: credentials: Credentials: {'domain_id': 'default', 'domain_name': 'Default', 'username': 'tempest-AbsoluteLimitsTestJSON-1097928425-project-member', 'project_domain_id': 'default', 'project_domain_name': 'Default', 'project_id': '98959cfda89c4aeca7b8724221485383', 'project_name': 'tempest-AbsoluteLimitsTestJSON-1097928425', 'tenant_id': '98959cfda89c4aeca7b8724221485383', 'tenant_name': 'tempest-AbsoluteLimitsTestJSON-1097928425', 'user_domain_id': 'default', 'user_domain_name': 'Default', 'user_id': '965298118baf46e7a2b71debf01c12b5', 'system': None}, Network: None, Subnet: None, Router: None
2024-10-31 10:01:17.581 62864 INFO tempest.lib.common.dynamic_creds [-] Created isolated network resources for: credentials: Credentials: {'domain_id': 'default', 'domain_name': 'Default', 'username': 'tempest-AbsoluteLimitsTestJSON-1097928425-project-member', 'project_domain_id': 'default', 'project_domain_name': 'Default', 'project_id': '98959cfda89c4aeca7b8724221485383', 'project_name': 'tempest-AbsoluteLimitsTestJSON-1097928425', 'tenant_id': '98959cfda89c4aeca7b8724221485383', 'tenant_name': 'tempest-AbsoluteLimitsTestJSON-1097928425', 'user_domain_id': 'default', 'user_domain_name': 'Default', 'user_id': '965298118baf46e7a2b71debf01c12b5', 'system': None}, Network: None, Subnet: None, Router: None
2024-10-31 10:01:17.607 62874 INFO tempest.lib.common.rest_client [req-1d8701ba-da60-43fe-ae8f-cd4e73a275f2 req-1d8701ba-da60-43fe-ae8f-cd4e73a275f2 ] Request (InstanceActionsNegativeTestJSON:setUpClass): 204 PUT http://10.180.1.21/identity/v3/projects/4245f4698be846a9879e54e794f22000/users/0be8fd9262b94f5480dc708bab3d8c95/roles/58834a667aff4859a21f0c75f4ac2b2b 0.044s
2024-10-31 10:01:17.607 62874 INFO tempest.lib.common.dynamic_creds [-] Dynamic test user 0be8fd9262b94f5480dc708bab3d8c95 is created with scope project and roles: ['member']
2024-10-31 10:01:17.608 62874 INFO tempest.lib.common.dynamic_creds [-] Acquired dynamic creds: credentials: Credentials: {'domain_id': 'default', 'domain_name': 'Default', 'username': 'tempest-InstanceActionsNegativeTestJSON-921022491-project-member', 'project_domain_id': 'default', 'project_domain_name': 'Default', 'project_id': '4245f4698be846a9879e54e794f22000', 'project_name': 'tempest-InstanceActionsNegativeTestJSON-921022491', 'tenant_id': '4245f4698be846a9879e54e794f22000', 'tenant_name': 'tempest-InstanceActionsNegativeTestJSON-921022491', 'user_domain_id': 'default', 'user_domain_name': 'Default', 'user_id': '0be8fd9262b94f5480dc708bab3d8c95', 'system': None}, Network: None, Subnet: None, Router: None
2024-10-31 10:01:17.640 62846 INFO tempest.lib.common.rest_client [req-35ba21fe-e129-455c-8178-b8292d6b669f req-35ba21fe-e129-455c-8178-b8292d6b669f ] Request (InstanceActionsTestJSON:setUpClass): 200 GET http://10.180.1.21/compute/v2.1/servers/1cad8d1b-ed02-424c-879c-2f23d4d90b22 0.066s
2024-10-31 10:01:17.651 62864 INFO tempest.lib.common.rest_client [req-bf721d15-68dd-410c-be15-e93cc6a022f5 req-bf721d15-68dd-410c-be15-e93cc6a022f5 ] Request (AbsoluteLimitsTestJSON:setUpClass): 201 POST http://10.180.1.21/identity/v3/auth/tokens 0.066s
2024-10-31 10:01:17.682 62874 INFO tempest.lib.common.rest_client [req-226234dc-1dcb-42a1-acc6-d446f050c712 req-226234dc-1dcb-42a1-acc6-d446f050c712 ] Request (InstanceActionsNegativeTestJSON:setUpClass): 201 POST http://10.180.1.21/identity/v3/auth/tokens 0.073s
2024-10-31 10:01:17.709 62824 INFO tempest.lib.common.rest_client [req-ab4ed8b5-0f4f-43fe-a4b3-301c4ea104a0 req-ab4ed8b5-0f4f-43fe-a4b3-301c4ea104a0 ] Request (VolumesAdminNegativeTest:test_update_attached_volume_with_nonexistent_volume_in_body): 200 GET http://10.180.1.21/compute/v2.1/servers/53e10c33-0f41-48a2-ac19-c0b34a9a9312 0.079s
2024-10-31 10:01:17.709 62828 INFO tempest.lib.common.rest_client [req-a4865e44-d99a-423d-b057-ee6328444076 req-a4865e44-d99a-423d-b057-ee6328444076 ] Request (ServerShowV247Test:test_update_rebuild_list_server): 200 GET http://10.180.1.21/compute/v2.1/servers/2cf0927d-8d98-4554-92ce-c049e1ea179c 0.069s
2024-10-31 10:01:17.762 62866 INFO tempest.lib.common.rest_client [req-e1a4a4f8-25d9-4660-bbe1-df7a6b86ef1d req-e1a4a4f8-25d9-4660-bbe1-df7a6b86ef1d ] Request (ValidationResourcesFixture:setUp): 201 POST http://10.180.1.21:9696/networking/v2.0/security-groups 0.193s
2024-10-31 10:01:17.782 62826 INFO tempest.lib.common.rest_client [req-77131aa8-8a94-4e1d-83f7-f0f8c7c066cf req-77131aa8-8a94-4e1d-83f7-f0f8c7c066cf ] Request (ServerActionsTestJSON:setUpClass): 200 GET http://10.180.1.21/compute/v2.1/servers/ae66c3e2-eac8-4239-b5be-64dc0dcf2c04 0.080s
2024-10-31 10:01:17.792 62834 INFO tempest.lib.common.rest_client [req-3a945f3e-dcd8-4401-997b-ec4b80ff9f65 req-3a945f3e-dcd8-4401-997b-ec4b80ff9f65 ] Request (AttachVolumeNegativeTest:setUpClass): 200 PUT http://10.180.1.21:9696/networking/v2.0/routers/680447c3-5295-40f0-9df5-fd5bba7b118d/add_router_interface 1.217s
2024-10-31 10:01:17.793 62834 INFO tempest.lib.common.dynamic_creds [-] Created isolated network resources for: credentials: Credentials: {'domain_id': 'default', 'domain_name': 'Default', 'username': 'tempest-AttachVolumeNegativeTest-1298414395-project-member', 'project_domain_id': 'default', 'project_domain_name': 'Default', 'project_id': '44e32d293ad64cd499926859857e023e', 'project_name': 'tempest-AttachVolumeNegativeTest-1298414395', 'tenant_id': '44e32d293ad64cd499926859857e023e', 'tenant_name': 'tempest-AttachVolumeNegativeTest-1298414395', 'user_domain_id': 'default', 'user_domain_name': 'Default', 'user_id': '0cbaeae4fa1e4dc996a4d8a364ea0dae', 'system': None}, Network: {'id': '87a03b94-3a0b-4ec4-92a2-a71a086076ac', 'name': 'tempest-AttachVolumeNegativeTest-309846620-network', 'tenant_id': '44e32d293ad64cd499926859857e023e', 'admin_state_up': True, 'mtu': 8950, 'status': 'ACTIVE', 'subnets': [], 'shared': False, 'project_id': '44e32d293ad64cd499926859857e023e', 'port_security_enabled': True, 'router:external': False, 'provider:network_type': 'vlan', 'provider:physical_network': 'default', 'provider:segmentation_id': 921, 'availability_zone_hints': [], 'availability_zones': [], 'ipv4_address_scope': None, 'ipv6_address_scope': None, 'description': '', 'tags': [], 'created_at': '2024-10-31T10:01:14Z', 'updated_at': '2024-10-31T10:01:14Z', 'revision_number': 1}, Subnet: {'id': '05c6107f-d39c-48aa-859f-a296e9056f6a', 'name': 'tempest-AttachVolumeNegativeTest-309846620-subnet', 'tenant_id': '44e32d293ad64cd499926859857e023e', 'network_id': '87a03b94-3a0b-4ec4-92a2-a71a086076ac', 'ip_version': 4, 'subnetpool_id': None, 'enable_dhcp': True, 'ipv6_ra_mode': None, 'ipv6_address_mode': None, 'gateway_ip': '192.168.128.1', 'cidr': '192.168.128.0/28', 'allocation_pools': [{'start': '192.168.128.2', 'end': '192.168.128.14'}], 'host_routes': [], 'dns_nameservers': [], 'description': '', 'router:external': False, 'service_types': [], 'tags': [], 'created_at': '2024-10-31T10:01:14Z', 'updated_at': '2024-10-31T10:01:14Z', 'revision_number': 0, 'project_id': '44e32d293ad64cd499926859857e023e'}, Router: {'id': '680447c3-5295-40f0-9df5-fd5bba7b118d', 'name': 'tempest-AttachVolumeNegativeTest-309846620-router', 'tenant_id': '44e32d293ad64cd499926859857e023e', 'admin_state_up': True, 'status': 'ACTIVE', 'external_gateway_info': {'network_id': '1b6f4eb0-9755-4e26-9ad3-b0b952044b77', 'external_fixed_ips': [{'subnet_id': 'ad72b6df-5e43-4672-81f0-1d7c8c338b1a', 'ip_address': '10.180.180.239'}], 'enable_snat': True}, 'description': '', 'availability_zones': [], 'distributed': False, 'ha': False, 'availability_zone_hints': [], 'routes': [], 'flavor_id': None, 'tags': [], 'created_at': '2024-10-31T10:01:15Z', 'updated_at': '2024-10-31T10:01:16Z', 'revision_number': 2, 'project_id': '44e32d293ad64cd499926859857e023e'}
2024-10-31 10:01:17.821 62864 INFO tempest.lib.common.rest_client [req-42daa334-e750-4a99-a46f-e89b78c99279 req-42daa334-e750-4a99-a46f-e89b78c99279 ] Request (AbsoluteLimitsTestJSON:test_absLimits_get): 200 GET http://10.180.1.21/compute/v2.1/limits 0.169s
2024-10-31 10:01:17.843 62822 INFO tempest.lib.common.rest_client [req-6b1c37ac-c385-48e1-85d1-40d37c686f06 req-6b1c37ac-c385-48e1-85d1-40d37c686f06 ] Request (ImagesOneServerNegativeTestJSON:setUpClass): 200 GET http://10.180.1.21/compute/v2.1/servers/e883b58a-0fa6-48fd-a8a7-24ead857e6f1 0.130s
2024-10-31 10:01:17.871 62866 INFO tempest.lib.common.rest_client [req-d60c6fdc-81ab-4d45-818c-fdf5d4223972 req-d60c6fdc-81ab-4d45-818c-fdf5d4223972 ] Request (ValidationResourcesFixture:setUp): 201 POST http://10.180.1.21:9696/networking/v2.0/security-group-rules 0.109s
2024-10-31 10:01:17.882 62882 INFO tempest.lib.common.rest_client [req-431e8bed-f96f-40f5-822a-37b421eec1ad req-431e8bed-f96f-40f5-822a-37b421eec1ad ] Request (ServerActionsV293TestJSON:setUpClass): 200 GET http://10.180.1.21/volume/v3/volumes/eede5dcd-43bb-4621-8d96-f9f9f103294a 0.045s
2024-10-31 10:01:17.885 62834 INFO tempest.lib.common.rest_client [req-6666a348-5e7a-4d70-8a74-e9e5d15043f4 req-6666a348-5e7a-4d70-8a74-e9e5d15043f4 ] Request (AttachVolumeNegativeTest:setUpClass): 201 POST http://10.180.1.21/identity/v3/auth/tokens 0.087s
2024-10-31 10:01:17.889 62868 INFO tempest.lib.common.rest_client [req-82d316aa-8939-4762-a7e3-8a4708a99de1 req-82d316aa-8939-4762-a7e3-8a4708a99de1 ] Request (TenantUsagesTestJSON:setUpClass): 200 GET http://10.180.1.21/compute/v2.1/servers/aae9ff25-f304-4dbe-824c-b17b3522655c 0.126s
2024-10-31 10:01:17.917 62864 INFO tempest.lib.common.rest_client [req-31bd732b-38d8-4cc3-9812-b1279bdc946a req-31bd732b-38d8-4cc3-9812-b1279bdc946a ] Request (AbsoluteLimitsTestJSON:tearDownClass): 204 DELETE http://10.180.1.21/identity/v3/users/965298118baf46e7a2b71debf01c12b5 0.088s
2024-10-31 10:01:17.917 62864 INFO tempest.lib.common.dynamic_creds [-] Deleting project and security group for project: 98959cfda89c4aeca7b8724221485383
2024-10-31 10:01:17.934 62842 INFO tempest.lib.common.rest_client [req-1766fd96-e573-4988-864e-6924a573277e req-1766fd96-e573-4988-864e-6924a573277e ] Request (ServersTestFqdnHostnames:test_create_server_with_fqdn_name): 200 GET http://10.180.1.21/compute/v2.1/servers/14557f1a-2410-4201-9b91-49d23f18d47a 0.152s
2024-10-31 10:01:17.946 62860 INFO tempest.lib.common.rest_client [req-30b44267-b3e1-4374-a234-5f854fe7e3b8 req-30b44267-b3e1-4374-a234-5f854fe7e3b8 ] Request (ServerAddressesNegativeTestJSON:setUpClass): 200 GET http://10.180.1.21/compute/v2.1/servers/6f2ca381-b4a3-47ce-b135-dbceb7e44d24 0.088s
2024-10-31 10:01:17.988 62864 INFO tempest.lib.common.rest_client [req-e04c4012-7bad-48ee-9dbc-fea731daf53f req-e04c4012-7bad-48ee-9dbc-fea731daf53f ] Request (AbsoluteLimitsTestJSON:tearDownClass): 201 POST http://10.180.1.21/identity/v3/auth/tokens 0.071s
2024-10-31 10:01:18.025 62884 INFO tempest.lib.common.rest_client [req-365034f7-3812-4561-a858-0758ad3bfdfb req-365034f7-3812-4561-a858-0758ad3bfdfb ] Request (ServerAddressesTestJSON:setUpClass): 200 GET http://10.180.1.21/compute/v2.1/servers/86e3d197-2e8c-4357-ac0a-e1af8e247024 0.153s
2024-10-31 10:01:18.095 62834 INFO tempest.lib.common.rest_client [req-894e23bb-6287-4f68-a328-060fc832f61f req-894e23bb-6287-4f68-a328-060fc832f61f ] Request (ValidationResourcesFixture:setUp): 200 POST http://10.180.1.21/compute/v2.1/os-keypairs 0.208s
2024-10-31 10:01:18.122 62852 INFO tempest.lib.common.rest_client [req-01758b3d-d291-4399-81fb-a33c53ae8883 req-01758b3d-d291-4399-81fb-a33c53ae8883 ] Request (DeleteServersAdminTestJSON:test_delete_server_while_in_error_state): 200 GET http://10.180.1.21/compute/v2.1/servers/29f9e25a-a0b2-4bb8-b59a-3617819d3be5 0.192s
2024-10-31 10:01:18.156 62866 INFO tempest.lib.common.rest_client [req-42513548-fb28-4550-9520-69b68aed8f1b req-42513548-fb28-4550-9520-69b68aed8f1b ] Request (ValidationResourcesFixture:setUp): 201 POST http://10.180.1.21:9696/networking/v2.0/security-group-rules 0.284s
2024-10-31 10:01:18.164 62830 INFO tempest.lib.common.rest_client [req-81cd7646-2981-46c9-b3b7-88cacdcc4532 req-81cd7646-2981-46c9-b3b7-88cacdcc4532 ] Request (ServerMetadataTestJSON:setUpClass): 200 GET http://10.180.1.21/compute/v2.1/servers/92080abc-eb47-439b-b702-d226666fa155 0.216s
2024-10-31 10:01:18.186 62874 INFO tempest.lib.common.rest_client [req-350cffaf-6da1-40da-9115-226660a95f33 req-350cffaf-6da1-40da-9115-226660a95f33 ] Request (InstanceActionsNegativeTestJSON:setUpClass): 201 POST http://10.180.1.21:9696/networking/v2.0/networks 0.504s
2024-10-31 10:01:18.197 62857 INFO tempest.lib.common.rest_client [req-eb08221d-56ec-494b-abc7-856084bc3201 req-eb08221d-56ec-494b-abc7-856084bc3201 ] Request (ServerActionsTestOtherB:setUpClass): 200 GET http://10.180.1.21/compute/v2.1/servers/5cd813d1-f778-4c8a-920b-64e92a3b52af 0.185s
2024-10-31 10:01:18.252 62840 INFO tempest.lib.common.rest_client [req-8a02ff08-b1fd-43ce-932b-2d2ad3d60243 req-8a02ff08-b1fd-43ce-932b-2d2ad3d60243 ] Request (ListImageFiltersTestJSON:setUpClass): 200 GET http://10.180.1.21/compute/v2.1/servers/72cdccb7-b398-4833-af82-d64222c83f8d 0.181s
2024-10-31 10:01:18.264 62871 INFO tempest.lib.common.rest_client [req-6db3a86d-1652-44f2-b77b-3d1641239dda req-6db3a86d-1652-44f2-b77b-3d1641239dda ] Request (ServersV294TestFqdnHostnames:setUpClass): 200 GET http://10.180.1.21/compute/v2.1/servers/3695a09f-dffc-4537-ac78-faffd6bdd252 0.161s
2024-10-31 10:01:18.284 62864 INFO tempest.lib.common.rest_client [req-dd673a21-c79f-4fb4-87be-71b8556825fa req-dd673a21-c79f-4fb4-87be-71b8556825fa ] Request (AbsoluteLimitsTestJSON:tearDownClass): 200 GET http://10.180.1.21:9696/networking/v2.0/security-groups?tenant_id=98959cfda89c4aeca7b8724221485383&name=default 0.295s
2024-10-31 10:01:18.320 62848 INFO tempest.lib.common.rest_client [req-6dd733b9-3954-477e-9d8b-447977e52352 req-6dd733b9-3954-477e-9d8b-447977e52352 ] Request (MigrationsAdminTest:test_resize_server_revert_deleted_flavor): 200 GET http://10.180.1.21/compute/v2.1/servers/3b50dbde-2969-4a4b-ae35-42416342a60b 0.147s
2024-10-31 10:01:18.335 62832 INFO tempest.lib.common.rest_client [req-7c459bc4-19f9-4317-88ff-8fd39bf36b2d req-7c459bc4-19f9-4317-88ff-8fd39bf36b2d ] Request (AttachInterfacesTestJSON:test_create_list_show_delete_interfaces_by_fixed_ip): 200 GET http://10.180.1.21/compute/v2.1/servers/424fc272-b4b9-4867-a083-b27abe308f81 0.108s
2024-10-31 10:01:18.392 62838 INFO tempest.lib.common.rest_client [req-e1250f44-06f8-4f4f-94e0-f8e7d08f9083 req-e1250f44-06f8-4f4f-94e0-f8e7d08f9083 ] Request (ServerPasswordTestJSON:setUpClass): 200 GET http://10.180.1.21/compute/v2.1/servers/ed0ec962-3c4e-409f-9332-0a79ca1c6ed3 0.093s
2024-10-31 10:01:18.419 62834 INFO tempest.lib.common.rest_client [req-48ad71d2-cac7-464e-b210-9deb275c1c41 req-48ad71d2-cac7-464e-b210-9deb275c1c41 ] Request (ValidationResourcesFixture:setUp): 201 POST http://10.180.1.21:9696/networking/v2.0/security-groups 0.322s
2024-10-31 10:01:18.439 62862 INFO tempest.lib.common.rest_client [req-640bacbe-7b84-493a-b253-fa33bd07d5a7 req-640bacbe-7b84-493a-b253-fa33bd07d5a7 ] Request (ServersTestBootFromVolume:setUpClass): 200 GET http://10.180.1.21/compute/v2.1/servers/c080105d-4a58-4616-b65c-7bac79dd93c1 0.066s
2024-10-31 10:01:18.515 62874 INFO tempest.lib.common.rest_client [req-5076de4c-fc4a-4eae-8b03-fe3f5de6bc85 req-5076de4c-fc4a-4eae-8b03-fe3f5de6bc85 ] Request (InstanceActionsNegativeTestJSON:setUpClass): 201 POST http://10.180.1.21:9696/networking/v2.0/subnets 0.328s
2024-10-31 10:01:18.682 62880 INFO tempest.lib.common.rest_client [req-ebfb0165-81f1-4290-ad42-51ea6855691e req-ebfb0165-81f1-4290-ad42-51ea6855691e ] Request (ServersNegativeTestMultiTenantJSON:setUpClass): 200 GET http://10.180.1.21/compute/v2.1/servers/0b4d919f-552e-489e-bcfb-f6447cf81fb8 0.233s
2024-10-31 10:01:18.704 62864 INFO tempest.lib.common.rest_client [req-9dd03d07-d252-4fa9-8a6f-a8c870f125b3 req-9dd03d07-d252-4fa9-8a6f-a8c870f125b3 ] Request (AbsoluteLimitsTestJSON:tearDownClass): 204 DELETE http://10.180.1.21:9696/networking/v2.0/security-groups/15410da0-2250-4609-b4c2-9e21dcb16e7e 0.420s
2024-10-31 10:01:18.744 62846 INFO tempest.lib.common.rest_client [req-45304a4e-c572-480c-978f-0f62df6f1d03 req-45304a4e-c572-480c-978f-0f62df6f1d03 ] Request (InstanceActionsTestJSON:setUpClass): 200 GET http://10.180.1.21/compute/v2.1/servers/1cad8d1b-ed02-424c-879c-2f23d4d90b22 0.095s
2024-10-31 10:01:18.768 62854 INFO tempest.lib.common.rest_client [req-ac5c14c3-4afa-4d0c-bfa0-113a2c75c5d3 req-ac5c14c3-4afa-4d0c-bfa0-113a2c75c5d3 ] Request (ServerDiskConfigTestJSON:test_rebuild_server_with_auto_disk_config): 200 GET http://10.180.1.21/compute/v2.1/servers/a8af7330-6454-439c-870b-73d1637b6438 0.236s
2024-10-31 10:01:18.778 62834 INFO tempest.lib.common.rest_client [req-2cf5b628-03c0-4f97-88bf-5d16d100f10c req-2cf5b628-03c0-4f97-88bf-5d16d100f10c ] Request (ValidationResourcesFixture:setUp): 201 POST http://10.180.1.21:9696/networking/v2.0/security-group-rules 0.358s
2024-10-31 10:01:18.782 62858 INFO tempest.lib.common.rest_client [req-ac4201f7-f8e2-4b18-907b-8931e1bbd585 req-ac4201f7-f8e2-4b18-907b-8931e1bbd585 ] Request (FloatingIPsAssociationNegativeTestJSON:tearDownClass): 200 PUT http://10.180.1.21:9696/networking/v2.0/routers/743cd3af-cd27-4f6e-97db-a9c0f3f446a0/remove_router_interface 1.465s
2024-10-31 10:01:18.800 62864 INFO tempest.lib.common.rest_client [req-d296d3e6-37c3-48f2-b35a-8855dabfe387 req-d296d3e6-37c3-48f2-b35a-8855dabfe387 ] Request (AbsoluteLimitsTestJSON:tearDownClass): 204 DELETE http://10.180.1.21/identity/v3/projects/98959cfda89c4aeca7b8724221485383 0.096s
2024-10-31 10:01:18.814 62824 INFO tempest.lib.common.rest_client [req-a77942e8-c6c6-4a55-8260-4d3473f31f72 req-a77942e8-c6c6-4a55-8260-4d3473f31f72 ] Request (VolumesAdminNegativeTest:test_update_attached_volume_with_nonexistent_volume_in_body): 200 GET http://10.180.1.21/compute/v2.1/servers/53e10c33-0f41-48a2-ac19-c0b34a9a9312 0.099s
2024-10-31 10:01:18.881 62828 INFO tempest.lib.common.rest_client [req-51f6b587-7f83-4946-b30f-aede9786fed6 req-51f6b587-7f83-4946-b30f-aede9786fed6 ] Request (ServerShowV247Test:test_update_rebuild_list_server): 200 GET http://10.180.1.21/compute/v2.1/servers/2cf0927d-8d98-4554-92ce-c049e1ea179c 0.160s
2024-10-31 10:01:18.893 62828 INFO tempest.common.waiters [-] State transition "BUILD/scheduling" ==> "BUILD/None" after 68 second wait
2024-10-31 10:01:18.922 62864 INFO tempest.lib.common.rest_client [req-3122cb1d-746e-450c-a5a2-2eaf727fcb31 req-3122cb1d-746e-450c-a5a2-2eaf727fcb31 ] Request (InstanceActionsV221TestJSON:setUpClass): 201 POST http://10.180.1.21/identity/v3/auth/tokens 0.121s
2024-10-31 10:01:18.925 62826 INFO tempest.lib.common.rest_client [req-ccd527c6-eab6-4c9b-9cfe-3434c4797780 req-ccd527c6-eab6-4c9b-9cfe-3434c4797780 ] Request (ServerActionsTestJSON:setUpClass): 200 GET http://10.180.1.21/compute/v2.1/servers/ae66c3e2-eac8-4239-b5be-64dc0dcf2c04 0.130s
2024-10-31 10:01:18.949 62882 INFO tempest.lib.common.rest_client [req-8222af89-c9ea-45f7-8e0d-dc7d9dfb77a8 req-8222af89-c9ea-45f7-8e0d-dc7d9dfb77a8 ] Request (ServerActionsV293TestJSON:setUpClass): 200 GET http://10.180.1.21/volume/v3/volumes/eede5dcd-43bb-4621-8d96-f9f9f103294a 0.053s
2024-10-31 10:01:18.972 62864 INFO tempest.lib.common.rest_client [req-a8f1b232-6d2a-4584-b917-a7f682015435 req-a8f1b232-6d2a-4584-b917-a7f682015435 ] Request (InstanceActionsV221TestJSON:setUpClass): 201 POST http://10.180.1.21/identity/v3/auth/tokens 0.046s
2024-10-31 10:01:18.974 62822 INFO tempest.lib.common.rest_client [req-29469297-3e02-4f90-bcb4-fa5fb60eec47 req-29469297-3e02-4f90-bcb4-fa5fb60eec47 ] Request (ImagesOneServerNegativeTestJSON:setUpClass): 200 GET http://10.180.1.21/compute/v2.1/servers/e883b58a-0fa6-48fd-a8a7-24ead857e6f1 0.122s
2024-10-31 10:01:18.996 62868 INFO tempest.lib.common.rest_client [req-af14b967-6463-4ba5-9039-da8cef9015c4 req-af14b967-6463-4ba5-9039-da8cef9015c4 ] Request (TenantUsagesTestJSON:setUpClass): 200 GET http://10.180.1.21/compute/v2.1/servers/aae9ff25-f304-4dbe-824c-b17b3522655c 0.098s
2024-10-31 10:01:19.007 62864 INFO tempest.lib.common.rest_client [req-aed2ddbb-3ea4-412a-9b03-a846d7f26bc1 req-aed2ddbb-3ea4-412a-9b03-a846d7f26bc1 ] Request (InstanceActionsV221TestJSON:setUpClass): 200 GET http://10.180.1.21/identity/v3/domains?name=Default 0.034s
2024-10-31 10:01:19.042 62842 INFO tempest.lib.common.rest_client [req-513bdb56-1c1d-40d3-a62b-d7a091a1316a req-513bdb56-1c1d-40d3-a62b-d7a091a1316a ] Request (ServersTestFqdnHostnames:test_create_server_with_fqdn_name): 200 GET http://10.180.1.21/compute/v2.1/servers/14557f1a-2410-4201-9b91-49d23f18d47a 0.099s
