2024-10-31 10:00:49.365 62832 INFO tempest.lib.common.rest_client [req-fd3a4872-4afc-4536-8678-4ce8ead8bb96 req-fd3a4872-4afc-4536-8678-4ce8ead8bb96 ] Request (ValidationResourcesFixture:setUp): 201 POST http://10.180.1.21:9696/networking/v2.0/floatingips 0.524s
2024-10-31 10:00:49.383 62868 INFO tempest.lib.common.rest_client [req-51d97311-9447-4f8a-8188-7e981d841715 req-51d97311-9447-4f8a-8188-7e981d841715 ] Request (TenantUsagesTestJSON:setUpClass): 200 GET http://10.180.1.21/compute/v2.1/servers/aae9ff25-f304-4dbe-824c-b17b3522655c 0.057s
2024-10-31 10:00:49.403 62832 INFO tempest.lib.common.rest_client [req-fcbef42d-dc91-4fb6-a548-6aa431f7f4e6 req-fcbef42d-dc91-4fb6-a548-6aa431f7f4e6 ] Request (AttachInterfacesTestJSON:test_create_list_show_delete_interfaces_by_fixed_ip): 201 POST http://10.180.1.21/identity/v3/auth/tokens 0.035s
2024-10-31 10:00:49.403 62832 INFO tempest.lib.common.fixed_network [-] (AttachInterfacesTestJSON:test_create_list_show_delete_interfaces_by_fixed_ip) Found network {'id': '19cc8f17-f362-4186-901c-3dc61c1ef3e5', 'name': 'tempest-AttachInterfacesTestJSON-1660902429-network', 'tenant_id': '48929b5f0c2c41ddade223ab57002fc4', 'admin_state_up': True, 'mtu': 8950, 'status': 'ACTIVE', 'subnets': [], 'shared': False, 'project_id': '48929b5f0c2c41ddade223ab57002fc4', 'port_security_enabled': True, 'router:external': False, 'provider:network_type': 'vlan', 'provider:physical_network': 'default', 'provider:segmentation_id': 162, 'availability_zone_hints': [], 'availability_zones': [], 'ipv4_address_scope': None, 'ipv6_address_scope': None, 'description': '', 'tags': [], 'created_at': '2024-10-31T10:00:46Z', 'updated_at': '2024-10-31T10:00:46Z', 'revision_number': 1} available for tenant
2024-10-31 10:00:49.450 62860 INFO tempest.lib.common.rest_client [req-3bcc60ba-6b1f-4335-a450-e70acc9f2c17 req-3bcc60ba-6b1f-4335-a450-e70acc9f2c17 ] Request (ServerAddressesNegativeTestJSON:setUpClass): 200 GET http://10.180.1.21/compute/v2.1/servers/6f2ca381-b4a3-47ce-b135-dbceb7e44d24 0.054s
2024-10-31 10:00:49.507 62872 INFO tempest.lib.common.rest_client [req-2980483c-9a92-4c34-b162-95ae68d71446 req-2980483c-9a92-4c34-b162-95ae68d71446 ] Request (ServerShowV257Test:tearDownClass): 200 GET http://10.180.1.21/compute/v2.1/servers/149bd77b-9583-42e5-8c82-f795cac53b87 0.096s
2024-10-31 10:00:49.550 62876 INFO tempest.lib.common.rest_client [req-b65a9641-5fab-45db-94c2-0d0456bcaac9 req-b65a9641-5fab-45db-94c2-0d0456bcaac9 ] Request (ServerMetadataNegativeTestJSON:setUpClass): 200 GET http://10.180.1.21/compute/v2.1/servers/68b4ca9d-f934-4b44-8c34-0b1bfb848672 0.078s
2024-10-31 10:00:49.598 62830 INFO tempest.lib.common.rest_client [req-241cd214-41e5-4964-ba18-314504297833 req-241cd214-41e5-4964-ba18-314504297833 ] Request (ServerMetadataTestJSON:setUpClass): 200 GET http://10.180.1.21/compute/v2.1/servers/92080abc-eb47-439b-b702-d226666fa155 0.073s
2024-10-31 10:00:49.605 62830 INFO tempest.common.waiters [-] State transition "BUILD/None" ==> "BUILD/networking" after 54 second wait
2024-10-31 10:00:49.642 62858 INFO tempest.lib.common.rest_client [req-6d3f2e92-90de-4044-a1af-2e9866f6b891 req-6d3f2e92-90de-4044-a1af-2e9866f6b891 ] Request (FloatingIPsAssociationNegativeTestJSON:setUpClass): 200 GET http://10.180.1.21/compute/v2.1/servers/5177b4e2-e990-47e6-9f2b-156ca0ee8387 0.062s
2024-10-31 10:00:49.689 62857 INFO tempest.lib.common.rest_client [req-2a05271d-a656-45db-8014-9c5b162a563c req-2a05271d-a656-45db-8014-9c5b162a563c ] Request (ServerActionsTestOtherB:setUpClass): 200 GET http://10.180.1.21/compute/v2.1/servers/5cd813d1-f778-4c8a-920b-64e92a3b52af 0.105s
2024-10-31 10:00:49.744 62871 INFO tempest.lib.common.rest_client [req-18541a57-2def-4519-b58e-9b427ca1d426 req-18541a57-2def-4519-b58e-9b427ca1d426 ] Request (ServersV294TestFqdnHostnames:setUpClass): 200 GET http://10.180.1.21/compute/v2.1/servers/3695a09f-dffc-4537-ac78-faffd6bdd252 0.108s
2024-10-31 10:00:49.789 62832 INFO tempest.lib.common.rest_client [req-fe438aab-829c-4657-bb8a-b1cc5c08d02d req-fe438aab-829c-4657-bb8a-b1cc5c08d02d ] Request (AttachInterfacesTestJSON:test_create_list_show_delete_interfaces_by_fixed_ip): 202 POST http://10.180.1.21/compute/v2.1/servers 0.385s
2024-10-31 10:00:49.806 62866 INFO tempest.lib.common.rest_client [req-6582dfad-71ee-44c0-803d-19a0d58013f7 req-6582dfad-71ee-44c0-803d-19a0d58013f7 ] Request (ServersAdmin275Test:tearDownClass): 200 GET http://10.180.1.21/compute/v2.1/servers/dd387320-7101-440c-80bc-a7d19a654df8 0.163s
2024-10-31 10:00:49.847 62840 INFO tempest.lib.common.rest_client [req-bc21e545-1343-433a-a775-db6005a5b054 req-bc21e545-1343-433a-a775-db6005a5b054 ] Request (ListImageFiltersTestJSON:setUpClass): 200 GET http://10.180.1.21/compute/v2.1/servers/72cdccb7-b398-4833-af82-d64222c83f8d 0.168s
2024-10-31 10:00:49.857 62848 INFO tempest.lib.common.rest_client [req-7a0bc0cc-b004-4334-8d80-2b180ffc2df4 req-7a0bc0cc-b004-4334-8d80-2b180ffc2df4 ] Request (MigrationsAdminTest:test_resize_server_revert_deleted_flavor): 200 GET http://10.180.1.21/compute/v2.1/servers/3b50dbde-2969-4a4b-ae35-42416342a60b 0.169s
2024-10-31 10:00:49.900 62882 INFO tempest.lib.common.rest_client [req-1f60232f-e0eb-4f3f-b9ab-ec5360a8d41b req-1f60232f-e0eb-4f3f-b9ab-ec5360a8d41b ] Request (ServerExternalEventsTest:test_create_server_external_events): 200 GET http://10.180.1.21/compute/v2.1/servers/84e40295-3fa4-4e6f-ade6-bf6f4c60d6a7 0.170s
2024-10-31 10:00:49.918 62864 INFO tempest.lib.common.rest_client [req-91e1737d-89f3-412e-a782-804e059713b5 req-91e1737d-89f3-412e-a782-804e059713b5 ] Request (ImagesNegativeTestJSON:test_create_image_from_deleted_server): 200 GET http://10.180.1.21/compute/v2.1/servers/b7686890-0ee7-4c5e-85f5-90a5c5241950 0.175s
2024-10-31 10:00:49.950 62832 INFO tempest.lib.common.rest_client [req-e8973559-5b09-441c-8a48-770ba8a0b8d7 req-e8973559-5b09-441c-8a48-770ba8a0b8d7 ] Request (AttachInterfacesTestJSON:test_create_list_show_delete_interfaces_by_fixed_ip): 200 GET http://10.180.1.21/compute/v2.1/servers/424fc272-b4b9-4867-a083-b27abe308f81 0.160s
2024-10-31 10:00:49.966 62880 INFO tempest.lib.common.rest_client [req-9b4c5110-7118-4dce-aace-a40750d9ba50 req-9b4c5110-7118-4dce-aace-a40750d9ba50 ] Request (ServersNegativeTestMultiTenantJSON:setUpClass): 200 GET http://10.180.1.21/compute/v2.1/servers/0b4d919f-552e-489e-bcfb-f6447cf81fb8 0.134s
2024-10-31 10:00:50.007 62838 INFO tempest.lib.common.rest_client [req-7bc98f76-62f8-4327-9176-4d2c6eb0b62c req-7bc98f76-62f8-4327-9176-4d2c6eb0b62c ] Request (ServerPasswordTestJSON:setUpClass): 200 GET http://10.180.1.21/compute/v2.1/servers/ed0ec962-3c4e-409f-9332-0a79ca1c6ed3 0.111s
2024-10-31 10:00:50.021 62874 INFO tempest.lib.common.rest_client [req-a7757e70-3b1b-42cc-a0ef-befd6bddc207 req-a7757e70-3b1b-42cc-a0ef-befd6bddc207 ] Request (VolumesAssistedSnapshotsTest:test_volume_assisted_snapshot_create_delete): 200 GET http://10.180.1.21/compute/v2.1/servers/971d6e19-044b-4af8-b6c3-12b617cc24fe 0.111s
2024-10-31 10:00:50.060 62862 INFO tempest.lib.common.rest_client [req-81c50e62-788e-447c-8b93-a4f91e4c24d3 req-81c50e62-788e-447c-8b93-a4f91e4c24d3 ] Request (ServersTestBootFromVolume:setUpClass): 200 GET http://10.180.1.21/compute/v2.1/servers/c080105d-4a58-4616-b65c-7bac79dd93c1 0.101s
2024-10-31 10:00:50.065 62854 INFO tempest.lib.common.rest_client [req-8e55ec0b-c04f-4a2e-8ee5-a3ae2d1fce90 req-8e55ec0b-c04f-4a2e-8ee5-a3ae2d1fce90 ] Request (ServerDiskConfigTestJSON:test_rebuild_server_with_auto_disk_config): 200 GET http://10.180.1.21/compute/v2.1/servers/a8af7330-6454-439c-870b-73d1637b6438 0.104s
2024-10-31 10:00:50.130 62834 INFO tempest.lib.common.rest_client [req-dcf0aff0-eef2-4493-bb60-f69ecc9cf5ec req-dcf0aff0-eef2-4493-bb60-f69ecc9cf5ec ] Request (ServersWithSpecificFlavorTestJSON:test_verify_created_server_ephemeral_disk): 200 GET http://10.180.1.21/compute/v2.1/servers/01432003-5c48-40e1-b22b-a538a7e34663 0.116s
2024-10-31 10:00:50.139 62852 INFO tempest.lib.common.rest_client [req-9349801a-8c99-47a9-b717-63cba1134538 req-9349801a-8c99-47a9-b717-63cba1134538 ] Request (DeleteServersAdminTestJSON:test_delete_server_while_in_error_state): 200 GET http://10.180.1.21/compute/v2.1/servers/29f9e25a-a0b2-4bb8-b59a-3617819d3be5 0.094s
2024-10-31 10:00:50.204 62846 INFO tempest.lib.common.rest_client [req-30ff388c-3959-4ceb-aecd-087ac6b4d0f4 req-30ff388c-3959-4ceb-aecd-087ac6b4d0f4 ] Request (InstanceActionsTestJSON:setUpClass): 200 GET http://10.180.1.21/compute/v2.1/servers/1cad8d1b-ed02-424c-879c-2f23d4d90b22 0.134s
2024-10-31 10:00:50.212 62828 INFO tempest.lib.common.rest_client [req-058454f3-798e-4797-8206-80a0b83e712b req-058454f3-798e-4797-8206-80a0b83e712b ] Request (ServerShowV247Test:test_update_rebuild_list_server): 200 GET http://10.180.1.21/compute/v2.1/servers/2cf0927d-8d98-4554-92ce-c049e1ea179c 0.097s
2024-10-31 10:00:50.257 62842 INFO tempest.lib.common.rest_client [req-9f028318-3c7d-4a03-a4aa-83877707ad28 req-9f028318-3c7d-4a03-a4aa-83877707ad28 ] Request (ServersTestFqdnHostnames:test_create_server_with_fqdn_name): 200 GET http://10.180.1.21/compute/v2.1/servers/14557f1a-2410-4201-9b91-49d23f18d47a 0.111s
2024-10-31 10:00:50.265 62824 INFO tempest.lib.common.rest_client [req-7be334df-67d1-462a-b99e-6e2683b12185 req-7be334df-67d1-462a-b99e-6e2683b12185 ] Request (VolumesAdminNegativeTest:test_update_attached_volume_with_nonexistent_volume_in_body): 200 GET http://10.180.1.21/compute/v2.1/servers/53e10c33-0f41-48a2-ac19-c0b34a9a9312 0.103s
2024-10-31 10:00:50.314 62822 INFO tempest.lib.common.rest_client [req-f5b84d4e-b0dd-4c0b-be3b-b845ead2f8ef req-f5b84d4e-b0dd-4c0b-be3b-b845ead2f8ef ] Request (ImagesOneServerNegativeTestJSON:setUpClass): 200 GET http://10.180.1.21/compute/v2.1/servers/e883b58a-0fa6-48fd-a8a7-24ead857e6f1 0.102s
2024-10-31 10:00:50.315 62826 INFO tempest.lib.common.rest_client [req-a27f701a-4a7d-4b51-bf69-8e4feaefa4d4 req-a27f701a-4a7d-4b51-bf69-8e4feaefa4d4 ] Request (ServerActionsTestJSON:setUpClass): 200 GET http://10.180.1.21/compute/v2.1/servers/ae66c3e2-eac8-4239-b5be-64dc0dcf2c04 0.119s
2024-10-31 10:00:50.369 62884 INFO tempest.lib.common.rest_client [req-34bf96a8-b17c-4cda-8525-591531319a6b req-34bf96a8-b17c-4cda-8525-591531319a6b ] Request (ServerAddressesTestJSON:setUpClass): 200 GET http://10.180.1.21/compute/v2.1/servers/86e3d197-2e8c-4357-ac0a-e1af8e247024 0.115s
2024-10-31 10:00:50.443 62868 INFO tempest.lib.common.rest_client [req-6ccd6b52-3657-4c42-861a-e81468672eed req-6ccd6b52-3657-4c42-861a-e81468672eed ] Request (TenantUsagesTestJSON:setUpClass): 200 GET http://10.180.1.21/compute/v2.1/servers/aae9ff25-f304-4dbe-824c-b17b3522655c 0.053s
2024-10-31 10:00:50.515 62860 INFO tempest.lib.common.rest_client [req-a8bba5b4-5b6b-47f2-85f4-08d814e5a935 req-a8bba5b4-5b6b-47f2-85f4-08d814e5a935 ] Request (ServerAddressesNegativeTestJSON:setUpClass): 200 GET http://10.180.1.21/compute/v2.1/servers/6f2ca381-b4a3-47ce-b135-dbceb7e44d24 0.058s
2024-10-31 10:00:50.581 62872 INFO tempest.lib.common.rest_client [req-ec153ee2-4289-4a56-8719-52e1fc49c7ae req-ec153ee2-4289-4a56-8719-52e1fc49c7ae ] Request (ServerShowV257Test:tearDownClass): 200 GET http://10.180.1.21/compute/v2.1/servers/149bd77b-9583-42e5-8c82-f795cac53b87 0.065s
2024-10-31 10:00:50.612 62876 INFO tempest.lib.common.rest_client [req-13b81847-1517-4ba2-a8d1-b00199c5dd03 req-13b81847-1517-4ba2-a8d1-b00199c5dd03 ] Request (ServerMetadataNegativeTestJSON:setUpClass): 200 GET http://10.180.1.21/compute/v2.1/servers/68b4ca9d-f934-4b44-8c34-0b1bfb848672 0.053s
2024-10-31 10:00:50.697 62858 INFO tempest.lib.common.rest_client [req-daa41279-7b32-46c9-8b06-b6b341864c50 req-daa41279-7b32-46c9-8b06-b6b341864c50 ] Request (FloatingIPsAssociationNegativeTestJSON:setUpClass): 200 GET http://10.180.1.21/compute/v2.1/servers/5177b4e2-e990-47e6-9f2b-156ca0ee8387 0.044s
2024-10-31 10:00:50.741 62857 INFO tempest.lib.common.rest_client [req-8b9d3a46-b3a2-4bfd-b7d3-5a3a347fc355 req-8b9d3a46-b3a2-4bfd-b7d3-5a3a347fc355 ] Request (ServerActionsTestOtherB:setUpClass): 200 GET http://10.180.1.21/compute/v2.1/servers/5cd813d1-f778-4c8a-920b-64e92a3b52af 0.041s
2024-10-31 10:00:50.771 62830 INFO tempest.lib.common.rest_client [req-00597af6-901d-4730-bb2d-14a9aa44ccff req-00597af6-901d-4730-bb2d-14a9aa44ccff ] Request (ServerMetadataTestJSON:setUpClass): 200 GET http://10.180.1.21/compute/v2.1/servers/92080abc-eb47-439b-b702-d226666fa155 0.165s
2024-10-31 10:00:50.777 62830 INFO tempest.common.waiters [-] State transition "BUILD/networking" ==> "BUILD/block_device_mapping" after 55 second wait
2024-10-31 10:00:50.812 62871 INFO tempest.lib.common.rest_client [req-e0d27dff-de54-4e93-a4c1-fba210b6d0fc req-e0d27dff-de54-4e93-a4c1-fba210b6d0fc ] Request (ServersV294TestFqdnHostnames:setUpClass): 200 GET http://10.180.1.21/compute/v2.1/servers/3695a09f-dffc-4537-ac78-faffd6bdd252 0.059s
2024-10-31 10:00:50.876 62866 INFO tempest.lib.common.rest_client [req-f3a7e2f6-2863-464c-8f4e-5b258706bdf2 req-f3a7e2f6-2863-464c-8f4e-5b258706bdf2 ] Request (ServersAdmin275Test:tearDownClass): 200 GET http://10.180.1.21/compute/v2.1/servers/dd387320-7101-440c-80bc-a7d19a654df8 0.061s
2024-10-31 10:00:50.909 62840 INFO tempest.lib.common.rest_client [req-d44639b6-c40a-4f69-9238-fe27280c3c67 req-d44639b6-c40a-4f69-9238-fe27280c3c67 ] Request (ListImageFiltersTestJSON:setUpClass): 200 GET http://10.180.1.21/compute/v2.1/servers/72cdccb7-b398-4833-af82-d64222c83f8d 0.055s
2024-10-31 10:00:50.920 62848 INFO tempest.lib.common.rest_client [req-e270985f-1f55-49dd-825f-3ba4342734f4 req-e270985f-1f55-49dd-825f-3ba4342734f4 ] Request (MigrationsAdminTest:test_resize_server_revert_deleted_flavor): 200 GET http://10.180.1.21/compute/v2.1/servers/3b50dbde-2969-4a4b-ae35-42416342a60b 0.057s
2024-10-31 10:00:50.960 62882 INFO tempest.lib.common.rest_client [req-3454ce61-30f9-4717-9300-23e37fa174e6 req-3454ce61-30f9-4717-9300-23e37fa174e6 ] Request (ServerExternalEventsTest:test_create_server_external_events): 200 GET http://10.180.1.21/compute/v2.1/servers/84e40295-3fa4-4e6f-ade6-bf6f4c60d6a7 0.051s
2024-10-31 10:00:50.979 62864 INFO tempest.lib.common.rest_client [req-816a9b06-0e1d-4b5a-b41d-bea5746e85c7 req-816a9b06-0e1d-4b5a-b41d-bea5746e85c7 ] Request (ImagesNegativeTestJSON:test_create_image_from_deleted_server): 200 GET http://10.180.1.21/compute/v2.1/servers/b7686890-0ee7-4c5e-85f5-90a5c5241950 0.053s
2024-10-31 10:00:51.011 62832 INFO tempest.lib.common.rest_client [req-65d9e44b-a8da-4b78-9906-00dd7d44e452 req-65d9e44b-a8da-4b78-9906-00dd7d44e452 ] Request (AttachInterfacesTestJSON:test_create_list_show_delete_interfaces_by_fixed_ip): 200 GET http://10.180.1.21/compute/v2.1/servers/424fc272-b4b9-4867-a083-b27abe308f81 0.055s
2024-10-31 10:00:51.033 62880 INFO tempest.lib.common.rest_client [req-59b1b249-660e-477c-bda7-c0faa0eb0d16 req-59b1b249-660e-477c-bda7-c0faa0eb0d16 ] Request (ServersNegativeTestMultiTenantJSON:setUpClass): 200 GET http://10.180.1.21/compute/v2.1/servers/0b4d919f-552e-489e-bcfb-f6447cf81fb8 0.060s
2024-10-31 10:00:51.066 62838 INFO tempest.lib.common.rest_client [req-abd268f2-552e-4941-9737-6f1f7b8f35f0 req-abd268f2-552e-4941-9737-6f1f7b8f35f0 ] Request (ServerPasswordTestJSON:setUpClass): 200 GET http://10.180.1.21/compute/v2.1/servers/ed0ec962-3c4e-409f-9332-0a79ca1c6ed3 0.052s
2024-10-31 10:00:51.084 62874 INFO tempest.lib.common.rest_client [req-410b83fa-225f-4f1f-acc7-e14f69a959c5 req-410b83fa-225f-4f1f-acc7-e14f69a959c5 ] Request (VolumesAssistedSnapshotsTest:test_volume_assisted_snapshot_create_delete): 200 GET http://10.180.1.21/compute/v2.1/servers/971d6e19-044b-4af8-b6c3-12b617cc24fe 0.056s
2024-10-31 10:00:51.124 62854 INFO tempest.lib.common.rest_client [req-e10d84ba-31e6-4a82-bb71-8890abeca5bd req-e10d84ba-31e6-4a82-bb71-8890abeca5bd ] Request (ServerDiskConfigTestJSON:test_rebuild_server_with_auto_disk_config): 200 GET http://10.180.1.21/compute/v2.1/servers/a8af7330-6454-439c-870b-73d1637b6438 0.052s
2024-10-31 10:00:51.127 62862 INFO tempest.lib.common.rest_client [req-201110a5-4390-48af-aefb-7c4c63dae567 req-201110a5-4390-48af-aefb-7c4c63dae567 ] Request (ServersTestBootFromVolume:setUpClass): 200 GET http://10.180.1.21/compute/v2.1/servers/c080105d-4a58-4616-b65c-7bac79dd93c1 0.055s
2024-10-31 10:00:51.188 62834 INFO tempest.lib.common.rest_client [req-bc9fdda4-22f6-4b8c-895c-86b896166ce4 req-bc9fdda4-22f6-4b8c-895c-86b896166ce4 ] Request (ServersWithSpecificFlavorTestJSON:test_verify_created_server_ephemeral_disk): 200 GET http://10.180.1.21/compute/v2.1/servers/01432003-5c48-40e1-b22b-a538a7e34663 0.046s
2024-10-31 10:00:51.197 62852 INFO tempest.lib.common.rest_client [req-8890aa80-29af-4246-8cc8-db439123cbb4 req-8890aa80-29af-4246-8cc8-db439123cbb4 ] Request (DeleteServersAdminTestJSON:test_delete_server_while_in_error_state): 200 GET http://10.180.1.21/compute/v2.1/servers/29f9e25a-a0b2-4bb8-b59a-3617819d3be5 0.046s
2024-10-31 10:00:51.255 62846 INFO tempest.lib.common.rest_client [req-a3e66593-09b8-4abf-961b-2a7999ca6304 req-a3e66593-09b8-4abf-961b-2a7999ca6304 ] Request (InstanceActionsTestJSON:setUpClass): 200 GET http://10.180.1.21/compute/v2.1/servers/1cad8d1b-ed02-424c-879c-2f23d4d90b22 0.044s
2024-10-31 10:00:51.269 62828 INFO tempest.lib.common.rest_client [req-f339a20d-2877-4ffa-a1a5-3079abfbf53d req-f339a20d-2877-4ffa-a1a5-3079abfbf53d ] Request (ServerShowV247Test:test_update_rebuild_list_server): 200 GET http://10.180.1.21/compute/v2.1/servers/2cf0927d-8d98-4554-92ce-c049e1ea179c 0.045s
2024-10-31 10:00:51.318 62842 INFO tempest.lib.common.rest_client [req-f8334bdd-772d-4a85-8e04-73ecc21a514e req-f8334bdd-772d-4a85-8e04-73ecc21a514e ] Request (ServersTestFqdnHostnames:test_create_server_with_fqdn_name): 200 GET http://10.180.1.21/compute/v2.1/servers/14557f1a-2410-4201-9b91-49d23f18d47a 0.045s
2024-10-31 10:00:51.322 62824 INFO tempest.lib.common.rest_client [req-c9b88309-4e50-479b-88be-2d09d63a8636 req-c9b88309-4e50-479b-88be-2d09d63a8636 ] Request (VolumesAdminNegativeTest:test_update_attached_volume_with_nonexistent_volume_in_body): 200 GET http://10.180.1.21/compute/v2.1/servers/53e10c33-0f41-48a2-ac19-c0b34a9a9312 0.043s
2024-10-31 10:00:51.365 62826 INFO tempest.lib.common.rest_client [req-3ce56697-79ff-4c21-b1f7-163f8f5805ea req-3ce56697-79ff-4c21-b1f7-163f8f5805ea ] Request (ServerActionsTestJSON:setUpClass): 200 GET http://10.180.1.21/compute/v2.1/servers/ae66c3e2-eac8-4239-b5be-64dc0dcf2c04 0.043s
2024-10-31 10:00:51.367 62822 INFO tempest.lib.common.rest_client [req-f77a2146-b1fb-497b-b609-79e7de7f2d5e req-f77a2146-b1fb-497b-b609-79e7de7f2d5e ] Request (ImagesOneServerNegativeTestJSON:setUpClass): 200 GET http://10.180.1.21/compute/v2.1/servers/e883b58a-0fa6-48fd-a8a7-24ead857e6f1 0.044s
2024-10-31 10:00:51.423 62884 INFO tempest.lib.common.rest_client [req-adbd4598-9de1-4069-ad28-99b7772003c5 req-adbd4598-9de1-4069-ad28-99b7772003c5 ] Request (ServerAddressesTestJSON:setUpClass): 200 GET http://10.180.1.21/compute/v2.1/servers/86e3d197-2e8c-4357-ac0a-e1af8e247024 0.044s
2024-10-31 10:00:51.495 62868 INFO tempest.lib.common.rest_client [req-fcb8982e-fa2a-456b-8961-51730ad85caf req-fcb8982e-fa2a-456b-8961-51730ad85caf ] Request (TenantUsagesTestJSON:setUpClass): 200 GET http://10.180.1.21/compute/v2.1/servers/aae9ff25-f304-4dbe-824c-b17b3522655c 0.045s
2024-10-31 10:00:51.568 62860 INFO tempest.lib.common.rest_client [req-d70fa7c5-671d-4823-820a-4c8d6d034011 req-d70fa7c5-671d-4823-820a-4c8d6d034011 ] Request (ServerAddressesNegativeTestJSON:setUpClass): 200 GET http://10.180.1.21/compute/v2.1/servers/6f2ca381-b4a3-47ce-b135-dbceb7e44d24 0.045s
2024-10-31 10:00:51.645 62872 INFO tempest.lib.common.rest_client [req-d81be1e2-1648-44fb-b057-806be1c2bb4b req-d81be1e2-1648-44fb-b057-806be1c2bb4b ] Request (ServerShowV257Test:tearDownClass): 200 GET http://10.180.1.21/compute/v2.1/servers/149bd77b-9583-42e5-8c82-f795cac53b87 0.056s
2024-10-31 10:00:51.666 62876 INFO tempest.lib.common.rest_client [req-fbb9002a-0aa0-4abc-8e81-d8f0e69d7cc7 req-fbb9002a-0aa0-4abc-8e81-d8f0e69d7cc7 ] Request (ServerMetadataNegativeTestJSON:setUpClass): 200 GET http://10.180.1.21/compute/v2.1/servers/68b4ca9d-f934-4b44-8c34-0b1bfb848672 0.048s
2024-10-31 10:00:51.754 62858 INFO tempest.lib.common.rest_client [req-ec79e24e-836e-476d-a2fb-bcf8cc479e3d req-ec79e24e-836e-476d-a2fb-bcf8cc479e3d ] Request (FloatingIPsAssociationNegativeTestJSON:setUpClass): 200 GET http://10.180.1.21/compute/v2.1/servers/5177b4e2-e990-47e6-9f2b-156ca0ee8387 0.051s
2024-10-31 10:00:51.793 62857 INFO tempest.lib.common.rest_client [req-cbe07ac6-d0a3-4018-a37e-079f4ea66e79 req-cbe07ac6-d0a3-4018-a37e-079f4ea66e79 ] Request (ServerActionsTestOtherB:setUpClass): 200 GET http://10.180.1.21/compute/v2.1/servers/5cd813d1-f778-4c8a-920b-64e92a3b52af 0.046s
2024-10-31 10:00:51.825 62830 INFO tempest.lib.common.rest_client [req-7e7b2359-0f9d-4f96-a31b-e580fa685076 req-7e7b2359-0f9d-4f96-a31b-e580fa685076 ] Request (ServerMetadataTestJSON:setUpClass): 200 GET http://10.180.1.21/compute/v2.1/servers/92080abc-eb47-439b-b702-d226666fa155 0.046s
2024-10-31 10:00:51.830 62830 INFO tempest.common.waiters [-] State transition "BUILD/block_device_mapping" ==> "BUILD/spawning" after 56 second wait
2024-10-31 10:00:51.872 62871 INFO tempest.lib.common.rest_client [req-d48f7f74-ae39-4299-bc11-0da5eb79e5da req-d48f7f74-ae39-4299-bc11-0da5eb79e5da ] Request (ServersV294TestFqdnHostnames:setUpClass): 200 GET http://10.180.1.21/compute/v2.1/servers/3695a09f-dffc-4537-ac78-faffd6bdd252 0.050s
2024-10-31 10:00:51.941 62866 INFO tempest.lib.common.rest_client [req-a8ca5f9a-e8cf-4d96-b10b-31d06faeef8a req-a8ca5f9a-e8cf-4d96-b10b-31d06faeef8a ] Request (ServersAdmin275Test:tearDownClass): 200 GET http://10.180.1.21/compute/v2.1/servers/dd387320-7101-440c-80bc-a7d19a654df8 0.056s
2024-10-31 10:00:51.962 62840 INFO tempest.lib.common.rest_client [req-1f9f3a4d-e9fe-4f95-82f6-82923ddc1742 req-1f9f3a4d-e9fe-4f95-82f6-82923ddc1742 ] Request (ListImageFiltersTestJSON:setUpClass): 200 GET http://10.180.1.21/compute/v2.1/servers/72cdccb7-b398-4833-af82-d64222c83f8d 0.045s
2024-10-31 10:00:51.981 62848 INFO tempest.lib.common.rest_client [req-8b183277-5be3-4d9a-bfab-4ccb001bf2f4 req-8b183277-5be3-4d9a-bfab-4ccb001bf2f4 ] Request (MigrationsAdminTest:test_resize_server_revert_deleted_flavor): 200 GET http://10.180.1.21/compute/v2.1/servers/3b50dbde-2969-4a4b-ae35-42416342a60b 0.054s
2024-10-31 10:00:52.011 62882 INFO tempest.lib.common.rest_client [req-8f575140-eb8d-43c7-a132-f856ac849f3b req-8f575140-eb8d-43c7-a132-f856ac849f3b ] Request (ServerExternalEventsTest:test_create_server_external_events): 200 GET http://10.180.1.21/compute/v2.1/servers/84e40295-3fa4-4e6f-ade6-bf6f4c60d6a7 0.043s
2024-10-31 10:00:52.030 62864 INFO tempest.lib.common.rest_client [req-66eaa965-5d18-4988-ba21-d3a026edb7de req-66eaa965-5d18-4988-ba21-d3a026edb7de ] Request (ImagesNegativeTestJSON:test_create_image_from_deleted_server): 200 GET http://10.180.1.21/compute/v2.1/servers/b7686890-0ee7-4c5e-85f5-90a5c5241950 0.043s
2024-10-31 10:00:52.069 62832 INFO tempest.lib.common.rest_client [req-c07b7176-fe4d-498d-b907-34245332de75 req-c07b7176-fe4d-498d-b907-34245332de75 ] Request (AttachInterfacesTestJSON:test_create_list_show_delete_interfaces_by_fixed_ip): 200 GET http://10.180.1.21/compute/v2.1/servers/424fc272-b4b9-4867-a083-b27abe308f81 0.043s
2024-10-31 10:00:52.083 62880 INFO tempest.lib.common.rest_client [req-2b3a7563-7dc3-4e39-b606-a436a7c15224 req-2b3a7563-7dc3-4e39-b606-a436a7c15224 ] Request (ServersNegativeTestMultiTenantJSON:setUpClass): 200 GET http://10.180.1.21/compute/v2.1/servers/0b4d919f-552e-489e-bcfb-f6447cf81fb8 0.043s
2024-10-31 10:00:52.116 62838 INFO tempest.lib.common.rest_client [req-9a06fcb3-ea7a-4c83-86cb-aa50b2caa2e6 req-9a06fcb3-ea7a-4c83-86cb-aa50b2caa2e6 ] Request (ServerPasswordTestJSON:setUpClass): 200 GET http://10.180.1.21/compute/v2.1/servers/ed0ec962-3c4e-409f-9332-0a79ca1c6ed3 0.042s
2024-10-31 10:00:52.141 62874 INFO tempest.lib.common.rest_client [req-e097c28f-0e8f-4116-a762-676eedcb268e req-e097c28f-0e8f-4116-a762-676eedcb268e ] Request (VolumesAssistedSnapshotsTest:test_volume_assisted_snapshot_create_delete): 200 GET http://10.180.1.21/compute/v2.1/servers/971d6e19-044b-4af8-b6c3-12b617cc24fe 0.050s
2024-10-31 10:00:52.179 62854 INFO tempest.lib.common.rest_client [req-cc85ad8d-f171-498c-8689-8f7f1aadd3d5 req-cc85ad8d-f171-498c-8689-8f7f1aadd3d5 ] Request (ServerDiskConfigTestJSON:test_rebuild_server_with_auto_disk_config): 200 GET http://10.180.1.21/compute/v2.1/servers/a8af7330-6454-439c-870b-73d1637b6438 0.048s
2024-10-31 10:00:52.184 62862 INFO tempest.lib.common.rest_client [req-c976d889-0860-4892-8ea6-7a8f8515d2e5 req-c976d889-0860-4892-8ea6-7a8f8515d2e5 ] Request (ServersTestBootFromVolume:setUpClass): 200 GET http://10.180.1.21/compute/v2.1/servers/c080105d-4a58-4616-b65c-7bac79dd93c1 0.050s
2024-10-31 10:00:52.184 62854 INFO tempest.common.waiters [-] State transition "BUILD/None" ==> "BUILD/networking" after 56 second wait
2024-10-31 10:00:52.242 62834 INFO tempest.lib.common.rest_client [req-2149eac6-0580-4cba-a331-f0105281e0a2 req-2149eac6-0580-4cba-a331-f0105281e0a2 ] Request (ServersWithSpecificFlavorTestJSON:test_verify_created_server_ephemeral_disk): 200 GET http://10.180.1.21/compute/v2.1/servers/01432003-5c48-40e1-b22b-a538a7e34663 0.047s
2024-10-31 10:00:52.254 62852 INFO tempest.lib.common.rest_client [req-14abe818-ea3d-4c0e-ac73-5cf530882ddc req-14abe818-ea3d-4c0e-ac73-5cf530882ddc ] Request (DeleteServersAdminTestJSON:test_delete_server_while_in_error_state): 200 GET http://10.180.1.21/compute/v2.1/servers/29f9e25a-a0b2-4bb8-b59a-3617819d3be5 0.050s
2024-10-31 10:00:52.311 62846 INFO tempest.lib.common.rest_client [req-949398ff-c928-4a88-8e49-00a51c34a8aa req-949398ff-c928-4a88-8e49-00a51c34a8aa ] Request (InstanceActionsTestJSON:setUpClass): 200 GET http://10.180.1.21/compute/v2.1/servers/1cad8d1b-ed02-424c-879c-2f23d4d90b22 0.050s
2024-10-31 10:00:52.333 62828 INFO tempest.lib.common.rest_client [req-58c0b8e6-32e9-472e-90ee-084b1a30ff51 req-58c0b8e6-32e9-472e-90ee-084b1a30ff51 ] Request (ServerShowV247Test:test_update_rebuild_list_server): 200 GET http://10.180.1.21/compute/v2.1/servers/2cf0927d-8d98-4554-92ce-c049e1ea179c 0.056s
2024-10-31 10:00:52.379 62842 INFO tempest.lib.common.rest_client [req-e8edc25c-0a0a-4669-8bbf-a6fc288b8aeb req-e8edc25c-0a0a-4669-8bbf-a6fc288b8aeb ] Request (ServersTestFqdnHostnames:test_create_server_with_fqdn_name): 200 GET http://10.180.1.21/compute/v2.1/servers/14557f1a-2410-4201-9b91-49d23f18d47a 0.054s
2024-10-31 10:00:52.383 62824 INFO tempest.lib.common.rest_client [req-6a36f4dd-d81e-47f3-bf63-b6fae3ea2933 req-6a36f4dd-d81e-47f3-bf63-b6fae3ea2933 ] Request (VolumesAdminNegativeTest:test_update_attached_volume_with_nonexistent_volume_in_body): 200 GET http://10.180.1.21/compute/v2.1/servers/53e10c33-0f41-48a2-ac19-c0b34a9a9312 0.053s
2024-10-31 10:00:52.425 62826 INFO tempest.lib.common.rest_client [req-e0e6cede-e507-4197-aaf4-8120e6a9f9fe req-e0e6cede-e507-4197-aaf4-8120e6a9f9fe ] Request (ServerActionsTestJSON:setUpClass): 200 GET http://10.180.1.21/compute/v2.1/servers/ae66c3e2-eac8-4239-b5be-64dc0dcf2c04 0.054s
2024-10-31 10:00:52.430 62822 INFO tempest.lib.common.rest_client [req-7ea2752c-1969-4fe8-aaea-71c91417709d req-7ea2752c-1969-4fe8-aaea-71c91417709d ] Request (ImagesOneServerNegativeTestJSON:setUpClass): 200 GET http://10.180.1.21/compute/v2.1/servers/e883b58a-0fa6-48fd-a8a7-24ead857e6f1 0.057s
2024-10-31 10:00:52.480 62884 INFO tempest.lib.common.rest_client [req-bf52d068-77db-412b-9d92-85f639abd8e0 req-bf52d068-77db-412b-9d92-85f639abd8e0 ] Request (ServerAddressesTestJSON:setUpClass): 200 GET http://10.180.1.21/compute/v2.1/servers/86e3d197-2e8c-4357-ac0a-e1af8e247024 0.050s
2024-10-31 10:00:52.556 62868 INFO tempest.lib.common.rest_client [req-1ff0521f-c0b8-416c-aca0-77b5c2862d53 req-1ff0521f-c0b8-416c-aca0-77b5c2862d53 ] Request (TenantUsagesTestJSON:setUpClass): 200 GET http://10.180.1.21/compute/v2.1/servers/aae9ff25-f304-4dbe-824c-b17b3522655c 0.054s
2024-10-31 10:00:52.626 62860 INFO tempest.lib.common.rest_client [req-b816d5fc-1d6b-4b35-ba56-d6f7e2bffc62 req-b816d5fc-1d6b-4b35-ba56-d6f7e2bffc62 ] Request (ServerAddressesNegativeTestJSON:setUpClass): 200 GET http://10.180.1.21/compute/v2.1/servers/6f2ca381-b4a3-47ce-b135-dbceb7e44d24 0.051s
2024-10-31 10:00:52.709 62872 INFO tempest.lib.common.rest_client [req-8f25e25d-381d-444e-a587-8b15c087324e req-8f25e25d-381d-444e-a587-8b15c087324e ] Request (ServerShowV257Test:tearDownClass): 200 GET http://10.180.1.21/compute/v2.1/servers/149bd77b-9583-42e5-8c82-f795cac53b87 0.054s
2024-10-31 10:00:52.720 62876 INFO tempest.lib.common.rest_client [req-4d236841-7283-4989-aed0-1c53786aa225 req-4d236841-7283-4989-aed0-1c53786aa225 ] Request (ServerMetadataNegativeTestJSON:setUpClass): 200 GET http://10.180.1.21/compute/v2.1/servers/68b4ca9d-f934-4b44-8c34-0b1bfb848672 0.047s
2024-10-31 10:00:52.810 62858 INFO tempest.lib.common.rest_client [req-192515aa-4c60-490a-8903-3e50441c4114 req-192515aa-4c60-490a-8903-3e50441c4114 ] Request (FloatingIPsAssociationNegativeTestJSON:setUpClass): 200 GET http://10.180.1.21/compute/v2.1/servers/5177b4e2-e990-47e6-9f2b-156ca0ee8387 0.050s
2024-10-31 10:00:52.852 62857 INFO tempest.lib.common.rest_client [req-a43d86d7-dbe9-4377-a329-e50b3124f48e req-a43d86d7-dbe9-4377-a329-e50b3124f48e ] Request (ServerActionsTestOtherB:setUpClass): 200 GET http://10.180.1.21/compute/v2.1/servers/5cd813d1-f778-4c8a-920b-64e92a3b52af 0.051s
2024-10-31 10:00:52.888 62830 INFO tempest.lib.common.rest_client [req-45f377f6-a0b7-43f0-b56a-0eec326fa86e req-45f377f6-a0b7-43f0-b56a-0eec326fa86e ] Request (ServerMetadataTestJSON:setUpClass): 200 GET http://10.180.1.21/compute/v2.1/servers/92080abc-eb47-439b-b702-d226666fa155 0.056s
2024-10-31 10:00:52.942 62871 INFO tempest.lib.common.rest_client [req-a9b8296d-95be-4226-966c-6209820402ba req-a9b8296d-95be-4226-966c-6209820402ba ] Request (ServersV294TestFqdnHostnames:setUpClass): 200 GET http://10.180.1.21/compute/v2.1/servers/3695a09f-dffc-4537-ac78-faffd6bdd252 0.060s
2024-10-31 10:00:53.014 62866 INFO tempest.lib.common.rest_client [req-ae239835-3a5a-4b48-af66-0e1e4c342ad7 req-ae239835-3a5a-4b48-af66-0e1e4c342ad7 ] Request (ServersAdmin275Test:tearDownClass): 200 GET http://10.180.1.21/compute/v2.1/servers/dd387320-7101-440c-80bc-a7d19a654df8 0.064s
2024-10-31 10:00:53.031 62840 INFO tempest.lib.common.rest_client [req-1c096d6b-4d3a-4d83-822b-3a80a65297e9 req-1c096d6b-4d3a-4d83-822b-3a80a65297e9 ] Request (ListImageFiltersTestJSON:setUpClass): 200 GET http://10.180.1.21/compute/v2.1/servers/72cdccb7-b398-4833-af82-d64222c83f8d 0.062s
2024-10-31 10:00:53.066 62848 INFO tempest.lib.common.rest_client [req-d3dc3040-f754-4ce2-8714-79271095e14d req-d3dc3040-f754-4ce2-8714-79271095e14d ] Request (MigrationsAdminTest:test_resize_server_revert_deleted_flavor): 200 GET http://10.180.1.21/compute/v2.1/servers/3b50dbde-2969-4a4b-ae35-42416342a60b 0.078s
2024-10-31 10:00:53.091 62882 INFO tempest.lib.common.rest_client [req-0909d0c5-62bb-4468-9899-75dbeea42d7f req-0909d0c5-62bb-4468-9899-75dbeea42d7f ] Request (ServerExternalEventsTest:test_create_server_external_events): 200 GET http://10.180.1.21/compute/v2.1/servers/84e40295-3fa4-4e6f-ade6-bf6f4c60d6a7 0.073s
2024-10-31 10:00:53.119 62864 INFO tempest.lib.common.rest_client [req-3128c077-6e5a-457c-befd-b606500249e9 req-3128c077-6e5a-457c-befd-b606500249e9 ] Request (ImagesNegativeTestJSON:test_create_image_from_deleted_server): 200 GET http://10.180.1.21/compute/v2.1/servers/b7686890-0ee7-4c5e-85f5-90a5c5241950 0.082s
2024-10-31 10:00:53.149 62832 INFO tempest.lib.common.rest_client [req-2a9875b1-9259-42d8-9408-aab2993ee912 req-2a9875b1-9259-42d8-9408-aab2993ee912 ] Request (AttachInterfacesTestJSON:test_create_list_show_delete_interfaces_by_fixed_ip): 200 GET http://10.180.1.21/compute/v2.1/servers/424fc272-b4b9-4867-a083-b27abe308f81 0.074s
2024-10-31 10:00:53.170 62880 INFO tempest.lib.common.rest_client [req-1f2449f7-b63a-4622-8afa-f30e09ab26a5 req-1f2449f7-b63a-4622-8afa-f30e09ab26a5 ] Request (ServersNegativeTestMultiTenantJSON:setUpClass): 200 GET http://10.180.1.21/compute/v2.1/servers/0b4d919f-552e-489e-bcfb-f6447cf81fb8 0.080s
2024-10-31 10:00:53.196 62838 INFO tempest.lib.common.rest_client [req-e363c8e5-865d-40da-a53f-fffc35a34693 req-e363c8e5-865d-40da-a53f-fffc35a34693 ] Request (ServerPasswordTestJSON:setUpClass): 200 GET http://10.180.1.21/compute/v2.1/servers/ed0ec962-3c4e-409f-9332-0a79ca1c6ed3 0.073s
2024-10-31 10:00:53.226 62874 INFO tempest.lib.common.rest_client [req-48b852d9-715b-4f93-8c83-5ec96b57e5aa req-48b852d9-715b-4f93-8c83-5ec96b57e5aa ] Request (VolumesAssistedSnapshotsTest:test_volume_assisted_snapshot_create_delete): 200 GET http://10.180.1.21/compute/v2.1/servers/971d6e19-044b-4af8-b6c3-12b617cc24fe 0.077s
2024-10-31 10:00:53.274 62862 INFO tempest.lib.common.rest_client [req-10fe3ad9-78b3-4ee1-8bc8-e272dbac9882 req-10fe3ad9-78b3-4ee1-8bc8-e272dbac9882 ] Request (ServersTestBootFromVolume:setUpClass): 200 GET http://10.180.1.21/compute/v2.1/servers/c080105d-4a58-4616-b65c-7bac79dd93c1 0.083s
2024-10-31 10:00:53.307 62854 INFO tempest.lib.common.rest_client [req-5059ae11-27a2-4c6e-ae69-eaf44183728d req-5059ae11-27a2-4c6e-ae69-eaf44183728d ] Request (ServerDiskConfigTestJSON:test_rebuild_server_with_auto_disk_config): 200 GET http://10.180.1.21/compute/v2.1/servers/a8af7330-6454-439c-870b-73d1637b6438 0.121s
2024-10-31 10:00:53.314 62854 INFO tempest.common.waiters [-] State transition "BUILD/networking" ==> "BUILD/spawning" after 57 second wait
2024-10-31 10:00:53.336 62834 INFO tempest.lib.common.rest_client [req-bdb20fba-237f-4f48-81f9-583373aae8cc req-bdb20fba-237f-4f48-81f9-583373aae8cc ] Request (ServersWithSpecificFlavorTestJSON:test_verify_created_server_ephemeral_disk): 200 GET http://10.180.1.21/compute/v2.1/servers/01432003-5c48-40e1-b22b-a538a7e34663 0.086s
2024-10-31 10:00:53.363 62852 INFO tempest.lib.common.rest_client [req-29599800-4412-4cb5-86bf-ce9abae65fac req-29599800-4412-4cb5-86bf-ce9abae65fac ] Request (DeleteServersAdminTestJSON:test_delete_server_while_in_error_state): 200 GET http://10.180.1.21/compute/v2.1/servers/29f9e25a-a0b2-4bb8-b59a-3617819d3be5 0.102s
2024-10-31 10:00:53.391 62846 INFO tempest.lib.common.rest_client [req-5542f7c2-4d76-4d8b-89f4-5f3ec8077c80 req-5542f7c2-4d76-4d8b-89f4-5f3ec8077c80 ] Request (InstanceActionsTestJSON:setUpClass): 200 GET http://10.180.1.21/compute/v2.1/servers/1cad8d1b-ed02-424c-879c-2f23d4d90b22 0.071s
2024-10-31 10:00:53.412 62828 INFO tempest.lib.common.rest_client [req-4da5d9b7-397b-4f1f-9a22-f33478306a5c req-4da5d9b7-397b-4f1f-9a22-f33478306a5c ] Request (ServerShowV247Test:test_update_rebuild_list_server): 200 GET http://10.180.1.21/compute/v2.1/servers/2cf0927d-8d98-4554-92ce-c049e1ea179c 0.071s
2024-10-31 10:00:53.443 62842 INFO tempest.lib.common.rest_client [req-91aef181-1018-491f-9976-b1266d1c943d req-91aef181-1018-491f-9976-b1266d1c943d ] Request (ServersTestFqdnHostnames:test_create_server_with_fqdn_name): 200 GET http://10.180.1.21/compute/v2.1/servers/14557f1a-2410-4201-9b91-49d23f18d47a 0.055s
2024-10-31 10:00:53.460 62824 INFO tempest.lib.common.rest_client [req-9e09b10f-e43f-4869-9f43-c0fb26b27138 req-9e09b10f-e43f-4869-9f43-c0fb26b27138 ] Request (VolumesAdminNegativeTest:test_update_attached_volume_with_nonexistent_volume_in_body): 200 GET http://10.180.1.21/compute/v2.1/servers/53e10c33-0f41-48a2-ac19-c0b34a9a9312 0.071s
2024-10-31 10:00:53.485 62826 INFO tempest.lib.common.rest_client [req-6073c529-a76b-4afa-9ad2-ed3843589d8e req-6073c529-a76b-4afa-9ad2-ed3843589d8e ] Request (ServerActionsTestJSON:setUpClass): 200 GET http://10.180.1.21/compute/v2.1/servers/ae66c3e2-eac8-4239-b5be-64dc0dcf2c04 0.051s
2024-10-31 10:00:53.505 62822 INFO tempest.lib.common.rest_client [req-eb349222-2a5d-4736-b455-947fb7a9ca92 req-eb349222-2a5d-4736-b455-947fb7a9ca92 ] Request (ImagesOneServerNegativeTestJSON:setUpClass): 200 GET http://10.180.1.21/compute/v2.1/servers/e883b58a-0fa6-48fd-a8a7-24ead857e6f1 0.068s
2024-10-31 10:00:53.527 62884 INFO tempest.lib.common.rest_client [req-601dddc4-d4b2-4d55-b816-36898693d402 req-601dddc4-d4b2-4d55-b816-36898693d402 ] Request (ServerAddressesTestJSON:setUpClass): 200 GET http://10.180.1.21/compute/v2.1/servers/86e3d197-2e8c-4357-ac0a-e1af8e247024 0.040s
2024-10-31 10:00:53.606 62868 INFO tempest.lib.common.rest_client [req-6ea39441-de8b-4c37-a7a6-733a91ccb38a req-6ea39441-de8b-4c37-a7a6-733a91ccb38a ] Request (TenantUsagesTestJSON:setUpClass): 200 GET http://10.180.1.21/compute/v2.1/servers/aae9ff25-f304-4dbe-824c-b17b3522655c 0.043s
2024-10-31 10:00:53.680 62860 INFO tempest.lib.common.rest_client [req-10005e1c-8ed6-4816-9c7e-8ae91391fa17 req-10005e1c-8ed6-4816-9c7e-8ae91391fa17 ] Request (ServerAddressesNegativeTestJSON:setUpClass): 200 GET http://10.180.1.21/compute/v2.1/servers/6f2ca381-b4a3-47ce-b135-dbceb7e44d24 0.047s
2024-10-31 10:00:53.772 62876 INFO tempest.lib.common.rest_client [req-670ab0c3-28d9-4517-9307-8fa20fd9c276 req-670ab0c3-28d9-4517-9307-8fa20fd9c276 ] Request (ServerMetadataNegativeTestJSON:setUpClass): 200 GET http://10.180.1.21/compute/v2.1/servers/68b4ca9d-f934-4b44-8c34-0b1bfb848672 0.045s
2024-10-31 10:00:53.773 62872 INFO tempest.lib.common.rest_client [req-86a2c093-852f-416f-9fd9-3314583f4023 req-86a2c093-852f-416f-9fd9-3314583f4023 ] Request (ServerShowV257Test:tearDownClass): 200 GET http://10.180.1.21/compute/v2.1/servers/149bd77b-9583-42e5-8c82-f795cac53b87 0.055s
2024-10-31 10:00:53.860 62858 INFO tempest.lib.common.rest_client [req-32cafa1e-73a2-4707-ad64-128c5ae2390c req-32cafa1e-73a2-4707-ad64-128c5ae2390c ] Request (FloatingIPsAssociationNegativeTestJSON:setUpClass): 200 GET http://10.180.1.21/compute/v2.1/servers/5177b4e2-e990-47e6-9f2b-156ca0ee8387 0.043s
2024-10-31 10:00:53.901 62857 INFO tempest.lib.common.rest_client [req-a08cbec4-b866-42c5-a52c-5c2f4f71fb2d req-a08cbec4-b866-42c5-a52c-5c2f4f71fb2d ] Request (ServerActionsTestOtherB:setUpClass): 200 GET http://10.180.1.21/compute/v2.1/servers/5cd813d1-f778-4c8a-920b-64e92a3b52af 0.043s
2024-10-31 10:00:53.944 62830 INFO tempest.lib.common.rest_client [req-b2cd6874-e4b9-4c86-9724-6f9140407598 req-b2cd6874-e4b9-4c86-9724-6f9140407598 ] Request (ServerMetadataTestJSON:setUpClass): 200 GET http://10.180.1.21/compute/v2.1/servers/92080abc-eb47-439b-b702-d226666fa155 0.044s
2024-10-31 10:00:54.001 62871 INFO tempest.lib.common.rest_client [req-352fa9a5-92f6-4f5e-a542-b25a6b410310 req-352fa9a5-92f6-4f5e-a542-b25a6b410310 ] Request (ServersV294TestFqdnHostnames:setUpClass): 200 GET http://10.180.1.21/compute/v2.1/servers/3695a09f-dffc-4537-ac78-faffd6bdd252 0.049s
2024-10-31 10:00:54.084 62840 INFO tempest.lib.common.rest_client [req-c3e33293-6101-4211-b172-440cfac5c007 req-c3e33293-6101-4211-b172-440cfac5c007 ] Request (ListImageFiltersTestJSON:setUpClass): 200 GET http://10.180.1.21/compute/v2.1/servers/72cdccb7-b398-4833-af82-d64222c83f8d 0.046s
2024-10-31 10:00:54.090 62866 INFO tempest.lib.common.rest_client [req-d222f89d-a43c-4c72-89b9-8a268a8e3919 req-d222f89d-a43c-4c72-89b9-8a268a8e3919 ] Request (ServersAdmin275Test:tearDownClass): 200 GET http://10.180.1.21/compute/v2.1/servers/dd387320-7101-440c-80bc-a7d19a654df8 0.065s
2024-10-31 10:00:54.127 62848 INFO tempest.lib.common.rest_client [req-d4300a37-c95d-4397-8d86-9d15d2fed83f req-d4300a37-c95d-4397-8d86-9d15d2fed83f ] Request (MigrationsAdminTest:test_resize_server_revert_deleted_flavor): 200 GET http://10.180.1.21/compute/v2.1/servers/3b50dbde-2969-4a4b-ae35-42416342a60b 0.047s
2024-10-31 10:00:54.165 62882 INFO tempest.lib.common.rest_client [req-63392047-1022-42b8-9079-37120a694d9b req-63392047-1022-42b8-9079-37120a694d9b ] Request (ServerExternalEventsTest:test_create_server_external_events): 200 GET http://10.180.1.21/compute/v2.1/servers/84e40295-3fa4-4e6f-ade6-bf6f4c60d6a7 0.066s
2024-10-31 10:00:54.172 62864 INFO tempest.lib.common.rest_client [req-26f5a237-ad78-4ab4-99d9-cd8d06ec33af req-26f5a237-ad78-4ab4-99d9-cd8d06ec33af ] Request (ImagesNegativeTestJSON:test_create_image_from_deleted_server): 200 GET http://10.180.1.21/compute/v2.1/servers/b7686890-0ee7-4c5e-85f5-90a5c5241950 0.046s
2024-10-31 10:00:54.216 62832 INFO tempest.lib.common.rest_client [req-1ad3bc27-933f-4410-ba19-58fbd9263176 req-1ad3bc27-933f-4410-ba19-58fbd9263176 ] Request (AttachInterfacesTestJSON:test_create_list_show_delete_interfaces_by_fixed_ip): 200 GET http://10.180.1.21/compute/v2.1/servers/424fc272-b4b9-4867-a083-b27abe308f81 0.060s
2024-10-31 10:00:54.222 62880 INFO tempest.lib.common.rest_client [req-481a6c42-3e2e-4d65-a066-15fae0d5dffe req-481a6c42-3e2e-4d65-a066-15fae0d5dffe ] Request (ServersNegativeTestMultiTenantJSON:setUpClass): 200 GET http://10.180.1.21/compute/v2.1/servers/0b4d919f-552e-489e-bcfb-f6447cf81fb8 0.046s
2024-10-31 10:00:54.264 62838 INFO tempest.lib.common.rest_client [req-241865be-0f0f-4a59-ad89-e3ba44f9d106 req-241865be-0f0f-4a59-ad89-e3ba44f9d106 ] Request (ServerPasswordTestJSON:setUpClass): 200 GET http://10.180.1.21/compute/v2.1/servers/ed0ec962-3c4e-409f-9332-0a79ca1c6ed3 0.061s
2024-10-31 10:00:54.277 62874 INFO tempest.lib.common.rest_client [req-80575df3-63c7-4e5f-8708-b820e7c5f38b req-80575df3-63c7-4e5f-8708-b820e7c5f38b ] Request (VolumesAssistedSnapshotsTest:test_volume_assisted_snapshot_create_delete): 200 GET http://10.180.1.21/compute/v2.1/servers/971d6e19-044b-4af8-b6c3-12b617cc24fe 0.045s
2024-10-31 10:00:54.324 62862 INFO tempest.lib.common.rest_client [req-a5e8b0b7-6cf4-4549-89a8-4dad7b259293 req-a5e8b0b7-6cf4-4549-89a8-4dad7b259293 ] Request (ServersTestBootFromVolume:setUpClass): 200 GET http://10.180.1.21/compute/v2.1/servers/c080105d-4a58-4616-b65c-7bac79dd93c1 0.043s
2024-10-31 10:00:54.359 62854 INFO tempest.lib.common.rest_client [req-ae95160c-79ed-4165-ad2e-dbfbb2badda8 req-ae95160c-79ed-4165-ad2e-dbfbb2badda8 ] Request (ServerDiskConfigTestJSON:test_rebuild_server_with_auto_disk_config): 200 GET http://10.180.1.21/compute/v2.1/servers/a8af7330-6454-439c-870b-73d1637b6438 0.043s
2024-10-31 10:00:54.392 62834 INFO tempest.lib.common.rest_client [req-654d7513-599b-4e26-8eb6-f2f1ed6d0f37 req-654d7513-599b-4e26-8eb6-f2f1ed6d0f37 ] Request (ServersWithSpecificFlavorTestJSON:test_verify_created_server_ephemeral_disk): 200 GET http://10.180.1.21/compute/v2.1/servers/01432003-5c48-40e1-b22b-a538a7e34663 0.045s
2024-10-31 10:00:54.413 62852 INFO tempest.lib.common.rest_client [req-180cd6fa-2ae9-481a-921c-72564c2d0096 req-180cd6fa-2ae9-481a-921c-72564c2d0096 ] Request (DeleteServersAdminTestJSON:test_delete_server_while_in_error_state): 200 GET http://10.180.1.21/compute/v2.1/servers/29f9e25a-a0b2-4bb8-b59a-3617819d3be5 0.042s
2024-10-31 10:00:54.439 62846 INFO tempest.lib.common.rest_client [req-b599f449-dd95-4a02-8bd7-fd63f69ac231 req-b599f449-dd95-4a02-8bd7-fd63f69ac231 ] Request (InstanceActionsTestJSON:setUpClass): 200 GET http://10.180.1.21/compute/v2.1/servers/1cad8d1b-ed02-424c-879c-2f23d4d90b22 0.043s
2024-10-31 10:00:54.467 62828 INFO tempest.lib.common.rest_client [req-f9004a1d-a5be-44f6-b31b-587fe0e70380 req-f9004a1d-a5be-44f6-b31b-587fe0e70380 ] Request (ServerShowV247Test:test_update_rebuild_list_server): 200 GET http://10.180.1.21/compute/v2.1/servers/2cf0927d-8d98-4554-92ce-c049e1ea179c 0.045s
2024-10-31 10:00:54.495 62842 INFO tempest.lib.common.rest_client [req-7a15f181-7c85-40e1-8dba-526597e33ba7 req-7a15f181-7c85-40e1-8dba-526597e33ba7 ] Request (ServersTestFqdnHostnames:test_create_server_with_fqdn_name): 200 GET http://10.180.1.21/compute/v2.1/servers/14557f1a-2410-4201-9b91-49d23f18d47a 0.044s
2024-10-31 10:00:54.523 62824 INFO tempest.lib.common.rest_client [req-0258b21f-9966-404d-9c09-1ad488cc9950 req-0258b21f-9966-404d-9c09-1ad488cc9950 ] Request (VolumesAdminNegativeTest:test_update_attached_volume_with_nonexistent_volume_in_body): 200 GET http://10.180.1.21/compute/v2.1/servers/53e10c33-0f41-48a2-ac19-c0b34a9a9312 0.057s
2024-10-31 10:00:54.534 62826 INFO tempest.lib.common.rest_client [req-a37c806e-87d7-4195-bdef-8b2854343d0b req-a37c806e-87d7-4195-bdef-8b2854343d0b ] Request (ServerActionsTestJSON:setUpClass): 200 GET http://10.180.1.21/compute/v2.1/servers/ae66c3e2-eac8-4239-b5be-64dc0dcf2c04 0.042s
2024-10-31 10:00:54.564 62822 INFO tempest.lib.common.rest_client [req-a4dce965-87f8-4ae7-8c9f-457dce1cd6e8 req-a4dce965-87f8-4ae7-8c9f-457dce1cd6e8 ] Request (ImagesOneServerNegativeTestJSON:setUpClass): 200 GET http://10.180.1.21/compute/v2.1/servers/e883b58a-0fa6-48fd-a8a7-24ead857e6f1 0.052s
2024-10-31 10:00:54.575 62884 INFO tempest.lib.common.rest_client [req-df1e3bbc-1362-4f8d-9a1e-eb607fc63ed5 req-df1e3bbc-1362-4f8d-9a1e-eb607fc63ed5 ] Request (ServerAddressesTestJSON:setUpClass): 200 GET http://10.180.1.21/compute/v2.1/servers/86e3d197-2e8c-4357-ac0a-e1af8e247024 0.041s
2024-10-31 10:00:54.661 62868 INFO tempest.lib.common.rest_client [req-4331962e-ec8e-454d-9d5d-0a58e6aaecdf req-4331962e-ec8e-454d-9d5d-0a58e6aaecdf ] Request (TenantUsagesTestJSON:setUpClass): 200 GET http://10.180.1.21/compute/v2.1/servers/aae9ff25-f304-4dbe-824c-b17b3522655c 0.047s
2024-10-31 10:00:54.735 62860 INFO tempest.lib.common.rest_client [req-7b2656c3-2d24-4bad-96f7-3d4b435eaa42 req-7b2656c3-2d24-4bad-96f7-3d4b435eaa42 ] Request (ServerAddressesNegativeTestJSON:setUpClass): 200 GET http://10.180.1.21/compute/v2.1/servers/6f2ca381-b4a3-47ce-b135-dbceb7e44d24 0.046s
2024-10-31 10:00:54.851 62876 INFO tempest.lib.common.rest_client [req-64580605-a5e5-4093-ab1b-1cb3bba061d4 req-64580605-a5e5-4093-ab1b-1cb3bba061d4 ] Request (ServerMetadataNegativeTestJSON:setUpClass): 200 GET http://10.180.1.21/compute/v2.1/servers/68b4ca9d-f934-4b44-8c34-0b1bfb848672 0.072s
2024-10-31 10:00:54.918 62858 INFO tempest.lib.common.rest_client [req-f0d1afa7-cd72-43fc-9a62-66d57eb46f3d req-f0d1afa7-cd72-43fc-9a62-66d57eb46f3d ] Request (FloatingIPsAssociationNegativeTestJSON:setUpClass): 200 GET http://10.180.1.21/compute/v2.1/servers/5177b4e2-e990-47e6-9f2b-156ca0ee8387 0.051s
2024-10-31 10:00:54.961 62857 INFO tempest.lib.common.rest_client [req-02661b76-4cd1-47eb-a755-ef0ed8bdd1d2 req-02661b76-4cd1-47eb-a755-ef0ed8bdd1d2 ] Request (ServerActionsTestOtherB:setUpClass): 200 GET http://10.180.1.21/compute/v2.1/servers/5cd813d1-f778-4c8a-920b-64e92a3b52af 0.053s
2024-10-31 10:00:54.987 62872 INFO tempest.lib.common.rest_client [req-f1b5b877-1943-4d6a-9af5-ce7dad3e5295 req-f1b5b877-1943-4d6a-9af5-ce7dad3e5295 ] Request (ServerShowV257Test:tearDownClass): 200 GET http://10.180.1.21/compute/v2.1/servers/149bd77b-9583-42e5-8c82-f795cac53b87 0.206s
2024-10-31 10:00:55.003 62830 INFO tempest.lib.common.rest_client [req-f77f83ca-895a-4f85-bf69-99e96d9e7174 req-f77f83ca-895a-4f85-bf69-99e96d9e7174 ] Request (ServerMetadataTestJSON:setUpClass): 200 GET http://10.180.1.21/compute/v2.1/servers/92080abc-eb47-439b-b702-d226666fa155 0.052s
2024-10-31 10:00:55.059 62871 INFO tempest.lib.common.rest_client [req-c9c534d8-e6b3-4ee1-9e63-1f9a534a47ef req-c9c534d8-e6b3-4ee1-9e63-1f9a534a47ef ] Request (ServersV294TestFqdnHostnames:setUpClass): 200 GET http://10.180.1.21/compute/v2.1/servers/3695a09f-dffc-4537-ac78-faffd6bdd252 0.049s
2024-10-31 10:00:55.144 62840 INFO tempest.lib.common.rest_client [req-2545f18b-6479-4b63-a28b-06bb787b0d8c req-2545f18b-6479-4b63-a28b-06bb787b0d8c ] Request (ListImageFiltersTestJSON:setUpClass): 200 GET http://10.180.1.21/compute/v2.1/servers/72cdccb7-b398-4833-af82-d64222c83f8d 0.053s
2024-10-31 10:00:55.156 62866 INFO tempest.lib.common.rest_client [req-b3e3fba9-720f-4f06-b6a6-c3b640b939a2 req-b3e3fba9-720f-4f06-b6a6-c3b640b939a2 ] Request (ServersAdmin275Test:tearDownClass): 200 GET http://10.180.1.21/compute/v2.1/servers/dd387320-7101-440c-80bc-a7d19a654df8 0.057s
2024-10-31 10:00:55.200 62848 INFO tempest.lib.common.rest_client [req-7f23c881-1504-44a0-9ca1-b079f924890c req-7f23c881-1504-44a0-9ca1-b079f924890c ] Request (MigrationsAdminTest:test_resize_server_revert_deleted_flavor): 200 GET http://10.180.1.21/compute/v2.1/servers/3b50dbde-2969-4a4b-ae35-42416342a60b 0.066s
2024-10-31 10:00:55.225 62882 INFO tempest.lib.common.rest_client [req-dd2f3c1c-7550-46ba-a843-785bf7791134 req-dd2f3c1c-7550-46ba-a843-785bf7791134 ] Request (ServerExternalEventsTest:test_create_server_external_events): 200 GET http://10.180.1.21/compute/v2.1/servers/84e40295-3fa4-4e6f-ade6-bf6f4c60d6a7 0.054s
2024-10-31 10:00:55.244 62864 INFO tempest.lib.common.rest_client [req-02f40ccf-f8b3-4a14-b9ff-99990bc5d6db req-02f40ccf-f8b3-4a14-b9ff-99990bc5d6db ] Request (ImagesNegativeTestJSON:test_create_image_from_deleted_server): 200 GET http://10.180.1.21/compute/v2.1/servers/b7686890-0ee7-4c5e-85f5-90a5c5241950 0.064s
2024-10-31 10:00:55.269 62832 INFO tempest.lib.common.rest_client [req-20084d5b-bcc7-4a89-8447-ca29b6630518 req-20084d5b-bcc7-4a89-8447-ca29b6630518 ] Request (AttachInterfacesTestJSON:test_create_list_show_delete_interfaces_by_fixed_ip): 200 GET http://10.180.1.21/compute/v2.1/servers/424fc272-b4b9-4867-a083-b27abe308f81 0.046s
2024-10-31 10:00:55.287 62880 INFO tempest.lib.common.rest_client [req-a5f1eda5-97ca-40c5-b865-01191b5edcb7 req-a5f1eda5-97ca-40c5-b865-01191b5edcb7 ] Request (ServersNegativeTestMultiTenantJSON:setUpClass): 200 GET http://10.180.1.21/compute/v2.1/servers/0b4d919f-552e-489e-bcfb-f6447cf81fb8 0.059s
2024-10-31 10:00:55.316 62838 INFO tempest.lib.common.rest_client [req-da785796-f1ad-441d-9adf-f545559facab req-da785796-f1ad-441d-9adf-f545559facab ] Request (ServerPasswordTestJSON:setUpClass): 200 GET http://10.180.1.21/compute/v2.1/servers/ed0ec962-3c4e-409f-9332-0a79ca1c6ed3 0.043s
