2024-10-31 10:01:28.574 62862 INFO tempest.common.waiters [-] State transition "BUILD/networking" ==> "BUILD/block_device_mapping" after 82 second wait
2024-10-31 10:01:28.619 62846 INFO tempest.lib.common.rest_client [req-5556867d-c363-450d-bc2e-fa0ed9fc8c72 req-5556867d-c363-450d-bc2e-fa0ed9fc8c72 ] Request (InstanceActionsTestJSON:setUpClass): 200 GET http://10.180.1.21/compute/v2.1/servers/1cad8d1b-ed02-424c-879c-2f23d4d90b22 0.189s
2024-10-31 10:01:28.670 62880 INFO tempest.lib.common.rest_client [req-bea73ce5-2cd9-4de2-8aba-60424615c13d req-bea73ce5-2cd9-4de2-8aba-60424615c13d ] Request (ServersNegativeTestMultiTenantJSON:setUpClass): 200 GET http://10.180.1.21/compute/v2.1/servers/0b4d919f-552e-489e-bcfb-f6447cf81fb8 0.236s
2024-10-31 10:01:28.876 62824 INFO tempest.lib.common.rest_client [req-ad093bc9-de96-476a-837b-963b6bd220e0 req-ad093bc9-de96-476a-837b-963b6bd220e0 ] Request (VolumesAdminNegativeTest:test_update_attached_volume_with_nonexistent_volume_in_body): 200 GET http://10.180.1.21/compute/v2.1/servers/53e10c33-0f41-48a2-ac19-c0b34a9a9312 0.403s
2024-10-31 10:01:28.888 62882 INFO tempest.lib.common.rest_client [req-4f8525e2-b04a-4358-b2a3-b67f9856f849 req-4f8525e2-b04a-4358-b2a3-b67f9856f849 ] Request (ServerActionsV293TestJSON:setUpClass): 202 POST http://10.180.1.21/compute/v2.1/servers 0.477s
2024-10-31 10:01:28.933 62828 INFO tempest.lib.common.rest_client [req-72f9aca2-c89f-4b35-bb06-2e6da989a328 req-72f9aca2-c89f-4b35-bb06-2e6da989a328 ] Request (ServerShowV247Test:test_update_rebuild_list_server): 200 GET http://10.180.1.21/compute/v2.1/servers/2cf0927d-8d98-4554-92ce-c049e1ea179c 0.452s
2024-10-31 10:01:28.953 62854 INFO tempest.lib.common.rest_client [req-bf68a71b-f09c-4b68-8ebd-510244e18bf6 req-bf68a71b-f09c-4b68-8ebd-510244e18bf6 ] Request (ServerDiskConfigTestJSON:test_rebuild_server_with_manual_disk_config): 200 GET http://10.180.1.21/compute/v2.1/servers/7504c221-2d27-4dc6-9100-9a2dca2a6036 0.425s
2024-10-31 10:01:28.984 62826 INFO tempest.lib.common.rest_client [req-799d06ef-e2d3-428b-a8e9-eb20522eb323 req-799d06ef-e2d3-428b-a8e9-eb20522eb323 ] Request (ServerActionsTestJSON:setUpClass): 200 GET http://10.180.1.21/compute/v2.1/servers/ae66c3e2-eac8-4239-b5be-64dc0dcf2c04 0.456s
2024-10-31 10:01:28.998 62822 INFO tempest.lib.common.rest_client [req-c63a4b9e-6a91-4f40-84fb-ef2e4e99f76f req-c63a4b9e-6a91-4f40-84fb-ef2e4e99f76f ] Request (ImagesOneServerNegativeTestJSON:setUpClass): 200 GET http://10.180.1.21/compute/v2.1/servers/e883b58a-0fa6-48fd-a8a7-24ead857e6f1 0.427s
2024-10-31 10:01:29.034 62842 INFO tempest.lib.common.rest_client [req-2933e8d2-e35d-4951-aa60-a3a668dfdba9 req-2933e8d2-e35d-4951-aa60-a3a668dfdba9 ] Request (ServersTestFqdnHostnames:test_create_server_with_fqdn_name): 200 GET http://10.180.1.21/compute/v2.1/servers/14557f1a-2410-4201-9b91-49d23f18d47a 0.369s
2024-10-31 10:01:29.072 62868 INFO tempest.lib.common.rest_client [req-e52283ac-b538-4ca8-9793-f17f80aa6790 req-e52283ac-b538-4ca8-9793-f17f80aa6790 ] Request (TenantUsagesTestJSON:setUpClass): 200 GET http://10.180.1.21/compute/v2.1/servers/aae9ff25-f304-4dbe-824c-b17b3522655c 0.354s
2024-10-31 10:01:29.084 62884 INFO tempest.lib.common.rest_client [req-f880fa69-1707-48cf-829f-577ab9e698b4 req-f880fa69-1707-48cf-829f-577ab9e698b4 ] Request (ServerAddressesTestJSON:setUpClass): 200 GET http://10.180.1.21/compute/v2.1/servers/86e3d197-2e8c-4357-ac0a-e1af8e247024 0.272s
2024-10-31 10:01:29.120 62834 INFO tempest.lib.common.rest_client [req-35d6ce90-873f-49c5-ba76-61a688f368fc req-35d6ce90-873f-49c5-ba76-61a688f368fc ] Request (AttachVolumeNegativeTest:test_attach_attached_volume_to_different_server): 200 GET http://10.180.1.21/compute/v2.1/servers/20cb5e74-a42c-4c79-aeea-7b8e658bf1d3 0.236s
2024-10-31 10:01:29.122 62882 INFO tempest.lib.common.rest_client [req-69befc7f-4a50-4a8a-acf2-840e251d20fe req-69befc7f-4a50-4a8a-acf2-840e251d20fe ] Request (ServerActionsV293TestJSON:setUpClass): 200 GET http://10.180.1.21/compute/v2.1/servers/f03bdd4b-e75e-4d70-84b3-126d2296994f 0.232s
2024-10-31 10:01:29.163 62866 INFO tempest.lib.common.rest_client [req-0c4b0302-ea30-4e8c-9bfe-947947e39f20 req-0c4b0302-ea30-4e8c-9bfe-947947e39f20 ] Request (AttachInterfacesUnderV243Test:test_add_remove_fixed_ip): 200 GET http://10.180.1.21/compute/v2.1/servers/0049c4a4-dfc2-4968-8ab1-61c344f32e6d 0.191s
2024-10-31 10:01:29.164 62852 INFO tempest.lib.common.rest_client [req-2a157807-305a-41a3-a102-0c37adf6489d req-2a157807-305a-41a3-a102-0c37adf6489d ] Request (DeleteServersAdminTestJSON:test_delete_server_while_in_error_state): 200 GET http://10.180.1.21/compute/v2.1/servers/29f9e25a-a0b2-4bb8-b59a-3617819d3be5 0.249s
2024-10-31 10:01:29.212 62871 INFO tempest.lib.common.rest_client [req-b3b7305a-4fa5-4616-8eda-62c9e9e7397c req-b3b7305a-4fa5-4616-8eda-62c9e9e7397c ] Request (ServersV294TestFqdnHostnames:setUpClass): 200 GET http://10.180.1.21/compute/v2.1/servers/3695a09f-dffc-4537-ac78-faffd6bdd252 0.132s
2024-10-31 10:01:29.211 62840 INFO tempest.lib.common.rest_client [req-286ae696-868d-4335-a340-b284798b3f35 req-286ae696-868d-4335-a340-b284798b3f35 ] Request (ListImageFiltersTestJSON:setUpClass): 200 GET http://10.180.1.21/compute/v2.1/servers/72cdccb7-b398-4833-af82-d64222c83f8d 0.100s
2024-10-31 10:01:29.240 62830 INFO tempest.lib.common.rest_client [req-807180d7-a36f-4969-bb6d-9352d9677c3a req-807180d7-a36f-4969-bb6d-9352d9677c3a ] Request (VolumesTestJSON:setUpClass): 200 GET http://10.180.1.21/volume/v3/volumes/a4415b59-a79c-4599-994a-15500642434b 0.026s
2024-10-31 10:01:29.246 62830 INFO tempest.common.waiters [-] volume a4415b59-a79c-4599-994a-15500642434b reached available after waiting for 1.246343 seconds
2024-10-31 10:01:29.261 62857 INFO tempest.lib.common.rest_client [req-4c28692e-7bb9-42c9-8dcb-d4d31bffe23b req-4c28692e-7bb9-42c9-8dcb-d4d31bffe23b ] Request (ServerActionsTestOtherB:setUpClass): 200 GET http://10.180.1.21/compute/v2.1/servers/5cd813d1-f778-4c8a-920b-64e92a3b52af 0.097s
2024-10-31 10:01:29.274 62848 INFO tempest.lib.common.rest_client [req-d26c97d9-02a5-4dad-8dae-cc2c43f84a0d req-d26c97d9-02a5-4dad-8dae-cc2c43f84a0d ] Request (MigrationsAdminTest:test_resize_server_revert_deleted_flavor): 200 GET http://10.180.1.21/compute/v2.1/servers/3b50dbde-2969-4a4b-ae35-42416342a60b 0.049s
2024-10-31 10:01:29.289 62830 INFO tempest.lib.common.rest_client [req-400e69b3-13bb-4c75-9357-b4d204c474e5 req-400e69b3-13bb-4c75-9357-b4d204c474e5 ] Request (VolumesTestJSON:setUpClass): 200 GET http://10.180.1.21/compute/v2.1/os-volumes/a4415b59-a79c-4599-994a-15500642434b 0.042s
2024-10-31 10:01:29.317 62832 INFO tempest.lib.common.rest_client [req-b1a35c78-6aa8-41f5-bd79-57d64fb33772 req-b1a35c78-6aa8-41f5-bd79-57d64fb33772 ] Request (AttachInterfacesTestJSON:test_create_list_show_delete_interfaces_by_fixed_ip): 200 GET http://10.180.1.21/compute/v2.1/servers/424fc272-b4b9-4867-a083-b27abe308f81 0.044s
2024-10-31 10:01:29.385 62874 INFO tempest.lib.common.rest_client [req-ff34d8de-5136-4368-8ada-04095fa5a96d req-ff34d8de-5136-4368-8ada-04095fa5a96d ] Request (InstanceActionsNegativeTestJSON:setUpClass): 200 GET http://10.180.1.21/compute/v2.1/servers/2fccf900-e294-4d66-93c5-d1c7570c5d7e 0.049s
2024-10-31 10:01:29.401 62830 INFO tempest.lib.common.rest_client [req-fff05453-7d0e-44f7-aa82-eee22a8e4f7a req-fff05453-7d0e-44f7-aa82-eee22a8e4f7a ] Request (VolumesTestJSON:setUpClass): 202 POST http://10.180.1.21/volume/v3/volumes 0.109s
2024-10-31 10:01:29.409 62864 INFO tempest.lib.common.rest_client [req-1ac61dc6-b7bd-426d-92b3-35b1df8bffd6 req-1ac61dc6-b7bd-426d-92b3-35b1df8bffd6 ] Request (InstanceActionsV221TestJSON:test_get_list_deleted_instance_actions): 200 GET http://10.180.1.21/compute/v2.1/servers/a0512ab3-1248-4f38-8ed9-249ba5a2d488 0.048s
2024-10-31 10:01:29.430 62830 INFO tempest.lib.common.rest_client [req-1d58fbf5-2078-4ee8-a7b3-bf0efe84b63d req-1d58fbf5-2078-4ee8-a7b3-bf0efe84b63d ] Request (VolumesTestJSON:setUpClass): 200 GET http://10.180.1.21/volume/v3/volumes/87e018ab-b924-4a25-85a5-308778e31703 0.023s
2024-10-31 10:01:29.431 62858 INFO tempest.lib.common.rest_client [req-3fbdfcc7-4c06-4dfd-8af0-07a5fd5efc2f req-3fbdfcc7-4c06-4dfd-8af0-07a5fd5efc2f ] Request (ServerGroupTestJSON:test_create_server_with_scheduler_hint_group): 200 GET http://10.180.1.21/compute/v2.1/servers/d536e668-d597-4f8e-8d61-974e072b48c8 0.047s
2024-10-31 10:01:29.511 62838 INFO tempest.lib.common.rest_client [req-43771ed5-b59e-401b-b4da-9bfbee938a2f req-43771ed5-b59e-401b-b4da-9bfbee938a2f ] Request (ServerPasswordTestJSON:setUpClass): 200 GET http://10.180.1.21/compute/v2.1/servers/ed0ec962-3c4e-409f-9332-0a79ca1c6ed3 0.048s
2024-10-31 10:01:29.624 62862 INFO tempest.lib.common.rest_client [req-fb24d2e4-237d-48c2-9879-34d00a320bf4 req-fb24d2e4-237d-48c2-9879-34d00a320bf4 ] Request (ServersTestBootFromVolume:setUpClass): 200 GET http://10.180.1.21/compute/v2.1/servers/c080105d-4a58-4616-b65c-7bac79dd93c1 0.049s
2024-10-31 10:01:29.672 62846 INFO tempest.lib.common.rest_client [req-1e80bb1d-5ea4-4e36-8c02-83400e671ac7 req-1e80bb1d-5ea4-4e36-8c02-83400e671ac7 ] Request (InstanceActionsTestJSON:setUpClass): 200 GET http://10.180.1.21/compute/v2.1/servers/1cad8d1b-ed02-424c-879c-2f23d4d90b22 0.045s
2024-10-31 10:01:29.721 62880 INFO tempest.lib.common.rest_client [req-d212e14c-2b7b-4e6d-85a5-0b96a63e5fa2 req-d212e14c-2b7b-4e6d-85a5-0b96a63e5fa2 ] Request (ServersNegativeTestMultiTenantJSON:setUpClass): 200 GET http://10.180.1.21/compute/v2.1/servers/0b4d919f-552e-489e-bcfb-f6447cf81fb8 0.043s
2024-10-31 10:01:29.929 62824 INFO tempest.lib.common.rest_client [req-3c22f0f8-29cd-4366-8c2b-eed215b9ab4e req-3c22f0f8-29cd-4366-8c2b-eed215b9ab4e ] Request (VolumesAdminNegativeTest:test_update_attached_volume_with_nonexistent_volume_in_body): 200 GET http://10.180.1.21/compute/v2.1/servers/53e10c33-0f41-48a2-ac19-c0b34a9a9312 0.045s
2024-10-31 10:01:29.992 62828 INFO tempest.lib.common.rest_client [req-103d0c86-016d-45a4-9cdf-b400ac395657 req-103d0c86-016d-45a4-9cdf-b400ac395657 ] Request (ServerShowV247Test:test_update_rebuild_list_server): 200 GET http://10.180.1.21/compute/v2.1/servers/2cf0927d-8d98-4554-92ce-c049e1ea179c 0.048s
2024-10-31 10:01:30.013 62854 INFO tempest.lib.common.rest_client [req-142ea0f6-3d96-47c4-9ee5-441334c757ca req-142ea0f6-3d96-47c4-9ee5-441334c757ca ] Request (ServerDiskConfigTestJSON:test_rebuild_server_with_manual_disk_config): 200 GET http://10.180.1.21/compute/v2.1/servers/7504c221-2d27-4dc6-9100-9a2dca2a6036 0.050s
2024-10-31 10:01:30.042 62826 INFO tempest.lib.common.rest_client [req-7bbb594d-438e-49f1-acb4-3702e635747c req-7bbb594d-438e-49f1-acb4-3702e635747c ] Request (ServerActionsTestJSON:setUpClass): 200 GET http://10.180.1.21/compute/v2.1/servers/ae66c3e2-eac8-4239-b5be-64dc0dcf2c04 0.050s
2024-10-31 10:01:30.074 62822 INFO tempest.lib.common.rest_client [req-3dc0d755-674e-4b25-951e-fabf679f877a req-3dc0d755-674e-4b25-951e-fabf679f877a ] Request (ImagesOneServerNegativeTestJSON:setUpClass): 200 GET http://10.180.1.21/compute/v2.1/servers/e883b58a-0fa6-48fd-a8a7-24ead857e6f1 0.069s
2024-10-31 10:01:30.090 62842 INFO tempest.lib.common.rest_client [req-d95f1dd4-8d55-4711-8b92-674e894d5656 req-d95f1dd4-8d55-4711-8b92-674e894d5656 ] Request (ServersTestFqdnHostnames:test_create_server_with_fqdn_name): 200 GET http://10.180.1.21/compute/v2.1/servers/14557f1a-2410-4201-9b91-49d23f18d47a 0.047s
2024-10-31 10:01:30.098 62842 INFO tempest.common.waiters [-] State transition "BUILD/None" ==> "BUILD/networking" after 84 second wait
2024-10-31 10:01:30.127 62868 INFO tempest.lib.common.rest_client [req-37c31fd2-cdce-4039-8a7e-5abc807b2ce8 req-37c31fd2-cdce-4039-8a7e-5abc807b2ce8 ] Request (TenantUsagesTestJSON:setUpClass): 200 GET http://10.180.1.21/compute/v2.1/servers/aae9ff25-f304-4dbe-824c-b17b3522655c 0.048s
2024-10-31 10:01:30.137 62884 INFO tempest.lib.common.rest_client [req-a6dc67e4-76c2-4a99-9c83-837d96afee5b req-a6dc67e4-76c2-4a99-9c83-837d96afee5b ] Request (ServerAddressesTestJSON:setUpClass): 200 GET http://10.180.1.21/compute/v2.1/servers/86e3d197-2e8c-4357-ac0a-e1af8e247024 0.046s
2024-10-31 10:01:30.180 62834 INFO tempest.lib.common.rest_client [req-f639a9a0-3a82-4615-bafb-7e8789bac0c2 req-f639a9a0-3a82-4615-bafb-7e8789bac0c2 ] Request (AttachVolumeNegativeTest:test_attach_attached_volume_to_different_server): 200 GET http://10.180.1.21/compute/v2.1/servers/20cb5e74-a42c-4c79-aeea-7b8e658bf1d3 0.053s
2024-10-31 10:01:30.187 62882 INFO tempest.lib.common.rest_client [req-1e68b828-2725-49cd-9a53-bee1c9060a22 req-1e68b828-2725-49cd-9a53-bee1c9060a22 ] Request (ServerActionsV293TestJSON:setUpClass): 200 GET http://10.180.1.21/compute/v2.1/servers/f03bdd4b-e75e-4d70-84b3-126d2296994f 0.056s
2024-10-31 10:01:30.230 62852 INFO tempest.lib.common.rest_client [req-67b4322d-40bb-4ddb-9370-bb6800e50258 req-67b4322d-40bb-4ddb-9370-bb6800e50258 ] Request (DeleteServersAdminTestJSON:test_delete_server_while_in_error_state): 200 GET http://10.180.1.21/compute/v2.1/servers/29f9e25a-a0b2-4bb8-b59a-3617819d3be5 0.060s
2024-10-31 10:01:30.231 62866 INFO tempest.lib.common.rest_client [req-c1e10bb6-e82c-4651-ba78-194a7ccb33aa req-c1e10bb6-e82c-4651-ba78-194a7ccb33aa ] Request (AttachInterfacesUnderV243Test:test_add_remove_fixed_ip): 200 GET http://10.180.1.21/compute/v2.1/servers/0049c4a4-dfc2-4968-8ab1-61c344f32e6d 0.060s
2024-10-31 10:01:30.279 62840 INFO tempest.lib.common.rest_client [req-83482c8c-87e6-4fac-8d1d-e76d4e8513d5 req-83482c8c-87e6-4fac-8d1d-e76d4e8513d5 ] Request (ListImageFiltersTestJSON:setUpClass): 200 GET http://10.180.1.21/compute/v2.1/servers/72cdccb7-b398-4833-af82-d64222c83f8d 0.057s
2024-10-31 10:01:30.282 62871 INFO tempest.lib.common.rest_client [req-12c5bc7e-9971-4848-825f-ae28bee5be60 req-12c5bc7e-9971-4848-825f-ae28bee5be60 ] Request (ServersV294TestFqdnHostnames:setUpClass): 200 GET http://10.180.1.21/compute/v2.1/servers/3695a09f-dffc-4537-ac78-faffd6bdd252 0.051s
2024-10-31 10:01:30.341 62857 INFO tempest.lib.common.rest_client [req-9be9fe25-82d6-4287-b8d2-ab2e77abc40d req-9be9fe25-82d6-4287-b8d2-ab2e77abc40d ] Request (ServerActionsTestOtherB:setUpClass): 200 GET http://10.180.1.21/compute/v2.1/servers/5cd813d1-f778-4c8a-920b-64e92a3b52af 0.073s
2024-10-31 10:01:30.400 62832 INFO tempest.lib.common.rest_client [req-203e91ca-e3cd-4e0f-b272-3dfcf875e40d req-203e91ca-e3cd-4e0f-b272-3dfcf875e40d ] Request (AttachInterfacesTestJSON:test_create_list_show_delete_interfaces_by_fixed_ip): 200 GET http://10.180.1.21/compute/v2.1/servers/424fc272-b4b9-4867-a083-b27abe308f81 0.074s
2024-10-31 10:01:30.451 62874 INFO tempest.lib.common.rest_client [req-3843e46c-7bb1-4044-b893-ad62ffca1b7d req-3843e46c-7bb1-4044-b893-ad62ffca1b7d ] Request (InstanceActionsNegativeTestJSON:setUpClass): 200 GET http://10.180.1.21/compute/v2.1/servers/2fccf900-e294-4d66-93c5-d1c7570c5d7e 0.058s
2024-10-31 10:01:30.462 62830 INFO tempest.lib.common.rest_client [req-60e1bd98-2013-4414-9bdb-7859c7844da6 req-60e1bd98-2013-4414-9bdb-7859c7844da6 ] Request (VolumesTestJSON:setUpClass): 200 GET http://10.180.1.21/volume/v3/volumes/87e018ab-b924-4a25-85a5-308778e31703 0.026s
2024-10-31 10:01:30.468 62830 INFO tempest.common.waiters [-] volume 87e018ab-b924-4a25-85a5-308778e31703 reached available after waiting for 1.468616 seconds
2024-10-31 10:01:30.504 62864 INFO tempest.lib.common.rest_client [req-b0018896-6073-49cb-b162-141c909fb524 req-b0018896-6073-49cb-b162-141c909fb524 ] Request (InstanceActionsV221TestJSON:test_get_list_deleted_instance_actions): 200 GET http://10.180.1.21/compute/v2.1/servers/a0512ab3-1248-4f38-8ed9-249ba5a2d488 0.087s
2024-10-31 10:01:30.535 62848 INFO tempest.lib.common.rest_client [req-92c852c3-22ac-46e1-aeb1-051591c073cb req-92c852c3-22ac-46e1-aeb1-051591c073cb ] Request (MigrationsAdminTest:test_resize_server_revert_deleted_flavor): 200 GET http://10.180.1.21/compute/v2.1/servers/3b50dbde-2969-4a4b-ae35-42416342a60b 0.254s
2024-10-31 10:01:30.555 62858 INFO tempest.lib.common.rest_client [req-428048fa-4b79-4114-9e66-c97feaf69823 req-428048fa-4b79-4114-9e66-c97feaf69823 ] Request (ServerGroupTestJSON:test_create_server_with_scheduler_hint_group): 200 GET http://10.180.1.21/compute/v2.1/servers/d536e668-d597-4f8e-8d61-974e072b48c8 0.118s
2024-10-31 10:01:30.566 62830 INFO tempest.lib.common.rest_client [req-c24d18ce-30b1-49d6-8846-d9dfa73e76f6 req-c24d18ce-30b1-49d6-8846-d9dfa73e76f6 ] Request (VolumesTestJSON:setUpClass): 200 GET http://10.180.1.21/compute/v2.1/os-volumes/87e018ab-b924-4a25-85a5-308778e31703 0.098s
2024-10-31 10:01:30.602 62838 INFO tempest.lib.common.rest_client [req-80702f55-af67-4b60-bd4f-bce0f8cd6aca req-80702f55-af67-4b60-bd4f-bce0f8cd6aca ] Request (ServerPasswordTestJSON:setUpClass): 200 GET http://10.180.1.21/compute/v2.1/servers/ed0ec962-3c4e-409f-9332-0a79ca1c6ed3 0.083s
2024-10-31 10:01:30.622 62830 INFO tempest.lib.common.rest_client [req-5d35d449-1acf-40ec-9563-f867596e11b0 req-5d35d449-1acf-40ec-9563-f867596e11b0 ] Request (VolumesTestJSON:test_volume_list): 200 GET http://10.180.1.21/compute/v2.1/os-volumes 0.053s
2024-10-31 10:01:30.677 62862 INFO tempest.lib.common.rest_client [req-1c194fb3-b5e0-46ee-8d93-a9d8eae2f977 req-1c194fb3-b5e0-46ee-8d93-a9d8eae2f977 ] Request (ServersTestBootFromVolume:setUpClass): 200 GET http://10.180.1.21/compute/v2.1/servers/c080105d-4a58-4616-b65c-7bac79dd93c1 0.046s
2024-10-31 10:01:30.679 62830 INFO tempest.lib.common.rest_client [req-0f5de453-a46b-4bae-8baf-470e44447763 req-0f5de453-a46b-4bae-8baf-470e44447763 ] Request (VolumesTestJSON:test_volume_list_param_limit): 200 GET http://10.180.1.21/compute/v2.1/os-volumes?limit=2 0.052s
2024-10-31 10:01:30.683 62862 INFO tempest.common.waiters [-] State transition "BUILD/block_device_mapping" ==> "BUILD/spawning" after 84 second wait
2024-10-31 10:01:30.717 62830 INFO tempest.lib.common.rest_client [req-c808616e-9143-4c8b-bfe9-645dc973916a req-c808616e-9143-4c8b-bfe9-645dc973916a ] Request (VolumesTestJSON:test_volume_list_param_offset_and_limit): 200 GET http://10.180.1.21/compute/v2.1/os-volumes 0.035s
2024-10-31 10:01:30.725 62846 INFO tempest.lib.common.rest_client [req-d639441c-0070-4a5d-85fa-1887cae1749f req-d639441c-0070-4a5d-85fa-1887cae1749f ] Request (InstanceActionsTestJSON:setUpClass): 200 GET http://10.180.1.21/compute/v2.1/servers/1cad8d1b-ed02-424c-879c-2f23d4d90b22 0.046s
2024-10-31 10:01:30.750 62830 INFO tempest.lib.common.rest_client [req-12bba868-aeff-4ba5-8e54-ef70f04a4cd5 req-12bba868-aeff-4ba5-8e54-ef70f04a4cd5 ] Request (VolumesTestJSON:test_volume_list_param_offset_and_limit): 200 GET http://10.180.1.21/compute/v2.1/os-volumes?offset=1&limit=1 0.030s
2024-10-31 10:01:30.779 62880 INFO tempest.lib.common.rest_client [req-2ac91355-be85-4870-bb00-ca07b77c4b65 req-2ac91355-be85-4870-bb00-ca07b77c4b65 ] Request (ServersNegativeTestMultiTenantJSON:setUpClass): 200 GET http://10.180.1.21/compute/v2.1/servers/0b4d919f-552e-489e-bcfb-f6447cf81fb8 0.051s
2024-10-31 10:01:30.785 62830 INFO tempest.lib.common.rest_client [req-97000e72-bd5a-4711-a310-0a4265f2cd30 req-97000e72-bd5a-4711-a310-0a4265f2cd30 ] Request (VolumesTestJSON:test_volume_list_with_detail_param_limit): 200 GET http://10.180.1.21/compute/v2.1/os-volumes/detail?limit=2 0.031s
2024-10-31 10:01:30.818 62830 INFO tempest.lib.common.rest_client [req-a38e5752-d973-4c09-a2de-d87cc841c0c7 req-a38e5752-d973-4c09-a2de-d87cc841c0c7 ] Request (VolumesTestJSON:test_volume_list_with_detail_param_offset_and_limit): 200 GET http://10.180.1.21/compute/v2.1/os-volumes/detail 0.030s
2024-10-31 10:01:30.855 62830 INFO tempest.lib.common.rest_client [req-660bfcaf-5e98-4cc9-b8b2-bc000500c979 req-660bfcaf-5e98-4cc9-b8b2-bc000500c979 ] Request (VolumesTestJSON:test_volume_list_with_detail_param_offset_and_limit): 200 GET http://10.180.1.21/compute/v2.1/os-volumes/detail?offset=1&limit=1 0.034s
2024-10-31 10:01:30.890 62830 INFO tempest.lib.common.rest_client [req-11691289-719b-4944-8fc4-caf378c06797 req-11691289-719b-4944-8fc4-caf378c06797 ] Request (VolumesTestJSON:test_volume_list_with_details): 200 GET http://10.180.1.21/compute/v2.1/os-volumes/detail 0.031s
2024-10-31 10:01:30.937 62830 INFO tempest.lib.common.rest_client [req-490cbb20-8936-4fb0-9939-dfc096d08727 req-490cbb20-8936-4fb0-9939-dfc096d08727 ] Request (VolumesTestJSON:tearDownClass): 202 DELETE http://10.180.1.21/volume/v3/volumes/87e018ab-b924-4a25-85a5-308778e31703 0.041s
2024-10-31 10:01:30.960 62830 INFO tempest.lib.common.rest_client [req-8b637b06-2830-4f41-afe3-f4cf65f8ae1c req-8b637b06-2830-4f41-afe3-f4cf65f8ae1c ] Request (VolumesTestJSON:tearDownClass): 200 GET http://10.180.1.21/volume/v3/volumes/87e018ab-b924-4a25-85a5-308778e31703 0.023s
2024-10-31 10:01:30.989 62824 INFO tempest.lib.common.rest_client [req-d27e1472-5632-45b7-96e7-e0bf44fcc149 req-d27e1472-5632-45b7-96e7-e0bf44fcc149 ] Request (VolumesAdminNegativeTest:test_update_attached_volume_with_nonexistent_volume_in_body): 200 GET http://10.180.1.21/compute/v2.1/servers/53e10c33-0f41-48a2-ac19-c0b34a9a9312 0.053s
2024-10-31 10:01:31.055 62828 INFO tempest.lib.common.rest_client [req-dba4e06a-4776-4ef9-970c-352cb98b3539 req-dba4e06a-4776-4ef9-970c-352cb98b3539 ] Request (ServerShowV247Test:test_update_rebuild_list_server): 200 GET http://10.180.1.21/compute/v2.1/servers/2cf0927d-8d98-4554-92ce-c049e1ea179c 0.055s
2024-10-31 10:01:31.075 62854 INFO tempest.lib.common.rest_client [req-a13854e5-002f-4dae-9a54-406f670d2631 req-a13854e5-002f-4dae-9a54-406f670d2631 ] Request (ServerDiskConfigTestJSON:test_rebuild_server_with_manual_disk_config): 200 GET http://10.180.1.21/compute/v2.1/servers/7504c221-2d27-4dc6-9100-9a2dca2a6036 0.055s
2024-10-31 10:01:31.117 62826 INFO tempest.lib.common.rest_client [req-907d593c-50f5-4f79-beaf-6bb0ff13c96d req-907d593c-50f5-4f79-beaf-6bb0ff13c96d ] Request (ServerActionsTestJSON:setUpClass): 200 GET http://10.180.1.21/compute/v2.1/servers/ae66c3e2-eac8-4239-b5be-64dc0dcf2c04 0.066s
2024-10-31 10:01:31.130 62822 INFO tempest.lib.common.rest_client [req-8179054e-948c-45db-9930-74f15d5c11b4 req-8179054e-948c-45db-9930-74f15d5c11b4 ] Request (ImagesOneServerNegativeTestJSON:setUpClass): 200 GET http://10.180.1.21/compute/v2.1/servers/e883b58a-0fa6-48fd-a8a7-24ead857e6f1 0.048s
2024-10-31 10:01:31.182 62868 INFO tempest.lib.common.rest_client [req-d20495ec-224f-41c8-b3a7-412f1c730ffb req-d20495ec-224f-41c8-b3a7-412f1c730ffb ] Request (TenantUsagesTestJSON:setUpClass): 200 GET http://10.180.1.21/compute/v2.1/servers/aae9ff25-f304-4dbe-824c-b17b3522655c 0.048s
2024-10-31 10:01:31.228 62842 INFO tempest.lib.common.rest_client [req-d096587a-0b82-401f-b93d-c7c08ea907de req-d096587a-0b82-401f-b93d-c7c08ea907de ] Request (ServersTestFqdnHostnames:test_create_server_with_fqdn_name): 200 GET http://10.180.1.21/compute/v2.1/servers/14557f1a-2410-4201-9b91-49d23f18d47a 0.128s
2024-10-31 10:01:31.230 62884 INFO tempest.lib.common.rest_client [req-81dd4ad5-7055-48ee-8c6a-fb1f4d4c7df4 req-81dd4ad5-7055-48ee-8c6a-fb1f4d4c7df4 ] Request (ServerAddressesTestJSON:setUpClass): 200 GET http://10.180.1.21/compute/v2.1/servers/86e3d197-2e8c-4357-ac0a-e1af8e247024 0.085s
2024-10-31 10:01:31.234 62842 INFO tempest.common.waiters [-] State transition "BUILD/networking" ==> "BUILD/spawning" after 85 second wait
2024-10-31 10:01:31.271 62834 INFO tempest.lib.common.rest_client [req-7226bc4e-379c-4f02-a94e-64621b1ea7a8 req-7226bc4e-379c-4f02-a94e-64621b1ea7a8 ] Request (AttachVolumeNegativeTest:test_attach_attached_volume_to_different_server): 200 GET http://10.180.1.21/compute/v2.1/servers/20cb5e74-a42c-4c79-aeea-7b8e658bf1d3 0.082s
2024-10-31 10:01:31.286 62882 INFO tempest.lib.common.rest_client [req-b36b6e0b-efcd-49cb-b4dd-5aa623f2a572 req-b36b6e0b-efcd-49cb-b4dd-5aa623f2a572 ] Request (ServerActionsV293TestJSON:setUpClass): 200 GET http://10.180.1.21/compute/v2.1/servers/f03bdd4b-e75e-4d70-84b3-126d2296994f 0.090s
2024-10-31 10:01:31.334 62852 INFO tempest.lib.common.rest_client [req-851c1bae-8ec6-44a5-9755-41ec31b860b3 req-851c1bae-8ec6-44a5-9755-41ec31b860b3 ] Request (DeleteServersAdminTestJSON:test_delete_server_while_in_error_state): 200 GET http://10.180.1.21/compute/v2.1/servers/29f9e25a-a0b2-4bb8-b59a-3617819d3be5 0.097s
2024-10-31 10:01:31.336 62866 INFO tempest.lib.common.rest_client [req-602d43dd-7d59-4f22-8ce5-28944ec7589d req-602d43dd-7d59-4f22-8ce5-28944ec7589d ] Request (AttachInterfacesUnderV243Test:test_add_remove_fixed_ip): 200 GET http://10.180.1.21/compute/v2.1/servers/0049c4a4-dfc2-4968-8ab1-61c344f32e6d 0.098s
2024-10-31 10:01:31.389 62871 INFO tempest.lib.common.rest_client [req-1684f93e-4105-4c45-a983-b15fba6f6383 req-1684f93e-4105-4c45-a983-b15fba6f6383 ] Request (ServersV294TestFqdnHostnames:setUpClass): 200 GET http://10.180.1.21/compute/v2.1/servers/3695a09f-dffc-4537-ac78-faffd6bdd252 0.098s
2024-10-31 10:01:31.394 62840 INFO tempest.lib.common.rest_client [req-35472c80-d0ec-4478-a41e-1b451a7ad445 req-35472c80-d0ec-4478-a41e-1b451a7ad445 ] Request (ListImageFiltersTestJSON:setUpClass): 200 GET http://10.180.1.21/compute/v2.1/servers/72cdccb7-b398-4833-af82-d64222c83f8d 0.107s
2024-10-31 10:01:31.437 62857 INFO tempest.lib.common.rest_client [req-9edfbca4-6742-4982-8105-3ae21c731ff1 req-9edfbca4-6742-4982-8105-3ae21c731ff1 ] Request (ServerActionsTestOtherB:setUpClass): 200 GET http://10.180.1.21/compute/v2.1/servers/5cd813d1-f778-4c8a-920b-64e92a3b52af 0.089s
2024-10-31 10:01:31.455 62832 INFO tempest.lib.common.rest_client [req-a1e8b447-9391-4023-a018-b5a189d24c62 req-a1e8b447-9391-4023-a018-b5a189d24c62 ] Request (AttachInterfacesTestJSON:test_create_list_show_delete_interfaces_by_fixed_ip): 200 GET http://10.180.1.21/compute/v2.1/servers/424fc272-b4b9-4867-a083-b27abe308f81 0.047s
2024-10-31 10:01:31.503 62874 INFO tempest.lib.common.rest_client [req-f63f5704-1d50-406c-ac20-7c73c1e8108a req-f63f5704-1d50-406c-ac20-7c73c1e8108a ] Request (InstanceActionsNegativeTestJSON:setUpClass): 200 GET http://10.180.1.21/compute/v2.1/servers/2fccf900-e294-4d66-93c5-d1c7570c5d7e 0.045s
2024-10-31 10:01:31.560 62864 INFO tempest.lib.common.rest_client [req-03705f26-8b72-4cd7-beff-abdebe0d1fae req-03705f26-8b72-4cd7-beff-abdebe0d1fae ] Request (InstanceActionsV221TestJSON:test_get_list_deleted_instance_actions): 200 GET http://10.180.1.21/compute/v2.1/servers/a0512ab3-1248-4f38-8ed9-249ba5a2d488 0.049s
2024-10-31 10:01:31.586 62848 INFO tempest.lib.common.rest_client [req-74631ca9-2b6e-4ff7-90f3-6b51d7e92a6c req-74631ca9-2b6e-4ff7-90f3-6b51d7e92a6c ] Request (MigrationsAdminTest:test_resize_server_revert_deleted_flavor): 200 GET http://10.180.1.21/compute/v2.1/servers/3b50dbde-2969-4a4b-ae35-42416342a60b 0.045s
2024-10-31 10:01:31.608 62858 INFO tempest.lib.common.rest_client [req-f2249f10-5e8f-42b2-9af1-5a2db047bbc7 req-f2249f10-5e8f-42b2-9af1-5a2db047bbc7 ] Request (ServerGroupTestJSON:test_create_server_with_scheduler_hint_group): 200 GET http://10.180.1.21/compute/v2.1/servers/d536e668-d597-4f8e-8d61-974e072b48c8 0.045s
2024-10-31 10:01:31.652 62838 INFO tempest.lib.common.rest_client [req-d9216203-4fa5-48b4-92a9-3f6d5cebe9be req-d9216203-4fa5-48b4-92a9-3f6d5cebe9be ] Request (ServerPasswordTestJSON:setUpClass): 200 GET http://10.180.1.21/compute/v2.1/servers/ed0ec962-3c4e-409f-9332-0a79ca1c6ed3 0.044s
2024-10-31 10:01:31.731 62862 INFO tempest.lib.common.rest_client [req-d174c645-7039-4f5e-bb09-f03bba296284 req-d174c645-7039-4f5e-bb09-f03bba296284 ] Request (ServersTestBootFromVolume:setUpClass): 200 GET http://10.180.1.21/compute/v2.1/servers/c080105d-4a58-4616-b65c-7bac79dd93c1 0.046s
2024-10-31 10:01:31.777 62846 INFO tempest.lib.common.rest_client [req-92928d3b-6272-47cd-8997-a954208ec933 req-92928d3b-6272-47cd-8997-a954208ec933 ] Request (InstanceActionsTestJSON:setUpClass): 200 GET http://10.180.1.21/compute/v2.1/servers/1cad8d1b-ed02-424c-879c-2f23d4d90b22 0.045s
2024-10-31 10:01:31.833 62880 INFO tempest.lib.common.rest_client [req-593b7257-00d9-4f8d-b2c4-890bd7089154 req-593b7257-00d9-4f8d-b2c4-890bd7089154 ] Request (ServersNegativeTestMultiTenantJSON:setUpClass): 200 GET http://10.180.1.21/compute/v2.1/servers/0b4d919f-552e-489e-bcfb-f6447cf81fb8 0.046s
2024-10-31 10:01:31.982 62830 INFO tempest.lib.common.rest_client [req-8d7c010f-cd2e-47f8-a129-461865d665e5 req-8d7c010f-cd2e-47f8-a129-461865d665e5 ] Request (VolumesTestJSON:tearDownClass): 404 GET http://10.180.1.21/volume/v3/volumes/87e018ab-b924-4a25-85a5-308778e31703 0.015s
2024-10-31 10:01:32.019 62830 INFO tempest.lib.common.rest_client [req-ffbefb81-2d6f-4330-bcff-3747641f7a5c req-ffbefb81-2d6f-4330-bcff-3747641f7a5c ] Request (VolumesTestJSON:tearDownClass): 202 DELETE http://10.180.1.21/volume/v3/volumes/a4415b59-a79c-4599-994a-15500642434b 0.037s
2024-10-31 10:01:32.044 62830 INFO tempest.lib.common.rest_client [req-69d469bb-defb-42ab-a91f-911cfbe8dbb0 req-69d469bb-defb-42ab-a91f-911cfbe8dbb0 ] Request (VolumesTestJSON:tearDownClass): 200 GET http://10.180.1.21/volume/v3/volumes/a4415b59-a79c-4599-994a-15500642434b 0.024s
2024-10-31 10:01:32.046 62824 INFO tempest.lib.common.rest_client [req-c81cf31e-a4a3-4a81-b8cf-e43d5c3aadc6 req-c81cf31e-a4a3-4a81-b8cf-e43d5c3aadc6 ] Request (VolumesAdminNegativeTest:test_update_attached_volume_with_nonexistent_volume_in_body): 200 GET http://10.180.1.21/compute/v2.1/servers/53e10c33-0f41-48a2-ac19-c0b34a9a9312 0.051s
2024-10-31 10:01:32.125 62828 INFO tempest.lib.common.rest_client [req-20eeafff-d990-4c87-a34e-7e2729e25fa3 req-20eeafff-d990-4c87-a34e-7e2729e25fa3 ] Request (ServerShowV247Test:test_update_rebuild_list_server): 200 GET http://10.180.1.21/compute/v2.1/servers/2cf0927d-8d98-4554-92ce-c049e1ea179c 0.059s
2024-10-31 10:01:32.130 62854 INFO tempest.lib.common.rest_client [req-d1f7ce14-d2a4-49ef-a8b5-b747d8c07a30 req-d1f7ce14-d2a4-49ef-a8b5-b747d8c07a30 ] Request (ServerDiskConfigTestJSON:test_rebuild_server_with_manual_disk_config): 200 GET http://10.180.1.21/compute/v2.1/servers/7504c221-2d27-4dc6-9100-9a2dca2a6036 0.048s
2024-10-31 10:01:32.168 62826 INFO tempest.lib.common.rest_client [req-56e5dfaa-9aad-49c5-922f-2acd9e2a0691 req-56e5dfaa-9aad-49c5-922f-2acd9e2a0691 ] Request (ServerActionsTestJSON:setUpClass): 200 GET http://10.180.1.21/compute/v2.1/servers/ae66c3e2-eac8-4239-b5be-64dc0dcf2c04 0.044s
2024-10-31 10:01:32.183 62822 INFO tempest.lib.common.rest_client [req-d37b15db-8e13-4d38-ad20-3fbd0bbfcb7b req-d37b15db-8e13-4d38-ad20-3fbd0bbfcb7b ] Request (ImagesOneServerNegativeTestJSON:setUpClass): 200 GET http://10.180.1.21/compute/v2.1/servers/e883b58a-0fa6-48fd-a8a7-24ead857e6f1 0.045s
2024-10-31 10:01:32.231 62868 INFO tempest.lib.common.rest_client [req-986fc61a-bbc8-42d5-bc7e-01714f931f3c req-986fc61a-bbc8-42d5-bc7e-01714f931f3c ] Request (TenantUsagesTestJSON:setUpClass): 200 GET http://10.180.1.21/compute/v2.1/servers/aae9ff25-f304-4dbe-824c-b17b3522655c 0.042s
2024-10-31 10:01:32.278 62884 INFO tempest.lib.common.rest_client [req-3390a14f-811b-4af4-96ae-794327d2d5ab req-3390a14f-811b-4af4-96ae-794327d2d5ab ] Request (ServerAddressesTestJSON:setUpClass): 200 GET http://10.180.1.21/compute/v2.1/servers/86e3d197-2e8c-4357-ac0a-e1af8e247024 0.040s
2024-10-31 10:01:32.281 62842 INFO tempest.lib.common.rest_client [req-593984e3-18d6-4e73-9dfb-63faf9be4df9 req-593984e3-18d6-4e73-9dfb-63faf9be4df9 ] Request (ServersTestFqdnHostnames:test_create_server_with_fqdn_name): 200 GET http://10.180.1.21/compute/v2.1/servers/14557f1a-2410-4201-9b91-49d23f18d47a 0.046s
2024-10-31 10:01:32.319 62834 INFO tempest.lib.common.rest_client [req-2e49e328-319d-41e3-a538-70bdc2db5476 req-2e49e328-319d-41e3-a538-70bdc2db5476 ] Request (AttachVolumeNegativeTest:test_attach_attached_volume_to_different_server): 200 GET http://10.180.1.21/compute/v2.1/servers/20cb5e74-a42c-4c79-aeea-7b8e658bf1d3 0.041s
2024-10-31 10:01:32.345 62882 INFO tempest.lib.common.rest_client [req-592a6748-ec6c-4f10-b6ae-38c670a5aebb req-592a6748-ec6c-4f10-b6ae-38c670a5aebb ] Request (ServerActionsV293TestJSON:setUpClass): 200 GET http://10.180.1.21/compute/v2.1/servers/f03bdd4b-e75e-4d70-84b3-126d2296994f 0.049s
2024-10-31 10:01:32.385 62852 INFO tempest.lib.common.rest_client [req-f7c774e8-432a-4a47-b22d-eb530c5599df req-f7c774e8-432a-4a47-b22d-eb530c5599df ] Request (DeleteServersAdminTestJSON:test_delete_server_while_in_error_state): 200 GET http://10.180.1.21/compute/v2.1/servers/29f9e25a-a0b2-4bb8-b59a-3617819d3be5 0.045s
2024-10-31 10:01:32.385 62866 INFO tempest.lib.common.rest_client [req-4a7f254f-303c-49ac-b3db-e44a0766d387 req-4a7f254f-303c-49ac-b3db-e44a0766d387 ] Request (AttachInterfacesUnderV243Test:test_add_remove_fixed_ip): 200 GET http://10.180.1.21/compute/v2.1/servers/0049c4a4-dfc2-4968-8ab1-61c344f32e6d 0.042s
2024-10-31 10:01:32.446 62840 INFO tempest.lib.common.rest_client [req-98996a6b-ca00-46c5-baad-4de34140e5a9 req-98996a6b-ca00-46c5-baad-4de34140e5a9 ] Request (ListImageFiltersTestJSON:setUpClass): 200 GET http://10.180.1.21/compute/v2.1/servers/72cdccb7-b398-4833-af82-d64222c83f8d 0.045s
2024-10-31 10:01:32.447 62871 INFO tempest.lib.common.rest_client [req-3a60b9ff-33ad-4ac7-beb7-3871b07fa5f4 req-3a60b9ff-33ad-4ac7-beb7-3871b07fa5f4 ] Request (ServersV294TestFqdnHostnames:setUpClass): 200 GET http://10.180.1.21/compute/v2.1/servers/3695a09f-dffc-4537-ac78-faffd6bdd252 0.048s
2024-10-31 10:01:32.489 62857 INFO tempest.lib.common.rest_client [req-38ba7f09-5775-424c-9b0b-c84203e8ea48 req-38ba7f09-5775-424c-9b0b-c84203e8ea48 ] Request (ServerActionsTestOtherB:setUpClass): 200 GET http://10.180.1.21/compute/v2.1/servers/5cd813d1-f778-4c8a-920b-64e92a3b52af 0.045s
2024-10-31 10:01:32.514 62832 INFO tempest.lib.common.rest_client [req-8caf9b0f-907a-4bda-9cb4-9cc4b1e9eb56 req-8caf9b0f-907a-4bda-9cb4-9cc4b1e9eb56 ] Request (AttachInterfacesTestJSON:test_create_list_show_delete_interfaces_by_fixed_ip): 200 GET http://10.180.1.21/compute/v2.1/servers/424fc272-b4b9-4867-a083-b27abe308f81 0.051s
2024-10-31 10:01:32.557 62874 INFO tempest.lib.common.rest_client [req-6eaa0db2-2903-4c5a-9049-31630e5b04ac req-6eaa0db2-2903-4c5a-9049-31630e5b04ac ] Request (InstanceActionsNegativeTestJSON:setUpClass): 200 GET http://10.180.1.21/compute/v2.1/servers/2fccf900-e294-4d66-93c5-d1c7570c5d7e 0.047s
2024-10-31 10:01:32.615 62864 INFO tempest.lib.common.rest_client [req-8079778e-4c6b-46f3-a867-2a2dffb8baf1 req-8079778e-4c6b-46f3-a867-2a2dffb8baf1 ] Request (InstanceActionsV221TestJSON:test_get_list_deleted_instance_actions): 200 GET http://10.180.1.21/compute/v2.1/servers/a0512ab3-1248-4f38-8ed9-249ba5a2d488 0.046s
2024-10-31 10:01:32.638 62848 INFO tempest.lib.common.rest_client [req-0ccaa27a-9e9d-40cd-a6b5-484117b2fa27 req-0ccaa27a-9e9d-40cd-a6b5-484117b2fa27 ] Request (MigrationsAdminTest:test_resize_server_revert_deleted_flavor): 200 GET http://10.180.1.21/compute/v2.1/servers/3b50dbde-2969-4a4b-ae35-42416342a60b 0.045s
2024-10-31 10:01:32.657 62858 INFO tempest.lib.common.rest_client [req-fd09eb05-24bb-4655-91a8-10a9e26d9f18 req-fd09eb05-24bb-4655-91a8-10a9e26d9f18 ] Request (ServerGroupTestJSON:test_create_server_with_scheduler_hint_group): 200 GET http://10.180.1.21/compute/v2.1/servers/d536e668-d597-4f8e-8d61-974e072b48c8 0.042s
2024-10-31 10:01:32.712 62838 INFO tempest.lib.common.rest_client [req-92e399f3-3a58-426b-ac16-63b35c282a98 req-92e399f3-3a58-426b-ac16-63b35c282a98 ] Request (ServerPasswordTestJSON:setUpClass): 200 GET http://10.180.1.21/compute/v2.1/servers/ed0ec962-3c4e-409f-9332-0a79ca1c6ed3 0.054s
2024-10-31 10:01:32.784 62862 INFO tempest.lib.common.rest_client [req-021ff819-a082-453c-9dcc-35ccbc425c8a req-021ff819-a082-453c-9dcc-35ccbc425c8a ] Request (ServersTestBootFromVolume:setUpClass): 200 GET http://10.180.1.21/compute/v2.1/servers/c080105d-4a58-4616-b65c-7bac79dd93c1 0.047s
2024-10-31 10:01:32.826 62846 INFO tempest.lib.common.rest_client [req-8595d800-ab19-4911-8d63-a84364d168a0 req-8595d800-ab19-4911-8d63-a84364d168a0 ] Request (InstanceActionsTestJSON:setUpClass): 200 GET http://10.180.1.21/compute/v2.1/servers/1cad8d1b-ed02-424c-879c-2f23d4d90b22 0.044s
2024-10-31 10:01:32.883 62880 INFO tempest.lib.common.rest_client [req-3ff2d56d-606c-4b94-bb85-202de179799c req-3ff2d56d-606c-4b94-bb85-202de179799c ] Request (ServersNegativeTestMultiTenantJSON:setUpClass): 200 GET http://10.180.1.21/compute/v2.1/servers/0b4d919f-552e-489e-bcfb-f6447cf81fb8 0.044s
2024-10-31 10:01:33.063 62830 INFO tempest.lib.common.rest_client [req-51e583ed-f99d-4341-84e8-ecbacfb61fda req-51e583ed-f99d-4341-84e8-ecbacfb61fda ] Request (VolumesTestJSON:tearDownClass): 404 GET http://10.180.1.21/volume/v3/volumes/a4415b59-a79c-4599-994a-15500642434b 0.012s
2024-10-31 10:01:33.091 62830 INFO tempest.lib.common.rest_client [req-fc4c52b8-c2a1-4e95-a084-6a21f2af4eee req-fc4c52b8-c2a1-4e95-a084-6a21f2af4eee ] Request (VolumesTestJSON:tearDownClass): 202 DELETE http://10.180.1.21/volume/v3/volumes/bfcffdaf-9207-46c7-953e-b78198059ea2 0.028s
2024-10-31 10:01:33.105 62824 INFO tempest.lib.common.rest_client [req-81320d85-9b47-4164-b120-b9ab033e31c4 req-81320d85-9b47-4164-b120-b9ab033e31c4 ] Request (VolumesAdminNegativeTest:test_update_attached_volume_with_nonexistent_volume_in_body): 200 GET http://10.180.1.21/compute/v2.1/servers/53e10c33-0f41-48a2-ac19-c0b34a9a9312 0.053s
2024-10-31 10:01:33.115 62830 INFO tempest.lib.common.rest_client [req-afb7724e-6d03-4c06-bee8-f4d4d1700dfd req-afb7724e-6d03-4c06-bee8-f4d4d1700dfd ] Request (VolumesTestJSON:tearDownClass): 200 GET http://10.180.1.21/volume/v3/volumes/bfcffdaf-9207-46c7-953e-b78198059ea2 0.023s
2024-10-31 10:01:33.185 62828 INFO tempest.lib.common.rest_client [req-eedea75c-5798-4b8c-8e3d-2466477e0440 req-eedea75c-5798-4b8c-8e3d-2466477e0440 ] Request (ServerShowV247Test:test_update_rebuild_list_server): 200 GET http://10.180.1.21/compute/v2.1/servers/2cf0927d-8d98-4554-92ce-c049e1ea179c 0.052s
2024-10-31 10:01:33.186 62854 INFO tempest.lib.common.rest_client [req-a04cfa59-3e6c-4c1a-a038-268fe9824273 req-a04cfa59-3e6c-4c1a-a038-268fe9824273 ] Request (ServerDiskConfigTestJSON:test_rebuild_server_with_manual_disk_config): 200 GET http://10.180.1.21/compute/v2.1/servers/7504c221-2d27-4dc6-9100-9a2dca2a6036 0.049s
2024-10-31 10:01:33.228 62826 INFO tempest.lib.common.rest_client [req-5773d321-d12b-469b-bc52-c431ee739c6d req-5773d321-d12b-469b-bc52-c431ee739c6d ] Request (ServerActionsTestJSON:setUpClass): 200 GET http://10.180.1.21/compute/v2.1/servers/ae66c3e2-eac8-4239-b5be-64dc0dcf2c04 0.054s
2024-10-31 10:01:33.238 62822 INFO tempest.lib.common.rest_client [req-f9d42735-7947-494a-80c4-db300311f744 req-f9d42735-7947-494a-80c4-db300311f744 ] Request (ImagesOneServerNegativeTestJSON:setUpClass): 200 GET http://10.180.1.21/compute/v2.1/servers/e883b58a-0fa6-48fd-a8a7-24ead857e6f1 0.049s
2024-10-31 10:01:33.282 62868 INFO tempest.lib.common.rest_client [req-39436893-1f64-4e05-89c1-9cdcbe30358e req-39436893-1f64-4e05-89c1-9cdcbe30358e ] Request (TenantUsagesTestJSON:setUpClass): 200 GET http://10.180.1.21/compute/v2.1/servers/aae9ff25-f304-4dbe-824c-b17b3522655c 0.044s
2024-10-31 10:01:33.332 62884 INFO tempest.lib.common.rest_client [req-af5825fa-84e4-40a2-83b1-6aaf40bb6f4a req-af5825fa-84e4-40a2-83b1-6aaf40bb6f4a ] Request (ServerAddressesTestJSON:setUpClass): 200 GET http://10.180.1.21/compute/v2.1/servers/86e3d197-2e8c-4357-ac0a-e1af8e247024 0.048s
2024-10-31 10:01:33.333 62842 INFO tempest.lib.common.rest_client [req-00932cf2-bdca-47b3-8d5c-14c399ef3ae1 req-00932cf2-bdca-47b3-8d5c-14c399ef3ae1 ] Request (ServersTestFqdnHostnames:test_create_server_with_fqdn_name): 200 GET http://10.180.1.21/compute/v2.1/servers/14557f1a-2410-4201-9b91-49d23f18d47a 0.045s
2024-10-31 10:01:33.377 62834 INFO tempest.lib.common.rest_client [req-04846d01-2f36-4776-a6f7-ffe2ea74abca req-04846d01-2f36-4776-a6f7-ffe2ea74abca ] Request (AttachVolumeNegativeTest:test_attach_attached_volume_to_different_server): 200 GET http://10.180.1.21/compute/v2.1/servers/20cb5e74-a42c-4c79-aeea-7b8e658bf1d3 0.051s
2024-10-31 10:01:33.403 62882 INFO tempest.lib.common.rest_client [req-e63c5899-0840-4879-8799-8c82bbbdc181 req-e63c5899-0840-4879-8799-8c82bbbdc181 ] Request (ServerActionsV293TestJSON:setUpClass): 200 GET http://10.180.1.21/compute/v2.1/servers/f03bdd4b-e75e-4d70-84b3-126d2296994f 0.049s
2024-10-31 10:01:33.436 62866 INFO tempest.lib.common.rest_client [req-392a9eec-cc5b-4444-9fb6-832d0ec1c76f req-392a9eec-cc5b-4444-9fb6-832d0ec1c76f ] Request (AttachInterfacesUnderV243Test:test_add_remove_fixed_ip): 200 GET http://10.180.1.21/compute/v2.1/servers/0049c4a4-dfc2-4968-8ab1-61c344f32e6d 0.044s
2024-10-31 10:01:33.443 62852 INFO tempest.lib.common.rest_client [req-086d5a44-b498-4e43-bc30-2ae7ba1f345b req-086d5a44-b498-4e43-bc30-2ae7ba1f345b ] Request (DeleteServersAdminTestJSON:test_delete_server_while_in_error_state): 200 GET http://10.180.1.21/compute/v2.1/servers/29f9e25a-a0b2-4bb8-b59a-3617819d3be5 0.051s
2024-10-31 10:01:33.497 62840 INFO tempest.lib.common.rest_client [req-1e6cc9b5-5001-4277-b68c-d495d8ce242c req-1e6cc9b5-5001-4277-b68c-d495d8ce242c ] Request (ListImageFiltersTestJSON:setUpClass): 200 GET http://10.180.1.21/compute/v2.1/servers/72cdccb7-b398-4833-af82-d64222c83f8d 0.045s
2024-10-31 10:01:33.511 62871 INFO tempest.lib.common.rest_client [req-cb8d22c8-e6b6-432c-9935-489559571e1b req-cb8d22c8-e6b6-432c-9935-489559571e1b ] Request (ServersV294TestFqdnHostnames:setUpClass): 200 GET http://10.180.1.21/compute/v2.1/servers/3695a09f-dffc-4537-ac78-faffd6bdd252 0.053s
2024-10-31 10:01:33.544 62857 INFO tempest.lib.common.rest_client [req-adebfc4d-153f-4769-8be4-18b341a3b90c req-adebfc4d-153f-4769-8be4-18b341a3b90c ] Request (ServerActionsTestOtherB:setUpClass): 200 GET http://10.180.1.21/compute/v2.1/servers/5cd813d1-f778-4c8a-920b-64e92a3b52af 0.048s
2024-10-31 10:01:33.568 62832 INFO tempest.lib.common.rest_client [req-e68f41a2-7f1f-47b4-bb56-968d5fd73b60 req-e68f41a2-7f1f-47b4-bb56-968d5fd73b60 ] Request (AttachInterfacesTestJSON:test_create_list_show_delete_interfaces_by_fixed_ip): 200 GET http://10.180.1.21/compute/v2.1/servers/424fc272-b4b9-4867-a083-b27abe308f81 0.047s
2024-10-31 10:01:33.608 62874 INFO tempest.lib.common.rest_client [req-9705f781-6643-4817-ae46-c6d3d060bce8 req-9705f781-6643-4817-ae46-c6d3d060bce8 ] Request (InstanceActionsNegativeTestJSON:setUpClass): 200 GET http://10.180.1.21/compute/v2.1/servers/2fccf900-e294-4d66-93c5-d1c7570c5d7e 0.044s
2024-10-31 10:01:33.668 62864 INFO tempest.lib.common.rest_client [req-e4fd4be3-6468-4bd0-bf66-79e302b5b087 req-e4fd4be3-6468-4bd0-bf66-79e302b5b087 ] Request (InstanceActionsV221TestJSON:test_get_list_deleted_instance_actions): 200 GET http://10.180.1.21/compute/v2.1/servers/a0512ab3-1248-4f38-8ed9-249ba5a2d488 0.045s
2024-10-31 10:01:33.690 62848 INFO tempest.lib.common.rest_client [req-97e25508-6e18-490c-9aff-dbcb11b06f23 req-97e25508-6e18-490c-9aff-dbcb11b06f23 ] Request (MigrationsAdminTest:test_resize_server_revert_deleted_flavor): 200 GET http://10.180.1.21/compute/v2.1/servers/3b50dbde-2969-4a4b-ae35-42416342a60b 0.045s
2024-10-31 10:01:33.708 62858 INFO tempest.lib.common.rest_client [req-03a843d5-e837-4463-9e4a-dfff5e151709 req-03a843d5-e837-4463-9e4a-dfff5e151709 ] Request (ServerGroupTestJSON:test_create_server_with_scheduler_hint_group): 200 GET http://10.180.1.21/compute/v2.1/servers/d536e668-d597-4f8e-8d61-974e072b48c8 0.044s
2024-10-31 10:01:33.763 62838 INFO tempest.lib.common.rest_client [req-cefb4fa0-a185-49c9-9f29-115f4cd1fb65 req-cefb4fa0-a185-49c9-9f29-115f4cd1fb65 ] Request (ServerPasswordTestJSON:setUpClass): 200 GET http://10.180.1.21/compute/v2.1/servers/ed0ec962-3c4e-409f-9332-0a79ca1c6ed3 0.043s
2024-10-31 10:01:33.839 62862 INFO tempest.lib.common.rest_client [req-a953c1c2-e8ac-4afa-be12-bc9538ca1387 req-a953c1c2-e8ac-4afa-be12-bc9538ca1387 ] Request (ServersTestBootFromVolume:setUpClass): 200 GET http://10.180.1.21/compute/v2.1/servers/c080105d-4a58-4616-b65c-7bac79dd93c1 0.047s
2024-10-31 10:01:33.877 62846 INFO tempest.lib.common.rest_client [req-abd66134-72a1-4059-aa08-7c4dc307db2c req-abd66134-72a1-4059-aa08-7c4dc307db2c ] Request (InstanceActionsTestJSON:setUpClass): 200 GET http://10.180.1.21/compute/v2.1/servers/1cad8d1b-ed02-424c-879c-2f23d4d90b22 0.043s
2024-10-31 10:01:33.933 62880 INFO tempest.lib.common.rest_client [req-35b3ea57-120a-406b-abc0-352b3bffc38c req-35b3ea57-120a-406b-abc0-352b3bffc38c ] Request (ServersNegativeTestMultiTenantJSON:setUpClass): 200 GET http://10.180.1.21/compute/v2.1/servers/0b4d919f-552e-489e-bcfb-f6447cf81fb8 0.043s
2024-10-31 10:01:34.133 62830 INFO tempest.lib.common.rest_client [req-d6ba1d0f-0b13-4bff-85cb-0ac83b405bac req-d6ba1d0f-0b13-4bff-85cb-0ac83b405bac ] Request (VolumesTestJSON:tearDownClass): 404 GET http://10.180.1.21/volume/v3/volumes/bfcffdaf-9207-46c7-953e-b78198059ea2 0.012s
2024-10-31 10:01:34.161 62824 INFO tempest.lib.common.rest_client [req-d17b50a3-04da-4ae8-898e-955085b792f9 req-d17b50a3-04da-4ae8-898e-955085b792f9 ] Request (VolumesAdminNegativeTest:test_update_attached_volume_with_nonexistent_volume_in_body): 200 GET http://10.180.1.21/compute/v2.1/servers/53e10c33-0f41-48a2-ac19-c0b34a9a9312 0.048s
2024-10-31 10:01:34.235 62830 INFO tempest.lib.common.rest_client [req-3867f7fd-710e-41b5-80a4-05269c80171e req-3867f7fd-710e-41b5-80a4-05269c80171e ] Request (VolumesTestJSON:tearDownClass): 204 DELETE http://10.180.1.21/identity/v3/users/c7597038ddd4446985b56ccfcbea4aa7 0.101s
2024-10-31 10:01:34.235 62830 INFO tempest.lib.common.dynamic_creds [-] Deleting project and security group for project: 28b94296d86e46cc8d573acd1cf6d0e0
2024-10-31 10:01:34.240 62854 INFO tempest.lib.common.rest_client [req-a9d11e41-b324-403a-bfe2-afd2e89282f3 req-a9d11e41-b324-403a-bfe2-afd2e89282f3 ] Request (ServerDiskConfigTestJSON:test_rebuild_server_with_manual_disk_config): 200 GET http://10.180.1.21/compute/v2.1/servers/7504c221-2d27-4dc6-9100-9a2dca2a6036 0.046s
2024-10-31 10:01:34.283 62826 INFO tempest.lib.common.rest_client [req-37e14889-a551-4e9c-93be-847fb3672e87 req-37e14889-a551-4e9c-93be-847fb3672e87 ] Request (ServerActionsTestJSON:setUpClass): 200 GET http://10.180.1.21/compute/v2.1/servers/ae66c3e2-eac8-4239-b5be-64dc0dcf2c04 0.048s
2024-10-31 10:01:34.288 62830 INFO tempest.lib.common.rest_client [req-62b379fd-51d6-4a0a-aafc-2ca745aa77f3 req-62b379fd-51d6-4a0a-aafc-2ca745aa77f3 ] Request (VolumesTestJSON:tearDownClass): 201 POST http://10.180.1.21/identity/v3/auth/tokens 0.053s
2024-10-31 10:01:34.327 62822 INFO tempest.lib.common.rest_client [req-dde89e7b-d0dd-4db6-a66a-99cf71e73312 req-dde89e7b-d0dd-4db6-a66a-99cf71e73312 ] Request (ImagesOneServerNegativeTestJSON:setUpClass): 200 GET http://10.180.1.21/compute/v2.1/servers/e883b58a-0fa6-48fd-a8a7-24ead857e6f1 0.083s
2024-10-31 10:01:34.381 62868 INFO tempest.lib.common.rest_client [req-4225583b-6b82-4668-8835-b6dd9a58f6a9 req-4225583b-6b82-4668-8835-b6dd9a58f6a9 ] Request (TenantUsagesTestJSON:setUpClass): 200 GET http://10.180.1.21/compute/v2.1/servers/aae9ff25-f304-4dbe-824c-b17b3522655c 0.091s
2024-10-31 10:01:34.401 62828 INFO tempest.lib.common.rest_client [req-342daf06-de14-42f2-a583-1480fe6b40fc req-342daf06-de14-42f2-a583-1480fe6b40fc ] Request (ServerShowV247Test:test_update_rebuild_list_server): 200 GET http://10.180.1.21/compute/v2.1/servers/2cf0927d-8d98-4554-92ce-c049e1ea179c 0.207s
2024-10-31 10:01:34.430 62884 INFO tempest.lib.common.rest_client [req-2e060099-583e-4a2f-b989-562672a09d79 req-2e060099-583e-4a2f-b989-562672a09d79 ] Request (ServerAddressesTestJSON:setUpClass): 200 GET http://10.180.1.21/compute/v2.1/servers/86e3d197-2e8c-4357-ac0a-e1af8e247024 0.091s
2024-10-31 10:01:34.447 62842 INFO tempest.lib.common.rest_client [req-f7134b8f-7c3b-40af-956f-ee75180bfde3 req-f7134b8f-7c3b-40af-956f-ee75180bfde3 ] Request (ServersTestFqdnHostnames:test_create_server_with_fqdn_name): 200 GET http://10.180.1.21/compute/v2.1/servers/14557f1a-2410-4201-9b91-49d23f18d47a 0.105s
2024-10-31 10:01:34.476 62834 INFO tempest.lib.common.rest_client [req-6654cac0-63c2-4d3b-a668-e8ebcecede2b req-6654cac0-63c2-4d3b-a668-e8ebcecede2b ] Request (AttachVolumeNegativeTest:test_attach_attached_volume_to_different_server): 200 GET http://10.180.1.21/compute/v2.1/servers/20cb5e74-a42c-4c79-aeea-7b8e658bf1d3 0.092s
2024-10-31 10:01:34.479 62830 INFO tempest.lib.common.rest_client [req-c0d6bfaf-4fb9-4325-bcff-9fcd2dd56051 req-c0d6bfaf-4fb9-4325-bcff-9fcd2dd56051 ] Request (VolumesTestJSON:tearDownClass): 200 GET http://10.180.1.21:9696/networking/v2.0/security-groups?tenant_id=28b94296d86e46cc8d573acd1cf6d0e0&name=default 0.190s
2024-10-31 10:01:34.505 62882 INFO tempest.lib.common.rest_client [req-9405af44-4ffc-4b27-bc3f-6a64af05a8ad req-9405af44-4ffc-4b27-bc3f-6a64af05a8ad ] Request (ServerActionsV293TestJSON:setUpClass): 200 GET http://10.180.1.21/compute/v2.1/servers/f03bdd4b-e75e-4d70-84b3-126d2296994f 0.093s
2024-10-31 10:01:34.526 62866 INFO tempest.lib.common.rest_client [req-be79ea2a-c78c-496b-8b5e-d83eb4cc30ce req-be79ea2a-c78c-496b-8b5e-d83eb4cc30ce ] Request (AttachInterfacesUnderV243Test:test_add_remove_fixed_ip): 200 GET http://10.180.1.21/compute/v2.1/servers/0049c4a4-dfc2-4968-8ab1-61c344f32e6d 0.083s
2024-10-31 10:01:34.553 62852 INFO tempest.lib.common.rest_client [req-6329403c-80cf-4e61-980d-2c93296e687a req-6329403c-80cf-4e61-980d-2c93296e687a ] Request (DeleteServersAdminTestJSON:test_delete_server_while_in_error_state): 200 GET http://10.180.1.21/compute/v2.1/servers/29f9e25a-a0b2-4bb8-b59a-3617819d3be5 0.103s
2024-10-31 10:01:34.559 62852 INFO tempest.common.waiters [-] State transition "BUILD/spawning" ==> "BUILD/scheduling" after 98 second wait
2024-10-31 10:01:34.569 62840 INFO tempest.lib.common.rest_client [req-aea5671a-9c47-4a84-ac79-e623a8e0c67d req-aea5671a-9c47-4a84-ac79-e623a8e0c67d ] Request (ListImageFiltersTestJSON:setUpClass): 200 GET http://10.180.1.21/compute/v2.1/servers/72cdccb7-b398-4833-af82-d64222c83f8d 0.064s
