2024-10-31 10:01:08.290 62882 INFO tempest.lib.common.dynamic_creds [-] Created isolated network resources for: credentials: Credentials: {'domain_id': 'default', 'domain_name': 'Default', 'username': 'tempest-ServerActionsV293TestJSON-1952186505-project-member', 'project_domain_id': 'default', 'project_domain_name': 'Default', 'project_id': 'ecbd6f90e8ee48d29f20d36bf5ba1140', 'project_name': 'tempest-ServerActionsV293TestJSON-1952186505', 'tenant_id': 'ecbd6f90e8ee48d29f20d36bf5ba1140', 'tenant_name': 'tempest-ServerActionsV293TestJSON-1952186505', 'user_domain_id': 'default', 'user_domain_name': 'Default', 'user_id': '3143e277496f4645aaae13efe92d5c41', 'system': None}, Network: {'id': 'ed54a6cb-0efb-4770-90af-c1a1d9b520c8', 'name': 'tempest-ServerActionsV293TestJSON-2047826208-network', 'tenant_id': 'ecbd6f90e8ee48d29f20d36bf5ba1140', 'admin_state_up': True, 'mtu': 8950, 'status': 'ACTIVE', 'subnets': [], 'shared': False, 'project_id': 'ecbd6f90e8ee48d29f20d36bf5ba1140', 'port_security_enabled': True, 'router:external': False, 'provider:network_type': 'vlan', 'provider:physical_network': 'default', 'provider:segmentation_id': 959, 'availability_zone_hints': [], 'availability_zones': [], 'ipv4_address_scope': None, 'ipv6_address_scope': None, 'description': '', 'tags': [], 'created_at': '2024-10-31T10:01:04Z', 'updated_at': '2024-10-31T10:01:04Z', 'revision_number': 1}, Subnet: {'id': '8239a4d2-3093-4c84-a3ef-c94d088f0d8c', 'name': 'tempest-ServerActionsV293TestJSON-2047826208-subnet', 'tenant_id': 'ecbd6f90e8ee48d29f20d36bf5ba1140', 'network_id': 'ed54a6cb-0efb-4770-90af-c1a1d9b520c8', 'ip_version': 4, 'subnetpool_id': None, 'enable_dhcp': True, 'ipv6_ra_mode': None, 'ipv6_address_mode': None, 'gateway_ip': '192.168.128.1', 'cidr': '192.168.128.0/28', 'allocation_pools': [{'start': '192.168.128.2', 'end': '192.168.128.14'}], 'host_routes': [], 'dns_nameservers': [], 'description': '', 'router:external': False, 'service_types': [], 'tags': [], 'created_at': '2024-10-31T10:01:04Z', 'updated_at': '2024-10-31T10:01:04Z', 'revision_number': 0, 'project_id': 'ecbd6f90e8ee48d29f20d36bf5ba1140'}, Router: {'id': '67ced4a1-d97e-4078-b191-12606dd86a2f', 'name': 'tempest-ServerActionsV293TestJSON-2047826208-router', 'tenant_id': 'ecbd6f90e8ee48d29f20d36bf5ba1140', 'admin_state_up': True, 'status': 'ACTIVE', 'external_gateway_info': {'network_id': '1b6f4eb0-9755-4e26-9ad3-b0b952044b77', 'external_fixed_ips': [{'subnet_id': 'ad72b6df-5e43-4672-81f0-1d7c8c338b1a', 'ip_address': '10.180.180.189'}], 'enable_snat': True}, 'description': '', 'availability_zones': [], 'distributed': False, 'ha': False, 'availability_zone_hints': [], 'routes': [], 'flavor_id': None, 'tags': [], 'created_at': '2024-10-31T10:01:04Z', 'updated_at': '2024-10-31T10:01:05Z', 'revision_number': 2, 'project_id': 'ecbd6f90e8ee48d29f20d36bf5ba1140'}
2024-10-31 10:01:08.305 62840 INFO tempest.lib.common.rest_client [req-792ac7d2-30a1-425c-b098-d06cf846e9cf req-792ac7d2-30a1-425c-b098-d06cf846e9cf ] Request (ListImageFiltersTestJSON:setUpClass): 200 GET http://10.180.1.21/compute/v2.1/servers/72cdccb7-b398-4833-af82-d64222c83f8d 0.085s
2024-10-31 10:01:08.327 62872 INFO tempest.lib.common.rest_client [req-692c63bb-dc2e-4350-a001-cd528088c51a req-692c63bb-dc2e-4350-a001-cd528088c51a ] Request (ServerShowV257Test:tearDownClass): 201 POST http://10.180.1.21/identity/v3/auth/tokens 0.061s
2024-10-31 10:01:08.361 62874 INFO tempest.lib.common.rest_client [req-b96b7b97-e026-44c1-95b2-882f6f9e7e25 req-b96b7b97-e026-44c1-95b2-882f6f9e7e25 ] Request (VolumesAssistedSnapshotsTest:tearDownClass): 204 DELETE http://10.180.1.21:9696/networking/v2.0/networks/9d03c9a0-5be4-4511-984b-4fda6111a8ff 0.397s
2024-10-31 10:01:08.362 62871 INFO tempest.lib.common.rest_client [req-21c84992-b01e-44b6-8232-47f3b96aa6c7 req-21c84992-b01e-44b6-8232-47f3b96aa6c7 ] Request (ServersV294TestFqdnHostnames:setUpClass): 200 GET http://10.180.1.21/compute/v2.1/servers/3695a09f-dffc-4537-ac78-faffd6bdd252 0.091s
2024-10-31 10:01:08.404 62882 INFO tempest.lib.common.rest_client [req-bc73ad19-f7c3-44c5-aca5-b08aa5033c4c req-bc73ad19-f7c3-44c5-aca5-b08aa5033c4c ] Request (ServerActionsV293TestJSON:setUpClass): 201 POST http://10.180.1.21/identity/v3/auth/tokens 0.106s
2024-10-31 10:01:08.414 62876 INFO tempest.lib.common.rest_client [req-208464f1-38a8-4e8b-9b61-4d6cac4dd5a8 req-208464f1-38a8-4e8b-9b61-4d6cac4dd5a8 ] Request (ServerMetadataNegativeTestJSON:tearDownClass): 204 DELETE http://10.180.1.21/identity/v3/users/009de68f3d9d4522b5ff93c78ae35a47 0.123s
2024-10-31 10:01:08.414 62876 INFO tempest.lib.common.dynamic_creds [-] Deleting project and security group for project: fb0e3bce48434983a36a44fce01f9078
2024-10-31 10:01:08.456 62866 INFO tempest.lib.common.rest_client [req-e56c2ffc-2108-4a08-8d3e-528b509a68ca req-e56c2ffc-2108-4a08-8d3e-528b509a68ca ] Request (ServersAdmin275Test:tearDownClass): 200 GET http://10.180.1.21/compute/v2.1/servers/dd387320-7101-440c-80bc-a7d19a654df8 0.072s
2024-10-31 10:01:08.491 62834 INFO tempest.lib.common.rest_client [req-03ed56d5-e403-4889-88f4-b1e2386e3e1f req-03ed56d5-e403-4889-88f4-b1e2386e3e1f ] Request (FlavorsV2NegativeTest:test_boot_with_low_ram): 400 POST http://10.180.1.21/compute/v2.1/servers 0.207s
2024-10-31 10:01:08.498 62876 INFO tempest.lib.common.rest_client [req-f6b58fd4-b283-4675-87f6-c58c0bf1089b req-f6b58fd4-b283-4675-87f6-c58c0bf1089b ] Request (ServerMetadataNegativeTestJSON:tearDownClass): 200 GET http://10.180.1.21:9696/networking/v2.0/security-groups?tenant_id=fb0e3bce48434983a36a44fce01f9078&name=default 0.081s
2024-10-31 10:01:08.518 62848 INFO tempest.lib.common.rest_client [req-96e30cc8-80fa-4857-a344-c39e3c8537d7 req-96e30cc8-80fa-4857-a344-c39e3c8537d7 ] Request (MigrationsAdminTest:test_resize_server_revert_deleted_flavor): 200 GET http://10.180.1.21/compute/v2.1/servers/3b50dbde-2969-4a4b-ae35-42416342a60b 0.130s
2024-10-31 10:01:08.552 62834 INFO tempest.lib.common.rest_client [req-ee72831a-0112-4ea4-8d35-55142b91351d req-ee72831a-0112-4ea4-8d35-55142b91351d ] Request (FlavorsV2NegativeTest:_run_cleanups): 204 DELETE http://10.180.1.21/image/v2/images/c6116f44-f235-4017-9ce4-254bf81d16bd 0.060s
2024-10-31 10:01:08.573 62832 INFO tempest.lib.common.rest_client [req-b1ad9199-8976-4f2a-9c3f-b75181cbcdca req-b1ad9199-8976-4f2a-9c3f-b75181cbcdca ] Request (AttachInterfacesTestJSON:test_create_list_show_delete_interfaces_by_fixed_ip): 200 GET http://10.180.1.21/compute/v2.1/servers/424fc272-b4b9-4867-a083-b27abe308f81 0.141s
2024-10-31 10:01:08.613 62834 INFO tempest.lib.common.rest_client [req-8a17f1b7-d01c-4c9c-a8fa-b4950a5a7db6 req-8a17f1b7-d01c-4c9c-a8fa-b4950a5a7db6 ] Request (FlavorsV2NegativeTest:tearDownClass): 204 DELETE http://10.180.1.21/identity/v3/users/34362d7b94df4abdb8f4101d3a6cdeac 0.060s
2024-10-31 10:01:08.613 62834 INFO tempest.lib.common.dynamic_creds [-] Deleting project and security group for project: 6c199207d1034ee8a595fcf87d9099b8
2024-10-31 10:01:08.624 62882 INFO tempest.lib.common.rest_client [req-81695304-32be-4266-81b3-f2afa55c75ac req-81695304-32be-4266-81b3-f2afa55c75ac ] Request (ServerActionsV293TestJSON:setUpClass): 201 POST http://10.180.1.21/compute/v2.1/os-keypairs 0.218s
2024-10-31 10:01:08.628 62876 INFO tempest.lib.common.rest_client [req-67f84533-af65-42c9-b80a-187b0a58ac80 req-67f84533-af65-42c9-b80a-187b0a58ac80 ] Request (ServerMetadataNegativeTestJSON:tearDownClass): 204 DELETE http://10.180.1.21:9696/networking/v2.0/security-groups/d4644a4d-7ec4-491d-83ad-189b5a938a14 0.129s
2024-10-31 10:01:08.634 62864 INFO tempest.lib.common.rest_client [req-34dc810e-0305-47ec-9a9d-6b4abd72427f req-34dc810e-0305-47ec-9a9d-6b4abd72427f ] Request (ImagesNegativeTestJSON:test_create_image_from_deleted_server): 200 GET http://10.180.1.21/compute/v2.1/servers/b7686890-0ee7-4c5e-85f5-90a5c5241950 0.181s
2024-10-31 10:01:08.664 62872 INFO tempest.lib.common.rest_client [req-ac634335-6a94-403a-848c-06489e844782 req-ac634335-6a94-403a-848c-06489e844782 ] Request (ServerShowV257Test:tearDownClass): 200 GET http://10.180.1.21:9696/networking/v2.0/security-groups?tenant_id=04f73661b7d24132bf6a5bc88543ee27&name=default 0.337s
2024-10-31 10:01:08.672 62834 INFO tempest.lib.common.rest_client [req-3e9ed110-0aa3-449f-8fad-b268ef83e485 req-3e9ed110-0aa3-449f-8fad-b268ef83e485 ] Request (FlavorsV2NegativeTest:tearDownClass): 201 POST http://10.180.1.21/identity/v3/auth/tokens 0.059s
2024-10-31 10:01:08.702 62838 INFO tempest.lib.common.rest_client [req-c3bddff9-b5be-494f-8c52-b48ad34b19e2 req-c3bddff9-b5be-494f-8c52-b48ad34b19e2 ] Request (ServerPasswordTestJSON:setUpClass): 200 GET http://10.180.1.21/compute/v2.1/servers/ed0ec962-3c4e-409f-9332-0a79ca1c6ed3 0.224s
2024-10-31 10:01:08.712 62862 INFO tempest.lib.common.rest_client [req-91121422-05ed-4f6e-86d2-251abc672c1e req-91121422-05ed-4f6e-86d2-251abc672c1e ] Request (ServersTestBootFromVolume:setUpClass): 200 GET http://10.180.1.21/compute/v2.1/servers/c080105d-4a58-4616-b65c-7bac79dd93c1 0.172s
2024-10-31 10:01:08.746 62876 INFO tempest.lib.common.rest_client [req-e1a55fd0-61a4-452a-b9c9-af5cb684bced req-e1a55fd0-61a4-452a-b9c9-af5cb684bced ] Request (ServerMetadataNegativeTestJSON:tearDownClass): 204 DELETE http://10.180.1.21/identity/v3/projects/fb0e3bce48434983a36a44fce01f9078 0.118s
2024-10-31 10:01:08.750 62876 INFO tempest.test [-] raised in AttachVolumeMultiAttachTest.setUpClass. Invoking tearDownClass.
2024-10-31 10:01:08.762 62880 INFO tempest.lib.common.rest_client [req-4ad8c2ff-4cf0-40f1-922e-31febe54c929 req-4ad8c2ff-4cf0-40f1-922e-31febe54c929 ] Request (ServersNegativeTestMultiTenantJSON:setUpClass): 200 GET http://10.180.1.21/compute/v2.1/servers/0b4d919f-552e-489e-bcfb-f6447cf81fb8 0.182s
2024-10-31 10:01:08.766 62872 INFO tempest.lib.common.rest_client [req-5deafa2a-ecd5-4daf-83bc-560f65fe4589 req-5deafa2a-ecd5-4daf-83bc-560f65fe4589 ] Request (ServerShowV257Test:tearDownClass): 204 DELETE http://10.180.1.21:9696/networking/v2.0/security-groups/4564c190-3cbe-4c2e-a132-1718a9532cbe 0.101s
2024-10-31 10:01:08.782 62854 INFO tempest.lib.common.rest_client [req-d9388af5-4972-4169-82fa-e24c2026a651 req-d9388af5-4972-4169-82fa-e24c2026a651 ] Request (ServerDiskConfigTestJSON:test_rebuild_server_with_auto_disk_config): 200 GET http://10.180.1.21/compute/v2.1/servers/a8af7330-6454-439c-870b-73d1637b6438 0.174s
2024-10-31 10:01:08.815 62846 INFO tempest.lib.common.rest_client [req-02ac40c6-a32d-4a7a-8c0c-ea2c68418e65 req-02ac40c6-a32d-4a7a-8c0c-ea2c68418e65 ] Request (InstanceActionsTestJSON:setUpClass): 200 GET http://10.180.1.21/compute/v2.1/servers/1cad8d1b-ed02-424c-879c-2f23d4d90b22 0.180s
2024-10-31 10:01:08.851 62882 INFO tempest.lib.common.rest_client [req-60041ecf-42ea-4be8-8699-d874f447f654 req-60041ecf-42ea-4be8-8699-d874f447f654 ] Request (ServerActionsV293TestJSON:setUpClass): 201 POST http://10.180.1.21:9696/networking/v2.0/security-groups 0.225s
2024-10-31 10:01:08.874 62828 INFO tempest.lib.common.rest_client [req-484b8255-2178-423e-a7b1-c87155389c78 req-484b8255-2178-423e-a7b1-c87155389c78 ] Request (ServerShowV247Test:test_update_rebuild_list_server): 200 GET http://10.180.1.21/compute/v2.1/servers/2cf0927d-8d98-4554-92ce-c049e1ea179c 0.149s
2024-10-31 10:01:08.875 62872 INFO tempest.lib.common.rest_client [req-4d4a308d-f1f8-42b2-8764-6935c31b8ed1 req-4d4a308d-f1f8-42b2-8764-6935c31b8ed1 ] Request (ServerShowV257Test:tearDownClass): 204 DELETE http://10.180.1.21/identity/v3/projects/04f73661b7d24132bf6a5bc88543ee27 0.108s
2024-10-31 10:01:08.876 62872 INFO tempest.test [-] raised in ComputeNetworksTest.setUpClass. Invoking tearDownClass.
2024-10-31 10:01:08.894 62824 INFO tempest.lib.common.rest_client [req-9a13c67a-5346-41b0-9dc0-abac65c04370 req-9a13c67a-5346-41b0-9dc0-abac65c04370 ] Request (VolumesAdminNegativeTest:test_update_attached_volume_with_nonexistent_volume_in_body): 200 GET http://10.180.1.21/compute/v2.1/servers/53e10c33-0f41-48a2-ac19-c0b34a9a9312 0.113s
2024-10-31 10:01:08.928 62826 INFO tempest.lib.common.rest_client [req-14f23e7b-8460-4831-869f-73df318093ea req-14f23e7b-8460-4831-869f-73df318093ea ] Request (ServerActionsTestJSON:setUpClass): 200 GET http://10.180.1.21/compute/v2.1/servers/ae66c3e2-eac8-4239-b5be-64dc0dcf2c04 0.086s
2024-10-31 10:01:08.961 62842 INFO tempest.lib.common.rest_client [req-3e4c1272-cd67-49bd-8a6b-9e71a14203f2 req-3e4c1272-cd67-49bd-8a6b-9e71a14203f2 ] Request (ServersTestFqdnHostnames:test_create_server_with_fqdn_name): 200 GET http://10.180.1.21/compute/v2.1/servers/14557f1a-2410-4201-9b91-49d23f18d47a 0.088s
2024-10-31 10:01:08.985 62822 INFO tempest.lib.common.rest_client [req-1d80059f-c718-4332-82af-ea31a950243d req-1d80059f-c718-4332-82af-ea31a950243d ] Request (ImagesOneServerNegativeTestJSON:setUpClass): 200 GET http://10.180.1.21/compute/v2.1/servers/e883b58a-0fa6-48fd-a8a7-24ead857e6f1 0.084s
2024-10-31 10:01:09.035 62868 INFO tempest.lib.common.rest_client [req-1a67e001-86ff-4204-bdb0-0ef602e502bc req-1a67e001-86ff-4204-bdb0-0ef602e502bc ] Request (TenantUsagesTestJSON:setUpClass): 200 GET http://10.180.1.21/compute/v2.1/servers/aae9ff25-f304-4dbe-824c-b17b3522655c 0.104s
2024-10-31 10:01:09.054 62884 INFO tempest.lib.common.rest_client [req-c1ce411b-52c6-4cb3-9f6a-0136b7f670f9 req-c1ce411b-52c6-4cb3-9f6a-0136b7f670f9 ] Request (ServerAddressesTestJSON:setUpClass): 200 GET http://10.180.1.21/compute/v2.1/servers/86e3d197-2e8c-4357-ac0a-e1af8e247024 0.102s
2024-10-31 10:01:09.057 62834 INFO tempest.lib.common.rest_client [req-0734bac0-22f5-4a3e-8047-10605bc9cd29 req-0734bac0-22f5-4a3e-8047-10605bc9cd29 ] Request (FlavorsV2NegativeTest:tearDownClass): 200 GET http://10.180.1.21:9696/networking/v2.0/security-groups?tenant_id=6c199207d1034ee8a595fcf87d9099b8&name=default 0.384s
2024-10-31 10:01:09.059 62882 INFO tempest.lib.common.rest_client [req-ade42194-1eaf-4f14-85e4-7a8e95242cc5 req-ade42194-1eaf-4f14-85e4-7a8e95242cc5 ] Request (ServerActionsV293TestJSON:setUpClass): 201 POST http://10.180.1.21:9696/networking/v2.0/security-group-rules 0.207s
2024-10-31 10:01:09.095 62860 INFO tempest.lib.common.rest_client [req-60afc226-031d-4b9c-a849-8c55f33c5e6f req-60afc226-031d-4b9c-a849-8c55f33c5e6f ] Request (ServerAddressesNegativeTestJSON:setUpClass): 200 GET http://10.180.1.21/compute/v2.1/servers/6f2ca381-b4a3-47ce-b135-dbceb7e44d24 0.087s
2024-10-31 10:01:09.153 62852 INFO tempest.lib.common.rest_client [req-9ca9083b-7853-43c1-8866-62bd1bd15f6f req-9ca9083b-7853-43c1-8866-62bd1bd15f6f ] Request (DeleteServersAdminTestJSON:test_delete_server_while_in_error_state): 200 GET http://10.180.1.21/compute/v2.1/servers/29f9e25a-a0b2-4bb8-b59a-3617819d3be5 0.071s
2024-10-31 10:01:09.156 62830 INFO tempest.lib.common.rest_client [req-867d1ab5-334b-416c-bac3-263ec6a6ebbe req-867d1ab5-334b-416c-bac3-263ec6a6ebbe ] Request (ServerMetadataTestJSON:setUpClass): 200 GET http://10.180.1.21/compute/v2.1/servers/92080abc-eb47-439b-b702-d226666fa155 0.078s
2024-10-31 10:01:09.180 62834 INFO tempest.lib.common.rest_client [req-6b4fb514-0a30-437f-99e0-05a7e9b82b21 req-6b4fb514-0a30-437f-99e0-05a7e9b82b21 ] Request (FlavorsV2NegativeTest:tearDownClass): 204 DELETE http://10.180.1.21:9696/networking/v2.0/security-groups/fb4c9f94-f478-4da1-9de1-7da06b6346c3 0.122s
2024-10-31 10:01:09.220 62882 INFO tempest.lib.common.rest_client [req-c1f731e1-f73c-46e3-b51f-95cdc5ceb009 req-c1f731e1-f73c-46e3-b51f-95cdc5ceb009 ] Request (ServerActionsV293TestJSON:setUpClass): 201 POST http://10.180.1.21:9696/networking/v2.0/security-group-rules 0.160s
2024-10-31 10:01:09.238 62858 INFO tempest.lib.common.rest_client [req-0c4635f0-6b6b-467c-9fba-9607e8e642b0 req-0c4635f0-6b6b-467c-9fba-9607e8e642b0 ] Request (FloatingIPsAssociationNegativeTestJSON:setUpClass): 200 GET http://10.180.1.21/compute/v2.1/servers/5177b4e2-e990-47e6-9f2b-156ca0ee8387 0.056s
2024-10-31 10:01:09.296 62834 INFO tempest.lib.common.rest_client [req-4bd913cd-ce77-4c08-9ac4-f09ae6c6a438 req-4bd913cd-ce77-4c08-9ac4-f09ae6c6a438 ] Request (FlavorsV2NegativeTest:tearDownClass): 204 DELETE http://10.180.1.21/identity/v3/projects/6c199207d1034ee8a595fcf87d9099b8 0.115s
2024-10-31 10:01:09.361 62834 INFO tempest.lib.common.rest_client [req-be2469eb-cd96-4133-a575-0573c0d62358 req-be2469eb-cd96-4133-a575-0573c0d62358 ] Request (ImagesMetadataTestJSON:setUpClass): 201 POST http://10.180.1.21/identity/v3/auth/tokens 0.063s
2024-10-31 10:01:09.374 62840 INFO tempest.lib.common.rest_client [req-71713db3-43b5-4745-a963-b68550003d9c req-71713db3-43b5-4745-a963-b68550003d9c ] Request (ListImageFiltersTestJSON:setUpClass): 200 GET http://10.180.1.21/compute/v2.1/servers/72cdccb7-b398-4833-af82-d64222c83f8d 0.058s
2024-10-31 10:01:09.395 62834 INFO tempest.lib.common.rest_client [req-4dbcf89c-7b3d-4997-818b-a087a7d75179 req-4dbcf89c-7b3d-4997-818b-a087a7d75179 ] Request (ImagesMetadataTestJSON:setUpClass): 201 POST http://10.180.1.21/identity/v3/auth/tokens 0.030s
2024-10-31 10:01:09.419 62834 INFO tempest.lib.common.rest_client [req-f561eb83-3be3-4dda-a074-3b8e4cf6fa12 req-f561eb83-3be3-4dda-a074-3b8e4cf6fa12 ] Request (ImagesMetadataTestJSON:setUpClass): 200 GET http://10.180.1.21/identity/v3/domains?name=Default 0.023s
2024-10-31 10:01:09.431 62871 INFO tempest.lib.common.rest_client [req-c4f3eb87-76bd-4e22-b388-aec43751603e req-c4f3eb87-76bd-4e22-b388-aec43751603e ] Request (ServersV294TestFqdnHostnames:setUpClass): 200 GET http://10.180.1.21/compute/v2.1/servers/3695a09f-dffc-4537-ac78-faffd6bdd252 0.058s
2024-10-31 10:01:09.451 62857 INFO tempest.lib.common.rest_client [req-98c5dfde-8e4f-4aa5-b34a-47faf6c53c8d req-98c5dfde-8e4f-4aa5-b34a-47faf6c53c8d ] Request (ServerActionsTestOtherB:setUpClass): 200 GET http://10.180.1.21/compute/v2.1/servers/5cd813d1-f778-4c8a-920b-64e92a3b52af 0.216s
2024-10-31 10:01:09.455 62834 INFO tempest.lib.common.rest_client [req-1b12a73b-472d-44e4-8c26-484aed782a19 req-1b12a73b-472d-44e4-8c26-484aed782a19 ] Request (ImagesMetadataTestJSON:setUpClass): 201 POST http://10.180.1.21/identity/v3/projects 0.036s
2024-10-31 10:01:09.515 62834 INFO tempest.lib.common.rest_client [req-45abf90a-3118-4020-8038-8ccfe1c2cc85 req-45abf90a-3118-4020-8038-8ccfe1c2cc85 ] Request (ImagesMetadataTestJSON:setUpClass): 201 POST http://10.180.1.21/identity/v3/users 0.059s
2024-10-31 10:01:09.532 62834 INFO tempest.lib.common.rest_client [req-247e9558-a8d9-4dcc-bf5a-aabc3bec72a7 req-247e9558-a8d9-4dcc-bf5a-aabc3bec72a7 ] Request (ImagesMetadataTestJSON:setUpClass): 200 GET http://10.180.1.21/identity/v3/roles 0.017s
2024-10-31 10:01:09.539 62866 INFO tempest.lib.common.rest_client [req-1284f249-ea9d-4919-9664-4e8107f603d9 req-1284f249-ea9d-4919-9664-4e8107f603d9 ] Request (ServersAdmin275Test:tearDownClass): 200 GET http://10.180.1.21/compute/v2.1/servers/dd387320-7101-440c-80bc-a7d19a654df8 0.068s
2024-10-31 10:01:09.563 62834 INFO tempest.lib.common.rest_client [req-dfdbfa97-e1b9-460f-bd32-94b064bf22cb req-dfdbfa97-e1b9-460f-bd32-94b064bf22cb ] Request (ImagesMetadataTestJSON:setUpClass): 204 PUT http://10.180.1.21/identity/v3/projects/75fc0ee712af44e18b5dc6cbb5ff0be6/users/2617d318604d4c79a3fab4ca76ac4c62/roles/58834a667aff4859a21f0c75f4ac2b2b 0.030s
2024-10-31 10:01:09.563 62834 INFO tempest.lib.common.dynamic_creds [-] Dynamic test user 2617d318604d4c79a3fab4ca76ac4c62 is created with scope project and roles: ['member']
2024-10-31 10:01:09.563 62834 INFO tempest.lib.common.dynamic_creds [-] Acquired dynamic creds: credentials: Credentials: {'domain_id': 'default', 'domain_name': 'Default', 'username': 'tempest-ImagesMetadataTestJSON-13749670-project-member', 'project_domain_id': 'default', 'project_domain_name': 'Default', 'project_id': '75fc0ee712af44e18b5dc6cbb5ff0be6', 'project_name': 'tempest-ImagesMetadataTestJSON-13749670', 'tenant_id': '75fc0ee712af44e18b5dc6cbb5ff0be6', 'tenant_name': 'tempest-ImagesMetadataTestJSON-13749670', 'user_domain_id': 'default', 'user_domain_name': 'Default', 'user_id': '2617d318604d4c79a3fab4ca76ac4c62', 'system': None}, Network: None, Subnet: None, Router: None
2024-10-31 10:01:09.564 62834 INFO tempest.lib.common.dynamic_creds [-] Created isolated network resources for: credentials: Credentials: {'domain_id': 'default', 'domain_name': 'Default', 'username': 'tempest-ImagesMetadataTestJSON-13749670-project-member', 'project_domain_id': 'default', 'project_domain_name': 'Default', 'project_id': '75fc0ee712af44e18b5dc6cbb5ff0be6', 'project_name': 'tempest-ImagesMetadataTestJSON-13749670', 'tenant_id': '75fc0ee712af44e18b5dc6cbb5ff0be6', 'tenant_name': 'tempest-ImagesMetadataTestJSON-13749670', 'user_domain_id': 'default', 'user_domain_name': 'Default', 'user_id': '2617d318604d4c79a3fab4ca76ac4c62', 'system': None}, Network: None, Subnet: None, Router: None
2024-10-31 10:01:09.588 62848 INFO tempest.lib.common.rest_client [req-d416174f-3c47-4c14-a3ba-082f446618ef req-d416174f-3c47-4c14-a3ba-082f446618ef ] Request (MigrationsAdminTest:test_resize_server_revert_deleted_flavor): 200 GET http://10.180.1.21/compute/v2.1/servers/3b50dbde-2969-4a4b-ae35-42416342a60b 0.064s
2024-10-31 10:01:09.635 62832 INFO tempest.lib.common.rest_client [req-19dc1de0-2779-468d-911f-4b7922a5468e req-19dc1de0-2779-468d-911f-4b7922a5468e ] Request (AttachInterfacesTestJSON:test_create_list_show_delete_interfaces_by_fixed_ip): 200 GET http://10.180.1.21/compute/v2.1/servers/424fc272-b4b9-4867-a083-b27abe308f81 0.055s
2024-10-31 10:01:09.647 62834 INFO tempest.lib.common.rest_client [req-8d6fe360-0284-4475-b44f-c0edab782a99 req-8d6fe360-0284-4475-b44f-c0edab782a99 ] Request (ImagesMetadataTestJSON:setUpClass): 201 POST http://10.180.1.21/identity/v3/auth/tokens 0.080s
2024-10-31 10:01:09.659 62874 INFO tempest.lib.common.rest_client [req-9b1802f4-0b86-43ea-a1c4-c41ac36b1b1b req-9b1802f4-0b86-43ea-a1c4-c41ac36b1b1b ] Request (VolumesAssistedSnapshotsTest:tearDownClass): 200 PUT http://10.180.1.21:9696/networking/v2.0/routers/be5295f4-d9b4-46da-b117-8392181dba72/remove_router_interface 1.298s
2024-10-31 10:01:09.720 62864 INFO tempest.lib.common.rest_client [req-eabfa4f3-724e-4719-b939-2aa96b0ff453 req-eabfa4f3-724e-4719-b939-2aa96b0ff453 ] Request (ImagesNegativeTestJSON:test_create_image_from_deleted_server): 200 GET http://10.180.1.21/compute/v2.1/servers/b7686890-0ee7-4c5e-85f5-90a5c5241950 0.074s
2024-10-31 10:01:09.773 62838 INFO tempest.lib.common.rest_client [req-1f2fd1ae-9174-4b34-aba8-8ac7a969aa26 req-1f2fd1ae-9174-4b34-aba8-8ac7a969aa26 ] Request (ServerPasswordTestJSON:setUpClass): 200 GET http://10.180.1.21/compute/v2.1/servers/ed0ec962-3c4e-409f-9332-0a79ca1c6ed3 0.061s
2024-10-31 10:01:09.813 62862 INFO tempest.lib.common.rest_client [req-cd86f528-d40c-48c9-adf2-c22ab5ca6b9b req-cd86f528-d40c-48c9-adf2-c22ab5ca6b9b ] Request (ServersTestBootFromVolume:setUpClass): 200 GET http://10.180.1.21/compute/v2.1/servers/c080105d-4a58-4616-b65c-7bac79dd93c1 0.090s
2024-10-31 10:01:09.828 62880 INFO tempest.lib.common.rest_client [req-c147741d-3afe-4ede-bd62-ea9c882faead req-c147741d-3afe-4ede-bd62-ea9c882faead ] Request (ServersNegativeTestMultiTenantJSON:setUpClass): 200 GET http://10.180.1.21/compute/v2.1/servers/0b4d919f-552e-489e-bcfb-f6447cf81fb8 0.057s
2024-10-31 10:01:09.880 62846 INFO tempest.lib.common.rest_client [req-e4c10e7c-96e8-4278-b416-a4b92b89bc09 req-e4c10e7c-96e8-4278-b416-a4b92b89bc09 ] Request (InstanceActionsTestJSON:setUpClass): 200 GET http://10.180.1.21/compute/v2.1/servers/1cad8d1b-ed02-424c-879c-2f23d4d90b22 0.054s
2024-10-31 10:01:09.886 62854 INFO tempest.lib.common.rest_client [req-6241d900-94b1-4875-bf85-b0205ec5179b req-6241d900-94b1-4875-bf85-b0205ec5179b ] Request (ServerDiskConfigTestJSON:test_rebuild_server_with_auto_disk_config): 200 GET http://10.180.1.21/compute/v2.1/servers/a8af7330-6454-439c-870b-73d1637b6438 0.093s
2024-10-31 10:01:09.941 62828 INFO tempest.lib.common.rest_client [req-5bb1c9d2-07fa-4346-9858-9394133209b1 req-5bb1c9d2-07fa-4346-9858-9394133209b1 ] Request (ServerShowV247Test:test_update_rebuild_list_server): 200 GET http://10.180.1.21/compute/v2.1/servers/2cf0927d-8d98-4554-92ce-c049e1ea179c 0.058s
2024-10-31 10:01:09.963 62824 INFO tempest.lib.common.rest_client [req-847790a9-4355-42e2-868c-e8490eb98f13 req-847790a9-4355-42e2-868c-e8490eb98f13 ] Request (VolumesAdminNegativeTest:test_update_attached_volume_with_nonexistent_volume_in_body): 200 GET http://10.180.1.21/compute/v2.1/servers/53e10c33-0f41-48a2-ac19-c0b34a9a9312 0.062s
2024-10-31 10:01:09.992 62826 INFO tempest.lib.common.rest_client [req-01e7595b-33f5-40bf-92e7-8b1fe8d46b76 req-01e7595b-33f5-40bf-92e7-8b1fe8d46b76 ] Request (ServerActionsTestJSON:setUpClass): 200 GET http://10.180.1.21/compute/v2.1/servers/ae66c3e2-eac8-4239-b5be-64dc0dcf2c04 0.051s
2024-10-31 10:01:10.018 62834 INFO tempest.lib.common.rest_client [req-851e0f7c-0930-4605-9e26-689e61ccda98 req-851e0f7c-0930-4605-9e26-689e61ccda98 ] Request (ImagesMetadataTestJSON:setUpClass): 201 POST http://10.180.1.21/image/v2/images 0.370s
2024-10-31 10:01:10.053 62842 INFO tempest.lib.common.rest_client [req-39153151-3bc7-4cef-91f7-59d3fd0f8b09 req-39153151-3bc7-4cef-91f7-59d3fd0f8b09 ] Request (ServersTestFqdnHostnames:test_create_server_with_fqdn_name): 200 GET http://10.180.1.21/compute/v2.1/servers/14557f1a-2410-4201-9b91-49d23f18d47a 0.083s
2024-10-31 10:01:10.054 62822 INFO tempest.lib.common.rest_client [req-4583b2a2-f3e0-45e0-93c4-ff9290407b63 req-4583b2a2-f3e0-45e0-93c4-ff9290407b63 ] Request (ImagesOneServerNegativeTestJSON:setUpClass): 200 GET http://10.180.1.21/compute/v2.1/servers/e883b58a-0fa6-48fd-a8a7-24ead857e6f1 0.059s
2024-10-31 10:01:10.117 62868 INFO tempest.lib.common.rest_client [req-f69212d2-1f86-4562-9bcd-59a3e19515f9 req-f69212d2-1f86-4562-9bcd-59a3e19515f9 ] Request (TenantUsagesTestJSON:setUpClass): 200 GET http://10.180.1.21/compute/v2.1/servers/aae9ff25-f304-4dbe-824c-b17b3522655c 0.071s
2024-10-31 10:01:10.122 62884 INFO tempest.lib.common.rest_client [req-8b74ad42-9dc3-4e07-873b-322faaf46dbe req-8b74ad42-9dc3-4e07-873b-322faaf46dbe ] Request (ServerAddressesTestJSON:setUpClass): 200 GET http://10.180.1.21/compute/v2.1/servers/86e3d197-2e8c-4357-ac0a-e1af8e247024 0.060s
2024-10-31 10:01:10.143 62882 INFO tempest.lib.common.rest_client [req-5b5bbaf9-0342-4187-a41b-4a0fea517ce0 req-5b5bbaf9-0342-4187-a41b-4a0fea517ce0 ] Request (ServerActionsV293TestJSON:setUpClass): 201 POST http://10.180.1.21:9696/networking/v2.0/floatingips 0.923s
2024-10-31 10:01:10.187 62860 INFO tempest.lib.common.rest_client [req-81885f41-8964-43f9-b85d-01b60c676a9c req-81885f41-8964-43f9-b85d-01b60c676a9c ] Request (ServerAddressesNegativeTestJSON:setUpClass): 200 GET http://10.180.1.21/compute/v2.1/servers/6f2ca381-b4a3-47ce-b135-dbceb7e44d24 0.084s
2024-10-31 10:01:10.234 62852 INFO tempest.lib.common.rest_client [req-3b2cef73-efe4-46ca-bbe7-6c2f5920eb34 req-3b2cef73-efe4-46ca-bbe7-6c2f5920eb34 ] Request (DeleteServersAdminTestJSON:test_delete_server_while_in_error_state): 200 GET http://10.180.1.21/compute/v2.1/servers/29f9e25a-a0b2-4bb8-b59a-3617819d3be5 0.073s
2024-10-31 10:01:10.240 62882 INFO tempest.lib.common.rest_client [req-a239305f-67a7-4c94-8132-6c429f253ab5 req-a239305f-67a7-4c94-8132-6c429f253ab5 ] Request (ServerActionsV293TestJSON:setUpClass): 201 POST http://10.180.1.21/identity/v3/auth/tokens 0.093s
2024-10-31 10:01:10.240 62882 INFO tempest.lib.common.fixed_network [-] (ServerActionsV293TestJSON:setUpClass) Found network {'id': 'ed54a6cb-0efb-4770-90af-c1a1d9b520c8', 'name': 'tempest-ServerActionsV293TestJSON-2047826208-network', 'tenant_id': 'ecbd6f90e8ee48d29f20d36bf5ba1140', 'admin_state_up': True, 'mtu': 8950, 'status': 'ACTIVE', 'subnets': [], 'shared': False, 'project_id': 'ecbd6f90e8ee48d29f20d36bf5ba1140', 'port_security_enabled': True, 'router:external': False, 'provider:network_type': 'vlan', 'provider:physical_network': 'default', 'provider:segmentation_id': 959, 'availability_zone_hints': [], 'availability_zones': [], 'ipv4_address_scope': None, 'ipv6_address_scope': None, 'description': '', 'tags': [], 'created_at': '2024-10-31T10:01:04Z', 'updated_at': '2024-10-31T10:01:04Z', 'revision_number': 1} available for tenant
2024-10-31 10:01:10.259 62830 INFO tempest.lib.common.rest_client [req-62128306-cb8d-4091-b53a-38b05bf18172 req-62128306-cb8d-4091-b53a-38b05bf18172 ] Request (ServerMetadataTestJSON:setUpClass): 200 GET http://10.180.1.21/compute/v2.1/servers/92080abc-eb47-439b-b702-d226666fa155 0.096s
2024-10-31 10:01:10.294 62874 INFO tempest.lib.common.rest_client [req-7acc7099-e75f-411a-9274-4948bc5c5395 req-7acc7099-e75f-411a-9274-4948bc5c5395 ] Request (VolumesAssistedSnapshotsTest:tearDownClass): 204 DELETE http://10.180.1.21:9696/networking/v2.0/routers/be5295f4-d9b4-46da-b117-8392181dba72 0.634s
2024-10-31 10:01:10.324 62858 INFO tempest.lib.common.rest_client [req-41df8674-7f99-46f6-a803-98fb3d7e23a6 req-41df8674-7f99-46f6-a803-98fb3d7e23a6 ] Request (FloatingIPsAssociationNegativeTestJSON:setUpClass): 200 GET http://10.180.1.21/compute/v2.1/servers/5177b4e2-e990-47e6-9f2b-156ca0ee8387 0.077s
2024-10-31 10:01:10.443 62874 INFO tempest.lib.common.rest_client [req-be616e90-12ca-47ea-a0d6-e3b2c74a471d req-be616e90-12ca-47ea-a0d6-e3b2c74a471d ] Request (VolumesAssistedSnapshotsTest:tearDownClass): 204 DELETE http://10.180.1.21:9696/networking/v2.0/subnets/9043fcb7-1af5-40e2-95dd-fb3c29f1643d 0.149s
2024-10-31 10:01:10.444 62840 INFO tempest.lib.common.rest_client [req-4a46431c-7ce5-456b-b54c-672569e04397 req-4a46431c-7ce5-456b-b54c-672569e04397 ] Request (ListImageFiltersTestJSON:setUpClass): 200 GET http://10.180.1.21/compute/v2.1/servers/72cdccb7-b398-4833-af82-d64222c83f8d 0.063s
2024-10-31 10:01:10.506 62882 INFO tempest.lib.common.rest_client [req-5bdcc735-2e8c-4a77-9437-691f27c9195b req-5bdcc735-2e8c-4a77-9437-691f27c9195b ] Request (ServerActionsV293TestJSON:setUpClass): 202 POST http://10.180.1.21/volume/v3/volumes 0.265s
2024-10-31 10:01:10.523 62857 INFO tempest.lib.common.rest_client [req-9fa0191c-0184-40fe-92e5-bd2c339b7c4d req-9fa0191c-0184-40fe-92e5-bd2c339b7c4d ] Request (ServerActionsTestOtherB:setUpClass): 200 GET http://10.180.1.21/compute/v2.1/servers/5cd813d1-f778-4c8a-920b-64e92a3b52af 0.062s
2024-10-31 10:01:10.542 62871 INFO tempest.lib.common.rest_client [req-2fc3228d-b954-4e82-a6ff-fcafa584e7e7 req-2fc3228d-b954-4e82-a6ff-fcafa584e7e7 ] Request (ServersV294TestFqdnHostnames:setUpClass): 200 GET http://10.180.1.21/compute/v2.1/servers/3695a09f-dffc-4537-ac78-faffd6bdd252 0.095s
2024-10-31 10:01:10.555 62882 INFO tempest.lib.common.rest_client [req-5257e90a-d72a-4b9f-ac9a-16718aab0fc0 req-5257e90a-d72a-4b9f-ac9a-16718aab0fc0 ] Request (ServerActionsV293TestJSON:setUpClass): 200 GET http://10.180.1.21/volume/v3/volumes/eede5dcd-43bb-4621-8d96-f9f9f103294a 0.039s
2024-10-31 10:01:10.629 62866 INFO tempest.lib.common.rest_client [req-a9f47e40-e8f7-4b38-b7cf-5fdba70a7fd8 req-a9f47e40-e8f7-4b38-b7cf-5fdba70a7fd8 ] Request (ServersAdmin275Test:tearDownClass): 200 GET http://10.180.1.21/compute/v2.1/servers/dd387320-7101-440c-80bc-a7d19a654df8 0.081s
2024-10-31 10:01:10.656 62848 INFO tempest.lib.common.rest_client [req-77370787-b427-4919-9231-e4baf0e5385c req-77370787-b427-4919-9231-e4baf0e5385c ] Request (MigrationsAdminTest:test_resize_server_revert_deleted_flavor): 200 GET http://10.180.1.21/compute/v2.1/servers/3b50dbde-2969-4a4b-ae35-42416342a60b 0.058s
2024-10-31 10:01:10.677 62834 INFO tempest.lib.common.rest_client [req-a4420bd8-5d4d-46d8-8cbc-b14b89166155 req-a4420bd8-5d4d-46d8-8cbc-b14b89166155 ] Request (ImagesMetadataTestJSON:setUpClass): 204 PUT http://10.180.1.21/image/v2/images/b9950378-4dc3-4633-bc07-1adec39cae35/file 0.659s
2024-10-31 10:01:10.693 62832 INFO tempest.lib.common.rest_client [req-0a1adf84-e51c-4bb9-ada8-1e9f506cb820 req-0a1adf84-e51c-4bb9-ada8-1e9f506cb820 ] Request (AttachInterfacesTestJSON:test_create_list_show_delete_interfaces_by_fixed_ip): 200 GET http://10.180.1.21/compute/v2.1/servers/424fc272-b4b9-4867-a083-b27abe308f81 0.049s
2024-10-31 10:01:10.708 62834 INFO tempest.lib.common.rest_client [req-ad67452d-c65c-45ab-b69e-e097168a0826 req-ad67452d-c65c-45ab-b69e-e097168a0826 ] Request (ImagesMetadataTestJSON:setUpClass): 200 GET http://10.180.1.21/compute/v2.1/images/b9950378-4dc3-4633-bc07-1adec39cae35 0.030s
2024-10-31 10:01:10.751 62874 INFO tempest.lib.common.rest_client [req-8cb13876-493a-413b-81e0-115f91442d22 req-8cb13876-493a-413b-81e0-115f91442d22 ] Request (VolumesAssistedSnapshotsTest:tearDownClass): 204 DELETE http://10.180.1.21:9696/networking/v2.0/networks/81315bcf-9035-495e-9a4f-5b72eb60ecb1 0.308s
2024-10-31 10:01:10.789 62864 INFO tempest.lib.common.rest_client [req-26432064-e3da-4251-a02f-f51dc383a3ed req-26432064-e3da-4251-a02f-f51dc383a3ed ] Request (ImagesNegativeTestJSON:test_create_image_from_deleted_server): 200 GET http://10.180.1.21/compute/v2.1/servers/b7686890-0ee7-4c5e-85f5-90a5c5241950 0.057s
2024-10-31 10:01:10.852 62838 INFO tempest.lib.common.rest_client [req-9a836c82-4931-4780-a7f0-5966c3f31ae1 req-9a836c82-4931-4780-a7f0-5966c3f31ae1 ] Request (ServerPasswordTestJSON:setUpClass): 200 GET http://10.180.1.21/compute/v2.1/servers/ed0ec962-3c4e-409f-9332-0a79ca1c6ed3 0.072s
2024-10-31 10:01:10.905 62862 INFO tempest.lib.common.rest_client [req-97420d85-c3a2-496e-8546-0b4fa4784c15 req-97420d85-c3a2-496e-8546-0b4fa4784c15 ] Request (ServersTestBootFromVolume:setUpClass): 200 GET http://10.180.1.21/compute/v2.1/servers/c080105d-4a58-4616-b65c-7bac79dd93c1 0.081s
2024-10-31 10:01:10.945 62834 INFO tempest.lib.common.rest_client [req-a8b367db-1f55-4fe0-a5ff-75f4570ec2b8 req-a8b367db-1f55-4fe0-a5ff-75f4570ec2b8 ] Request (ImagesMetadataTestJSON:setUp): 200 PUT http://10.180.1.21/compute/v2.1/images/b9950378-4dc3-4633-bc07-1adec39cae35/metadata 0.233s
2024-10-31 10:01:10.958 62880 INFO tempest.lib.common.rest_client [req-23efea1a-6e7f-466b-b216-26bce3a5d5c9 req-23efea1a-6e7f-466b-b216-26bce3a5d5c9 ] Request (ServersNegativeTestMultiTenantJSON:setUpClass): 200 GET http://10.180.1.21/compute/v2.1/servers/0b4d919f-552e-489e-bcfb-f6447cf81fb8 0.120s
2024-10-31 10:01:10.991 62846 INFO tempest.lib.common.rest_client [req-277c1c3c-6631-45d5-8572-3b770bf0e524 req-277c1c3c-6631-45d5-8572-3b770bf0e524 ] Request (InstanceActionsTestJSON:setUpClass): 200 GET http://10.180.1.21/compute/v2.1/servers/1cad8d1b-ed02-424c-879c-2f23d4d90b22 0.103s
2024-10-31 10:01:11.016 62854 INFO tempest.lib.common.rest_client [req-5c8d3f7f-4a20-4f79-8e24-f5bd6d3ab041 req-5c8d3f7f-4a20-4f79-8e24-f5bd6d3ab041 ] Request (ServerDiskConfigTestJSON:test_rebuild_server_with_auto_disk_config): 200 GET http://10.180.1.21/compute/v2.1/servers/a8af7330-6454-439c-870b-73d1637b6438 0.123s
2024-10-31 10:01:11.088 62828 INFO tempest.lib.common.rest_client [req-d14ac2e1-a0d3-4234-b67b-210eec134bce req-d14ac2e1-a0d3-4234-b67b-210eec134bce ] Request (ServerShowV247Test:test_update_rebuild_list_server): 200 GET http://10.180.1.21/compute/v2.1/servers/2cf0927d-8d98-4554-92ce-c049e1ea179c 0.133s
2024-10-31 10:01:11.141 62824 INFO tempest.lib.common.rest_client [req-0e81626d-7647-4835-9281-920944a798c4 req-0e81626d-7647-4835-9281-920944a798c4 ] Request (VolumesAdminNegativeTest:test_update_attached_volume_with_nonexistent_volume_in_body): 200 GET http://10.180.1.21/compute/v2.1/servers/53e10c33-0f41-48a2-ac19-c0b34a9a9312 0.170s
2024-10-31 10:01:11.163 62834 INFO tempest.lib.common.rest_client [req-88e9a1ac-5cfe-435c-af1c-2966be2c2080 req-88e9a1ac-5cfe-435c-af1c-2966be2c2080 ] Request (ImagesMetadataTestJSON:test_delete_image_metadata_item): 204 DELETE http://10.180.1.21/compute/v2.1/images/b9950378-4dc3-4633-bc07-1adec39cae35/metadata/os_version 0.217s
2024-10-31 10:01:11.190 62826 INFO tempest.lib.common.rest_client [req-690896d8-82f5-4852-9e16-e8c3431a41fd req-690896d8-82f5-4852-9e16-e8c3431a41fd ] Request (ServerActionsTestJSON:setUpClass): 200 GET http://10.180.1.21/compute/v2.1/servers/ae66c3e2-eac8-4239-b5be-64dc0dcf2c04 0.188s
2024-10-31 10:01:11.210 62822 INFO tempest.lib.common.rest_client [req-09368ae6-5129-4d6b-8bf3-c5cdc3c07e9d req-09368ae6-5129-4d6b-8bf3-c5cdc3c07e9d ] Request (ImagesOneServerNegativeTestJSON:setUpClass): 200 GET http://10.180.1.21/compute/v2.1/servers/e883b58a-0fa6-48fd-a8a7-24ead857e6f1 0.147s
2024-10-31 10:01:11.240 62842 INFO tempest.lib.common.rest_client [req-42e3d8ec-6283-4fcb-972c-a9e5b3a47237 req-42e3d8ec-6283-4fcb-972c-a9e5b3a47237 ] Request (ServersTestFqdnHostnames:test_create_server_with_fqdn_name): 200 GET http://10.180.1.21/compute/v2.1/servers/14557f1a-2410-4201-9b91-49d23f18d47a 0.172s
2024-10-31 10:01:11.253 62868 INFO tempest.lib.common.rest_client [req-a36191f8-e16e-4dfe-a01f-add0d0bf87cd req-a36191f8-e16e-4dfe-a01f-add0d0bf87cd ] Request (TenantUsagesTestJSON:setUpClass): 200 GET http://10.180.1.21/compute/v2.1/servers/aae9ff25-f304-4dbe-824c-b17b3522655c 0.126s
2024-10-31 10:01:11.278 62834 INFO tempest.lib.common.rest_client [req-62e54f10-65d0-4b30-bb16-b6679af8dbcb req-62e54f10-65d0-4b30-bb16-b6679af8dbcb ] Request (ImagesMetadataTestJSON:test_delete_image_metadata_item): 200 GET http://10.180.1.21/compute/v2.1/images/b9950378-4dc3-4633-bc07-1adec39cae35/metadata 0.115s
2024-10-31 10:01:11.288 62884 INFO tempest.lib.common.rest_client [req-8f68d265-dfe0-4828-ba13-1058a4f9528e req-8f68d265-dfe0-4828-ba13-1058a4f9528e ] Request (ServerAddressesTestJSON:setUpClass): 200 GET http://10.180.1.21/compute/v2.1/servers/86e3d197-2e8c-4357-ac0a-e1af8e247024 0.157s
2024-10-31 10:01:11.329 62860 INFO tempest.lib.common.rest_client [req-0d95e603-684c-4d85-a5c0-061368be33d6 req-0d95e603-684c-4d85-a5c0-061368be33d6 ] Request (ServerAddressesNegativeTestJSON:setUpClass): 200 GET http://10.180.1.21/compute/v2.1/servers/6f2ca381-b4a3-47ce-b135-dbceb7e44d24 0.130s
2024-10-31 10:01:11.341 62852 INFO tempest.lib.common.rest_client [req-812b707f-5d16-43b4-bd06-d750787c123a req-812b707f-5d16-43b4-bd06-d750787c123a ] Request (DeleteServersAdminTestJSON:test_delete_server_while_in_error_state): 200 GET http://10.180.1.21/compute/v2.1/servers/29f9e25a-a0b2-4bb8-b59a-3617819d3be5 0.094s
2024-10-31 10:01:11.374 62830 INFO tempest.lib.common.rest_client [req-56b6c248-5f8d-4d8a-b57c-311baf8ace82 req-56b6c248-5f8d-4d8a-b57c-311baf8ace82 ] Request (ServerMetadataTestJSON:setUpClass): 200 GET http://10.180.1.21/compute/v2.1/servers/92080abc-eb47-439b-b702-d226666fa155 0.106s
2024-10-31 10:01:11.417 62858 INFO tempest.lib.common.rest_client [req-02c608ef-6d12-4e2b-9c57-21b60425a5af req-02c608ef-6d12-4e2b-9c57-21b60425a5af ] Request (FloatingIPsAssociationNegativeTestJSON:setUpClass): 200 GET http://10.180.1.21/compute/v2.1/servers/5177b4e2-e990-47e6-9f2b-156ca0ee8387 0.087s
2024-10-31 10:01:11.497 62840 INFO tempest.lib.common.rest_client [req-913dbc76-855f-40f0-9640-2a591972a2e7 req-913dbc76-855f-40f0-9640-2a591972a2e7 ] Request (ListImageFiltersTestJSON:setUpClass): 200 GET http://10.180.1.21/compute/v2.1/servers/72cdccb7-b398-4833-af82-d64222c83f8d 0.044s
2024-10-31 10:01:11.503 62834 INFO tempest.lib.common.rest_client [req-3a523d8c-4c12-4e84-a0b9-fbb1f93a3e9f req-3a523d8c-4c12-4e84-a0b9-fbb1f93a3e9f ] Request (ImagesMetadataTestJSON:setUp): 200 PUT http://10.180.1.21/compute/v2.1/images/b9950378-4dc3-4633-bc07-1adec39cae35/metadata 0.223s
2024-10-31 10:01:11.529 62834 INFO tempest.lib.common.rest_client [req-42559816-396e-40e9-b887-a2964fcc6718 req-42559816-396e-40e9-b887-a2964fcc6718 ] Request (ImagesMetadataTestJSON:test_get_image_metadata_item): 200 GET http://10.180.1.21/compute/v2.1/images/b9950378-4dc3-4633-bc07-1adec39cae35/metadata/os_distro 0.025s
2024-10-31 10:01:11.562 62874 INFO tempest.lib.common.rest_client [req-75bf2de5-2d78-4cee-8dc4-2dfe8fe4b700 req-75bf2de5-2d78-4cee-8dc4-2dfe8fe4b700 ] Request (VolumesAssistedSnapshotsTest:tearDownClass): 200 PUT http://10.180.1.21:9696/networking/v2.0/routers/bbacf96e-8048-4e8e-9a1b-3ada63d17938/remove_router_interface 0.810s
2024-10-31 10:01:11.594 62882 INFO tempest.lib.common.rest_client [req-388ffe97-ff35-4e1b-b5f5-92397d11a9cd req-388ffe97-ff35-4e1b-b5f5-92397d11a9cd ] Request (ServerActionsV293TestJSON:setUpClass): 200 GET http://10.180.1.21/volume/v3/volumes/eede5dcd-43bb-4621-8d96-f9f9f103294a 0.030s
2024-10-31 10:01:11.596 62857 INFO tempest.lib.common.rest_client [req-665803dc-837a-47b2-9c51-181be9f9e218 req-665803dc-837a-47b2-9c51-181be9f9e218 ] Request (ServerActionsTestOtherB:setUpClass): 200 GET http://10.180.1.21/compute/v2.1/servers/5cd813d1-f778-4c8a-920b-64e92a3b52af 0.061s
2024-10-31 10:01:11.654 62834 INFO tempest.lib.common.rest_client [req-e8184d0d-57c7-48e9-8f45-97f473579198 req-e8184d0d-57c7-48e9-8f45-97f473579198 ] Request (ImagesMetadataTestJSON:setUp): 200 PUT http://10.180.1.21/compute/v2.1/images/b9950378-4dc3-4633-bc07-1adec39cae35/metadata 0.124s
2024-10-31 10:01:11.656 62871 INFO tempest.lib.common.rest_client [req-6dfc6b53-1a6f-48e2-99e9-9b6e24ce995b req-6dfc6b53-1a6f-48e2-99e9-9b6e24ce995b ] Request (ServersV294TestFqdnHostnames:setUpClass): 200 GET http://10.180.1.21/compute/v2.1/servers/3695a09f-dffc-4537-ac78-faffd6bdd252 0.105s
2024-10-31 10:01:11.695 62834 INFO tempest.lib.common.rest_client [req-e7aa6462-7b79-4899-814f-d0932ebca00c req-e7aa6462-7b79-4899-814f-d0932ebca00c ] Request (ImagesMetadataTestJSON:test_list_image_metadata): 200 GET http://10.180.1.21/compute/v2.1/images/b9950378-4dc3-4633-bc07-1adec39cae35/metadata 0.039s
2024-10-31 10:01:11.718 62866 INFO tempest.lib.common.rest_client [req-986a6c44-efc6-4f1b-b85d-4d1a891b864e req-986a6c44-efc6-4f1b-b85d-4d1a891b864e ] Request (ServersAdmin275Test:tearDownClass): 200 GET http://10.180.1.21/compute/v2.1/servers/dd387320-7101-440c-80bc-a7d19a654df8 0.078s
2024-10-31 10:01:11.748 62848 INFO tempest.lib.common.rest_client [req-b3c0b5cd-e67f-4876-a480-af9a5ca2f307 req-b3c0b5cd-e67f-4876-a480-af9a5ca2f307 ] Request (MigrationsAdminTest:test_resize_server_revert_deleted_flavor): 200 GET http://10.180.1.21/compute/v2.1/servers/3b50dbde-2969-4a4b-ae35-42416342a60b 0.085s
2024-10-31 10:01:11.792 62832 INFO tempest.lib.common.rest_client [req-506c522e-26fa-4072-889f-ae628b860169 req-506c522e-26fa-4072-889f-ae628b860169 ] Request (AttachInterfacesTestJSON:test_create_list_show_delete_interfaces_by_fixed_ip): 200 GET http://10.180.1.21/compute/v2.1/servers/424fc272-b4b9-4867-a083-b27abe308f81 0.091s
2024-10-31 10:01:11.835 62834 INFO tempest.lib.common.rest_client [req-b763290d-65d8-456b-b3cb-cb2034651047 req-b763290d-65d8-456b-b3cb-cb2034651047 ] Request (ImagesMetadataTestJSON:setUp): 200 PUT http://10.180.1.21/compute/v2.1/images/b9950378-4dc3-4633-bc07-1adec39cae35/metadata 0.138s
2024-10-31 10:01:11.854 62864 INFO tempest.lib.common.rest_client [req-e43c7428-6a06-4e41-9bfb-931619e68719 req-e43c7428-6a06-4e41-9bfb-931619e68719 ] Request (ImagesNegativeTestJSON:test_create_image_from_deleted_server): 200 GET http://10.180.1.21/compute/v2.1/servers/b7686890-0ee7-4c5e-85f5-90a5c5241950 0.051s
2024-10-31 10:01:11.906 62838 INFO tempest.lib.common.rest_client [req-09cddb94-edb2-4c76-8579-5ec8ae8ecfe7 req-09cddb94-edb2-4c76-8579-5ec8ae8ecfe7 ] Request (ServerPasswordTestJSON:setUpClass): 200 GET http://10.180.1.21/compute/v2.1/servers/ed0ec962-3c4e-409f-9332-0a79ca1c6ed3 0.047s
2024-10-31 10:01:11.960 62874 INFO tempest.lib.common.rest_client [req-e487278f-675d-460b-b311-cec7a337e659 req-e487278f-675d-460b-b311-cec7a337e659 ] Request (VolumesAssistedSnapshotsTest:tearDownClass): 204 DELETE http://10.180.1.21:9696/networking/v2.0/routers/bbacf96e-8048-4e8e-9a1b-3ada63d17938 0.398s
2024-10-31 10:01:11.961 62862 INFO tempest.lib.common.rest_client [req-6652703d-891c-416b-a55d-5a561207f19f req-6652703d-891c-416b-a55d-5a561207f19f ] Request (ServersTestBootFromVolume:setUpClass): 200 GET http://10.180.1.21/compute/v2.1/servers/c080105d-4a58-4616-b65c-7bac79dd93c1 0.047s
2024-10-31 10:01:12.014 62880 INFO tempest.lib.common.rest_client [req-b9aba1d8-08d2-4633-8590-820ab32fa2d7 req-b9aba1d8-08d2-4633-8590-820ab32fa2d7 ] Request (ServersNegativeTestMultiTenantJSON:setUpClass): 200 GET http://10.180.1.21/compute/v2.1/servers/0b4d919f-552e-489e-bcfb-f6447cf81fb8 0.050s
2024-10-31 10:01:12.047 62834 INFO tempest.lib.common.rest_client [req-6be1f329-fb1f-4896-848c-e03367aae218 req-6be1f329-fb1f-4896-848c-e03367aae218 ] Request (ImagesMetadataTestJSON:test_set_image_metadata): 200 PUT http://10.180.1.21/compute/v2.1/images/b9950378-4dc3-4633-bc07-1adec39cae35/metadata 0.211s
2024-10-31 10:01:12.092 62846 INFO tempest.lib.common.rest_client [req-e4e6174d-c4c2-4ae0-8bef-67a25d6c18dd req-e4e6174d-c4c2-4ae0-8bef-67a25d6c18dd ] Request (InstanceActionsTestJSON:setUpClass): 200 GET http://10.180.1.21/compute/v2.1/servers/1cad8d1b-ed02-424c-879c-2f23d4d90b22 0.091s
2024-10-31 10:01:12.094 62854 INFO tempest.lib.common.rest_client [req-b559115e-4c28-4cd0-9c5f-6eecbb12860a req-b559115e-4c28-4cd0-9c5f-6eecbb12860a ] Request (ServerDiskConfigTestJSON:test_rebuild_server_with_auto_disk_config): 200 GET http://10.180.1.21/compute/v2.1/servers/a8af7330-6454-439c-870b-73d1637b6438 0.070s
2024-10-31 10:01:12.103 62874 INFO tempest.lib.common.rest_client [req-0b6c9e28-c132-4f4c-ac98-709706559986 req-0b6c9e28-c132-4f4c-ac98-709706559986 ] Request (VolumesAssistedSnapshotsTest:tearDownClass): 204 DELETE http://10.180.1.21:9696/networking/v2.0/subnets/992b4dac-aa11-4ae6-9872-a4d595cb14ce 0.142s
2024-10-31 10:01:12.128 62834 INFO tempest.lib.common.rest_client [req-9913ee94-8f36-4468-8d68-8cd3602260c7 req-9913ee94-8f36-4468-8d68-8cd3602260c7 ] Request (ImagesMetadataTestJSON:test_set_image_metadata): 200 GET http://10.180.1.21/compute/v2.1/images/b9950378-4dc3-4633-bc07-1adec39cae35/metadata 0.080s
2024-10-31 10:01:12.162 62828 INFO tempest.lib.common.rest_client [req-9e195a3a-718c-43c0-b208-d69775cd3b01 req-9e195a3a-718c-43c0-b208-d69775cd3b01 ] Request (ServerShowV247Test:test_update_rebuild_list_server): 200 GET http://10.180.1.21/compute/v2.1/servers/2cf0927d-8d98-4554-92ce-c049e1ea179c 0.063s
2024-10-31 10:01:12.229 62824 INFO tempest.lib.common.rest_client [req-5bf42a90-4cb3-4cb7-8320-6b49a68f0b31 req-5bf42a90-4cb3-4cb7-8320-6b49a68f0b31 ] Request (VolumesAdminNegativeTest:test_update_attached_volume_with_nonexistent_volume_in_body): 200 GET http://10.180.1.21/compute/v2.1/servers/53e10c33-0f41-48a2-ac19-c0b34a9a9312 0.079s
2024-10-31 10:01:12.278 62826 INFO tempest.lib.common.rest_client [req-a72a0e08-a461-4b41-ab38-3122dad75b55 req-a72a0e08-a461-4b41-ab38-3122dad75b55 ] Request (ServerActionsTestJSON:setUpClass): 200 GET http://10.180.1.21/compute/v2.1/servers/ae66c3e2-eac8-4239-b5be-64dc0dcf2c04 0.080s
2024-10-31 10:01:12.329 62822 INFO tempest.lib.common.rest_client [req-2d68f63d-7e02-4147-88c4-cadc807d1408 req-2d68f63d-7e02-4147-88c4-cadc807d1408 ] Request (ImagesOneServerNegativeTestJSON:setUpClass): 200 GET http://10.180.1.21/compute/v2.1/servers/e883b58a-0fa6-48fd-a8a7-24ead857e6f1 0.112s
2024-10-31 10:01:12.359 62874 INFO tempest.lib.common.rest_client [req-90be43ef-822c-4462-90bf-7e13407767c1 req-90be43ef-822c-4462-90bf-7e13407767c1 ] Request (VolumesAssistedSnapshotsTest:tearDownClass): 204 DELETE http://10.180.1.21:9696/networking/v2.0/networks/1188d10d-e184-429c-87a6-f280281beb74 0.256s
2024-10-31 10:01:12.379 62842 INFO tempest.lib.common.rest_client [req-0649450f-32fe-4cd9-b810-9ba5f9fbb387 req-0649450f-32fe-4cd9-b810-9ba5f9fbb387 ] Request (ServersTestFqdnHostnames:test_create_server_with_fqdn_name): 200 GET http://10.180.1.21/compute/v2.1/servers/14557f1a-2410-4201-9b91-49d23f18d47a 0.131s
2024-10-31 10:01:12.379 62834 INFO tempest.lib.common.rest_client [req-2844b641-edbe-4fd5-9a32-252c2e289fe7 req-2844b641-edbe-4fd5-9a32-252c2e289fe7 ] Request (ImagesMetadataTestJSON:setUp): 200 PUT http://10.180.1.21/compute/v2.1/images/b9950378-4dc3-4633-bc07-1adec39cae35/metadata 0.250s
2024-10-31 10:01:12.424 62868 INFO tempest.lib.common.rest_client [req-7bdab65c-e84f-4486-8444-2fa7bd650e0c req-7bdab65c-e84f-4486-8444-2fa7bd650e0c ] Request (TenantUsagesTestJSON:setUpClass): 200 GET http://10.180.1.21/compute/v2.1/servers/aae9ff25-f304-4dbe-824c-b17b3522655c 0.163s
2024-10-31 10:01:12.425 62884 INFO tempest.lib.common.rest_client [req-67f9740c-835e-47f1-8d5b-41ead01c1e3d req-67f9740c-835e-47f1-8d5b-41ead01c1e3d ] Request (ServerAddressesTestJSON:setUpClass): 200 GET http://10.180.1.21/compute/v2.1/servers/86e3d197-2e8c-4357-ac0a-e1af8e247024 0.130s
2024-10-31 10:01:12.469 62860 INFO tempest.lib.common.rest_client [req-8bb382e7-04bd-4f8b-bbec-33e36869ba46 req-8bb382e7-04bd-4f8b-bbec-33e36869ba46 ] Request (ServerAddressesNegativeTestJSON:setUpClass): 200 GET http://10.180.1.21/compute/v2.1/servers/6f2ca381-b4a3-47ce-b135-dbceb7e44d24 0.133s
2024-10-31 10:01:12.470 62852 INFO tempest.lib.common.rest_client [req-6012c8e4-df86-4fa1-a146-4b4ef427d843 req-6012c8e4-df86-4fa1-a146-4b4ef427d843 ] Request (DeleteServersAdminTestJSON:test_delete_server_while_in_error_state): 200 GET http://10.180.1.21/compute/v2.1/servers/29f9e25a-a0b2-4bb8-b59a-3617819d3be5 0.120s
2024-10-31 10:01:12.472 62874 INFO tempest.lib.common.rest_client [req-1b63f01c-4fc6-4b7b-9d71-40055719c1c2 req-1b63f01c-4fc6-4b7b-9d71-40055719c1c2 ] Request (VolumesAssistedSnapshotsTest:tearDownClass): 204 DELETE http://10.180.1.21/identity/v3/users/dd330533164a4cbd9e9194bcba248dcf 0.113s
2024-10-31 10:01:12.515 62830 INFO tempest.lib.common.rest_client [req-d36fcf61-1769-4e4c-9e26-7fd9a360aa44 req-d36fcf61-1769-4e4c-9e26-7fd9a360aa44 ] Request (ServerMetadataTestJSON:setUpClass): 200 GET http://10.180.1.21/compute/v2.1/servers/92080abc-eb47-439b-b702-d226666fa155 0.134s
2024-10-31 10:01:12.556 62858 INFO tempest.lib.common.rest_client [req-3387576f-1ba3-4245-a73c-6affa97403dc req-3387576f-1ba3-4245-a73c-6affa97403dc ] Request (FloatingIPsAssociationNegativeTestJSON:setUpClass): 200 GET http://10.180.1.21/compute/v2.1/servers/5177b4e2-e990-47e6-9f2b-156ca0ee8387 0.132s
