2024-10-31 09:59:59.605 62836 INFO tempest.lib.common.rest_client [req-5a618d77-9330-41aa-aaf5-e27a493338ee req-5a618d77-9330-41aa-aaf5-e27a493338ee ] Request (ServicesAdminNegativeTestJSON:setUpClass): 201 POST http://10.180.1.21/identity/v3/users 0.064s
2024-10-31 09:59:59.608 62846 INFO tempest.lib.common.rest_client [req-f588daef-10c9-440b-85a6-c47c9b4b4dad req-f588daef-10c9-440b-85a6-c47c9b4b4dad ] Request (QuotasAdminTestV236:setUpClass): 201 POST http://10.180.1.21/identity/v3/users 0.068s
2024-10-31 09:59:59.621 62836 INFO tempest.lib.common.rest_client [req-1d791dc2-bb53-4c9c-9073-035e49cd59ec req-1d791dc2-bb53-4c9c-9073-035e49cd59ec ] Request (ServicesAdminNegativeTestJSON:setUpClass): 200 GET http://10.180.1.21/identity/v3/roles 0.016s
2024-10-31 09:59:59.624 62857 INFO tempest.lib.common.rest_client [req-bd54a3d5-296a-4937-b2d6-a110d93530da req-bd54a3d5-296a-4937-b2d6-a110d93530da ] Request (ServerActionsTestOtherB:setUpClass): 200 PUT http://10.180.1.21:9696/networking/v2.0/routers/25c5c3b3-16d9-4cf5-90a2-e5261e281f7f/add_router_interface 1.717s
2024-10-31 09:59:59.624 62857 INFO tempest.lib.common.dynamic_creds [-] Created isolated network resources for: credentials: Credentials: {'domain_id': 'default', 'domain_name': 'Default', 'username': 'tempest-ServerActionsTestOtherB-1300611293-project-member', 'project_domain_id': 'default', 'project_domain_name': 'Default', 'project_id': '5cfa39edc29f465ab413917766d9fe65', 'project_name': 'tempest-ServerActionsTestOtherB-1300611293', 'tenant_id': '5cfa39edc29f465ab413917766d9fe65', 'tenant_name': 'tempest-ServerActionsTestOtherB-1300611293', 'user_domain_id': 'default', 'user_domain_name': 'Default', 'user_id': 'cf5f26b00a254c1ea56fd857977728b5', 'system': None}, Network: {'id': '5a5faf9d-946d-4498-9f1f-c6b9b6b86ac9', 'name': 'tempest-ServerActionsTestOtherB-356313654-network', 'tenant_id': '5cfa39edc29f465ab413917766d9fe65', 'admin_state_up': True, 'mtu': 8950, 'status': 'ACTIVE', 'subnets': [], 'shared': False, 'project_id': '5cfa39edc29f465ab413917766d9fe65', 'port_security_enabled': True, 'router:external': False, 'provider:network_type': 'vlan', 'provider:physical_network': 'default', 'provider:segmentation_id': 247, 'availability_zone_hints': [], 'availability_zones': [], 'ipv4_address_scope': None, 'ipv6_address_scope': None, 'description': '', 'tags': [], 'created_at': '2024-10-31T09:59:56Z', 'updated_at': '2024-10-31T09:59:56Z', 'revision_number': 1}, Subnet: {'id': '2a8ce27e-4099-4db4-bbf5-655e0a855bf2', 'name': 'tempest-ServerActionsTestOtherB-356313654-subnet', 'tenant_id': '5cfa39edc29f465ab413917766d9fe65', 'network_id': '5a5faf9d-946d-4498-9f1f-c6b9b6b86ac9', 'ip_version': 4, 'subnetpool_id': None, 'enable_dhcp': True, 'ipv6_ra_mode': None, 'ipv6_address_mode': None, 'gateway_ip': '192.168.128.1', 'cidr': '192.168.128.0/28', 'allocation_pools': [{'start': '192.168.128.2', 'end': '192.168.128.14'}], 'host_routes': [], 'dns_nameservers': [], 'description': '', 'router:external': False, 'service_types': [], 'tags': [], 'created_at': '2024-10-31T09:59:56Z', 'updated_at': '2024-10-31T09:59:56Z', 'revision_number': 0, 'project_id': '5cfa39edc29f465ab413917766d9fe65'}, Router: {'id': '25c5c3b3-16d9-4cf5-90a2-e5261e281f7f', 'name': 'tempest-ServerActionsTestOtherB-356313654-router', 'tenant_id': '5cfa39edc29f465ab413917766d9fe65', 'admin_state_up': True, 'status': 'ACTIVE', 'external_gateway_info': {'network_id': '1b6f4eb0-9755-4e26-9ad3-b0b952044b77', 'external_fixed_ips': [{'subnet_id': 'ad72b6df-5e43-4672-81f0-1d7c8c338b1a', 'ip_address': '10.180.180.152'}], 'enable_snat': True}, 'description': '', 'availability_zones': [], 'distributed': False, 'ha': False, 'availability_zone_hints': [], 'routes': [], 'flavor_id': None, 'tags': [], 'created_at': '2024-10-31T09:59:56Z', 'updated_at': '2024-10-31T09:59:57Z', 'revision_number': 2, 'project_id': '5cfa39edc29f465ab413917766d9fe65'}
2024-10-31 09:59:59.634 62846 INFO tempest.lib.common.rest_client [req-d27b8f94-8ead-45b9-b855-bf8f3842b49d req-d27b8f94-8ead-45b9-b855-bf8f3842b49d ] Request (QuotasAdminTestV236:setUpClass): 200 GET http://10.180.1.21/identity/v3/roles 0.025s
2024-10-31 09:59:59.638 62871 INFO tempest.lib.common.rest_client [req-3343240d-5d65-463a-ba70-46a93e23b574 req-3343240d-5d65-463a-ba70-46a93e23b574 ] Request (ImagesOneServerTestJSON:setUpClass): 204 DELETE http://10.180.1.21/compute/v2.1/servers/1a7356c7-1442-4de3-8a1f-04fc1bfb03b8 1.555s
2024-10-31 09:59:59.650 62836 INFO tempest.lib.common.rest_client [req-a3b75935-8ef9-45b0-99f7-b594ee8e526f req-a3b75935-8ef9-45b0-99f7-b594ee8e526f ] Request (ServicesAdminNegativeTestJSON:setUpClass): 204 PUT http://10.180.1.21/identity/v3/projects/94cc0aae740f46039d784951affcc9a9/users/ce0807c3297b40d78fda1ef6c7f01f37/roles/171b053e024d42628826c1dd2353fada 0.027s
2024-10-31 09:59:59.655 62868 INFO tempest.lib.common.rest_client [req-ab0236ca-7148-4aa9-9a05-7788de72f1c0 req-ab0236ca-7148-4aa9-9a05-7788de72f1c0 ] Request (FlavorsAdminTestJSON:test_is_public_string_variations): 200 GET http://10.180.1.21/compute/v2.1/flavors/detail?is_public=false 1.158s
2024-10-31 09:59:59.707 62826 INFO tempest.lib.common.rest_client [req-2b7c58ae-2fca-46dd-a48e-b4aa9b7eeca5 req-2b7c58ae-2fca-46dd-a48e-b4aa9b7eeca5 ] Request (SecurityGroupRulesNegativeTestJSON:setUpClass): 201 POST http://10.180.1.21:9696/networking/v2.0/subnets 0.258s
2024-10-31 09:59:59.714 62857 INFO tempest.lib.common.rest_client [req-52ecfa72-1e0b-4349-8ea0-1a64cb93db86 req-52ecfa72-1e0b-4349-8ea0-1a64cb93db86 ] Request (ServerActionsTestOtherB:setUpClass): 201 POST http://10.180.1.21/identity/v3/auth/tokens 0.085s
2024-10-31 09:59:59.724 62846 INFO tempest.lib.common.rest_client [req-8e51290c-6f21-4d8e-907c-767f11a7f3aa req-8e51290c-6f21-4d8e-907c-767f11a7f3aa ] Request (QuotasAdminTestV236:setUpClass): 204 PUT http://10.180.1.21/identity/v3/projects/0cd5ff9035f94b6491fc274cdf4ce973/users/b5629e328c7046ca8eda486c972dad4a/roles/171b053e024d42628826c1dd2353fada 0.089s
2024-10-31 09:59:59.775 62846 INFO tempest.lib.common.rest_client [req-60b27a0d-6a2d-4793-a97b-5b5950cc8c32 req-60b27a0d-6a2d-4793-a97b-5b5950cc8c32 ] Request (QuotasAdminTestV236:setUpClass): 200 GET http://10.180.1.21/identity/v3/roles 0.051s
2024-10-31 09:59:59.780 62828 INFO tempest.lib.common.rest_client [req-2b226d3d-9fae-462e-b208-7bb1e3c2d0ca req-2b226d3d-9fae-462e-b208-7bb1e3c2d0ca ] Request (AggregatesAdminNegativeTestJSON:test_aggregate_remove_host_as_user): 200 POST http://10.180.1.21/compute/v2.1/os-aggregates/7/action 1.066s
2024-10-31 09:59:59.787 62836 INFO tempest.lib.common.rest_client [req-6a1a52e7-ff91-4a42-b5d7-a0aa3f127ba1 req-6a1a52e7-ff91-4a42-b5d7-a0aa3f127ba1 ] Request (ServicesAdminNegativeTestJSON:setUpClass): 200 GET http://10.180.1.21/identity/v3/roles 0.137s
2024-10-31 09:59:59.803 62846 INFO tempest.lib.common.rest_client [req-dcdd084d-f870-4167-a4a1-5e8b2d71a3b9 req-dcdd084d-f870-4167-a4a1-5e8b2d71a3b9 ] Request (QuotasAdminTestV236:setUpClass): 204 PUT http://10.180.1.21/identity/v3/projects/0cd5ff9035f94b6491fc274cdf4ce973/users/b5629e328c7046ca8eda486c972dad4a/roles/171b053e024d42628826c1dd2353fada 0.028s
2024-10-31 09:59:59.803 62846 INFO tempest.lib.common.dynamic_creds [-] Dynamic test user b5629e328c7046ca8eda486c972dad4a is created with scope project and roles: ['admin']
2024-10-31 09:59:59.803 62846 INFO tempest.lib.common.dynamic_creds [-] Acquired dynamic creds: credentials: Credentials: {'domain_id': 'default', 'domain_name': 'Default', 'username': 'tempest-QuotasAdminTestV236-105075381-project-admin', 'project_domain_id': 'default', 'project_domain_name': 'Default', 'project_id': '0cd5ff9035f94b6491fc274cdf4ce973', 'project_name': 'tempest-QuotasAdminTestV236-105075381', 'tenant_id': '0cd5ff9035f94b6491fc274cdf4ce973', 'tenant_name': 'tempest-QuotasAdminTestV236-105075381', 'user_domain_id': 'default', 'user_domain_name': 'Default', 'user_id': 'b5629e328c7046ca8eda486c972dad4a', 'system': None}, Network: None, Subnet: None, Router: None
2024-10-31 09:59:59.803 62846 INFO tempest.lib.common.dynamic_creds [-] Created isolated network resources for: credentials: Credentials: {'domain_id': 'default', 'domain_name': 'Default', 'username': 'tempest-QuotasAdminTestV236-105075381-project-admin', 'project_domain_id': 'default', 'project_domain_name': 'Default', 'project_id': '0cd5ff9035f94b6491fc274cdf4ce973', 'project_name': 'tempest-QuotasAdminTestV236-105075381', 'tenant_id': '0cd5ff9035f94b6491fc274cdf4ce973', 'tenant_name': 'tempest-QuotasAdminTestV236-105075381', 'user_domain_id': 'default', 'user_domain_name': 'Default', 'user_id': 'b5629e328c7046ca8eda486c972dad4a', 'system': None}, Network: None, Subnet: None, Router: None
2024-10-31 09:59:59.811 62836 INFO tempest.lib.common.rest_client [req-a1f8a525-5335-4a94-958b-e1df1a04d0d3 req-a1f8a525-5335-4a94-958b-e1df1a04d0d3 ] Request (ServicesAdminNegativeTestJSON:setUpClass): 204 PUT http://10.180.1.21/identity/v3/projects/94cc0aae740f46039d784951affcc9a9/users/ce0807c3297b40d78fda1ef6c7f01f37/roles/171b053e024d42628826c1dd2353fada 0.023s
2024-10-31 09:59:59.811 62836 INFO tempest.lib.common.dynamic_creds [-] Dynamic test user ce0807c3297b40d78fda1ef6c7f01f37 is created with scope project and roles: ['admin']
2024-10-31 09:59:59.811 62836 INFO tempest.lib.common.dynamic_creds [-] Acquired dynamic creds: credentials: Credentials: {'domain_id': 'default', 'domain_name': 'Default', 'username': 'tempest-ServicesAdminNegativeTestJSON-287165608-project-admin', 'project_domain_id': 'default', 'project_domain_name': 'Default', 'project_id': '94cc0aae740f46039d784951affcc9a9', 'project_name': 'tempest-ServicesAdminNegativeTestJSON-287165608', 'tenant_id': '94cc0aae740f46039d784951affcc9a9', 'tenant_name': 'tempest-ServicesAdminNegativeTestJSON-287165608', 'user_domain_id': 'default', 'user_domain_name': 'Default', 'user_id': 'ce0807c3297b40d78fda1ef6c7f01f37', 'system': None}, Network: None, Subnet: None, Router: None
2024-10-31 09:59:59.812 62836 INFO tempest.lib.common.dynamic_creds [-] Created isolated network resources for: credentials: Credentials: {'domain_id': 'default', 'domain_name': 'Default', 'username': 'tempest-ServicesAdminNegativeTestJSON-287165608-project-admin', 'project_domain_id': 'default', 'project_domain_name': 'Default', 'project_id': '94cc0aae740f46039d784951affcc9a9', 'project_name': 'tempest-ServicesAdminNegativeTestJSON-287165608', 'tenant_id': '94cc0aae740f46039d784951affcc9a9', 'tenant_name': 'tempest-ServicesAdminNegativeTestJSON-287165608', 'user_domain_id': 'default', 'user_domain_name': 'Default', 'user_id': 'ce0807c3297b40d78fda1ef6c7f01f37', 'system': None}, Network: None, Subnet: None, Router: None
2024-10-31 09:59:59.833 62834 INFO tempest.lib.common.rest_client [req-7a18cdda-a04e-40ba-9257-54006d11441f req-7a18cdda-a04e-40ba-9257-54006d11441f ] Request (ServersWithSpecificFlavorTestJSON:test_verify_created_server_ephemeral_disk): 200 GET http://10.180.1.21/compute/v2.1/servers/01432003-5c48-40e1-b22b-a538a7e34663 1.101s
2024-10-31 09:59:59.841 62834 INFO tempest.common.waiters [-] State transition "BUILD/scheduling" ==> "BUILD/None" after 17 second wait
2024-10-31 09:59:59.884 62846 INFO tempest.lib.common.rest_client [req-d210778b-8262-4ea5-8d77-7546effa3bea req-d210778b-8262-4ea5-8d77-7546effa3bea ] Request (QuotasAdminTestV236:setUpClass): 201 POST http://10.180.1.21/identity/v3/auth/tokens 0.078s
2024-10-31 09:59:59.892 62836 INFO tempest.lib.common.rest_client [req-544b58e2-c7cd-4e55-8cd1-32be3aa8d629 req-544b58e2-c7cd-4e55-8cd1-32be3aa8d629 ] Request (ServicesAdminNegativeTestJSON:setUpClass): 201 POST http://10.180.1.21/identity/v3/auth/tokens 0.078s
2024-10-31 09:59:59.892 62854 INFO tempest.lib.common.rest_client [req-acf07b60-a76e-4db2-acbe-7e551064c8bd req-acf07b60-a76e-4db2-acbe-7e551064c8bd ] Request (ServerDiskConfigTestJSON:test_rebuild_server_with_auto_disk_config): 200 GET http://10.180.1.21/compute/v2.1/servers/a8af7330-6454-439c-870b-73d1637b6438 1.085s
2024-10-31 09:59:59.961 62838 INFO tempest.lib.common.rest_client [req-d488ce68-4528-4062-b864-a7387e1e3907 req-d488ce68-4528-4062-b864-a7387e1e3907 ] Request (ServersTestManualDisk:setUpClass): 200 GET http://10.180.1.21/compute/v2.1/servers/916af5db-2e20-4156-9048-148f0f6253cd 1.092s
2024-10-31 10:00:00.035 62880 INFO tempest.lib.common.rest_client [req-eec576e5-1918-4b0d-bcb5-83bd9f109c0f req-eec576e5-1918-4b0d-bcb5-83bd9f109c0f ] Request (ServerTagsTestJSON:setUpClass): 200 GET http://10.180.1.21/compute/v2.1/servers/106dca6d-1ddf-4315-b645-c52c7c59f5d1 1.030s
2024-10-31 10:00:00.105 62862 INFO tempest.lib.common.rest_client [req-f0211b7c-8732-474b-82d6-026cb107e394 req-f0211b7c-8732-474b-82d6-026cb107e394 ] Request (ServersTestBootFromVolume:setUpClass): 200 GET http://10.180.1.21/volume/v3/volumes/e807607d-7a5e-40f0-a2c2-47556cc4a8e8 0.031s
2024-10-31 10:00:00.113 62874 INFO tempest.lib.common.rest_client [req-be6f1be9-f3ee-4fac-99ca-feb71cda0f42 req-be6f1be9-f3ee-4fac-99ca-feb71cda0f42 ] Request (VolumesAssistedSnapshotsTest:test_volume_assisted_snapshot_create_delete): 200 GET http://10.180.1.21/compute/v2.1/servers/971d6e19-044b-4af8-b6c3-12b617cc24fe 1.031s
2024-10-31 10:00:00.175 62852 INFO tempest.lib.common.rest_client [req-8ec7c39f-46ad-4e0d-9f3c-6e5e7c454216 req-8ec7c39f-46ad-4e0d-9f3c-6e5e7c454216 ] Request (DeleteServersAdminTestJSON:test_delete_server_while_in_error_state): 200 GET http://10.180.1.21/compute/v2.1/servers/29f9e25a-a0b2-4bb8-b59a-3617819d3be5 1.033s
2024-10-31 10:00:00.347 62842 INFO tempest.lib.common.rest_client [req-8ca9fa33-3037-44a7-8bfa-455be63b773f req-8ca9fa33-3037-44a7-8bfa-455be63b773f ] Request (ServersTestFqdnHostnames:setUpClass): 201 POST http://10.180.1.21:9696/networking/v2.0/routers 1.236s
2024-10-31 10:00:00.854 62878 INFO tempest.lib.common.rest_client [req-d921d238-a7a9-4e18-b33c-e86b8d0c3cd4 req-d921d238-a7a9-4e18-b33c-e86b8d0c3cd4 ] Request (FloatingIPDetailsTestJSON:tearDownClass): 202 DELETE http://10.180.1.21/compute/v2.1/os-floating-ips/92bf177e-ec35-4047-b4d2-402e10a5b57d 1.706s
2024-10-31 10:00:00.944 62872 INFO tempest.lib.common.rest_client [req-b551eab8-f33b-4ddb-8ba3-577690c34d36 req-b551eab8-f33b-4ddb-8ba3-577690c34d36 ] Request (ServerShowV257Test:test_rebuild_server): 200 GET http://10.180.1.21/compute/v2.1/servers/149bd77b-9583-42e5-8c82-f795cac53b87 1.784s
2024-10-31 10:00:00.964 62826 INFO tempest.lib.common.rest_client [req-f7ec538d-bb61-4843-850c-3acb24187141 req-f7ec538d-bb61-4843-850c-3acb24187141 ] Request (SecurityGroupRulesNegativeTestJSON:setUpClass): 201 POST http://10.180.1.21:9696/networking/v2.0/routers 1.256s
2024-10-31 10:00:01.022 62824 INFO tempest.lib.common.rest_client [req-36048643-9a33-46e8-8998-fc35edfa4fbb req-36048643-9a33-46e8-8998-fc35edfa4fbb ] Request (ServersAdminTestJSON:setUpClass): 200 GET http://10.180.1.21/compute/v2.1/servers/598c7b4f-8239-45af-8bc5-caf6b47172ba 1.817s
2024-10-31 10:00:01.089 62848 INFO tempest.lib.common.rest_client [req-5cd384df-2b9f-4b83-a6f4-1413608c72cc req-5cd384df-2b9f-4b83-a6f4-1413608c72cc ] Request (MigrationsAdminTest:test_list_migrations_in_flavor_resize_situation): 200 GET http://10.180.1.21/compute/v2.1/servers/40fd1fff-1df0-43b6-9cce-a666ecd63199 1.866s
2024-10-31 10:00:01.159 62862 INFO tempest.lib.common.rest_client [req-8b886b31-9afd-4475-861b-4fa5fe150f61 req-8b886b31-9afd-4475-861b-4fa5fe150f61 ] Request (ServersTestBootFromVolume:setUpClass): 200 GET http://10.180.1.21/volume/v3/volumes/e807607d-7a5e-40f0-a2c2-47556cc4a8e8 0.041s
2024-10-31 10:00:01.320 62850 INFO tempest.lib.common.rest_client [req-e42e8102-ecf8-4cba-97eb-0e4afac626d7 req-e42e8102-ecf8-4cba-97eb-0e4afac626d7 ] Request (QuotasAdminTestV257:test_get_updated_quotas): 200 PUT http://10.180.1.21/compute/v2.1/os-quota-sets/0535a5b1fdea4a9fbe29d98e3afc7dff?user_id=1418bf9823144960b379a7af0f4cda4b 2.069s
2024-10-31 10:00:01.383 62858 INFO tempest.lib.common.rest_client [req-ee561ba4-8732-43e0-b0f4-8ab31afd9d21 req-ee561ba4-8732-43e0-b0f4-8ab31afd9d21 ] Request (FloatingIPsAssociationNegativeTestJSON:setUpClass): 200 GET http://10.180.1.21/compute/v2.1/servers/5177b4e2-e990-47e6-9f2b-156ca0ee8387 2.110s
2024-10-31 10:00:01.446 62822 INFO tempest.lib.common.rest_client [req-f7e45dd8-fc1e-4726-a2bb-1a436861293b req-f7e45dd8-fc1e-4726-a2bb-1a436861293b ] Request (ImagesOneServerNegativeTestJSON:setUpClass): 200 GET http://10.180.1.21/compute/v2.1/servers/e883b58a-0fa6-48fd-a8a7-24ead857e6f1 2.168s
2024-10-31 10:00:01.523 62844 INFO tempest.lib.common.rest_client [req-8e7411cc-789b-4e6e-9a41-2c5c7c6aa982 req-8e7411cc-789b-4e6e-9a41-2c5c7c6aa982 ] Request (ServerDiagnosticsTest:test_get_server_diagnostics): 200 GET http://10.180.1.21/compute/v2.1/servers/3d05d741-1b46-4646-8269-f72dc6ad5cbd 2.190s
2024-10-31 10:00:01.583 62876 INFO tempest.lib.common.rest_client [req-8551669a-c775-4e1c-b973-7b1be73dcd25 req-8551669a-c775-4e1c-b973-7b1be73dcd25 ] Request (ServerMetadataNegativeTestJSON:setUpClass): 200 GET http://10.180.1.21/compute/v2.1/servers/68b4ca9d-f934-4b44-8c34-0b1bfb848672 2.177s
2024-10-31 10:00:01.643 62832 INFO tempest.lib.common.rest_client [req-b01e20f8-b43f-4bc3-b79d-9bce75266a1a req-b01e20f8-b43f-4bc3-b79d-9bce75266a1a ] Request (FloatingIPsAssociationTestJSON:setUpClass): 200 GET http://10.180.1.21/compute/v2.1/servers/1531ed40-29c2-4812-afd5-eabffe22f4ea 2.077s
2024-10-31 10:00:01.698 62860 INFO tempest.lib.common.rest_client [req-fb4d3012-be57-4847-ac62-7b8d8418a3d2 req-fb4d3012-be57-4847-ac62-7b8d8418a3d2 ] Request (ServerAddressesNegativeTestJSON:setUpClass): 200 GET http://10.180.1.21/compute/v2.1/servers/6f2ca381-b4a3-47ce-b135-dbceb7e44d24 2.067s
2024-10-31 10:00:01.720 62871 INFO tempest.lib.common.rest_client [req-fc43033c-e544-49fd-aaa8-76609092ee45 req-fc43033c-e544-49fd-aaa8-76609092ee45 ] Request (ImagesOneServerTestJSON:setUpClass): 404 GET http://10.180.1.21/compute/v2.1/servers/1a7356c7-1442-4de3-8a1f-04fc1bfb03b8 2.081s
2024-10-31 10:00:01.720 62871 INFO tempest.test [-] raised in ImagesOneServerTestJSON.setUpClass. Invoking tearDownClass.
2024-10-31 10:00:01.733 62868 INFO tempest.lib.common.rest_client [req-62e9a200-c5c7-4b56-807a-06524b2aee82 req-62e9a200-c5c7-4b56-807a-06524b2aee82 ] Request (FlavorsAdminTestJSON:test_is_public_string_variations): 200 GET http://10.180.1.21/compute/v2.1/flavors/detail?is_public=no 2.071s
2024-10-31 10:00:01.807 62864 INFO tempest.lib.common.rest_client [req-ed48fec3-5b59-436e-8192-21801a7774b4 req-ed48fec3-5b59-436e-8192-21801a7774b4 ] Request (ImagesNegativeTestJSON:test_create_image_from_deleted_server): 200 GET http://10.180.1.21/compute/v2.1/servers/b7686890-0ee7-4c5e-85f5-90a5c5241950 2.113s
2024-10-31 10:00:01.877 62842 INFO tempest.lib.common.rest_client [req-4aa1be4c-3bf1-4552-b9b8-e85c6f34a373 req-4aa1be4c-3bf1-4552-b9b8-e85c6f34a373 ] Request (ServersTestFqdnHostnames:setUpClass): 200 PUT http://10.180.1.21:9696/networking/v2.0/routers/4fa788d8-692c-47ef-9357-e15122065818/add_router_interface 1.530s
2024-10-31 10:00:01.878 62842 INFO tempest.lib.common.dynamic_creds [-] Created isolated network resources for: credentials: Credentials: {'domain_id': 'default', 'domain_name': 'Default', 'username': 'tempest-ServersTestFqdnHostnames-606995664-project-member', 'project_domain_id': 'default', 'project_domain_name': 'Default', 'project_id': '81a3b6b8688c4376bc3d8e463d03e0bb', 'project_name': 'tempest-ServersTestFqdnHostnames-606995664', 'tenant_id': '81a3b6b8688c4376bc3d8e463d03e0bb', 'tenant_name': 'tempest-ServersTestFqdnHostnames-606995664', 'user_domain_id': 'default', 'user_domain_name': 'Default', 'user_id': 'a998788d0caa44138eb389125504e2cb', 'system': None}, Network: {'id': 'b9033a74-7975-49a6-8600-499d2e3fd9d5', 'name': 'tempest-ServersTestFqdnHostnames-612687891-network', 'tenant_id': '81a3b6b8688c4376bc3d8e463d03e0bb', 'admin_state_up': True, 'mtu': 8950, 'status': 'ACTIVE', 'subnets': [], 'shared': False, 'project_id': '81a3b6b8688c4376bc3d8e463d03e0bb', 'port_security_enabled': True, 'router:external': False, 'provider:network_type': 'vlan', 'provider:physical_network': 'default', 'provider:segmentation_id': 512, 'availability_zone_hints': [], 'availability_zones': [], 'ipv4_address_scope': None, 'ipv6_address_scope': None, 'description': '', 'tags': [], 'created_at': '2024-10-31T09:59:58Z', 'updated_at': '2024-10-31T09:59:58Z', 'revision_number': 1}, Subnet: {'id': 'dd74b9ec-a0eb-486d-b05e-8923e7b0bc1c', 'name': 'tempest-ServersTestFqdnHostnames-612687891-subnet', 'tenant_id': '81a3b6b8688c4376bc3d8e463d03e0bb', 'network_id': 'b9033a74-7975-49a6-8600-499d2e3fd9d5', 'ip_version': 4, 'subnetpool_id': None, 'enable_dhcp': True, 'ipv6_ra_mode': None, 'ipv6_address_mode': None, 'gateway_ip': '192.168.128.1', 'cidr': '192.168.128.0/28', 'allocation_pools': [{'start': '192.168.128.2', 'end': '192.168.128.14'}], 'host_routes': [], 'dns_nameservers': [], 'description': '', 'router:external': False, 'service_types': [], 'tags': [], 'created_at': '2024-10-31T09:59:58Z', 'updated_at': '2024-10-31T09:59:58Z', 'revision_number': 0, 'project_id': '81a3b6b8688c4376bc3d8e463d03e0bb'}, Router: {'id': '4fa788d8-692c-47ef-9357-e15122065818', 'name': 'tempest-ServersTestFqdnHostnames-612687891-router', 'tenant_id': '81a3b6b8688c4376bc3d8e463d03e0bb', 'admin_state_up': True, 'status': 'ACTIVE', 'external_gateway_info': {'network_id': '1b6f4eb0-9755-4e26-9ad3-b0b952044b77', 'external_fixed_ips': [{'subnet_id': 'ad72b6df-5e43-4672-81f0-1d7c8c338b1a', 'ip_address': '10.180.180.233'}], 'enable_snat': True}, 'description': '', 'availability_zones': [], 'distributed': False, 'ha': False, 'availability_zone_hints': [], 'routes': [], 'flavor_id': None, 'tags': [], 'created_at': '2024-10-31T09:59:59Z', 'updated_at': '2024-10-31T09:59:59Z', 'revision_number': 2, 'project_id': '81a3b6b8688c4376bc3d8e463d03e0bb'}
2024-10-31 10:00:01.985 62842 INFO tempest.lib.common.rest_client [req-31280caa-66c3-4aaf-a5f3-e4804335ce6b req-31280caa-66c3-4aaf-a5f3-e4804335ce6b ] Request (ServersTestFqdnHostnames:setUpClass): 201 POST http://10.180.1.21/identity/v3/auth/tokens 0.099s
2024-10-31 10:00:02.004 62884 INFO tempest.lib.common.rest_client [req-d08e2a85-fea6-4a29-97ed-d9cc431604c5 req-d08e2a85-fea6-4a29-97ed-d9cc431604c5 ] Request (SecurityGroupsTestAdminJSON:test_list_security_groups_list_all_tenants_filter): 200 GET http://10.180.1.21/compute/v2.1/os-security-groups?all_tenants=true 3.524s
2024-10-31 10:00:02.105 62857 INFO tempest.lib.common.rest_client [req-348f456f-15ea-45bf-8fe4-4c7968a93798 req-348f456f-15ea-45bf-8fe4-4c7968a93798 ] Request (ServerActionsTestOtherB:setUpClass): 200 POST http://10.180.1.21/compute/v2.1/os-keypairs 2.389s
2024-10-31 10:00:02.112 62828 INFO tempest.lib.common.rest_client [req-9243baee-66bb-4f26-9f77-0b64b0103d5f req-9243baee-66bb-4f26-9f77-0b64b0103d5f ] Request (AggregatesAdminNegativeTestJSON:test_aggregate_remove_host_as_user): 403 POST http://10.180.1.21/compute/v2.1/os-aggregates/7/action 2.331s
2024-10-31 10:00:02.195 62830 INFO tempest.lib.common.rest_client [req-bd2f2d73-b0c6-44d9-a60e-3bf55fe5cd20 req-bd2f2d73-b0c6-44d9-a60e-3bf55fe5cd20 ] Request (ServerMetadataTestJSON:setUpClass): 200 GET http://10.180.1.21/compute/v2.1/servers/92080abc-eb47-439b-b702-d226666fa155 2.409s
2024-10-31 10:00:02.198 62862 INFO tempest.lib.common.rest_client [req-19a91dbe-281f-4e7e-9bc0-6e71bb99b99f req-19a91dbe-281f-4e7e-9bc0-6e71bb99b99f ] Request (ServersTestBootFromVolume:setUpClass): 200 GET http://10.180.1.21/volume/v3/volumes/e807607d-7a5e-40f0-a2c2-47556cc4a8e8 0.032s
2024-10-31 10:00:02.244 62836 INFO tempest.lib.common.rest_client [req-5621bec1-03fe-4646-981c-07a1facd823a req-5621bec1-03fe-4646-981c-07a1facd823a ] Request (ServicesAdminNegativeTestJSON:test_get_service_by_invalid_params): 200 GET http://10.180.1.21/compute/v2.1/os-services 2.350s
2024-10-31 10:00:02.248 62857 INFO tempest.lib.common.rest_client [req-58b00b05-b34a-44c1-81ab-a20a69cca2d1 req-58b00b05-b34a-44c1-81ab-a20a69cca2d1 ] Request (ServerActionsTestOtherB:setUpClass): 201 POST http://10.180.1.21:9696/networking/v2.0/security-groups 0.141s
2024-10-31 10:00:02.297 62866 INFO tempest.lib.common.rest_client [req-f1098097-9711-4208-8a8d-0825b87f2dcc req-f1098097-9711-4208-8a8d-0825b87f2dcc ] Request (ServersAdmin275Test:test_rebuild_update_server_275): 200 GET http://10.180.1.21/compute/v2.1/servers/dd387320-7101-440c-80bc-a7d19a654df8 2.118s
2024-10-31 10:00:02.344 62882 INFO tempest.lib.common.rest_client [req-49041fd0-dab1-4a44-89c5-9f263efa4ca0 req-49041fd0-dab1-4a44-89c5-9f263efa4ca0 ] Request (ServerExternalEventsTest:test_create_server_external_events): 200 GET http://10.180.1.21/compute/v2.1/servers/84e40295-3fa4-4e6f-ade6-bf6f4c60d6a7 2.092s
2024-10-31 10:00:02.361 62857 INFO tempest.lib.common.rest_client [req-72157c06-d4f3-41ea-893b-3fe6371d4324 req-72157c06-d4f3-41ea-893b-3fe6371d4324 ] Request (ServerActionsTestOtherB:setUpClass): 201 POST http://10.180.1.21:9696/networking/v2.0/security-group-rules 0.113s
2024-10-31 10:00:02.369 62840 INFO tempest.lib.common.rest_client [req-99b3d21a-a8bf-49f8-90a4-184a4f75330a req-99b3d21a-a8bf-49f8-90a4-184a4f75330a ] Request (ServerDiagnosticsV248Test:test_get_server_diagnostics): 200 GET http://10.180.1.21/compute/v2.1/servers/779efd7e-99d5-4065-8ade-1665533677a4/diagnostics 2.672s
2024-10-31 10:00:02.391 62834 INFO tempest.lib.common.rest_client [req-478f3f69-148e-4e51-a3bf-d750095267d3 req-478f3f69-148e-4e51-a3bf-d750095267d3 ] Request (ServersWithSpecificFlavorTestJSON:test_verify_created_server_ephemeral_disk): 200 GET http://10.180.1.21/compute/v2.1/servers/01432003-5c48-40e1-b22b-a538a7e34663 1.547s
2024-10-31 10:00:02.435 62878 INFO tempest.lib.common.rest_client [req-652afbc8-ea8a-4d4d-b84b-af248d271e64 req-652afbc8-ea8a-4d4d-b84b-af248d271e64 ] Request (FloatingIPDetailsTestJSON:tearDownClass): 200 PUT http://10.180.1.21:9696/networking/v2.0/routers/b24f62fe-1dad-4dd3-a51c-bdfe972c4b8d/remove_router_interface 1.580s
2024-10-31 10:00:02.436 62854 INFO tempest.lib.common.rest_client [req-aa67200d-934d-4944-8714-8eea0ec7ee9c req-aa67200d-934d-4944-8714-8eea0ec7ee9c ] Request (ServerDiskConfigTestJSON:test_rebuild_server_with_auto_disk_config): 200 GET http://10.180.1.21/compute/v2.1/servers/a8af7330-6454-439c-870b-73d1637b6438 1.533s
2024-10-31 10:00:02.443 62838 INFO tempest.lib.common.rest_client [req-a13ce3cd-f08b-4390-913f-7d287fbe2488 req-a13ce3cd-f08b-4390-913f-7d287fbe2488 ] Request (ServersTestManualDisk:setUpClass): 200 GET http://10.180.1.21/compute/v2.1/servers/916af5db-2e20-4156-9048-148f0f6253cd 1.475s
2024-10-31 10:00:02.501 62874 INFO tempest.lib.common.rest_client [req-f8fea66c-416a-4db0-ad83-3de0a3cae499 req-f8fea66c-416a-4db0-ad83-3de0a3cae499 ] Request (VolumesAssistedSnapshotsTest:test_volume_assisted_snapshot_create_delete): 200 GET http://10.180.1.21/compute/v2.1/servers/971d6e19-044b-4af8-b6c3-12b617cc24fe 1.372s
2024-10-31 10:00:02.511 62880 INFO tempest.lib.common.rest_client [req-d1b3b7ec-8667-43cf-89c5-5fb40ea0296b req-d1b3b7ec-8667-43cf-89c5-5fb40ea0296b ] Request (ServerTagsTestJSON:setUpClass): 200 GET http://10.180.1.21/compute/v2.1/servers/106dca6d-1ddf-4315-b645-c52c7c59f5d1 1.458s
2024-10-31 10:00:02.518 62857 INFO tempest.lib.common.rest_client [req-933e8c31-b15a-4419-a6cc-87f45733eca2 req-933e8c31-b15a-4419-a6cc-87f45733eca2 ] Request (ServerActionsTestOtherB:setUpClass): 201 POST http://10.180.1.21:9696/networking/v2.0/security-group-rules 0.156s
2024-10-31 10:00:02.564 62850 INFO tempest.lib.common.rest_client [req-26520bc6-8e67-4629-8b46-0d24be3a2dd6 req-26520bc6-8e67-4629-8b46-0d24be3a2dd6 ] Request (QuotasAdminTestV257:test_get_updated_quotas): 200 GET http://10.180.1.21/compute/v2.1/os-quota-sets/0535a5b1fdea4a9fbe29d98e3afc7dff?user_id=1418bf9823144960b379a7af0f4cda4b 1.242s
2024-10-31 10:00:02.569 62852 INFO tempest.lib.common.rest_client [req-f337a00f-9506-46b1-b50d-d1702ce1a81c req-f337a00f-9506-46b1-b50d-d1702ce1a81c ] Request (DeleteServersAdminTestJSON:test_delete_server_while_in_error_state): 200 GET http://10.180.1.21/compute/v2.1/servers/29f9e25a-a0b2-4bb8-b59a-3617819d3be5 1.385s
2024-10-31 10:00:02.582 62868 INFO tempest.lib.common.rest_client [req-6bff7923-4c84-4016-bf6a-e019abc098c2 req-6bff7923-4c84-4016-bf6a-e019abc098c2 ] Request (FlavorsAdminTestJSON:test_is_public_string_variations): 200 GET http://10.180.1.21/compute/v2.1/flavors/detail?is_public=0 0.844s
2024-10-31 10:00:02.647 62872 INFO tempest.lib.common.rest_client [req-9eaabfd3-876f-46c4-b250-a04abcb58e9e req-9eaabfd3-876f-46c4-b250-a04abcb58e9e ] Request (ServerShowV257Test:test_rebuild_server): 200 GET http://10.180.1.21/compute/v2.1/servers/149bd77b-9583-42e5-8c82-f795cac53b87 0.691s
2024-10-31 10:00:02.678 62842 INFO tempest.lib.common.rest_client [req-253d3fac-135a-430a-a544-138ce8b4cc0a req-253d3fac-135a-430a-a544-138ce8b4cc0a ] Request (ServersTestFqdnHostnames:test_create_server_with_fqdn_name): 200 POST http://10.180.1.21/compute/v2.1/os-keypairs 0.690s
2024-10-31 10:00:02.681 62850 INFO tempest.lib.common.rest_client [req-e85addf2-1d0b-4df7-a1c4-992ff2819b45 req-e85addf2-1d0b-4df7-a1c4-992ff2819b45 ] Request (QuotasAdminTestV257:_run_cleanups): 204 DELETE http://10.180.1.21/identity/v3/users/1418bf9823144960b379a7af0f4cda4b 0.113s
2024-10-31 10:00:02.767 62824 INFO tempest.lib.common.rest_client [req-896c4878-5d87-4069-b8f5-e718baeaff72 req-896c4878-5d87-4069-b8f5-e718baeaff72 ] Request (ServersAdminTestJSON:setUpClass): 200 GET http://10.180.1.21/compute/v2.1/servers/598c7b4f-8239-45af-8bc5-caf6b47172ba 0.738s
2024-10-31 10:00:02.839 62850 INFO tempest.lib.common.rest_client [req-c029dc5f-78e3-4cc1-abac-7e26b3c21084 req-c029dc5f-78e3-4cc1-abac-7e26b3c21084 ] Request (QuotasAdminTestV257:_run_cleanups): 204 DELETE http://10.180.1.21/identity/v3/projects/0535a5b1fdea4a9fbe29d98e3afc7dff 0.157s
2024-10-31 10:00:02.857 62848 INFO tempest.lib.common.rest_client [req-f3156eb7-8e56-4f36-97b0-8d51b856c7bd req-f3156eb7-8e56-4f36-97b0-8d51b856c7bd ] Request (MigrationsAdminTest:test_list_migrations_in_flavor_resize_situation): 200 GET http://10.180.1.21/compute/v2.1/servers/40fd1fff-1df0-43b6-9cce-a666ecd63199 0.759s
2024-10-31 10:00:02.927 62846 INFO tempest.lib.common.rest_client [req-7097d46f-4bbb-457b-af13-2708655a77cf req-7097d46f-4bbb-457b-af13-2708655a77cf ] Request (QuotasAdminTestV236:test_get_updated_quotas): 200 GET http://10.180.1.21/identity/v3/domains?name=Default 0.074s
2024-10-31 10:00:02.966 62846 INFO tempest.lib.common.rest_client [req-d6ed5dd4-a790-4b94-9e9f-205d6ec89f91 req-d6ed5dd4-a790-4b94-9e9f-205d6ec89f91 ] Request (QuotasAdminTestV236:test_get_updated_quotas): 201 POST http://10.180.1.21/identity/v3/projects 0.038s
2024-10-31 10:00:02.993 62842 INFO tempest.lib.common.rest_client [req-1a5b72d7-6642-4f3f-bfdf-c443a4900def req-1a5b72d7-6642-4f3f-bfdf-c443a4900def ] Request (ServersTestFqdnHostnames:test_create_server_with_fqdn_name): 201 POST http://10.180.1.21:9696/networking/v2.0/security-groups 0.314s
2024-10-31 10:00:03.029 62828 INFO tempest.lib.common.rest_client [req-14d92547-1cb3-4c0b-9c4d-581b24f933da req-14d92547-1cb3-4c0b-9c4d-581b24f933da ] Request (AggregatesAdminNegativeTestJSON:_run_cleanups): 200 POST http://10.180.1.21/compute/v2.1/os-aggregates/7/action 0.916s
2024-10-31 10:00:03.040 62846 INFO tempest.lib.common.rest_client [req-fe3ba01b-efed-4ea6-bc13-ac89793c8c8a req-fe3ba01b-efed-4ea6-bc13-ac89793c8c8a ] Request (QuotasAdminTestV236:test_get_updated_quotas): 200 GET http://10.180.1.21/identity/v3/domains?name=Default 0.073s
2024-10-31 10:00:03.061 62836 INFO tempest.lib.common.rest_client [req-129a451c-c5b9-4de9-931e-1eab89d1b760 req-129a451c-c5b9-4de9-931e-1eab89d1b760 ] Request (ServicesAdminNegativeTestJSON:test_get_service_by_invalid_params): 200 GET http://10.180.1.21/compute/v2.1/os-services?xxx=nova-compute 0.814s
2024-10-31 10:00:03.085 62826 INFO tempest.lib.common.rest_client [req-8f8cce1a-c47e-471f-976f-8eaefb80d561 req-8f8cce1a-c47e-471f-976f-8eaefb80d561 ] Request (SecurityGroupRulesNegativeTestJSON:setUpClass): 200 PUT http://10.180.1.21:9696/networking/v2.0/routers/1e10892b-6630-401f-bb71-75742720761e/add_router_interface 2.121s
2024-10-31 10:00:03.085 62826 INFO tempest.lib.common.dynamic_creds [-] Created isolated network resources for: credentials: Credentials: {'domain_id': 'default', 'domain_name': 'Default', 'username': 'tempest-SecurityGroupRulesNegativeTestJSON-442468138-project-member', 'project_domain_id': 'default', 'project_domain_name': 'Default', 'project_id': '1a8cf098a36144adbb2b9f2fe70794da', 'project_name': 'tempest-SecurityGroupRulesNegativeTestJSON-442468138', 'tenant_id': '1a8cf098a36144adbb2b9f2fe70794da', 'tenant_name': 'tempest-SecurityGroupRulesNegativeTestJSON-442468138', 'user_domain_id': 'default', 'user_domain_name': 'Default', 'user_id': '58ba5ee6b7cf48f684362c2e0679344f', 'system': None}, Network: {'id': '4f3e099a-d2ca-4fd0-9ec8-b3e23f8d9df3', 'name': 'tempest-SecurityGroupRulesNegativeTestJSON-424189220-network', 'tenant_id': '1a8cf098a36144adbb2b9f2fe70794da', 'admin_state_up': True, 'mtu': 8950, 'status': 'ACTIVE', 'subnets': [], 'shared': False, 'project_id': '1a8cf098a36144adbb2b9f2fe70794da', 'port_security_enabled': True, 'router:external': False, 'provider:network_type': 'vlan', 'provider:physical_network': 'default', 'provider:segmentation_id': 6, 'availability_zone_hints': [], 'availability_zones': [], 'ipv4_address_scope': None, 'ipv6_address_scope': None, 'description': '', 'tags': [], 'created_at': '2024-10-31T09:59:59Z', 'updated_at': '2024-10-31T09:59:59Z', 'revision_number': 1}, Subnet: {'id': '2065f9e1-e111-4a30-97d2-01611e66351c', 'name': 'tempest-SecurityGroupRulesNegativeTestJSON-424189220-subnet', 'tenant_id': '1a8cf098a36144adbb2b9f2fe70794da', 'network_id': '4f3e099a-d2ca-4fd0-9ec8-b3e23f8d9df3', 'ip_version': 4, 'subnetpool_id': None, 'enable_dhcp': True, 'ipv6_ra_mode': None, 'ipv6_address_mode': None, 'gateway_ip': '192.168.128.1', 'cidr': '192.168.128.0/28', 'allocation_pools': [{'start': '192.168.128.2', 'end': '192.168.128.14'}], 'host_routes': [], 'dns_nameservers': [], 'description': '', 'router:external': False, 'service_types': [], 'tags': [], 'created_at': '2024-10-31T09:59:59Z', 'updated_at': '2024-10-31T09:59:59Z', 'revision_number': 0, 'project_id': '1a8cf098a36144adbb2b9f2fe70794da'}, Router: {'id': '1e10892b-6630-401f-bb71-75742720761e', 'name': 'tempest-SecurityGroupRulesNegativeTestJSON-424189220-router', 'tenant_id': '1a8cf098a36144adbb2b9f2fe70794da', 'admin_state_up': True, 'status': 'ACTIVE', 'external_gateway_info': {'network_id': '1b6f4eb0-9755-4e26-9ad3-b0b952044b77', 'external_fixed_ips': [{'subnet_id': 'ad72b6df-5e43-4672-81f0-1d7c8c338b1a', 'ip_address': '10.180.180.167'}], 'enable_snat': True}, 'description': '', 'availability_zones': [], 'distributed': False, 'ha': False, 'availability_zone_hints': [], 'routes': [], 'flavor_id': None, 'tags': [], 'created_at': '2024-10-31T09:59:59Z', 'updated_at': '2024-10-31T10:00:00Z', 'revision_number': 2, 'project_id': '1a8cf098a36144adbb2b9f2fe70794da'}
2024-10-31 10:00:03.119 62850 INFO tempest.lib.common.rest_client [req-906ce9c3-dcae-4dfd-b980-4a7b504cab28 req-906ce9c3-dcae-4dfd-b980-4a7b504cab28 ] Request (QuotasAdminTestV257:tearDownClass): 204 DELETE http://10.180.1.21/identity/v3/users/56c2048cb8844c82a617b2948cdfd0db 0.275s
2024-10-31 10:00:03.133 62884 INFO tempest.lib.common.rest_client [req-40fddbb6-f7db-4eee-b14b-fc498146bfea req-40fddbb6-f7db-4eee-b14b-fc498146bfea ] Request (SecurityGroupsTestAdminJSON:test_list_security_groups_list_all_tenants_filter): 200 GET http://10.180.1.21/compute/v2.1/os-security-groups?all_tenants=true 1.120s
2024-10-31 10:00:03.176 62840 INFO tempest.lib.common.rest_client [req-085c9809-428d-4d96-8962-0fe93d2ab8ac req-085c9809-428d-4d96-8962-0fe93d2ab8ac ] Request (ServerDiagnosticsV248Test:tearDownClass): 204 DELETE http://10.180.1.21/compute/v2.1/servers/779efd7e-99d5-4065-8ade-1665533677a4 0.791s
2024-10-31 10:00:03.205 62826 INFO tempest.lib.common.rest_client [req-449191b0-0851-4698-ad18-c1e1d72c13f7 req-449191b0-0851-4698-ad18-c1e1d72c13f7 ] Request (SecurityGroupRulesNegativeTestJSON:setUpClass): 201 POST http://10.180.1.21/identity/v3/auth/tokens 0.115s
2024-10-31 10:00:03.235 62822 INFO tempest.lib.common.rest_client [req-3231a384-2903-4143-be1b-dc79d5aa8ed6 req-3231a384-2903-4143-be1b-dc79d5aa8ed6 ] Request (ImagesOneServerNegativeTestJSON:setUpClass): 200 GET http://10.180.1.21/compute/v2.1/servers/e883b58a-0fa6-48fd-a8a7-24ead857e6f1 0.779s
2024-10-31 10:00:03.244 62862 INFO tempest.lib.common.rest_client [req-b2081316-3984-435e-9526-f184e7c9915f req-b2081316-3984-435e-9526-f184e7c9915f ] Request (ServersTestBootFromVolume:setUpClass): 200 GET http://10.180.1.21/volume/v3/volumes/e807607d-7a5e-40f0-a2c2-47556cc4a8e8 0.038s
2024-10-31 10:00:03.258 62858 INFO tempest.lib.common.rest_client [req-3673d0e3-9544-4a88-b5d6-07a27bbae5a9 req-3673d0e3-9544-4a88-b5d6-07a27bbae5a9 ] Request (FloatingIPsAssociationNegativeTestJSON:setUpClass): 200 GET http://10.180.1.21/compute/v2.1/servers/5177b4e2-e990-47e6-9f2b-156ca0ee8387 0.867s
2024-10-31 10:00:03.264 62842 INFO tempest.lib.common.rest_client [req-be24da62-4d6c-4924-9265-835bd61e06b9 req-be24da62-4d6c-4924-9265-835bd61e06b9 ] Request (ServersTestFqdnHostnames:test_create_server_with_fqdn_name): 201 POST http://10.180.1.21:9696/networking/v2.0/security-group-rules 0.270s
2024-10-31 10:00:03.275 62850 INFO tempest.lib.common.rest_client [req-d832689c-9f10-4671-9630-ca3a3559424d req-d832689c-9f10-4671-9630-ca3a3559424d ] Request (QuotasAdminTestV257:tearDownClass): 204 DELETE http://10.180.1.21/identity/v3/users/941099b595714f6bba885e6ed062407e 0.152s
2024-10-31 10:00:03.275 62850 INFO tempest.lib.common.dynamic_creds [-] Deleting project and security group for project: 589cae936e7044cbaba2445041c298f7
2024-10-31 10:00:03.282 62868 INFO tempest.lib.common.rest_client [req-9de0f09e-eeae-4e29-8952-d846b1331c66 req-9de0f09e-eeae-4e29-8952-d846b1331c66 ] Request (FlavorsAdminTestJSON:test_is_public_string_variations): 200 GET http://10.180.1.21/compute/v2.1/flavors/detail?is_public=t 0.698s
2024-10-31 10:00:03.307 62844 INFO tempest.lib.common.rest_client [req-aa8d3dcb-07f5-46dc-82fe-4d96ce781b3d req-aa8d3dcb-07f5-46dc-82fe-4d96ce781b3d ] Request (ServerDiagnosticsTest:test_get_server_diagnostics): 200 GET http://10.180.1.21/compute/v2.1/servers/3d05d741-1b46-4646-8269-f72dc6ad5cbd 0.773s
2024-10-31 10:00:03.309 62878 INFO tempest.lib.common.rest_client [req-b3f70207-0f86-4e8f-9540-fd797a314930 req-b3f70207-0f86-4e8f-9540-fd797a314930 ] Request (FloatingIPDetailsTestJSON:tearDownClass): 204 DELETE http://10.180.1.21:9696/networking/v2.0/routers/b24f62fe-1dad-4dd3-a51c-bdfe972c4b8d 0.874s
2024-10-31 10:00:03.334 62850 INFO tempest.lib.common.rest_client [req-c3bfd28d-bc05-4876-9ddb-5dc5b4d9f695 req-c3bfd28d-bc05-4876-9ddb-5dc5b4d9f695 ] Request (QuotasAdminTestV257:tearDownClass): 201 POST http://10.180.1.21/identity/v3/auth/tokens 0.059s
2024-10-31 10:00:03.371 62876 INFO tempest.lib.common.rest_client [req-247c4370-e501-43ef-a084-6c843216de84 req-247c4370-e501-43ef-a084-6c843216de84 ] Request (ServerMetadataNegativeTestJSON:setUpClass): 200 GET http://10.180.1.21/compute/v2.1/servers/68b4ca9d-f934-4b44-8c34-0b1bfb848672 0.775s
2024-10-31 10:00:03.380 62832 INFO tempest.lib.common.rest_client [req-be0d217c-f960-4409-9fa3-33a7510b392e req-be0d217c-f960-4409-9fa3-33a7510b392e ] Request (FloatingIPsAssociationTestJSON:setUpClass): 200 GET http://10.180.1.21/compute/v2.1/servers/1531ed40-29c2-4812-afd5-eabffe22f4ea 0.724s
2024-10-31 10:00:03.448 62860 INFO tempest.lib.common.rest_client [req-33d73449-52bd-42fa-abb8-cdb14e6b1487 req-33d73449-52bd-42fa-abb8-cdb14e6b1487 ] Request (ServerAddressesNegativeTestJSON:setUpClass): 200 GET http://10.180.1.21/compute/v2.1/servers/6f2ca381-b4a3-47ce-b135-dbceb7e44d24 0.740s
2024-10-31 10:00:03.450 62864 INFO tempest.lib.common.rest_client [req-29e991f1-d527-422c-b3a2-d12810da6cc0 req-29e991f1-d527-422c-b3a2-d12810da6cc0 ] Request (ImagesNegativeTestJSON:test_create_image_from_deleted_server): 200 GET http://10.180.1.21/compute/v2.1/servers/b7686890-0ee7-4c5e-85f5-90a5c5241950 0.630s
2024-10-31 10:00:03.460 62842 INFO tempest.lib.common.rest_client [req-242e225c-a0f7-423a-8adb-8d1af188d818 req-242e225c-a0f7-423a-8adb-8d1af188d818 ] Request (ServersTestFqdnHostnames:test_create_server_with_fqdn_name): 201 POST http://10.180.1.21:9696/networking/v2.0/security-group-rules 0.196s
2024-10-31 10:00:03.469 62828 INFO tempest.lib.common.rest_client [req-7cda82a1-2a08-40ef-946e-47c8ac525a94 req-7cda82a1-2a08-40ef-946e-47c8ac525a94 ] Request (AggregatesAdminNegativeTestJSON:_run_cleanups): 200 DELETE http://10.180.1.21/compute/v2.1/os-aggregates/7 0.438s
2024-10-31 10:00:03.492 62836 INFO tempest.lib.common.rest_client [req-c8963f7d-64f0-43ae-aec4-060fbeb05901 req-c8963f7d-64f0-43ae-aec4-060fbeb05901 ] Request (ServicesAdminNegativeTestJSON:test_get_service_by_invalid_service_and_valid_host): 200 GET http://10.180.1.21/compute/v2.1/os-services 0.424s
2024-10-31 10:00:03.557 62878 INFO tempest.lib.common.rest_client [req-cf9dc953-f14e-4aeb-bd45-21fbd47db3a7 req-cf9dc953-f14e-4aeb-bd45-21fbd47db3a7 ] Request (FloatingIPDetailsTestJSON:tearDownClass): 204 DELETE http://10.180.1.21:9696/networking/v2.0/subnets/995365c2-2f09-43a6-bf62-a62dc1ff413d 0.248s
2024-10-31 10:00:03.590 62871 INFO tempest.lib.common.rest_client [req-731c19af-0e58-4d6b-bd49-6ec735303c7f req-731c19af-0e58-4d6b-bd49-6ec735303c7f ] Request (ImagesOneServerTestJSON:tearDownClass): 200 PUT http://10.180.1.21:9696/networking/v2.0/routers/e28caaf5-ccf4-4d87-8816-212d6062ce45/remove_router_interface 1.869s
2024-10-31 10:00:03.592 62850 INFO tempest.lib.common.rest_client [req-fcc36d34-21c3-4b54-881d-14893572b1fb req-fcc36d34-21c3-4b54-881d-14893572b1fb ] Request (QuotasAdminTestV257:tearDownClass): 200 GET http://10.180.1.21:9696/networking/v2.0/security-groups?tenant_id=589cae936e7044cbaba2445041c298f7&name=default 0.258s
2024-10-31 10:00:03.619 62846 INFO tempest.lib.common.rest_client [req-1f0bbb9b-2a7d-4d24-83c0-253a4c64c6db req-1f0bbb9b-2a7d-4d24-83c0-253a4c64c6db ] Request (QuotasAdminTestV236:test_get_updated_quotas): 200 PUT http://10.180.1.21/compute/v2.1/os-quota-sets/cbdb66bdc47f4b548d836f0fdc4a2080 0.578s
2024-10-31 10:00:03.683 62840 INFO tempest.lib.common.rest_client [req-4a5a6a71-fd3a-4eab-8112-45e4753a518a req-4a5a6a71-fd3a-4eab-8112-45e4753a518a ] Request (ServerDiagnosticsV248Test:tearDownClass): 200 GET http://10.180.1.21/compute/v2.1/servers/779efd7e-99d5-4065-8ade-1665533677a4 0.506s
2024-10-31 10:00:03.761 62830 INFO tempest.lib.common.rest_client [req-97b8bdbc-696f-466e-baf1-1d1af36523d1 req-97b8bdbc-696f-466e-baf1-1d1af36523d1 ] Request (ServerMetadataTestJSON:setUpClass): 200 GET http://10.180.1.21/compute/v2.1/servers/92080abc-eb47-439b-b702-d226666fa155 0.556s
2024-10-31 10:00:03.765 62850 INFO tempest.lib.common.rest_client [req-2406ca8b-15ae-4ff3-a013-7c1573017500 req-2406ca8b-15ae-4ff3-a013-7c1573017500 ] Request (QuotasAdminTestV257:tearDownClass): 204 DELETE http://10.180.1.21:9696/networking/v2.0/security-groups/34e86d1a-3bd8-4e97-9c8f-a74a0f55e22f 0.172s
2024-10-31 10:00:03.786 62884 INFO tempest.lib.common.rest_client [req-c01c38f4-613c-41df-8a96-e61415b046fe req-c01c38f4-613c-41df-8a96-e61415b046fe ] Request (SecurityGroupsTestAdminJSON:_run_cleanups): 202 DELETE http://10.180.1.21/compute/v2.1/os-security-groups/3fb51c77-96d8-4026-a778-17ff79ff6dbe 0.648s
2024-10-31 10:00:03.790 62857 INFO tempest.lib.common.rest_client [req-a4871a4f-8bdf-42b0-8de0-96830632bdd4 req-a4871a4f-8bdf-42b0-8de0-96830632bdd4 ] Request (ServerActionsTestOtherB:setUpClass): 201 POST http://10.180.1.21:9696/networking/v2.0/floatingips 1.272s
2024-10-31 10:00:03.807 62868 INFO tempest.lib.common.rest_client [req-6c512bc7-e37b-4f77-8886-781fdecfbb90 req-6c512bc7-e37b-4f77-8886-781fdecfbb90 ] Request (FlavorsAdminTestJSON:test_is_public_string_variations): 200 GET http://10.180.1.21/compute/v2.1/flavors/detail?is_public=true 0.521s
2024-10-31 10:00:03.855 62850 INFO tempest.lib.common.rest_client [req-84817e34-f0dd-4b60-adb0-700baff9d67a req-84817e34-f0dd-4b60-adb0-700baff9d67a ] Request (QuotasAdminTestV257:tearDownClass): 204 DELETE http://10.180.1.21/identity/v3/projects/589cae936e7044cbaba2445041c298f7 0.088s
2024-10-31 10:00:03.855 62850 INFO tempest.lib.common.dynamic_creds [-] Deleting project and security group for project: 8b3ec8eecb95485bb884ddafc88a319a
2024-10-31 10:00:03.898 62857 INFO tempest.lib.common.rest_client [req-3e25efcd-d8e3-4e05-9db7-7a78188a41bd req-3e25efcd-d8e3-4e05-9db7-7a78188a41bd ] Request (ServerActionsTestOtherB:setUpClass): 201 POST http://10.180.1.21/identity/v3/auth/tokens 0.103s
2024-10-31 10:00:03.898 62857 INFO tempest.lib.common.fixed_network [-] (ServerActionsTestOtherB:setUpClass) Found network {'id': '5a5faf9d-946d-4498-9f1f-c6b9b6b86ac9', 'name': 'tempest-ServerActionsTestOtherB-356313654-network', 'tenant_id': '5cfa39edc29f465ab413917766d9fe65', 'admin_state_up': True, 'mtu': 8950, 'status': 'ACTIVE', 'subnets': [], 'shared': False, 'project_id': '5cfa39edc29f465ab413917766d9fe65', 'port_security_enabled': True, 'router:external': False, 'provider:network_type': 'vlan', 'provider:physical_network': 'default', 'provider:segmentation_id': 247, 'availability_zone_hints': [], 'availability_zones': [], 'ipv4_address_scope': None, 'ipv6_address_scope': None, 'description': '', 'tags': [], 'created_at': '2024-10-31T09:59:56Z', 'updated_at': '2024-10-31T09:59:56Z', 'revision_number': 1} available for tenant
2024-10-31 10:00:03.901 62866 INFO tempest.lib.common.rest_client [req-0ad3142d-4a75-4ce9-ace8-b50d0f251401 req-0ad3142d-4a75-4ce9-ace8-b50d0f251401 ] Request (ServersAdmin275Test:test_rebuild_update_server_275): 200 GET http://10.180.1.21/compute/v2.1/servers/dd387320-7101-440c-80bc-a7d19a654df8 0.594s
2024-10-31 10:00:03.972 62882 INFO tempest.lib.common.rest_client [req-2022974d-df6f-484a-94cb-28546f498397 req-2022974d-df6f-484a-94cb-28546f498397 ] Request (ServerExternalEventsTest:test_create_server_external_events): 200 GET http://10.180.1.21/compute/v2.1/servers/84e40295-3fa4-4e6f-ade6-bf6f4c60d6a7 0.621s
2024-10-31 10:00:04.081 62834 INFO tempest.lib.common.rest_client [req-50a514ac-4b9a-4ea8-b4e3-260ca4093f82 req-50a514ac-4b9a-4ea8-b4e3-260ca4093f82 ] Request (ServersWithSpecificFlavorTestJSON:test_verify_created_server_ephemeral_disk): 200 GET http://10.180.1.21/compute/v2.1/servers/01432003-5c48-40e1-b22b-a538a7e34663 0.680s
2024-10-31 10:00:04.147 62826 INFO tempest.lib.common.rest_client [req-3bfbcb1f-1b87-4898-a5f9-79a2ef07b31e req-3bfbcb1f-1b87-4898-a5f9-79a2ef07b31e ] Request (SecurityGroupRulesNegativeTestJSON:test_create_security_group_rule_duplicate): 200 POST http://10.180.1.21/compute/v2.1/os-security-groups 0.940s
2024-10-31 10:00:04.150 62850 INFO tempest.lib.common.rest_client [req-d3dd1979-82bd-4202-af01-85b64c572ea1 req-d3dd1979-82bd-4202-af01-85b64c572ea1 ] Request (QuotasAdminTestV257:tearDownClass): 200 GET http://10.180.1.21:9696/networking/v2.0/security-groups?tenant_id=8b3ec8eecb95485bb884ddafc88a319a&name=default 0.294s
2024-10-31 10:00:04.166 62854 INFO tempest.lib.common.rest_client [req-421c00b7-7760-485e-8285-481e85bb45b5 req-421c00b7-7760-485e-8285-481e85bb45b5 ] Request (ServerDiskConfigTestJSON:test_rebuild_server_with_auto_disk_config): 200 GET http://10.180.1.21/compute/v2.1/servers/a8af7330-6454-439c-870b-73d1637b6438 0.723s
2024-10-31 10:00:04.191 62828 INFO tempest.lib.common.rest_client [req-03f8343d-7e32-43c5-8066-df8c49c31db0 req-03f8343d-7e32-43c5-8066-df8c49c31db0 ] Request (AggregatesAdminNegativeTestJSON:test_aggregate_remove_nonexistent_host): 200 POST http://10.180.1.21/compute/v2.1/os-aggregates 0.720s
2024-10-31 10:00:04.210 62836 INFO tempest.lib.common.rest_client [req-bd2939a9-7472-4a6a-8f67-46e9dcbc4df7 req-bd2939a9-7472-4a6a-8f67-46e9dcbc4df7 ] Request (ServicesAdminNegativeTestJSON:test_get_service_by_invalid_service_and_valid_host): 200 GET http://10.180.1.21/compute/v2.1/os-services?host=devstack&binary=xxx 0.716s
2024-10-31 10:00:04.228 62838 INFO tempest.lib.common.rest_client [req-2fe9e167-25da-4f4e-ba4f-c3c021d0ca7b req-2fe9e167-25da-4f4e-ba4f-c3c021d0ca7b ] Request (ServersTestManualDisk:setUpClass): 200 GET http://10.180.1.21/compute/v2.1/servers/916af5db-2e20-4156-9048-148f0f6253cd 0.773s
2024-10-31 10:00:04.278 62862 INFO tempest.lib.common.rest_client [req-424b8e76-b316-41a5-9fb7-622f15dec69a req-424b8e76-b316-41a5-9fb7-622f15dec69a ] Request (ServersTestBootFromVolume:setUpClass): 200 GET http://10.180.1.21/volume/v3/volumes/e807607d-7a5e-40f0-a2c2-47556cc4a8e8 0.028s
2024-10-31 10:00:04.288 62862 INFO tempest.common.waiters [-] volume e807607d-7a5e-40f0-a2c2-47556cc4a8e8 reached available after waiting for 19.288944 seconds
2024-10-31 10:00:04.310 62880 INFO tempest.lib.common.rest_client [req-50b09343-8326-4093-920f-898a9ad2c840 req-50b09343-8326-4093-920f-898a9ad2c840 ] Request (ServerTagsTestJSON:setUpClass): 200 GET http://10.180.1.21/compute/v2.1/servers/106dca6d-1ddf-4315-b645-c52c7c59f5d1 0.788s
2024-10-31 10:00:04.343 62878 INFO tempest.lib.common.rest_client [req-5e06a560-d491-4250-9577-b4c935957b23 req-5e06a560-d491-4250-9577-b4c935957b23 ] Request (FloatingIPDetailsTestJSON:tearDownClass): 204 DELETE http://10.180.1.21:9696/networking/v2.0/networks/cd9e11a3-882d-4d83-bdf3-080932b1b517 0.785s
2024-10-31 10:00:04.354 62874 INFO tempest.lib.common.rest_client [req-10140915-13b1-4a71-9b3e-ceef5fc81b44 req-10140915-13b1-4a71-9b3e-ceef5fc81b44 ] Request (VolumesAssistedSnapshotsTest:test_volume_assisted_snapshot_create_delete): 200 GET http://10.180.1.21/compute/v2.1/servers/971d6e19-044b-4af8-b6c3-12b617cc24fe 0.846s
