2024-10-31 10:00:55.331 62874 INFO tempest.lib.common.rest_client [req-2ec62d93-dfcd-4990-aaf0-c02ffecec9bc req-2ec62d93-dfcd-4990-aaf0-c02ffecec9bc ] Request (VolumesAssistedSnapshotsTest:test_volume_assisted_snapshot_create_delete): 200 GET http://10.180.1.21/compute/v2.1/servers/971d6e19-044b-4af8-b6c3-12b617cc24fe 0.046s
2024-10-31 10:00:55.376 62862 INFO tempest.lib.common.rest_client [req-2a696647-5054-423e-ac6b-fa012e9fb405 req-2a696647-5054-423e-ac6b-fa012e9fb405 ] Request (ServersTestBootFromVolume:setUpClass): 200 GET http://10.180.1.21/compute/v2.1/servers/c080105d-4a58-4616-b65c-7bac79dd93c1 0.044s
2024-10-31 10:00:55.411 62854 INFO tempest.lib.common.rest_client [req-e150e878-7d2c-4589-b702-174fef61a02a req-e150e878-7d2c-4589-b702-174fef61a02a ] Request (ServerDiskConfigTestJSON:test_rebuild_server_with_auto_disk_config): 200 GET http://10.180.1.21/compute/v2.1/servers/a8af7330-6454-439c-870b-73d1637b6438 0.045s
2024-10-31 10:00:55.443 62834 INFO tempest.lib.common.rest_client [req-2d882d3e-85f5-4525-9dbf-806658864c87 req-2d882d3e-85f5-4525-9dbf-806658864c87 ] Request (ServersWithSpecificFlavorTestJSON:test_verify_created_server_ephemeral_disk): 200 GET http://10.180.1.21/compute/v2.1/servers/01432003-5c48-40e1-b22b-a538a7e34663 0.044s
2024-10-31 10:00:55.488 62846 INFO tempest.lib.common.rest_client [req-fdaddd14-cf8f-43eb-a2f0-591a06428126 req-fdaddd14-cf8f-43eb-a2f0-591a06428126 ] Request (InstanceActionsTestJSON:setUpClass): 200 GET http://10.180.1.21/compute/v2.1/servers/1cad8d1b-ed02-424c-879c-2f23d4d90b22 0.041s
2024-10-31 10:00:55.531 62828 INFO tempest.lib.common.rest_client [req-3390ee70-7d56-4e15-a206-5d87f5ac115e req-3390ee70-7d56-4e15-a206-5d87f5ac115e ] Request (ServerShowV247Test:test_update_rebuild_list_server): 200 GET http://10.180.1.21/compute/v2.1/servers/2cf0927d-8d98-4554-92ce-c049e1ea179c 0.056s
2024-10-31 10:00:55.573 62842 INFO tempest.lib.common.rest_client [req-104aefff-af59-478b-b2f3-511f3da2d17d req-104aefff-af59-478b-b2f3-511f3da2d17d ] Request (ServersTestFqdnHostnames:test_create_server_with_fqdn_name): 200 GET http://10.180.1.21/compute/v2.1/servers/14557f1a-2410-4201-9b91-49d23f18d47a 0.071s
2024-10-31 10:00:55.599 62852 INFO tempest.lib.common.rest_client [req-bc61ca7e-cae7-4baa-979c-e2bd745e7b1a req-bc61ca7e-cae7-4baa-979c-e2bd745e7b1a ] Request (DeleteServersAdminTestJSON:test_delete_server_while_in_error_state): 200 GET http://10.180.1.21/compute/v2.1/servers/29f9e25a-a0b2-4bb8-b59a-3617819d3be5 0.179s
2024-10-31 10:00:55.615 62824 INFO tempest.lib.common.rest_client [req-dcae1f87-a97b-4586-b7ad-2d720f9d851f req-dcae1f87-a97b-4586-b7ad-2d720f9d851f ] Request (VolumesAdminNegativeTest:test_update_attached_volume_with_nonexistent_volume_in_body): 200 GET http://10.180.1.21/compute/v2.1/servers/53e10c33-0f41-48a2-ac19-c0b34a9a9312 0.085s
2024-10-31 10:00:55.640 62826 INFO tempest.lib.common.rest_client [req-336bca98-518d-4b65-8861-d838948fac0c req-336bca98-518d-4b65-8861-d838948fac0c ] Request (ServerActionsTestJSON:setUpClass): 200 GET http://10.180.1.21/compute/v2.1/servers/ae66c3e2-eac8-4239-b5be-64dc0dcf2c04 0.099s
2024-10-31 10:00:55.657 62822 INFO tempest.lib.common.rest_client [req-a7c7d6b0-c7de-4ecc-947a-5af7efe42fa1 req-a7c7d6b0-c7de-4ecc-947a-5af7efe42fa1 ] Request (ImagesOneServerNegativeTestJSON:setUpClass): 200 GET http://10.180.1.21/compute/v2.1/servers/e883b58a-0fa6-48fd-a8a7-24ead857e6f1 0.086s
2024-10-31 10:00:55.682 62884 INFO tempest.lib.common.rest_client [req-4d5deaa3-36e4-4a1c-8006-7b655c35f4b7 req-4d5deaa3-36e4-4a1c-8006-7b655c35f4b7 ] Request (ServerAddressesTestJSON:setUpClass): 200 GET http://10.180.1.21/compute/v2.1/servers/86e3d197-2e8c-4357-ac0a-e1af8e247024 0.100s
2024-10-31 10:00:55.716 62868 INFO tempest.lib.common.rest_client [req-b61020ad-4a20-44d6-ac14-450306211499 req-b61020ad-4a20-44d6-ac14-450306211499 ] Request (TenantUsagesTestJSON:setUpClass): 200 GET http://10.180.1.21/compute/v2.1/servers/aae9ff25-f304-4dbe-824c-b17b3522655c 0.049s
2024-10-31 10:00:55.788 62860 INFO tempest.lib.common.rest_client [req-733eac40-3fba-4c5d-add7-fcecc6759761 req-733eac40-3fba-4c5d-add7-fcecc6759761 ] Request (ServerAddressesNegativeTestJSON:setUpClass): 200 GET http://10.180.1.21/compute/v2.1/servers/6f2ca381-b4a3-47ce-b135-dbceb7e44d24 0.047s
2024-10-31 10:00:55.906 62876 INFO tempest.lib.common.rest_client [req-60ad5366-1a20-4c9a-98d6-5d56da104597 req-60ad5366-1a20-4c9a-98d6-5d56da104597 ] Request (ServerMetadataNegativeTestJSON:setUpClass): 200 GET http://10.180.1.21/compute/v2.1/servers/68b4ca9d-f934-4b44-8c34-0b1bfb848672 0.047s
2024-10-31 10:00:56.016 62857 INFO tempest.lib.common.rest_client [req-a5f12093-fec4-44cb-affc-58af8315714b req-a5f12093-fec4-44cb-affc-58af8315714b ] Request (ServerActionsTestOtherB:setUpClass): 200 GET http://10.180.1.21/compute/v2.1/servers/5cd813d1-f778-4c8a-920b-64e92a3b52af 0.049s
2024-10-31 10:00:56.068 62872 INFO tempest.lib.common.rest_client [req-56f362da-44ce-4551-a3ba-52006bbedf9b req-56f362da-44ce-4551-a3ba-52006bbedf9b ] Request (ServerShowV257Test:tearDownClass): 200 GET http://10.180.1.21/compute/v2.1/servers/149bd77b-9583-42e5-8c82-f795cac53b87 0.073s
2024-10-31 10:00:56.111 62830 INFO tempest.lib.common.rest_client [req-c424131f-4364-4d03-80e0-3b504e086921 req-c424131f-4364-4d03-80e0-3b504e086921 ] Request (ServerMetadataTestJSON:setUpClass): 200 GET http://10.180.1.21/compute/v2.1/servers/92080abc-eb47-439b-b702-d226666fa155 0.101s
2024-10-31 10:00:56.160 62871 INFO tempest.lib.common.rest_client [req-e03bcdca-89ae-480b-aa24-aa55604aaee4 req-e03bcdca-89ae-480b-aa24-aa55604aaee4 ] Request (ServersV294TestFqdnHostnames:setUpClass): 200 GET http://10.180.1.21/compute/v2.1/servers/3695a09f-dffc-4537-ac78-faffd6bdd252 0.085s
2024-10-31 10:00:56.162 62858 INFO tempest.lib.common.rest_client [req-14e7c59e-35f4-4573-bccb-8d43632c54f5 req-14e7c59e-35f4-4573-bccb-8d43632c54f5 ] Request (FloatingIPsAssociationNegativeTestJSON:setUpClass): 200 GET http://10.180.1.21/compute/v2.1/servers/5177b4e2-e990-47e6-9f2b-156ca0ee8387 0.237s
2024-10-31 10:00:56.204 62840 INFO tempest.lib.common.rest_client [req-cda9e8e2-9789-4154-a86d-22b95e85a6f7 req-cda9e8e2-9789-4154-a86d-22b95e85a6f7 ] Request (ListImageFiltersTestJSON:setUpClass): 200 GET http://10.180.1.21/compute/v2.1/servers/72cdccb7-b398-4833-af82-d64222c83f8d 0.053s
2024-10-31 10:00:56.221 62866 INFO tempest.lib.common.rest_client [req-af728a77-dc67-4b9b-ae2d-c3c9cde733de req-af728a77-dc67-4b9b-ae2d-c3c9cde733de ] Request (ServersAdmin275Test:tearDownClass): 200 GET http://10.180.1.21/compute/v2.1/servers/dd387320-7101-440c-80bc-a7d19a654df8 0.054s
2024-10-31 10:00:56.255 62848 INFO tempest.lib.common.rest_client [req-cccf0f10-403a-404e-b2d5-fb90ee924fd7 req-cccf0f10-403a-404e-b2d5-fb90ee924fd7 ] Request (MigrationsAdminTest:test_resize_server_revert_deleted_flavor): 200 GET http://10.180.1.21/compute/v2.1/servers/3b50dbde-2969-4a4b-ae35-42416342a60b 0.048s
2024-10-31 10:00:56.276 62882 INFO tempest.lib.common.rest_client [req-f47662ab-d68a-4f2c-9844-85f08a15f24d req-f47662ab-d68a-4f2c-9844-85f08a15f24d ] Request (ServerExternalEventsTest:test_create_server_external_events): 200 GET http://10.180.1.21/compute/v2.1/servers/84e40295-3fa4-4e6f-ade6-bf6f4c60d6a7 0.045s
2024-10-31 10:00:56.298 62864 INFO tempest.lib.common.rest_client [req-7760c540-138b-40bc-918c-8e07327d3156 req-7760c540-138b-40bc-918c-8e07327d3156 ] Request (ImagesNegativeTestJSON:test_create_image_from_deleted_server): 200 GET http://10.180.1.21/compute/v2.1/servers/b7686890-0ee7-4c5e-85f5-90a5c5241950 0.048s
2024-10-31 10:00:56.318 62832 INFO tempest.lib.common.rest_client [req-a2dc12fc-20be-4f70-84df-04b2d9865265 req-a2dc12fc-20be-4f70-84df-04b2d9865265 ] Request (AttachInterfacesTestJSON:test_create_list_show_delete_interfaces_by_fixed_ip): 200 GET http://10.180.1.21/compute/v2.1/servers/424fc272-b4b9-4867-a083-b27abe308f81 0.042s
2024-10-31 10:00:56.342 62880 INFO tempest.lib.common.rest_client [req-d7a4f6ae-b04f-4b8e-80fc-d8653337aece req-d7a4f6ae-b04f-4b8e-80fc-d8653337aece ] Request (ServersNegativeTestMultiTenantJSON:setUpClass): 200 GET http://10.180.1.21/compute/v2.1/servers/0b4d919f-552e-489e-bcfb-f6447cf81fb8 0.046s
2024-10-31 10:00:56.365 62838 INFO tempest.lib.common.rest_client [req-6ad63d57-da18-4ea4-8cca-a3c5537eb2ea req-6ad63d57-da18-4ea4-8cca-a3c5537eb2ea ] Request (ServerPasswordTestJSON:setUpClass): 200 GET http://10.180.1.21/compute/v2.1/servers/ed0ec962-3c4e-409f-9332-0a79ca1c6ed3 0.042s
2024-10-31 10:00:56.393 62874 INFO tempest.lib.common.rest_client [req-137369ae-aee2-458c-a00b-7f0d97549a11 req-137369ae-aee2-458c-a00b-7f0d97549a11 ] Request (VolumesAssistedSnapshotsTest:test_volume_assisted_snapshot_create_delete): 200 GET http://10.180.1.21/compute/v2.1/servers/971d6e19-044b-4af8-b6c3-12b617cc24fe 0.054s
2024-10-31 10:00:56.426 62862 INFO tempest.lib.common.rest_client [req-3e68c509-646f-4686-b291-48e69d9d1a34 req-3e68c509-646f-4686-b291-48e69d9d1a34 ] Request (ServersTestBootFromVolume:setUpClass): 200 GET http://10.180.1.21/compute/v2.1/servers/c080105d-4a58-4616-b65c-7bac79dd93c1 0.043s
2024-10-31 10:00:56.466 62854 INFO tempest.lib.common.rest_client [req-ebb7137c-9646-44dc-8330-f47b7fdea347 req-ebb7137c-9646-44dc-8330-f47b7fdea347 ] Request (ServerDiskConfigTestJSON:test_rebuild_server_with_auto_disk_config): 200 GET http://10.180.1.21/compute/v2.1/servers/a8af7330-6454-439c-870b-73d1637b6438 0.047s
2024-10-31 10:00:56.494 62834 INFO tempest.lib.common.rest_client [req-556ef867-e3e9-4201-9bb3-bce885be0eab req-556ef867-e3e9-4201-9bb3-bce885be0eab ] Request (ServersWithSpecificFlavorTestJSON:test_verify_created_server_ephemeral_disk): 200 GET http://10.180.1.21/compute/v2.1/servers/01432003-5c48-40e1-b22b-a538a7e34663 0.044s
2024-10-31 10:00:56.537 62846 INFO tempest.lib.common.rest_client [req-956f04a6-2ce3-434d-820a-2d7044aefe60 req-956f04a6-2ce3-434d-820a-2d7044aefe60 ] Request (InstanceActionsTestJSON:setUpClass): 200 GET http://10.180.1.21/compute/v2.1/servers/1cad8d1b-ed02-424c-879c-2f23d4d90b22 0.042s
2024-10-31 10:00:56.585 62828 INFO tempest.lib.common.rest_client [req-66e615ff-ec02-4637-8a62-59f36bc30211 req-66e615ff-ec02-4637-8a62-59f36bc30211 ] Request (ServerShowV247Test:test_update_rebuild_list_server): 200 GET http://10.180.1.21/compute/v2.1/servers/2cf0927d-8d98-4554-92ce-c049e1ea179c 0.044s
2024-10-31 10:00:56.625 62842 INFO tempest.lib.common.rest_client [req-6eb3b7ea-b15d-4600-90f3-e39b0ba2e736 req-6eb3b7ea-b15d-4600-90f3-e39b0ba2e736 ] Request (ServersTestFqdnHostnames:test_create_server_with_fqdn_name): 200 GET http://10.180.1.21/compute/v2.1/servers/14557f1a-2410-4201-9b91-49d23f18d47a 0.044s
2024-10-31 10:00:56.652 62852 INFO tempest.lib.common.rest_client [req-0c8788fc-f45c-4109-88d3-2c1ce32e381f req-0c8788fc-f45c-4109-88d3-2c1ce32e381f ] Request (DeleteServersAdminTestJSON:test_delete_server_while_in_error_state): 200 GET http://10.180.1.21/compute/v2.1/servers/29f9e25a-a0b2-4bb8-b59a-3617819d3be5 0.046s
2024-10-31 10:00:56.665 62824 INFO tempest.lib.common.rest_client [req-1a78eb18-59f9-4fe5-b7b7-18393d642a1b req-1a78eb18-59f9-4fe5-b7b7-18393d642a1b ] Request (VolumesAdminNegativeTest:test_update_attached_volume_with_nonexistent_volume_in_body): 200 GET http://10.180.1.21/compute/v2.1/servers/53e10c33-0f41-48a2-ac19-c0b34a9a9312 0.043s
2024-10-31 10:00:56.691 62826 INFO tempest.lib.common.rest_client [req-db6f0aad-843d-4725-b3db-94482a7f6bcb req-db6f0aad-843d-4725-b3db-94482a7f6bcb ] Request (ServerActionsTestJSON:setUpClass): 200 GET http://10.180.1.21/compute/v2.1/servers/ae66c3e2-eac8-4239-b5be-64dc0dcf2c04 0.044s
2024-10-31 10:00:56.706 62822 INFO tempest.lib.common.rest_client [req-63d4f9ae-e905-4175-97a1-17c84e9a6428 req-63d4f9ae-e905-4175-97a1-17c84e9a6428 ] Request (ImagesOneServerNegativeTestJSON:setUpClass): 200 GET http://10.180.1.21/compute/v2.1/servers/e883b58a-0fa6-48fd-a8a7-24ead857e6f1 0.041s
2024-10-31 10:00:56.734 62884 INFO tempest.lib.common.rest_client [req-09f844d1-c517-4e14-911f-978337280de0 req-09f844d1-c517-4e14-911f-978337280de0 ] Request (ServerAddressesTestJSON:setUpClass): 200 GET http://10.180.1.21/compute/v2.1/servers/86e3d197-2e8c-4357-ac0a-e1af8e247024 0.046s
2024-10-31 10:00:56.768 62868 INFO tempest.lib.common.rest_client [req-c7a0da89-6913-4796-aeb4-62b07a46942c req-c7a0da89-6913-4796-aeb4-62b07a46942c ] Request (TenantUsagesTestJSON:setUpClass): 200 GET http://10.180.1.21/compute/v2.1/servers/aae9ff25-f304-4dbe-824c-b17b3522655c 0.045s
2024-10-31 10:00:56.839 62860 INFO tempest.lib.common.rest_client [req-c981cc8b-80a9-4bab-b618-1d618d92cad0 req-c981cc8b-80a9-4bab-b618-1d618d92cad0 ] Request (ServerAddressesNegativeTestJSON:setUpClass): 200 GET http://10.180.1.21/compute/v2.1/servers/6f2ca381-b4a3-47ce-b135-dbceb7e44d24 0.044s
2024-10-31 10:00:56.960 62876 INFO tempest.lib.common.rest_client [req-3dd18bd5-b5c5-49d6-83eb-67a549be04a6 req-3dd18bd5-b5c5-49d6-83eb-67a549be04a6 ] Request (ServerMetadataNegativeTestJSON:setUpClass): 200 GET http://10.180.1.21/compute/v2.1/servers/68b4ca9d-f934-4b44-8c34-0b1bfb848672 0.046s
2024-10-31 10:00:57.068 62857 INFO tempest.lib.common.rest_client [req-31ab3aa8-f5a6-4f5f-ba57-24758cc25af9 req-31ab3aa8-f5a6-4f5f-ba57-24758cc25af9 ] Request (ServerActionsTestOtherB:setUpClass): 200 GET http://10.180.1.21/compute/v2.1/servers/5cd813d1-f778-4c8a-920b-64e92a3b52af 0.044s
2024-10-31 10:00:57.136 62872 INFO tempest.lib.common.rest_client [req-4c0d0634-8091-4e0c-b346-6d91addadd44 req-4c0d0634-8091-4e0c-b346-6d91addadd44 ] Request (ServerShowV257Test:tearDownClass): 200 GET http://10.180.1.21/compute/v2.1/servers/149bd77b-9583-42e5-8c82-f795cac53b87 0.055s
2024-10-31 10:00:57.162 62830 INFO tempest.lib.common.rest_client [req-7db7474f-2a96-44e3-828b-608581bd0baf req-7db7474f-2a96-44e3-828b-608581bd0baf ] Request (ServerMetadataTestJSON:setUpClass): 200 GET http://10.180.1.21/compute/v2.1/servers/92080abc-eb47-439b-b702-d226666fa155 0.044s
2024-10-31 10:00:57.214 62858 INFO tempest.lib.common.rest_client [req-52a68611-c357-4aa9-ad9e-c8d14cb61ee7 req-52a68611-c357-4aa9-ad9e-c8d14cb61ee7 ] Request (FloatingIPsAssociationNegativeTestJSON:setUpClass): 200 GET http://10.180.1.21/compute/v2.1/servers/5177b4e2-e990-47e6-9f2b-156ca0ee8387 0.044s
2024-10-31 10:00:57.219 62871 INFO tempest.lib.common.rest_client [req-afd2cefa-4436-4e43-950b-89a9e9ddacc5 req-afd2cefa-4436-4e43-950b-89a9e9ddacc5 ] Request (ServersV294TestFqdnHostnames:setUpClass): 200 GET http://10.180.1.21/compute/v2.1/servers/3695a09f-dffc-4537-ac78-faffd6bdd252 0.050s
2024-10-31 10:00:57.265 62840 INFO tempest.lib.common.rest_client [req-d06bff3a-ea4a-4161-9442-020cb7cfc2b7 req-d06bff3a-ea4a-4161-9442-020cb7cfc2b7 ] Request (ListImageFiltersTestJSON:setUpClass): 200 GET http://10.180.1.21/compute/v2.1/servers/72cdccb7-b398-4833-af82-d64222c83f8d 0.055s
2024-10-31 10:00:57.301 62866 INFO tempest.lib.common.rest_client [req-e875e678-550a-4039-86bd-b4a4e8e75dee req-e875e678-550a-4039-86bd-b4a4e8e75dee ] Request (ServersAdmin275Test:tearDownClass): 200 GET http://10.180.1.21/compute/v2.1/servers/dd387320-7101-440c-80bc-a7d19a654df8 0.071s
2024-10-31 10:00:57.312 62848 INFO tempest.lib.common.rest_client [req-62d8afc4-cdcd-4cfc-94ce-ac1c58a8be11 req-62d8afc4-cdcd-4cfc-94ce-ac1c58a8be11 ] Request (MigrationsAdminTest:test_resize_server_revert_deleted_flavor): 200 GET http://10.180.1.21/compute/v2.1/servers/3b50dbde-2969-4a4b-ae35-42416342a60b 0.049s
2024-10-31 10:00:57.342 62882 INFO tempest.lib.common.rest_client [req-293abdca-cf89-43d7-be96-888766e7bdb7 req-293abdca-cf89-43d7-be96-888766e7bdb7 ] Request (ServerExternalEventsTest:test_create_server_external_events): 200 GET http://10.180.1.21/compute/v2.1/servers/84e40295-3fa4-4e6f-ade6-bf6f4c60d6a7 0.058s
2024-10-31 10:00:57.355 62864 INFO tempest.lib.common.rest_client [req-985a4211-b831-43a5-88b7-c2c5d7fddad6 req-985a4211-b831-43a5-88b7-c2c5d7fddad6 ] Request (ImagesNegativeTestJSON:test_create_image_from_deleted_server): 200 GET http://10.180.1.21/compute/v2.1/servers/b7686890-0ee7-4c5e-85f5-90a5c5241950 0.047s
2024-10-31 10:00:57.382 62832 INFO tempest.lib.common.rest_client [req-bb92ba18-f9ff-47db-9b98-d0b0318b7e5d req-bb92ba18-f9ff-47db-9b98-d0b0318b7e5d ] Request (AttachInterfacesTestJSON:test_create_list_show_delete_interfaces_by_fixed_ip): 200 GET http://10.180.1.21/compute/v2.1/servers/424fc272-b4b9-4867-a083-b27abe308f81 0.057s
2024-10-31 10:00:57.397 62880 INFO tempest.lib.common.rest_client [req-7a074b67-d646-4ecd-a6e0-dfd045c729af req-7a074b67-d646-4ecd-a6e0-dfd045c729af ] Request (ServersNegativeTestMultiTenantJSON:setUpClass): 200 GET http://10.180.1.21/compute/v2.1/servers/0b4d919f-552e-489e-bcfb-f6447cf81fb8 0.048s
2024-10-31 10:00:57.422 62838 INFO tempest.lib.common.rest_client [req-1c66356e-b856-46bb-a2bc-0cb60fc48a29 req-1c66356e-b856-46bb-a2bc-0cb60fc48a29 ] Request (ServerPasswordTestJSON:setUpClass): 200 GET http://10.180.1.21/compute/v2.1/servers/ed0ec962-3c4e-409f-9332-0a79ca1c6ed3 0.049s
2024-10-31 10:00:57.443 62874 INFO tempest.lib.common.rest_client [req-b06a9fd0-70b8-4378-a85f-ef75ee3901f4 req-b06a9fd0-70b8-4378-a85f-ef75ee3901f4 ] Request (VolumesAssistedSnapshotsTest:test_volume_assisted_snapshot_create_delete): 200 GET http://10.180.1.21/compute/v2.1/servers/971d6e19-044b-4af8-b6c3-12b617cc24fe 0.043s
2024-10-31 10:00:57.476 62862 INFO tempest.lib.common.rest_client [req-f7e03a40-57b5-412c-9ed0-056e299233f1 req-f7e03a40-57b5-412c-9ed0-056e299233f1 ] Request (ServersTestBootFromVolume:setUpClass): 200 GET http://10.180.1.21/compute/v2.1/servers/c080105d-4a58-4616-b65c-7bac79dd93c1 0.043s
2024-10-31 10:00:57.519 62854 INFO tempest.lib.common.rest_client [req-6b417921-f7eb-4610-ab16-092d025d0c19 req-6b417921-f7eb-4610-ab16-092d025d0c19 ] Request (ServerDiskConfigTestJSON:test_rebuild_server_with_auto_disk_config): 200 GET http://10.180.1.21/compute/v2.1/servers/a8af7330-6454-439c-870b-73d1637b6438 0.046s
2024-10-31 10:00:57.554 62834 INFO tempest.lib.common.rest_client [req-a88dffef-41d6-4739-a1b5-bbc04942024b req-a88dffef-41d6-4739-a1b5-bbc04942024b ] Request (ServersWithSpecificFlavorTestJSON:test_verify_created_server_ephemeral_disk): 200 GET http://10.180.1.21/compute/v2.1/servers/01432003-5c48-40e1-b22b-a538a7e34663 0.052s
2024-10-31 10:00:57.560 62834 INFO tempest.common.waiters [-] State transition "BUILD/spawning" ==> "ERROR/None" after 75 second wait
2024-10-31 10:00:57.590 62846 INFO tempest.lib.common.rest_client [req-067cf63a-3cb3-48db-ba33-ff25e12c07be req-067cf63a-3cb3-48db-ba33-ff25e12c07be ] Request (InstanceActionsTestJSON:setUpClass): 200 GET http://10.180.1.21/compute/v2.1/servers/1cad8d1b-ed02-424c-879c-2f23d4d90b22 0.045s
2024-10-31 10:00:57.639 62828 INFO tempest.lib.common.rest_client [req-5f317834-d23c-4b30-9933-3287ef879270 req-5f317834-d23c-4b30-9933-3287ef879270 ] Request (ServerShowV247Test:test_update_rebuild_list_server): 200 GET http://10.180.1.21/compute/v2.1/servers/2cf0927d-8d98-4554-92ce-c049e1ea179c 0.047s
2024-10-31 10:00:57.681 62842 INFO tempest.lib.common.rest_client [req-ef9aac21-ec48-4aee-a9b1-372a9db21445 req-ef9aac21-ec48-4aee-a9b1-372a9db21445 ] Request (ServersTestFqdnHostnames:test_create_server_with_fqdn_name): 200 GET http://10.180.1.21/compute/v2.1/servers/14557f1a-2410-4201-9b91-49d23f18d47a 0.048s
2024-10-31 10:00:57.725 62852 INFO tempest.lib.common.rest_client [req-bff662ef-113b-4f2c-a369-bbc96c9e1a6e req-bff662ef-113b-4f2c-a369-bbc96c9e1a6e ] Request (DeleteServersAdminTestJSON:test_delete_server_while_in_error_state): 200 GET http://10.180.1.21/compute/v2.1/servers/29f9e25a-a0b2-4bb8-b59a-3617819d3be5 0.066s
2024-10-31 10:00:57.729 62834 INFO tempest.lib.common.rest_client [req-f4306e99-1b91-4eaa-843c-29b3c63938a4 req-f4306e99-1b91-4eaa-843c-29b3c63938a4 ] Request (ServersWithSpecificFlavorTestJSON:test_verify_created_server_ephemeral_disk): 204 DELETE http://10.180.1.21/compute/v2.1/servers/01432003-5c48-40e1-b22b-a538a7e34663 0.168s
2024-10-31 10:00:57.769 62824 INFO tempest.lib.common.rest_client [req-0b0b3ca7-d133-4957-968a-29d6cd33bcb2 req-0b0b3ca7-d133-4957-968a-29d6cd33bcb2 ] Request (VolumesAdminNegativeTest:test_update_attached_volume_with_nonexistent_volume_in_body): 200 GET http://10.180.1.21/compute/v2.1/servers/53e10c33-0f41-48a2-ac19-c0b34a9a9312 0.098s
2024-10-31 10:00:57.772 62826 INFO tempest.lib.common.rest_client [req-cf14a366-442a-4c45-8118-15ece7c47e3a req-cf14a366-442a-4c45-8118-15ece7c47e3a ] Request (ServerActionsTestJSON:setUpClass): 200 GET http://10.180.1.21/compute/v2.1/servers/ae66c3e2-eac8-4239-b5be-64dc0dcf2c04 0.074s
2024-10-31 10:00:57.790 62834 INFO tempest.lib.common.rest_client [req-9094816c-9a3d-4178-8f8a-1b8e0d0b810a req-9094816c-9a3d-4178-8f8a-1b8e0d0b810a ] Request (ServersWithSpecificFlavorTestJSON:test_verify_created_server_ephemeral_disk): 404 GET http://10.180.1.21/compute/v2.1/servers/01432003-5c48-40e1-b22b-a538a7e34663 0.060s
2024-10-31 10:00:57.813 62822 INFO tempest.lib.common.rest_client [req-100437e1-0dae-42cd-bd91-c2dfb2b16097 req-100437e1-0dae-42cd-bd91-c2dfb2b16097 ] Request (ImagesOneServerNegativeTestJSON:setUpClass): 200 GET http://10.180.1.21/compute/v2.1/servers/e883b58a-0fa6-48fd-a8a7-24ead857e6f1 0.100s
2024-10-31 10:00:57.832 62884 INFO tempest.lib.common.rest_client [req-5d553dc7-afbe-4eb3-b3fd-bdb9d5721539 req-5d553dc7-afbe-4eb3-b3fd-bdb9d5721539 ] Request (ServerAddressesTestJSON:setUpClass): 200 GET http://10.180.1.21/compute/v2.1/servers/86e3d197-2e8c-4357-ac0a-e1af8e247024 0.090s
2024-10-31 10:00:57.848 62834 INFO tempest.lib.common.rest_client [req-06b20ddf-9d2f-4e5f-9171-17ad802df2c5 req-06b20ddf-9d2f-4e5f-9171-17ad802df2c5 ] Request (ServersWithSpecificFlavorTestJSON:_run_cleanups): 202 DELETE http://10.180.1.21/compute/v2.1/os-keypairs/tempest-keypair-1850271383 0.056s
2024-10-31 10:00:57.853 62868 INFO tempest.lib.common.rest_client [req-b0ea2273-5944-4c32-92f2-1123b0930a8c req-b0ea2273-5944-4c32-92f2-1123b0930a8c ] Request (TenantUsagesTestJSON:setUpClass): 200 GET http://10.180.1.21/compute/v2.1/servers/aae9ff25-f304-4dbe-824c-b17b3522655c 0.078s
2024-10-31 10:00:57.891 62860 INFO tempest.lib.common.rest_client [req-eb8095e4-4a3a-4c61-a3a1-cd4035305b87 req-eb8095e4-4a3a-4c61-a3a1-cd4035305b87 ] Request (ServerAddressesNegativeTestJSON:setUpClass): 200 GET http://10.180.1.21/compute/v2.1/servers/6f2ca381-b4a3-47ce-b135-dbceb7e44d24 0.045s
2024-10-31 10:00:57.924 62834 INFO tempest.lib.common.rest_client [req-2ce4125f-734f-4483-bcad-4ad02030b67e req-2ce4125f-734f-4483-bcad-4ad02030b67e ] Request (ServersWithSpecificFlavorTestJSON:_run_cleanups): 204 DELETE http://10.180.1.21:9696/networking/v2.0/security-groups/59233ea3-5253-40a6-a161-b4a9d8bca4c5 0.075s
2024-10-31 10:00:57.932 62834 INFO tempest.lib.common.rest_client [req-72075a5d-fd74-4c54-9087-1fa81fcecd4b req-72075a5d-fd74-4c54-9087-1fa81fcecd4b ] Request (ServersWithSpecificFlavorTestJSON:_run_cleanups): 404 GET http://10.180.1.21:9696/networking/v2.0/security-groups/59233ea3-5253-40a6-a161-b4a9d8bca4c5 0.008s
2024-10-31 10:00:58.014 62876 INFO tempest.lib.common.rest_client [req-847b371d-c7ce-4701-91a1-14b4aad5a81e req-847b371d-c7ce-4701-91a1-14b4aad5a81e ] Request (ServerMetadataNegativeTestJSON:setUpClass): 200 GET http://10.180.1.21/compute/v2.1/servers/68b4ca9d-f934-4b44-8c34-0b1bfb848672 0.048s
2024-10-31 10:00:58.131 62857 INFO tempest.lib.common.rest_client [req-442874aa-7e98-4dba-82ee-7b0b3ac8aa90 req-442874aa-7e98-4dba-82ee-7b0b3ac8aa90 ] Request (ServerActionsTestOtherB:setUpClass): 200 GET http://10.180.1.21/compute/v2.1/servers/5cd813d1-f778-4c8a-920b-64e92a3b52af 0.056s
2024-10-31 10:00:58.146 62834 INFO tempest.lib.common.rest_client [req-6ecfdc5a-afaa-4a83-9f8e-a5c0af5fdebc req-6ecfdc5a-afaa-4a83-9f8e-a5c0af5fdebc ] Request (ServersWithSpecificFlavorTestJSON:_run_cleanups): 204 DELETE http://10.180.1.21:9696/networking/v2.0/floatingips/dbacbaee-5296-4851-a5c7-8ae30f658844 0.213s
2024-10-31 10:00:58.163 62834 INFO tempest.lib.common.rest_client [req-b5a5ab0b-0485-43d0-8ded-516a4cb33d68 req-b5a5ab0b-0485-43d0-8ded-516a4cb33d68 ] Request (ServersWithSpecificFlavorTestJSON:_run_cleanups): 202 DELETE http://10.180.1.21/compute/v2.1/flavors/2139430005 0.016s
2024-10-31 10:00:58.177 62834 INFO tempest.lib.common.rest_client [req-2b5d84ee-d7dc-454c-952f-7c55e4b39d5a req-2b5d84ee-d7dc-454c-952f-7c55e4b39d5a ] Request (ServersWithSpecificFlavorTestJSON:_run_cleanups): 200 GET http://10.180.1.21/compute/v2.1/flavors/detail 0.013s
2024-10-31 10:00:58.203 62872 INFO tempest.lib.common.rest_client [req-c84fa57f-310a-44c7-88e7-85338878b4bd req-c84fa57f-310a-44c7-88e7-85338878b4bd ] Request (ServerShowV257Test:tearDownClass): 200 GET http://10.180.1.21/compute/v2.1/servers/149bd77b-9583-42e5-8c82-f795cac53b87 0.059s
2024-10-31 10:00:58.214 62834 INFO tempest.lib.common.rest_client [req-473d399c-8e7c-4ef9-9d58-d14fc54477b7 req-473d399c-8e7c-4ef9-9d58-d14fc54477b7 ] Request (ServersWithSpecificFlavorTestJSON:_run_cleanups): 202 DELETE http://10.180.1.21/compute/v2.1/flavors/1435738947 0.033s
2024-10-31 10:00:58.219 62830 INFO tempest.lib.common.rest_client [req-741598b1-4465-49cf-830e-e6bf523e96ba req-741598b1-4465-49cf-830e-e6bf523e96ba ] Request (ServerMetadataTestJSON:setUpClass): 200 GET http://10.180.1.21/compute/v2.1/servers/92080abc-eb47-439b-b702-d226666fa155 0.050s
2024-10-31 10:00:58.230 62834 INFO tempest.lib.common.rest_client [req-ce645891-fbaf-4a86-ab5c-df2de583b133 req-ce645891-fbaf-4a86-ab5c-df2de583b133 ] Request (ServersWithSpecificFlavorTestJSON:_run_cleanups): 200 GET http://10.180.1.21/compute/v2.1/flavors/detail 0.015s
2024-10-31 10:00:58.266 62858 INFO tempest.lib.common.rest_client [req-88f3113b-00ab-486f-9ec9-511ff276d6a7 req-88f3113b-00ab-486f-9ec9-511ff276d6a7 ] Request (FloatingIPsAssociationNegativeTestJSON:setUpClass): 200 GET http://10.180.1.21/compute/v2.1/servers/5177b4e2-e990-47e6-9f2b-156ca0ee8387 0.045s
2024-10-31 10:00:58.285 62871 INFO tempest.lib.common.rest_client [req-c0111fd1-368d-4142-a4e6-55aa20a51c70 req-c0111fd1-368d-4142-a4e6-55aa20a51c70 ] Request (ServersV294TestFqdnHostnames:setUpClass): 200 GET http://10.180.1.21/compute/v2.1/servers/3695a09f-dffc-4537-ac78-faffd6bdd252 0.056s
2024-10-31 10:00:58.319 62840 INFO tempest.lib.common.rest_client [req-d2630d6c-bff5-4154-b2d7-da1d19c020ab req-d2630d6c-bff5-4154-b2d7-da1d19c020ab ] Request (ListImageFiltersTestJSON:setUpClass): 200 GET http://10.180.1.21/compute/v2.1/servers/72cdccb7-b398-4833-af82-d64222c83f8d 0.045s
2024-10-31 10:00:58.362 62848 INFO tempest.lib.common.rest_client [req-b26c7d1f-acd1-4a66-a90e-ae6e81423550 req-b26c7d1f-acd1-4a66-a90e-ae6e81423550 ] Request (MigrationsAdminTest:test_resize_server_revert_deleted_flavor): 200 GET http://10.180.1.21/compute/v2.1/servers/3b50dbde-2969-4a4b-ae35-42416342a60b 0.042s
2024-10-31 10:00:58.367 62866 INFO tempest.lib.common.rest_client [req-463af486-3844-460b-95db-58beb30b0a5b req-463af486-3844-460b-95db-58beb30b0a5b ] Request (ServersAdmin275Test:tearDownClass): 200 GET http://10.180.1.21/compute/v2.1/servers/dd387320-7101-440c-80bc-a7d19a654df8 0.058s
2024-10-31 10:00:58.402 62882 INFO tempest.lib.common.rest_client [req-e6e4dffa-a865-4d0d-8150-8e9353595970 req-e6e4dffa-a865-4d0d-8150-8e9353595970 ] Request (ServerExternalEventsTest:test_create_server_external_events): 200 GET http://10.180.1.21/compute/v2.1/servers/84e40295-3fa4-4e6f-ade6-bf6f4c60d6a7 0.053s
2024-10-31 10:00:58.415 62864 INFO tempest.lib.common.rest_client [req-aa7d07b6-3a6c-47e5-b0c4-3fcca74c57ef req-aa7d07b6-3a6c-47e5-b0c4-3fcca74c57ef ] Request (ImagesNegativeTestJSON:test_create_image_from_deleted_server): 200 GET http://10.180.1.21/compute/v2.1/servers/b7686890-0ee7-4c5e-85f5-90a5c5241950 0.053s
2024-10-31 10:00:58.444 62832 INFO tempest.lib.common.rest_client [req-2b05fee6-01f0-4379-9c47-306807b4e8ae req-2b05fee6-01f0-4379-9c47-306807b4e8ae ] Request (AttachInterfacesTestJSON:test_create_list_show_delete_interfaces_by_fixed_ip): 200 GET http://10.180.1.21/compute/v2.1/servers/424fc272-b4b9-4867-a083-b27abe308f81 0.055s
2024-10-31 10:00:58.468 62880 INFO tempest.lib.common.rest_client [req-a5ff1a00-fd85-4121-80af-8636b3ff7de0 req-a5ff1a00-fd85-4121-80af-8636b3ff7de0 ] Request (ServersNegativeTestMultiTenantJSON:setUpClass): 200 GET http://10.180.1.21/compute/v2.1/servers/0b4d919f-552e-489e-bcfb-f6447cf81fb8 0.064s
2024-10-31 10:00:58.488 62838 INFO tempest.lib.common.rest_client [req-0b9f60e5-810f-4f82-851f-d02d90ba37e4 req-0b9f60e5-810f-4f82-851f-d02d90ba37e4 ] Request (ServerPasswordTestJSON:setUpClass): 200 GET http://10.180.1.21/compute/v2.1/servers/ed0ec962-3c4e-409f-9332-0a79ca1c6ed3 0.059s
2024-10-31 10:00:58.524 62874 INFO tempest.lib.common.rest_client [req-0f6cdd39-8325-456c-a345-fe3b783c802a req-0f6cdd39-8325-456c-a345-fe3b783c802a ] Request (VolumesAssistedSnapshotsTest:test_volume_assisted_snapshot_create_delete): 200 GET http://10.180.1.21/compute/v2.1/servers/971d6e19-044b-4af8-b6c3-12b617cc24fe 0.073s
2024-10-31 10:00:58.533 62862 INFO tempest.lib.common.rest_client [req-75245137-6ff1-4545-81bc-f168a3c9bb7d req-75245137-6ff1-4545-81bc-f168a3c9bb7d ] Request (ServersTestBootFromVolume:setUpClass): 200 GET http://10.180.1.21/compute/v2.1/servers/c080105d-4a58-4616-b65c-7bac79dd93c1 0.051s
2024-10-31 10:00:58.576 62854 INFO tempest.lib.common.rest_client [req-7b769248-47f9-411d-8677-fad174e5a61e req-7b769248-47f9-411d-8677-fad174e5a61e ] Request (ServerDiskConfigTestJSON:test_rebuild_server_with_auto_disk_config): 200 GET http://10.180.1.21/compute/v2.1/servers/a8af7330-6454-439c-870b-73d1637b6438 0.048s
2024-10-31 10:00:58.644 62846 INFO tempest.lib.common.rest_client [req-1e9b3b34-88f8-4277-bf7d-f9b3e6740b67 req-1e9b3b34-88f8-4277-bf7d-f9b3e6740b67 ] Request (InstanceActionsTestJSON:setUpClass): 200 GET http://10.180.1.21/compute/v2.1/servers/1cad8d1b-ed02-424c-879c-2f23d4d90b22 0.046s
2024-10-31 10:00:58.700 62828 INFO tempest.lib.common.rest_client [req-89ad1e0b-bc42-4cee-bd6c-8328846ce019 req-89ad1e0b-bc42-4cee-bd6c-8328846ce019 ] Request (ServerShowV247Test:test_update_rebuild_list_server): 200 GET http://10.180.1.21/compute/v2.1/servers/2cf0927d-8d98-4554-92ce-c049e1ea179c 0.050s
2024-10-31 10:00:58.741 62842 INFO tempest.lib.common.rest_client [req-a399e859-d050-4e44-abc3-c5c6b06c7dcf req-a399e859-d050-4e44-abc3-c5c6b06c7dcf ] Request (ServersTestFqdnHostnames:test_create_server_with_fqdn_name): 200 GET http://10.180.1.21/compute/v2.1/servers/14557f1a-2410-4201-9b91-49d23f18d47a 0.051s
2024-10-31 10:00:58.781 62852 INFO tempest.lib.common.rest_client [req-10302e83-01a7-4438-85cd-1384164c3314 req-10302e83-01a7-4438-85cd-1384164c3314 ] Request (DeleteServersAdminTestJSON:test_delete_server_while_in_error_state): 200 GET http://10.180.1.21/compute/v2.1/servers/29f9e25a-a0b2-4bb8-b59a-3617819d3be5 0.050s
2024-10-31 10:00:58.832 62826 INFO tempest.lib.common.rest_client [req-277be485-a20a-4438-9369-980080d604b6 req-277be485-a20a-4438-9369-980080d604b6 ] Request (ServerActionsTestJSON:setUpClass): 200 GET http://10.180.1.21/compute/v2.1/servers/ae66c3e2-eac8-4239-b5be-64dc0dcf2c04 0.052s
2024-10-31 10:00:58.836 62824 INFO tempest.lib.common.rest_client [req-f0c8c0d8-fa1c-46a7-9472-21ec6a6f2cf5 req-f0c8c0d8-fa1c-46a7-9472-21ec6a6f2cf5 ] Request (VolumesAdminNegativeTest:test_update_attached_volume_with_nonexistent_volume_in_body): 200 GET http://10.180.1.21/compute/v2.1/servers/53e10c33-0f41-48a2-ac19-c0b34a9a9312 0.060s
2024-10-31 10:00:58.888 62822 INFO tempest.lib.common.rest_client [req-03acb9de-cfbe-4f95-a389-d65d0cb3c86f req-03acb9de-cfbe-4f95-a389-d65d0cb3c86f ] Request (ImagesOneServerNegativeTestJSON:setUpClass): 200 GET http://10.180.1.21/compute/v2.1/servers/e883b58a-0fa6-48fd-a8a7-24ead857e6f1 0.066s
2024-10-31 10:00:58.889 62884 INFO tempest.lib.common.rest_client [req-bbbb8ba6-d0b8-415a-8573-9d1941ed03c7 req-bbbb8ba6-d0b8-415a-8573-9d1941ed03c7 ] Request (ServerAddressesTestJSON:setUpClass): 200 GET http://10.180.1.21/compute/v2.1/servers/86e3d197-2e8c-4357-ac0a-e1af8e247024 0.050s
2024-10-31 10:00:58.893 62822 INFO tempest.common.waiters [-] State transition "BUILD/scheduling" ==> "BUILD/None" after 62 second wait
2024-10-31 10:00:58.944 62868 INFO tempest.lib.common.rest_client [req-296c358e-443d-44dc-8d19-0a58a09ce957 req-296c358e-443d-44dc-8d19-0a58a09ce957 ] Request (TenantUsagesTestJSON:setUpClass): 200 GET http://10.180.1.21/compute/v2.1/servers/aae9ff25-f304-4dbe-824c-b17b3522655c 0.084s
2024-10-31 10:00:58.946 62860 INFO tempest.lib.common.rest_client [req-b7110fd9-045c-4766-be89-36f66c952bfb req-b7110fd9-045c-4766-be89-36f66c952bfb ] Request (ServerAddressesNegativeTestJSON:setUpClass): 200 GET http://10.180.1.21/compute/v2.1/servers/6f2ca381-b4a3-47ce-b135-dbceb7e44d24 0.048s
2024-10-31 10:00:58.974 62834 INFO tempest.lib.common.rest_client [req-33ffe35d-444b-4d9d-a9a9-22258f296e79 req-33ffe35d-444b-4d9d-a9a9-22258f296e79 ] Request (ServersWithSpecificFlavorTestJSON:tearDownClass): 200 PUT http://10.180.1.21:9696/networking/v2.0/routers/12f81185-db99-46a2-b5ce-4d817f51229d/remove_router_interface 0.735s
2024-10-31 10:00:59.079 62876 INFO tempest.lib.common.rest_client [req-a2ee458f-6e54-4ab6-a1db-baa8b3cc4902 req-a2ee458f-6e54-4ab6-a1db-baa8b3cc4902 ] Request (ServerMetadataNegativeTestJSON:setUpClass): 200 GET http://10.180.1.21/compute/v2.1/servers/68b4ca9d-f934-4b44-8c34-0b1bfb848672 0.057s
2024-10-31 10:00:59.192 62857 INFO tempest.lib.common.rest_client [req-f47a1637-34ef-4332-a9df-6714c319ae30 req-f47a1637-34ef-4332-a9df-6714c319ae30 ] Request (ServerActionsTestOtherB:setUpClass): 200 GET http://10.180.1.21/compute/v2.1/servers/5cd813d1-f778-4c8a-920b-64e92a3b52af 0.053s
2024-10-31 10:00:59.282 62830 INFO tempest.lib.common.rest_client [req-bbda1118-53cc-46fa-bede-b8c5718e4cd9 req-bbda1118-53cc-46fa-bede-b8c5718e4cd9 ] Request (ServerMetadataTestJSON:setUpClass): 200 GET http://10.180.1.21/compute/v2.1/servers/92080abc-eb47-439b-b702-d226666fa155 0.055s
2024-10-31 10:00:59.285 62872 INFO tempest.lib.common.rest_client [req-9a934af0-9b3b-4081-a195-8fba911e36cc req-9a934af0-9b3b-4081-a195-8fba911e36cc ] Request (ServerShowV257Test:tearDownClass): 200 GET http://10.180.1.21/compute/v2.1/servers/149bd77b-9583-42e5-8c82-f795cac53b87 0.073s
2024-10-31 10:00:59.336 62858 INFO tempest.lib.common.rest_client [req-0dbb4c2c-f878-40ab-a086-c9e9ff350416 req-0dbb4c2c-f878-40ab-a086-c9e9ff350416 ] Request (FloatingIPsAssociationNegativeTestJSON:setUpClass): 200 GET http://10.180.1.21/compute/v2.1/servers/5177b4e2-e990-47e6-9f2b-156ca0ee8387 0.064s
2024-10-31 10:00:59.364 62871 INFO tempest.lib.common.rest_client [req-a1cfc6ac-c12e-4b46-95d8-3e7e0101fcb1 req-a1cfc6ac-c12e-4b46-95d8-3e7e0101fcb1 ] Request (ServersV294TestFqdnHostnames:setUpClass): 200 GET http://10.180.1.21/compute/v2.1/servers/3695a09f-dffc-4537-ac78-faffd6bdd252 0.070s
2024-10-31 10:00:59.375 62834 INFO tempest.lib.common.rest_client [req-a173c495-652e-490e-ab58-13206e12da9f req-a173c495-652e-490e-ab58-13206e12da9f ] Request (ServersWithSpecificFlavorTestJSON:tearDownClass): 204 DELETE http://10.180.1.21:9696/networking/v2.0/routers/12f81185-db99-46a2-b5ce-4d817f51229d 0.401s
2024-10-31 10:00:59.387 62840 INFO tempest.lib.common.rest_client [req-e8e33c42-849f-4708-9e8b-c824ca6955a9 req-e8e33c42-849f-4708-9e8b-c824ca6955a9 ] Request (ListImageFiltersTestJSON:setUpClass): 200 GET http://10.180.1.21/compute/v2.1/servers/72cdccb7-b398-4833-af82-d64222c83f8d 0.061s
2024-10-31 10:00:59.424 62848 INFO tempest.lib.common.rest_client [req-5ceac29a-b661-4c99-a909-84cb821d5d43 req-5ceac29a-b661-4c99-a909-84cb821d5d43 ] Request (MigrationsAdminTest:test_resize_server_revert_deleted_flavor): 200 GET http://10.180.1.21/compute/v2.1/servers/3b50dbde-2969-4a4b-ae35-42416342a60b 0.054s
2024-10-31 10:00:59.456 62866 INFO tempest.lib.common.rest_client [req-aca162a7-ca4d-4352-a0fd-392c6481abc8 req-aca162a7-ca4d-4352-a0fd-392c6481abc8 ] Request (ServersAdmin275Test:tearDownClass): 200 GET http://10.180.1.21/compute/v2.1/servers/dd387320-7101-440c-80bc-a7d19a654df8 0.080s
2024-10-31 10:00:59.477 62882 INFO tempest.lib.common.rest_client [req-540e0076-bd13-4693-be84-b198b95f097c req-540e0076-bd13-4693-be84-b198b95f097c ] Request (ServerExternalEventsTest:test_create_server_external_events): 200 GET http://10.180.1.21/compute/v2.1/servers/84e40295-3fa4-4e6f-ade6-bf6f4c60d6a7 0.067s
2024-10-31 10:00:59.506 62864 INFO tempest.lib.common.rest_client [req-83e1bad9-544d-449f-bb4e-70dded5c7470 req-83e1bad9-544d-449f-bb4e-70dded5c7470 ] Request (ImagesNegativeTestJSON:test_create_image_from_deleted_server): 200 GET http://10.180.1.21/compute/v2.1/servers/b7686890-0ee7-4c5e-85f5-90a5c5241950 0.084s
2024-10-31 10:00:59.536 62834 INFO tempest.lib.common.rest_client [req-14653fb6-637b-438b-a6a0-f00534615d6f req-14653fb6-637b-438b-a6a0-f00534615d6f ] Request (ServersWithSpecificFlavorTestJSON:tearDownClass): 204 DELETE http://10.180.1.21:9696/networking/v2.0/subnets/c470cb30-4b89-49b6-8748-355d368ed320 0.161s
2024-10-31 10:00:59.538 62832 INFO tempest.lib.common.rest_client [req-4b3877af-7073-4aee-811d-050c01d019ab req-4b3877af-7073-4aee-811d-050c01d019ab ] Request (AttachInterfacesTestJSON:test_create_list_show_delete_interfaces_by_fixed_ip): 200 GET http://10.180.1.21/compute/v2.1/servers/424fc272-b4b9-4867-a083-b27abe308f81 0.088s
2024-10-31 10:00:59.580 62880 INFO tempest.lib.common.rest_client [req-04c89016-2821-4bc0-9737-d451c75b5c7a req-04c89016-2821-4bc0-9737-d451c75b5c7a ] Request (ServersNegativeTestMultiTenantJSON:setUpClass): 200 GET http://10.180.1.21/compute/v2.1/servers/0b4d919f-552e-489e-bcfb-f6447cf81fb8 0.101s
2024-10-31 10:00:59.603 62838 INFO tempest.lib.common.rest_client [req-f0209028-af7f-4bed-830f-a92eb97aa205 req-f0209028-af7f-4bed-830f-a92eb97aa205 ] Request (ServerPasswordTestJSON:setUpClass): 200 GET http://10.180.1.21/compute/v2.1/servers/ed0ec962-3c4e-409f-9332-0a79ca1c6ed3 0.108s
2024-10-31 10:00:59.662 62862 INFO tempest.lib.common.rest_client [req-3389035f-56ca-4432-957c-ea5328a07ed4 req-3389035f-56ca-4432-957c-ea5328a07ed4 ] Request (ServersTestBootFromVolume:setUpClass): 200 GET http://10.180.1.21/compute/v2.1/servers/c080105d-4a58-4616-b65c-7bac79dd93c1 0.123s
2024-10-31 10:00:59.668 62874 INFO tempest.lib.common.rest_client [req-a2f637f5-8936-43dd-8429-d56f2df39180 req-a2f637f5-8936-43dd-8429-d56f2df39180 ] Request (VolumesAssistedSnapshotsTest:test_volume_assisted_snapshot_create_delete): 200 GET http://10.180.1.21/compute/v2.1/servers/971d6e19-044b-4af8-b6c3-12b617cc24fe 0.137s
2024-10-31 10:00:59.715 62846 INFO tempest.lib.common.rest_client [req-715c0582-802c-43bb-9b56-d600366d66f2 req-715c0582-802c-43bb-9b56-d600366d66f2 ] Request (InstanceActionsTestJSON:setUpClass): 200 GET http://10.180.1.21/compute/v2.1/servers/1cad8d1b-ed02-424c-879c-2f23d4d90b22 0.065s
2024-10-31 10:00:59.718 62854 INFO tempest.lib.common.rest_client [req-8649f96c-ba42-4606-b55b-38082e91112d req-8649f96c-ba42-4606-b55b-38082e91112d ] Request (ServerDiskConfigTestJSON:test_rebuild_server_with_auto_disk_config): 200 GET http://10.180.1.21/compute/v2.1/servers/a8af7330-6454-439c-870b-73d1637b6438 0.132s
2024-10-31 10:00:59.778 62828 INFO tempest.lib.common.rest_client [req-d4e3c398-7820-4fcb-9603-e8a1afb74ab0 req-d4e3c398-7820-4fcb-9603-e8a1afb74ab0 ] Request (ServerShowV247Test:test_update_rebuild_list_server): 200 GET http://10.180.1.21/compute/v2.1/servers/2cf0927d-8d98-4554-92ce-c049e1ea179c 0.069s
2024-10-31 10:00:59.822 62842 INFO tempest.lib.common.rest_client [req-15945833-6ce9-47ee-aa63-f985b589ef35 req-15945833-6ce9-47ee-aa63-f985b589ef35 ] Request (ServersTestFqdnHostnames:test_create_server_with_fqdn_name): 200 GET http://10.180.1.21/compute/v2.1/servers/14557f1a-2410-4201-9b91-49d23f18d47a 0.073s
2024-10-31 10:00:59.844 62834 INFO tempest.lib.common.rest_client [req-fe40f834-d3b5-4d9f-b92b-20651aaaffdd req-fe40f834-d3b5-4d9f-b92b-20651aaaffdd ] Request (ServersWithSpecificFlavorTestJSON:tearDownClass): 204 DELETE http://10.180.1.21:9696/networking/v2.0/networks/0aacac4c-3b6b-4827-956b-8d21a1958464 0.307s
2024-10-31 10:00:59.854 62852 INFO tempest.lib.common.rest_client [req-20277ea9-3dad-4deb-b620-c2ba3700e365 req-20277ea9-3dad-4deb-b620-c2ba3700e365 ] Request (DeleteServersAdminTestJSON:test_delete_server_while_in_error_state): 200 GET http://10.180.1.21/compute/v2.1/servers/29f9e25a-a0b2-4bb8-b59a-3617819d3be5 0.061s
2024-10-31 10:00:59.903 62824 INFO tempest.lib.common.rest_client [req-c26a1fdf-97ab-4233-8d76-e1a2c195c308 req-c26a1fdf-97ab-4233-8d76-e1a2c195c308 ] Request (VolumesAdminNegativeTest:test_update_attached_volume_with_nonexistent_volume_in_body): 200 GET http://10.180.1.21/compute/v2.1/servers/53e10c33-0f41-48a2-ac19-c0b34a9a9312 0.060s
2024-10-31 10:00:59.906 62826 INFO tempest.lib.common.rest_client [req-53dcdc63-f297-4ae1-89e3-0c74b3b0ecaa req-53dcdc63-f297-4ae1-89e3-0c74b3b0ecaa ] Request (ServerActionsTestJSON:setUpClass): 200 GET http://10.180.1.21/compute/v2.1/servers/ae66c3e2-eac8-4239-b5be-64dc0dcf2c04 0.067s
2024-10-31 10:00:59.959 62822 INFO tempest.lib.common.rest_client [req-dca76f11-5fad-47f4-bc6f-f4c2b95adc4a req-dca76f11-5fad-47f4-bc6f-f4c2b95adc4a ] Request (ImagesOneServerNegativeTestJSON:setUpClass): 200 GET http://10.180.1.21/compute/v2.1/servers/e883b58a-0fa6-48fd-a8a7-24ead857e6f1 0.064s
2024-10-31 10:00:59.971 62884 INFO tempest.lib.common.rest_client [req-0818dd4f-c2d8-45f5-8395-5c3234ceb5c9 req-0818dd4f-c2d8-45f5-8395-5c3234ceb5c9 ] Request (ServerAddressesTestJSON:setUpClass): 200 GET http://10.180.1.21/compute/v2.1/servers/86e3d197-2e8c-4357-ac0a-e1af8e247024 0.075s
2024-10-31 10:01:00.021 62868 INFO tempest.lib.common.rest_client [req-d46d51ed-e7c1-4b21-9d53-fc930ca7f1ee req-d46d51ed-e7c1-4b21-9d53-fc930ca7f1ee ] Request (TenantUsagesTestJSON:setUpClass): 200 GET http://10.180.1.21/compute/v2.1/servers/aae9ff25-f304-4dbe-824c-b17b3522655c 0.068s
2024-10-31 10:01:00.026 62860 INFO tempest.lib.common.rest_client [req-9ed1523b-f258-4cc4-9adb-ba7493f2d369 req-9ed1523b-f258-4cc4-9adb-ba7493f2d369 ] Request (ServerAddressesNegativeTestJSON:setUpClass): 200 GET http://10.180.1.21/compute/v2.1/servers/6f2ca381-b4a3-47ce-b135-dbceb7e44d24 0.073s
2024-10-31 10:01:00.137 62876 INFO tempest.lib.common.rest_client [req-cf934026-4fc4-4e81-b0a6-a75e61d5e541 req-cf934026-4fc4-4e81-b0a6-a75e61d5e541 ] Request (ServerMetadataNegativeTestJSON:setUpClass): 200 GET http://10.180.1.21/compute/v2.1/servers/68b4ca9d-f934-4b44-8c34-0b1bfb848672 0.051s
2024-10-31 10:01:00.259 62857 INFO tempest.lib.common.rest_client [req-8252e71a-9da1-4f7f-841c-617e2df56bc8 req-8252e71a-9da1-4f7f-841c-617e2df56bc8 ] Request (ServerActionsTestOtherB:setUpClass): 200 GET http://10.180.1.21/compute/v2.1/servers/5cd813d1-f778-4c8a-920b-64e92a3b52af 0.056s
2024-10-31 10:01:00.346 62830 INFO tempest.lib.common.rest_client [req-de73cfb2-112d-4a29-8825-4670d083211a req-de73cfb2-112d-4a29-8825-4670d083211a ] Request (ServerMetadataTestJSON:setUpClass): 200 GET http://10.180.1.21/compute/v2.1/servers/92080abc-eb47-439b-b702-d226666fa155 0.056s
2024-10-31 10:01:00.358 62872 INFO tempest.lib.common.rest_client [req-ef7e6f10-a12b-4da4-b629-67921617aa35 req-ef7e6f10-a12b-4da4-b629-67921617aa35 ] Request (ServerShowV257Test:tearDownClass): 200 GET http://10.180.1.21/compute/v2.1/servers/149bd77b-9583-42e5-8c82-f795cac53b87 0.063s
2024-10-31 10:01:00.405 62858 INFO tempest.lib.common.rest_client [req-5569963a-b0eb-4a04-b7d6-b3e879154370 req-5569963a-b0eb-4a04-b7d6-b3e879154370 ] Request (FloatingIPsAssociationNegativeTestJSON:setUpClass): 200 GET http://10.180.1.21/compute/v2.1/servers/5177b4e2-e990-47e6-9f2b-156ca0ee8387 0.061s
2024-10-31 10:01:00.439 62871 INFO tempest.lib.common.rest_client [req-0145b696-8f0b-454f-a1bf-b14a845886e2 req-0145b696-8f0b-454f-a1bf-b14a845886e2 ] Request (ServersV294TestFqdnHostnames:setUpClass): 200 GET http://10.180.1.21/compute/v2.1/servers/3695a09f-dffc-4537-ac78-faffd6bdd252 0.064s
2024-10-31 10:01:00.457 62840 INFO tempest.lib.common.rest_client [req-185bf2a4-41d5-4c2f-8c87-6180a7a690c6 req-185bf2a4-41d5-4c2f-8c87-6180a7a690c6 ] Request (ListImageFiltersTestJSON:setUpClass): 200 GET http://10.180.1.21/compute/v2.1/servers/72cdccb7-b398-4833-af82-d64222c83f8d 0.062s
2024-10-31 10:01:00.496 62848 INFO tempest.lib.common.rest_client [req-3ac40459-98ce-4bc7-8952-47791d5ce338 req-3ac40459-98ce-4bc7-8952-47791d5ce338 ] Request (MigrationsAdminTest:test_resize_server_revert_deleted_flavor): 200 GET http://10.180.1.21/compute/v2.1/servers/3b50dbde-2969-4a4b-ae35-42416342a60b 0.061s
2024-10-31 10:01:00.532 62866 INFO tempest.lib.common.rest_client [req-4b46e6c6-4607-45fa-b571-790b2757d165 req-4b46e6c6-4607-45fa-b571-790b2757d165 ] Request (ServersAdmin275Test:tearDownClass): 200 GET http://10.180.1.21/compute/v2.1/servers/dd387320-7101-440c-80bc-a7d19a654df8 0.067s
2024-10-31 10:01:00.552 62882 INFO tempest.lib.common.rest_client [req-71b15c7d-fc94-42a5-a6c3-b6de403141f5 req-71b15c7d-fc94-42a5-a6c3-b6de403141f5 ] Request (ServerExternalEventsTest:test_create_server_external_events): 200 GET http://10.180.1.21/compute/v2.1/servers/84e40295-3fa4-4e6f-ade6-bf6f4c60d6a7 0.066s
2024-10-31 10:01:00.559 62882 INFO tempest.common.waiters [-] State transition "BUILD/spawning" ==> "ERROR/None" after 75 second wait
2024-10-31 10:01:00.583 62864 INFO tempest.lib.common.rest_client [req-70718a83-ca4a-4b1e-80c2-92a134b6a81c req-70718a83-ca4a-4b1e-80c2-92a134b6a81c ] Request (ImagesNegativeTestJSON:test_create_image_from_deleted_server): 200 GET http://10.180.1.21/compute/v2.1/servers/b7686890-0ee7-4c5e-85f5-90a5c5241950 0.068s
2024-10-31 10:01:00.617 62832 INFO tempest.lib.common.rest_client [req-dfd271d4-7ba9-45cf-9120-43e128cbdea8 req-dfd271d4-7ba9-45cf-9120-43e128cbdea8 ] Request (AttachInterfacesTestJSON:test_create_list_show_delete_interfaces_by_fixed_ip): 200 GET http://10.180.1.21/compute/v2.1/servers/424fc272-b4b9-4867-a083-b27abe308f81 0.062s
2024-10-31 10:01:00.628 62834 INFO tempest.lib.common.rest_client [req-b553644a-f968-42d1-9410-196e7ea2c5c5 req-b553644a-f968-42d1-9410-196e7ea2c5c5 ] Request (ServersWithSpecificFlavorTestJSON:tearDownClass): 200 PUT http://10.180.1.21:9696/networking/v2.0/routers/474a02b9-2c96-46fd-b59b-145be04fea00/remove_router_interface 0.784s
2024-10-31 10:01:00.779 62882 INFO tempest.lib.common.rest_client [req-e05eca1e-9e66-44dd-9021-4fac3670b165 req-e05eca1e-9e66-44dd-9021-4fac3670b165 ] Request (ServerExternalEventsTest:test_create_server_external_events): 204 DELETE http://10.180.1.21/compute/v2.1/servers/84e40295-3fa4-4e6f-ade6-bf6f4c60d6a7 0.220s
2024-10-31 10:01:00.835 62838 INFO tempest.lib.common.rest_client [req-610759a1-bd85-4741-819c-0adf06666069 req-610759a1-bd85-4741-819c-0adf06666069 ] Request (ServerPasswordTestJSON:setUpClass): 200 GET http://10.180.1.21/compute/v2.1/servers/ed0ec962-3c4e-409f-9332-0a79ca1c6ed3 0.223s
2024-10-31 10:01:00.839 62880 INFO tempest.lib.common.rest_client [req-e36fe169-1878-4d87-ab42-8fc6d1b8488d req-e36fe169-1878-4d87-ab42-8fc6d1b8488d ] Request (ServersNegativeTestMultiTenantJSON:setUpClass): 200 GET http://10.180.1.21/compute/v2.1/servers/0b4d919f-552e-489e-bcfb-f6447cf81fb8 0.242s
2024-10-31 10:01:00.891 62862 INFO tempest.lib.common.rest_client [req-220c4c3f-c2fc-47c2-ae25-ec5c9f12f935 req-220c4c3f-c2fc-47c2-ae25-ec5c9f12f935 ] Request (ServersTestBootFromVolume:setUpClass): 200 GET http://10.180.1.21/compute/v2.1/servers/c080105d-4a58-4616-b65c-7bac79dd93c1 0.221s
2024-10-31 10:01:00.906 62874 INFO tempest.lib.common.rest_client [req-dea2543b-12b1-4115-8254-70f6d00d57a6 req-dea2543b-12b1-4115-8254-70f6d00d57a6 ] Request (VolumesAssistedSnapshotsTest:test_volume_assisted_snapshot_create_delete): 200 GET http://10.180.1.21/compute/v2.1/servers/971d6e19-044b-4af8-b6c3-12b617cc24fe 0.226s
2024-10-31 10:01:00.953 62854 INFO tempest.lib.common.rest_client [req-7a76983c-134f-458b-82fa-e89d9fa78a3e req-7a76983c-134f-458b-82fa-e89d9fa78a3e ] Request (ServerDiskConfigTestJSON:test_rebuild_server_with_auto_disk_config): 200 GET http://10.180.1.21/compute/v2.1/servers/a8af7330-6454-439c-870b-73d1637b6438 0.228s
2024-10-31 10:01:00.969 62846 INFO tempest.lib.common.rest_client [req-6b79478e-1784-46d4-8dbc-e131dd1d7911 req-6b79478e-1784-46d4-8dbc-e131dd1d7911 ] Request (InstanceActionsTestJSON:setUpClass): 200 GET http://10.180.1.21/compute/v2.1/servers/1cad8d1b-ed02-424c-879c-2f23d4d90b22 0.242s
2024-10-31 10:01:00.980 62882 INFO tempest.lib.common.rest_client [req-4f6643b9-b0b0-45f2-8ce1-0dfb1919f6d6 req-4f6643b9-b0b0-45f2-8ce1-0dfb1919f6d6 ] Request (ServerExternalEventsTest:test_create_server_external_events): 404 GET http://10.180.1.21/compute/v2.1/servers/84e40295-3fa4-4e6f-ade6-bf6f4c60d6a7 0.200s
2024-10-31 10:01:01.028 62828 INFO tempest.lib.common.rest_client [req-9de72b9d-3b19-4d1e-b2d8-8d3b85cc4e09 req-9de72b9d-3b19-4d1e-b2d8-8d3b85cc4e09 ] Request (ServerShowV247Test:test_update_rebuild_list_server): 200 GET http://10.180.1.21/compute/v2.1/servers/2cf0927d-8d98-4554-92ce-c049e1ea179c 0.240s
2024-10-31 10:01:01.046 62842 INFO tempest.lib.common.rest_client [req-fc7fc54d-f8af-4fa2-aa86-88f7f65a8df9 req-fc7fc54d-f8af-4fa2-aa86-88f7f65a8df9 ] Request (ServersTestFqdnHostnames:test_create_server_with_fqdn_name): 200 GET http://10.180.1.21/compute/v2.1/servers/14557f1a-2410-4201-9b91-49d23f18d47a 0.215s
2024-10-31 10:01:01.075 62834 INFO tempest.lib.common.rest_client [req-21a6618e-9e9c-4e8f-84e3-d661112b4cd6 req-21a6618e-9e9c-4e8f-84e3-d661112b4cd6 ] Request (ServersWithSpecificFlavorTestJSON:tearDownClass): 204 DELETE http://10.180.1.21:9696/networking/v2.0/routers/474a02b9-2c96-46fd-b59b-145be04fea00 0.447s
2024-10-31 10:01:01.088 62852 INFO tempest.lib.common.rest_client [req-039d24df-7a9f-4816-8572-c73606c2b449 req-039d24df-7a9f-4816-8572-c73606c2b449 ] Request (DeleteServersAdminTestJSON:test_delete_server_while_in_error_state): 200 GET http://10.180.1.21/compute/v2.1/servers/29f9e25a-a0b2-4bb8-b59a-3617819d3be5 0.226s
