2024-08-31 14:48:21.149 62056 INFO tempest.lib.common.rest_client [req-6dadda29-0be7-46ba-b6e2-c9751e35dd4b req-6dadda29-0be7-46ba-b6e2-c9751e35dd4b ] Request (FlavorsV255TestJSON:tearDownClass): 200 GET http://10.180.1.21:9696/networking/v2.0/security-groups?tenant_id=54e689a440c04f7d92dd5816299d71b1&name=default 0.340s
2024-08-31 14:48:21.159 62098 INFO tempest.lib.common.rest_client [req-39976d95-4b0d-492f-9c99-dfa1c8b6ddbd req-39976d95-4b0d-492f-9c99-dfa1c8b6ddbd ] Request (QuotaClassesAdmin257Test:tearDownClass): 201 POST http://10.180.1.21/identity/v3/auth/tokens 0.363s
2024-08-31 14:48:21.171 62064 INFO tempest.lib.common.rest_client [req-632a212a-ab7a-4121-9a29-5ae2da048760 req-632a212a-ab7a-4121-9a29-5ae2da048760 ] Request (ValidationResourcesFixture:setUp): 201 POST http://10.180.1.21:9696/networking/v2.0/security-group-rules 0.326s
2024-08-31 14:48:21.176 62060 INFO tempest.lib.common.rest_client [req-6f643044-12c7-4ab7-ac62-30cd06b47c4f req-6f643044-12c7-4ab7-ac62-30cd06b47c4f ] Request (FloatingIPDetailsTestJSON:setUpClass): 201 POST http://10.180.1.21:9696/networking/v2.0/routers 1.502s
2024-08-31 14:48:21.177 62118 INFO tempest.lib.common.rest_client [req-8f809565-fb6b-4465-9254-2968097586d1 req-8f809565-fb6b-4465-9254-2968097586d1 ] Request (ServicesAdminNegativeV253TestJSON:test_list_services_with_non_admin_user): 403 GET http://10.180.1.21/compute/v2.1/os-services 0.937s
2024-08-31 14:48:21.255 62086 INFO tempest.lib.common.rest_client [req-71b9fa5f-d144-4aaf-8872-59f1315c0f62 req-71b9fa5f-d144-4aaf-8872-59f1315c0f62 ] Request (ImagesDeleteNegativeTestJSON:tearDownClass): 201 POST http://10.180.1.21/identity/v3/auth/tokens 0.308s
2024-08-31 14:48:21.267 62062 INFO tempest.lib.common.rest_client [req-a02a820b-1b00-47ff-8c5f-5862892020a3 req-a02a820b-1b00-47ff-8c5f-5862892020a3 ] Request (AttachInterfacesTestJSON:test_create_list_show_delete_interfaces_by_fixed_ip): 202 POST http://10.180.1.21/compute/v2.1/servers 1.382s
2024-08-31 14:48:21.356 62118 INFO tempest.lib.common.rest_client [req-c6af92d6-6471-49fe-879f-f216547094df req-c6af92d6-6471-49fe-879f-f216547094df ] Request (ServicesAdminNegativeV253TestJSON:tearDownClass): 204 DELETE http://10.180.1.21/identity/v3/users/5e69c57a56c84cd9b5960a9ff1764fcc 0.175s
2024-08-31 14:48:21.476 62118 INFO tempest.lib.common.rest_client [req-53ead859-e9bd-4089-8918-be4c363196f6 req-53ead859-e9bd-4089-8918-be4c363196f6 ] Request (ServicesAdminNegativeV253TestJSON:tearDownClass): 204 DELETE http://10.180.1.21/identity/v3/users/a06de115ddcf4b00ae65ed2e4047ff66 0.119s
2024-08-31 14:48:21.478 62118 INFO tempest.lib.common.dynamic_creds [-] Deleting project and security group for project: f660ace098264e3f9fcc5612aa8dafd2
2024-08-31 14:48:21.503 62112 INFO tempest.lib.common.rest_client [req-76c14f0c-5172-44c1-bbe4-36c21ec5d7a8 req-76c14f0c-5172-44c1-bbe4-36c21ec5d7a8 ] Request (ServerDiagnosticsNegativeTest:test_get_server_diagnostics_by_non_admin): 200 GET http://10.180.1.21/compute/v2.1/servers/8e592b91-182c-49be-830a-5c9d80e4020d 1.155s
2024-08-31 14:48:21.511 62112 INFO tempest.common.waiters [-] State transition "BUILD/None" ==> "BUILD/spawning" after 9 second wait
2024-08-31 14:48:21.522 62108 INFO tempest.lib.common.rest_client [req-0892d45b-e650-431a-bfb5-35e852a032f3 req-0892d45b-e650-431a-bfb5-35e852a032f3 ] Request (InstanceUsageAuditLogTestJSON:test_list_instance_usage_audit_logs): 200 GET http://10.180.1.21/compute/v2.1/os-instance_usage_audit_log 1.131s
2024-08-31 14:48:21.560 62118 INFO tempest.lib.common.rest_client [req-155de872-fd9f-4300-bbad-e628a4398c45 req-155de872-fd9f-4300-bbad-e628a4398c45 ] Request (ServicesAdminNegativeV253TestJSON:tearDownClass): 201 POST http://10.180.1.21/identity/v3/auth/tokens 0.082s
2024-08-31 14:48:21.645 62102 INFO tempest.lib.common.rest_client [req-04f20eb9-a7a4-4ac1-9cab-7d23284c37d5 req-04f20eb9-a7a4-4ac1-9cab-7d23284c37d5 ] Request (InstanceActionsNegativeTestJSON:setUpClass): 200 GET http://10.180.1.21/compute/v2.1/servers/86c97a7d-696d-4f74-91c9-37508c0c5764 1.217s
2024-08-31 14:48:21.654 62108 INFO tempest.lib.common.rest_client [req-c6ae267c-9425-4c82-b550-d965a5284996 req-c6ae267c-9425-4c82-b550-d965a5284996 ] Request (InstanceUsageAuditLogTestJSON:tearDownClass): 204 DELETE http://10.180.1.21/identity/v3/users/b526ad327d694578a41914245d308ab1 0.127s
2024-08-31 14:48:21.703 62104 INFO tempest.lib.common.rest_client [req-5e44ba4c-d829-4d79-9e85-ce43dd3c3e72 req-5e44ba4c-d829-4d79-9e85-ce43dd3c3e72 ] Request (FlavorsV261TestJSON:tearDownClass): 200 GET http://10.180.1.21:9696/networking/v2.0/security-groups?tenant_id=e2b55e7370cc46dab789d3875f24012b&name=default 0.631s
2024-08-31 14:48:21.782 62108 INFO tempest.lib.common.rest_client [req-3465d53b-129e-440f-8233-718b5ee3cce2 req-3465d53b-129e-440f-8233-718b5ee3cce2 ] Request (InstanceUsageAuditLogTestJSON:tearDownClass): 204 DELETE http://10.180.1.21/identity/v3/users/2869a9564f0d472dab31ab3be5a6ec65 0.128s
2024-08-31 14:48:21.782 62108 INFO tempest.lib.common.dynamic_creds [-] Deleting project and security group for project: 4818f8dc088b4a10bb3be2b4ff81b6e7
2024-08-31 14:48:21.793 62094 INFO tempest.lib.common.rest_client [req-465b4b10-c9b7-4c3c-ab13-22875ecf0699 req-465b4b10-c9b7-4c3c-ab13-22875ecf0699 ] Request (ImagesMetadataTestJSON:setUp): 200 PUT http://10.180.1.21/compute/v2.1/images/1bb2e614-a755-495d-b852-1abad6ce9b69/metadata 1.322s
2024-08-31 14:48:21.815 62072 INFO tempest.lib.common.rest_client [req-7f9e578a-a4ae-4447-a90a-a621d08d4e1b req-7f9e578a-a4ae-4447-a90a-a621d08d4e1b ] Request (ServerDiskConfigTestJSON:test_rebuild_server_with_auto_disk_config): 200 GET http://10.180.1.21/compute/v2.1/servers/c9654904-df68-4962-9b69-22f269626903 1.557s
2024-08-31 14:48:21.859 62070 INFO tempest.lib.common.rest_client [req-2846b99a-8d0a-4dac-96fc-e04cd6c1dad3 req-2846b99a-8d0a-4dac-96fc-e04cd6c1dad3 ] Request (FlavorsExtraSpecsTestJSON:test_flavor_set_get_update_show_unset_keys): 200 DELETE http://10.180.1.21/compute/v2.1/flavors/1813593217/os-extra_specs/hw:cpu_policy 1.282s
2024-08-31 14:48:21.883 62108 INFO tempest.lib.common.rest_client [req-f62cbd5f-3451-4f08-8330-10910bd35c0a req-f62cbd5f-3451-4f08-8330-10910bd35c0a ] Request (InstanceUsageAuditLogTestJSON:tearDownClass): 201 POST http://10.180.1.21/identity/v3/auth/tokens 0.101s
2024-08-31 14:48:21.992 62056 INFO tempest.lib.common.rest_client [req-77d1d451-7242-4532-b1be-ee743d6c0e36 req-77d1d451-7242-4532-b1be-ee743d6c0e36 ] Request (FlavorsV255TestJSON:tearDownClass): 204 DELETE http://10.180.1.21:9696/networking/v2.0/security-groups/f3bf1087-704d-4dd3-a6d5-95014564240d 0.841s
2024-08-31 14:48:21.997 62064 INFO tempest.lib.common.rest_client [req-448d08c6-1421-42db-904e-1a281d5de579 req-448d08c6-1421-42db-904e-1a281d5de579 ] Request (ValidationResourcesFixture:setUp): 201 POST http://10.180.1.21:9696/networking/v2.0/security-group-rules 0.826s
2024-08-31 14:48:22.001 62092 INFO tempest.lib.common.rest_client [req-c9376709-7864-4d74-8e8a-a462ec89cca3 req-c9376709-7864-4d74-8e8a-a462ec89cca3 ] Request (DeleteServersAdminTestJSON:test_admin_delete_servers_of_others): 200 GET http://10.180.1.21/compute/v2.1/servers/3dfbc571-7356-4c8e-aed0-ec8483aefafc 1.412s
2024-08-31 14:48:22.040 62090 INFO tempest.lib.common.rest_client [req-ce37ec19-fffa-4fe4-9426-9c4eba92a4f0 req-ce37ec19-fffa-4fe4-9426-9c4eba92a4f0 ] Request (AggregatesAdminNegativeTestJSON:test_aggregate_add_non_exist_host): 200 POST http://10.180.1.21/compute/v2.1/os-aggregates 1.411s
2024-08-31 14:48:22.039 62100 INFO tempest.lib.common.rest_client [req-52702fe9-e7f8-4e6f-9205-ad8e5d0dc1f0 req-52702fe9-e7f8-4e6f-9205-ad8e5d0dc1f0 ] Request (SecurityGroupsNegativeTestJSON:setUpClass): 201 POST http://10.180.1.21:9696/networking/v2.0/subnets 1.125s
2024-08-31 14:48:22.057 62096 INFO tempest.lib.common.rest_client [req-ec62180e-a70b-4485-a8bb-5f6f48bce80b req-ec62180e-a70b-4485-a8bb-5f6f48bce80b ] Request (FlavorsAccessTestJSON:_run_cleanups): 202 DELETE http://10.180.1.21/compute/v2.1/flavors/209829539 1.408s
2024-08-31 14:48:22.085 62066 INFO tempest.lib.common.rest_client [req-3113f196-134f-4984-93dd-9f675dab8b3c req-3113f196-134f-4984-93dd-9f675dab8b3c ] Request (KeyPairsV2TestJSON:_run_cleanups): 202 DELETE http://10.180.1.21/compute/v2.1/os-keypairs/tempest-keypair-1677339118 1.419s
2024-08-31 14:48:22.100 62086 INFO tempest.lib.common.rest_client [req-11e49618-96f5-473c-a22e-6f6da821989f req-11e49618-96f5-473c-a22e-6f6da821989f ] Request (ImagesDeleteNegativeTestJSON:tearDownClass): 200 GET http://10.180.1.21:9696/networking/v2.0/security-groups?tenant_id=291a010d95cc4cab942aa9604013afe3&name=default 0.845s
2024-08-31 14:48:22.105 62056 INFO tempest.lib.common.rest_client [req-3b54fae2-350b-4cb5-89ae-6c50742f1aee req-3b54fae2-350b-4cb5-89ae-6c50742f1aee ] Request (FlavorsV255TestJSON:tearDownClass): 204 DELETE http://10.180.1.21/identity/v3/projects/54e689a440c04f7d92dd5816299d71b1 0.113s
2024-08-31 14:48:22.164 62098 INFO tempest.lib.common.rest_client [req-6dd4b5d2-460f-4598-b720-2989253d93b8 req-6dd4b5d2-460f-4598-b720-2989253d93b8 ] Request (QuotaClassesAdmin257Test:tearDownClass): 200 GET http://10.180.1.21:9696/networking/v2.0/security-groups?tenant_id=8afd80cf332d4476b92f74c89f1b811f&name=default 1.004s
2024-08-31 14:48:22.767 62115 INFO tempest.lib.common.rest_client [req-4142e703-d04b-4667-9f53-26f492cc2b54 req-4142e703-d04b-4667-9f53-26f492cc2b54 ] Request (HypervisorAdminNegativeTestJSON:tearDownClass): 200 GET http://10.180.1.21:9696/networking/v2.0/security-groups?tenant_id=c970517fdab541b58278cb791e252d1e&name=default 1.889s
2024-08-31 14:48:22.770 62082 INFO tempest.lib.common.rest_client [req-d4efb748-8faf-43bd-b42c-63da8590b22e req-d4efb748-8faf-43bd-b42c-63da8590b22e ] Request (ListServersNegativeTestJSON:setUpClass): 200 GET http://10.180.1.21/compute/v2.1/servers/1bf7875f-6ffb-42ce-af0e-bc6428177e2c 2.098s
2024-08-31 14:48:22.773 62056 INFO tempest.lib.common.rest_client [req-cda65a50-4b6d-4180-b42b-01511597c548 req-cda65a50-4b6d-4180-b42b-01511597c548 ] Request (ServersAdminTestJSON:setUpClass): 201 POST http://10.180.1.21/identity/v3/auth/tokens 0.665s
2024-08-31 14:48:22.827 62056 INFO tempest.lib.common.rest_client [req-47fffdfc-e2ce-4438-b978-bb0a49027b8a req-47fffdfc-e2ce-4438-b978-bb0a49027b8a ] Request (ServersAdminTestJSON:setUpClass): 201 POST http://10.180.1.21/identity/v3/auth/tokens 0.050s
2024-08-31 14:48:22.863 62056 INFO tempest.lib.common.rest_client [req-822104c4-f652-4d03-b5e0-3d76177b20c7 req-822104c4-f652-4d03-b5e0-3d76177b20c7 ] Request (ServersAdminTestJSON:setUpClass): 200 GET http://10.180.1.21/identity/v3/domains?name=Default 0.035s
2024-08-31 14:48:22.903 62058 INFO tempest.lib.common.rest_client [req-747c01b6-6f82-4032-8dc8-c86653193952 req-747c01b6-6f82-4032-8dc8-c86653193952 ] Request (ImagesOneServerNegativeTestJSON:setUpClass): 200 GET http://10.180.1.21/compute/v2.1/servers/0ef99f40-9530-4c9e-b464-c0b79177a120 2.350s
2024-08-31 14:48:22.907 62056 INFO tempest.lib.common.rest_client [req-d966eee8-a222-4bf2-a895-49eb5613b16c req-d966eee8-a222-4bf2-a895-49eb5613b16c ] Request (ServersAdminTestJSON:setUpClass): 201 POST http://10.180.1.21/identity/v3/projects 0.044s
2024-08-31 14:48:22.908 62088 INFO tempest.lib.common.rest_client [req-ec9f469c-214f-4890-856d-222b5c833e57 req-ec9f469c-214f-4890-856d-222b5c833e57 ] Request (ServersAdmin275Test:test_rebuild_update_server_275): 200 GET http://10.180.1.21/compute/v2.1/servers/17c8e13d-2627-4cf8-ac1d-a884f0ebd298 2.228s
2024-08-31 14:48:22.924 62080 INFO tempest.lib.common.rest_client [req-073b99f5-7df4-4448-ad1f-a7cbc035a9dc req-073b99f5-7df4-4448-ad1f-a7cbc035a9dc ] Request (FlavorsAccessNegativeTestJSON:_run_cleanups): 200 GET http://10.180.1.21/compute/v2.1/flavors/detail 2.237s
2024-08-31 14:48:22.925 62078 INFO tempest.lib.common.rest_client [req-f662115b-0fbc-4480-9323-3bd510277f9d req-f662115b-0fbc-4480-9323-3bd510277f9d ] Request (FlavorsExtraSpecsNegativeTestJSON:tearDownClass): 202 DELETE http://10.180.1.21/compute/v2.1/flavors/401502289 2.191s
2024-08-31 14:48:22.991 62056 INFO tempest.lib.common.rest_client [req-290902d0-03a9-42f2-b5b3-8a120e7f00bd req-290902d0-03a9-42f2-b5b3-8a120e7f00bd ] Request (ServersAdminTestJSON:setUpClass): 201 POST http://10.180.1.21/identity/v3/users 0.083s
2024-08-31 14:48:22.997 62118 INFO tempest.lib.common.rest_client [req-ad91bcef-827b-4a29-aee8-3e4a509cc883 req-ad91bcef-827b-4a29-aee8-3e4a509cc883 ] Request (ServicesAdminNegativeV253TestJSON:tearDownClass): 200 GET http://10.180.1.21:9696/networking/v2.0/security-groups?tenant_id=f660ace098264e3f9fcc5612aa8dafd2&name=default 1.436s
2024-08-31 14:48:23.010 62104 INFO tempest.lib.common.rest_client [req-aced230f-f8e4-44fd-bb88-5ef5fadb74d3 req-aced230f-f8e4-44fd-bb88-5ef5fadb74d3 ] Request (FlavorsV261TestJSON:tearDownClass): 204 DELETE http://10.180.1.21:9696/networking/v2.0/security-groups/d7e44960-174c-4a5d-b288-7aaf6731ef27 1.306s
2024-08-31 14:48:23.012 62056 INFO tempest.lib.common.rest_client [req-7d39c114-eb3c-4fa0-ac45-e1253149beb9 req-7d39c114-eb3c-4fa0-ac45-e1253149beb9 ] Request (ServersAdminTestJSON:setUpClass): 200 GET http://10.180.1.21/identity/v3/roles 0.020s
2024-08-31 14:48:23.014 62074 INFO tempest.lib.common.rest_client [req-284ef6a8-a286-4868-bf6c-fc7f757f8a1b req-284ef6a8-a286-4868-bf6c-fc7f757f8a1b ] Request (VolumesAssistedSnapshotsTest:test_volume_assisted_snapshot_create_delete): 200 GET http://10.180.1.21/compute/v2.1/servers/b1fba275-98b2-4842-bd21-f79e371d3026 1.938s
2024-08-31 14:48:23.098 62104 INFO tempest.lib.common.rest_client [req-8cafe250-bb4d-488c-890e-b23f140361dc req-8cafe250-bb4d-488c-890e-b23f140361dc ] Request (FlavorsV261TestJSON:tearDownClass): 204 DELETE http://10.180.1.21/identity/v3/projects/e2b55e7370cc46dab789d3875f24012b 0.088s
2024-08-31 14:48:23.109 62062 INFO tempest.lib.common.rest_client [req-b5e26513-ce3b-4f1e-84ab-631c3b5a02e7 req-b5e26513-ce3b-4f1e-84ab-631c3b5a02e7 ] Request (AttachInterfacesTestJSON:test_create_list_show_delete_interfaces_by_fixed_ip): 200 GET http://10.180.1.21/compute/v2.1/servers/babfd1ec-72b8-4813-873b-a5c7b999ef5a 1.840s
2024-08-31 14:48:23.147 62104 INFO tempest.lib.common.rest_client [req-f02614fc-0af8-46c9-ad78-03e348f48374 req-f02614fc-0af8-46c9-ad78-03e348f48374 ] Request (ImagesTestJSON:setUpClass): 201 POST http://10.180.1.21/identity/v3/auth/tokens 0.046s
2024-08-31 14:48:23.156 62056 INFO tempest.lib.common.rest_client [req-429a599d-81e4-4fd8-a2ab-e9a24e5d3367 req-429a599d-81e4-4fd8-a2ab-e9a24e5d3367 ] Request (ServersAdminTestJSON:setUpClass): 204 PUT http://10.180.1.21/identity/v3/projects/d0d8a6f463e1417687f4c6e027f097ca/users/395991bee06c49b89484c68745745938/roles/408b76eb85044784beea4db8b113dcc9 0.143s
2024-08-31 14:48:23.156 62056 INFO tempest.lib.common.dynamic_creds [-] Dynamic test user 395991bee06c49b89484c68745745938 is created with scope project and roles: ['member']
2024-08-31 14:48:23.157 62056 INFO tempest.lib.common.dynamic_creds [-] Acquired dynamic creds: credentials: Credentials: {'domain_id': 'default', 'domain_name': 'Default', 'username': 'tempest-ServersAdminTestJSON-761763676-project-member', 'project_domain_id': 'default', 'project_domain_name': 'Default', 'project_id': 'd0d8a6f463e1417687f4c6e027f097ca', 'project_name': 'tempest-ServersAdminTestJSON-761763676', 'tenant_id': 'd0d8a6f463e1417687f4c6e027f097ca', 'tenant_name': 'tempest-ServersAdminTestJSON-761763676', 'user_domain_id': 'default', 'user_domain_name': 'Default', 'user_id': '395991bee06c49b89484c68745745938', 'system': None}, Network: None, Subnet: None, Router: None
2024-08-31 14:48:23.158 62110 INFO tempest.lib.common.rest_client [req-6d9a4a23-b50d-4697-87d3-7da9d04cf67d req-6d9a4a23-b50d-4697-87d3-7da9d04cf67d ] Request (ServerGroupTestJSON:setUpClass): 201 POST http://10.180.1.21:9696/networking/v2.0/networks 2.236s
2024-08-31 14:48:23.198 62115 INFO tempest.lib.common.rest_client [req-d1d24d26-f525-43ad-85d6-59d20619ed1b req-d1d24d26-f525-43ad-85d6-59d20619ed1b ] Request (HypervisorAdminNegativeTestJSON:tearDownClass): 204 DELETE http://10.180.1.21:9696/networking/v2.0/security-groups/e7db56f1-0e7d-4338-9b82-ec2a2bddd489 0.431s
2024-08-31 14:48:23.211 62086 INFO tempest.lib.common.rest_client [req-5dc7c5a6-0913-476c-9d79-1b687d9bc865 req-5dc7c5a6-0913-476c-9d79-1b687d9bc865 ] Request (ImagesDeleteNegativeTestJSON:tearDownClass): 204 DELETE http://10.180.1.21:9696/networking/v2.0/security-groups/b6e243d7-60ff-43d6-8afa-1caa3ae90afb 1.110s
2024-08-31 14:48:23.221 62104 INFO tempest.lib.common.rest_client [req-75abfd48-b15a-457d-a4d1-8076f9ce6395 req-75abfd48-b15a-457d-a4d1-8076f9ce6395 ] Request (ImagesTestJSON:setUpClass): 201 POST http://10.180.1.21/identity/v3/auth/tokens 0.070s
2024-08-31 14:48:23.258 62056 INFO tempest.lib.common.rest_client [req-74a8362c-973b-4a69-95a0-4e4a63b95943 req-74a8362c-973b-4a69-95a0-4e4a63b95943 ] Request (ServersAdminTestJSON:setUpClass): 201 POST http://10.180.1.21/identity/v3/auth/tokens 0.101s
2024-08-31 14:48:23.347 62116 INFO tempest.lib.common.rest_client [req-64cfc295-9709-42fd-8719-1df932664cfe req-64cfc295-9709-42fd-8719-1df932664cfe ] Request (QuotasAdminTestV257:test_get_updated_quotas): 200 PUT http://10.180.1.21/compute/v2.1/os-quota-sets/aeab829f18534ec8b9d91dcb0ea047e4 2.332s
2024-08-31 14:48:23.402 62115 INFO tempest.lib.common.rest_client [req-595618ec-edb0-487e-b8b8-33da6d7ed69a req-595618ec-edb0-487e-b8b8-33da6d7ed69a ] Request (HypervisorAdminNegativeTestJSON:tearDownClass): 204 DELETE http://10.180.1.21/identity/v3/projects/c970517fdab541b58278cb791e252d1e 0.204s
2024-08-31 14:48:23.403 62115 INFO tempest.lib.common.dynamic_creds [-] Deleting project and security group for project: cb20684807af4f3bbda9d59db818f98d
2024-08-31 14:48:23.413 62108 INFO tempest.lib.common.rest_client [req-8b08f83f-d825-4ec5-a1bd-d71d5987a8d9 req-8b08f83f-d825-4ec5-a1bd-d71d5987a8d9 ] Request (InstanceUsageAuditLogTestJSON:tearDownClass): 200 GET http://10.180.1.21:9696/networking/v2.0/security-groups?tenant_id=4818f8dc088b4a10bb3be2b4ff81b6e7&name=default 1.530s
2024-08-31 14:48:23.425 62086 INFO tempest.lib.common.rest_client [req-28fee665-6dde-46c2-b113-ea8bcb508215 req-28fee665-6dde-46c2-b113-ea8bcb508215 ] Request (ImagesDeleteNegativeTestJSON:tearDownClass): 204 DELETE http://10.180.1.21/identity/v3/projects/291a010d95cc4cab942aa9604013afe3 0.213s
2024-08-31 14:48:23.459 62084 INFO tempest.lib.common.rest_client [req-10f5d08a-d8b1-4f66-889b-9d97ef2caf9b req-10f5d08a-d8b1-4f66-889b-9d97ef2caf9b ] Request (MigrationsAdminTest:test_list_migrations_in_flavor_resize_situation): 200 GET http://10.180.1.21/compute/v2.1/servers/2fb26ce7-4af7-4f73-bbb2-e3eb0434cd80 2.036s
2024-08-31 14:48:23.483 62106 INFO tempest.lib.common.rest_client [req-863b6a8a-a8bd-4273-9ca0-0897445fd003 req-863b6a8a-a8bd-4273-9ca0-0897445fd003 ] Request (ServersAdminNegativeTestJSON:setUpClass): 200 GET http://10.180.1.21/compute/v2.1/servers/5d5aac14-aec1-49cb-98f2-12d0eea5f1ff 1.986s
2024-08-31 14:48:23.512 62070 INFO tempest.lib.common.rest_client [req-37cf963c-3f88-454d-b1ac-18cf17330e80 req-37cf963c-3f88-454d-b1ac-18cf17330e80 ] Request (FlavorsExtraSpecsTestJSON:test_flavor_set_get_update_show_unset_keys): 200 GET http://10.180.1.21/compute/v2.1/flavors/1813593217/os-extra_specs 1.653s
2024-08-31 14:48:23.515 62104 INFO tempest.lib.common.rest_client [req-52bd18db-4278-4954-bb3c-4c64e5f95c9a req-52bd18db-4278-4954-bb3c-4c64e5f95c9a ] Request (ImagesTestJSON:setUpClass): 200 GET http://10.180.1.21/identity/v3/domains?name=Default 0.294s
2024-08-31 14:48:23.550 62090 INFO tempest.lib.common.rest_client [req-a0a5374e-e13c-4c14-b72f-616de60b8b85 req-a0a5374e-e13c-4c14-b72f-616de60b8b85 ] Request (AggregatesAdminNegativeTestJSON:test_aggregate_add_non_exist_host): 404 POST http://10.180.1.21/compute/v2.1/os-aggregates/3/action 1.509s
2024-08-31 14:48:23.567 62086 INFO tempest.lib.common.rest_client [req-1b0e4178-313f-4b64-93b3-6b02eabd71c5 req-1b0e4178-313f-4b64-93b3-6b02eabd71c5 ] Request (ServerRescueNegativeTestJSON:setUpClass): 201 POST http://10.180.1.21/identity/v3/auth/tokens 0.138s
2024-08-31 14:48:23.570 62096 INFO tempest.lib.common.rest_client [req-4f449821-e417-4efc-8b11-00f6eecf5cdd req-4f449821-e417-4efc-8b11-00f6eecf5cdd ] Request (FlavorsAccessTestJSON:_run_cleanups): 200 GET http://10.180.1.21/compute/v2.1/flavors/detail 1.510s
2024-08-31 14:48:23.601 62104 INFO tempest.lib.common.rest_client [req-5b2e8e34-141b-4419-8568-d85cacc21042 req-5b2e8e34-141b-4419-8568-d85cacc21042 ] Request (ImagesTestJSON:setUpClass): 201 POST http://10.180.1.21/identity/v3/projects 0.085s
2024-08-31 14:48:23.616 62066 INFO tempest.lib.common.rest_client [req-006d2b30-4a8d-47dc-bf9c-8671e7602cdd req-006d2b30-4a8d-47dc-bf9c-8671e7602cdd ] Request (KeyPairsV2TestJSON:test_keypair_create_delete): 200 POST http://10.180.1.21/compute/v2.1/os-keypairs 1.529s
2024-08-31 14:48:23.637 62098 INFO tempest.lib.common.rest_client [req-f00a2cf8-febc-4860-b5ca-070b964e3ec1 req-f00a2cf8-febc-4860-b5ca-070b964e3ec1 ] Request (QuotaClassesAdmin257Test:tearDownClass): 204 DELETE http://10.180.1.21:9696/networking/v2.0/security-groups/8020f8e2-0870-483e-a8a2-45c4cf9a4677 1.473s
2024-08-31 14:48:23.677 62086 INFO tempest.lib.common.rest_client [req-b9406d96-9137-4d4a-a202-39467ce58883 req-b9406d96-9137-4d4a-a202-39467ce58883 ] Request (ServerRescueNegativeTestJSON:setUpClass): 201 POST http://10.180.1.21/identity/v3/auth/tokens 0.103s
2024-08-31 14:48:23.712 62104 INFO tempest.lib.common.rest_client [req-c43121a3-1048-49c5-86d5-336ac1721b13 req-c43121a3-1048-49c5-86d5-336ac1721b13 ] Request (ImagesTestJSON:setUpClass): 201 POST http://10.180.1.21/identity/v3/users 0.110s
2024-08-31 14:48:23.725 62102 INFO tempest.lib.common.rest_client [req-c19c17a1-dcd8-4640-aa44-f025d1f0b086 req-c19c17a1-dcd8-4640-aa44-f025d1f0b086 ] Request (InstanceActionsNegativeTestJSON:setUpClass): 200 GET http://10.180.1.21/compute/v2.1/servers/86c97a7d-696d-4f74-91c9-37508c0c5764 1.069s
2024-08-31 14:48:23.753 62096 INFO tempest.lib.common.rest_client [req-1450b1e4-97e8-4861-82e9-6086ad936b8d req-1450b1e4-97e8-4861-82e9-6086ad936b8d ] Request (FlavorsAccessTestJSON:tearDownClass): 204 DELETE http://10.180.1.21/identity/v3/users/eba9b038bd50463fbe940618e124df40 0.171s
2024-08-31 14:48:23.812 62086 INFO tempest.lib.common.rest_client [req-86f49114-a00c-49fe-a630-bee0f4f968d4 req-86f49114-a00c-49fe-a630-bee0f4f968d4 ] Request (ServerRescueNegativeTestJSON:setUpClass): 200 GET http://10.180.1.21/identity/v3/domains?name=Default 0.134s
2024-08-31 14:48:23.820 62094 INFO tempest.lib.common.rest_client [req-fb2a100f-c796-4126-9137-5af9c771b9cb req-fb2a100f-c796-4126-9137-5af9c771b9cb ] Request (ImagesMetadataTestJSON:test_set_image_metadata): 200 PUT http://10.180.1.21/compute/v2.1/images/1bb2e614-a755-495d-b852-1abad6ce9b69/metadata 2.026s
2024-08-31 14:48:23.836 62118 INFO tempest.lib.common.rest_client [req-f985ca10-8c18-4212-9378-e76a5b677be3 req-f985ca10-8c18-4212-9378-e76a5b677be3 ] Request (ServicesAdminNegativeV253TestJSON:tearDownClass): 204 DELETE http://10.180.1.21:9696/networking/v2.0/security-groups/62cee94d-dddc-4909-a8be-10880b373fe6 0.838s
2024-08-31 14:48:23.862 62098 INFO tempest.lib.common.rest_client [req-d981f00c-cb43-4421-a4c3-90d3b4f53d6f req-d981f00c-cb43-4421-a4c3-90d3b4f53d6f ] Request (QuotaClassesAdmin257Test:tearDownClass): 204 DELETE http://10.180.1.21/identity/v3/projects/8afd80cf332d4476b92f74c89f1b811f 0.224s
2024-08-31 14:48:23.862 62098 INFO tempest.lib.common.dynamic_creds [-] Deleting project and security group for project: d566347d8f9c4bb29a4b950d46ad8cbc
2024-08-31 14:48:23.877 62104 INFO tempest.lib.common.rest_client [req-49dcd944-67f8-4290-888b-d43379f4b272 req-49dcd944-67f8-4290-888b-d43379f4b272 ] Request (ImagesTestJSON:setUpClass): 200 GET http://10.180.1.21/identity/v3/roles 0.165s
2024-08-31 14:48:23.918 62086 INFO tempest.lib.common.rest_client [req-738ad213-9003-46cb-a2d4-a9451c391791 req-738ad213-9003-46cb-a2d4-a9451c391791 ] Request (ServerRescueNegativeTestJSON:setUpClass): 201 POST http://10.180.1.21/identity/v3/projects 0.105s
2024-08-31 14:48:23.977 62076 INFO tempest.lib.common.rest_client [req-be3013c4-2491-4a36-b58b-b2f704f48df2 req-be3013c4-2491-4a36-b58b-b2f704f48df2 ] Request (FloatingIPsTestJSON:setUpClass): 200 PUT http://10.180.1.21:9696/networking/v2.0/routers/537a8049-e588-4bab-a8ac-ae855bf44aa9/add_router_interface 4.271s
2024-08-31 14:48:23.978 62076 INFO tempest.lib.common.dynamic_creds [-] Created isolated network resources for: credentials: Credentials: {'domain_id': 'default', 'domain_name': 'Default', 'username': 'tempest-FloatingIPsTestJSON-449735558-project-member', 'project_domain_id': 'default', 'project_domain_name': 'Default', 'project_id': '4df40fa2b4eb42ac878741ec6d8a1de2', 'project_name': 'tempest-FloatingIPsTestJSON-449735558', 'tenant_id': '4df40fa2b4eb42ac878741ec6d8a1de2', 'tenant_name': 'tempest-FloatingIPsTestJSON-449735558', 'user_domain_id': 'default', 'user_domain_name': 'Default', 'user_id': '4da3d58cf0654429b803ee20acd08f17', 'system': None}, Network: {'id': '40a1e481-1754-4b7e-baec-53b668dd981f', 'name': 'tempest-FloatingIPsTestJSON-1216577084-network', 'tenant_id': '4df40fa2b4eb42ac878741ec6d8a1de2', 'admin_state_up': True, 'mtu': 8950, 'status': 'ACTIVE', 'subnets': [], 'shared': False, 'project_id': '4df40fa2b4eb42ac878741ec6d8a1de2', 'port_security_enabled': True, 'router:external': False, 'provider:network_type': 'vlan', 'provider:physical_network': 'default', 'provider:segmentation_id': 818, 'is_default': False, 'availability_zone_hints': [], 'availability_zones': [], 'ipv4_address_scope': None, 'ipv6_address_scope': None, 'description': '', 'tags': [], 'created_at': '2024-08-31T14:48:17Z', 'updated_at': '2024-08-31T14:48:17Z', 'revision_number': 1}, Subnet: {'id': '1a607bfc-cc10-45a9-8684-69ca84a8e4a1', 'name': 'tempest-FloatingIPsTestJSON-1216577084-subnet', 'tenant_id': '4df40fa2b4eb42ac878741ec6d8a1de2', 'network_id': '40a1e481-1754-4b7e-baec-53b668dd981f', 'ip_version': 4, 'subnetpool_id': None, 'enable_dhcp': True, 'ipv6_ra_mode': None, 'ipv6_address_mode': None, 'gateway_ip': '192.168.128.1', 'cidr': '192.168.128.0/28', 'allocation_pools': [{'start': '192.168.128.2', 'end': '192.168.128.14'}], 'host_routes': [], 'dns_nameservers': [], 'description': '', 'router:external': False, 'service_types': [], 'tags': [], 'created_at': '2024-08-31T14:48:17Z', 'updated_at': '2024-08-31T14:48:17Z', 'revision_number': 0, 'project_id': '4df40fa2b4eb42ac878741ec6d8a1de2'}, Router: {'id': '537a8049-e588-4bab-a8ac-ae855bf44aa9', 'name': 'tempest-FloatingIPsTestJSON-1216577084-router', 'tenant_id': '4df40fa2b4eb42ac878741ec6d8a1de2', 'admin_state_up': True, 'status': 'ACTIVE', 'external_gateway_info': {'network_id': '68738769-708c-46d7-8eb8-c7e9040e44d9', 'external_fixed_ips': [{'subnet_id': '510e03a9-f019-44dc-b87f-5c3188bf978e', 'ip_address': '10.180.180.184'}], 'enable_snat': True}, 'description': '', 'availability_zones': [], 'distributed': False, 'ha': False, 'availability_zone_hints': [], 'routes': [], 'flavor_id': None, 'tags': [], 'created_at': '2024-08-31T14:48:17Z', 'updated_at': '2024-08-31T14:48:18Z', 'revision_number': 2, 'project_id': '4df40fa2b4eb42ac878741ec6d8a1de2'}
2024-08-31 14:48:23.980 62110 INFO tempest.lib.common.rest_client [req-127275e6-4f3d-4161-a699-6caf33533ff7 req-127275e6-4f3d-4161-a699-6caf33533ff7 ] Request (ServerGroupTestJSON:setUpClass): 201 POST http://10.180.1.21:9696/networking/v2.0/subnets 0.821s
2024-08-31 14:48:23.983 62115 INFO tempest.lib.common.rest_client [req-6334032a-b1c0-4619-af34-0b692dd8b9c3 req-6334032a-b1c0-4619-af34-0b692dd8b9c3 ] Request (HypervisorAdminNegativeTestJSON:tearDownClass): 200 GET http://10.180.1.21:9696/networking/v2.0/security-groups?tenant_id=cb20684807af4f3bbda9d59db818f98d&name=default 0.580s
2024-08-31 14:48:23.984 62096 INFO tempest.lib.common.rest_client [req-a6480d3e-fafc-46ea-bf0a-67469d1e464a req-a6480d3e-fafc-46ea-bf0a-67469d1e464a ] Request (FlavorsAccessTestJSON:tearDownClass): 204 DELETE http://10.180.1.21/identity/v3/users/a9f3c169a5be4e84a6ecc8c4b271a322 0.231s
2024-08-31 14:48:23.985 62096 INFO tempest.lib.common.dynamic_creds [-] Deleting project and security group for project: debc6e69b14848bd8888fa9cb44121c3
2024-08-31 14:48:24.050 62118 INFO tempest.lib.common.rest_client [req-257eb347-aeaa-4aea-94f2-d728ea635663 req-257eb347-aeaa-4aea-94f2-d728ea635663 ] Request (ServicesAdminNegativeV253TestJSON:tearDownClass): 204 DELETE http://10.180.1.21/identity/v3/projects/f660ace098264e3f9fcc5612aa8dafd2 0.214s
2024-08-31 14:48:24.051 62118 INFO tempest.lib.common.dynamic_creds [-] Deleting project and security group for project: 981efaecaf6b463585e7daf16705e013
2024-08-31 14:48:24.084 62104 INFO tempest.lib.common.rest_client [req-617e7541-e4da-470c-a33d-6b1041bcceef req-617e7541-e4da-470c-a33d-6b1041bcceef ] Request (ImagesTestJSON:setUpClass): 204 PUT http://10.180.1.21/identity/v3/projects/8c255d282869436db263fcf64b849c9d/users/49adbcf75b5d4a7994bd4b9fed9a5403/roles/408b76eb85044784beea4db8b113dcc9 0.207s
2024-08-31 14:48:24.085 62104 INFO tempest.lib.common.dynamic_creds [-] Dynamic test user 49adbcf75b5d4a7994bd4b9fed9a5403 is created with scope project and roles: ['member']
2024-08-31 14:48:24.085 62104 INFO tempest.lib.common.dynamic_creds [-] Acquired dynamic creds: credentials: Credentials: {'domain_id': 'default', 'domain_name': 'Default', 'username': 'tempest-ImagesTestJSON-842334268-project-member', 'project_domain_id': 'default', 'project_domain_name': 'Default', 'project_id': '8c255d282869436db263fcf64b849c9d', 'project_name': 'tempest-ImagesTestJSON-842334268', 'tenant_id': '8c255d282869436db263fcf64b849c9d', 'tenant_name': 'tempest-ImagesTestJSON-842334268', 'user_domain_id': 'default', 'user_domain_name': 'Default', 'user_id': '49adbcf75b5d4a7994bd4b9fed9a5403', 'system': None}, Network: None, Subnet: None, Router: None
2024-08-31 14:48:24.145 62108 INFO tempest.lib.common.rest_client [req-5dc02df5-1308-4449-929c-63349b490811 req-5dc02df5-1308-4449-929c-63349b490811 ] Request (InstanceUsageAuditLogTestJSON:tearDownClass): 204 DELETE http://10.180.1.21:9696/networking/v2.0/security-groups/78c8e0d1-d243-4beb-b9c2-6e56a4e9d288 0.731s
2024-08-31 14:48:24.156 62076 INFO tempest.lib.common.rest_client [req-188f1cf1-ef52-4df1-a6e2-e6ca3969e997 req-188f1cf1-ef52-4df1-a6e2-e6ca3969e997 ] Request (FloatingIPsTestJSON:setUpClass): 201 POST http://10.180.1.21/identity/v3/auth/tokens 0.172s
2024-08-31 14:48:24.172 62086 INFO tempest.lib.common.rest_client [req-174e933f-816f-4b4d-b236-9f8b830863c4 req-174e933f-816f-4b4d-b236-9f8b830863c4 ] Request (ServerRescueNegativeTestJSON:setUpClass): 201 POST http://10.180.1.21/identity/v3/users 0.254s
2024-08-31 14:48:24.205 62096 INFO tempest.lib.common.rest_client [req-0595ef21-5cd6-4995-ba43-d1d61fb1c58b req-0595ef21-5cd6-4995-ba43-d1d61fb1c58b ] Request (FlavorsAccessTestJSON:tearDownClass): 201 POST http://10.180.1.21/identity/v3/auth/tokens 0.220s
2024-08-31 14:48:24.223 62104 INFO tempest.lib.common.rest_client [req-f5772e79-3b65-430b-9379-d3154cf3a15a req-f5772e79-3b65-430b-9379-d3154cf3a15a ] Request (ImagesTestJSON:setUpClass): 201 POST http://10.180.1.21/identity/v3/auth/tokens 0.137s
2024-08-31 14:48:24.228 62112 INFO tempest.lib.common.rest_client [req-7e528d5c-2d12-4627-9357-2cc28d82c8e5 req-7e528d5c-2d12-4627-9357-2cc28d82c8e5 ] Request (ServerDiagnosticsNegativeTest:test_get_server_diagnostics_by_non_admin): 200 GET http://10.180.1.21/compute/v2.1/servers/8e592b91-182c-49be-830a-5c9d80e4020d 1.495s
2024-08-31 14:48:24.243 62086 INFO tempest.lib.common.rest_client [req-e70e1be8-de14-4d84-ac18-ef88cdd2d3b5 req-e70e1be8-de14-4d84-ac18-ef88cdd2d3b5 ] Request (ServerRescueNegativeTestJSON:setUpClass): 200 GET http://10.180.1.21/identity/v3/roles 0.070s
2024-08-31 14:48:24.252 62078 INFO tempest.lib.common.rest_client [req-e616c35c-d2a7-4647-9f09-0da1fbce18da req-e616c35c-d2a7-4647-9f09-0da1fbce18da ] Request (FlavorsExtraSpecsNegativeTestJSON:tearDownClass): 200 GET http://10.180.1.21/compute/v2.1/flavors/detail 1.326s
2024-08-31 14:48:24.267 62080 INFO tempest.lib.common.rest_client [req-12a92e3e-e155-4d78-9892-98ec8098e007 req-12a92e3e-e155-4d78-9892-98ec8098e007 ] Request (FlavorsAccessNegativeTestJSON:test_flavor_non_admin_add): 200 POST http://10.180.1.21/compute/v2.1/flavors 1.336s
2024-08-31 14:48:24.311 62108 INFO tempest.lib.common.rest_client [req-aeab3ffc-817a-4056-8c0d-5c533fffe6af req-aeab3ffc-817a-4056-8c0d-5c533fffe6af ] Request (InstanceUsageAuditLogTestJSON:tearDownClass): 204 DELETE http://10.180.1.21/identity/v3/projects/4818f8dc088b4a10bb3be2b4ff81b6e7 0.166s
2024-08-31 14:48:24.311 62108 INFO tempest.lib.common.dynamic_creds [-] Deleting project and security group for project: c6b0d2634a57429794b20a4601a5a04a
2024-08-31 14:48:24.393 62086 INFO tempest.lib.common.rest_client [req-6f6677dd-a688-49cf-b288-65c5bcf6ea15 req-6f6677dd-a688-49cf-b288-65c5bcf6ea15 ] Request (ServerRescueNegativeTestJSON:setUpClass): 204 PUT http://10.180.1.21/identity/v3/projects/5fdf234543c44fe8853494e853f161ab/users/2c1e384c568f4d579e19bf4e4303e291/roles/408b76eb85044784beea4db8b113dcc9 0.149s
2024-08-31 14:48:24.393 62086 INFO tempest.lib.common.dynamic_creds [-] Dynamic test user 2c1e384c568f4d579e19bf4e4303e291 is created with scope project and roles: ['member']
2024-08-31 14:48:24.394 62086 INFO tempest.lib.common.dynamic_creds [-] Acquired dynamic creds: credentials: Credentials: {'domain_id': 'default', 'domain_name': 'Default', 'username': 'tempest-ServerRescueNegativeTestJSON-2106205851-project-member', 'project_domain_id': 'default', 'project_domain_name': 'Default', 'project_id': '5fdf234543c44fe8853494e853f161ab', 'project_name': 'tempest-ServerRescueNegativeTestJSON-2106205851', 'tenant_id': '5fdf234543c44fe8853494e853f161ab', 'tenant_name': 'tempest-ServerRescueNegativeTestJSON-2106205851', 'user_domain_id': 'default', 'user_domain_name': 'Default', 'user_id': '2c1e384c568f4d579e19bf4e4303e291', 'system': None}, Network: None, Subnet: None, Router: None
2024-08-31 14:48:24.445 62086 INFO tempest.lib.common.rest_client [req-6afdd75e-dad9-4b43-9d70-a5e6d2d9eb57 req-6afdd75e-dad9-4b43-9d70-a5e6d2d9eb57 ] Request (ServerRescueNegativeTestJSON:setUpClass): 201 POST http://10.180.1.21/identity/v3/auth/tokens 0.051s
2024-08-31 14:48:24.456 62092 INFO tempest.lib.common.rest_client [req-2fc09b43-1696-4e82-b61d-da56c00578be req-2fc09b43-1696-4e82-b61d-da56c00578be ] Request (DeleteServersAdminTestJSON:test_admin_delete_servers_of_others): 200 GET http://10.180.1.21/compute/v2.1/servers/3dfbc571-7356-4c8e-aed0-ec8483aefafc 1.442s
2024-08-31 14:48:24.462 62092 INFO tempest.common.waiters [-] State transition "BUILD/None" ==> "BUILD/spawning" after 11 second wait
2024-08-31 14:48:24.493 62078 INFO tempest.lib.common.rest_client [req-cc119884-0123-4731-a73a-b4c6232f651c req-cc119884-0123-4731-a73a-b4c6232f651c ] Request (FlavorsExtraSpecsNegativeTestJSON:tearDownClass): 204 DELETE http://10.180.1.21/identity/v3/users/8b712c5cfb3a405b8ded2ec716cb8dd4 0.236s
2024-08-31 14:48:24.624 62116 INFO tempest.lib.common.rest_client [req-64defa1e-0ee3-41a1-844f-fe460b322aa8 req-64defa1e-0ee3-41a1-844f-fe460b322aa8 ] Request (QuotasAdminTestV257:test_get_updated_quotas): 200 GET http://10.180.1.21/compute/v2.1/os-quota-sets/aeab829f18534ec8b9d91dcb0ea047e4/detail 1.273s
2024-08-31 14:48:24.642 62072 INFO tempest.lib.common.rest_client [req-0c33076f-04c1-4568-8db5-f7a921798d98 req-0c33076f-04c1-4568-8db5-f7a921798d98 ] Request (ServerDiskConfigTestJSON:test_rebuild_server_with_auto_disk_config): 200 GET http://10.180.1.21/compute/v2.1/servers/c9654904-df68-4962-9b69-22f269626903 1.815s
2024-08-31 14:48:24.648 62070 INFO tempest.lib.common.rest_client [req-8ea22343-d50b-4869-8221-a7ccc5180fd6 req-8ea22343-d50b-4869-8221-a7ccc5180fd6 ] Request (FlavorsExtraSpecsTestJSON:tearDownClass): 202 DELETE http://10.180.1.21/compute/v2.1/flavors/1813593217 1.129s
2024-08-31 14:48:24.652 62078 INFO tempest.lib.common.rest_client [req-1d553c93-5324-48e1-a205-b6c27ac41938 req-1d553c93-5324-48e1-a205-b6c27ac41938 ] Request (FlavorsExtraSpecsNegativeTestJSON:tearDownClass): 204 DELETE http://10.180.1.21/identity/v3/users/da9d6ab5b38c4577b0821af3009ba7ea 0.158s
2024-08-31 14:48:24.652 62078 INFO tempest.lib.common.dynamic_creds [-] Deleting project and security group for project: cfd7ea964a8c4b1781d69559763b775a
2024-08-31 14:48:24.670 62090 INFO tempest.lib.common.rest_client [req-e03f0e53-c781-4bf4-9f2c-f9974d882356 req-e03f0e53-c781-4bf4-9f2c-f9974d882356 ] Request (AggregatesAdminNegativeTestJSON:_run_cleanups): 200 DELETE http://10.180.1.21/compute/v2.1/os-aggregates/3 1.119s
2024-08-31 14:48:24.672 62066 INFO tempest.lib.common.rest_client [req-b653fe4e-dc7a-44a3-b72d-d04bdde89d68 req-b653fe4e-dc7a-44a3-b72d-d04bdde89d68 ] Request (KeyPairsV2TestJSON:_run_cleanups): 202 DELETE http://10.180.1.21/compute/v2.1/os-keypairs/tempest-keypair-1823726316 1.054s
2024-08-31 14:48:24.702 62116 INFO tempest.lib.common.rest_client [req-2e102b06-eed8-48bd-b614-243658149c5e req-2e102b06-eed8-48bd-b614-243658149c5e ] Request (QuotasAdminTestV257:test_get_updated_quotas): 200 GET http://10.180.1.21/identity/v3/domains?name=Default 0.075s
2024-08-31 14:48:24.739 62094 INFO tempest.lib.common.rest_client [req-138724ef-9bb0-4e34-b648-7cdac92977b7 req-138724ef-9bb0-4e34-b648-7cdac92977b7 ] Request (ImagesMetadataTestJSON:test_set_image_metadata): 200 GET http://10.180.1.21/compute/v2.1/images/1bb2e614-a755-495d-b852-1abad6ce9b69/metadata 0.917s
2024-08-31 14:48:24.742 62078 INFO tempest.lib.common.rest_client [req-08cf9866-68d4-4104-9e36-2f92d7131882 req-08cf9866-68d4-4104-9e36-2f92d7131882 ] Request (FlavorsExtraSpecsNegativeTestJSON:tearDownClass): 201 POST http://10.180.1.21/identity/v3/auth/tokens 0.089s
2024-08-31 14:48:24.756 62098 INFO tempest.lib.common.rest_client [req-3559738c-e144-482b-9e46-1dda8890289b req-3559738c-e144-482b-9e46-1dda8890289b ] Request (QuotaClassesAdmin257Test:tearDownClass): 200 GET http://10.180.1.21:9696/networking/v2.0/security-groups?tenant_id=d566347d8f9c4bb29a4b950d46ad8cbc&name=default 0.894s
2024-08-31 14:48:24.810 62118 INFO tempest.lib.common.rest_client [req-a6c69b51-3e3b-427e-b785-93b2ac3d7800 req-a6c69b51-3e3b-427e-b785-93b2ac3d7800 ] Request (ServicesAdminNegativeV253TestJSON:tearDownClass): 200 GET http://10.180.1.21:9696/networking/v2.0/security-groups?tenant_id=981efaecaf6b463585e7daf16705e013&name=default 0.758s
2024-08-31 14:48:24.829 62056 INFO tempest.lib.common.rest_client [req-01b913fa-747a-444e-94b5-e79e3ee5a6ac req-01b913fa-747a-444e-94b5-e79e3ee5a6ac ] Request (ServersAdminTestJSON:setUpClass): 201 POST http://10.180.1.21:9696/networking/v2.0/networks 1.571s
2024-08-31 14:48:24.851 62116 INFO tempest.lib.common.rest_client [req-6fc7243c-3267-408b-98e4-dc53f7bc1731 req-6fc7243c-3267-408b-98e4-dc53f7bc1731 ] Request (QuotasAdminTestV257:test_get_updated_quotas): 201 POST http://10.180.1.21/identity/v3/users 0.149s
2024-08-31 14:48:24.870 62116 INFO tempest.lib.common.rest_client [req-60ffe0bd-d5a4-486c-a212-2e0e429aeaae req-60ffe0bd-d5a4-486c-a212-2e0e429aeaae ] Request (QuotasAdminTestV257:test_get_updated_quotas): 200 GET http://10.180.1.21/identity/v3/domains?name=Default 0.019s
2024-08-31 14:48:24.881 62115 INFO tempest.lib.common.rest_client [req-82b270ba-2be1-4efd-8909-3f5689108bf1 req-82b270ba-2be1-4efd-8909-3f5689108bf1 ] Request (HypervisorAdminNegativeTestJSON:tearDownClass): 204 DELETE http://10.180.1.21:9696/networking/v2.0/security-groups/f42e8e93-a210-4ee2-abb4-3a52d5395a26 0.898s
2024-08-31 14:48:24.892 62082 INFO tempest.lib.common.rest_client [req-944e497d-37ac-4580-8ea2-256b50356b52 req-944e497d-37ac-4580-8ea2-256b50356b52 ] Request (ListServersNegativeTestJSON:setUpClass): 200 GET http://10.180.1.21/compute/v2.1/servers/1bf7875f-6ffb-42ce-af0e-bc6428177e2c 1.113s
2024-08-31 14:48:24.956 62115 INFO tempest.lib.common.rest_client [req-5d46e15b-9ccf-46d6-94dc-ba19020c4ac2 req-5d46e15b-9ccf-46d6-94dc-ba19020c4ac2 ] Request (HypervisorAdminNegativeTestJSON:tearDownClass): 204 DELETE http://10.180.1.21/identity/v3/projects/cb20684807af4f3bbda9d59db818f98d 0.074s
2024-08-31 14:48:25.038 62115 INFO tempest.lib.common.rest_client [req-27f124e8-315b-404a-97db-3a1928e7bad6 req-27f124e8-315b-404a-97db-3a1928e7bad6 ] Request (QuotasAdminNegativeTest:setUpClass): 201 POST http://10.180.1.21/identity/v3/auth/tokens 0.080s
2024-08-31 14:48:25.039 62088 INFO tempest.lib.common.rest_client [req-c5743564-32d4-4df4-9adb-b1a3178a1cc9 req-c5743564-32d4-4df4-9adb-b1a3178a1cc9 ] Request (ServersAdmin275Test:test_rebuild_update_server_275): 200 GET http://10.180.1.21/compute/v2.1/servers/17c8e13d-2627-4cf8-ac1d-a884f0ebd298 1.121s
2024-08-31 14:48:25.085 62115 INFO tempest.lib.common.rest_client [req-0d582dca-680d-4833-9f6b-d7620ce44680 req-0d582dca-680d-4833-9f6b-d7620ce44680 ] Request (QuotasAdminNegativeTest:setUpClass): 201 POST http://10.180.1.21/identity/v3/auth/tokens 0.045s
2024-08-31 14:48:25.117 62096 INFO tempest.lib.common.rest_client [req-55c3bc0b-afeb-4435-9196-cc3083537f2f req-55c3bc0b-afeb-4435-9196-cc3083537f2f ] Request (FlavorsAccessTestJSON:tearDownClass): 200 GET http://10.180.1.21:9696/networking/v2.0/security-groups?tenant_id=debc6e69b14848bd8888fa9cb44121c3&name=default 0.912s
2024-08-31 14:48:25.118 62115 INFO tempest.lib.common.rest_client [req-9458d065-c627-48e3-853a-d2519374cbe3 req-9458d065-c627-48e3-853a-d2519374cbe3 ] Request (QuotasAdminNegativeTest:setUpClass): 200 GET http://10.180.1.21/identity/v3/domains?name=Default 0.032s
2024-08-31 14:48:25.162 62115 INFO tempest.lib.common.rest_client [req-2c77cbaa-e134-4f4d-8d57-2794193b1543 req-2c77cbaa-e134-4f4d-8d57-2794193b1543 ] Request (QuotasAdminNegativeTest:setUpClass): 201 POST http://10.180.1.21/identity/v3/projects 0.043s
2024-08-31 14:48:25.170 62108 INFO tempest.lib.common.rest_client [req-fc04c85f-fdd3-4ba3-9b71-3f225b78f3f0 req-fc04c85f-fdd3-4ba3-9b71-3f225b78f3f0 ] Request (InstanceUsageAuditLogTestJSON:tearDownClass): 200 GET http://10.180.1.21:9696/networking/v2.0/security-groups?tenant_id=c6b0d2634a57429794b20a4601a5a04a&name=default 0.858s
2024-08-31 14:48:25.175 62074 INFO tempest.lib.common.rest_client [req-d2b9a723-78dc-496f-8505-16f4c26babed req-d2b9a723-78dc-496f-8505-16f4c26babed ] Request (VolumesAssistedSnapshotsTest:test_volume_assisted_snapshot_create_delete): 200 GET http://10.180.1.21/compute/v2.1/servers/b1fba275-98b2-4842-bd21-f79e371d3026 1.149s
2024-08-31 14:48:25.260 62115 INFO tempest.lib.common.rest_client [req-6073d509-85d9-4c98-9661-8c2a2fe1b646 req-6073d509-85d9-4c98-9661-8c2a2fe1b646 ] Request (QuotasAdminNegativeTest:setUpClass): 201 POST http://10.180.1.21/identity/v3/users 0.097s
2024-08-31 14:48:25.279 62115 INFO tempest.lib.common.rest_client [req-afca6cb0-aa5a-422c-986b-fc70f7fa3414 req-afca6cb0-aa5a-422c-986b-fc70f7fa3414 ] Request (QuotasAdminNegativeTest:setUpClass): 200 GET http://10.180.1.21/identity/v3/roles 0.018s
2024-08-31 14:48:25.314 62115 INFO tempest.lib.common.rest_client [req-c3d6c3e4-fa87-4dcf-a6e1-717fd227b259 req-c3d6c3e4-fa87-4dcf-a6e1-717fd227b259 ] Request (QuotasAdminNegativeTest:setUpClass): 204 PUT http://10.180.1.21/identity/v3/projects/dd38cf9e4c99453bafba42a062f3570e/users/ce7ffd024ed64646b58fc110905cfaf2/roles/408b76eb85044784beea4db8b113dcc9 0.034s
2024-08-31 14:48:25.314 62115 INFO tempest.lib.common.dynamic_creds [-] Dynamic test user ce7ffd024ed64646b58fc110905cfaf2 is created with scope project and roles: ['member']
2024-08-31 14:48:25.315 62115 INFO tempest.lib.common.dynamic_creds [-] Acquired dynamic creds: credentials: Credentials: {'domain_id': 'default', 'domain_name': 'Default', 'username': 'tempest-QuotasAdminNegativeTest-1762783634-project-member', 'project_domain_id': 'default', 'project_domain_name': 'Default', 'project_id': 'dd38cf9e4c99453bafba42a062f3570e', 'project_name': 'tempest-QuotasAdminNegativeTest-1762783634', 'tenant_id': 'dd38cf9e4c99453bafba42a062f3570e', 'tenant_name': 'tempest-QuotasAdminNegativeTest-1762783634', 'user_domain_id': 'default', 'user_domain_name': 'Default', 'user_id': 'ce7ffd024ed64646b58fc110905cfaf2', 'system': None}, Network: None, Subnet: None, Router: None
2024-08-31 14:48:25.315 62115 INFO tempest.lib.common.dynamic_creds [-] Created isolated network resources for: credentials: Credentials: {'domain_id': 'default', 'domain_name': 'Default', 'username': 'tempest-QuotasAdminNegativeTest-1762783634-project-member', 'project_domain_id': 'default', 'project_domain_name': 'Default', 'project_id': 'dd38cf9e4c99453bafba42a062f3570e', 'project_name': 'tempest-QuotasAdminNegativeTest-1762783634', 'tenant_id': 'dd38cf9e4c99453bafba42a062f3570e', 'tenant_name': 'tempest-QuotasAdminNegativeTest-1762783634', 'user_domain_id': 'default', 'user_domain_name': 'Default', 'user_id': 'ce7ffd024ed64646b58fc110905cfaf2', 'system': None}, Network: None, Subnet: None, Router: None
2024-08-31 14:48:25.334 62062 INFO tempest.lib.common.rest_client [req-cdfda2ba-154c-4619-b961-2dcacc67b05a req-cdfda2ba-154c-4619-b961-2dcacc67b05a ] Request (AttachInterfacesTestJSON:test_create_list_show_delete_interfaces_by_fixed_ip): 200 GET http://10.180.1.21/compute/v2.1/servers/babfd1ec-72b8-4813-873b-a5c7b999ef5a 1.215s
2024-08-31 14:48:25.386 62064 INFO tempest.lib.common.rest_client [req-8c2d6150-eecf-4217-9b45-8fb392ce9659 req-8c2d6150-eecf-4217-9b45-8fb392ce9659 ] Request (ValidationResourcesFixture:setUp): 201 POST http://10.180.1.21:9696/networking/v2.0/floatingips 3.388s
2024-08-31 14:48:25.408 62115 INFO tempest.lib.common.rest_client [req-feff14a5-ed7d-4086-93de-f8c950a6d847 req-feff14a5-ed7d-4086-93de-f8c950a6d847 ] Request (QuotasAdminNegativeTest:setUpClass): 201 POST http://10.180.1.21/identity/v3/auth/tokens 0.089s
2024-08-31 14:48:25.500 62115 INFO tempest.lib.common.rest_client [req-5c09c791-7b5c-4bed-9e91-ceb1e36ee96c req-5c09c791-7b5c-4bed-9e91-ceb1e36ee96c ] Request (QuotasAdminNegativeTest:setUpClass): 201 POST http://10.180.1.21/identity/v3/projects 0.091s
2024-08-31 14:48:25.522 62064 INFO tempest.lib.common.rest_client [req-17317efc-4fa2-47a0-9b19-b3d4add1ed6f req-17317efc-4fa2-47a0-9b19-b3d4add1ed6f ] Request (ServersWithSpecificFlavorTestJSON:test_verify_created_server_ephemeral_disk): 201 POST http://10.180.1.21/identity/v3/auth/tokens 0.082s
2024-08-31 14:48:25.523 62064 INFO tempest.lib.common.fixed_network [-] (ServersWithSpecificFlavorTestJSON:test_verify_created_server_ephemeral_disk) Found network {'id': '92025baa-48a3-4b1f-aeec-77a94fe17f0d', 'name': 'tempest-ServersWithSpecificFlavorTestJSON-325547883-network', 'tenant_id': 'c83ca61c594b4375a67c3cc73f6e24f6', 'admin_state_up': True, 'mtu': 8950, 'status': 'ACTIVE', 'subnets': [], 'shared': False, 'project_id': 'c83ca61c594b4375a67c3cc73f6e24f6', 'port_security_enabled': True, 'router:external': False, 'provider:network_type': 'vlan', 'provider:physical_network': 'default', 'provider:segmentation_id': 389, 'is_default': False, 'availability_zone_hints': [], 'availability_zones': [], 'ipv4_address_scope': None, 'ipv6_address_scope': None, 'description': '', 'tags': [], 'created_at': '2024-08-31T14:47:59Z', 'updated_at': '2024-08-31T14:47:59Z', 'revision_number': 1} available for tenant
2024-08-31 14:48:25.552 62098 INFO tempest.lib.common.rest_client [req-e300dd45-bfa1-45e2-9349-3ac9e465d669 req-e300dd45-bfa1-45e2-9349-3ac9e465d669 ] Request (QuotaClassesAdmin257Test:tearDownClass): 204 DELETE http://10.180.1.21:9696/networking/v2.0/security-groups/d2127f6b-d187-4a48-8423-25e6b8990780 0.795s
2024-08-31 14:48:25.555 62115 INFO tempest.lib.common.rest_client [req-5be5cb9b-8c91-46ed-bfc4-4f0fa7d73fcc req-5be5cb9b-8c91-46ed-bfc4-4f0fa7d73fcc ] Request (QuotasAdminNegativeTest:setUpClass): 201 POST http://10.180.1.21/identity/v3/users 0.055s
2024-08-31 14:48:25.570 62115 INFO tempest.lib.common.rest_client [req-ee2c973b-2fd7-47dd-9d92-c659108246a0 req-ee2c973b-2fd7-47dd-9d92-c659108246a0 ] Request (QuotasAdminNegativeTest:setUpClass): 200 GET http://10.180.1.21/identity/v3/roles 0.014s
2024-08-31 14:48:25.598 62115 INFO tempest.lib.common.rest_client [req-aa44737b-3912-4682-b303-552bdf501cb8 req-aa44737b-3912-4682-b303-552bdf501cb8 ] Request (QuotasAdminNegativeTest:setUpClass): 204 PUT http://10.180.1.21/identity/v3/projects/9053b48cb4894beca9102a0c11a6cbc6/users/40152e9ccabe4ee49c565393c01797b6/roles/d5629b8828f643a691ff3f7a83002e2b 0.028s
2024-08-31 14:48:25.611 62118 INFO tempest.lib.common.rest_client [req-2662bd24-97c4-4eb9-8f95-90066a0d38b1 req-2662bd24-97c4-4eb9-8f95-90066a0d38b1 ] Request (ServicesAdminNegativeV253TestJSON:tearDownClass): 204 DELETE http://10.180.1.21:9696/networking/v2.0/security-groups/43c2845d-40ee-463f-919e-d5c24f433898 0.799s
2024-08-31 14:48:25.632 62098 INFO tempest.lib.common.rest_client [req-b1f62832-c6fe-443a-8748-dc5398572fc7 req-b1f62832-c6fe-443a-8748-dc5398572fc7 ] Request (QuotaClassesAdmin257Test:tearDownClass): 204 DELETE http://10.180.1.21/identity/v3/projects/d566347d8f9c4bb29a4b950d46ad8cbc 0.080s
2024-08-31 14:48:25.635 62058 INFO tempest.lib.common.rest_client [req-fbbec477-68ba-4539-b581-b9a03fabeef1 req-fbbec477-68ba-4539-b581-b9a03fabeef1 ] Request (ImagesOneServerNegativeTestJSON:setUpClass): 200 GET http://10.180.1.21/compute/v2.1/servers/0ef99f40-9530-4c9e-b464-c0b79177a120 1.724s
2024-08-31 14:48:25.691 62115 INFO tempest.lib.common.rest_client [req-b00aca1c-4eed-4895-8c53-9e102df88099 req-b00aca1c-4eed-4895-8c53-9e102df88099 ] Request (QuotasAdminNegativeTest:setUpClass): 200 GET http://10.180.1.21/identity/v3/roles 0.092s
