2024-08-31 14:49:02.735 62116 INFO tempest.lib.common.rest_client [req-a4ca0d6e-6ab3-49b2-97a1-735f1758b0f6 req-a4ca0d6e-6ab3-49b2-97a1-735f1758b0f6 ] Request (ServerDiagnosticsV248Test:test_get_server_diagnostics): 200 GET http://10.180.1.21/compute/v2.1/servers/e8b25612-55a4-487f-addf-dbf9a912a705 2.142s
2024-08-31 14:49:02.806 62118 INFO tempest.lib.common.rest_client [req-e995c8be-4c17-4bb6-afdd-792262ba75d5 req-e995c8be-4c17-4bb6-afdd-792262ba75d5 ] Request (ServersTestFqdnHostnames:test_create_server_with_fqdn_name): 200 GET http://10.180.1.21/compute/v2.1/servers/b87151b1-dd58-42ff-a995-591d4daec6b6 2.096s
2024-08-31 14:49:02.899 62100 INFO tempest.lib.common.rest_client [req-495bbac8-2467-4622-8d17-b3cc9593a10c req-495bbac8-2467-4622-8d17-b3cc9593a10c ] Request (ServersTestBootFromVolume:setUpClass): 200 POST http://10.180.1.21/compute/v2.1/os-keypairs 2.239s
2024-08-31 14:49:02.989 62060 INFO tempest.lib.common.rest_client [req-5362feac-d2ab-49f9-9520-0c7b58ba567f req-5362feac-d2ab-49f9-9520-0c7b58ba567f ] Request (FloatingIPDetailsTestJSON:tearDownClass): 204 DELETE http://10.180.1.21:9696/networking/v2.0/routers/4d0ddeff-bd78-47de-8625-37875ab5e2c5 0.951s
2024-08-31 14:49:03.242 62084 INFO tempest.lib.common.rest_client [req-80e7cce0-debe-4501-93bc-65ef141233f8 req-80e7cce0-debe-4501-93bc-65ef141233f8 ] Request (MigrationsAdminTest:test_list_migrations_in_flavor_resize_situation): 200 GET http://10.180.1.21/compute/v2.1/servers/2fb26ce7-4af7-4f73-bbb2-e3eb0434cd80 2.177s
2024-08-31 14:49:03.287 62076 INFO tempest.lib.common.rest_client [req-ef40ca6e-62ae-4b25-9927-bfbd30bce8f9 req-ef40ca6e-62ae-4b25-9927-bfbd30bce8f9 ] Request (SecurityGroupRulesNegativeTestJSON:test_create_security_group_rule_duplicate): 200 POST http://10.180.1.21/compute/v2.1/os-security-groups 2.541s
2024-08-31 14:49:03.292 62100 INFO tempest.lib.common.rest_client [req-460d4d21-c91d-4e88-85ab-6ee453f8b267 req-460d4d21-c91d-4e88-85ab-6ee453f8b267 ] Request (ServersTestBootFromVolume:setUpClass): 201 POST http://10.180.1.21:9696/networking/v2.0/security-groups 0.390s
2024-08-31 14:49:03.296 62115 INFO tempest.lib.common.rest_client [req-2e3b16d0-c5a6-42c6-948d-d7efe5eaa2d6 req-2e3b16d0-c5a6-42c6-948d-d7efe5eaa2d6 ] Request (QuotasAdminNegativeTest:test_update_quota_normal_user): 403 PUT http://10.180.1.21/compute/v2.1/os-quota-sets/dd38cf9e4c99453bafba42a062f3570e 1.809s
2024-08-31 14:49:03.318 62060 INFO tempest.lib.common.rest_client [req-12566886-6ccd-4d1b-8c51-047d1016270a req-12566886-6ccd-4d1b-8c51-047d1016270a ] Request (FloatingIPDetailsTestJSON:tearDownClass): 204 DELETE http://10.180.1.21:9696/networking/v2.0/subnets/0263a339-e4b6-40d0-ba79-2599784c6385 0.328s
2024-08-31 14:49:03.321 62086 INFO tempest.lib.common.rest_client [req-58dc946c-48a8-437e-a448-720225da5c22 req-58dc946c-48a8-437e-a448-720225da5c22 ] Request (ServerRescueNegativeTestJSON:setUpClass): 200 GET http://10.180.1.21/compute/v2.1/servers/d68c555c-d915-4353-adc2-da4d8f8df0d0 2.136s
2024-08-31 14:49:03.396 62100 INFO tempest.lib.common.rest_client [req-1a693b6c-5670-4cb4-89c4-9cee20b17383 req-1a693b6c-5670-4cb4-89c4-9cee20b17383 ] Request (ServersTestBootFromVolume:setUpClass): 201 POST http://10.180.1.21:9696/networking/v2.0/security-group-rules 0.103s
2024-08-31 14:49:03.434 62072 INFO tempest.lib.common.rest_client [req-34c27830-cc1a-47c0-aee6-487d3726fde6 req-34c27830-cc1a-47c0-aee6-487d3726fde6 ] Request (ServerDiskConfigTestJSON:_run_cleanups): 204 DELETE http://10.180.1.21/compute/v2.1/servers/c9654904-df68-4962-9b69-22f269626903 1.703s
2024-08-31 14:49:03.480 62074 INFO tempest.lib.common.rest_client [req-d1eaf8ca-09bb-4959-94aa-526fa06e77a6 req-d1eaf8ca-09bb-4959-94aa-526fa06e77a6 ] Request (VolumesAssistedSnapshotsTest:test_volume_assisted_snapshot_create_delete): 200 GET http://10.180.1.21/compute/v2.1/servers/b1fba275-98b2-4842-bd21-f79e371d3026 1.896s
2024-08-31 14:49:03.491 62115 INFO tempest.lib.common.rest_client [req-b2ab855d-4700-4ec8-8944-a62d2646ac47 req-b2ab855d-4700-4ec8-8944-a62d2646ac47 ] Request (QuotasAdminNegativeTest:tearDownClass): 204 DELETE http://10.180.1.21/identity/v3/users/ce7ffd024ed64646b58fc110905cfaf2 0.194s
2024-08-31 14:49:03.518 62100 INFO tempest.lib.common.rest_client [req-e00dd8b4-cdbb-486c-9feb-d286c2c239a2 req-e00dd8b4-cdbb-486c-9feb-d286c2c239a2 ] Request (ServersTestBootFromVolume:setUpClass): 201 POST http://10.180.1.21:9696/networking/v2.0/security-group-rules 0.122s
2024-08-31 14:49:03.522 62072 INFO tempest.lib.common.rest_client [req-85cea507-3b4e-4e6c-a3bf-720b2804ee5f req-85cea507-3b4e-4e6c-a3bf-720b2804ee5f ] Request (ServerDiskConfigTestJSON:test_rebuild_server_with_manual_disk_config): 201 POST http://10.180.1.21/identity/v3/auth/tokens 0.084s
2024-08-31 14:49:03.523 62072 INFO tempest.lib.common.fixed_network [-] (ServerDiskConfigTestJSON:test_rebuild_server_with_manual_disk_config) Found network {'id': 'f79ed32e-4d6f-44f1-8100-7d9446ddb72b', 'name': 'tempest-ServerDiskConfigTestJSON-1282839447-network', 'tenant_id': '6f37890f6ab74fc5bda64bc080bef689', 'admin_state_up': True, 'mtu': 8950, 'status': 'ACTIVE', 'subnets': [], 'shared': False, 'project_id': '6f37890f6ab74fc5bda64bc080bef689', 'port_security_enabled': True, 'router:external': False, 'provider:network_type': 'vlan', 'provider:physical_network': 'default', 'provider:segmentation_id': 545, 'is_default': False, 'availability_zone_hints': [], 'availability_zones': [], 'ipv4_address_scope': None, 'ipv6_address_scope': None, 'description': '', 'tags': [], 'created_at': '2024-08-31T14:47:57Z', 'updated_at': '2024-08-31T14:47:58Z', 'revision_number': 1} available for tenant
2024-08-31 14:49:03.608 62115 INFO tempest.lib.common.rest_client [req-ca8cc8d9-7853-4a36-ab5f-ede196bd0cf1 req-ca8cc8d9-7853-4a36-ab5f-ede196bd0cf1 ] Request (QuotasAdminNegativeTest:tearDownClass): 204 DELETE http://10.180.1.21/identity/v3/users/40152e9ccabe4ee49c565393c01797b6 0.117s
2024-08-31 14:49:03.609 62115 INFO tempest.lib.common.dynamic_creds [-] Deleting project and security group for project: 9053b48cb4894beca9102a0c11a6cbc6
2024-08-31 14:49:03.670 62115 INFO tempest.lib.common.rest_client [req-300b2511-150f-4241-a34f-f644e7b755cb req-300b2511-150f-4241-a34f-f644e7b755cb ] Request (QuotasAdminNegativeTest:tearDownClass): 201 POST http://10.180.1.21/identity/v3/auth/tokens 0.061s
2024-08-31 14:49:03.711 62092 INFO tempest.lib.common.rest_client [req-cebbf942-36ff-49ff-9c90-28ceb7065b80 req-cebbf942-36ff-49ff-9c90-28ceb7065b80 ] Request (DeleteServersAdminTestJSON:test_admin_delete_servers_of_others): 200 GET http://10.180.1.21/compute/v2.1/servers/3dfbc571-7356-4c8e-aed0-ec8483aefafc 1.757s
2024-08-31 14:49:03.905 62060 INFO tempest.lib.common.rest_client [req-d503a89d-1d04-448d-8cd1-bfba31190c68 req-d503a89d-1d04-448d-8cd1-bfba31190c68 ] Request (FloatingIPDetailsTestJSON:tearDownClass): 204 DELETE http://10.180.1.21:9696/networking/v2.0/networks/4f7a1c84-9c24-40a4-ae2c-5b71a795c7df 0.587s
2024-08-31 14:49:03.949 62115 INFO tempest.lib.common.rest_client [req-50907a1b-c69a-47fc-9638-5ed1d6f800d2 req-50907a1b-c69a-47fc-9638-5ed1d6f800d2 ] Request (QuotasAdminNegativeTest:tearDownClass): 200 GET http://10.180.1.21:9696/networking/v2.0/security-groups?tenant_id=9053b48cb4894beca9102a0c11a6cbc6&name=default 0.279s
2024-08-31 14:49:03.957 62068 INFO tempest.lib.common.rest_client [req-48a8bf9b-62b6-4ec5-8b44-6c4463961fff req-48a8bf9b-62b6-4ec5-8b44-6c4463961fff ] Request (QuotasAdminTestJSON:_run_cleanups): 200 PUT http://10.180.1.21/compute/v2.1/os-quota-sets/a88546cbcb764d339cf8dda94a18747a 2.027s
2024-08-31 14:49:03.977 62102 INFO tempest.lib.common.rest_client [req-c03ffdd2-b458-4232-9086-5a4fd06fefe3 req-c03ffdd2-b458-4232-9086-5a4fd06fefe3 ] Request (InstanceActionsNegativeTestJSON:tearDownClass): 200 GET http://10.180.1.21/compute/v2.1/servers/86c97a7d-696d-4f74-91c9-37508c0c5764 1.967s
2024-08-31 14:49:04.046 62068 INFO tempest.lib.common.rest_client [req-527a2378-38f0-4d86-8d0e-dd2e134c26aa req-527a2378-38f0-4d86-8d0e-dd2e134c26aa ] Request (QuotasAdminTestJSON:tearDownClass): 204 DELETE http://10.180.1.21/identity/v3/users/da16781f5a56489285793a4b6b837818 0.083s
2024-08-31 14:49:04.049 62060 INFO tempest.lib.common.rest_client [req-bbff2e80-9676-4408-9b64-a38911901147 req-bbff2e80-9676-4408-9b64-a38911901147 ] Request (FloatingIPDetailsTestJSON:tearDownClass): 204 DELETE http://10.180.1.21/identity/v3/users/ed88adb8756343b796af6275699090fe 0.143s
2024-08-31 14:49:04.049 62060 INFO tempest.lib.common.dynamic_creds [-] Deleting project and security group for project: b8277aae7c9f41d59936fe14439ba83e
2024-08-31 14:49:04.063 62094 INFO tempest.lib.common.rest_client [req-8d1a374b-d954-4f6e-903d-82059e5311a6 req-8d1a374b-d954-4f6e-903d-82059e5311a6 ] Request (DeleteServersTestJSON:test_delete_active_server): 200 GET http://10.180.1.21/compute/v2.1/servers/4caa03df-f37e-4419-bd65-e227920033aa 1.999s
2024-08-31 14:49:04.112 62060 INFO tempest.lib.common.rest_client [req-5af5452c-ce18-434d-93fc-370e6d404b30 req-5af5452c-ce18-434d-93fc-370e6d404b30 ] Request (FloatingIPDetailsTestJSON:tearDownClass): 200 GET http://10.180.1.21:9696/networking/v2.0/security-groups?tenant_id=b8277aae7c9f41d59936fe14439ba83e&name=default 0.062s
2024-08-31 14:49:04.179 62100 INFO tempest.lib.common.rest_client [req-516b575c-a5b6-47c3-a485-7c43dcf3fa28 req-516b575c-a5b6-47c3-a485-7c43dcf3fa28 ] Request (ServersTestBootFromVolume:setUpClass): 201 POST http://10.180.1.21:9696/networking/v2.0/floatingips 0.660s
2024-08-31 14:49:04.229 62115 INFO tempest.lib.common.rest_client [req-1d94a001-4d8c-47df-9f03-3a8bfa1ab1bd req-1d94a001-4d8c-47df-9f03-3a8bfa1ab1bd ] Request (QuotasAdminNegativeTest:tearDownClass): 204 DELETE http://10.180.1.21:9696/networking/v2.0/security-groups/ce2219a6-b846-4975-83e6-320118d20ed2 0.276s
2024-08-31 14:49:04.235 62062 INFO tempest.lib.common.rest_client [req-961a95aa-9a7a-4bcb-be54-b6108b90fd57 req-961a95aa-9a7a-4bcb-be54-b6108b90fd57 ] Request (AttachInterfacesTestJSON:test_create_list_show_delete_interfaces_by_fixed_ip): 200 GET http://10.180.1.21/compute/v2.1/servers/babfd1ec-72b8-4813-873b-a5c7b999ef5a 2.174s
2024-08-31 14:49:04.245 62068 INFO tempest.lib.common.rest_client [req-730603df-bfa9-47a7-8aff-2d8b3faba45c req-730603df-bfa9-47a7-8aff-2d8b3faba45c ] Request (QuotasAdminTestJSON:tearDownClass): 204 DELETE http://10.180.1.21/identity/v3/users/9f55f7eda04842798a2232a1762b4d60 0.198s
2024-08-31 14:49:04.245 62068 INFO tempest.lib.common.dynamic_creds [-] Deleting project and security group for project: a88546cbcb764d339cf8dda94a18747a
2024-08-31 14:49:04.334 62100 INFO tempest.lib.common.rest_client [req-0b7914ec-32e4-4cb0-8262-604c988403c9 req-0b7914ec-32e4-4cb0-8262-604c988403c9 ] Request (ServersTestBootFromVolume:setUpClass): 201 POST http://10.180.1.21/identity/v3/auth/tokens 0.150s
2024-08-31 14:49:04.335 62100 INFO tempest.lib.common.fixed_network [-] (ServersTestBootFromVolume:setUpClass) Found network {'id': '65338a95-1c04-4010-99de-cafbbea390ef', 'name': 'tempest-ServersTestBootFromVolume-1605143282-network', 'tenant_id': '00cef114e68d417aba88eab528bb49c4', 'admin_state_up': True, 'mtu': 8950, 'status': 'ACTIVE', 'subnets': [], 'shared': False, 'project_id': '00cef114e68d417aba88eab528bb49c4', 'port_security_enabled': True, 'router:external': False, 'provider:network_type': 'vlan', 'provider:physical_network': 'default', 'provider:segmentation_id': 541, 'is_default': False, 'availability_zone_hints': [], 'availability_zones': [], 'ipv4_address_scope': None, 'ipv6_address_scope': None, 'description': '', 'tags': [], 'created_at': '2024-08-31T14:48:56Z', 'updated_at': '2024-08-31T14:48:56Z', 'revision_number': 1} available for tenant
2024-08-31 14:49:04.342 62088 INFO tempest.lib.common.rest_client [req-bed4f401-6033-4000-9d7e-141132dadd63 req-bed4f401-6033-4000-9d7e-141132dadd63 ] Request (ServersAdmin275Test:test_rebuild_update_server_275): 200 GET http://10.180.1.21/compute/v2.1/servers/17c8e13d-2627-4cf8-ac1d-a884f0ebd298 2.167s
2024-08-31 14:49:04.367 62060 INFO tempest.lib.common.rest_client [req-a8676bfd-3888-475f-a0ec-76fa95801cfd req-a8676bfd-3888-475f-a0ec-76fa95801cfd ] Request (FloatingIPDetailsTestJSON:tearDownClass): 204 DELETE http://10.180.1.21:9696/networking/v2.0/security-groups/aab9973a-ff80-4a3a-b731-49db1810959e 0.255s
2024-08-31 14:49:04.481 62068 INFO tempest.lib.common.rest_client [req-c88eb882-4d0b-4bad-b467-c901a2085015 req-c88eb882-4d0b-4bad-b467-c901a2085015 ] Request (QuotasAdminTestJSON:tearDownClass): 201 POST http://10.180.1.21/identity/v3/auth/tokens 0.236s
2024-08-31 14:49:04.485 62115 INFO tempest.lib.common.rest_client [req-671ede41-5f17-4a14-abb1-3e2fc4f396fa req-671ede41-5f17-4a14-abb1-3e2fc4f396fa ] Request (QuotasAdminNegativeTest:tearDownClass): 204 DELETE http://10.180.1.21/identity/v3/projects/9053b48cb4894beca9102a0c11a6cbc6 0.255s
2024-08-31 14:49:04.485 62115 INFO tempest.lib.common.dynamic_creds [-] Deleting project and security group for project: dd38cf9e4c99453bafba42a062f3570e
2024-08-31 14:49:04.551 62060 INFO tempest.lib.common.rest_client [req-55501ede-5d00-4208-a440-37af74491c6d req-55501ede-5d00-4208-a440-37af74491c6d ] Request (FloatingIPDetailsTestJSON:tearDownClass): 204 DELETE http://10.180.1.21/identity/v3/projects/b8277aae7c9f41d59936fe14439ba83e 0.182s
2024-08-31 14:49:04.616 62060 INFO tempest.lib.common.rest_client [req-4fe22b4d-87ef-46fd-a427-e842e633ba0e req-4fe22b4d-87ef-46fd-a427-e842e633ba0e ] Request (KeyPairsV22TestJSON:setUpClass): 201 POST http://10.180.1.21/identity/v3/auth/tokens 0.063s
2024-08-31 14:49:04.645 62080 INFO tempest.lib.common.rest_client [req-713130b1-d3fd-43d9-a768-f0b7bfa935c7 req-713130b1-d3fd-43d9-a768-f0b7bfa935c7 ] Request (NetworksTest:test_get_network): 200 GET http://10.180.1.21/compute/v2.1/os-networks 2.552s
2024-08-31 14:49:04.660 62060 INFO tempest.lib.common.rest_client [req-b5526217-2795-41f9-894b-7c2968d0953d req-b5526217-2795-41f9-894b-7c2968d0953d ] Request (KeyPairsV22TestJSON:setUpClass): 201 POST http://10.180.1.21/identity/v3/auth/tokens 0.036s
2024-08-31 14:49:04.684 62060 INFO tempest.lib.common.rest_client [req-64ee468a-13c0-44c2-a79b-f4834fe392a0 req-64ee468a-13c0-44c2-a79b-f4834fe392a0 ] Request (KeyPairsV22TestJSON:setUpClass): 200 GET http://10.180.1.21/identity/v3/domains?name=Default 0.023s
2024-08-31 14:49:04.707 62115 INFO tempest.lib.common.rest_client [req-4468c13f-4e96-485e-9801-4db27d3c0302 req-4468c13f-4e96-485e-9801-4db27d3c0302 ] Request (QuotasAdminNegativeTest:tearDownClass): 200 GET http://10.180.1.21:9696/networking/v2.0/security-groups?tenant_id=dd38cf9e4c99453bafba42a062f3570e&name=default 0.222s
2024-08-31 14:49:04.712 62060 INFO tempest.lib.common.rest_client [req-1bd9c556-c621-4265-9c90-5fc608526531 req-1bd9c556-c621-4265-9c90-5fc608526531 ] Request (KeyPairsV22TestJSON:setUpClass): 201 POST http://10.180.1.21/identity/v3/projects 0.027s
2024-08-31 14:49:04.795 62060 INFO tempest.lib.common.rest_client [req-870e4367-9cfe-4585-8008-0f2cee789d41 req-870e4367-9cfe-4585-8008-0f2cee789d41 ] Request (KeyPairsV22TestJSON:setUpClass): 201 POST http://10.180.1.21/identity/v3/users 0.083s
2024-08-31 14:49:04.833 62060 INFO tempest.lib.common.rest_client [req-c5ab45f5-2845-48f2-a772-be22dfd0c215 req-c5ab45f5-2845-48f2-a772-be22dfd0c215 ] Request (KeyPairsV22TestJSON:setUpClass): 200 GET http://10.180.1.21/identity/v3/roles 0.037s
2024-08-31 14:49:04.883 62060 INFO tempest.lib.common.rest_client [req-45a3963c-5b1d-4229-b789-809befb8c7f7 req-45a3963c-5b1d-4229-b789-809befb8c7f7 ] Request (KeyPairsV22TestJSON:setUpClass): 204 PUT http://10.180.1.21/identity/v3/projects/36c3e16399ae49d3a0f165f353afc543/users/66fec8c1bc4b4068b83ca01a07429cc7/roles/408b76eb85044784beea4db8b113dcc9 0.049s
2024-08-31 14:49:04.884 62060 INFO tempest.lib.common.dynamic_creds [-] Dynamic test user 66fec8c1bc4b4068b83ca01a07429cc7 is created with scope project and roles: ['member']
2024-08-31 14:49:04.885 62060 INFO tempest.lib.common.dynamic_creds [-] Acquired dynamic creds: credentials: Credentials: {'domain_id': 'default', 'domain_name': 'Default', 'username': 'tempest-KeyPairsV22TestJSON-1991606466-project-member', 'project_domain_id': 'default', 'project_domain_name': 'Default', 'project_id': '36c3e16399ae49d3a0f165f353afc543', 'project_name': 'tempest-KeyPairsV22TestJSON-1991606466', 'tenant_id': '36c3e16399ae49d3a0f165f353afc543', 'tenant_name': 'tempest-KeyPairsV22TestJSON-1991606466', 'user_domain_id': 'default', 'user_domain_name': 'Default', 'user_id': '66fec8c1bc4b4068b83ca01a07429cc7', 'system': None}, Network: None, Subnet: None, Router: None
2024-08-31 14:49:04.885 62060 INFO tempest.lib.common.dynamic_creds [-] Created isolated network resources for: credentials: Credentials: {'domain_id': 'default', 'domain_name': 'Default', 'username': 'tempest-KeyPairsV22TestJSON-1991606466-project-member', 'project_domain_id': 'default', 'project_domain_name': 'Default', 'project_id': '36c3e16399ae49d3a0f165f353afc543', 'project_name': 'tempest-KeyPairsV22TestJSON-1991606466', 'tenant_id': '36c3e16399ae49d3a0f165f353afc543', 'tenant_name': 'tempest-KeyPairsV22TestJSON-1991606466', 'user_domain_id': 'default', 'user_domain_name': 'Default', 'user_id': '66fec8c1bc4b4068b83ca01a07429cc7', 'system': None}, Network: None, Subnet: None, Router: None
2024-08-31 14:49:04.885 62108 INFO tempest.lib.common.rest_client [req-fedf28fe-5475-4248-8ee6-523575aa257f req-fedf28fe-5475-4248-8ee6-523575aa257f ] Request (ServerExternalEventsTest:test_create_server_external_events): 200 GET http://10.180.1.21/compute/v2.1/servers/a59009ee-d761-419d-a009-444e248c8355 2.578s
2024-08-31 14:49:04.926 62068 INFO tempest.lib.common.rest_client [req-6e61f4f4-ca2d-49aa-982e-539f5ac6619f req-6e61f4f4-ca2d-49aa-982e-539f5ac6619f ] Request (QuotasAdminTestJSON:tearDownClass): 200 GET http://10.180.1.21:9696/networking/v2.0/security-groups?tenant_id=a88546cbcb764d339cf8dda94a18747a&name=default 0.445s
2024-08-31 14:49:04.965 62096 INFO tempest.lib.common.rest_client [req-7ae05393-15fe-47c0-a78c-c1e38a941560 req-7ae05393-15fe-47c0-a78c-c1e38a941560 ] Request (AttachVolumeNegativeTest:test_attach_attached_volume_to_different_server): 200 GET http://10.180.1.21/compute/v2.1/servers/3d5aca3b-01b0-423c-87b2-ad5c4496ed24 2.565s
2024-08-31 14:49:04.977 62115 INFO tempest.lib.common.rest_client [req-924fa0cf-5a1b-4eb9-b784-e36e33c4e076 req-924fa0cf-5a1b-4eb9-b784-e36e33c4e076 ] Request (QuotasAdminNegativeTest:tearDownClass): 204 DELETE http://10.180.1.21:9696/networking/v2.0/security-groups/d0935504-995b-48f4-9e85-cc87d42c71f5 0.269s
2024-08-31 14:49:05.047 62060 INFO tempest.lib.common.rest_client [req-9e7a7977-82d2-4a17-b0d6-2b2177d2201a req-9e7a7977-82d2-4a17-b0d6-2b2177d2201a ] Request (KeyPairsV22TestJSON:setUpClass): 201 POST http://10.180.1.21/identity/v3/auth/tokens 0.157s
2024-08-31 14:49:05.050 62090 INFO tempest.lib.common.rest_client [req-2d44c791-81d4-401f-9370-29ffc6fee982 req-2d44c791-81d4-401f-9370-29ffc6fee982 ] Request (AggregatesAdminNegativeTestJSON:test_aggregate_remove_host_as_user): 200 POST http://10.180.1.21/compute/v2.1/os-aggregates 2.495s
2024-08-31 14:49:05.143 62068 INFO tempest.lib.common.rest_client [req-c17406d3-8023-45c5-b0ea-f1b23f766052 req-c17406d3-8023-45c5-b0ea-f1b23f766052 ] Request (QuotasAdminTestJSON:tearDownClass): 204 DELETE http://10.180.1.21:9696/networking/v2.0/security-groups/8b7baa75-86cb-4abf-8e7a-a93a0aad70e5 0.216s
2024-08-31 14:49:05.160 62115 INFO tempest.lib.common.rest_client [req-eec669e9-663a-4475-a043-58eeb520ca62 req-eec669e9-663a-4475-a043-58eeb520ca62 ] Request (QuotasAdminNegativeTest:tearDownClass): 204 DELETE http://10.180.1.21/identity/v3/projects/dd38cf9e4c99453bafba42a062f3570e 0.183s
2024-08-31 14:49:05.824 62066 INFO tempest.lib.common.rest_client [req-5e551857-b77c-41bc-8074-9dd4c653ca12 req-5e551857-b77c-41bc-8074-9dd4c653ca12 ] Request (ServersTestManualDisk:setUpClass): 202 POST http://10.180.1.21/compute/v2.1/servers 3.539s
2024-08-31 14:49:05.832 62115 INFO tempest.lib.common.rest_client [req-00bebeb9-81a3-4c05-80ea-8caeb8242a67 req-00bebeb9-81a3-4c05-80ea-8caeb8242a67 ] Request (SecurityGroupsTestAdminJSON:setUpClass): 201 POST http://10.180.1.21/identity/v3/auth/tokens 0.670s
2024-08-31 14:49:05.849 62110 INFO tempest.lib.common.rest_client [req-84e7252b-4484-4cfe-9dc3-bd7ca7c43aa1 req-84e7252b-4484-4cfe-9dc3-bd7ca7c43aa1 ] Request (ServerGroupTestJSON:test_create_delete_server_group_with_anti_affinity_policy): 200 GET http://10.180.1.21/compute/v2.1/os-server-groups 3.255s
2024-08-31 14:49:05.872 62058 INFO tempest.lib.common.rest_client [req-655b18d7-43fc-4079-ab73-dd1e828e02f6 req-655b18d7-43fc-4079-ab73-dd1e828e02f6 ] Request (ImagesOneServerNegativeTestJSON:setUp): 200 GET http://10.180.1.21/compute/v2.1/servers/0ef99f40-9530-4c9e-b464-c0b79177a120 3.307s
2024-08-31 14:49:05.912 62115 INFO tempest.lib.common.rest_client [req-fc70b9c9-abcb-41bc-98c0-79657bcc32f5 req-fc70b9c9-abcb-41bc-98c0-79657bcc32f5 ] Request (SecurityGroupsTestAdminJSON:setUpClass): 201 POST http://10.180.1.21/identity/v3/auth/tokens 0.077s
2024-08-31 14:49:05.940 62098 INFO tempest.lib.common.rest_client [req-47f7aeef-cd41-4b1f-a57d-fabd197b08e0 req-47f7aeef-cd41-4b1f-a57d-fabd197b08e0 ] Request (VolumesAdminNegativeTest:test_update_attached_volume_with_nonexistent_volume_in_body): 200 GET http://10.180.1.21/compute/v2.1/servers/5ee9d85e-62fd-4dbf-9aa4-5806f6bc002c 2.834s
2024-08-31 14:49:05.976 62110 INFO tempest.lib.common.rest_client [req-fabf05ce-4f72-49bc-a846-1102e3e9203f req-fabf05ce-4f72-49bc-a846-1102e3e9203f ] Request (ServerGroupTestJSON:test_create_server_with_scheduler_hint_group): 201 POST http://10.180.1.21/identity/v3/auth/tokens 0.122s
2024-08-31 14:49:05.977 62110 INFO tempest.lib.common.fixed_network [-] (ServerGroupTestJSON:test_create_server_with_scheduler_hint_group) Found network {'id': '21b9bd9f-1b6a-420c-8bc1-00361236eaac', 'name': 'tempest-ServerGroupTestJSON-1245825259-network', 'tenant_id': '399b9e15d3524751bdb99a25ca2436b6', 'admin_state_up': True, 'mtu': 8950, 'status': 'ACTIVE', 'subnets': [], 'shared': False, 'project_id': '399b9e15d3524751bdb99a25ca2436b6', 'port_security_enabled': True, 'router:external': False, 'provider:network_type': 'vlan', 'provider:physical_network': 'default', 'provider:segmentation_id': 902, 'is_default': False, 'availability_zone_hints': [], 'availability_zones': [], 'ipv4_address_scope': None, 'ipv6_address_scope': None, 'description': '', 'tags': [], 'created_at': '2024-08-31T14:48:22Z', 'updated_at': '2024-08-31T14:48:22Z', 'revision_number': 1} available for tenant
2024-08-31 14:49:05.989 62068 INFO tempest.lib.common.rest_client [req-e6f3db23-4054-4ddd-bc2f-5051ce7f2cfa req-e6f3db23-4054-4ddd-bc2f-5051ce7f2cfa ] Request (QuotasAdminTestJSON:tearDownClass): 204 DELETE http://10.180.1.21/identity/v3/projects/a88546cbcb764d339cf8dda94a18747a 0.846s
2024-08-31 14:49:05.990 62068 INFO tempest.lib.common.dynamic_creds [-] Deleting project and security group for project: c395f4f3a6f04f27a8dc4764d11001c9
2024-08-31 14:49:05.997 62115 INFO tempest.lib.common.rest_client [req-a0f5b75a-6411-4118-aa3b-dd4afdc2beaa req-a0f5b75a-6411-4118-aa3b-dd4afdc2beaa ] Request (SecurityGroupsTestAdminJSON:setUpClass): 200 GET http://10.180.1.21/identity/v3/domains?name=Default 0.084s
2024-08-31 14:49:06.012 62106 INFO tempest.lib.common.rest_client [req-37f990cc-2442-4c4c-a3b5-8be4ce357497 req-37f990cc-2442-4c4c-a3b5-8be4ce357497 ] Request (ServersAdminNegativeTestJSON:test_migrate_server_invalid_state): 200 GET http://10.180.1.21/compute/v2.1/servers/e33dea80-93f3-4f6b-a308-97f1b484d31e 2.787s
2024-08-31 14:49:06.012 62070 INFO tempest.lib.common.rest_client [req-472d790a-4c9b-49eb-ba92-127b41d66dbc req-472d790a-4c9b-49eb-ba92-127b41d66dbc ] Request (ImagesNegativeTestJSON:test_create_image_from_deleted_server): 200 GET http://10.180.1.21/compute/v2.1/servers/87d0bfe9-aef3-43f3-a39d-9e0ce2e47594 2.978s
2024-08-31 14:49:06.129 62115 INFO tempest.lib.common.rest_client [req-45b58f74-7056-4d2a-88a1-7ef713b219ed req-45b58f74-7056-4d2a-88a1-7ef713b219ed ] Request (SecurityGroupsTestAdminJSON:setUpClass): 201 POST http://10.180.1.21/identity/v3/projects 0.131s
2024-08-31 14:49:06.153 62064 INFO tempest.lib.common.rest_client [req-d4a31b93-05fc-466e-ba68-39a228aa0c1b req-d4a31b93-05fc-466e-ba68-39a228aa0c1b ] Request (ServersWithSpecificFlavorTestJSON:test_verify_created_server_ephemeral_disk): 200 GET http://10.180.1.21/compute/v2.1/servers/0e6dd0b0-9e5f-4d9e-88c2-12a5ee005749 2.841s
2024-08-31 14:49:06.261 62104 INFO tempest.lib.common.rest_client [req-da86abcb-974d-4a36-b718-bd33cabdae0b req-da86abcb-974d-4a36-b718-bd33cabdae0b ] Request (ImagesTestJSON:test_create_image_from_stopped_server): 200 GET http://10.180.1.21/compute/v2.1/servers/f6dc9666-aa89-4faf-84b0-ac2d32bd398c 2.870s
2024-08-31 14:49:06.322 62115 INFO tempest.lib.common.rest_client [req-a4c23fb0-f90f-41b0-8c2e-03962319f9dc req-a4c23fb0-f90f-41b0-8c2e-03962319f9dc ] Request (SecurityGroupsTestAdminJSON:setUpClass): 201 POST http://10.180.1.21/identity/v3/users 0.193s
2024-08-31 14:49:06.342 62100 INFO tempest.lib.common.rest_client [req-ab643f6a-beb4-49c1-a907-5beb11ba1c92 req-ab643f6a-beb4-49c1-a907-5beb11ba1c92 ] Request (ServersTestBootFromVolume:setUpClass): 202 POST http://10.180.1.21/volume/v3/00cef114e68d417aba88eab528bb49c4/volumes 2.006s
2024-08-31 14:49:06.358 62115 INFO tempest.lib.common.rest_client [req-d2bcfaca-2250-423a-8de0-650427c0fc76 req-d2bcfaca-2250-423a-8de0-650427c0fc76 ] Request (SecurityGroupsTestAdminJSON:setUpClass): 200 GET http://10.180.1.21/identity/v3/roles 0.035s
2024-08-31 14:49:06.406 62100 INFO tempest.lib.common.rest_client [req-54ee7058-ae4a-48b8-bc49-a37cebeaaed3 req-54ee7058-ae4a-48b8-bc49-a37cebeaaed3 ] Request (ServersTestBootFromVolume:setUpClass): 200 GET http://10.180.1.21/volume/v3/00cef114e68d417aba88eab528bb49c4/volumes/a85e6895-bb69-4adc-980f-006246021c5d 0.053s
2024-08-31 14:49:06.419 62115 INFO tempest.lib.common.rest_client [req-fc61e9e2-a01b-4498-9360-f20fe643c0e5 req-fc61e9e2-a01b-4498-9360-f20fe643c0e5 ] Request (SecurityGroupsTestAdminJSON:setUpClass): 204 PUT http://10.180.1.21/identity/v3/projects/757c92014acf44b7bef1729f211126e1/users/b64c35d5b1e24ab1a8e9ede0b7cbf74f/roles/408b76eb85044784beea4db8b113dcc9 0.061s
2024-08-31 14:49:06.420 62115 INFO tempest.lib.common.dynamic_creds [-] Dynamic test user b64c35d5b1e24ab1a8e9ede0b7cbf74f is created with scope project and roles: ['member']
2024-08-31 14:49:06.420 62115 INFO tempest.lib.common.dynamic_creds [-] Acquired dynamic creds: credentials: Credentials: {'domain_id': 'default', 'domain_name': 'Default', 'username': 'tempest-SecurityGroupsTestAdminJSON-1876475316-project-member', 'project_domain_id': 'default', 'project_domain_name': 'Default', 'project_id': '757c92014acf44b7bef1729f211126e1', 'project_name': 'tempest-SecurityGroupsTestAdminJSON-1876475316', 'tenant_id': '757c92014acf44b7bef1729f211126e1', 'tenant_name': 'tempest-SecurityGroupsTestAdminJSON-1876475316', 'user_domain_id': 'default', 'user_domain_name': 'Default', 'user_id': 'b64c35d5b1e24ab1a8e9ede0b7cbf74f', 'system': None}, Network: None, Subnet: None, Router: None
2024-08-31 14:49:06.420 62115 INFO tempest.lib.common.dynamic_creds [-] Created isolated network resources for: credentials: Credentials: {'domain_id': 'default', 'domain_name': 'Default', 'username': 'tempest-SecurityGroupsTestAdminJSON-1876475316-project-member', 'project_domain_id': 'default', 'project_domain_name': 'Default', 'project_id': '757c92014acf44b7bef1729f211126e1', 'project_name': 'tempest-SecurityGroupsTestAdminJSON-1876475316', 'tenant_id': '757c92014acf44b7bef1729f211126e1', 'tenant_name': 'tempest-SecurityGroupsTestAdminJSON-1876475316', 'user_domain_id': 'default', 'user_domain_name': 'Default', 'user_id': 'b64c35d5b1e24ab1a8e9ede0b7cbf74f', 'system': None}, Network: None, Subnet: None, Router: None
2024-08-31 14:49:06.471 62076 INFO tempest.lib.common.rest_client [req-02cf610f-640e-4b25-a023-acb4e7ca60c5 req-02cf610f-640e-4b25-a023-acb4e7ca60c5 ] Request (SecurityGroupRulesNegativeTestJSON:test_create_security_group_rule_duplicate): 200 POST http://10.180.1.21/compute/v2.1/os-security-group-rules 3.181s
2024-08-31 14:49:06.500 62068 INFO tempest.lib.common.rest_client [req-5764ed86-eeff-4dbc-a29c-99e8b09178db req-5764ed86-eeff-4dbc-a29c-99e8b09178db ] Request (QuotasAdminTestJSON:tearDownClass): 200 GET http://10.180.1.21:9696/networking/v2.0/security-groups?tenant_id=c395f4f3a6f04f27a8dc4764d11001c9&name=default 0.508s
2024-08-31 14:49:06.508 62078 INFO tempest.lib.common.rest_client [req-9e71a1f9-1eb1-45d5-9fa1-d73b573aa56c req-9e71a1f9-1eb1-45d5-9fa1-d73b573aa56c ] Request (ServerDiagnosticsTest:test_get_server_diagnostics): 200 GET http://10.180.1.21/compute/v2.1/servers/d01c66e6-dc29-4b26-be14-e1f2659bdc77 3.031s
2024-08-31 14:49:06.517 62078 INFO tempest.common.waiters [-] State transition "BUILD/networking" ==> "BUILD/spawning" after 30 second wait
2024-08-31 14:49:06.543 62115 INFO tempest.lib.common.rest_client [req-55f53819-a86f-47e6-977c-4d77dd8eca01 req-55f53819-a86f-47e6-977c-4d77dd8eca01 ] Request (SecurityGroupsTestAdminJSON:setUpClass): 201 POST http://10.180.1.21/identity/v3/auth/tokens 0.119s
2024-08-31 14:49:06.581 62056 INFO tempest.lib.common.rest_client [req-a9450165-6fb3-4381-a0cb-0440e0c5370a req-a9450165-6fb3-4381-a0cb-0440e0c5370a ] Request (ServersAdminTestJSON:setUpClass): 200 GET http://10.180.1.21/compute/v2.1/servers/09b9acfb-7540-459f-8370-8c42650b5d58 3.027s
2024-08-31 14:49:06.660 62082 INFO tempest.lib.common.rest_client [req-74a59354-100b-4356-b555-77b47e037a4e req-74a59354-100b-4356-b555-77b47e037a4e ] Request (ListServersNegativeTestJSON:setUpClass): 200 GET http://10.180.1.21/compute/v2.1/servers/1bf7875f-6ffb-42ce-af0e-bc6428177e2c 2.978s
2024-08-31 14:49:06.667 62082 INFO tempest.common.waiters [-] State transition "ACTIVE/deleting" ==> "DELETED/None" after 7 second wait
2024-08-31 14:49:06.725 62112 INFO tempest.lib.common.rest_client [req-8bca6e95-daab-4ced-b217-20e7dd2430a5 req-8bca6e95-daab-4ced-b217-20e7dd2430a5 ] Request (ServerDiagnosticsNegativeTest:tearDownClass): 200 GET http://10.180.1.21/compute/v2.1/servers/8e592b91-182c-49be-830a-5c9d80e4020d 3.043s
2024-08-31 14:49:06.782 62116 INFO tempest.lib.common.rest_client [req-1e927dfa-9639-4c1a-89db-d525b7905a30 req-1e927dfa-9639-4c1a-89db-d525b7905a30 ] Request (ServerDiagnosticsV248Test:test_get_server_diagnostics): 200 GET http://10.180.1.21/compute/v2.1/servers/e8b25612-55a4-487f-addf-dbf9a912a705 3.035s
2024-08-31 14:49:06.834 62118 INFO tempest.lib.common.rest_client [req-0137a455-cdb0-4c03-903e-56268f71c546 req-0137a455-cdb0-4c03-903e-56268f71c546 ] Request (ServersTestFqdnHostnames:test_create_server_with_fqdn_name): 200 GET http://10.180.1.21/compute/v2.1/servers/b87151b1-dd58-42ff-a995-591d4daec6b6 3.017s
2024-08-31 14:49:06.981 62084 INFO tempest.lib.common.rest_client [req-688341c2-fe06-4cc3-a776-28ad2cbf412f req-688341c2-fe06-4cc3-a776-28ad2cbf412f ] Request (MigrationsAdminTest:test_list_migrations_in_flavor_resize_situation): 200 GET http://10.180.1.21/compute/v2.1/servers/2fb26ce7-4af7-4f73-bbb2-e3eb0434cd80 2.730s
2024-08-31 14:49:07.027 62086 INFO tempest.lib.common.rest_client [req-2184006c-b3e5-4fc8-9f16-de8181ad3c7c req-2184006c-b3e5-4fc8-9f16-de8181ad3c7c ] Request (ServerRescueNegativeTestJSON:setUpClass): 200 GET http://10.180.1.21/compute/v2.1/servers/d68c555c-d915-4353-adc2-da4d8f8df0d0 2.695s
2024-08-31 14:49:07.105 62072 INFO tempest.lib.common.rest_client [req-d5a2efd6-f68e-45aa-bf8c-d1e68335ed24 req-d5a2efd6-f68e-45aa-bf8c-d1e68335ed24 ] Request (ServerDiskConfigTestJSON:test_rebuild_server_with_manual_disk_config): 202 POST http://10.180.1.21/compute/v2.1/servers 3.582s
2024-08-31 14:49:07.110 62068 INFO tempest.lib.common.rest_client [req-e6f8460b-5aaa-4e69-9304-3347b1f498b2 req-e6f8460b-5aaa-4e69-9304-3347b1f498b2 ] Request (QuotasAdminTestJSON:tearDownClass): 204 DELETE http://10.180.1.21:9696/networking/v2.0/security-groups/d1c87ae4-843b-44ea-8762-16e0d9967738 0.610s
2024-08-31 14:49:07.112 62115 INFO tempest.lib.common.rest_client [req-bd0ab79c-73b8-490c-af5d-e4063cf4882d req-bd0ab79c-73b8-490c-af5d-e4063cf4882d ] Request (SecurityGroupsTestAdminJSON:setUpClass): 201 POST http://10.180.1.21/identity/v3/projects 0.568s
2024-08-31 14:49:07.235 62074 INFO tempest.lib.common.rest_client [req-aa74ed0d-d7e7-42d9-a628-b5bf8f8bd544 req-aa74ed0d-d7e7-42d9-a628-b5bf8f8bd544 ] Request (VolumesAssistedSnapshotsTest:test_volume_assisted_snapshot_create_delete): 200 GET http://10.180.1.21/compute/v2.1/servers/b1fba275-98b2-4842-bd21-f79e371d3026 2.744s
2024-08-31 14:49:07.238 62080 INFO tempest.lib.common.rest_client [req-9778d987-c70e-43d6-8249-34dd17a9e39b req-9778d987-c70e-43d6-8249-34dd17a9e39b ] Request (NetworksTest:test_get_network): 200 GET http://10.180.1.21/compute/v2.1/os-networks/68738769-708c-46d7-8eb8-c7e9040e44d9 2.589s
2024-08-31 14:49:07.248 62074 INFO tempest.common.waiters [-] State transition "BUILD/spawning" ==> "ACTIVE/None" after 47 second wait
2024-08-31 14:49:07.303 62115 INFO tempest.lib.common.rest_client [req-fbc3a3c5-bf0a-4a70-ab19-446e9fe0ea7b req-fbc3a3c5-bf0a-4a70-ab19-446e9fe0ea7b ] Request (SecurityGroupsTestAdminJSON:setUpClass): 201 POST http://10.180.1.21/identity/v3/users 0.190s
2024-08-31 14:49:07.323 62092 INFO tempest.lib.common.rest_client [req-7a0964be-14a3-4611-8879-8b4ab2f2664c req-7a0964be-14a3-4611-8879-8b4ab2f2664c ] Request (DeleteServersAdminTestJSON:test_admin_delete_servers_of_others): 200 GET http://10.180.1.21/compute/v2.1/servers/3dfbc571-7356-4c8e-aed0-ec8483aefafc 2.602s
2024-08-31 14:49:07.329 62102 INFO tempest.lib.common.rest_client [req-18ae198e-9056-4fae-ae3d-99194529c19a req-18ae198e-9056-4fae-ae3d-99194529c19a ] Request (InstanceActionsNegativeTestJSON:tearDownClass): 200 GET http://10.180.1.21/compute/v2.1/servers/86c97a7d-696d-4f74-91c9-37508c0c5764 2.340s
2024-08-31 14:49:07.398 62115 INFO tempest.lib.common.rest_client [req-a257e449-f77b-4ad6-a39c-47837cc065d6 req-a257e449-f77b-4ad6-a39c-47837cc065d6 ] Request (SecurityGroupsTestAdminJSON:setUpClass): 200 GET http://10.180.1.21/identity/v3/roles 0.094s
2024-08-31 14:49:07.409 62068 INFO tempest.lib.common.rest_client [req-d31d6be4-0668-4dae-9364-781489e63d44 req-d31d6be4-0668-4dae-9364-781489e63d44 ] Request (QuotasAdminTestJSON:tearDownClass): 204 DELETE http://10.180.1.21/identity/v3/projects/c395f4f3a6f04f27a8dc4764d11001c9 0.299s
2024-08-31 14:49:07.452 62115 INFO tempest.lib.common.rest_client [req-bf471f22-78fc-4b98-8797-ef7eab915c23 req-bf471f22-78fc-4b98-8797-ef7eab915c23 ] Request (SecurityGroupsTestAdminJSON:setUpClass): 204 PUT http://10.180.1.21/identity/v3/projects/9905f79963b74987bcb34ca51e495d82/users/5a36b9bd8ab240899f1b4151716a57e7/roles/d5629b8828f643a691ff3f7a83002e2b 0.054s
2024-08-31 14:49:07.456 62100 INFO tempest.lib.common.rest_client [req-44ec7137-6fea-4a85-8ccf-65b5d90b0753 req-44ec7137-6fea-4a85-8ccf-65b5d90b0753 ] Request (ServersTestBootFromVolume:setUpClass): 200 GET http://10.180.1.21/volume/v3/00cef114e68d417aba88eab528bb49c4/volumes/a85e6895-bb69-4adc-980f-006246021c5d 0.036s
2024-08-31 14:49:07.512 62068 INFO tempest.lib.common.rest_client [req-909a1bbc-3e3c-421c-a36f-6199af144357 req-909a1bbc-3e3c-421c-a36f-6199af144357 ] Request (FloatingIPsNegativeTestJSON:setUpClass): 201 POST http://10.180.1.21/identity/v3/auth/tokens 0.100s
2024-08-31 14:49:07.525 62115 INFO tempest.lib.common.rest_client [req-407fef6f-1823-4971-9f37-58184a74bdc7 req-407fef6f-1823-4971-9f37-58184a74bdc7 ] Request (SecurityGroupsTestAdminJSON:setUpClass): 200 GET http://10.180.1.21/identity/v3/roles 0.072s
2024-08-31 14:49:07.556 62068 INFO tempest.lib.common.rest_client [req-8e87e2f7-9dfd-4041-a9b7-dc8e6c2f2c0b req-8e87e2f7-9dfd-4041-a9b7-dc8e6c2f2c0b ] Request (FloatingIPsNegativeTestJSON:setUpClass): 201 POST http://10.180.1.21/identity/v3/auth/tokens 0.042s
2024-08-31 14:49:07.565 62115 INFO tempest.lib.common.rest_client [req-59565933-256d-43ca-8bbf-c0130dda8c13 req-59565933-256d-43ca-8bbf-c0130dda8c13 ] Request (SecurityGroupsTestAdminJSON:setUpClass): 204 PUT http://10.180.1.21/identity/v3/projects/9905f79963b74987bcb34ca51e495d82/users/5a36b9bd8ab240899f1b4151716a57e7/roles/d5629b8828f643a691ff3f7a83002e2b 0.040s
2024-08-31 14:49:07.565 62115 INFO tempest.lib.common.dynamic_creds [-] Dynamic test user 5a36b9bd8ab240899f1b4151716a57e7 is created with scope project and roles: ['admin']
2024-08-31 14:49:07.566 62115 INFO tempest.lib.common.dynamic_creds [-] Acquired dynamic creds: credentials: Credentials: {'domain_id': 'default', 'domain_name': 'Default', 'username': 'tempest-SecurityGroupsTestAdminJSON-1133536172-project-admin', 'project_domain_id': 'default', 'project_domain_name': 'Default', 'project_id': '9905f79963b74987bcb34ca51e495d82', 'project_name': 'tempest-SecurityGroupsTestAdminJSON-1133536172', 'tenant_id': '9905f79963b74987bcb34ca51e495d82', 'tenant_name': 'tempest-SecurityGroupsTestAdminJSON-1133536172', 'user_domain_id': 'default', 'user_domain_name': 'Default', 'user_id': '5a36b9bd8ab240899f1b4151716a57e7', 'system': None}, Network: None, Subnet: None, Router: None
2024-08-31 14:49:07.566 62115 INFO tempest.lib.common.dynamic_creds [-] Created isolated network resources for: credentials: Credentials: {'domain_id': 'default', 'domain_name': 'Default', 'username': 'tempest-SecurityGroupsTestAdminJSON-1133536172-project-admin', 'project_domain_id': 'default', 'project_domain_name': 'Default', 'project_id': '9905f79963b74987bcb34ca51e495d82', 'project_name': 'tempest-SecurityGroupsTestAdminJSON-1133536172', 'tenant_id': '9905f79963b74987bcb34ca51e495d82', 'tenant_name': 'tempest-SecurityGroupsTestAdminJSON-1133536172', 'user_domain_id': 'default', 'user_domain_name': 'Default', 'user_id': '5a36b9bd8ab240899f1b4151716a57e7', 'system': None}, Network: None, Subnet: None, Router: None
2024-08-31 14:49:07.576 62090 INFO tempest.lib.common.rest_client [req-f86c83d1-c969-4ef5-aeaf-9fcfe06fbba1 req-f86c83d1-c969-4ef5-aeaf-9fcfe06fbba1 ] Request (AggregatesAdminNegativeTestJSON:test_aggregate_remove_host_as_user): 200 POST http://10.180.1.21/compute/v2.1/os-aggregates/7/action 2.519s
2024-08-31 14:49:07.634 62068 INFO tempest.lib.common.rest_client [req-c3151ee4-4361-44cf-8ecc-7272b0ad7dfc req-c3151ee4-4361-44cf-8ecc-7272b0ad7dfc ] Request (FloatingIPsNegativeTestJSON:setUpClass): 200 GET http://10.180.1.21/identity/v3/domains?name=Default 0.074s
2024-08-31 14:49:07.638 62094 INFO tempest.lib.common.rest_client [req-8e4f706b-38e9-4588-b226-98a758c635eb req-8e4f706b-38e9-4588-b226-98a758c635eb ] Request (DeleteServersTestJSON:test_delete_active_server): 200 GET http://10.180.1.21/compute/v2.1/servers/4caa03df-f37e-4419-bd65-e227920033aa 2.563s
2024-08-31 14:49:07.702 62060 INFO tempest.lib.common.rest_client [req-4fcc7919-b320-4552-bbc9-a871873d68b3 req-4fcc7919-b320-4552-bbc9-a871873d68b3 ] Request (KeyPairsV22TestJSON:test_get_keypair_detail): 201 POST http://10.180.1.21/compute/v2.1/os-keypairs 2.653s
2024-08-31 14:49:07.709 62068 INFO tempest.lib.common.rest_client [req-63a27bb0-e161-455a-9cd1-947285093cac req-63a27bb0-e161-455a-9cd1-947285093cac ] Request (FloatingIPsNegativeTestJSON:setUpClass): 201 POST http://10.180.1.21/identity/v3/projects 0.074s
2024-08-31 14:49:07.754 62115 INFO tempest.lib.common.rest_client [req-6be870c9-8fb7-46a2-892f-7f1a26de0c59 req-6be870c9-8fb7-46a2-892f-7f1a26de0c59 ] Request (SecurityGroupsTestAdminJSON:setUpClass): 201 POST http://10.180.1.21/identity/v3/auth/tokens 0.185s
2024-08-31 14:49:07.831 62088 INFO tempest.lib.common.rest_client [req-71b78b8e-3cd2-4981-9ba2-55665244f94e req-71b78b8e-3cd2-4981-9ba2-55665244f94e ] Request (ServersAdmin275Test:test_rebuild_update_server_275): 200 GET http://10.180.1.21/compute/v2.1/servers/17c8e13d-2627-4cf8-ac1d-a884f0ebd298 2.041s
2024-08-31 14:49:07.841 62088 INFO tempest.common.waiters [-] State transition "REBUILD/rebuild_spawning" ==> "ACTIVE/None" after 16 second wait
2024-08-31 14:49:07.845 62068 INFO tempest.lib.common.rest_client [req-67ac5386-dba6-4623-aa04-6047456edf47 req-67ac5386-dba6-4623-aa04-6047456edf47 ] Request (FloatingIPsNegativeTestJSON:setUpClass): 201 POST http://10.180.1.21/identity/v3/users 0.135s
2024-08-31 14:49:07.879 62068 INFO tempest.lib.common.rest_client [req-0e58271f-20d7-412a-9b17-55cb24ec5034 req-0e58271f-20d7-412a-9b17-55cb24ec5034 ] Request (FloatingIPsNegativeTestJSON:setUpClass): 200 GET http://10.180.1.21/identity/v3/roles 0.033s
2024-08-31 14:49:07.905 62066 INFO tempest.lib.common.rest_client [req-447b86f9-f0d5-46e9-9b39-8df5341b9a6f req-447b86f9-f0d5-46e9-9b39-8df5341b9a6f ] Request (ServersTestManualDisk:setUpClass): 200 GET http://10.180.1.21/compute/v2.1/servers/551cb81f-8159-49c9-996f-f07ec5dd4def 2.078s
2024-08-31 14:49:07.906 62062 INFO tempest.lib.common.rest_client [req-545361f9-54db-4b3e-979f-af746ba03fa9 req-545361f9-54db-4b3e-979f-af746ba03fa9 ] Request (AttachInterfacesTestJSON:test_create_list_show_delete_interfaces_by_fixed_ip): 200 GET http://10.180.1.21/compute/v2.1/servers/babfd1ec-72b8-4813-873b-a5c7b999ef5a 2.661s
2024-08-31 14:49:07.998 62068 INFO tempest.lib.common.rest_client [req-8d1b9af9-5f68-4a1a-a47b-c8475b8a5b58 req-8d1b9af9-5f68-4a1a-a47b-c8475b8a5b58 ] Request (FloatingIPsNegativeTestJSON:setUpClass): 204 PUT http://10.180.1.21/identity/v3/projects/2408815037454bcd9b3ffb09716eeea9/users/97f0ac6152af45b0af324e5b6da48fe5/roles/408b76eb85044784beea4db8b113dcc9 0.118s
2024-08-31 14:49:07.998 62068 INFO tempest.lib.common.dynamic_creds [-] Dynamic test user 97f0ac6152af45b0af324e5b6da48fe5 is created with scope project and roles: ['member']
2024-08-31 14:49:07.998 62068 INFO tempest.lib.common.dynamic_creds [-] Acquired dynamic creds: credentials: Credentials: {'domain_id': 'default', 'domain_name': 'Default', 'username': 'tempest-FloatingIPsNegativeTestJSON-133224731-project-member', 'project_domain_id': 'default', 'project_domain_name': 'Default', 'project_id': '2408815037454bcd9b3ffb09716eeea9', 'project_name': 'tempest-FloatingIPsNegativeTestJSON-133224731', 'tenant_id': '2408815037454bcd9b3ffb09716eeea9', 'tenant_name': 'tempest-FloatingIPsNegativeTestJSON-133224731', 'user_domain_id': 'default', 'user_domain_name': 'Default', 'user_id': '97f0ac6152af45b0af324e5b6da48fe5', 'system': None}, Network: None, Subnet: None, Router: None
2024-08-31 14:49:08.059 62108 INFO tempest.lib.common.rest_client [req-187a072d-acae-41b4-ae4a-9a4db7979143 req-187a072d-acae-41b4-ae4a-9a4db7979143 ] Request (ServerExternalEventsTest:test_create_server_external_events): 200 GET http://10.180.1.21/compute/v2.1/servers/a59009ee-d761-419d-a009-444e248c8355 2.162s
2024-08-31 14:49:08.079 62068 INFO tempest.lib.common.rest_client [req-e468dcf0-571d-445e-b0a9-1b1572e8935a req-e468dcf0-571d-445e-b0a9-1b1572e8935a ] Request (FloatingIPsNegativeTestJSON:setUpClass): 201 POST http://10.180.1.21/identity/v3/auth/tokens 0.080s
2024-08-31 14:49:08.114 62096 INFO tempest.lib.common.rest_client [req-75e906e3-9b44-4736-8fce-ed61d64aa05c req-75e906e3-9b44-4736-8fce-ed61d64aa05c ] Request (AttachVolumeNegativeTest:test_attach_attached_volume_to_different_server): 200 GET http://10.180.1.21/compute/v2.1/servers/3d5aca3b-01b0-423c-87b2-ad5c4496ed24 2.139s
2024-08-31 14:49:08.512 62100 INFO tempest.lib.common.rest_client [req-4b98137f-5ec5-4a05-ac5b-7d92f9fa24a7 req-4b98137f-5ec5-4a05-ac5b-7d92f9fa24a7 ] Request (ServersTestBootFromVolume:setUpClass): 200 GET http://10.180.1.21/volume/v3/00cef114e68d417aba88eab528bb49c4/volumes/a85e6895-bb69-4adc-980f-006246021c5d 0.048s
2024-08-31 14:49:08.956 62110 INFO tempest.lib.common.rest_client [req-8d753554-93ff-4726-ae6d-525b189c9199 req-8d753554-93ff-4726-ae6d-525b189c9199 ] Request (ServerGroupTestJSON:test_create_server_with_scheduler_hint_group): 202 POST http://10.180.1.21/compute/v2.1/servers 2.979s
2024-08-31 14:49:09.006 62058 INFO tempest.lib.common.rest_client [req-fe63ba34-f3c4-456a-a2fd-f563abf5c0df req-fe63ba34-f3c4-456a-a2fd-f563abf5c0df ] Request (ImagesOneServerNegativeTestJSON:test_create_second_image_when_first_image_is_being_saved): 202 POST http://10.180.1.21/compute/v2.1/servers/0ef99f40-9530-4c9e-b464-c0b79177a120/action 3.126s
2024-08-31 14:49:09.077 62076 INFO tempest.lib.common.rest_client [req-441f0327-22bf-4233-a35f-9935ecddd60a req-441f0327-22bf-4233-a35f-9935ecddd60a ] Request (SecurityGroupRulesNegativeTestJSON:test_create_security_group_rule_duplicate): 400 POST http://10.180.1.21/compute/v2.1/os-security-group-rules 2.604s
2024-08-31 14:49:09.080 62098 INFO tempest.lib.common.rest_client [req-4cc8608c-9c5f-4a9c-9cdc-4d4036dc1792 req-4cc8608c-9c5f-4a9c-9cdc-4d4036dc1792 ] Request (VolumesAdminNegativeTest:test_update_attached_volume_with_nonexistent_volume_in_body): 200 GET http://10.180.1.21/compute/v2.1/servers/5ee9d85e-62fd-4dbf-9aa4-5806f6bc002c 2.128s
2024-08-31 14:49:09.138 62106 INFO tempest.lib.common.rest_client [req-5832bafe-0cb7-48fe-b021-06d64749072b req-5832bafe-0cb7-48fe-b021-06d64749072b ] Request (ServersAdminNegativeTestJSON:test_migrate_server_invalid_state): 200 GET http://10.180.1.21/compute/v2.1/servers/e33dea80-93f3-4f6b-a308-97f1b484d31e 2.118s
2024-08-31 14:49:09.144 62070 INFO tempest.lib.common.rest_client [req-1cc950cb-1595-4f02-9ce2-b9c2454ce380 req-1cc950cb-1595-4f02-9ce2-b9c2454ce380 ] Request (ImagesNegativeTestJSON:test_create_image_from_deleted_server): 200 GET http://10.180.1.21/compute/v2.1/servers/87d0bfe9-aef3-43f3-a39d-9e0ce2e47594 2.123s
2024-08-31 14:49:09.186 62068 INFO tempest.lib.common.rest_client [req-1369de0e-2df4-47c8-b528-b8fe9722a866 req-1369de0e-2df4-47c8-b528-b8fe9722a866 ] Request (FloatingIPsNegativeTestJSON:setUpClass): 201 POST http://10.180.1.21:9696/networking/v2.0/networks 1.107s
2024-08-31 14:49:09.209 62072 INFO tempest.lib.common.rest_client [req-a3b1ce08-6eaf-435d-beab-f1c6753b3849 req-a3b1ce08-6eaf-435d-beab-f1c6753b3849 ] Request (ServerDiskConfigTestJSON:test_rebuild_server_with_manual_disk_config): 200 GET http://10.180.1.21/compute/v2.1/servers/2c15bd26-1c65-4b9e-90c0-bdfff3a9e344 2.103s
2024-08-31 14:49:09.543 62064 INFO tempest.lib.common.rest_client [req-65f900ae-710f-4f6a-8ac0-e4c3e125407f req-65f900ae-710f-4f6a-8ac0-e4c3e125407f ] Request (ServersWithSpecificFlavorTestJSON:test_verify_created_server_ephemeral_disk): 200 GET http://10.180.1.21/compute/v2.1/servers/0e6dd0b0-9e5f-4d9e-88c2-12a5ee005749 2.378s
2024-08-31 14:49:09.564 62080 INFO tempest.lib.common.rest_client [req-1b324dcc-5340-4cc7-a323-1f3af3303590 req-1b324dcc-5340-4cc7-a323-1f3af3303590 ] Request (NetworksTest:test_list_all_networks): 200 GET http://10.180.1.21/compute/v2.1/os-networks 2.324s
2024-08-31 14:49:09.573 62100 INFO tempest.lib.common.rest_client [req-264e31b6-25b5-4c5e-8a8b-047b84f01f91 req-264e31b6-25b5-4c5e-8a8b-047b84f01f91 ] Request (ServersTestBootFromVolume:setUpClass): 200 GET http://10.180.1.21/volume/v3/00cef114e68d417aba88eab528bb49c4/volumes/a85e6895-bb69-4adc-980f-006246021c5d 0.053s
2024-08-31 14:49:09.724 62074 INFO tempest.lib.common.rest_client [req-7ae43cfb-23f3-491d-bb0c-c46accd5e103 req-7ae43cfb-23f3-491d-bb0c-c46accd5e103 ] Request (VolumesAssistedSnapshotsTest:test_volume_assisted_snapshot_create_delete): 200 GET http://10.180.1.21/compute/v2.1/servers/b1fba275-98b2-4842-bd21-f79e371d3026/os-interface 2.472s
2024-08-31 14:49:09.753 62068 INFO tempest.lib.common.rest_client [req-8bff2f9e-e31f-4b81-91d5-f8d2234884a2 req-8bff2f9e-e31f-4b81-91d5-f8d2234884a2 ] Request (FloatingIPsNegativeTestJSON:setUpClass): 201 POST http://10.180.1.21:9696/networking/v2.0/subnets 0.566s
2024-08-31 14:49:09.819 62080 INFO tempest.lib.common.rest_client [req-9040b109-6f88-4f44-baff-157c9a4f5a1a req-9040b109-6f88-4f44-baff-157c9a4f5a1a ] Request (NetworksTest:tearDownClass): 204 DELETE http://10.180.1.21/identity/v3/users/c7dc5e74b6ce4d53b401f27ab735d1d5 0.251s
2024-08-31 14:49:09.902 62104 INFO tempest.lib.common.rest_client [req-3779a857-0679-437e-ba96-c4b2fbc12d18 req-3779a857-0679-437e-ba96-c4b2fbc12d18 ] Request (ImagesTestJSON:test_create_image_from_stopped_server): 200 GET http://10.180.1.21/compute/v2.1/servers/f6dc9666-aa89-4faf-84b0-ac2d32bd398c 2.632s
2024-08-31 14:49:09.909 62090 INFO tempest.lib.common.rest_client [req-4bf19ab3-ffe7-4e6d-9e2d-b7182e720274 req-4bf19ab3-ffe7-4e6d-9e2d-b7182e720274 ] Request (AggregatesAdminNegativeTestJSON:test_aggregate_remove_host_as_user): 403 POST http://10.180.1.21/compute/v2.1/os-aggregates/7/action 2.329s
2024-08-31 14:49:09.910 62104 INFO tempest.common.waiters [-] State transition "BUILD/None" ==> "BUILD/spawning" after 28 second wait
2024-08-31 14:49:09.979 62056 INFO tempest.lib.common.rest_client [req-4d586650-92be-4639-a40e-919e939ad28c req-4d586650-92be-4639-a40e-919e939ad28c ] Request (ServersAdminTestJSON:setUpClass): 200 GET http://10.180.1.21/compute/v2.1/servers/09b9acfb-7540-459f-8370-8c42650b5d58 2.390s
2024-08-31 14:49:10.016 62080 INFO tempest.lib.common.rest_client [req-3b13fbe9-369c-41b3-be18-43b7bfe4fab3 req-3b13fbe9-369c-41b3-be18-43b7bfe4fab3 ] Request (NetworksTest:tearDownClass): 204 DELETE http://10.180.1.21/identity/v3/users/760615f670eb4ceb9fe1050ba0fe55fa 0.197s
2024-08-31 14:49:10.016 62080 INFO tempest.lib.common.dynamic_creds [-] Deleting project and security group for project: e381435929634c34a28d2eccd80e2257
2024-08-31 14:49:10.019 62078 INFO tempest.lib.common.rest_client [req-f778ba7f-ebbb-4783-9d31-3b5dc9d70bf7 req-f778ba7f-ebbb-4783-9d31-3b5dc9d70bf7 ] Request (ServerDiagnosticsTest:test_get_server_diagnostics): 200 GET http://10.180.1.21/compute/v2.1/servers/d01c66e6-dc29-4b26-be14-e1f2659bdc77 2.501s
