2024-08-31 14:49:54.705 62108 INFO tempest.lib.common.dynamic_creds [-] Deleting project and security group for project: 169b37c0547148fa8a3c558f9481d4e4
2024-08-31 14:49:54.713 62088 INFO tempest.lib.common.rest_client [req-9b907166-beff-4426-b5de-1fb3a2ebf01c req-9b907166-beff-4426-b5de-1fb3a2ebf01c ] Request (ServersAdmin275Test:tearDownClass): 200 GET http://10.180.1.21/compute/v2.1/servers/17c8e13d-2627-4cf8-ac1d-a884f0ebd298 0.539s
2024-08-31 14:49:54.778 62066 INFO tempest.lib.common.rest_client [req-960f4a6d-238a-4fa5-9905-3fb9b90fe99d req-960f4a6d-238a-4fa5-9905-3fb9b90fe99d ] Request (ServersTestManualDisk:setUpClass): 200 GET http://10.180.1.21/compute/v2.1/servers/551cb81f-8159-49c9-996f-f07ec5dd4def 0.550s
2024-08-31 14:49:54.800 62084 INFO tempest.lib.common.rest_client [req-16a7f634-8cfe-4941-9e21-3143fd350370 req-16a7f634-8cfe-4941-9e21-3143fd350370 ] Request (MigrationsAdminTest:test_resize_server_revert_deleted_flavor): 200 POST http://10.180.1.21/compute/v2.1/flavors/6db2889a-5f77-4e0f-93cf-b0d0df1dcc6c/os-extra_specs 0.338s
2024-08-31 14:49:54.830 62108 INFO tempest.lib.common.rest_client [req-2af11424-8e28-4fdf-9695-1e53137e68f3 req-2af11424-8e28-4fdf-9695-1e53137e68f3 ] Request (ServerExternalEventsTest:tearDownClass): 200 GET http://10.180.1.21:9696/networking/v2.0/security-groups?tenant_id=169b37c0547148fa8a3c558f9481d4e4&name=default 0.124s
2024-08-31 14:49:54.892 62084 INFO tempest.lib.common.rest_client [req-46dee2a0-5f27-4857-97f7-7cd20470187e req-46dee2a0-5f27-4857-97f7-7cd20470187e ] Request (MigrationsAdminTest:test_resize_server_revert_deleted_flavor): 201 POST http://10.180.1.21/identity/v3/auth/tokens 0.087s
2024-08-31 14:49:54.893 62084 INFO tempest.lib.common.fixed_network [-] (MigrationsAdminTest:test_resize_server_revert_deleted_flavor) Found network None available for tenant
2024-08-31 14:49:54.935 62108 INFO tempest.lib.common.rest_client [req-72ed46b1-5998-4abd-85b8-cc0964b622db req-72ed46b1-5998-4abd-85b8-cc0964b622db ] Request (ServerExternalEventsTest:tearDownClass): 204 DELETE http://10.180.1.21:9696/networking/v2.0/security-groups/17c6e35d-2d90-4e06-a555-0b24a0c399dc 0.105s
2024-08-31 14:49:54.966 62096 INFO tempest.lib.common.rest_client [req-2f35dc71-9c15-4dfb-8b01-681cbb3855dd req-2f35dc71-9c15-4dfb-8b01-681cbb3855dd ] Request (AttachVolumeNegativeTest:test_attach_attached_volume_to_different_server): 200 GET http://10.180.1.21/compute/v2.1/servers/3d5aca3b-01b0-423c-87b2-ad5c4496ed24 0.412s
2024-08-31 14:49:55.115 62056 INFO tempest.lib.common.rest_client [req-2a16c97d-57ea-488c-85d2-3c8d5e4ffceb req-2a16c97d-57ea-488c-85d2-3c8d5e4ffceb ] Request (ServersAdminTestJSON:test_create_server_with_scheduling_hint): 202 POST http://10.180.1.21/compute/v2.1/servers 1.077s
2024-08-31 14:49:55.122 62094 INFO tempest.lib.common.rest_client [req-59218608-dc6d-4f50-a6ce-11782e95f8d2 req-59218608-dc6d-4f50-a6ce-11782e95f8d2 ] Request (DeleteServersTestJSON:test_delete_active_server): 200 GET http://10.180.1.21/compute/v2.1/servers/4caa03df-f37e-4419-bd65-e227920033aa 0.555s
2024-08-31 14:49:55.155 62108 INFO tempest.lib.common.rest_client [req-0f4ca7e2-8cd5-4470-a981-4bb44726afb2 req-0f4ca7e2-8cd5-4470-a981-4bb44726afb2 ] Request (ServerExternalEventsTest:tearDownClass): 204 DELETE http://10.180.1.21/identity/v3/projects/169b37c0547148fa8a3c558f9481d4e4 0.219s
2024-08-31 14:49:55.155 62108 INFO tempest.lib.common.dynamic_creds [-] Deleting project and security group for project: 404a5d04288c411a801e48c6a93b2526
2024-08-31 14:49:55.188 62076 INFO tempest.lib.common.rest_client [req-d2b5e6b6-5513-4a77-99aa-dca10e6330ab req-d2b5e6b6-5513-4a77-99aa-dca10e6330ab ] Request (ServerMetadataNegativeTestJSON:setUpClass): 200 GET http://10.180.1.21/compute/v2.1/servers/a66269eb-3a56-431b-8511-919cc07707a6 0.528s
2024-08-31 14:49:55.202 62112 INFO tempest.lib.common.rest_client [req-19ebcda7-2499-4f50-83e4-4c8bea22fa14 req-19ebcda7-2499-4f50-83e4-4c8bea22fa14 ] Request (AttachInterfacesV270Test:test_create_get_list_interfaces): 200 GET http://10.180.1.21/compute/v2.1/servers/d493a127-b59c-4ede-9674-17fa6773bb87 0.540s
2024-08-31 14:49:55.251 62092 INFO tempest.lib.common.rest_client [req-6bcfde0d-5386-4dab-bd39-9d594b0f5475 req-6bcfde0d-5386-4dab-bd39-9d594b0f5475 ] Request (DeleteServersAdminTestJSON:test_delete_server_while_in_error_state): 200 GET http://10.180.1.21/compute/v2.1/servers/6caad1ee-e963-4842-b0d0-5ba0a1876cf7 0.531s
2024-08-31 14:49:55.267 62100 INFO tempest.lib.common.rest_client [req-8dd8514e-eca6-461d-aa29-1f74cbe4ff88 req-8dd8514e-eca6-461d-aa29-1f74cbe4ff88 ] Request (ServersTestBootFromVolume:setUpClass): 200 GET http://10.180.1.21/compute/v2.1/servers/96a70cc2-4ef0-4425-a719-d98a3e6c46e3 0.541s
2024-08-31 14:49:55.313 62098 INFO tempest.lib.common.rest_client [req-6b1208fc-3ca7-4c83-b8e8-86d5220fd4f2 req-6b1208fc-3ca7-4c83-b8e8-86d5220fd4f2 ] Request (VolumesAdminNegativeTest:test_update_attached_volume_with_nonexistent_volume_in_body): 200 GET http://10.180.1.21/compute/v2.1/servers/5ee9d85e-62fd-4dbf-9aa4-5806f6bc002c 0.523s
2024-08-31 14:49:55.319 62098 INFO tempest.common.waiters [-] State transition "BUILD/None" ==> "BUILD/networking" after 53 second wait
2024-08-31 14:49:55.436 62108 INFO tempest.lib.common.rest_client [req-9166f57b-60eb-4721-a83d-2b5fdcbcaec0 req-9166f57b-60eb-4721-a83d-2b5fdcbcaec0 ] Request (ServerExternalEventsTest:tearDownClass): 200 GET http://10.180.1.21:9696/networking/v2.0/security-groups?tenant_id=404a5d04288c411a801e48c6a93b2526&name=default 0.281s
2024-08-31 14:49:55.521 62062 WARNING tempest.lib.common.ssh [-] Failed to establish authenticated ssh connection to cirros@10.180.180.217 ([Errno None] Unable to connect to port 22 on 10.180.180.217). Number attempts: 5. Retry after 6 seconds.: paramiko.ssh_exception.NoValidConnectionsError: [Errno None] Unable to connect to port 22 on 10.180.180.217
2024-08-31 14:49:55.540 62086 INFO tempest.lib.common.rest_client [req-62f2b7af-52b5-4e32-aa2f-487ddbac8777 req-62f2b7af-52b5-4e32-aa2f-487ddbac8777 ] Request (ServerRescueNegativeTestJSON:setUpClass): 200 GET http://10.180.1.21/compute/v2.1/servers/d68c555c-d915-4353-adc2-da4d8f8df0d0 0.639s
2024-08-31 14:49:55.546 62086 INFO tempest.common.waiters [-] State transition "ACTIVE/rescuing" ==> "RESCUE/None" after 9 second wait
2024-08-31 14:49:55.624 62108 INFO tempest.lib.common.rest_client [req-c911d79b-503e-4cd9-be9d-451399d3fb04 req-c911d79b-503e-4cd9-be9d-451399d3fb04 ] Request (ServerExternalEventsTest:tearDownClass): 204 DELETE http://10.180.1.21:9696/networking/v2.0/security-groups/ccea304b-970f-42d3-ac09-66c3af2d9d82 0.187s
2024-08-31 14:49:55.628 62084 INFO tempest.lib.common.rest_client [req-683c8233-fdc0-42eb-8c9e-797e814a0eb0 req-683c8233-fdc0-42eb-8c9e-797e814a0eb0 ] Request (MigrationsAdminTest:test_resize_server_revert_deleted_flavor): 202 POST http://10.180.1.21/compute/v2.1/servers 0.734s
2024-08-31 14:49:55.685 62056 INFO tempest.lib.common.rest_client [req-90f033b6-9d2c-4091-aa0b-1470cb62933f req-90f033b6-9d2c-4091-aa0b-1470cb62933f ] Request (ServersAdminTestJSON:test_create_server_with_scheduling_hint): 200 GET http://10.180.1.21/compute/v2.1/servers/d98ec37f-a14f-43f4-a266-081272ef496c 0.569s
2024-08-31 14:49:55.755 62090 INFO tempest.lib.common.rest_client [req-0ac6c02c-2c33-4eab-899d-7c4cf9163f2e req-0ac6c02c-2c33-4eab-899d-7c4cf9163f2e ] Request (ServerActionsTestOtherA:setUpClass): 200 GET http://10.180.1.21/compute/v2.1/servers/70434f3d-1580-4a02-bdf6-2cf838361c86 0.494s
2024-08-31 14:49:55.755 62106 INFO tempest.lib.common.rest_client [req-88220393-667a-4b48-974c-73b0f73cf9f7 req-88220393-667a-4b48-974c-73b0f73cf9f7 ] Request (ServersAdminNegativeTestJSON:test_migrate_server_invalid_state): 200 GET http://10.180.1.21/compute/v2.1/servers/e33dea80-93f3-4f6b-a308-97f1b484d31e 0.705s
2024-08-31 14:49:55.829 62072 INFO tempest.lib.common.rest_client [req-3bbb4b4a-5874-459f-ac4b-8e20443f2274 req-3bbb4b4a-5874-459f-ac4b-8e20443f2274 ] Request (ServerDiskConfigTestJSON:test_rebuild_server_with_manual_disk_config): 200 GET http://10.180.1.21/compute/v2.1/servers/2c15bd26-1c65-4b9e-90c0-bdfff3a9e344 0.544s
2024-08-31 14:49:55.835 62080 INFO tempest.lib.common.rest_client [req-4ce17642-542a-485c-8377-67ee58e58ba9 req-4ce17642-542a-485c-8377-67ee58e58ba9 ] Request (MultipleCreateTestJSON:test_multiple_create): 200 GET http://10.180.1.21/compute/v2.1/servers/67d6614c-376c-4c26-9ea5-3c426040dde6 0.476s
2024-08-31 14:49:55.841 62118 WARNING tempest.lib.common.ssh [-] Failed to establish authenticated ssh connection to cirros@10.180.180.143 ([Errno None] Unable to connect to port 22 on 10.180.180.143). Number attempts: 2. Retry after 3 seconds.: paramiko.ssh_exception.NoValidConnectionsError: [Errno None] Unable to connect to port 22 on 10.180.180.143
2024-08-31 14:49:55.855 62108 INFO tempest.lib.common.rest_client [req-88e4a64f-9509-4ddb-b37a-5efc25f68339 req-88e4a64f-9509-4ddb-b37a-5efc25f68339 ] Request (ServerExternalEventsTest:tearDownClass): 204 DELETE http://10.180.1.21/identity/v3/projects/404a5d04288c411a801e48c6a93b2526 0.230s
2024-08-31 14:49:55.905 62104 INFO tempest.lib.common.rest_client [req-aa4d5ba3-3602-4fab-9cc7-3c04e2221739 req-aa4d5ba3-3602-4fab-9cc7-3c04e2221739 ] Request (ImagesTestJSON:test_create_image_from_stopped_server): 200 GET http://10.180.1.21/compute/v2.1/images/44b756fc-4727-41d8-b4ba-8e06f4e5425c 0.486s
2024-08-31 14:49:55.928 62108 INFO tempest.lib.common.rest_client [req-d74272a4-0362-4d22-a43a-6e6f38a9953b req-d74272a4-0362-4d22-a43a-6e6f38a9953b ] Request (SecurityGroupsTestJSON:setUpClass): 201 POST http://10.180.1.21/identity/v3/auth/tokens 0.072s
2024-08-31 14:49:55.940 62058 INFO tempest.lib.common.rest_client [req-6268411c-8648-4b9e-ba3a-fb776283dcb2 req-6268411c-8648-4b9e-ba3a-fb776283dcb2 ] Request (ImagesOneServerNegativeTestJSON:_run_cleanups): 200 GET http://10.180.1.21/compute/v2.1/servers/0ef99f40-9530-4c9e-b464-c0b79177a120 0.581s
2024-08-31 14:49:55.966 62108 INFO tempest.lib.common.rest_client [req-b9495520-e16f-4938-bd5b-bcdda3bb9566 req-b9495520-e16f-4938-bd5b-bcdda3bb9566 ] Request (SecurityGroupsTestJSON:setUpClass): 201 POST http://10.180.1.21/identity/v3/auth/tokens 0.032s
2024-08-31 14:49:55.974 62082 INFO tempest.lib.common.rest_client [req-31cfc140-f797-453f-b96d-b42264e9f79f req-31cfc140-f797-453f-b96d-b42264e9f79f ] Request (ListServersNegativeTestJSON:tearDownClass): 200 GET http://10.180.1.21/compute/v2.1/servers/769cb2b3-40fc-49c1-a796-b33351fce9f2 0.525s
2024-08-31 14:49:55.994 62108 INFO tempest.lib.common.rest_client [req-2acc7637-8dae-412b-8b62-7d2f453fd954 req-2acc7637-8dae-412b-8b62-7d2f453fd954 ] Request (SecurityGroupsTestJSON:setUpClass): 200 GET http://10.180.1.21/identity/v3/domains?name=Default 0.027s
2024-08-31 14:49:56.017 62116 INFO tempest.lib.common.rest_client [req-31e7fc6c-52b6-4c7c-b97a-1b690dabbc21 req-31e7fc6c-52b6-4c7c-b97a-1b690dabbc21 ] Request (ServerDiagnosticsV248Test:tearDownClass): 200 GET http://10.180.1.21/compute/v2.1/servers/e8b25612-55a4-487f-addf-dbf9a912a705 0.528s
2024-08-31 14:49:56.025 62108 INFO tempest.lib.common.rest_client [req-15a324ae-3450-4841-98cb-1d7fd84dc76f req-15a324ae-3450-4841-98cb-1d7fd84dc76f ] Request (SecurityGroupsTestJSON:setUpClass): 201 POST http://10.180.1.21/identity/v3/projects 0.030s
2024-08-31 14:49:56.040 62070 INFO tempest.lib.common.rest_client [req-d85db006-d57c-467c-b64b-46f76ee67ac0 req-d85db006-d57c-467c-b64b-46f76ee67ac0 ] Request (ImagesNegativeTestJSON:test_create_image_from_deleted_server): 200 GET http://10.180.1.21/compute/v2.1/servers/87d0bfe9-aef3-43f3-a39d-9e0ce2e47594 0.509s
2024-08-31 14:49:56.073 62110 INFO tempest.lib.common.rest_client [req-de39b52c-5bcd-4358-9657-31a9bf51779e req-de39b52c-5bcd-4358-9657-31a9bf51779e ] Request (ServerGroupTestJSON:test_create_server_with_scheduler_hint_group): 200 GET http://10.180.1.21/compute/v2.1/servers/28949351-ed8f-4098-8bba-9840718cc50d 0.530s
2024-08-31 14:49:56.093 62108 INFO tempest.lib.common.rest_client [req-a7e29204-0052-4e5c-90c4-9d63bb771c67 req-a7e29204-0052-4e5c-90c4-9d63bb771c67 ] Request (SecurityGroupsTestJSON:setUpClass): 201 POST http://10.180.1.21/identity/v3/users 0.068s
2024-08-31 14:49:56.119 62108 INFO tempest.lib.common.rest_client [req-7007e0bd-e747-42cc-93b3-aa5b7f39121e req-7007e0bd-e747-42cc-93b3-aa5b7f39121e ] Request (SecurityGroupsTestJSON:setUpClass): 200 GET http://10.180.1.21/identity/v3/roles 0.025s
2024-08-31 14:49:56.132 62068 INFO tempest.lib.common.rest_client [req-57c831a2-ef47-4722-b8fd-baf5d388dfc4 req-57c831a2-ef47-4722-b8fd-baf5d388dfc4 ] Request (ListImageFiltersTestJSON:setUpClass): 200 GET http://10.180.1.21/compute/v2.1/servers/b76e261a-168b-4cd4-b6a1-cde7d9265e94 0.544s
2024-08-31 14:49:56.163 62108 INFO tempest.lib.common.rest_client [req-63ca8544-c953-449f-95b2-419f31c37fe8 req-63ca8544-c953-449f-95b2-419f31c37fe8 ] Request (SecurityGroupsTestJSON:setUpClass): 204 PUT http://10.180.1.21/identity/v3/projects/f15158ad47af467e9bfae4824bdba271/users/fe1dbc185dd34f8085a4dce9524238ba/roles/408b76eb85044784beea4db8b113dcc9 0.044s
2024-08-31 14:49:56.164 62108 INFO tempest.lib.common.dynamic_creds [-] Dynamic test user fe1dbc185dd34f8085a4dce9524238ba is created with scope project and roles: ['member']
2024-08-31 14:49:56.164 62108 INFO tempest.lib.common.dynamic_creds [-] Acquired dynamic creds: credentials: Credentials: {'domain_id': 'default', 'domain_name': 'Default', 'username': 'tempest-SecurityGroupsTestJSON-1740253788-project-member', 'project_domain_id': 'default', 'project_domain_name': 'Default', 'project_id': 'f15158ad47af467e9bfae4824bdba271', 'project_name': 'tempest-SecurityGroupsTestJSON-1740253788', 'tenant_id': 'f15158ad47af467e9bfae4824bdba271', 'tenant_name': 'tempest-SecurityGroupsTestJSON-1740253788', 'user_domain_id': 'default', 'user_domain_name': 'Default', 'user_id': 'fe1dbc185dd34f8085a4dce9524238ba', 'system': None}, Network: None, Subnet: None, Router: None
2024-08-31 14:49:56.191 62084 INFO tempest.lib.common.rest_client [req-cf15125e-97ff-4244-9f8a-09b24f25683f req-cf15125e-97ff-4244-9f8a-09b24f25683f ] Request (MigrationsAdminTest:test_resize_server_revert_deleted_flavor): 200 GET http://10.180.1.21/compute/v2.1/servers/09f88f40-bf2b-4aee-910d-e41756344d46 0.562s
2024-08-31 14:49:56.238 62086 INFO tempest.lib.common.rest_client [req-1a372c58-5b9d-4e82-8d25-4f8189d2aeac req-1a372c58-5b9d-4e82-8d25-4f8189d2aeac ] Request (ServerRescueNegativeTestJSON:setUpClass): 200 GET http://10.180.1.21/compute/v2.1/servers/89753659-5ebf-4341-a41f-944bdf65b946 0.691s
2024-08-31 14:49:56.262 62108 INFO tempest.lib.common.rest_client [req-aae912fa-3064-411c-9cad-152a89766fec req-aae912fa-3064-411c-9cad-152a89766fec ] Request (SecurityGroupsTestJSON:setUpClass): 201 POST http://10.180.1.21/identity/v3/auth/tokens 0.097s
2024-08-31 14:49:56.267 62078 INFO tempest.lib.common.rest_client [req-5e3c6895-de33-4f54-b95c-60cb48f5dac4 req-5e3c6895-de33-4f54-b95c-60cb48f5dac4 ] Request (ServerDiagnosticsTest:tearDownClass): 200 GET http://10.180.1.21/compute/v2.1/servers/d01c66e6-dc29-4b26-be14-e1f2659bdc77 0.613s
2024-08-31 14:49:56.314 62088 INFO tempest.lib.common.rest_client [req-1e3c4536-903e-40ff-8730-1c5e45500049 req-1e3c4536-903e-40ff-8730-1c5e45500049 ] Request (ServersAdmin275Test:tearDownClass): 200 GET http://10.180.1.21/compute/v2.1/servers/17c8e13d-2627-4cf8-ac1d-a884f0ebd298 0.592s
2024-08-31 14:49:56.323 62066 INFO tempest.lib.common.rest_client [req-181827d2-5697-4ae4-bb39-d5cc1198120d req-181827d2-5697-4ae4-bb39-d5cc1198120d ] Request (ServersTestManualDisk:setUpClass): 200 GET http://10.180.1.21/compute/v2.1/servers/551cb81f-8159-49c9-996f-f07ec5dd4def 0.535s
2024-08-31 14:49:56.520 62064 INFO paramiko.transport [-] Connected (version 2.0, client dropbear_2020.81)
2024-08-31 14:49:56.552 62094 INFO tempest.lib.common.rest_client [req-aa116a6e-2d56-4a72-94ab-a239a82d86cb req-aa116a6e-2d56-4a72-94ab-a239a82d86cb ] Request (DeleteServersTestJSON:test_delete_active_server): 200 GET http://10.180.1.21/compute/v2.1/servers/4caa03df-f37e-4419-bd65-e227920033aa 0.423s
2024-08-31 14:49:56.564 62096 INFO tempest.lib.common.rest_client [req-ae2a6cce-e4e0-4593-a76d-e2fe203de26b req-ae2a6cce-e4e0-4593-a76d-e2fe203de26b ] Request (AttachVolumeNegativeTest:test_attach_attached_volume_to_different_server): 200 GET http://10.180.1.21/compute/v2.1/servers/3d5aca3b-01b0-423c-87b2-ad5c4496ed24 0.591s
2024-08-31 14:49:56.583 62064 INFO paramiko.transport [-] Authentication (publickey) successful!
2024-08-31 14:49:56.584 62064 INFO tempest.lib.common.ssh [-] ssh connection to cirros@10.180.180.201 successfully created
2024-08-31 14:49:56.669 62112 INFO tempest.lib.common.rest_client [req-223208d0-9721-4b19-944b-cff9741dc5c1 req-223208d0-9721-4b19-944b-cff9741dc5c1 ] Request (AttachInterfacesV270Test:test_create_get_list_interfaces): 200 GET http://10.180.1.21/compute/v2.1/servers/d493a127-b59c-4ede-9674-17fa6773bb87 0.454s
2024-08-31 14:49:56.673 62076 INFO tempest.lib.common.rest_client [req-a7301498-85c5-4a30-9116-3e13cede87e1 req-a7301498-85c5-4a30-9116-3e13cede87e1 ] Request (ServerMetadataNegativeTestJSON:setUpClass): 200 GET http://10.180.1.21/compute/v2.1/servers/a66269eb-3a56-431b-8511-919cc07707a6 0.477s
2024-08-31 14:49:56.683 62086 INFO tempest.lib.common.rest_client [req-8ae0c5d8-58ce-4b90-9112-007acf7ef2de req-8ae0c5d8-58ce-4b90-9112-007acf7ef2de ] Request (ServerRescueNegativeTestJSON:test_rescue_non_existent_server): 404 POST http://10.180.1.21/compute/v2.1/servers/c9ab624e-a427-4850-a8b6-101083c034d8/action 0.437s
2024-08-31 14:49:56.737 62092 INFO tempest.lib.common.rest_client [req-ed05f50f-125e-4227-82e0-6768614acc87 req-ed05f50f-125e-4227-82e0-6768614acc87 ] Request (DeleteServersAdminTestJSON:test_delete_server_while_in_error_state): 200 GET http://10.180.1.21/compute/v2.1/servers/6caad1ee-e963-4842-b0d0-5ba0a1876cf7 0.478s
2024-08-31 14:49:56.756 62100 INFO tempest.lib.common.rest_client [req-33b1a885-8a80-407b-994e-ff5f3484ed50 req-33b1a885-8a80-407b-994e-ff5f3484ed50 ] Request (ServersTestBootFromVolume:setUpClass): 200 GET http://10.180.1.21/compute/v2.1/servers/96a70cc2-4ef0-4425-a719-d98a3e6c46e3 0.480s
2024-08-31 14:49:56.849 62108 INFO tempest.lib.common.rest_client [req-fe9449f1-292c-4e7c-b773-dc6beb94e57b req-fe9449f1-292c-4e7c-b773-dc6beb94e57b ] Request (SecurityGroupsTestJSON:setUpClass): 201 POST http://10.180.1.21:9696/networking/v2.0/networks 0.587s
2024-08-31 14:49:56.886 62064 INFO tempest.lib.common.rest_client [req-edb0cc12-f6de-4ee7-b6f6-060e0f58035d req-edb0cc12-f6de-4ee7-b6f6-060e0f58035d ] Request (ServersWithSpecificFlavorTestJSON:test_verify_created_server_ephemeral_disk): 204 DELETE http://10.180.1.21/compute/v2.1/servers/0e6dd0b0-9e5f-4d9e-88c2-12a5ee005749 0.297s
2024-08-31 14:49:56.937 62086 INFO tempest.lib.common.rest_client [req-a2852ffe-a460-4b06-86bc-171d19a85d34 req-a2852ffe-a460-4b06-86bc-171d19a85d34 ] Request (ServerRescueNegativeTestJSON:test_rescued_vm_attach_volume): 202 POST http://10.180.1.21/volume/v3/5fdf234543c44fe8853494e853f161ab/volumes 0.253s
2024-08-31 14:49:56.958 62056 INFO tempest.lib.common.rest_client [req-6ba8e015-eb12-44d9-a36c-88679d87c03c req-6ba8e015-eb12-44d9-a36c-88679d87c03c ] Request (ServersAdminTestJSON:test_create_server_with_scheduling_hint): 200 GET http://10.180.1.21/compute/v2.1/servers/d98ec37f-a14f-43f4-a266-081272ef496c 0.266s
2024-08-31 14:49:56.979 62098 INFO tempest.lib.common.rest_client [req-9904a51d-1e53-4db0-9bfb-63e84e887329 req-9904a51d-1e53-4db0-9bfb-63e84e887329 ] Request (VolumesAdminNegativeTest:test_update_attached_volume_with_nonexistent_volume_in_body): 200 GET http://10.180.1.21/compute/v2.1/servers/5ee9d85e-62fd-4dbf-9aa4-5806f6bc002c 0.659s
2024-08-31 14:49:56.985 62098 INFO tempest.common.waiters [-] State transition "BUILD/networking" ==> "BUILD/spawning" after 54 second wait
2024-08-31 14:49:56.992 62086 INFO tempest.lib.common.rest_client [req-96305e01-85c2-4003-9d56-b21b33af216c req-96305e01-85c2-4003-9d56-b21b33af216c ] Request (ServerRescueNegativeTestJSON:test_rescued_vm_attach_volume): 200 GET http://10.180.1.21/volume/v3/5fdf234543c44fe8853494e853f161ab/volumes/19409c44-e342-45d8-90e5-9db89e332ff5 0.047s
2024-08-31 14:49:57.026 62090 INFO tempest.lib.common.rest_client [req-615f9cab-b45a-4a7c-af09-dd6cb878405d req-615f9cab-b45a-4a7c-af09-dd6cb878405d ] Request (ServerActionsTestOtherA:setUpClass): 200 GET http://10.180.1.21/compute/v2.1/servers/70434f3d-1580-4a02-bdf6-2cf838361c86 0.261s
2024-08-31 14:49:57.038 62064 INFO tempest.lib.common.rest_client [req-dd8647f5-f1ca-4aef-bc03-37672496baec req-dd8647f5-f1ca-4aef-bc03-37672496baec ] Request (ServersWithSpecificFlavorTestJSON:test_verify_created_server_ephemeral_disk): 201 POST http://10.180.1.21/identity/v3/auth/tokens 0.147s
2024-08-31 14:49:57.038 62064 INFO tempest.lib.common.fixed_network [-] (ServersWithSpecificFlavorTestJSON:test_verify_created_server_ephemeral_disk) Found network {'id': '92025baa-48a3-4b1f-aeec-77a94fe17f0d', 'name': 'tempest-ServersWithSpecificFlavorTestJSON-325547883-network', 'tenant_id': 'c83ca61c594b4375a67c3cc73f6e24f6', 'admin_state_up': True, 'mtu': 8950, 'status': 'ACTIVE', 'subnets': [], 'shared': False, 'project_id': 'c83ca61c594b4375a67c3cc73f6e24f6', 'port_security_enabled': True, 'router:external': False, 'provider:network_type': 'vlan', 'provider:physical_network': 'default', 'provider:segmentation_id': 389, 'is_default': False, 'availability_zone_hints': [], 'availability_zones': [], 'ipv4_address_scope': None, 'ipv6_address_scope': None, 'description': '', 'tags': [], 'created_at': '2024-08-31T14:47:59Z', 'updated_at': '2024-08-31T14:47:59Z', 'revision_number': 1} available for tenant
2024-08-31 14:49:57.101 62072 INFO tempest.lib.common.rest_client [req-aa745a1a-c1e8-4f78-b069-7d2660fc2643 req-aa745a1a-c1e8-4f78-b069-7d2660fc2643 ] Request (ServerDiskConfigTestJSON:test_rebuild_server_with_manual_disk_config): 200 GET http://10.180.1.21/compute/v2.1/servers/2c15bd26-1c65-4b9e-90c0-bdfff3a9e344 0.261s
2024-08-31 14:49:57.160 62080 INFO tempest.lib.common.rest_client [req-4082f4ed-52c7-46e2-8425-7c7d664537ee req-4082f4ed-52c7-46e2-8425-7c7d664537ee ] Request (MultipleCreateTestJSON:test_multiple_create): 200 GET http://10.180.1.21/compute/v2.1/servers/67d6614c-376c-4c26-9ea5-3c426040dde6 0.316s
2024-08-31 14:49:57.180 62106 INFO tempest.lib.common.rest_client [req-33d7b754-0f2a-4b4e-9a60-03cbfbcffa91 req-33d7b754-0f2a-4b4e-9a60-03cbfbcffa91 ] Request (ServersAdminNegativeTestJSON:test_migrate_server_invalid_state): 200 GET http://10.180.1.21/compute/v2.1/servers/e33dea80-93f3-4f6b-a308-97f1b484d31e 0.414s
2024-08-31 14:49:57.190 62106 INFO tempest.common.waiters [-] State transition "BUILD/spawning" ==> "ACTIVE/None" after 65 second wait
2024-08-31 14:49:57.232 62108 INFO tempest.lib.common.rest_client [req-82fc7e12-ee1b-4dc7-a2a2-24e5791763f7 req-82fc7e12-ee1b-4dc7-a2a2-24e5791763f7 ] Request (SecurityGroupsTestJSON:setUpClass): 201 POST http://10.180.1.21:9696/networking/v2.0/subnets 0.381s
2024-08-31 14:49:57.254 62104 INFO tempest.lib.common.rest_client [req-38596a29-8148-4bca-93b3-c4105aefaade req-38596a29-8148-4bca-93b3-c4105aefaade ] Request (ImagesTestJSON:test_create_image_from_stopped_server): 200 GET http://10.180.1.21/compute/v2.1/images/44b756fc-4727-41d8-b4ba-8e06f4e5425c 0.343s
2024-08-31 14:49:57.284 62058 INFO tempest.lib.common.rest_client [req-3b7b8c38-8d23-4df4-b9d4-1daa71605d5e req-3b7b8c38-8d23-4df4-b9d4-1daa71605d5e ] Request (ImagesOneServerNegativeTestJSON:_run_cleanups): 200 GET http://10.180.1.21/compute/v2.1/servers/0ef99f40-9530-4c9e-b464-c0b79177a120 0.337s
2024-08-31 14:49:57.311 62082 INFO tempest.lib.common.rest_client [req-3d850bf3-df45-415b-a478-a334b36b44bf req-3d850bf3-df45-415b-a478-a334b36b44bf ] Request (ListServersNegativeTestJSON:tearDownClass): 200 GET http://10.180.1.21/compute/v2.1/servers/769cb2b3-40fc-49c1-a796-b33351fce9f2 0.329s
2024-08-31 14:49:57.374 62116 INFO tempest.lib.common.rest_client [req-ed59bd0a-1c6c-4f71-9434-c86af2bf1b25 req-ed59bd0a-1c6c-4f71-9434-c86af2bf1b25 ] Request (ServerDiagnosticsV248Test:tearDownClass): 200 GET http://10.180.1.21/compute/v2.1/servers/e8b25612-55a4-487f-addf-dbf9a912a705 0.339s
2024-08-31 14:49:57.465 62070 INFO tempest.lib.common.rest_client [req-ef498775-fe5d-41ab-abeb-8deff4c8b40f req-ef498775-fe5d-41ab-abeb-8deff4c8b40f ] Request (ImagesNegativeTestJSON:test_create_image_from_deleted_server): 200 GET http://10.180.1.21/compute/v2.1/servers/87d0bfe9-aef3-43f3-a39d-9e0ce2e47594 0.417s
2024-08-31 14:49:57.538 62110 INFO tempest.lib.common.rest_client [req-c46859be-d5d7-4562-80c6-c969c66f43bf req-c46859be-d5d7-4562-80c6-c969c66f43bf ] Request (ServerGroupTestJSON:test_create_server_with_scheduler_hint_group): 200 GET http://10.180.1.21/compute/v2.1/servers/28949351-ed8f-4098-8bba-9840718cc50d 0.457s
2024-08-31 14:49:57.620 62068 INFO tempest.lib.common.rest_client [req-9bff2b3b-5fa9-423e-a6c1-80604df4a851 req-9bff2b3b-5fa9-423e-a6c1-80604df4a851 ] Request (ListImageFiltersTestJSON:setUpClass): 200 GET http://10.180.1.21/compute/v2.1/servers/b76e261a-168b-4cd4-b6a1-cde7d9265e94 0.478s
2024-08-31 14:49:57.739 62106 INFO tempest.lib.common.rest_client [req-2dbffe53-4f5e-4663-aa00-ef029eee6c3d req-2dbffe53-4f5e-4663-aa00-ef029eee6c3d ] Request (ServersAdminNegativeTestJSON:test_migrate_server_invalid_state): 202 POST http://10.180.1.21/compute/v2.1/servers/e33dea80-93f3-4f6b-a308-97f1b484d31e/action 0.549s
2024-08-31 14:49:57.821 62084 INFO tempest.lib.common.rest_client [req-0622e0c4-79a5-4c77-9101-dbb622ea40f2 req-0622e0c4-79a5-4c77-9101-dbb622ea40f2 ] Request (MigrationsAdminTest:test_resize_server_revert_deleted_flavor): 200 GET http://10.180.1.21/compute/v2.1/servers/09f88f40-bf2b-4aee-910d-e41756344d46 0.616s
2024-08-31 14:49:57.942 62078 INFO tempest.lib.common.rest_client [req-e29350f7-a4f4-4a5d-84db-77b3ee810776 req-e29350f7-a4f4-4a5d-84db-77b3ee810776 ] Request (ServerDiagnosticsTest:tearDownClass): 200 GET http://10.180.1.21/compute/v2.1/servers/d01c66e6-dc29-4b26-be14-e1f2659bdc77 0.663s
2024-08-31 14:49:58.007 62088 INFO tempest.lib.common.rest_client [req-fa69d142-4d6e-4560-be25-0ae2b3ba19ad req-fa69d142-4d6e-4560-be25-0ae2b3ba19ad ] Request (ServersAdmin275Test:tearDownClass): 200 GET http://10.180.1.21/compute/v2.1/servers/17c8e13d-2627-4cf8-ac1d-a884f0ebd298 0.679s
2024-08-31 14:49:58.042 62064 INFO tempest.lib.common.rest_client [req-ad9fa2aa-4dfb-4e33-a26e-44f2d161b842 req-ad9fa2aa-4dfb-4e33-a26e-44f2d161b842 ] Request (ServersWithSpecificFlavorTestJSON:test_verify_created_server_ephemeral_disk): 202 POST http://10.180.1.21/compute/v2.1/servers 1.003s
2024-08-31 14:49:58.042 62086 INFO tempest.lib.common.rest_client [req-687ef9b3-6968-41db-8c67-7a263d250892 req-687ef9b3-6968-41db-8c67-7a263d250892 ] Request (ServerRescueNegativeTestJSON:test_rescued_vm_attach_volume): 200 GET http://10.180.1.21/volume/v3/5fdf234543c44fe8853494e853f161ab/volumes/19409c44-e342-45d8-90e5-9db89e332ff5 0.035s
2024-08-31 14:49:58.048 62086 INFO tempest.common.waiters [-] volume 19409c44-e342-45d8-90e5-9db89e332ff5 reached available after waiting for 1.048788 seconds
2024-08-31 14:49:58.076 62066 INFO tempest.lib.common.rest_client [req-ee44a3d8-7a27-4f35-b379-fa9007bbc951 req-ee44a3d8-7a27-4f35-b379-fa9007bbc951 ] Request (ServersTestManualDisk:setUpClass): 200 GET http://10.180.1.21/compute/v2.1/servers/551cb81f-8159-49c9-996f-f07ec5dd4def 0.744s
2024-08-31 14:49:58.270 62096 INFO tempest.lib.common.rest_client [req-9089e90d-e78d-4fdb-86b2-cfd8e5e495d9 req-9089e90d-e78d-4fdb-86b2-cfd8e5e495d9 ] Request (AttachVolumeNegativeTest:test_attach_attached_volume_to_different_server): 200 GET http://10.180.1.21/compute/v2.1/servers/3d5aca3b-01b0-423c-87b2-ad5c4496ed24 0.699s
2024-08-31 14:49:58.272 62094 INFO tempest.lib.common.rest_client [req-62aca11d-d1c2-4918-ac1d-7a74e199740e req-62aca11d-d1c2-4918-ac1d-7a74e199740e ] Request (DeleteServersTestJSON:test_delete_active_server): 200 GET http://10.180.1.21/compute/v2.1/servers/4caa03df-f37e-4419-bd65-e227920033aa 0.713s
2024-08-31 14:49:58.390 62076 INFO tempest.lib.common.rest_client [req-4faf9b7a-1390-4d78-bb68-30c570ae31f8 req-4faf9b7a-1390-4d78-bb68-30c570ae31f8 ] Request (ServerMetadataNegativeTestJSON:setUpClass): 200 GET http://10.180.1.21/compute/v2.1/servers/a66269eb-3a56-431b-8511-919cc07707a6 0.709s
2024-08-31 14:49:58.395 62112 INFO tempest.lib.common.rest_client [req-adc66184-9443-4df0-8546-4a9f8f430619 req-adc66184-9443-4df0-8546-4a9f8f430619 ] Request (AttachInterfacesV270Test:test_create_get_list_interfaces): 200 GET http://10.180.1.21/compute/v2.1/servers/d493a127-b59c-4ede-9674-17fa6773bb87 0.712s
2024-08-31 14:49:58.477 62092 INFO tempest.lib.common.rest_client [req-893c1413-4914-4ddc-bbae-ca2987f4648e req-893c1413-4914-4ddc-bbae-ca2987f4648e ] Request (DeleteServersAdminTestJSON:test_delete_server_while_in_error_state): 200 GET http://10.180.1.21/compute/v2.1/servers/6caad1ee-e963-4842-b0d0-5ba0a1876cf7 0.731s
2024-08-31 14:49:58.551 62100 INFO tempest.lib.common.rest_client [req-961e33e1-1865-4b64-a9b4-1a3ec7e14889 req-961e33e1-1865-4b64-a9b4-1a3ec7e14889 ] Request (ServersTestBootFromVolume:setUpClass): 200 GET http://10.180.1.21/compute/v2.1/servers/96a70cc2-4ef0-4425-a719-d98a3e6c46e3 0.788s
2024-08-31 14:49:58.558 62100 INFO tempest.common.waiters [-] State transition "BUILD/scheduling" ==> "BUILD/None" after 26 second wait
2024-08-31 14:49:58.625 62056 INFO tempest.lib.common.rest_client [req-0caf5e2d-5493-4bf5-98a6-411264e5c2ab req-0caf5e2d-5493-4bf5-98a6-411264e5c2ab ] Request (ServersAdminTestJSON:test_create_server_with_scheduling_hint): 200 GET http://10.180.1.21/compute/v2.1/servers/d98ec37f-a14f-43f4-a266-081272ef496c 0.657s
2024-08-31 14:49:58.700 62108 INFO tempest.lib.common.rest_client [req-e3a6eba0-6d83-4740-88bb-5bb5d09164e0 req-e3a6eba0-6d83-4740-88bb-5bb5d09164e0 ] Request (SecurityGroupsTestJSON:setUpClass): 201 POST http://10.180.1.21:9696/networking/v2.0/routers 1.466s
2024-08-31 14:49:58.878 62098 INFO tempest.lib.common.rest_client [req-366da38c-bea0-46d2-af99-512a4b594357 req-366da38c-bea0-46d2-af99-512a4b594357 ] Request (VolumesAdminNegativeTest:test_update_attached_volume_with_nonexistent_volume_in_body): 200 GET http://10.180.1.21/compute/v2.1/servers/5ee9d85e-62fd-4dbf-9aa4-5806f6bc002c 0.891s
2024-08-31 14:49:58.921 62106 INFO tempest.lib.common.rest_client [req-3f888a93-d0e1-45f1-a6a7-6ddbdf9db9b1 req-3f888a93-d0e1-45f1-a6a7-6ddbdf9db9b1 ] Request (ServersAdminNegativeTestJSON:test_migrate_server_invalid_state): 200 GET http://10.180.1.21/compute/v2.1/servers/e33dea80-93f3-4f6b-a308-97f1b484d31e 1.181s
2024-08-31 14:49:58.965 62090 INFO tempest.lib.common.rest_client [req-7b3a29a6-737a-40cf-b589-f048e4a4d76b req-7b3a29a6-737a-40cf-b589-f048e4a4d76b ] Request (ServerActionsTestOtherA:setUpClass): 200 GET http://10.180.1.21/compute/v2.1/servers/70434f3d-1580-4a02-bdf6-2cf838361c86 0.931s
2024-08-31 14:49:58.987 62064 INFO tempest.lib.common.rest_client [req-b6ca49bd-dc55-42c4-8ee9-809a04147bcc req-b6ca49bd-dc55-42c4-8ee9-809a04147bcc ] Request (ServersWithSpecificFlavorTestJSON:test_verify_created_server_ephemeral_disk): 200 GET http://10.180.1.21/compute/v2.1/servers/4637ca18-1c94-4669-8c65-8931248a2597 0.943s
2024-08-31 14:49:59.034 62072 INFO tempest.lib.common.rest_client [req-c5f291f8-8d80-429d-87db-419f64db1d67 req-c5f291f8-8d80-429d-87db-419f64db1d67 ] Request (ServerDiskConfigTestJSON:test_rebuild_server_with_manual_disk_config): 200 GET http://10.180.1.21/compute/v2.1/servers/2c15bd26-1c65-4b9e-90c0-bdfff3a9e344 0.925s
2024-08-31 14:49:59.080 62086 INFO tempest.lib.common.rest_client [req-c563977f-892f-4a44-9774-a7417767ae2c req-c563977f-892f-4a44-9774-a7417767ae2c ] Request (ServerRescueNegativeTestJSON:test_rescued_vm_attach_volume): 200 POST http://10.180.1.21/compute/v2.1/servers/89753659-5ebf-4341-a41f-944bdf65b946/action 1.031s
2024-08-31 14:49:59.084 62080 INFO tempest.lib.common.rest_client [req-ce1cc033-94db-4611-9ed2-2afe3fb01051 req-ce1cc033-94db-4611-9ed2-2afe3fb01051 ] Request (MultipleCreateTestJSON:test_multiple_create): 200 GET http://10.180.1.21/compute/v2.1/servers/67d6614c-376c-4c26-9ea5-3c426040dde6 0.916s
2024-08-31 14:49:59.202 62104 INFO tempest.lib.common.rest_client [req-76f331ae-4cd5-4975-a756-69cc62666baf req-76f331ae-4cd5-4975-a756-69cc62666baf ] Request (ImagesTestJSON:test_create_image_from_stopped_server): 200 GET http://10.180.1.21/compute/v2.1/images/44b756fc-4727-41d8-b4ba-8e06f4e5425c 0.945s
2024-08-31 14:49:59.253 62058 INFO tempest.lib.common.rest_client [req-6335468a-e045-4881-93dd-835b68300e8a req-6335468a-e045-4881-93dd-835b68300e8a ] Request (ImagesOneServerNegativeTestJSON:_run_cleanups): 200 GET http://10.180.1.21/compute/v2.1/servers/0ef99f40-9530-4c9e-b464-c0b79177a120 0.960s
2024-08-31 14:49:59.266 62082 INFO tempest.lib.common.rest_client [req-83849436-9edb-4fd5-8b23-757ef9b65813 req-83849436-9edb-4fd5-8b23-757ef9b65813 ] Request (ListServersNegativeTestJSON:tearDownClass): 200 GET http://10.180.1.21/compute/v2.1/servers/769cb2b3-40fc-49c1-a796-b33351fce9f2 0.948s
2024-08-31 14:49:59.328 62116 INFO tempest.lib.common.rest_client [req-5849eccb-0c19-4e2b-97b7-6bb6b60ce267 req-5849eccb-0c19-4e2b-97b7-6bb6b60ce267 ] Request (ServerDiagnosticsV248Test:tearDownClass): 200 GET http://10.180.1.21/compute/v2.1/servers/e8b25612-55a4-487f-addf-dbf9a912a705 0.946s
2024-08-31 14:49:59.333 62070 INFO tempest.lib.common.rest_client [req-f3cb7b20-24d1-41f9-80ec-d150872c1309 req-f3cb7b20-24d1-41f9-80ec-d150872c1309 ] Request (ImagesNegativeTestJSON:test_create_image_from_deleted_server): 200 GET http://10.180.1.21/compute/v2.1/servers/87d0bfe9-aef3-43f3-a39d-9e0ce2e47594 0.860s
2024-08-31 14:49:59.380 62110 INFO tempest.lib.common.rest_client [req-16373734-31fd-45b0-92ae-98a0e69a6df9 req-16373734-31fd-45b0-92ae-98a0e69a6df9 ] Request (ServerGroupTestJSON:test_create_server_with_scheduler_hint_group): 200 GET http://10.180.1.21/compute/v2.1/servers/28949351-ed8f-4098-8bba-9840718cc50d 0.835s
2024-08-31 14:49:59.425 62068 INFO tempest.lib.common.rest_client [req-a72f6530-4530-4293-80e8-b1e29ead0981 req-a72f6530-4530-4293-80e8-b1e29ead0981 ] Request (ListImageFiltersTestJSON:setUpClass): 200 GET http://10.180.1.21/compute/v2.1/servers/b76e261a-168b-4cd4-b6a1-cde7d9265e94 0.797s
2024-08-31 14:49:59.445 62084 INFO tempest.lib.common.rest_client [req-762a65a9-c6d9-48f4-b5c2-fdfda8fd4929 req-762a65a9-c6d9-48f4-b5c2-fdfda8fd4929 ] Request (MigrationsAdminTest:test_resize_server_revert_deleted_flavor): 200 GET http://10.180.1.21/compute/v2.1/servers/09f88f40-bf2b-4aee-910d-e41756344d46 0.614s
2024-08-31 14:49:59.547 62078 INFO tempest.lib.common.rest_client [req-d9c69985-c72a-49c0-8dfd-21a4e568f381 req-d9c69985-c72a-49c0-8dfd-21a4e568f381 ] Request (ServerDiagnosticsTest:tearDownClass): 200 GET http://10.180.1.21/compute/v2.1/servers/d01c66e6-dc29-4b26-be14-e1f2659bdc77 0.597s
2024-08-31 14:49:59.565 62088 INFO tempest.lib.common.rest_client [req-7aea88ef-01b3-4ebc-89c0-008688603902 req-7aea88ef-01b3-4ebc-89c0-008688603902 ] Request (ServersAdmin275Test:tearDownClass): 200 GET http://10.180.1.21/compute/v2.1/servers/17c8e13d-2627-4cf8-ac1d-a884f0ebd298 0.546s
2024-08-31 14:49:59.653 62066 INFO tempest.lib.common.rest_client [req-f0ecf9ef-5ea5-47d9-91f8-f49c7d49f798 req-f0ecf9ef-5ea5-47d9-91f8-f49c7d49f798 ] Request (ServersTestManualDisk:setUpClass): 200 GET http://10.180.1.21/compute/v2.1/servers/551cb81f-8159-49c9-996f-f07ec5dd4def 0.570s
2024-08-31 14:49:59.661 62066 INFO tempest.common.waiters [-] State transition "BUILD/None" ==> "BUILD/networking" after 52 second wait
2024-08-31 14:49:59.738 62108 INFO tempest.lib.common.rest_client [req-b0195e13-c881-4ed1-af08-586689816b10 req-b0195e13-c881-4ed1-af08-586689816b10 ] Request (SecurityGroupsTestJSON:setUpClass): 200 PUT http://10.180.1.21:9696/networking/v2.0/routers/bcf07e7f-a95f-4c52-bf44-be7a35644bf3/add_router_interface 1.037s
2024-08-31 14:49:59.738 62108 INFO tempest.lib.common.dynamic_creds [-] Created isolated network resources for: credentials: Credentials: {'domain_id': 'default', 'domain_name': 'Default', 'username': 'tempest-SecurityGroupsTestJSON-1740253788-project-member', 'project_domain_id': 'default', 'project_domain_name': 'Default', 'project_id': 'f15158ad47af467e9bfae4824bdba271', 'project_name': 'tempest-SecurityGroupsTestJSON-1740253788', 'tenant_id': 'f15158ad47af467e9bfae4824bdba271', 'tenant_name': 'tempest-SecurityGroupsTestJSON-1740253788', 'user_domain_id': 'default', 'user_domain_name': 'Default', 'user_id': 'fe1dbc185dd34f8085a4dce9524238ba', 'system': None}, Network: {'id': '22cdaabc-d96b-4eea-8334-a2bdd64dba50', 'name': 'tempest-SecurityGroupsTestJSON-1924212023-network', 'tenant_id': 'f15158ad47af467e9bfae4824bdba271', 'admin_state_up': True, 'mtu': 8950, 'status': 'ACTIVE', 'subnets': [], 'shared': False, 'project_id': 'f15158ad47af467e9bfae4824bdba271', 'port_security_enabled': True, 'router:external': False, 'provider:network_type': 'vlan', 'provider:physical_network': 'default', 'provider:segmentation_id': 855, 'is_default': False, 'availability_zone_hints': [], 'availability_zones': [], 'ipv4_address_scope': None, 'ipv6_address_scope': None, 'description': '', 'tags': [], 'created_at': '2024-08-31T14:49:56Z', 'updated_at': '2024-08-31T14:49:56Z', 'revision_number': 1}, Subnet: {'id': '5c6f214a-9896-4abc-8e06-af65ab2bf1de', 'name': 'tempest-SecurityGroupsTestJSON-1924212023-subnet', 'tenant_id': 'f15158ad47af467e9bfae4824bdba271', 'network_id': '22cdaabc-d96b-4eea-8334-a2bdd64dba50', 'ip_version': 4, 'subnetpool_id': None, 'enable_dhcp': True, 'ipv6_ra_mode': None, 'ipv6_address_mode': None, 'gateway_ip': '192.168.128.1', 'cidr': '192.168.128.0/28', 'allocation_pools': [{'start': '192.168.128.2', 'end': '192.168.128.14'}], 'host_routes': [], 'dns_nameservers': [], 'description': '', 'router:external': False, 'service_types': [], 'tags': [], 'created_at': '2024-08-31T14:49:56Z', 'updated_at': '2024-08-31T14:49:56Z', 'revision_number': 0, 'project_id': 'f15158ad47af467e9bfae4824bdba271'}, Router: {'id': 'bcf07e7f-a95f-4c52-bf44-be7a35644bf3', 'name': 'tempest-SecurityGroupsTestJSON-1924212023-router', 'tenant_id': 'f15158ad47af467e9bfae4824bdba271', 'admin_state_up': True, 'status': 'ACTIVE', 'external_gateway_info': {'network_id': '68738769-708c-46d7-8eb8-c7e9040e44d9', 'external_fixed_ips': [{'subnet_id': '510e03a9-f019-44dc-b87f-5c3188bf978e', 'ip_address': '10.180.180.150'}], 'enable_snat': True}, 'description': '', 'availability_zones': [], 'distributed': False, 'ha': False, 'availability_zone_hints': [], 'routes': [], 'flavor_id': None, 'tags': [], 'created_at': '2024-08-31T14:49:57Z', 'updated_at': '2024-08-31T14:49:58Z', 'revision_number': 2, 'project_id': 'f15158ad47af467e9bfae4824bdba271'}
2024-08-31 14:49:59.992 62108 INFO tempest.lib.common.rest_client [req-7e4e70bf-5340-4554-8729-439d58c6bd51 req-7e4e70bf-5340-4554-8729-439d58c6bd51 ] Request (SecurityGroupsTestJSON:setUpClass): 201 POST http://10.180.1.21/identity/v3/auth/tokens 0.251s
2024-08-31 14:50:00.015 62086 INFO tempest.lib.common.rest_client [req-543c9ff6-0550-444b-b317-bdb487426db9 req-543c9ff6-0550-444b-b317-bdb487426db9 ] Request (ServerRescueNegativeTestJSON:test_rescued_vm_attach_volume): 200 GET http://10.180.1.21/compute/v2.1/servers/89753659-5ebf-4341-a41f-944bdf65b946 0.933s
2024-08-31 14:50:00.123 62096 INFO tempest.lib.common.rest_client [req-aea1ed06-9ed6-4da4-948d-a2db92e1899d req-aea1ed06-9ed6-4da4-948d-a2db92e1899d ] Request (AttachVolumeNegativeTest:test_attach_attached_volume_to_different_server): 200 GET http://10.180.1.21/compute/v2.1/servers/3d5aca3b-01b0-423c-87b2-ad5c4496ed24 0.836s
2024-08-31 14:50:00.207 62076 INFO tempest.lib.common.rest_client [req-51af9ec7-711e-4821-a9ca-5f9cb626fc89 req-51af9ec7-711e-4821-a9ca-5f9cb626fc89 ] Request (ServerMetadataNegativeTestJSON:setUpClass): 200 GET http://10.180.1.21/compute/v2.1/servers/a66269eb-3a56-431b-8511-919cc07707a6 0.805s
2024-08-31 14:50:00.274 62112 INFO tempest.lib.common.rest_client [req-638c3289-5267-411d-bd81-beca744528d4 req-638c3289-5267-411d-bd81-beca744528d4 ] Request (AttachInterfacesV270Test:test_create_get_list_interfaces): 200 GET http://10.180.1.21/compute/v2.1/servers/d493a127-b59c-4ede-9674-17fa6773bb87 0.870s
2024-08-31 14:50:00.302 62094 INFO tempest.lib.common.rest_client [req-07129928-b06c-452c-bd87-17e4db43be17 req-07129928-b06c-452c-bd87-17e4db43be17 ] Request (DeleteServersTestJSON:test_delete_active_server): 200 GET http://10.180.1.21/compute/v2.1/servers/4caa03df-f37e-4419-bd65-e227920033aa 1.015s
2024-08-31 14:50:00.309 62094 INFO tempest.common.waiters [-] State transition "BUILD/spawning" ==> "ACTIVE/None" after 66 second wait
2024-08-31 14:50:00.346 62092 INFO tempest.lib.common.rest_client [req-47fc78cb-0b1a-4eba-a1c9-2aecfc4d7d85 req-47fc78cb-0b1a-4eba-a1c9-2aecfc4d7d85 ] Request (DeleteServersAdminTestJSON:test_delete_server_while_in_error_state): 200 GET http://10.180.1.21/compute/v2.1/servers/6caad1ee-e963-4842-b0d0-5ba0a1876cf7 0.861s
2024-08-31 14:50:00.382 62100 INFO tempest.lib.common.rest_client [req-4409da82-faf9-48ca-a82a-1bd640f793a6 req-4409da82-faf9-48ca-a82a-1bd640f793a6 ] Request (ServersTestBootFromVolume:setUpClass): 200 GET http://10.180.1.21/compute/v2.1/servers/96a70cc2-4ef0-4425-a719-d98a3e6c46e3 0.822s
2024-08-31 14:50:00.406 62056 INFO tempest.lib.common.rest_client [req-f6554943-c152-45c0-bf86-6167d1fd877e req-f6554943-c152-45c0-bf86-6167d1fd877e ] Request (ServersAdminTestJSON:test_create_server_with_scheduling_hint): 200 GET http://10.180.1.21/compute/v2.1/servers/d98ec37f-a14f-43f4-a266-081272ef496c 0.766s
2024-08-31 14:50:00.580 62106 INFO tempest.lib.common.rest_client [req-6d5f569e-d866-4534-a874-499807fbfb39 req-6d5f569e-d866-4534-a874-499807fbfb39 ] Request (ServersAdminNegativeTestJSON:test_migrate_server_invalid_state): 200 GET http://10.180.1.21/compute/v2.1/servers/e33dea80-93f3-4f6b-a308-97f1b484d31e 0.651s
2024-08-31 14:50:00.588 62098 INFO tempest.lib.common.rest_client [req-120ae909-f0f8-4487-878a-e9b341d25bec req-120ae909-f0f8-4487-878a-e9b341d25bec ] Request (VolumesAdminNegativeTest:test_update_attached_volume_with_nonexistent_volume_in_body): 200 GET http://10.180.1.21/compute/v2.1/servers/5ee9d85e-62fd-4dbf-9aa4-5806f6bc002c 0.696s
2024-08-31 14:50:00.589 62106 INFO tempest.common.waiters [-] State transition "ACTIVE/suspending" ==> "SUSPENDED/None" after 2 second wait
2024-08-31 14:50:00.641 62090 INFO tempest.lib.common.rest_client [req-1544f9f5-1e81-401e-a434-d5fadf39af56 req-1544f9f5-1e81-401e-a434-d5fadf39af56 ] Request (ServerActionsTestOtherA:setUpClass): 200 GET http://10.180.1.21/compute/v2.1/servers/70434f3d-1580-4a02-bdf6-2cf838361c86 0.666s
2024-08-31 14:50:00.715 62064 INFO tempest.lib.common.rest_client [req-4c40dc0d-a30d-4950-a5ce-bb2b10be2dd8 req-4c40dc0d-a30d-4950-a5ce-bb2b10be2dd8 ] Request (ServersWithSpecificFlavorTestJSON:test_verify_created_server_ephemeral_disk): 200 GET http://10.180.1.21/compute/v2.1/servers/4637ca18-1c94-4669-8c65-8931248a2597 0.720s
2024-08-31 14:50:00.774 62072 INFO tempest.lib.common.rest_client [req-03431d19-3b6c-407d-b739-f02f9b450c0a req-03431d19-3b6c-407d-b739-f02f9b450c0a ] Request (ServerDiskConfigTestJSON:test_rebuild_server_with_manual_disk_config): 200 GET http://10.180.1.21/compute/v2.1/servers/2c15bd26-1c65-4b9e-90c0-bdfff3a9e344 0.729s
2024-08-31 14:50:00.830 62080 INFO tempest.lib.common.rest_client [req-515c69ef-4979-43a5-85ba-a7565db770d7 req-515c69ef-4979-43a5-85ba-a7565db770d7 ] Request (MultipleCreateTestJSON:test_multiple_create): 200 GET http://10.180.1.21/compute/v2.1/servers/67d6614c-376c-4c26-9ea5-3c426040dde6 0.738s
2024-08-31 14:50:00.881 62104 INFO tempest.lib.common.rest_client [req-727964f1-43bb-4626-830a-84cd3026322b req-727964f1-43bb-4626-830a-84cd3026322b ] Request (ImagesTestJSON:test_create_image_from_stopped_server): 200 GET http://10.180.1.21/compute/v2.1/images/44b756fc-4727-41d8-b4ba-8e06f4e5425c 0.674s
2024-08-31 14:50:00.928 62108 INFO tempest.lib.common.rest_client [req-6e2031a3-51fb-4332-b224-0f2d51d904ff req-6e2031a3-51fb-4332-b224-0f2d51d904ff ] Request (SecurityGroupsTestJSON:test_list_security_groups_by_server): 200 POST http://10.180.1.21/compute/v2.1/os-security-groups 0.934s
2024-08-31 14:50:00.991 62058 INFO tempest.lib.common.rest_client [req-43daa36c-e414-45b4-84a6-876d8053a907 req-43daa36c-e414-45b4-84a6-876d8053a907 ] Request (ImagesOneServerNegativeTestJSON:_run_cleanups): 200 GET http://10.180.1.21/compute/v2.1/servers/0ef99f40-9530-4c9e-b464-c0b79177a120 0.729s
2024-08-31 14:50:01.007 62082 INFO tempest.lib.common.rest_client [req-303a8034-7c92-4cfd-a09b-94c8b723f88f req-303a8034-7c92-4cfd-a09b-94c8b723f88f ] Request (ListServersNegativeTestJSON:tearDownClass): 200 GET http://10.180.1.21/compute/v2.1/servers/769cb2b3-40fc-49c1-a796-b33351fce9f2 0.734s
2024-08-31 14:50:01.081 62116 INFO tempest.lib.common.rest_client [req-f594c7ef-ef70-43df-8906-838449bf6dcc req-f594c7ef-ef70-43df-8906-838449bf6dcc ] Request (ServerDiagnosticsV248Test:tearDownClass): 200 GET http://10.180.1.21/compute/v2.1/servers/e8b25612-55a4-487f-addf-dbf9a912a705 0.735s
2024-08-31 14:50:01.093 62094 INFO tempest.lib.common.rest_client [req-59d24f8f-6579-45a1-888d-fb2059411134 req-59d24f8f-6579-45a1-888d-fb2059411134 ] Request (DeleteServersTestJSON:test_delete_active_server): 204 DELETE http://10.180.1.21/compute/v2.1/servers/4caa03df-f37e-4419-bd65-e227920033aa 0.784s
2024-08-31 14:50:01.152 62070 INFO tempest.lib.common.rest_client [req-544a107d-a43e-44f9-9a59-bee4a9a90d5a req-544a107d-a43e-44f9-9a59-bee4a9a90d5a ] Request (ImagesNegativeTestJSON:test_create_image_from_deleted_server): 200 GET http://10.180.1.21/compute/v2.1/servers/87d0bfe9-aef3-43f3-a39d-9e0ce2e47594 0.802s
2024-08-31 14:50:01.152 62110 INFO tempest.lib.common.rest_client [req-c24ebad3-12a0-4492-881a-fb08d3432860 req-c24ebad3-12a0-4492-881a-fb08d3432860 ] Request (ServerGroupTestJSON:test_create_server_with_scheduler_hint_group): 200 GET http://10.180.1.21/compute/v2.1/servers/28949351-ed8f-4098-8bba-9840718cc50d 0.765s
2024-08-31 14:50:01.224 62084 INFO tempest.lib.common.rest_client [req-99ae2615-514c-47fb-8ae1-a6fa17f3df94 req-99ae2615-514c-47fb-8ae1-a6fa17f3df94 ] Request (MigrationsAdminTest:test_resize_server_revert_deleted_flavor): 200 GET http://10.180.1.21/compute/v2.1/servers/09f88f40-bf2b-4aee-910d-e41756344d46 0.771s
2024-08-31 14:50:01.226 62068 INFO tempest.lib.common.rest_client [req-26a954c4-da4b-4328-a62e-9128020187b7 req-26a954c4-da4b-4328-a62e-9128020187b7 ] Request (ListImageFiltersTestJSON:setUpClass): 200 GET http://10.180.1.21/compute/v2.1/servers/b76e261a-168b-4cd4-b6a1-cde7d9265e94 0.789s
2024-08-31 14:50:01.287 62078 INFO tempest.lib.common.rest_client [req-624fead3-e34b-41ef-bad1-01b336c646f3 req-624fead3-e34b-41ef-bad1-01b336c646f3 ] Request (ServerDiagnosticsTest:tearDownClass): 200 GET http://10.180.1.21/compute/v2.1/servers/d01c66e6-dc29-4b26-be14-e1f2659bdc77 0.730s
2024-08-31 14:50:01.312 62088 INFO tempest.lib.common.rest_client [req-fea74f68-648b-4b8d-9ecf-ab8370ab6686 req-fea74f68-648b-4b8d-9ecf-ab8370ab6686 ] Request (ServersAdmin275Test:tearDownClass): 200 GET http://10.180.1.21/compute/v2.1/servers/17c8e13d-2627-4cf8-ac1d-a884f0ebd298 0.734s
2024-08-31 14:50:01.399 62118 WARNING tempest.lib.common.ssh [-] Failed to establish authenticated ssh connection to cirros@10.180.180.143 ([Errno None] Unable to connect to port 22 on 10.180.180.143). Number attempts: 3. Retry after 4 seconds.: paramiko.ssh_exception.NoValidConnectionsError: [Errno None] Unable to connect to port 22 on 10.180.180.143
2024-08-31 14:50:01.400 62106 INFO tempest.lib.common.rest_client [req-f763f599-4bc0-4075-a051-8a2f4e3ce7a3 req-f763f599-4bc0-4075-a051-8a2f4e3ce7a3 ] Request (ServersAdminNegativeTestJSON:test_migrate_server_invalid_state): 409 POST http://10.180.1.21/compute/v2.1/servers/e33dea80-93f3-4f6b-a308-97f1b484d31e/action 0.811s
2024-08-31 14:50:01.776 62108 INFO tempest.lib.common.rest_client [req-987346fc-703d-4e6b-8fe7-92aa9294703e req-987346fc-703d-4e6b-8fe7-92aa9294703e ] Request (SecurityGroupsTestJSON:test_list_security_groups_by_server): 200 POST http://10.180.1.21/compute/v2.1/os-security-groups 0.844s
2024-08-31 14:50:01.792 62066 INFO tempest.lib.common.rest_client [req-1b8f53c4-f237-4867-8dad-da0e7b7a5e06 req-1b8f53c4-f237-4867-8dad-da0e7b7a5e06 ] Request (ServersTestManualDisk:setUpClass): 200 GET http://10.180.1.21/compute/v2.1/servers/551cb81f-8159-49c9-996f-f07ec5dd4def 1.129s
2024-08-31 14:50:01.800 62066 INFO tempest.common.waiters [-] State transition "BUILD/networking" ==> "BUILD/spawning" after 54 second wait
2024-08-31 14:50:01.835 62108 INFO tempest.lib.common.rest_client [req-015ed2da-33f3-4dcb-9ebe-060dadec2127 req-015ed2da-33f3-4dcb-9ebe-060dadec2127 ] Request (SecurityGroupsTestJSON:test_list_security_groups_by_server): 201 POST http://10.180.1.21/identity/v3/auth/tokens 0.048s
2024-08-31 14:50:01.835 62108 INFO tempest.lib.common.fixed_network [-] (SecurityGroupsTestJSON:test_list_security_groups_by_server) Found network {'id': '22cdaabc-d96b-4eea-8334-a2bdd64dba50', 'name': 'tempest-SecurityGroupsTestJSON-1924212023-network', 'tenant_id': 'f15158ad47af467e9bfae4824bdba271', 'admin_state_up': True, 'mtu': 8950, 'status': 'ACTIVE', 'subnets': [], 'shared': False, 'project_id': 'f15158ad47af467e9bfae4824bdba271', 'port_security_enabled': True, 'router:external': False, 'provider:network_type': 'vlan', 'provider:physical_network': 'default', 'provider:segmentation_id': 855, 'is_default': False, 'availability_zone_hints': [], 'availability_zones': [], 'ipv4_address_scope': None, 'ipv6_address_scope': None, 'description': '', 'tags': [], 'created_at': '2024-08-31T14:49:56Z', 'updated_at': '2024-08-31T14:49:56Z', 'revision_number': 1} available for tenant
