2024-10-03 02:55:06.053 63815 INFO tempest.lib.common.rest_client [req-370dac98-d3ae-4d3b-b3d1-2a679ef59c71 req-370dac98-d3ae-4d3b-b3d1-2a679ef59c71 ] Request (ServersAdmin275Test:tearDownClass): 200 GET http://10.180.1.21/compute/v2.1/servers/93b28142-8454-43c0-b0a7-d61aa95c8fc8 0.407s
2024-10-03 02:55:06.076 63763 INFO tempest.lib.common.rest_client [req-4ced24be-3816-47c0-b9e2-be639def2b44 req-4ced24be-3816-47c0-b9e2-be639def2b44 ] Request (FloatingIPsAssociationTestJSON:setUpClass): 200 GET http://10.180.1.21/compute/v2.1/servers/2728c9f9-0d03-4313-ba2a-3dc22aff8538 0.391s
2024-10-03 02:55:06.127 63789 INFO tempest.lib.common.rest_client [req-fbce39d4-fe5a-4d90-b5b0-547558323d82 req-fbce39d4-fe5a-4d90-b5b0-547558323d82 ] Request (ServerRescueTestJSON:setUpClass): 200 GET http://10.180.1.21/compute/v2.1/servers/7f49d79e-3bda-4949-a976-7e3e6513b2c7 0.388s
2024-10-03 02:55:06.185 63791 INFO tempest.lib.common.rest_client [req-a14d9dcf-c2ec-436a-87fd-c2ac7a383453 req-a14d9dcf-c2ec-436a-87fd-c2ac7a383453 ] Request (DeleteServersTestJSON:test_delete_active_server): 200 GET http://10.180.1.21/compute/v2.1/servers/3ad04a9f-62cf-4b1c-aab2-7dc4a219edc6 0.401s
2024-10-03 02:55:06.287 63779 INFO tempest.lib.common.rest_client [req-553e5398-d26e-4f1d-93e2-3fb24a028e64 req-553e5398-d26e-4f1d-93e2-3fb24a028e64 ] Request (ServerPasswordTestJSON:setUpClass): 200 GET http://10.180.1.21/compute/v2.1/servers/07499601-62bc-4c31-b295-23f34a6e2e91 0.596s
2024-10-03 02:55:06.346 63793 INFO tempest.lib.common.rest_client [req-c9b0bbe2-8a37-4056-a43b-1a5d6b77f0e2 req-c9b0bbe2-8a37-4056-a43b-1a5d6b77f0e2 ] Request (ServersV294TestFqdnHostnames:setUpClass): 200 GET http://10.180.1.21/compute/v2.1/servers/396e49dd-48c0-496b-a1ec-190c33a22c5e 0.129s
2024-10-03 02:55:06.398 63805 INFO tempest.lib.common.rest_client [req-f567afbf-c303-4e50-ae1b-4c39bd8cb869 req-f567afbf-c303-4e50-ae1b-4c39bd8cb869 ] Request (ImagesTestJSON:test_create_image_from_stopped_server): 200 GET http://10.180.1.21/compute/v2.1/servers/02ffb723-d6df-42cb-93c5-d582705d1e03 0.121s
2024-10-03 02:55:06.448 63811 INFO tempest.lib.common.rest_client [req-2ab54843-5d31-490f-bb84-c24e3da1714f req-2ab54843-5d31-490f-bb84-c24e3da1714f ] Request (ServerDiskConfigTestJSON:test_rebuild_server_with_auto_disk_config): 200 GET http://10.180.1.21/compute/v2.1/servers/b53754b1-ec31-4dc3-a839-771f71affe1e 0.120s
2024-10-03 02:55:06.501 63771 INFO tempest.lib.common.rest_client [req-0ce47f6a-539d-47e6-a9f5-5b6521659487 req-0ce47f6a-539d-47e6-a9f5-5b6521659487 ] Request (ServerDiagnosticsTest:test_get_server_diagnostics): 200 GET http://10.180.1.21/compute/v2.1/servers/4ad5440f-cd18-44c5-8836-0aa39824cf03 0.115s
2024-10-03 02:55:06.554 63769 INFO tempest.lib.common.rest_client [req-0096fc9e-56a2-47cf-afd1-eb13ec574084 req-0096fc9e-56a2-47cf-afd1-eb13ec574084 ] Request (VolumesAssistedSnapshotsTest:test_volume_assisted_snapshot_create_delete): 200 GET http://10.180.1.21/compute/v2.1/servers/db682708-36fa-4126-a848-bfb609df96d7 0.116s
2024-10-03 02:55:06.599 63781 INFO tempest.lib.common.rest_client [req-eab0daea-8bd5-4d7c-b51c-982bdbfcdd94 req-eab0daea-8bd5-4d7c-b51c-982bdbfcdd94 ] Request (VolumesAdminNegativeTest:test_update_attached_volume_with_nonexistent_volume_in_uri): 200 GET http://10.180.1.21/compute/v2.1/servers/4087b2c4-6ed1-4b68-8b78-a36e34d935b1 0.109s
2024-10-03 02:55:06.657 63797 INFO tempest.lib.common.rest_client [req-d191003f-f222-4b4c-84b1-9ed6423e8820 req-d191003f-f222-4b4c-84b1-9ed6423e8820 ] Request (ListImageFiltersTestJSON:setUpClass): 200 GET http://10.180.1.21/compute/v2.1/servers/ab1539ba-33a4-4139-a2f3-1f8c507beede 0.159s
2024-10-03 02:55:06.658 63775 INFO tempest.lib.common.rest_client [req-f13f566e-2b9e-46de-a9c8-30f44f9217d4 req-f13f566e-2b9e-46de-a9c8-30f44f9217d4 ] Request (FloatingIPDetailsTestJSON:_run_cleanups): 202 DELETE http://10.180.1.21/compute/v2.1/os-floating-ips/8304fc74-fecc-471a-b39b-114964045140 0.762s
2024-10-03 02:55:06.701 63809 INFO tempest.lib.common.rest_client [req-6bc96536-7a6b-4518-b7a2-586e1abc9864 req-6bc96536-7a6b-4518-b7a2-586e1abc9864 ] Request (ServersTestFqdnHostnames:test_create_server_with_fqdn_name): 200 GET http://10.180.1.21/compute/v2.1/servers/b84c6c8d-e358-4a14-8425-c4f1d8adf4ee 0.168s
2024-10-03 02:55:06.711 63783 INFO tempest.lib.common.rest_client [req-94800a3f-57c8-4a42-8794-dca7e5254b89 req-94800a3f-57c8-4a42-8794-dca7e5254b89 ] Request (ImagesNegativeTestJSON:test_create_image_from_deleted_server): 200 GET http://10.180.1.21/compute/v2.1/servers/d5f988f2-765b-4ecf-bad5-4a70fc95d74c 0.157s
2024-10-03 02:55:06.744 63761 INFO tempest.lib.common.rest_client [req-881ea0a0-9a0d-4955-8253-a006bc2fa3b8 req-881ea0a0-9a0d-4955-8253-a006bc2fa3b8 ] Request (AttachInterfacesUnderV243Test:test_add_remove_fixed_ip): 200 GET http://10.180.1.21/compute/v2.1/servers/b911a5b5-9617-4fb3-9b5e-fb8c492e4931 0.161s
2024-10-03 02:55:06.758 63767 INFO tempest.lib.common.rest_client [req-29ea8773-76f0-4913-92ae-ede51ef4a686 req-29ea8773-76f0-4913-92ae-ede51ef4a686 ] Request (ServersAdminNegativeTestJSON:setUpClass): 200 GET http://10.180.1.21/compute/v2.1/servers/5b42f744-fdd6-45b1-8563-896869648c23 0.130s
2024-10-03 02:55:06.810 63775 INFO tempest.lib.common.rest_client [req-e87c61f3-1994-4eb2-9603-b0efcfed2a1a req-e87c61f3-1994-4eb2-9603-b0efcfed2a1a ] Request (FloatingIPDetailsTestJSON:test_list_floating_ips): 200 GET http://10.180.1.21/compute/v2.1/os-floating-ips 0.150s
2024-10-03 02:55:06.813 63759 INFO tempest.lib.common.rest_client [req-b4d8ae06-4955-430e-b695-8b67504ecafb req-b4d8ae06-4955-430e-b695-8b67504ecafb ] Request (AttachVolumeShelveTestJSON:test_attach_volume_shelved_or_offload_server): 200 GET http://10.180.1.21/compute/v2.1/servers/87c468d9-9594-4804-b461-527f01f6118f 0.151s
2024-10-03 02:55:06.855 63787 INFO tempest.lib.common.rest_client [req-b7143021-62d9-4482-a3cf-38becd4dd905 req-b7143021-62d9-4482-a3cf-38becd4dd905 ] Request (SecurityGroupsTestJSON:test_list_security_groups_by_server): 200 GET http://10.180.1.21/compute/v2.1/servers/8b65c223-03a8-41e0-917e-45dd76b6e57f 0.103s
2024-10-03 02:55:07.052 63807 INFO tempest.lib.common.rest_client [req-24e12dce-9941-4063-9228-80b1ea0084c4 req-24e12dce-9941-4063-9228-80b1ea0084c4 ] Request (ServerAddressesTestJSON:setUpClass): 200 GET http://10.180.1.21/compute/v2.1/servers/7fee0afb-88c9-4e93-a4d9-94312394f927 0.265s
2024-10-03 02:55:07.058 63807 INFO tempest.common.waiters [-] State transition "BUILD/block_device_mapping" ==> "BUILD/spawning" after 47 second wait
2024-10-03 02:55:07.106 63801 INFO tempest.lib.common.rest_client [req-44a469af-d4f9-4a29-9e56-a54ba8521a88 req-44a469af-d4f9-4a29-9e56-a54ba8521a88 ] Request (DeleteServersAdminTestJSON:test_delete_server_while_in_error_state): 200 GET http://10.180.1.21/compute/v2.1/servers/ae5c6e69-a885-48e3-9c9e-017f33430edd 0.291s
2024-10-03 02:55:07.129 63775 INFO tempest.lib.common.rest_client [req-9af4834f-c4ad-46b7-90ca-643578143f51 req-9af4834f-c4ad-46b7-90ca-643578143f51 ] Request (FloatingIPDetailsTestJSON:tearDownClass): 202 DELETE http://10.180.1.21/compute/v2.1/os-floating-ips/d6ed595c-d462-4422-8af8-5f3b0f6e8fe5 0.316s
2024-10-03 02:55:07.170 63813 INFO tempest.lib.common.rest_client [req-ad063503-b392-4489-9ea0-4ffbeb35c823 req-ad063503-b392-4489-9ea0-4ffbeb35c823 ] Request (ServersTestBootFromVolume:setUpClass): 200 GET http://10.180.1.21/compute/v2.1/servers/90f4930b-aaa0-4c4b-9ab8-92aed45e200b 0.332s
2024-10-03 02:55:07.186 63755 INFO tempest.lib.common.rest_client [req-f72e1243-8f80-4f4d-96c2-3a4573594de0 req-f72e1243-8f80-4f4d-96c2-3a4573594de0 ] Request (AttachInterfacesV270Test:test_create_get_list_interfaces): 200 GET http://10.180.1.21/compute/v2.1/servers/6876f61c-2315-4e49-9944-4a5caddede5b 0.302s
2024-10-03 02:55:07.227 63795 INFO tempest.lib.common.rest_client [req-4d052fc3-07fe-4e38-a623-14fd4db480ad req-4d052fc3-07fe-4e38-a623-14fd4db480ad ] Request (ServerAddressesNegativeTestJSON:setUpClass): 200 GET http://10.180.1.21/compute/v2.1/servers/5b201ab6-c7ec-4a5c-a310-982649f34be4 0.280s
2024-10-03 02:55:07.236 63753 INFO tempest.lib.common.rest_client [req-02dc8315-a86e-4e87-960e-7309e1e2f096 req-02dc8315-a86e-4e87-960e-7309e1e2f096 ] Request (MigrationsAdminTest:test_resize_server_revert_deleted_flavor): 200 GET http://10.180.1.21/compute/v2.1/servers/f1d01b75-ac9d-458d-8cc2-ae64cffca4e8 0.297s
2024-10-03 02:55:07.271 63773 INFO tempest.lib.common.rest_client [req-673a4df1-f8bf-433e-bb9a-d4fab86e8d5f req-673a4df1-f8bf-433e-bb9a-d4fab86e8d5f ] Request (ServersWithSpecificFlavorTestJSON:test_verify_created_server_ephemeral_disk): 200 GET http://10.180.1.21/compute/v2.1/servers/ebc737a3-e6cd-4f4c-a4b6-fce5924de4c6 0.285s
2024-10-03 02:55:07.278 63757 INFO tempest.lib.common.rest_client [req-da2c7b5c-93ae-431e-b3e8-48655f32773e req-da2c7b5c-93ae-431e-b3e8-48655f32773e ] Request (ServerActionsTestJSON:setUpClass): 200 GET http://10.180.1.21/compute/v2.1/servers/005f45b3-630d-400f-9605-100f6aad88e6 0.270s
2024-10-03 02:55:07.315 63803 INFO tempest.lib.common.rest_client [req-67fa5a0a-e2c3-41a2-826b-e9891e6e8f39 req-67fa5a0a-e2c3-41a2-826b-e9891e6e8f39 ] Request (ImagesOneServerNegativeTestJSON:setUpClass): 200 GET http://10.180.1.21/compute/v2.1/servers/bbce1137-d691-4633-87ff-f9f4ea257ed7 0.276s
2024-10-03 02:55:07.333 63815 INFO tempest.lib.common.rest_client [req-46d8d49d-e82e-4730-8353-54214eee5c76 req-46d8d49d-e82e-4730-8353-54214eee5c76 ] Request (ServersAdmin275Test:tearDownClass): 200 GET http://10.180.1.21/compute/v2.1/servers/93b28142-8454-43c0-b0a7-d61aa95c8fc8 0.270s
2024-10-03 02:55:07.342 63815 INFO tempest.common.waiters [-] State transition "ACTIVE/deleting" ==> "DELETED/None" after 5 second wait
2024-10-03 02:55:07.358 63763 INFO tempest.lib.common.rest_client [req-5d26e49e-a8e6-48f1-a4a0-e9c3e5595926 req-5d26e49e-a8e6-48f1-a4a0-e9c3e5595926 ] Request (FloatingIPsAssociationTestJSON:setUpClass): 200 GET http://10.180.1.21/compute/v2.1/servers/2728c9f9-0d03-4313-ba2a-3dc22aff8538 0.275s
2024-10-03 02:55:07.400 63789 INFO tempest.lib.common.rest_client [req-832db0d6-f5f0-426c-9443-281f34e0d167 req-832db0d6-f5f0-426c-9443-281f34e0d167 ] Request (ServerRescueTestJSON:setUpClass): 200 GET http://10.180.1.21/compute/v2.1/servers/7f49d79e-3bda-4949-a976-7e3e6513b2c7 0.264s
2024-10-03 02:55:07.442 63791 INFO tempest.lib.common.rest_client [req-178d7846-437e-4a56-a035-bdc5d8a17e2b req-178d7846-437e-4a56-a035-bdc5d8a17e2b ] Request (DeleteServersTestJSON:test_delete_active_server): 200 GET http://10.180.1.21/compute/v2.1/servers/3ad04a9f-62cf-4b1c-aab2-7dc4a219edc6 0.250s
2024-10-03 02:55:07.484 63779 INFO tempest.lib.common.rest_client [req-4f2adce9-ac87-4232-93cc-abb1cf8fe7b6 req-4f2adce9-ac87-4232-93cc-abb1cf8fe7b6 ] Request (ServerPasswordTestJSON:setUpClass): 200 GET http://10.180.1.21/compute/v2.1/servers/07499601-62bc-4c31-b295-23f34a6e2e91 0.187s
2024-10-03 02:55:07.528 63793 INFO tempest.lib.common.rest_client [req-f388792f-7aeb-489f-bfe8-7e4daea5901a req-f388792f-7aeb-489f-bfe8-7e4daea5901a ] Request (ServersV294TestFqdnHostnames:setUpClass): 200 GET http://10.180.1.21/compute/v2.1/servers/396e49dd-48c0-496b-a1ec-190c33a22c5e 0.172s
2024-10-03 02:55:07.579 63805 INFO tempest.lib.common.rest_client [req-46d5b339-b611-4819-a606-ae927960f462 req-46d5b339-b611-4819-a606-ae927960f462 ] Request (ImagesTestJSON:test_create_image_from_stopped_server): 200 GET http://10.180.1.21/compute/v2.1/servers/02ffb723-d6df-42cb-93c5-d582705d1e03 0.173s
2024-10-03 02:55:07.626 63775 INFO tempest.lib.common.rest_client [req-2bf9da40-aee9-4250-a747-ac9b6140a153 req-2bf9da40-aee9-4250-a747-ac9b6140a153 ] Request (FloatingIPDetailsTestJSON:tearDownClass): 202 DELETE http://10.180.1.21/compute/v2.1/os-floating-ips/a4c3d117-384c-46b4-92f8-bca97df2bbf9 0.496s
2024-10-03 02:55:07.626 63811 INFO tempest.lib.common.rest_client [req-dccc8c27-8523-4de4-ba64-b15e843428a6 req-dccc8c27-8523-4de4-ba64-b15e843428a6 ] Request (ServerDiskConfigTestJSON:test_rebuild_server_with_auto_disk_config): 200 GET http://10.180.1.21/compute/v2.1/servers/b53754b1-ec31-4dc3-a839-771f71affe1e 0.163s
2024-10-03 02:55:07.668 63771 INFO tempest.lib.common.rest_client [req-56e50d8d-bae5-41c6-b9a4-d00e9d15032a req-56e50d8d-bae5-41c6-b9a4-d00e9d15032a ] Request (ServerDiagnosticsTest:test_get_server_diagnostics): 200 GET http://10.180.1.21/compute/v2.1/servers/4ad5440f-cd18-44c5-8836-0aa39824cf03 0.155s
2024-10-03 02:55:07.670 63769 INFO tempest.lib.common.rest_client [req-118c9183-35ee-45d5-a226-fc09b053891f req-118c9183-35ee-45d5-a226-fc09b053891f ] Request (VolumesAssistedSnapshotsTest:test_volume_assisted_snapshot_create_delete): 200 GET http://10.180.1.21/compute/v2.1/servers/db682708-36fa-4126-a848-bfb609df96d7 0.109s
2024-10-03 02:55:07.711 63781 INFO tempest.lib.common.rest_client [req-33fa25e9-44bb-4ba1-9acb-2cc9b54c794f req-33fa25e9-44bb-4ba1-9acb-2cc9b54c794f ] Request (VolumesAdminNegativeTest:test_update_attached_volume_with_nonexistent_volume_in_uri): 200 GET http://10.180.1.21/compute/v2.1/servers/4087b2c4-6ed1-4b68-8b78-a36e34d935b1 0.105s
2024-10-03 02:55:07.765 63797 INFO tempest.lib.common.rest_client [req-e44f201c-ab25-4e5f-9401-56a9a72d1b43 req-e44f201c-ab25-4e5f-9401-56a9a72d1b43 ] Request (ListImageFiltersTestJSON:setUpClass): 200 GET http://10.180.1.21/compute/v2.1/servers/ab1539ba-33a4-4139-a2f3-1f8c507beede 0.101s
2024-10-03 02:55:07.815 63809 INFO tempest.lib.common.rest_client [req-5a987401-66fa-4b2b-b1ba-50d049a13bbd req-5a987401-66fa-4b2b-b1ba-50d049a13bbd ] Request (ServersTestFqdnHostnames:test_create_server_with_fqdn_name): 200 GET http://10.180.1.21/compute/v2.1/servers/b84c6c8d-e358-4a14-8425-c4f1d8adf4ee 0.105s
2024-10-03 02:55:07.866 63783 INFO tempest.lib.common.rest_client [req-7ba91833-59ad-4222-a934-a61163e645a2 req-7ba91833-59ad-4222-a934-a61163e645a2 ] Request (ImagesNegativeTestJSON:test_create_image_from_deleted_server): 200 GET http://10.180.1.21/compute/v2.1/servers/d5f988f2-765b-4ecf-bad5-4a70fc95d74c 0.148s
2024-10-03 02:55:07.910 63761 INFO tempest.lib.common.rest_client [req-79e530b9-0d93-4dd6-af18-3c4d1a009ce1 req-79e530b9-0d93-4dd6-af18-3c4d1a009ce1 ] Request (AttachInterfacesUnderV243Test:test_add_remove_fixed_ip): 200 GET http://10.180.1.21/compute/v2.1/servers/b911a5b5-9617-4fb3-9b5e-fb8c492e4931 0.159s
2024-10-03 02:55:07.952 63775 INFO tempest.lib.common.rest_client [req-0af8cf07-aad9-4e70-b2f4-657492277afb req-0af8cf07-aad9-4e70-b2f4-657492277afb ] Request (FloatingIPDetailsTestJSON:tearDownClass): 202 DELETE http://10.180.1.21/compute/v2.1/os-floating-ips/ae06eae8-9e3b-46aa-8033-19951f785528 0.326s
2024-10-03 02:55:07.963 63767 INFO tempest.lib.common.rest_client [req-b296bdc0-e6d1-4985-8f60-579b50055f83 req-b296bdc0-e6d1-4985-8f60-579b50055f83 ] Request (ServersAdminNegativeTestJSON:setUpClass): 200 GET http://10.180.1.21/compute/v2.1/servers/5b42f744-fdd6-45b1-8563-896869648c23 0.197s
2024-10-03 02:55:08.003 63759 INFO tempest.lib.common.rest_client [req-70b3487c-46ac-4a8e-966b-071dc8c31efa req-70b3487c-46ac-4a8e-966b-071dc8c31efa ] Request (AttachVolumeShelveTestJSON:test_attach_volume_shelved_or_offload_server): 200 GET http://10.180.1.21/compute/v2.1/servers/87c468d9-9594-4804-b461-527f01f6118f 0.182s
2024-10-03 02:55:08.011 63787 INFO tempest.lib.common.rest_client [req-a178051f-060d-4180-82ce-cef0650ce12a req-a178051f-060d-4180-82ce-cef0650ce12a ] Request (SecurityGroupsTestJSON:test_list_security_groups_by_server): 200 GET http://10.180.1.21/compute/v2.1/servers/8b65c223-03a8-41e0-917e-45dd76b6e57f 0.150s
2024-10-03 02:55:08.109 63807 INFO tempest.lib.common.rest_client [req-1729e358-f158-4c91-8b78-5b36a68d0f34 req-1729e358-f158-4c91-8b78-5b36a68d0f34 ] Request (ServerAddressesTestJSON:setUpClass): 200 GET http://10.180.1.21/compute/v2.1/servers/7fee0afb-88c9-4e93-a4d9-94312394f927 0.050s
2024-10-03 02:55:08.236 63813 INFO tempest.lib.common.rest_client [req-ce03d8c9-a74c-4ac3-8121-fcf551a2c7f5 req-ce03d8c9-a74c-4ac3-8121-fcf551a2c7f5 ] Request (ServersTestBootFromVolume:setUpClass): 200 GET http://10.180.1.21/compute/v2.1/servers/90f4930b-aaa0-4c4b-9ab8-92aed45e200b 0.053s
2024-10-03 02:55:08.285 63755 INFO tempest.lib.common.rest_client [req-caa8aefa-5d07-4124-bb17-41fc075bc812 req-caa8aefa-5d07-4124-bb17-41fc075bc812 ] Request (AttachInterfacesV270Test:test_create_get_list_interfaces): 200 GET http://10.180.1.21/compute/v2.1/servers/6876f61c-2315-4e49-9944-4a5caddede5b 0.087s
2024-10-03 02:55:08.310 63801 INFO tempest.lib.common.rest_client [req-42b56072-f143-42d7-a395-72da4dc6bbd4 req-42b56072-f143-42d7-a395-72da4dc6bbd4 ] Request (DeleteServersAdminTestJSON:test_delete_server_while_in_error_state): 200 GET http://10.180.1.21/compute/v2.1/servers/ae5c6e69-a885-48e3-9c9e-017f33430edd 0.196s
2024-10-03 02:55:08.336 63795 INFO tempest.lib.common.rest_client [req-d6ea6355-ef78-45f9-8d6e-edf42d73263c req-d6ea6355-ef78-45f9-8d6e-edf42d73263c ] Request (ServerAddressesNegativeTestJSON:setUpClass): 200 GET http://10.180.1.21/compute/v2.1/servers/5b201ab6-c7ec-4a5c-a310-982649f34be4 0.100s
2024-10-03 02:55:08.367 63753 INFO tempest.lib.common.rest_client [req-fbe6d18e-95a5-4779-8b34-248362a5042a req-fbe6d18e-95a5-4779-8b34-248362a5042a ] Request (MigrationsAdminTest:test_resize_server_revert_deleted_flavor): 200 GET http://10.180.1.21/compute/v2.1/servers/f1d01b75-ac9d-458d-8cc2-ae64cffca4e8 0.124s
2024-10-03 02:55:08.385 63773 INFO tempest.lib.common.rest_client [req-e7e1d6d6-d363-47d9-a9e0-806c7436e0cf req-e7e1d6d6-d363-47d9-a9e0-806c7436e0cf ] Request (ServersWithSpecificFlavorTestJSON:test_verify_created_server_ephemeral_disk): 200 GET http://10.180.1.21/compute/v2.1/servers/ebc737a3-e6cd-4f4c-a4b6-fce5924de4c6 0.108s
2024-10-03 02:55:08.420 63757 INFO tempest.lib.common.rest_client [req-1721267d-38e8-47d8-b0e0-f4613dbd0492 req-1721267d-38e8-47d8-b0e0-f4613dbd0492 ] Request (ServerActionsTestJSON:setUpClass): 200 GET http://10.180.1.21/compute/v2.1/servers/005f45b3-630d-400f-9605-100f6aad88e6 0.135s
2024-10-03 02:55:08.440 63803 INFO tempest.lib.common.rest_client [req-d84b2b41-95a5-45ac-a3b2-765c840f5286 req-d84b2b41-95a5-45ac-a3b2-765c840f5286 ] Request (ImagesOneServerNegativeTestJSON:setUpClass): 200 GET http://10.180.1.21/compute/v2.1/servers/bbce1137-d691-4633-87ff-f9f4ea257ed7 0.115s
2024-10-03 02:55:08.479 63815 INFO tempest.lib.common.rest_client [req-a0fb2a03-329a-4464-b335-750719d1d5b9 req-a0fb2a03-329a-4464-b335-750719d1d5b9 ] Request (ServersAdmin275Test:tearDownClass): 200 GET http://10.180.1.21/compute/v2.1/servers/93b28142-8454-43c0-b0a7-d61aa95c8fc8 0.136s
2024-10-03 02:55:08.485 63763 INFO tempest.lib.common.rest_client [req-b75d340c-f2e5-405e-a4a3-352df079f855 req-b75d340c-f2e5-405e-a4a3-352df079f855 ] Request (FloatingIPsAssociationTestJSON:setUpClass): 200 GET http://10.180.1.21/compute/v2.1/servers/2728c9f9-0d03-4313-ba2a-3dc22aff8538 0.118s
2024-10-03 02:55:08.525 63789 INFO tempest.lib.common.rest_client [req-5410cb43-27dc-40e9-982d-1208249f055f req-5410cb43-27dc-40e9-982d-1208249f055f ] Request (ServerRescueTestJSON:setUpClass): 200 GET http://10.180.1.21/compute/v2.1/servers/7f49d79e-3bda-4949-a976-7e3e6513b2c7 0.118s
2024-10-03 02:55:08.532 63791 INFO tempest.lib.common.rest_client [req-ee1312ae-7bcb-46fa-bf8b-da3447ec0a41 req-ee1312ae-7bcb-46fa-bf8b-da3447ec0a41 ] Request (DeleteServersTestJSON:test_delete_active_server): 200 GET http://10.180.1.21/compute/v2.1/servers/3ad04a9f-62cf-4b1c-aab2-7dc4a219edc6 0.083s
2024-10-03 02:55:08.578 63779 INFO tempest.lib.common.rest_client [req-92e3fb0c-4f06-4ce2-b272-729cdbdeee1c req-92e3fb0c-4f06-4ce2-b272-729cdbdeee1c ] Request (ServerPasswordTestJSON:setUpClass): 200 GET http://10.180.1.21/compute/v2.1/servers/07499601-62bc-4c31-b295-23f34a6e2e91 0.087s
2024-10-03 02:55:08.590 63793 INFO tempest.lib.common.rest_client [req-4bc5ae04-ea85-4980-aa49-362059d69a27 req-4bc5ae04-ea85-4980-aa49-362059d69a27 ] Request (ServersV294TestFqdnHostnames:setUpClass): 200 GET http://10.180.1.21/compute/v2.1/servers/396e49dd-48c0-496b-a1ec-190c33a22c5e 0.052s
2024-10-03 02:55:08.637 63805 INFO tempest.lib.common.rest_client [req-d801ee53-267e-4b92-bdce-979b005ccddf req-d801ee53-267e-4b92-bdce-979b005ccddf ] Request (ImagesTestJSON:test_create_image_from_stopped_server): 200 GET http://10.180.1.21/compute/v2.1/servers/02ffb723-d6df-42cb-93c5-d582705d1e03 0.051s
2024-10-03 02:55:08.687 63811 INFO tempest.lib.common.rest_client [req-bef4f1af-99b7-4bd4-80fb-ef1b33bac1d7 req-bef4f1af-99b7-4bd4-80fb-ef1b33bac1d7 ] Request (ServerDiskConfigTestJSON:test_rebuild_server_with_auto_disk_config): 200 GET http://10.180.1.21/compute/v2.1/servers/b53754b1-ec31-4dc3-a839-771f71affe1e 0.055s
2024-10-03 02:55:08.732 63771 INFO tempest.lib.common.rest_client [req-328185ed-8934-4fb8-8c81-2505f8473b0b req-328185ed-8934-4fb8-8c81-2505f8473b0b ] Request (ServerDiagnosticsTest:test_get_server_diagnostics): 200 GET http://10.180.1.21/compute/v2.1/servers/4ad5440f-cd18-44c5-8836-0aa39824cf03 0.056s
2024-10-03 02:55:08.746 63769 INFO tempest.lib.common.rest_client [req-c671cabd-bd46-4cf6-b21e-bd759d7d31f4 req-c671cabd-bd46-4cf6-b21e-bd759d7d31f4 ] Request (VolumesAssistedSnapshotsTest:test_volume_assisted_snapshot_create_delete): 200 GET http://10.180.1.21/compute/v2.1/servers/db682708-36fa-4126-a848-bfb609df96d7 0.069s
2024-10-03 02:55:08.786 63781 INFO tempest.lib.common.rest_client [req-9aeccefc-8d00-43bf-ac4b-99aa9fa9e3d4 req-9aeccefc-8d00-43bf-ac4b-99aa9fa9e3d4 ] Request (VolumesAdminNegativeTest:test_update_attached_volume_with_nonexistent_volume_in_uri): 200 GET http://10.180.1.21/compute/v2.1/servers/4087b2c4-6ed1-4b68-8b78-a36e34d935b1 0.068s
2024-10-03 02:55:08.823 63775 INFO tempest.lib.common.rest_client [req-4c55b5ec-d0d9-4877-a81f-f4a14daa4f0a req-4c55b5ec-d0d9-4877-a81f-f4a14daa4f0a ] Request (FloatingIPDetailsTestJSON:tearDownClass): 200 PUT http://10.180.1.21:9696/networking/v2.0/routers/8a03998f-2b83-47bd-a1bc-63cf9cbc0439/remove_router_interface 0.870s
2024-10-03 02:55:08.847 63797 INFO tempest.lib.common.rest_client [req-172cf65f-7b1b-487f-9e3e-1218eabf047f req-172cf65f-7b1b-487f-9e3e-1218eabf047f ] Request (ListImageFiltersTestJSON:setUpClass): 200 GET http://10.180.1.21/compute/v2.1/servers/ab1539ba-33a4-4139-a2f3-1f8c507beede 0.075s
2024-10-03 02:55:08.878 63809 INFO tempest.lib.common.rest_client [req-bbe71c77-5337-4105-95ce-47f773db8a7a req-bbe71c77-5337-4105-95ce-47f773db8a7a ] Request (ServersTestFqdnHostnames:test_create_server_with_fqdn_name): 200 GET http://10.180.1.21/compute/v2.1/servers/b84c6c8d-e358-4a14-8425-c4f1d8adf4ee 0.055s
2024-10-03 02:55:08.949 63783 INFO tempest.lib.common.rest_client [req-4d9a508b-2941-4e89-9044-2fc10ca2d653 req-4d9a508b-2941-4e89-9044-2fc10ca2d653 ] Request (ImagesNegativeTestJSON:test_create_image_from_deleted_server): 200 GET http://10.180.1.21/compute/v2.1/servers/d5f988f2-765b-4ecf-bad5-4a70fc95d74c 0.066s
2024-10-03 02:55:08.981 63761 INFO tempest.lib.common.rest_client [req-548031e0-95f5-4e92-b6d8-fcb923fd39ba req-548031e0-95f5-4e92-b6d8-fcb923fd39ba ] Request (AttachInterfacesUnderV243Test:test_add_remove_fixed_ip): 200 GET http://10.180.1.21/compute/v2.1/servers/b911a5b5-9617-4fb3-9b5e-fb8c492e4931 0.064s
2024-10-03 02:55:09.028 63767 INFO tempest.lib.common.rest_client [req-e0d6dd0a-0255-4d91-9ecd-ceb5f70fe6c3 req-e0d6dd0a-0255-4d91-9ecd-ceb5f70fe6c3 ] Request (ServersAdminNegativeTestJSON:setUpClass): 200 GET http://10.180.1.21/compute/v2.1/servers/5b42f744-fdd6-45b1-8563-896869648c23 0.054s
2024-10-03 02:55:09.075 63759 INFO tempest.lib.common.rest_client [req-df2cf1ac-1138-4997-8c88-059b51ca6f73 req-df2cf1ac-1138-4997-8c88-059b51ca6f73 ] Request (AttachVolumeShelveTestJSON:test_attach_volume_shelved_or_offload_server): 200 GET http://10.180.1.21/compute/v2.1/servers/87c468d9-9594-4804-b461-527f01f6118f 0.063s
2024-10-03 02:55:09.087 63787 INFO tempest.lib.common.rest_client [req-69b41e87-836d-4712-8044-a7e0284d1a8a req-69b41e87-836d-4712-8044-a7e0284d1a8a ] Request (SecurityGroupsTestJSON:test_list_security_groups_by_server): 200 GET http://10.180.1.21/compute/v2.1/servers/8b65c223-03a8-41e0-917e-45dd76b6e57f 0.067s
2024-10-03 02:55:09.183 63807 INFO tempest.lib.common.rest_client [req-760f654d-7791-47f3-8614-8d8b532b39e5 req-760f654d-7791-47f3-8614-8d8b532b39e5 ] Request (ServerAddressesTestJSON:setUpClass): 200 GET http://10.180.1.21/compute/v2.1/servers/7fee0afb-88c9-4e93-a4d9-94312394f927 0.058s
2024-10-03 02:55:09.206 63775 INFO tempest.lib.common.rest_client [req-c7651b04-ffe8-474e-9b9e-076aed095070 req-c7651b04-ffe8-474e-9b9e-076aed095070 ] Request (FloatingIPDetailsTestJSON:tearDownClass): 204 DELETE http://10.180.1.21:9696/networking/v2.0/routers/8a03998f-2b83-47bd-a1bc-63cf9cbc0439 0.383s
2024-10-03 02:55:09.291 63813 INFO tempest.lib.common.rest_client [req-3cc17be6-198c-42b5-8b9c-5fafac8cabc8 req-3cc17be6-198c-42b5-8b9c-5fafac8cabc8 ] Request (ServersTestBootFromVolume:setUpClass): 200 GET http://10.180.1.21/compute/v2.1/servers/90f4930b-aaa0-4c4b-9ab8-92aed45e200b 0.048s
2024-10-03 02:55:09.312 63775 INFO tempest.lib.common.rest_client [req-f7e33005-d6ec-42fd-9ecd-19e85db4f1ff req-f7e33005-d6ec-42fd-9ecd-19e85db4f1ff ] Request (FloatingIPDetailsTestJSON:tearDownClass): 204 DELETE http://10.180.1.21:9696/networking/v2.0/subnets/b39e90fb-e5b6-4862-8808-68b84758fb2c 0.106s
2024-10-03 02:55:09.353 63755 INFO tempest.lib.common.rest_client [req-d305cb0b-15d8-4f10-aec0-ac1985c51ff4 req-d305cb0b-15d8-4f10-aec0-ac1985c51ff4 ] Request (AttachInterfacesV270Test:test_create_get_list_interfaces): 200 GET http://10.180.1.21/compute/v2.1/servers/6876f61c-2315-4e49-9944-4a5caddede5b 0.058s
2024-10-03 02:55:09.382 63801 INFO tempest.lib.common.rest_client [req-d5fc6d15-1aab-462d-b25e-a3c426cde1b3 req-d5fc6d15-1aab-462d-b25e-a3c426cde1b3 ] Request (DeleteServersAdminTestJSON:test_delete_server_while_in_error_state): 200 GET http://10.180.1.21/compute/v2.1/servers/ae5c6e69-a885-48e3-9c9e-017f33430edd 0.062s
2024-10-03 02:55:09.400 63795 INFO tempest.lib.common.rest_client [req-afae0104-7c56-40d1-8ad4-d4c24bb2ff05 req-afae0104-7c56-40d1-8ad4-d4c24bb2ff05 ] Request (ServerAddressesNegativeTestJSON:setUpClass): 200 GET http://10.180.1.21/compute/v2.1/servers/5b201ab6-c7ec-4a5c-a310-982649f34be4 0.056s
2024-10-03 02:55:09.432 63753 INFO tempest.lib.common.rest_client [req-36d3cdec-3b22-4e80-9477-a9d82171c509 req-36d3cdec-3b22-4e80-9477-a9d82171c509 ] Request (MigrationsAdminTest:test_resize_server_revert_deleted_flavor): 200 GET http://10.180.1.21/compute/v2.1/servers/f1d01b75-ac9d-458d-8cc2-ae64cffca4e8 0.053s
2024-10-03 02:55:09.447 63773 INFO tempest.lib.common.rest_client [req-c4e3ab97-9a7d-41d8-bc8e-9da880840586 req-c4e3ab97-9a7d-41d8-bc8e-9da880840586 ] Request (ServersWithSpecificFlavorTestJSON:test_verify_created_server_ephemeral_disk): 200 GET http://10.180.1.21/compute/v2.1/servers/ebc737a3-e6cd-4f4c-a4b6-fce5924de4c6 0.054s
2024-10-03 02:55:09.486 63757 INFO tempest.lib.common.rest_client [req-5c186a99-f9c9-4ab2-a072-04f9e71a602a req-5c186a99-f9c9-4ab2-a072-04f9e71a602a ] Request (ServerActionsTestJSON:setUpClass): 200 GET http://10.180.1.21/compute/v2.1/servers/005f45b3-630d-400f-9605-100f6aad88e6 0.056s
2024-10-03 02:55:09.502 63803 INFO tempest.lib.common.rest_client [req-046adc72-a3db-4122-989c-dfce17b3a27e req-046adc72-a3db-4122-989c-dfce17b3a27e ] Request (ImagesOneServerNegativeTestJSON:setUpClass): 200 GET http://10.180.1.21/compute/v2.1/servers/bbce1137-d691-4633-87ff-f9f4ea257ed7 0.056s
2024-10-03 02:55:09.547 63763 INFO tempest.lib.common.rest_client [req-6a3beb5b-ab60-448f-b4f2-125b9c41d1b1 req-6a3beb5b-ab60-448f-b4f2-125b9c41d1b1 ] Request (FloatingIPsAssociationTestJSON:setUpClass): 200 GET http://10.180.1.21/compute/v2.1/servers/2728c9f9-0d03-4313-ba2a-3dc22aff8538 0.056s
2024-10-03 02:55:09.555 63815 INFO tempest.lib.common.rest_client [req-1c3be2dc-584a-446c-8db0-dfd32bff255d req-1c3be2dc-584a-446c-8db0-dfd32bff255d ] Request (ServersAdmin275Test:tearDownClass): 200 GET http://10.180.1.21/compute/v2.1/servers/93b28142-8454-43c0-b0a7-d61aa95c8fc8 0.065s
2024-10-03 02:55:09.585 63775 INFO tempest.lib.common.rest_client [req-0a16782a-4a4b-404e-babb-c5d78b654b9b req-0a16782a-4a4b-404e-babb-c5d78b654b9b ] Request (FloatingIPDetailsTestJSON:tearDownClass): 204 DELETE http://10.180.1.21:9696/networking/v2.0/networks/7f9a13a4-aa10-4fb6-a6ff-428fc27dc98d 0.272s
2024-10-03 02:55:09.592 63789 INFO tempest.lib.common.rest_client [req-40516bed-4150-4680-a84c-c7dd5f3a71a1 req-40516bed-4150-4680-a84c-c7dd5f3a71a1 ] Request (ServerRescueTestJSON:setUpClass): 200 GET http://10.180.1.21/compute/v2.1/servers/7f49d79e-3bda-4949-a976-7e3e6513b2c7 0.059s
2024-10-03 02:55:09.604 63791 INFO tempest.lib.common.rest_client [req-8394a76b-0366-408b-9dad-b0969dc9743b req-8394a76b-0366-408b-9dad-b0969dc9743b ] Request (DeleteServersTestJSON:test_delete_active_server): 200 GET http://10.180.1.21/compute/v2.1/servers/3ad04a9f-62cf-4b1c-aab2-7dc4a219edc6 0.065s
2024-10-03 02:55:09.641 63779 INFO tempest.lib.common.rest_client [req-a4887e8b-6f0d-4fef-85d8-ba01b9d1b6c1 req-a4887e8b-6f0d-4fef-85d8-ba01b9d1b6c1 ] Request (ServerPasswordTestJSON:setUpClass): 200 GET http://10.180.1.21/compute/v2.1/servers/07499601-62bc-4c31-b295-23f34a6e2e91 0.056s
2024-10-03 02:55:09.652 63793 INFO tempest.lib.common.rest_client [req-1ad00af0-51b3-44c9-ab74-a145f3d311b7 req-1ad00af0-51b3-44c9-ab74-a145f3d311b7 ] Request (ServersV294TestFqdnHostnames:setUpClass): 200 GET http://10.180.1.21/compute/v2.1/servers/396e49dd-48c0-496b-a1ec-190c33a22c5e 0.051s
2024-10-03 02:55:09.657 63775 INFO tempest.lib.common.rest_client [req-8e521426-c2ed-419c-ad0b-22fb45438641 req-8e521426-c2ed-419c-ad0b-22fb45438641 ] Request (FloatingIPDetailsTestJSON:tearDownClass): 204 DELETE http://10.180.1.21/identity/v3/users/d2ee6d7a406c488697c28995787664c8 0.072s
2024-10-03 02:55:09.658 63775 INFO tempest.lib.common.dynamic_creds [-] Deleting project and security group for project: 1659ee446ad24f2089a8b2191d23ba98
2024-10-03 02:55:09.691 63805 INFO tempest.lib.common.rest_client [req-a1762991-3d36-4133-a580-957546a32487 req-a1762991-3d36-4133-a580-957546a32487 ] Request (ImagesTestJSON:test_create_image_from_stopped_server): 200 GET http://10.180.1.21/compute/v2.1/servers/02ffb723-d6df-42cb-93c5-d582705d1e03 0.046s
2024-10-03 02:55:09.695 63775 INFO tempest.lib.common.rest_client [req-d4828ffb-eac6-4d79-b584-795510076814 req-d4828ffb-eac6-4d79-b584-795510076814 ] Request (FloatingIPDetailsTestJSON:tearDownClass): 200 GET http://10.180.1.21:9696/networking/v2.0/security-groups?tenant_id=1659ee446ad24f2089a8b2191d23ba98&name=default 0.037s
2024-10-03 02:55:09.743 63811 INFO tempest.lib.common.rest_client [req-ce80bbbb-a607-47b4-b9b7-df1cc555a37d req-ce80bbbb-a607-47b4-b9b7-df1cc555a37d ] Request (ServerDiskConfigTestJSON:test_rebuild_server_with_auto_disk_config): 200 GET http://10.180.1.21/compute/v2.1/servers/b53754b1-ec31-4dc3-a839-771f71affe1e 0.047s
2024-10-03 02:55:09.789 63771 INFO tempest.lib.common.rest_client [req-25139c64-1fa4-46bb-9a62-e5a917117d5f req-25139c64-1fa4-46bb-9a62-e5a917117d5f ] Request (ServerDiagnosticsTest:test_get_server_diagnostics): 200 GET http://10.180.1.21/compute/v2.1/servers/4ad5440f-cd18-44c5-8836-0aa39824cf03 0.048s
2024-10-03 02:55:09.798 63769 INFO tempest.lib.common.rest_client [req-9d9d6ff3-1953-4b61-8ba8-c128dfb5cb88 req-9d9d6ff3-1953-4b61-8ba8-c128dfb5cb88 ] Request (VolumesAssistedSnapshotsTest:test_volume_assisted_snapshot_create_delete): 200 GET http://10.180.1.21/compute/v2.1/servers/db682708-36fa-4126-a848-bfb609df96d7 0.046s
2024-10-03 02:55:09.800 63775 INFO tempest.lib.common.rest_client [req-d27e8750-4aa5-4504-aff9-dc104648d0dc req-d27e8750-4aa5-4504-aff9-dc104648d0dc ] Request (FloatingIPDetailsTestJSON:tearDownClass): 204 DELETE http://10.180.1.21:9696/networking/v2.0/security-groups/7f9d2e00-c9c6-4489-a77c-bb8573f9c945 0.104s
2024-10-03 02:55:09.805 63769 INFO tempest.common.waiters [-] State transition "BUILD/spawning" ==> "BUILD/scheduling" after 55 second wait
2024-10-03 02:55:09.840 63781 INFO tempest.lib.common.rest_client [req-8eed6e93-42c4-4303-8d65-1cd0c15c1eb4 req-8eed6e93-42c4-4303-8d65-1cd0c15c1eb4 ] Request (VolumesAdminNegativeTest:test_update_attached_volume_with_nonexistent_volume_in_uri): 200 GET http://10.180.1.21/compute/v2.1/servers/4087b2c4-6ed1-4b68-8b78-a36e34d935b1 0.048s
2024-10-03 02:55:09.880 63775 INFO tempest.lib.common.rest_client [req-ac4c2575-e04b-4f9a-94aa-cc64f88d3d93 req-ac4c2575-e04b-4f9a-94aa-cc64f88d3d93 ] Request (FloatingIPDetailsTestJSON:tearDownClass): 204 DELETE http://10.180.1.21/identity/v3/projects/1659ee446ad24f2089a8b2191d23ba98 0.080s
2024-10-03 02:55:09.906 63797 INFO tempest.lib.common.rest_client [req-32731e0d-82b5-4890-9e22-3b1ab1189ff6 req-32731e0d-82b5-4890-9e22-3b1ab1189ff6 ] Request (ListImageFiltersTestJSON:setUpClass): 200 GET http://10.180.1.21/compute/v2.1/servers/ab1539ba-33a4-4139-a2f3-1f8c507beede 0.049s
2024-10-03 02:55:09.934 63809 INFO tempest.lib.common.rest_client [req-aef0fd8d-c8ec-4d0f-ba88-dca418acbdab req-aef0fd8d-c8ec-4d0f-ba88-dca418acbdab ] Request (ServersTestFqdnHostnames:test_create_server_with_fqdn_name): 200 GET http://10.180.1.21/compute/v2.1/servers/b84c6c8d-e358-4a14-8425-c4f1d8adf4ee 0.050s
2024-10-03 02:55:09.936 63775 INFO tempest.lib.common.rest_client [req-f0f550f8-fa3e-4e0b-a9f3-7d44810442c4 req-f0f550f8-fa3e-4e0b-a9f3-7d44810442c4 ] Request (ListServersNegativeTestJSON:setUpClass): 201 POST http://10.180.1.21/identity/v3/auth/tokens 0.055s
2024-10-03 02:55:09.962 63775 INFO tempest.lib.common.rest_client [req-2ba4a9e1-ecc3-4686-9e3e-14c0bde2ac52 req-2ba4a9e1-ecc3-4686-9e3e-14c0bde2ac52 ] Request (ListServersNegativeTestJSON:setUpClass): 201 POST http://10.180.1.21/identity/v3/auth/tokens 0.023s
2024-10-03 02:55:09.980 63775 INFO tempest.lib.common.rest_client [req-f39968ab-62eb-4947-8b0d-3cea5314b630 req-f39968ab-62eb-4947-8b0d-3cea5314b630 ] Request (ListServersNegativeTestJSON:setUpClass): 200 GET http://10.180.1.21/identity/v3/domains?name=Default 0.018s
2024-10-03 02:55:10.002 63775 INFO tempest.lib.common.rest_client [req-c86c0702-8ef4-4117-b890-3fecf165507c req-c86c0702-8ef4-4117-b890-3fecf165507c ] Request (ListServersNegativeTestJSON:setUpClass): 201 POST http://10.180.1.21/identity/v3/projects 0.022s
2024-10-03 02:55:10.004 63783 INFO tempest.lib.common.rest_client [req-c689cc15-c1e3-45c1-a38c-f79c33dc23a1 req-c689cc15-c1e3-45c1-a38c-f79c33dc23a1 ] Request (ImagesNegativeTestJSON:test_create_image_from_deleted_server): 200 GET http://10.180.1.21/compute/v2.1/servers/d5f988f2-765b-4ecf-bad5-4a70fc95d74c 0.046s
2024-10-03 02:55:10.040 63761 INFO tempest.lib.common.rest_client [req-88d1656f-a2cb-46db-a67e-7aa6cfa679b6 req-88d1656f-a2cb-46db-a67e-7aa6cfa679b6 ] Request (AttachInterfacesUnderV243Test:test_add_remove_fixed_ip): 200 GET http://10.180.1.21/compute/v2.1/servers/b911a5b5-9617-4fb3-9b5e-fb8c492e4931 0.048s
2024-10-03 02:55:10.051 63775 INFO tempest.lib.common.rest_client [req-54d5214e-a024-44dd-b140-fa618628e6d2 req-54d5214e-a024-44dd-b140-fa618628e6d2 ] Request (ListServersNegativeTestJSON:setUpClass): 201 POST http://10.180.1.21/identity/v3/users 0.048s
2024-10-03 02:55:10.068 63775 INFO tempest.lib.common.rest_client [req-d1af1e2a-e252-4da1-981a-756bfd181f0c req-d1af1e2a-e252-4da1-981a-756bfd181f0c ] Request (ListServersNegativeTestJSON:setUpClass): 200 GET http://10.180.1.21/identity/v3/roles 0.016s
2024-10-03 02:55:10.084 63767 INFO tempest.lib.common.rest_client [req-2f785dae-c3f3-4f9c-b8e3-0917f4ba61f2 req-2f785dae-c3f3-4f9c-b8e3-0917f4ba61f2 ] Request (ServersAdminNegativeTestJSON:setUpClass): 200 GET http://10.180.1.21/compute/v2.1/servers/5b42f744-fdd6-45b1-8563-896869648c23 0.048s
2024-10-03 02:55:10.091 63775 INFO tempest.lib.common.rest_client [req-7d0e9dbd-9718-4049-81ea-0a8cfcd5a152 req-7d0e9dbd-9718-4049-81ea-0a8cfcd5a152 ] Request (ListServersNegativeTestJSON:setUpClass): 204 PUT http://10.180.1.21/identity/v3/projects/3374114af6314f86be3559223d70dfdb/users/479be60850604cf19669871a78f4b710/roles/377cca419e1c4aa4bb16b175c09618ba 0.023s
2024-10-03 02:55:10.091 63775 INFO tempest.lib.common.dynamic_creds [-] Dynamic test user 479be60850604cf19669871a78f4b710 is created with scope project and roles: ['member']
2024-10-03 02:55:10.092 63775 INFO tempest.lib.common.dynamic_creds [-] Acquired dynamic creds: credentials: Credentials: {'domain_id': 'default', 'domain_name': 'Default', 'username': 'tempest-ListServersNegativeTestJSON-1448699027-project-member', 'project_domain_id': 'default', 'project_domain_name': 'Default', 'project_id': '3374114af6314f86be3559223d70dfdb', 'project_name': 'tempest-ListServersNegativeTestJSON-1448699027', 'tenant_id': '3374114af6314f86be3559223d70dfdb', 'tenant_name': 'tempest-ListServersNegativeTestJSON-1448699027', 'user_domain_id': 'default', 'user_domain_name': 'Default', 'user_id': '479be60850604cf19669871a78f4b710', 'system': None}, Network: None, Subnet: None, Router: None
2024-10-03 02:55:10.134 63759 INFO tempest.lib.common.rest_client [req-d4e65e7a-ed3d-4c7d-90f2-9e8eea03bf51 req-d4e65e7a-ed3d-4c7d-90f2-9e8eea03bf51 ] Request (AttachVolumeShelveTestJSON:test_attach_volume_shelved_or_offload_server): 200 GET http://10.180.1.21/compute/v2.1/servers/87c468d9-9594-4804-b461-527f01f6118f 0.049s
2024-10-03 02:55:10.143 63775 INFO tempest.lib.common.rest_client [req-c808c416-1681-4213-a593-b1d0ce81d045 req-c808c416-1681-4213-a593-b1d0ce81d045 ] Request (ListServersNegativeTestJSON:setUpClass): 201 POST http://10.180.1.21/identity/v3/auth/tokens 0.051s
2024-10-03 02:55:10.144 63787 INFO tempest.lib.common.rest_client [req-42977579-9505-44f2-89f3-b7344386a89e req-42977579-9505-44f2-89f3-b7344386a89e ] Request (SecurityGroupsTestJSON:test_list_security_groups_by_server): 200 GET http://10.180.1.21/compute/v2.1/servers/8b65c223-03a8-41e0-917e-45dd76b6e57f 0.047s
2024-10-03 02:55:10.240 63807 INFO tempest.lib.common.rest_client [req-2454273d-a84a-425f-875a-189947e57522 req-2454273d-a84a-425f-875a-189947e57522 ] Request (ServerAddressesTestJSON:setUpClass): 200 GET http://10.180.1.21/compute/v2.1/servers/7fee0afb-88c9-4e93-a4d9-94312394f927 0.050s
2024-10-03 02:55:10.347 63775 INFO tempest.lib.common.rest_client [req-26642e8c-0a7d-4adf-a2ad-662c4b54d634 req-26642e8c-0a7d-4adf-a2ad-662c4b54d634 ] Request (ListServersNegativeTestJSON:setUpClass): 201 POST http://10.180.1.21:9696/networking/v2.0/networks 0.204s
2024-10-03 02:55:10.356 63813 INFO tempest.lib.common.rest_client [req-45ab8d0e-4891-42f2-801a-a7d207da9f96 req-45ab8d0e-4891-42f2-801a-a7d207da9f96 ] Request (ServersTestBootFromVolume:setUpClass): 200 GET http://10.180.1.21/compute/v2.1/servers/90f4930b-aaa0-4c4b-9ab8-92aed45e200b 0.057s
2024-10-03 02:55:10.420 63755 INFO tempest.lib.common.rest_client [req-c87210bc-a1d7-4098-a9ab-c2c1e25f53a3 req-c87210bc-a1d7-4098-a9ab-c2c1e25f53a3 ] Request (AttachInterfacesV270Test:test_create_get_list_interfaces): 200 GET http://10.180.1.21/compute/v2.1/servers/6876f61c-2315-4e49-9944-4a5caddede5b 0.058s
2024-10-03 02:55:10.443 63801 INFO tempest.lib.common.rest_client [req-65aa30d8-ecbe-4aed-94bc-d64467db98ff req-65aa30d8-ecbe-4aed-94bc-d64467db98ff ] Request (DeleteServersAdminTestJSON:test_delete_server_while_in_error_state): 200 GET http://10.180.1.21/compute/v2.1/servers/ae5c6e69-a885-48e3-9c9e-017f33430edd 0.054s
2024-10-03 02:55:10.472 63795 INFO tempest.lib.common.rest_client [req-07b63a6e-ecd4-4612-b14f-34a5030e810c req-07b63a6e-ecd4-4612-b14f-34a5030e810c ] Request (ServerAddressesNegativeTestJSON:setUpClass): 200 GET http://10.180.1.21/compute/v2.1/servers/5b201ab6-c7ec-4a5c-a310-982649f34be4 0.066s
2024-10-03 02:55:10.488 63753 INFO tempest.lib.common.rest_client [req-1c0e72ee-5d3b-405b-9cd8-75a33bf790e9 req-1c0e72ee-5d3b-405b-9cd8-75a33bf790e9 ] Request (MigrationsAdminTest:test_resize_server_revert_deleted_flavor): 200 GET http://10.180.1.21/compute/v2.1/servers/f1d01b75-ac9d-458d-8cc2-ae64cffca4e8 0.048s
2024-10-03 02:55:10.523 63773 INFO tempest.lib.common.rest_client [req-fb5dd0b1-4dc4-43b7-a480-00516a333b0b req-fb5dd0b1-4dc4-43b7-a480-00516a333b0b ] Request (ServersWithSpecificFlavorTestJSON:test_verify_created_server_ephemeral_disk): 200 GET http://10.180.1.21/compute/v2.1/servers/ebc737a3-e6cd-4f4c-a4b6-fce5924de4c6 0.069s
2024-10-03 02:55:10.528 63775 INFO tempest.lib.common.rest_client [req-9ce4d771-716c-4123-97f6-eabf2c7d40b9 req-9ce4d771-716c-4123-97f6-eabf2c7d40b9 ] Request (ListServersNegativeTestJSON:setUpClass): 201 POST http://10.180.1.21:9696/networking/v2.0/subnets 0.180s
2024-10-03 02:55:10.531 63773 INFO tempest.common.waiters [-] State transition "BUILD/None" ==> "BUILD/networking" after 50 second wait
2024-10-03 02:55:10.537 63757 INFO tempest.lib.common.rest_client [req-3808a9f4-b228-4dcc-9d07-8adb5c599316 req-3808a9f4-b228-4dcc-9d07-8adb5c599316 ] Request (ServerActionsTestJSON:setUpClass): 200 GET http://10.180.1.21/compute/v2.1/servers/005f45b3-630d-400f-9605-100f6aad88e6 0.045s
2024-10-03 02:55:10.567 63803 INFO tempest.lib.common.rest_client [req-7b08c82d-4da3-4b94-8331-f17143924283 req-7b08c82d-4da3-4b94-8331-f17143924283 ] Request (ImagesOneServerNegativeTestJSON:setUpClass): 200 GET http://10.180.1.21/compute/v2.1/servers/bbce1137-d691-4633-87ff-f9f4ea257ed7 0.057s
2024-10-03 02:55:10.603 63763 INFO tempest.lib.common.rest_client [req-1ff11d5e-460e-4b43-9c29-57b666143f59 req-1ff11d5e-460e-4b43-9c29-57b666143f59 ] Request (FloatingIPsAssociationTestJSON:setUpClass): 200 GET http://10.180.1.21/compute/v2.1/servers/2728c9f9-0d03-4313-ba2a-3dc22aff8538 0.047s
2024-10-03 02:55:10.643 63815 INFO tempest.lib.common.rest_client [req-c4438709-a5f8-4ae3-944d-a6b95fce305e req-c4438709-a5f8-4ae3-944d-a6b95fce305e ] Request (ServersAdmin275Test:tearDownClass): 200 GET http://10.180.1.21/compute/v2.1/servers/93b28142-8454-43c0-b0a7-d61aa95c8fc8 0.076s
2024-10-03 02:55:10.670 63789 INFO tempest.lib.common.rest_client [req-ad6a09e0-82be-4c58-82d3-fa3494a1b036 req-ad6a09e0-82be-4c58-82d3-fa3494a1b036 ] Request (ServerRescueTestJSON:setUpClass): 200 GET http://10.180.1.21/compute/v2.1/servers/7f49d79e-3bda-4949-a976-7e3e6513b2c7 0.068s
2024-10-03 02:55:10.692 63791 INFO tempest.lib.common.rest_client [req-35dc06d8-9b88-456c-b430-a326a2ced631 req-35dc06d8-9b88-456c-b430-a326a2ced631 ] Request (DeleteServersTestJSON:test_delete_active_server): 200 GET http://10.180.1.21/compute/v2.1/servers/3ad04a9f-62cf-4b1c-aab2-7dc4a219edc6 0.081s
2024-10-03 02:55:10.733 63779 INFO tempest.lib.common.rest_client [req-5ff932f5-9db5-446b-89fc-c0f701622230 req-5ff932f5-9db5-446b-89fc-c0f701622230 ] Request (ServerPasswordTestJSON:setUpClass): 200 GET http://10.180.1.21/compute/v2.1/servers/07499601-62bc-4c31-b295-23f34a6e2e91 0.084s
2024-10-03 02:55:10.749 63793 INFO tempest.lib.common.rest_client [req-25497859-1baa-4fab-a333-d77f16ac4ace req-25497859-1baa-4fab-a333-d77f16ac4ace ] Request (ServersV294TestFqdnHostnames:setUpClass): 200 GET http://10.180.1.21/compute/v2.1/servers/396e49dd-48c0-496b-a1ec-190c33a22c5e 0.089s
2024-10-03 02:55:10.787 63805 INFO tempest.lib.common.rest_client [req-ba274863-1b0a-4312-ae48-fc7cd4a621f2 req-ba274863-1b0a-4312-ae48-fc7cd4a621f2 ] Request (ImagesTestJSON:test_create_image_from_stopped_server): 200 GET http://10.180.1.21/compute/v2.1/servers/02ffb723-d6df-42cb-93c5-d582705d1e03 0.088s
2024-10-03 02:55:10.811 63811 INFO tempest.lib.common.rest_client [req-a0f913d7-00a7-4191-bacc-17df2cb354fb req-a0f913d7-00a7-4191-bacc-17df2cb354fb ] Request (ServerDiskConfigTestJSON:test_rebuild_server_with_auto_disk_config): 200 GET http://10.180.1.21/compute/v2.1/servers/b53754b1-ec31-4dc3-a839-771f71affe1e 0.061s
2024-10-03 02:55:10.870 63771 INFO tempest.lib.common.rest_client [req-6fa1a3f6-57ac-434d-aafb-07cef6ae610c req-6fa1a3f6-57ac-434d-aafb-07cef6ae610c ] Request (ServerDiagnosticsTest:test_get_server_diagnostics): 200 GET http://10.180.1.21/compute/v2.1/servers/4ad5440f-cd18-44c5-8836-0aa39824cf03 0.073s
2024-10-03 02:55:10.880 63769 INFO tempest.lib.common.rest_client [req-90410126-d337-4918-b73d-333ee16494e5 req-90410126-d337-4918-b73d-333ee16494e5 ] Request (VolumesAssistedSnapshotsTest:test_volume_assisted_snapshot_create_delete): 200 GET http://10.180.1.21/compute/v2.1/servers/db682708-36fa-4126-a848-bfb609df96d7 0.074s
2024-10-03 02:55:10.887 63769 INFO tempest.common.waiters [-] State transition "BUILD/scheduling" ==> "ERROR/None" after 56 second wait
2024-10-03 02:55:10.920 63781 INFO tempest.lib.common.rest_client [req-66c2f007-6d17-48b3-87dc-d13f220e0ce6 req-66c2f007-6d17-48b3-87dc-d13f220e0ce6 ] Request (VolumesAdminNegativeTest:test_update_attached_volume_with_nonexistent_volume_in_uri): 200 GET http://10.180.1.21/compute/v2.1/servers/4087b2c4-6ed1-4b68-8b78-a36e34d935b1 0.073s
2024-10-03 02:55:10.971 63797 INFO tempest.lib.common.rest_client [req-060ce840-6298-4755-81cf-0fd73eadfcce req-060ce840-6298-4755-81cf-0fd73eadfcce ] Request (ListImageFiltersTestJSON:setUpClass): 200 GET http://10.180.1.21/compute/v2.1/servers/ab1539ba-33a4-4139-a2f3-1f8c507beede 0.060s
2024-10-03 02:55:11.030 63809 INFO tempest.lib.common.rest_client [req-d3175123-aa76-40ef-a12e-3be51386f6cf req-d3175123-aa76-40ef-a12e-3be51386f6cf ] Request (ServersTestFqdnHostnames:test_create_server_with_fqdn_name): 200 GET http://10.180.1.21/compute/v2.1/servers/b84c6c8d-e358-4a14-8425-c4f1d8adf4ee 0.088s
2024-10-03 02:55:11.088 63783 INFO tempest.lib.common.rest_client [req-27097821-f621-4a98-a0ea-7e011d5108a8 req-27097821-f621-4a98-a0ea-7e011d5108a8 ] Request (ImagesNegativeTestJSON:test_create_image_from_deleted_server): 200 GET http://10.180.1.21/compute/v2.1/servers/d5f988f2-765b-4ecf-bad5-4a70fc95d74c 0.077s
2024-10-03 02:55:11.100 63769 INFO tempest.lib.common.rest_client [req-8ad26a69-5be6-4388-af4b-5eab8b493df4 req-8ad26a69-5be6-4388-af4b-5eab8b493df4 ] Request (VolumesAssistedSnapshotsTest:test_volume_assisted_snapshot_create_delete): 204 DELETE http://10.180.1.21/compute/v2.1/servers/db682708-36fa-4126-a848-bfb609df96d7 0.213s
2024-10-03 02:55:11.144 63761 INFO tempest.lib.common.rest_client [req-e0e9b5cd-d3fb-4ca3-9ad2-11bea5118e67 req-e0e9b5cd-d3fb-4ca3-9ad2-11bea5118e67 ] Request (AttachInterfacesUnderV243Test:test_add_remove_fixed_ip): 200 GET http://10.180.1.21/compute/v2.1/servers/b911a5b5-9617-4fb3-9b5e-fb8c492e4931 0.097s
2024-10-03 02:55:11.155 63767 INFO tempest.lib.common.rest_client [req-01d85584-fe02-476e-ac37-39aaab9de875 req-01d85584-fe02-476e-ac37-39aaab9de875 ] Request (ServersAdminNegativeTestJSON:setUpClass): 200 GET http://10.180.1.21/compute/v2.1/servers/5b42f744-fdd6-45b1-8563-896869648c23 0.065s
2024-10-03 02:55:11.167 63769 INFO tempest.lib.common.rest_client [req-09f2ba67-8cd3-4382-b954-eef89363a5d1 req-09f2ba67-8cd3-4382-b954-eef89363a5d1 ] Request (VolumesAssistedSnapshotsTest:test_volume_assisted_snapshot_create_delete): 404 GET http://10.180.1.21/compute/v2.1/servers/db682708-36fa-4126-a848-bfb609df96d7 0.066s
2024-10-03 02:55:11.207 63759 INFO tempest.lib.common.rest_client [req-fea0b32a-ff49-4e46-9567-c938dd0b46d9 req-fea0b32a-ff49-4e46-9567-c938dd0b46d9 ] Request (AttachVolumeShelveTestJSON:test_attach_volume_shelved_or_offload_server): 200 GET http://10.180.1.21/compute/v2.1/servers/87c468d9-9594-4804-b461-527f01f6118f 0.063s
2024-10-03 02:55:11.212 63769 INFO tempest.lib.common.rest_client [req-89a47d9c-3ea6-4238-a06b-66c7488c05ec req-89a47d9c-3ea6-4238-a06b-66c7488c05ec ] Request (VolumesAssistedSnapshotsTest:_run_cleanups): 202 DELETE http://10.180.1.21/volume/v3/5f14c65bbd8d4d3b894b575062a41682/volumes/78cb0893-6c45-48af-9437-56e0a94f8eb9 0.044s
2024-10-03 02:55:11.217 63787 INFO tempest.lib.common.rest_client [req-3420ce37-0a98-47fe-aa77-b4a18dfa3c76 req-3420ce37-0a98-47fe-aa77-b4a18dfa3c76 ] Request (SecurityGroupsTestJSON:test_list_security_groups_by_server): 200 GET http://10.180.1.21/compute/v2.1/servers/8b65c223-03a8-41e0-917e-45dd76b6e57f 0.066s
2024-10-03 02:55:11.237 63769 INFO tempest.lib.common.rest_client [req-73cc9023-34b5-4d02-b2bb-0a54f370a2aa req-73cc9023-34b5-4d02-b2bb-0a54f370a2aa ] Request (VolumesAssistedSnapshotsTest:_run_cleanups): 200 GET http://10.180.1.21/volume/v3/5f14c65bbd8d4d3b894b575062a41682/volumes/78cb0893-6c45-48af-9437-56e0a94f8eb9 0.024s
2024-10-03 02:55:11.285 63775 INFO tempest.lib.common.rest_client [req-f209f033-4a07-43f3-b34f-56394e948bfd req-f209f033-4a07-43f3-b34f-56394e948bfd ] Request (ListServersNegativeTestJSON:setUpClass): 201 POST http://10.180.1.21:9696/networking/v2.0/routers 0.757s
2024-10-03 02:55:11.327 63807 INFO tempest.lib.common.rest_client [req-b4e9c250-1aad-49ec-974c-ff4c642d1749 req-b4e9c250-1aad-49ec-974c-ff4c642d1749 ] Request (ServerAddressesTestJSON:setUpClass): 200 GET http://10.180.1.21/compute/v2.1/servers/7fee0afb-88c9-4e93-a4d9-94312394f927 0.079s
2024-10-03 02:55:11.429 63813 INFO tempest.lib.common.rest_client [req-0d3ad647-5b72-4593-af20-448ea56e0744 req-0d3ad647-5b72-4593-af20-448ea56e0744 ] Request (ServersTestBootFromVolume:setUpClass): 200 GET http://10.180.1.21/compute/v2.1/servers/90f4930b-aaa0-4c4b-9ab8-92aed45e200b 0.066s
2024-10-03 02:55:11.490 63755 INFO tempest.lib.common.rest_client [req-2f9ff7f0-51ba-4895-8638-88a1a0607e76 req-2f9ff7f0-51ba-4895-8638-88a1a0607e76 ] Request (AttachInterfacesV270Test:test_create_get_list_interfaces): 200 GET http://10.180.1.21/compute/v2.1/servers/6876f61c-2315-4e49-9944-4a5caddede5b 0.059s
2024-10-03 02:55:11.507 63801 INFO tempest.lib.common.rest_client [req-e61f3647-8329-455e-b449-56049773bde2 req-e61f3647-8329-455e-b449-56049773bde2 ] Request (DeleteServersAdminTestJSON:test_delete_server_while_in_error_state): 200 GET http://10.180.1.21/compute/v2.1/servers/ae5c6e69-a885-48e3-9c9e-017f33430edd 0.056s
