2024-10-03 02:55:21.704 63769 INFO tempest.lib.common.rest_client [req-67523667-8e09-40fa-81e2-df49b8c14ce7 req-67523667-8e09-40fa-81e2-df49b8c14ce7 ] Request (FloatingIPsNegativeTestJSON:test_allocate_floating_ip_from_nonexistent_pool): 404 POST http://10.180.1.21/compute/v2.1/os-floating-ips 0.027s
2024-10-03 02:55:21.731 63769 INFO tempest.lib.common.rest_client [req-e3665278-ed4d-45f8-8014-db6580885302 req-e3665278-ed4d-45f8-8014-db6580885302 ] Request (FloatingIPsNegativeTestJSON:test_delete_nonexistent_floating_ip): 404 DELETE http://10.180.1.21/compute/v2.1/os-floating-ips/d10ec19d-063b-4ea8-9f4a-b6614fab2f22 0.025s
2024-10-03 02:55:21.809 63789 INFO tempest.lib.common.rest_client [req-2dc17cd3-5a2a-4a7c-8aec-329a2b0cc29a req-2dc17cd3-5a2a-4a7c-8aec-329a2b0cc29a ] Request (ServerRescueTestJSON:setUpClass): 200 GET http://10.180.1.21/compute/v2.1/servers/7f49d79e-3bda-4949-a976-7e3e6513b2c7 0.051s
2024-10-03 02:55:21.851 63791 INFO tempest.lib.common.rest_client [req-91b8afa8-f035-4243-8994-4a92cee4206c req-91b8afa8-f035-4243-8994-4a92cee4206c ] Request (DeleteServersTestJSON:test_delete_active_server): 200 GET http://10.180.1.21/compute/v2.1/servers/3ad04a9f-62cf-4b1c-aab2-7dc4a219edc6 0.058s
2024-10-03 02:55:21.922 63779 INFO tempest.lib.common.rest_client [req-6989fa24-559d-46c6-94b4-b3e6eb574e89 req-6989fa24-559d-46c6-94b4-b3e6eb574e89 ] Request (ServerPasswordTestJSON:setUpClass): 200 GET http://10.180.1.21/compute/v2.1/servers/07499601-62bc-4c31-b295-23f34a6e2e91 0.060s
2024-10-03 02:55:21.928 63815 INFO tempest.lib.common.rest_client [req-dfb2bd88-031a-4be2-8e7a-fe500c32e024 req-dfb2bd88-031a-4be2-8e7a-fe500c32e024 ] Request (ServersAdmin275Test:tearDownClass): 200 GET http://10.180.1.21/compute/v2.1/servers/93b28142-8454-43c0-b0a7-d61aa95c8fc8 0.068s
2024-10-03 02:55:21.977 63805 INFO tempest.lib.common.rest_client [req-e2974933-701c-4993-8926-0c125523b861 req-e2974933-701c-4993-8926-0c125523b861 ] Request (ImagesTestJSON:test_create_image_from_stopped_server): 200 GET http://10.180.1.21/compute/v2.1/servers/02ffb723-d6df-42cb-93c5-d582705d1e03 0.077s
2024-10-03 02:55:21.981 63793 INFO tempest.lib.common.rest_client [req-962e873f-0cce-47c9-9313-48af67863da6 req-962e873f-0cce-47c9-9313-48af67863da6 ] Request (ServersV294TestFqdnHostnames:setUpClass): 200 GET http://10.180.1.21/compute/v2.1/servers/396e49dd-48c0-496b-a1ec-190c33a22c5e 0.059s
2024-10-03 02:55:22.035 63771 INFO tempest.lib.common.rest_client [req-20353168-e75e-4ec0-9525-c6b96829db4e req-20353168-e75e-4ec0-9525-c6b96829db4e ] Request (ServerDiagnosticsTest:test_get_server_diagnostics): 200 GET http://10.180.1.21/compute/v2.1/servers/4ad5440f-cd18-44c5-8836-0aa39824cf03 0.083s
2024-10-03 02:55:22.039 63797 INFO tempest.lib.common.rest_client [req-1d9f7090-007e-4029-910b-e5b55a9c32eb req-1d9f7090-007e-4029-910b-e5b55a9c32eb ] Request (ListImageFiltersTestJSON:setUpClass): 200 GET http://10.180.1.21/compute/v2.1/servers/ab1539ba-33a4-4139-a2f3-1f8c507beede 0.054s
2024-10-03 02:55:22.092 63781 INFO tempest.lib.common.rest_client [req-b93c6ddf-a99a-47cf-9cbe-fdf8028e35c4 req-b93c6ddf-a99a-47cf-9cbe-fdf8028e35c4 ] Request (VolumesAdminNegativeTest:test_update_attached_volume_with_nonexistent_volume_in_uri): 200 GET http://10.180.1.21/compute/v2.1/servers/4087b2c4-6ed1-4b68-8b78-a36e34d935b1 0.053s
2024-10-03 02:55:22.132 63783 INFO tempest.lib.common.rest_client [req-788dbe36-9ee0-46c3-b4d5-fb71bd01caed req-788dbe36-9ee0-46c3-b4d5-fb71bd01caed ] Request (ImagesNegativeTestJSON:test_create_image_from_deleted_server): 200 GET http://10.180.1.21/compute/v2.1/servers/d5f988f2-765b-4ecf-bad5-4a70fc95d74c 0.056s
2024-10-03 02:55:22.142 63811 INFO tempest.lib.common.rest_client [req-67731e73-e46f-4b09-8bf9-72ed7ed17c52 req-67731e73-e46f-4b09-8bf9-72ed7ed17c52 ] Request (ServerDiskConfigTestJSON:test_rebuild_server_with_auto_disk_config): 200 GET http://10.180.1.21/compute/v2.1/servers/b53754b1-ec31-4dc3-a839-771f71affe1e 0.057s
2024-10-03 02:55:22.181 63809 INFO tempest.lib.common.rest_client [req-eecfaa6f-4a21-402c-b700-80993696595c req-eecfaa6f-4a21-402c-b700-80993696595c ] Request (ServersTestFqdnHostnames:test_create_server_with_fqdn_name): 200 GET http://10.180.1.21/compute/v2.1/servers/b84c6c8d-e358-4a14-8425-c4f1d8adf4ee 0.050s
2024-10-03 02:55:22.200 63761 INFO tempest.lib.common.rest_client [req-bd0e5da0-6c75-4243-95d7-4b9639328078 req-bd0e5da0-6c75-4243-95d7-4b9639328078 ] Request (AttachInterfacesUnderV243Test:test_add_remove_fixed_ip): 200 GET http://10.180.1.21/compute/v2.1/servers/b911a5b5-9617-4fb3-9b5e-fb8c492e4931 0.050s
2024-10-03 02:55:22.243 63787 INFO tempest.lib.common.rest_client [req-315e6042-f58a-48d5-b783-7d550a0fa21f req-315e6042-f58a-48d5-b783-7d550a0fa21f ] Request (SecurityGroupsTestJSON:test_list_security_groups_by_server): 200 GET http://10.180.1.21/compute/v2.1/servers/8b65c223-03a8-41e0-917e-45dd76b6e57f 0.047s
2024-10-03 02:55:22.256 63759 INFO tempest.lib.common.rest_client [req-3687ba8d-7a0f-4321-b337-1c26085d6650 req-3687ba8d-7a0f-4321-b337-1c26085d6650 ] Request (AttachVolumeShelveTestJSON:test_attach_volume_shelved_or_offload_server): 200 GET http://10.180.1.21/compute/v2.1/servers/87c468d9-9594-4804-b461-527f01f6118f 0.050s
2024-10-03 02:55:22.309 63807 INFO tempest.lib.common.rest_client [req-254e93d3-6fcc-455f-a460-fd1f41eeb1cd req-254e93d3-6fcc-455f-a460-fd1f41eeb1cd ] Request (ServerAddressesTestJSON:setUpClass): 200 GET http://10.180.1.21/compute/v2.1/servers/7fee0afb-88c9-4e93-a4d9-94312394f927 0.050s
2024-10-03 02:55:22.328 63767 INFO tempest.lib.common.rest_client [req-ffca969c-59d7-45df-813a-026a77001a40 req-ffca969c-59d7-45df-813a-026a77001a40 ] Request (ServersAdminNegativeTestJSON:setUpClass): 200 GET http://10.180.1.21/compute/v2.1/servers/5b42f744-fdd6-45b1-8563-896869648c23 0.060s
2024-10-03 02:55:22.382 63775 INFO tempest.lib.common.rest_client [req-4303b54e-172c-4ee1-bc83-07e2270a93ea req-4303b54e-172c-4ee1-bc83-07e2270a93ea ] Request (ListServersNegativeTestJSON:setUpClass): 200 GET http://10.180.1.21/compute/v2.1/servers/37e6c27e-317b-45d2-bd55-2fd78ccf009f 0.064s
2024-10-03 02:55:22.444 63755 INFO tempest.lib.common.rest_client [req-a90a9674-82ff-4685-a729-0b55ee26a8e4 req-a90a9674-82ff-4685-a729-0b55ee26a8e4 ] Request (AttachInterfacesV270Test:test_create_get_list_interfaces): 200 GET http://10.180.1.21/compute/v2.1/servers/6876f61c-2315-4e49-9944-4a5caddede5b 0.075s
2024-10-03 02:55:22.491 63795 INFO tempest.lib.common.rest_client [req-bcdfc481-f45c-4b95-9e55-9c05c7386051 req-bcdfc481-f45c-4b95-9e55-9c05c7386051 ] Request (ServerAddressesNegativeTestJSON:setUpClass): 200 GET http://10.180.1.21/compute/v2.1/servers/5b201ab6-c7ec-4a5c-a310-982649f34be4 0.119s
2024-10-03 02:55:22.513 63813 INFO tempest.lib.common.rest_client [req-7e452482-aa66-46c4-bd5a-2f1d90a4c1cd req-7e452482-aa66-46c4-bd5a-2f1d90a4c1cd ] Request (ServersTestBootFromVolume:setUpClass): 200 GET http://10.180.1.21/compute/v2.1/servers/90f4930b-aaa0-4c4b-9ab8-92aed45e200b 0.204s
2024-10-03 02:55:22.536 63753 INFO tempest.lib.common.rest_client [req-27573d3e-03b2-4d3c-9449-2c004829ed61 req-27573d3e-03b2-4d3c-9449-2c004829ed61 ] Request (MigrationsAdminTest:test_resize_server_revert_deleted_flavor): 200 GET http://10.180.1.21/compute/v2.1/servers/f1d01b75-ac9d-458d-8cc2-ae64cffca4e8 0.100s
2024-10-03 02:55:22.545 63769 INFO tempest.lib.common.rest_client [req-75595be1-689b-442b-b72d-61a20518c9d8 req-75595be1-689b-442b-b72d-61a20518c9d8 ] Request (FloatingIPsNegativeTestJSON:tearDownClass): 200 PUT http://10.180.1.21:9696/networking/v2.0/routers/18180225-6133-4fcf-978d-357df4666115/remove_router_interface 0.813s
2024-10-03 02:55:22.575 63757 INFO tempest.lib.common.rest_client [req-a6a0daf6-1756-4f40-8a10-41dc7c6aa5a8 req-a6a0daf6-1756-4f40-8a10-41dc7c6aa5a8 ] Request (ServerActionsTestJSON:setUpClass): 200 GET http://10.180.1.21/compute/v2.1/servers/005f45b3-630d-400f-9605-100f6aad88e6 0.134s
2024-10-03 02:55:22.581 63803 INFO tempest.lib.common.rest_client [req-5486da14-9a9f-4480-9329-c4eaaeb8c63e req-5486da14-9a9f-4480-9329-c4eaaeb8c63e ] Request (ImagesOneServerNegativeTestJSON:setUpClass): 200 GET http://10.180.1.21/compute/v2.1/servers/bbce1137-d691-4633-87ff-f9f4ea257ed7 0.084s
2024-10-03 02:55:22.630 63801 INFO tempest.lib.common.rest_client [req-a49c9f17-9373-4e33-88dc-75710a9f8fb6 req-a49c9f17-9373-4e33-88dc-75710a9f8fb6 ] Request (DeleteServersAdminTestJSON:test_delete_server_while_in_error_state): 200 GET http://10.180.1.21/compute/v2.1/servers/ae5c6e69-a885-48e3-9c9e-017f33430edd 0.133s
2024-10-03 02:55:22.691 63763 INFO tempest.lib.common.rest_client [req-f9b91710-cca2-4c04-b45f-6807e01bc2f9 req-f9b91710-cca2-4c04-b45f-6807e01bc2f9 ] Request (FloatingIPsAssociationTestJSON:setUpClass): 200 GET http://10.180.1.21/compute/v2.1/servers/2728c9f9-0d03-4313-ba2a-3dc22aff8538 0.053s
2024-10-03 02:55:22.745 63773 INFO tempest.lib.common.rest_client [req-bbdcafbc-77c0-4154-92f5-044d511089aa req-bbdcafbc-77c0-4154-92f5-044d511089aa ] Request (ServersWithSpecificFlavorTestJSON:test_verify_created_server_ephemeral_disk): 200 GET http://10.180.1.21/compute/v2.1/servers/ebc737a3-e6cd-4f4c-a4b6-fce5924de4c6 0.051s
2024-10-03 02:55:22.864 63789 INFO tempest.lib.common.rest_client [req-e05b9a0b-e0d4-4835-ae0f-f280f98c02bf req-e05b9a0b-e0d4-4835-ae0f-f280f98c02bf ] Request (ServerRescueTestJSON:setUpClass): 200 GET http://10.180.1.21/compute/v2.1/servers/7f49d79e-3bda-4949-a976-7e3e6513b2c7 0.048s
2024-10-03 02:55:22.917 63769 INFO tempest.lib.common.rest_client [req-245f2709-49df-4645-9ed9-4a43b4d0ada1 req-245f2709-49df-4645-9ed9-4a43b4d0ada1 ] Request (FloatingIPsNegativeTestJSON:tearDownClass): 204 DELETE http://10.180.1.21:9696/networking/v2.0/routers/18180225-6133-4fcf-978d-357df4666115 0.372s
2024-10-03 02:55:22.922 63791 INFO tempest.lib.common.rest_client [req-b9b21857-2814-480d-a509-d6f6c9b41cbe req-b9b21857-2814-480d-a509-d6f6c9b41cbe ] Request (DeleteServersTestJSON:test_delete_active_server): 200 GET http://10.180.1.21/compute/v2.1/servers/3ad04a9f-62cf-4b1c-aab2-7dc4a219edc6 0.065s
2024-10-03 02:55:22.978 63779 INFO tempest.lib.common.rest_client [req-8255a99e-dd85-4031-a688-b188ebfafd77 req-8255a99e-dd85-4031-a688-b188ebfafd77 ] Request (ServerPasswordTestJSON:setUpClass): 200 GET http://10.180.1.21/compute/v2.1/servers/07499601-62bc-4c31-b295-23f34a6e2e91 0.049s
2024-10-03 02:55:23.008 63815 INFO tempest.lib.common.rest_client [req-fe4ec19b-2a16-40cd-8faa-446184064870 req-fe4ec19b-2a16-40cd-8faa-446184064870 ] Request (ServersAdmin275Test:tearDownClass): 200 GET http://10.180.1.21/compute/v2.1/servers/93b28142-8454-43c0-b0a7-d61aa95c8fc8 0.071s
2024-10-03 02:55:23.030 63769 INFO tempest.lib.common.rest_client [req-7c7464d5-903d-4e8c-b52f-b55a0d2ae41f req-7c7464d5-903d-4e8c-b52f-b55a0d2ae41f ] Request (FloatingIPsNegativeTestJSON:tearDownClass): 204 DELETE http://10.180.1.21:9696/networking/v2.0/subnets/8e0bb72a-6b40-4273-8c81-2663c1889bd6 0.112s
2024-10-03 02:55:23.039 63805 INFO tempest.lib.common.rest_client [req-499c50dc-a08a-44d1-9ca5-4367989b8ceb req-499c50dc-a08a-44d1-9ca5-4367989b8ceb ] Request (ImagesTestJSON:test_create_image_from_stopped_server): 200 GET http://10.180.1.21/compute/v2.1/servers/02ffb723-d6df-42cb-93c5-d582705d1e03 0.053s
2024-10-03 02:55:23.066 63793 INFO tempest.lib.common.rest_client [req-c0a9a2b8-bdc2-4e6c-aa7e-79f620198ed7 req-c0a9a2b8-bdc2-4e6c-aa7e-79f620198ed7 ] Request (ServersV294TestFqdnHostnames:setUpClass): 200 GET http://10.180.1.21/compute/v2.1/servers/396e49dd-48c0-496b-a1ec-190c33a22c5e 0.075s
2024-10-03 02:55:23.092 63771 INFO tempest.lib.common.rest_client [req-44e27aa0-9f3c-48f0-a56a-69fe273f7144 req-44e27aa0-9f3c-48f0-a56a-69fe273f7144 ] Request (ServerDiagnosticsTest:test_get_server_diagnostics): 200 GET http://10.180.1.21/compute/v2.1/servers/4ad5440f-cd18-44c5-8836-0aa39824cf03 0.048s
2024-10-03 02:55:23.116 63797 INFO tempest.lib.common.rest_client [req-70e90957-aaba-4a89-af69-eaf214656f92 req-70e90957-aaba-4a89-af69-eaf214656f92 ] Request (ListImageFiltersTestJSON:setUpClass): 200 GET http://10.180.1.21/compute/v2.1/servers/ab1539ba-33a4-4139-a2f3-1f8c507beede 0.069s
2024-10-03 02:55:23.123 63797 INFO tempest.common.waiters [-] State transition "BUILD/spawning" ==> "BUILD/scheduling" after 67 second wait
2024-10-03 02:55:23.145 63781 INFO tempest.lib.common.rest_client [req-7792512a-2fc3-4a53-93cd-a039891c6eeb req-7792512a-2fc3-4a53-93cd-a039891c6eeb ] Request (VolumesAdminNegativeTest:test_update_attached_volume_with_nonexistent_volume_in_uri): 200 GET http://10.180.1.21/compute/v2.1/servers/4087b2c4-6ed1-4b68-8b78-a36e34d935b1 0.046s
2024-10-03 02:55:23.190 63783 INFO tempest.lib.common.rest_client [req-47df2bb9-bba4-4738-9ba5-02e72cb10d63 req-47df2bb9-bba4-4738-9ba5-02e72cb10d63 ] Request (ImagesNegativeTestJSON:test_create_image_from_deleted_server): 200 GET http://10.180.1.21/compute/v2.1/servers/d5f988f2-765b-4ecf-bad5-4a70fc95d74c 0.051s
2024-10-03 02:55:23.203 63811 INFO tempest.lib.common.rest_client [req-f7f3733d-2a71-44e3-8455-3c659bc6093a req-f7f3733d-2a71-44e3-8455-3c659bc6093a ] Request (ServerDiskConfigTestJSON:test_rebuild_server_with_auto_disk_config): 200 GET http://10.180.1.21/compute/v2.1/servers/b53754b1-ec31-4dc3-a839-771f71affe1e 0.052s
2024-10-03 02:55:23.250 63809 INFO tempest.lib.common.rest_client [req-bd48ba37-248b-4cbf-819a-21d4c3ae2f4d req-bd48ba37-248b-4cbf-819a-21d4c3ae2f4d ] Request (ServersTestFqdnHostnames:test_create_server_with_fqdn_name): 200 GET http://10.180.1.21/compute/v2.1/servers/b84c6c8d-e358-4a14-8425-c4f1d8adf4ee 0.061s
2024-10-03 02:55:23.256 63761 INFO tempest.lib.common.rest_client [req-123c8d1b-b53b-4fd6-93d3-a31cafb0ecb0 req-123c8d1b-b53b-4fd6-93d3-a31cafb0ecb0 ] Request (AttachInterfacesUnderV243Test:test_add_remove_fixed_ip): 200 GET http://10.180.1.21/compute/v2.1/servers/b911a5b5-9617-4fb3-9b5e-fb8c492e4931 0.048s
2024-10-03 02:55:23.306 63769 INFO tempest.lib.common.rest_client [req-05787be5-159e-495f-85ec-e7d24e69e2a5 req-05787be5-159e-495f-85ec-e7d24e69e2a5 ] Request (FloatingIPsNegativeTestJSON:tearDownClass): 204 DELETE http://10.180.1.21:9696/networking/v2.0/networks/0a23cdb4-bb45-4e36-b5a3-838a738af727 0.276s
2024-10-03 02:55:23.317 63787 INFO tempest.lib.common.rest_client [req-6375fa8d-484c-4eba-9d9b-1a3a0ece39b3 req-6375fa8d-484c-4eba-9d9b-1a3a0ece39b3 ] Request (SecurityGroupsTestJSON:test_list_security_groups_by_server): 200 GET http://10.180.1.21/compute/v2.1/servers/8b65c223-03a8-41e0-917e-45dd76b6e57f 0.066s
2024-10-03 02:55:23.318 63759 INFO tempest.lib.common.rest_client [req-2bcd1073-1181-4774-b584-0afa58b369ed req-2bcd1073-1181-4774-b584-0afa58b369ed ] Request (AttachVolumeShelveTestJSON:test_attach_volume_shelved_or_offload_server): 200 GET http://10.180.1.21/compute/v2.1/servers/87c468d9-9594-4804-b461-527f01f6118f 0.053s
2024-10-03 02:55:23.326 63787 INFO tempest.common.waiters [-] State transition "BUILD/None" ==> "BUILD/networking" after 56 second wait
2024-10-03 02:55:23.376 63807 INFO tempest.lib.common.rest_client [req-a4ff24a6-e41c-4333-9d7f-2027c5f2d195 req-a4ff24a6-e41c-4333-9d7f-2027c5f2d195 ] Request (ServerAddressesTestJSON:setUpClass): 200 GET http://10.180.1.21/compute/v2.1/servers/7fee0afb-88c9-4e93-a4d9-94312394f927 0.061s
2024-10-03 02:55:23.390 63769 INFO tempest.lib.common.rest_client [req-9fbd1fd0-bfa2-4854-8c73-27181ec7575d req-9fbd1fd0-bfa2-4854-8c73-27181ec7575d ] Request (FloatingIPsNegativeTestJSON:tearDownClass): 204 DELETE http://10.180.1.21/identity/v3/users/89bb01b1908242c09b09d6e8a7777c22 0.083s
2024-10-03 02:55:23.390 63769 INFO tempest.lib.common.dynamic_creds [-] Deleting project and security group for project: fa1d71c65f7146f3bf921f853f4fbe47
2024-10-03 02:55:23.395 63767 INFO tempest.lib.common.rest_client [req-645d8d82-e3b1-444c-a009-8a3c53decb84 req-645d8d82-e3b1-444c-a009-8a3c53decb84 ] Request (ServersAdminNegativeTestJSON:setUpClass): 200 GET http://10.180.1.21/compute/v2.1/servers/5b42f744-fdd6-45b1-8563-896869648c23 0.060s
2024-10-03 02:55:23.444 63769 INFO tempest.lib.common.rest_client [req-0e1fe947-ef87-4c83-b1ea-05a61bf29dad req-0e1fe947-ef87-4c83-b1ea-05a61bf29dad ] Request (FloatingIPsNegativeTestJSON:tearDownClass): 200 GET http://10.180.1.21:9696/networking/v2.0/security-groups?tenant_id=fa1d71c65f7146f3bf921f853f4fbe47&name=default 0.054s
2024-10-03 02:55:23.450 63775 INFO tempest.lib.common.rest_client [req-3c3c779b-62c7-49bd-8549-03c4d2226e00 req-3c3c779b-62c7-49bd-8549-03c4d2226e00 ] Request (ListServersNegativeTestJSON:setUpClass): 200 GET http://10.180.1.21/compute/v2.1/servers/37e6c27e-317b-45d2-bd55-2fd78ccf009f 0.060s
2024-10-03 02:55:23.532 63755 INFO tempest.lib.common.rest_client [req-746f965e-68d9-4bc7-9ced-305d048b1129 req-746f965e-68d9-4bc7-9ced-305d048b1129 ] Request (AttachInterfacesV270Test:test_create_get_list_interfaces): 200 GET http://10.180.1.21/compute/v2.1/servers/6876f61c-2315-4e49-9944-4a5caddede5b 0.072s
2024-10-03 02:55:23.553 63795 INFO tempest.lib.common.rest_client [req-34e9ce48-ffd8-4d6e-8517-4ec5ae7e0031 req-34e9ce48-ffd8-4d6e-8517-4ec5ae7e0031 ] Request (ServerAddressesNegativeTestJSON:setUpClass): 200 GET http://10.180.1.21/compute/v2.1/servers/5b201ab6-c7ec-4a5c-a310-982649f34be4 0.054s
2024-10-03 02:55:23.579 63813 INFO tempest.lib.common.rest_client [req-b38e00a1-4b1a-4368-8497-e462a61bac60 req-b38e00a1-4b1a-4368-8497-e462a61bac60 ] Request (ServersTestBootFromVolume:setUpClass): 200 GET http://10.180.1.21/compute/v2.1/servers/90f4930b-aaa0-4c4b-9ab8-92aed45e200b 0.056s
2024-10-03 02:55:23.585 63769 INFO tempest.lib.common.rest_client [req-af3ca6e0-3c07-4ad8-a8a2-0f0a242e03ae req-af3ca6e0-3c07-4ad8-a8a2-0f0a242e03ae ] Request (FloatingIPsNegativeTestJSON:tearDownClass): 204 DELETE http://10.180.1.21:9696/networking/v2.0/security-groups/7ecd601d-13d8-4891-b445-1c24736215b9 0.140s
2024-10-03 02:55:23.599 63753 INFO tempest.lib.common.rest_client [req-6272a47b-a331-4b49-a949-a3999fbf4b64 req-6272a47b-a331-4b49-a949-a3999fbf4b64 ] Request (MigrationsAdminTest:test_resize_server_revert_deleted_flavor): 200 GET http://10.180.1.21/compute/v2.1/servers/f1d01b75-ac9d-458d-8cc2-ae64cffca4e8 0.057s
2024-10-03 02:55:23.636 63757 INFO tempest.lib.common.rest_client [req-7124498b-d0f1-404c-ad7b-099e6525312c req-7124498b-d0f1-404c-ad7b-099e6525312c ] Request (ServerActionsTestJSON:setUpClass): 200 GET http://10.180.1.21/compute/v2.1/servers/005f45b3-630d-400f-9605-100f6aad88e6 0.053s
2024-10-03 02:55:23.651 63803 INFO tempest.lib.common.rest_client [req-f1653247-29fb-4dde-90a0-bd9415dbb82b req-f1653247-29fb-4dde-90a0-bd9415dbb82b ] Request (ImagesOneServerNegativeTestJSON:setUpClass): 200 GET http://10.180.1.21/compute/v2.1/servers/bbce1137-d691-4633-87ff-f9f4ea257ed7 0.061s
2024-10-03 02:55:23.675 63769 INFO tempest.lib.common.rest_client [req-91648df2-cdc9-4a76-ab6e-aa1a7dd826b9 req-91648df2-cdc9-4a76-ab6e-aa1a7dd826b9 ] Request (FloatingIPsNegativeTestJSON:tearDownClass): 204 DELETE http://10.180.1.21/identity/v3/projects/fa1d71c65f7146f3bf921f853f4fbe47 0.090s
2024-10-03 02:55:23.692 63801 INFO tempest.lib.common.rest_client [req-dd5c665e-0fda-4cff-a137-202fa8444c95 req-dd5c665e-0fda-4cff-a137-202fa8444c95 ] Request (DeleteServersAdminTestJSON:test_delete_server_while_in_error_state): 200 GET http://10.180.1.21/compute/v2.1/servers/ae5c6e69-a885-48e3-9c9e-017f33430edd 0.055s
2024-10-03 02:55:23.734 63769 INFO tempest.lib.common.rest_client [req-de15c838-cb02-478a-95b0-47b4452e2251 req-de15c838-cb02-478a-95b0-47b4452e2251 ] Request (ListImageFiltersNegativeTestJSON:setUpClass): 201 POST http://10.180.1.21/identity/v3/auth/tokens 0.057s
2024-10-03 02:55:23.752 63763 INFO tempest.lib.common.rest_client [req-3548d31e-b80c-4bc3-8672-b33bcaa0e7d3 req-3548d31e-b80c-4bc3-8672-b33bcaa0e7d3 ] Request (FloatingIPsAssociationTestJSON:setUpClass): 200 GET http://10.180.1.21/compute/v2.1/servers/2728c9f9-0d03-4313-ba2a-3dc22aff8538 0.054s
2024-10-03 02:55:23.766 63769 INFO tempest.lib.common.rest_client [req-a62de1a7-c9ff-4efa-8d1a-b1a317d41db5 req-a62de1a7-c9ff-4efa-8d1a-b1a317d41db5 ] Request (ListImageFiltersNegativeTestJSON:setUpClass): 201 POST http://10.180.1.21/identity/v3/auth/tokens 0.028s
2024-10-03 02:55:23.789 63769 INFO tempest.lib.common.rest_client [req-54442bcd-4dc6-4458-a442-aa247dc77210 req-54442bcd-4dc6-4458-a442-aa247dc77210 ] Request (ListImageFiltersNegativeTestJSON:setUpClass): 200 GET http://10.180.1.21/identity/v3/domains?name=Default 0.022s
2024-10-03 02:55:23.805 63773 INFO tempest.lib.common.rest_client [req-7d0161e6-fcc6-4406-adc1-82face8581d9 req-7d0161e6-fcc6-4406-adc1-82face8581d9 ] Request (ServersWithSpecificFlavorTestJSON:test_verify_created_server_ephemeral_disk): 200 GET http://10.180.1.21/compute/v2.1/servers/ebc737a3-e6cd-4f4c-a4b6-fce5924de4c6 0.053s
2024-10-03 02:55:23.819 63769 INFO tempest.lib.common.rest_client [req-2ef7b15a-6f78-45d4-b595-a03ad23db877 req-2ef7b15a-6f78-45d4-b595-a03ad23db877 ] Request (ListImageFiltersNegativeTestJSON:setUpClass): 201 POST http://10.180.1.21/identity/v3/projects 0.029s
2024-10-03 02:55:23.871 63769 INFO tempest.lib.common.rest_client [req-f47f58b3-ba42-49dc-bad4-7be574cac037 req-f47f58b3-ba42-49dc-bad4-7be574cac037 ] Request (ListImageFiltersNegativeTestJSON:setUpClass): 201 POST http://10.180.1.21/identity/v3/users 0.052s
2024-10-03 02:55:23.888 63769 INFO tempest.lib.common.rest_client [req-8ae465d5-5ac5-43ef-8f7d-c2de1a1856dc req-8ae465d5-5ac5-43ef-8f7d-c2de1a1856dc ] Request (ListImageFiltersNegativeTestJSON:setUpClass): 200 GET http://10.180.1.21/identity/v3/roles 0.017s
2024-10-03 02:55:23.913 63769 INFO tempest.lib.common.rest_client [req-b0544afa-a878-4e39-b7b5-f0897f260b36 req-b0544afa-a878-4e39-b7b5-f0897f260b36 ] Request (ListImageFiltersNegativeTestJSON:setUpClass): 204 PUT http://10.180.1.21/identity/v3/projects/6e79ea16e10a484799c8ce741777a9cf/users/906dd87f804847c0a87546cc7d503339/roles/377cca419e1c4aa4bb16b175c09618ba 0.024s
2024-10-03 02:55:23.913 63769 INFO tempest.lib.common.dynamic_creds [-] Dynamic test user 906dd87f804847c0a87546cc7d503339 is created with scope project and roles: ['member']
2024-10-03 02:55:23.913 63769 INFO tempest.lib.common.dynamic_creds [-] Acquired dynamic creds: credentials: Credentials: {'domain_id': 'default', 'domain_name': 'Default', 'username': 'tempest-ListImageFiltersNegativeTestJSON-768417129-project-member', 'project_domain_id': 'default', 'project_domain_name': 'Default', 'project_id': '6e79ea16e10a484799c8ce741777a9cf', 'project_name': 'tempest-ListImageFiltersNegativeTestJSON-768417129', 'tenant_id': '6e79ea16e10a484799c8ce741777a9cf', 'tenant_name': 'tempest-ListImageFiltersNegativeTestJSON-768417129', 'user_domain_id': 'default', 'user_domain_name': 'Default', 'user_id': '906dd87f804847c0a87546cc7d503339', 'system': None}, Network: None, Subnet: None, Router: None
2024-10-03 02:55:23.913 63769 INFO tempest.lib.common.dynamic_creds [-] Created isolated network resources for: credentials: Credentials: {'domain_id': 'default', 'domain_name': 'Default', 'username': 'tempest-ListImageFiltersNegativeTestJSON-768417129-project-member', 'project_domain_id': 'default', 'project_domain_name': 'Default', 'project_id': '6e79ea16e10a484799c8ce741777a9cf', 'project_name': 'tempest-ListImageFiltersNegativeTestJSON-768417129', 'tenant_id': '6e79ea16e10a484799c8ce741777a9cf', 'tenant_name': 'tempest-ListImageFiltersNegativeTestJSON-768417129', 'user_domain_id': 'default', 'user_domain_name': 'Default', 'user_id': '906dd87f804847c0a87546cc7d503339', 'system': None}, Network: None, Subnet: None, Router: None
2024-10-03 02:55:23.919 63789 INFO tempest.lib.common.rest_client [req-0a173706-4eb4-4e2f-b4a8-437b8686bd67 req-0a173706-4eb4-4e2f-b4a8-437b8686bd67 ] Request (ServerRescueTestJSON:setUpClass): 200 GET http://10.180.1.21/compute/v2.1/servers/7f49d79e-3bda-4949-a976-7e3e6513b2c7 0.048s
2024-10-03 02:55:23.978 63769 INFO tempest.lib.common.rest_client [req-57a8d3a3-f4a4-46f2-8fb0-585ac5829f05 req-57a8d3a3-f4a4-46f2-8fb0-585ac5829f05 ] Request (ListImageFiltersNegativeTestJSON:setUpClass): 201 POST http://10.180.1.21/identity/v3/auth/tokens 0.061s
2024-10-03 02:55:23.984 63791 INFO tempest.lib.common.rest_client [req-ee8599fc-bf6b-420e-8c33-5aad33a44a0c req-ee8599fc-bf6b-420e-8c33-5aad33a44a0c ] Request (DeleteServersTestJSON:test_delete_active_server): 200 GET http://10.180.1.21/compute/v2.1/servers/3ad04a9f-62cf-4b1c-aab2-7dc4a219edc6 0.054s
2024-10-03 02:55:24.034 63779 INFO tempest.lib.common.rest_client [req-451f8125-3d5e-499a-8626-df0ad835e83c req-451f8125-3d5e-499a-8626-df0ad835e83c ] Request (ServerPasswordTestJSON:setUpClass): 200 GET http://10.180.1.21/compute/v2.1/servers/07499601-62bc-4c31-b295-23f34a6e2e91 0.050s
2024-10-03 02:55:24.066 63769 INFO tempest.lib.common.rest_client [req-5fb2859f-d973-47d2-b7ef-b6ce1290a9c2 req-5fb2859f-d973-47d2-b7ef-b6ce1290a9c2 ] Request (ListImageFiltersNegativeTestJSON:test_get_nonexistent_image): 404 GET http://10.180.1.21/compute/v2.1/images/020eff3b-20ef-4e81-8fc7-e9daa5a8f25c 0.086s
2024-10-03 02:55:24.091 63815 INFO tempest.lib.common.rest_client [req-646f9c58-8f07-40b0-93c7-bbf4cc9c35fb req-646f9c58-8f07-40b0-93c7-bbf4cc9c35fb ] Request (ServersAdmin275Test:tearDownClass): 200 GET http://10.180.1.21/compute/v2.1/servers/93b28142-8454-43c0-b0a7-d61aa95c8fc8 0.074s
2024-10-03 02:55:24.111 63805 INFO tempest.lib.common.rest_client [req-51975345-f37b-467c-a622-fa6abf19e6c6 req-51975345-f37b-467c-a622-fa6abf19e6c6 ] Request (ImagesTestJSON:test_create_image_from_stopped_server): 200 GET http://10.180.1.21/compute/v2.1/servers/02ffb723-d6df-42cb-93c5-d582705d1e03 0.064s
2024-10-03 02:55:24.142 63793 INFO tempest.lib.common.rest_client [req-395baade-3d04-4f64-b838-d8adb333e4ea req-395baade-3d04-4f64-b838-d8adb333e4ea ] Request (ServersV294TestFqdnHostnames:setUpClass): 200 GET http://10.180.1.21/compute/v2.1/servers/396e49dd-48c0-496b-a1ec-190c33a22c5e 0.066s
2024-10-03 02:55:24.150 63769 INFO tempest.lib.common.rest_client [req-59140524-7c96-4ba1-8c65-e304695ec636 req-59140524-7c96-4ba1-8c65-e304695ec636 ] Request (ListImageFiltersNegativeTestJSON:tearDownClass): 204 DELETE http://10.180.1.21/identity/v3/users/906dd87f804847c0a87546cc7d503339 0.082s
2024-10-03 02:55:24.150 63769 INFO tempest.lib.common.dynamic_creds [-] Deleting project and security group for project: 6e79ea16e10a484799c8ce741777a9cf
2024-10-03 02:55:24.158 63771 INFO tempest.lib.common.rest_client [req-7185c392-0165-4fa2-a4de-6ee634dcbd25 req-7185c392-0165-4fa2-a4de-6ee634dcbd25 ] Request (ServerDiagnosticsTest:test_get_server_diagnostics): 200 GET http://10.180.1.21/compute/v2.1/servers/4ad5440f-cd18-44c5-8836-0aa39824cf03 0.059s
2024-10-03 02:55:24.197 63797 INFO tempest.lib.common.rest_client [req-59701b77-52ce-4308-a08e-5b3aa453cd01 req-59701b77-52ce-4308-a08e-5b3aa453cd01 ] Request (ListImageFiltersTestJSON:setUpClass): 200 GET http://10.180.1.21/compute/v2.1/servers/ab1539ba-33a4-4139-a2f3-1f8c507beede 0.073s
2024-10-03 02:55:24.208 63797 INFO tempest.common.waiters [-] State transition "BUILD/scheduling" ==> "ERROR/None" after 68 second wait
2024-10-03 02:55:24.213 63769 INFO tempest.lib.common.rest_client [req-e63a49e2-f119-42a4-b9de-caf86c317879 req-e63a49e2-f119-42a4-b9de-caf86c317879 ] Request (ListImageFiltersNegativeTestJSON:tearDownClass): 201 POST http://10.180.1.21/identity/v3/auth/tokens 0.062s
2024-10-03 02:55:24.215 63781 INFO tempest.lib.common.rest_client [req-285e0c85-24d1-44c9-ac72-8e189842295c req-285e0c85-24d1-44c9-ac72-8e189842295c ] Request (VolumesAdminNegativeTest:test_update_attached_volume_with_nonexistent_volume_in_uri): 200 GET http://10.180.1.21/compute/v2.1/servers/4087b2c4-6ed1-4b68-8b78-a36e34d935b1 0.061s
2024-10-03 02:55:24.254 63783 INFO tempest.lib.common.rest_client [req-5e1e65bf-6ecc-401d-aa9a-2d98bd769e19 req-5e1e65bf-6ecc-401d-aa9a-2d98bd769e19 ] Request (ImagesNegativeTestJSON:test_create_image_from_deleted_server): 200 GET http://10.180.1.21/compute/v2.1/servers/d5f988f2-765b-4ecf-bad5-4a70fc95d74c 0.054s
2024-10-03 02:55:24.312 63811 INFO tempest.lib.common.rest_client [req-c3ab1450-122e-4257-8bf9-06975d1585da req-c3ab1450-122e-4257-8bf9-06975d1585da ] Request (ServerDiskConfigTestJSON:test_rebuild_server_with_auto_disk_config): 200 GET http://10.180.1.21/compute/v2.1/servers/b53754b1-ec31-4dc3-a839-771f71affe1e 0.102s
2024-10-03 02:55:24.381 63809 INFO tempest.lib.common.rest_client [req-3b9d96b3-11db-4911-89cb-3764bd203638 req-3b9d96b3-11db-4911-89cb-3764bd203638 ] Request (ServersTestFqdnHostnames:test_create_server_with_fqdn_name): 200 GET http://10.180.1.21/compute/v2.1/servers/b84c6c8d-e358-4a14-8425-c4f1d8adf4ee 0.123s
2024-10-03 02:55:24.408 63797 INFO tempest.lib.common.rest_client [req-e3202967-e1a3-4c06-a261-99158b69eda7 req-e3202967-e1a3-4c06-a261-99158b69eda7 ] Request (ListImageFiltersTestJSON:setUpClass): 204 DELETE http://10.180.1.21/compute/v2.1/servers/ab1539ba-33a4-4139-a2f3-1f8c507beede 0.200s
2024-10-03 02:55:24.428 63769 INFO tempest.lib.common.rest_client [req-9d12261a-f7e1-44d4-a77d-0f50d697df60 req-9d12261a-f7e1-44d4-a77d-0f50d697df60 ] Request (ListImageFiltersNegativeTestJSON:tearDownClass): 200 GET http://10.180.1.21:9696/networking/v2.0/security-groups?tenant_id=6e79ea16e10a484799c8ce741777a9cf&name=default 0.214s
2024-10-03 02:55:24.435 63761 INFO tempest.lib.common.rest_client [req-7fecd4a2-23e9-46d2-bb75-87c48b74f931 req-7fecd4a2-23e9-46d2-bb75-87c48b74f931 ] Request (AttachInterfacesUnderV243Test:test_add_remove_fixed_ip): 200 GET http://10.180.1.21/compute/v2.1/servers/b911a5b5-9617-4fb3-9b5e-fb8c492e4931 0.170s
2024-10-03 02:55:24.551 63787 INFO tempest.lib.common.rest_client [req-89800729-6346-48e3-b22b-33b22a6e40e5 req-89800729-6346-48e3-b22b-33b22a6e40e5 ] Request (SecurityGroupsTestJSON:test_list_security_groups_by_server): 200 GET http://10.180.1.21/compute/v2.1/servers/8b65c223-03a8-41e0-917e-45dd76b6e57f 0.224s
2024-10-03 02:55:24.556 63787 INFO tempest.common.waiters [-] State transition "BUILD/networking" ==> "BUILD/spawning" after 57 second wait
2024-10-03 02:55:24.603 63807 INFO tempest.lib.common.rest_client [req-33940b0e-06f2-4777-9d2a-9dcbced13b70 req-33940b0e-06f2-4777-9d2a-9dcbced13b70 ] Request (ServerAddressesTestJSON:setUpClass): 200 GET http://10.180.1.21/compute/v2.1/servers/7fee0afb-88c9-4e93-a4d9-94312394f927 0.216s
2024-10-03 02:55:24.609 63759 INFO tempest.lib.common.rest_client [req-c24d9dde-28b5-47bb-a390-bbca6b9a238a req-c24d9dde-28b5-47bb-a390-bbca6b9a238a ] Request (AttachVolumeShelveTestJSON:test_attach_volume_shelved_or_offload_server): 200 GET http://10.180.1.21/compute/v2.1/servers/87c468d9-9594-4804-b461-527f01f6118f 0.275s
2024-10-03 02:55:24.653 63797 INFO tempest.lib.common.rest_client [req-1865db51-eb44-444b-82f2-1c2d4e49bf3c req-1865db51-eb44-444b-82f2-1c2d4e49bf3c ] Request (ListImageFiltersTestJSON:setUpClass): 404 GET http://10.180.1.21/compute/v2.1/servers/ab1539ba-33a4-4139-a2f3-1f8c507beede 0.244s
2024-10-03 02:55:24.654 63797 INFO tempest.test [-] raised in ListImageFiltersTestJSON.setUpClass. Invoking tearDownClass.
2024-10-03 02:55:24.659 63767 INFO tempest.lib.common.rest_client [req-2c2ca3db-737b-4745-83a3-a220dccd739a req-2c2ca3db-737b-4745-83a3-a220dccd739a ] Request (ServersAdminNegativeTestJSON:setUpClass): 200 GET http://10.180.1.21/compute/v2.1/servers/5b42f744-fdd6-45b1-8563-896869648c23 0.256s
2024-10-03 02:55:24.669 63769 INFO tempest.lib.common.rest_client [req-480239ae-2ec1-4068-94b8-3414d3886879 req-480239ae-2ec1-4068-94b8-3414d3886879 ] Request (ListImageFiltersNegativeTestJSON:tearDownClass): 204 DELETE http://10.180.1.21:9696/networking/v2.0/security-groups/dc24b5b3-4c33-4230-b377-3b4139ebfdd4 0.241s
2024-10-03 02:55:24.699 63775 INFO tempest.lib.common.rest_client [req-8604fab3-a87d-4fb0-9976-bfb1df025afa req-8604fab3-a87d-4fb0-9976-bfb1df025afa ] Request (ListServersNegativeTestJSON:setUpClass): 200 GET http://10.180.1.21/compute/v2.1/servers/37e6c27e-317b-45d2-bd55-2fd78ccf009f 0.242s
2024-10-03 02:55:24.704 63755 INFO tempest.lib.common.rest_client [req-fafb537b-8ddc-4b1a-9605-a12c89347ce5 req-fafb537b-8ddc-4b1a-9605-a12c89347ce5 ] Request (AttachInterfacesV270Test:test_create_get_list_interfaces): 200 GET http://10.180.1.21/compute/v2.1/servers/6876f61c-2315-4e49-9944-4a5caddede5b 0.160s
2024-10-03 02:55:24.712 63755 INFO tempest.common.waiters [-] State transition "BUILD/scheduling" ==> "BUILD/None" after 54 second wait
2024-10-03 02:55:24.735 63769 INFO tempest.lib.common.rest_client [req-5954232c-0ade-4589-829b-9c3f92c85251 req-5954232c-0ade-4589-829b-9c3f92c85251 ] Request (ListImageFiltersNegativeTestJSON:tearDownClass): 204 DELETE http://10.180.1.21/identity/v3/projects/6e79ea16e10a484799c8ce741777a9cf 0.065s
2024-10-03 02:55:24.736 63769 INFO tempest.test [-] raised in ServerStableDeviceRescueTest.setUpClass. Invoking tearDownClass.
2024-10-03 02:55:24.745 63795 INFO tempest.lib.common.rest_client [req-90f274a4-4101-4f10-b84d-6bba08218f31 req-90f274a4-4101-4f10-b84d-6bba08218f31 ] Request (ServerAddressesNegativeTestJSON:setUpClass): 200 GET http://10.180.1.21/compute/v2.1/servers/5b201ab6-c7ec-4a5c-a310-982649f34be4 0.183s
2024-10-03 02:55:24.751 63813 INFO tempest.lib.common.rest_client [req-45a1f4d9-3994-41d7-9ebe-7573eba9259b req-45a1f4d9-3994-41d7-9ebe-7573eba9259b ] Request (ServersTestBootFromVolume:setUpClass): 200 GET http://10.180.1.21/compute/v2.1/servers/90f4930b-aaa0-4c4b-9ab8-92aed45e200b 0.164s
2024-10-03 02:55:24.790 63753 INFO tempest.lib.common.rest_client [req-4b6c708c-53d9-4b19-94af-ca28e76c0f1c req-4b6c708c-53d9-4b19-94af-ca28e76c0f1c ] Request (MigrationsAdminTest:test_resize_server_revert_deleted_flavor): 200 GET http://10.180.1.21/compute/v2.1/servers/f1d01b75-ac9d-458d-8cc2-ae64cffca4e8 0.179s
2024-10-03 02:55:24.794 63757 INFO tempest.lib.common.rest_client [req-b40232be-bc2e-4f5a-9dee-fa0b02010fb6 req-b40232be-bc2e-4f5a-9dee-fa0b02010fb6 ] Request (ServerActionsTestJSON:setUpClass): 200 GET http://10.180.1.21/compute/v2.1/servers/005f45b3-630d-400f-9605-100f6aad88e6 0.151s
2024-10-03 02:55:24.801 63769 INFO tempest.lib.common.rest_client [req-57a52b54-b8ca-4d44-8df7-72da970d3b0b req-57a52b54-b8ca-4d44-8df7-72da970d3b0b ] Request (VolumesTestJSON:setUpClass): 201 POST http://10.180.1.21/identity/v3/auth/tokens 0.063s
2024-10-03 02:55:24.829 63769 INFO tempest.lib.common.rest_client [req-47fd3011-e80f-4da8-8941-559b5aabe650 req-47fd3011-e80f-4da8-8941-559b5aabe650 ] Request (VolumesTestJSON:setUpClass): 201 POST http://10.180.1.21/identity/v3/auth/tokens 0.025s
2024-10-03 02:55:24.839 63803 INFO tempest.lib.common.rest_client [req-82a7536e-4aa5-42d3-bad1-1168dc68a74b req-82a7536e-4aa5-42d3-bad1-1168dc68a74b ] Request (ImagesOneServerNegativeTestJSON:setUpClass): 200 GET http://10.180.1.21/compute/v2.1/servers/bbce1137-d691-4633-87ff-f9f4ea257ed7 0.177s
2024-10-03 02:55:24.851 63769 INFO tempest.lib.common.rest_client [req-cf413c98-5f41-467f-b822-bb6b79fa147c req-cf413c98-5f41-467f-b822-bb6b79fa147c ] Request (VolumesTestJSON:setUpClass): 200 GET http://10.180.1.21/identity/v3/domains?name=Default 0.022s
2024-10-03 02:55:24.876 63769 INFO tempest.lib.common.rest_client [req-ca2383a5-ca9d-4123-97c6-96a69787bd7f req-ca2383a5-ca9d-4123-97c6-96a69787bd7f ] Request (VolumesTestJSON:setUpClass): 201 POST http://10.180.1.21/identity/v3/projects 0.024s
2024-10-03 02:55:24.884 63801 INFO tempest.lib.common.rest_client [req-ec97d506-96aa-4cf1-b5a8-5f72f0a873ea req-ec97d506-96aa-4cf1-b5a8-5f72f0a873ea ] Request (DeleteServersAdminTestJSON:test_delete_server_while_in_error_state): 200 GET http://10.180.1.21/compute/v2.1/servers/ae5c6e69-a885-48e3-9c9e-017f33430edd 0.184s
2024-10-03 02:55:24.929 63763 INFO tempest.lib.common.rest_client [req-02e4df7e-622c-4699-8ac7-12ab44859848 req-02e4df7e-622c-4699-8ac7-12ab44859848 ] Request (FloatingIPsAssociationTestJSON:setUpClass): 200 GET http://10.180.1.21/compute/v2.1/servers/2728c9f9-0d03-4313-ba2a-3dc22aff8538 0.170s
2024-10-03 02:55:24.931 63769 INFO tempest.lib.common.rest_client [req-efde1364-ce55-48bd-88e1-9c5ab85e2c05 req-efde1364-ce55-48bd-88e1-9c5ab85e2c05 ] Request (VolumesTestJSON:setUpClass): 201 POST http://10.180.1.21/identity/v3/users 0.055s
2024-10-03 02:55:24.946 63769 INFO tempest.lib.common.rest_client [req-c81945e0-b584-40f8-ac88-d973b2aa96a3 req-c81945e0-b584-40f8-ac88-d973b2aa96a3 ] Request (VolumesTestJSON:setUpClass): 200 GET http://10.180.1.21/identity/v3/roles 0.015s
2024-10-03 02:55:24.959 63797 INFO tempest.lib.common.rest_client [req-b5414010-e239-439c-910f-a32065299608 req-b5414010-e239-439c-910f-a32065299608 ] Request (ListImageFiltersTestJSON:tearDownClass): 204 DELETE http://10.180.1.21/compute/v2.1/servers/48908cb0-a989-4bad-84a4-25a4bdd3baeb 0.305s
2024-10-03 02:55:24.972 63773 INFO tempest.lib.common.rest_client [req-02aab188-d7e1-4560-8aee-a1e56ab6a263 req-02aab188-d7e1-4560-8aee-a1e56ab6a263 ] Request (ServersWithSpecificFlavorTestJSON:test_verify_created_server_ephemeral_disk): 200 GET http://10.180.1.21/compute/v2.1/servers/ebc737a3-e6cd-4f4c-a4b6-fce5924de4c6 0.156s
2024-10-03 02:55:24.979 63769 INFO tempest.lib.common.rest_client [req-040a3393-abfe-4c6b-94d0-4b6890f4bf40 req-040a3393-abfe-4c6b-94d0-4b6890f4bf40 ] Request (VolumesTestJSON:setUpClass): 204 PUT http://10.180.1.21/identity/v3/projects/ad9ef707cbfb49f395538251c5e8598a/users/92de25bbbd7e40038821b8c58f8f5ac5/roles/377cca419e1c4aa4bb16b175c09618ba 0.032s
2024-10-03 02:55:24.979 63769 INFO tempest.lib.common.dynamic_creds [-] Dynamic test user 92de25bbbd7e40038821b8c58f8f5ac5 is created with scope project and roles: ['member']
2024-10-03 02:55:24.979 63769 INFO tempest.lib.common.dynamic_creds [-] Acquired dynamic creds: credentials: Credentials: {'domain_id': 'default', 'domain_name': 'Default', 'username': 'tempest-VolumesTestJSON-563630805-project-member', 'project_domain_id': 'default', 'project_domain_name': 'Default', 'project_id': 'ad9ef707cbfb49f395538251c5e8598a', 'project_name': 'tempest-VolumesTestJSON-563630805', 'tenant_id': 'ad9ef707cbfb49f395538251c5e8598a', 'tenant_name': 'tempest-VolumesTestJSON-563630805', 'user_domain_id': 'default', 'user_domain_name': 'Default', 'user_id': '92de25bbbd7e40038821b8c58f8f5ac5', 'system': None}, Network: None, Subnet: None, Router: None
2024-10-03 02:55:24.979 63769 INFO tempest.lib.common.dynamic_creds [-] Created isolated network resources for: credentials: Credentials: {'domain_id': 'default', 'domain_name': 'Default', 'username': 'tempest-VolumesTestJSON-563630805-project-member', 'project_domain_id': 'default', 'project_domain_name': 'Default', 'project_id': 'ad9ef707cbfb49f395538251c5e8598a', 'project_name': 'tempest-VolumesTestJSON-563630805', 'tenant_id': 'ad9ef707cbfb49f395538251c5e8598a', 'tenant_name': 'tempest-VolumesTestJSON-563630805', 'user_domain_id': 'default', 'user_domain_name': 'Default', 'user_id': '92de25bbbd7e40038821b8c58f8f5ac5', 'system': None}, Network: None, Subnet: None, Router: None
2024-10-03 02:55:24.992 63797 INFO tempest.lib.common.rest_client [req-204c20c5-d4c6-4939-a110-56a93ffa1cf4 req-204c20c5-d4c6-4939-a110-56a93ffa1cf4 ] Request (ListImageFiltersTestJSON:tearDownClass): 404 GET http://10.180.1.21/compute/v2.1/servers/48908cb0-a989-4bad-84a4-25a4bdd3baeb 0.031s
2024-10-03 02:55:25.009 63789 INFO tempest.lib.common.rest_client [req-fd92ed6a-6b4c-4665-9eb0-5f80879e4ca5 req-fd92ed6a-6b4c-4665-9eb0-5f80879e4ca5 ] Request (ServerRescueTestJSON:setUpClass): 200 GET http://10.180.1.21/compute/v2.1/servers/7f49d79e-3bda-4949-a976-7e3e6513b2c7 0.082s
2024-10-03 02:55:25.035 63791 INFO tempest.lib.common.rest_client [req-6e5c633c-bb76-4b1e-b319-9fb398710a96 req-6e5c633c-bb76-4b1e-b319-9fb398710a96 ] Request (DeleteServersTestJSON:test_delete_active_server): 200 GET http://10.180.1.21/compute/v2.1/servers/3ad04a9f-62cf-4b1c-aab2-7dc4a219edc6 0.044s
2024-10-03 02:55:25.045 63769 INFO tempest.lib.common.rest_client [req-d7900439-66a2-43c9-931c-2ca01d2ba8a6 req-d7900439-66a2-43c9-931c-2ca01d2ba8a6 ] Request (VolumesTestJSON:setUpClass): 201 POST http://10.180.1.21/identity/v3/auth/tokens 0.061s
2024-10-03 02:55:25.061 63797 INFO tempest.lib.common.rest_client [req-a38a3ad8-80cb-47a6-a9c6-d5c6bf370941 req-a38a3ad8-80cb-47a6-a9c6-d5c6bf370941 ] Request (ListImageFiltersTestJSON:tearDownClass): 204 DELETE http://10.180.1.21/compute/v2.1/images/8c697d81-c1a5-499d-924d-c15548484514 0.069s
2024-10-03 02:55:25.091 63779 INFO tempest.lib.common.rest_client [req-cd358dad-9573-4760-88e9-d85f280d16da req-cd358dad-9573-4760-88e9-d85f280d16da ] Request (ServerPasswordTestJSON:setUpClass): 200 GET http://10.180.1.21/compute/v2.1/servers/07499601-62bc-4c31-b295-23f34a6e2e91 0.048s
2024-10-03 02:55:25.113 63797 INFO tempest.lib.common.rest_client [req-ed05c4e5-0679-4fb4-8914-1f89fb903cd6 req-ed05c4e5-0679-4fb4-8914-1f89fb903cd6 ] Request (ListImageFiltersTestJSON:tearDownClass): 204 DELETE http://10.180.1.21/compute/v2.1/images/efddbf02-3a1e-4ae7-9264-dbeebde2da1a 0.051s
2024-10-03 02:55:25.159 63797 INFO tempest.lib.common.rest_client [req-671440ed-f6d5-49aa-a894-af5dc63be0c9 req-671440ed-f6d5-49aa-a894-af5dc63be0c9 ] Request (ListImageFiltersTestJSON:tearDownClass): 204 DELETE http://10.180.1.21/compute/v2.1/images/f83b969e-ebbf-437a-9e11-7b76cf485412 0.046s
2024-10-03 02:55:25.164 63815 INFO tempest.lib.common.rest_client [req-bc2883d5-dae8-4020-83de-666babf54500 req-bc2883d5-dae8-4020-83de-666babf54500 ] Request (ServersAdmin275Test:tearDownClass): 200 GET http://10.180.1.21/compute/v2.1/servers/93b28142-8454-43c0-b0a7-d61aa95c8fc8 0.062s
2024-10-03 02:55:25.211 63805 INFO tempest.lib.common.rest_client [req-9ed47a5d-7b77-43ce-9b38-81ea86aef99b req-9ed47a5d-7b77-43ce-9b38-81ea86aef99b ] Request (ImagesTestJSON:test_create_image_from_stopped_server): 200 GET http://10.180.1.21/compute/v2.1/servers/02ffb723-d6df-42cb-93c5-d582705d1e03 0.093s
2024-10-03 02:55:25.218 63793 INFO tempest.lib.common.rest_client [req-6a500470-e4aa-406b-85a7-4f10c4d92ae1 req-6a500470-e4aa-406b-85a7-4f10c4d92ae1 ] Request (ServersV294TestFqdnHostnames:setUpClass): 200 GET http://10.180.1.21/compute/v2.1/servers/396e49dd-48c0-496b-a1ec-190c33a22c5e 0.061s
2024-10-03 02:55:25.242 63769 INFO tempest.lib.common.rest_client [req-91b1e3e1-6880-499a-838c-55825f1b032f req-91b1e3e1-6880-499a-838c-55825f1b032f ] Request (VolumesTestJSON:setUpClass): 202 POST http://10.180.1.21/volume/v3/ad9ef707cbfb49f395538251c5e8598a/volumes 0.196s
2024-10-03 02:55:25.258 63771 INFO tempest.lib.common.rest_client [req-ce471e03-e35b-4cdf-bcb7-a494a1b6bbba req-ce471e03-e35b-4cdf-bcb7-a494a1b6bbba ] Request (ServerDiagnosticsTest:test_get_server_diagnostics): 200 GET http://10.180.1.21/compute/v2.1/servers/4ad5440f-cd18-44c5-8836-0aa39824cf03 0.092s
2024-10-03 02:55:25.268 63797 INFO tempest.lib.common.rest_client [req-6f0715c8-a366-4891-80f9-6db5a6c650ee req-6f0715c8-a366-4891-80f9-6db5a6c650ee ] Request (ListImageFiltersTestJSON:tearDownClass): 204 DELETE http://10.180.1.21/identity/v3/users/fb6aad1c2ef9400fb9e7cfe4572e5cac 0.108s
2024-10-03 02:55:25.269 63797 INFO tempest.lib.common.dynamic_creds [-] Deleting project and security group for project: 09ce0d978c1b4ecfb2b91fa1b1c20622
2024-10-03 02:55:25.271 63781 INFO tempest.lib.common.rest_client [req-ed654939-4084-410a-860c-0d025b254192 req-ed654939-4084-410a-860c-0d025b254192 ] Request (VolumesAdminNegativeTest:test_update_attached_volume_with_nonexistent_volume_in_uri): 200 GET http://10.180.1.21/compute/v2.1/servers/4087b2c4-6ed1-4b68-8b78-a36e34d935b1 0.049s
2024-10-03 02:55:25.276 63769 INFO tempest.lib.common.rest_client [req-f589c766-1e2d-431d-a777-673524fae953 req-f589c766-1e2d-431d-a777-673524fae953 ] Request (VolumesTestJSON:setUpClass): 200 GET http://10.180.1.21/volume/v3/ad9ef707cbfb49f395538251c5e8598a/volumes/778ac169-0283-4f71-9474-a278f99c78d7 0.027s
2024-10-03 02:55:25.311 63783 INFO tempest.lib.common.rest_client [req-089758e1-951b-4e18-bfea-aa455910fb6d req-089758e1-951b-4e18-bfea-aa455910fb6d ] Request (ImagesNegativeTestJSON:test_create_image_from_deleted_server): 200 GET http://10.180.1.21/compute/v2.1/servers/d5f988f2-765b-4ecf-bad5-4a70fc95d74c 0.050s
2024-10-03 02:55:25.327 63797 INFO tempest.lib.common.rest_client [req-d622d1f8-c84e-4d39-aabc-3804a87a1252 req-d622d1f8-c84e-4d39-aabc-3804a87a1252 ] Request (ListImageFiltersTestJSON:tearDownClass): 201 POST http://10.180.1.21/identity/v3/auth/tokens 0.057s
2024-10-03 02:55:25.389 63811 INFO tempest.lib.common.rest_client [req-3ae0848f-7f44-4de4-81cc-fc04003c9a0d req-3ae0848f-7f44-4de4-81cc-fc04003c9a0d ] Request (ServerDiskConfigTestJSON:test_rebuild_server_with_auto_disk_config): 200 GET http://10.180.1.21/compute/v2.1/servers/b53754b1-ec31-4dc3-a839-771f71affe1e 0.065s
2024-10-03 02:55:25.435 63797 INFO tempest.lib.common.rest_client [req-f09d3138-5246-486d-9a5f-57893faf0393 req-f09d3138-5246-486d-9a5f-57893faf0393 ] Request (ListImageFiltersTestJSON:tearDownClass): 200 GET http://10.180.1.21:9696/networking/v2.0/security-groups?tenant_id=09ce0d978c1b4ecfb2b91fa1b1c20622&name=default 0.107s
2024-10-03 02:55:25.453 63809 INFO tempest.lib.common.rest_client [req-9976c1f3-3825-47c5-b1dc-ccd637713713 req-9976c1f3-3825-47c5-b1dc-ccd637713713 ] Request (ServersTestFqdnHostnames:test_create_server_with_fqdn_name): 200 GET http://10.180.1.21/compute/v2.1/servers/b84c6c8d-e358-4a14-8425-c4f1d8adf4ee 0.064s
2024-10-03 02:55:25.496 63761 INFO tempest.lib.common.rest_client [req-299ded85-de5b-4a8a-b6a2-60463efe1fc2 req-299ded85-de5b-4a8a-b6a2-60463efe1fc2 ] Request (AttachInterfacesUnderV243Test:test_add_remove_fixed_ip): 200 GET http://10.180.1.21/compute/v2.1/servers/b911a5b5-9617-4fb3-9b5e-fb8c492e4931 0.055s
2024-10-03 02:55:25.541 63797 INFO tempest.lib.common.rest_client [req-a9dc7618-24d6-4a81-9355-61cd10c41c88 req-a9dc7618-24d6-4a81-9355-61cd10c41c88 ] Request (ListImageFiltersTestJSON:tearDownClass): 204 DELETE http://10.180.1.21:9696/networking/v2.0/security-groups/3a7842db-b396-4bcf-95cd-4ceb042b1bc8 0.105s
2024-10-03 02:55:25.596 63797 INFO tempest.lib.common.rest_client [req-1b89cd12-e308-4e57-b1b8-547c612d0ed3 req-1b89cd12-e308-4e57-b1b8-547c612d0ed3 ] Request (ListImageFiltersTestJSON:tearDownClass): 204 DELETE http://10.180.1.21/identity/v3/projects/09ce0d978c1b4ecfb2b91fa1b1c20622 0.055s
2024-10-03 02:55:25.603 63797 INFO tempest.test [-] raised in ServerBootFromVolumeStableRescueTest.setUpClass. Invoking tearDownClass.
2024-10-03 02:55:25.607 63787 INFO tempest.lib.common.rest_client [req-fa421647-3077-4793-a65c-a244ae803a12 req-fa421647-3077-4793-a65c-a244ae803a12 ] Request (SecurityGroupsTestJSON:test_list_security_groups_by_server): 200 GET http://10.180.1.21/compute/v2.1/servers/8b65c223-03a8-41e0-917e-45dd76b6e57f 0.050s
2024-10-03 02:55:25.662 63797 INFO tempest.lib.common.rest_client [req-88dc2b30-3052-4204-a6bb-903c1b7eaa3b req-88dc2b30-3052-4204-a6bb-903c1b7eaa3b ] Request (ServerShowV247Test:setUpClass): 201 POST http://10.180.1.21/identity/v3/auth/tokens 0.058s
2024-10-03 02:55:25.665 63807 INFO tempest.lib.common.rest_client [req-cf3c402d-f121-41d3-b254-eca12fcecf04 req-cf3c402d-f121-41d3-b254-eca12fcecf04 ] Request (ServerAddressesTestJSON:setUpClass): 200 GET http://10.180.1.21/compute/v2.1/servers/7fee0afb-88c9-4e93-a4d9-94312394f927 0.047s
2024-10-03 02:55:25.669 63759 INFO tempest.lib.common.rest_client [req-e4b9a74f-bc5c-4fbf-b4c6-4c83fd033434 req-e4b9a74f-bc5c-4fbf-b4c6-4c83fd033434 ] Request (AttachVolumeShelveTestJSON:test_attach_volume_shelved_or_offload_server): 200 GET http://10.180.1.21/compute/v2.1/servers/87c468d9-9594-4804-b461-527f01f6118f 0.047s
2024-10-03 02:55:25.690 63797 INFO tempest.lib.common.rest_client [req-b8e6fd70-070c-4d05-8ac5-14e1a5aa7e11 req-b8e6fd70-070c-4d05-8ac5-14e1a5aa7e11 ] Request (ServerShowV247Test:setUpClass): 201 POST http://10.180.1.21/identity/v3/auth/tokens 0.026s
2024-10-03 02:55:25.708 63797 INFO tempest.lib.common.rest_client [req-3d620139-eab0-4aa3-9400-7554af335c7c req-3d620139-eab0-4aa3-9400-7554af335c7c ] Request (ServerShowV247Test:setUpClass): 200 GET http://10.180.1.21/identity/v3/domains?name=Default 0.018s
2024-10-03 02:55:25.710 63767 INFO tempest.lib.common.rest_client [req-6c5e0077-d8ea-4653-a620-2f5b2df113c3 req-6c5e0077-d8ea-4653-a620-2f5b2df113c3 ] Request (ServersAdminNegativeTestJSON:setUpClass): 200 GET http://10.180.1.21/compute/v2.1/servers/5b42f744-fdd6-45b1-8563-896869648c23 0.044s
2024-10-03 02:55:25.733 63797 INFO tempest.lib.common.rest_client [req-6b809dab-0e0a-4192-b46f-49b825832322 req-6b809dab-0e0a-4192-b46f-49b825832322 ] Request (ServerShowV247Test:setUpClass): 201 POST http://10.180.1.21/identity/v3/projects 0.024s
2024-10-03 02:55:25.756 63775 INFO tempest.lib.common.rest_client [req-6b91ae5a-50d9-4dbf-b35c-c56a4635109e req-6b91ae5a-50d9-4dbf-b35c-c56a4635109e ] Request (ListServersNegativeTestJSON:setUpClass): 200 GET http://10.180.1.21/compute/v2.1/servers/37e6c27e-317b-45d2-bd55-2fd78ccf009f 0.049s
2024-10-03 02:55:25.762 63755 INFO tempest.lib.common.rest_client [req-dbf45753-0af7-41b5-9d16-3ab875a5b311 req-dbf45753-0af7-41b5-9d16-3ab875a5b311 ] Request (AttachInterfacesV270Test:test_create_get_list_interfaces): 200 GET http://10.180.1.21/compute/v2.1/servers/6876f61c-2315-4e49-9944-4a5caddede5b 0.049s
2024-10-03 02:55:25.783 63797 INFO tempest.lib.common.rest_client [req-128c933c-67d8-4b23-96f4-21f19ef27bbb req-128c933c-67d8-4b23-96f4-21f19ef27bbb ] Request (ServerShowV247Test:setUpClass): 201 POST http://10.180.1.21/identity/v3/users 0.050s
2024-10-03 02:55:25.800 63795 INFO tempest.lib.common.rest_client [req-cbd8de23-6e1f-446d-a0be-15c379b34c02 req-cbd8de23-6e1f-446d-a0be-15c379b34c02 ] Request (ServerAddressesNegativeTestJSON:setUpClass): 200 GET http://10.180.1.21/compute/v2.1/servers/5b201ab6-c7ec-4a5c-a310-982649f34be4 0.048s
