2024-10-03 02:55:25.806 63797 INFO tempest.lib.common.rest_client [req-490a79b7-170b-4985-b740-96d3c961cf25 req-490a79b7-170b-4985-b740-96d3c961cf25 ] Request (ServerShowV247Test:setUpClass): 200 GET http://10.180.1.21/identity/v3/roles 0.022s
2024-10-03 02:55:25.808 63813 INFO tempest.lib.common.rest_client [req-ede1ea4f-bf60-4958-9f01-4387c21ce186 req-ede1ea4f-bf60-4958-9f01-4387c21ce186 ] Request (ServersTestBootFromVolume:setUpClass): 200 GET http://10.180.1.21/compute/v2.1/servers/90f4930b-aaa0-4c4b-9ab8-92aed45e200b 0.050s
2024-10-03 02:55:25.829 63797 INFO tempest.lib.common.rest_client [req-ea839651-05ff-4ae0-888b-3457630d85e7 req-ea839651-05ff-4ae0-888b-3457630d85e7 ] Request (ServerShowV247Test:setUpClass): 204 PUT http://10.180.1.21/identity/v3/projects/7c42466885f541368ceb00603fe7a8d0/users/3b814903cf7640779b311137307f0a35/roles/377cca419e1c4aa4bb16b175c09618ba 0.023s
2024-10-03 02:55:25.829 63797 INFO tempest.lib.common.dynamic_creds [-] Dynamic test user 3b814903cf7640779b311137307f0a35 is created with scope project and roles: ['member']
2024-10-03 02:55:25.830 63797 INFO tempest.lib.common.dynamic_creds [-] Acquired dynamic creds: credentials: Credentials: {'domain_id': 'default', 'domain_name': 'Default', 'username': 'tempest-ServerShowV247Test-1216424191-project-member', 'project_domain_id': 'default', 'project_domain_name': 'Default', 'project_id': '7c42466885f541368ceb00603fe7a8d0', 'project_name': 'tempest-ServerShowV247Test-1216424191', 'tenant_id': '7c42466885f541368ceb00603fe7a8d0', 'tenant_name': 'tempest-ServerShowV247Test-1216424191', 'user_domain_id': 'default', 'user_domain_name': 'Default', 'user_id': '3b814903cf7640779b311137307f0a35', 'system': None}, Network: None, Subnet: None, Router: None
2024-10-03 02:55:25.830 63797 INFO tempest.lib.common.dynamic_creds [-] Created isolated network resources for: credentials: Credentials: {'domain_id': 'default', 'domain_name': 'Default', 'username': 'tempest-ServerShowV247Test-1216424191-project-member', 'project_domain_id': 'default', 'project_domain_name': 'Default', 'project_id': '7c42466885f541368ceb00603fe7a8d0', 'project_name': 'tempest-ServerShowV247Test-1216424191', 'tenant_id': '7c42466885f541368ceb00603fe7a8d0', 'tenant_name': 'tempest-ServerShowV247Test-1216424191', 'user_domain_id': 'default', 'user_domain_name': 'Default', 'user_id': '3b814903cf7640779b311137307f0a35', 'system': None}, Network: None, Subnet: None, Router: None
2024-10-03 02:55:25.846 63753 INFO tempest.lib.common.rest_client [req-b9431e09-ebe5-420c-962a-e3bc03000901 req-b9431e09-ebe5-420c-962a-e3bc03000901 ] Request (MigrationsAdminTest:test_resize_server_revert_deleted_flavor): 200 GET http://10.180.1.21/compute/v2.1/servers/f1d01b75-ac9d-458d-8cc2-ae64cffca4e8 0.049s
2024-10-03 02:55:25.853 63757 INFO tempest.lib.common.rest_client [req-19644c4c-2bf6-41f7-9fb4-32635227e86d req-19644c4c-2bf6-41f7-9fb4-32635227e86d ] Request (ServerActionsTestJSON:setUpClass): 200 GET http://10.180.1.21/compute/v2.1/servers/005f45b3-630d-400f-9605-100f6aad88e6 0.050s
2024-10-03 02:55:25.895 63803 INFO tempest.lib.common.rest_client [req-778765b3-369d-4cc4-9bc5-4bf1d5c56df9 req-778765b3-369d-4cc4-9bc5-4bf1d5c56df9 ] Request (ImagesOneServerNegativeTestJSON:setUpClass): 200 GET http://10.180.1.21/compute/v2.1/servers/bbce1137-d691-4633-87ff-f9f4ea257ed7 0.049s
2024-10-03 02:55:25.899 63797 INFO tempest.lib.common.rest_client [req-bc9e894a-c567-4330-93b1-418431f9be1b req-bc9e894a-c567-4330-93b1-418431f9be1b ] Request (ServerShowV247Test:setUpClass): 201 POST http://10.180.1.21/identity/v3/auth/tokens 0.064s
2024-10-03 02:55:25.938 63801 INFO tempest.lib.common.rest_client [req-1e5e9717-6fe3-4eed-ac9e-e0df0f2293fc req-1e5e9717-6fe3-4eed-ac9e-e0df0f2293fc ] Request (DeleteServersAdminTestJSON:test_delete_server_while_in_error_state): 200 GET http://10.180.1.21/compute/v2.1/servers/ae5c6e69-a885-48e3-9c9e-017f33430edd 0.047s
2024-10-03 02:55:25.941 63797 INFO tempest.lib.common.rest_client [req-7668935b-a5ae-498f-bf4d-4cb4d5f9c8f2 req-7668935b-a5ae-498f-bf4d-4cb4d5f9c8f2 ] Request (ServerShowV247Test:setUpClass): 200 GET http://10.180.1.21/identity/v3/projects/7c42466885f541368ceb00603fe7a8d0 0.041s
2024-10-03 02:55:25.941 63797 INFO tempest.lib.common.dynamic_creds [-] Using the existing project 7c42466885f541368ceb00603fe7a8d0 for scope project and roles: ['reader']
2024-10-03 02:55:25.964 63797 INFO tempest.lib.common.rest_client [req-66629c8b-6392-499a-aac6-cd94e0081b2a req-66629c8b-6392-499a-aac6-cd94e0081b2a ] Request (ServerShowV247Test:setUpClass): 201 POST http://10.180.1.21/identity/v3/users 0.022s
2024-10-03 02:55:25.979 63797 INFO tempest.lib.common.rest_client [req-325a8c36-9394-4c1b-808d-661b6d769ec9 req-325a8c36-9394-4c1b-808d-661b6d769ec9 ] Request (ServerShowV247Test:setUpClass): 200 GET http://10.180.1.21/identity/v3/roles 0.014s
2024-10-03 02:55:25.985 63763 INFO tempest.lib.common.rest_client [req-91f71adb-9457-4b3a-a3fa-07e8ad5f2108 req-91f71adb-9457-4b3a-a3fa-07e8ad5f2108 ] Request (FloatingIPsAssociationTestJSON:setUpClass): 200 GET http://10.180.1.21/compute/v2.1/servers/2728c9f9-0d03-4313-ba2a-3dc22aff8538 0.048s
2024-10-03 02:55:26.004 63797 INFO tempest.lib.common.rest_client [req-d3fe53cc-7dc6-456b-ac41-59c95dd82b2d req-d3fe53cc-7dc6-456b-ac41-59c95dd82b2d ] Request (ServerShowV247Test:setUpClass): 204 PUT http://10.180.1.21/identity/v3/projects/7c42466885f541368ceb00603fe7a8d0/users/6d5dac8080664deb9089fa337e2a0f39/roles/3fba96fa87f94f69b49312f9714e04b1 0.025s
2024-10-03 02:55:26.005 63797 INFO tempest.lib.common.dynamic_creds [-] Dynamic test user 6d5dac8080664deb9089fa337e2a0f39 is created with scope project and roles: ['reader']
2024-10-03 02:55:26.005 63797 INFO tempest.lib.common.dynamic_creds [-] Acquired dynamic creds: credentials: Credentials: {'domain_id': 'default', 'domain_name': 'Default', 'username': 'tempest-ServerShowV247Test-1216424191-project-reader', 'project_domain_id': 'default', 'project_domain_name': 'Default', 'project_id': '7c42466885f541368ceb00603fe7a8d0', 'project_name': 'tempest-ServerShowV247Test-1216424191', 'tenant_id': '7c42466885f541368ceb00603fe7a8d0', 'tenant_name': 'tempest-ServerShowV247Test-1216424191', 'user_domain_id': 'default', 'user_domain_name': 'Default', 'user_id': '6d5dac8080664deb9089fa337e2a0f39', 'system': None}, Network: None, Subnet: None, Router: None
2024-10-03 02:55:26.005 63797 INFO tempest.lib.common.dynamic_creds [-] Network resources are not created for requested scope: project and credentials: Credentials: {'domain_id': 'default', 'domain_name': 'Default', 'username': 'tempest-ServerShowV247Test-1216424191-project-reader', 'project_domain_id': 'default', 'project_domain_name': 'Default', 'project_id': '7c42466885f541368ceb00603fe7a8d0', 'project_name': 'tempest-ServerShowV247Test-1216424191', 'tenant_id': '7c42466885f541368ceb00603fe7a8d0', 'tenant_name': 'tempest-ServerShowV247Test-1216424191', 'user_domain_id': 'default', 'user_domain_name': 'Default', 'user_id': '6d5dac8080664deb9089fa337e2a0f39', 'system': None}, Network: None, Subnet: None, Router: None
2024-10-03 02:55:26.030 63773 INFO tempest.lib.common.rest_client [req-11615ca4-7832-49ba-95ba-cf9acff9ad70 req-11615ca4-7832-49ba-95ba-cf9acff9ad70 ] Request (ServersWithSpecificFlavorTestJSON:test_verify_created_server_ephemeral_disk): 200 GET http://10.180.1.21/compute/v2.1/servers/ebc737a3-e6cd-4f4c-a4b6-fce5924de4c6 0.048s
2024-10-03 02:55:26.065 63789 INFO tempest.lib.common.rest_client [req-8198936c-a178-480d-820b-69e9af0a875a req-8198936c-a178-480d-820b-69e9af0a875a ] Request (ServerRescueTestJSON:setUpClass): 200 GET http://10.180.1.21/compute/v2.1/servers/7f49d79e-3bda-4949-a976-7e3e6513b2c7 0.049s
2024-10-03 02:55:26.066 63797 INFO tempest.lib.common.rest_client [req-0c9b7702-ffbd-4692-ae1e-91640689434c req-0c9b7702-ffbd-4692-ae1e-91640689434c ] Request (ServerShowV247Test:setUpClass): 201 POST http://10.180.1.21/identity/v3/auth/tokens 0.059s
2024-10-03 02:55:26.089 63791 INFO tempest.lib.common.rest_client [req-fba44b29-9b5e-44d6-a95b-e011478e411f req-fba44b29-9b5e-44d6-a95b-e011478e411f ] Request (DeleteServersTestJSON:test_delete_active_server): 200 GET http://10.180.1.21/compute/v2.1/servers/3ad04a9f-62cf-4b1c-aab2-7dc4a219edc6 0.048s
2024-10-03 02:55:26.122 63797 INFO tempest.lib.common.rest_client [req-f10df022-4de6-4350-99cb-5272d103ee70 req-f10df022-4de6-4350-99cb-5272d103ee70 ] Request (ServerShowV247Test:test_show_server): 201 POST http://10.180.1.21/identity/v3/auth/tokens 0.052s
2024-10-03 02:55:26.122 63797 INFO tempest.lib.common.fixed_network [-] (ServerShowV247Test:test_show_server) Found network None available for tenant
2024-10-03 02:55:26.148 63779 INFO tempest.lib.common.rest_client [req-5704ac0a-fdaf-4636-97da-8b445f919888 req-5704ac0a-fdaf-4636-97da-8b445f919888 ] Request (ServerPasswordTestJSON:setUpClass): 200 GET http://10.180.1.21/compute/v2.1/servers/07499601-62bc-4c31-b295-23f34a6e2e91 0.049s
2024-10-03 02:55:26.239 63815 INFO tempest.lib.common.rest_client [req-62526eff-7553-4591-bf65-9bcd6b866abe req-62526eff-7553-4591-bf65-9bcd6b866abe ] Request (ServersAdmin275Test:tearDownClass): 200 GET http://10.180.1.21/compute/v2.1/servers/93b28142-8454-43c0-b0a7-d61aa95c8fc8 0.066s
2024-10-03 02:55:26.294 63805 INFO tempest.lib.common.rest_client [req-f47fb643-89c8-4801-80ce-79df03210c8b req-f47fb643-89c8-4801-80ce-79df03210c8b ] Request (ImagesTestJSON:test_create_image_from_stopped_server): 200 GET http://10.180.1.21/compute/v2.1/servers/02ffb723-d6df-42cb-93c5-d582705d1e03 0.075s
2024-10-03 02:55:26.296 63797 INFO tempest.lib.common.rest_client [req-746f5a16-d8b1-448e-a35c-34720548f33b req-746f5a16-d8b1-448e-a35c-34720548f33b ] Request (ServerShowV247Test:test_show_server): 202 POST http://10.180.1.21/compute/v2.1/servers 0.173s
2024-10-03 02:55:26.311 63769 INFO tempest.lib.common.rest_client [req-469507c6-b573-430e-a74d-a9e72cdb15a5 req-469507c6-b573-430e-a74d-a9e72cdb15a5 ] Request (VolumesTestJSON:setUpClass): 200 GET http://10.180.1.21/volume/v3/ad9ef707cbfb49f395538251c5e8598a/volumes/778ac169-0283-4f71-9474-a278f99c78d7 0.029s
2024-10-03 02:55:26.317 63769 INFO tempest.common.waiters [-] volume 778ac169-0283-4f71-9474-a278f99c78d7 reached available after waiting for 1.317944 seconds
2024-10-03 02:55:26.358 63771 INFO tempest.lib.common.rest_client [req-4d741d2e-625d-410a-b8dd-299e76773028 req-4d741d2e-625d-410a-b8dd-299e76773028 ] Request (ServerDiagnosticsTest:test_get_server_diagnostics): 200 GET http://10.180.1.21/compute/v2.1/servers/4ad5440f-cd18-44c5-8836-0aa39824cf03 0.094s
2024-10-03 02:55:26.362 63793 INFO tempest.lib.common.rest_client [req-445c98c5-e5e9-4ef3-b24b-ffdda5b847a1 req-445c98c5-e5e9-4ef3-b24b-ffdda5b847a1 ] Request (ServersV294TestFqdnHostnames:setUpClass): 200 GET http://10.180.1.21/compute/v2.1/servers/396e49dd-48c0-496b-a1ec-190c33a22c5e 0.135s
2024-10-03 02:55:26.412 63781 INFO tempest.lib.common.rest_client [req-35192aa4-79a8-4b0f-afa5-c5f1ea652cfb req-35192aa4-79a8-4b0f-afa5-c5f1ea652cfb ] Request (VolumesAdminNegativeTest:test_update_attached_volume_with_nonexistent_volume_in_uri): 200 GET http://10.180.1.21/compute/v2.1/servers/4087b2c4-6ed1-4b68-8b78-a36e34d935b1 0.133s
2024-10-03 02:55:26.435 63797 INFO tempest.lib.common.rest_client [req-cc9bf399-9916-4fc9-861a-4fe6f8e13594 req-cc9bf399-9916-4fc9-861a-4fe6f8e13594 ] Request (ServerShowV247Test:test_show_server): 200 GET http://10.180.1.21/compute/v2.1/servers/b4477e66-ae12-4929-90ed-b7b652e0f207 0.137s
2024-10-03 02:55:26.443 63769 INFO tempest.lib.common.rest_client [req-682975fd-b24c-4b2c-ba95-fd7b709374e4 req-682975fd-b24c-4b2c-ba95-fd7b709374e4 ] Request (VolumesTestJSON:setUpClass): 200 GET http://10.180.1.21/compute/v2.1/os-volumes/778ac169-0283-4f71-9474-a278f99c78d7 0.125s
2024-10-03 02:55:26.479 63797 INFO tempest.lib.common.rest_client [req-0265776f-2294-49e2-b9e1-aefcab99200e req-0265776f-2294-49e2-b9e1-aefcab99200e ] Request (ServerShowV247Test:test_update_rebuild_list_server): 201 POST http://10.180.1.21/identity/v3/auth/tokens 0.031s
2024-10-03 02:55:26.479 63797 INFO tempest.lib.common.fixed_network [-] (ServerShowV247Test:test_update_rebuild_list_server) Found network None available for tenant
2024-10-03 02:55:26.490 63783 INFO tempest.lib.common.rest_client [req-330b057a-d32c-4d86-b24c-c181ee84cb01 req-330b057a-d32c-4d86-b24c-c181ee84cb01 ] Request (ImagesNegativeTestJSON:test_create_image_from_deleted_server): 200 GET http://10.180.1.21/compute/v2.1/servers/d5f988f2-765b-4ecf-bad5-4a70fc95d74c 0.170s
2024-10-03 02:55:26.491 63811 INFO tempest.lib.common.rest_client [req-0473f081-0eec-4ffc-b8f3-bf721056a8dc req-0473f081-0eec-4ffc-b8f3-bf721056a8dc ] Request (ServerDiskConfigTestJSON:test_rebuild_server_with_auto_disk_config): 200 GET http://10.180.1.21/compute/v2.1/servers/b53754b1-ec31-4dc3-a839-771f71affe1e 0.096s
2024-10-03 02:55:26.537 63809 INFO tempest.lib.common.rest_client [req-6b5a58c3-427c-4795-aeb8-ce7f7cbf096b req-6b5a58c3-427c-4795-aeb8-ce7f7cbf096b ] Request (ServersTestFqdnHostnames:test_create_server_with_fqdn_name): 200 GET http://10.180.1.21/compute/v2.1/servers/b84c6c8d-e358-4a14-8425-c4f1d8adf4ee 0.077s
2024-10-03 02:55:26.564 63769 INFO tempest.lib.common.rest_client [req-4a8a351a-9573-4fa3-abce-1453a3d3db5d req-4a8a351a-9573-4fa3-abce-1453a3d3db5d ] Request (VolumesTestJSON:setUpClass): 202 POST http://10.180.1.21/volume/v3/ad9ef707cbfb49f395538251c5e8598a/volumes 0.119s
2024-10-03 02:55:26.584 63761 INFO tempest.lib.common.rest_client [req-94e75996-da47-49d7-8370-aed2fdd118d7 req-94e75996-da47-49d7-8370-aed2fdd118d7 ] Request (AttachInterfacesUnderV243Test:test_add_remove_fixed_ip): 200 GET http://10.180.1.21/compute/v2.1/servers/b911a5b5-9617-4fb3-9b5e-fb8c492e4931 0.076s
2024-10-03 02:55:26.593 63769 INFO tempest.lib.common.rest_client [req-d1ce886d-63d3-4d32-929b-685e642a77e7 req-d1ce886d-63d3-4d32-929b-685e642a77e7 ] Request (VolumesTestJSON:setUpClass): 200 GET http://10.180.1.21/volume/v3/ad9ef707cbfb49f395538251c5e8598a/volumes/404fa7c5-e7d4-4cea-a699-d7f65cfd98d7 0.023s
2024-10-03 02:55:26.602 63797 INFO tempest.lib.common.rest_client [req-74f7de08-cdcf-4b98-bfdb-a2dd77c03e6d req-74f7de08-cdcf-4b98-bfdb-a2dd77c03e6d ] Request (ServerShowV247Test:test_update_rebuild_list_server): 202 POST http://10.180.1.21/compute/v2.1/servers 0.122s
2024-10-03 02:55:26.632 63797 INFO tempest.lib.common.rest_client [req-6131290e-000d-425a-87dd-2f3bdf235620 req-6131290e-000d-425a-87dd-2f3bdf235620 ] Request (ServerShowV247Test:test_update_rebuild_list_server): 200 PUT http://10.180.1.21/compute/v2.1/servers/b85e9a70-7f5b-4d32-b616-f2a97e3186c8 0.029s
2024-10-03 02:55:26.669 63787 INFO tempest.lib.common.rest_client [req-e047274d-255d-40af-baa6-239cdc2f6c87 req-e047274d-255d-40af-baa6-239cdc2f6c87 ] Request (SecurityGroupsTestJSON:test_list_security_groups_by_server): 200 GET http://10.180.1.21/compute/v2.1/servers/8b65c223-03a8-41e0-917e-45dd76b6e57f 0.054s
2024-10-03 02:55:26.691 63797 INFO tempest.lib.common.rest_client [req-196f2350-2b07-41fe-b0ac-94dab3c1ebed req-196f2350-2b07-41fe-b0ac-94dab3c1ebed ] Request (ServerShowV247Test:test_update_rebuild_list_server): 200 GET http://10.180.1.21/compute/v2.1/servers/b85e9a70-7f5b-4d32-b616-f2a97e3186c8 0.052s
2024-10-03 02:55:26.727 63807 INFO tempest.lib.common.rest_client [req-8e655de0-6ba9-4948-a7be-76fa9a3ccb87 req-8e655de0-6ba9-4948-a7be-76fa9a3ccb87 ] Request (ServerAddressesTestJSON:setUpClass): 200 GET http://10.180.1.21/compute/v2.1/servers/7fee0afb-88c9-4e93-a4d9-94312394f927 0.055s
2024-10-03 02:55:26.740 63759 INFO tempest.lib.common.rest_client [req-1e45181a-cbc3-4ce9-baf8-46e49ba84044 req-1e45181a-cbc3-4ce9-baf8-46e49ba84044 ] Request (AttachVolumeShelveTestJSON:test_attach_volume_shelved_or_offload_server): 200 GET http://10.180.1.21/compute/v2.1/servers/87c468d9-9594-4804-b461-527f01f6118f 0.063s
2024-10-03 02:55:26.786 63767 INFO tempest.lib.common.rest_client [req-70b826a7-0b7f-4644-93fb-fdded8edbb88 req-70b826a7-0b7f-4644-93fb-fdded8edbb88 ] Request (ServersAdminNegativeTestJSON:setUpClass): 200 GET http://10.180.1.21/compute/v2.1/servers/5b42f744-fdd6-45b1-8563-896869648c23 0.070s
2024-10-03 02:55:26.820 63775 INFO tempest.lib.common.rest_client [req-fd4e1ded-6130-42b2-a160-e18f19908a3f req-fd4e1ded-6130-42b2-a160-e18f19908a3f ] Request (ListServersNegativeTestJSON:setUpClass): 200 GET http://10.180.1.21/compute/v2.1/servers/37e6c27e-317b-45d2-bd55-2fd78ccf009f 0.057s
2024-10-03 02:55:26.838 63755 INFO tempest.lib.common.rest_client [req-5b68c9a0-1589-4350-b177-0400dc8897a8 req-5b68c9a0-1589-4350-b177-0400dc8897a8 ] Request (AttachInterfacesV270Test:test_create_get_list_interfaces): 200 GET http://10.180.1.21/compute/v2.1/servers/6876f61c-2315-4e49-9944-4a5caddede5b 0.067s
2024-10-03 02:55:26.868 63795 INFO tempest.lib.common.rest_client [req-6f5e7af4-48ab-43df-b80e-d8c6f1ae1bd1 req-6f5e7af4-48ab-43df-b80e-d8c6f1ae1bd1 ] Request (ServerAddressesNegativeTestJSON:setUpClass): 200 GET http://10.180.1.21/compute/v2.1/servers/5b201ab6-c7ec-4a5c-a310-982649f34be4 0.061s
2024-10-03 02:55:26.886 63813 INFO tempest.lib.common.rest_client [req-0f12c079-761c-45fc-b735-90e14b0ada13 req-0f12c079-761c-45fc-b735-90e14b0ada13 ] Request (ServersTestBootFromVolume:setUpClass): 200 GET http://10.180.1.21/compute/v2.1/servers/90f4930b-aaa0-4c4b-9ab8-92aed45e200b 0.071s
2024-10-03 02:55:26.914 63753 INFO tempest.lib.common.rest_client [req-37521315-f360-4f1a-b134-bea215345410 req-37521315-f360-4f1a-b134-bea215345410 ] Request (MigrationsAdminTest:test_resize_server_revert_deleted_flavor): 200 GET http://10.180.1.21/compute/v2.1/servers/f1d01b75-ac9d-458d-8cc2-ae64cffca4e8 0.060s
2024-10-03 02:55:26.933 63757 INFO tempest.lib.common.rest_client [req-f63ca1f3-3f1b-40de-b860-4c5b4f66c363 req-f63ca1f3-3f1b-40de-b860-4c5b4f66c363 ] Request (ServerActionsTestJSON:setUpClass): 200 GET http://10.180.1.21/compute/v2.1/servers/005f45b3-630d-400f-9605-100f6aad88e6 0.074s
2024-10-03 02:55:26.959 63803 INFO tempest.lib.common.rest_client [req-f7f679cd-6d8e-4caa-adfa-6cf905563080 req-f7f679cd-6d8e-4caa-adfa-6cf905563080 ] Request (ImagesOneServerNegativeTestJSON:setUpClass): 200 GET http://10.180.1.21/compute/v2.1/servers/bbce1137-d691-4633-87ff-f9f4ea257ed7 0.057s
2024-10-03 02:55:26.996 63801 INFO tempest.lib.common.rest_client [req-fb258ff8-f0b9-471f-b5ae-38617064db3a req-fb258ff8-f0b9-471f-b5ae-38617064db3a ] Request (DeleteServersAdminTestJSON:test_delete_server_while_in_error_state): 200 GET http://10.180.1.21/compute/v2.1/servers/ae5c6e69-a885-48e3-9c9e-017f33430edd 0.051s
2024-10-03 02:55:27.042 63763 INFO tempest.lib.common.rest_client [req-7d7c3302-b0c8-46ab-ba35-fe8eef4a7c26 req-7d7c3302-b0c8-46ab-ba35-fe8eef4a7c26 ] Request (FloatingIPsAssociationTestJSON:setUpClass): 200 GET http://10.180.1.21/compute/v2.1/servers/2728c9f9-0d03-4313-ba2a-3dc22aff8538 0.050s
2024-10-03 02:55:27.090 63773 INFO tempest.lib.common.rest_client [req-24c236ac-aa35-4c17-a393-2058c9c4b776 req-24c236ac-aa35-4c17-a393-2058c9c4b776 ] Request (ServersWithSpecificFlavorTestJSON:test_verify_created_server_ephemeral_disk): 200 GET http://10.180.1.21/compute/v2.1/servers/ebc737a3-e6cd-4f4c-a4b6-fce5924de4c6 0.053s
2024-10-03 02:55:27.128 63789 INFO tempest.lib.common.rest_client [req-b694ae6c-8af8-4831-bf2f-a0efe38fa313 req-b694ae6c-8af8-4831-bf2f-a0efe38fa313 ] Request (ServerRescueTestJSON:setUpClass): 200 GET http://10.180.1.21/compute/v2.1/servers/7f49d79e-3bda-4949-a976-7e3e6513b2c7 0.056s
2024-10-03 02:55:27.148 63791 INFO tempest.lib.common.rest_client [req-c6a1cd70-d1ee-4615-bd87-46ef5ac7674e req-c6a1cd70-d1ee-4615-bd87-46ef5ac7674e ] Request (DeleteServersTestJSON:test_delete_active_server): 200 GET http://10.180.1.21/compute/v2.1/servers/3ad04a9f-62cf-4b1c-aab2-7dc4a219edc6 0.052s
2024-10-03 02:55:27.204 63779 INFO tempest.lib.common.rest_client [req-bc9611c0-8175-41ce-b775-c5bca5864f79 req-bc9611c0-8175-41ce-b775-c5bca5864f79 ] Request (ServerPasswordTestJSON:setUpClass): 200 GET http://10.180.1.21/compute/v2.1/servers/07499601-62bc-4c31-b295-23f34a6e2e91 0.049s
2024-10-03 02:55:27.272 63815 INFO tempest.lib.common.rest_client [req-23b80831-4ad1-4e5d-bec9-6d1364d6203d req-23b80831-4ad1-4e5d-bec9-6d1364d6203d ] Request (ServersAdmin275Test:tearDownClass): 404 GET http://10.180.1.21/compute/v2.1/servers/93b28142-8454-43c0-b0a7-d61aa95c8fc8 0.022s
2024-10-03 02:55:27.354 63805 INFO tempest.lib.common.rest_client [req-a27fb12c-8d4e-4ae1-8b76-ff85c895ed35 req-a27fb12c-8d4e-4ae1-8b76-ff85c895ed35 ] Request (ImagesTestJSON:test_create_image_from_stopped_server): 200 GET http://10.180.1.21/compute/v2.1/servers/02ffb723-d6df-42cb-93c5-d582705d1e03 0.052s
2024-10-03 02:55:27.375 63815 INFO tempest.lib.common.rest_client [req-9330b813-2a4f-4fa5-861b-926152734d50 req-9330b813-2a4f-4fa5-861b-926152734d50 ] Request (ServersAdmin275Test:tearDownClass): 204 DELETE http://10.180.1.21/identity/v3/users/a743f50ea4f842ebbd95a44881d491d2 0.102s
2024-10-03 02:55:27.425 63771 INFO tempest.lib.common.rest_client [req-93b06a16-2e82-473d-a00a-1230984d4653 req-93b06a16-2e82-473d-a00a-1230984d4653 ] Request (ServerDiagnosticsTest:test_get_server_diagnostics): 200 GET http://10.180.1.21/compute/v2.1/servers/4ad5440f-cd18-44c5-8836-0aa39824cf03 0.056s
2024-10-03 02:55:27.430 63793 INFO tempest.lib.common.rest_client [req-deddf3f5-2a9e-4680-b2b8-0e40c0e8cf92 req-deddf3f5-2a9e-4680-b2b8-0e40c0e8cf92 ] Request (ServersV294TestFqdnHostnames:setUpClass): 200 GET http://10.180.1.21/compute/v2.1/servers/396e49dd-48c0-496b-a1ec-190c33a22c5e 0.058s
2024-10-03 02:55:27.456 63815 INFO tempest.lib.common.rest_client [req-4ba48afb-e6ef-4077-8d5d-d3258045c174 req-4ba48afb-e6ef-4077-8d5d-d3258045c174 ] Request (ServersAdmin275Test:tearDownClass): 204 DELETE http://10.180.1.21/identity/v3/users/97de26dfe89a4639b7433ba93effeb09 0.081s
2024-10-03 02:55:27.456 63815 INFO tempest.lib.common.dynamic_creds [-] Deleting project and security group for project: 397bb121e8f1411bb000b0c158427cef
2024-10-03 02:55:27.475 63781 INFO tempest.lib.common.rest_client [req-642837b8-a8c5-43bf-9cde-77e9f8d5b068 req-642837b8-a8c5-43bf-9cde-77e9f8d5b068 ] Request (VolumesAdminNegativeTest:test_update_attached_volume_with_nonexistent_volume_in_uri): 200 GET http://10.180.1.21/compute/v2.1/servers/4087b2c4-6ed1-4b68-8b78-a36e34d935b1 0.056s
2024-10-03 02:55:27.512 63815 INFO tempest.lib.common.rest_client [req-adbfb06e-60b6-413c-b39b-32b4950a737e req-adbfb06e-60b6-413c-b39b-32b4950a737e ] Request (ServersAdmin275Test:tearDownClass): 201 POST http://10.180.1.21/identity/v3/auth/tokens 0.056s
2024-10-03 02:55:27.546 63783 INFO tempest.lib.common.rest_client [req-d25a94f2-cec2-46c9-ab74-a8929e182d70 req-d25a94f2-cec2-46c9-ab74-a8929e182d70 ] Request (ImagesNegativeTestJSON:test_create_image_from_deleted_server): 200 GET http://10.180.1.21/compute/v2.1/servers/d5f988f2-765b-4ecf-bad5-4a70fc95d74c 0.048s
2024-10-03 02:55:27.553 63811 INFO tempest.lib.common.rest_client [req-78755a7d-b9da-4313-8b6c-644255bd1942 req-78755a7d-b9da-4313-8b6c-644255bd1942 ] Request (ServerDiskConfigTestJSON:test_rebuild_server_with_auto_disk_config): 200 GET http://10.180.1.21/compute/v2.1/servers/b53754b1-ec31-4dc3-a839-771f71affe1e 0.051s
2024-10-03 02:55:27.591 63809 INFO tempest.lib.common.rest_client [req-43b5a91a-bc84-4935-b400-bd9d8c32eb70 req-43b5a91a-bc84-4935-b400-bd9d8c32eb70 ] Request (ServersTestFqdnHostnames:test_create_server_with_fqdn_name): 200 GET http://10.180.1.21/compute/v2.1/servers/b84c6c8d-e358-4a14-8425-c4f1d8adf4ee 0.046s
2024-10-03 02:55:27.598 63809 INFO tempest.common.waiters [-] State transition "BUILD/spawning" ==> "BUILD/scheduling" after 70 second wait
2024-10-03 02:55:27.627 63769 INFO tempest.lib.common.rest_client [req-ca8dfd1c-f8fc-4fb0-8fb1-90a55e8f6b9e req-ca8dfd1c-f8fc-4fb0-8fb1-90a55e8f6b9e ] Request (VolumesTestJSON:setUpClass): 200 GET http://10.180.1.21/volume/v3/ad9ef707cbfb49f395538251c5e8598a/volumes/404fa7c5-e7d4-4cea-a699-d7f65cfd98d7 0.027s
2024-10-03 02:55:27.632 63769 INFO tempest.common.waiters [-] volume 404fa7c5-e7d4-4cea-a699-d7f65cfd98d7 reached available after waiting for 1.632926 seconds
2024-10-03 02:55:27.642 63761 INFO tempest.lib.common.rest_client [req-02515890-7232-4a70-88cb-f3f1dd6c9f9b req-02515890-7232-4a70-88cb-f3f1dd6c9f9b ] Request (AttachInterfacesUnderV243Test:test_add_remove_fixed_ip): 200 GET http://10.180.1.21/compute/v2.1/servers/b911a5b5-9617-4fb3-9b5e-fb8c492e4931 0.051s
2024-10-03 02:55:27.664 63769 INFO tempest.lib.common.rest_client [req-c4318e00-5075-47a5-8d24-50673746faca req-c4318e00-5075-47a5-8d24-50673746faca ] Request (VolumesTestJSON:setUpClass): 200 GET http://10.180.1.21/compute/v2.1/os-volumes/404fa7c5-e7d4-4cea-a699-d7f65cfd98d7 0.031s
2024-10-03 02:55:27.682 63815 INFO tempest.lib.common.rest_client [req-58a5dcdd-eebf-4554-9b96-e29a40aab647 req-58a5dcdd-eebf-4554-9b96-e29a40aab647 ] Request (ServersAdmin275Test:tearDownClass): 200 GET http://10.180.1.21:9696/networking/v2.0/security-groups?tenant_id=397bb121e8f1411bb000b0c158427cef&name=default 0.169s
2024-10-03 02:55:27.730 63787 INFO tempest.lib.common.rest_client [req-c50c975a-7f3c-4f98-8dc6-cc5bd6826dfa req-c50c975a-7f3c-4f98-8dc6-cc5bd6826dfa ] Request (SecurityGroupsTestJSON:test_list_security_groups_by_server): 200 GET http://10.180.1.21/compute/v2.1/servers/8b65c223-03a8-41e0-917e-45dd76b6e57f 0.054s
2024-10-03 02:55:27.775 63797 INFO tempest.lib.common.rest_client [req-b59e3102-fff0-49cb-a6c1-149d73d92ae1 req-b59e3102-fff0-49cb-a6c1-149d73d92ae1 ] Request (ServerShowV247Test:test_update_rebuild_list_server): 200 GET http://10.180.1.21/compute/v2.1/servers/b85e9a70-7f5b-4d32-b616-f2a97e3186c8 0.077s
2024-10-03 02:55:27.790 63807 INFO tempest.lib.common.rest_client [req-683435ba-0ca3-4af0-afa5-1ea16af3a873 req-683435ba-0ca3-4af0-afa5-1ea16af3a873 ] Request (ServerAddressesTestJSON:setUpClass): 200 GET http://10.180.1.21/compute/v2.1/servers/7fee0afb-88c9-4e93-a4d9-94312394f927 0.053s
2024-10-03 02:55:27.791 63815 INFO tempest.lib.common.rest_client [req-3d376a25-255f-452a-8341-9b318432d1e1 req-3d376a25-255f-452a-8341-9b318432d1e1 ] Request (ServersAdmin275Test:tearDownClass): 204 DELETE http://10.180.1.21:9696/networking/v2.0/security-groups/a344a767-f08c-4cbd-b5e5-2494d3ed6cb4 0.109s
2024-10-03 02:55:27.797 63769 INFO tempest.lib.common.rest_client [req-dcf64dfc-c125-410b-af3e-253c0c0a5879 req-dcf64dfc-c125-410b-af3e-253c0c0a5879 ] Request (VolumesTestJSON:setUpClass): 202 POST http://10.180.1.21/volume/v3/ad9ef707cbfb49f395538251c5e8598a/volumes 0.131s
2024-10-03 02:55:27.823 63759 INFO tempest.lib.common.rest_client [req-233299fe-aeb5-4a46-ba72-8520bf2c5831 req-233299fe-aeb5-4a46-ba72-8520bf2c5831 ] Request (AttachVolumeShelveTestJSON:test_attach_volume_shelved_or_offload_server): 200 GET http://10.180.1.21/compute/v2.1/servers/87c468d9-9594-4804-b461-527f01f6118f 0.074s
2024-10-03 02:55:27.827 63769 INFO tempest.lib.common.rest_client [req-f5040f54-9823-4edc-9fb5-e557d6dc65a0 req-f5040f54-9823-4edc-9fb5-e557d6dc65a0 ] Request (VolumesTestJSON:setUpClass): 200 GET http://10.180.1.21/volume/v3/ad9ef707cbfb49f395538251c5e8598a/volumes/0d5f1f44-0b81-49ca-895e-fb2631a85ef1 0.025s
2024-10-03 02:55:27.849 63767 INFO tempest.lib.common.rest_client [req-fd1d145c-309b-4a64-9caf-1d7fa67829e8 req-fd1d145c-309b-4a64-9caf-1d7fa67829e8 ] Request (ServersAdminNegativeTestJSON:setUpClass): 200 GET http://10.180.1.21/compute/v2.1/servers/5b42f744-fdd6-45b1-8563-896869648c23 0.054s
2024-10-03 02:55:27.855 63815 INFO tempest.lib.common.rest_client [req-78928cc1-c1e1-4bdb-b32c-281e9228c4f6 req-78928cc1-c1e1-4bdb-b32c-281e9228c4f6 ] Request (ServersAdmin275Test:tearDownClass): 204 DELETE http://10.180.1.21/identity/v3/projects/397bb121e8f1411bb000b0c158427cef 0.063s
2024-10-03 02:55:27.855 63815 INFO tempest.lib.common.dynamic_creds [-] Deleting project and security group for project: 8e2e24b32ec24467a780ec57c02a4153
2024-10-03 02:55:27.881 63775 INFO tempest.lib.common.rest_client [req-c892abf9-daa1-48d5-9677-71170bc032d7 req-c892abf9-daa1-48d5-9677-71170bc032d7 ] Request (ListServersNegativeTestJSON:setUpClass): 200 GET http://10.180.1.21/compute/v2.1/servers/37e6c27e-317b-45d2-bd55-2fd78ccf009f 0.054s
2024-10-03 02:55:27.901 63755 INFO tempest.lib.common.rest_client [req-e0054356-4801-435b-af63-18be8a3a9ead req-e0054356-4801-435b-af63-18be8a3a9ead ] Request (AttachInterfacesV270Test:test_create_get_list_interfaces): 200 GET http://10.180.1.21/compute/v2.1/servers/6876f61c-2315-4e49-9944-4a5caddede5b 0.054s
2024-10-03 02:55:27.927 63795 INFO tempest.lib.common.rest_client [req-b2df170c-c622-436d-952f-289806d4f5b8 req-b2df170c-c622-436d-952f-289806d4f5b8 ] Request (ServerAddressesNegativeTestJSON:setUpClass): 200 GET http://10.180.1.21/compute/v2.1/servers/5b201ab6-c7ec-4a5c-a310-982649f34be4 0.053s
2024-10-03 02:55:27.954 63813 INFO tempest.lib.common.rest_client [req-fd304058-cf79-4431-ad1c-5c70878d58f2 req-fd304058-cf79-4431-ad1c-5c70878d58f2 ] Request (ServersTestBootFromVolume:setUpClass): 200 GET http://10.180.1.21/compute/v2.1/servers/90f4930b-aaa0-4c4b-9ab8-92aed45e200b 0.061s
2024-10-03 02:55:27.975 63753 INFO tempest.lib.common.rest_client [req-9bd5cdbe-8d6d-4ad3-99ae-8cc5f81fba8f req-9bd5cdbe-8d6d-4ad3-99ae-8cc5f81fba8f ] Request (MigrationsAdminTest:test_resize_server_revert_deleted_flavor): 200 GET http://10.180.1.21/compute/v2.1/servers/f1d01b75-ac9d-458d-8cc2-ae64cffca4e8 0.054s
2024-10-03 02:55:27.979 63815 INFO tempest.lib.common.rest_client [req-c6113d56-f0fe-43d2-b673-e9b3d99e972d req-c6113d56-f0fe-43d2-b673-e9b3d99e972d ] Request (ServersAdmin275Test:tearDownClass): 200 GET http://10.180.1.21:9696/networking/v2.0/security-groups?tenant_id=8e2e24b32ec24467a780ec57c02a4153&name=default 0.124s
2024-10-03 02:55:28.005 63757 INFO tempest.lib.common.rest_client [req-a72283c9-de70-4227-a63d-04a7495ba147 req-a72283c9-de70-4227-a63d-04a7495ba147 ] Request (ServerActionsTestJSON:setUpClass): 200 GET http://10.180.1.21/compute/v2.1/servers/005f45b3-630d-400f-9605-100f6aad88e6 0.064s
2024-10-03 02:55:28.025 63803 INFO tempest.lib.common.rest_client [req-89198e6f-bf47-4f83-8dd5-a32b559cd776 req-89198e6f-bf47-4f83-8dd5-a32b559cd776 ] Request (ImagesOneServerNegativeTestJSON:setUpClass): 200 GET http://10.180.1.21/compute/v2.1/servers/bbce1137-d691-4633-87ff-f9f4ea257ed7 0.056s
2024-10-03 02:55:28.056 63801 INFO tempest.lib.common.rest_client [req-fe0f20ff-c62e-4022-b7d7-76d02b88060f req-fe0f20ff-c62e-4022-b7d7-76d02b88060f ] Request (DeleteServersAdminTestJSON:test_delete_server_while_in_error_state): 200 GET http://10.180.1.21/compute/v2.1/servers/ae5c6e69-a885-48e3-9c9e-017f33430edd 0.053s
2024-10-03 02:55:28.089 63815 INFO tempest.lib.common.rest_client [req-7e22bb43-9b4b-49c2-9b1c-9ca6456aaf23 req-7e22bb43-9b4b-49c2-9b1c-9ca6456aaf23 ] Request (ServersAdmin275Test:tearDownClass): 204 DELETE http://10.180.1.21:9696/networking/v2.0/security-groups/ed4a4eed-87f7-445e-8f50-98c6aef68499 0.110s
2024-10-03 02:55:28.101 63763 INFO tempest.lib.common.rest_client [req-4c00ea49-057e-40d8-af7e-af389e91828a req-4c00ea49-057e-40d8-af7e-af389e91828a ] Request (FloatingIPsAssociationTestJSON:setUpClass): 200 GET http://10.180.1.21/compute/v2.1/servers/2728c9f9-0d03-4313-ba2a-3dc22aff8538 0.053s
2024-10-03 02:55:28.145 63773 INFO tempest.lib.common.rest_client [req-90dec3f0-55c1-4b8c-bf49-ae19f82d42af req-90dec3f0-55c1-4b8c-bf49-ae19f82d42af ] Request (ServersWithSpecificFlavorTestJSON:test_verify_created_server_ephemeral_disk): 200 GET http://10.180.1.21/compute/v2.1/servers/ebc737a3-e6cd-4f4c-a4b6-fce5924de4c6 0.048s
2024-10-03 02:55:28.177 63815 INFO tempest.lib.common.rest_client [req-2c595689-e517-4ba3-9292-ea812e13b678 req-2c595689-e517-4ba3-9292-ea812e13b678 ] Request (ServersAdmin275Test:tearDownClass): 204 DELETE http://10.180.1.21/identity/v3/projects/8e2e24b32ec24467a780ec57c02a4153 0.088s
2024-10-03 02:55:28.178 63815 INFO tempest.test [-] raised in NoVNCConsoleTestJSON.setUpClass. Invoking tearDownClass.
2024-10-03 02:55:28.190 63789 INFO tempest.lib.common.rest_client [req-11ec10cc-421e-4113-b641-8c0a9051ac3c req-11ec10cc-421e-4113-b641-8c0a9051ac3c ] Request (ServerRescueTestJSON:setUpClass): 200 GET http://10.180.1.21/compute/v2.1/servers/7f49d79e-3bda-4949-a976-7e3e6513b2c7 0.055s
2024-10-03 02:55:28.205 63791 INFO tempest.lib.common.rest_client [req-101320e7-1888-42e5-bce5-2cd4f4ed83d4 req-101320e7-1888-42e5-bce5-2cd4f4ed83d4 ] Request (DeleteServersTestJSON:test_delete_active_server): 200 GET http://10.180.1.21/compute/v2.1/servers/3ad04a9f-62cf-4b1c-aab2-7dc4a219edc6 0.050s
2024-10-03 02:55:28.232 63815 INFO tempest.lib.common.rest_client [req-471dcfec-3c59-461b-aaaf-3641589da432 req-471dcfec-3c59-461b-aaaf-3641589da432 ] Request (AttachVolumeTestJSON:setUpClass): 201 POST http://10.180.1.21/identity/v3/auth/tokens 0.051s
2024-10-03 02:55:28.255 63779 INFO tempest.lib.common.rest_client [req-982e5f96-d428-4c12-9299-1a20bf2f706e req-982e5f96-d428-4c12-9299-1a20bf2f706e ] Request (ServerPasswordTestJSON:setUpClass): 200 GET http://10.180.1.21/compute/v2.1/servers/07499601-62bc-4c31-b295-23f34a6e2e91 0.044s
2024-10-03 02:55:28.259 63815 INFO tempest.lib.common.rest_client [req-6052aca8-2626-4ba1-8d78-b6b2ad097836 req-6052aca8-2626-4ba1-8d78-b6b2ad097836 ] Request (AttachVolumeTestJSON:setUpClass): 201 POST http://10.180.1.21/identity/v3/auth/tokens 0.024s
2024-10-03 02:55:28.277 63815 INFO tempest.lib.common.rest_client [req-f9740dfe-314c-45d1-9061-840317f069c5 req-f9740dfe-314c-45d1-9061-840317f069c5 ] Request (AttachVolumeTestJSON:setUpClass): 200 GET http://10.180.1.21/identity/v3/domains?name=Default 0.017s
2024-10-03 02:55:28.300 63815 INFO tempest.lib.common.rest_client [req-bab4eb26-8f5d-4c1f-9c10-c2c7f6563a3b req-bab4eb26-8f5d-4c1f-9c10-c2c7f6563a3b ] Request (AttachVolumeTestJSON:setUpClass): 201 POST http://10.180.1.21/identity/v3/projects 0.022s
2024-10-03 02:55:28.351 63815 INFO tempest.lib.common.rest_client [req-e13bc8f7-90b0-4a57-80bd-40995e32ff04 req-e13bc8f7-90b0-4a57-80bd-40995e32ff04 ] Request (AttachVolumeTestJSON:setUpClass): 201 POST http://10.180.1.21/identity/v3/users 0.050s
2024-10-03 02:55:28.367 63815 INFO tempest.lib.common.rest_client [req-80649929-dc88-406f-86fd-1fee76ffb09a req-80649929-dc88-406f-86fd-1fee76ffb09a ] Request (AttachVolumeTestJSON:setUpClass): 200 GET http://10.180.1.21/identity/v3/roles 0.015s
2024-10-03 02:55:28.389 63815 INFO tempest.lib.common.rest_client [req-61cc7739-1c2b-4bc2-94f1-81f9c8ee08ad req-61cc7739-1c2b-4bc2-94f1-81f9c8ee08ad ] Request (AttachVolumeTestJSON:setUpClass): 204 PUT http://10.180.1.21/identity/v3/projects/12a90929c98e40d9a1263929e2b97532/users/c7dc08223aa943e1968a9c62da3a117d/roles/377cca419e1c4aa4bb16b175c09618ba 0.022s
2024-10-03 02:55:28.389 63815 INFO tempest.lib.common.dynamic_creds [-] Dynamic test user c7dc08223aa943e1968a9c62da3a117d is created with scope project and roles: ['member']
2024-10-03 02:55:28.390 63815 INFO tempest.lib.common.dynamic_creds [-] Acquired dynamic creds: credentials: Credentials: {'domain_id': 'default', 'domain_name': 'Default', 'username': 'tempest-AttachVolumeTestJSON-1776504699-project-member', 'project_domain_id': 'default', 'project_domain_name': 'Default', 'project_id': '12a90929c98e40d9a1263929e2b97532', 'project_name': 'tempest-AttachVolumeTestJSON-1776504699', 'tenant_id': '12a90929c98e40d9a1263929e2b97532', 'tenant_name': 'tempest-AttachVolumeTestJSON-1776504699', 'user_domain_id': 'default', 'user_domain_name': 'Default', 'user_id': 'c7dc08223aa943e1968a9c62da3a117d', 'system': None}, Network: None, Subnet: None, Router: None
2024-10-03 02:55:28.418 63805 INFO tempest.lib.common.rest_client [req-d7769a0e-e6c4-4f99-b547-4991eaf2b1cf req-d7769a0e-e6c4-4f99-b547-4991eaf2b1cf ] Request (ImagesTestJSON:test_create_image_from_stopped_server): 200 GET http://10.180.1.21/compute/v2.1/servers/02ffb723-d6df-42cb-93c5-d582705d1e03 0.057s
2024-10-03 02:55:28.440 63815 INFO tempest.lib.common.rest_client [req-89d67f91-0025-44f5-bbb5-ae3b2cac2867 req-89d67f91-0025-44f5-bbb5-ae3b2cac2867 ] Request (AttachVolumeTestJSON:setUpClass): 201 POST http://10.180.1.21/identity/v3/auth/tokens 0.050s
2024-10-03 02:55:28.478 63771 INFO tempest.lib.common.rest_client [req-8d7f33f5-b68b-4283-93d3-58df2ddcfc87 req-8d7f33f5-b68b-4283-93d3-58df2ddcfc87 ] Request (ServerDiagnosticsTest:test_get_server_diagnostics): 200 GET http://10.180.1.21/compute/v2.1/servers/4ad5440f-cd18-44c5-8836-0aa39824cf03 0.046s
2024-10-03 02:55:28.491 63793 INFO tempest.lib.common.rest_client [req-6eac6708-4c7e-4cb2-aa60-6314161e407b req-6eac6708-4c7e-4cb2-aa60-6314161e407b ] Request (ServersV294TestFqdnHostnames:setUpClass): 200 GET http://10.180.1.21/compute/v2.1/servers/396e49dd-48c0-496b-a1ec-190c33a22c5e 0.051s
2024-10-03 02:55:28.528 63781 INFO tempest.lib.common.rest_client [req-8b205527-684c-4344-945d-dde5821272fc req-8b205527-684c-4344-945d-dde5821272fc ] Request (VolumesAdminNegativeTest:test_update_attached_volume_with_nonexistent_volume_in_uri): 200 GET http://10.180.1.21/compute/v2.1/servers/4087b2c4-6ed1-4b68-8b78-a36e34d935b1 0.046s
2024-10-03 02:55:28.608 63783 INFO tempest.lib.common.rest_client [req-608601d4-fb50-4567-8902-245cb38fa4ee req-608601d4-fb50-4567-8902-245cb38fa4ee ] Request (ImagesNegativeTestJSON:test_create_image_from_deleted_server): 200 GET http://10.180.1.21/compute/v2.1/servers/d5f988f2-765b-4ecf-bad5-4a70fc95d74c 0.055s
2024-10-03 02:55:28.608 63811 INFO tempest.lib.common.rest_client [req-55c07c3d-8903-45a0-8549-9385b80fa433 req-55c07c3d-8903-45a0-8549-9385b80fa433 ] Request (ServerDiskConfigTestJSON:test_rebuild_server_with_auto_disk_config): 200 GET http://10.180.1.21/compute/v2.1/servers/b53754b1-ec31-4dc3-a839-771f71affe1e 0.047s
2024-10-03 02:55:28.658 63815 INFO tempest.lib.common.rest_client [req-efcafaa4-c2f3-4cf2-85aa-d5c8fcd9db32 req-efcafaa4-c2f3-4cf2-85aa-d5c8fcd9db32 ] Request (AttachVolumeTestJSON:setUpClass): 201 POST http://10.180.1.21:9696/networking/v2.0/networks 0.217s
2024-10-03 02:55:28.659 63809 INFO tempest.lib.common.rest_client [req-2a0b4e65-fae3-4002-a75c-024c35a20ce8 req-2a0b4e65-fae3-4002-a75c-024c35a20ce8 ] Request (ServersTestFqdnHostnames:test_create_server_with_fqdn_name): 200 GET http://10.180.1.21/compute/v2.1/servers/b84c6c8d-e358-4a14-8425-c4f1d8adf4ee 0.061s
2024-10-03 02:55:28.669 63809 INFO tempest.common.waiters [-] State transition "BUILD/scheduling" ==> "ERROR/None" after 71 second wait
2024-10-03 02:55:28.705 63761 INFO tempest.lib.common.rest_client [req-48616a1c-36e8-48fb-95ec-2f6fb502ca02 req-48616a1c-36e8-48fb-95ec-2f6fb502ca02 ] Request (AttachInterfacesUnderV243Test:test_add_remove_fixed_ip): 200 GET http://10.180.1.21/compute/v2.1/servers/b911a5b5-9617-4fb3-9b5e-fb8c492e4931 0.055s
2024-10-03 02:55:28.786 63787 INFO tempest.lib.common.rest_client [req-9b4f9d36-5975-4b74-a199-a6ed91118672 req-9b4f9d36-5975-4b74-a199-a6ed91118672 ] Request (SecurityGroupsTestJSON:test_list_security_groups_by_server): 200 GET http://10.180.1.21/compute/v2.1/servers/8b65c223-03a8-41e0-917e-45dd76b6e57f 0.050s
2024-10-03 02:55:28.821 63815 INFO tempest.lib.common.rest_client [req-52d3d5c2-3778-4a64-af62-86f633693d1b req-52d3d5c2-3778-4a64-af62-86f633693d1b ] Request (AttachVolumeTestJSON:setUpClass): 201 POST http://10.180.1.21:9696/networking/v2.0/subnets 0.162s
2024-10-03 02:55:28.826 63809 INFO tempest.lib.common.rest_client [req-eac19317-643d-4c1c-b0ea-783e63bd4d86 req-eac19317-643d-4c1c-b0ea-783e63bd4d86 ] Request (ServersTestFqdnHostnames:test_create_server_with_fqdn_name): 204 DELETE http://10.180.1.21/compute/v2.1/servers/b84c6c8d-e358-4a14-8425-c4f1d8adf4ee 0.157s
2024-10-03 02:55:28.858 63797 INFO tempest.lib.common.rest_client [req-cf5678af-d5cb-402b-9d40-074dee4ab00e req-cf5678af-d5cb-402b-9d40-074dee4ab00e ] Request (ServerShowV247Test:test_update_rebuild_list_server): 200 GET http://10.180.1.21/compute/v2.1/servers/b85e9a70-7f5b-4d32-b616-f2a97e3186c8 0.074s
2024-10-03 02:55:28.862 63769 INFO tempest.lib.common.rest_client [req-4044d708-e87e-4fdc-a932-b4649ce2b1b3 req-4044d708-e87e-4fdc-a932-b4649ce2b1b3 ] Request (VolumesTestJSON:setUpClass): 200 GET http://10.180.1.21/volume/v3/ad9ef707cbfb49f395538251c5e8598a/volumes/0d5f1f44-0b81-49ca-895e-fb2631a85ef1 0.025s
2024-10-03 02:55:28.868 63769 INFO tempest.common.waiters [-] volume 0d5f1f44-0b81-49ca-895e-fb2631a85ef1 reached available after waiting for 1.867976 seconds
2024-10-03 02:55:28.873 63807 INFO tempest.lib.common.rest_client [req-49a57906-9f02-490a-9962-2fcc4035965b req-49a57906-9f02-490a-9962-2fcc4035965b ] Request (ServerAddressesTestJSON:setUpClass): 200 GET http://10.180.1.21/compute/v2.1/servers/7fee0afb-88c9-4e93-a4d9-94312394f927 0.076s
2024-10-03 02:55:28.876 63809 INFO tempest.lib.common.rest_client [req-5cf2fe56-d725-4009-beec-99e9739f550b req-5cf2fe56-d725-4009-beec-99e9739f550b ] Request (ServersTestFqdnHostnames:test_create_server_with_fqdn_name): 404 GET http://10.180.1.21/compute/v2.1/servers/b84c6c8d-e358-4a14-8425-c4f1d8adf4ee 0.049s
2024-10-03 02:55:28.918 63767 INFO tempest.lib.common.rest_client [req-54b36a25-c6fc-497e-aa22-339decde9245 req-54b36a25-c6fc-497e-aa22-339decde9245 ] Request (ServersAdminNegativeTestJSON:setUpClass): 200 GET http://10.180.1.21/compute/v2.1/servers/5b42f744-fdd6-45b1-8563-896869648c23 0.061s
2024-10-03 02:55:28.930 63759 INFO tempest.lib.common.rest_client [req-119435eb-09df-4f17-b25a-f55fa593067d req-119435eb-09df-4f17-b25a-f55fa593067d ] Request (AttachVolumeShelveTestJSON:test_attach_volume_shelved_or_offload_server): 200 GET http://10.180.1.21/compute/v2.1/servers/87c468d9-9594-4804-b461-527f01f6118f 0.094s
2024-10-03 02:55:28.943 63809 INFO tempest.lib.common.rest_client [req-65023918-32a8-4b75-ab05-57ad6037223a req-65023918-32a8-4b75-ab05-57ad6037223a ] Request (ServersTestFqdnHostnames:tearDownClass): 202 DELETE http://10.180.1.21/compute/v2.1/os-keypairs/tempest-keypair-2130505776 0.064s
2024-10-03 02:55:28.948 63769 INFO tempest.lib.common.rest_client [req-34d33bda-730f-4052-946b-3e8783e0d9aa req-34d33bda-730f-4052-946b-3e8783e0d9aa ] Request (VolumesTestJSON:setUpClass): 200 GET http://10.180.1.21/compute/v2.1/os-volumes/0d5f1f44-0b81-49ca-895e-fb2631a85ef1 0.080s
2024-10-03 02:55:28.993 63775 INFO tempest.lib.common.rest_client [req-6b2a1efa-b7f4-4ae9-b9fd-ba419e7273e7 req-6b2a1efa-b7f4-4ae9-b9fd-ba419e7273e7 ] Request (ListServersNegativeTestJSON:setUpClass): 200 GET http://10.180.1.21/compute/v2.1/servers/37e6c27e-317b-45d2-bd55-2fd78ccf009f 0.104s
2024-10-03 02:55:29.002 63755 INFO tempest.lib.common.rest_client [req-7aeacdd1-56a9-4e75-b438-5508fbe389c5 req-7aeacdd1-56a9-4e75-b438-5508fbe389c5 ] Request (AttachInterfacesV270Test:test_create_get_list_interfaces): 200 GET http://10.180.1.21/compute/v2.1/servers/6876f61c-2315-4e49-9944-4a5caddede5b 0.091s
2024-10-03 02:55:29.047 63795 INFO tempest.lib.common.rest_client [req-bc104c98-115f-41c3-81b1-725477e25695 req-bc104c98-115f-41c3-81b1-725477e25695 ] Request (ServerAddressesNegativeTestJSON:setUpClass): 200 GET http://10.180.1.21/compute/v2.1/servers/5b201ab6-c7ec-4a5c-a310-982649f34be4 0.112s
2024-10-03 02:55:29.053 63809 INFO tempest.lib.common.rest_client [req-2f6730ff-a8f6-4df3-8643-8fbc1b0d6912 req-2f6730ff-a8f6-4df3-8643-8fbc1b0d6912 ] Request (ServersTestFqdnHostnames:tearDownClass): 204 DELETE http://10.180.1.21:9696/networking/v2.0/security-groups/30638872-3bef-424b-bec4-a16c8486419f 0.110s
2024-10-03 02:55:29.064 63769 INFO tempest.lib.common.rest_client [req-dadcf4cf-635a-4a63-9b8c-456c277d9ae2 req-dadcf4cf-635a-4a63-9b8c-456c277d9ae2 ] Request (VolumesTestJSON:test_volume_list): 200 GET http://10.180.1.21/compute/v2.1/os-volumes 0.113s
2024-10-03 02:55:29.075 63809 INFO tempest.lib.common.rest_client [req-3881a417-ee76-4db8-8b8c-75b1bdf37692 req-3881a417-ee76-4db8-8b8c-75b1bdf37692 ] Request (ServersTestFqdnHostnames:tearDownClass): 404 GET http://10.180.1.21:9696/networking/v2.0/security-groups/30638872-3bef-424b-bec4-a16c8486419f 0.022s
2024-10-03 02:55:29.097 63813 INFO tempest.lib.common.rest_client [req-cf1aec94-70fb-44a2-8b9c-b717bb30b7a9 req-cf1aec94-70fb-44a2-8b9c-b717bb30b7a9 ] Request (ServersTestBootFromVolume:setUpClass): 200 GET http://10.180.1.21/compute/v2.1/servers/90f4930b-aaa0-4c4b-9ab8-92aed45e200b 0.132s
2024-10-03 02:55:29.113 63753 INFO tempest.lib.common.rest_client [req-379aa203-cbd6-46f2-aac2-8c1819d10250 req-379aa203-cbd6-46f2-aac2-8c1819d10250 ] Request (MigrationsAdminTest:test_resize_server_revert_deleted_flavor): 200 GET http://10.180.1.21/compute/v2.1/servers/f1d01b75-ac9d-458d-8cc2-ae64cffca4e8 0.131s
2024-10-03 02:55:29.142 63757 INFO tempest.lib.common.rest_client [req-88286d57-18ad-4804-a467-27a087916452 req-88286d57-18ad-4804-a467-27a087916452 ] Request (ServerActionsTestJSON:setUpClass): 200 GET http://10.180.1.21/compute/v2.1/servers/005f45b3-630d-400f-9605-100f6aad88e6 0.130s
2024-10-03 02:55:29.161 63803 INFO tempest.lib.common.rest_client [req-57e1fa53-9808-4735-81e6-9de171d72cbc req-57e1fa53-9808-4735-81e6-9de171d72cbc ] Request (ImagesOneServerNegativeTestJSON:setUpClass): 200 GET http://10.180.1.21/compute/v2.1/servers/bbce1137-d691-4633-87ff-f9f4ea257ed7 0.126s
2024-10-03 02:55:29.198 63769 INFO tempest.lib.common.rest_client [req-572ea624-b48c-4278-84e1-eafaaef680fe req-572ea624-b48c-4278-84e1-eafaaef680fe ] Request (VolumesTestJSON:test_volume_list_param_limit): 200 GET http://10.180.1.21/compute/v2.1/os-volumes?limit=2 0.127s
2024-10-03 02:55:29.222 63801 INFO tempest.lib.common.rest_client [req-896bc96e-b716-463e-801b-489aad778a1f req-896bc96e-b716-463e-801b-489aad778a1f ] Request (DeleteServersAdminTestJSON:test_delete_server_while_in_error_state): 200 GET http://10.180.1.21/compute/v2.1/servers/ae5c6e69-a885-48e3-9c9e-017f33430edd 0.150s
2024-10-03 02:55:29.264 63763 INFO tempest.lib.common.rest_client [req-82ae6e33-1726-40cd-a8f9-1ac5333f75bd req-82ae6e33-1726-40cd-a8f9-1ac5333f75bd ] Request (FloatingIPsAssociationTestJSON:setUpClass): 200 GET http://10.180.1.21/compute/v2.1/servers/2728c9f9-0d03-4313-ba2a-3dc22aff8538 0.152s
2024-10-03 02:55:29.272 63773 INFO tempest.lib.common.rest_client [req-487599ad-4caa-4353-979f-d3735b2f481c req-487599ad-4caa-4353-979f-d3735b2f481c ] Request (ServersWithSpecificFlavorTestJSON:test_verify_created_server_ephemeral_disk): 200 GET http://10.180.1.21/compute/v2.1/servers/ebc737a3-e6cd-4f4c-a4b6-fce5924de4c6 0.121s
2024-10-03 02:55:29.315 63769 INFO tempest.lib.common.rest_client [req-9f3e92b3-5ec1-4638-8171-135c00575dc8 req-9f3e92b3-5ec1-4638-8171-135c00575dc8 ] Request (VolumesTestJSON:test_volume_list_param_offset_and_limit): 200 GET http://10.180.1.21/compute/v2.1/os-volumes 0.114s
2024-10-03 02:55:29.333 63809 INFO tempest.lib.common.rest_client [req-fb81195b-191b-4113-bbf6-3cf0c4e4141c req-fb81195b-191b-4113-bbf6-3cf0c4e4141c ] Request (ServersTestFqdnHostnames:tearDownClass): 204 DELETE http://10.180.1.21:9696/networking/v2.0/floatingips/4e0a5f54-4a2f-4c8f-888a-9734f17f1d5d 0.258s
2024-10-03 02:55:29.336 63789 INFO tempest.lib.common.rest_client [req-ce7d97a0-38e3-4e98-899e-d20bd5933015 req-ce7d97a0-38e3-4e98-899e-d20bd5933015 ] Request (ServerRescueTestJSON:setUpClass): 200 GET http://10.180.1.21/compute/v2.1/servers/7f49d79e-3bda-4949-a976-7e3e6513b2c7 0.139s
2024-10-03 02:55:29.379 63791 INFO tempest.lib.common.rest_client [req-99575b9b-1421-47e0-9053-dc157cc47eca req-99575b9b-1421-47e0-9053-dc157cc47eca ] Request (DeleteServersTestJSON:test_delete_active_server): 200 GET http://10.180.1.21/compute/v2.1/servers/3ad04a9f-62cf-4b1c-aab2-7dc4a219edc6 0.167s
2024-10-03 02:55:29.413 63769 INFO tempest.lib.common.rest_client [req-d0b141ab-73d0-45b3-ab8d-e481272158f8 req-d0b141ab-73d0-45b3-ab8d-e481272158f8 ] Request (VolumesTestJSON:test_volume_list_param_offset_and_limit): 200 GET http://10.180.1.21/compute/v2.1/os-volumes?offset=1&limit=1 0.095s
2024-10-03 02:55:29.421 63779 INFO tempest.lib.common.rest_client [req-892f81fa-742f-4094-8b26-fd01ffa05da7 req-892f81fa-742f-4094-8b26-fd01ffa05da7 ] Request (ServerPasswordTestJSON:setUpClass): 200 GET http://10.180.1.21/compute/v2.1/servers/07499601-62bc-4c31-b295-23f34a6e2e91 0.157s
2024-10-03 02:55:29.458 63769 INFO tempest.lib.common.rest_client [req-6ccb9b86-eab5-4095-839a-3a26fe63ab88 req-6ccb9b86-eab5-4095-839a-3a26fe63ab88 ] Request (VolumesTestJSON:test_volume_list_with_detail_param_limit): 200 GET http://10.180.1.21/compute/v2.1/os-volumes/detail?limit=2 0.042s
2024-10-03 02:55:29.496 63769 INFO tempest.lib.common.rest_client [req-ae82645e-d936-4d6f-930e-67bb0bfa30b6 req-ae82645e-d936-4d6f-930e-67bb0bfa30b6 ] Request (VolumesTestJSON:test_volume_list_with_detail_param_offset_and_limit): 200 GET http://10.180.1.21/compute/v2.1/os-volumes/detail 0.032s
2024-10-03 02:55:29.546 63771 INFO tempest.lib.common.rest_client [req-1a486701-abc6-4143-8446-695f29845c8a req-1a486701-abc6-4143-8446-695f29845c8a ] Request (ServerDiagnosticsTest:test_get_server_diagnostics): 200 GET http://10.180.1.21/compute/v2.1/servers/4ad5440f-cd18-44c5-8836-0aa39824cf03 0.058s
2024-10-03 02:55:29.576 63769 INFO tempest.lib.common.rest_client [req-f41c96b1-0b7e-4cd8-9ee7-45e04e2d72e5 req-f41c96b1-0b7e-4cd8-9ee7-45e04e2d72e5 ] Request (VolumesTestJSON:test_volume_list_with_detail_param_offset_and_limit): 200 GET http://10.180.1.21/compute/v2.1/os-volumes/detail?offset=1&limit=1 0.077s
2024-10-03 02:55:29.631 63805 INFO tempest.lib.common.rest_client [req-5185a348-09c9-47a4-9e91-7c908534a48b req-5185a348-09c9-47a4-9e91-7c908534a48b ] Request (ImagesTestJSON:test_create_image_from_stopped_server): 200 GET http://10.180.1.21/compute/v2.1/servers/02ffb723-d6df-42cb-93c5-d582705d1e03 0.205s
2024-10-03 02:55:29.631 63793 INFO tempest.lib.common.rest_client [req-3893e4cc-4a14-433f-b7ca-459da2fd57ab req-3893e4cc-4a14-433f-b7ca-459da2fd57ab ] Request (ServersV294TestFqdnHostnames:setUpClass): 200 GET http://10.180.1.21/compute/v2.1/servers/396e49dd-48c0-496b-a1ec-190c33a22c5e 0.131s
