2024-10-03 02:54:41.896 63793 INFO tempest.lib.common.rest_client [req-3fbb454a-d49e-4217-a7fe-945bbdeaffd7 req-3fbb454a-d49e-4217-a7fe-945bbdeaffd7 ] Request (FlavorsAdminTestJSON:_run_cleanups): 200 GET http://10.180.1.21/compute/v2.1/flavors/detail 0.608s
2024-10-03 02:54:41.901 63789 INFO tempest.lib.common.rest_client [req-e10c49ff-7d59-49bf-822a-c1e04be681aa req-e10c49ff-7d59-49bf-822a-c1e04be681aa ] Request (ServerRescueTestJSON:setUpClass): 200 GET http://10.180.1.21/compute/v2.1/servers/7f49d79e-3bda-4949-a976-7e3e6513b2c7 0.638s
2024-10-03 02:54:41.905 63771 INFO tempest.lib.common.rest_client [req-b0bd6d20-a761-4425-b7c6-8c0c34dbcb0d req-b0bd6d20-a761-4425-b7c6-8c0c34dbcb0d ] Request (AggregatesAdminNegativeTestJSON:tearDownClass): 200 GET http://10.180.1.21:9696/networking/v2.0/security-groups?tenant_id=5117f633f3db4516a0a3b0f564cc80d4&name=default 0.245s
2024-10-03 02:54:41.921 63791 INFO tempest.lib.common.rest_client [req-28df409d-9f6d-4f8b-b71f-e0bf31c64b2f req-28df409d-9f6d-4f8b-b71f-e0bf31c64b2f ] Request (KeyPairsV22TestJSON:_run_cleanups): 204 DELETE http://10.180.1.21/compute/v2.1/os-keypairs/tempest-KeyPairsV22TestJSON-keypair-369209784 0.609s
2024-10-03 02:54:41.943 63761 INFO tempest.lib.common.rest_client [req-49e192f8-67ff-456d-86cb-721dacbfc003 req-49e192f8-67ff-456d-86cb-721dacbfc003 ] Request (SecurityGroupsTestAdminJSON:tearDownClass): 204 DELETE http://10.180.1.21/identity/v3/projects/8bb67509f4974e139b3b71356de84f95 0.112s
2024-10-03 02:54:41.949 63779 INFO tempest.lib.common.rest_client [req-2caa039d-d071-486e-b878-7c201420dc8a req-2caa039d-d071-486e-b878-7c201420dc8a ] Request (ServerPasswordTestJSON:setUpClass): 201 POST http://10.180.1.21/identity/v3/auth/tokens 0.093s
2024-10-03 02:54:41.950 63779 INFO tempest.lib.common.fixed_network [-] (ServerPasswordTestJSON:setUpClass) Found network {'id': '7c97b6d4-6329-4a0f-b058-2fe66cb18efa', 'name': 'tempest-ServerPasswordTestJSON-1409137572-network', 'tenant_id': '4d0cac1cb20f409eae261e91146ade77', 'admin_state_up': True, 'mtu': 8950, 'status': 'ACTIVE', 'subnets': [], 'shared': False, 'project_id': '4d0cac1cb20f409eae261e91146ade77', 'port_security_enabled': True, 'router:external': False, 'provider:network_type': 'vlan', 'provider:physical_network': 'default', 'provider:segmentation_id': 636, 'is_default': False, 'availability_zone_hints': [], 'availability_zones': [], 'ipv4_address_scope': None, 'ipv6_address_scope': None, 'description': '', 'tags': [], 'created_at': '2024-10-03T02:54:37Z', 'updated_at': '2024-10-03T02:54:38Z', 'revision_number': 1} available for tenant
2024-10-03 02:54:41.978 63775 INFO tempest.lib.common.rest_client [req-921d6208-3eaf-43da-9cd5-578fb6d099bc req-921d6208-3eaf-43da-9cd5-578fb6d099bc ] Request (ServerDiagnosticsNegativeTest:test_get_server_diagnostics_by_non_admin): 200 GET http://10.180.1.21/compute/v2.1/servers/1c5d87c7-6747-45a7-8488-6f107eeaeb78 0.612s
2024-10-03 02:54:42.004 63761 INFO tempest.lib.common.rest_client [req-9711d805-7de9-4a79-9d39-cccf4a8e6d82 req-9711d805-7de9-4a79-9d39-cccf4a8e6d82 ] Request (AbsoluteLimitsTestJSON:setUpClass): 201 POST http://10.180.1.21/identity/v3/auth/tokens 0.060s
2024-10-03 02:54:42.004 63767 INFO tempest.lib.common.rest_client [req-a703f05c-467a-4340-b420-c5638a310fec req-a703f05c-467a-4340-b420-c5638a310fec ] Request (ServersAdminTestJSON:setUpClass): 200 GET http://10.180.1.21/compute/v2.1/servers/d7fed938-f7cd-4013-b545-5d5350242084 0.588s
2024-10-03 02:54:42.012 63767 INFO tempest.common.waiters [-] State transition "BUILD/scheduling" ==> "ERROR/None" after 35 second wait
2024-10-03 02:54:42.013 63757 INFO tempest.lib.common.rest_client [req-3d01029a-64da-44a9-9e61-70c5a1c78b9d req-3d01029a-64da-44a9-9e61-70c5a1c78b9d ] Request (ServerActionsTestJSON:setUpClass): 201 POST http://10.180.1.21/identity/v3/auth/tokens 0.124s
2024-10-03 02:54:42.039 63761 INFO tempest.lib.common.rest_client [req-6bbf74e1-e97d-42b6-8b95-b911894f85a6 req-6bbf74e1-e97d-42b6-8b95-b911894f85a6 ] Request (AbsoluteLimitsTestJSON:setUpClass): 201 POST http://10.180.1.21/identity/v3/auth/tokens 0.032s
2024-10-03 02:54:42.055 63811 INFO tempest.lib.common.rest_client [req-4f947792-23ad-4685-bd3b-c81fd93117cd req-4f947792-23ad-4685-bd3b-c81fd93117cd ] Request (ServerDiskConfigTestJSON:test_rebuild_server_with_auto_disk_config): 200 GET http://10.180.1.21/compute/v2.1/servers/b53754b1-ec31-4dc3-a839-771f71affe1e 0.555s
2024-10-03 02:54:42.058 63797 INFO tempest.lib.common.rest_client [req-e5b134e5-a00c-48c1-92b7-18fd5ba69163 req-e5b134e5-a00c-48c1-92b7-18fd5ba69163 ] Request (ListImageFiltersTestJSON:setUpClass): 200 GET http://10.180.1.21/compute/v2.1/servers/ab1539ba-33a4-4139-a2f3-1f8c507beede 0.465s
2024-10-03 02:54:42.062 63761 INFO tempest.lib.common.rest_client [req-1d85eb3e-f463-4615-8c15-dfab9b6400d0 req-1d85eb3e-f463-4615-8c15-dfab9b6400d0 ] Request (AbsoluteLimitsTestJSON:setUpClass): 200 GET http://10.180.1.21/identity/v3/domains?name=Default 0.022s
2024-10-03 02:54:42.072 63771 INFO tempest.lib.common.rest_client [req-3c42642e-774b-4ccd-b958-6ba9f1a7c242 req-3c42642e-774b-4ccd-b958-6ba9f1a7c242 ] Request (AggregatesAdminNegativeTestJSON:tearDownClass): 204 DELETE http://10.180.1.21:9696/networking/v2.0/security-groups/8199c124-df94-4108-bf0e-7861ef648791 0.163s
2024-10-03 02:54:42.088 63761 INFO tempest.lib.common.rest_client [req-df8e7a22-bbfe-4175-99a4-96dc03bf76e2 req-df8e7a22-bbfe-4175-99a4-96dc03bf76e2 ] Request (AbsoluteLimitsTestJSON:setUpClass): 201 POST http://10.180.1.21/identity/v3/projects 0.026s
2024-10-03 02:54:42.112 63769 INFO tempest.lib.common.rest_client [req-e40dcc9e-a4c9-48c6-bfeb-26a2d1cb86ac req-e40dcc9e-a4c9-48c6-bfeb-26a2d1cb86ac ] Request (VolumesAssistedSnapshotsTest:test_volume_assisted_snapshot_create_delete): 200 GET http://10.180.1.21/compute/v2.1/servers/db682708-36fa-4126-a848-bfb609df96d7 0.325s
2024-10-03 02:54:42.121 63769 INFO tempest.common.waiters [-] State transition "BUILD/None" ==> "BUILD/networking" after 28 second wait
2024-10-03 02:54:42.150 63761 INFO tempest.lib.common.rest_client [req-82389f18-ef90-43bc-aed5-4ab16e482785 req-82389f18-ef90-43bc-aed5-4ab16e482785 ] Request (AbsoluteLimitsTestJSON:setUpClass): 201 POST http://10.180.1.21/identity/v3/users 0.062s
2024-10-03 02:54:42.179 63785 INFO tempest.lib.common.rest_client [req-0c114957-5de4-4240-a36c-7ee73764c8f8 req-0c114957-5de4-4240-a36c-7ee73764c8f8 ] Request (ImagesOneServerTestJSON:setUpClass): 200 GET http://10.180.1.21/compute/v2.1/servers/aec66939-7ebc-4bfc-bd8b-bae22e011239 0.337s
2024-10-03 02:54:42.182 63771 INFO tempest.lib.common.rest_client [req-72d25348-b803-4db8-a2b5-8cbbac7fa4a2 req-72d25348-b803-4db8-a2b5-8cbbac7fa4a2 ] Request (AggregatesAdminNegativeTestJSON:tearDownClass): 204 DELETE http://10.180.1.21/identity/v3/projects/5117f633f3db4516a0a3b0f564cc80d4 0.109s
2024-10-03 02:54:42.198 63793 INFO tempest.lib.common.rest_client [req-4648c70a-ee4e-4d3a-b093-e6342fd8f8d5 req-4648c70a-ee4e-4d3a-b093-e6342fd8f8d5 ] Request (FlavorsAdminTestJSON:test_list_non_public_flavor): 200 POST http://10.180.1.21/compute/v2.1/flavors 0.290s
2024-10-03 02:54:42.212 63771 INFO tempest.lib.common.rest_client [req-20b848ae-fc24-462e-beec-c5e8c41e1504 req-20b848ae-fc24-462e-beec-c5e8c41e1504 ] Request (FlavorsV261TestJSON:setUpClass): 201 POST http://10.180.1.21/identity/v3/auth/tokens 0.029s
2024-10-03 02:54:42.214 63761 INFO tempest.lib.common.rest_client [req-078b76b0-0658-498e-ba6a-56a69660ac2b req-078b76b0-0658-498e-ba6a-56a69660ac2b ] Request (AbsoluteLimitsTestJSON:setUpClass): 200 GET http://10.180.1.21/identity/v3/roles 0.063s
2024-10-03 02:54:42.242 63791 INFO tempest.lib.common.rest_client [req-a89d4c92-5261-4451-9b87-d0a35bb2474e req-a89d4c92-5261-4451-9b87-d0a35bb2474e ] Request (KeyPairsV22TestJSON:test_keypairsv22_create_list_show): 201 POST http://10.180.1.21/compute/v2.1/os-keypairs 0.318s
2024-10-03 02:54:42.249 63761 INFO tempest.lib.common.rest_client [req-2ba27106-b5d3-4e9d-8636-46ad037356e2 req-2ba27106-b5d3-4e9d-8636-46ad037356e2 ] Request (AbsoluteLimitsTestJSON:setUpClass): 204 PUT http://10.180.1.21/identity/v3/projects/af7cbdfec794457faf08190fbcae6aaf/users/5e70db1cfeaf4e0a8bcd11d6decc04f7/roles/377cca419e1c4aa4bb16b175c09618ba 0.035s
2024-10-03 02:54:42.249 63761 INFO tempest.lib.common.dynamic_creds [-] Dynamic test user 5e70db1cfeaf4e0a8bcd11d6decc04f7 is created with scope project and roles: ['member']
2024-10-03 02:54:42.249 63761 INFO tempest.lib.common.dynamic_creds [-] Acquired dynamic creds: credentials: Credentials: {'domain_id': 'default', 'domain_name': 'Default', 'username': 'tempest-AbsoluteLimitsTestJSON-1062919636-project-member', 'project_domain_id': 'default', 'project_domain_name': 'Default', 'project_id': 'af7cbdfec794457faf08190fbcae6aaf', 'project_name': 'tempest-AbsoluteLimitsTestJSON-1062919636', 'tenant_id': 'af7cbdfec794457faf08190fbcae6aaf', 'tenant_name': 'tempest-AbsoluteLimitsTestJSON-1062919636', 'user_domain_id': 'default', 'user_domain_name': 'Default', 'user_id': '5e70db1cfeaf4e0a8bcd11d6decc04f7', 'system': None}, Network: None, Subnet: None, Router: None
2024-10-03 02:54:42.249 63761 INFO tempest.lib.common.dynamic_creds [-] Created isolated network resources for: credentials: Credentials: {'domain_id': 'default', 'domain_name': 'Default', 'username': 'tempest-AbsoluteLimitsTestJSON-1062919636-project-member', 'project_domain_id': 'default', 'project_domain_name': 'Default', 'project_id': 'af7cbdfec794457faf08190fbcae6aaf', 'project_name': 'tempest-AbsoluteLimitsTestJSON-1062919636', 'tenant_id': 'af7cbdfec794457faf08190fbcae6aaf', 'tenant_name': 'tempest-AbsoluteLimitsTestJSON-1062919636', 'user_domain_id': 'default', 'user_domain_name': 'Default', 'user_id': '5e70db1cfeaf4e0a8bcd11d6decc04f7', 'system': None}, Network: None, Subnet: None, Router: None
2024-10-03 02:54:42.297 63771 INFO tempest.lib.common.rest_client [req-ee99fa0d-2ee7-4bf2-a280-71386ce0da56 req-ee99fa0d-2ee7-4bf2-a280-71386ce0da56 ] Request (FlavorsV261TestJSON:setUpClass): 201 POST http://10.180.1.21/identity/v3/auth/tokens 0.080s
2024-10-03 02:54:42.321 63757 INFO tempest.lib.common.rest_client [req-c4f185d0-a26f-40c0-90d5-3bda27485e9c req-c4f185d0-a26f-40c0-90d5-3bda27485e9c ] Request (ServerActionsTestJSON:setUpClass): 201 POST http://10.180.1.21:9696/networking/v2.0/networks 0.308s
2024-10-03 02:54:42.340 63815 INFO tempest.lib.common.rest_client [req-b1f9566f-fcad-4d5d-9d53-b04b591d6c49 req-b1f9566f-fcad-4d5d-9d53-b04b591d6c49 ] Request (ServersAdmin275Test:test_rebuild_update_server_275): 202 POST http://10.180.1.21/compute/v2.1/servers/93b28142-8454-43c0-b0a7-d61aa95c8fc8/action 0.645s
2024-10-03 02:54:42.371 63761 INFO tempest.lib.common.rest_client [req-7ccdba5d-ec0b-4fae-b76a-1b8f3f1f0583 req-7ccdba5d-ec0b-4fae-b76a-1b8f3f1f0583 ] Request (AbsoluteLimitsTestJSON:setUpClass): 201 POST http://10.180.1.21/identity/v3/auth/tokens 0.119s
2024-10-03 02:54:42.378 63771 INFO tempest.lib.common.rest_client [req-d23a914d-0f4b-49dc-b85e-0cc984fa6394 req-d23a914d-0f4b-49dc-b85e-0cc984fa6394 ] Request (FlavorsV261TestJSON:setUpClass): 200 GET http://10.180.1.21/identity/v3/domains?name=Default 0.080s
2024-10-03 02:54:42.418 63771 INFO tempest.lib.common.rest_client [req-04eb8996-1036-4252-b351-b1681a57ede5 req-04eb8996-1036-4252-b351-b1681a57ede5 ] Request (FlavorsV261TestJSON:setUpClass): 201 POST http://10.180.1.21/identity/v3/projects 0.039s
2024-10-03 02:54:42.518 63813 INFO tempest.lib.common.rest_client [req-f7290fff-9d4b-49d9-8b38-2b46629bcc12 req-f7290fff-9d4b-49d9-8b38-2b46629bcc12 ] Request (ServersTestBootFromVolume:setUpClass): 200 GET http://10.180.1.21/volume/v3/38b2d712caf34cc08ad9c9694c521b7e/volumes/921350b3-bd4a-4fa1-848a-057b53f51f5c 0.039s
2024-10-03 02:54:42.536 63771 INFO tempest.lib.common.rest_client [req-9ca63f8e-0041-4283-a20a-f83d4d326015 req-9ca63f8e-0041-4283-a20a-f83d4d326015 ] Request (FlavorsV261TestJSON:setUpClass): 201 POST http://10.180.1.21/identity/v3/users 0.117s
2024-10-03 02:54:42.557 63771 INFO tempest.lib.common.rest_client [req-73a5e1d8-083e-41ea-953b-1aec9950fd63 req-73a5e1d8-083e-41ea-953b-1aec9950fd63 ] Request (FlavorsV261TestJSON:setUpClass): 200 GET http://10.180.1.21/identity/v3/roles 0.021s
2024-10-03 02:54:42.592 63771 INFO tempest.lib.common.rest_client [req-e11206d9-74a7-467f-9005-cd75eb8efcc4 req-e11206d9-74a7-467f-9005-cd75eb8efcc4 ] Request (FlavorsV261TestJSON:setUpClass): 204 PUT http://10.180.1.21/identity/v3/projects/e32dc5447f3447e0a7dc30335505ae2e/users/b8dc038fa9894bac838cd8156dc073cb/roles/377cca419e1c4aa4bb16b175c09618ba 0.034s
2024-10-03 02:54:42.592 63771 INFO tempest.lib.common.dynamic_creds [-] Dynamic test user b8dc038fa9894bac838cd8156dc073cb is created with scope project and roles: ['member']
2024-10-03 02:54:42.592 63771 INFO tempest.lib.common.dynamic_creds [-] Acquired dynamic creds: credentials: Credentials: {'domain_id': 'default', 'domain_name': 'Default', 'username': 'tempest-FlavorsV261TestJSON-1864992742-project-member', 'project_domain_id': 'default', 'project_domain_name': 'Default', 'project_id': 'e32dc5447f3447e0a7dc30335505ae2e', 'project_name': 'tempest-FlavorsV261TestJSON-1864992742', 'tenant_id': 'e32dc5447f3447e0a7dc30335505ae2e', 'tenant_name': 'tempest-FlavorsV261TestJSON-1864992742', 'user_domain_id': 'default', 'user_domain_name': 'Default', 'user_id': 'b8dc038fa9894bac838cd8156dc073cb', 'system': None}, Network: None, Subnet: None, Router: None
2024-10-03 02:54:42.593 63771 INFO tempest.lib.common.dynamic_creds [-] Created isolated network resources for: credentials: Credentials: {'domain_id': 'default', 'domain_name': 'Default', 'username': 'tempest-FlavorsV261TestJSON-1864992742-project-member', 'project_domain_id': 'default', 'project_domain_name': 'Default', 'project_id': 'e32dc5447f3447e0a7dc30335505ae2e', 'project_name': 'tempest-FlavorsV261TestJSON-1864992742', 'tenant_id': 'e32dc5447f3447e0a7dc30335505ae2e', 'tenant_name': 'tempest-FlavorsV261TestJSON-1864992742', 'user_domain_id': 'default', 'user_domain_name': 'Default', 'user_id': 'b8dc038fa9894bac838cd8156dc073cb', 'system': None}, Network: None, Subnet: None, Router: None
2024-10-03 02:54:42.618 63757 INFO tempest.lib.common.rest_client [req-09023489-32c0-45f7-9d00-48bf2ec2dd43 req-09023489-32c0-45f7-9d00-48bf2ec2dd43 ] Request (ServerActionsTestJSON:setUpClass): 201 POST http://10.180.1.21:9696/networking/v2.0/subnets 0.296s
2024-10-03 02:54:42.623 63767 INFO tempest.lib.common.rest_client [req-6c10e32a-b996-4e56-a1bd-9aeb95d28ca3 req-6c10e32a-b996-4e56-a1bd-9aeb95d28ca3 ] Request (ServersAdminTestJSON:setUpClass): 204 DELETE http://10.180.1.21/compute/v2.1/servers/d7fed938-f7cd-4013-b545-5d5350242084 0.610s
2024-10-03 02:54:42.681 63771 INFO tempest.lib.common.rest_client [req-340aeef3-fa8f-4b15-ad48-ac8b024d65e1 req-340aeef3-fa8f-4b15-ad48-ac8b024d65e1 ] Request (FlavorsV261TestJSON:setUpClass): 201 POST http://10.180.1.21/identity/v3/auth/tokens 0.084s
2024-10-03 02:54:42.766 63771 INFO tempest.lib.common.rest_client [req-e6fd0b14-74f4-43cb-96b5-dce28f991f46 req-e6fd0b14-74f4-43cb-96b5-dce28f991f46 ] Request (FlavorsV261TestJSON:setUpClass): 201 POST http://10.180.1.21/identity/v3/projects 0.085s
2024-10-03 02:54:42.773 63779 INFO tempest.lib.common.rest_client [req-b9c961a0-a559-4690-abb6-579359ed447c req-b9c961a0-a559-4690-abb6-579359ed447c ] Request (ServerPasswordTestJSON:setUpClass): 202 POST http://10.180.1.21/compute/v2.1/servers 0.822s
2024-10-03 02:54:42.830 63809 INFO tempest.lib.common.rest_client [req-127c864e-549e-453a-afe5-a80e2ae1fbfa req-127c864e-549e-453a-afe5-a80e2ae1fbfa ] Request (ServersTestFqdnHostnames:test_create_server_with_fqdn_name): 200 GET http://10.180.1.21/compute/v2.1/servers/b84c6c8d-e358-4a14-8425-c4f1d8adf4ee 0.747s
2024-10-03 02:54:42.837 63809 INFO tempest.common.waiters [-] State transition "BUILD/scheduling" ==> "BUILD/None" after 25 second wait
2024-10-03 02:54:42.838 63771 INFO tempest.lib.common.rest_client [req-138e2e65-a254-42d3-947d-ac9db0105ebb req-138e2e65-a254-42d3-947d-ac9db0105ebb ] Request (FlavorsV261TestJSON:setUpClass): 201 POST http://10.180.1.21/identity/v3/users 0.071s
2024-10-03 02:54:42.840 63781 INFO tempest.lib.common.rest_client [req-23911e6d-c51c-4813-a542-4d2549831f98 req-23911e6d-c51c-4813-a542-4d2549831f98 ] Request (VolumesAdminNegativeTest:test_update_attached_volume_with_nonexistent_volume_in_body): 200 GET http://10.180.1.21/compute/v2.1/servers/e39bc55e-b677-4e2d-9aa4-7bc1d5ffadfa 0.685s
2024-10-03 02:54:42.849 63793 INFO tempest.lib.common.rest_client [req-c11d94b6-726a-4ab1-b2ac-cde587b48344 req-c11d94b6-726a-4ab1-b2ac-cde587b48344 ] Request (FlavorsAdminTestJSON:test_list_non_public_flavor): 200 GET http://10.180.1.21/compute/v2.1/flavors/detail 0.649s
2024-10-03 02:54:42.849 63791 INFO tempest.lib.common.rest_client [req-04dfff80-cf7d-436d-865a-9e237b872280 req-04dfff80-cf7d-436d-865a-9e237b872280 ] Request (KeyPairsV22TestJSON:test_keypairsv22_create_list_show): 200 GET http://10.180.1.21/compute/v2.1/os-keypairs/tempest-keypair-1680174801 0.602s
2024-10-03 02:54:42.865 63771 INFO tempest.lib.common.rest_client [req-fd36391a-a019-4e31-b6b7-bfe84d0aa4ce req-fd36391a-a019-4e31-b6b7-bfe84d0aa4ce ] Request (FlavorsV261TestJSON:setUpClass): 200 GET http://10.180.1.21/identity/v3/roles 0.026s
2024-10-03 02:54:42.900 63771 INFO tempest.lib.common.rest_client [req-df50a5c0-8da4-4ff0-8a36-74f128f5f560 req-df50a5c0-8da4-4ff0-8a36-74f128f5f560 ] Request (FlavorsV261TestJSON:setUpClass): 204 PUT http://10.180.1.21/identity/v3/projects/933f4b6e3462436586af09ccf756a646/users/3ba37c2286264375a68dc5d624794186/roles/e7c0250f7c354d66a1b39fa144b8d27f 0.035s
2024-10-03 02:54:42.915 63815 INFO tempest.lib.common.rest_client [req-84d9fb42-9ffa-49a1-9441-0c4960de1069 req-84d9fb42-9ffa-49a1-9441-0c4960de1069 ] Request (ServersAdmin275Test:test_rebuild_update_server_275): 200 GET http://10.180.1.21/compute/v2.1/servers/93b28142-8454-43c0-b0a7-d61aa95c8fc8 0.566s
2024-10-03 02:54:42.934 63753 INFO tempest.lib.common.rest_client [req-c0dc6710-a794-4a84-882f-7bcc89018487 req-c0dc6710-a794-4a84-882f-7bcc89018487 ] Request (MigrationsAdminTest:test_list_migrations_in_flavor_resize_situation): 200 GET http://10.180.1.21/compute/v2.1/servers/cfc6c8d5-c9e8-46fb-99e7-d245664f9652 0.609s
2024-10-03 02:54:42.986 63771 INFO tempest.lib.common.rest_client [req-4ad88b6b-5b21-4671-bda0-2258d37ef9a2 req-4ad88b6b-5b21-4671-bda0-2258d37ef9a2 ] Request (FlavorsV261TestJSON:setUpClass): 200 GET http://10.180.1.21/identity/v3/roles 0.085s
2024-10-03 02:54:43.004 63783 INFO tempest.lib.common.rest_client [req-a16c27d9-c2bc-4135-b4b2-e4ef109baa9e req-a16c27d9-c2bc-4135-b4b2-e4ef109baa9e ] Request (ImagesNegativeTestJSON:test_create_image_from_deleted_server): 200 GET http://10.180.1.21/compute/v2.1/servers/d5f988f2-765b-4ecf-bad5-4a70fc95d74c 0.586s
2024-10-03 02:54:43.010 63771 INFO tempest.lib.common.rest_client [req-a92afbf8-6a36-4f8f-9045-5cbd81bbfbee req-a92afbf8-6a36-4f8f-9045-5cbd81bbfbee ] Request (FlavorsV261TestJSON:setUpClass): 204 PUT http://10.180.1.21/identity/v3/projects/933f4b6e3462436586af09ccf756a646/users/3ba37c2286264375a68dc5d624794186/roles/e7c0250f7c354d66a1b39fa144b8d27f 0.024s
2024-10-03 02:54:43.011 63771 INFO tempest.lib.common.dynamic_creds [-] Dynamic test user 3ba37c2286264375a68dc5d624794186 is created with scope project and roles: ['admin']
2024-10-03 02:54:43.011 63783 INFO tempest.common.waiters [-] State transition "BUILD/scheduling" ==> "BUILD/None" after 24 second wait
2024-10-03 02:54:43.011 63771 INFO tempest.lib.common.dynamic_creds [-] Acquired dynamic creds: credentials: Credentials: {'domain_id': 'default', 'domain_name': 'Default', 'username': 'tempest-FlavorsV261TestJSON-1167514860-project-admin', 'project_domain_id': 'default', 'project_domain_name': 'Default', 'project_id': '933f4b6e3462436586af09ccf756a646', 'project_name': 'tempest-FlavorsV261TestJSON-1167514860', 'tenant_id': '933f4b6e3462436586af09ccf756a646', 'tenant_name': 'tempest-FlavorsV261TestJSON-1167514860', 'user_domain_id': 'default', 'user_domain_name': 'Default', 'user_id': '3ba37c2286264375a68dc5d624794186', 'system': None}, Network: None, Subnet: None, Router: None
2024-10-03 02:54:43.011 63771 INFO tempest.lib.common.dynamic_creds [-] Created isolated network resources for: credentials: Credentials: {'domain_id': 'default', 'domain_name': 'Default', 'username': 'tempest-FlavorsV261TestJSON-1167514860-project-admin', 'project_domain_id': 'default', 'project_domain_name': 'Default', 'project_id': '933f4b6e3462436586af09ccf756a646', 'project_name': 'tempest-FlavorsV261TestJSON-1167514860', 'tenant_id': '933f4b6e3462436586af09ccf756a646', 'tenant_name': 'tempest-FlavorsV261TestJSON-1167514860', 'user_domain_id': 'default', 'user_domain_name': 'Default', 'user_id': '3ba37c2286264375a68dc5d624794186', 'system': None}, Network: None, Subnet: None, Router: None
2024-10-03 02:54:43.057 63761 INFO tempest.lib.common.rest_client [req-cfca1b5a-3879-46cb-b46a-e6d02b39c984 req-cfca1b5a-3879-46cb-b46a-e6d02b39c984 ] Request (AbsoluteLimitsTestJSON:test_absLimits_get): 200 GET http://10.180.1.21/compute/v2.1/limits 0.684s
2024-10-03 02:54:43.071 63787 INFO tempest.lib.common.rest_client [req-86081121-bd6a-4742-a9ae-3b48926e0f74 req-86081121-bd6a-4742-a9ae-3b48926e0f74 ] Request (SecurityGroupsTestJSON:test_list_security_groups_by_server): 200 GET http://10.180.1.21/compute/v2.1/servers/8b65c223-03a8-41e0-917e-45dd76b6e57f 0.621s
2024-10-03 02:54:43.108 63807 INFO tempest.lib.common.rest_client [req-0b6f1cf4-ca60-4aac-98d3-5a573817145e req-0b6f1cf4-ca60-4aac-98d3-5a573817145e ] Request (ServerAddressesTestJSON:setUpClass): 200 GET http://10.180.1.21/compute/v2.1/servers/7fee0afb-88c9-4e93-a4d9-94312394f927 0.577s
2024-10-03 02:54:43.114 63771 INFO tempest.lib.common.rest_client [req-c52daf67-630f-4089-8374-c9df8e50faa6 req-c52daf67-630f-4089-8374-c9df8e50faa6 ] Request (FlavorsV261TestJSON:setUpClass): 201 POST http://10.180.1.21/identity/v3/auth/tokens 0.095s
2024-10-03 02:54:43.136 63755 INFO tempest.lib.common.rest_client [req-d15aa5a9-cad9-4106-9454-a4b8ab455412 req-d15aa5a9-cad9-4106-9454-a4b8ab455412 ] Request (AttachInterfacesV270Test:test_create_get_list_interfaces): 200 GET http://10.180.1.21/compute/v2.1/servers/6876f61c-2315-4e49-9944-4a5caddede5b 0.597s
2024-10-03 02:54:43.169 63801 INFO tempest.lib.common.rest_client [req-b3f0dde7-e1e7-477f-b673-6da299ed8ce8 req-b3f0dde7-e1e7-477f-b673-6da299ed8ce8 ] Request (DeleteServersAdminTestJSON:test_delete_server_while_in_error_state): 200 GET http://10.180.1.21/compute/v2.1/servers/ae5c6e69-a885-48e3-9c9e-017f33430edd 0.559s
2024-10-03 02:54:43.189 63767 INFO tempest.lib.common.rest_client [req-0acd08f3-7f49-4037-a70c-660fc0fbcdb4 req-0acd08f3-7f49-4037-a70c-660fc0fbcdb4 ] Request (ServersAdminTestJSON:setUpClass): 404 GET http://10.180.1.21/compute/v2.1/servers/d7fed938-f7cd-4013-b545-5d5350242084 0.566s
2024-10-03 02:54:43.190 63767 INFO tempest.test [-] raised in ServersAdminTestJSON.setUpClass. Invoking tearDownClass.
2024-10-03 02:54:43.192 63761 INFO tempest.lib.common.rest_client [req-845686e4-8c01-40fd-a47a-f8a34b4cbecd req-845686e4-8c01-40fd-a47a-f8a34b4cbecd ] Request (AbsoluteLimitsTestJSON:tearDownClass): 204 DELETE http://10.180.1.21/identity/v3/users/5e70db1cfeaf4e0a8bcd11d6decc04f7 0.129s
2024-10-03 02:54:43.192 63761 INFO tempest.lib.common.dynamic_creds [-] Deleting project and security group for project: af7cbdfec794457faf08190fbcae6aaf
2024-10-03 02:54:43.202 63773 INFO tempest.lib.common.rest_client [req-d552255f-7203-4652-8ae7-69e377858f8e req-d552255f-7203-4652-8ae7-69e377858f8e ] Request (ServersWithSpecificFlavorTestJSON:test_verify_created_server_ephemeral_disk): 200 GET http://10.180.1.21/compute/v2.1/servers/ebc737a3-e6cd-4f4c-a4b6-fce5924de4c6 0.590s
2024-10-03 02:54:43.250 63795 INFO tempest.lib.common.rest_client [req-3ab3a182-8274-49dc-82ec-505542c5120b req-3ab3a182-8274-49dc-82ec-505542c5120b ] Request (ServerAddressesNegativeTestJSON:setUpClass): 200 GET http://10.180.1.21/compute/v2.1/servers/5b201ab6-c7ec-4a5c-a310-982649f34be4 0.566s
2024-10-03 02:54:43.258 63763 INFO tempest.lib.common.rest_client [req-6b23b841-247d-4dcc-be8a-5be15022e619 req-6b23b841-247d-4dcc-be8a-5be15022e619 ] Request (FloatingIPsAssociationTestJSON:setUpClass): 200 GET http://10.180.1.21/compute/v2.1/servers/2728c9f9-0d03-4313-ba2a-3dc22aff8538 0.511s
2024-10-03 02:54:43.260 63761 INFO tempest.lib.common.rest_client [req-bec698b2-6ebe-4074-81ec-9dfd5df6868b req-bec698b2-6ebe-4074-81ec-9dfd5df6868b ] Request (AbsoluteLimitsTestJSON:tearDownClass): 201 POST http://10.180.1.21/identity/v3/auth/tokens 0.067s
2024-10-03 02:54:43.312 63759 INFO tempest.lib.common.rest_client [req-67ab7728-dc87-4bbe-968e-6eb6266e10dd req-67ab7728-dc87-4bbe-968e-6eb6266e10dd ] Request (InstanceActionsNegativeTestJSON:setUpClass): 200 GET http://10.180.1.21/compute/v2.1/servers/b641d2d1-de70-48b6-9137-fe18c3bc7511 0.547s
2024-10-03 02:54:43.325 63779 INFO tempest.lib.common.rest_client [req-04037556-3127-45e6-ae70-88a07e80ea22 req-04037556-3127-45e6-ae70-88a07e80ea22 ] Request (ServerPasswordTestJSON:setUpClass): 200 GET http://10.180.1.21/compute/v2.1/servers/07499601-62bc-4c31-b295-23f34a6e2e91 0.551s
2024-10-03 02:54:43.343 63799 INFO tempest.lib.common.rest_client [req-a9709b6c-08d1-4645-bfd5-5c93e56478d6 req-a9709b6c-08d1-4645-bfd5-5c93e56478d6 ] Request (VolumesGetTestJSON:tearDownClass): 404 GET http://10.180.1.21/compute/v2.1/os-volumes/6385b7f1-5fb3-4d5f-809b-58891f95b8a6 0.540s
2024-10-03 02:54:43.366 63791 INFO tempest.lib.common.rest_client [req-1e7066c4-746c-4743-9788-61d7307f17d7 req-1e7066c4-746c-4743-9788-61d7307f17d7 ] Request (KeyPairsV22TestJSON:test_keypairsv22_create_list_show): 200 GET http://10.180.1.21/compute/v2.1/os-keypairs 0.513s
2024-10-03 02:54:43.390 63793 INFO tempest.lib.common.rest_client [req-a1672e53-9220-48cd-bc44-b65bccc4fdd5 req-a1672e53-9220-48cd-bc44-b65bccc4fdd5 ] Request (FlavorsAdminTestJSON:test_list_non_public_flavor): 200 GET http://10.180.1.21/compute/v2.1/flavors/detail 0.534s
2024-10-03 02:54:43.417 63803 INFO tempest.lib.common.rest_client [req-4329b068-057d-47da-8f74-23bea17ad48d req-4329b068-057d-47da-8f74-23bea17ad48d ] Request (ImagesOneServerNegativeTestJSON:setUpClass): 200 GET http://10.180.1.21/compute/v2.1/servers/bbce1137-d691-4633-87ff-f9f4ea257ed7 0.567s
2024-10-03 02:54:43.473 63805 INFO tempest.lib.common.rest_client [req-2bfbf935-74d9-43f0-981c-0071a3e31e2f req-2bfbf935-74d9-43f0-981c-0071a3e31e2f ] Request (ImagesTestJSON:test_create_image_from_stopped_server): 200 GET http://10.180.1.21/compute/v2.1/servers/02ffb723-d6df-42cb-93c5-d582705d1e03 0.584s
2024-10-03 02:54:43.478 63789 INFO tempest.lib.common.rest_client [req-d0513704-8115-4738-97be-4a49a24d5985 req-d0513704-8115-4738-97be-4a49a24d5985 ] Request (ServerRescueTestJSON:setUpClass): 200 GET http://10.180.1.21/compute/v2.1/servers/7f49d79e-3bda-4949-a976-7e3e6513b2c7 0.563s
2024-10-03 02:54:43.503 63799 INFO tempest.lib.common.rest_client [req-d5538681-94ac-4574-9e14-0d85f284101b req-d5538681-94ac-4574-9e14-0d85f284101b ] Request (VolumesGetTestJSON:tearDownClass): 204 DELETE http://10.180.1.21/identity/v3/users/d11806e9122f45729a841bbc21f48c9a 0.160s
2024-10-03 02:54:43.504 63799 INFO tempest.lib.common.dynamic_creds [-] Deleting project and security group for project: 3b515e2d267c4784b42db3d9fb606f78
2024-10-03 02:54:43.556 63775 INFO tempest.lib.common.rest_client [req-23eae004-3bce-4d76-9470-6a272ed2dfc3 req-23eae004-3bce-4d76-9470-6a272ed2dfc3 ] Request (ServerDiagnosticsNegativeTest:test_get_server_diagnostics_by_non_admin): 200 GET http://10.180.1.21/compute/v2.1/servers/1c5d87c7-6747-45a7-8488-6f107eeaeb78 0.570s
2024-10-03 02:54:43.563 63811 INFO tempest.lib.common.rest_client [req-75c2f2ec-ab54-441d-b6f4-4d1bf172b938 req-75c2f2ec-ab54-441d-b6f4-4d1bf172b938 ] Request (ServerDiskConfigTestJSON:test_rebuild_server_with_auto_disk_config): 200 GET http://10.180.1.21/compute/v2.1/servers/b53754b1-ec31-4dc3-a839-771f71affe1e 0.495s
2024-10-03 02:54:43.564 63813 INFO tempest.lib.common.rest_client [req-7ae98636-4030-457d-8b70-829dabb3d9dd req-7ae98636-4030-457d-8b70-829dabb3d9dd ] Request (ServersTestBootFromVolume:setUpClass): 200 GET http://10.180.1.21/volume/v3/38b2d712caf34cc08ad9c9694c521b7e/volumes/921350b3-bd4a-4fa1-848a-057b53f51f5c 0.036s
2024-10-03 02:54:43.582 63799 INFO tempest.lib.common.rest_client [req-bd8061e6-7e3e-4414-ab7f-14519204d664 req-bd8061e6-7e3e-4414-ab7f-14519204d664 ] Request (VolumesGetTestJSON:tearDownClass): 201 POST http://10.180.1.21/identity/v3/auth/tokens 0.078s
2024-10-03 02:54:43.604 63761 INFO tempest.lib.common.rest_client [req-dfe32536-443a-4b9e-9a11-604dbb590222 req-dfe32536-443a-4b9e-9a11-604dbb590222 ] Request (AbsoluteLimitsTestJSON:tearDownClass): 200 GET http://10.180.1.21:9696/networking/v2.0/security-groups?tenant_id=af7cbdfec794457faf08190fbcae6aaf&name=default 0.343s
2024-10-03 02:54:43.633 63797 INFO tempest.lib.common.rest_client [req-5b395c53-ddcc-4f62-9a88-e205a31e0542 req-5b395c53-ddcc-4f62-9a88-e205a31e0542 ] Request (ListImageFiltersTestJSON:setUpClass): 200 GET http://10.180.1.21/compute/v2.1/servers/ab1539ba-33a4-4139-a2f3-1f8c507beede 0.559s
2024-10-03 02:54:43.688 63771 INFO tempest.lib.common.rest_client [req-5e2df2c0-fe91-4bba-991b-ef54da2b327a req-5e2df2c0-fe91-4bba-991b-ef54da2b327a ] Request (FlavorsV261TestJSON:test_crud_flavor): 200 POST http://10.180.1.21/compute/v2.1/flavors 0.571s
2024-10-03 02:54:43.749 63785 INFO tempest.lib.common.rest_client [req-1ef8aca2-227f-4545-a0b0-260b2bcb393a req-1ef8aca2-227f-4545-a0b0-260b2bcb393a ] Request (ImagesOneServerTestJSON:setUpClass): 200 GET http://10.180.1.21/compute/v2.1/servers/aec66939-7ebc-4bfc-bd8b-bae22e011239 0.561s
2024-10-03 02:54:43.826 63761 INFO tempest.lib.common.rest_client [req-0643eac7-d180-41fb-bb6a-92b4932962c9 req-0643eac7-d180-41fb-bb6a-92b4932962c9 ] Request (AbsoluteLimitsTestJSON:tearDownClass): 204 DELETE http://10.180.1.21:9696/networking/v2.0/security-groups/3c383db9-702a-40c5-916b-2335cbe8fd69 0.222s
2024-10-03 02:54:43.845 63799 INFO tempest.lib.common.rest_client [req-009045e2-2848-47e1-a0fe-2eaf77ef6ce0 req-009045e2-2848-47e1-a0fe-2eaf77ef6ce0 ] Request (VolumesGetTestJSON:tearDownClass): 200 GET http://10.180.1.21:9696/networking/v2.0/security-groups?tenant_id=3b515e2d267c4784b42db3d9fb606f78&name=default 0.263s
2024-10-03 02:54:43.859 63769 INFO tempest.lib.common.rest_client [req-ea3d971d-c2e3-405a-ae36-123a19a9ea9a req-ea3d971d-c2e3-405a-ae36-123a19a9ea9a ] Request (VolumesAssistedSnapshotsTest:test_volume_assisted_snapshot_create_delete): 200 GET http://10.180.1.21/compute/v2.1/servers/db682708-36fa-4126-a848-bfb609df96d7 0.736s
2024-10-03 02:54:43.866 63769 INFO tempest.common.waiters [-] State transition "BUILD/networking" ==> "BUILD/spawning" after 29 second wait
2024-10-03 02:54:43.879 63791 INFO tempest.lib.common.rest_client [req-02d77eda-9a13-4510-9114-127eb1de27e2 req-02d77eda-9a13-4510-9114-127eb1de27e2 ] Request (KeyPairsV22TestJSON:_run_cleanups): 204 DELETE http://10.180.1.21/compute/v2.1/os-keypairs/tempest-keypair-1680174801 0.512s
2024-10-03 02:54:43.896 63793 INFO tempest.lib.common.rest_client [req-83287f2a-d04b-48db-b607-63bce4de9ef5 req-83287f2a-d04b-48db-b607-63bce4de9ef5 ] Request (FlavorsAdminTestJSON:_run_cleanups): 202 DELETE http://10.180.1.21/compute/v2.1/flavors/1720612852 0.498s
2024-10-03 02:54:43.918 63761 INFO tempest.lib.common.rest_client [req-88d736a1-3bb9-4d82-b237-2501f153147b req-88d736a1-3bb9-4d82-b237-2501f153147b ] Request (AbsoluteLimitsTestJSON:tearDownClass): 204 DELETE http://10.180.1.21/identity/v3/projects/af7cbdfec794457faf08190fbcae6aaf 0.091s
2024-10-03 02:54:43.949 63767 INFO tempest.lib.common.rest_client [req-1f5547d3-167e-4167-884a-ddf89b601a80 req-1f5547d3-167e-4167-884a-ddf89b601a80 ] Request (ServersAdminTestJSON:tearDownClass): 204 DELETE http://10.180.1.21/compute/v2.1/servers/29d199bc-aff3-4c62-af3a-1e6880b52446 0.759s
2024-10-03 02:54:43.959 63799 INFO tempest.lib.common.rest_client [req-a5633490-88e5-4c7f-b30e-c0a6eca2f311 req-a5633490-88e5-4c7f-b30e-c0a6eca2f311 ] Request (VolumesGetTestJSON:tearDownClass): 204 DELETE http://10.180.1.21:9696/networking/v2.0/security-groups/b04485e5-bdb3-4a10-b180-4ea6bf8060e5 0.113s
2024-10-03 02:54:43.982 63761 INFO tempest.lib.common.rest_client [req-266a295f-f0bc-450f-8a83-8b0cad24f666 req-266a295f-f0bc-450f-8a83-8b0cad24f666 ] Request (AttachInterfacesUnderV243Test:setUpClass): 201 POST http://10.180.1.21/identity/v3/auth/tokens 0.063s
2024-10-03 02:54:44.008 63809 INFO tempest.lib.common.rest_client [req-1b32b689-0587-4a93-b225-42901de9acc6 req-1b32b689-0587-4a93-b225-42901de9acc6 ] Request (ServersTestFqdnHostnames:test_create_server_with_fqdn_name): 200 GET http://10.180.1.21/compute/v2.1/servers/b84c6c8d-e358-4a14-8425-c4f1d8adf4ee 0.169s
2024-10-03 02:54:44.015 63771 INFO tempest.lib.common.rest_client [req-4026bbe7-8fd2-4f0a-9c99-bdc3dfd45448 req-4026bbe7-8fd2-4f0a-9c99-bdc3dfd45448 ] Request (FlavorsV261TestJSON:test_crud_flavor): 200 GET http://10.180.1.21/compute/v2.1/flavors/2091188659 0.324s
2024-10-03 02:54:44.020 63757 INFO tempest.lib.common.rest_client [req-69cce0f1-9e0c-4eeb-a521-b9f58d7010f1 req-69cce0f1-9e0c-4eeb-a521-b9f58d7010f1 ] Request (ServerActionsTestJSON:setUpClass): 201 POST http://10.180.1.21:9696/networking/v2.0/routers 1.401s
2024-10-03 02:54:44.036 63799 INFO tempest.lib.common.rest_client [req-a3609108-be78-4d5c-b1ba-2b9bca4ebb7d req-a3609108-be78-4d5c-b1ba-2b9bca4ebb7d ] Request (VolumesGetTestJSON:tearDownClass): 204 DELETE http://10.180.1.21/identity/v3/projects/3b515e2d267c4784b42db3d9fb606f78 0.077s
2024-10-03 02:54:44.102 63761 INFO tempest.lib.common.rest_client [req-7861ecab-a590-4416-8551-7f4a987e06da req-7861ecab-a590-4416-8551-7f4a987e06da ] Request (AttachInterfacesUnderV243Test:setUpClass): 201 POST http://10.180.1.21/identity/v3/auth/tokens 0.117s
2024-10-03 02:54:44.108 63781 INFO tempest.lib.common.rest_client [req-96e65053-fa5c-492a-aed7-a264360ed85a req-96e65053-fa5c-492a-aed7-a264360ed85a ] Request (VolumesAdminNegativeTest:test_update_attached_volume_with_nonexistent_volume_in_body): 200 GET http://10.180.1.21/compute/v2.1/servers/e39bc55e-b677-4e2d-9aa4-7bc1d5ffadfa 0.261s
2024-10-03 02:54:44.135 63793 INFO tempest.lib.common.rest_client [req-54872a05-8748-49d3-b76a-6b201ebf6e70 req-54872a05-8748-49d3-b76a-6b201ebf6e70 ] Request (FlavorsAdminTestJSON:_run_cleanups): 200 GET http://10.180.1.21/compute/v2.1/flavors/detail 0.238s
2024-10-03 02:54:44.147 63761 INFO tempest.lib.common.rest_client [req-6f510470-14a1-4b90-9b69-eabaae8dba16 req-6f510470-14a1-4b90-9b69-eabaae8dba16 ] Request (AttachInterfacesUnderV243Test:setUpClass): 200 GET http://10.180.1.21/identity/v3/domains?name=Default 0.044s
2024-10-03 02:54:44.184 63761 INFO tempest.lib.common.rest_client [req-70e0fb9a-792c-4881-8bfb-ffd2f1ff8353 req-70e0fb9a-792c-4881-8bfb-ffd2f1ff8353 ] Request (AttachInterfacesUnderV243Test:setUpClass): 201 POST http://10.180.1.21/identity/v3/projects 0.036s
2024-10-03 02:54:44.234 63815 INFO tempest.lib.common.rest_client [req-9495ef2b-84ce-4423-960c-c02708cd0355 req-9495ef2b-84ce-4423-960c-c02708cd0355 ] Request (ServersAdmin275Test:test_rebuild_update_server_275): 200 GET http://10.180.1.21/compute/v2.1/servers/93b28142-8454-43c0-b0a7-d61aa95c8fc8 0.291s
2024-10-03 02:54:44.266 63761 INFO tempest.lib.common.rest_client [req-15209de1-af66-400e-bc2b-49e1f19d0046 req-15209de1-af66-400e-bc2b-49e1f19d0046 ] Request (AttachInterfacesUnderV243Test:setUpClass): 201 POST http://10.180.1.21/identity/v3/users 0.081s
2024-10-03 02:54:44.291 63761 INFO tempest.lib.common.rest_client [req-54c65976-97b8-4a3d-ba4f-0852c29d1a64 req-54c65976-97b8-4a3d-ba4f-0852c29d1a64 ] Request (AttachInterfacesUnderV243Test:setUpClass): 200 GET http://10.180.1.21/identity/v3/roles 0.025s
2024-10-03 02:54:44.302 63753 INFO tempest.lib.common.rest_client [req-6879a7fd-6093-49e1-a5b1-c5c050fcd590 req-6879a7fd-6093-49e1-a5b1-c5c050fcd590 ] Request (MigrationsAdminTest:test_list_migrations_in_flavor_resize_situation): 200 GET http://10.180.1.21/compute/v2.1/servers/cfc6c8d5-c9e8-46fb-99e7-d245664f9652 0.358s
2024-10-03 02:54:44.326 63767 INFO tempest.lib.common.rest_client [req-9f58f04a-399a-435f-8d9f-ffac5d80c298 req-9f58f04a-399a-435f-8d9f-ffac5d80c298 ] Request (ServersAdminTestJSON:tearDownClass): 404 GET http://10.180.1.21/compute/v2.1/servers/29d199bc-aff3-4c62-af3a-1e6880b52446 0.376s
2024-10-03 02:54:44.353 63761 INFO tempest.lib.common.rest_client [req-774d3edc-435a-4057-8116-041b55c244ed req-774d3edc-435a-4057-8116-041b55c244ed ] Request (AttachInterfacesUnderV243Test:setUpClass): 204 PUT http://10.180.1.21/identity/v3/projects/5086c79c531e4d039896a24a9ea29f73/users/814257bb6ddd41f181481a8236f08d26/roles/377cca419e1c4aa4bb16b175c09618ba 0.061s
2024-10-03 02:54:44.353 63761 INFO tempest.lib.common.dynamic_creds [-] Dynamic test user 814257bb6ddd41f181481a8236f08d26 is created with scope project and roles: ['member']
2024-10-03 02:54:44.353 63761 INFO tempest.lib.common.dynamic_creds [-] Acquired dynamic creds: credentials: Credentials: {'domain_id': 'default', 'domain_name': 'Default', 'username': 'tempest-AttachInterfacesUnderV243Test-1943594058-project-member', 'project_domain_id': 'default', 'project_domain_name': 'Default', 'project_id': '5086c79c531e4d039896a24a9ea29f73', 'project_name': 'tempest-AttachInterfacesUnderV243Test-1943594058', 'tenant_id': '5086c79c531e4d039896a24a9ea29f73', 'tenant_name': 'tempest-AttachInterfacesUnderV243Test-1943594058', 'user_domain_id': 'default', 'user_domain_name': 'Default', 'user_id': '814257bb6ddd41f181481a8236f08d26', 'system': None}, Network: None, Subnet: None, Router: None
2024-10-03 02:54:44.413 63783 INFO tempest.lib.common.rest_client [req-fa5447e2-f5db-4cb4-89d9-1a3f3783893e req-fa5447e2-f5db-4cb4-89d9-1a3f3783893e ] Request (ImagesNegativeTestJSON:test_create_image_from_deleted_server): 200 GET http://10.180.1.21/compute/v2.1/servers/d5f988f2-765b-4ecf-bad5-4a70fc95d74c 0.398s
2024-10-03 02:54:44.437 63761 INFO tempest.lib.common.rest_client [req-24fb48f9-23e0-47d9-902c-e23cfec2a790 req-24fb48f9-23e0-47d9-902c-e23cfec2a790 ] Request (AttachInterfacesUnderV243Test:setUpClass): 201 POST http://10.180.1.21/identity/v3/auth/tokens 0.084s
2024-10-03 02:54:44.439 63771 INFO tempest.lib.common.rest_client [req-c1c153d7-e409-4a65-941e-0bb7ea267737 req-c1c153d7-e409-4a65-941e-0bb7ea267737 ] Request (FlavorsV261TestJSON:test_crud_flavor): 200 PUT http://10.180.1.21/compute/v2.1/flavors/2091188659 0.422s
2024-10-03 02:54:44.526 63787 INFO tempest.lib.common.rest_client [req-18e25ea6-77e5-4283-a7ee-43fd30cab408 req-18e25ea6-77e5-4283-a7ee-43fd30cab408 ] Request (SecurityGroupsTestJSON:test_list_security_groups_by_server): 200 GET http://10.180.1.21/compute/v2.1/servers/8b65c223-03a8-41e0-917e-45dd76b6e57f 0.441s
2024-10-03 02:54:44.559 63791 INFO tempest.lib.common.rest_client [req-8eb45054-30d9-4b11-9957-810200422645 req-8eb45054-30d9-4b11-9957-810200422645 ] Request (KeyPairsV22TestJSON:test_keypairsv22_create_list_show_with_type): 201 POST http://10.180.1.21/compute/v2.1/os-keypairs 0.677s
2024-10-03 02:54:44.579 63793 INFO tempest.lib.common.rest_client [req-5f135638-e9ce-4f9e-9274-28f5f76da679 req-5f135638-e9ce-4f9e-9274-28f5f76da679 ] Request (FlavorsAdminTestJSON:test_list_public_flavor_with_other_user): 200 POST http://10.180.1.21/compute/v2.1/flavors 0.434s
2024-10-03 02:54:44.602 63813 INFO tempest.lib.common.rest_client [req-5bb08dd5-a5ef-480f-a2b4-d1528974c464 req-5bb08dd5-a5ef-480f-a2b4-d1528974c464 ] Request (ServersTestBootFromVolume:setUpClass): 200 GET http://10.180.1.21/volume/v3/38b2d712caf34cc08ad9c9694c521b7e/volumes/921350b3-bd4a-4fa1-848a-057b53f51f5c 0.030s
2024-10-03 02:54:44.609 63807 INFO tempest.lib.common.rest_client [req-57ed2260-6ccc-40fe-a775-4d0968b520b7 req-57ed2260-6ccc-40fe-a775-4d0968b520b7 ] Request (ServerAddressesTestJSON:setUpClass): 200 GET http://10.180.1.21/compute/v2.1/servers/7fee0afb-88c9-4e93-a4d9-94312394f927 0.490s
2024-10-03 02:54:44.670 63755 INFO tempest.lib.common.rest_client [req-0905d122-7b22-45e1-971f-a18db5975038 req-0905d122-7b22-45e1-971f-a18db5975038 ] Request (AttachInterfacesV270Test:test_create_get_list_interfaces): 200 GET http://10.180.1.21/compute/v2.1/servers/6876f61c-2315-4e49-9944-4a5caddede5b 0.524s
2024-10-03 02:54:44.678 63801 INFO tempest.lib.common.rest_client [req-4477622c-542d-4349-8dc1-21f5b46029f3 req-4477622c-542d-4349-8dc1-21f5b46029f3 ] Request (DeleteServersAdminTestJSON:test_delete_server_while_in_error_state): 200 GET http://10.180.1.21/compute/v2.1/servers/ae5c6e69-a885-48e3-9c9e-017f33430edd 0.502s
2024-10-03 02:54:44.730 63773 INFO tempest.lib.common.rest_client [req-15aeed13-4284-4247-9bb7-ff9d7b00afaf req-15aeed13-4284-4247-9bb7-ff9d7b00afaf ] Request (ServersWithSpecificFlavorTestJSON:test_verify_created_server_ephemeral_disk): 200 GET http://10.180.1.21/compute/v2.1/servers/ebc737a3-e6cd-4f4c-a4b6-fce5924de4c6 0.518s
2024-10-03 02:54:44.737 63795 INFO tempest.lib.common.rest_client [req-f1557ce7-cd12-43d5-b3a7-526a4965aef3 req-f1557ce7-cd12-43d5-b3a7-526a4965aef3 ] Request (ServerAddressesNegativeTestJSON:setUpClass): 200 GET http://10.180.1.21/compute/v2.1/servers/5b201ab6-c7ec-4a5c-a310-982649f34be4 0.476s
2024-10-03 02:54:44.787 63763 INFO tempest.lib.common.rest_client [req-9c6e1fe3-9bb3-4778-958a-99cd2cec130a req-9c6e1fe3-9bb3-4778-958a-99cd2cec130a ] Request (FloatingIPsAssociationTestJSON:setUpClass): 200 GET http://10.180.1.21/compute/v2.1/servers/2728c9f9-0d03-4313-ba2a-3dc22aff8538 0.521s
2024-10-03 02:54:44.797 63759 INFO tempest.lib.common.rest_client [req-87c9aade-1d8f-4029-90bf-f90ff367cbe1 req-87c9aade-1d8f-4029-90bf-f90ff367cbe1 ] Request (InstanceActionsNegativeTestJSON:setUpClass): 200 GET http://10.180.1.21/compute/v2.1/servers/b641d2d1-de70-48b6-9137-fe18c3bc7511 0.474s
2024-10-03 02:54:44.852 63803 INFO tempest.lib.common.rest_client [req-3b66a079-faac-405f-b848-3b0d772c9872 req-3b66a079-faac-405f-b848-3b0d772c9872 ] Request (ImagesOneServerNegativeTestJSON:setUpClass): 200 GET http://10.180.1.21/compute/v2.1/servers/bbce1137-d691-4633-87ff-f9f4ea257ed7 0.425s
2024-10-03 02:54:44.853 63779 INFO tempest.lib.common.rest_client [req-bd6afabc-8ee7-4159-ab5a-4c583c20826f req-bd6afabc-8ee7-4159-ab5a-4c583c20826f ] Request (ServerPasswordTestJSON:setUpClass): 200 GET http://10.180.1.21/compute/v2.1/servers/07499601-62bc-4c31-b295-23f34a6e2e91 0.519s
2024-10-03 02:54:44.888 63771 INFO tempest.lib.common.rest_client [req-bd290134-fd22-4dfd-a5e3-13e97a34c25e req-bd290134-fd22-4dfd-a5e3-13e97a34c25e ] Request (FlavorsV261TestJSON:test_crud_flavor): 200 GET http://10.180.1.21/compute/v2.1/flavors/detail 0.446s
2024-10-03 02:54:44.922 63805 INFO tempest.lib.common.rest_client [req-345e8501-7a77-4401-8de9-27c99c240188 req-345e8501-7a77-4401-8de9-27c99c240188 ] Request (ImagesTestJSON:test_create_image_from_stopped_server): 200 GET http://10.180.1.21/compute/v2.1/servers/02ffb723-d6df-42cb-93c5-d582705d1e03 0.439s
2024-10-03 02:54:44.938 63791 INFO tempest.lib.common.rest_client [req-4480f661-e403-4862-a171-082f8924fc99 req-4480f661-e403-4862-a171-082f8924fc99 ] Request (KeyPairsV22TestJSON:test_keypairsv22_create_list_show_with_type): 200 GET http://10.180.1.21/compute/v2.1/os-keypairs/tempest-keypair-1084545996 0.374s
2024-10-03 02:54:44.949 63789 INFO tempest.lib.common.rest_client [req-e842e636-bc43-4445-b161-daadb88e0cde req-e842e636-bc43-4445-b161-daadb88e0cde ] Request (ServerRescueTestJSON:setUpClass): 200 GET http://10.180.1.21/compute/v2.1/servers/7f49d79e-3bda-4949-a976-7e3e6513b2c7 0.460s
2024-10-03 02:54:44.965 63761 INFO tempest.lib.common.rest_client [req-42c6db07-e39a-4217-aae5-5ae4ceb58e18 req-42c6db07-e39a-4217-aae5-5ae4ceb58e18 ] Request (AttachInterfacesUnderV243Test:setUpClass): 201 POST http://10.180.1.21:9696/networking/v2.0/networks 0.527s
2024-10-03 02:54:45.013 63811 INFO tempest.lib.common.rest_client [req-f1955c1f-81f0-43ea-afd4-c3f2913bf03b req-f1955c1f-81f0-43ea-afd4-c3f2913bf03b ] Request (ServerDiskConfigTestJSON:test_rebuild_server_with_auto_disk_config): 200 GET http://10.180.1.21/compute/v2.1/servers/b53754b1-ec31-4dc3-a839-771f71affe1e 0.438s
2024-10-03 02:54:45.034 63793 INFO tempest.lib.common.rest_client [req-39373354-df19-4245-9ff8-6cc641b4a341 req-39373354-df19-4245-9ff8-6cc641b4a341 ] Request (FlavorsAdminTestJSON:test_list_public_flavor_with_other_user): 200 GET http://10.180.1.21/compute/v2.1/flavors/detail 0.451s
2024-10-03 02:54:45.093 63797 INFO tempest.lib.common.rest_client [req-6df7476c-9e0b-44af-9df4-33473e34591f req-6df7476c-9e0b-44af-9df4-33473e34591f ] Request (ListImageFiltersTestJSON:setUpClass): 200 GET http://10.180.1.21/compute/v2.1/servers/ab1539ba-33a4-4139-a2f3-1f8c507beede 0.453s
2024-10-03 02:54:45.163 63785 INFO tempest.lib.common.rest_client [req-9e78543f-6f06-4227-8d02-c7a8e80dc686 req-9e78543f-6f06-4227-8d02-c7a8e80dc686 ] Request (ImagesOneServerTestJSON:setUpClass): 200 GET http://10.180.1.21/compute/v2.1/servers/aec66939-7ebc-4bfc-bd8b-bae22e011239 0.406s
2024-10-03 02:54:45.181 63775 INFO tempest.lib.common.rest_client [req-6a42c3ea-d2d8-475b-bdc8-fdd1479a3f5f req-6a42c3ea-d2d8-475b-bdc8-fdd1479a3f5f ] Request (ServerDiagnosticsNegativeTest:test_get_server_diagnostics_by_non_admin): 200 GET http://10.180.1.21/compute/v2.1/servers/1c5d87c7-6747-45a7-8488-6f107eeaeb78 0.612s
2024-10-03 02:54:45.211 63771 INFO tempest.lib.common.rest_client [req-e1db603e-1acf-49a6-b444-36f9f4e30f84 req-e1db603e-1acf-49a6-b444-36f9f4e30f84 ] Request (FlavorsV261TestJSON:test_crud_flavor): 200 GET http://10.180.1.21/compute/v2.1/flavors 0.316s
2024-10-03 02:54:45.223 63791 INFO tempest.lib.common.rest_client [req-4dc74e4f-247e-48a1-b7b7-7e98cab47a12 req-4dc74e4f-247e-48a1-b7b7-7e98cab47a12 ] Request (KeyPairsV22TestJSON:test_keypairsv22_create_list_show_with_type): 200 GET http://10.180.1.21/compute/v2.1/os-keypairs 0.283s
2024-10-03 02:54:45.290 63809 INFO tempest.lib.common.rest_client [req-fcab798f-a575-4f18-bf96-de49eb3123e1 req-fcab798f-a575-4f18-bf96-de49eb3123e1 ] Request (ServersTestFqdnHostnames:test_create_server_with_fqdn_name): 200 GET http://10.180.1.21/compute/v2.1/servers/b84c6c8d-e358-4a14-8425-c4f1d8adf4ee 0.272s
2024-10-03 02:54:45.311 63793 INFO tempest.lib.common.rest_client [req-fa8b0e9a-0f3a-402d-8895-fd3ad101f680 req-fa8b0e9a-0f3a-402d-8895-fd3ad101f680 ] Request (FlavorsAdminTestJSON:_run_cleanups): 202 DELETE http://10.180.1.21/compute/v2.1/flavors/870140441 0.273s
2024-10-03 02:54:45.410 63781 INFO tempest.lib.common.rest_client [req-66b7b468-80e8-4c32-89f1-7e7d22c7eb5d req-66b7b468-80e8-4c32-89f1-7e7d22c7eb5d ] Request (VolumesAdminNegativeTest:test_update_attached_volume_with_nonexistent_volume_in_body): 200 GET http://10.180.1.21/compute/v2.1/servers/e39bc55e-b677-4e2d-9aa4-7bc1d5ffadfa 0.290s
2024-10-03 02:54:45.426 63771 INFO tempest.lib.common.rest_client [req-67af9aa7-9607-4643-879c-ac1226dca39d req-67af9aa7-9607-4643-879c-ac1226dca39d ] Request (FlavorsV261TestJSON:_run_cleanups): 202 DELETE http://10.180.1.21/compute/v2.1/flavors/2091188659 0.210s
2024-10-03 02:54:45.442 63761 INFO tempest.lib.common.rest_client [req-568f1b6d-fd8f-4bdd-87df-2e8407109863 req-568f1b6d-fd8f-4bdd-87df-2e8407109863 ] Request (AttachInterfacesUnderV243Test:setUpClass): 201 POST http://10.180.1.21:9696/networking/v2.0/subnets 0.476s
2024-10-03 02:54:45.443 63791 INFO tempest.lib.common.rest_client [req-e809405d-279e-494d-90eb-f6852b9f5214 req-e809405d-279e-494d-90eb-f6852b9f5214 ] Request (KeyPairsV22TestJSON:_run_cleanups): 204 DELETE http://10.180.1.21/compute/v2.1/os-keypairs/tempest-keypair-1084545996 0.218s
2024-10-03 02:54:45.501 63815 INFO tempest.lib.common.rest_client [req-726a480d-9e21-410f-9356-52c6ab5881d6 req-726a480d-9e21-410f-9356-52c6ab5881d6 ] Request (ServersAdmin275Test:test_rebuild_update_server_275): 200 GET http://10.180.1.21/compute/v2.1/servers/93b28142-8454-43c0-b0a7-d61aa95c8fc8 0.257s
2024-10-03 02:54:45.512 63815 INFO tempest.common.waiters [-] State transition "REBUILD/rebuilding" ==> "REBUILD/rebuild_spawning" after 3 second wait
2024-10-03 02:54:45.543 63791 INFO tempest.lib.common.rest_client [req-400aae9c-0295-4ea5-bdeb-f8af010485aa req-400aae9c-0295-4ea5-bdeb-f8af010485aa ] Request (KeyPairsV22TestJSON:tearDownClass): 204 DELETE http://10.180.1.21/identity/v3/users/501a98c3b5ce455da953ba2246ed6581 0.098s
2024-10-03 02:54:45.543 63791 INFO tempest.lib.common.dynamic_creds [-] Deleting project and security group for project: 870fb23114d648aeadfa2d9e4b2733e6
2024-10-03 02:54:45.551 63769 INFO tempest.lib.common.rest_client [req-b6d73006-9e96-4c14-904b-212b68da8c9c req-b6d73006-9e96-4c14-904b-212b68da8c9c ] Request (VolumesAssistedSnapshotsTest:test_volume_assisted_snapshot_create_delete): 200 GET http://10.180.1.21/compute/v2.1/servers/db682708-36fa-4126-a848-bfb609df96d7 0.683s
2024-10-03 02:54:45.568 63793 INFO tempest.lib.common.rest_client [req-9de56f68-e1ab-42f4-b72f-4fdd05ee2be8 req-9de56f68-e1ab-42f4-b72f-4fdd05ee2be8 ] Request (FlavorsAdminTestJSON:_run_cleanups): 200 GET http://10.180.1.21/compute/v2.1/flavors/detail 0.256s
2024-10-03 02:54:45.579 63753 INFO tempest.lib.common.rest_client [req-27c46870-1723-4383-b941-8e0ecb9c4895 req-27c46870-1723-4383-b941-8e0ecb9c4895 ] Request (MigrationsAdminTest:test_list_migrations_in_flavor_resize_situation): 200 GET http://10.180.1.21/compute/v2.1/servers/cfc6c8d5-c9e8-46fb-99e7-d245664f9652 0.268s
2024-10-03 02:54:45.596 63771 INFO tempest.lib.common.rest_client [req-5b2d4ab4-d673-4104-b41c-c21205a94df8 req-5b2d4ab4-d673-4104-b41c-c21205a94df8 ] Request (FlavorsV261TestJSON:_run_cleanups): 200 GET http://10.180.1.21/compute/v2.1/flavors/detail 0.169s
