2024-08-31 09:45:35.633 59666 INFO tempest.lib.common.rest_client [req-f78d178c-2be4-4fa9-817c-aa60d03a362f req-f78d178c-2be4-4fa9-817c-aa60d03a362f ] Request (VolumesAssistedSnapshotsTest:tearDownClass): 404 GET http://10.180.1.21/volume/v3/f768197969ca4cb3854a0ae7963cd6eb/volumes/81855919-f1a1-48aa-856e-13a7399ab047 0.019s
2024-08-31 09:45:35.661 59616 INFO tempest.lib.common.rest_client [req-7b559fe2-9b3f-4e49-9866-04478e4d0be2 req-7b559fe2-9b3f-4e49-9866-04478e4d0be2 ] Request (ServersV294TestFqdnHostnames:setUpClass): 200 GET http://10.180.1.21/compute/v2.1/servers/b9ffb5d9-8d56-4980-9e78-1e003cd56f7e 1.071s
2024-08-31 09:45:35.664 59644 INFO tempest.lib.common.rest_client [req-d6c48559-f940-4d94-9f34-fd122e5af569 req-d6c48559-f940-4d94-9f34-fd122e5af569 ] Request (HostsAdminNegativeTestJSON:tearDownClass): 204 DELETE http://10.180.1.21/identity/v3/projects/4c4128df0c2e44c494ab6ee6dd4e44ed 0.066s
2024-08-31 09:45:35.664 59644 INFO tempest.lib.common.dynamic_creds [-] Deleting project and security group for project: a9bd8b41585540d5aeecca829304b77b
2024-08-31 09:45:35.669 59664 INFO tempest.lib.common.rest_client [req-c7a33195-608e-4077-9004-7000e03c2509 req-c7a33195-608e-4077-9004-7000e03c2509 ] Request (FlavorsV2NegativeTest:tearDownClass): 204 DELETE http://10.180.1.21/identity/v3/projects/8cbdd3c04f7a4a8d858e5e1ea1805a89 0.066s
2024-08-31 09:45:35.733 59664 INFO tempest.lib.common.rest_client [req-0f39dd6c-b9e1-4b07-a00a-f7675c9dfe5c req-0f39dd6c-b9e1-4b07-a00a-f7675c9dfe5c ] Request (InstanceActionsTestJSON:setUpClass): 201 POST http://10.180.1.21/identity/v3/auth/tokens 0.062s
2024-08-31 09:45:35.765 59664 INFO tempest.lib.common.rest_client [req-c278b69d-d051-4504-ba7f-60a8bbb9f6bd req-c278b69d-d051-4504-ba7f-60a8bbb9f6bd ] Request (InstanceActionsTestJSON:setUpClass): 201 POST http://10.180.1.21/identity/v3/auth/tokens 0.028s
2024-08-31 09:45:35.786 59664 INFO tempest.lib.common.rest_client [req-997d6919-09ff-4536-98d4-97939430b462 req-997d6919-09ff-4536-98d4-97939430b462 ] Request (InstanceActionsTestJSON:setUpClass): 200 GET http://10.180.1.21/identity/v3/domains?name=Default 0.020s
2024-08-31 09:45:35.814 59664 INFO tempest.lib.common.rest_client [req-8510e33b-b855-4eb8-81d1-7ee6f508bc46 req-8510e33b-b855-4eb8-81d1-7ee6f508bc46 ] Request (InstanceActionsTestJSON:setUpClass): 201 POST http://10.180.1.21/identity/v3/projects 0.027s
2024-08-31 09:45:35.841 59622 INFO tempest.lib.common.rest_client [req-c3b2dbba-e725-4524-9c9e-b8709a15eb14 req-c3b2dbba-e725-4524-9c9e-b8709a15eb14 ] Request (ImagesMetadataTestJSON:test_set_image_metadata): 200 PUT http://10.180.1.21/compute/v2.1/images/c04a20d9-5aec-4565-8929-4f1b82f20dc4/metadata 1.140s
2024-08-31 09:45:35.853 59668 INFO tempest.lib.common.rest_client [req-7c531603-7c1c-427c-92ae-b4729eb990a6 req-7c531603-7c1c-427c-92ae-b4729eb990a6 ] Request (ImagesNegativeTestJSON:test_create_image_from_invalid_server): 404 POST http://10.180.1.21/compute/v2.1/servers/tempest-invalid-502919290/action 1.128s
2024-08-31 09:45:35.856 59644 INFO tempest.lib.common.rest_client [req-bc63fb77-f7cb-4641-a1b9-f275761d54d4 req-bc63fb77-f7cb-4641-a1b9-f275761d54d4 ] Request (HostsAdminNegativeTestJSON:tearDownClass): 200 GET http://10.180.1.21:9696/networking/v2.0/security-groups?tenant_id=a9bd8b41585540d5aeecca829304b77b&name=default 0.191s
2024-08-31 09:45:35.878 59664 INFO tempest.lib.common.rest_client [req-3f24dcb8-966c-4154-98bf-841e5b4e2aa3 req-3f24dcb8-966c-4154-98bf-841e5b4e2aa3 ] Request (InstanceActionsTestJSON:setUpClass): 201 POST http://10.180.1.21/identity/v3/users 0.063s
2024-08-31 09:45:35.892 59670 INFO tempest.lib.common.rest_client [req-0fb0a093-72b4-4c7d-9696-84f6293fe593 req-0fb0a093-72b4-4c7d-9696-84f6293fe593 ] Request (ListServerFiltersTestJSON:setUpClass): 201 POST http://10.180.1.21:9696/networking/v2.0/networks 0.398s
2024-08-31 09:45:35.897 59664 INFO tempest.lib.common.rest_client [req-46f59d09-061a-4314-b299-735302b9aba7 req-46f59d09-061a-4314-b299-735302b9aba7 ] Request (InstanceActionsTestJSON:setUpClass): 200 GET http://10.180.1.21/identity/v3/roles 0.018s
2024-08-31 09:45:35.911 59640 INFO tempest.lib.common.rest_client [req-1ec768e5-686a-448f-924f-45400da01dd2 req-1ec768e5-686a-448f-924f-45400da01dd2 ] Request (FloatingIPsNegativeTestJSON:test_delete_nonexistent_floating_ip): 404 DELETE http://10.180.1.21/compute/v2.1/os-floating-ips/316ece87-7154-4522-a168-6646ee241612 1.151s
2024-08-31 09:45:35.922 59664 INFO tempest.lib.common.rest_client [req-e783aeea-66da-4df0-a44a-9d04deb7baa4 req-e783aeea-66da-4df0-a44a-9d04deb7baa4 ] Request (InstanceActionsTestJSON:setUpClass): 204 PUT http://10.180.1.21/identity/v3/projects/19f1c1acea6f43a28642e6bd324cdfa4/users/4130083ab4904e7cb9a504d53de445ae/roles/f425e8dc330c4f58bfc2507ac0a55b1d 0.025s
2024-08-31 09:45:35.923 59664 INFO tempest.lib.common.dynamic_creds [-] Dynamic test user 4130083ab4904e7cb9a504d53de445ae is created with scope project and roles: ['member']
2024-08-31 09:45:35.923 59664 INFO tempest.lib.common.dynamic_creds [-] Acquired dynamic creds: credentials: Credentials: {'domain_id': 'default', 'domain_name': 'Default', 'username': 'tempest-InstanceActionsTestJSON-128812469-project-member', 'project_domain_id': 'default', 'project_domain_name': 'Default', 'project_id': '19f1c1acea6f43a28642e6bd324cdfa4', 'project_name': 'tempest-InstanceActionsTestJSON-128812469', 'tenant_id': '19f1c1acea6f43a28642e6bd324cdfa4', 'tenant_name': 'tempest-InstanceActionsTestJSON-128812469', 'user_domain_id': 'default', 'user_domain_name': 'Default', 'user_id': '4130083ab4904e7cb9a504d53de445ae', 'system': None}, Network: None, Subnet: None, Router: None
2024-08-31 09:45:35.931 59638 INFO tempest.lib.common.rest_client [req-40dbc0b9-e24a-49a9-a216-006088ef64f0 req-40dbc0b9-e24a-49a9-a216-006088ef64f0 ] Request (AggregatesAdminNegativeTestJSON:test_aggregate_create_with_existent_aggregate_name): 200 POST http://10.180.1.21/compute/v2.1/os-aggregates 1.167s
2024-08-31 09:45:35.957 59634 INFO tempest.lib.common.rest_client [req-ef4eed12-ab2a-4ec5-82a8-6a3a0eea57ba req-ef4eed12-ab2a-4ec5-82a8-6a3a0eea57ba ] Request (KeyPairsV22TestJSON:test_keypairs_create_list_delete): 201 POST http://10.180.1.21/compute/v2.1/os-keypairs 1.160s
2024-08-31 09:45:35.958 59612 INFO tempest.lib.common.rest_client [req-2337ab98-4ad1-4362-a0dc-aa2038ea34f1 req-2337ab98-4ad1-4362-a0dc-aa2038ea34f1 ] Request (ServersTestFqdnHostnames:test_create_server_with_fqdn_name): 200 GET http://10.180.1.21/compute/v2.1/servers/624ec0e2-c230-4469-8ffe-047f914793b1 1.244s
2024-08-31 09:45:35.986 59664 INFO tempest.lib.common.rest_client [req-07ec0f73-c0c5-49c0-abdf-e55d51a3167f req-07ec0f73-c0c5-49c0-abdf-e55d51a3167f ] Request (InstanceActionsTestJSON:setUpClass): 201 POST http://10.180.1.21/identity/v3/auth/tokens 0.063s
2024-08-31 09:45:36.009 59644 INFO tempest.lib.common.rest_client [req-25142acf-463f-4912-a927-049b415cec2a req-25142acf-463f-4912-a927-049b415cec2a ] Request (HostsAdminNegativeTestJSON:tearDownClass): 204 DELETE http://10.180.1.21:9696/networking/v2.0/security-groups/00f606f5-0211-4bd1-9271-4827bca273a5 0.153s
2024-08-31 09:45:36.070 59644 INFO tempest.lib.common.rest_client [req-3a66d90a-e2f8-4104-8c31-795a07b4e598 req-3a66d90a-e2f8-4104-8c31-795a07b4e598 ] Request (HostsAdminNegativeTestJSON:tearDownClass): 204 DELETE http://10.180.1.21/identity/v3/projects/a9bd8b41585540d5aeecca829304b77b 0.061s
2024-08-31 09:45:36.121 59644 INFO tempest.lib.common.rest_client [req-6c378842-02f2-4579-a9af-8676d497ac85 req-6c378842-02f2-4579-a9af-8676d497ac85 ] Request (NetworksTest:setUpClass): 201 POST http://10.180.1.21/identity/v3/auth/tokens 0.049s
2024-08-31 09:45:36.191 59644 INFO tempest.lib.common.rest_client [req-fc5cc806-9a2f-4a52-9d2b-be5b199868ba req-fc5cc806-9a2f-4a52-9d2b-be5b199868ba ] Request (NetworksTest:setUpClass): 201 POST http://10.180.1.21/identity/v3/auth/tokens 0.026s
2024-08-31 09:45:36.217 59654 INFO tempest.lib.common.rest_client [req-b06cb6ee-5af1-470f-b530-89b56412a8d3 req-b06cb6ee-5af1-470f-b530-89b56412a8d3 ] Request (ServerDiagnosticsNegativeTest:test_get_server_diagnostics_by_non_admin): 200 GET http://10.180.1.21/compute/v2.1/servers/d74c7de4-5126-483f-9576-89e0007310b8 1.314s
2024-08-31 09:45:36.219 59644 INFO tempest.lib.common.rest_client [req-50a97203-d377-4da4-8faf-88c792c9df3d req-50a97203-d377-4da4-8faf-88c792c9df3d ] Request (NetworksTest:setUpClass): 200 GET http://10.180.1.21/identity/v3/domains?name=Default 0.027s
2024-08-31 09:45:36.238 59670 INFO tempest.lib.common.rest_client [req-effc4006-e451-4961-8051-3472493955d5 req-effc4006-e451-4961-8051-3472493955d5 ] Request (ListServerFiltersTestJSON:setUpClass): 201 POST http://10.180.1.21:9696/networking/v2.0/subnets 0.345s
2024-08-31 09:45:36.238 59670 INFO tempest.lib.common.dynamic_creds [-] Created isolated network resources for: credentials: Credentials: {'domain_id': 'default', 'domain_name': 'Default', 'username': 'tempest-ListServerFiltersTestJSON-319734708-project-member', 'project_domain_id': 'default', 'project_domain_name': 'Default', 'project_id': '69aa15417d214fca933988714aa5028e', 'project_name': 'tempest-ListServerFiltersTestJSON-319734708', 'tenant_id': '69aa15417d214fca933988714aa5028e', 'tenant_name': 'tempest-ListServerFiltersTestJSON-319734708', 'user_domain_id': 'default', 'user_domain_name': 'Default', 'user_id': '2f892cdd2afb494995ee88ac8c7deb89', 'system': None}, Network: {'id': '150a079c-5e89-42a9-9942-233929a2a134', 'name': 'tempest-ListServerFiltersTestJSON-272892976-network', 'tenant_id': '69aa15417d214fca933988714aa5028e', 'admin_state_up': True, 'mtu': 8950, 'status': 'ACTIVE', 'subnets': [], 'shared': False, 'project_id': '69aa15417d214fca933988714aa5028e', 'port_security_enabled': True, 'router:external': False, 'provider:network_type': 'vlan', 'provider:physical_network': 'default', 'provider:segmentation_id': 173, 'is_default': False, 'availability_zone_hints': [], 'availability_zones': [], 'ipv4_address_scope': None, 'ipv6_address_scope': None, 'description': '', 'tags': [], 'created_at': '2024-08-31T09:45:35Z', 'updated_at': '2024-08-31T09:45:35Z', 'revision_number': 1}, Subnet: {'id': '10d986a4-713b-494a-bc74-d8e75e3ac983', 'name': 'tempest-ListServerFiltersTestJSON-272892976-subnet', 'tenant_id': '69aa15417d214fca933988714aa5028e', 'network_id': '150a079c-5e89-42a9-9942-233929a2a134', 'ip_version': 4, 'subnetpool_id': None, 'enable_dhcp': True, 'ipv6_ra_mode': None, 'ipv6_address_mode': None, 'gateway_ip': '192.168.128.1', 'cidr': '192.168.128.0/28', 'allocation_pools': [{'start': '192.168.128.2', 'end': '192.168.128.14'}], 'host_routes': [], 'dns_nameservers': [], 'description': '', 'service_types': [], 'tags': [], 'created_at': '2024-08-31T09:45:35Z', 'updated_at': '2024-08-31T09:45:35Z', 'revision_number': 0, 'project_id': '69aa15417d214fca933988714aa5028e'}, Router: None
2024-08-31 09:45:36.242 59614 INFO tempest.lib.common.rest_client [req-18caf488-bbcf-4202-b771-2fe29276afec req-18caf488-bbcf-4202-b771-2fe29276afec ] Request (TenantUsagesTestJSON:setUpClass): 200 GET http://10.180.1.21/compute/v2.1/servers/50ff2169-9c1f-4f7a-b365-1949dac57f86 1.324s
2024-08-31 09:45:36.256 59644 INFO tempest.lib.common.rest_client [req-093b9d74-93c5-45d6-ba0c-467c069bd17f req-093b9d74-93c5-45d6-ba0c-467c069bd17f ] Request (NetworksTest:setUpClass): 201 POST http://10.180.1.21/identity/v3/projects 0.036s
2024-08-31 09:45:36.304 59660 INFO tempest.lib.common.rest_client [req-d946f03a-e844-4be1-aaa4-2a27c7bc20f4 req-d946f03a-e844-4be1-aaa4-2a27c7bc20f4 ] Request (MigrationsAdminTest:test_list_migrations_in_flavor_resize_situation): 200 GET http://10.180.1.21/compute/v2.1/servers/14e395c0-3650-40d6-82f1-1bd8f0b29984 1.351s
2024-08-31 09:45:36.315 59644 INFO tempest.lib.common.rest_client [req-83082689-9bde-474a-8d2b-6b486e892080 req-83082689-9bde-474a-8d2b-6b486e892080 ] Request (NetworksTest:setUpClass): 201 POST http://10.180.1.21/identity/v3/users 0.059s
2024-08-31 09:45:36.326 59626 INFO tempest.lib.common.rest_client [req-a833459f-03b3-4efa-ab5b-8adc44b0e046 req-a833459f-03b3-4efa-ab5b-8adc44b0e046 ] Request (HostsAdminTestJSON:test_list_hosts_with_zone): 200 GET http://10.180.1.21/compute/v2.1/os-hosts?zone=internal 1.346s
2024-08-31 09:45:36.334 59644 INFO tempest.lib.common.rest_client [req-0d48bbe8-3de1-4d52-a35b-594f7c59bc2a req-0d48bbe8-3de1-4d52-a35b-594f7c59bc2a ] Request (NetworksTest:setUpClass): 200 GET http://10.180.1.21/identity/v3/roles 0.017s
2024-08-31 09:45:36.355 59670 INFO tempest.lib.common.rest_client [req-48b7250f-a67d-42cb-8515-5464d617e4f4 req-48b7250f-a67d-42cb-8515-5464d617e4f4 ] Request (ListServerFiltersTestJSON:setUpClass): 201 POST http://10.180.1.21/identity/v3/auth/tokens 0.071s
2024-08-31 09:45:36.382 59644 INFO tempest.lib.common.rest_client [req-d50a1af5-c0ed-41df-9f4b-ae51d56ce26c req-d50a1af5-c0ed-41df-9f4b-ae51d56ce26c ] Request (NetworksTest:setUpClass): 204 PUT http://10.180.1.21/identity/v3/projects/fb7e7ec672fa43c3a7cfd29ec6eca4f3/users/2d3aaa1ed7684c2c8d9b07f68d5b01a0/roles/f425e8dc330c4f58bfc2507ac0a55b1d 0.048s
2024-08-31 09:45:36.382 59644 INFO tempest.lib.common.dynamic_creds [-] Dynamic test user 2d3aaa1ed7684c2c8d9b07f68d5b01a0 is created with scope project and roles: ['member']
2024-08-31 09:45:36.382 59644 INFO tempest.lib.common.dynamic_creds [-] Acquired dynamic creds: credentials: Credentials: {'domain_id': 'default', 'domain_name': 'Default', 'username': 'tempest-NetworksTest-1301105205-project-member', 'project_domain_id': 'default', 'project_domain_name': 'Default', 'project_id': 'fb7e7ec672fa43c3a7cfd29ec6eca4f3', 'project_name': 'tempest-NetworksTest-1301105205', 'tenant_id': 'fb7e7ec672fa43c3a7cfd29ec6eca4f3', 'tenant_name': 'tempest-NetworksTest-1301105205', 'user_domain_id': 'default', 'user_domain_name': 'Default', 'user_id': '2d3aaa1ed7684c2c8d9b07f68d5b01a0', 'system': None}, Network: None, Subnet: None, Router: None
2024-08-31 09:45:36.382 59644 INFO tempest.lib.common.dynamic_creds [-] Created isolated network resources for: credentials: Credentials: {'domain_id': 'default', 'domain_name': 'Default', 'username': 'tempest-NetworksTest-1301105205-project-member', 'project_domain_id': 'default', 'project_domain_name': 'Default', 'project_id': 'fb7e7ec672fa43c3a7cfd29ec6eca4f3', 'project_name': 'tempest-NetworksTest-1301105205', 'tenant_id': 'fb7e7ec672fa43c3a7cfd29ec6eca4f3', 'tenant_name': 'tempest-NetworksTest-1301105205', 'user_domain_id': 'default', 'user_domain_name': 'Default', 'user_id': '2d3aaa1ed7684c2c8d9b07f68d5b01a0', 'system': None}, Network: None, Subnet: None, Router: None
2024-08-31 09:45:36.436 59670 INFO tempest.lib.common.rest_client [req-61521a64-62ac-4e3e-a09c-c854d6aa5f08 req-61521a64-62ac-4e3e-a09c-c854d6aa5f08 ] Request (ListServerFiltersTestJSON:setUpClass): 201 POST http://10.180.1.21/identity/v3/auth/tokens 0.078s
2024-08-31 09:45:36.437 59670 INFO tempest.lib.common.fixed_network [-] (ListServerFiltersTestJSON:setUpClass) Found network {'id': '150a079c-5e89-42a9-9942-233929a2a134', 'name': 'tempest-ListServerFiltersTestJSON-272892976-network', 'tenant_id': '69aa15417d214fca933988714aa5028e', 'admin_state_up': True, 'mtu': 8950, 'status': 'ACTIVE', 'subnets': [], 'shared': False, 'project_id': '69aa15417d214fca933988714aa5028e', 'port_security_enabled': True, 'router:external': False, 'provider:network_type': 'vlan', 'provider:physical_network': 'default', 'provider:segmentation_id': 173, 'is_default': False, 'availability_zone_hints': [], 'availability_zones': [], 'ipv4_address_scope': None, 'ipv6_address_scope': None, 'description': '', 'tags': [], 'created_at': '2024-08-31T09:45:35Z', 'updated_at': '2024-08-31T09:45:35Z', 'revision_number': 1} available for tenant
2024-08-31 09:45:36.458 59636 INFO tempest.lib.common.rest_client [req-b0eec7d6-ef58-47fc-8e61-ba5f7e11fb19 req-b0eec7d6-ef58-47fc-8e61-ba5f7e11fb19 ] Request (ListImageFiltersTestJSON:setUpClass): 202 POST http://10.180.1.21/compute/v2.1/servers 1.510s
2024-08-31 09:45:36.469 59670 INFO tempest.lib.common.rest_client [req-aac4c879-fb65-4193-852a-c0c6b7262741 req-aac4c879-fb65-4193-852a-c0c6b7262741 ] Request (ListServerFiltersTestJSON:setUpClass): 201 POST http://10.180.1.21/identity/v3/auth/tokens 0.029s
2024-08-31 09:45:36.469 59670 INFO tempest.lib.common.fixed_network [-] (ListServerFiltersTestJSON:setUpClass) Found network {'id': '150a079c-5e89-42a9-9942-233929a2a134', 'name': 'tempest-ListServerFiltersTestJSON-272892976-network', 'tenant_id': '69aa15417d214fca933988714aa5028e', 'admin_state_up': True, 'mtu': 8950, 'status': 'ACTIVE', 'subnets': [], 'shared': False, 'project_id': '69aa15417d214fca933988714aa5028e', 'port_security_enabled': True, 'router:external': False, 'provider:network_type': 'vlan', 'provider:physical_network': 'default', 'provider:segmentation_id': 173, 'is_default': False, 'availability_zone_hints': [], 'availability_zones': [], 'ipv4_address_scope': None, 'ipv6_address_scope': None, 'description': '', 'tags': [], 'created_at': '2024-08-31T09:45:35Z', 'updated_at': '2024-08-31T09:45:35Z', 'revision_number': 1} available for tenant
2024-08-31 09:45:36.489 59644 INFO tempest.lib.common.rest_client [req-52d3ec3b-9eb1-4fb5-83ae-0c89f4fb59b8 req-52d3ec3b-9eb1-4fb5-83ae-0c89f4fb59b8 ] Request (NetworksTest:setUpClass): 201 POST http://10.180.1.21/identity/v3/auth/tokens 0.103s
2024-08-31 09:45:36.529 59636 INFO tempest.lib.common.rest_client [req-e8a1430d-5339-46fd-8c45-6fa6d4d7505f req-e8a1430d-5339-46fd-8c45-6fa6d4d7505f ] Request (ListImageFiltersTestJSON:setUpClass): 201 POST http://10.180.1.21/identity/v3/auth/tokens 0.064s
2024-08-31 09:45:36.530 59636 INFO tempest.lib.common.fixed_network [-] (ListImageFiltersTestJSON:setUpClass) Found network None available for tenant
2024-08-31 09:45:36.533 59664 INFO tempest.lib.common.rest_client [req-496d35a8-ea3a-434f-a6ff-a6d5015de71e req-496d35a8-ea3a-434f-a6ff-a6d5015de71e ] Request (InstanceActionsTestJSON:setUpClass): 201 POST http://10.180.1.21:9696/networking/v2.0/networks 0.547s
2024-08-31 09:45:36.545 59644 INFO tempest.lib.common.rest_client [req-fcf24bb0-ad91-4ab1-8cdf-1839208366b4 req-fcf24bb0-ad91-4ab1-8cdf-1839208366b4 ] Request (NetworksTest:setUpClass): 201 POST http://10.180.1.21/identity/v3/projects 0.055s
2024-08-31 09:45:36.605 59644 INFO tempest.lib.common.rest_client [req-697086f0-9daa-4199-b734-eefd3808a57f req-697086f0-9daa-4199-b734-eefd3808a57f ] Request (NetworksTest:setUpClass): 201 POST http://10.180.1.21/identity/v3/users 0.059s
2024-08-31 09:45:36.628 59644 INFO tempest.lib.common.rest_client [req-bdbc2651-6a05-4296-b735-60f340bc6c72 req-bdbc2651-6a05-4296-b735-60f340bc6c72 ] Request (NetworksTest:setUpClass): 200 GET http://10.180.1.21/identity/v3/roles 0.023s
2024-08-31 09:45:36.663 59644 INFO tempest.lib.common.rest_client [req-fec5971e-7705-40ed-a670-cf71bbfddb22 req-fec5971e-7705-40ed-a670-cf71bbfddb22 ] Request (NetworksTest:setUpClass): 204 PUT http://10.180.1.21/identity/v3/projects/58dd496c622d4c3d9094a29439216b4f/users/d31217c13231496bb6aff1c7354b6015/roles/b7bb5b1d576b4dc4b29f80b08bae3c42 0.034s
2024-08-31 09:45:36.674 59621 INFO tempest.lib.common.rest_client [req-80de252c-ef52-46a2-951a-8146eb59427a req-80de252c-ef52-46a2-951a-8146eb59427a ] Request (AttachInterfacesTestJSON:test_create_list_show_delete_interfaces_by_fixed_ip): 204 DELETE http://10.180.1.21/compute/v2.1/servers/b9cda1b4-4e6e-488e-a43f-9f37ae2feee5 1.464s
2024-08-31 09:45:36.681 59662 INFO tempest.lib.common.rest_client [req-4932af99-ea88-428f-bd0b-8a5eebada909 req-4932af99-ea88-428f-bd0b-8a5eebada909 ] Request (FlavorsAccessNegativeTestJSON:test_flavor_non_admin_remove): 403 POST http://10.180.1.21/compute/v2.1/flavors/1163695436/action 1.441s
2024-08-31 09:45:36.732 59644 INFO tempest.lib.common.rest_client [req-d616f2ab-c76b-43c0-881b-252f285b1231 req-d616f2ab-c76b-43c0-881b-252f285b1231 ] Request (NetworksTest:setUpClass): 200 GET http://10.180.1.21/identity/v3/roles 0.068s
2024-08-31 09:45:36.757 59644 INFO tempest.lib.common.rest_client [req-3e3eac9a-1f7e-4832-813f-acefc654f5b6 req-3e3eac9a-1f7e-4832-813f-acefc654f5b6 ] Request (NetworksTest:setUpClass): 204 PUT http://10.180.1.21/identity/v3/projects/58dd496c622d4c3d9094a29439216b4f/users/d31217c13231496bb6aff1c7354b6015/roles/b7bb5b1d576b4dc4b29f80b08bae3c42 0.024s
2024-08-31 09:45:36.757 59644 INFO tempest.lib.common.dynamic_creds [-] Dynamic test user d31217c13231496bb6aff1c7354b6015 is created with scope project and roles: ['admin']
2024-08-31 09:45:36.757 59644 INFO tempest.lib.common.dynamic_creds [-] Acquired dynamic creds: credentials: Credentials: {'domain_id': 'default', 'domain_name': 'Default', 'username': 'tempest-NetworksTest-1687951446-project-admin', 'project_domain_id': 'default', 'project_domain_name': 'Default', 'project_id': '58dd496c622d4c3d9094a29439216b4f', 'project_name': 'tempest-NetworksTest-1687951446', 'tenant_id': '58dd496c622d4c3d9094a29439216b4f', 'tenant_name': 'tempest-NetworksTest-1687951446', 'user_domain_id': 'default', 'user_domain_name': 'Default', 'user_id': 'd31217c13231496bb6aff1c7354b6015', 'system': None}, Network: None, Subnet: None, Router: None
2024-08-31 09:45:36.757 59644 INFO tempest.lib.common.dynamic_creds [-] Created isolated network resources for: credentials: Credentials: {'domain_id': 'default', 'domain_name': 'Default', 'username': 'tempest-NetworksTest-1687951446-project-admin', 'project_domain_id': 'default', 'project_domain_name': 'Default', 'project_id': '58dd496c622d4c3d9094a29439216b4f', 'project_name': 'tempest-NetworksTest-1687951446', 'tenant_id': '58dd496c622d4c3d9094a29439216b4f', 'tenant_name': 'tempest-NetworksTest-1687951446', 'user_domain_id': 'default', 'user_domain_name': 'Default', 'user_id': 'd31217c13231496bb6aff1c7354b6015', 'system': None}, Network: None, Subnet: None, Router: None
2024-08-31 09:45:36.842 59644 INFO tempest.lib.common.rest_client [req-eaee8152-12ec-46e7-8125-e6a454e9899c req-eaee8152-12ec-46e7-8125-e6a454e9899c ] Request (NetworksTest:setUpClass): 201 POST http://10.180.1.21/identity/v3/auth/tokens 0.082s
2024-08-31 09:45:36.875 59672 INFO tempest.lib.common.rest_client [req-9d3d64e5-f623-45f7-94a2-0b7f4c481555 req-9d3d64e5-f623-45f7-94a2-0b7f4c481555 ] Request (ServerPasswordTestJSON:setUpClass): 202 POST http://10.180.1.21/compute/v2.1/servers 1.735s
2024-08-31 09:45:36.906 59610 INFO tempest.lib.common.rest_client [req-736eedea-1cde-48e0-a5f5-62229cf0ca38 req-736eedea-1cde-48e0-a5f5-62229cf0ca38 ] Request (QuotasAdminNegativeTest:test_create_server_when_instances_quota_is_full): 403 POST http://10.180.1.21/compute/v2.1/servers 1.627s
2024-08-31 09:45:36.982 59642 INFO tempest.lib.common.rest_client [req-7956dff3-50b2-4e72-8245-45bf67cd9c15 req-7956dff3-50b2-4e72-8245-45bf67cd9c15 ] Request (DeleteServersAdminTestJSON:test_admin_delete_servers_of_others): 200 GET http://10.180.1.21/compute/v2.1/servers/294a5f91-9db2-4a43-8230-d3e6906c30f0 1.667s
2024-08-31 09:45:37.049 59618 INFO tempest.lib.common.rest_client [req-8a74664c-1515-4f69-908a-e92cbdfcaf41 req-8a74664c-1515-4f69-908a-e92cbdfcaf41 ] Request (ServersAdminTestJSON:setUpClass): 200 GET http://10.180.1.21/compute/v2.1/servers/5b188e02-5748-47ae-8e07-947bc1b751b6 1.565s
2024-08-31 09:45:37.059 59664 INFO tempest.lib.common.rest_client [req-86119ca1-24b7-4580-ab24-1ca382ba0420 req-86119ca1-24b7-4580-ab24-1ca382ba0420 ] Request (InstanceActionsTestJSON:setUpClass): 201 POST http://10.180.1.21:9696/networking/v2.0/subnets 0.525s
2024-08-31 09:45:37.081 59628 INFO tempest.lib.common.rest_client [req-81bc3f7f-b23e-4dd5-98f0-1d6601d68641 req-81bc3f7f-b23e-4dd5-98f0-1d6601d68641 ] Request (ServersWithSpecificFlavorTestJSON:test_verify_created_server_ephemeral_disk): 204 DELETE http://10.180.1.21/compute/v2.1/servers/d5f83b3a-36b2-4c83-9858-0a74e48e00a3 1.658s
2024-08-31 09:45:37.083 59632 INFO tempest.lib.common.rest_client [req-a3041a69-1ca9-41fe-88f5-1a6d1aa9ad54 req-a3041a69-1ca9-41fe-88f5-1a6d1aa9ad54 ] Request (KeyPairsV210TestJSON:test_admin_manage_keypairs_for_other_users): 201 POST http://10.180.1.21/compute/v2.1/os-keypairs 1.594s
2024-08-31 09:45:37.141 59666 INFO tempest.lib.common.rest_client [req-7c6e7f95-3b55-4ac3-bb63-1e35a9af1fe8 req-7c6e7f95-3b55-4ac3-bb63-1e35a9af1fe8 ] Request (VolumesAssistedSnapshotsTest:tearDownClass): 200 PUT http://10.180.1.21:9696/networking/v2.0/routers/12dce283-772d-4487-bb04-ce11c13dd807/remove_router_interface 1.506s
2024-08-31 09:45:37.302 59630 INFO tempest.lib.common.rest_client [req-9d5433f8-6c23-4275-b7b5-27433d9cb2f0 req-9d5433f8-6c23-4275-b7b5-27433d9cb2f0 ] Request (InstanceActionsV221TestJSON:test_get_list_deleted_instance_actions): 200 GET http://10.180.1.21/compute/v2.1/servers/784b2226-7bd1-464e-b067-3e1a8ede0380 1.730s
2024-08-31 09:45:37.428 59650 INFO tempest.lib.common.rest_client [req-94ffbf19-0941-4d3c-925a-eccf869ffac9 req-94ffbf19-0941-4d3c-925a-eccf869ffac9 ] Request (ServerDiagnosticsTest:test_get_server_diagnostics): 200 GET http://10.180.1.21/compute/v2.1/servers/2545ca35-7a3f-47ed-b0de-e1bb26967379 1.935s
2024-08-31 09:45:37.727 59648 INFO tempest.lib.common.rest_client [req-19eed383-e82c-4723-8f95-7e80f17a7799 req-19eed383-e82c-4723-8f95-7e80f17a7799 ] Request (VolumesAdminNegativeTest:test_update_attached_volume_with_nonexistent_volume_in_body): 200 GET http://10.180.1.21/compute/v2.1/servers/71554abb-780c-4681-909f-8ff93712c82e 2.079s
2024-08-31 09:45:37.728 59640 INFO tempest.lib.common.rest_client [req-cb849ece-6ef9-48c3-a3c8-fb83940112b7 req-cb849ece-6ef9-48c3-a3c8-fb83940112b7 ] Request (FloatingIPsNegativeTestJSON:tearDownClass): 200 PUT http://10.180.1.21:9696/networking/v2.0/routers/f1a2a9a4-b552-4f11-8b79-58b19bfc7ad5/remove_router_interface 1.815s
2024-08-31 09:45:37.915 59624 INFO tempest.lib.common.rest_client [req-a0612d19-ce3d-4c67-80ba-43dd3c7bf515 req-a0612d19-ce3d-4c67-80ba-43dd3c7bf515 ] Request (ServerExternalEventsTest:test_create_server_external_events): 200 GET http://10.180.1.21/compute/v2.1/servers/19253198-cb6e-4c48-a88b-26780f3606e8 2.120s
2024-08-31 09:45:37.916 59666 INFO tempest.lib.common.rest_client [req-98fb0307-5e6b-44e6-a26f-2ff10e5d6577 req-98fb0307-5e6b-44e6-a26f-2ff10e5d6577 ] Request (VolumesAssistedSnapshotsTest:tearDownClass): 204 DELETE http://10.180.1.21:9696/networking/v2.0/routers/12dce283-772d-4487-bb04-ce11c13dd807 0.775s
2024-08-31 09:45:37.947 59622 INFO tempest.lib.common.rest_client [req-4b732b91-1bbc-4b79-b39b-7c6a52908c57 req-4b732b91-1bbc-4b79-b39b-7c6a52908c57 ] Request (ImagesMetadataTestJSON:test_set_image_metadata): 200 GET http://10.180.1.21/compute/v2.1/images/c04a20d9-5aec-4565-8929-4f1b82f20dc4/metadata 2.105s
2024-08-31 09:45:37.954 59668 INFO tempest.lib.common.rest_client [req-20700be7-1e47-4516-b23a-594d51b003f6 req-20700be7-1e47-4516-b23a-594d51b003f6 ] Request (ImagesNegativeTestJSON:test_create_image_specify_uuid_35_characters_or_less): 404 POST http://10.180.1.21/compute/v2.1/servers/aaaaaaaaaaaaaaaaaaaaaaaaaaaaaaaaaaa/action 2.099s
2024-08-31 09:45:37.970 59638 INFO tempest.lib.common.rest_client [req-e5718d6c-704a-493e-90af-72c5645bb76f req-e5718d6c-704a-493e-90af-72c5645bb76f ] Request (AggregatesAdminNegativeTestJSON:test_aggregate_create_with_existent_aggregate_name): 409 POST http://10.180.1.21/compute/v2.1/os-aggregates 2.037s
2024-08-31 09:45:38.003 59634 INFO tempest.lib.common.rest_client [req-94be8cec-2be0-4d59-a65f-7166d2c40440 req-94be8cec-2be0-4d59-a65f-7166d2c40440 ] Request (KeyPairsV22TestJSON:test_keypairs_create_list_delete): 201 POST http://10.180.1.21/compute/v2.1/os-keypairs 2.043s
2024-08-31 09:45:38.053 59646 INFO tempest.lib.common.rest_client [req-7d6da4f6-bec8-4766-a3a4-63365cd64a35 req-7d6da4f6-bec8-4766-a3a4-63365cd64a35 ] Request (SecurityGroupsTestJSON:test_list_security_groups_by_server): 202 POST http://10.180.1.21/compute/v2.1/servers 2.475s
2024-08-31 09:45:38.089 59626 INFO tempest.lib.common.rest_client [req-da76ee91-e1ba-4af9-bdc1-57ff40b0a7c7 req-da76ee91-e1ba-4af9-bdc1-57ff40b0a7c7 ] Request (HostsAdminTestJSON:test_show_host_detail): 200 GET http://10.180.1.21/compute/v2.1/os-hosts 1.760s
2024-08-31 09:45:38.099 59656 INFO tempest.lib.common.rest_client [req-8a71133c-b84c-4b63-8524-24602e5816c2 req-8a71133c-b84c-4b63-8524-24602e5816c2 ] Request (ServerShowV254Test:test_rebuild_server): 200 GET http://10.180.1.21/compute/v2.1/servers/789a3358-bc70-44a5-bb2f-4fc2f1ff9116 1.777s
2024-08-31 09:45:38.262 59640 INFO tempest.lib.common.rest_client [req-0d75198f-f800-431b-8ddc-251a3bca0e62 req-0d75198f-f800-431b-8ddc-251a3bca0e62 ] Request (FloatingIPsNegativeTestJSON:tearDownClass): 204 DELETE http://10.180.1.21:9696/networking/v2.0/routers/f1a2a9a4-b552-4f11-8b79-58b19bfc7ad5 0.534s
2024-08-31 09:45:38.380 59666 INFO tempest.lib.common.rest_client [req-2d57ade0-b30f-4794-81c7-b42746504d31 req-2d57ade0-b30f-4794-81c7-b42746504d31 ] Request (VolumesAssistedSnapshotsTest:tearDownClass): 204 DELETE http://10.180.1.21:9696/networking/v2.0/subnets/dfe3c3ee-1af5-43c6-995f-24be811758a9 0.463s
2024-08-31 09:45:38.422 59640 INFO tempest.lib.common.rest_client [req-225888a8-8758-4be1-9574-4041b7eba732 req-225888a8-8758-4be1-9574-4041b7eba732 ] Request (FloatingIPsNegativeTestJSON:tearDownClass): 204 DELETE http://10.180.1.21:9696/networking/v2.0/subnets/848e95d7-bf82-4f0d-aa5b-d1ef4efc2f8c 0.160s
2024-08-31 09:45:38.580 59652 INFO tempest.lib.common.rest_client [req-cca73d97-f8cd-46d0-ad50-6f63554aac79 req-cca73d97-f8cd-46d0-ad50-6f63554aac79 ] Request (ImagesOneServerNegativeTestJSON:setUpClass): 200 GET http://10.180.1.21/compute/v2.1/servers/ccaea0a9-59d6-456a-9885-2b90abf30abb 2.233s
2024-08-31 09:45:38.914 59636 INFO tempest.lib.common.rest_client [req-ceccb36b-f762-44a1-b13d-cd13decfbe18 req-ceccb36b-f762-44a1-b13d-cd13decfbe18 ] Request (ListImageFiltersTestJSON:setUpClass): 202 POST http://10.180.1.21/compute/v2.1/servers 2.384s
2024-08-31 09:45:38.932 59664 INFO tempest.lib.common.rest_client [req-c001596a-59b1-4502-8703-9a60aab81b87 req-c001596a-59b1-4502-8703-9a60aab81b87 ] Request (InstanceActionsTestJSON:setUpClass): 201 POST http://10.180.1.21:9696/networking/v2.0/routers 1.872s
2024-08-31 09:45:38.963 59670 INFO tempest.lib.common.rest_client [req-f3947a42-070f-4fc6-985c-342fe6425bea req-f3947a42-070f-4fc6-985c-342fe6425bea ] Request (ListServerFiltersTestJSON:setUpClass): 202 POST http://10.180.1.21/compute/v2.1/servers 2.493s
2024-08-31 09:45:39.015 59670 INFO tempest.lib.common.rest_client [req-5295389f-70e0-492d-87cf-386c0cbb1491 req-5295389f-70e0-492d-87cf-386c0cbb1491 ] Request (ListServerFiltersTestJSON:setUpClass): 201 POST http://10.180.1.21/identity/v3/auth/tokens 0.047s
2024-08-31 09:45:39.015 59670 INFO tempest.lib.common.fixed_network [-] (ListServerFiltersTestJSON:setUpClass) Found network {'id': '150a079c-5e89-42a9-9942-233929a2a134', 'name': 'tempest-ListServerFiltersTestJSON-272892976-network', 'tenant_id': '69aa15417d214fca933988714aa5028e', 'admin_state_up': True, 'mtu': 8950, 'status': 'ACTIVE', 'subnets': [], 'shared': False, 'project_id': '69aa15417d214fca933988714aa5028e', 'port_security_enabled': True, 'router:external': False, 'provider:network_type': 'vlan', 'provider:physical_network': 'default', 'provider:segmentation_id': 173, 'is_default': False, 'availability_zone_hints': [], 'availability_zones': [], 'ipv4_address_scope': None, 'ipv6_address_scope': None, 'description': '', 'tags': [], 'created_at': '2024-08-31T09:45:35Z', 'updated_at': '2024-08-31T09:45:35Z', 'revision_number': 1} available for tenant
2024-08-31 09:45:39.021 59666 INFO tempest.lib.common.rest_client [req-41bd7ebd-55e3-40d9-9312-1465a110dfae req-41bd7ebd-55e3-40d9-9312-1465a110dfae ] Request (VolumesAssistedSnapshotsTest:tearDownClass): 204 DELETE http://10.180.1.21:9696/networking/v2.0/networks/96827073-f053-46be-af95-0ffebafa718f 0.641s
2024-08-31 09:45:39.062 59640 INFO tempest.lib.common.rest_client [req-ab57449b-2636-47e5-9194-f19703adbf71 req-ab57449b-2636-47e5-9194-f19703adbf71 ] Request (FloatingIPsNegativeTestJSON:tearDownClass): 204 DELETE http://10.180.1.21:9696/networking/v2.0/networks/a36f417f-6b46-4f7d-8079-50d119ca47eb 0.639s
2024-08-31 09:45:39.118 59658 INFO tempest.lib.common.rest_client [req-3703c284-dfa8-42d0-8780-9990dae39efd req-3703c284-dfa8-42d0-8780-9990dae39efd ] Request (FloatingIPsAssociationNegativeTestJSON:setUpClass): 200 GET http://10.180.1.21/compute/v2.1/servers/91dfb2c2-4cec-40ef-a6cf-ccb65fedaefd 2.501s
2024-08-31 09:45:39.141 59621 INFO tempest.lib.common.rest_client [req-c1688e67-297d-406a-9e41-665e8e7a4a42 req-c1688e67-297d-406a-9e41-665e8e7a4a42 ] Request (AttachInterfacesTestJSON:test_create_list_show_delete_interfaces_by_fixed_ip): 404 GET http://10.180.1.21/compute/v2.1/servers/b9cda1b4-4e6e-488e-a43f-9f37ae2feee5 2.466s
2024-08-31 09:45:39.162 59616 INFO tempest.lib.common.rest_client [req-aa59cfef-6c49-4b10-9ea4-b975808220a3 req-aa59cfef-6c49-4b10-9ea4-b975808220a3 ] Request (ServersV294TestFqdnHostnames:setUpClass): 200 GET http://10.180.1.21/compute/v2.1/servers/b9ffb5d9-8d56-4980-9e78-1e003cd56f7e 2.489s
2024-08-31 09:45:39.179 59640 INFO tempest.lib.common.rest_client [req-458235af-4fbc-479b-aba1-7c8c0f343017 req-458235af-4fbc-479b-aba1-7c8c0f343017 ] Request (FloatingIPsNegativeTestJSON:tearDownClass): 204 DELETE http://10.180.1.21/identity/v3/users/b1d8750800cf46b99ed9daf7fa084f87 0.116s
2024-08-31 09:45:39.179 59640 INFO tempest.lib.common.dynamic_creds [-] Deleting project and security group for project: 793bda8af9ca458e9dcc34bdd65cadb1
2024-08-31 09:45:39.205 59640 INFO tempest.lib.common.rest_client [req-a604063e-d503-4475-a15c-1176fa65e990 req-a604063e-d503-4475-a15c-1176fa65e990 ] Request (FloatingIPsNegativeTestJSON:tearDownClass): 200 GET http://10.180.1.21:9696/networking/v2.0/security-groups?tenant_id=793bda8af9ca458e9dcc34bdd65cadb1&name=default 0.026s
2024-08-31 09:45:39.246 59662 INFO tempest.lib.common.rest_client [req-e217d324-6e2a-49eb-918a-4975a81348ed req-e217d324-6e2a-49eb-918a-4975a81348ed ] Request (FlavorsAccessNegativeTestJSON:_run_cleanups): 200 POST http://10.180.1.21/compute/v2.1/flavors/1163695436/action 2.565s
2024-08-31 09:45:39.274 59640 INFO tempest.lib.common.rest_client [req-edf5efea-5bc0-491c-893b-67b09bef816b req-edf5efea-5bc0-491c-893b-67b09bef816b ] Request (FloatingIPsNegativeTestJSON:tearDownClass): 204 DELETE http://10.180.1.21:9696/networking/v2.0/security-groups/e0aab024-c0a6-4745-abea-68705f94c192 0.068s
2024-08-31 09:45:39.310 59672 INFO tempest.lib.common.rest_client [req-f611dddf-5bd5-48e7-a78c-9b4377484b56 req-f611dddf-5bd5-48e7-a78c-9b4377484b56 ] Request (ServerPasswordTestJSON:setUpClass): 200 GET http://10.180.1.21/compute/v2.1/servers/21bae61a-3f84-4fc2-9775-d29843e16cda 2.433s
2024-08-31 09:45:39.371 59644 INFO tempest.lib.common.rest_client [req-d5635c90-05f4-4c3f-8be6-c0e5e5758b59 req-d5635c90-05f4-4c3f-8be6-c0e5e5758b59 ] Request (NetworksTest:test_get_network): 200 GET http://10.180.1.21/compute/v2.1/os-networks 2.528s
2024-08-31 09:45:39.380 59640 INFO tempest.lib.common.rest_client [req-de562744-8554-41f1-b37a-b62e61399612 req-de562744-8554-41f1-b37a-b62e61399612 ] Request (FloatingIPsNegativeTestJSON:tearDownClass): 204 DELETE http://10.180.1.21/identity/v3/projects/793bda8af9ca458e9dcc34bdd65cadb1 0.106s
2024-08-31 09:45:39.438 59640 INFO tempest.lib.common.rest_client [req-96f20858-3089-465c-8b96-666892e9edee req-96f20858-3089-465c-8b96-666892e9edee ] Request (DeleteServersTestJSON:setUpClass): 201 POST http://10.180.1.21/identity/v3/auth/tokens 0.056s
2024-08-31 09:45:39.464 59612 INFO tempest.lib.common.rest_client [req-68b5830d-4682-44f6-a375-0b38fa002745 req-68b5830d-4682-44f6-a375-0b38fa002745 ] Request (ServersTestFqdnHostnames:test_create_server_with_fqdn_name): 200 GET http://10.180.1.21/compute/v2.1/servers/624ec0e2-c230-4469-8ffe-047f914793b1 2.494s
2024-08-31 09:45:39.468 59610 INFO tempest.lib.common.rest_client [req-489ca4df-264b-44bf-b496-26500aeb5973 req-489ca4df-264b-44bf-b496-26500aeb5973 ] Request (QuotasAdminNegativeTest:_run_cleanups): 200 PUT http://10.180.1.21/compute/v2.1/os-quota-sets/20ab092d88b34cc2b462be777248ab7e 2.561s
2024-08-31 09:45:39.476 59640 INFO tempest.lib.common.rest_client [req-b3bc44bd-3252-4794-b2b4-542ae07c3b3e req-b3bc44bd-3252-4794-b2b4-542ae07c3b3e ] Request (DeleteServersTestJSON:setUpClass): 201 POST http://10.180.1.21/identity/v3/auth/tokens 0.031s
2024-08-31 09:45:39.491 59628 INFO tempest.lib.common.rest_client [req-bc860972-f762-4cbe-91e7-2b4118e48583 req-bc860972-f762-4cbe-91e7-2b4118e48583 ] Request (ServersWithSpecificFlavorTestJSON:test_verify_created_server_ephemeral_disk): 404 GET http://10.180.1.21/compute/v2.1/servers/d5f83b3a-36b2-4c83-9858-0a74e48e00a3 2.409s
2024-08-31 09:45:39.499 59632 INFO tempest.lib.common.rest_client [req-5fd07711-ba75-450e-9a86-0974408a9954 req-5fd07711-ba75-450e-9a86-0974408a9954 ] Request (KeyPairsV210TestJSON:test_admin_manage_keypairs_for_other_users): 200 GET http://10.180.1.21/compute/v2.1/os-keypairs/tempest-keypair-2080550293?user_id=f7bfc0495cf44571a28607767c01b5ed 2.413s
2024-08-31 09:45:39.500 59640 INFO tempest.lib.common.rest_client [req-a6d01adf-c676-4e18-8a01-7ac7806b0a31 req-a6d01adf-c676-4e18-8a01-7ac7806b0a31 ] Request (DeleteServersTestJSON:setUpClass): 200 GET http://10.180.1.21/identity/v3/domains?name=Default 0.024s
2024-08-31 09:45:39.532 59640 INFO tempest.lib.common.rest_client [req-3a1a6822-015c-44d6-8e3d-82e2feeae8d9 req-3a1a6822-015c-44d6-8e3d-82e2feeae8d9 ] Request (DeleteServersTestJSON:setUpClass): 201 POST http://10.180.1.21/identity/v3/projects 0.031s
2024-08-31 09:45:39.601 59640 INFO tempest.lib.common.rest_client [req-f4407521-68b1-4ed6-8dc8-ba6c7e07e1fa req-f4407521-68b1-4ed6-8dc8-ba6c7e07e1fa ] Request (DeleteServersTestJSON:setUpClass): 201 POST http://10.180.1.21/identity/v3/users 0.067s
2024-08-31 09:45:39.608 59654 INFO tempest.lib.common.rest_client [req-d96629ee-4b5b-439c-89a3-84ad86d9b093 req-d96629ee-4b5b-439c-89a3-84ad86d9b093 ] Request (ServerDiagnosticsNegativeTest:test_get_server_diagnostics_by_non_admin): 200 GET http://10.180.1.21/compute/v2.1/servers/d74c7de4-5126-483f-9576-89e0007310b8 2.380s
2024-08-31 09:45:39.621 59640 INFO tempest.lib.common.rest_client [req-620f87fa-0f31-42c9-bb1f-ee08db3ecaef req-620f87fa-0f31-42c9-bb1f-ee08db3ecaef ] Request (DeleteServersTestJSON:setUpClass): 200 GET http://10.180.1.21/identity/v3/roles 0.020s
2024-08-31 09:45:39.657 59640 INFO tempest.lib.common.rest_client [req-170cebde-52bb-4976-81a8-d72ff52f601c req-170cebde-52bb-4976-81a8-d72ff52f601c ] Request (DeleteServersTestJSON:setUpClass): 204 PUT http://10.180.1.21/identity/v3/projects/571ed5374d8840139a771d05ed89bd62/users/e4974158415f452aa156e7cf2682d2ca/roles/f425e8dc330c4f58bfc2507ac0a55b1d 0.036s
2024-08-31 09:45:39.658 59640 INFO tempest.lib.common.dynamic_creds [-] Dynamic test user e4974158415f452aa156e7cf2682d2ca is created with scope project and roles: ['member']
2024-08-31 09:45:39.658 59640 INFO tempest.lib.common.dynamic_creds [-] Acquired dynamic creds: credentials: Credentials: {'domain_id': 'default', 'domain_name': 'Default', 'username': 'tempest-DeleteServersTestJSON-1450295516-project-member', 'project_domain_id': 'default', 'project_domain_name': 'Default', 'project_id': '571ed5374d8840139a771d05ed89bd62', 'project_name': 'tempest-DeleteServersTestJSON-1450295516', 'tenant_id': '571ed5374d8840139a771d05ed89bd62', 'tenant_name': 'tempest-DeleteServersTestJSON-1450295516', 'user_domain_id': 'default', 'user_domain_name': 'Default', 'user_id': 'e4974158415f452aa156e7cf2682d2ca', 'system': None}, Network: None, Subnet: None, Router: None
2024-08-31 09:45:39.694 59618 INFO tempest.lib.common.rest_client [req-5f5fd380-8130-423b-a52b-a75c7f6ecd4d req-5f5fd380-8130-423b-a52b-a75c7f6ecd4d ] Request (ServersAdminTestJSON:setUpClass): 204 DELETE http://10.180.1.21/compute/v2.1/servers/5b188e02-5748-47ae-8e07-947bc1b751b6 2.637s
2024-08-31 09:45:39.705 59614 INFO tempest.lib.common.rest_client [req-0724983f-fd72-4be6-bd11-f9b87390f33f req-0724983f-fd72-4be6-bd11-f9b87390f33f ] Request (TenantUsagesTestJSON:setUpClass): 200 GET http://10.180.1.21/compute/v2.1/servers/50ff2169-9c1f-4f7a-b365-1949dac57f86 2.448s
2024-08-31 09:45:39.725 59640 INFO tempest.lib.common.rest_client [req-fbd1d104-18f9-490c-9604-ed527461e52a req-fbd1d104-18f9-490c-9604-ed527461e52a ] Request (DeleteServersTestJSON:setUpClass): 201 POST http://10.180.1.21/identity/v3/auth/tokens 0.067s
2024-08-31 09:45:39.759 59660 INFO tempest.lib.common.rest_client [req-9a4b66c1-068f-4c60-9b34-afd9b04e4ec0 req-9a4b66c1-068f-4c60-9b34-afd9b04e4ec0 ] Request (MigrationsAdminTest:test_list_migrations_in_flavor_resize_situation): 200 GET http://10.180.1.21/compute/v2.1/servers/14e395c0-3650-40d6-82f1-1bd8f0b29984 2.447s
2024-08-31 09:45:39.881 59630 INFO tempest.lib.common.rest_client [req-a1df16f7-f302-408c-a4b7-7822304d223d req-a1df16f7-f302-408c-a4b7-7822304d223d ] Request (InstanceActionsV221TestJSON:test_get_list_deleted_instance_actions): 204 DELETE http://10.180.1.21/compute/v2.1/servers/784b2226-7bd1-464e-b067-3e1a8ede0380 2.570s
2024-08-31 09:45:39.890 59668 INFO tempest.lib.common.rest_client [req-1d19ff38-bdb0-4b0d-a81f-56a45de03c62 req-1d19ff38-bdb0-4b0d-a81f-56a45de03c62 ] Request (ImagesNegativeTestJSON:test_create_image_specify_uuid_37_characters_or_more): 404 POST http://10.180.1.21/compute/v2.1/servers/aaaaaaaaaaaaaaaaaaaaaaaaaaaaaaaaaaaaa/action 1.935s
2024-08-31 09:45:39.913 59638 INFO tempest.lib.common.rest_client [req-4c1ffad9-9eea-4cc5-8ed5-d0e5438de843 req-4c1ffad9-9eea-4cc5-8ed5-d0e5438de843 ] Request (AggregatesAdminNegativeTestJSON:_run_cleanups): 200 DELETE http://10.180.1.21/compute/v2.1/os-aggregates/4 1.942s
2024-08-31 09:45:39.982 59622 INFO tempest.lib.common.rest_client [req-22d90335-2c0c-4ea8-b3b5-70b0fd30664e req-22d90335-2c0c-4ea8-b3b5-70b0fd30664e ] Request (ImagesMetadataTestJSON:setUp): 200 PUT http://10.180.1.21/compute/v2.1/images/c04a20d9-5aec-4565-8929-4f1b82f20dc4/metadata 2.033s
2024-08-31 09:45:40.020 59634 INFO tempest.lib.common.rest_client [req-d754f169-adac-48b7-a628-7f99272b7473 req-d754f169-adac-48b7-a628-7f99272b7473 ] Request (KeyPairsV22TestJSON:test_keypairs_create_list_delete): 201 POST http://10.180.1.21/compute/v2.1/os-keypairs 2.015s
2024-08-31 09:45:40.099 59646 INFO tempest.lib.common.rest_client [req-1e1c6fa7-affd-4960-bc61-48f050899770 req-1e1c6fa7-affd-4960-bc61-48f050899770 ] Request (SecurityGroupsTestJSON:test_list_security_groups_by_server): 200 GET http://10.180.1.21/compute/v2.1/servers/e83917eb-196f-49bb-9f76-762efc6bfa4c 2.044s
2024-08-31 09:45:40.113 59640 INFO tempest.lib.common.rest_client [req-e2b636e0-191c-4372-9c48-f0c85ad1bc48 req-e2b636e0-191c-4372-9c48-f0c85ad1bc48 ] Request (DeleteServersTestJSON:setUpClass): 201 POST http://10.180.1.21:9696/networking/v2.0/networks 0.388s
2024-08-31 09:45:40.114 59642 INFO tempest.lib.common.rest_client [req-77ec0b36-0c82-4a5e-ae71-3da7e12abc38 req-77ec0b36-0c82-4a5e-ae71-3da7e12abc38 ] Request (DeleteServersAdminTestJSON:test_admin_delete_servers_of_others): 200 GET http://10.180.1.21/compute/v2.1/servers/294a5f91-9db2-4a43-8230-d3e6906c30f0 2.119s
2024-08-31 09:45:40.145 59626 INFO tempest.lib.common.rest_client [req-7c5108dc-86bd-4b14-a0bd-62d616022aea req-7c5108dc-86bd-4b14-a0bd-62d616022aea ] Request (HostsAdminTestJSON:test_show_host_detail): 200 GET http://10.180.1.21/compute/v2.1/os-hosts/cpu-1 2.054s
2024-08-31 09:45:40.218 59626 INFO tempest.lib.common.rest_client [req-7442518b-37c1-443e-9349-25cf73fe2472 req-7442518b-37c1-443e-9349-25cf73fe2472 ] Request (HostsAdminTestJSON:tearDownClass): 204 DELETE http://10.180.1.21/identity/v3/users/22d2b82f207c4dbcad58d8628d0ef562 0.067s
2024-08-31 09:45:40.307 59626 INFO tempest.lib.common.rest_client [req-8448b1c4-6b70-4887-a9d9-56224a0aee70 req-8448b1c4-6b70-4887-a9d9-56224a0aee70 ] Request (HostsAdminTestJSON:tearDownClass): 204 DELETE http://10.180.1.21/identity/v3/users/6dcbe21e80de40eeacfcd9995f427af4 0.088s
2024-08-31 09:45:40.308 59626 INFO tempest.lib.common.dynamic_creds [-] Deleting project and security group for project: 61d63c5cf26b4a6b91ffdba556716652
2024-08-31 09:45:40.374 59626 INFO tempest.lib.common.rest_client [req-638db4cf-58b6-4d52-8e9d-744fd998b43e req-638db4cf-58b6-4d52-8e9d-744fd998b43e ] Request (HostsAdminTestJSON:tearDownClass): 201 POST http://10.180.1.21/identity/v3/auth/tokens 0.066s
2024-08-31 09:45:40.458 59650 INFO tempest.lib.common.rest_client [req-a56db48c-750f-4e25-9605-e7264c7aec66 req-a56db48c-750f-4e25-9605-e7264c7aec66 ] Request (ServerDiagnosticsTest:test_get_server_diagnostics): 200 GET http://10.180.1.21/compute/v2.1/servers/2545ca35-7a3f-47ed-b0de-e1bb26967379 2.024s
2024-08-31 09:45:40.475 59648 INFO tempest.lib.common.rest_client [req-e694dcb1-596f-4bf1-896a-25964af65fee req-e694dcb1-596f-4bf1-896a-25964af65fee ] Request (VolumesAdminNegativeTest:test_update_attached_volume_with_nonexistent_volume_in_body): 200 GET http://10.180.1.21/compute/v2.1/servers/71554abb-780c-4681-909f-8ff93712c82e 1.738s
2024-08-31 09:45:40.499 59666 INFO tempest.lib.common.rest_client [req-ac70adf0-6c6d-4c17-a93f-2d39ed8bde1f req-ac70adf0-6c6d-4c17-a93f-2d39ed8bde1f ] Request (VolumesAssistedSnapshotsTest:tearDownClass): 200 PUT http://10.180.1.21:9696/networking/v2.0/routers/c0b19949-0697-4a2e-aa59-d669d55da9de/remove_router_interface 1.477s
2024-08-31 09:45:40.553 59636 INFO tempest.lib.common.rest_client [req-e9cbb154-8119-471c-822f-addd6e5ce6ac req-e9cbb154-8119-471c-822f-addd6e5ce6ac ] Request (ListImageFiltersTestJSON:setUpClass): 200 GET http://10.180.1.21/compute/v2.1/servers/19283ac4-6955-40ee-9ce7-edec4bb5c2a7 1.637s
2024-08-31 09:45:40.598 59640 INFO tempest.lib.common.rest_client [req-73f9f600-7306-4255-a942-7bb13ba7fc19 req-73f9f600-7306-4255-a942-7bb13ba7fc19 ] Request (DeleteServersTestJSON:setUpClass): 201 POST http://10.180.1.21:9696/networking/v2.0/subnets 0.484s
2024-08-31 09:45:40.701 59626 INFO tempest.lib.common.rest_client [req-dd8fe990-3678-4dae-bee6-c445bdfb4ccd req-dd8fe990-3678-4dae-bee6-c445bdfb4ccd ] Request (HostsAdminTestJSON:tearDownClass): 200 GET http://10.180.1.21:9696/networking/v2.0/security-groups?tenant_id=61d63c5cf26b4a6b91ffdba556716652&name=default 0.326s
2024-08-31 09:45:40.732 59624 INFO tempest.lib.common.rest_client [req-6e8d1920-5a8e-4dd4-a045-5ec21204a797 req-6e8d1920-5a8e-4dd4-a045-5ec21204a797 ] Request (ServerExternalEventsTest:test_create_server_external_events): 200 GET http://10.180.1.21/compute/v2.1/servers/19253198-cb6e-4c48-a88b-26780f3606e8 1.801s
2024-08-31 09:45:40.803 59656 INFO tempest.lib.common.rest_client [req-b5573f0a-01db-4de4-8d61-0e2f3b9f7ffe req-b5573f0a-01db-4de4-8d61-0e2f3b9f7ffe ] Request (ServerShowV254Test:test_rebuild_server): 200 GET http://10.180.1.21/compute/v2.1/servers/789a3358-bc70-44a5-bb2f-4fc2f1ff9116 1.677s
2024-08-31 09:45:40.818 59621 INFO tempest.lib.common.rest_client [req-7b6d6788-8e20-4a72-96dd-ce60b66969dc req-7b6d6788-8e20-4a72-96dd-ce60b66969dc ] Request (AttachInterfacesTestJSON:_run_cleanups): 202 DELETE http://10.180.1.21/compute/v2.1/os-keypairs/tempest-keypair-1035125550 1.676s
2024-08-31 09:45:40.833 59662 INFO tempest.lib.common.rest_client [req-9d8a48de-97b3-4689-a03e-ab7965a894a8 req-9d8a48de-97b3-4689-a03e-ab7965a894a8 ] Request (FlavorsAccessNegativeTestJSON:_run_cleanups): 202 DELETE http://10.180.1.21/compute/v2.1/flavors/1163695436 1.586s
2024-08-31 09:45:40.990 59644 INFO tempest.lib.common.rest_client [req-46aff8b5-9839-461b-b510-65d2ffed0357 req-46aff8b5-9839-461b-b510-65d2ffed0357 ] Request (NetworksTest:test_get_network): 200 GET http://10.180.1.21/compute/v2.1/os-networks/d8372be5-7c5e-4ff9-9e56-200ca7054223 1.618s
2024-08-31 09:45:40.990 59626 INFO tempest.lib.common.rest_client [req-eb1958ef-5ca9-48a9-ac59-4bb439ed4caf req-eb1958ef-5ca9-48a9-ac59-4bb439ed4caf ] Request (HostsAdminTestJSON:tearDownClass): 204 DELETE http://10.180.1.21:9696/networking/v2.0/security-groups/dd092cf4-1515-477f-ae41-863588c90758 0.289s
2024-08-31 09:45:41.057 59626 INFO tempest.lib.common.rest_client [req-9b48c2f5-8fdd-45e3-a4fe-ac07833e8199 req-9b48c2f5-8fdd-45e3-a4fe-ac07833e8199 ] Request (HostsAdminTestJSON:tearDownClass): 204 DELETE http://10.180.1.21/identity/v3/projects/61d63c5cf26b4a6b91ffdba556716652 0.066s
2024-08-31 09:45:41.057 59626 INFO tempest.lib.common.dynamic_creds [-] Deleting project and security group for project: f8aac74f4d9f473daa7eb96f73e9c224
2024-08-31 09:45:41.093 59621 INFO tempest.lib.common.rest_client [req-dce8d76d-d18f-4cc7-addf-e218bfa163ad req-dce8d76d-d18f-4cc7-addf-e218bfa163ad ] Request (AttachInterfacesTestJSON:_run_cleanups): 204 DELETE http://10.180.1.21:9696/networking/v2.0/security-groups/4ffd9555-de63-467f-80c3-f815a5fb0038 0.274s
2024-08-31 09:45:41.118 59621 INFO tempest.lib.common.rest_client [req-27614337-77bd-4f7c-832b-94316257dde6 req-27614337-77bd-4f7c-832b-94316257dde6 ] Request (AttachInterfacesTestJSON:_run_cleanups): 404 GET http://10.180.1.21:9696/networking/v2.0/security-groups/4ffd9555-de63-467f-80c3-f815a5fb0038 0.024s
2024-08-31 09:45:41.124 59664 INFO tempest.lib.common.rest_client [req-27bdb1fc-050b-4943-b9f5-c8fffa1ced9b req-27bdb1fc-050b-4943-b9f5-c8fffa1ced9b ] Request (InstanceActionsTestJSON:setUpClass): 200 PUT http://10.180.1.21:9696/networking/v2.0/routers/5a1be3cd-0fbe-4abf-88f2-643de7d96ed5/add_router_interface 2.192s
