2024-08-31 09:44:49.611 59664 INFO tempest [-] Using tempest config file /opt/stack/testrun/etc/tempest.conf
2024-08-31 09:44:49.634 59664 WARNING oslo_config.cfg [-] Deprecated: Option "auth_version" from group "identity" is deprecated for removal (Identity v2 API was removed and v3 is the only available identity API version now). Its value may be silently ignored in the future.
2024-08-31 09:44:49.635 59664 WARNING oslo_config.cfg [-] Deprecated: Option "uri" from group "identity" is deprecated for removal (The identity v2 API tests were removed and this option has no effect). Its value may be silently ignored in the future.
2024-08-31 09:44:49.635 59664 WARNING oslo_config.cfg [-] Deprecated: Option "access_rules" from group "identity-feature-enabled" is deprecated for removal (Access rules for application credentials is a default feature since Train). Its value may be silently ignored in the future.
2024-08-31 09:44:49.636 59664 WARNING oslo_config.cfg [-] Deprecated: Option "api_v2" from group "identity-feature-enabled" is deprecated for removal (The identity v2 API tests were removed and this option has no effect). Its value may be silently ignored in the future.
2024-08-31 09:44:49.636 59664 WARNING oslo_config.cfg [-] Deprecated: Option "api_v2_admin" from group "identity-feature-enabled" is deprecated for removal (The identity v2 API tests were removed and this option has no effect). Its value may be silently ignored in the future.
2024-08-31 09:44:49.636 59664 WARNING oslo_config.cfg [-] Deprecated: Option "import_image" from group "image-feature-enabled" is deprecated for removal (Issue with image import in WSGI mode was fixed in Victoria, and this feature works in any deployment architecture now.). Its value may be silently ignored in the future.
2024-08-31 09:44:49.636 59664 WARNING oslo_config.cfg [-] Deprecated: Option "os_glance_reserved" from group "image-feature-enabled" is deprecated for removal (os_glance namespace is always reserved since Wallaby). Its value may be silently ignored in the future.
2024-08-31 09:44:49.641 59660 INFO tempest.lib.common.rest_client [req-e4bda4ee-131f-4304-8126-d129e915af1e req-e4bda4ee-131f-4304-8126-d129e915af1e ] Request (HypervisorAdminNegativeUnderV252Test:setUpClass): 201 POST http://10.180.1.21/identity/v3/auth/tokens 0.243s
2024-08-31 09:44:49.698 59662 INFO tempest.lib.common.rest_client [req-2c3ab779-0324-4c1e-8841-d20488000abe req-2c3ab779-0324-4c1e-8841-d20488000abe ] Request (FlavorsAccessNegativeTestJSON:setUpClass): 201 POST http://10.180.1.21/identity/v3/users 0.250s
2024-08-31 09:44:49.699 59668 INFO tempest.lib.common.rest_client [req-61b9df85-dd4a-4429-954c-600aaff0e3de req-61b9df85-dd4a-4429-954c-600aaff0e3de ] Request (HypervisorAdminV253TestBase:setUpClass): 201 POST http://10.180.1.21/identity/v3/auth/tokens 0.248s
2024-08-31 09:44:49.726 59640 INFO tempest.lib.common.rest_client [req-90df036a-da9e-45f2-b7db-84ac04360974 req-90df036a-da9e-45f2-b7db-84ac04360974 ] Request (ServicesAdminNegativeV253TestJSON:setUpClass): 201 POST http://10.180.1.21/identity/v3/auth/tokens 0.207s
2024-08-31 09:44:49.711 59624 INFO tempest.lib.common.rest_client [req-6eef919a-747f-49cb-86ac-a37b59930d29 req-6eef919a-747f-49cb-86ac-a37b59930d29 ] Request (AZAdminNegativeTestJSON:tearDownClass): 200 GET http://10.180.1.21:9696/networking/v2.0/security-groups?tenant_id=c653a804cdac4df2b7fae6edd0d03cf7&name=default 0.557s
2024-08-31 09:44:49.732 59672 INFO tempest.lib.common.rest_client [req-8bbc20fd-2375-4dde-8fa5-de8e1f77c1ad req-8bbc20fd-2375-4dde-8fa5-de8e1f77c1ad ] Request (InstanceUsageAuditLogNegativeTestJSON:setUpClass): 201 POST http://10.180.1.21/identity/v3/auth/tokens 0.226s
2024-08-31 09:44:49.738 59621 INFO tempest.lib.common.rest_client [req-d0af6b54-304f-4ffc-b031-9a754f78c5e3 req-d0af6b54-304f-4ffc-b031-9a754f78c5e3 ] Request (HypervisorAdminV228Test:test_get_list_hypervisor_details): 200 GET http://10.180.1.21/compute/v2.1/os-hypervisors 0.303s
2024-08-31 09:44:49.749 59652 INFO tempest.lib.common.rest_client [req-32a1f8c2-6b95-4362-96c4-3ed7a516f1e0 req-32a1f8c2-6b95-4362-96c4-3ed7a516f1e0 ] Request (ImagesOneServerNegativeTestJSON:setUpClass): 201 POST http://10.180.1.21/identity/v3/auth/tokens 0.230s
2024-08-31 09:44:49.760 59634 INFO tempest.lib.common.rest_client [req-bad71d8c-2337-48cb-b71e-f1dfab61a79e req-bad71d8c-2337-48cb-b71e-f1dfab61a79e ] Request (FlavorsV255TestJSON:setUpClass): 201 POST http://10.180.1.21/identity/v3/auth/tokens 0.240s
2024-08-31 09:44:49.791 59626 INFO tempest.lib.common.rest_client [req-071392be-00cb-4c7a-80ab-8aa87a7516a9 req-071392be-00cb-4c7a-80ab-8aa87a7516a9 ] Request (FlavorsAccessTestJSON:setUpClass): 204 PUT http://10.180.1.21/identity/v3/projects/e7b96598def449e3b7fda2a49bd33fcc/users/fd9d20af2ba34efa8891200621ccb27a/roles/f425e8dc330c4f58bfc2507ac0a55b1d 0.224s
2024-08-31 09:44:49.791 59626 INFO tempest.lib.common.dynamic_creds [-] Dynamic test user fd9d20af2ba34efa8891200621ccb27a is created with scope project and roles: ['member']
2024-08-31 09:44:49.792 59626 INFO tempest.lib.common.dynamic_creds [-] Acquired dynamic creds: credentials: Credentials: {'domain_id': 'default', 'domain_name': 'Default', 'username': 'tempest-FlavorsAccessTestJSON-1587790595-project-member', 'project_domain_id': 'default', 'project_domain_name': 'Default', 'project_id': 'e7b96598def449e3b7fda2a49bd33fcc', 'project_name': 'tempest-FlavorsAccessTestJSON-1587790595', 'tenant_id': 'e7b96598def449e3b7fda2a49bd33fcc', 'tenant_name': 'tempest-FlavorsAccessTestJSON-1587790595', 'user_domain_id': 'default', 'user_domain_name': 'Default', 'user_id': 'fd9d20af2ba34efa8891200621ccb27a', 'system': None}, Network: None, Subnet: None, Router: None
2024-08-31 09:44:49.792 59626 INFO tempest.lib.common.dynamic_creds [-] Created isolated network resources for: credentials: Credentials: {'domain_id': 'default', 'domain_name': 'Default', 'username': 'tempest-FlavorsAccessTestJSON-1587790595-project-member', 'project_domain_id': 'default', 'project_domain_name': 'Default', 'project_id': 'e7b96598def449e3b7fda2a49bd33fcc', 'project_name': 'tempest-FlavorsAccessTestJSON-1587790595', 'tenant_id': 'e7b96598def449e3b7fda2a49bd33fcc', 'tenant_name': 'tempest-FlavorsAccessTestJSON-1587790595', 'user_domain_id': 'default', 'user_domain_name': 'Default', 'user_id': 'fd9d20af2ba34efa8891200621ccb27a', 'system': None}, Network: None, Subnet: None, Router: None
2024-08-31 09:44:49.793 59622 INFO tempest.lib.common.rest_client [req-042f9e58-cf7b-4880-949e-b07c91dab440 req-042f9e58-cf7b-4880-949e-b07c91dab440 ] Request (HypervisorAdminUnderV252Test:setUpClass): 201 POST http://10.180.1.21/identity/v3/projects 0.200s
2024-08-31 09:44:49.797 59621 INFO tempest.lib.common.rest_client [req-18c97338-b676-4146-9c93-a8ff68d3836d req-18c97338-b676-4146-9c93-a8ff68d3836d ] Request (HypervisorAdminV228Test:test_get_list_hypervisor_details): 200 GET http://10.180.1.21/compute/v2.1/os-hypervisors/1 0.055s
2024-08-31 09:44:49.841 59670 INFO tempest.lib.common.rest_client [req-f3b802b0-c1b7-4985-92a8-105204809508 req-f3b802b0-c1b7-4985-92a8-105204809508 ] Request (FloatingIPDetailsTestJSON:setUpClass): 201 POST http://10.180.1.21/identity/v3/auth/tokens 0.263s
2024-08-31 09:44:49.873 59656 INFO tempest.test [-] raised in LiveMigrationTest.setUpClass. Invoking tearDownClass.
2024-08-31 09:44:49.878 59638 INFO tempest.lib.common.rest_client [req-a438686d-4209-45b3-86a5-a026f7a104ec req-a438686d-4209-45b3-86a5-a026f7a104ec ] Request (AggregatesAdminNegativeTestJSON:setUpClass): 201 POST http://10.180.1.21/identity/v3/auth/tokens 0.277s
2024-08-31 09:44:49.881 59660 INFO tempest.lib.common.rest_client [req-ed163f41-4d7b-462c-8ca3-68682e6f6c40 req-ed163f41-4d7b-462c-8ca3-68682e6f6c40 ] Request (HypervisorAdminNegativeUnderV252Test:setUpClass): 201 POST http://10.180.1.21/identity/v3/projects 0.240s
2024-08-31 09:44:49.926 59668 INFO tempest.lib.common.rest_client [req-41c8f08f-ad1c-4629-84e0-0e8dcb31e9ab req-41c8f08f-ad1c-4629-84e0-0e8dcb31e9ab ] Request (HypervisorAdminV253TestBase:setUpClass): 200 GET http://10.180.1.21/identity/v3/domains?name=Default 0.226s
2024-08-31 09:44:49.932 59662 INFO tempest.lib.common.rest_client [req-afece356-e3ba-45e3-ab80-65a6d1660d9a req-afece356-e3ba-45e3-ab80-65a6d1660d9a ] Request (FlavorsAccessNegativeTestJSON:setUpClass): 200 GET http://10.180.1.21/identity/v3/roles 0.233s
2024-08-31 09:44:49.954 59640 INFO tempest.lib.common.rest_client [req-0b419c3d-229a-4d55-bba3-1c8c50d3d068 req-0b419c3d-229a-4d55-bba3-1c8c50d3d068 ] Request (ServicesAdminNegativeV253TestJSON:setUpClass): 200 GET http://10.180.1.21/identity/v3/domains?name=Default 0.221s
2024-08-31 09:44:49.964 59654 INFO tempest.lib.common.rest_client [req-4a958021-c549-4a6b-9aa8-3aa02f0ea87e req-4a958021-c549-4a6b-9aa8-3aa02f0ea87e ] Request (ServerDiagnosticsNegativeTest:setUpClass): 201 POST http://10.180.1.21/identity/v3/auth/tokens 0.198s
2024-08-31 09:44:49.969 59624 INFO tempest.lib.common.rest_client [req-098dc8c1-9d34-45aa-a154-c76233ffaf25 req-098dc8c1-9d34-45aa-a154-c76233ffaf25 ] Request (AZAdminNegativeTestJSON:tearDownClass): 204 DELETE http://10.180.1.21:9696/networking/v2.0/security-groups/d1859805-3b66-48f5-82a6-ebf3621a4215 0.240s
2024-08-31 09:44:49.988 59614 INFO tempest.lib.common.rest_client [req-4f1e3867-6024-4b90-881a-55197d0046d1 req-4f1e3867-6024-4b90-881a-55197d0046d1 ] Request (TenantUsagesTestJSON:setUpClass): 201 POST http://10.180.1.21/identity/v3/auth/tokens 0.214s
2024-08-31 09:44:49.991 59634 INFO tempest.lib.common.rest_client [req-2250428b-9ce0-4ae5-80d8-c2fd9acab2eb req-2250428b-9ce0-4ae5-80d8-c2fd9acab2eb ] Request (FlavorsV255TestJSON:setUpClass): 201 POST http://10.180.1.21/identity/v3/auth/tokens 0.213s
2024-08-31 09:44:50.020 59658 INFO tempest.lib.common.rest_client [req-6b2843c3-08af-4bf8-8a7c-d45e996c75e2 req-6b2843c3-08af-4bf8-8a7c-d45e996c75e2 ] Request (FloatingIPsAssociationNegativeTestJSON:setUpClass): 201 POST http://10.180.1.21/identity/v3/auth/tokens 0.232s
2024-08-31 09:44:50.018 59646 INFO tempest.lib.common.rest_client [req-0a6c3c19-50ca-4035-a8af-6d1848ea61fc req-0a6c3c19-50ca-4035-a8af-6d1848ea61fc ] Request (AZAdminV2TestJSON:setUpClass): 201 POST http://10.180.1.21/identity/v3/auth/tokens 0.237s
2024-08-31 09:44:50.052 59632 INFO tempest.lib.common.rest_client [req-4755dd55-003b-4008-aff5-2c0ff5de50a9 req-4755dd55-003b-4008-aff5-2c0ff5de50a9 ] Request (FlavorsExtraSpecsTestJSON:setUpClass): 201 POST http://10.180.1.21/identity/v3/auth/tokens 0.261s
2024-08-31 09:44:50.076 59622 INFO tempest.lib.common.rest_client [req-13d8b417-e906-48bc-8d94-e29cab9ed699 req-13d8b417-e906-48bc-8d94-e29cab9ed699 ] Request (HypervisorAdminUnderV252Test:setUpClass): 201 POST http://10.180.1.21/identity/v3/users 0.282s
2024-08-31 09:44:50.092 59672 INFO tempest.lib.common.rest_client [req-aa83c212-0dca-47df-9f27-9a172f3e35f9 req-aa83c212-0dca-47df-9f27-9a172f3e35f9 ] Request (InstanceUsageAuditLogNegativeTestJSON:setUpClass): 201 POST http://10.180.1.21/identity/v3/auth/tokens 0.326s
2024-08-31 09:44:50.119 59636 INFO tempest.lib.common.rest_client [req-2e2a6175-c946-475e-9936-9c3401bc20e8 req-2e2a6175-c946-475e-9936-9c3401bc20e8 ] Request (FlavorMetadataValidation:setUpClass): 201 POST http://10.180.1.21/identity/v3/auth/tokens 0.288s
2024-08-31 09:44:50.143 59621 INFO tempest.lib.common.rest_client [req-bfc50c86-a37b-467e-86f1-15979438d70c req-bfc50c86-a37b-467e-86f1-15979438d70c ] Request (HypervisorAdminV228Test:tearDownClass): 204 DELETE http://10.180.1.21/identity/v3/users/af0f8f72889e4dd4b503b9d8b2911f73 0.319s
2024-08-31 09:44:50.178 59626 INFO tempest.lib.common.rest_client [req-0b68c8ca-de56-4e57-9632-2e9ec141a32e req-0b68c8ca-de56-4e57-9632-2e9ec141a32e ] Request (FlavorsAccessTestJSON:setUpClass): 201 POST http://10.180.1.21/identity/v3/auth/tokens 0.340s
2024-08-31 09:44:50.197 59670 INFO tempest.lib.common.rest_client [req-17b938ad-91e2-4fbf-99ed-463ed1c677d6 req-17b938ad-91e2-4fbf-99ed-463ed1c677d6 ] Request (FloatingIPDetailsTestJSON:setUpClass): 200 GET http://10.180.1.21/identity/v3/domains?name=Default 0.346s
2024-08-31 09:44:50.207 59660 INFO tempest.lib.common.rest_client [req-689b0b42-7ee2-41fb-97aa-708d89d04cbe req-689b0b42-7ee2-41fb-97aa-708d89d04cbe ] Request (HypervisorAdminNegativeUnderV252Test:setUpClass): 201 POST http://10.180.1.21/identity/v3/users 0.325s
2024-08-31 09:44:50.221 59656 INFO tempest.lib.common.rest_client [req-231f4ac7-fc15-4066-9698-da275db273cd req-231f4ac7-fc15-4066-9698-da275db273cd ] Request (QuotaClassesAdminTestJSON:setUpClass): 201 POST http://10.180.1.21/identity/v3/auth/tokens 0.337s
2024-08-31 09:44:50.229 59644 INFO tempest.lib.common.rest_client [req-8143e06e-443e-4a78-a926-2ef8514ee18f req-8143e06e-443e-4a78-a926-2ef8514ee18f ] Request (HostsAdminNegativeTestJSON:setUpClass): 201 POST http://10.180.1.21/identity/v3/auth/tokens 0.337s
2024-08-31 09:44:50.245 59648 INFO tempest.lib.common.rest_client [req-cfa2f2b1-611f-4d8e-9f55-fca03f97ab53 req-cfa2f2b1-611f-4d8e-9f55-fca03f97ab53 ] Request (VolumesAdminNegativeTest:setUpClass): 201 POST http://10.180.1.21/identity/v3/auth/tokens 0.360s
2024-08-31 09:44:50.253 59610 INFO tempest.lib.common.rest_client [req-8ab1d1e2-47a4-4a7a-a6f4-358210578c18 req-8ab1d1e2-47a4-4a7a-a6f4-358210578c18 ] Request (FlavorsV261TestJSON:setUpClass): 201 POST http://10.180.1.21/identity/v3/auth/tokens 0.352s
2024-08-31 09:44:50.275 59638 INFO tempest.lib.common.rest_client [req-fa4f4069-a273-41c6-8649-7102f5317ec0 req-fa4f4069-a273-41c6-8649-7102f5317ec0 ] Request (AggregatesAdminNegativeTestJSON:setUpClass): 201 POST http://10.180.1.21/identity/v3/auth/tokens 0.377s
2024-08-31 09:44:50.284 59662 INFO tempest.lib.common.rest_client [req-6e1feaa0-7abf-4144-a9eb-9b28321983f3 req-6e1feaa0-7abf-4144-a9eb-9b28321983f3 ] Request (FlavorsAccessNegativeTestJSON:setUpClass): 204 PUT http://10.180.1.21/identity/v3/projects/51b1ebf8b61e44ed8fbaf156103d4c3d/users/b40cbd9ef88748a68e9fdee6434e8a74/roles/f425e8dc330c4f58bfc2507ac0a55b1d 0.351s
2024-08-31 09:44:50.284 59662 INFO tempest.lib.common.dynamic_creds [-] Dynamic test user b40cbd9ef88748a68e9fdee6434e8a74 is created with scope project and roles: ['member']
2024-08-31 09:44:50.284 59662 INFO tempest.lib.common.dynamic_creds [-] Acquired dynamic creds: credentials: Credentials: {'domain_id': 'default', 'domain_name': 'Default', 'username': 'tempest-FlavorsAccessNegativeTestJSON-597548719-project-member', 'project_domain_id': 'default', 'project_domain_name': 'Default', 'project_id': '51b1ebf8b61e44ed8fbaf156103d4c3d', 'project_name': 'tempest-FlavorsAccessNegativeTestJSON-597548719', 'tenant_id': '51b1ebf8b61e44ed8fbaf156103d4c3d', 'tenant_name': 'tempest-FlavorsAccessNegativeTestJSON-597548719', 'user_domain_id': 'default', 'user_domain_name': 'Default', 'user_id': 'b40cbd9ef88748a68e9fdee6434e8a74', 'system': None}, Network: None, Subnet: None, Router: None
2024-08-31 09:44:50.285 59662 INFO tempest.lib.common.dynamic_creds [-] Created isolated network resources for: credentials: Credentials: {'domain_id': 'default', 'domain_name': 'Default', 'username': 'tempest-FlavorsAccessNegativeTestJSON-597548719-project-member', 'project_domain_id': 'default', 'project_domain_name': 'Default', 'project_id': '51b1ebf8b61e44ed8fbaf156103d4c3d', 'project_name': 'tempest-FlavorsAccessNegativeTestJSON-597548719', 'tenant_id': '51b1ebf8b61e44ed8fbaf156103d4c3d', 'tenant_name': 'tempest-FlavorsAccessNegativeTestJSON-597548719', 'user_domain_id': 'default', 'user_domain_name': 'Default', 'user_id': 'b40cbd9ef88748a68e9fdee6434e8a74', 'system': None}, Network: None, Subnet: None, Router: None
2024-08-31 09:44:50.329 59630 INFO tempest.lib.common.rest_client [req-bc158d49-04e0-4553-b79c-b7b7fd63ca63 req-bc158d49-04e0-4553-b79c-b7b7fd63ca63 ] Request (HypervisorAdminNegativeTestJSON:setUpClass): 201 POST http://10.180.1.21/identity/v3/auth/tokens 0.392s
2024-08-31 09:44:50.351 59668 INFO tempest.lib.common.rest_client [req-14f95dd1-e857-4587-9a44-096599e1b2e9 req-14f95dd1-e857-4587-9a44-096599e1b2e9 ] Request (HypervisorAdminV253TestBase:setUpClass): 201 POST http://10.180.1.21/identity/v3/projects 0.423s
2024-08-31 09:44:50.357 59640 INFO tempest.lib.common.rest_client [req-c0015886-d3c9-43d9-84aa-98b448291492 req-c0015886-d3c9-43d9-84aa-98b448291492 ] Request (ServicesAdminNegativeV253TestJSON:setUpClass): 201 POST http://10.180.1.21/identity/v3/projects 0.400s
2024-08-31 09:44:50.381 59652 INFO tempest.lib.common.rest_client [req-ae49e73b-6ced-4ee5-9877-a0f0f9179b67 req-ae49e73b-6ced-4ee5-9877-a0f0f9179b67 ] Request (ImagesOneServerNegativeTestJSON:setUpClass): 201 POST http://10.180.1.21:9696/networking/v2.0/networks 0.632s
2024-08-31 09:44:50.408 59654 INFO tempest.lib.common.rest_client [req-2bf0b11e-aca3-4585-b053-b919039d5a20 req-2bf0b11e-aca3-4585-b053-b919039d5a20 ] Request (ServerDiagnosticsNegativeTest:setUpClass): 201 POST http://10.180.1.21/identity/v3/auth/tokens 0.437s
2024-08-31 09:44:50.434 59642 INFO tempest.lib.common.rest_client [req-b1672b2a-ce1f-4348-8e4c-3d5c1d21386e req-b1672b2a-ce1f-4348-8e4c-3d5c1d21386e ] Request (DeleteServersAdminTestJSON:setUpClass): 201 POST http://10.180.1.21/identity/v3/auth/tokens 0.446s
2024-08-31 09:44:50.454 59634 INFO tempest.lib.common.rest_client [req-96d8dbcb-3f9d-48ef-8710-db52d426a2f7 req-96d8dbcb-3f9d-48ef-8710-db52d426a2f7 ] Request (FlavorsV255TestJSON:setUpClass): 200 GET http://10.180.1.21/identity/v3/domains?name=Default 0.462s
2024-08-31 09:44:50.482 59624 INFO tempest.lib.common.rest_client [req-10faea5b-5fb8-412e-a09a-2fae963dce20 req-10faea5b-5fb8-412e-a09a-2fae963dce20 ] Request (AZAdminNegativeTestJSON:tearDownClass): 204 DELETE http://10.180.1.21/identity/v3/projects/c653a804cdac4df2b7fae6edd0d03cf7 0.512s
2024-08-31 09:44:50.482 59624 INFO tempest.lib.common.dynamic_creds [-] Deleting project and security group for project: ee272f72de6c48349b443b85ab61be22
2024-08-31 09:44:50.508 59618 INFO tempest.lib.common.rest_client [req-12b8956f-95bc-4687-9301-a6c29e43559d req-12b8956f-95bc-4687-9301-a6c29e43559d ] Request (HypervisorAdminTestJSON:setUpClass): 201 POST http://10.180.1.21/identity/v3/auth/tokens 0.512s
2024-08-31 09:44:50.514 59614 INFO tempest.lib.common.rest_client [req-55720cf0-0150-42a4-a600-778573d60a37 req-55720cf0-0150-42a4-a600-778573d60a37 ] Request (TenantUsagesTestJSON:setUpClass): 201 POST http://10.180.1.21/identity/v3/auth/tokens 0.513s
2024-08-31 09:44:50.533 59646 INFO tempest.lib.common.rest_client [req-3bfb8683-5611-4e58-b550-faafe99452a9 req-3bfb8683-5611-4e58-b550-faafe99452a9 ] Request (AZAdminV2TestJSON:setUpClass): 201 POST http://10.180.1.21/identity/v3/auth/tokens 0.504s
2024-08-31 09:44:50.545 59666 INFO tempest.lib.common.rest_client [req-e8de4bb8-3ad6-4b27-ab1f-f14ea35369f1 req-e8de4bb8-3ad6-4b27-ab1f-f14ea35369f1 ] Request (VolumesAssistedSnapshotsTest:setUpClass): 201 POST http://10.180.1.21/identity/v3/auth/tokens 0.514s
2024-08-31 09:44:50.557 59658 INFO tempest.lib.common.rest_client [req-e01efd8b-b31d-4ae0-8b37-2aa78a0dd1e6 req-e01efd8b-b31d-4ae0-8b37-2aa78a0dd1e6 ] Request (FloatingIPsAssociationNegativeTestJSON:setUpClass): 201 POST http://10.180.1.21/identity/v3/auth/tokens 0.521s
2024-08-31 09:44:50.573 59632 INFO tempest.lib.common.rest_client [req-1280eabd-97c5-4369-a956-d406a08c399d req-1280eabd-97c5-4369-a956-d406a08c399d ] Request (FlavorsExtraSpecsTestJSON:setUpClass): 201 POST http://10.180.1.21/identity/v3/auth/tokens 0.517s
2024-08-31 09:44:50.575 59622 INFO tempest.lib.common.rest_client [req-46a1da15-28b8-496a-b01b-0d6e4ebf14aa req-46a1da15-28b8-496a-b01b-0d6e4ebf14aa ] Request (HypervisorAdminUnderV252Test:setUpClass): 200 GET http://10.180.1.21/identity/v3/roles 0.498s
2024-08-31 09:44:50.576 59612 INFO tempest.lib.common.rest_client [req-5be6302c-fdfb-4dc0-a924-dfd7d89139be req-5be6302c-fdfb-4dc0-a924-dfd7d89139be ] Request (ServersTestFqdnHostnames:setUpClass): 200 PUT http://10.180.1.21:9696/networking/v2.0/routers/075b91a5-42bc-4f13-aa01-854902747734/add_router_interface 2.065s
2024-08-31 09:44:50.576 59612 INFO tempest.lib.common.dynamic_creds [-] Created isolated network resources for: credentials: Credentials: {'domain_id': 'default', 'domain_name': 'Default', 'username': 'tempest-ServersTestFqdnHostnames-1996090690-project-member', 'project_domain_id': 'default', 'project_domain_name': 'Default', 'project_id': '0c870ef0323546079b6471bb30e9eb36', 'project_name': 'tempest-ServersTestFqdnHostnames-1996090690', 'tenant_id': '0c870ef0323546079b6471bb30e9eb36', 'tenant_name': 'tempest-ServersTestFqdnHostnames-1996090690', 'user_domain_id': 'default', 'user_domain_name': 'Default', 'user_id': 'cf6c7cdc98f9419e938b071cf3d6217a', 'system': None}, Network: {'id': '83361975-cdd3-46a3-8792-09097b8b0152', 'name': 'tempest-ServersTestFqdnHostnames-1585577391-network', 'tenant_id': '0c870ef0323546079b6471bb30e9eb36', 'admin_state_up': True, 'mtu': 8950, 'status': 'ACTIVE', 'subnets': [], 'shared': False, 'project_id': '0c870ef0323546079b6471bb30e9eb36', 'port_security_enabled': True, 'router:external': False, 'provider:network_type': 'vlan', 'provider:physical_network': 'default', 'provider:segmentation_id': 903, 'is_default': False, 'availability_zone_hints': [], 'availability_zones': [], 'ipv4_address_scope': None, 'ipv6_address_scope': None, 'description': '', 'tags': [], 'created_at': '2024-08-31T09:44:47Z', 'updated_at': '2024-08-31T09:44:47Z', 'revision_number': 1}, Subnet: {'id': 'bdbe86a5-39bf-4a1d-b373-f6caab402750', 'name': 'tempest-ServersTestFqdnHostnames-1585577391-subnet', 'tenant_id': '0c870ef0323546079b6471bb30e9eb36', 'network_id': '83361975-cdd3-46a3-8792-09097b8b0152', 'ip_version': 4, 'subnetpool_id': None, 'enable_dhcp': True, 'ipv6_ra_mode': None, 'ipv6_address_mode': None, 'gateway_ip': '192.168.128.1', 'cidr': '192.168.128.0/28', 'allocation_pools': [{'start': '192.168.128.2', 'end': '192.168.128.14'}], 'host_routes': [], 'dns_nameservers': [], 'description': '', 'service_types': [], 'tags': [], 'created_at': '2024-08-31T09:44:47Z', 'updated_at': '2024-08-31T09:44:47Z', 'revision_number': 0, 'project_id': '0c870ef0323546079b6471bb30e9eb36'}, Router: {'id': '075b91a5-42bc-4f13-aa01-854902747734', 'name': 'tempest-ServersTestFqdnHostnames-1585577391-router', 'tenant_id': '0c870ef0323546079b6471bb30e9eb36', 'admin_state_up': True, 'status': 'ACTIVE', 'external_gateway_info': {'network_id': 'd8372be5-7c5e-4ff9-9e56-200ca7054223', 'external_fixed_ips': [{'subnet_id': '9db748aa-534f-4187-b8f6-7fc3576d704b', 'ip_address': '10.180.180.132'}], 'enable_snat': True}, 'description': '', 'availability_zones': [], 'distributed': False, 'ha': False, 'availability_zone_hints': [], 'routes': [], 'flavor_id': None, 'tags': [], 'created_at': '2024-08-31T09:44:47Z', 'updated_at': '2024-08-31T09:44:48Z', 'revision_number': 2, 'project_id': '0c870ef0323546079b6471bb30e9eb36'}
2024-08-31 09:44:50.592 59672 INFO tempest.lib.common.rest_client [req-a1bad674-6d6b-4192-bf5a-3d91e214e928 req-a1bad674-6d6b-4192-bf5a-3d91e214e928 ] Request (InstanceUsageAuditLogNegativeTestJSON:setUpClass): 200 GET http://10.180.1.21/identity/v3/domains?name=Default 0.499s
2024-08-31 09:44:50.601 59636 INFO tempest.lib.common.rest_client [req-3ec91e97-778d-45a6-9f5b-ac3b754c072d req-3ec91e97-778d-45a6-9f5b-ac3b754c072d ] Request (FlavorMetadataValidation:setUpClass): 201 POST http://10.180.1.21/identity/v3/auth/tokens 0.479s
2024-08-31 09:44:50.616 59628 INFO tempest.lib.common.rest_client [req-a9b10763-fd8f-40ab-aa8e-1d0810649d39 req-a9b10763-fd8f-40ab-aa8e-1d0810649d39 ] Request (ServersWithSpecificFlavorTestJSON:setUpClass): 201 POST http://10.180.1.21/identity/v3/auth/tokens 0.492s
2024-08-31 09:44:50.623 59650 INFO tempest.lib.common.rest_client [req-bbef5357-93d6-48b8-8c6a-33eb60830733 req-bbef5357-93d6-48b8-8c6a-33eb60830733 ] Request (ServerDiagnosticsTest:setUpClass): 201 POST http://10.180.1.21/identity/v3/auth/tokens 0.487s
2024-08-31 09:44:50.650 59626 INFO tempest.lib.common.rest_client [req-72b1f70e-6c5d-4d9a-9540-6d8acbe861ae req-72b1f70e-6c5d-4d9a-9540-6d8acbe861ae ] Request (FlavorsAccessTestJSON:setUpClass): 201 POST http://10.180.1.21/identity/v3/projects 0.472s
2024-08-31 09:44:50.672 59621 INFO tempest.lib.common.rest_client [req-5ba8f673-50a8-4c80-bbc6-61a369d62ed9 req-5ba8f673-50a8-4c80-bbc6-61a369d62ed9 ] Request (HypervisorAdminV228Test:tearDownClass): 204 DELETE http://10.180.1.21/identity/v3/users/7151df6b9dd74c75acd42fde01c82c8f 0.528s
2024-08-31 09:44:50.673 59621 INFO tempest.lib.common.dynamic_creds [-] Deleting project and security group for project: eaafbfc1d8a2421d8e37e7135faadbc3
2024-08-31 09:44:50.707 59624 INFO tempest.lib.common.rest_client [req-40ae178c-b9b2-468e-b707-2a09a653c188 req-40ae178c-b9b2-468e-b707-2a09a653c188 ] Request (AZAdminNegativeTestJSON:tearDownClass): 200 GET http://10.180.1.21:9696/networking/v2.0/security-groups?tenant_id=ee272f72de6c48349b443b85ab61be22&name=default 0.224s
2024-08-31 09:44:50.724 59664 INFO tempest.lib.common.rest_client [req-8f12fafb-6d1a-4c95-bdc9-4f448d48eb22 req-8f12fafb-6d1a-4c95-bdc9-4f448d48eb22 ] Request (FlavorsExtraSpecsNegativeTestJSON:setUpClass): 201 POST http://10.180.1.21/identity/v3/auth/tokens 0.518s
2024-08-31 09:44:50.739 59660 INFO tempest.lib.common.rest_client [req-98729e89-38ec-4567-858b-22c463162399 req-98729e89-38ec-4567-858b-22c463162399 ] Request (HypervisorAdminNegativeUnderV252Test:setUpClass): 200 GET http://10.180.1.21/identity/v3/roles 0.532s
2024-08-31 09:44:50.742 59670 INFO tempest.lib.common.rest_client [req-f62e5ef1-f791-4cf5-91b1-61ab3f775975 req-f62e5ef1-f791-4cf5-91b1-61ab3f775975 ] Request (FloatingIPDetailsTestJSON:setUpClass): 201 POST http://10.180.1.21/identity/v3/projects 0.543s
2024-08-31 09:44:50.782 59624 INFO tempest.lib.common.rest_client [req-b492de53-fe0d-4c6d-9845-3e44cacb3443 req-b492de53-fe0d-4c6d-9845-3e44cacb3443 ] Request (AZAdminNegativeTestJSON:tearDownClass): 204 DELETE http://10.180.1.21:9696/networking/v2.0/security-groups/62860554-4a43-4576-9b24-6363034ee0ef 0.075s
2024-08-31 09:44:50.782 59652 INFO tempest.lib.common.rest_client [req-4a7fe847-a5ed-4262-9ae1-8d9696fd5590 req-4a7fe847-a5ed-4262-9ae1-8d9696fd5590 ] Request (ImagesOneServerNegativeTestJSON:setUpClass): 201 POST http://10.180.1.21:9696/networking/v2.0/subnets 0.396s
2024-08-31 09:44:50.792 59656 INFO tempest.lib.common.rest_client [req-0e6adec4-add7-4e31-83f5-fb55a08170be req-0e6adec4-add7-4e31-83f5-fb55a08170be ] Request (QuotaClassesAdminTestJSON:setUpClass): 201 POST http://10.180.1.21/identity/v3/auth/tokens 0.563s
2024-08-31 09:44:50.803 59644 INFO tempest.lib.common.rest_client [req-ceef68da-b90a-4010-812c-b4d6e2d9dfb9 req-ceef68da-b90a-4010-812c-b4d6e2d9dfb9 ] Request (HostsAdminNegativeTestJSON:setUpClass): 201 POST http://10.180.1.21/identity/v3/auth/tokens 0.572s
2024-08-31 09:44:50.809 59616 INFO tempest.lib.common.rest_client [req-a53bea1f-7128-41b4-9ec5-28679c5b855f req-a53bea1f-7128-41b4-9ec5-28679c5b855f ] Request (ServersV294TestFqdnHostnames:setUpClass): 201 POST http://10.180.1.21:9696/networking/v2.0/routers 1.491s
2024-08-31 09:44:50.815 59648 INFO tempest.lib.common.rest_client [req-c97e778b-c11d-445c-a1d8-13730bb0e490 req-c97e778b-c11d-445c-a1d8-13730bb0e490 ] Request (VolumesAdminNegativeTest:setUpClass): 201 POST http://10.180.1.21/identity/v3/auth/tokens 0.564s
2024-08-31 09:44:50.826 59610 INFO tempest.lib.common.rest_client [req-aff40f96-3252-4680-9a36-f3b866d4a860 req-aff40f96-3252-4680-9a36-f3b866d4a860 ] Request (FlavorsV261TestJSON:setUpClass): 201 POST http://10.180.1.21/identity/v3/auth/tokens 0.570s
2024-08-31 09:44:50.836 59638 INFO tempest.lib.common.rest_client [req-65c2d669-2c19-489d-8cf0-4ddbd4b01bcb req-65c2d669-2c19-489d-8cf0-4ddbd4b01bcb ] Request (AggregatesAdminNegativeTestJSON:setUpClass): 200 GET http://10.180.1.21/identity/v3/domains?name=Default 0.559s
2024-08-31 09:44:50.856 59630 INFO tempest.lib.common.rest_client [req-4c79a9f8-aa89-479a-bcaf-8e60eef02696 req-4c79a9f8-aa89-479a-bcaf-8e60eef02696 ] Request (HypervisorAdminNegativeTestJSON:setUpClass): 201 POST http://10.180.1.21/identity/v3/auth/tokens 0.525s
2024-08-31 09:44:50.882 59668 INFO tempest.lib.common.rest_client [req-34d4d664-71b1-4807-83d2-686b6f82e5f2 req-34d4d664-71b1-4807-83d2-686b6f82e5f2 ] Request (HypervisorAdminV253TestBase:setUpClass): 201 POST http://10.180.1.21/identity/v3/users 0.530s
2024-08-31 09:44:50.890 59662 INFO tempest.lib.common.rest_client [req-d6159544-76af-44fd-9f00-15c17a4d6c9e req-d6159544-76af-44fd-9f00-15c17a4d6c9e ] Request (FlavorsAccessNegativeTestJSON:setUpClass): 201 POST http://10.180.1.21/identity/v3/auth/tokens 0.600s
2024-08-31 09:44:50.910 59640 INFO tempest.lib.common.rest_client [req-54afde0c-eefa-4a17-8530-3bcf6d6c72b2 req-54afde0c-eefa-4a17-8530-3bcf6d6c72b2 ] Request (ServicesAdminNegativeV253TestJSON:setUpClass): 201 POST http://10.180.1.21/identity/v3/users 0.552s
2024-08-31 09:44:50.910 59654 INFO tempest.lib.common.rest_client [req-5ff7a695-c0b8-4726-aac7-3826c0573a01 req-5ff7a695-c0b8-4726-aac7-3826c0573a01 ] Request (ServerDiagnosticsNegativeTest:setUpClass): 200 GET http://10.180.1.21/identity/v3/domains?name=Default 0.501s
2024-08-31 09:44:50.938 59634 INFO tempest.lib.common.rest_client [req-80c62be3-74cd-4a1c-b436-586effd547c6 req-80c62be3-74cd-4a1c-b436-586effd547c6 ] Request (FlavorsV255TestJSON:setUpClass): 201 POST http://10.180.1.21/identity/v3/projects 0.481s
2024-08-31 09:44:50.939 59642 INFO tempest.lib.common.rest_client [req-fad62abd-c229-4f8f-be33-f18e164f7069 req-fad62abd-c229-4f8f-be33-f18e164f7069 ] Request (DeleteServersAdminTestJSON:setUpClass): 201 POST http://10.180.1.21/identity/v3/auth/tokens 0.499s
2024-08-31 09:44:50.992 59618 INFO tempest.lib.common.rest_client [req-e2ac1e44-745b-482a-a85f-036c921281cc req-e2ac1e44-745b-482a-a85f-036c921281cc ] Request (HypervisorAdminTestJSON:setUpClass): 201 POST http://10.180.1.21/identity/v3/auth/tokens 0.481s
2024-08-31 09:44:50.993 59614 INFO tempest.lib.common.rest_client [req-e8e8c29f-317e-4fa6-9a79-75b08922f71f req-e8e8c29f-317e-4fa6-9a79-75b08922f71f ] Request (TenantUsagesTestJSON:setUpClass): 200 GET http://10.180.1.21/identity/v3/domains?name=Default 0.477s
2024-08-31 09:44:51.013 59646 INFO tempest.lib.common.rest_client [req-068053e3-4fd7-434a-b290-20e14cf3e8f7 req-068053e3-4fd7-434a-b290-20e14cf3e8f7 ] Request (AZAdminV2TestJSON:setUpClass): 200 GET http://10.180.1.21/identity/v3/domains?name=Default 0.480s
2024-08-31 09:44:51.017 59666 INFO tempest.lib.common.rest_client [req-a0b3b0b1-297b-4a44-9d3f-9ae66dd4d8aa req-a0b3b0b1-297b-4a44-9d3f-9ae66dd4d8aa ] Request (VolumesAssistedSnapshotsTest:setUpClass): 201 POST http://10.180.1.21/identity/v3/auth/tokens 0.469s
2024-08-31 09:44:51.033 59658 INFO tempest.lib.common.rest_client [req-724e00bd-6b15-492a-98ac-f8e1ef668d34 req-724e00bd-6b15-492a-98ac-f8e1ef668d34 ] Request (FloatingIPsAssociationNegativeTestJSON:setUpClass): 200 GET http://10.180.1.21/identity/v3/domains?name=Default 0.474s
2024-08-31 09:44:51.035 59632 INFO tempest.lib.common.rest_client [req-40d23fb6-a78a-40a7-a620-d52bfcdbaa0a req-40d23fb6-a78a-40a7-a620-d52bfcdbaa0a ] Request (FlavorsExtraSpecsTestJSON:setUpClass): 200 GET http://10.180.1.21/identity/v3/domains?name=Default 0.461s
2024-08-31 09:44:51.065 59622 INFO tempest.lib.common.rest_client [req-8e0e6746-0cae-4013-a89b-747783dbb371 req-8e0e6746-0cae-4013-a89b-747783dbb371 ] Request (HypervisorAdminUnderV252Test:setUpClass): 204 PUT http://10.180.1.21/identity/v3/projects/ef10795f6504403e8967cb8e1c7cf308/users/b72cda4c2cf349daa4f6d5ac2c2c2e98/roles/f425e8dc330c4f58bfc2507ac0a55b1d 0.489s
2024-08-31 09:44:51.065 59622 INFO tempest.lib.common.dynamic_creds [-] Dynamic test user b72cda4c2cf349daa4f6d5ac2c2c2e98 is created with scope project and roles: ['member']
2024-08-31 09:44:51.065 59622 INFO tempest.lib.common.dynamic_creds [-] Acquired dynamic creds: credentials: Credentials: {'domain_id': 'default', 'domain_name': 'Default', 'username': 'tempest-HypervisorAdminUnderV252Test-1151454078-project-member', 'project_domain_id': 'default', 'project_domain_name': 'Default', 'project_id': 'ef10795f6504403e8967cb8e1c7cf308', 'project_name': 'tempest-HypervisorAdminUnderV252Test-1151454078', 'tenant_id': 'ef10795f6504403e8967cb8e1c7cf308', 'tenant_name': 'tempest-HypervisorAdminUnderV252Test-1151454078', 'user_domain_id': 'default', 'user_domain_name': 'Default', 'user_id': 'b72cda4c2cf349daa4f6d5ac2c2c2e98', 'system': None}, Network: None, Subnet: None, Router: None
2024-08-31 09:44:51.065 59622 INFO tempest.lib.common.dynamic_creds [-] Created isolated network resources for: credentials: Credentials: {'domain_id': 'default', 'domain_name': 'Default', 'username': 'tempest-HypervisorAdminUnderV252Test-1151454078-project-member', 'project_domain_id': 'default', 'project_domain_name': 'Default', 'project_id': 'ef10795f6504403e8967cb8e1c7cf308', 'project_name': 'tempest-HypervisorAdminUnderV252Test-1151454078', 'tenant_id': 'ef10795f6504403e8967cb8e1c7cf308', 'tenant_name': 'tempest-HypervisorAdminUnderV252Test-1151454078', 'user_domain_id': 'default', 'user_domain_name': 'Default', 'user_id': 'b72cda4c2cf349daa4f6d5ac2c2c2e98', 'system': None}, Network: None, Subnet: None, Router: None
2024-08-31 09:44:51.100 59612 INFO tempest.lib.common.rest_client [req-84010f14-80a0-4f72-984c-16ccdcf66b87 req-84010f14-80a0-4f72-984c-16ccdcf66b87 ] Request (ServersTestFqdnHostnames:setUpClass): 201 POST http://10.180.1.21/identity/v3/auth/tokens 0.518s
2024-08-31 09:44:51.122 59636 INFO tempest.lib.common.rest_client [req-fa41802e-8366-4c64-ac14-74d048bda808 req-fa41802e-8366-4c64-ac14-74d048bda808 ] Request (FlavorMetadataValidation:setUpClass): 200 GET http://10.180.1.21/identity/v3/domains?name=Default 0.521s
2024-08-31 09:44:51.125 59672 INFO tempest.lib.common.rest_client [req-56d913d0-28f4-4d71-8594-b8b34b65d5f4 req-56d913d0-28f4-4d71-8594-b8b34b65d5f4 ] Request (InstanceUsageAuditLogNegativeTestJSON:setUpClass): 201 POST http://10.180.1.21/identity/v3/projects 0.531s
2024-08-31 09:44:51.177 59628 INFO tempest.lib.common.rest_client [req-d6796287-1c8d-483e-aebf-628fc741a889 req-d6796287-1c8d-483e-aebf-628fc741a889 ] Request (ServersWithSpecificFlavorTestJSON:setUpClass): 201 POST http://10.180.1.21/identity/v3/auth/tokens 0.554s
2024-08-31 09:44:51.180 59650 INFO tempest.lib.common.rest_client [req-bc9b936f-5fea-4c55-9b1d-d8720781b130 req-bc9b936f-5fea-4c55-9b1d-d8720781b130 ] Request (ServerDiagnosticsTest:setUpClass): 201 POST http://10.180.1.21/identity/v3/auth/tokens 0.554s
2024-08-31 09:44:51.205 59621 INFO tempest.lib.common.rest_client [req-90605b77-4d71-470e-9718-6acf75a701bb req-90605b77-4d71-470e-9718-6acf75a701bb ] Request (HypervisorAdminV228Test:tearDownClass): 201 POST http://10.180.1.21/identity/v3/auth/tokens 0.532s
2024-08-31 09:44:51.207 59626 INFO tempest.lib.common.rest_client [req-2069eed1-8b89-4a62-afb8-e9c41a0fa22f req-2069eed1-8b89-4a62-afb8-e9c41a0fa22f ] Request (FlavorsAccessTestJSON:setUpClass): 201 POST http://10.180.1.21/identity/v3/users 0.556s
2024-08-31 09:44:51.232 59660 INFO tempest.lib.common.rest_client [req-6cd7446b-8a05-4e1f-beef-8727d55d4498 req-6cd7446b-8a05-4e1f-beef-8727d55d4498 ] Request (HypervisorAdminNegativeUnderV252Test:setUpClass): 204 PUT http://10.180.1.21/identity/v3/projects/93944ff66d874dac98774ae33ea21274/users/70f648cdc55c4f7a8dad5a1384a0fc29/roles/b7bb5b1d576b4dc4b29f80b08bae3c42 0.492s
2024-08-31 09:44:51.267 59664 INFO tempest.lib.common.rest_client [req-cf4be835-5aec-4c90-aa79-46a94937a0d1 req-cf4be835-5aec-4c90-aa79-46a94937a0d1 ] Request (FlavorsExtraSpecsNegativeTestJSON:setUpClass): 201 POST http://10.180.1.21/identity/v3/auth/tokens 0.539s
2024-08-31 09:44:51.281 59670 INFO tempest.lib.common.rest_client [req-05b5e086-4529-4159-b0ff-848698bac132 req-05b5e086-4529-4159-b0ff-848698bac132 ] Request (FloatingIPDetailsTestJSON:setUpClass): 201 POST http://10.180.1.21/identity/v3/users 0.538s
2024-08-31 09:44:51.301 59656 INFO tempest.lib.common.rest_client [req-f343e94f-4f65-44f8-aaaa-06827a8cb713 req-f343e94f-4f65-44f8-aaaa-06827a8cb713 ] Request (QuotaClassesAdminTestJSON:setUpClass): 200 GET http://10.180.1.21/identity/v3/domains?name=Default 0.509s
2024-08-31 09:44:51.318 59624 INFO tempest.lib.common.rest_client [req-f5b62711-7e51-481d-a6ab-ef47516c935c req-f5b62711-7e51-481d-a6ab-ef47516c935c ] Request (AZAdminNegativeTestJSON:tearDownClass): 204 DELETE http://10.180.1.21/identity/v3/projects/ee272f72de6c48349b443b85ab61be22 0.535s
2024-08-31 09:44:51.346 59644 INFO tempest.lib.common.rest_client [req-9f6c9b6d-e834-41d3-a2ba-ca2a7b618455 req-9f6c9b6d-e834-41d3-a2ba-ca2a7b618455 ] Request (HostsAdminNegativeTestJSON:setUpClass): 200 GET http://10.180.1.21/identity/v3/domains?name=Default 0.542s
2024-08-31 09:44:51.366 59610 INFO tempest.lib.common.rest_client [req-c5d34063-f92f-4c5d-b746-1dd6b8bcd781 req-c5d34063-f92f-4c5d-b746-1dd6b8bcd781 ] Request (FlavorsV261TestJSON:setUpClass): 200 GET http://10.180.1.21/identity/v3/domains?name=Default 0.539s
2024-08-31 09:44:51.371 59648 INFO tempest.lib.common.rest_client [req-15bb53f2-6369-46c1-b783-b8874589a2fb req-15bb53f2-6369-46c1-b783-b8874589a2fb ] Request (VolumesAdminNegativeTest:setUpClass): 200 GET http://10.180.1.21/identity/v3/domains?name=Default 0.554s
2024-08-31 09:44:51.390 59630 INFO tempest.lib.common.rest_client [req-fe94b443-46a6-48d3-a16a-b976d96ac650 req-fe94b443-46a6-48d3-a16a-b976d96ac650 ] Request (HypervisorAdminNegativeTestJSON:setUpClass): 200 GET http://10.180.1.21/identity/v3/domains?name=Default 0.533s
2024-08-31 09:44:51.394 59638 INFO tempest.lib.common.rest_client [req-380d17d8-2e09-43c3-9c6e-623821f4f1a8 req-380d17d8-2e09-43c3-9c6e-623821f4f1a8 ] Request (AggregatesAdminNegativeTestJSON:setUpClass): 201 POST http://10.180.1.21/identity/v3/projects 0.556s
2024-08-31 09:44:51.445 59662 INFO tempest.lib.common.rest_client [req-8cdb4757-90fc-4225-a450-99fa37c8545a req-8cdb4757-90fc-4225-a450-99fa37c8545a ] Request (FlavorsAccessNegativeTestJSON:setUpClass): 201 POST http://10.180.1.21/identity/v3/projects 0.555s
2024-08-31 09:44:51.457 59668 INFO tempest.lib.common.rest_client [req-55cea2f0-070e-488a-8346-9363e542b494 req-55cea2f0-070e-488a-8346-9363e542b494 ] Request (HypervisorAdminV253TestBase:setUpClass): 200 GET http://10.180.1.21/identity/v3/roles 0.574s
2024-08-31 09:44:51.499 59640 INFO tempest.lib.common.rest_client [req-9aee5fb3-5200-4975-a9f5-edd5c9d201ab req-9aee5fb3-5200-4975-a9f5-edd5c9d201ab ] Request (ServicesAdminNegativeV253TestJSON:setUpClass): 200 GET http://10.180.1.21/identity/v3/roles 0.588s
2024-08-31 09:44:51.516 59654 INFO tempest.lib.common.rest_client [req-29279aa2-73e4-491e-bf1c-9a8edeee6cc1 req-29279aa2-73e4-491e-bf1c-9a8edeee6cc1 ] Request (ServerDiagnosticsNegativeTest:setUpClass): 201 POST http://10.180.1.21/identity/v3/projects 0.604s
2024-08-31 09:44:51.522 59634 INFO tempest.lib.common.rest_client [req-d8f58674-f90a-4e03-a7c3-1dd7a6a05904 req-d8f58674-f90a-4e03-a7c3-1dd7a6a05904 ] Request (FlavorsV255TestJSON:setUpClass): 201 POST http://10.180.1.21/identity/v3/users 0.584s
2024-08-31 09:44:51.562 59642 INFO tempest.lib.common.rest_client [req-20722fca-c691-40c9-8ab2-fdd90a621676 req-20722fca-c691-40c9-8ab2-fdd90a621676 ] Request (DeleteServersAdminTestJSON:setUpClass): 200 GET http://10.180.1.21/identity/v3/domains?name=Default 0.622s
2024-08-31 09:44:51.571 59618 INFO tempest.lib.common.rest_client [req-5514d322-03d7-46ff-9d94-ba5dc2431f18 req-5514d322-03d7-46ff-9d94-ba5dc2431f18 ] Request (HypervisorAdminTestJSON:setUpClass): 200 GET http://10.180.1.21/identity/v3/domains?name=Default 0.578s
2024-08-31 09:44:51.592 59614 INFO tempest.lib.common.rest_client [req-74499859-1d7c-42eb-93a9-2825bf1b1fbc req-74499859-1d7c-42eb-93a9-2825bf1b1fbc ] Request (TenantUsagesTestJSON:setUpClass): 201 POST http://10.180.1.21/identity/v3/projects 0.597s
2024-08-31 09:44:51.599 59646 INFO tempest.lib.common.rest_client [req-e64a71a1-8c27-48eb-a0d1-02b18e843741 req-e64a71a1-8c27-48eb-a0d1-02b18e843741 ] Request (AZAdminV2TestJSON:setUpClass): 201 POST http://10.180.1.21/identity/v3/projects 0.584s
2024-08-31 09:44:51.614 59652 INFO tempest.lib.common.rest_client [req-a25835f6-862d-44c0-a46e-9faa275492b3 req-a25835f6-862d-44c0-a46e-9faa275492b3 ] Request (ImagesOneServerNegativeTestJSON:setUpClass): 201 POST http://10.180.1.21:9696/networking/v2.0/routers 0.830s
2024-08-31 09:44:51.657 59632 INFO tempest.lib.common.rest_client [req-3e43301f-9219-4821-8f78-1c8a895bdf2b req-3e43301f-9219-4821-8f78-1c8a895bdf2b ] Request (FlavorsExtraSpecsTestJSON:setUpClass): 201 POST http://10.180.1.21/identity/v3/projects 0.619s
2024-08-31 09:44:51.665 59666 INFO tempest.lib.common.rest_client [req-da1f2355-9571-4113-9b82-2d9bce67d11e req-da1f2355-9571-4113-9b82-2d9bce67d11e ] Request (VolumesAssistedSnapshotsTest:setUpClass): 200 GET http://10.180.1.21/identity/v3/domains?name=Default 0.647s
2024-08-31 09:44:51.716 59658 INFO tempest.lib.common.rest_client [req-67ace955-0227-454d-8ea7-05b012ede7c3 req-67ace955-0227-454d-8ea7-05b012ede7c3 ] Request (FloatingIPsAssociationNegativeTestJSON:setUpClass): 201 POST http://10.180.1.21/identity/v3/projects 0.681s
2024-08-31 09:44:51.733 59622 INFO tempest.lib.common.rest_client [req-8dd906a5-0a6d-4d8a-9762-d5f85723b287 req-8dd906a5-0a6d-4d8a-9762-d5f85723b287 ] Request (HypervisorAdminUnderV252Test:setUpClass): 201 POST http://10.180.1.21/identity/v3/auth/tokens 0.662s
2024-08-31 09:44:51.738 59616 INFO tempest.lib.common.rest_client [req-88983643-c13c-4ba0-a633-7c54dec7b251 req-88983643-c13c-4ba0-a633-7c54dec7b251 ] Request (ServersV294TestFqdnHostnames:setUpClass): 200 PUT http://10.180.1.21:9696/networking/v2.0/routers/d70c859a-aff7-40ec-909d-ba9a8f37e47c/add_router_interface 0.929s
2024-08-31 09:44:51.740 59616 INFO tempest.lib.common.dynamic_creds [-] Created isolated network resources for: credentials: Credentials: {'domain_id': 'default', 'domain_name': 'Default', 'username': 'tempest-ServersV294TestFqdnHostnames-935067380-project-member', 'project_domain_id': 'default', 'project_domain_name': 'Default', 'project_id': '51248048a2ed4ee1801cec899ba5301b', 'project_name': 'tempest-ServersV294TestFqdnHostnames-935067380', 'tenant_id': '51248048a2ed4ee1801cec899ba5301b', 'tenant_name': 'tempest-ServersV294TestFqdnHostnames-935067380', 'user_domain_id': 'default', 'user_domain_name': 'Default', 'user_id': '7a555b6832df4a0bb32b26622abc2f1a', 'system': None}, Network: {'id': 'fd4c2ac4-525a-40e0-b703-86fa9f875b12', 'name': 'tempest-ServersV294TestFqdnHostnames-762383049-network', 'tenant_id': '51248048a2ed4ee1801cec899ba5301b', 'admin_state_up': True, 'mtu': 8950, 'status': 'ACTIVE', 'subnets': [], 'shared': False, 'project_id': '51248048a2ed4ee1801cec899ba5301b', 'port_security_enabled': True, 'router:external': False, 'provider:network_type': 'vlan', 'provider:physical_network': 'default', 'provider:segmentation_id': 366, 'is_default': False, 'availability_zone_hints': [], 'availability_zones': [], 'ipv4_address_scope': None, 'ipv6_address_scope': None, 'description': '', 'tags': [], 'created_at': '2024-08-31T09:44:48Z', 'updated_at': '2024-08-31T09:44:48Z', 'revision_number': 1}, Subnet: {'id': 'd6b68e7a-b4b2-41a6-9550-c809fbd83149', 'name': 'tempest-ServersV294TestFqdnHostnames-762383049-subnet', 'tenant_id': '51248048a2ed4ee1801cec899ba5301b', 'network_id': 'fd4c2ac4-525a-40e0-b703-86fa9f875b12', 'ip_version': 4, 'subnetpool_id': None, 'enable_dhcp': True, 'ipv6_ra_mode': None, 'ipv6_address_mode': None, 'gateway_ip': '192.168.128.1', 'cidr': '192.168.128.0/28', 'allocation_pools': [{'start': '192.168.128.2', 'end': '192.168.128.14'}], 'host_routes': [], 'dns_nameservers': [], 'description': '', 'service_types': [], 'tags': [], 'created_at': '2024-08-31T09:44:49Z', 'updated_at': '2024-08-31T09:44:49Z', 'revision_number': 0, 'project_id': '51248048a2ed4ee1801cec899ba5301b'}, Router: {'id': 'd70c859a-aff7-40ec-909d-ba9a8f37e47c', 'name': 'tempest-ServersV294TestFqdnHostnames-762383049-router', 'tenant_id': '51248048a2ed4ee1801cec899ba5301b', 'admin_state_up': True, 'status': 'ACTIVE', 'external_gateway_info': {'network_id': 'd8372be5-7c5e-4ff9-9e56-200ca7054223', 'external_fixed_ips': [{'subnet_id': '9db748aa-534f-4187-b8f6-7fc3576d704b', 'ip_address': '10.180.180.139'}], 'enable_snat': True}, 'description': '', 'availability_zones': [], 'distributed': False, 'ha': False, 'availability_zone_hints': [], 'routes': [], 'flavor_id': None, 'tags': [], 'created_at': '2024-08-31T09:44:49Z', 'updated_at': '2024-08-31T09:44:50Z', 'revision_number': 2, 'project_id': '51248048a2ed4ee1801cec899ba5301b'}
2024-08-31 09:44:51.793 59672 INFO tempest.lib.common.rest_client [req-80c570d0-f37b-4233-8e82-56301222f37c req-80c570d0-f37b-4233-8e82-56301222f37c ] Request (InstanceUsageAuditLogNegativeTestJSON:setUpClass): 201 POST http://10.180.1.21/identity/v3/users 0.668s
2024-08-31 09:44:51.816 59628 INFO tempest.lib.common.rest_client [req-7d5d119d-6924-4885-86f8-5e100d59cf4b req-7d5d119d-6924-4885-86f8-5e100d59cf4b ] Request (ServersWithSpecificFlavorTestJSON:setUpClass): 200 GET http://10.180.1.21/identity/v3/domains?name=Default 0.638s
2024-08-31 09:44:51.822 59636 INFO tempest.lib.common.rest_client [req-1fa77391-4fa3-48b6-8ee8-da6b86755f1b req-1fa77391-4fa3-48b6-8ee8-da6b86755f1b ] Request (FlavorMetadataValidation:setUpClass): 201 POST http://10.180.1.21/identity/v3/projects 0.692s
2024-08-31 09:44:51.835 59612 INFO tempest.lib.common.rest_client [req-1e58eaea-ee88-422d-9624-8ae98ccae40a req-1e58eaea-ee88-422d-9624-8ae98ccae40a ] Request (ServersTestFqdnHostnames:test_create_server_with_fqdn_name): 200 POST http://10.180.1.21/compute/v2.1/os-keypairs 0.732s
2024-08-31 09:44:51.871 59650 INFO tempest.lib.common.rest_client [req-40df646c-001e-4f10-95d3-c18b9755ac98 req-40df646c-001e-4f10-95d3-c18b9755ac98 ] Request (ServerDiagnosticsTest:setUpClass): 200 GET http://10.180.1.21/identity/v3/domains?name=Default 0.690s
2024-08-31 09:44:51.877 59626 INFO tempest.lib.common.rest_client [req-18d84218-f9a3-49bd-92cb-108026b3639e req-18d84218-f9a3-49bd-92cb-108026b3639e ] Request (FlavorsAccessTestJSON:setUpClass): 200 GET http://10.180.1.21/identity/v3/roles 0.669s
2024-08-31 09:44:51.898 59660 INFO tempest.lib.common.rest_client [req-611df76f-0cda-47ef-b3af-00b7a3df2bbd req-611df76f-0cda-47ef-b3af-00b7a3df2bbd ] Request (HypervisorAdminNegativeUnderV252Test:setUpClass): 200 GET http://10.180.1.21/identity/v3/roles 0.666s
2024-08-31 09:44:51.914 59664 INFO tempest.lib.common.rest_client [req-1b66f51a-fb4c-484c-aafa-b2e3433565ca req-1b66f51a-fb4c-484c-aafa-b2e3433565ca ] Request (FlavorsExtraSpecsNegativeTestJSON:setUpClass): 200 GET http://10.180.1.21/identity/v3/domains?name=Default 0.646s
2024-08-31 09:44:51.926 59612 INFO tempest.lib.common.rest_client [req-260f8199-32ec-4024-bd51-60332936e077 req-260f8199-32ec-4024-bd51-60332936e077 ] Request (ServersTestFqdnHostnames:test_create_server_with_fqdn_name): 201 POST http://10.180.1.21:9696/networking/v2.0/security-groups 0.089s
2024-08-31 09:44:51.935 59670 INFO tempest.lib.common.rest_client [req-42842506-6afe-4b14-a2e8-10f2b22044ac req-42842506-6afe-4b14-a2e8-10f2b22044ac ] Request (FloatingIPDetailsTestJSON:setUpClass): 200 GET http://10.180.1.21/identity/v3/roles 0.653s
2024-08-31 09:44:51.963 59656 INFO tempest.lib.common.rest_client [req-bc2ad5d5-3969-4833-86cd-b3a8b2404b20 req-bc2ad5d5-3969-4833-86cd-b3a8b2404b20 ] Request (QuotaClassesAdminTestJSON:setUpClass): 201 POST http://10.180.1.21/identity/v3/projects 0.659s
2024-08-31 09:44:51.963 59624 INFO tempest.lib.common.rest_client [req-3dccf7ac-eb69-4a83-a425-3d5259e15541 req-3dccf7ac-eb69-4a83-a425-3d5259e15541 ] Request (ServerExternalEventsTest:setUpClass): 201 POST http://10.180.1.21/identity/v3/auth/tokens 0.643s
2024-08-31 09:44:52.009 59621 INFO tempest.lib.common.rest_client [req-a24b408d-efab-4ee6-92ac-ba7913a64844 req-a24b408d-efab-4ee6-92ac-ba7913a64844 ] Request (HypervisorAdminV228Test:tearDownClass): 200 GET http://10.180.1.21:9696/networking/v2.0/security-groups?tenant_id=eaafbfc1d8a2421d8e37e7135faadbc3&name=default 0.803s
2024-08-31 09:44:52.019 59610 INFO tempest.lib.common.rest_client [req-b1aac6c2-24e8-46d9-9615-0657b9d33db0 req-b1aac6c2-24e8-46d9-9615-0657b9d33db0 ] Request (FlavorsV261TestJSON:setUpClass): 201 POST http://10.180.1.21/identity/v3/projects 0.651s
2024-08-31 09:44:52.027 59644 INFO tempest.lib.common.rest_client [req-3f63fadc-8e00-4119-9491-b843dd310a2f req-3f63fadc-8e00-4119-9491-b843dd310a2f ] Request (HostsAdminNegativeTestJSON:setUpClass): 201 POST http://10.180.1.21/identity/v3/projects 0.679s
2024-08-31 09:44:52.074 59621 INFO tempest.lib.common.rest_client [req-08305fac-fb2e-45c4-8727-0a8e18453395 req-08305fac-fb2e-45c4-8727-0a8e18453395 ] Request (HypervisorAdminV228Test:tearDownClass): 204 DELETE http://10.180.1.21:9696/networking/v2.0/security-groups/5b160d08-0b8b-48b1-b3ea-d64029485dab 0.065s
2024-08-31 09:44:52.089 59630 INFO tempest.lib.common.rest_client [req-b7fad7d4-e30f-4500-8845-44718a9bc24b req-b7fad7d4-e30f-4500-8845-44718a9bc24b ] Request (HypervisorAdminNegativeTestJSON:setUpClass): 201 POST http://10.180.1.21/identity/v3/projects 0.696s
2024-08-31 09:44:52.090 59648 INFO tempest.lib.common.rest_client [req-e96bc39e-0fe5-4328-8b57-2cc33269f994 req-e96bc39e-0fe5-4328-8b57-2cc33269f994 ] Request (VolumesAdminNegativeTest:setUpClass): 201 POST http://10.180.1.21/identity/v3/projects 0.716s
2024-08-31 09:44:52.145 59638 INFO tempest.lib.common.rest_client [req-26313c46-89ad-4ef9-bc61-de37263c9789 req-26313c46-89ad-4ef9-bc61-de37263c9789 ] Request (AggregatesAdminNegativeTestJSON:setUpClass): 201 POST http://10.180.1.21/identity/v3/users 0.750s
