2024-08-31 09:45:26.135 59626 INFO tempest.lib.common.dynamic_creds [-] Acquired dynamic creds: credentials: Credentials: {'domain_id': 'default', 'domain_name': 'Default', 'username': 'tempest-HostsAdminTestJSON-1561770228-project-admin', 'project_domain_id': 'default', 'project_domain_name': 'Default', 'project_id': 'f8aac74f4d9f473daa7eb96f73e9c224', 'project_name': 'tempest-HostsAdminTestJSON-1561770228', 'tenant_id': 'f8aac74f4d9f473daa7eb96f73e9c224', 'tenant_name': 'tempest-HostsAdminTestJSON-1561770228', 'user_domain_id': 'default', 'user_domain_name': 'Default', 'user_id': '6dcbe21e80de40eeacfcd9995f427af4', 'system': None}, Network: None, Subnet: None, Router: None
2024-08-31 09:45:26.136 59626 INFO tempest.lib.common.dynamic_creds [-] Created isolated network resources for: credentials: Credentials: {'domain_id': 'default', 'domain_name': 'Default', 'username': 'tempest-HostsAdminTestJSON-1561770228-project-admin', 'project_domain_id': 'default', 'project_domain_name': 'Default', 'project_id': 'f8aac74f4d9f473daa7eb96f73e9c224', 'project_name': 'tempest-HostsAdminTestJSON-1561770228', 'tenant_id': 'f8aac74f4d9f473daa7eb96f73e9c224', 'tenant_name': 'tempest-HostsAdminTestJSON-1561770228', 'user_domain_id': 'default', 'user_domain_name': 'Default', 'user_id': '6dcbe21e80de40eeacfcd9995f427af4', 'system': None}, Network: None, Subnet: None, Router: None
2024-08-31 09:45:26.166 59618 INFO tempest.lib.common.rest_client [req-e5ba189d-89e3-4929-9eae-e61ffc28e539 req-e5ba189d-89e3-4929-9eae-e61ffc28e539 ] Request (ServersAdminTestJSON:setUpClass): 201 POST http://10.180.1.21/identity/v3/auth/tokens 0.057s
2024-08-31 09:45:26.166 59618 INFO tempest.lib.common.fixed_network [-] (ServersAdminTestJSON:setUpClass) Found network {'id': '61cdca71-4efa-48d7-aa7b-db091523c536', 'name': 'tempest-ServersAdminTestJSON-1824293048-network', 'tenant_id': 'f836fc50602d4198a0f946cf1d5d491c', 'admin_state_up': True, 'mtu': 8950, 'status': 'ACTIVE', 'subnets': [], 'shared': False, 'project_id': 'f836fc50602d4198a0f946cf1d5d491c', 'port_security_enabled': True, 'router:external': False, 'provider:network_type': 'vlan', 'provider:physical_network': 'default', 'provider:segmentation_id': 896, 'is_default': False, 'availability_zone_hints': [], 'availability_zones': [], 'ipv4_address_scope': None, 'ipv6_address_scope': None, 'description': '', 'tags': [], 'created_at': '2024-08-31T09:45:17Z', 'updated_at': '2024-08-31T09:45:18Z', 'revision_number': 1} available for tenant
2024-08-31 09:45:26.175 59621 INFO tempest.lib.common.rest_client [req-c9f0b0cf-32b2-407b-b694-d38ff9221fe7 req-c9f0b0cf-32b2-407b-b694-d38ff9221fe7 ] Request (ValidationResourcesFixture:setUp): 201 POST http://10.180.1.21:9696/networking/v2.0/security-groups 0.344s
2024-08-31 09:45:26.212 59626 INFO tempest.lib.common.rest_client [req-ac0efa85-7f16-4243-8ecf-000508600294 req-ac0efa85-7f16-4243-8ecf-000508600294 ] Request (HostsAdminTestJSON:setUpClass): 201 POST http://10.180.1.21/identity/v3/auth/tokens 0.073s
2024-08-31 09:45:26.246 59658 INFO tempest.lib.common.rest_client [req-d5f9ae86-5d34-4c17-933b-59cf453b6d3f req-d5f9ae86-5d34-4c17-933b-59cf453b6d3f ] Request (FloatingIPsAssociationNegativeTestJSON:setUpClass): 200 GET http://10.180.1.21/compute/v2.1/servers/91dfb2c2-4cec-40ef-a6cf-ccb65fedaefd 2.475s
2024-08-31 09:45:26.258 59640 INFO tempest.lib.common.rest_client [req-14a24d3f-54a2-4bca-aedc-c6467d4df0d7 req-14a24d3f-54a2-4bca-aedc-c6467d4df0d7 ] Request (FloatingIPsNegativeTestJSON:setUpClass): 201 POST http://10.180.1.21:9696/networking/v2.0/subnets 0.624s
2024-08-31 09:45:26.262 59612 INFO tempest.lib.common.rest_client [req-6a8e6500-2f65-40ca-8be7-e88b5ba0e9e1 req-6a8e6500-2f65-40ca-8be7-e88b5ba0e9e1 ] Request (ServersTestFqdnHostnames:test_create_server_with_fqdn_name): 200 GET http://10.180.1.21/compute/v2.1/servers/624ec0e2-c230-4469-8ffe-047f914793b1 1.900s
2024-08-31 09:45:26.262 59621 INFO tempest.lib.common.rest_client [req-a47ba71e-0d82-4cda-a14f-25964cdc9516 req-a47ba71e-0d82-4cda-a14f-25964cdc9516 ] Request (ValidationResourcesFixture:setUp): 201 POST http://10.180.1.21:9696/networking/v2.0/security-group-rules 0.087s
2024-08-31 09:45:26.340 59668 INFO tempest.lib.common.rest_client [req-24d1de09-ac21-4d20-aafd-bca160eb77eb req-24d1de09-ac21-4d20-aafd-bca160eb77eb ] Request (ImagesNegativeTestJSON:test_create_image_from_deleted_server): 200 GET http://10.180.1.21/compute/v2.1/servers/6674867a-80c3-4e83-9b1e-134dc6339f3c 1.884s
2024-08-31 09:45:26.348 59621 INFO tempest.lib.common.rest_client [req-a0aee5f5-8746-4893-8021-d0bd89b81988 req-a0aee5f5-8746-4893-8021-d0bd89b81988 ] Request (ValidationResourcesFixture:setUp): 201 POST http://10.180.1.21:9696/networking/v2.0/security-group-rules 0.082s
2024-08-31 09:45:26.379 59672 INFO tempest.lib.common.rest_client [req-876441e9-ea53-45d4-a8e1-4db7d37a6ff5 req-876441e9-ea53-45d4-a8e1-4db7d37a6ff5 ] Request (AbsoluteLimitsNegativeTestJSON:test_max_metadata_exceed_limit): 200 GET http://10.180.1.21/compute/v2.1/limits 1.927s
2024-08-31 09:45:26.380 59628 INFO tempest.lib.common.rest_client [req-bf4cbca5-19f5-40c6-99db-94842fcf4942 req-bf4cbca5-19f5-40c6-99db-94842fcf4942 ] Request (ValidationResourcesFixture:setUp): 200 POST http://10.180.1.21/compute/v2.1/os-keypairs 1.906s
2024-08-31 09:45:26.392 59632 INFO tempest.lib.common.rest_client [req-07020bb5-66d0-430f-8f73-481993a5eb2a req-07020bb5-66d0-430f-8f73-481993a5eb2a ] Request (FlavorsExtraSpecsTestJSON:test_flavor_set_get_update_show_unset_keys): 200 GET http://10.180.1.21/compute/v2.1/flavors/344236969/os-extra_specs 1.905s
2024-08-31 09:45:26.423 59672 INFO tempest.lib.common.rest_client [req-32b6b817-fa4e-4ef5-8965-69005e3fe663 req-32b6b817-fa4e-4ef5-8965-69005e3fe663 ] Request (AbsoluteLimitsNegativeTestJSON:test_max_metadata_exceed_limit): 201 POST http://10.180.1.21/identity/v3/auth/tokens 0.036s
2024-08-31 09:45:26.424 59636 INFO tempest.lib.common.rest_client [req-90fb77c5-d8c7-49ae-a629-4f3066321c17 req-90fb77c5-d8c7-49ae-a629-4f3066321c17 ] Request (ListImageFiltersTestJSON:setUpClass): 200 GET http://10.180.1.21/compute/v2.1/images/210a4c00-044e-4d63-b6b0-4a5ab6b55c68 1.716s
2024-08-31 09:45:26.424 59672 INFO tempest.lib.common.fixed_network [-] (AbsoluteLimitsNegativeTestJSON:test_max_metadata_exceed_limit) Found network None available for tenant
2024-08-31 09:45:26.453 59662 INFO tempest.lib.common.rest_client [req-48f9ba2c-755b-46e8-8ea1-3d6ccad546f4 req-48f9ba2c-755b-46e8-8ea1-3d6ccad546f4 ] Request (FlavorsAccessNegativeTestJSON:test_flavor_non_admin_add): 403 POST http://10.180.1.21/compute/v2.1/flavors/1014907154/action 1.946s
2024-08-31 09:45:26.558 59628 INFO tempest.lib.common.rest_client [req-d85a85b6-a283-4988-aeec-31db47df03ec req-d85a85b6-a283-4988-aeec-31db47df03ec ] Request (ValidationResourcesFixture:setUp): 201 POST http://10.180.1.21:9696/networking/v2.0/security-groups 0.176s
2024-08-31 09:45:26.665 59628 INFO tempest.lib.common.rest_client [req-0c4e7c1d-654f-412d-a97b-a38e44266588 req-0c4e7c1d-654f-412d-a97b-a38e44266588 ] Request (ValidationResourcesFixture:setUp): 201 POST http://10.180.1.21:9696/networking/v2.0/security-group-rules 0.107s
2024-08-31 09:45:26.812 59654 INFO tempest.lib.common.rest_client [req-832ce908-740f-4893-aef8-982743757ba2 req-832ce908-740f-4893-aef8-982743757ba2 ] Request (ServerDiagnosticsNegativeTest:test_get_server_diagnostics_by_non_admin): 200 GET http://10.180.1.21/compute/v2.1/servers/d74c7de4-5126-483f-9576-89e0007310b8 2.064s
2024-08-31 09:45:26.821 59614 INFO tempest.lib.common.rest_client [req-83cd3741-9ae3-4154-b2d8-10cb860c4c93 req-83cd3741-9ae3-4154-b2d8-10cb860c4c93 ] Request (TenantUsagesTestJSON:setUpClass): 200 GET http://10.180.1.21/compute/v2.1/servers/50ff2169-9c1f-4f7a-b365-1949dac57f86 2.046s
2024-08-31 09:45:26.926 59660 INFO tempest.lib.common.rest_client [req-8e85478c-e5f4-4560-9a3e-c568f3a0b9d4 req-8e85478c-e5f4-4560-9a3e-c568f3a0b9d4 ] Request (MigrationsAdminTest:test_list_migrations_in_flavor_resize_situation): 200 GET http://10.180.1.21/compute/v2.1/servers/14e395c0-3650-40d6-82f1-1bd8f0b29984 1.941s
2024-08-31 09:45:26.942 59628 INFO tempest.lib.common.rest_client [req-565fc0b4-dda7-43f1-b84d-71d6d25723a1 req-565fc0b4-dda7-43f1-b84d-71d6d25723a1 ] Request (ValidationResourcesFixture:setUp): 201 POST http://10.180.1.21:9696/networking/v2.0/security-group-rules 0.276s
2024-08-31 09:45:27.059 59642 INFO tempest.lib.common.rest_client [req-defe17e6-7ed7-495b-bfc7-9456cf62b0d9 req-defe17e6-7ed7-495b-bfc7-9456cf62b0d9 ] Request (DeleteServersAdminTestJSON:test_admin_delete_servers_of_others): 200 GET http://10.180.1.21/compute/v2.1/servers/294a5f91-9db2-4a43-8230-d3e6906c30f0 2.176s
2024-08-31 09:45:27.099 59621 INFO tempest.lib.common.rest_client [req-59598d56-de21-4130-917a-4a096a57ee96 req-59598d56-de21-4130-917a-4a096a57ee96 ] Request (ValidationResourcesFixture:setUp): 201 POST http://10.180.1.21:9696/networking/v2.0/floatingips 0.750s
2024-08-31 09:45:27.157 59621 INFO tempest.lib.common.rest_client [req-cfbac10c-1901-45ac-84f9-4466a5799896 req-cfbac10c-1901-45ac-84f9-4466a5799896 ] Request (AttachInterfacesTestJSON:test_create_list_show_delete_interfaces_by_fixed_ip): 201 POST http://10.180.1.21/identity/v3/auth/tokens 0.055s
2024-08-31 09:45:27.158 59621 INFO tempest.lib.common.fixed_network [-] (AttachInterfacesTestJSON:test_create_list_show_delete_interfaces_by_fixed_ip) Found network {'id': '8d135568-c898-4ce6-b3b3-0f5ce2a6f1bc', 'name': 'tempest-AttachInterfacesTestJSON-1761188030-network', 'tenant_id': '1ce9710aad77431594144d92504193df', 'admin_state_up': True, 'mtu': 8950, 'status': 'ACTIVE', 'subnets': [], 'shared': False, 'project_id': '1ce9710aad77431594144d92504193df', 'port_security_enabled': True, 'router:external': False, 'provider:network_type': 'vlan', 'provider:physical_network': 'default', 'provider:segmentation_id': 227, 'is_default': False, 'availability_zone_hints': [], 'availability_zones': [], 'ipv4_address_scope': None, 'ipv6_address_scope': None, 'description': '', 'tags': [], 'created_at': '2024-08-31T09:45:17Z', 'updated_at': '2024-08-31T09:45:18Z', 'revision_number': 1} available for tenant
2024-08-31 09:45:27.165 59650 INFO tempest.lib.common.rest_client [req-f8cd92a3-b467-4f69-92b0-f99e4848944a req-f8cd92a3-b467-4f69-92b0-f99e4848944a ] Request (ServerDiagnosticsTest:test_get_server_diagnostics): 200 GET http://10.180.1.21/compute/v2.1/servers/2545ca35-7a3f-47ed-b0de-e1bb26967379 2.005s
2024-08-31 09:45:27.186 59666 INFO tempest.lib.common.rest_client [req-977b102a-4a51-487e-b3fa-c94560c82a85 req-977b102a-4a51-487e-b3fa-c94560c82a85 ] Request (VolumesAssistedSnapshotsTest:test_volume_assisted_snapshot_create_delete): 200 GET http://10.180.1.21/compute/v2.1/servers/3be005c8-8cbe-4c3a-9478-840167b99e97 1.919s
2024-08-31 09:45:27.386 59628 INFO tempest.lib.common.rest_client [req-7b5429f6-24bd-4950-8c07-c8b2acb3023f req-7b5429f6-24bd-4950-8c07-c8b2acb3023f ] Request (ValidationResourcesFixture:setUp): 201 POST http://10.180.1.21:9696/networking/v2.0/floatingips 0.443s
2024-08-31 09:45:27.498 59628 INFO tempest.lib.common.rest_client [req-b9e7a8e1-bf03-41bd-8fbf-937f88493ebf req-b9e7a8e1-bf03-41bd-8fbf-937f88493ebf ] Request (ServersWithSpecificFlavorTestJSON:test_verify_created_server_ephemeral_disk): 201 POST http://10.180.1.21/identity/v3/auth/tokens 0.108s
2024-08-31 09:45:27.499 59628 INFO tempest.lib.common.fixed_network [-] (ServersWithSpecificFlavorTestJSON:test_verify_created_server_ephemeral_disk) Found network {'id': '5c587911-53a3-44c0-b74f-dea8ceb037d0', 'name': 'tempest-ServersWithSpecificFlavorTestJSON-1574160160-network', 'tenant_id': '838c87773f954d5ea369fb6b6542364f', 'admin_state_up': True, 'mtu': 8950, 'status': 'ACTIVE', 'subnets': [], 'shared': False, 'project_id': '838c87773f954d5ea369fb6b6542364f', 'port_security_enabled': True, 'router:external': False, 'provider:network_type': 'vlan', 'provider:physical_network': 'default', 'provider:segmentation_id': 768, 'is_default': False, 'availability_zone_hints': [], 'availability_zones': [], 'ipv4_address_scope': None, 'ipv6_address_scope': None, 'description': '', 'tags': [], 'created_at': '2024-08-31T09:44:56Z', 'updated_at': '2024-08-31T09:44:56Z', 'revision_number': 1} available for tenant
2024-08-31 09:45:27.649 59648 INFO tempest.lib.common.rest_client [req-d1f6eec5-3c98-40c2-96aa-b217e18e97f8 req-d1f6eec5-3c98-40c2-96aa-b217e18e97f8 ] Request (VolumesAdminNegativeTest:test_update_attached_volume_with_nonexistent_volume_in_body): 200 GET http://10.180.1.21/compute/v2.1/servers/71554abb-780c-4681-909f-8ff93712c82e 2.209s
2024-08-31 09:45:27.689 59622 INFO tempest.lib.common.rest_client [req-cd480331-8b74-410e-bb34-86309bbcbf20 req-cd480331-8b74-410e-bb34-86309bbcbf20 ] Request (ImagesMetadataTestJSON:test_get_image_metadata_item): 200 GET http://10.180.1.21/compute/v2.1/images/c04a20d9-5aec-4565-8929-4f1b82f20dc4/metadata/os_distro 1.989s
2024-08-31 09:45:27.709 59638 INFO tempest.lib.common.rest_client [req-0643df1c-ec9d-4154-845e-06dc42b36336 req-0643df1c-ec9d-4154-845e-06dc42b36336 ] Request (AggregatesAdminNegativeTestJSON:_run_cleanups): 200 DELETE http://10.180.1.21/compute/v2.1/os-aggregates/3 1.986s
2024-08-31 09:45:27.716 59644 INFO tempest.lib.common.rest_client [req-a98c9a64-e233-4b35-8871-59871f606718 req-a98c9a64-e233-4b35-8871-59871f606718 ] Request (HostsAdminNegativeTestJSON:test_update_host_with_invalid_status): 400 PUT http://10.180.1.21/compute/v2.1/os-hosts/devstack 1.985s
2024-08-31 09:45:27.733 59664 INFO tempest.lib.common.rest_client [req-3a8d31b5-e083-4b7c-b8ed-565231241bf9 req-3a8d31b5-e083-4b7c-b8ed-565231241bf9 ] Request (FlavorsExtraSpecsNegativeTestJSON:tearDownClass): 200 GET http://10.180.1.21/compute/v2.1/flavors/detail 1.985s
2024-08-31 09:45:27.833 59664 INFO tempest.lib.common.rest_client [req-1dbf3ce7-3bee-4877-9865-b9cf9b7d0f95 req-1dbf3ce7-3bee-4877-9865-b9cf9b7d0f95 ] Request (FlavorsExtraSpecsNegativeTestJSON:tearDownClass): 204 DELETE http://10.180.1.21/identity/v3/users/263f2023bb2b4d029575f66e4de9fd70 0.096s
2024-08-31 09:45:27.926 59664 INFO tempest.lib.common.rest_client [req-34617cca-6bac-488c-81b8-3d62b089745b req-34617cca-6bac-488c-81b8-3d62b089745b ] Request (FlavorsExtraSpecsNegativeTestJSON:tearDownClass): 204 DELETE http://10.180.1.21/identity/v3/users/af03b191987e442188381f5ff04d8e22 0.092s
2024-08-31 09:45:27.926 59664 INFO tempest.lib.common.dynamic_creds [-] Deleting project and security group for project: 71cf6a254cd3497daa75c8ede11c3a8f
2024-08-31 09:45:27.985 59664 INFO tempest.lib.common.rest_client [req-c62b5369-ee9b-4d9f-9d11-cf18f7e44e35 req-c62b5369-ee9b-4d9f-9d11-cf18f7e44e35 ] Request (FlavorsExtraSpecsNegativeTestJSON:tearDownClass): 201 POST http://10.180.1.21/identity/v3/auth/tokens 0.059s
2024-08-31 09:45:28.045 59624 INFO tempest.lib.common.rest_client [req-aa2cb255-0b45-472c-93af-3542b356261c req-aa2cb255-0b45-472c-93af-3542b356261c ] Request (ServerExternalEventsTest:test_create_server_external_events): 200 GET http://10.180.1.21/compute/v2.1/servers/19253198-cb6e-4c48-a88b-26780f3606e8 2.201s
2024-08-31 09:45:28.078 59634 INFO tempest.lib.common.rest_client [req-e3ff7065-9961-4939-8a12-8ba4331a6838 req-e3ff7065-9961-4939-8a12-8ba4331a6838 ] Request (KeyPairsV22TestJSON:test_keypair_create_delete): 201 POST http://10.180.1.21/compute/v2.1/os-keypairs 2.105s
2024-08-31 09:45:28.090 59646 INFO tempest.lib.common.rest_client [req-da2015a0-b1ca-48bc-929f-fc22c4a252cf req-da2015a0-b1ca-48bc-929f-fc22c4a252cf ] Request (KeyPairsNegativeTestJSON:test_keypair_delete_nonexistent_key): 404 DELETE http://10.180.1.21/compute/v2.1/os-keypairs/tempest-keypair-non-existent-1724533792 2.085s
2024-08-31 09:45:28.131 59664 INFO tempest.lib.common.rest_client [req-22400fef-d877-4217-aac9-99a87dffb6f3 req-22400fef-d877-4217-aac9-99a87dffb6f3 ] Request (FlavorsExtraSpecsNegativeTestJSON:tearDownClass): 200 GET http://10.180.1.21:9696/networking/v2.0/security-groups?tenant_id=71cf6a254cd3497daa75c8ede11c3a8f&name=default 0.146s
2024-08-31 09:45:28.169 59646 INFO tempest.lib.common.rest_client [req-e26ee6af-44cc-402a-9e1d-37a37e4f7fc6 req-e26ee6af-44cc-402a-9e1d-37a37e4f7fc6 ] Request (KeyPairsNegativeTestJSON:tearDownClass): 204 DELETE http://10.180.1.21/identity/v3/users/159f6a38e97b49d482c450d22e4a6319 0.078s
2024-08-31 09:45:28.169 59646 INFO tempest.lib.common.dynamic_creds [-] Deleting project and security group for project: ef6aa15b7afd46d0ab5ffe2945fc8238
2024-08-31 09:45:28.214 59664 INFO tempest.lib.common.rest_client [req-4d0d7572-50b6-4742-b70c-1d0d88e8c455 req-4d0d7572-50b6-4742-b70c-1d0d88e8c455 ] Request (FlavorsExtraSpecsNegativeTestJSON:tearDownClass): 204 DELETE http://10.180.1.21:9696/networking/v2.0/security-groups/211dd56d-2277-46ef-9184-c021ae1a99eb 0.082s
2024-08-31 09:45:28.232 59646 INFO tempest.lib.common.rest_client [req-48ff67d5-b872-49cc-81f9-1454aa02d75a req-48ff67d5-b872-49cc-81f9-1454aa02d75a ] Request (KeyPairsNegativeTestJSON:tearDownClass): 201 POST http://10.180.1.21/identity/v3/auth/tokens 0.062s
2024-08-31 09:45:28.298 59664 INFO tempest.lib.common.rest_client [req-bea968f7-1584-40b4-a977-62b4ccb35444 req-bea968f7-1584-40b4-a977-62b4ccb35444 ] Request (FlavorsExtraSpecsNegativeTestJSON:tearDownClass): 204 DELETE http://10.180.1.21/identity/v3/projects/71cf6a254cd3497daa75c8ede11c3a8f 0.083s
2024-08-31 09:45:28.298 59664 INFO tempest.lib.common.dynamic_creds [-] Deleting project and security group for project: 10043671b4754e20b0c874b460ea8996
2024-08-31 09:45:28.321 59630 INFO tempest.lib.common.rest_client [req-ac2246f9-76f6-4f7b-843e-49038e7f6aab req-ac2246f9-76f6-4f7b-843e-49038e7f6aab ] Request (InstanceActionsV221TestJSON:setUpClass): 201 POST http://10.180.1.21:9696/networking/v2.0/routers 2.671s
2024-08-31 09:45:28.446 59664 INFO tempest.lib.common.rest_client [req-986d885d-f3c7-42e7-8623-439272e1d1f0 req-986d885d-f3c7-42e7-8623-439272e1d1f0 ] Request (FlavorsExtraSpecsNegativeTestJSON:tearDownClass): 200 GET http://10.180.1.21:9696/networking/v2.0/security-groups?tenant_id=10043671b4754e20b0c874b460ea8996&name=default 0.147s
2024-08-31 09:45:28.549 59646 INFO tempest.lib.common.rest_client [req-8deb7e58-724d-4ab1-904c-1b4ccd1c12b0 req-8deb7e58-724d-4ab1-904c-1b4ccd1c12b0 ] Request (KeyPairsNegativeTestJSON:tearDownClass): 200 GET http://10.180.1.21:9696/networking/v2.0/security-groups?tenant_id=ef6aa15b7afd46d0ab5ffe2945fc8238&name=default 0.316s
2024-08-31 09:45:28.654 59670 INFO tempest.lib.common.rest_client [req-c86620af-642a-403e-b046-7d254efdc003 req-c86620af-642a-403e-b046-7d254efdc003 ] Request (FloatingIPDetailsTestJSON:tearDownClass): 202 DELETE http://10.180.1.21/compute/v2.1/os-floating-ips/c7714eb5-36e3-496d-9720-9f980381be46 3.159s
2024-08-31 09:45:28.668 59664 INFO tempest.lib.common.rest_client [req-d88cf6ae-601f-4fe0-a6ee-73a59a21f1dd req-d88cf6ae-601f-4fe0-a6ee-73a59a21f1dd ] Request (FlavorsExtraSpecsNegativeTestJSON:tearDownClass): 204 DELETE http://10.180.1.21:9696/networking/v2.0/security-groups/88bfeef1-5b1b-433b-ada1-47da620874ac 0.221s
2024-08-31 09:45:28.682 59610 INFO tempest.lib.common.rest_client [req-27a69041-ac7a-4246-90df-780c9e914efa req-27a69041-ac7a-4246-90df-780c9e914efa ] Request (QuotasAdminNegativeTest:test_create_server_when_cpu_quota_is_full): 403 POST http://10.180.1.21/compute/v2.1/servers 2.645s
2024-08-31 09:45:28.712 59646 INFO tempest.lib.common.rest_client [req-18ab58df-1c60-41cd-a8cb-54f6a52b8d30 req-18ab58df-1c60-41cd-a8cb-54f6a52b8d30 ] Request (KeyPairsNegativeTestJSON:tearDownClass): 204 DELETE http://10.180.1.21:9696/networking/v2.0/security-groups/64d346e7-be92-4acc-9aed-77bf74ae3849 0.163s
2024-08-31 09:45:28.742 59664 INFO tempest.lib.common.rest_client [req-622874d2-07f4-49d0-9cb2-ce4e0f738177 req-622874d2-07f4-49d0-9cb2-ce4e0f738177 ] Request (FlavorsExtraSpecsNegativeTestJSON:tearDownClass): 204 DELETE http://10.180.1.21/identity/v3/projects/10043671b4754e20b0c874b460ea8996 0.073s
2024-08-31 09:45:28.753 59640 INFO tempest.lib.common.rest_client [req-c1d0e770-1ace-41cd-9e20-87a6dbf5f7b7 req-c1d0e770-1ace-41cd-9e20-87a6dbf5f7b7 ] Request (FloatingIPsNegativeTestJSON:setUpClass): 201 POST http://10.180.1.21:9696/networking/v2.0/routers 2.495s
2024-08-31 09:45:28.853 59646 INFO tempest.lib.common.rest_client [req-d8e8392e-12a6-4152-b085-23fe20794568 req-d8e8392e-12a6-4152-b085-23fe20794568 ] Request (KeyPairsNegativeTestJSON:tearDownClass): 204 DELETE http://10.180.1.21/identity/v3/projects/ef6aa15b7afd46d0ab5ffe2945fc8238 0.140s
2024-08-31 09:45:28.878 59626 INFO tempest.lib.common.rest_client [req-3a498573-ff98-4bbe-bd60-b3490c81db69 req-3a498573-ff98-4bbe-bd60-b3490c81db69 ] Request (HostsAdminTestJSON:test_list_hosts): 200 GET http://10.180.1.21/compute/v2.1/os-hosts 2.665s
2024-08-31 09:45:28.904 59664 INFO tempest.lib.common.rest_client [req-9ff96d4d-6c5c-4175-a0a8-bf9d2ba240b2 req-9ff96d4d-6c5c-4175-a0a8-bf9d2ba240b2 ] Request (FlavorsV2NegativeTest:setUpClass): 201 POST http://10.180.1.21/identity/v3/auth/tokens 0.159s
2024-08-31 09:45:28.918 59646 INFO tempest.lib.common.rest_client [req-7b659f9a-1561-448e-99da-4d95b960a002 req-7b659f9a-1561-448e-99da-4d95b960a002 ] Request (SecurityGroupsTestJSON:setUpClass): 201 POST http://10.180.1.21/identity/v3/auth/tokens 0.061s
2024-08-31 09:45:28.963 59646 INFO tempest.lib.common.rest_client [req-1c524709-43ac-4d0f-9a29-9cfea0b49f58 req-1c524709-43ac-4d0f-9a29-9cfea0b49f58 ] Request (SecurityGroupsTestJSON:setUpClass): 201 POST http://10.180.1.21/identity/v3/auth/tokens 0.043s
2024-08-31 09:45:28.982 59646 INFO tempest.lib.common.rest_client [req-e2f4001f-e8e8-4b04-8b87-ab137641b070 req-e2f4001f-e8e8-4b04-8b87-ab137641b070 ] Request (SecurityGroupsTestJSON:setUpClass): 200 GET http://10.180.1.21/identity/v3/domains?name=Default 0.018s
2024-08-31 09:45:28.982 59664 INFO tempest.lib.common.rest_client [req-422c227d-f199-4468-bb64-d9947fee1db9 req-422c227d-f199-4468-bb64-d9947fee1db9 ] Request (FlavorsV2NegativeTest:setUpClass): 201 POST http://10.180.1.21/identity/v3/auth/tokens 0.030s
2024-08-31 09:45:29.002 59664 INFO tempest.lib.common.rest_client [req-889d339b-e655-4b59-a2a0-32ee3199ba67 req-889d339b-e655-4b59-a2a0-32ee3199ba67 ] Request (FlavorsV2NegativeTest:setUpClass): 200 GET http://10.180.1.21/identity/v3/domains?name=Default 0.019s
2024-08-31 09:45:29.036 59664 INFO tempest.lib.common.rest_client [req-7178845b-d824-4578-8599-12dd23fd03b4 req-7178845b-d824-4578-8599-12dd23fd03b4 ] Request (FlavorsV2NegativeTest:setUpClass): 201 POST http://10.180.1.21/identity/v3/projects 0.034s
2024-08-31 09:45:29.038 59646 INFO tempest.lib.common.rest_client [req-3d3970eb-7bc5-4c36-a747-671ea5e0a04f req-3d3970eb-7bc5-4c36-a747-671ea5e0a04f ] Request (SecurityGroupsTestJSON:setUpClass): 201 POST http://10.180.1.21/identity/v3/projects 0.056s
2024-08-31 09:45:29.097 59664 INFO tempest.lib.common.rest_client [req-3bd6e831-ce36-43ec-ba84-b9467b541890 req-3bd6e831-ce36-43ec-ba84-b9467b541890 ] Request (FlavorsV2NegativeTest:setUpClass): 201 POST http://10.180.1.21/identity/v3/users 0.060s
2024-08-31 09:45:29.099 59646 INFO tempest.lib.common.rest_client [req-fd3a5f91-3317-4eb2-a763-b4837ec7777c req-fd3a5f91-3317-4eb2-a763-b4837ec7777c ] Request (SecurityGroupsTestJSON:setUpClass): 201 POST http://10.180.1.21/identity/v3/users 0.061s
2024-08-31 09:45:29.104 59652 INFO tempest.lib.common.rest_client [req-c4eeffea-6664-40af-8d65-e26161f5fbf8 req-c4eeffea-6664-40af-8d65-e26161f5fbf8 ] Request (ImagesOneServerNegativeTestJSON:setUpClass): 200 GET http://10.180.1.21/compute/v2.1/servers/ccaea0a9-59d6-456a-9885-2b90abf30abb 2.813s
2024-08-31 09:45:29.116 59664 INFO tempest.lib.common.rest_client [req-42f1faae-42db-43a2-bff6-d9ac1b16f03b req-42f1faae-42db-43a2-bff6-d9ac1b16f03b ] Request (FlavorsV2NegativeTest:setUpClass): 200 GET http://10.180.1.21/identity/v3/roles 0.018s
2024-08-31 09:45:29.122 59646 INFO tempest.lib.common.rest_client [req-62af602f-f57c-4472-98db-a01c33e213b8 req-62af602f-f57c-4472-98db-a01c33e213b8 ] Request (SecurityGroupsTestJSON:setUpClass): 200 GET http://10.180.1.21/identity/v3/roles 0.022s
2024-08-31 09:45:29.151 59664 INFO tempest.lib.common.rest_client [req-f92c6d50-43c5-4c16-ae3c-1dcca1a2f51d req-f92c6d50-43c5-4c16-ae3c-1dcca1a2f51d ] Request (FlavorsV2NegativeTest:setUpClass): 204 PUT http://10.180.1.21/identity/v3/projects/8cbdd3c04f7a4a8d858e5e1ea1805a89/users/06e900427936474d8b977b714badc761/roles/f425e8dc330c4f58bfc2507ac0a55b1d 0.035s
2024-08-31 09:45:29.152 59664 INFO tempest.lib.common.dynamic_creds [-] Dynamic test user 06e900427936474d8b977b714badc761 is created with scope project and roles: ['member']
2024-08-31 09:45:29.152 59664 INFO tempest.lib.common.dynamic_creds [-] Acquired dynamic creds: credentials: Credentials: {'domain_id': 'default', 'domain_name': 'Default', 'username': 'tempest-FlavorsV2NegativeTest-1740673215-project-member', 'project_domain_id': 'default', 'project_domain_name': 'Default', 'project_id': '8cbdd3c04f7a4a8d858e5e1ea1805a89', 'project_name': 'tempest-FlavorsV2NegativeTest-1740673215', 'tenant_id': '8cbdd3c04f7a4a8d858e5e1ea1805a89', 'tenant_name': 'tempest-FlavorsV2NegativeTest-1740673215', 'user_domain_id': 'default', 'user_domain_name': 'Default', 'user_id': '06e900427936474d8b977b714badc761', 'system': None}, Network: None, Subnet: None, Router: None
2024-08-31 09:45:29.152 59664 INFO tempest.lib.common.dynamic_creds [-] Created isolated network resources for: credentials: Credentials: {'domain_id': 'default', 'domain_name': 'Default', 'username': 'tempest-FlavorsV2NegativeTest-1740673215-project-member', 'project_domain_id': 'default', 'project_domain_name': 'Default', 'project_id': '8cbdd3c04f7a4a8d858e5e1ea1805a89', 'project_name': 'tempest-FlavorsV2NegativeTest-1740673215', 'tenant_id': '8cbdd3c04f7a4a8d858e5e1ea1805a89', 'tenant_name': 'tempest-FlavorsV2NegativeTest-1740673215', 'user_domain_id': 'default', 'user_domain_name': 'Default', 'user_id': '06e900427936474d8b977b714badc761', 'system': None}, Network: None, Subnet: None, Router: None
2024-08-31 09:45:29.177 59646 INFO tempest.lib.common.rest_client [req-0e24e0ea-5c91-44f0-9382-7ecc864fcc9c req-0e24e0ea-5c91-44f0-9382-7ecc864fcc9c ] Request (SecurityGroupsTestJSON:setUpClass): 204 PUT http://10.180.1.21/identity/v3/projects/b2f7e4ed23c24eaf9e9b0300e9b8b2bf/users/c75afbe4a97240c49aaed07125b26a5e/roles/f425e8dc330c4f58bfc2507ac0a55b1d 0.054s
2024-08-31 09:45:29.178 59646 INFO tempest.lib.common.dynamic_creds [-] Dynamic test user c75afbe4a97240c49aaed07125b26a5e is created with scope project and roles: ['member']
2024-08-31 09:45:29.178 59646 INFO tempest.lib.common.dynamic_creds [-] Acquired dynamic creds: credentials: Credentials: {'domain_id': 'default', 'domain_name': 'Default', 'username': 'tempest-SecurityGroupsTestJSON-1449800206-project-member', 'project_domain_id': 'default', 'project_domain_name': 'Default', 'project_id': 'b2f7e4ed23c24eaf9e9b0300e9b8b2bf', 'project_name': 'tempest-SecurityGroupsTestJSON-1449800206', 'tenant_id': 'b2f7e4ed23c24eaf9e9b0300e9b8b2bf', 'tenant_name': 'tempest-SecurityGroupsTestJSON-1449800206', 'user_domain_id': 'default', 'user_domain_name': 'Default', 'user_id': 'c75afbe4a97240c49aaed07125b26a5e', 'system': None}, Network: None, Subnet: None, Router: None
2024-08-31 09:45:29.195 59656 INFO tempest.lib.common.rest_client [req-bf814576-48c1-4a8e-8a61-37c6360085cc req-bf814576-48c1-4a8e-8a61-37c6360085cc ] Request (ServerShowV254Test:test_rebuild_server): 200 GET http://10.180.1.21/compute/v2.1/servers/789a3358-bc70-44a5-bb2f-4fc2f1ff9116 2.800s
2024-08-31 09:45:29.207 59632 INFO tempest.lib.common.rest_client [req-fb2a3120-cb85-4a67-8ff2-26269064c402 req-fb2a3120-cb85-4a67-8ff2-26269064c402 ] Request (FlavorsExtraSpecsTestJSON:tearDownClass): 202 DELETE http://10.180.1.21/compute/v2.1/flavors/344236969 2.813s
2024-08-31 09:45:29.219 59664 INFO tempest.lib.common.rest_client [req-8168b32a-b5bc-40f3-bd00-492663d472a9 req-8168b32a-b5bc-40f3-bd00-492663d472a9 ] Request (FlavorsV2NegativeTest:setUpClass): 201 POST http://10.180.1.21/identity/v3/auth/tokens 0.063s
2024-08-31 09:45:29.258 59646 INFO tempest.lib.common.rest_client [req-8b1de261-c17e-453b-b559-dc8c3d1cda6c req-8b1de261-c17e-453b-b559-dc8c3d1cda6c ] Request (SecurityGroupsTestJSON:setUpClass): 201 POST http://10.180.1.21/identity/v3/auth/tokens 0.080s
2024-08-31 09:45:29.396 59630 INFO tempest.lib.common.rest_client [req-6284dc8f-0cc2-4fb9-ae6f-26feb183b789 req-6284dc8f-0cc2-4fb9-ae6f-26feb183b789 ] Request (InstanceActionsV221TestJSON:setUpClass): 200 PUT http://10.180.1.21:9696/networking/v2.0/routers/de2b611a-85c6-4433-ba47-ab5054a7f9ab/add_router_interface 1.074s
2024-08-31 09:45:29.396 59630 INFO tempest.lib.common.dynamic_creds [-] Created isolated network resources for: credentials: Credentials: {'domain_id': 'default', 'domain_name': 'Default', 'username': 'tempest-InstanceActionsV221TestJSON-1281874576-project-member', 'project_domain_id': 'default', 'project_domain_name': 'Default', 'project_id': '4fad0d855b584efc8a1579c358723826', 'project_name': 'tempest-InstanceActionsV221TestJSON-1281874576', 'tenant_id': '4fad0d855b584efc8a1579c358723826', 'tenant_name': 'tempest-InstanceActionsV221TestJSON-1281874576', 'user_domain_id': 'default', 'user_domain_name': 'Default', 'user_id': 'c6e999a79e3e451c844936f86daaf261', 'system': None}, Network: {'id': 'ad021bcd-bd66-4c4f-803e-652a64093ac6', 'name': 'tempest-InstanceActionsV221TestJSON-1278352282-network', 'tenant_id': '4fad0d855b584efc8a1579c358723826', 'admin_state_up': True, 'mtu': 8950, 'status': 'ACTIVE', 'subnets': [], 'shared': False, 'project_id': '4fad0d855b584efc8a1579c358723826', 'port_security_enabled': True, 'router:external': False, 'provider:network_type': 'vlan', 'provider:physical_network': 'default', 'provider:segmentation_id': 34, 'is_default': False, 'availability_zone_hints': [], 'availability_zones': [], 'ipv4_address_scope': None, 'ipv6_address_scope': None, 'description': '', 'tags': [], 'created_at': '2024-08-31T09:45:24Z', 'updated_at': '2024-08-31T09:45:25Z', 'revision_number': 1}, Subnet: {'id': 'b2ed7a0c-ec0c-4956-9015-6b0598e84e43', 'name': 'tempest-InstanceActionsV221TestJSON-1278352282-subnet', 'tenant_id': '4fad0d855b584efc8a1579c358723826', 'network_id': 'ad021bcd-bd66-4c4f-803e-652a64093ac6', 'ip_version': 4, 'subnetpool_id': None, 'enable_dhcp': True, 'ipv6_ra_mode': None, 'ipv6_address_mode': None, 'gateway_ip': '192.168.128.1', 'cidr': '192.168.128.0/28', 'allocation_pools': [{'start': '192.168.128.2', 'end': '192.168.128.14'}], 'host_routes': [], 'dns_nameservers': [], 'description': '', 'service_types': [], 'tags': [], 'created_at': '2024-08-31T09:45:25Z', 'updated_at': '2024-08-31T09:45:25Z', 'revision_number': 0, 'project_id': '4fad0d855b584efc8a1579c358723826'}, Router: {'id': 'de2b611a-85c6-4433-ba47-ab5054a7f9ab', 'name': 'tempest-InstanceActionsV221TestJSON-1278352282-router', 'tenant_id': '4fad0d855b584efc8a1579c358723826', 'admin_state_up': True, 'status': 'ACTIVE', 'external_gateway_info': {'network_id': 'd8372be5-7c5e-4ff9-9e56-200ca7054223', 'external_fixed_ips': [{'subnet_id': '9db748aa-534f-4187-b8f6-7fc3576d704b', 'ip_address': '10.180.180.232'}], 'enable_snat': True}, 'description': '', 'availability_zones': [], 'distributed': False, 'ha': False, 'availability_zone_hints': [], 'routes': [], 'flavor_id': None, 'tags': [], 'created_at': '2024-08-31T09:45:25Z', 'updated_at': '2024-08-31T09:45:26Z', 'revision_number': 2, 'project_id': '4fad0d855b584efc8a1579c358723826'}
2024-08-31 09:45:29.485 59618 INFO tempest.lib.common.rest_client [req-1b47de7d-1f62-4d90-bc2a-a2badc56b801 req-1b47de7d-1f62-4d90-bc2a-a2badc56b801 ] Request (ServersAdminTestJSON:setUpClass): 202 POST http://10.180.1.21/compute/v2.1/servers 3.318s
2024-08-31 09:45:29.497 59630 INFO tempest.lib.common.rest_client [req-9e69711b-50c1-4356-9be1-a7c5d5ab2171 req-9e69711b-50c1-4356-9be1-a7c5d5ab2171 ] Request (InstanceActionsV221TestJSON:setUpClass): 201 POST http://10.180.1.21/identity/v3/auth/tokens 0.098s
2024-08-31 09:45:29.503 59672 INFO tempest.lib.common.rest_client [req-2a5b5ff2-8a1f-4421-a3f3-c0e0b147bff3 req-2a5b5ff2-8a1f-4421-a3f3-c0e0b147bff3 ] Request (AbsoluteLimitsNegativeTestJSON:test_max_metadata_exceed_limit): 403 POST http://10.180.1.21/compute/v2.1/servers 3.078s
2024-08-31 09:45:29.506 59646 INFO tempest.lib.common.rest_client [req-36019788-6fbb-4f11-9a93-b6cb8780b37a req-36019788-6fbb-4f11-9a93-b6cb8780b37a ] Request (SecurityGroupsTestJSON:setUpClass): 201 POST http://10.180.1.21:9696/networking/v2.0/networks 0.247s
2024-08-31 09:45:29.516 59636 INFO tempest.lib.common.rest_client [req-1b093c71-0f9e-41bb-90d0-9721a05a52c1 req-1b093c71-0f9e-41bb-90d0-9721a05a52c1 ] Request (ListImageFiltersTestJSON:setUpClass): 200 GET http://10.180.1.21/compute/v2.1/images/210a4c00-044e-4d63-b6b0-4a5ab6b55c68 3.089s
2024-08-31 09:45:29.519 59662 INFO tempest.lib.common.rest_client [req-e79cfbf8-d166-4099-86cd-0e86d4f3f06b req-e79cfbf8-d166-4099-86cd-0e86d4f3f06b ] Request (FlavorsAccessNegativeTestJSON:_run_cleanups): 202 DELETE http://10.180.1.21/compute/v2.1/flavors/1014907154 3.066s
2024-08-31 09:45:29.539 59630 INFO tempest.lib.common.rest_client [req-087b2e7f-261b-4e98-9ecc-9fbabb758ee7 req-087b2e7f-261b-4e98-9ecc-9fbabb758ee7 ] Request (InstanceActionsV221TestJSON:test_get_list_deleted_instance_actions): 201 POST http://10.180.1.21/identity/v3/auth/tokens 0.036s
2024-08-31 09:45:29.539 59630 INFO tempest.lib.common.fixed_network [-] (InstanceActionsV221TestJSON:test_get_list_deleted_instance_actions) Found network {'id': 'ad021bcd-bd66-4c4f-803e-652a64093ac6', 'name': 'tempest-InstanceActionsV221TestJSON-1278352282-network', 'tenant_id': '4fad0d855b584efc8a1579c358723826', 'admin_state_up': True, 'mtu': 8950, 'status': 'ACTIVE', 'subnets': [], 'shared': False, 'project_id': '4fad0d855b584efc8a1579c358723826', 'port_security_enabled': True, 'router:external': False, 'provider:network_type': 'vlan', 'provider:physical_network': 'default', 'provider:segmentation_id': 34, 'is_default': False, 'availability_zone_hints': [], 'availability_zones': [], 'ipv4_address_scope': None, 'ipv6_address_scope': None, 'description': '', 'tags': [], 'created_at': '2024-08-31T09:45:24Z', 'updated_at': '2024-08-31T09:45:25Z', 'revision_number': 1} available for tenant
2024-08-31 09:45:29.664 59672 INFO tempest.lib.common.rest_client [req-59cecef6-9d19-42ba-b740-e3d39b0e8465 req-59cecef6-9d19-42ba-b740-e3d39b0e8465 ] Request (AbsoluteLimitsNegativeTestJSON:tearDownClass): 204 DELETE http://10.180.1.21/identity/v3/users/3b106746039e4a4d9c229f8b85fba2f5 0.157s
2024-08-31 09:45:29.664 59672 INFO tempest.lib.common.dynamic_creds [-] Deleting project and security group for project: 259a1dc42d0643e98b77e359249f422d
2024-08-31 09:45:29.713 59618 INFO tempest.lib.common.rest_client [req-de3eaa4f-a6a2-4fd3-b093-6a7b631712e3 req-de3eaa4f-a6a2-4fd3-b093-6a7b631712e3 ] Request (ServersAdminTestJSON:setUpClass): 201 POST http://10.180.1.21/identity/v3/auth/tokens 0.222s
2024-08-31 09:45:29.714 59618 INFO tempest.lib.common.fixed_network [-] (ServersAdminTestJSON:setUpClass) Found network {'id': '61cdca71-4efa-48d7-aa7b-db091523c536', 'name': 'tempest-ServersAdminTestJSON-1824293048-network', 'tenant_id': 'f836fc50602d4198a0f946cf1d5d491c', 'admin_state_up': True, 'mtu': 8950, 'status': 'ACTIVE', 'subnets': [], 'shared': False, 'project_id': 'f836fc50602d4198a0f946cf1d5d491c', 'port_security_enabled': True, 'router:external': False, 'provider:network_type': 'vlan', 'provider:physical_network': 'default', 'provider:segmentation_id': 896, 'is_default': False, 'availability_zone_hints': [], 'availability_zones': [], 'ipv4_address_scope': None, 'ipv6_address_scope': None, 'description': '', 'tags': [], 'created_at': '2024-08-31T09:45:17Z', 'updated_at': '2024-08-31T09:45:18Z', 'revision_number': 1} available for tenant
2024-08-31 09:45:29.732 59646 INFO tempest.lib.common.rest_client [req-e48449e6-d820-45f9-a7f7-f32dfb05a39a req-e48449e6-d820-45f9-a7f7-f32dfb05a39a ] Request (SecurityGroupsTestJSON:setUpClass): 201 POST http://10.180.1.21:9696/networking/v2.0/subnets 0.225s
2024-08-31 09:45:29.759 59672 INFO tempest.lib.common.rest_client [req-9c2027d4-8ba2-4ea9-99e6-e98223ed75e9 req-9c2027d4-8ba2-4ea9-99e6-e98223ed75e9 ] Request (AbsoluteLimitsNegativeTestJSON:tearDownClass): 201 POST http://10.180.1.21/identity/v3/auth/tokens 0.094s
2024-08-31 09:45:29.831 59616 INFO tempest.lib.common.rest_client [req-e839903e-c02e-432f-a87c-5f34cdc15e4c req-e839903e-c02e-432f-a87c-5f34cdc15e4c ] Request (ServersV294TestFqdnHostnames:setUpClass): 200 GET http://10.180.1.21/compute/v2.1/servers/b9ffb5d9-8d56-4980-9e78-1e003cd56f7e 3.190s
2024-08-31 09:45:30.013 59636 INFO tempest.lib.common.rest_client [req-b6228651-5875-4943-83d4-51d59da7f203 req-b6228651-5875-4943-83d4-51d59da7f203 ] Request (ListImageFiltersTestJSON:setUpClass): 201 POST http://10.180.1.21/image/v2/images 0.492s
2024-08-31 09:45:30.105 59666 INFO tempest.lib.common.rest_client [req-2f12895c-c2ca-4515-aba2-c587e60b5845 req-2f12895c-c2ca-4515-aba2-c587e60b5845 ] Request (VolumesAssistedSnapshotsTest:test_volume_assisted_snapshot_create_delete): 204 DELETE http://10.180.1.21/compute/v2.1/servers/3be005c8-8cbe-4c3a-9478-840167b99e97 2.906s
2024-08-31 09:45:30.154 59672 INFO tempest.lib.common.rest_client [req-82eb9a26-f493-4a33-b61a-e03bc86a21d5 req-82eb9a26-f493-4a33-b61a-e03bc86a21d5 ] Request (AbsoluteLimitsNegativeTestJSON:tearDownClass): 200 GET http://10.180.1.21:9696/networking/v2.0/security-groups?tenant_id=259a1dc42d0643e98b77e359249f422d&name=default 0.395s
2024-08-31 09:45:30.187 59621 INFO tempest.lib.common.rest_client [req-7b4071a1-2eaa-43ff-81b7-b9a91078cf46 req-7b4071a1-2eaa-43ff-81b7-b9a91078cf46 ] Request (AttachInterfacesTestJSON:test_create_list_show_delete_interfaces_by_fixed_ip): 202 POST http://10.180.1.21/compute/v2.1/servers 3.028s
2024-08-31 09:45:30.325 59672 INFO tempest.lib.common.rest_client [req-f329e4a5-5f76-4580-962e-27d87978912f req-f329e4a5-5f76-4580-962e-27d87978912f ] Request (AbsoluteLimitsNegativeTestJSON:tearDownClass): 204 DELETE http://10.180.1.21:9696/networking/v2.0/security-groups/0c1a9f51-fb5e-4867-8189-932621d8faa0 0.170s
2024-08-31 09:45:30.404 59672 INFO tempest.lib.common.rest_client [req-7be43f4b-c872-494a-b392-7f3b51f9df99 req-7be43f4b-c872-494a-b392-7f3b51f9df99 ] Request (AbsoluteLimitsNegativeTestJSON:tearDownClass): 204 DELETE http://10.180.1.21/identity/v3/projects/259a1dc42d0643e98b77e359249f422d 0.079s
2024-08-31 09:45:30.467 59672 INFO tempest.lib.common.rest_client [req-9454ea39-7926-4279-a54b-918fcb75e343 req-9454ea39-7926-4279-a54b-918fcb75e343 ] Request (ServerPasswordTestJSON:setUpClass): 201 POST http://10.180.1.21/identity/v3/auth/tokens 0.062s
2024-08-31 09:45:30.499 59672 INFO tempest.lib.common.rest_client [req-59644547-ca45-4682-8dad-30c3ea4e588f req-59644547-ca45-4682-8dad-30c3ea4e588f ] Request (ServerPasswordTestJSON:setUpClass): 201 POST http://10.180.1.21/identity/v3/auth/tokens 0.029s
2024-08-31 09:45:30.520 59672 INFO tempest.lib.common.rest_client [req-b32c250c-6219-4763-9fc4-6c02651f067d req-b32c250c-6219-4763-9fc4-6c02651f067d ] Request (ServerPasswordTestJSON:setUpClass): 200 GET http://10.180.1.21/identity/v3/domains?name=Default 0.020s
2024-08-31 09:45:30.548 59672 INFO tempest.lib.common.rest_client [req-6747ec39-509f-48c6-af2c-bcfe37f985a0 req-6747ec39-509f-48c6-af2c-bcfe37f985a0 ] Request (ServerPasswordTestJSON:setUpClass): 201 POST http://10.180.1.21/identity/v3/projects 0.028s
2024-08-31 09:45:30.580 59658 INFO tempest.lib.common.rest_client [req-a0c51f13-efa8-420a-8e08-8a9f27bee442 req-a0c51f13-efa8-420a-8e08-8a9f27bee442 ] Request (FloatingIPsAssociationNegativeTestJSON:setUpClass): 200 GET http://10.180.1.21/compute/v2.1/servers/91dfb2c2-4cec-40ef-a6cf-ccb65fedaefd 3.322s
2024-08-31 09:45:30.631 59672 INFO tempest.lib.common.rest_client [req-cab1a470-c7c3-44f5-855c-b6c838444207 req-cab1a470-c7c3-44f5-855c-b6c838444207 ] Request (ServerPasswordTestJSON:setUpClass): 201 POST http://10.180.1.21/identity/v3/users 0.082s
2024-08-31 09:45:30.652 59612 INFO tempest.lib.common.rest_client [req-bed7a524-c300-45f8-9c84-a59cb65d9a45 req-bed7a524-c300-45f8-9c84-a59cb65d9a45 ] Request (ServersTestFqdnHostnames:test_create_server_with_fqdn_name): 200 GET http://10.180.1.21/compute/v2.1/servers/624ec0e2-c230-4469-8ffe-047f914793b1 3.381s
2024-08-31 09:45:30.656 59672 INFO tempest.lib.common.rest_client [req-406254cf-81cb-486b-96f8-49e72fdda18f req-406254cf-81cb-486b-96f8-49e72fdda18f ] Request (ServerPasswordTestJSON:setUpClass): 200 GET http://10.180.1.21/identity/v3/roles 0.023s
2024-08-31 09:45:30.658 59668 INFO tempest.lib.common.rest_client [req-cf745ed2-d61d-422a-add7-bcd7541b1118 req-cf745ed2-d61d-422a-add7-bcd7541b1118 ] Request (ImagesNegativeTestJSON:test_create_image_from_deleted_server): 200 GET http://10.180.1.21/compute/v2.1/servers/6674867a-80c3-4e83-9b1e-134dc6339f3c 3.308s
2024-08-31 09:45:30.705 59672 INFO tempest.lib.common.rest_client [req-ef993cc0-5fe5-45cb-bdf3-56567ce8d13c req-ef993cc0-5fe5-45cb-bdf3-56567ce8d13c ] Request (ServerPasswordTestJSON:setUpClass): 204 PUT http://10.180.1.21/identity/v3/projects/68f58143383c4d318534eaf8246e5b58/users/189f1f619f4640fab22bfaa62c6e04e0/roles/f425e8dc330c4f58bfc2507ac0a55b1d 0.049s
2024-08-31 09:45:30.705 59672 INFO tempest.lib.common.dynamic_creds [-] Dynamic test user 189f1f619f4640fab22bfaa62c6e04e0 is created with scope project and roles: ['member']
2024-08-31 09:45:30.706 59672 INFO tempest.lib.common.dynamic_creds [-] Acquired dynamic creds: credentials: Credentials: {'domain_id': 'default', 'domain_name': 'Default', 'username': 'tempest-ServerPasswordTestJSON-218453344-project-member', 'project_domain_id': 'default', 'project_domain_name': 'Default', 'project_id': '68f58143383c4d318534eaf8246e5b58', 'project_name': 'tempest-ServerPasswordTestJSON-218453344', 'tenant_id': '68f58143383c4d318534eaf8246e5b58', 'tenant_name': 'tempest-ServerPasswordTestJSON-218453344', 'user_domain_id': 'default', 'user_domain_name': 'Default', 'user_id': '189f1f619f4640fab22bfaa62c6e04e0', 'system': None}, Network: None, Subnet: None, Router: None
2024-08-31 09:45:30.730 59640 INFO tempest.lib.common.rest_client [req-aadc707c-a9ff-410f-9bef-322cdf042ce1 req-aadc707c-a9ff-410f-9bef-322cdf042ce1 ] Request (FloatingIPsNegativeTestJSON:setUpClass): 200 PUT http://10.180.1.21:9696/networking/v2.0/routers/f1a2a9a4-b552-4f11-8b79-58b19bfc7ad5/add_router_interface 1.976s
2024-08-31 09:45:30.730 59640 INFO tempest.lib.common.dynamic_creds [-] Created isolated network resources for: credentials: Credentials: {'domain_id': 'default', 'domain_name': 'Default', 'username': 'tempest-FloatingIPsNegativeTestJSON-1597478853-project-member', 'project_domain_id': 'default', 'project_domain_name': 'Default', 'project_id': '793bda8af9ca458e9dcc34bdd65cadb1', 'project_name': 'tempest-FloatingIPsNegativeTestJSON-1597478853', 'tenant_id': '793bda8af9ca458e9dcc34bdd65cadb1', 'tenant_name': 'tempest-FloatingIPsNegativeTestJSON-1597478853', 'user_domain_id': 'default', 'user_domain_name': 'Default', 'user_id': 'b1d8750800cf46b99ed9daf7fa084f87', 'system': None}, Network: {'id': 'a36f417f-6b46-4f7d-8079-50d119ca47eb', 'name': 'tempest-FloatingIPsNegativeTestJSON-348342635-network', 'tenant_id': '793bda8af9ca458e9dcc34bdd65cadb1', 'admin_state_up': True, 'mtu': 8950, 'status': 'ACTIVE', 'subnets': [], 'shared': False, 'project_id': '793bda8af9ca458e9dcc34bdd65cadb1', 'port_security_enabled': True, 'router:external': False, 'provider:network_type': 'vlan', 'provider:physical_network': 'default', 'provider:segmentation_id': 100, 'is_default': False, 'availability_zone_hints': [], 'availability_zones': [], 'ipv4_address_scope': None, 'ipv6_address_scope': None, 'description': '', 'tags': [], 'created_at': '2024-08-31T09:45:25Z', 'updated_at': '2024-08-31T09:45:25Z', 'revision_number': 1}, Subnet: {'id': '848e95d7-bf82-4f0d-aa5b-d1ef4efc2f8c', 'name': 'tempest-FloatingIPsNegativeTestJSON-348342635-subnet', 'tenant_id': '793bda8af9ca458e9dcc34bdd65cadb1', 'network_id': 'a36f417f-6b46-4f7d-8079-50d119ca47eb', 'ip_version': 4, 'subnetpool_id': None, 'enable_dhcp': True, 'ipv6_ra_mode': None, 'ipv6_address_mode': None, 'gateway_ip': '192.168.128.1', 'cidr': '192.168.128.0/28', 'allocation_pools': [{'start': '192.168.128.2', 'end': '192.168.128.14'}], 'host_routes': [], 'dns_nameservers': [], 'description': '', 'service_types': [], 'tags': [], 'created_at': '2024-08-31T09:45:25Z', 'updated_at': '2024-08-31T09:45:25Z', 'revision_number': 0, 'project_id': '793bda8af9ca458e9dcc34bdd65cadb1'}, Router: {'id': 'f1a2a9a4-b552-4f11-8b79-58b19bfc7ad5', 'name': 'tempest-FloatingIPsNegativeTestJSON-348342635-router', 'tenant_id': '793bda8af9ca458e9dcc34bdd65cadb1', 'admin_state_up': True, 'status': 'ACTIVE', 'external_gateway_info': {'network_id': 'd8372be5-7c5e-4ff9-9e56-200ca7054223', 'external_fixed_ips': [{'subnet_id': '9db748aa-534f-4187-b8f6-7fc3576d704b', 'ip_address': '10.180.180.230'}], 'enable_snat': True}, 'description': '', 'availability_zones': [], 'distributed': False, 'ha': False, 'availability_zone_hints': [], 'routes': [], 'flavor_id': None, 'tags': [], 'created_at': '2024-08-31T09:45:26Z', 'updated_at': '2024-08-31T09:45:27Z', 'revision_number': 2, 'project_id': '793bda8af9ca458e9dcc34bdd65cadb1'}
2024-08-31 09:45:30.780 59672 INFO tempest.lib.common.rest_client [req-b3e33f97-3579-42e7-b7ff-7d0c6833239c req-b3e33f97-3579-42e7-b7ff-7d0c6833239c ] Request (ServerPasswordTestJSON:setUpClass): 201 POST http://10.180.1.21/identity/v3/auth/tokens 0.074s
2024-08-31 09:45:30.809 59622 INFO tempest.lib.common.rest_client [req-bdf6d4ea-7c86-4014-a26d-e456b2293879 req-bdf6d4ea-7c86-4014-a26d-e456b2293879 ] Request (ImagesMetadataTestJSON:setUp): 200 PUT http://10.180.1.21/compute/v2.1/images/c04a20d9-5aec-4565-8929-4f1b82f20dc4/metadata 3.118s
2024-08-31 09:45:30.812 59646 INFO tempest.lib.common.rest_client [req-0102fb31-f2a7-4cff-9ec6-e5fa945a0dd2 req-0102fb31-f2a7-4cff-9ec6-e5fa945a0dd2 ] Request (SecurityGroupsTestJSON:setUpClass): 201 POST http://10.180.1.21:9696/networking/v2.0/routers 1.080s
2024-08-31 09:45:30.814 59640 INFO tempest.lib.common.rest_client [req-44722645-5f80-4cae-a619-3711b20ff2ce req-44722645-5f80-4cae-a619-3711b20ff2ce ] Request (FloatingIPsNegativeTestJSON:setUpClass): 201 POST http://10.180.1.21/identity/v3/auth/tokens 0.079s
2024-08-31 09:45:30.817 59638 INFO tempest.lib.common.rest_client [req-6e8c7a8e-1028-4742-8a36-c05d4ccac231 req-6e8c7a8e-1028-4742-8a36-c05d4ccac231 ] Request (AggregatesAdminNegativeTestJSON:test_aggregate_create_aggregate_name_length_exceeds_255): 400 POST http://10.180.1.21/compute/v2.1/os-aggregates 3.106s
2024-08-31 09:45:30.820 59644 INFO tempest.lib.common.rest_client [req-07bf6d89-1c57-400d-9be9-fb34644d07ee req-07bf6d89-1c57-400d-9be9-fb34644d07ee ] Request (HostsAdminNegativeTestJSON:test_update_host_with_non_admin_user): 403 PUT http://10.180.1.21/compute/v2.1/os-hosts/devstack 3.099s
2024-08-31 09:45:31.032 59654 INFO tempest.lib.common.rest_client [req-a65260de-f919-4bf2-993d-e8009aaf1223 req-a65260de-f919-4bf2-993d-e8009aaf1223 ] Request (ServerDiagnosticsNegativeTest:test_get_server_diagnostics_by_non_admin): 200 GET http://10.180.1.21/compute/v2.1/servers/d74c7de4-5126-483f-9576-89e0007310b8 3.204s
2024-08-31 09:45:31.104 59672 INFO tempest.lib.common.rest_client [req-63e20bae-896b-439d-9bf5-0899994404e3 req-63e20bae-896b-439d-9bf5-0899994404e3 ] Request (ServerPasswordTestJSON:setUpClass): 201 POST http://10.180.1.21:9696/networking/v2.0/networks 0.323s
2024-08-31 09:45:31.209 59614 INFO tempest.lib.common.rest_client [req-eb207412-9257-4301-b87e-79b85bc9b0e6 req-eb207412-9257-4301-b87e-79b85bc9b0e6 ] Request (TenantUsagesTestJSON:setUpClass): 200 GET http://10.180.1.21/compute/v2.1/servers/50ff2169-9c1f-4f7a-b365-1949dac57f86 3.374s
2024-08-31 09:45:31.218 59628 INFO tempest.lib.common.rest_client [req-835b0354-fd3d-4cf5-ac66-a9ba15ebe788 req-835b0354-fd3d-4cf5-ac66-a9ba15ebe788 ] Request (ServersWithSpecificFlavorTestJSON:test_verify_created_server_ephemeral_disk): 202 POST http://10.180.1.21/compute/v2.1/servers 3.719s
2024-08-31 09:45:31.298 59660 INFO tempest.lib.common.rest_client [req-c56d199a-7859-4852-aa2f-840c49257b13 req-c56d199a-7859-4852-aa2f-840c49257b13 ] Request (MigrationsAdminTest:test_list_migrations_in_flavor_resize_situation): 200 GET http://10.180.1.21/compute/v2.1/servers/14e395c0-3650-40d6-82f1-1bd8f0b29984 3.361s
2024-08-31 09:45:31.322 59634 INFO tempest.lib.common.rest_client [req-757578bb-6fa7-43dc-a84c-20f2065a8c42 req-757578bb-6fa7-43dc-a84c-20f2065a8c42 ] Request (KeyPairsV22TestJSON:_run_cleanups): 204 DELETE http://10.180.1.21/compute/v2.1/os-keypairs/tempest-keypair-97596753 3.242s
2024-08-31 09:45:31.394 59642 INFO tempest.lib.common.rest_client [req-77da0674-6564-4b67-a740-747324ccab71 req-77da0674-6564-4b67-a740-747324ccab71 ] Request (DeleteServersAdminTestJSON:test_admin_delete_servers_of_others): 200 GET http://10.180.1.21/compute/v2.1/servers/294a5f91-9db2-4a43-8230-d3e6906c30f0 3.328s
2024-08-31 09:45:31.500 59672 INFO tempest.lib.common.rest_client [req-01c8196b-dfbb-4288-8d32-cc186d9fac66 req-01c8196b-dfbb-4288-8d32-cc186d9fac66 ] Request (ServerPasswordTestJSON:setUpClass): 201 POST http://10.180.1.21:9696/networking/v2.0/subnets 0.396s
2024-08-31 09:45:31.527 59650 INFO tempest.lib.common.rest_client [req-592e01ec-41df-429d-949a-590b8b8398aa req-592e01ec-41df-429d-949a-590b8b8398aa ] Request (ServerDiagnosticsTest:test_get_server_diagnostics): 200 GET http://10.180.1.21/compute/v2.1/servers/2545ca35-7a3f-47ed-b0de-e1bb26967379 3.353s
