2024-09-30 19:39:02.075 62229 INFO tempest.lib.common.dynamic_creds [-] Acquired dynamic creds: credentials: Credentials: {'domain_id': 'default', 'domain_name': 'Default', 'username': 'tempest-SecurityGroupsTestAdminJSON-875455301-project-admin', 'project_domain_id': 'default', 'project_domain_name': 'Default', 'project_id': '9cc50d12a41f4570afc05aaa872ecb96', 'project_name': 'tempest-SecurityGroupsTestAdminJSON-875455301', 'tenant_id': '9cc50d12a41f4570afc05aaa872ecb96', 'tenant_name': 'tempest-SecurityGroupsTestAdminJSON-875455301', 'user_domain_id': 'default', 'user_domain_name': 'Default', 'user_id': '96bd0e07c0ea4357906e7381a603cf6f', 'system': None}, Network: None, Subnet: None, Router: None
2024-09-30 19:39:02.075 62229 INFO tempest.lib.common.dynamic_creds [-] Created isolated network resources for: credentials: Credentials: {'domain_id': 'default', 'domain_name': 'Default', 'username': 'tempest-SecurityGroupsTestAdminJSON-875455301-project-admin', 'project_domain_id': 'default', 'project_domain_name': 'Default', 'project_id': '9cc50d12a41f4570afc05aaa872ecb96', 'project_name': 'tempest-SecurityGroupsTestAdminJSON-875455301', 'tenant_id': '9cc50d12a41f4570afc05aaa872ecb96', 'tenant_name': 'tempest-SecurityGroupsTestAdminJSON-875455301', 'user_domain_id': 'default', 'user_domain_name': 'Default', 'user_id': '96bd0e07c0ea4357906e7381a603cf6f', 'system': None}, Network: None, Subnet: None, Router: None
2024-09-30 19:39:02.080 62231 INFO tempest.lib.common.rest_client [req-e22bf593-8282-4149-922e-218fa6f310c3 req-e22bf593-8282-4149-922e-218fa6f310c3 ] Request (FlavorsV261TestJSON:test_crud_flavor): 200 GET http://10.180.1.21/compute/v2.1/flavors 0.750s
2024-09-30 19:39:02.114 62201 INFO tempest.lib.common.rest_client [req-ded431a1-9a73-42eb-acc0-1525b4c0d174 req-ded431a1-9a73-42eb-acc0-1525b4c0d174 ] Request (TenantUsagesNegativeTestJSON:tearDownClass): 204 DELETE http://10.180.1.21/identity/v3/users/ccd7e63020e64ae99c528278699d8c87 0.225s
2024-09-30 19:39:02.115 62201 INFO tempest.lib.common.dynamic_creds [-] Deleting project and security group for project: 027db8550721434ebf4667074ebfaf7e
2024-09-30 19:39:02.138 62223 INFO tempest.lib.common.rest_client [req-95c579bb-e0e3-4ece-ab54-21427d026849 req-95c579bb-e0e3-4ece-ab54-21427d026849 ] Request (AggregatesAdminNegativeTestJSON:_run_cleanups): 200 POST http://10.180.1.21/compute/v2.1/os-aggregates/1/action 0.848s
2024-09-30 19:39:02.156 62217 INFO tempest.lib.common.rest_client [req-85da5c28-15a5-4aed-a1c6-2ad866991711 req-85da5c28-15a5-4aed-a1c6-2ad866991711 ] Request (FlavorsAccessTestJSON:test_flavor_access_add_remove): 200 GET http://10.180.1.21/compute/v2.1/flavors/detail 0.736s
2024-09-30 19:39:02.173 62205 INFO tempest.lib.common.rest_client [req-c45ab4fd-c4d9-4e78-93d0-9dfffec1109d req-c45ab4fd-c4d9-4e78-93d0-9dfffec1109d ] Request (FlavorMetadataValidation:_run_cleanups): 200 GET http://10.180.1.21/compute/v2.1/flavors/detail 0.735s
2024-09-30 19:39:02.212 62203 INFO tempest.lib.common.rest_client [req-7383ba89-a589-42ae-9e4a-7f580aa9f711 req-7383ba89-a589-42ae-9e4a-7f580aa9f711 ] Request (FlavorsV255TestJSON:tearDownClass): 204 DELETE http://10.180.1.21/identity/v3/users/0cba59fa6d0f43ba9d277a34ffed24e3 0.306s
2024-09-30 19:39:02.212 62203 INFO tempest.lib.common.dynamic_creds [-] Deleting project and security group for project: 63b1b3f6fdcf4a2a9486ea0e80eaf95e
2024-09-30 19:39:02.226 62237 INFO tempest.lib.common.rest_client [req-88b9544f-2e5d-491a-9c87-93445c9a0d4c req-88b9544f-2e5d-491a-9c87-93445c9a0d4c ] Request (FloatingIPsNegativeTestJSON:tearDownClass): 204 DELETE http://10.180.1.21/identity/v3/users/e075da9091c34f8f8ead149626fcf28b 0.272s
2024-09-30 19:39:02.226 62237 INFO tempest.lib.common.dynamic_creds [-] Deleting project and security group for project: 628478869bab477e8696190d9ccdaffe
2024-09-30 19:39:02.266 62239 INFO tempest.lib.common.rest_client [req-b6d81246-41f9-4db8-bd53-5dd984c3916d req-b6d81246-41f9-4db8-bd53-5dd984c3916d ] Request (QuotasAdminTestV257:tearDownClass): 201 POST http://10.180.1.21/identity/v3/auth/tokens 0.265s
2024-09-30 19:39:02.288 62197 INFO tempest.lib.common.rest_client [req-8b32b661-597b-45f8-9676-8e3e58faea42 req-8b32b661-597b-45f8-9676-8e3e58faea42 ] Request (ImagesTestJSON:setUpClass): 204 PUT http://10.180.1.21/identity/v3/projects/352ecadddcb94fb5af4cd567393c4670/users/7e17134485ec490787fde6ace2ea3083/roles/58ca00245de14d158e927561b27bd523 0.234s
2024-09-30 19:39:02.289 62197 INFO tempest.lib.common.dynamic_creds [-] Dynamic test user 7e17134485ec490787fde6ace2ea3083 is created with scope project and roles: ['member']
2024-09-30 19:39:02.289 62197 INFO tempest.lib.common.dynamic_creds [-] Acquired dynamic creds: credentials: Credentials: {'domain_id': 'default', 'domain_name': 'Default', 'username': 'tempest-ImagesTestJSON-1781335738-project-member', 'project_domain_id': 'default', 'project_domain_name': 'Default', 'project_id': '352ecadddcb94fb5af4cd567393c4670', 'project_name': 'tempest-ImagesTestJSON-1781335738', 'tenant_id': '352ecadddcb94fb5af4cd567393c4670', 'tenant_name': 'tempest-ImagesTestJSON-1781335738', 'user_domain_id': 'default', 'user_domain_name': 'Default', 'user_id': '7e17134485ec490787fde6ace2ea3083', 'system': None}, Network: None, Subnet: None, Router: None
2024-09-30 19:39:02.325 62249 INFO tempest.lib.common.rest_client [req-69bcd61e-9aed-49d0-b228-e4f51368ee10 req-69bcd61e-9aed-49d0-b228-e4f51368ee10 ] Request (HypervisorAdminUnderV252Test:tearDownClass): 204 DELETE http://10.180.1.21/identity/v3/projects/811f80c38b8c44a79d97a30da7ab22de 0.252s
2024-09-30 19:39:02.325 62249 INFO tempest.lib.common.dynamic_creds [-] Deleting project and security group for project: 8af20f30d5a54d5abf0a1ecc3096bb57
2024-09-30 19:39:02.345 62237 INFO tempest.lib.common.rest_client [req-ee952347-a954-402f-ace7-ae330255b04b req-ee952347-a954-402f-ace7-ae330255b04b ] Request (FloatingIPsNegativeTestJSON:tearDownClass): 200 GET http://10.180.1.21:9696/networking/v2.0/security-groups?tenant_id=628478869bab477e8696190d9ccdaffe&name=default 0.119s
2024-09-30 19:39:02.366 62229 INFO tempest.lib.common.rest_client [req-ffb46039-3e9e-4b63-8fa2-bc8799b10555 req-ffb46039-3e9e-4b63-8fa2-bc8799b10555 ] Request (SecurityGroupsTestAdminJSON:setUpClass): 201 POST http://10.180.1.21/identity/v3/auth/tokens 0.285s
2024-09-30 19:39:02.427 62201 INFO tempest.lib.common.rest_client [req-8cf495f7-8647-482a-b2cf-fad5cf706140 req-8cf495f7-8647-482a-b2cf-fad5cf706140 ] Request (TenantUsagesNegativeTestJSON:tearDownClass): 201 POST http://10.180.1.21/identity/v3/auth/tokens 0.312s
2024-09-30 19:39:02.431 62195 INFO tempest.lib.common.rest_client [req-e83dd111-5cd0-48cc-8953-fc0f8e30fb62 req-e83dd111-5cd0-48cc-8953-fc0f8e30fb62 ] Request (ServersAdminNegativeTestJSON:setUpClass): 200 GET http://10.180.1.21/compute/v2.1/servers/620d9f8a-e28c-49d0-a2c3-5846a60001da 1.018s
2024-09-30 19:39:02.439 62195 INFO tempest.common.waiters [-] State transition "BUILD/networking" ==> "BUILD/spawning" after 5 second wait
2024-09-30 19:39:02.484 62215 INFO tempest.lib.common.rest_client [req-20d24d35-736f-43a3-9205-c40cb165c1de req-20d24d35-736f-43a3-9205-c40cb165c1de ] Request (QuotaClassesAdmin257Test:test_update_default_quotas): 200 GET http://10.180.1.21/compute/v2.1/os-quota-class-sets/default 1.019s
2024-09-30 19:39:02.496 62245 INFO tempest.lib.common.rest_client [req-1fbbcee4-d3f4-4f7c-8cd6-3be1ef41f701 req-1fbbcee4-d3f4-4f7c-8cd6-3be1ef41f701 ] Request (FlavorsV2TestJSON:test_list_flavors_detailed_limit_results): 200 GET http://10.180.1.21/compute/v2.1/flavors/detail?limit=1 0.855s
2024-09-30 19:39:02.507 62205 INFO tempest.lib.common.rest_client [req-a2d1961b-3f8e-43eb-873d-b6e91d47ea0b req-a2d1961b-3f8e-43eb-873d-b6e91d47ea0b ] Request (FlavorMetadataValidation:tearDownClass): 204 DELETE http://10.180.1.21/identity/v3/users/fd584be0262b49ab88d153a853764033 0.324s
2024-09-30 19:39:02.521 62203 INFO tempest.lib.common.rest_client [req-fe4d21e7-2305-4dbc-906b-ac1b83c8e886 req-fe4d21e7-2305-4dbc-906b-ac1b83c8e886 ] Request (FlavorsV255TestJSON:tearDownClass): 201 POST http://10.180.1.21/identity/v3/auth/tokens 0.308s
2024-09-30 19:39:02.540 62227 INFO tempest.lib.common.rest_client [req-f44e235e-d341-4ff5-a733-2adde4e93da4 req-f44e235e-d341-4ff5-a733-2adde4e93da4 ] Request (ServerDiagnosticsV248Test:test_get_server_diagnostics): 200 GET http://10.180.1.21/compute/v2.1/servers/b3adcefb-b5a4-459e-a4f8-337a2e35c18e 1.012s
2024-09-30 19:39:02.541 62233 INFO tempest.lib.common.rest_client [req-7bf243c7-1727-4351-9db2-9a78cfc36583 req-7bf243c7-1727-4351-9db2-9a78cfc36583 ] Request (FlavorsAccessNegativeTestJSON:_run_cleanups): 202 DELETE http://10.180.1.21/compute/v2.1/flavors/2030951006 0.874s
2024-09-30 19:39:02.554 62253 INFO tempest.lib.common.rest_client [req-942a676b-3894-46c9-8578-201895d4127a req-942a676b-3894-46c9-8578-201895d4127a ] Request (HypervisorAdminNegativeTestJSON:test_get_nonexistent_hypervisor_uptime): 404 GET http://10.180.1.21/compute/v2.1/os-hypervisors/571d73fb-ff97-4dfc-a946-a4ced7a7ace2/uptime 0.869s
2024-09-30 19:39:02.576 62213 INFO tempest.lib.common.rest_client [req-87663739-92f0-41a6-abdf-a635efbd63b6 req-87663739-92f0-41a6-abdf-a635efbd63b6 ] Request (FlavorsAdminTestJSON:_run_cleanups): 202 DELETE http://10.180.1.21/compute/v2.1/flavors/553140823 0.892s
2024-09-30 19:39:02.586 62197 INFO tempest.lib.common.rest_client [req-49404462-4d84-4f34-aa4c-5a66dc5f1612 req-49404462-4d84-4f34-aa4c-5a66dc5f1612 ] Request (ImagesTestJSON:setUpClass): 201 POST http://10.180.1.21/identity/v3/auth/tokens 0.297s
2024-09-30 19:39:02.593 62236 INFO tempest.lib.common.rest_client [req-d8d0ee1d-869a-486d-a10c-eca1a0e4c609 req-d8d0ee1d-869a-486d-a10c-eca1a0e4c609 ] Request (KeyPairsNegativeTestJSON:test_create_keypair_with_long_keynames): 400 POST http://10.180.1.21/compute/v2.1/os-keypairs 0.852s
2024-09-30 19:39:02.614 62219 INFO tempest.lib.common.rest_client [req-6e610aa2-4793-4af1-9ee6-caa32a8c5879 req-6e610aa2-4793-4af1-9ee6-caa32a8c5879 ] Request (KeyPairsV210TestJSON:_run_cleanups): 204 DELETE http://10.180.1.21/compute/v2.1/os-keypairs/tempest-KeyPairsV210TestJSON-keypair-439682425 0.913s
2024-09-30 19:39:02.640 62211 INFO tempest.lib.common.rest_client [req-a2b49fef-dea7-4c5e-a5a1-3e6ec50f5204 req-a2b49fef-dea7-4c5e-a5a1-3e6ec50f5204 ] Request (FlavorsExtraSpecsTestJSON:test_flavor_set_get_update_show_unset_keys): 200 POST http://10.180.1.21/compute/v2.1/flavors/84463773/os-extra_specs 0.886s
2024-09-30 19:39:02.665 62207 INFO tempest.lib.common.rest_client [req-aa3a6361-f491-4e81-9985-f29df9bfa54d req-aa3a6361-f491-4e81-9985-f29df9bfa54d ] Request (ServerGroup264TestJSON:test_create_get_server_group): 200 GET http://10.180.1.21/compute/v2.1/os-server-groups/6733fe89-fb63-471c-b24a-b3008828c431 0.751s
2024-09-30 19:39:02.684 62193 INFO tempest.lib.common.rest_client [req-c028e09d-e1ff-4f39-a3c0-30f6c3372c12 req-c028e09d-e1ff-4f39-a3c0-30f6c3372c12 ] Request (ServicesAdminNegativeTestJSON:test_get_service_by_invalid_service_and_valid_host): 200 GET http://10.180.1.21/compute/v2.1/os-services 0.669s
2024-09-30 19:39:02.716 62249 INFO tempest.lib.common.rest_client [req-858f19b3-6662-4949-b119-242c78063786 req-858f19b3-6662-4949-b119-242c78063786 ] Request (HypervisorAdminUnderV252Test:tearDownClass): 200 GET http://10.180.1.21:9696/networking/v2.0/security-groups?tenant_id=8af20f30d5a54d5abf0a1ecc3096bb57&name=default 0.391s
2024-09-30 19:39:02.721 62205 INFO tempest.lib.common.rest_client [req-57763ba7-c934-406f-818a-56b9b9ebac37 req-57763ba7-c934-406f-818a-56b9b9ebac37 ] Request (FlavorMetadataValidation:tearDownClass): 204 DELETE http://10.180.1.21/identity/v3/users/807485c3d70e40d7b48ec71ae01156aa 0.213s
2024-09-30 19:39:02.722 62205 INFO tempest.lib.common.dynamic_creds [-] Deleting project and security group for project: ddf59cb35736489da2f5c8a6ad7c286b
2024-09-30 19:39:02.750 62237 INFO tempest.lib.common.rest_client [req-5181b483-7209-4a65-8a0a-5847984eb838 req-5181b483-7209-4a65-8a0a-5847984eb838 ] Request (FloatingIPsNegativeTestJSON:tearDownClass): 204 DELETE http://10.180.1.21:9696/networking/v2.0/security-groups/260fa309-8723-4751-ac93-893889bd80bd 0.404s
2024-09-30 19:39:02.775 62205 INFO tempest.lib.common.rest_client [req-52640d6e-7801-4b37-811f-732ac76cef54 req-52640d6e-7801-4b37-811f-732ac76cef54 ] Request (FlavorMetadataValidation:tearDownClass): 201 POST http://10.180.1.21/identity/v3/auth/tokens 0.053s
2024-09-30 19:39:02.837 62237 INFO tempest.lib.common.rest_client [req-74f09ecc-810a-4601-8833-27d4ee2aadab req-74f09ecc-810a-4601-8833-27d4ee2aadab ] Request (FloatingIPsNegativeTestJSON:tearDownClass): 204 DELETE http://10.180.1.21/identity/v3/projects/628478869bab477e8696190d9ccdaffe 0.087s
2024-09-30 19:39:02.848 62225 INFO tempest.lib.common.rest_client [req-57ac50e6-9ccd-4288-a5ff-b3f554470db4 req-57ac50e6-9ccd-4288-a5ff-b3f554470db4 ] Request (ServersWithSpecificFlavorTestJSON:test_verify_created_server_ephemeral_disk): 200 POST http://10.180.1.21/compute/v2.1/flavors 0.807s
2024-09-30 19:39:02.856 62191 INFO tempest.lib.common.rest_client [req-0d2a07bb-351b-46be-a240-8074e7cfd74c req-0d2a07bb-351b-46be-a240-8074e7cfd74c ] Request (FlavorsExtraSpecsNegativeTestJSON:test_flavor_non_admin_update_specific_key): 403 PUT http://10.180.1.21/compute/v2.1/flavors/358080758/os-extra_specs/hw:numa_nodes 0.797s
2024-09-30 19:39:02.880 62231 INFO tempest.lib.common.rest_client [req-b9de3135-d18b-4cc3-8099-7f3ddef28f28 req-b9de3135-d18b-4cc3-8099-7f3ddef28f28 ] Request (FlavorsV261TestJSON:_run_cleanups): 202 DELETE http://10.180.1.21/compute/v2.1/flavors/1632020703 0.797s
2024-09-30 19:39:02.910 62223 INFO tempest.lib.common.rest_client [req-2c3661e7-1062-417e-92ab-f83f13bd1871 req-2c3661e7-1062-417e-92ab-f83f13bd1871 ] Request (AggregatesAdminNegativeTestJSON:_run_cleanups): 200 DELETE http://10.180.1.21/compute/v2.1/os-aggregates/1 0.768s
2024-09-30 19:39:02.915 62237 INFO tempest.lib.common.rest_client [req-a07390b3-c6c7-45cf-83d5-0a58bc98afd9 req-a07390b3-c6c7-45cf-83d5-0a58bc98afd9 ] Request (ServersTestFqdnHostnames:setUpClass): 201 POST http://10.180.1.21/identity/v3/auth/tokens 0.076s
2024-09-30 19:39:02.927 62217 INFO tempest.lib.common.rest_client [req-db9e26a0-4d7e-42ad-a8bb-31cce785cc30 req-db9e26a0-4d7e-42ad-a8bb-31cce785cc30 ] Request (FlavorsAccessTestJSON:_run_cleanups): 202 DELETE http://10.180.1.21/compute/v2.1/flavors/935077427 0.764s
2024-09-30 19:39:02.952 62237 INFO tempest.lib.common.rest_client [req-32ad2126-9080-405c-8080-ce2d35b800e7 req-32ad2126-9080-405c-8080-ce2d35b800e7 ] Request (ServersTestFqdnHostnames:setUpClass): 201 POST http://10.180.1.21/identity/v3/auth/tokens 0.035s
2024-09-30 19:39:02.981 62237 INFO tempest.lib.common.rest_client [req-c04f9d9f-7b4d-4f94-8f0e-03b53439b664 req-c04f9d9f-7b4d-4f94-8f0e-03b53439b664 ] Request (ServersTestFqdnHostnames:setUpClass): 200 GET http://10.180.1.21/identity/v3/domains?name=Default 0.027s
2024-09-30 19:39:03.007 62237 INFO tempest.lib.common.rest_client [req-0a5802ff-4150-4f49-8253-55cc9b43956d req-0a5802ff-4150-4f49-8253-55cc9b43956d ] Request (ServersTestFqdnHostnames:setUpClass): 201 POST http://10.180.1.21/identity/v3/projects 0.026s
2024-09-30 19:39:03.059 62237 INFO tempest.lib.common.rest_client [req-403049dd-c5b7-4e94-b793-a6d37d9e767c req-403049dd-c5b7-4e94-b793-a6d37d9e767c ] Request (ServersTestFqdnHostnames:setUpClass): 201 POST http://10.180.1.21/identity/v3/users 0.052s
2024-09-30 19:39:03.075 62237 INFO tempest.lib.common.rest_client [req-3cf11b2b-c88b-4e82-bb8a-6c524b5c5e95 req-3cf11b2b-c88b-4e82-bb8a-6c524b5c5e95 ] Request (ServersTestFqdnHostnames:setUpClass): 200 GET http://10.180.1.21/identity/v3/roles 0.016s
2024-09-30 19:39:03.101 62237 INFO tempest.lib.common.rest_client [req-88e83bf0-9cf2-4b89-bde6-46b0c3e876b9 req-88e83bf0-9cf2-4b89-bde6-46b0c3e876b9 ] Request (ServersTestFqdnHostnames:setUpClass): 204 PUT http://10.180.1.21/identity/v3/projects/c3d02f3ada1d4ca3a4919898576adb9a/users/5a675d976ce34a5a81cc98af455c5aff/roles/58ca00245de14d158e927561b27bd523 0.025s
2024-09-30 19:39:03.101 62237 INFO tempest.lib.common.dynamic_creds [-] Dynamic test user 5a675d976ce34a5a81cc98af455c5aff is created with scope project and roles: ['member']
2024-09-30 19:39:03.101 62237 INFO tempest.lib.common.dynamic_creds [-] Acquired dynamic creds: credentials: Credentials: {'domain_id': 'default', 'domain_name': 'Default', 'username': 'tempest-ServersTestFqdnHostnames-1099891582-project-member', 'project_domain_id': 'default', 'project_domain_name': 'Default', 'project_id': 'c3d02f3ada1d4ca3a4919898576adb9a', 'project_name': 'tempest-ServersTestFqdnHostnames-1099891582', 'tenant_id': 'c3d02f3ada1d4ca3a4919898576adb9a', 'tenant_name': 'tempest-ServersTestFqdnHostnames-1099891582', 'user_domain_id': 'default', 'user_domain_name': 'Default', 'user_id': '5a675d976ce34a5a81cc98af455c5aff', 'system': None}, Network: None, Subnet: None, Router: None
2024-09-30 19:39:03.101 62201 INFO tempest.lib.common.rest_client [req-7a0e19ee-5112-4424-b02d-5803f5cc9b48 req-7a0e19ee-5112-4424-b02d-5803f5cc9b48 ] Request (TenantUsagesNegativeTestJSON:tearDownClass): 200 GET http://10.180.1.21:9696/networking/v2.0/security-groups?tenant_id=027db8550721434ebf4667074ebfaf7e&name=default 0.674s
2024-09-30 19:39:03.118 62203 INFO tempest.lib.common.rest_client [req-eb921e64-4c4b-4a17-96d1-8c17704d15f6 req-eb921e64-4c4b-4a17-96d1-8c17704d15f6 ] Request (FlavorsV255TestJSON:tearDownClass): 200 GET http://10.180.1.21:9696/networking/v2.0/security-groups?tenant_id=63b1b3f6fdcf4a2a9486ea0e80eaf95e&name=default 0.597s
2024-09-30 19:39:03.155 62237 INFO tempest.lib.common.rest_client [req-615d3366-9bf3-4fc1-b608-1be16c484788 req-615d3366-9bf3-4fc1-b608-1be16c484788 ] Request (ServersTestFqdnHostnames:setUpClass): 201 POST http://10.180.1.21/identity/v3/auth/tokens 0.053s
2024-09-30 19:39:03.220 62239 INFO tempest.lib.common.rest_client [req-147a0d37-5df4-405f-b674-0f8ee475cb24 req-147a0d37-5df4-405f-b674-0f8ee475cb24 ] Request (QuotasAdminTestV257:tearDownClass): 200 GET http://10.180.1.21:9696/networking/v2.0/security-groups?tenant_id=407c74db8e5841ff92d99f134bdf2bcb&name=default 0.954s
2024-09-30 19:39:03.295 62249 INFO tempest.lib.common.rest_client [req-2ab78f10-bf0c-495f-8b9e-f5ecae8c8e4a req-2ab78f10-bf0c-495f-8b9e-f5ecae8c8e4a ] Request (HypervisorAdminUnderV252Test:tearDownClass): 204 DELETE http://10.180.1.21:9696/networking/v2.0/security-groups/dd00a7a9-2cd8-4b8a-9c96-6adb18cc2182 0.578s
2024-09-30 19:39:03.349 62249 INFO tempest.lib.common.rest_client [req-3b4ad458-7ce9-4e46-9d22-f5da8d18d432 req-3b4ad458-7ce9-4e46-9d22-f5da8d18d432 ] Request (HypervisorAdminUnderV252Test:tearDownClass): 204 DELETE http://10.180.1.21/identity/v3/projects/8af20f30d5a54d5abf0a1ecc3096bb57 0.053s
2024-09-30 19:39:03.413 62249 INFO tempest.lib.common.rest_client [req-dfe498ae-4ef7-4f7e-8c78-95db566ec23b req-dfe498ae-4ef7-4f7e-8c78-95db566ec23b ] Request (FloatingIPsTestJSON:setUpClass): 201 POST http://10.180.1.21/identity/v3/auth/tokens 0.062s
2024-09-30 19:39:03.435 62205 INFO tempest.lib.common.rest_client [req-ec0a0a45-ea8f-40d9-9a1c-a5ddba712574 req-ec0a0a45-ea8f-40d9-9a1c-a5ddba712574 ] Request (FlavorMetadataValidation:tearDownClass): 200 GET http://10.180.1.21:9696/networking/v2.0/security-groups?tenant_id=ddf59cb35736489da2f5c8a6ad7c286b&name=default 0.660s
2024-09-30 19:39:03.442 62249 INFO tempest.lib.common.rest_client [req-1bf2f635-111d-4cc1-b1f6-ebc2d4d35949 req-1bf2f635-111d-4cc1-b1f6-ebc2d4d35949 ] Request (FloatingIPsTestJSON:setUpClass): 201 POST http://10.180.1.21/identity/v3/auth/tokens 0.027s
2024-09-30 19:39:03.460 62249 INFO tempest.lib.common.rest_client [req-3daeadab-7757-4700-b5ff-9da8619173da req-3daeadab-7757-4700-b5ff-9da8619173da ] Request (FloatingIPsTestJSON:setUpClass): 200 GET http://10.180.1.21/identity/v3/domains?name=Default 0.018s
2024-09-30 19:39:03.483 62249 INFO tempest.lib.common.rest_client [req-d5125950-fc39-49fd-a7e9-81d8a1a2eb15 req-d5125950-fc39-49fd-a7e9-81d8a1a2eb15 ] Request (FloatingIPsTestJSON:setUpClass): 201 POST http://10.180.1.21/identity/v3/projects 0.022s
2024-09-30 19:39:03.542 62249 INFO tempest.lib.common.rest_client [req-5681b175-db57-4923-8818-ccbf2a0f2e6d req-5681b175-db57-4923-8818-ccbf2a0f2e6d ] Request (FloatingIPsTestJSON:setUpClass): 201 POST http://10.180.1.21/identity/v3/users 0.058s
2024-09-30 19:39:03.567 62249 INFO tempest.lib.common.rest_client [req-e0908b55-6cb5-4ee7-b008-d8d5a535e709 req-e0908b55-6cb5-4ee7-b008-d8d5a535e709 ] Request (FloatingIPsTestJSON:setUpClass): 200 GET http://10.180.1.21/identity/v3/roles 0.024s
2024-09-30 19:39:03.600 62249 INFO tempest.lib.common.rest_client [req-ef0e1488-dc00-4d38-8754-b2a2bb40f201 req-ef0e1488-dc00-4d38-8754-b2a2bb40f201 ] Request (FloatingIPsTestJSON:setUpClass): 204 PUT http://10.180.1.21/identity/v3/projects/2ec6fef4b0d5487f99fd788707e8332c/users/0f10aa310bc74a908c7a52805b75c906/roles/58ca00245de14d158e927561b27bd523 0.033s
2024-09-30 19:39:03.600 62249 INFO tempest.lib.common.dynamic_creds [-] Dynamic test user 0f10aa310bc74a908c7a52805b75c906 is created with scope project and roles: ['member']
2024-09-30 19:39:03.600 62249 INFO tempest.lib.common.dynamic_creds [-] Acquired dynamic creds: credentials: Credentials: {'domain_id': 'default', 'domain_name': 'Default', 'username': 'tempest-FloatingIPsTestJSON-1444881482-project-member', 'project_domain_id': 'default', 'project_domain_name': 'Default', 'project_id': '2ec6fef4b0d5487f99fd788707e8332c', 'project_name': 'tempest-FloatingIPsTestJSON-1444881482', 'tenant_id': '2ec6fef4b0d5487f99fd788707e8332c', 'tenant_name': 'tempest-FloatingIPsTestJSON-1444881482', 'user_domain_id': 'default', 'user_domain_name': 'Default', 'user_id': '0f10aa310bc74a908c7a52805b75c906', 'system': None}, Network: None, Subnet: None, Router: None
2024-09-30 19:39:03.618 62197 INFO tempest.lib.common.rest_client [req-d116ab55-6372-408e-9dc4-9af6877c0e2a req-d116ab55-6372-408e-9dc4-9af6877c0e2a ] Request (ImagesTestJSON:setUpClass): 201 POST http://10.180.1.21:9696/networking/v2.0/networks 1.031s
2024-09-30 19:39:03.682 62249 INFO tempest.lib.common.rest_client [req-f0900dd7-dda2-4f50-99a7-da760436e376 req-f0900dd7-dda2-4f50-99a7-da760436e376 ] Request (FloatingIPsTestJSON:setUpClass): 201 POST http://10.180.1.21/identity/v3/auth/tokens 0.081s
2024-09-30 19:39:03.784 62241 INFO tempest.lib.common.rest_client [req-76f6cd91-8f29-4070-b2ba-d4b2edf76351 req-76f6cd91-8f29-4070-b2ba-d4b2edf76351 ] Request (FloatingIPDetailsTestJSON:_run_cleanups): 202 DELETE http://10.180.1.21/compute/v2.1/os-floating-ips/2d021ba5-90e1-48bd-8b9a-30290356f0da 1.888s
2024-09-30 19:39:03.805 62205 INFO tempest.lib.common.rest_client [req-790a9ec9-db1e-464e-8410-db66533c11c7 req-790a9ec9-db1e-464e-8410-db66533c11c7 ] Request (FlavorMetadataValidation:tearDownClass): 204 DELETE http://10.180.1.21:9696/networking/v2.0/security-groups/0d8b30ed-2521-4ea9-8ef5-08340b1a8cb1 0.369s
2024-09-30 19:39:03.810 62203 INFO tempest.lib.common.rest_client [req-bf910225-eb07-44f0-bc87-678d26a32944 req-bf910225-eb07-44f0-bc87-678d26a32944 ] Request (FlavorsV255TestJSON:tearDownClass): 204 DELETE http://10.180.1.21:9696/networking/v2.0/security-groups/e851ead7-9091-4001-8108-85273180cf1f 0.691s
2024-09-30 19:39:03.827 62201 INFO tempest.lib.common.rest_client [req-8782d882-59c2-4c44-a2b1-331d5870db4b req-8782d882-59c2-4c44-a2b1-331d5870db4b ] Request (TenantUsagesNegativeTestJSON:tearDownClass): 204 DELETE http://10.180.1.21:9696/networking/v2.0/security-groups/399cf658-c50f-47fc-85b5-b5cd03009cd5 0.726s
2024-09-30 19:39:03.899 62205 INFO tempest.lib.common.rest_client [req-e925fa6a-cea5-43d8-94b5-c4d649d17d18 req-e925fa6a-cea5-43d8-94b5-c4d649d17d18 ] Request (FlavorMetadataValidation:tearDownClass): 204 DELETE http://10.180.1.21/identity/v3/projects/ddf59cb35736489da2f5c8a6ad7c286b 0.093s
2024-09-30 19:39:03.899 62205 INFO tempest.lib.common.dynamic_creds [-] Deleting project and security group for project: 3c0c75b2653c4a71a595da57064f4b45
2024-09-30 19:39:03.904 62203 INFO tempest.lib.common.rest_client [req-461de478-af33-4619-b6d9-302dc4d76058 req-461de478-af33-4619-b6d9-302dc4d76058 ] Request (FlavorsV255TestJSON:tearDownClass): 204 DELETE http://10.180.1.21/identity/v3/projects/63b1b3f6fdcf4a2a9486ea0e80eaf95e 0.093s
2024-09-30 19:39:03.904 62203 INFO tempest.lib.common.dynamic_creds [-] Deleting project and security group for project: dcad5dbd54874544be735df69d04f471
2024-09-30 19:39:03.926 62239 INFO tempest.lib.common.rest_client [req-58506b7d-37c7-4991-9524-60a1f7a50eed req-58506b7d-37c7-4991-9524-60a1f7a50eed ] Request (QuotasAdminTestV257:tearDownClass): 204 DELETE http://10.180.1.21:9696/networking/v2.0/security-groups/7375b8dc-6ea2-4956-9643-420cda4c70e6 0.705s
2024-09-30 19:39:03.928 62215 INFO tempest.lib.common.rest_client [req-75658e40-c528-4984-9ea0-08f3acf07f58 req-75658e40-c528-4984-9ea0-08f3acf07f58 ] Request (QuotaClassesAdmin257Test:test_update_default_quotas): 200 PUT http://10.180.1.21/compute/v2.1/os-quota-class-sets/default 1.443s
2024-09-30 19:39:03.944 62245 INFO tempest.lib.common.rest_client [req-585bbdf8-3fe5-4572-9b8d-978fd4668505 req-585bbdf8-3fe5-4572-9b8d-978fd4668505 ] Request (FlavorsV2TestJSON:test_list_flavors_detailed_using_marker): 200 GET http://10.180.1.21/compute/v2.1/flavors/42 1.442s
2024-09-30 19:39:03.960 62233 INFO tempest.lib.common.rest_client [req-a3c1513e-556e-4c88-ad77-a4a46d378214 req-a3c1513e-556e-4c88-ad77-a4a46d378214 ] Request (FlavorsAccessNegativeTestJSON:_run_cleanups): 200 GET http://10.180.1.21/compute/v2.1/flavors/detail 1.418s
2024-09-30 19:39:03.968 62229 INFO tempest.lib.common.rest_client [req-c27d3cf0-44f2-411d-b6a2-a6a063dbf8bf req-c27d3cf0-44f2-411d-b6a2-a6a063dbf8bf ] Request (SecurityGroupsTestAdminJSON:test_list_security_groups_list_all_tenants_filter): 200 POST http://10.180.1.21/compute/v2.1/os-security-groups 1.600s
2024-09-30 19:39:03.988 62213 INFO tempest.lib.common.rest_client [req-92cac1b1-6294-4306-8c14-3567213b9314 req-92cac1b1-6294-4306-8c14-3567213b9314 ] Request (FlavorsAdminTestJSON:_run_cleanups): 200 GET http://10.180.1.21/compute/v2.1/flavors/detail 1.412s
2024-09-30 19:39:03.998 62253 INFO tempest.lib.common.rest_client [req-4fe03b60-8662-4be3-96be-a990796c182a req-4fe03b60-8662-4be3-96be-a990796c182a ] Request (HypervisorAdminNegativeTestJSON:test_show_hypervisor_with_non_admin_user): 200 GET http://10.180.1.21/compute/v2.1/os-hypervisors 1.440s
2024-09-30 19:39:04.018 62219 INFO tempest.lib.common.rest_client [req-d3731e2e-6941-4de8-8538-60a9d4f0faf8 req-d3731e2e-6941-4de8-8538-60a9d4f0faf8 ] Request (KeyPairsV210TestJSON:_run_cleanups): 204 DELETE http://10.180.1.21/compute/v2.1/os-keypairs/tempest-keypair-92470244?user_id=00ecbced65ad4469864e032ead0b0cfc 1.403s
2024-09-30 19:39:04.028 62211 INFO tempest.lib.common.rest_client [req-b6f626b5-5b9c-4d58-a7a8-ae991d5cba05 req-b6f626b5-5b9c-4d58-a7a8-ae991d5cba05 ] Request (FlavorsExtraSpecsTestJSON:test_flavor_set_get_update_show_unset_keys): 200 GET http://10.180.1.21/compute/v2.1/flavors/84463773/os-extra_specs 1.387s
2024-09-30 19:39:04.040 62201 INFO tempest.lib.common.rest_client [req-ecb1fcc1-ee9b-40c4-aa1b-8b209a37aac6 req-ecb1fcc1-ee9b-40c4-aa1b-8b209a37aac6 ] Request (TenantUsagesNegativeTestJSON:tearDownClass): 204 DELETE http://10.180.1.21/identity/v3/projects/027db8550721434ebf4667074ebfaf7e 0.212s
2024-09-30 19:39:04.041 62201 INFO tempest.lib.common.dynamic_creds [-] Deleting project and security group for project: 01304e1cf6934b4dac6fe2ed8fb179d4
2024-09-30 19:39:04.041 62236 INFO tempest.lib.common.rest_client [req-15e152c2-ccac-4c4b-a98c-0bf3e6f8886f req-15e152c2-ccac-4c4b-a98c-0bf3e6f8886f ] Request (KeyPairsNegativeTestJSON:test_keypair_create_with_invalid_pub_key): 400 POST http://10.180.1.21/compute/v2.1/os-keypairs 1.444s
2024-09-30 19:39:04.056 62239 INFO tempest.lib.common.rest_client [req-96d37f9d-aa9b-4e39-ba18-5609ad219c6a req-96d37f9d-aa9b-4e39-ba18-5609ad219c6a ] Request (QuotasAdminTestV257:tearDownClass): 204 DELETE http://10.180.1.21/identity/v3/projects/407c74db8e5841ff92d99f134bdf2bcb 0.130s
2024-09-30 19:39:04.056 62239 INFO tempest.lib.common.dynamic_creds [-] Deleting project and security group for project: 97d13f2e48f64733962619122ebef88c
2024-09-30 19:39:04.062 62207 INFO tempest.lib.common.rest_client [req-b885464a-b9f8-4e0d-9b55-46bb339b55d5 req-b885464a-b9f8-4e0d-9b55-46bb339b55d5 ] Request (ServerGroup264TestJSON:_run_cleanups): 204 DELETE http://10.180.1.21/compute/v2.1/os-server-groups/6733fe89-fb63-471c-b24a-b3008828c431 1.393s
2024-09-30 19:39:04.071 62193 INFO tempest.lib.common.rest_client [req-ec6e0944-2c6e-4fc7-b7f4-3f68906bd67a req-ec6e0944-2c6e-4fc7-b7f4-3f68906bd67a ] Request (ServicesAdminNegativeTestJSON:test_get_service_by_invalid_service_and_valid_host): 200 GET http://10.180.1.21/compute/v2.1/os-services?host=devstack&binary=xxx 1.384s
2024-09-30 19:39:04.079 62225 INFO tempest.lib.common.rest_client [req-d1bbc806-3548-47f9-a879-402da5c293a5 req-d1bbc806-3548-47f9-a879-402da5c293a5 ] Request (ServersWithSpecificFlavorTestJSON:test_verify_created_server_ephemeral_disk): 200 GET http://10.180.1.21/compute/v2.1/flavors/42/os-extra_specs 1.229s
2024-09-30 19:39:04.086 62191 INFO tempest.lib.common.rest_client [req-fa0395b2-ff77-4b12-bb52-a8ed94278fc1 req-fa0395b2-ff77-4b12-bb52-a8ed94278fc1 ] Request (FlavorsExtraSpecsNegativeTestJSON:test_flavor_unset_nonexistent_key): 404 DELETE http://10.180.1.21/compute/v2.1/flavors/358080758/os-extra_specs/hw:cpu_thread_policy 1.229s
2024-09-30 19:39:04.093 62231 INFO tempest.lib.common.rest_client [req-aadcf550-27ff-4a78-8a78-a7c25468679f req-aadcf550-27ff-4a78-8a78-a7c25468679f ] Request (FlavorsV261TestJSON:_run_cleanups): 200 GET http://10.180.1.21/compute/v2.1/flavors/detail 1.212s
2024-09-30 19:39:04.099 62217 INFO tempest.lib.common.rest_client [req-b359d2cb-cf51-47d6-bb04-b4e36a62911a req-b359d2cb-cf51-47d6-bb04-b4e36a62911a ] Request (FlavorsAccessTestJSON:_run_cleanups): 200 GET http://10.180.1.21/compute/v2.1/flavors/detail 1.172s
2024-09-30 19:39:04.124 62223 INFO tempest.lib.common.rest_client [req-3712378b-d97c-45f3-a531-b5da9e05a9ea req-3712378b-d97c-45f3-a531-b5da9e05a9ea ] Request (AggregatesAdminNegativeTestJSON:test_aggregate_add_host_as_user): 200 POST http://10.180.1.21/compute/v2.1/os-aggregates 1.161s
2024-09-30 19:39:04.128 62243 INFO tempest.lib.common.rest_client [req-ba104f4d-d129-4fb5-9d3e-e60f9000dedc req-ba104f4d-d129-4fb5-9d3e-e60f9000dedc ] Request (HostsAdminTestJSON:test_list_hosts_with_zone): 200 GET http://10.180.1.21/compute/v2.1/os-hosts 1.143s
2024-09-30 19:39:04.131 62237 INFO tempest.lib.common.rest_client [req-d7feedd8-c965-4b8f-be0c-0052f46470de req-d7feedd8-c965-4b8f-be0c-0052f46470de ] Request (ServersTestFqdnHostnames:setUpClass): 201 POST http://10.180.1.21:9696/networking/v2.0/networks 0.976s
2024-09-30 19:39:04.159 62248 INFO tempest.lib.common.rest_client [req-7db9c382-f158-4b1b-aad6-c4bbd9ce17b4 req-7db9c382-f158-4b1b-aad6-c4bbd9ce17b4 ] Request (MultipleCreateTestJSON:setUpClass): 201 POST http://10.180.1.21:9696/networking/v2.0/routers 2.245s
2024-09-30 19:39:04.282 62231 INFO tempest.lib.common.rest_client [req-aba51e2e-2328-4004-ae1e-667e5439fe89 req-aba51e2e-2328-4004-ae1e-667e5439fe89 ] Request (FlavorsV261TestJSON:tearDownClass): 204 DELETE http://10.180.1.21/identity/v3/users/d2938141cea94071bd9715d6ffe23ec3 0.115s
2024-09-30 19:39:04.381 62231 INFO tempest.lib.common.rest_client [req-831e0fe2-578f-4cf9-8d55-885501db6161 req-831e0fe2-578f-4cf9-8d55-885501db6161 ] Request (FlavorsV261TestJSON:tearDownClass): 204 DELETE http://10.180.1.21/identity/v3/users/163c9dcb2a09425c9bd0b429c91fd929 0.099s
2024-09-30 19:39:04.382 62231 INFO tempest.lib.common.dynamic_creds [-] Deleting project and security group for project: 729c62c392984dcda6366317e061fb66
2024-09-30 19:39:04.413 62195 INFO tempest.lib.common.rest_client [req-d9c0b47c-c7e8-4151-b0ba-0e5ac985fe72 req-d9c0b47c-c7e8-4151-b0ba-0e5ac985fe72 ] Request (ServersAdminNegativeTestJSON:setUpClass): 200 GET http://10.180.1.21/compute/v2.1/servers/620d9f8a-e28c-49d0-a2c3-5846a60001da 0.973s
2024-09-30 19:39:04.441 62231 INFO tempest.lib.common.rest_client [req-1a8f4aaf-0305-47d7-872e-bd8357f0bca2 req-1a8f4aaf-0305-47d7-872e-bd8357f0bca2 ] Request (FlavorsV261TestJSON:tearDownClass): 201 POST http://10.180.1.21/identity/v3/auth/tokens 0.059s
2024-09-30 19:39:04.453 62203 INFO tempest.lib.common.rest_client [req-c35d1e7b-7975-4813-8f1f-cf7e5a4dcad7 req-c35d1e7b-7975-4813-8f1f-cf7e5a4dcad7 ] Request (FlavorsV255TestJSON:tearDownClass): 200 GET http://10.180.1.21:9696/networking/v2.0/security-groups?tenant_id=dcad5dbd54874544be735df69d04f471&name=default 0.549s
2024-09-30 19:39:04.468 62197 INFO tempest.lib.common.rest_client [req-29a5928b-2ccd-4df1-9974-740eaa18eb8c req-29a5928b-2ccd-4df1-9974-740eaa18eb8c ] Request (ImagesTestJSON:setUpClass): 201 POST http://10.180.1.21:9696/networking/v2.0/subnets 0.849s
2024-09-30 19:39:04.470 62239 INFO tempest.lib.common.rest_client [req-6722cfb2-5b87-4e53-9736-20c578483eb7 req-6722cfb2-5b87-4e53-9736-20c578483eb7 ] Request (QuotasAdminTestV257:tearDownClass): 200 GET http://10.180.1.21:9696/networking/v2.0/security-groups?tenant_id=97d13f2e48f64733962619122ebef88c&name=default 0.413s
2024-09-30 19:39:04.515 62227 INFO tempest.lib.common.rest_client [req-9f59aa04-7206-466e-92c0-7e1106b16102 req-9f59aa04-7206-466e-92c0-7e1106b16102 ] Request (ServerDiagnosticsV248Test:test_get_server_diagnostics): 200 GET http://10.180.1.21/compute/v2.1/servers/b3adcefb-b5a4-459e-a4f8-337a2e35c18e 0.949s
2024-09-30 19:39:04.527 62227 INFO tempest.common.waiters [-] State transition "BUILD/None" ==> "BUILD/networking" after 7 second wait
2024-09-30 19:39:04.535 62205 INFO tempest.lib.common.rest_client [req-2d50ce1b-824f-416c-b3b2-937b55f8ad9c req-2d50ce1b-824f-416c-b3b2-937b55f8ad9c ] Request (FlavorMetadataValidation:tearDownClass): 200 GET http://10.180.1.21:9696/networking/v2.0/security-groups?tenant_id=3c0c75b2653c4a71a595da57064f4b45&name=default 0.635s
2024-09-30 19:39:04.667 62249 INFO tempest.lib.common.rest_client [req-f848342b-2679-43ea-bdd6-1c5b9765eb9c req-f848342b-2679-43ea-bdd6-1c5b9765eb9c ] Request (FloatingIPsTestJSON:setUpClass): 201 POST http://10.180.1.21:9696/networking/v2.0/networks 0.984s
2024-09-30 19:39:04.759 62201 INFO tempest.lib.common.rest_client [req-2cf5855c-b620-47a4-8889-8eab64cd54dd req-2cf5855c-b620-47a4-8889-8eab64cd54dd ] Request (TenantUsagesNegativeTestJSON:tearDownClass): 200 GET http://10.180.1.21:9696/networking/v2.0/security-groups?tenant_id=01304e1cf6934b4dac6fe2ed8fb179d4&name=default 0.718s
2024-09-30 19:39:04.821 62251 INFO tempest.lib.common.rest_client [req-8aa23465-8fa7-4c28-8398-73dd7d1f5348 req-8aa23465-8fa7-4c28-8398-73dd7d1f5348 ] Request (MigrationsAdminTest:test_list_migrations_in_flavor_resize_situation): 200 GET http://10.180.1.21/compute/v2.1/servers/ed3e20df-56f7-40be-ae6c-cc2c5db8ea34 1.823s
2024-09-30 19:39:04.827 62251 INFO tempest.common.waiters [-] State transition "BUILD/networking" ==> "BUILD/spawning" after 7 second wait
2024-09-30 19:39:04.835 62215 INFO tempest.lib.common.rest_client [req-4b8ae45f-5b07-4957-b852-81f0d7c88076 req-4b8ae45f-5b07-4957-b852-81f0d7c88076 ] Request (QuotaClassesAdmin257Test:test_update_default_quotas): 200 GET http://10.180.1.21/compute/v2.1/os-quota-class-sets/default 0.904s
2024-09-30 19:39:04.864 62245 INFO tempest.lib.common.rest_client [req-469b8f7f-541a-4c9e-ab0a-9bc96d748886 req-469b8f7f-541a-4c9e-ab0a-9bc96d748886 ] Request (FlavorsV2TestJSON:test_list_flavors_detailed_using_marker): 200 GET http://10.180.1.21/compute/v2.1/flavors/detail?marker=42 0.918s
2024-09-30 19:39:04.883 62233 INFO tempest.lib.common.rest_client [req-99df942a-9b31-4f69-a014-a5d2afe9463f req-99df942a-9b31-4f69-a014-a5d2afe9463f ] Request (FlavorsAccessNegativeTestJSON:test_flavor_access_list_with_public_flavor): 200 POST http://10.180.1.21/compute/v2.1/flavors 0.913s
2024-09-30 19:39:04.991 62239 INFO tempest.lib.common.rest_client [req-84d170b0-5d50-4905-a1ae-e7045fc47b94 req-84d170b0-5d50-4905-a1ae-e7045fc47b94 ] Request (QuotasAdminTestV257:tearDownClass): 204 DELETE http://10.180.1.21:9696/networking/v2.0/security-groups/71dbe88a-d84d-4d2e-8eb9-a6e154c86e58 0.521s
2024-09-30 19:39:04.994 62241 INFO tempest.lib.common.rest_client [req-bb8f63f3-f7f0-498b-b32d-2bd11f30ec57 req-bb8f63f3-f7f0-498b-b32d-2bd11f30ec57 ] Request (FloatingIPDetailsTestJSON:test_list_floating_ips): 200 GET http://10.180.1.21/compute/v2.1/os-floating-ips 1.209s
2024-09-30 19:39:05.008 62213 INFO tempest.lib.common.rest_client [req-d7a596f9-d47c-4b9d-a972-af6cdcdeaedd req-d7a596f9-d47c-4b9d-a972-af6cdcdeaedd ] Request (FlavorsAdminTestJSON:test_create_flavor_with_int_id): 200 POST http://10.180.1.21/compute/v2.1/flavors 1.012s
2024-09-30 19:39:05.015 62253 INFO tempest.lib.common.rest_client [req-1b0138e4-fd0f-4470-b30d-6b595221760d req-1b0138e4-fd0f-4470-b30d-6b595221760d ] Request (HypervisorAdminNegativeTestJSON:test_show_hypervisor_with_non_admin_user): 403 GET http://10.180.1.21/compute/v2.1/os-hypervisors/1 1.016s
2024-09-30 19:39:05.032 62219 INFO tempest.lib.common.rest_client [req-8f55be85-9b07-492a-ac29-90fd96ccb4ed req-8f55be85-9b07-492a-ac29-90fd96ccb4ed ] Request (KeyPairsV210TestJSON:_run_cleanups): 204 DELETE http://10.180.1.21/compute/v2.1/os-keypairs/tempest-keypair-296946680?user_id=00ecbced65ad4469864e032ead0b0cfc 1.013s
2024-09-30 19:39:05.055 62211 INFO tempest.lib.common.rest_client [req-949b53d3-cbf4-4f6f-b93f-90d10e1e243c req-949b53d3-cbf4-4f6f-b93f-90d10e1e243c ] Request (FlavorsExtraSpecsTestJSON:test_flavor_set_get_update_show_unset_keys): 200 PUT http://10.180.1.21/compute/v2.1/flavors/84463773/os-extra_specs/hw:numa_nodes 1.026s
2024-09-30 19:39:05.059 62203 INFO tempest.lib.common.rest_client [req-f1bed455-9799-4d02-b914-94168b244e4e req-f1bed455-9799-4d02-b914-94168b244e4e ] Request (FlavorsV255TestJSON:tearDownClass): 204 DELETE http://10.180.1.21:9696/networking/v2.0/security-groups/935bad53-6996-405d-910e-9a4c2b75fb10 0.605s
2024-09-30 19:39:05.071 62239 INFO tempest.lib.common.rest_client [req-aa6dba18-0b5d-4fea-a497-87af761ac5cc req-aa6dba18-0b5d-4fea-a497-87af761ac5cc ] Request (QuotasAdminTestV257:tearDownClass): 204 DELETE http://10.180.1.21/identity/v3/projects/97d13f2e48f64733962619122ebef88c 0.079s
2024-09-30 19:39:05.073 62236 INFO tempest.lib.common.rest_client [req-ae6e0bb3-b3ff-4ca0-af15-ed69536941a9 req-ae6e0bb3-b3ff-4ca0-af15-ed69536941a9 ] Request (KeyPairsNegativeTestJSON:test_keypair_delete_nonexistent_key): 404 DELETE http://10.180.1.21/compute/v2.1/os-keypairs/tempest-keypair-non-existent-1010589621 1.031s
2024-09-30 19:39:05.085 62207 INFO tempest.lib.common.rest_client [req-05fc0352-d021-4eb4-9664-35338e9e6d86 req-05fc0352-d021-4eb4-9664-35338e9e6d86 ] Request (ServerGroup264TestJSON:tearDownClass): 404 DELETE http://10.180.1.21/compute/v2.1/os-server-groups/6733fe89-fb63-471c-b24a-b3008828c431 1.021s
2024-09-30 19:39:05.105 62193 INFO tempest.lib.common.rest_client [req-3bd3a6f4-be68-4131-a9fe-136edaa1aef7 req-3bd3a6f4-be68-4131-a9fe-136edaa1aef7 ] Request (ServicesAdminNegativeTestJSON:test_get_service_with_valid_service_and_invalid_host): 200 GET http://10.180.1.21/compute/v2.1/os-services 1.031s
2024-09-30 19:39:05.128 62225 INFO tempest.lib.common.rest_client [req-43ad9a47-c31c-495f-b171-db218878a195 req-43ad9a47-c31c-495f-b171-db218878a195 ] Request (ServersWithSpecificFlavorTestJSON:test_verify_created_server_ephemeral_disk): 200 POST http://10.180.1.21/compute/v2.1/flavors/2101411517/os-extra_specs 1.048s
2024-09-30 19:39:05.136 62191 INFO tempest.lib.common.rest_client [req-fa9b9113-367f-417f-b920-7e0cfdfef6c6 req-fa9b9113-367f-417f-b920-7e0cfdfef6c6 ] Request (FlavorsExtraSpecsNegativeTestJSON:test_flavor_update_mismatch_key): 400 PUT http://10.180.1.21/compute/v2.1/flavors/358080758/os-extra_specs/hw:numa_nodes 1.048s
2024-09-30 19:39:05.148 62231 INFO tempest.lib.common.rest_client [req-5dcf2199-a125-454c-8d18-b2412c5ba6d0 req-5dcf2199-a125-454c-8d18-b2412c5ba6d0 ] Request (FlavorsV261TestJSON:tearDownClass): 200 GET http://10.180.1.21:9696/networking/v2.0/security-groups?tenant_id=729c62c392984dcda6366317e061fb66&name=default 0.706s
2024-09-30 19:39:05.163 62239 INFO tempest.lib.common.rest_client [req-0534dad6-48de-4b3a-a967-8c69ad4fe6a6 req-0534dad6-48de-4b3a-a967-8c69ad4fe6a6 ] Request (VolumesAdminNegativeTest:setUpClass): 201 POST http://10.180.1.21/identity/v3/auth/tokens 0.090s
2024-09-30 19:39:05.174 62237 INFO tempest.lib.common.rest_client [req-525b1089-842e-4fe2-be6b-65d8624e1d0d req-525b1089-842e-4fe2-be6b-65d8624e1d0d ] Request (ServersTestFqdnHostnames:setUpClass): 201 POST http://10.180.1.21:9696/networking/v2.0/subnets 1.042s
2024-09-30 19:39:05.188 62203 INFO tempest.lib.common.rest_client [req-7e958881-5815-43d0-b056-bcf1d01150b3 req-7e958881-5815-43d0-b056-bcf1d01150b3 ] Request (FlavorsV255TestJSON:tearDownClass): 204 DELETE http://10.180.1.21/identity/v3/projects/dcad5dbd54874544be735df69d04f471 0.128s
2024-09-30 19:39:05.204 62205 INFO tempest.lib.common.rest_client [req-b642f75c-4dfe-4b4b-9af2-705af7a6ad34 req-b642f75c-4dfe-4b4b-9af2-705af7a6ad34 ] Request (FlavorMetadataValidation:tearDownClass): 204 DELETE http://10.180.1.21:9696/networking/v2.0/security-groups/6a3c4b0a-6273-48c3-a525-e3be0ba8b5aa 0.669s
2024-09-30 19:39:05.267 62236 INFO tempest.lib.common.rest_client [req-b87f7f91-e63d-4186-828d-2db30ab7144f req-b87f7f91-e63d-4186-828d-2db30ab7144f ] Request (KeyPairsNegativeTestJSON:tearDownClass): 204 DELETE http://10.180.1.21/identity/v3/users/1240407c6dcf4157b6d8d33bb4372d47 0.193s
2024-09-30 19:39:05.268 62236 INFO tempest.lib.common.dynamic_creds [-] Deleting project and security group for project: 46eb256d6e984b30b6448cb43bdcf1e1
2024-09-30 19:39:05.284 62219 INFO tempest.lib.common.rest_client [req-d71131d6-e03b-4040-9791-2977e8612d90 req-d71131d6-e03b-4040-9791-2977e8612d90 ] Request (KeyPairsV210TestJSON:tearDownClass): 204 DELETE http://10.180.1.21/identity/v3/users/00ecbced65ad4469864e032ead0b0cfc 0.192s
2024-09-30 19:39:05.341 62239 INFO tempest.lib.common.rest_client [req-c6fcc253-1be2-4939-8960-618ffad3eb15 req-c6fcc253-1be2-4939-8960-618ffad3eb15 ] Request (VolumesAdminNegativeTest:setUpClass): 201 POST http://10.180.1.21/identity/v3/auth/tokens 0.174s
2024-09-30 19:39:05.367 62203 INFO tempest.lib.common.rest_client [req-e5dbc42d-4c70-4cb5-a3ab-52193a9e705a req-e5dbc42d-4c70-4cb5-a3ab-52193a9e705a ] Request (ServerActionsTestOtherA:setUpClass): 201 POST http://10.180.1.21/identity/v3/auth/tokens 0.177s
2024-09-30 19:39:05.380 62229 INFO tempest.lib.common.rest_client [req-a825897d-9dd1-413c-8d7a-d6bc137da220 req-a825897d-9dd1-413c-8d7a-d6bc137da220 ] Request (SecurityGroupsTestAdminJSON:test_list_security_groups_list_all_tenants_filter): 200 POST http://10.180.1.21/compute/v2.1/os-security-groups 1.407s
2024-09-30 19:39:05.406 62243 INFO tempest.lib.common.rest_client [req-783bd7f9-0039-4b4d-8461-b07fd2087cb6 req-783bd7f9-0039-4b4d-8461-b07fd2087cb6 ] Request (HostsAdminTestJSON:test_list_hosts_with_zone): 200 GET http://10.180.1.21/compute/v2.1/os-hosts?zone=internal 1.277s
2024-09-30 19:39:05.426 62223 INFO tempest.lib.common.rest_client [req-d79d11de-52a4-4d22-b5c6-b463e45dd4c3 req-d79d11de-52a4-4d22-b5c6-b463e45dd4c3 ] Request (AggregatesAdminNegativeTestJSON:test_aggregate_add_host_as_user): 403 POST http://10.180.1.21/compute/v2.1/os-aggregates/2/action 1.299s
2024-09-30 19:39:05.428 62217 INFO tempest.lib.common.rest_client [req-280e8cc0-817d-4fd9-9d89-2f2d6d5750d9 req-280e8cc0-817d-4fd9-9d89-2f2d6d5750d9 ] Request (FlavorsAccessTestJSON:test_flavor_access_list_with_private_flavor): 200 POST http://10.180.1.21/compute/v2.1/flavors 1.267s
2024-09-30 19:39:05.429 62205 INFO tempest.lib.common.rest_client [req-96ca4cfc-e240-43b5-8d16-de1dfd555dc7 req-96ca4cfc-e240-43b5-8d16-de1dfd555dc7 ] Request (FlavorMetadataValidation:tearDownClass): 204 DELETE http://10.180.1.21/identity/v3/projects/3c0c75b2653c4a71a595da57064f4b45 0.224s
2024-09-30 19:39:05.478 62236 INFO tempest.lib.common.rest_client [req-ffc05044-42fa-4095-8eb4-56afaea57520 req-ffc05044-42fa-4095-8eb4-56afaea57520 ] Request (KeyPairsNegativeTestJSON:tearDownClass): 201 POST http://10.180.1.21/identity/v3/auth/tokens 0.210s
2024-09-30 19:39:05.480 62215 INFO tempest.lib.common.rest_client [req-d1a6f2af-7d53-4f46-b399-6eb6f01ead54 req-d1a6f2af-7d53-4f46-b399-6eb6f01ead54 ] Request (QuotaClassesAdmin257Test:_run_cleanups): 200 PUT http://10.180.1.21/compute/v2.1/os-quota-class-sets/default 0.644s
2024-09-30 19:39:05.505 62245 INFO tempest.lib.common.rest_client [req-d1e5bbf5-8a6c-4637-9fe7-5dcef29ad1c2 req-d1e5bbf5-8a6c-4637-9fe7-5dcef29ad1c2 ] Request (FlavorsV2TestJSON:test_list_flavors_filter_by_min_disk): 200 GET http://10.180.1.21/compute/v2.1/flavors/42 0.635s
2024-09-30 19:39:05.518 62233 INFO tempest.lib.common.rest_client [req-6c77152e-166c-4f29-8ffe-31f396cf77cb req-6c77152e-166c-4f29-8ffe-31f396cf77cb ] Request (FlavorsAccessNegativeTestJSON:test_flavor_access_list_with_public_flavor): 404 GET http://10.180.1.21/compute/v2.1/flavors/1315663929/os-flavor-access 0.633s
2024-09-30 19:39:05.528 62219 INFO tempest.lib.common.rest_client [req-2132c6fa-b7b5-49e0-99a5-2c316d9bbbf0 req-2132c6fa-b7b5-49e0-99a5-2c316d9bbbf0 ] Request (KeyPairsV210TestJSON:tearDownClass): 204 DELETE http://10.180.1.21/identity/v3/users/a0be5ae6c3a14fefadae079535a25ad3 0.244s
2024-09-30 19:39:05.528 62219 INFO tempest.lib.common.dynamic_creds [-] Deleting project and security group for project: 4e935c2ee68348abadcc8722c50bc28f
2024-09-30 19:39:05.535 62231 INFO tempest.lib.common.rest_client [req-157eb3e5-93d6-42dd-9795-23326bbe6eb5 req-157eb3e5-93d6-42dd-9795-23326bbe6eb5 ] Request (FlavorsV261TestJSON:tearDownClass): 204 DELETE http://10.180.1.21:9696/networking/v2.0/security-groups/c380d1ce-0b7b-44ca-b97a-d73112a13cef 0.386s
2024-09-30 19:39:05.569 62239 INFO tempest.lib.common.rest_client [req-6774eed6-8181-4a13-acf6-582d31e02371 req-6774eed6-8181-4a13-acf6-582d31e02371 ] Request (VolumesAdminNegativeTest:setUpClass): 200 GET http://10.180.1.21/identity/v3/domains?name=Default 0.228s
2024-09-30 19:39:05.583 62203 INFO tempest.lib.common.rest_client [req-a2ef06ac-d130-4da6-bb62-4b98d3dd8391 req-a2ef06ac-d130-4da6-bb62-4b98d3dd8391 ] Request (ServerActionsTestOtherA:setUpClass): 201 POST http://10.180.1.21/identity/v3/auth/tokens 0.213s
2024-09-30 19:39:05.598 62201 INFO tempest.lib.common.rest_client [req-824160fb-8f07-489b-81de-58df2ab16e09 req-824160fb-8f07-489b-81de-58df2ab16e09 ] Request (TenantUsagesNegativeTestJSON:tearDownClass): 204 DELETE http://10.180.1.21:9696/networking/v2.0/security-groups/58f2a6ba-c0dc-4b7f-a5b5-3250d1bd4a1f 0.839s
2024-09-30 19:39:05.609 62205 INFO tempest.lib.common.rest_client [req-d634d52d-23af-4abf-ac14-3601d3bb5643 req-d634d52d-23af-4abf-ac14-3601d3bb5643 ] Request (HypervisorAdminTestJSON:setUpClass): 201 POST http://10.180.1.21/identity/v3/auth/tokens 0.177s
2024-09-30 19:39:05.683 62219 INFO tempest.lib.common.rest_client [req-630adafd-085e-46df-a883-7c0ff53bb20e req-630adafd-085e-46df-a883-7c0ff53bb20e ] Request (KeyPairsV210TestJSON:tearDownClass): 201 POST http://10.180.1.21/identity/v3/auth/tokens 0.155s
2024-09-30 19:39:05.717 62231 INFO tempest.lib.common.rest_client [req-e3d761bc-f49a-4b71-8348-012ccb8f0b3b req-e3d761bc-f49a-4b71-8348-012ccb8f0b3b ] Request (FlavorsV261TestJSON:tearDownClass): 204 DELETE http://10.180.1.21/identity/v3/projects/729c62c392984dcda6366317e061fb66 0.180s
2024-09-30 19:39:05.718 62231 INFO tempest.lib.common.dynamic_creds [-] Deleting project and security group for project: 1de0c933670d46289c6cbc6532c59c0c
2024-09-30 19:39:05.735 62213 INFO tempest.lib.common.rest_client [req-3b0f97ae-95db-4b2f-bfad-4c6d071b4672 req-3b0f97ae-95db-4b2f-bfad-4c6d071b4672 ] Request (FlavorsAdminTestJSON:_run_cleanups): 202 DELETE http://10.180.1.21/compute/v2.1/flavors/993306542 0.724s
2024-09-30 19:39:05.740 62253 INFO tempest.lib.common.rest_client [req-9a27b746-d187-46b4-ba20-d1dec016994b req-9a27b746-d187-46b4-ba20-d1dec016994b ] Request (HypervisorAdminNegativeTestJSON:test_show_nonexistent_hypervisor): 404 GET http://10.180.1.21/compute/v2.1/os-hypervisors/3eeb8efa-c6a1-47bc-8d3f-bf2b0be56b3d 0.723s
2024-09-30 19:39:05.750 62211 INFO tempest.lib.common.rest_client [req-0a33c258-ddc7-4937-9c54-023e61c8d762 req-0a33c258-ddc7-4937-9c54-023e61c8d762 ] Request (FlavorsExtraSpecsTestJSON:test_flavor_set_get_update_show_unset_keys): 200 GET http://10.180.1.21/compute/v2.1/flavors/84463773/os-extra_specs 0.694s
2024-09-30 19:39:05.767 62193 INFO tempest.lib.common.rest_client [req-b39d33c5-51b2-4de2-9613-e5b59b6544c8 req-b39d33c5-51b2-4de2-9613-e5b59b6544c8 ] Request (ServicesAdminNegativeTestJSON:test_get_service_with_valid_service_and_invalid_host): 200 GET http://10.180.1.21/compute/v2.1/os-services?host=xxx&binary=nova-scheduler 0.660s
2024-09-30 19:39:05.777 62215 INFO tempest.lib.common.rest_client [req-3cf04ea6-bda5-4887-8a4f-f6ae35e4f445 req-3cf04ea6-bda5-4887-8a4f-f6ae35e4f445 ] Request (QuotaClassesAdmin257Test:tearDownClass): 204 DELETE http://10.180.1.21/identity/v3/users/fce2ce5743104618a8322170f4415db3 0.234s
2024-09-30 19:39:05.782 62225 INFO tempest.lib.common.rest_client [req-a5c842eb-c244-4d50-8470-c4c4fd0e2125 req-a5c842eb-c244-4d50-8470-c4c4fd0e2125 ] Request (ServersWithSpecificFlavorTestJSON:test_verify_created_server_ephemeral_disk): 200 POST http://10.180.1.21/compute/v2.1/flavors 0.653s
2024-09-30 19:39:05.789 62249 INFO tempest.lib.common.rest_client [req-5b30972c-75f4-430c-9be9-d7dfa407ebed req-5b30972c-75f4-430c-9be9-d7dfa407ebed ] Request (FloatingIPsTestJSON:setUpClass): 201 POST http://10.180.1.21:9696/networking/v2.0/subnets 1.121s
