2024-09-30 19:39:25.897 62243 INFO tempest.lib.common.rest_client [req-ec8da7b9-15fb-45cb-b851-cd257bc1d674 req-ec8da7b9-15fb-45cb-b851-cd257bc1d674 ] Request (HypervisorAdminNegativeUnderV252Test:test_show_servers_with_non_admin_user): 403 GET http://10.180.1.21/compute/v2.1/os-hypervisors/1/servers 1.834s
2024-09-30 19:39:25.922 62191 INFO tempest.lib.common.rest_client [req-46f6045a-7edc-4e95-b9e5-91425331a92a req-46f6045a-7edc-4e95-b9e5-91425331a92a ] Request (ImagesDeleteNegativeTestJSON:test_delete_image_with_invalid_image_id): 404 DELETE http://10.180.1.21/compute/v2.1/images/tempest-invalid-2094655128 1.848s
2024-09-30 19:39:25.926 62239 INFO tempest.lib.common.rest_client [req-113fb6ba-e043-4c12-8163-8a906215c5c9 req-113fb6ba-e043-4c12-8163-8a906215c5c9 ] Request (VolumesAdminNegativeTest:test_update_attached_volume_with_nonexistent_volume_in_body): 201 POST http://10.180.1.21:9696/networking/v2.0/security-group-rules 0.331s
2024-09-30 19:39:25.937 62251 INFO tempest.lib.common.rest_client [req-95a36edd-33be-4cbd-98fd-8d874208f14c req-95a36edd-33be-4cbd-98fd-8d874208f14c ] Request (MigrationsAdminTest:test_resize_server_revert_deleted_flavor): 200 GET http://10.180.1.21/compute/v2.1/flavors/42 1.752s
2024-09-30 19:39:25.996 62215 INFO tempest.lib.common.rest_client [req-6fac1f80-9026-42d4-8a46-5c1e05b1a93f req-6fac1f80-9026-42d4-8a46-5c1e05b1a93f ] Request (ImagesMetadataNegativeTestJSON:tearDownClass): 204 DELETE http://10.180.1.21/identity/v3/users/029c472d26294519a59a9507da0ec5d6 0.106s
2024-09-30 19:39:25.996 62215 INFO tempest.lib.common.dynamic_creds [-] Deleting project and security group for project: bc2dcfc877dd43dc9c309fe1fd9c7368
2024-09-30 19:39:26.022 62248 INFO tempest.lib.common.rest_client [req-a597fec1-50ff-4787-ada7-96a3deb55c45 req-a597fec1-50ff-4787-ada7-96a3deb55c45 ] Request (MultipleCreateTestJSON:test_multiple_create): 200 GET http://10.180.1.21/compute/v2.1/servers/a6942e88-4f88-4f73-8781-0f3fc833c6f3 1.712s
2024-09-30 19:39:26.076 62215 INFO tempest.lib.common.rest_client [req-dda1c4af-04db-4383-9067-21eb295c337b req-dda1c4af-04db-4383-9067-21eb295c337b ] Request (ImagesMetadataNegativeTestJSON:tearDownClass): 201 POST http://10.180.1.21/identity/v3/auth/tokens 0.079s
2024-09-30 19:39:26.179 62245 INFO tempest.lib.common.rest_client [req-37f95afe-5624-4905-b81e-410f3784d4ca req-37f95afe-5624-4905-b81e-410f3784d4ca ] Request (FloatingIPDetailsNegativeTestJSON:setUpClass): 201 POST http://10.180.1.21:9696/networking/v2.0/networks 0.756s
2024-09-30 19:39:26.231 62195 INFO tempest.lib.common.rest_client [req-e57b33f4-8761-4127-a667-1c1a380a6687 req-e57b33f4-8761-4127-a667-1c1a380a6687 ] Request (ServersTestJSON:setUpClass): 201 POST http://10.180.1.21:9696/networking/v2.0/subnets 0.704s
2024-09-30 19:39:26.282 62205 INFO tempest.lib.common.rest_client [req-b008ff99-5cd5-4f91-a6ba-6c772e0cb1d7 req-b008ff99-5cd5-4f91-a6ba-6c772e0cb1d7 ] Request (ImagesNegativeTestJSON:setUpClass): 201 POST http://10.180.1.21:9696/networking/v2.0/subnets 0.692s
2024-09-30 19:39:26.462 62239 INFO tempest.lib.common.rest_client [req-02dac349-4626-4674-8342-ee5f808db04f req-02dac349-4626-4674-8342-ee5f808db04f ] Request (VolumesAdminNegativeTest:test_update_attached_volume_with_nonexistent_volume_in_body): 201 POST http://10.180.1.21:9696/networking/v2.0/security-group-rules 0.535s
2024-09-30 19:39:26.500 62253 INFO tempest.lib.common.rest_client [req-63394bb9-e0bb-4e3e-9301-08c5662c6d64 req-63394bb9-e0bb-4e3e-9301-08c5662c6d64 ] Request (SecurityGroupRulesTestJSON:test_security_group_rules_create_with_optional_cidr): 200 POST http://10.180.1.21/compute/v2.1/os-security-groups 2.173s
2024-09-30 19:39:26.503 62215 INFO tempest.lib.common.rest_client [req-fda91a9a-82a4-487c-9971-24539b68d2d2 req-fda91a9a-82a4-487c-9971-24539b68d2d2 ] Request (ImagesMetadataNegativeTestJSON:tearDownClass): 200 GET http://10.180.1.21:9696/networking/v2.0/security-groups?tenant_id=bc2dcfc877dd43dc9c309fe1fd9c7368&name=default 0.426s
2024-09-30 19:39:26.646 62209 INFO tempest.lib.common.rest_client [req-5196b363-75e8-4f70-9e22-e9fe2d6ae38f req-5196b363-75e8-4f70-9e22-e9fe2d6ae38f ] Request (QuotasAdminTestV236:test_get_updated_quotas): 200 GET http://10.180.1.21/compute/v2.1/os-quota-sets/69fa84185ef245a28e5a5ce8f66e1f6d?user_id=ca4973d6f7e8420192b0a299744b540c 2.108s
2024-09-30 19:39:26.730 62209 INFO tempest.lib.common.rest_client [req-842a2a9c-78cc-4f6e-9455-d8076ee832df req-842a2a9c-78cc-4f6e-9455-d8076ee832df ] Request (QuotasAdminTestV236:_run_cleanups): 204 DELETE http://10.180.1.21/identity/v3/users/ca4973d6f7e8420192b0a299744b540c 0.082s
2024-09-30 19:39:26.759 62249 INFO tempest.lib.common.rest_client [req-d582175b-a413-441c-9941-c4a714d28b16 req-d582175b-a413-441c-9941-c4a714d28b16 ] Request (FloatingIPsTestJSON:_run_cleanups): 202 DELETE http://10.180.1.21/compute/v2.1/os-floating-ips/647aef19-dfb7-417b-9ab2-ae65045651a0 2.980s
2024-09-30 19:39:26.849 62237 INFO tempest.lib.common.rest_client [req-fca902b0-9fab-4081-aaee-767b193109be req-fca902b0-9fab-4081-aaee-767b193109be ] Request (ServersTestFqdnHostnames:test_create_server_with_fqdn_name): 200 GET http://10.180.1.21/compute/v2.1/servers/e9958832-981d-454f-b8e2-7957c1c75b81 1.937s
2024-09-30 19:39:26.850 62209 INFO tempest.lib.common.rest_client [req-bfa990b3-fd06-4af1-b2c3-92b88e224b2e req-bfa990b3-fd06-4af1-b2c3-92b88e224b2e ] Request (QuotasAdminTestV236:_run_cleanups): 204 DELETE http://10.180.1.21/identity/v3/projects/69fa84185ef245a28e5a5ce8f66e1f6d 0.119s
2024-09-30 19:39:26.876 62207 INFO tempest.lib.common.rest_client [req-0801da77-9128-4a96-92f5-bd23b89278fd req-0801da77-9128-4a96-92f5-bd23b89278fd ] Request (ValidationResourcesFixture:setUp): 201 POST http://10.180.1.21:9696/networking/v2.0/floatingips 1.690s
2024-09-30 19:39:26.964 62207 INFO tempest.lib.common.rest_client [req-2b1a05a2-b371-41bd-911b-ec2fa7b7fcf2 req-2b1a05a2-b371-41bd-911b-ec2fa7b7fcf2 ] Request (AttachVolumeTestJSON:test_attach_detach_volume): 201 POST http://10.180.1.21/identity/v3/auth/tokens 0.085s
2024-09-30 19:39:26.965 62207 INFO tempest.lib.common.fixed_network [-] (AttachVolumeTestJSON:test_attach_detach_volume) Found network {'id': '294bf763-9b4f-4ff4-acda-453ad036e8c0', 'name': 'tempest-AttachVolumeTestJSON-1743059723-network', 'tenant_id': '30f351cdebda4c1499bafaa1af4add48', 'admin_state_up': True, 'mtu': 8950, 'status': 'ACTIVE', 'subnets': [], 'shared': False, 'project_id': '30f351cdebda4c1499bafaa1af4add48', 'port_security_enabled': True, 'router:external': False, 'provider:network_type': 'vlan', 'provider:physical_network': 'default', 'provider:segmentation_id': 154, 'is_default': False, 'availability_zone_hints': [], 'availability_zones': [], 'ipv4_address_scope': None, 'ipv6_address_scope': None, 'description': '', 'tags': [], 'created_at': '2024-09-30T19:39:15Z', 'updated_at': '2024-09-30T19:39:15Z', 'revision_number': 1} available for tenant
2024-09-30 19:39:27.018 62209 INFO tempest.lib.common.rest_client [req-a5dfcd0c-bc56-4550-a538-bbd44a3d4edc req-a5dfcd0c-bc56-4550-a538-bbd44a3d4edc ] Request (QuotasAdminTestV236:tearDownClass): 204 DELETE http://10.180.1.21/identity/v3/users/8d10577b77694e679a3e2a32b8315531 0.113s
2024-09-30 19:39:27.042 62217 INFO tempest.lib.common.rest_client [req-4e89024a-e535-41ba-a6f7-a64ac4de1014 req-4e89024a-e535-41ba-a6f7-a64ac4de1014 ] Request (ServerDiagnosticsNegativeTest:test_get_server_diagnostics_by_non_admin): 200 GET http://10.180.1.21/compute/v2.1/servers/828c436d-852a-4a00-9a1e-961308e9160b 2.164s
2024-09-30 19:39:27.049 62217 INFO tempest.common.waiters [-] State transition "BUILD/None" ==> "BUILD/spawning" after 7 second wait
2024-09-30 19:39:27.106 62209 INFO tempest.lib.common.rest_client [req-1432902c-0b6b-42b6-84d4-bea76f6aa5b3 req-1432902c-0b6b-42b6-84d4-bea76f6aa5b3 ] Request (QuotasAdminTestV236:tearDownClass): 204 DELETE http://10.180.1.21/identity/v3/users/2c07e46db732403a805d97bd7a6061aa 0.088s
2024-09-30 19:39:27.107 62209 INFO tempest.lib.common.dynamic_creds [-] Deleting project and security group for project: a6969ee3bd144e97b09ff647a1aa93ad
2024-09-30 19:39:27.137 62225 INFO tempest.lib.common.rest_client [req-8689ba89-f46b-4f2d-a0d8-5cb5e617fea6 req-8689ba89-f46b-4f2d-a0d8-5cb5e617fea6 ] Request (ServersWithSpecificFlavorTestJSON:test_verify_created_server_ephemeral_disk): 200 GET http://10.180.1.21/compute/v2.1/servers/8d7f242f-e02b-4a4f-9180-446994f9da3f 1.967s
2024-09-30 19:39:27.144 62225 INFO tempest.common.waiters [-] State transition "BUILD/None" ==> "BUILD/networking" after 6 second wait
2024-09-30 19:39:27.166 62229 INFO tempest.lib.common.rest_client [req-def216a2-d3c8-4d00-95ce-43b141586115 req-def216a2-d3c8-4d00-95ce-43b141586115 ] Request (SecurityGroupsTestAdminJSON:_run_cleanups): 202 DELETE http://10.180.1.21/compute/v2.1/os-security-groups/c9cdf609-7a5b-4f84-b2a3-1bce5badd476 2.173s
2024-09-30 19:39:27.178 62209 INFO tempest.lib.common.rest_client [req-c307078d-ecc5-43d8-b77b-395476217c71 req-c307078d-ecc5-43d8-b77b-395476217c71 ] Request (QuotasAdminTestV236:tearDownClass): 201 POST http://10.180.1.21/identity/v3/auth/tokens 0.071s
2024-09-30 19:39:27.205 62215 INFO tempest.lib.common.rest_client [req-f4a619d6-3730-407d-b445-15c559f5d551 req-f4a619d6-3730-407d-b445-15c559f5d551 ] Request (ImagesMetadataNegativeTestJSON:tearDownClass): 204 DELETE http://10.180.1.21:9696/networking/v2.0/security-groups/d3894b2f-aaaa-44c2-9007-e4f1f54d8e38 0.702s
2024-09-30 19:39:27.215 62245 INFO tempest.lib.common.rest_client [req-67ebe3b5-30b5-4d2d-85a0-154882f9d21c req-67ebe3b5-30b5-4d2d-85a0-154882f9d21c ] Request (FloatingIPDetailsNegativeTestJSON:setUpClass): 201 POST http://10.180.1.21:9696/networking/v2.0/subnets 1.035s
2024-09-30 19:39:27.218 62203 INFO tempest.lib.common.rest_client [req-78ddfa60-86b5-4e1a-9da7-922e5500fc69 req-78ddfa60-86b5-4e1a-9da7-922e5500fc69 ] Request (ServerActionsTestOtherA:setUpClass): 200 GET http://10.180.1.21/compute/v2.1/servers/af864d93-4d2e-4b3b-a1d5-6ca6b2aed92e 1.991s
2024-09-30 19:39:27.248 62199 INFO tempest.lib.common.rest_client [req-db573b94-045c-4c12-8da9-f1b4d08241ea req-db573b94-045c-4c12-8da9-f1b4d08241ea ] Request (VolumesAssistedSnapshotsTest:test_volume_assisted_snapshot_create_delete): 200 GET http://10.180.1.21/compute/v2.1/servers/a8aaafe2-9b52-4454-aad2-767e6f057442 1.875s
2024-09-30 19:39:27.259 62233 INFO tempest.lib.common.rest_client [req-79d9de3c-1c25-4cf8-9ae3-0c04e7d67144 req-79d9de3c-1c25-4cf8-9ae3-0c04e7d67144 ] Request (FlavorsAccessNegativeTestJSON:test_flavor_non_admin_remove): 403 POST http://10.180.1.21/compute/v2.1/flavors/2078717520/action 1.468s
2024-09-30 19:39:27.262 62215 INFO tempest.lib.common.rest_client [req-8fc4ae97-37ce-4676-b594-918120c6c57d req-8fc4ae97-37ce-4676-b594-918120c6c57d ] Request (ImagesMetadataNegativeTestJSON:tearDownClass): 204 DELETE http://10.180.1.21/identity/v3/projects/bc2dcfc877dd43dc9c309fe1fd9c7368 0.056s
2024-09-30 19:39:27.270 62213 INFO tempest.lib.common.rest_client [req-fe8a0dcb-8d53-49c3-9e4c-b311d6315157 req-fe8a0dcb-8d53-49c3-9e4c-b311d6315157 ] Request (FlavorsAdminTestJSON:test_create_list_flavor_without_extra_data): 200 GET http://10.180.1.21/compute/v2.1/flavors/342220594 1.464s
2024-09-30 19:39:27.292 62223 INFO tempest.lib.common.rest_client [req-19ded5e5-5f59-4daa-aa43-05f1cb40194b req-19ded5e5-5f59-4daa-aa43-05f1cb40194b ] Request (AggregatesAdminNegativeTestJSON:_run_cleanups): 200 DELETE http://10.180.1.21/compute/v2.1/os-aggregates/4 1.466s
2024-09-30 19:39:27.297 62231 INFO tempest.lib.common.rest_client [req-77c888bd-bc4a-4acb-9b23-40bf00e1a9cf req-77c888bd-bc4a-4acb-9b23-40bf00e1a9cf ] Request (HostsAdminNegativeTestJSON:test_shutdown_host_with_non_admin_user): 403 GET http://10.180.1.21/compute/v2.1/os-hosts/devstack/shutdown 1.459s
2024-09-30 19:39:27.334 62215 INFO tempest.lib.common.rest_client [req-d3bb727c-c95a-423f-9325-a5efd0b80c42 req-d3bb727c-c95a-423f-9325-a5efd0b80c42 ] Request (KeyPairsV2TestJSON:setUpClass): 201 POST http://10.180.1.21/identity/v3/auth/tokens 0.070s
2024-09-30 19:39:27.335 62193 INFO tempest.lib.common.rest_client [req-1edd253d-0f01-4b06-b93c-2e6b017aadc9 req-1edd253d-0f01-4b06-b93c-2e6b017aadc9 ] Request (KeyPairsV22TestJSON:test_keypair_create_with_pub_key): 201 POST http://10.180.1.21/compute/v2.1/os-keypairs 1.469s
2024-09-30 19:39:27.348 62243 INFO tempest.lib.common.rest_client [req-345329ed-14a7-431c-9406-546c250761b8 req-345329ed-14a7-431c-9406-546c250761b8 ] Request (HypervisorAdminNegativeUnderV252Test:test_show_servers_with_nonexistent_hypervisor): 404 GET http://10.180.1.21/compute/v2.1/os-hypervisors/c9e82dbd-7302-479c-a699-437345b23568/servers 1.449s
2024-09-30 19:39:27.370 62215 INFO tempest.lib.common.rest_client [req-1ccbed29-b64d-4ba0-8e5e-bd4a0177dbd3 req-1ccbed29-b64d-4ba0-8e5e-bd4a0177dbd3 ] Request (KeyPairsV2TestJSON:setUpClass): 201 POST http://10.180.1.21/identity/v3/auth/tokens 0.028s
2024-09-30 19:39:27.371 62241 INFO tempest.lib.common.rest_client [req-66fc51be-1136-4b95-862b-c5f433ebf9d6 req-66fc51be-1136-4b95-862b-c5f433ebf9d6 ] Request (ImagesOneServerTestJSON:setUpClass): 200 PUT http://10.180.1.21:9696/networking/v2.0/routers/40573607-4ea1-41f8-b793-a627f8a8d194/add_router_interface 3.266s
2024-09-30 19:39:27.372 62241 INFO tempest.lib.common.dynamic_creds [-] Created isolated network resources for: credentials: Credentials: {'domain_id': 'default', 'domain_name': 'Default', 'username': 'tempest-ImagesOneServerTestJSON-968336884-project-member', 'project_domain_id': 'default', 'project_domain_name': 'Default', 'project_id': 'b9a572ce9978443ebfb23d0f19d32402', 'project_name': 'tempest-ImagesOneServerTestJSON-968336884', 'tenant_id': 'b9a572ce9978443ebfb23d0f19d32402', 'tenant_name': 'tempest-ImagesOneServerTestJSON-968336884', 'user_domain_id': 'default', 'user_domain_name': 'Default', 'user_id': '1682c3665ea34f8c87edb440c8b90655', 'system': None}, Network: {'id': '6862c59c-5a41-426e-8652-f5c73b832579', 'name': 'tempest-ImagesOneServerTestJSON-2047187463-network', 'tenant_id': 'b9a572ce9978443ebfb23d0f19d32402', 'admin_state_up': True, 'mtu': 8950, 'status': 'ACTIVE', 'subnets': [], 'shared': False, 'project_id': 'b9a572ce9978443ebfb23d0f19d32402', 'port_security_enabled': True, 'router:external': False, 'provider:network_type': 'vlan', 'provider:physical_network': 'default', 'provider:segmentation_id': 810, 'is_default': False, 'availability_zone_hints': [], 'availability_zones': [], 'ipv4_address_scope': None, 'ipv6_address_scope': None, 'description': '', 'tags': [], 'created_at': '2024-09-30T19:39:21Z', 'updated_at': '2024-09-30T19:39:21Z', 'revision_number': 1}, Subnet: {'id': 'b4333a66-151f-49ce-86ca-895d1be4248d', 'name': 'tempest-ImagesOneServerTestJSON-2047187463-subnet', 'tenant_id': 'b9a572ce9978443ebfb23d0f19d32402', 'network_id': '6862c59c-5a41-426e-8652-f5c73b832579', 'ip_version': 4, 'subnetpool_id': None, 'enable_dhcp': True, 'ipv6_ra_mode': None, 'ipv6_address_mode': None, 'gateway_ip': '192.168.128.1', 'cidr': '192.168.128.0/28', 'allocation_pools': [{'start': '192.168.128.2', 'end': '192.168.128.14'}], 'host_routes': [], 'dns_nameservers': [], 'description': '', 'router:external': False, 'service_types': [], 'tags': [], 'created_at': '2024-09-30T19:39:21Z', 'updated_at': '2024-09-30T19:39:21Z', 'revision_number': 0, 'project_id': 'b9a572ce9978443ebfb23d0f19d32402'}, Router: {'id': '40573607-4ea1-41f8-b793-a627f8a8d194', 'name': 'tempest-ImagesOneServerTestJSON-2047187463-router', 'tenant_id': 'b9a572ce9978443ebfb23d0f19d32402', 'admin_state_up': True, 'status': 'ACTIVE', 'external_gateway_info': {'network_id': 'c88ec18b-9877-41cd-bb18-2ddcb59ff3c7', 'external_fixed_ips': [{'subnet_id': 'e9324b66-830c-462f-bde6-470a5ba5b5d7', 'ip_address': '10.180.180.159'}], 'enable_snat': True}, 'description': '', 'availability_zones': [], 'distributed': False, 'ha': False, 'availability_zone_hints': [], 'routes': [], 'flavor_id': None, 'tags': [], 'created_at': '2024-09-30T19:39:21Z', 'updated_at': '2024-09-30T19:39:23Z', 'revision_number': 2, 'project_id': 'b9a572ce9978443ebfb23d0f19d32402'}
2024-09-30 19:39:27.411 62215 INFO tempest.lib.common.rest_client [req-cf008a79-be5c-4eee-a9fa-3a76ed656ffa req-cf008a79-be5c-4eee-a9fa-3a76ed656ffa ] Request (KeyPairsV2TestJSON:setUpClass): 200 GET http://10.180.1.21/identity/v3/domains?name=Default 0.040s
2024-09-30 19:39:27.419 62221 INFO tempest.lib.common.rest_client [req-a93483f9-2c55-48f1-8bf4-8513ddc48111 req-a93483f9-2c55-48f1-8bf4-8513ddc48111 ] Request (QuotasAdminNegativeTest:_run_cleanups): 200 PUT http://10.180.1.21/compute/v2.1/os-quota-sets/483959814e3c46e89f286156161c9c21 1.773s
2024-09-30 19:39:27.439 62251 INFO tempest.lib.common.rest_client [req-efc36fd5-61dc-44a2-9836-bd6a5c57be96 req-efc36fd5-61dc-44a2-9836-bd6a5c57be96 ] Request (MigrationsAdminTest:test_resize_server_revert_deleted_flavor): 200 POST http://10.180.1.21/compute/v2.1/flavors 1.498s
2024-09-30 19:39:27.441 62191 INFO tempest.lib.common.rest_client [req-bd78c1d6-af76-4de6-92d1-4c15e8de87d2 req-bd78c1d6-af76-4de6-92d1-4c15e8de87d2 ] Request (ImagesDeleteNegativeTestJSON:test_delete_non_existent_image): 404 DELETE http://10.180.1.21/compute/v2.1/images/aa6c01b1-b746-4198-a835-a1d5a4199e10 1.518s
2024-09-30 19:39:27.461 62243 INFO tempest.lib.common.rest_client [req-c5ec4e38-9d34-4539-96a3-aa915f8b4df0 req-c5ec4e38-9d34-4539-96a3-aa915f8b4df0 ] Request (HypervisorAdminNegativeUnderV252Test:tearDownClass): 204 DELETE http://10.180.1.21/identity/v3/users/aa27c342a07a4fa587674054b1e74b82 0.112s
2024-09-30 19:39:27.495 62215 INFO tempest.lib.common.rest_client [req-ecc8c386-5974-4a2b-9d47-5d12d47d0947 req-ecc8c386-5974-4a2b-9d47-5d12d47d0947 ] Request (KeyPairsV2TestJSON:setUpClass): 201 POST http://10.180.1.21/identity/v3/projects 0.081s
2024-09-30 19:39:27.507 62197 INFO tempest.lib.common.rest_client [req-b89c6703-b378-4728-941c-64bc833143dd req-b89c6703-b378-4728-941c-64bc833143dd ] Request (ImagesTestJSON:test_create_image_from_stopped_server): 200 GET http://10.180.1.21/compute/v2.1/servers/c8c79b68-aa71-4e14-b989-ea7eba877fba 1.412s
2024-09-30 19:39:27.544 62241 INFO tempest.lib.common.rest_client [req-b045df31-76bf-49ac-9006-bdcb140d14e6 req-b045df31-76bf-49ac-9006-bdcb140d14e6 ] Request (ImagesOneServerTestJSON:setUpClass): 201 POST http://10.180.1.21/identity/v3/auth/tokens 0.120s
2024-09-30 19:39:27.592 62219 INFO tempest.lib.common.rest_client [req-40c37cd0-3376-4b35-b286-ff7a3bf7eebf req-40c37cd0-3376-4b35-b286-ff7a3bf7eebf ] Request (ServerDiagnosticsTest:test_get_server_diagnostics): 200 GET http://10.180.1.21/compute/v2.1/servers/c755ead0-e19b-42e3-bad4-21618c6e1cb6 0.938s
2024-09-30 19:39:27.612 62191 INFO tempest.lib.common.rest_client [req-bc7f3af0-4fbd-4cb1-b8d2-25e6dccf871f req-bc7f3af0-4fbd-4cb1-b8d2-25e6dccf871f ] Request (ImagesDeleteNegativeTestJSON:tearDownClass): 204 DELETE http://10.180.1.21/identity/v3/users/1576ff9a5c194e6abb3fd15b96e31c7a 0.167s
2024-09-30 19:39:27.612 62191 INFO tempest.lib.common.dynamic_creds [-] Deleting project and security group for project: 259a74ded871450996f216c6c8486be1
2024-09-30 19:39:27.678 62243 INFO tempest.lib.common.rest_client [req-3b013acd-5c5c-4bcc-95ef-e349410208b2 req-3b013acd-5c5c-4bcc-95ef-e349410208b2 ] Request (HypervisorAdminNegativeUnderV252Test:tearDownClass): 204 DELETE http://10.180.1.21/identity/v3/users/83ca1dfab33942e3a9b47f42d85e52c1 0.216s
2024-09-30 19:39:27.678 62243 INFO tempest.lib.common.dynamic_creds [-] Deleting project and security group for project: ce12ba32944d49f984d39c2a75de9fa1
2024-09-30 19:39:27.681 62236 INFO tempest.lib.common.rest_client [req-152a4417-b828-4ef6-8fbe-09f9a434eddb req-152a4417-b828-4ef6-8fbe-09f9a434eddb ] Request (ServersTestMultiNic:test_verify_duplicate_network_nics): 200 GET http://10.180.1.21/compute/v2.1/servers/6662c19b-8233-4911-8c12-b094ccc01edf 0.934s
2024-09-30 19:39:27.711 62215 INFO tempest.lib.common.rest_client [req-46d31438-e0e6-4a33-8f6f-8a80fb3e7d92 req-46d31438-e0e6-4a33-8f6f-8a80fb3e7d92 ] Request (KeyPairsV2TestJSON:setUpClass): 201 POST http://10.180.1.21/identity/v3/users 0.215s
2024-09-30 19:39:27.729 62241 INFO tempest.lib.common.rest_client [req-f16709d9-b66d-434b-96fa-35c8402fe3ff req-f16709d9-b66d-434b-96fa-35c8402fe3ff ] Request (ImagesOneServerTestJSON:setUpClass): 201 POST http://10.180.1.21/identity/v3/auth/tokens 0.179s
2024-09-30 19:39:27.729 62241 INFO tempest.lib.common.fixed_network [-] (ImagesOneServerTestJSON:setUpClass) Found network {'id': '6862c59c-5a41-426e-8652-f5c73b832579', 'name': 'tempest-ImagesOneServerTestJSON-2047187463-network', 'tenant_id': 'b9a572ce9978443ebfb23d0f19d32402', 'admin_state_up': True, 'mtu': 8950, 'status': 'ACTIVE', 'subnets': [], 'shared': False, 'project_id': 'b9a572ce9978443ebfb23d0f19d32402', 'port_security_enabled': True, 'router:external': False, 'provider:network_type': 'vlan', 'provider:physical_network': 'default', 'provider:segmentation_id': 810, 'is_default': False, 'availability_zone_hints': [], 'availability_zones': [], 'ipv4_address_scope': None, 'ipv6_address_scope': None, 'description': '', 'tags': [], 'created_at': '2024-09-30T19:39:21Z', 'updated_at': '2024-09-30T19:39:21Z', 'revision_number': 1} available for tenant
2024-09-30 19:39:27.763 62191 INFO tempest.lib.common.rest_client [req-49d6afb7-1f47-4830-b73c-099cc709a4ac req-49d6afb7-1f47-4830-b73c-099cc709a4ac ] Request (ImagesDeleteNegativeTestJSON:tearDownClass): 201 POST http://10.180.1.21/identity/v3/auth/tokens 0.148s
2024-09-30 19:39:27.780 62243 INFO tempest.lib.common.rest_client [req-d0c584dd-a5b1-42a0-950d-b2a3cf173637 req-d0c584dd-a5b1-42a0-950d-b2a3cf173637 ] Request (HypervisorAdminNegativeUnderV252Test:tearDownClass): 201 POST http://10.180.1.21/identity/v3/auth/tokens 0.102s
2024-09-30 19:39:27.780 62215 INFO tempest.lib.common.rest_client [req-0b018fce-975c-4d9d-afd4-31f242be8edc req-0b018fce-975c-4d9d-afd4-31f242be8edc ] Request (KeyPairsV2TestJSON:setUpClass): 200 GET http://10.180.1.21/identity/v3/roles 0.069s
2024-09-30 19:39:27.806 62215 INFO tempest.lib.common.rest_client [req-95d2980e-9b29-4e27-a10d-76dd4f5bc0f6 req-95d2980e-9b29-4e27-a10d-76dd4f5bc0f6 ] Request (KeyPairsV2TestJSON:setUpClass): 204 PUT http://10.180.1.21/identity/v3/projects/412baa3633524207884562c9c4ae15af/users/fdb52e5ea03c4bf0933bf7d2d5155b8c/roles/58ca00245de14d158e927561b27bd523 0.025s
2024-09-30 19:39:27.807 62215 INFO tempest.lib.common.dynamic_creds [-] Dynamic test user fdb52e5ea03c4bf0933bf7d2d5155b8c is created with scope project and roles: ['member']
2024-09-30 19:39:27.807 62215 INFO tempest.lib.common.dynamic_creds [-] Acquired dynamic creds: credentials: Credentials: {'domain_id': 'default', 'domain_name': 'Default', 'username': 'tempest-KeyPairsV2TestJSON-1012105590-project-member', 'project_domain_id': 'default', 'project_domain_name': 'Default', 'project_id': '412baa3633524207884562c9c4ae15af', 'project_name': 'tempest-KeyPairsV2TestJSON-1012105590', 'tenant_id': '412baa3633524207884562c9c4ae15af', 'tenant_name': 'tempest-KeyPairsV2TestJSON-1012105590', 'user_domain_id': 'default', 'user_domain_name': 'Default', 'user_id': 'fdb52e5ea03c4bf0933bf7d2d5155b8c', 'system': None}, Network: None, Subnet: None, Router: None
2024-09-30 19:39:27.808 62215 INFO tempest.lib.common.dynamic_creds [-] Created isolated network resources for: credentials: Credentials: {'domain_id': 'default', 'domain_name': 'Default', 'username': 'tempest-KeyPairsV2TestJSON-1012105590-project-member', 'project_domain_id': 'default', 'project_domain_name': 'Default', 'project_id': '412baa3633524207884562c9c4ae15af', 'project_name': 'tempest-KeyPairsV2TestJSON-1012105590', 'tenant_id': '412baa3633524207884562c9c4ae15af', 'tenant_name': 'tempest-KeyPairsV2TestJSON-1012105590', 'user_domain_id': 'default', 'user_domain_name': 'Default', 'user_id': 'fdb52e5ea03c4bf0933bf7d2d5155b8c', 'system': None}, Network: None, Subnet: None, Router: None
2024-09-30 19:39:27.956 62215 INFO tempest.lib.common.rest_client [req-d986dd14-37fc-4443-96ba-e53394783e8b req-d986dd14-37fc-4443-96ba-e53394783e8b ] Request (KeyPairsV2TestJSON:setUpClass): 201 POST http://10.180.1.21/identity/v3/auth/tokens 0.143s
2024-09-30 19:39:27.974 62209 INFO tempest.lib.common.rest_client [req-00128748-422a-4a0d-8b11-4fee5cfd839a req-00128748-422a-4a0d-8b11-4fee5cfd839a ] Request (QuotasAdminTestV236:tearDownClass): 200 GET http://10.180.1.21:9696/networking/v2.0/security-groups?tenant_id=a6969ee3bd144e97b09ff647a1aa93ad&name=default 0.795s
2024-09-30 19:39:28.241 62239 INFO tempest.lib.common.rest_client [req-a64b61a1-f61c-45d8-851a-056752dcfc85 req-a64b61a1-f61c-45d8-851a-056752dcfc85 ] Request (VolumesAdminNegativeTest:test_update_attached_volume_with_nonexistent_volume_in_body): 201 POST http://10.180.1.21:9696/networking/v2.0/floatingips 1.775s
2024-09-30 19:39:28.287 62243 INFO tempest.lib.common.rest_client [req-366bea13-7e02-4c19-8275-fe79d53d463f req-366bea13-7e02-4c19-8275-fe79d53d463f ] Request (HypervisorAdminNegativeUnderV252Test:tearDownClass): 200 GET http://10.180.1.21:9696/networking/v2.0/security-groups?tenant_id=ce12ba32944d49f984d39c2a75de9fa1&name=default 0.507s
2024-09-30 19:39:28.321 62239 INFO tempest.lib.common.rest_client [req-24cea354-fdee-452a-809e-197c100ab0b2 req-24cea354-fdee-452a-809e-197c100ab0b2 ] Request (VolumesAdminNegativeTest:test_update_attached_volume_with_nonexistent_volume_in_body): 201 POST http://10.180.1.21/identity/v3/auth/tokens 0.076s
2024-09-30 19:39:28.321 62239 INFO tempest.lib.common.fixed_network [-] (VolumesAdminNegativeTest:test_update_attached_volume_with_nonexistent_volume_in_body) Found network {'id': '04498317-5b18-4337-b147-8a0238f65935', 'name': 'tempest-VolumesAdminNegativeTest-1757904815-network', 'tenant_id': '1d688198340b406aa93955c2c8668d49', 'admin_state_up': True, 'mtu': 8950, 'status': 'ACTIVE', 'subnets': [], 'shared': False, 'project_id': '1d688198340b406aa93955c2c8668d49', 'port_security_enabled': True, 'router:external': False, 'provider:network_type': 'vlan', 'provider:physical_network': 'default', 'provider:segmentation_id': 27, 'is_default': False, 'availability_zone_hints': [], 'availability_zones': [], 'ipv4_address_scope': None, 'ipv6_address_scope': None, 'description': '', 'tags': [], 'created_at': '2024-09-30T19:39:07Z', 'updated_at': '2024-09-30T19:39:07Z', 'revision_number': 1} available for tenant
2024-09-30 19:39:28.374 62209 INFO tempest.lib.common.rest_client [req-1217eb9b-a36e-4d6f-8d4e-b78429e12fcc req-1217eb9b-a36e-4d6f-8d4e-b78429e12fcc ] Request (QuotasAdminTestV236:tearDownClass): 204 DELETE http://10.180.1.21:9696/networking/v2.0/security-groups/6188404c-769c-4d03-9ef7-ebbb0b1277f3 0.400s
2024-09-30 19:39:28.413 62191 INFO tempest.lib.common.rest_client [req-ccb7f760-0264-403a-b715-2b0c80be6acd req-ccb7f760-0264-403a-b715-2b0c80be6acd ] Request (ImagesDeleteNegativeTestJSON:tearDownClass): 200 GET http://10.180.1.21:9696/networking/v2.0/security-groups?tenant_id=259a74ded871450996f216c6c8486be1&name=default 0.649s
2024-09-30 19:39:28.431 62253 INFO tempest.lib.common.rest_client [req-a7ff681f-71f0-4ca3-9fe7-fa3fd8e56778 req-a7ff681f-71f0-4ca3-9fe7-fa3fd8e56778 ] Request (SecurityGroupRulesTestJSON:test_security_group_rules_create_with_optional_cidr): 200 POST http://10.180.1.21/compute/v2.1/os-security-group-rules 1.928s
2024-09-30 19:39:28.454 62209 INFO tempest.lib.common.rest_client [req-ccfa35d0-a2ef-46dd-887d-3b62cda4159e req-ccfa35d0-a2ef-46dd-887d-3b62cda4159e ] Request (QuotasAdminTestV236:tearDownClass): 204 DELETE http://10.180.1.21/identity/v3/projects/a6969ee3bd144e97b09ff647a1aa93ad 0.079s
2024-09-30 19:39:28.455 62209 INFO tempest.lib.common.dynamic_creds [-] Deleting project and security group for project: 5bfe5fa93f494f3b951b8667f27a6bef
2024-09-30 19:39:28.607 62201 INFO tempest.lib.common.rest_client [req-486a77a3-0578-47dc-9b74-f8c538c19ccb req-486a77a3-0578-47dc-9b74-f8c538c19ccb ] Request (QuotasTestJSON:test_compare_tenant_quotas_with_default_quotas): 200 GET http://10.180.1.21/compute/v2.1/os-quota-sets/6184e192d63841658ed50506f0fca47a/defaults 1.733s
2024-09-30 19:39:28.613 62195 INFO tempest.lib.common.rest_client [req-53490645-7932-4cf1-a0db-6501493c2b38 req-53490645-7932-4cf1-a0db-6501493c2b38 ] Request (ServersTestJSON:setUpClass): 201 POST http://10.180.1.21:9696/networking/v2.0/routers 2.381s
2024-09-30 19:39:28.628 62243 INFO tempest.lib.common.rest_client [req-caaf54cf-2c7d-4eb0-a500-b60792598808 req-caaf54cf-2c7d-4eb0-a500-b60792598808 ] Request (HypervisorAdminNegativeUnderV252Test:tearDownClass): 204 DELETE http://10.180.1.21:9696/networking/v2.0/security-groups/7a4b5572-ddd3-437c-b3ec-95bc56ed2b8f 0.340s
2024-09-30 19:39:28.729 62243 INFO tempest.lib.common.rest_client [req-e44eb318-3408-4f2f-a055-331347e616a8 req-e44eb318-3408-4f2f-a055-331347e616a8 ] Request (HypervisorAdminNegativeUnderV252Test:tearDownClass): 204 DELETE http://10.180.1.21/identity/v3/projects/ce12ba32944d49f984d39c2a75de9fa1 0.100s
2024-09-30 19:39:28.729 62243 INFO tempest.lib.common.dynamic_creds [-] Deleting project and security group for project: 9910fb983f1b41dcb1589825ec8f6ff9
2024-09-30 19:39:28.765 62209 INFO tempest.lib.common.rest_client [req-f6fcac61-6f62-4640-a3d9-0873ae761534 req-f6fcac61-6f62-4640-a3d9-0873ae761534 ] Request (QuotasAdminTestV236:tearDownClass): 200 GET http://10.180.1.21:9696/networking/v2.0/security-groups?tenant_id=5bfe5fa93f494f3b951b8667f27a6bef&name=default 0.310s
2024-09-30 19:39:28.856 62205 INFO tempest.lib.common.rest_client [req-3c772c53-ce7e-4d27-8d88-a2c1c6004bc3 req-3c772c53-ce7e-4d27-8d88-a2c1c6004bc3 ] Request (ImagesNegativeTestJSON:setUpClass): 201 POST http://10.180.1.21:9696/networking/v2.0/routers 2.574s
2024-09-30 19:39:28.930 62191 INFO tempest.lib.common.rest_client [req-2e02e2e5-c170-45f2-aac5-64de3fc3acf0 req-2e02e2e5-c170-45f2-aac5-64de3fc3acf0 ] Request (ImagesDeleteNegativeTestJSON:tearDownClass): 204 DELETE http://10.180.1.21:9696/networking/v2.0/security-groups/d730ae40-82b9-498c-b666-7ab25486bf06 0.516s
2024-09-30 19:39:29.048 62191 INFO tempest.lib.common.rest_client [req-539e8fb7-b815-429f-be02-549242e8e34f req-539e8fb7-b815-429f-be02-549242e8e34f ] Request (ImagesDeleteNegativeTestJSON:tearDownClass): 204 DELETE http://10.180.1.21/identity/v3/projects/259a74ded871450996f216c6c8486be1 0.117s
2024-09-30 19:39:29.126 62191 INFO tempest.lib.common.rest_client [req-c9d6266f-01f6-4006-9fed-38e7756a5cfd req-c9d6266f-01f6-4006-9fed-38e7756a5cfd ] Request (AttachInterfacesUnderV243Test:setUpClass): 201 POST http://10.180.1.21/identity/v3/auth/tokens 0.077s
2024-09-30 19:39:29.166 62191 INFO tempest.lib.common.rest_client [req-d783c686-2fa7-4044-9e48-62285207e85b req-d783c686-2fa7-4044-9e48-62285207e85b ] Request (AttachInterfacesUnderV243Test:setUpClass): 201 POST http://10.180.1.21/identity/v3/auth/tokens 0.035s
2024-09-30 19:39:29.192 62191 INFO tempest.lib.common.rest_client [req-4501f710-f801-4508-afc4-a9036caa1287 req-4501f710-f801-4508-afc4-a9036caa1287 ] Request (AttachInterfacesUnderV243Test:setUpClass): 200 GET http://10.180.1.21/identity/v3/domains?name=Default 0.026s
2024-09-30 19:39:29.222 62191 INFO tempest.lib.common.rest_client [req-00d9fa07-6265-4fd7-86cd-28025785a278 req-00d9fa07-6265-4fd7-86cd-28025785a278 ] Request (AttachInterfacesUnderV243Test:setUpClass): 201 POST http://10.180.1.21/identity/v3/projects 0.029s
2024-09-30 19:39:29.289 62191 INFO tempest.lib.common.rest_client [req-51c31444-d65d-4170-a537-0172ff73d573 req-51c31444-d65d-4170-a537-0172ff73d573 ] Request (AttachInterfacesUnderV243Test:setUpClass): 201 POST http://10.180.1.21/identity/v3/users 0.066s
2024-09-30 19:39:29.301 62243 INFO tempest.lib.common.rest_client [req-a2f4af85-e4a6-41c2-bbe6-2cbfa71129a6 req-a2f4af85-e4a6-41c2-bbe6-2cbfa71129a6 ] Request (HypervisorAdminNegativeUnderV252Test:tearDownClass): 200 GET http://10.180.1.21:9696/networking/v2.0/security-groups?tenant_id=9910fb983f1b41dcb1589825ec8f6ff9&name=default 0.571s
2024-09-30 19:39:29.318 62191 INFO tempest.lib.common.rest_client [req-86cd9545-6516-4b44-8e39-59b78ac15479 req-86cd9545-6516-4b44-8e39-59b78ac15479 ] Request (AttachInterfacesUnderV243Test:setUpClass): 200 GET http://10.180.1.21/identity/v3/roles 0.028s
2024-09-30 19:39:29.336 62249 INFO tempest.lib.common.rest_client [req-f3526822-9691-486a-98e1-4217521b74a7 req-f3526822-9691-486a-98e1-4217521b74a7 ] Request (FloatingIPsTestJSON:test_delete_floating_ip): 200 POST http://10.180.1.21/compute/v2.1/os-floating-ips 2.575s
2024-09-30 19:39:29.346 62209 INFO tempest.lib.common.rest_client [req-341e0d47-aadb-4a50-8283-898a375b04d5 req-341e0d47-aadb-4a50-8283-898a375b04d5 ] Request (QuotasAdminTestV236:tearDownClass): 204 DELETE http://10.180.1.21:9696/networking/v2.0/security-groups/4582a228-ce66-4f44-8790-c4b33a33984e 0.581s
2024-09-30 19:39:29.360 62191 INFO tempest.lib.common.rest_client [req-5b9eed2f-fc9d-41f5-8fc8-9c51685f8d7c req-5b9eed2f-fc9d-41f5-8fc8-9c51685f8d7c ] Request (AttachInterfacesUnderV243Test:setUpClass): 204 PUT http://10.180.1.21/identity/v3/projects/524360c83939451393a07b6ee703d390/users/4a8b1e27ae4c4a91a3c116ffef52edbe/roles/58ca00245de14d158e927561b27bd523 0.042s
2024-09-30 19:39:29.360 62191 INFO tempest.lib.common.dynamic_creds [-] Dynamic test user 4a8b1e27ae4c4a91a3c116ffef52edbe is created with scope project and roles: ['member']
2024-09-30 19:39:29.360 62191 INFO tempest.lib.common.dynamic_creds [-] Acquired dynamic creds: credentials: Credentials: {'domain_id': 'default', 'domain_name': 'Default', 'username': 'tempest-AttachInterfacesUnderV243Test-1173980928-project-member', 'project_domain_id': 'default', 'project_domain_name': 'Default', 'project_id': '524360c83939451393a07b6ee703d390', 'project_name': 'tempest-AttachInterfacesUnderV243Test-1173980928', 'tenant_id': '524360c83939451393a07b6ee703d390', 'tenant_name': 'tempest-AttachInterfacesUnderV243Test-1173980928', 'user_domain_id': 'default', 'user_domain_name': 'Default', 'user_id': '4a8b1e27ae4c4a91a3c116ffef52edbe', 'system': None}, Network: None, Subnet: None, Router: None
2024-09-30 19:39:29.427 62191 INFO tempest.lib.common.rest_client [req-a766737b-8f55-4fb3-b007-1bcf0803a018 req-a766737b-8f55-4fb3-b007-1bcf0803a018 ] Request (AttachInterfacesUnderV243Test:setUpClass): 201 POST http://10.180.1.21/identity/v3/auth/tokens 0.067s
2024-09-30 19:39:29.436 62248 INFO tempest.lib.common.rest_client [req-16a61129-941e-49ce-aac3-5da06cf48126 req-16a61129-941e-49ce-aac3-5da06cf48126 ] Request (MultipleCreateTestJSON:test_multiple_create): 200 GET http://10.180.1.21/compute/v2.1/servers/a6942e88-4f88-4f73-8781-0f3fc833c6f3 2.399s
2024-09-30 19:39:29.462 62209 INFO tempest.lib.common.rest_client [req-a9133255-2859-4a55-bff9-0df5425aa996 req-a9133255-2859-4a55-bff9-0df5425aa996 ] Request (QuotasAdminTestV236:tearDownClass): 204 DELETE http://10.180.1.21/identity/v3/projects/5bfe5fa93f494f3b951b8667f27a6bef 0.115s
2024-09-30 19:39:29.528 62209 INFO tempest.lib.common.rest_client [req-e4f47d7f-b6db-401c-874c-165bfb2cd791 req-e4f47d7f-b6db-401c-874c-165bfb2cd791 ] Request (ListServerFiltersTestJSON:setUpClass): 201 POST http://10.180.1.21/identity/v3/auth/tokens 0.065s
2024-09-30 19:39:29.557 62209 INFO tempest.lib.common.rest_client [req-92b96bf7-5ce3-48ea-98bd-79a637d863fc req-92b96bf7-5ce3-48ea-98bd-79a637d863fc ] Request (ListServerFiltersTestJSON:setUpClass): 201 POST http://10.180.1.21/identity/v3/auth/tokens 0.027s
2024-09-30 19:39:29.576 62209 INFO tempest.lib.common.rest_client [req-93fa3fa0-6f5f-4953-902f-770117d4f8a2 req-93fa3fa0-6f5f-4953-902f-770117d4f8a2 ] Request (ListServerFiltersTestJSON:setUpClass): 200 GET http://10.180.1.21/identity/v3/domains?name=Default 0.019s
2024-09-30 19:39:29.588 62243 INFO tempest.lib.common.rest_client [req-137f20e1-8156-48a4-b481-8bb888b3db3b req-137f20e1-8156-48a4-b481-8bb888b3db3b ] Request (HypervisorAdminNegativeUnderV252Test:tearDownClass): 204 DELETE http://10.180.1.21:9696/networking/v2.0/security-groups/ba8cd4f2-7b5a-4245-9dcf-40808c78b8c1 0.286s
2024-09-30 19:39:29.607 62209 INFO tempest.lib.common.rest_client [req-186fa721-3669-4b43-8c01-2bdc573522c7 req-186fa721-3669-4b43-8c01-2bdc573522c7 ] Request (ListServerFiltersTestJSON:setUpClass): 201 POST http://10.180.1.21/identity/v3/projects 0.030s
2024-09-30 19:39:29.659 62243 INFO tempest.lib.common.rest_client [req-507ade2e-0f03-4d76-8bea-cc8667a0af2e req-507ade2e-0f03-4d76-8bea-cc8667a0af2e ] Request (HypervisorAdminNegativeUnderV252Test:tearDownClass): 204 DELETE http://10.180.1.21/identity/v3/projects/9910fb983f1b41dcb1589825ec8f6ff9 0.071s
2024-09-30 19:39:29.692 62243 INFO tempest.lib.common.rest_client [req-1a3d31db-d2f7-4b3c-a5cd-fea077f1281f req-1a3d31db-d2f7-4b3c-a5cd-fea077f1281f ] Request (ListImagesTestJSON:setUpClass): 201 POST http://10.180.1.21/identity/v3/auth/tokens 0.028s
2024-09-30 19:39:29.709 62209 INFO tempest.lib.common.rest_client [req-0d46daa9-b084-40ca-9266-65aae35aac43 req-0d46daa9-b084-40ca-9266-65aae35aac43 ] Request (ListServerFiltersTestJSON:setUpClass): 201 POST http://10.180.1.21/identity/v3/users 0.101s
2024-09-30 19:39:29.733 62243 INFO tempest.lib.common.rest_client [req-7ae43a9c-b604-489a-a532-5cb0e7c7c2f9 req-7ae43a9c-b604-489a-a532-5cb0e7c7c2f9 ] Request (ListImagesTestJSON:setUpClass): 201 POST http://10.180.1.21/identity/v3/auth/tokens 0.036s
2024-09-30 19:39:29.734 62209 INFO tempest.lib.common.rest_client [req-bdad91cb-664b-415f-ae9a-b2a4f8056dda req-bdad91cb-664b-415f-ae9a-b2a4f8056dda ] Request (ListServerFiltersTestJSON:setUpClass): 200 GET http://10.180.1.21/identity/v3/roles 0.025s
2024-09-30 19:39:29.756 62243 INFO tempest.lib.common.rest_client [req-621ee845-f3c8-4c88-9b45-bfcc6cdb35cf req-621ee845-f3c8-4c88-9b45-bfcc6cdb35cf ] Request (ListImagesTestJSON:setUpClass): 200 GET http://10.180.1.21/identity/v3/domains?name=Default 0.023s
2024-09-30 19:39:29.763 62209 INFO tempest.lib.common.rest_client [req-134f5776-a32f-49a0-bdd0-feba1e16ee41 req-134f5776-a32f-49a0-bdd0-feba1e16ee41 ] Request (ListServerFiltersTestJSON:setUpClass): 204 PUT http://10.180.1.21/identity/v3/projects/17ecb460c3024a39bfe021edcfe1749d/users/d5bab22fb0d8466a8ca50191838b37f8/roles/58ca00245de14d158e927561b27bd523 0.028s
2024-09-30 19:39:29.763 62209 INFO tempest.lib.common.dynamic_creds [-] Dynamic test user d5bab22fb0d8466a8ca50191838b37f8 is created with scope project and roles: ['member']
2024-09-30 19:39:29.764 62209 INFO tempest.lib.common.dynamic_creds [-] Acquired dynamic creds: credentials: Credentials: {'domain_id': 'default', 'domain_name': 'Default', 'username': 'tempest-ListServerFiltersTestJSON-1599780681-project-member', 'project_domain_id': 'default', 'project_domain_name': 'Default', 'project_id': '17ecb460c3024a39bfe021edcfe1749d', 'project_name': 'tempest-ListServerFiltersTestJSON-1599780681', 'tenant_id': '17ecb460c3024a39bfe021edcfe1749d', 'tenant_name': 'tempest-ListServerFiltersTestJSON-1599780681', 'user_domain_id': 'default', 'user_domain_name': 'Default', 'user_id': 'd5bab22fb0d8466a8ca50191838b37f8', 'system': None}, Network: None, Subnet: None, Router: None
2024-09-30 19:39:29.774 62229 INFO tempest.lib.common.rest_client [req-c25e1e3a-d825-499e-97db-6e4fb8d8c69f req-c25e1e3a-d825-499e-97db-6e4fb8d8c69f ] Request (SecurityGroupsTestAdminJSON:_run_cleanups): 202 DELETE http://10.180.1.21/compute/v2.1/os-security-groups/abec09cc-258e-4815-916a-edbd36a778d3 2.608s
2024-09-30 19:39:29.826 62209 INFO tempest.lib.common.rest_client [req-19680d49-d59e-443a-8898-9ef7bb95f47d req-19680d49-d59e-443a-8898-9ef7bb95f47d ] Request (ListServerFiltersTestJSON:setUpClass): 201 POST http://10.180.1.21/identity/v3/auth/tokens 0.062s
2024-09-30 19:39:29.840 62243 INFO tempest.lib.common.rest_client [req-c5a9e46f-3ca3-4b29-80fd-bc2375e505a4 req-c5a9e46f-3ca3-4b29-80fd-bc2375e505a4 ] Request (ListImagesTestJSON:setUpClass): 201 POST http://10.180.1.21/identity/v3/projects 0.084s
2024-09-30 19:39:29.962 62229 INFO tempest.lib.common.rest_client [req-4e9b9b7c-2120-490e-b9f0-998079e3f443 req-4e9b9b7c-2120-490e-b9f0-998079e3f443 ] Request (SecurityGroupsTestAdminJSON:tearDownClass): 204 DELETE http://10.180.1.21/identity/v3/users/1f344b0aa5c54a4d9fac85c2d88781b1 0.186s
2024-09-30 19:39:29.979 62207 INFO tempest.lib.common.rest_client [req-bff6a835-707b-489b-bb67-ed3f492ba744 req-bff6a835-707b-489b-bb67-ed3f492ba744 ] Request (AttachVolumeTestJSON:test_attach_detach_volume): 202 POST http://10.180.1.21/compute/v2.1/servers 3.014s
2024-09-30 19:39:30.009 62191 INFO tempest.lib.common.rest_client [req-8df18e2f-f182-42e2-a474-ecdf639d8ddf req-8df18e2f-f182-42e2-a474-ecdf639d8ddf ] Request (AttachInterfacesUnderV243Test:setUpClass): 201 POST http://10.180.1.21:9696/networking/v2.0/networks 0.581s
2024-09-30 19:39:30.023 62233 INFO tempest.lib.common.rest_client [req-3ca781f9-0b6d-4132-b1a5-3b3b0e00bebc req-3ca781f9-0b6d-4132-b1a5-3b3b0e00bebc ] Request (FlavorsAccessNegativeTestJSON:_run_cleanups): 200 POST http://10.180.1.21/compute/v2.1/flavors/2078717520/action 2.763s
2024-09-30 19:39:30.060 62223 INFO tempest.lib.common.rest_client [req-12389dd4-9dc0-448b-b646-d5095b4d5bbb req-12389dd4-9dc0-448b-b646-d5095b4d5bbb ] Request (AggregatesAdminNegativeTestJSON:test_aggregate_delete_as_user): 200 POST http://10.180.1.21/compute/v2.1/os-aggregates 2.767s
2024-09-30 19:39:30.077 62231 INFO tempest.lib.common.rest_client [req-fd48fb34-bffa-4fd7-a394-ee42e80d0a85 req-fd48fb34-bffa-4fd7-a394-ee42e80d0a85 ] Request (HostsAdminNegativeTestJSON:test_shutdown_nonexistent_host): 404 GET http://10.180.1.21/compute/v2.1/os-hosts/nonexistent_hostname/shutdown 2.778s
2024-09-30 19:39:30.096 62193 INFO tempest.lib.common.rest_client [req-30181ddd-9611-4dfc-be42-ee91453ec965 req-30181ddd-9611-4dfc-be42-ee91453ec965 ] Request (KeyPairsV22TestJSON:_run_cleanups): 204 DELETE http://10.180.1.21/compute/v2.1/os-keypairs/tempest-keypair-1370125560 2.757s
2024-09-30 19:39:30.097 62243 INFO tempest.lib.common.rest_client [req-a7a5797c-8201-430d-aa5c-70e66e05b31d req-a7a5797c-8201-430d-aa5c-70e66e05b31d ] Request (ListImagesTestJSON:setUpClass): 201 POST http://10.180.1.21/identity/v3/users 0.256s
2024-09-30 19:39:30.172 62229 INFO tempest.lib.common.rest_client [req-a31167f2-381f-43b7-afaa-3c6893076d46 req-a31167f2-381f-43b7-afaa-3c6893076d46 ] Request (SecurityGroupsTestAdminJSON:tearDownClass): 204 DELETE http://10.180.1.21/identity/v3/users/96bd0e07c0ea4357906e7381a603cf6f 0.210s
2024-09-30 19:39:30.172 62229 INFO tempest.lib.common.dynamic_creds [-] Deleting project and security group for project: a65619a887e64701a2be50845187fa89
2024-09-30 19:39:30.225 62243 INFO tempest.lib.common.rest_client [req-0f5a1c6c-4487-4420-9a22-e2a52f419cb9 req-0f5a1c6c-4487-4420-9a22-e2a52f419cb9 ] Request (ListImagesTestJSON:setUpClass): 200 GET http://10.180.1.21/identity/v3/roles 0.127s
2024-09-30 19:39:30.254 62229 INFO tempest.lib.common.rest_client [req-1402cb39-fdd6-46a1-b36e-669535e53313 req-1402cb39-fdd6-46a1-b36e-669535e53313 ] Request (SecurityGroupsTestAdminJSON:tearDownClass): 201 POST http://10.180.1.21/identity/v3/auth/tokens 0.081s
2024-09-30 19:39:30.261 62213 INFO tempest.lib.common.rest_client [req-1ffc3cd5-f88e-4887-be9b-3a68b63811dc req-1ffc3cd5-f88e-4887-be9b-3a68b63811dc ] Request (FlavorsAdminTestJSON:test_create_list_flavor_without_extra_data): 200 GET http://10.180.1.21/compute/v2.1/flavors/detail 2.987s
2024-09-30 19:39:30.273 62251 INFO tempest.lib.common.rest_client [req-478c6a4f-50ef-4624-8a60-7f6609b2d9e6 req-478c6a4f-50ef-4624-8a60-7f6609b2d9e6 ] Request (MigrationsAdminTest:test_resize_server_revert_deleted_flavor): 200 GET http://10.180.1.21/compute/v2.1/flavors/42/os-extra_specs 2.832s
2024-09-30 19:39:30.297 62243 INFO tempest.lib.common.rest_client [req-3364ea4f-cab8-484b-83e7-0ea97a151353 req-3364ea4f-cab8-484b-83e7-0ea97a151353 ] Request (ListImagesTestJSON:setUpClass): 204 PUT http://10.180.1.21/identity/v3/projects/5985097d99144ed69c3459873297d4b9/users/e728fee50fdb4c18b68191c7cc8b491e/roles/58ca00245de14d158e927561b27bd523 0.071s
2024-09-30 19:39:30.298 62243 INFO tempest.lib.common.dynamic_creds [-] Dynamic test user e728fee50fdb4c18b68191c7cc8b491e is created with scope project and roles: ['member']
2024-09-30 19:39:30.298 62243 INFO tempest.lib.common.dynamic_creds [-] Acquired dynamic creds: credentials: Credentials: {'domain_id': 'default', 'domain_name': 'Default', 'username': 'tempest-ListImagesTestJSON-764478081-project-member', 'project_domain_id': 'default', 'project_domain_name': 'Default', 'project_id': '5985097d99144ed69c3459873297d4b9', 'project_name': 'tempest-ListImagesTestJSON-764478081', 'tenant_id': '5985097d99144ed69c3459873297d4b9', 'tenant_name': 'tempest-ListImagesTestJSON-764478081', 'user_domain_id': 'default', 'user_domain_name': 'Default', 'user_id': 'e728fee50fdb4c18b68191c7cc8b491e', 'system': None}, Network: None, Subnet: None, Router: None
2024-09-30 19:39:30.298 62243 INFO tempest.lib.common.dynamic_creds [-] Created isolated network resources for: credentials: Credentials: {'domain_id': 'default', 'domain_name': 'Default', 'username': 'tempest-ListImagesTestJSON-764478081-project-member', 'project_domain_id': 'default', 'project_domain_name': 'Default', 'project_id': '5985097d99144ed69c3459873297d4b9', 'project_name': 'tempest-ListImagesTestJSON-764478081', 'tenant_id': '5985097d99144ed69c3459873297d4b9', 'tenant_name': 'tempest-ListImagesTestJSON-764478081', 'user_domain_id': 'default', 'user_domain_name': 'Default', 'user_id': 'e728fee50fdb4c18b68191c7cc8b491e', 'system': None}, Network: None, Subnet: None, Router: None
2024-09-30 19:39:30.351 62245 INFO tempest.lib.common.rest_client [req-fed0ff3e-5fcf-4b78-9fb0-10e3d8d47e2b req-fed0ff3e-5fcf-4b78-9fb0-10e3d8d47e2b ] Request (FloatingIPDetailsNegativeTestJSON:setUpClass): 201 POST http://10.180.1.21:9696/networking/v2.0/routers 3.136s
2024-09-30 19:39:30.391 62221 INFO tempest.lib.common.rest_client [req-c7b4b940-d2af-4299-b118-ecfffe1907e4 req-c7b4b940-d2af-4299-b118-ecfffe1907e4 ] Request (QuotasAdminNegativeTest:test_create_server_when_instances_quota_is_full): 200 GET http://10.180.1.21/compute/v2.1/os-quota-sets/483959814e3c46e89f286156161c9c21 2.968s
2024-09-30 19:39:30.444 62243 INFO tempest.lib.common.rest_client [req-f1a4172d-53f2-418f-bd3f-c8f04c3181c6 req-f1a4172d-53f2-418f-bd3f-c8f04c3181c6 ] Request (ListImagesTestJSON:setUpClass): 201 POST http://10.180.1.21/identity/v3/auth/tokens 0.142s
2024-09-30 19:39:30.477 62237 INFO tempest.lib.common.rest_client [req-0cc0ac30-8cc5-4502-bebb-1f62a87e90f9 req-0cc0ac30-8cc5-4502-bebb-1f62a87e90f9 ] Request (ServersTestFqdnHostnames:test_create_server_with_fqdn_name): 200 GET http://10.180.1.21/compute/v2.1/servers/e9958832-981d-454f-b8e2-7957c1c75b81 2.619s
2024-09-30 19:39:30.493 62229 INFO tempest.lib.common.rest_client [req-efa0f787-b234-4c36-8626-004de8187426 req-efa0f787-b234-4c36-8626-004de8187426 ] Request (SecurityGroupsTestAdminJSON:tearDownClass): 200 GET http://10.180.1.21:9696/networking/v2.0/security-groups?tenant_id=a65619a887e64701a2be50845187fa89&name=default 0.239s
2024-09-30 19:39:30.609 62215 INFO tempest.lib.common.rest_client [req-ee5058ec-9014-4aaa-80e7-47d263b3389c req-ee5058ec-9014-4aaa-80e7-47d263b3389c ] Request (KeyPairsV2TestJSON:test_get_keypair_detail): 200 POST http://10.180.1.21/compute/v2.1/os-keypairs 2.650s
2024-09-30 19:39:30.694 62217 INFO tempest.lib.common.rest_client [req-d2582114-51a5-4e9e-a6c1-9dbe04b7ae91 req-d2582114-51a5-4e9e-a6c1-9dbe04b7ae91 ] Request (ServerDiagnosticsNegativeTest:test_get_server_diagnostics_by_non_admin): 200 GET http://10.180.1.21/compute/v2.1/servers/828c436d-852a-4a00-9a1e-961308e9160b 2.644s
2024-09-30 19:39:30.752 62191 INFO tempest.lib.common.rest_client [req-6cd37fc3-1e2d-44d7-9318-0d6d2514dec0 req-6cd37fc3-1e2d-44d7-9318-0d6d2514dec0 ] Request (AttachInterfacesUnderV243Test:setUpClass): 201 POST http://10.180.1.21:9696/networking/v2.0/subnets 0.742s
2024-09-30 19:39:30.842 62209 INFO tempest.lib.common.rest_client [req-503fa61b-1a4f-4fc1-af7e-07175761af0f req-503fa61b-1a4f-4fc1-af7e-07175761af0f ] Request (ListServerFiltersTestJSON:setUpClass): 201 POST http://10.180.1.21:9696/networking/v2.0/networks 1.016s
2024-09-30 19:39:30.972 62229 INFO tempest.lib.common.rest_client [req-e04ce413-8537-46aa-a2a6-fcc43cc51f12 req-e04ce413-8537-46aa-a2a6-fcc43cc51f12 ] Request (SecurityGroupsTestAdminJSON:tearDownClass): 204 DELETE http://10.180.1.21:9696/networking/v2.0/security-groups/31ebc75a-c925-4ac3-8101-aa1adff780a2 0.479s
2024-09-30 19:39:31.041 62229 INFO tempest.lib.common.rest_client [req-62a72e1f-7bd4-4ef0-b349-b8f8f491286e req-62a72e1f-7bd4-4ef0-b349-b8f8f491286e ] Request (SecurityGroupsTestAdminJSON:tearDownClass): 204 DELETE http://10.180.1.21/identity/v3/projects/a65619a887e64701a2be50845187fa89 0.068s
2024-09-30 19:39:31.041 62229 INFO tempest.lib.common.dynamic_creds [-] Deleting project and security group for project: 9cc50d12a41f4570afc05aaa872ecb96
2024-09-30 19:39:31.141 62225 INFO tempest.lib.common.rest_client [req-105527fc-c10c-4b7b-b2cf-11704f2b9e3c req-105527fc-c10c-4b7b-b2cf-11704f2b9e3c ] Request (ServersWithSpecificFlavorTestJSON:test_verify_created_server_ephemeral_disk): 200 GET http://10.180.1.21/compute/v2.1/servers/8d7f242f-e02b-4a4f-9180-446994f9da3f 2.996s
2024-09-30 19:39:31.147 62225 INFO tempest.common.waiters [-] State transition "BUILD/networking" ==> "BUILD/spawning" after 10 second wait
2024-09-30 19:39:31.152 62195 INFO tempest.lib.common.rest_client [req-fc579860-a01d-42bb-bf76-743d9d033a39 req-fc579860-a01d-42bb-bf76-743d9d033a39 ] Request (ServersTestJSON:setUpClass): 200 PUT http://10.180.1.21:9696/networking/v2.0/routers/8edbae9c-d501-406c-912b-05d433770d2a/add_router_interface 2.539s
