2024-09-30 19:39:36.229 62245 INFO tempest.lib.common.rest_client [req-3b04da02-c49d-4a0b-8f88-89659a5a954d req-3b04da02-c49d-4a0b-8f88-89659a5a954d ] Request (FloatingIPDetailsNegativeTestJSON:tearDownClass): 204 DELETE http://10.180.1.21:9696/networking/v2.0/subnets/3eec18e8-7313-41ee-9c2c-1a9051cb759c 0.244s
2024-09-30 19:39:36.243 62243 INFO tempest.lib.common.rest_client [req-9b18dbb3-b86e-4a14-9f9e-05f26381dcb9 req-9b18dbb3-b86e-4a14-9f9e-05f26381dcb9 ] Request (ListImagesTestJSON:tearDownClass): 200 GET http://10.180.1.21:9696/networking/v2.0/security-groups?tenant_id=5985097d99144ed69c3459873297d4b9&name=default 0.327s
2024-09-30 19:39:36.252 62201 INFO tempest.lib.common.rest_client [req-638f8626-e350-48c4-b408-5ee9fc1cab33 req-638f8626-e350-48c4-b408-5ee9fc1cab33 ] Request (QuotasTestJSON:test_get_quotas): 200 GET http://10.180.1.21/compute/v2.1/os-quota-sets/6184e192d63841658ed50506f0fca47a?user_id=d6356680e1e3439fb7a287cf273254a4 1.186s
2024-09-30 19:39:36.337 62201 INFO tempest.lib.common.rest_client [req-27b13fd3-8245-4883-a2b1-daab27bbdf93 req-27b13fd3-8245-4883-a2b1-daab27bbdf93 ] Request (QuotasTestJSON:tearDownClass): 204 DELETE http://10.180.1.21/identity/v3/users/d6356680e1e3439fb7a287cf273254a4 0.078s
2024-09-30 19:39:36.337 62201 INFO tempest.lib.common.dynamic_creds [-] Deleting project and security group for project: 6184e192d63841658ed50506f0fca47a
2024-09-30 19:39:36.368 62233 INFO tempest.lib.common.rest_client [req-fd625eb7-86e4-4072-b6d6-5d5b76d3abd2 req-fd625eb7-86e4-4072-b6d6-5d5b76d3abd2 ] Request (FlavorsAccessNegativeTestJSON:test_remove_flavor_access_not_found): 404 POST http://10.180.1.21/compute/v2.1/flavors/36318363/action 1.282s
2024-09-30 19:39:36.402 62201 INFO tempest.lib.common.rest_client [req-458e737f-5b92-4a13-a1dd-ddb3b8ef4103 req-458e737f-5b92-4a13-a1dd-ddb3b8ef4103 ] Request (QuotasTestJSON:tearDownClass): 201 POST http://10.180.1.21/identity/v3/auth/tokens 0.064s
2024-09-30 19:39:36.443 62245 INFO tempest.lib.common.rest_client [req-3365ab92-2a18-4ba1-b803-ec5b149bec2e req-3365ab92-2a18-4ba1-b803-ec5b149bec2e ] Request (FloatingIPDetailsNegativeTestJSON:tearDownClass): 204 DELETE http://10.180.1.21:9696/networking/v2.0/networks/49b2849f-2491-4469-a141-ef2ff9a0434f 0.213s
2024-09-30 19:39:36.537 62245 INFO tempest.lib.common.rest_client [req-6c7331eb-03e4-4303-a1b3-33af3f2e20c8 req-6c7331eb-03e4-4303-a1b3-33af3f2e20c8 ] Request (FloatingIPDetailsNegativeTestJSON:tearDownClass): 204 DELETE http://10.180.1.21/identity/v3/users/350c7c4e49704294b96bbf7de5628c1d 0.093s
2024-09-30 19:39:36.538 62245 INFO tempest.lib.common.dynamic_creds [-] Deleting project and security group for project: 867626755c474ed984c1cdf7f4fdea22
2024-09-30 19:39:36.544 62191 INFO tempest.lib.common.rest_client [req-b5e334d3-8b26-4424-9cf6-5a1b5cc6d421 req-b5e334d3-8b26-4424-9cf6-5a1b5cc6d421 ] Request (ValidationResourcesFixture:setUp): 200 POST http://10.180.1.21/compute/v2.1/os-keypairs 1.454s
2024-09-30 19:39:36.563 62223 INFO tempest.lib.common.rest_client [req-91b2c0c8-5422-4181-8e47-c22b7aca01e8 req-91b2c0c8-5422-4181-8e47-c22b7aca01e8 ] Request (AggregatesAdminNegativeTestJSON:test_aggregate_get_details_as_user): 200 POST http://10.180.1.21/compute/v2.1/os-aggregates 1.470s
2024-09-30 19:39:36.569 62231 INFO tempest.lib.common.rest_client [req-3718ff5f-3192-4586-8672-add189313208 req-3718ff5f-3192-4586-8672-add189313208 ] Request (HostsAdminNegativeTestJSON:test_update_host_with_invalid_status): 400 PUT http://10.180.1.21/compute/v2.1/os-hosts/devstack 1.197s
2024-09-30 19:39:36.621 62201 INFO tempest.lib.common.rest_client [req-5f03a6be-74e2-4be2-9998-c1135b87af9f req-5f03a6be-74e2-4be2-9998-c1135b87af9f ] Request (QuotasTestJSON:tearDownClass): 200 GET http://10.180.1.21:9696/networking/v2.0/security-groups?tenant_id=6184e192d63841658ed50506f0fca47a&name=default 0.219s
2024-09-30 19:39:36.639 62243 INFO tempest.lib.common.rest_client [req-ae3585d9-59c4-4846-96d4-4a0ede9e74b4 req-ae3585d9-59c4-4846-96d4-4a0ede9e74b4 ] Request (ListImagesTestJSON:tearDownClass): 204 DELETE http://10.180.1.21:9696/networking/v2.0/security-groups/e5bbce31-2c28-4719-b283-96812d66f0e0 0.395s
2024-09-30 19:39:36.681 62245 INFO tempest.lib.common.rest_client [req-e2da849b-cb2e-4050-a5f1-8e2dd23a819c req-e2da849b-cb2e-4050-a5f1-8e2dd23a819c ] Request (FloatingIPDetailsNegativeTestJSON:tearDownClass): 200 GET http://10.180.1.21:9696/networking/v2.0/security-groups?tenant_id=867626755c474ed984c1cdf7f4fdea22&name=default 0.143s
2024-09-30 19:39:36.752 62243 INFO tempest.lib.common.rest_client [req-dd1f036e-23c5-45e7-b947-11b5244d0fac req-dd1f036e-23c5-45e7-b947-11b5244d0fac ] Request (ListImagesTestJSON:tearDownClass): 204 DELETE http://10.180.1.21/identity/v3/projects/5985097d99144ed69c3459873297d4b9 0.113s
2024-09-30 19:39:36.772 62191 INFO tempest.lib.common.rest_client [req-9aff866d-07f0-41f9-bec4-47d446741cd3 req-9aff866d-07f0-41f9-bec4-47d446741cd3 ] Request (ValidationResourcesFixture:setUp): 201 POST http://10.180.1.21:9696/networking/v2.0/security-groups 0.225s
2024-09-30 19:39:36.815 62243 INFO tempest.lib.common.rest_client [req-f18c489c-9fa6-499d-865b-cef582bd46e5 req-f18c489c-9fa6-499d-865b-cef582bd46e5 ] Request (InstanceActionsV221TestJSON:setUpClass): 201 POST http://10.180.1.21/identity/v3/auth/tokens 0.061s
2024-09-30 19:39:36.861 62243 INFO tempest.lib.common.rest_client [req-47b0e73c-67d7-4d89-b3e0-ee11b9bf4b12 req-47b0e73c-67d7-4d89-b3e0-ee11b9bf4b12 ] Request (InstanceActionsV221TestJSON:setUpClass): 201 POST http://10.180.1.21/identity/v3/auth/tokens 0.040s
2024-09-30 19:39:36.888 62245 INFO tempest.lib.common.rest_client [req-c538b5b4-a5a6-478b-8356-665106ac174f req-c538b5b4-a5a6-478b-8356-665106ac174f ] Request (FloatingIPDetailsNegativeTestJSON:tearDownClass): 204 DELETE http://10.180.1.21:9696/networking/v2.0/security-groups/597ab310-331d-4fc5-8c0a-5a04c076428d 0.206s
2024-09-30 19:39:36.901 62243 INFO tempest.lib.common.rest_client [req-0a2639b7-dfb7-4019-8fa6-1b9516a91374 req-0a2639b7-dfb7-4019-8fa6-1b9516a91374 ] Request (InstanceActionsV221TestJSON:setUpClass): 200 GET http://10.180.1.21/identity/v3/domains?name=Default 0.040s
2024-09-30 19:39:36.950 62243 INFO tempest.lib.common.rest_client [req-c100c822-1a68-4aca-82d3-98dbcc577b34 req-c100c822-1a68-4aca-82d3-98dbcc577b34 ] Request (InstanceActionsV221TestJSON:setUpClass): 201 POST http://10.180.1.21/identity/v3/projects 0.048s
2024-09-30 19:39:36.950 62209 INFO tempest.lib.common.rest_client [req-ef5feedc-a11d-48ed-8ab4-997e4e4a8f12 req-ef5feedc-a11d-48ed-8ab4-997e4e4a8f12 ] Request (ListServerFiltersTestJSON:setUpClass): 202 POST http://10.180.1.21/compute/v2.1/servers 1.530s
2024-09-30 19:39:36.968 62213 INFO tempest.lib.common.rest_client [req-94964d89-7336-4c9f-bb56-42b67dc7a611 req-94964d89-7336-4c9f-bb56-42b67dc7a611 ] Request (FlavorsAdminTestJSON:test_create_server_with_non_public_flavor): 400 POST http://10.180.1.21/compute/v2.1/servers 1.518s
2024-09-30 19:39:36.979 62245 INFO tempest.lib.common.rest_client [req-1158c511-abca-4619-976f-246ae1a9d82e req-1158c511-abca-4619-976f-246ae1a9d82e ] Request (FloatingIPDetailsNegativeTestJSON:tearDownClass): 204 DELETE http://10.180.1.21/identity/v3/projects/867626755c474ed984c1cdf7f4fdea22 0.091s
2024-09-30 19:39:36.985 62193 INFO tempest.lib.common.rest_client [req-40c4d8af-9816-4431-a2eb-1ce23dd3a7d1 req-40c4d8af-9816-4431-a2eb-1ce23dd3a7d1 ] Request (KeyPairsV22TestJSON:test_keypairs_create_list_delete): 200 GET http://10.180.1.21/compute/v2.1/os-keypairs 1.496s
2024-09-30 19:39:36.986 62201 INFO tempest.lib.common.rest_client [req-a7f033cc-c794-4784-899b-2cce869b4a6a req-a7f033cc-c794-4784-899b-2cce869b4a6a ] Request (QuotasTestJSON:tearDownClass): 204 DELETE http://10.180.1.21:9696/networking/v2.0/security-groups/c70f35d6-29df-411e-abf8-121d029b49a2 0.361s
2024-09-30 19:39:37.001 62195 INFO tempest.lib.common.rest_client [req-2b8c7c77-3bde-420e-9baf-15e9ef541c30 req-2b8c7c77-3bde-420e-9baf-15e9ef541c30 ] Request (ServersTestJSON:setUpClass): 202 POST http://10.180.1.21/compute/v2.1/servers 2.281s
2024-09-30 19:39:37.036 62243 INFO tempest.lib.common.rest_client [req-b0d244e1-70fc-49e9-9115-af9285af3e4e req-b0d244e1-70fc-49e9-9115-af9285af3e4e ] Request (InstanceActionsV221TestJSON:setUpClass): 201 POST http://10.180.1.21/identity/v3/users 0.085s
2024-09-30 19:39:37.076 62245 INFO tempest.lib.common.rest_client [req-e4f62b45-7054-47e1-b68e-d207107024dc req-e4f62b45-7054-47e1-b68e-d207107024dc ] Request (ImagesMetadataTestJSON:setUpClass): 201 POST http://10.180.1.21/identity/v3/auth/tokens 0.090s
2024-09-30 19:39:37.094 62243 INFO tempest.lib.common.rest_client [req-438ab575-75dc-429d-aafe-a28300a3842d req-438ab575-75dc-429d-aafe-a28300a3842d ] Request (InstanceActionsV221TestJSON:setUpClass): 200 GET http://10.180.1.21/identity/v3/roles 0.057s
2024-09-30 19:39:37.115 62253 INFO tempest.lib.common.rest_client [req-1e5622ea-bd0e-40de-a8f4-f018df15dabc req-1e5622ea-bd0e-40de-a8f4-f018df15dabc ] Request (SecurityGroupRulesTestJSON:test_security_group_rules_delete_when_peer_group_deleted): 200 POST http://10.180.1.21/compute/v2.1/os-security-groups 1.503s
2024-09-30 19:39:37.117 62201 INFO tempest.lib.common.rest_client [req-a6efabe2-18a8-4890-85c1-2913831b93c6 req-a6efabe2-18a8-4890-85c1-2913831b93c6 ] Request (QuotasTestJSON:tearDownClass): 204 DELETE http://10.180.1.21/identity/v3/projects/6184e192d63841658ed50506f0fca47a 0.129s
2024-09-30 19:39:37.144 62245 INFO tempest.lib.common.rest_client [req-6adf1fb0-d13f-44ad-a95f-748a8a9f9b45 req-6adf1fb0-d13f-44ad-a95f-748a8a9f9b45 ] Request (ImagesMetadataTestJSON:setUpClass): 201 POST http://10.180.1.21/identity/v3/auth/tokens 0.066s
2024-09-30 19:39:37.166 62201 INFO tempest.lib.common.rest_client [req-814b8dff-3fd6-4790-ac45-871124f7e0ff req-814b8dff-3fd6-4790-ac45-871124f7e0ff ] Request (VolumesNegativeTest:setUpClass): 201 POST http://10.180.1.21/identity/v3/auth/tokens 0.045s
2024-09-30 19:39:37.172 62219 INFO tempest.lib.common.rest_client [req-f201c01a-9b61-4e97-b547-919a697aaf84 req-f201c01a-9b61-4e97-b547-919a697aaf84 ] Request (ServerDiagnosticsTest:test_get_server_diagnostics): 200 GET http://10.180.1.21/compute/v2.1/servers/c755ead0-e19b-42e3-bad4-21618c6e1cb6 1.352s
2024-09-30 19:39:37.178 62243 INFO tempest.lib.common.rest_client [req-9f05b727-d279-4bd5-9739-8b8bd4e0df23 req-9f05b727-d279-4bd5-9739-8b8bd4e0df23 ] Request (InstanceActionsV221TestJSON:setUpClass): 204 PUT http://10.180.1.21/identity/v3/projects/f9ebdc83feb54ce0921a3c30cb105f66/users/c54ce60974284f46b719e32c1d9dc164/roles/58ca00245de14d158e927561b27bd523 0.083s
2024-09-30 19:39:37.178 62243 INFO tempest.lib.common.dynamic_creds [-] Dynamic test user c54ce60974284f46b719e32c1d9dc164 is created with scope project and roles: ['member']
2024-09-30 19:39:37.179 62243 INFO tempest.lib.common.dynamic_creds [-] Acquired dynamic creds: credentials: Credentials: {'domain_id': 'default', 'domain_name': 'Default', 'username': 'tempest-InstanceActionsV221TestJSON-1230715925-project-member', 'project_domain_id': 'default', 'project_domain_name': 'Default', 'project_id': 'f9ebdc83feb54ce0921a3c30cb105f66', 'project_name': 'tempest-InstanceActionsV221TestJSON-1230715925', 'tenant_id': 'f9ebdc83feb54ce0921a3c30cb105f66', 'tenant_name': 'tempest-InstanceActionsV221TestJSON-1230715925', 'user_domain_id': 'default', 'user_domain_name': 'Default', 'user_id': 'c54ce60974284f46b719e32c1d9dc164', 'system': None}, Network: None, Subnet: None, Router: None
2024-09-30 19:39:37.185 62245 INFO tempest.lib.common.rest_client [req-84cf2c53-3763-4bb5-92ca-7fab1ee7530c req-84cf2c53-3763-4bb5-92ca-7fab1ee7530c ] Request (ImagesMetadataTestJSON:setUpClass): 200 GET http://10.180.1.21/identity/v3/domains?name=Default 0.040s
2024-09-30 19:39:37.194 62199 INFO tempest.lib.common.rest_client [req-73591a4a-9e22-4937-ac28-7fbfef6fb4cd req-73591a4a-9e22-4937-ac28-7fbfef6fb4cd ] Request (VolumesAssistedSnapshotsTest:test_volume_assisted_snapshot_create_delete): 200 GET http://10.180.1.21/compute/v2.1/servers/a8aaafe2-9b52-4454-aad2-767e6f057442 1.437s
2024-09-30 19:39:37.221 62236 INFO tempest.lib.common.rest_client [req-400c996b-d5f4-42ba-8a25-a2790af0b56b req-400c996b-d5f4-42ba-8a25-a2790af0b56b ] Request (ServersTestMultiNic:test_verify_duplicate_network_nics): 200 GET http://10.180.1.21/compute/v2.1/servers/6662c19b-8233-4911-8c12-b094ccc01edf 1.331s
2024-09-30 19:39:37.230 62201 INFO tempest.lib.common.rest_client [req-a2517d4d-6caf-4888-af8d-1d84641166e7 req-a2517d4d-6caf-4888-af8d-1d84641166e7 ] Request (VolumesNegativeTest:setUpClass): 201 POST http://10.180.1.21/identity/v3/auth/tokens 0.062s
2024-09-30 19:39:37.249 62243 INFO tempest.lib.common.rest_client [req-10e31ff2-ab21-4e8c-ae8b-32dbe5d5c740 req-10e31ff2-ab21-4e8c-ae8b-32dbe5d5c740 ] Request (InstanceActionsV221TestJSON:setUpClass): 201 POST http://10.180.1.21/identity/v3/auth/tokens 0.070s
2024-09-30 19:39:37.254 62245 INFO tempest.lib.common.rest_client [req-dfb8dbf0-91dd-447c-9684-efc72a651aac req-dfb8dbf0-91dd-447c-9684-efc72a651aac ] Request (ImagesMetadataTestJSON:setUpClass): 201 POST http://10.180.1.21/identity/v3/projects 0.068s
2024-09-30 19:39:37.266 62197 INFO tempest.lib.common.rest_client [req-e871aae6-65a8-4c99-97db-5ee854a3086f req-e871aae6-65a8-4c99-97db-5ee854a3086f ] Request (ImagesTestJSON:test_create_image_from_stopped_server): 200 GET http://10.180.1.21/compute/v2.1/servers/c8c79b68-aa71-4e14-b989-ea7eba877fba 1.325s
2024-09-30 19:39:37.270 62207 INFO tempest.lib.common.rest_client [req-2956ab72-c75d-4805-936c-f416e01cbda0 req-2956ab72-c75d-4805-936c-f416e01cbda0 ] Request (AttachVolumeTestJSON:test_attach_detach_volume): 200 GET http://10.180.1.21/compute/v2.1/servers/9eca1b69-ede0-4dac-8c1d-e65209039aa6 1.272s
2024-09-30 19:39:37.275 62191 INFO tempest.lib.common.rest_client [req-b703c3af-48f9-4a87-ba38-7e91773def5d req-b703c3af-48f9-4a87-ba38-7e91773def5d ] Request (ValidationResourcesFixture:setUp): 201 POST http://10.180.1.21:9696/networking/v2.0/security-group-rules 0.502s
2024-09-30 19:39:37.287 62215 INFO tempest.lib.common.rest_client [req-91e76627-f345-4174-8bb1-07c6517b7c8d req-91e76627-f345-4174-8bb1-07c6517b7c8d ] Request (KeyPairsV2TestJSON:_run_cleanups): 202 DELETE http://10.180.1.21/compute/v2.1/os-keypairs/tempest-keypair-940388831 1.198s
2024-09-30 19:39:37.301 62201 INFO tempest.lib.common.rest_client [req-cbf5a465-e04a-4b80-8428-d65b6679e943 req-cbf5a465-e04a-4b80-8428-d65b6679e943 ] Request (VolumesNegativeTest:setUpClass): 200 GET http://10.180.1.21/identity/v3/domains?name=Default 0.071s
2024-09-30 19:39:37.328 62245 INFO tempest.lib.common.rest_client [req-b9117351-74c3-4af2-9dff-2588bd214a6b req-b9117351-74c3-4af2-9dff-2588bd214a6b ] Request (ImagesMetadataTestJSON:setUpClass): 201 POST http://10.180.1.21/identity/v3/users 0.073s
2024-09-30 19:39:37.351 62201 INFO tempest.lib.common.rest_client [req-cd61c432-fca3-4d7f-982e-349cbf506a1c req-cd61c432-fca3-4d7f-982e-349cbf506a1c ] Request (VolumesNegativeTest:setUpClass): 201 POST http://10.180.1.21/identity/v3/projects 0.049s
2024-09-30 19:39:37.425 62191 INFO tempest.lib.common.rest_client [req-a93f4fb1-8cb8-41b1-aeba-5a1dcca8f17d req-a93f4fb1-8cb8-41b1-aeba-5a1dcca8f17d ] Request (ValidationResourcesFixture:setUp): 201 POST http://10.180.1.21:9696/networking/v2.0/security-group-rules 0.150s
2024-09-30 19:39:37.451 62221 INFO tempest.lib.common.rest_client [req-58dbe8ee-76f8-47e3-9cf3-8f93bfef1767 req-58dbe8ee-76f8-47e3-9cf3-8f93bfef1767 ] Request (QuotasAdminNegativeTest:test_create_server_when_memory_quota_is_full): 200 GET http://10.180.1.21/compute/v2.1/os-quota-sets/483959814e3c46e89f286156161c9c21 1.395s
2024-09-30 19:39:37.459 62249 INFO tempest.lib.common.rest_client [req-27561349-f8e6-4fd4-819c-1343834e7380 req-27561349-f8e6-4fd4-819c-1343834e7380 ] Request (FloatingIPsTestJSON:tearDownClass): 200 PUT http://10.180.1.21:9696/networking/v2.0/routers/6256de0e-c561-414a-8ff8-7a4831400488/remove_router_interface 1.941s
2024-09-30 19:39:37.474 62211 INFO tempest.lib.common.rest_client [req-505d6972-6944-4436-9990-baaa9071e6fe req-505d6972-6944-4436-9990-baaa9071e6fe ] Request (AbsoluteLimitsNegativeTestJSON:test_max_metadata_exceed_limit): 200 GET http://10.180.1.21/compute/v2.1/limits 1.128s
2024-09-30 19:39:37.482 62233 INFO tempest.lib.common.rest_client [req-5a795131-f309-46b7-b4a7-cb60f6d46f0f req-5a795131-f309-46b7-b4a7-cb60f6d46f0f ] Request (FlavorsAccessNegativeTestJSON:_run_cleanups): 202 DELETE http://10.180.1.21/compute/v2.1/flavors/36318363 1.114s
2024-09-30 19:39:37.484 62245 INFO tempest.lib.common.rest_client [req-35a3a3c7-c238-4cef-8621-3b73cf6c3aaa req-35a3a3c7-c238-4cef-8621-3b73cf6c3aaa ] Request (ImagesMetadataTestJSON:setUpClass): 200 GET http://10.180.1.21/identity/v3/roles 0.156s
2024-09-30 19:39:37.495 62223 INFO tempest.lib.common.rest_client [req-4d0ebc33-e44d-439e-ab58-202fa29e316c req-4d0ebc33-e44d-439e-ab58-202fa29e316c ] Request (AggregatesAdminNegativeTestJSON:test_aggregate_get_details_as_user): 403 GET http://10.180.1.21/compute/v2.1/os-aggregates/6 0.931s
2024-09-30 19:39:37.503 62231 INFO tempest.lib.common.rest_client [req-26bf20f5-c8b8-4c0b-81a5-f8fef5d08305 req-26bf20f5-c8b8-4c0b-81a5-f8fef5d08305 ] Request (HostsAdminNegativeTestJSON:test_update_host_with_non_admin_user): 403 PUT http://10.180.1.21/compute/v2.1/os-hosts/devstack 0.933s
2024-09-30 19:39:37.521 62245 INFO tempest.lib.common.rest_client [req-a3915af7-d974-447e-b932-43961e3bb7b0 req-a3915af7-d974-447e-b932-43961e3bb7b0 ] Request (ImagesMetadataTestJSON:setUpClass): 204 PUT http://10.180.1.21/identity/v3/projects/f6db0a11f5dc43628cd633d158606042/users/72b3b438310c4868be3ebb065c583421/roles/58ca00245de14d158e927561b27bd523 0.036s
2024-09-30 19:39:37.522 62201 INFO tempest.lib.common.rest_client [req-987160f5-dacd-4c0e-b693-76c475575a8d req-987160f5-dacd-4c0e-b693-76c475575a8d ] Request (VolumesNegativeTest:setUpClass): 201 POST http://10.180.1.21/identity/v3/users 0.170s
2024-09-30 19:39:37.523 62245 INFO tempest.lib.common.dynamic_creds [-] Dynamic test user 72b3b438310c4868be3ebb065c583421 is created with scope project and roles: ['member']
2024-09-30 19:39:37.525 62245 INFO tempest.lib.common.dynamic_creds [-] Acquired dynamic creds: credentials: Credentials: {'domain_id': 'default', 'domain_name': 'Default', 'username': 'tempest-ImagesMetadataTestJSON-1601444745-project-member', 'project_domain_id': 'default', 'project_domain_name': 'Default', 'project_id': 'f6db0a11f5dc43628cd633d158606042', 'project_name': 'tempest-ImagesMetadataTestJSON-1601444745', 'tenant_id': 'f6db0a11f5dc43628cd633d158606042', 'tenant_name': 'tempest-ImagesMetadataTestJSON-1601444745', 'user_domain_id': 'default', 'user_domain_name': 'Default', 'user_id': '72b3b438310c4868be3ebb065c583421', 'system': None}, Network: None, Subnet: None, Router: None
2024-09-30 19:39:37.525 62245 INFO tempest.lib.common.dynamic_creds [-] Created isolated network resources for: credentials: Credentials: {'domain_id': 'default', 'domain_name': 'Default', 'username': 'tempest-ImagesMetadataTestJSON-1601444745-project-member', 'project_domain_id': 'default', 'project_domain_name': 'Default', 'project_id': 'f6db0a11f5dc43628cd633d158606042', 'project_name': 'tempest-ImagesMetadataTestJSON-1601444745', 'tenant_id': 'f6db0a11f5dc43628cd633d158606042', 'tenant_name': 'tempest-ImagesMetadataTestJSON-1601444745', 'user_domain_id': 'default', 'user_domain_name': 'Default', 'user_id': '72b3b438310c4868be3ebb065c583421', 'system': None}, Network: None, Subnet: None, Router: None
2024-09-30 19:39:37.575 62241 INFO tempest.lib.common.rest_client [req-36f67e7c-b49c-49b9-a247-d29198d8d5b1 req-36f67e7c-b49c-49b9-a247-d29198d8d5b1 ] Request (ImagesOneServerTestJSON:setUpClass): 200 GET http://10.180.1.21/compute/v2.1/servers/0519c800-13ce-4029-9483-9fc5b6bcd04a 0.983s
2024-09-30 19:39:37.581 62211 INFO tempest.lib.common.rest_client [req-4ca65c48-00e0-4df3-a44e-e93679515b74 req-4ca65c48-00e0-4df3-a44e-e93679515b74 ] Request (AbsoluteLimitsNegativeTestJSON:test_max_metadata_exceed_limit): 201 POST http://10.180.1.21/identity/v3/auth/tokens 0.089s
2024-09-30 19:39:37.581 62211 INFO tempest.lib.common.fixed_network [-] (AbsoluteLimitsNegativeTestJSON:test_max_metadata_exceed_limit) Found network None available for tenant
2024-09-30 19:39:37.591 62201 INFO tempest.lib.common.rest_client [req-9c3f7401-d5cb-4ded-80f3-021061507593 req-9c3f7401-d5cb-4ded-80f3-021061507593 ] Request (VolumesNegativeTest:setUpClass): 200 GET http://10.180.1.21/identity/v3/roles 0.067s
2024-09-30 19:39:37.625 62201 INFO tempest.lib.common.rest_client [req-116937c8-3442-41fd-899a-a160907890e2 req-116937c8-3442-41fd-899a-a160907890e2 ] Request (VolumesNegativeTest:setUpClass): 204 PUT http://10.180.1.21/identity/v3/projects/0f1850a75e294dc88402120f545c5868/users/cee32215ca3f4ef18336b26618cebb0f/roles/58ca00245de14d158e927561b27bd523 0.033s
2024-09-30 19:39:37.626 62201 INFO tempest.lib.common.dynamic_creds [-] Dynamic test user cee32215ca3f4ef18336b26618cebb0f is created with scope project and roles: ['member']
2024-09-30 19:39:37.626 62201 INFO tempest.lib.common.dynamic_creds [-] Acquired dynamic creds: credentials: Credentials: {'domain_id': 'default', 'domain_name': 'Default', 'username': 'tempest-VolumesNegativeTest-582976737-project-member', 'project_domain_id': 'default', 'project_domain_name': 'Default', 'project_id': '0f1850a75e294dc88402120f545c5868', 'project_name': 'tempest-VolumesNegativeTest-582976737', 'tenant_id': '0f1850a75e294dc88402120f545c5868', 'tenant_name': 'tempest-VolumesNegativeTest-582976737', 'user_domain_id': 'default', 'user_domain_name': 'Default', 'user_id': 'cee32215ca3f4ef18336b26618cebb0f', 'system': None}, Network: None, Subnet: None, Router: None
2024-09-30 19:39:37.626 62201 INFO tempest.lib.common.dynamic_creds [-] Created isolated network resources for: credentials: Credentials: {'domain_id': 'default', 'domain_name': 'Default', 'username': 'tempest-VolumesNegativeTest-582976737-project-member', 'project_domain_id': 'default', 'project_domain_name': 'Default', 'project_id': '0f1850a75e294dc88402120f545c5868', 'project_name': 'tempest-VolumesNegativeTest-582976737', 'tenant_id': '0f1850a75e294dc88402120f545c5868', 'tenant_name': 'tempest-VolumesNegativeTest-582976737', 'user_domain_id': 'default', 'user_domain_name': 'Default', 'user_id': 'cee32215ca3f4ef18336b26618cebb0f', 'system': None}, Network: None, Subnet: None, Router: None
2024-09-30 19:39:37.651 62251 INFO tempest.lib.common.rest_client [req-a584646b-769a-4834-9d16-ca82eafecdb5 req-a584646b-769a-4834-9d16-ca82eafecdb5 ] Request (MigrationsAdminTest:test_resize_server_revert_deleted_flavor): 200 GET http://10.180.1.21/compute/v2.1/servers/4ebb394d-5ba7-40fd-8be0-8f65c01858ac 0.979s
2024-09-30 19:39:37.654 62245 INFO tempest.lib.common.rest_client [req-89a1b9de-1a71-4060-a7da-b7c49f002ea2 req-89a1b9de-1a71-4060-a7da-b7c49f002ea2 ] Request (ImagesMetadataTestJSON:setUpClass): 201 POST http://10.180.1.21/identity/v3/auth/tokens 0.122s
2024-09-30 19:39:37.697 62201 INFO tempest.lib.common.rest_client [req-83c7da36-dab5-4d3f-b6cc-1d28b5d0f800 req-83c7da36-dab5-4d3f-b6cc-1d28b5d0f800 ] Request (VolumesNegativeTest:setUpClass): 201 POST http://10.180.1.21/identity/v3/auth/tokens 0.064s
2024-09-30 19:39:37.708 62217 INFO tempest.lib.common.rest_client [req-a61ff04b-085b-45f7-a617-e3900c10ac99 req-a61ff04b-085b-45f7-a617-e3900c10ac99 ] Request (ServerDiagnosticsNegativeTest:test_get_server_diagnostics_by_non_admin): 200 GET http://10.180.1.21/compute/v2.1/servers/828c436d-852a-4a00-9a1e-961308e9160b 0.891s
2024-09-30 19:39:37.751 62243 INFO tempest.lib.common.rest_client [req-54168e8f-ed38-4c54-b64f-e50d575f3554 req-54168e8f-ed38-4c54-b64f-e50d575f3554 ] Request (InstanceActionsV221TestJSON:setUpClass): 201 POST http://10.180.1.21:9696/networking/v2.0/networks 0.502s
2024-09-30 19:39:37.756 62248 INFO tempest.lib.common.rest_client [req-9e9091b1-bdd6-4ce4-8535-846174cc18de req-9e9091b1-bdd6-4ce4-8535-846174cc18de ] Request (MultipleCreateTestJSON:test_multiple_create): 200 GET http://10.180.1.21/compute/v2.1/servers/a6942e88-4f88-4f73-8781-0f3fc833c6f3 1.319s
2024-09-30 19:39:37.761 62239 INFO tempest.lib.common.rest_client [req-2c6b4e4c-ef8e-434a-8ce0-7cdbf88d53de req-2c6b4e4c-ef8e-434a-8ce0-7cdbf88d53de ] Request (VolumesAdminNegativeTest:test_update_attached_volume_with_nonexistent_volume_in_body): 200 GET http://10.180.1.21/compute/v2.1/servers/e46eee7b-8f76-4a60-b129-9551dd535df8 0.891s
2024-09-30 19:39:37.817 62237 INFO tempest.lib.common.rest_client [req-6848878b-62fa-43a7-91cd-200881c5e96e req-6848878b-62fa-43a7-91cd-200881c5e96e ] Request (ServersTestFqdnHostnames:test_create_server_with_fqdn_name): 200 GET http://10.180.1.21/compute/v2.1/servers/e9958832-981d-454f-b8e2-7957c1c75b81 0.917s
2024-09-30 19:39:37.818 62225 INFO tempest.lib.common.rest_client [req-b0ceeafe-3750-4ff3-8081-603b7f8fe9f6 req-b0ceeafe-3750-4ff3-8081-603b7f8fe9f6 ] Request (ServersWithSpecificFlavorTestJSON:test_verify_created_server_ephemeral_disk): 200 GET http://10.180.1.21/compute/v2.1/servers/8d7f242f-e02b-4a4f-9180-446994f9da3f 0.891s
2024-09-30 19:39:37.836 62213 INFO tempest.lib.common.rest_client [req-bb798248-7d2a-4c80-9504-4c16fdb96429 req-bb798248-7d2a-4c80-9504-4c16fdb96429 ] Request (FlavorsAdminTestJSON:_run_cleanups): 202 DELETE http://10.180.1.21/compute/v2.1/flavors/137419965 0.867s
2024-09-30 19:39:37.861 62193 INFO tempest.lib.common.rest_client [req-1879f530-c11c-4f33-80ff-c94d40323b02 req-1879f530-c11c-4f33-80ff-c94d40323b02 ] Request (KeyPairsV22TestJSON:_run_cleanups): 204 DELETE http://10.180.1.21/compute/v2.1/os-keypairs/tempest-KeyPairsV22TestJSON-keypair-1631990222 0.874s
2024-09-30 19:39:37.876 62209 INFO tempest.lib.common.rest_client [req-3422e0fc-a708-44c0-a551-94dd64900466 req-3422e0fc-a708-44c0-a551-94dd64900466 ] Request (ListServerFiltersTestJSON:setUpClass): 200 GET http://10.180.1.21/compute/v2.1/servers/63714f16-a67d-4215-919f-e6e81c1b343f 0.923s
2024-09-30 19:39:37.931 62195 INFO tempest.lib.common.rest_client [req-6e64c888-f5db-4b01-9cd4-5d518ff77148 req-6e64c888-f5db-4b01-9cd4-5d518ff77148 ] Request (ServersTestJSON:setUpClass): 200 GET http://10.180.1.21/compute/v2.1/servers/ee9db857-eced-4e0d-adee-b700811014be 0.929s
2024-09-30 19:39:37.956 62203 INFO tempest.lib.common.rest_client [req-64f3ba22-003a-410c-aad6-9ccd19f5c90a req-64f3ba22-003a-410c-aad6-9ccd19f5c90a ] Request (ServerActionsTestOtherA:setUpClass): 200 GET http://10.180.1.21/compute/v2.1/servers/af864d93-4d2e-4b3b-a1d5-6ca6b2aed92e 0.963s
2024-09-30 19:39:37.998 62205 INFO tempest.lib.common.rest_client [req-9fa2f42c-fc2e-452b-8e52-6046168e423d req-9fa2f42c-fc2e-452b-8e52-6046168e423d ] Request (ImagesNegativeTestJSON:test_create_image_from_deleted_server): 200 GET http://10.180.1.21/compute/v2.1/servers/fd4de12e-d95b-4d71-807d-3649ab7236b6 0.929s
2024-09-30 19:39:38.055 62227 INFO tempest.lib.common.rest_client [req-9371ef7e-bb86-439b-a283-8e1efcf933bb req-9371ef7e-bb86-439b-a283-8e1efcf933bb ] Request (ServerDiagnosticsV248Test:tearDownClass): 200 GET http://10.180.1.21/compute/v2.1/servers/b3adcefb-b5a4-459e-a4f8-337a2e35c18e 0.882s
2024-09-30 19:39:38.096 62215 INFO tempest.lib.common.rest_client [req-41794119-e6f4-4888-b0e3-990a8030d718 req-41794119-e6f4-4888-b0e3-990a8030d718 ] Request (KeyPairsV2TestJSON:test_keypair_create_with_pub_key): 200 POST http://10.180.1.21/compute/v2.1/os-keypairs 0.807s
2024-09-30 19:39:38.145 62245 INFO tempest.lib.common.rest_client [req-6a61a036-06dc-4937-8fff-bfb96368ddf2 req-6a61a036-06dc-4937-8fff-bfb96368ddf2 ] Request (ImagesMetadataTestJSON:setUpClass): 201 POST http://10.180.1.21/image/v2/images 0.487s
2024-09-30 19:39:38.241 62221 INFO tempest.lib.common.rest_client [req-336862dd-92fa-4a9d-bbe0-03edf0a2aa18 req-336862dd-92fa-4a9d-bbe0-03edf0a2aa18 ] Request (QuotasAdminNegativeTest:test_create_server_when_memory_quota_is_full): 200 PUT http://10.180.1.21/compute/v2.1/os-quota-sets/483959814e3c46e89f286156161c9c21 0.788s
2024-09-30 19:39:38.258 62233 INFO tempest.lib.common.rest_client [req-e1c881cf-16c1-4f4e-ae8c-e83ddeede878 req-e1c881cf-16c1-4f4e-ae8c-e83ddeede878 ] Request (FlavorsAccessNegativeTestJSON:_run_cleanups): 200 GET http://10.180.1.21/compute/v2.1/flavors/detail 0.774s
2024-09-30 19:39:38.262 62253 INFO tempest.lib.common.rest_client [req-5cc87f82-4eab-4bac-bd0f-981bc0c75292 req-5cc87f82-4eab-4bac-bd0f-981bc0c75292 ] Request (SecurityGroupRulesTestJSON:test_security_group_rules_delete_when_peer_group_deleted): 200 POST http://10.180.1.21/compute/v2.1/os-security-groups 1.141s
2024-09-30 19:39:38.269 62231 INFO tempest.lib.common.rest_client [req-faebf05d-307a-4e30-b3cd-518443f8dc56 req-faebf05d-307a-4e30-b3cd-518443f8dc56 ] Request (HostsAdminNegativeTestJSON:test_update_host_without_param): 400 PUT http://10.180.1.21/compute/v2.1/os-hosts/devstack 0.764s
2024-09-30 19:39:38.273 62243 INFO tempest.lib.common.rest_client [req-ca6298e0-c8ac-4e56-97fd-5273deebd0cd req-ca6298e0-c8ac-4e56-97fd-5273deebd0cd ] Request (InstanceActionsV221TestJSON:setUpClass): 201 POST http://10.180.1.21:9696/networking/v2.0/subnets 0.521s
2024-09-30 19:39:38.282 62223 INFO tempest.lib.common.rest_client [req-68bceeb2-2425-45d2-9a32-d2c4dc5f502e req-68bceeb2-2425-45d2-9a32-d2c4dc5f502e ] Request (AggregatesAdminNegativeTestJSON:_run_cleanups): 200 DELETE http://10.180.1.21/compute/v2.1/os-aggregates/6 0.786s
2024-09-30 19:39:38.311 62221 INFO tempest.lib.common.rest_client [req-085f3b78-c1e9-46a5-b8fb-d9b2af5720f9 req-085f3b78-c1e9-46a5-b8fb-d9b2af5720f9 ] Request (QuotasAdminNegativeTest:test_create_server_when_memory_quota_is_full): 201 POST http://10.180.1.21/identity/v3/auth/tokens 0.061s
2024-09-30 19:39:38.311 62221 INFO tempest.lib.common.fixed_network [-] (QuotasAdminNegativeTest:test_create_server_when_memory_quota_is_full) Found network None available for tenant
2024-09-30 19:39:38.312 62249 INFO tempest.lib.common.rest_client [req-3d6c36ff-72df-4e8f-88c6-23bb5fa94e46 req-3d6c36ff-72df-4e8f-88c6-23bb5fa94e46 ] Request (FloatingIPsTestJSON:tearDownClass): 204 DELETE http://10.180.1.21:9696/networking/v2.0/routers/6256de0e-c561-414a-8ff8-7a4831400488 0.853s
2024-09-30 19:39:38.347 62201 INFO tempest.lib.common.rest_client [req-91b9673a-7e05-4d8a-a54e-a8b164ab731c req-91b9673a-7e05-4d8a-a54e-a8b164ab731c ] Request (VolumesNegativeTest:test_create_volume_with_invalid_size): 400 POST http://10.180.1.21/compute/v2.1/os-volumes 0.649s
2024-09-30 19:39:38.402 62213 INFO tempest.lib.common.rest_client [req-c1f26afe-b193-4368-9d2d-52ce84cfc777 req-c1f26afe-b193-4368-9d2d-52ce84cfc777 ] Request (FlavorsAdminTestJSON:_run_cleanups): 200 GET http://10.180.1.21/compute/v2.1/flavors/detail 0.565s
2024-09-30 19:39:38.427 62193 INFO tempest.lib.common.rest_client [req-ad5dc273-93c1-431e-b8d7-789c6d02d541 req-ad5dc273-93c1-431e-b8d7-789c6d02d541 ] Request (KeyPairsV22TestJSON:_run_cleanups): 204 DELETE http://10.180.1.21/compute/v2.1/os-keypairs/tempest-KeyPairsV22TestJSON-keypair-294387338 0.564s
2024-09-30 19:39:38.444 62215 INFO tempest.lib.common.rest_client [req-65e9fcf2-d097-4757-bd8d-4dc18f4c88a8 req-65e9fcf2-d097-4757-bd8d-4dc18f4c88a8 ] Request (KeyPairsV2TestJSON:_run_cleanups): 202 DELETE http://10.180.1.21/compute/v2.1/os-keypairs/tempest-keypair-1531543704 0.347s
2024-09-30 19:39:38.455 62233 INFO tempest.lib.common.rest_client [req-400b2df9-a077-47a2-938a-6bc6e9fda7ea req-400b2df9-a077-47a2-938a-6bc6e9fda7ea ] Request (FlavorsAccessNegativeTestJSON:tearDownClass): 204 DELETE http://10.180.1.21/identity/v3/users/df636012a7ea4bae87361694d43dd114 0.191s
2024-09-30 19:39:38.495 62191 INFO tempest.lib.common.rest_client [req-8415b1a3-9871-4021-99ad-d37ebcd54f46 req-8415b1a3-9871-4021-99ad-d37ebcd54f46 ] Request (ValidationResourcesFixture:setUp): 201 POST http://10.180.1.21:9696/networking/v2.0/floatingips 1.069s
2024-09-30 19:39:38.519 62219 INFO tempest.lib.common.rest_client [req-a2c9aef0-6a21-43fc-9fc8-5c6f421e1b62 req-a2c9aef0-6a21-43fc-9fc8-5c6f421e1b62 ] Request (ServerDiagnosticsTest:test_get_server_diagnostics): 200 GET http://10.180.1.21/compute/v2.1/servers/c755ead0-e19b-42e3-bad4-21618c6e1cb6 0.337s
2024-09-30 19:39:38.551 62249 INFO tempest.lib.common.rest_client [req-8f91d5f8-18ea-4142-9d47-e44087ffae02 req-8f91d5f8-18ea-4142-9d47-e44087ffae02 ] Request (FloatingIPsTestJSON:tearDownClass): 204 DELETE http://10.180.1.21:9696/networking/v2.0/subnets/dc01b30c-f619-4106-9ea4-58982d68ecf6 0.239s
2024-09-30 19:39:38.557 62211 INFO tempest.lib.common.rest_client [req-7f9a8f88-af7d-4da4-80de-f5751ca8441b req-7f9a8f88-af7d-4da4-80de-f5751ca8441b ] Request (AbsoluteLimitsNegativeTestJSON:test_max_metadata_exceed_limit): 403 POST http://10.180.1.21/compute/v2.1/servers 0.975s
2024-09-30 19:39:38.597 62199 INFO tempest.lib.common.rest_client [req-c7769eca-4a89-4f72-af0f-897951488aae req-c7769eca-4a89-4f72-af0f-897951488aae ] Request (VolumesAssistedSnapshotsTest:test_volume_assisted_snapshot_create_delete): 200 GET http://10.180.1.21/compute/v2.1/servers/a8aaafe2-9b52-4454-aad2-767e6f057442 0.393s
2024-09-30 19:39:38.612 62233 INFO tempest.lib.common.rest_client [req-b91f1181-e82d-4df2-aa1c-c5280e6935a1 req-b91f1181-e82d-4df2-aa1c-c5280e6935a1 ] Request (FlavorsAccessNegativeTestJSON:tearDownClass): 204 DELETE http://10.180.1.21/identity/v3/users/bb627cb44b7c493c8d0b3ef9e1d96fbd 0.156s
2024-09-30 19:39:38.631 62236 INFO tempest.lib.common.rest_client [req-92b08306-f72f-4037-a015-af42b81ea8e8 req-92b08306-f72f-4037-a015-af42b81ea8e8 ] Request (ServersTestMultiNic:test_verify_duplicate_network_nics): 200 GET http://10.180.1.21/compute/v2.1/servers/6662c19b-8233-4911-8c12-b094ccc01edf 0.403s
2024-09-30 19:39:38.641 62236 INFO tempest.common.waiters [-] State transition "BUILD/None" ==> "BUILD/networking" after 13 second wait
2024-09-30 19:39:38.652 62231 INFO tempest.lib.common.rest_client [req-60d1d840-b879-43f9-9b7f-2d5ccc7a5589 req-60d1d840-b879-43f9-9b7f-2d5ccc7a5589 ] Request (HostsAdminNegativeTestJSON:test_update_nonexistent_host): 404 PUT http://10.180.1.21/compute/v2.1/os-hosts/nonexistent_hostname 0.381s
2024-09-30 19:39:38.656 62191 INFO tempest.lib.common.rest_client [req-ee9c0330-8d04-437a-8f9f-2b99e0a01abd req-ee9c0330-8d04-437a-8f9f-2b99e0a01abd ] Request (AttachInterfacesUnderV243Test:test_add_remove_fixed_ip): 201 POST http://10.180.1.21/identity/v3/auth/tokens 0.158s
2024-09-30 19:39:38.657 62191 INFO tempest.lib.common.fixed_network [-] (AttachInterfacesUnderV243Test:test_add_remove_fixed_ip) Found network {'id': 'f67831a5-c710-47d4-ac22-f73520d87cf8', 'name': 'tempest-AttachInterfacesUnderV243Test-768527433-network', 'tenant_id': '524360c83939451393a07b6ee703d390', 'admin_state_up': True, 'mtu': 8950, 'status': 'ACTIVE', 'subnets': [], 'shared': False, 'project_id': '524360c83939451393a07b6ee703d390', 'port_security_enabled': True, 'router:external': False, 'provider:network_type': 'vlan', 'provider:physical_network': 'default', 'provider:segmentation_id': 472, 'is_default': False, 'availability_zone_hints': [], 'availability_zones': [], 'ipv4_address_scope': None, 'ipv6_address_scope': None, 'description': '', 'tags': [], 'created_at': '2024-09-30T19:39:29Z', 'updated_at': '2024-09-30T19:39:29Z', 'revision_number': 1} available for tenant
2024-09-30 19:39:38.708 62211 INFO tempest.lib.common.rest_client [req-be691f68-7101-49b5-a6ba-20951cab4e4a req-be691f68-7101-49b5-a6ba-20951cab4e4a ] Request (AbsoluteLimitsNegativeTestJSON:tearDownClass): 204 DELETE http://10.180.1.21/identity/v3/users/8d3d66dbdb534064b647a7b8191f89a0 0.149s
2024-09-30 19:39:38.708 62211 INFO tempest.lib.common.dynamic_creds [-] Deleting project and security group for project: 03994f6d654748249fcc7a701e025e24
2024-09-30 19:39:38.728 62197 INFO tempest.lib.common.rest_client [req-596f6020-8e43-41b2-9236-ca8d7906d309 req-596f6020-8e43-41b2-9236-ca8d7906d309 ] Request (ImagesTestJSON:test_create_image_from_stopped_server): 200 GET http://10.180.1.21/compute/v2.1/servers/c8c79b68-aa71-4e14-b989-ea7eba877fba 0.453s
2024-09-30 19:39:38.792 62207 INFO tempest.lib.common.rest_client [req-aa9bb333-d945-4380-bbd8-c7b959e34050 req-aa9bb333-d945-4380-bbd8-c7b959e34050 ] Request (AttachVolumeTestJSON:test_attach_detach_volume): 200 GET http://10.180.1.21/compute/v2.1/servers/9eca1b69-ede0-4dac-8c1d-e65209039aa6 0.512s
2024-09-30 19:39:38.808 62233 INFO tempest.lib.common.rest_client [req-be432557-6fc4-486e-ba14-ecf4a6577b05 req-be432557-6fc4-486e-ba14-ecf4a6577b05 ] Request (FlavorsAccessNegativeTestJSON:tearDownClass): 204 DELETE http://10.180.1.21/identity/v3/users/8a9dbd48bad44df99c8ad82501f51234 0.194s
2024-09-30 19:39:38.808 62223 INFO tempest.lib.common.rest_client [req-8a113767-1369-4083-8a23-f6a677defed3 req-8a113767-1369-4083-8a23-f6a677defed3 ] Request (AggregatesAdminNegativeTestJSON:test_aggregate_get_details_with_invalid_id): 404 GET http://10.180.1.21/compute/v2.1/os-aggregates/-1 0.524s
2024-09-30 19:39:38.808 62233 INFO tempest.lib.common.dynamic_creds [-] Deleting project and security group for project: eb0cf42c8e694cce9a60c3c54f4f1903
2024-09-30 19:39:38.832 62231 INFO tempest.lib.common.rest_client [req-3b81ee73-a2d1-45dc-b3e7-b525ba836b11 req-3b81ee73-a2d1-45dc-b3e7-b525ba836b11 ] Request (HostsAdminNegativeTestJSON:tearDownClass): 204 DELETE http://10.180.1.21/identity/v3/users/0de1ada1719f49a990926b904b6c0310 0.179s
2024-09-30 19:39:38.885 62211 INFO tempest.lib.common.rest_client [req-aea4c160-ec64-4d2d-aa74-3031b746cc77 req-aea4c160-ec64-4d2d-aa74-3031b746cc77 ] Request (AbsoluteLimitsNegativeTestJSON:tearDownClass): 201 POST http://10.180.1.21/identity/v3/auth/tokens 0.176s
2024-09-30 19:39:38.914 62233 INFO tempest.lib.common.rest_client [req-332b21bd-47ee-4be2-895a-3d9fc96a9abf req-332b21bd-47ee-4be2-895a-3d9fc96a9abf ] Request (FlavorsAccessNegativeTestJSON:tearDownClass): 201 POST http://10.180.1.21/identity/v3/auth/tokens 0.104s
2024-09-30 19:39:38.951 62253 INFO tempest.lib.common.rest_client [req-4dda1df1-711e-427b-83f4-23d53dba653f req-4dda1df1-711e-427b-83f4-23d53dba653f ] Request (SecurityGroupRulesTestJSON:test_security_group_rules_delete_when_peer_group_deleted): 200 POST http://10.180.1.21/compute/v2.1/os-security-group-rules 0.685s
2024-09-30 19:39:38.959 62201 INFO tempest.lib.common.rest_client [req-20540f37-d3bc-45da-96af-7627e9ab5a9f req-20540f37-d3bc-45da-96af-7627e9ab5a9f ] Request (VolumesNegativeTest:test_create_volume_with_size_zero): 400 POST http://10.180.1.21/compute/v2.1/os-volumes 0.608s
2024-09-30 19:39:38.980 62213 INFO tempest.lib.common.rest_client [req-a0db4fac-624f-46dd-b945-bbee7379d128 req-a0db4fac-624f-46dd-b945-bbee7379d128 ] Request (FlavorsAdminTestJSON:test_is_public_string_variations): 200 POST http://10.180.1.21/compute/v2.1/flavors 0.569s
2024-09-30 19:39:38.995 62231 INFO tempest.lib.common.rest_client [req-6a57d7bc-7d5c-4e54-b90b-eb1859ad1d3d req-6a57d7bc-7d5c-4e54-b90b-eb1859ad1d3d ] Request (HostsAdminNegativeTestJSON:tearDownClass): 204 DELETE http://10.180.1.21/identity/v3/users/296c46f56c374e828e0843b10a5c403d 0.162s
2024-09-30 19:39:38.995 62231 INFO tempest.lib.common.dynamic_creds [-] Deleting project and security group for project: bf256c045d0144d1a6642dd97c5000d4
2024-09-30 19:39:38.995 62193 INFO tempest.lib.common.rest_client [req-09e45eed-0fbe-4cb5-b4be-ea32a9b13187 req-09e45eed-0fbe-4cb5-b4be-ea32a9b13187 ] Request (KeyPairsV22TestJSON:_run_cleanups): 204 DELETE http://10.180.1.21/compute/v2.1/os-keypairs/tempest-KeyPairsV22TestJSON-keypair-1177501420 0.567s
2024-09-30 19:39:39.035 62215 INFO tempest.lib.common.rest_client [req-d24ea386-a8e6-4ba8-8870-dea73ddae636 req-d24ea386-a8e6-4ba8-8870-dea73ddae636 ] Request (KeyPairsV2TestJSON:test_keypairs_create_list_delete): 200 POST http://10.180.1.21/compute/v2.1/os-keypairs 0.586s
2024-09-30 19:39:39.087 62231 INFO tempest.lib.common.rest_client [req-3ba06bbe-97a8-4072-b9ae-ca65c2495937 req-3ba06bbe-97a8-4072-b9ae-ca65c2495937 ] Request (HostsAdminNegativeTestJSON:tearDownClass): 201 POST http://10.180.1.21/identity/v3/auth/tokens 0.091s
2024-09-30 19:39:39.100 62241 INFO tempest.lib.common.rest_client [req-76545fbf-8d23-42d2-befa-0122bb676640 req-76545fbf-8d23-42d2-befa-0122bb676640 ] Request (ImagesOneServerTestJSON:setUpClass): 200 GET http://10.180.1.21/compute/v2.1/servers/0519c800-13ce-4029-9483-9fc5b6bcd04a 0.512s
2024-09-30 19:39:39.139 62245 INFO tempest.lib.common.rest_client [req-63db7295-fed0-4669-a605-d31066881640 req-63db7295-fed0-4669-a605-d31066881640 ] Request (ImagesMetadataTestJSON:setUpClass): 204 PUT http://10.180.1.21/image/v2/images/74c69765-c37f-42fa-8af2-ae0ae72da395/file 0.993s
2024-09-30 19:39:39.249 62249 INFO tempest.lib.common.rest_client [req-1d78d947-2bfe-462c-b4c7-de571b4575d9 req-1d78d947-2bfe-462c-b4c7-de571b4575d9 ] Request (FloatingIPsTestJSON:tearDownClass): 204 DELETE http://10.180.1.21:9696/networking/v2.0/networks/82040f42-2c46-481c-bb55-81225fe421ff 0.697s
2024-09-30 19:39:39.303 62221 INFO tempest.lib.common.rest_client [req-902926e2-e52f-4ff7-b317-9142ba12ab6f req-902926e2-e52f-4ff7-b317-9142ba12ab6f ] Request (QuotasAdminNegativeTest:test_create_server_when_memory_quota_is_full): 403 POST http://10.180.1.21/compute/v2.1/servers 0.991s
2024-09-30 19:39:39.308 62211 INFO tempest.lib.common.rest_client [req-de8e8928-db2d-45f2-af12-1acc56369d5f req-de8e8928-db2d-45f2-af12-1acc56369d5f ] Request (AbsoluteLimitsNegativeTestJSON:tearDownClass): 200 GET http://10.180.1.21:9696/networking/v2.0/security-groups?tenant_id=03994f6d654748249fcc7a701e025e24&name=default 0.423s
2024-09-30 19:39:39.341 62249 INFO tempest.lib.common.rest_client [req-9b84c1ef-a53f-4e87-91c8-82620f7d8c10 req-9b84c1ef-a53f-4e87-91c8-82620f7d8c10 ] Request (FloatingIPsTestJSON:tearDownClass): 204 DELETE http://10.180.1.21/identity/v3/users/0f10aa310bc74a908c7a52805b75c906 0.092s
2024-09-30 19:39:39.341 62249 INFO tempest.lib.common.dynamic_creds [-] Deleting project and security group for project: 2ec6fef4b0d5487f99fd788707e8332c
2024-09-30 19:39:39.382 62251 INFO tempest.lib.common.rest_client [req-0df7c3a1-6054-4e23-96a3-b54935f8afe5 req-0df7c3a1-6054-4e23-96a3-b54935f8afe5 ] Request (MigrationsAdminTest:test_resize_server_revert_deleted_flavor): 200 GET http://10.180.1.21/compute/v2.1/servers/4ebb394d-5ba7-40fd-8be0-8f65c01858ac 0.724s
2024-09-30 19:39:39.432 62233 INFO tempest.lib.common.rest_client [req-41b33011-a512-468b-81fc-6158aba4c967 req-41b33011-a512-468b-81fc-6158aba4c967 ] Request (FlavorsAccessNegativeTestJSON:tearDownClass): 200 GET http://10.180.1.21:9696/networking/v2.0/security-groups?tenant_id=eb0cf42c8e694cce9a60c3c54f4f1903&name=default 0.518s
2024-09-30 19:39:39.450 62217 INFO tempest.lib.common.rest_client [req-cb7f7992-176a-436e-aa0a-fb68724dcb6a req-cb7f7992-176a-436e-aa0a-fb68724dcb6a ] Request (ServerDiagnosticsNegativeTest:test_get_server_diagnostics_by_non_admin): 200 GET http://10.180.1.21/compute/v2.1/servers/828c436d-852a-4a00-9a1e-961308e9160b 0.736s
2024-09-30 19:39:39.451 62249 INFO tempest.lib.common.rest_client [req-60bb4aaa-cc0b-4bc3-ace5-b56cb8d35d95 req-60bb4aaa-cc0b-4bc3-ace5-b56cb8d35d95 ] Request (FloatingIPsTestJSON:tearDownClass): 200 GET http://10.180.1.21:9696/networking/v2.0/security-groups?tenant_id=2ec6fef4b0d5487f99fd788707e8332c&name=default 0.109s
2024-09-30 19:39:39.463 62231 INFO tempest.lib.common.rest_client [req-0679af98-ee7e-4317-8396-6605200191d2 req-0679af98-ee7e-4317-8396-6605200191d2 ] Request (HostsAdminNegativeTestJSON:tearDownClass): 200 GET http://10.180.1.21:9696/networking/v2.0/security-groups?tenant_id=bf256c045d0144d1a6642dd97c5000d4&name=default 0.376s
2024-09-30 19:39:39.515 62248 INFO tempest.lib.common.rest_client [req-ad90ed6f-c0f5-4841-ba92-c87a9976e713 req-ad90ed6f-c0f5-4841-ba92-c87a9976e713 ] Request (MultipleCreateTestJSON:test_multiple_create): 200 GET http://10.180.1.21/compute/v2.1/servers/a6942e88-4f88-4f73-8781-0f3fc833c6f3 0.749s
2024-09-30 19:39:39.584 62239 INFO tempest.lib.common.rest_client [req-2a356ac5-530f-4b44-850d-798d97486e4c req-2a356ac5-530f-4b44-850d-798d97486e4c ] Request (VolumesAdminNegativeTest:test_update_attached_volume_with_nonexistent_volume_in_body): 200 GET http://10.180.1.21/compute/v2.1/servers/e46eee7b-8f76-4a60-b129-9551dd535df8 0.809s
2024-09-30 19:39:39.592 62223 INFO tempest.lib.common.rest_client [req-c1541821-65cc-47c5-9d02-523007369b3e req-c1541821-65cc-47c5-9d02-523007369b3e ] Request (AggregatesAdminNegativeTestJSON:test_aggregate_list_as_user): 403 GET http://10.180.1.21/compute/v2.1/os-aggregates 0.783s
2024-09-30 19:39:39.600 62211 INFO tempest.lib.common.rest_client [req-ad3742bb-b49c-48e4-9332-cc28a43b74d6 req-ad3742bb-b49c-48e4-9332-cc28a43b74d6 ] Request (AbsoluteLimitsNegativeTestJSON:tearDownClass): 204 DELETE http://10.180.1.21:9696/networking/v2.0/security-groups/c6b5fe54-b5ac-4923-b3a3-bacf370e890f 0.290s
2024-09-30 19:39:39.673 62225 INFO tempest.lib.common.rest_client [req-f4d39672-9a3b-4e4b-950e-a2a4dbbe0353 req-f4d39672-9a3b-4e4b-950e-a2a4dbbe0353 ] Request (ServersWithSpecificFlavorTestJSON:test_verify_created_server_ephemeral_disk): 200 GET http://10.180.1.21/compute/v2.1/servers/8d7f242f-e02b-4a4f-9180-446994f9da3f 0.845s
2024-09-30 19:39:39.686 62233 INFO tempest.lib.common.rest_client [req-4ece8b1b-959e-4c3d-9242-30dbb7059969 req-4ece8b1b-959e-4c3d-9242-30dbb7059969 ] Request (FlavorsAccessNegativeTestJSON:tearDownClass): 204 DELETE http://10.180.1.21:9696/networking/v2.0/security-groups/104ffbb6-714d-414a-8041-a07975a2a805 0.253s
2024-09-30 19:39:39.704 62211 INFO tempest.lib.common.rest_client [req-c21fb7ec-0c91-41c5-87d0-2797fa665630 req-c21fb7ec-0c91-41c5-87d0-2797fa665630 ] Request (AbsoluteLimitsNegativeTestJSON:tearDownClass): 204 DELETE http://10.180.1.21/identity/v3/projects/03994f6d654748249fcc7a701e025e24 0.104s
2024-09-30 19:39:39.715 62249 INFO tempest.lib.common.rest_client [req-0a2e0ae9-c0f4-408b-82ba-086c68ad073b req-0a2e0ae9-c0f4-408b-82ba-086c68ad073b ] Request (FloatingIPsTestJSON:tearDownClass): 204 DELETE http://10.180.1.21:9696/networking/v2.0/security-groups/bff5cd4d-0b04-4196-a766-a4e68164a0a1 0.264s
2024-09-30 19:39:39.718 62231 INFO tempest.lib.common.rest_client [req-d2f0772f-339b-43d7-914e-da3c7287e350 req-d2f0772f-339b-43d7-914e-da3c7287e350 ] Request (HostsAdminNegativeTestJSON:tearDownClass): 204 DELETE http://10.180.1.21:9696/networking/v2.0/security-groups/a8546a10-b74b-4ff2-8136-edfebfd2d80d 0.255s
2024-09-30 19:39:39.741 62237 INFO tempest.lib.common.rest_client [req-4b2c000d-f007-4872-bd58-f09ebd7bc45d req-4b2c000d-f007-4872-bd58-f09ebd7bc45d ] Request (ServersTestFqdnHostnames:test_create_server_with_fqdn_name): 200 GET http://10.180.1.21/compute/v2.1/servers/e9958832-981d-454f-b8e2-7957c1c75b81 0.906s
2024-09-30 19:39:39.753 62211 INFO tempest.lib.common.rest_client [req-2011f418-62ee-4ab2-bacf-34de65891a19 req-2011f418-62ee-4ab2-bacf-34de65891a19 ] Request (SecurityGroupsTestJSON:setUpClass): 201 POST http://10.180.1.21/identity/v3/auth/tokens 0.047s
2024-09-30 19:39:39.796 62191 INFO tempest.lib.common.rest_client [req-5913d43f-721c-4076-8abe-1e057e218d9f req-5913d43f-721c-4076-8abe-1e057e218d9f ] Request (AttachInterfacesUnderV243Test:test_add_remove_fixed_ip): 202 POST http://10.180.1.21/compute/v2.1/servers 1.139s
2024-09-30 19:39:39.799 62209 INFO tempest.lib.common.rest_client [req-267d112b-f120-4ef1-8bd5-dc66a5c4fdd8 req-267d112b-f120-4ef1-8bd5-dc66a5c4fdd8 ] Request (ListServerFiltersTestJSON:setUpClass): 200 GET http://10.180.1.21/compute/v2.1/servers/63714f16-a67d-4215-919f-e6e81c1b343f 0.912s
2024-09-30 19:39:39.806 62233 INFO tempest.lib.common.rest_client [req-b2c2cd2c-007e-4513-9b7c-d07e7b2490e3 req-b2c2cd2c-007e-4513-9b7c-d07e7b2490e3 ] Request (FlavorsAccessNegativeTestJSON:tearDownClass): 204 DELETE http://10.180.1.21/identity/v3/projects/eb0cf42c8e694cce9a60c3c54f4f1903 0.120s
2024-09-30 19:39:39.807 62233 INFO tempest.lib.common.dynamic_creds [-] Deleting project and security group for project: d19dfcbb4d9e4c7bbd0f2bcc161f3d7e
2024-09-30 19:39:39.811 62249 INFO tempest.lib.common.rest_client [req-c16d0005-c2fa-41ef-8df5-2736f9191a3c req-c16d0005-c2fa-41ef-8df5-2736f9191a3c ] Request (FloatingIPsTestJSON:tearDownClass): 204 DELETE http://10.180.1.21/identity/v3/projects/2ec6fef4b0d5487f99fd788707e8332c 0.095s
2024-09-30 19:39:39.849 62243 INFO tempest.lib.common.rest_client [req-798424be-dc08-4707-8a08-3f2af47e7772 req-798424be-dc08-4707-8a08-3f2af47e7772 ] Request (InstanceActionsV221TestJSON:setUpClass): 201 POST http://10.180.1.21:9696/networking/v2.0/routers 1.575s
2024-09-30 19:39:39.880 62211 INFO tempest.lib.common.rest_client [req-7b4fa238-5aab-410a-9a4e-661ba4d4fa19 req-7b4fa238-5aab-410a-9a4e-661ba4d4fa19 ] Request (SecurityGroupsTestJSON:setUpClass): 201 POST http://10.180.1.21/identity/v3/auth/tokens 0.124s
2024-09-30 19:39:39.927 62249 INFO tempest.lib.common.rest_client [req-8ea49693-e28d-47fe-a94c-8782cb15dff8 req-8ea49693-e28d-47fe-a94c-8782cb15dff8 ] Request (MultipleCreateNegativeTestJSON:setUpClass): 201 POST http://10.180.1.21/identity/v3/auth/tokens 0.113s
2024-09-30 19:39:39.929 62195 INFO tempest.lib.common.rest_client [req-bd08ed8a-71b0-4b81-b340-ea7520ae3e8e req-bd08ed8a-71b0-4b81-b340-ea7520ae3e8e ] Request (ServersTestJSON:setUpClass): 200 GET http://10.180.1.21/compute/v2.1/servers/ee9db857-eced-4e0d-adee-b700811014be 0.989s
2024-09-30 19:39:39.935 62201 INFO tempest.lib.common.rest_client [req-7012c54d-ab71-4a88-8822-5ca2c3570e1b req-7012c54d-ab71-4a88-8822-5ca2c3570e1b ] Request (VolumesNegativeTest:test_create_volume_without_passing_size): 400 POST http://10.180.1.21/compute/v2.1/os-volumes 0.973s
2024-09-30 19:39:39.952 62211 INFO tempest.lib.common.rest_client [req-34a1dcf2-3b17-4c7c-bf08-3ac6fc7fe1d2 req-34a1dcf2-3b17-4c7c-bf08-3ac6fc7fe1d2 ] Request (SecurityGroupsTestJSON:setUpClass): 200 GET http://10.180.1.21/identity/v3/domains?name=Default 0.071s
