2024-09-30 19:38:59.150 62193 INFO tempest.lib.common.dynamic_creds [-] Created isolated network resources for: credentials: Credentials: {'domain_id': 'default', 'domain_name': 'Default', 'username': 'tempest-ServicesAdminNegativeTestJSON-447581464-project-member', 'project_domain_id': 'default', 'project_domain_name': 'Default', 'project_id': 'bffece0832934777bf8a35fd7ca50ed6', 'project_name': 'tempest-ServicesAdminNegativeTestJSON-447581464', 'tenant_id': 'bffece0832934777bf8a35fd7ca50ed6', 'tenant_name': 'tempest-ServicesAdminNegativeTestJSON-447581464', 'user_domain_id': 'default', 'user_domain_name': 'Default', 'user_id': 'b6085cc5f3284783becc46d45a160312', 'system': None}, Network: None, Subnet: None, Router: None
2024-09-30 19:38:59.170 62199 INFO tempest.lib.common.rest_client [req-a4e5ae9d-2a7e-4188-83d2-5b06dbfa5be5 req-a4e5ae9d-2a7e-4188-83d2-5b06dbfa5be5 ] Request (VolumesAssistedSnapshotsTest:setUpClass): 204 PUT http://10.180.1.21/identity/v3/projects/3a7764163afd4b07a97eeca6add51773/users/e1c576979e1d4656bc258b8d088c4407/roles/d35e45060cf2415b8dda55cf26c0dd2e 0.103s
2024-09-30 19:38:59.188 62239 INFO tempest.lib.common.rest_client [req-cf89ab8d-7f44-40cf-9be2-ee28411c7c28 req-cf89ab8d-7f44-40cf-9be2-ee28411c7c28 ] Request (QuotasAdminTestV257:test_get_updated_quotas): 200 PUT http://10.180.1.21/compute/v2.1/os-quota-sets/54beda2a053e480887e167b5fc1b4d88?user_id=a2a910468e9d473cafc2edd29fc2eec7 1.232s
2024-09-30 19:38:59.213 62243 INFO tempest.lib.common.rest_client [req-55ffff6f-d970-4a5a-94d7-aa4ce10aa107 req-55ffff6f-d970-4a5a-94d7-aa4ce10aa107 ] Request (HostsAdminTestJSON:test_list_hosts_with_nonexistent_zone): 200 GET http://10.180.1.21/compute/v2.1/os-hosts?zone=xxx 1.230s
2024-09-30 19:38:59.236 62193 INFO tempest.lib.common.rest_client [req-1bcbbdc6-5d89-42cb-9dc3-308bf72e1c93 req-1bcbbdc6-5d89-42cb-9dc3-308bf72e1c93 ] Request (ServicesAdminNegativeTestJSON:setUpClass): 201 POST http://10.180.1.21/identity/v3/auth/tokens 0.081s
2024-09-30 19:38:59.241 62229 INFO tempest.lib.common.rest_client [req-3e40a5d3-6127-4f1c-9ead-0d81987dc72b req-3e40a5d3-6127-4f1c-9ead-0d81987dc72b ] Request (NetworksTest:tearDownClass): 200 GET http://10.180.1.21:9696/networking/v2.0/security-groups?tenant_id=c666ddf6e3de4922a6baef86275a3d7c&name=default 0.404s
2024-09-30 19:38:59.243 62249 INFO tempest.lib.common.rest_client [req-4026ce80-edec-4064-a2ff-a96983e4d560 req-4026ce80-edec-4064-a2ff-a96983e4d560 ] Request (HypervisorAdminUnderV252Test:test_search_hypervisor): 200 GET http://10.180.1.21/compute/v2.1/os-hypervisors 1.226s
2024-09-30 19:38:59.257 62207 INFO tempest.lib.common.rest_client [req-a75f9d2d-7ad8-4560-92e6-81e0c8ed7f85 req-a75f9d2d-7ad8-4560-92e6-81e0c8ed7f85 ] Request (ServerGroup264TestJSON:setUpClass): 200 PUT http://10.180.1.21:9696/networking/v2.0/routers/14cf29e0-7eb2-4594-8d60-e5d20f5ad644/add_router_interface 1.510s
2024-09-30 19:38:59.257 62207 INFO tempest.lib.common.dynamic_creds [-] Created isolated network resources for: credentials: Credentials: {'domain_id': 'default', 'domain_name': 'Default', 'username': 'tempest-ServerGroup264TestJSON-933753379-project-member', 'project_domain_id': 'default', 'project_domain_name': 'Default', 'project_id': '645ba7eba0474f029ed77a3e1b39fe8b', 'project_name': 'tempest-ServerGroup264TestJSON-933753379', 'tenant_id': '645ba7eba0474f029ed77a3e1b39fe8b', 'tenant_name': 'tempest-ServerGroup264TestJSON-933753379', 'user_domain_id': 'default', 'user_domain_name': 'Default', 'user_id': '723b54572aa74950a88ed536db5e35e1', 'system': None}, Network: {'id': '3596bb0e-19fe-4fe1-90ac-b6e371d7c8f2', 'name': 'tempest-ServerGroup264TestJSON-967026150-network', 'tenant_id': '645ba7eba0474f029ed77a3e1b39fe8b', 'admin_state_up': True, 'mtu': 8950, 'status': 'ACTIVE', 'subnets': [], 'shared': False, 'project_id': '645ba7eba0474f029ed77a3e1b39fe8b', 'port_security_enabled': True, 'router:external': False, 'provider:network_type': 'vlan', 'provider:physical_network': 'default', 'provider:segmentation_id': 531, 'is_default': False, 'availability_zone_hints': [], 'availability_zones': [], 'ipv4_address_scope': None, 'ipv6_address_scope': None, 'description': '', 'tags': [], 'created_at': '2024-09-30T19:38:55Z', 'updated_at': '2024-09-30T19:38:55Z', 'revision_number': 1}, Subnet: {'id': '0e711cb2-0129-4b3d-aea9-062efe02fc48', 'name': 'tempest-ServerGroup264TestJSON-967026150-subnet', 'tenant_id': '645ba7eba0474f029ed77a3e1b39fe8b', 'network_id': '3596bb0e-19fe-4fe1-90ac-b6e371d7c8f2', 'ip_version': 4, 'subnetpool_id': None, 'enable_dhcp': True, 'ipv6_ra_mode': None, 'ipv6_address_mode': None, 'gateway_ip': '192.168.128.1', 'cidr': '192.168.128.0/28', 'allocation_pools': [{'start': '192.168.128.2', 'end': '192.168.128.14'}], 'host_routes': [], 'dns_nameservers': [], 'description': '', 'router:external': False, 'service_types': [], 'tags': [], 'created_at': '2024-09-30T19:38:56Z', 'updated_at': '2024-09-30T19:38:56Z', 'revision_number': 0, 'project_id': '645ba7eba0474f029ed77a3e1b39fe8b'}, Router: {'id': '14cf29e0-7eb2-4594-8d60-e5d20f5ad644', 'name': 'tempest-ServerGroup264TestJSON-967026150-router', 'tenant_id': '645ba7eba0474f029ed77a3e1b39fe8b', 'admin_state_up': True, 'status': 'ACTIVE', 'external_gateway_info': {'network_id': 'c88ec18b-9877-41cd-bb18-2ddcb59ff3c7', 'external_fixed_ips': [{'subnet_id': 'e9324b66-830c-462f-bde6-470a5ba5b5d7', 'ip_address': '10.180.180.190'}], 'enable_snat': True}, 'description': '', 'availability_zones': [], 'distributed': False, 'ha': False, 'availability_zone_hints': [], 'routes': [], 'flavor_id': None, 'tags': [], 'created_at': '2024-09-30T19:38:56Z', 'updated_at': '2024-09-30T19:38:56Z', 'revision_number': 2, 'project_id': '645ba7eba0474f029ed77a3e1b39fe8b'}
2024-09-30 19:38:59.279 62199 INFO tempest.lib.common.rest_client [req-fadbe43b-95d9-47a5-a16a-b2f2f04d86bf req-fadbe43b-95d9-47a5-a16a-b2f2f04d86bf ] Request (VolumesAssistedSnapshotsTest:setUpClass): 200 GET http://10.180.1.21/identity/v3/roles 0.108s
2024-09-30 19:38:59.288 62193 INFO tempest.lib.common.rest_client [req-cded3bdb-43a7-4d7a-9296-99694046d177 req-cded3bdb-43a7-4d7a-9296-99694046d177 ] Request (ServicesAdminNegativeTestJSON:setUpClass): 201 POST http://10.180.1.21/identity/v3/projects 0.051s
2024-09-30 19:38:59.348 62207 INFO tempest.lib.common.rest_client [req-c91f6b3a-0052-4042-85df-336f669f49a1 req-c91f6b3a-0052-4042-85df-336f669f49a1 ] Request (ServerGroup264TestJSON:setUpClass): 201 POST http://10.180.1.21/identity/v3/auth/tokens 0.087s
2024-09-30 19:38:59.350 62248 INFO tempest.lib.common.rest_client [req-c0ca89a4-7561-4c36-bdf9-b6e5c3f33862 req-c0ca89a4-7561-4c36-bdf9-b6e5c3f33862 ] Request (InstanceUsageAuditLogTestJSON:tearDownClass): 204 DELETE http://10.180.1.21:9696/networking/v2.0/security-groups/1f3e625f-0210-423c-a94d-232049d89895 0.391s
2024-09-30 19:38:59.395 62229 INFO tempest.lib.common.rest_client [req-f7d3778d-f647-40d2-ac8a-dc35017d7c79 req-f7d3778d-f647-40d2-ac8a-dc35017d7c79 ] Request (NetworksTest:tearDownClass): 204 DELETE http://10.180.1.21:9696/networking/v2.0/security-groups/4392ace0-9e58-4486-b074-36a215d2ecbc 0.153s
2024-09-30 19:38:59.404 62199 INFO tempest.lib.common.rest_client [req-b65f74ac-2c2c-4330-92f7-b126da23a9c6 req-b65f74ac-2c2c-4330-92f7-b126da23a9c6 ] Request (VolumesAssistedSnapshotsTest:setUpClass): 204 PUT http://10.180.1.21/identity/v3/projects/3a7764163afd4b07a97eeca6add51773/users/e1c576979e1d4656bc258b8d088c4407/roles/49e2b1d692a44074b6ceef1547a97bcf 0.124s
2024-09-30 19:38:59.404 62199 INFO tempest.lib.common.dynamic_creds [-] Dynamic test user e1c576979e1d4656bc258b8d088c4407 is created with scope project and roles: ['service', 'admin']
2024-09-30 19:38:59.404 62199 INFO tempest.lib.common.dynamic_creds [-] Acquired dynamic creds: credentials: Credentials: {'domain_id': 'default', 'domain_name': 'Default', 'username': 'tempest-VolumesAssistedSnapshotsTest-347781462-project', 'project_domain_id': 'default', 'project_domain_name': 'Default', 'project_id': '3a7764163afd4b07a97eeca6add51773', 'project_name': 'tempest-VolumesAssistedSnapshotsTest-347781462', 'tenant_id': '3a7764163afd4b07a97eeca6add51773', 'tenant_name': 'tempest-VolumesAssistedSnapshotsTest-347781462', 'user_domain_id': 'default', 'user_domain_name': 'Default', 'user_id': 'e1c576979e1d4656bc258b8d088c4407', 'system': None}, Network: None, Subnet: None, Router: None
2024-09-30 19:38:59.432 62217 INFO tempest.lib.common.rest_client [req-314b3495-ebc9-473f-9af4-8479a00a795b req-314b3495-ebc9-473f-9af4-8479a00a795b ] Request (FlavorsAccessTestJSON:test_flavor_access_add_remove): 200 GET http://10.180.1.21/compute/v2.1/flavors/detail 1.357s
2024-09-30 19:38:59.471 62193 INFO tempest.lib.common.rest_client [req-2bf79360-840f-4df0-8cc8-8f47b9cd5844 req-2bf79360-840f-4df0-8cc8-8f47b9cd5844 ] Request (ServicesAdminNegativeTestJSON:setUpClass): 201 POST http://10.180.1.21/identity/v3/users 0.182s
2024-09-30 19:38:59.495 62197 INFO tempest.lib.common.rest_client [req-ebcd3bfc-7aff-4848-9834-fff330611265 req-ebcd3bfc-7aff-4848-9834-fff330611265 ] Request (InstanceUsageAuditLogNegativeTestJSON:tearDownClass): 200 GET http://10.180.1.21:9696/networking/v2.0/security-groups?tenant_id=cf736ee49cd84b2d883c6248770974d6&name=default 0.370s
2024-09-30 19:38:59.533 62248 INFO tempest.lib.common.rest_client [req-75509786-a1e9-4395-8187-07f77b3cd8e2 req-75509786-a1e9-4395-8187-07f77b3cd8e2 ] Request (InstanceUsageAuditLogTestJSON:tearDownClass): 204 DELETE http://10.180.1.21/identity/v3/projects/5e91bbc2f5984cb68fdf13b1b93dc689 0.182s
2024-09-30 19:38:59.534 62248 INFO tempest.lib.common.dynamic_creds [-] Deleting project and security group for project: 2095443fcd634590b3a807b361f3d1a6
2024-09-30 19:38:59.542 62229 INFO tempest.lib.common.rest_client [req-0f3e4286-8c7e-4656-b282-ec40396a4425 req-0f3e4286-8c7e-4656-b282-ec40396a4425 ] Request (NetworksTest:tearDownClass): 204 DELETE http://10.180.1.21/identity/v3/projects/c666ddf6e3de4922a6baef86275a3d7c 0.146s
2024-09-30 19:38:59.542 62229 INFO tempest.lib.common.dynamic_creds [-] Deleting project and security group for project: 5b893da9af0045379dfbf5ebe68ace81
2024-09-30 19:38:59.607 62193 INFO tempest.lib.common.rest_client [req-65b3150e-1b18-40eb-8c5f-1c4e4b57b378 req-65b3150e-1b18-40eb-8c5f-1c4e4b57b378 ] Request (ServicesAdminNegativeTestJSON:setUpClass): 200 GET http://10.180.1.21/identity/v3/roles 0.135s
2024-09-30 19:38:59.636 62193 INFO tempest.lib.common.rest_client [req-931bc9af-78fa-4d7c-b3d8-36b038815c9a req-931bc9af-78fa-4d7c-b3d8-36b038815c9a ] Request (ServicesAdminNegativeTestJSON:setUpClass): 204 PUT http://10.180.1.21/identity/v3/projects/eda907af70434cfc89c04960fcccc984/users/ee4351f2433a458f90eb543bfab87b15/roles/49e2b1d692a44074b6ceef1547a97bcf 0.029s
2024-09-30 19:38:59.684 62193 INFO tempest.lib.common.rest_client [req-56673fa3-7769-45e6-b62b-c9b82f427c01 req-56673fa3-7769-45e6-b62b-c9b82f427c01 ] Request (ServicesAdminNegativeTestJSON:setUpClass): 200 GET http://10.180.1.21/identity/v3/roles 0.048s
2024-09-30 19:38:59.706 62193 INFO tempest.lib.common.rest_client [req-6d532a52-2ac7-43fd-92be-196f7a9c88d9 req-6d532a52-2ac7-43fd-92be-196f7a9c88d9 ] Request (ServicesAdminNegativeTestJSON:setUpClass): 204 PUT http://10.180.1.21/identity/v3/projects/eda907af70434cfc89c04960fcccc984/users/ee4351f2433a458f90eb543bfab87b15/roles/49e2b1d692a44074b6ceef1547a97bcf 0.021s
2024-09-30 19:38:59.706 62193 INFO tempest.lib.common.dynamic_creds [-] Dynamic test user ee4351f2433a458f90eb543bfab87b15 is created with scope project and roles: ['admin']
2024-09-30 19:38:59.707 62193 INFO tempest.lib.common.dynamic_creds [-] Acquired dynamic creds: credentials: Credentials: {'domain_id': 'default', 'domain_name': 'Default', 'username': 'tempest-ServicesAdminNegativeTestJSON-1151810380-project-admin', 'project_domain_id': 'default', 'project_domain_name': 'Default', 'project_id': 'eda907af70434cfc89c04960fcccc984', 'project_name': 'tempest-ServicesAdminNegativeTestJSON-1151810380', 'tenant_id': 'eda907af70434cfc89c04960fcccc984', 'tenant_name': 'tempest-ServicesAdminNegativeTestJSON-1151810380', 'user_domain_id': 'default', 'user_domain_name': 'Default', 'user_id': 'ee4351f2433a458f90eb543bfab87b15', 'system': None}, Network: None, Subnet: None, Router: None
2024-09-30 19:38:59.707 62193 INFO tempest.lib.common.dynamic_creds [-] Created isolated network resources for: credentials: Credentials: {'domain_id': 'default', 'domain_name': 'Default', 'username': 'tempest-ServicesAdminNegativeTestJSON-1151810380-project-admin', 'project_domain_id': 'default', 'project_domain_name': 'Default', 'project_id': 'eda907af70434cfc89c04960fcccc984', 'project_name': 'tempest-ServicesAdminNegativeTestJSON-1151810380', 'tenant_id': 'eda907af70434cfc89c04960fcccc984', 'tenant_name': 'tempest-ServicesAdminNegativeTestJSON-1151810380', 'user_domain_id': 'default', 'user_domain_name': 'Default', 'user_id': 'ee4351f2433a458f90eb543bfab87b15', 'system': None}, Network: None, Subnet: None, Router: None
2024-09-30 19:38:59.755 62197 INFO tempest.lib.common.rest_client [req-ee610c91-bf76-4ed1-948c-6190707d0d6d req-ee610c91-bf76-4ed1-948c-6190707d0d6d ] Request (InstanceUsageAuditLogNegativeTestJSON:tearDownClass): 204 DELETE http://10.180.1.21:9696/networking/v2.0/security-groups/2e51b83b-8b89-46a0-9b88-1dd52557c32e 0.260s
2024-09-30 19:38:59.791 62193 INFO tempest.lib.common.rest_client [req-4b1dce0a-064f-41e5-8c51-2514371ae8d8 req-4b1dce0a-064f-41e5-8c51-2514371ae8d8 ] Request (ServicesAdminNegativeTestJSON:setUpClass): 201 POST http://10.180.1.21/identity/v3/auth/tokens 0.078s
2024-09-30 19:38:59.812 62248 INFO tempest.lib.common.rest_client [req-83ad5968-9cc2-4b10-adbb-d4c348cfa109 req-83ad5968-9cc2-4b10-adbb-d4c348cfa109 ] Request (InstanceUsageAuditLogTestJSON:tearDownClass): 200 GET http://10.180.1.21:9696/networking/v2.0/security-groups?tenant_id=2095443fcd634590b3a807b361f3d1a6&name=default 0.278s
2024-09-30 19:38:59.830 62223 INFO tempest.lib.common.rest_client [req-2edd3400-a1dc-4fee-81a5-6a0e707e5cbf req-2edd3400-a1dc-4fee-81a5-6a0e707e5cbf ] Request (AggregatesAdminNegativeTestJSON:test_aggregate_add_existent_host): 200 POST http://10.180.1.21/compute/v2.1/os-aggregates/1/action 1.724s
2024-09-30 19:38:59.859 62229 INFO tempest.lib.common.rest_client [req-83573f5f-07d5-4781-991e-4e9c3f6e39d7 req-83573f5f-07d5-4781-991e-4e9c3f6e39d7 ] Request (NetworksTest:tearDownClass): 200 GET http://10.180.1.21:9696/networking/v2.0/security-groups?tenant_id=5b893da9af0045379dfbf5ebe68ace81&name=default 0.316s
2024-09-30 19:38:59.868 62191 INFO tempest.lib.common.rest_client [req-5dc1b280-1ec9-4be9-9aec-d679b1c14256 req-5dc1b280-1ec9-4be9-9aec-d679b1c14256 ] Request (FlavorsExtraSpecsNegativeTestJSON:test_flavor_non_admin_unset_keys): 200 POST http://10.180.1.21/compute/v2.1/flavors/358080758/os-extra_specs 1.755s
2024-09-30 19:38:59.880 62197 INFO tempest.lib.common.rest_client [req-443f2d3e-a53e-41e4-b74d-7868d4c6dcbf req-443f2d3e-a53e-41e4-b74d-7868d4c6dcbf ] Request (InstanceUsageAuditLogNegativeTestJSON:tearDownClass): 204 DELETE http://10.180.1.21/identity/v3/projects/cf736ee49cd84b2d883c6248770974d6 0.122s
2024-09-30 19:38:59.880 62197 INFO tempest.lib.common.dynamic_creds [-] Deleting project and security group for project: 6e7341f8fe6c4c48a7c26bc87d16e265
2024-09-30 19:38:59.898 62231 INFO tempest.lib.common.rest_client [req-f87aafd7-29f0-4743-8d03-c3cc59e21ba8 req-f87aafd7-29f0-4743-8d03-c3cc59e21ba8 ] Request (FlavorsV261TestJSON:test_crud_flavor): 200 PUT http://10.180.1.21/compute/v2.1/flavors/1632020703 1.742s
2024-09-30 19:38:59.911 62199 INFO tempest.lib.common.rest_client [req-bafbd715-47f6-48dd-a53b-4a9796ec81fe req-bafbd715-47f6-48dd-a53b-4a9796ec81fe ] Request (VolumesAssistedSnapshotsTest:setUpClass): 201 POST http://10.180.1.21:9696/networking/v2.0/networks 0.506s
2024-09-30 19:39:00.016 62251 INFO tempest.lib.common.rest_client [req-1d59db23-84c6-43d6-ba3b-43777b503689 req-1d59db23-84c6-43d6-ba3b-43777b503689 ] Request (MigrationsAdminTest:test_list_migrations_in_flavor_resize_situation): 200 GET http://10.180.1.21/compute/v2.1/servers/ed3e20df-56f7-40be-ae6c-cc2c5db8ea34 1.835s
2024-09-30 19:39:00.029 62251 INFO tempest.common.waiters [-] State transition "BUILD/scheduling" ==> "BUILD/None" after 3 second wait
2024-09-30 19:39:00.042 62248 INFO tempest.lib.common.rest_client [req-25fbb717-f393-474a-b134-34153c4fccf0 req-25fbb717-f393-474a-b134-34153c4fccf0 ] Request (InstanceUsageAuditLogTestJSON:tearDownClass): 204 DELETE http://10.180.1.21:9696/networking/v2.0/security-groups/9023d1ff-49bb-4275-96d4-10d9888eb281 0.229s
2024-09-30 19:39:00.047 62229 INFO tempest.lib.common.rest_client [req-cf092f26-c685-4d98-85dd-4d3b3c09b39d req-cf092f26-c685-4d98-85dd-4d3b3c09b39d ] Request (NetworksTest:tearDownClass): 204 DELETE http://10.180.1.21:9696/networking/v2.0/security-groups/63ace95d-6521-4ec6-b092-4cf070fc8329 0.188s
2024-09-30 19:39:00.146 62248 INFO tempest.lib.common.rest_client [req-2dc502e4-94bd-46a1-ae8b-800627bcf1a8 req-2dc502e4-94bd-46a1-ae8b-800627bcf1a8 ] Request (InstanceUsageAuditLogTestJSON:tearDownClass): 204 DELETE http://10.180.1.21/identity/v3/projects/2095443fcd634590b3a807b361f3d1a6 0.104s
2024-09-30 19:39:00.202 62233 INFO tempest.lib.common.rest_client [req-6444694e-b0b0-49a6-b48d-6bf97d26430c req-6444694e-b0b0-49a6-b48d-6bf97d26430c ] Request (FlavorsAccessNegativeTestJSON:test_add_flavor_access_duplicate): 409 POST http://10.180.1.21/compute/v2.1/flavors/2030951006/action 1.949s
2024-09-30 19:39:00.207 62248 INFO tempest.lib.common.rest_client [req-96819d26-fd99-421b-b955-7a04d9ba94fe req-96819d26-fd99-421b-b955-7a04d9ba94fe ] Request (MultipleCreateTestJSON:setUpClass): 201 POST http://10.180.1.21/identity/v3/auth/tokens 0.059s
2024-09-30 19:39:00.238 62229 INFO tempest.lib.common.rest_client [req-75a79e12-06d0-482e-924b-6e1d0e75b677 req-75a79e12-06d0-482e-924b-6e1d0e75b677 ] Request (NetworksTest:tearDownClass): 204 DELETE http://10.180.1.21/identity/v3/projects/5b893da9af0045379dfbf5ebe68ace81 0.190s
2024-09-30 19:39:00.295 62248 INFO tempest.lib.common.rest_client [req-0f6aa327-fdc9-4b91-a5f2-1a263be9e198 req-0f6aa327-fdc9-4b91-a5f2-1a263be9e198 ] Request (MultipleCreateTestJSON:setUpClass): 201 POST http://10.180.1.21/identity/v3/auth/tokens 0.084s
2024-09-30 19:39:00.301 62205 INFO tempest.lib.common.rest_client [req-1a1b443a-54db-431c-9681-47c0751add2e req-1a1b443a-54db-431c-9681-47c0751add2e ] Request (FlavorMetadataValidation:test_flavor_update_with_custom_namespace): 200 POST http://10.180.1.21/compute/v2.1/flavors/2089001497/os-extra_specs 2.012s
2024-09-30 19:39:00.301 62229 INFO tempest.lib.common.rest_client [req-91e13c44-d96d-4dbf-9dcd-b03812b9d3c9 req-91e13c44-d96d-4dbf-9dcd-b03812b9d3c9 ] Request (SecurityGroupsTestAdminJSON:setUpClass): 201 POST http://10.180.1.21/identity/v3/auth/tokens 0.062s
2024-09-30 19:39:00.308 62201 INFO tempest.lib.common.rest_client [req-bbeea631-0c10-45c2-b56c-190a13856e26 req-bbeea631-0c10-45c2-b56c-190a13856e26 ] Request (TenantUsagesNegativeTestJSON:test_get_usage_tenant_with_invalid_date): 400 GET http://10.180.1.21/compute/v2.1/os-simple-tenant-usage/01304e1cf6934b4dac6fe2ed8fb179d4?start=2024-10-01T19%3A38%3A57.623523&end=2024-09-29T19%3A38%3A57.623523 1.957s
2024-09-30 19:39:00.324 62203 INFO tempest.lib.common.rest_client [req-554f25e9-4c18-4673-ad29-382f4d841799 req-554f25e9-4c18-4673-ad29-382f4d841799 ] Request (FlavorsV255TestJSON:_run_cleanups): 202 DELETE http://10.180.1.21/compute/v2.1/flavors/1004744644 1.831s
2024-09-30 19:39:00.324 62248 INFO tempest.lib.common.rest_client [req-58dd6421-3a1b-4a5c-a6b9-c6fd0e3b4bfa req-58dd6421-3a1b-4a5c-a6b9-c6fd0e3b4bfa ] Request (MultipleCreateTestJSON:setUpClass): 200 GET http://10.180.1.21/identity/v3/domains?name=Default 0.028s
2024-09-30 19:39:00.329 62197 INFO tempest.lib.common.rest_client [req-df93a62e-b668-40e5-9548-9bfd241f5bce req-df93a62e-b668-40e5-9548-9bfd241f5bce ] Request (InstanceUsageAuditLogNegativeTestJSON:tearDownClass): 200 GET http://10.180.1.21:9696/networking/v2.0/security-groups?tenant_id=6e7341f8fe6c4c48a7c26bc87d16e265&name=default 0.448s
2024-09-30 19:39:00.335 62245 INFO tempest.lib.common.rest_client [req-be0d5034-c1a4-49aa-92f9-676e0d4fd052 req-be0d5034-c1a4-49aa-92f9-676e0d4fd052 ] Request (FlavorsV2TestJSON:test_list_flavors_detailed_filter_by_min_ram): 200 GET http://10.180.1.21/compute/v2.1/flavors/42 1.832s
2024-09-30 19:39:00.352 62229 INFO tempest.lib.common.rest_client [req-9f21e402-480f-44ab-a32f-a33d6ef2d5bc req-9f21e402-480f-44ab-a32f-a33d6ef2d5bc ] Request (SecurityGroupsTestAdminJSON:setUpClass): 201 POST http://10.180.1.21/identity/v3/auth/tokens 0.048s
2024-09-30 19:39:00.368 62248 INFO tempest.lib.common.rest_client [req-ab81f88e-d497-448d-9eb8-994e16eda4d8 req-ab81f88e-d497-448d-9eb8-994e16eda4d8 ] Request (MultipleCreateTestJSON:setUpClass): 201 POST http://10.180.1.21/identity/v3/projects 0.044s
2024-09-30 19:39:00.378 62229 INFO tempest.lib.common.rest_client [req-9376e519-a6c6-435a-98f6-4f528cad21f2 req-9376e519-a6c6-435a-98f6-4f528cad21f2 ] Request (SecurityGroupsTestAdminJSON:setUpClass): 200 GET http://10.180.1.21/identity/v3/domains?name=Default 0.026s
2024-09-30 19:39:00.397 62241 INFO tempest.lib.common.rest_client [req-b0ca0633-41e4-4ecd-901b-5091b1adea05 req-b0ca0633-41e4-4ecd-901b-5091b1adea05 ] Request (FloatingIPDetailsTestJSON:test_get_floating_ip_details): 200 POST http://10.180.1.21/compute/v2.1/os-floating-ips 2.658s
2024-09-30 19:39:00.403 62195 INFO tempest.lib.common.rest_client [req-ccc9ece0-428f-4e66-8c7f-ed6f6cc6080f req-ccc9ece0-428f-4e66-8c7f-ed6f6cc6080f ] Request (ServersAdminNegativeTestJSON:setUpClass): 200 GET http://10.180.1.21/compute/v2.1/servers/620d9f8a-e28c-49d0-a2c3-5846a60001da 1.820s
2024-09-30 19:39:00.412 62195 INFO tempest.common.waiters [-] State transition "BUILD/None" ==> "BUILD/networking" after 3 second wait
2024-09-30 19:39:00.420 62213 INFO tempest.lib.common.rest_client [req-0ed10a2d-f780-40dd-b779-b7348f803436 req-0ed10a2d-f780-40dd-b779-b7348f803436 ] Request (FlavorsAdminTestJSON:test_create_flavor_verify_entry_in_list_details): 200 POST http://10.180.1.21/compute/v2.1/flavors 1.831s
2024-09-30 19:39:00.439 62229 INFO tempest.lib.common.rest_client [req-9c0785e1-bb4a-4b4e-bb50-10b96afe2f9b req-9c0785e1-bb4a-4b4e-bb50-10b96afe2f9b ] Request (SecurityGroupsTestAdminJSON:setUpClass): 201 POST http://10.180.1.21/identity/v3/projects 0.060s
2024-09-30 19:39:00.440 62248 INFO tempest.lib.common.rest_client [req-8e9d027e-cb20-4356-a59e-a66f546c5388 req-8e9d027e-cb20-4356-a59e-a66f546c5388 ] Request (MultipleCreateTestJSON:setUpClass): 201 POST http://10.180.1.21/identity/v3/users 0.071s
2024-09-30 19:39:00.489 62248 INFO tempest.lib.common.rest_client [req-20668345-d5d2-461b-a928-ef4054b39289 req-20668345-d5d2-461b-a928-ef4054b39289 ] Request (MultipleCreateTestJSON:setUpClass): 200 GET http://10.180.1.21/identity/v3/roles 0.048s
2024-09-30 19:39:00.512 62227 INFO tempest.lib.common.rest_client [req-95982007-43c1-4ead-914e-141de698eede req-95982007-43c1-4ead-914e-141de698eede ] Request (ServerDiagnosticsV248Test:test_get_server_diagnostics): 200 GET http://10.180.1.21/compute/v2.1/servers/b3adcefb-b5a4-459e-a4f8-337a2e35c18e 1.843s
2024-09-30 19:39:00.521 62199 INFO tempest.lib.common.rest_client [req-f49b2543-ea78-430b-9733-805acc828b85 req-f49b2543-ea78-430b-9733-805acc828b85 ] Request (VolumesAssistedSnapshotsTest:setUpClass): 201 POST http://10.180.1.21:9696/networking/v2.0/subnets 0.610s
2024-09-30 19:39:00.525 62229 INFO tempest.lib.common.rest_client [req-7a0a410f-0c4e-4503-8594-2eb54e240fee req-7a0a410f-0c4e-4503-8594-2eb54e240fee ] Request (SecurityGroupsTestAdminJSON:setUpClass): 201 POST http://10.180.1.21/identity/v3/users 0.084s
2024-09-30 19:39:00.559 62229 INFO tempest.lib.common.rest_client [req-d49f19fd-b7b5-4b09-82cc-3f7bef4bed69 req-d49f19fd-b7b5-4b09-82cc-3f7bef4bed69 ] Request (SecurityGroupsTestAdminJSON:setUpClass): 200 GET http://10.180.1.21/identity/v3/roles 0.033s
2024-09-30 19:39:00.562 62248 INFO tempest.lib.common.rest_client [req-907299b4-a31a-4d3f-b71a-4bc0fddcb9de req-907299b4-a31a-4d3f-b71a-4bc0fddcb9de ] Request (MultipleCreateTestJSON:setUpClass): 204 PUT http://10.180.1.21/identity/v3/projects/b6b419fec1d345a99bba041220779b2a/users/d97d6fbf14ea439c8bdae449e9072868/roles/58ca00245de14d158e927561b27bd523 0.073s
2024-09-30 19:39:00.563 62248 INFO tempest.lib.common.dynamic_creds [-] Dynamic test user d97d6fbf14ea439c8bdae449e9072868 is created with scope project and roles: ['member']
2024-09-30 19:39:00.563 62248 INFO tempest.lib.common.dynamic_creds [-] Acquired dynamic creds: credentials: Credentials: {'domain_id': 'default', 'domain_name': 'Default', 'username': 'tempest-MultipleCreateTestJSON-375782801-project-member', 'project_domain_id': 'default', 'project_domain_name': 'Default', 'project_id': 'b6b419fec1d345a99bba041220779b2a', 'project_name': 'tempest-MultipleCreateTestJSON-375782801', 'tenant_id': 'b6b419fec1d345a99bba041220779b2a', 'tenant_name': 'tempest-MultipleCreateTestJSON-375782801', 'user_domain_id': 'default', 'user_domain_name': 'Default', 'user_id': 'd97d6fbf14ea439c8bdae449e9072868', 'system': None}, Network: None, Subnet: None, Router: None
2024-09-30 19:39:00.571 62197 INFO tempest.lib.common.rest_client [req-f35ed7e1-7995-4143-a90c-2a426a9eccba req-f35ed7e1-7995-4143-a90c-2a426a9eccba ] Request (InstanceUsageAuditLogNegativeTestJSON:tearDownClass): 204 DELETE http://10.180.1.21:9696/networking/v2.0/security-groups/b3524238-46de-49bd-b7eb-af10659b7904 0.242s
2024-09-30 19:39:00.574 62253 INFO tempest.lib.common.rest_client [req-a408022f-d941-4c19-af4f-66b620d54788 req-a408022f-d941-4c19-af4f-66b620d54788 ] Request (HypervisorAdminNegativeTestJSON:test_get_hypervisor_uptime_with_non_admin_user): 200 GET http://10.180.1.21/compute/v2.1/os-hypervisors 1.820s
2024-09-30 19:39:00.580 62236 INFO tempest.lib.common.rest_client [req-27d8f59e-32ab-4dd0-b186-40f5cbfd80e1 req-27d8f59e-32ab-4dd0-b186-40f5cbfd80e1 ] Request (KeyPairsNegativeTestJSON:test_create_keypair_with_empty_name_string): 400 POST http://10.180.1.21/compute/v2.1/os-keypairs 1.784s
2024-09-30 19:39:00.582 62219 INFO tempest.lib.common.rest_client [req-28df6676-bdc6-4d91-8a97-ece7ddbe91ee req-28df6676-bdc6-4d91-8a97-ece7ddbe91ee ] Request (KeyPairsV210TestJSON:test_admin_manage_keypairs_for_other_users): 201 POST http://10.180.1.21/compute/v2.1/os-keypairs 1.815s
2024-09-30 19:39:00.598 62225 INFO tempest.lib.common.rest_client [req-d730eb4c-8526-435e-9af0-5e3b6a795fab req-d730eb4c-8526-435e-9af0-5e3b6a795fab ] Request (ServersWithSpecificFlavorTestJSON:setUpClass): 200 PUT http://10.180.1.21:9696/networking/v2.0/routers/43ce03e7-7aae-4598-b274-8aea6e3a9b34/add_router_interface 2.744s
2024-09-30 19:39:00.598 62225 INFO tempest.lib.common.dynamic_creds [-] Created isolated network resources for: credentials: Credentials: {'domain_id': 'default', 'domain_name': 'Default', 'username': 'tempest-ServersWithSpecificFlavorTestJSON-1593770986-project-admin', 'project_domain_id': 'default', 'project_domain_name': 'Default', 'project_id': 'b9c0d8b0177f43ccbc9709336bfeb0fe', 'project_name': 'tempest-ServersWithSpecificFlavorTestJSON-1593770986', 'tenant_id': 'b9c0d8b0177f43ccbc9709336bfeb0fe', 'tenant_name': 'tempest-ServersWithSpecificFlavorTestJSON-1593770986', 'user_domain_id': 'default', 'user_domain_name': 'Default', 'user_id': '1e3dda220db84a1b9d47687f96ef1a30', 'system': None}, Network: {'id': 'e9096f8d-e634-4240-b677-7eb142d87972', 'name': 'tempest-ServersWithSpecificFlavorTestJSON-620806185-network', 'tenant_id': 'b9c0d8b0177f43ccbc9709336bfeb0fe', 'admin_state_up': True, 'mtu': 8950, 'status': 'ACTIVE', 'subnets': [], 'shared': False, 'project_id': 'b9c0d8b0177f43ccbc9709336bfeb0fe', 'port_security_enabled': True, 'router:external': False, 'provider:network_type': 'vlan', 'provider:physical_network': 'default', 'provider:segmentation_id': 309, 'is_default': False, 'availability_zone_hints': [], 'availability_zones': [], 'ipv4_address_scope': None, 'ipv6_address_scope': None, 'description': '', 'tags': [], 'created_at': '2024-09-30T19:38:55Z', 'updated_at': '2024-09-30T19:38:55Z', 'revision_number': 1}, Subnet: {'id': '9e8ecec9-1f30-4f4c-990f-9dcec48c207d', 'name': 'tempest-ServersWithSpecificFlavorTestJSON-620806185-subnet', 'tenant_id': 'b9c0d8b0177f43ccbc9709336bfeb0fe', 'network_id': 'e9096f8d-e634-4240-b677-7eb142d87972', 'ip_version': 4, 'subnetpool_id': None, 'enable_dhcp': True, 'ipv6_ra_mode': None, 'ipv6_address_mode': None, 'gateway_ip': '192.168.128.1', 'cidr': '192.168.128.0/28', 'allocation_pools': [{'start': '192.168.128.2', 'end': '192.168.128.14'}], 'host_routes': [], 'dns_nameservers': [], 'description': '', 'router:external': False, 'service_types': [], 'tags': [], 'created_at': '2024-09-30T19:38:56Z', 'updated_at': '2024-09-30T19:38:56Z', 'revision_number': 0, 'project_id': 'b9c0d8b0177f43ccbc9709336bfeb0fe'}, Router: {'id': '43ce03e7-7aae-4598-b274-8aea6e3a9b34', 'name': 'tempest-ServersWithSpecificFlavorTestJSON-620806185-router', 'tenant_id': 'b9c0d8b0177f43ccbc9709336bfeb0fe', 'admin_state_up': True, 'status': 'ACTIVE', 'external_gateway_info': {'network_id': 'c88ec18b-9877-41cd-bb18-2ddcb59ff3c7', 'external_fixed_ips': [{'subnet_id': 'e9324b66-830c-462f-bde6-470a5ba5b5d7', 'ip_address': '10.180.180.209'}], 'enable_snat': True}, 'description': '', 'availability_zones': [], 'distributed': False, 'ha': False, 'availability_zone_hints': [], 'routes': [], 'flavor_id': None, 'tags': [], 'created_at': '2024-09-30T19:38:56Z', 'updated_at': '2024-09-30T19:38:57Z', 'revision_number': 2, 'project_id': 'b9c0d8b0177f43ccbc9709336bfeb0fe'}
2024-09-30 19:39:00.615 62211 INFO tempest.lib.common.rest_client [req-acaae0d7-ad57-4aed-a571-0e2709221dc7 req-acaae0d7-ad57-4aed-a571-0e2709221dc7 ] Request (FlavorsExtraSpecsTestJSON:test_flavor_non_admin_get_specific_key): 200 POST http://10.180.1.21/compute/v2.1/flavors/84463773/os-extra_specs 1.812s
2024-09-30 19:39:00.616 62229 INFO tempest.lib.common.rest_client [req-aafaa6fd-952d-4488-b1cb-8d8d15962772 req-aafaa6fd-952d-4488-b1cb-8d8d15962772 ] Request (SecurityGroupsTestAdminJSON:setUpClass): 204 PUT http://10.180.1.21/identity/v3/projects/a65619a887e64701a2be50845187fa89/users/1f344b0aa5c54a4d9fac85c2d88781b1/roles/58ca00245de14d158e927561b27bd523 0.057s
2024-09-30 19:39:00.617 62229 INFO tempest.lib.common.dynamic_creds [-] Dynamic test user 1f344b0aa5c54a4d9fac85c2d88781b1 is created with scope project and roles: ['member']
2024-09-30 19:39:00.617 62229 INFO tempest.lib.common.dynamic_creds [-] Acquired dynamic creds: credentials: Credentials: {'domain_id': 'default', 'domain_name': 'Default', 'username': 'tempest-SecurityGroupsTestAdminJSON-402849252-project-member', 'project_domain_id': 'default', 'project_domain_name': 'Default', 'project_id': 'a65619a887e64701a2be50845187fa89', 'project_name': 'tempest-SecurityGroupsTestAdminJSON-402849252', 'tenant_id': 'a65619a887e64701a2be50845187fa89', 'tenant_name': 'tempest-SecurityGroupsTestAdminJSON-402849252', 'user_domain_id': 'default', 'user_domain_name': 'Default', 'user_id': '1f344b0aa5c54a4d9fac85c2d88781b1', 'system': None}, Network: None, Subnet: None, Router: None
2024-09-30 19:39:00.617 62229 INFO tempest.lib.common.dynamic_creds [-] Created isolated network resources for: credentials: Credentials: {'domain_id': 'default', 'domain_name': 'Default', 'username': 'tempest-SecurityGroupsTestAdminJSON-402849252-project-member', 'project_domain_id': 'default', 'project_domain_name': 'Default', 'project_id': 'a65619a887e64701a2be50845187fa89', 'project_name': 'tempest-SecurityGroupsTestAdminJSON-402849252', 'tenant_id': 'a65619a887e64701a2be50845187fa89', 'tenant_name': 'tempest-SecurityGroupsTestAdminJSON-402849252', 'user_domain_id': 'default', 'user_domain_name': 'Default', 'user_id': '1f344b0aa5c54a4d9fac85c2d88781b1', 'system': None}, Network: None, Subnet: None, Router: None
2024-09-30 19:39:00.639 62237 INFO tempest.lib.common.rest_client [req-8f3d5851-82ed-4d71-b507-646e47839f93 req-8f3d5851-82ed-4d71-b507-646e47839f93 ] Request (FloatingIPsNegativeTestJSON:tearDownClass): 200 PUT http://10.180.1.21:9696/networking/v2.0/routers/18022457-84b2-4ff0-8d63-e718cf2a494c/remove_router_interface 2.187s
2024-09-30 19:39:00.644 62249 INFO tempest.lib.common.rest_client [req-aae9902c-4334-4c8c-832a-58c230c1a7af req-aae9902c-4334-4c8c-832a-58c230c1a7af ] Request (HypervisorAdminUnderV252Test:test_search_hypervisor): 200 GET http://10.180.1.21/compute/v2.1/os-hypervisors/domain-c8.fc996f14-c53b-4953-92e3-bdfa48f5cc28/search 1.399s
2024-09-30 19:39:00.658 62248 INFO tempest.lib.common.rest_client [req-7fe08dea-16bb-438c-b778-dc3b07b467dc req-7fe08dea-16bb-438c-b778-dc3b07b467dc ] Request (MultipleCreateTestJSON:setUpClass): 201 POST http://10.180.1.21/identity/v3/auth/tokens 0.094s
2024-09-30 19:39:00.737 62197 INFO tempest.lib.common.rest_client [req-8295cbd0-9a22-4757-858e-b76240dd5e4a req-8295cbd0-9a22-4757-858e-b76240dd5e4a ] Request (InstanceUsageAuditLogNegativeTestJSON:tearDownClass): 204 DELETE http://10.180.1.21/identity/v3/projects/6e7341f8fe6c4c48a7c26bc87d16e265 0.166s
2024-09-30 19:39:00.747 62225 INFO tempest.lib.common.rest_client [req-3d8f2d20-f2bc-4800-a8a0-448cc0030efc req-3d8f2d20-f2bc-4800-a8a0-448cc0030efc ] Request (ServersWithSpecificFlavorTestJSON:setUpClass): 201 POST http://10.180.1.21/identity/v3/auth/tokens 0.145s
2024-09-30 19:39:00.808 62229 INFO tempest.lib.common.rest_client [req-81809c0e-575b-48ca-9c5e-64ff49378727 req-81809c0e-575b-48ca-9c5e-64ff49378727 ] Request (SecurityGroupsTestAdminJSON:setUpClass): 201 POST http://10.180.1.21/identity/v3/auth/tokens 0.186s
2024-09-30 19:39:00.938 62249 INFO tempest.lib.common.rest_client [req-e2a06ce9-8b3b-4b08-97d3-a77bbc24af60 req-e2a06ce9-8b3b-4b08-97d3-a77bbc24af60 ] Request (HypervisorAdminUnderV252Test:tearDownClass): 204 DELETE http://10.180.1.21/identity/v3/users/31e0d527b90d4a7f8e821b0a0f898b45 0.292s
2024-09-30 19:39:01.008 62207 INFO tempest.lib.common.rest_client [req-d1ec1b61-1fec-41ab-9a23-290cb31fca0f req-d1ec1b61-1fec-41ab-9a23-290cb31fca0f ] Request (ServerGroup264TestJSON:test_create_get_server_group): 200 POST http://10.180.1.21/compute/v2.1/os-server-groups 1.657s
2024-09-30 19:39:01.032 62239 INFO tempest.lib.common.rest_client [req-b6e10789-3126-47b2-84c1-09093ad3f7f9 req-b6e10789-3126-47b2-84c1-09093ad3f7f9 ] Request (QuotasAdminTestV257:test_get_updated_quotas): 200 GET http://10.180.1.21/compute/v2.1/os-quota-sets/54beda2a053e480887e167b5fc1b4d88?user_id=a2a910468e9d473cafc2edd29fc2eec7 1.842s
2024-09-30 19:39:01.041 62197 INFO tempest.lib.common.rest_client [req-0b54e84e-bdd0-455c-bf66-24a90f91e461 req-0b54e84e-bdd0-455c-bf66-24a90f91e461 ] Request (ImagesTestJSON:setUpClass): 201 POST http://10.180.1.21/identity/v3/auth/tokens 0.299s
2024-09-30 19:39:01.070 62229 INFO tempest.lib.common.rest_client [req-f4217485-449d-4c3a-bf00-22a86a67b08b req-f4217485-449d-4c3a-bf00-22a86a67b08b ] Request (SecurityGroupsTestAdminJSON:setUpClass): 201 POST http://10.180.1.21/identity/v3/projects 0.260s
2024-09-30 19:39:01.120 62249 INFO tempest.lib.common.rest_client [req-42fd9179-7500-4b34-a291-f74869842c77 req-42fd9179-7500-4b34-a291-f74869842c77 ] Request (HypervisorAdminUnderV252Test:tearDownClass): 204 DELETE http://10.180.1.21/identity/v3/users/2fc79bb268c445c4a64b5396e87604b3 0.182s
2024-09-30 19:39:01.120 62249 INFO tempest.lib.common.dynamic_creds [-] Deleting project and security group for project: 811f80c38b8c44a79d97a30da7ab22de
2024-09-30 19:39:01.132 62237 INFO tempest.lib.common.rest_client [req-d1ef692d-7526-4c46-addf-9c759dd87365 req-d1ef692d-7526-4c46-addf-9c759dd87365 ] Request (FloatingIPsNegativeTestJSON:tearDownClass): 204 DELETE http://10.180.1.21:9696/networking/v2.0/routers/18022457-84b2-4ff0-8d63-e718cf2a494c 0.492s
2024-09-30 19:39:01.225 62239 INFO tempest.lib.common.rest_client [req-978ab0c1-37aa-4bc9-b990-12c6177b9dbd req-978ab0c1-37aa-4bc9-b990-12c6177b9dbd ] Request (QuotasAdminTestV257:_run_cleanups): 204 DELETE http://10.180.1.21/identity/v3/users/a2a910468e9d473cafc2edd29fc2eec7 0.190s
2024-09-30 19:39:01.230 62193 INFO tempest.lib.common.rest_client [req-cbd8a9e0-27d6-473a-a73c-d675e039d1af req-cbd8a9e0-27d6-473a-a73c-d675e039d1af ] Request (ServicesAdminNegativeTestJSON:test_get_service_by_invalid_params): 200 GET http://10.180.1.21/compute/v2.1/os-services 1.437s
2024-09-30 19:39:01.259 62197 INFO tempest.lib.common.rest_client [req-a643b468-4186-4b25-baa6-8e7124acbdee req-a643b468-4186-4b25-baa6-8e7124acbdee ] Request (ImagesTestJSON:setUpClass): 201 POST http://10.180.1.21/identity/v3/auth/tokens 0.216s
2024-09-30 19:39:01.290 62223 INFO tempest.lib.common.rest_client [req-805d503e-7d9d-418d-9308-9054e545051b req-805d503e-7d9d-418d-9308-9054e545051b ] Request (AggregatesAdminNegativeTestJSON:test_aggregate_add_existent_host): 409 POST http://10.180.1.21/compute/v2.1/os-aggregates/1/action 1.457s
2024-09-30 19:39:01.294 62229 INFO tempest.lib.common.rest_client [req-c5972507-2725-4bfa-b13b-62df2bc26961 req-c5972507-2725-4bfa-b13b-62df2bc26961 ] Request (SecurityGroupsTestAdminJSON:setUpClass): 201 POST http://10.180.1.21/identity/v3/users 0.223s
2024-09-30 19:39:01.296 62191 INFO tempest.lib.common.rest_client [req-51449ae5-53f2-4da9-be92-bd0d8a7189f6 req-51449ae5-53f2-4da9-be92-bd0d8a7189f6 ] Request (FlavorsExtraSpecsNegativeTestJSON:test_flavor_non_admin_unset_keys): 403 DELETE http://10.180.1.21/compute/v2.1/flavors/358080758/os-extra_specs/hw:numa_nodes 1.425s
2024-09-30 19:39:01.319 62231 INFO tempest.lib.common.rest_client [req-24f856ba-5b73-4eaa-8f8c-0bf16260912d req-24f856ba-5b73-4eaa-8f8c-0bf16260912d ] Request (FlavorsV261TestJSON:test_crud_flavor): 200 GET http://10.180.1.21/compute/v2.1/flavors/detail 1.418s
2024-09-30 19:39:01.325 62249 INFO tempest.lib.common.rest_client [req-cec0148f-470c-4f1c-81ec-69883f6ae7e6 req-cec0148f-470c-4f1c-81ec-69883f6ae7e6 ] Request (HypervisorAdminUnderV252Test:tearDownClass): 201 POST http://10.180.1.21/identity/v3/auth/tokens 0.204s
2024-09-30 19:39:01.381 62248 INFO tempest.lib.common.rest_client [req-d6c2f5a9-ef5f-4129-9e72-b0a2eadd02d0 req-d6c2f5a9-ef5f-4129-9e72-b0a2eadd02d0 ] Request (MultipleCreateTestJSON:setUpClass): 201 POST http://10.180.1.21:9696/networking/v2.0/networks 0.723s
2024-09-30 19:39:01.385 62237 INFO tempest.lib.common.rest_client [req-350eee8f-48df-404b-9005-431d5f5ba463 req-350eee8f-48df-404b-9005-431d5f5ba463 ] Request (FloatingIPsNegativeTestJSON:tearDownClass): 204 DELETE http://10.180.1.21:9696/networking/v2.0/subnets/2106a4fb-d5aa-4614-92b8-a6eeacef0749 0.252s
2024-09-30 19:39:01.419 62217 INFO tempest.lib.common.rest_client [req-e3997993-9da7-4a39-b513-a6df3e219298 req-e3997993-9da7-4a39-b513-a6df3e219298 ] Request (FlavorsAccessTestJSON:test_flavor_access_add_remove): 200 POST http://10.180.1.21/compute/v2.1/flavors/935077427/action 1.979s
2024-09-30 19:39:01.422 62197 INFO tempest.lib.common.rest_client [req-0d883a61-6386-44ef-9f04-4536a83d2c93 req-0d883a61-6386-44ef-9f04-4536a83d2c93 ] Request (ImagesTestJSON:setUpClass): 200 GET http://10.180.1.21/identity/v3/domains?name=Default 0.162s
2024-09-30 19:39:01.437 62205 INFO tempest.lib.common.rest_client [req-c025e629-0549-41f4-9832-da726a0226ce req-c025e629-0549-41f4-9832-da726a0226ce ] Request (FlavorMetadataValidation:_run_cleanups): 202 DELETE http://10.180.1.21/compute/v2.1/flavors/2089001497 1.135s
2024-09-30 19:39:01.450 62239 INFO tempest.lib.common.rest_client [req-30fee237-c664-4a58-893d-2ac679ff1c99 req-30fee237-c664-4a58-893d-2ac679ff1c99 ] Request (QuotasAdminTestV257:_run_cleanups): 204 DELETE http://10.180.1.21/identity/v3/projects/54beda2a053e480887e167b5fc1b4d88 0.225s
2024-09-30 19:39:01.471 62229 INFO tempest.lib.common.rest_client [req-dbb0f664-c799-4269-81bd-84e452075b5b req-dbb0f664-c799-4269-81bd-84e452075b5b ] Request (SecurityGroupsTestAdminJSON:setUpClass): 200 GET http://10.180.1.21/identity/v3/roles 0.177s
2024-09-30 19:39:01.551 62197 INFO tempest.lib.common.rest_client [req-84f044e3-88af-4113-84b7-2c045649d0f6 req-84f044e3-88af-4113-84b7-2c045649d0f6 ] Request (ImagesTestJSON:setUpClass): 201 POST http://10.180.1.21/identity/v3/projects 0.128s
2024-09-30 19:39:01.594 62201 INFO tempest.lib.common.rest_client [req-2687ceb6-01eb-4fc0-8e8a-f87bc393b1c9 req-2687ceb6-01eb-4fc0-8e8a-f87bc393b1c9 ] Request (TenantUsagesNegativeTestJSON:test_list_usage_all_tenants_with_non_admin_user): 403 GET http://10.180.1.21/compute/v2.1/os-simple-tenant-usage?start=2024-09-29T19%3A38%3A57.623523&end=2024-10-01T19%3A38%3A57.623523&detailed=1 1.283s
2024-09-30 19:39:01.609 62203 INFO tempest.lib.common.rest_client [req-fc5ad575-caa6-435a-b69f-2238e4b4b10f req-fc5ad575-caa6-435a-b69f-2238e4b4b10f ] Request (FlavorsV255TestJSON:_run_cleanups): 200 GET http://10.180.1.21/compute/v2.1/flavors/detail 1.285s
2024-09-30 19:39:01.631 62245 INFO tempest.lib.common.rest_client [req-4e1386f9-b42f-4d3a-80f0-c87ea9238997 req-4e1386f9-b42f-4d3a-80f0-c87ea9238997 ] Request (FlavorsV2TestJSON:test_list_flavors_detailed_filter_by_min_ram): 200 GET http://10.180.1.21/compute/v2.1/flavors/detail?minRam=193 1.294s
2024-09-30 19:39:01.648 62229 INFO tempest.lib.common.rest_client [req-4da37a51-61d2-4631-ba30-c6228a2f6653 req-4da37a51-61d2-4631-ba30-c6228a2f6653 ] Request (SecurityGroupsTestAdminJSON:setUpClass): 204 PUT http://10.180.1.21/identity/v3/projects/9cc50d12a41f4570afc05aaa872ecb96/users/96bd0e07c0ea4357906e7381a603cf6f/roles/49e2b1d692a44074b6ceef1547a97bcf 0.176s
2024-09-30 19:39:01.662 62233 INFO tempest.lib.common.rest_client [req-43c96d65-e620-45ea-ac7f-42fba2055c4f req-43c96d65-e620-45ea-ac7f-42fba2055c4f ] Request (FlavorsAccessNegativeTestJSON:_run_cleanups): 200 POST http://10.180.1.21/compute/v2.1/flavors/2030951006/action 1.459s
2024-09-30 19:39:01.678 62213 INFO tempest.lib.common.rest_client [req-f05d357a-eecf-460e-8338-5018d17429e5 req-f05d357a-eecf-460e-8338-5018d17429e5 ] Request (FlavorsAdminTestJSON:test_create_flavor_verify_entry_in_list_details): 200 GET http://10.180.1.21/compute/v2.1/flavors/detail 1.255s
2024-09-30 19:39:01.683 62253 INFO tempest.lib.common.rest_client [req-b4e719ed-797b-4e2a-ad8a-85487b7c5ad7 req-b4e719ed-797b-4e2a-ad8a-85487b7c5ad7 ] Request (HypervisorAdminNegativeTestJSON:test_get_hypervisor_uptime_with_non_admin_user): 403 GET http://10.180.1.21/compute/v2.1/os-hypervisors/1/uptime 1.107s
2024-09-30 19:39:01.700 62219 INFO tempest.lib.common.rest_client [req-e602a497-104e-4e41-9ac1-50d781af7774 req-e602a497-104e-4e41-9ac1-50d781af7774 ] Request (KeyPairsV210TestJSON:test_admin_manage_keypairs_for_other_users): 200 GET http://10.180.1.21/compute/v2.1/os-keypairs?user_id=00ecbced65ad4469864e032ead0b0cfc 1.116s
2024-09-30 19:39:01.737 62236 INFO tempest.lib.common.rest_client [req-08cc208a-ad5a-4689-b9cf-64d4983035b9 req-08cc208a-ad5a-4689-b9cf-64d4983035b9 ] Request (KeyPairsNegativeTestJSON:test_create_keypair_with_empty_public_key): 400 POST http://10.180.1.21/compute/v2.1/os-keypairs 1.152s
2024-09-30 19:39:01.751 62211 INFO tempest.lib.common.rest_client [req-b70bbd7d-7cad-4f7f-81fe-dd0fdda76da2 req-b70bbd7d-7cad-4f7f-81fe-dd0fdda76da2 ] Request (FlavorsExtraSpecsTestJSON:test_flavor_non_admin_get_specific_key): 200 GET http://10.180.1.21/compute/v2.1/flavors/84463773/os-extra_specs/hw:numa_nodes 1.131s
2024-09-30 19:39:01.768 62239 INFO tempest.lib.common.rest_client [req-e121014d-830a-4534-aee9-61d8c726a75f req-e121014d-830a-4534-aee9-61d8c726a75f ] Request (QuotasAdminTestV257:tearDownClass): 204 DELETE http://10.180.1.21/identity/v3/users/74b05d054eef4c11840833c76dd30268 0.262s
2024-09-30 19:39:01.800 62249 INFO tempest.lib.common.rest_client [req-0d1523aa-a584-4081-9c99-ce191e6e833c req-0d1523aa-a584-4081-9c99-ce191e6e833c ] Request (HypervisorAdminUnderV252Test:tearDownClass): 200 GET http://10.180.1.21:9696/networking/v2.0/security-groups?tenant_id=811f80c38b8c44a79d97a30da7ab22de&name=default 0.474s
2024-09-30 19:39:01.811 62197 INFO tempest.lib.common.rest_client [req-10273d59-c0a2-41df-b4bc-4fd821d06ad2 req-10273d59-c0a2-41df-b4bc-4fd821d06ad2 ] Request (ImagesTestJSON:setUpClass): 201 POST http://10.180.1.21/identity/v3/users 0.259s
2024-09-30 19:39:01.828 62229 INFO tempest.lib.common.rest_client [req-d7ca4869-7bee-4685-bad1-386fd541f720 req-d7ca4869-7bee-4685-bad1-386fd541f720 ] Request (SecurityGroupsTestAdminJSON:setUpClass): 200 GET http://10.180.1.21/identity/v3/roles 0.180s
2024-09-30 19:39:01.888 62201 INFO tempest.lib.common.rest_client [req-da473e1e-f5b2-4d2d-80cd-c4ce60ccf027 req-da473e1e-f5b2-4d2d-80cd-c4ce60ccf027 ] Request (TenantUsagesNegativeTestJSON:tearDownClass): 204 DELETE http://10.180.1.21/identity/v3/users/bd79924b7ec34432a3272fca730ca2ce 0.292s
2024-09-30 19:39:01.893 62241 INFO tempest.lib.common.rest_client [req-579aa347-5e51-4cbf-8653-705ac1ea030e req-579aa347-5e51-4cbf-8653-705ac1ea030e ] Request (FloatingIPDetailsTestJSON:test_get_floating_ip_details): 200 GET http://10.180.1.21/compute/v2.1/os-floating-ips/2d021ba5-90e1-48bd-8b9a-30290356f0da 1.494s
2024-09-30 19:39:01.906 62203 INFO tempest.lib.common.rest_client [req-f4679f85-4ccf-4337-b7b9-42bcc7abcb13 req-f4679f85-4ccf-4337-b7b9-42bcc7abcb13 ] Request (FlavorsV255TestJSON:tearDownClass): 204 DELETE http://10.180.1.21/identity/v3/users/2ad40ca0d73f477781ed870c7da1acfb 0.246s
2024-09-30 19:39:01.912 62207 INFO tempest.lib.common.rest_client [req-bd71c3da-53a9-48fc-9baf-3a4277de06e7 req-bd71c3da-53a9-48fc-9baf-3a4277de06e7 ] Request (ServerGroup264TestJSON:test_create_get_server_group): 200 GET http://10.180.1.21/compute/v2.1/os-server-groups 0.903s
2024-09-30 19:39:01.913 62248 INFO tempest.lib.common.rest_client [req-c6759a8a-b61f-460a-be7a-d9ddc9911ece req-c6759a8a-b61f-460a-be7a-d9ddc9911ece ] Request (MultipleCreateTestJSON:setUpClass): 201 POST http://10.180.1.21:9696/networking/v2.0/subnets 0.531s
2024-09-30 19:39:01.953 62237 INFO tempest.lib.common.rest_client [req-aa8cadf3-b9f0-4fda-aa12-cc0b0d056c9f req-aa8cadf3-b9f0-4fda-aa12-cc0b0d056c9f ] Request (FloatingIPsNegativeTestJSON:tearDownClass): 204 DELETE http://10.180.1.21:9696/networking/v2.0/networks/ecf45e79-2785-4484-be7b-e90b68e84456 0.567s
2024-09-30 19:39:01.991 62251 INFO tempest.lib.common.rest_client [req-19b8bc7b-0180-4584-8055-68ecc0dc5a20 req-19b8bc7b-0180-4584-8055-68ecc0dc5a20 ] Request (MigrationsAdminTest:test_list_migrations_in_flavor_resize_situation): 200 GET http://10.180.1.21/compute/v2.1/servers/ed3e20df-56f7-40be-ae6c-cc2c5db8ea34 0.959s
2024-09-30 19:39:01.997 62251 INFO tempest.common.waiters [-] State transition "BUILD/None" ==> "BUILD/networking" after 4 second wait
2024-09-30 19:39:02.001 62239 INFO tempest.lib.common.rest_client [req-8634122e-7599-4f40-83f6-e825f876c69d req-8634122e-7599-4f40-83f6-e825f876c69d ] Request (QuotasAdminTestV257:tearDownClass): 204 DELETE http://10.180.1.21/identity/v3/users/1df743b952364b5bbe9a4b21b273de14 0.232s
2024-09-30 19:39:02.001 62239 INFO tempest.lib.common.dynamic_creds [-] Deleting project and security group for project: 407c74db8e5841ff92d99f134bdf2bcb
2024-09-30 19:39:02.011 62193 INFO tempest.lib.common.rest_client [req-7c3537f0-8964-4464-ba37-b5a07c42355f req-7c3537f0-8964-4464-ba37-b5a07c42355f ] Request (ServicesAdminNegativeTestJSON:test_get_service_by_invalid_params): 200 GET http://10.180.1.21/compute/v2.1/os-services?xxx=nova-compute 0.779s
2024-09-30 19:39:02.035 62225 INFO tempest.lib.common.rest_client [req-909a555f-b15d-4064-b2f9-e797b5ff91f9 req-909a555f-b15d-4064-b2f9-e797b5ff91f9 ] Request (ServersWithSpecificFlavorTestJSON:test_verify_created_server_ephemeral_disk): 200 GET http://10.180.1.21/compute/v2.1/flavors/42 1.286s
2024-09-30 19:39:02.036 62199 INFO tempest.lib.common.rest_client [req-e58b1a90-dcd6-4a9d-b4b2-21c0b0f72ac6 req-e58b1a90-dcd6-4a9d-b4b2-21c0b0f72ac6 ] Request (VolumesAssistedSnapshotsTest:setUpClass): 201 POST http://10.180.1.21:9696/networking/v2.0/routers 1.515s
2024-09-30 19:39:02.052 62197 INFO tempest.lib.common.rest_client [req-bf2821da-a825-4ec2-8bb1-9192e63e0508 req-bf2821da-a825-4ec2-8bb1-9192e63e0508 ] Request (ImagesTestJSON:setUpClass): 200 GET http://10.180.1.21/identity/v3/roles 0.241s
2024-09-30 19:39:02.058 62191 INFO tempest.lib.common.rest_client [req-f427f1ec-0d8e-4193-b103-ce6bbda1b353 req-f427f1ec-0d8e-4193-b103-ce6bbda1b353 ] Request (FlavorsExtraSpecsNegativeTestJSON:test_flavor_non_admin_update_specific_key): 200 POST http://10.180.1.21/compute/v2.1/flavors/358080758/os-extra_specs 0.760s
2024-09-30 19:39:02.072 62249 INFO tempest.lib.common.rest_client [req-56ac9f81-31a6-4860-b111-03bf76220569 req-56ac9f81-31a6-4860-b111-03bf76220569 ] Request (HypervisorAdminUnderV252Test:tearDownClass): 204 DELETE http://10.180.1.21:9696/networking/v2.0/security-groups/3ddb46fb-0b43-4144-8183-e750e3f50394 0.271s
2024-09-30 19:39:02.075 62229 INFO tempest.lib.common.rest_client [req-09be5e73-d6cd-4094-ac1d-70dba3dcea49 req-09be5e73-d6cd-4094-ac1d-70dba3dcea49 ] Request (SecurityGroupsTestAdminJSON:setUpClass): 204 PUT http://10.180.1.21/identity/v3/projects/9cc50d12a41f4570afc05aaa872ecb96/users/96bd0e07c0ea4357906e7381a603cf6f/roles/49e2b1d692a44074b6ceef1547a97bcf 0.246s
2024-09-30 19:39:02.075 62229 INFO tempest.lib.common.dynamic_creds [-] Dynamic test user 96bd0e07c0ea4357906e7381a603cf6f is created with scope project and roles: ['admin']
