2024-09-30 19:38:55.821 62199 INFO tempest.lib.common.rest_client [req-99ab8526-5adc-4ba2-8fb5-703a303f0867 req-99ab8526-5adc-4ba2-8fb5-703a303f0867 ] Request (VolumesAssistedSnapshotsTest:setUpClass): 201 POST http://10.180.1.21:9696/networking/v2.0/networks 0.326s
2024-09-30 19:38:55.848 62205 INFO tempest.lib.common.rest_client [req-9b16b433-13d5-4973-9f63-c4f2dd0f516e req-9b16b433-13d5-4973-9f63-c4f2dd0f516e ] Request (AZAdminNegativeTestJSON:tearDownClass): 200 GET http://10.180.1.21:9696/networking/v2.0/security-groups?tenant_id=ed71a0d004b142e68e497f39690125cc&name=default 0.220s
2024-09-30 19:38:55.886 62201 INFO tempest.lib.common.rest_client [req-33843c76-9935-408c-8a16-f534cb8d9929 req-33843c76-9935-408c-8a16-f534cb8d9929 ] Request (QuotasSecurityGroupAdminNegativeTest:tearDownClass): 204 DELETE http://10.180.1.21/identity/v3/projects/9e6625b7359745b6a7b49e3ecbeadec6 0.127s
2024-09-30 19:38:55.887 62201 INFO tempest.lib.common.dynamic_creds [-] Deleting project and security group for project: 25393da409b840318c2ee030b9beb0ef
2024-09-30 19:38:55.943 62207 INFO tempest.lib.common.rest_client [req-f51f55e2-dbaa-4d19-91cb-313754649858 req-f51f55e2-dbaa-4d19-91cb-313754649858 ] Request (ServerGroup264TestJSON:setUpClass): 201 POST http://10.180.1.21:9696/networking/v2.0/networks 0.679s
2024-09-30 19:38:56.020 62237 INFO tempest.lib.common.rest_client [req-bade047b-7efb-46a7-b9d6-decb2c2f4795 req-bade047b-7efb-46a7-b9d6-decb2c2f4795 ] Request (FloatingIPsNegativeTestJSON:setUpClass): 200 GET http://10.180.1.21/compute/v2.1/os-floating-ips 2.537s
2024-09-30 19:38:56.057 62203 INFO tempest.lib.common.rest_client [req-e4a80b3b-e598-4249-b706-60096ad25e79 req-e4a80b3b-e598-4249-b706-60096ad25e79 ] Request (FlavorsV255TestJSON:test_crud_flavor): 200 PUT http://10.180.1.21/compute/v2.1/flavors/1004744644 2.352s
2024-09-30 19:38:56.067 62245 INFO tempest.lib.common.rest_client [req-b34b91da-d6d6-4807-b54c-4cab6ac66b04 req-b34b91da-d6d6-4807-b54c-4cab6ac66b04 ] Request (FlavorsV2TestJSON:test_list_flavors): 200 GET http://10.180.1.21/compute/v2.1/flavors/42 2.340s
2024-09-30 19:38:56.069 62225 INFO tempest.lib.common.rest_client [req-cea2adcc-ee81-4941-bcfd-2bfb5492405f req-cea2adcc-ee81-4941-bcfd-2bfb5492405f ] Request (ServersWithSpecificFlavorTestJSON:setUpClass): 201 POST http://10.180.1.21:9696/networking/v2.0/networks 0.360s
2024-09-30 19:38:56.114 62239 INFO tempest.lib.common.rest_client [req-77085236-ca42-48f9-b082-ca94e164e5e9 req-77085236-ca42-48f9-b082-ca94e164e5e9 ] Request (QuotasAdminTestV257:test_get_updated_quotas): 200 PUT http://10.180.1.21/compute/v2.1/os-quota-sets/54beda2a053e480887e167b5fc1b4d88 2.787s
2024-09-30 19:38:56.129 62201 INFO tempest.lib.common.rest_client [req-68e235b8-45f9-499d-b2cf-fd9884675599 req-68e235b8-45f9-499d-b2cf-fd9884675599 ] Request (QuotasSecurityGroupAdminNegativeTest:tearDownClass): 200 GET http://10.180.1.21:9696/networking/v2.0/security-groups?tenant_id=25393da409b840318c2ee030b9beb0ef&name=default 0.242s
2024-09-30 19:38:56.141 62205 INFO tempest.lib.common.rest_client [req-2d7634fe-5a1d-4a64-b97a-4f73a15833bd req-2d7634fe-5a1d-4a64-b97a-4f73a15833bd ] Request (AZAdminNegativeTestJSON:tearDownClass): 204 DELETE http://10.180.1.21:9696/networking/v2.0/security-groups/fba49d50-b0e8-4542-afad-c975a9edb089 0.293s
2024-09-30 19:38:56.172 62213 INFO tempest.lib.common.rest_client [req-2b7db6d7-0637-430d-8a0c-b68dac7dda13 req-2b7db6d7-0637-430d-8a0c-b68dac7dda13 ] Request (FlavorsAdminTestJSON:test_create_flavor_using_string_ram): 200 POST http://10.180.1.21/compute/v2.1/flavors 2.309s
2024-09-30 19:38:56.193 62199 INFO tempest.lib.common.rest_client [req-de5d0837-2f7b-4018-8960-4e29b45d3d32 req-de5d0837-2f7b-4018-8960-4e29b45d3d32 ] Request (VolumesAssistedSnapshotsTest:setUpClass): 201 POST http://10.180.1.21:9696/networking/v2.0/subnets 0.372s
2024-09-30 19:38:56.208 62211 INFO tempest.lib.common.rest_client [req-06c4e714-3736-4a7d-9992-4a569a386dbf req-06c4e714-3736-4a7d-9992-4a569a386dbf ] Request (FlavorsExtraSpecsTestJSON:setUpClass): 200 POST http://10.180.1.21/compute/v2.1/flavors 2.111s
2024-09-30 19:38:56.253 62197 INFO tempest.lib.common.rest_client [req-8405da31-808f-4e48-a229-156dbc413ea7 req-8405da31-808f-4e48-a229-156dbc413ea7 ] Request (InstanceUsageAuditLogNegativeTestJSON:test_get_instance_usage_audit_logs_with_invalid_time): 400 GET http://10.180.1.21/compute/v2.1/os-instance_usage_audit_log/invalid_time 2.150s
2024-09-30 19:38:56.265 62207 INFO tempest.lib.common.rest_client [req-d832099f-9808-48ed-ba95-5e0504a5bcb2 req-d832099f-9808-48ed-ba95-5e0504a5bcb2 ] Request (ServerGroup264TestJSON:setUpClass): 201 POST http://10.180.1.21:9696/networking/v2.0/subnets 0.321s
2024-09-30 19:38:56.269 62205 INFO tempest.lib.common.rest_client [req-62d0583d-e10b-438a-ab1b-7932eb71f1b8 req-62d0583d-e10b-438a-ab1b-7932eb71f1b8 ] Request (AZAdminNegativeTestJSON:tearDownClass): 204 DELETE http://10.180.1.21/identity/v3/projects/ed71a0d004b142e68e497f39690125cc 0.127s
2024-09-30 19:38:56.343 62248 INFO tempest.lib.common.rest_client [req-834c63f2-f51e-4138-a128-0a9539d0220c req-834c63f2-f51e-4138-a128-0a9539d0220c ] Request (InstanceUsageAuditLogTestJSON:test_get_instance_usage_audit_log): 200 GET http://10.180.1.21/compute/v2.1/os-instance_usage_audit_log/2024-09-30%2019%3A38%3A54 2.179s
2024-09-30 19:38:56.375 62253 INFO tempest.lib.common.rest_client [req-0e4cbda8-1aa5-4820-bd73-b1edb3b5ecb9 req-0e4cbda8-1aa5-4820-bd73-b1edb3b5ecb9 ] Request (HypervisorAdminNegativeTestJSON:test_get_hypervisor_list_details_with_non_admin_user): 403 GET http://10.180.1.21/compute/v2.1/os-hypervisors/detail 2.150s
2024-09-30 19:38:56.377 62201 INFO tempest.lib.common.rest_client [req-3afc2fed-e383-402c-b326-8567c2d7db72 req-3afc2fed-e383-402c-b326-8567c2d7db72 ] Request (QuotasSecurityGroupAdminNegativeTest:tearDownClass): 204 DELETE http://10.180.1.21:9696/networking/v2.0/security-groups/bff59691-59dd-4ee4-b16a-3d0b89e506f4 0.248s
2024-09-30 19:38:56.380 62225 INFO tempest.lib.common.rest_client [req-19800c50-532d-4265-979d-0e02b87f251e req-19800c50-532d-4265-979d-0e02b87f251e ] Request (ServersWithSpecificFlavorTestJSON:setUpClass): 201 POST http://10.180.1.21:9696/networking/v2.0/subnets 0.311s
2024-09-30 19:38:56.389 62205 INFO tempest.lib.common.rest_client [req-fd42362d-d158-4ab9-b9f6-ceb73b3b03cb req-fd42362d-d158-4ab9-b9f6-ceb73b3b03cb ] Request (FlavorMetadataValidation:setUpClass): 201 POST http://10.180.1.21/identity/v3/auth/tokens 0.118s
2024-09-30 19:38:56.398 62193 INFO tempest.lib.common.rest_client [req-797842b2-825c-43e7-90b2-68a26fd121d9 req-797842b2-825c-43e7-90b2-68a26fd121d9 ] Request (AZAdminV2TestJSON:test_get_availability_zone_list_detail): 200 GET http://10.180.1.21/compute/v2.1/os-availability-zone/detail 2.054s
2024-09-30 19:38:56.434 62236 INFO tempest.lib.common.rest_client [req-6317d37c-a52e-4598-a95a-ff9b3471e20b req-6317d37c-a52e-4598-a95a-ff9b3471e20b ] Request (KeyPairsNegativeTestJSON:test_create_keypair_with_duplicate_name): 200 POST http://10.180.1.21/compute/v2.1/os-keypairs 2.023s
2024-09-30 19:38:56.457 62201 INFO tempest.lib.common.rest_client [req-2c130770-7823-4885-b6c6-c01844af9cf4 req-2c130770-7823-4885-b6c6-c01844af9cf4 ] Request (QuotasSecurityGroupAdminNegativeTest:tearDownClass): 204 DELETE http://10.180.1.21/identity/v3/projects/25393da409b840318c2ee030b9beb0ef 0.079s
2024-09-30 19:38:56.479 62219 INFO tempest.lib.common.rest_client [req-268cf4a7-e4a0-4405-8ccd-1145f3bc03ce req-268cf4a7-e4a0-4405-8ccd-1145f3bc03ce ] Request (KeyPairsV210TestJSON:test_admin_manage_keypairs_for_other_users): 201 POST http://10.180.1.21/compute/v2.1/os-keypairs 2.089s
2024-09-30 19:38:56.492 62205 INFO tempest.lib.common.rest_client [req-84ff9a12-d6a8-4b89-b020-913fbae35a3d req-84ff9a12-d6a8-4b89-b020-913fbae35a3d ] Request (FlavorMetadataValidation:setUpClass): 201 POST http://10.180.1.21/identity/v3/auth/tokens 0.097s
2024-09-30 19:38:56.572 62193 INFO tempest.lib.common.rest_client [req-2c6f21f3-afd5-4a10-9190-4db6430efeae req-2c6f21f3-afd5-4a10-9190-4db6430efeae ] Request (AZAdminV2TestJSON:tearDownClass): 204 DELETE http://10.180.1.21/identity/v3/users/42d5dc92f7744a7c8658faf6e163605a 0.164s
2024-09-30 19:38:56.632 62201 INFO tempest.lib.common.rest_client [req-712dea85-df22-4bec-9c12-a6980e58642f req-712dea85-df22-4bec-9c12-a6980e58642f ] Request (TenantUsagesNegativeTestJSON:setUpClass): 201 POST http://10.180.1.21/identity/v3/auth/tokens 0.173s
2024-09-30 19:38:56.649 62205 INFO tempest.lib.common.rest_client [req-b98487fb-3bb5-48ab-a168-3061ef77e3e0 req-b98487fb-3bb5-48ab-a168-3061ef77e3e0 ] Request (FlavorMetadataValidation:setUpClass): 200 GET http://10.180.1.21/identity/v3/domains?name=Default 0.157s
2024-09-30 19:38:56.660 62249 INFO tempest.lib.common.rest_client [req-e3c2141d-9937-4e0a-a0fb-8eefcd474ac9 req-e3c2141d-9937-4e0a-a0fb-8eefcd474ac9 ] Request (HypervisorAdminUnderV252Test:test_get_hypervisor_show_servers): 200 GET http://10.180.1.21/compute/v2.1/os-hypervisors 2.160s
2024-09-30 19:38:56.707 62193 INFO tempest.lib.common.rest_client [req-85eb621a-081a-4448-805f-951bc4796271 req-85eb621a-081a-4448-805f-951bc4796271 ] Request (AZAdminV2TestJSON:tearDownClass): 204 DELETE http://10.180.1.21/identity/v3/users/d250b10053f1422ebfe85697537303dc 0.134s
2024-09-30 19:38:56.707 62193 INFO tempest.lib.common.dynamic_creds [-] Deleting project and security group for project: 7062492092dd4598b76426fca8052b9e
2024-09-30 19:38:56.727 62217 INFO tempest.lib.common.rest_client [req-e3789331-b01f-41e8-b1b7-20decb1ec64a req-e3789331-b01f-41e8-b1b7-20decb1ec64a ] Request (FlavorsAccessTestJSON:test_flavor_access_add_remove): 200 POST http://10.180.1.21/compute/v2.1/flavors 2.214s
2024-09-30 19:38:56.765 62205 INFO tempest.lib.common.rest_client [req-56c07271-faff-4ad7-832a-f55473d78945 req-56c07271-faff-4ad7-832a-f55473d78945 ] Request (FlavorMetadataValidation:setUpClass): 201 POST http://10.180.1.21/identity/v3/projects 0.115s
2024-09-30 19:38:56.766 62201 INFO tempest.lib.common.rest_client [req-0c0cb9fa-e5f0-46e9-ab5d-ddfef887a152 req-0c0cb9fa-e5f0-46e9-ab5d-ddfef887a152 ] Request (TenantUsagesNegativeTestJSON:setUpClass): 201 POST http://10.180.1.21/identity/v3/auth/tokens 0.132s
2024-09-30 19:38:56.843 62193 INFO tempest.lib.common.rest_client [req-36f0a2a8-eacc-448a-96bd-4363c6ca9992 req-36f0a2a8-eacc-448a-96bd-4363c6ca9992 ] Request (AZAdminV2TestJSON:tearDownClass): 201 POST http://10.180.1.21/identity/v3/auth/tokens 0.135s
2024-09-30 19:38:56.883 62243 INFO tempest.lib.common.rest_client [req-6c6ddeeb-da35-47c2-a04f-2fcd0c3293a5 req-6c6ddeeb-da35-47c2-a04f-2fcd0c3293a5 ] Request (HostsAdminTestJSON:test_list_hosts): 200 GET http://10.180.1.21/compute/v2.1/os-hosts 2.300s
2024-09-30 19:38:56.887 62205 INFO tempest.lib.common.rest_client [req-aac17bc6-e942-4dd0-a645-56b7531c0588 req-aac17bc6-e942-4dd0-a645-56b7531c0588 ] Request (FlavorMetadataValidation:setUpClass): 201 POST http://10.180.1.21/identity/v3/users 0.121s
2024-09-30 19:38:56.915 62199 INFO tempest.lib.common.rest_client [req-02b54149-820a-43ed-97e3-47070f4f6e98 req-02b54149-820a-43ed-97e3-47070f4f6e98 ] Request (VolumesAssistedSnapshotsTest:setUpClass): 201 POST http://10.180.1.21:9696/networking/v2.0/routers 0.721s
2024-09-30 19:38:56.915 62201 INFO tempest.lib.common.rest_client [req-3626be7e-b61c-403a-ae9e-550885099867 req-3626be7e-b61c-403a-ae9e-550885099867 ] Request (TenantUsagesNegativeTestJSON:setUpClass): 200 GET http://10.180.1.21/identity/v3/domains?name=Default 0.149s
2024-09-30 19:38:56.948 62231 INFO tempest.lib.common.rest_client [req-9575588e-1ea0-436f-95e5-81b513838941 req-9575588e-1ea0-436f-95e5-81b513838941 ] Request (FlavorsV261TestJSON:test_crud_flavor): 200 POST http://10.180.1.21/compute/v2.1/flavors 2.302s
2024-09-30 19:38:56.994 62205 INFO tempest.lib.common.rest_client [req-533f025b-aa54-4bfc-bd68-112d0574713d req-533f025b-aa54-4bfc-bd68-112d0574713d ] Request (FlavorMetadataValidation:setUpClass): 200 GET http://10.180.1.21/identity/v3/roles 0.106s
2024-09-30 19:38:57.002 62223 INFO tempest.lib.common.rest_client [req-2d994c2d-71e1-4aa7-b9bc-6e741ba5bc2f req-2d994c2d-71e1-4aa7-b9bc-6e741ba5bc2f ] Request (AggregatesAdminNegativeTestJSON:setUpClass): 200 GET http://10.180.1.21/compute/v2.1/os-services?binary=nova-compute 2.286s
2024-09-30 19:38:57.005 62201 INFO tempest.lib.common.rest_client [req-664cf72e-f41d-4737-bd4e-26381f6658e9 req-664cf72e-f41d-4737-bd4e-26381f6658e9 ] Request (TenantUsagesNegativeTestJSON:setUpClass): 201 POST http://10.180.1.21/identity/v3/projects 0.089s
2024-09-30 19:38:57.020 62205 INFO tempest.lib.common.rest_client [req-f0187b0e-ebd7-40b6-ae68-6802963babf3 req-f0187b0e-ebd7-40b6-ae68-6802963babf3 ] Request (FlavorMetadataValidation:setUpClass): 204 PUT http://10.180.1.21/identity/v3/projects/3c0c75b2653c4a71a595da57064f4b45/users/fd584be0262b49ab88d153a853764033/roles/58ca00245de14d158e927561b27bd523 0.025s
2024-09-30 19:38:57.020 62205 INFO tempest.lib.common.dynamic_creds [-] Dynamic test user fd584be0262b49ab88d153a853764033 is created with scope project and roles: ['member']
2024-09-30 19:38:57.020 62205 INFO tempest.lib.common.dynamic_creds [-] Acquired dynamic creds: credentials: Credentials: {'domain_id': 'default', 'domain_name': 'Default', 'username': 'tempest-FlavorMetadataValidation-232703606-project-member', 'project_domain_id': 'default', 'project_domain_name': 'Default', 'project_id': '3c0c75b2653c4a71a595da57064f4b45', 'project_name': 'tempest-FlavorMetadataValidation-232703606', 'tenant_id': '3c0c75b2653c4a71a595da57064f4b45', 'tenant_name': 'tempest-FlavorMetadataValidation-232703606', 'user_domain_id': 'default', 'user_domain_name': 'Default', 'user_id': 'fd584be0262b49ab88d153a853764033', 'system': None}, Network: None, Subnet: None, Router: None
2024-09-30 19:38:57.020 62205 INFO tempest.lib.common.dynamic_creds [-] Created isolated network resources for: credentials: Credentials: {'domain_id': 'default', 'domain_name': 'Default', 'username': 'tempest-FlavorMetadataValidation-232703606-project-member', 'project_domain_id': 'default', 'project_domain_name': 'Default', 'project_id': '3c0c75b2653c4a71a595da57064f4b45', 'project_name': 'tempest-FlavorMetadataValidation-232703606', 'tenant_id': '3c0c75b2653c4a71a595da57064f4b45', 'tenant_name': 'tempest-FlavorMetadataValidation-232703606', 'user_domain_id': 'default', 'user_domain_name': 'Default', 'user_id': 'fd584be0262b49ab88d153a853764033', 'system': None}, Network: None, Subnet: None, Router: None
2024-09-30 19:38:57.085 62205 INFO tempest.lib.common.rest_client [req-8bbe1136-aa71-4566-a5d5-8e1e3a6a3e5f req-8bbe1136-aa71-4566-a5d5-8e1e3a6a3e5f ] Request (FlavorMetadataValidation:setUpClass): 201 POST http://10.180.1.21/identity/v3/auth/tokens 0.062s
2024-09-30 19:38:57.099 62201 INFO tempest.lib.common.rest_client [req-ca948c2b-e50f-4d05-8451-172c1e8dce40 req-ca948c2b-e50f-4d05-8451-172c1e8dce40 ] Request (TenantUsagesNegativeTestJSON:setUpClass): 201 POST http://10.180.1.21/identity/v3/users 0.094s
2024-09-30 19:38:57.110 62205 INFO tempest.lib.common.rest_client [req-3d34ad01-6408-463e-8e17-10453c90f9ce req-3d34ad01-6408-463e-8e17-10453c90f9ce ] Request (FlavorMetadataValidation:setUpClass): 201 POST http://10.180.1.21/identity/v3/projects 0.024s
2024-09-30 19:38:57.115 62201 INFO tempest.lib.common.rest_client [req-4517246e-c0e4-480b-8c2a-73159ea7de67 req-4517246e-c0e4-480b-8c2a-73159ea7de67 ] Request (TenantUsagesNegativeTestJSON:setUpClass): 200 GET http://10.180.1.21/identity/v3/roles 0.015s
2024-09-30 19:38:57.164 62205 INFO tempest.lib.common.rest_client [req-05473f82-948a-4a58-b726-0e5d91020cbc req-05473f82-948a-4a58-b726-0e5d91020cbc ] Request (FlavorMetadataValidation:setUpClass): 201 POST http://10.180.1.21/identity/v3/users 0.053s
2024-09-30 19:38:57.170 62201 INFO tempest.lib.common.rest_client [req-8532d4c6-11fb-4dbd-8c56-9874cf0c8ddc req-8532d4c6-11fb-4dbd-8c56-9874cf0c8ddc ] Request (TenantUsagesNegativeTestJSON:setUpClass): 204 PUT http://10.180.1.21/identity/v3/projects/01304e1cf6934b4dac6fe2ed8fb179d4/users/bd79924b7ec34432a3272fca730ca2ce/roles/58ca00245de14d158e927561b27bd523 0.054s
2024-09-30 19:38:57.171 62201 INFO tempest.lib.common.dynamic_creds [-] Dynamic test user bd79924b7ec34432a3272fca730ca2ce is created with scope project and roles: ['member']
2024-09-30 19:38:57.171 62251 INFO tempest.lib.common.rest_client [req-665376e8-2459-4c3f-86f2-82ddd82201ab req-665376e8-2459-4c3f-86f2-82ddd82201ab ] Request (MigrationsAdminTest:test_list_migrations_in_flavor_resize_situation): 200 GET http://10.180.1.21/compute/v2.1/servers/ed3e20df-56f7-40be-ae6c-cc2c5db8ea34 2.045s
2024-09-30 19:38:57.172 62201 INFO tempest.lib.common.dynamic_creds [-] Acquired dynamic creds: credentials: Credentials: {'domain_id': 'default', 'domain_name': 'Default', 'username': 'tempest-TenantUsagesNegativeTestJSON-892870977-project-member', 'project_domain_id': 'default', 'project_domain_name': 'Default', 'project_id': '01304e1cf6934b4dac6fe2ed8fb179d4', 'project_name': 'tempest-TenantUsagesNegativeTestJSON-892870977', 'tenant_id': '01304e1cf6934b4dac6fe2ed8fb179d4', 'tenant_name': 'tempest-TenantUsagesNegativeTestJSON-892870977', 'user_domain_id': 'default', 'user_domain_name': 'Default', 'user_id': 'bd79924b7ec34432a3272fca730ca2ce', 'system': None}, Network: None, Subnet: None, Router: None
2024-09-30 19:38:57.173 62201 INFO tempest.lib.common.dynamic_creds [-] Created isolated network resources for: credentials: Credentials: {'domain_id': 'default', 'domain_name': 'Default', 'username': 'tempest-TenantUsagesNegativeTestJSON-892870977-project-member', 'project_domain_id': 'default', 'project_domain_name': 'Default', 'project_id': '01304e1cf6934b4dac6fe2ed8fb179d4', 'project_name': 'tempest-TenantUsagesNegativeTestJSON-892870977', 'tenant_id': '01304e1cf6934b4dac6fe2ed8fb179d4', 'tenant_name': 'tempest-TenantUsagesNegativeTestJSON-892870977', 'user_domain_id': 'default', 'user_domain_name': 'Default', 'user_id': 'bd79924b7ec34432a3272fca730ca2ce', 'system': None}, Network: None, Subnet: None, Router: None
2024-09-30 19:38:57.207 62205 INFO tempest.lib.common.rest_client [req-d0e145d2-aa4b-4c67-9f26-a05e0d060659 req-d0e145d2-aa4b-4c67-9f26-a05e0d060659 ] Request (FlavorMetadataValidation:setUpClass): 200 GET http://10.180.1.21/identity/v3/roles 0.043s
2024-09-30 19:38:57.259 62191 INFO tempest.lib.common.rest_client [req-bb651463-f2cf-4da0-bc41-b08b9180558f req-bb651463-f2cf-4da0-bc41-b08b9180558f ] Request (FlavorsExtraSpecsNegativeTestJSON:test_flavor_get_nonexistent_key): 404 GET http://10.180.1.21/compute/v2.1/flavors/358080758/os-extra_specs/hw:cpu_thread_policy 2.131s
2024-09-30 19:38:57.263 62201 INFO tempest.lib.common.rest_client [req-576ab0b1-9c4b-4d26-9780-9926c49c664a req-576ab0b1-9c4b-4d26-9780-9926c49c664a ] Request (TenantUsagesNegativeTestJSON:setUpClass): 201 POST http://10.180.1.21/identity/v3/auth/tokens 0.086s
2024-09-30 19:38:57.268 62205 INFO tempest.lib.common.rest_client [req-dba7b6c3-2158-4b69-a31a-b9cde23414d0 req-dba7b6c3-2158-4b69-a31a-b9cde23414d0 ] Request (FlavorMetadataValidation:setUpClass): 204 PUT http://10.180.1.21/identity/v3/projects/ddf59cb35736489da2f5c8a6ad7c286b/users/807485c3d70e40d7b48ec71ae01156aa/roles/49e2b1d692a44074b6ceef1547a97bcf 0.060s
2024-09-30 19:38:57.273 62193 INFO tempest.lib.common.rest_client [req-f9de7ae5-fd55-4a88-9d2f-0318b723bb0d req-f9de7ae5-fd55-4a88-9d2f-0318b723bb0d ] Request (AZAdminV2TestJSON:tearDownClass): 200 GET http://10.180.1.21:9696/networking/v2.0/security-groups?tenant_id=7062492092dd4598b76426fca8052b9e&name=default 0.430s
2024-09-30 19:38:57.319 62201 INFO tempest.lib.common.rest_client [req-5bf7e732-6075-4f02-b1d8-fbb17a482ab4 req-5bf7e732-6075-4f02-b1d8-fbb17a482ab4 ] Request (TenantUsagesNegativeTestJSON:setUpClass): 201 POST http://10.180.1.21/identity/v3/projects 0.056s
2024-09-30 19:38:57.365 62233 INFO tempest.lib.common.rest_client [req-a77a18c4-2f95-410a-8ac8-43201bedd0db req-a77a18c4-2f95-410a-8ac8-43201bedd0db ] Request (FlavorsAccessNegativeTestJSON:test_add_flavor_access_duplicate): 200 POST http://10.180.1.21/compute/v2.1/flavors 1.960s
2024-09-30 19:38:57.365 62205 INFO tempest.lib.common.rest_client [req-a2296c6d-4aa6-4a69-a8be-957321dfcb7a req-a2296c6d-4aa6-4a69-a8be-957321dfcb7a ] Request (FlavorMetadataValidation:setUpClass): 200 GET http://10.180.1.21/identity/v3/roles 0.096s
2024-09-30 19:38:57.383 62205 INFO tempest.lib.common.rest_client [req-b2fcd055-90c2-48ce-8b03-edc67d1b6c67 req-b2fcd055-90c2-48ce-8b03-edc67d1b6c67 ] Request (FlavorMetadataValidation:setUpClass): 204 PUT http://10.180.1.21/identity/v3/projects/ddf59cb35736489da2f5c8a6ad7c286b/users/807485c3d70e40d7b48ec71ae01156aa/roles/49e2b1d692a44074b6ceef1547a97bcf 0.017s
2024-09-30 19:38:57.383 62205 INFO tempest.lib.common.dynamic_creds [-] Dynamic test user 807485c3d70e40d7b48ec71ae01156aa is created with scope project and roles: ['admin']
2024-09-30 19:38:57.383 62205 INFO tempest.lib.common.dynamic_creds [-] Acquired dynamic creds: credentials: Credentials: {'domain_id': 'default', 'domain_name': 'Default', 'username': 'tempest-FlavorMetadataValidation-666777887-project-admin', 'project_domain_id': 'default', 'project_domain_name': 'Default', 'project_id': 'ddf59cb35736489da2f5c8a6ad7c286b', 'project_name': 'tempest-FlavorMetadataValidation-666777887', 'tenant_id': 'ddf59cb35736489da2f5c8a6ad7c286b', 'tenant_name': 'tempest-FlavorMetadataValidation-666777887', 'user_domain_id': 'default', 'user_domain_name': 'Default', 'user_id': '807485c3d70e40d7b48ec71ae01156aa', 'system': None}, Network: None, Subnet: None, Router: None
2024-09-30 19:38:57.384 62205 INFO tempest.lib.common.dynamic_creds [-] Created isolated network resources for: credentials: Credentials: {'domain_id': 'default', 'domain_name': 'Default', 'username': 'tempest-FlavorMetadataValidation-666777887-project-admin', 'project_domain_id': 'default', 'project_domain_name': 'Default', 'project_id': 'ddf59cb35736489da2f5c8a6ad7c286b', 'project_name': 'tempest-FlavorMetadataValidation-666777887', 'tenant_id': 'ddf59cb35736489da2f5c8a6ad7c286b', 'tenant_name': 'tempest-FlavorMetadataValidation-666777887', 'user_domain_id': 'default', 'user_domain_name': 'Default', 'user_id': '807485c3d70e40d7b48ec71ae01156aa', 'system': None}, Network: None, Subnet: None, Router: None
2024-09-30 19:38:57.392 62201 INFO tempest.lib.common.rest_client [req-12d09f5e-e72b-46cf-869d-cba6f5a0600b req-12d09f5e-e72b-46cf-869d-cba6f5a0600b ] Request (TenantUsagesNegativeTestJSON:setUpClass): 201 POST http://10.180.1.21/identity/v3/users 0.072s
2024-09-30 19:38:57.434 62201 INFO tempest.lib.common.rest_client [req-de8a2090-7bf8-4a14-bb9c-4e867500e005 req-de8a2090-7bf8-4a14-bb9c-4e867500e005 ] Request (TenantUsagesNegativeTestJSON:setUpClass): 200 GET http://10.180.1.21/identity/v3/roles 0.042s
2024-09-30 19:38:57.459 62201 INFO tempest.lib.common.rest_client [req-5d75dbd5-48cb-40f0-8ce6-5ef2f0f09444 req-5d75dbd5-48cb-40f0-8ce6-5ef2f0f09444 ] Request (TenantUsagesNegativeTestJSON:setUpClass): 204 PUT http://10.180.1.21/identity/v3/projects/027db8550721434ebf4667074ebfaf7e/users/ccd7e63020e64ae99c528278699d8c87/roles/49e2b1d692a44074b6ceef1547a97bcf 0.024s
2024-09-30 19:38:57.466 62205 INFO tempest.lib.common.rest_client [req-1133d2ee-480c-4fc5-9d4b-55c646e1066b req-1133d2ee-480c-4fc5-9d4b-55c646e1066b ] Request (FlavorMetadataValidation:setUpClass): 201 POST http://10.180.1.21/identity/v3/auth/tokens 0.078s
2024-09-30 19:38:57.495 62229 INFO tempest.lib.common.rest_client [req-4a96fc78-5311-4018-b6e7-705410232754 req-4a96fc78-5311-4018-b6e7-705410232754 ] Request (NetworksTest:test_get_network): 200 GET http://10.180.1.21/compute/v2.1/os-networks/c88ec18b-9877-41cd-bb18-2ddcb59ff3c7 2.029s
2024-09-30 19:38:57.511 62201 INFO tempest.lib.common.rest_client [req-5d2f87a8-e24e-445b-af01-0239f5b2a762 req-5d2f87a8-e24e-445b-af01-0239f5b2a762 ] Request (TenantUsagesNegativeTestJSON:setUpClass): 200 GET http://10.180.1.21/identity/v3/roles 0.052s
2024-09-30 19:38:57.531 62201 INFO tempest.lib.common.rest_client [req-a24d3072-fed1-45f5-a8a7-6c2e3cc7de57 req-a24d3072-fed1-45f5-a8a7-6c2e3cc7de57 ] Request (TenantUsagesNegativeTestJSON:setUpClass): 204 PUT http://10.180.1.21/identity/v3/projects/027db8550721434ebf4667074ebfaf7e/users/ccd7e63020e64ae99c528278699d8c87/roles/49e2b1d692a44074b6ceef1547a97bcf 0.019s
2024-09-30 19:38:57.531 62201 INFO tempest.lib.common.dynamic_creds [-] Dynamic test user ccd7e63020e64ae99c528278699d8c87 is created with scope project and roles: ['admin']
2024-09-30 19:38:57.531 62201 INFO tempest.lib.common.dynamic_creds [-] Acquired dynamic creds: credentials: Credentials: {'domain_id': 'default', 'domain_name': 'Default', 'username': 'tempest-TenantUsagesNegativeTestJSON-1702756895-project-admin', 'project_domain_id': 'default', 'project_domain_name': 'Default', 'project_id': '027db8550721434ebf4667074ebfaf7e', 'project_name': 'tempest-TenantUsagesNegativeTestJSON-1702756895', 'tenant_id': '027db8550721434ebf4667074ebfaf7e', 'tenant_name': 'tempest-TenantUsagesNegativeTestJSON-1702756895', 'user_domain_id': 'default', 'user_domain_name': 'Default', 'user_id': 'ccd7e63020e64ae99c528278699d8c87', 'system': None}, Network: None, Subnet: None, Router: None
2024-09-30 19:38:57.531 62201 INFO tempest.lib.common.dynamic_creds [-] Created isolated network resources for: credentials: Credentials: {'domain_id': 'default', 'domain_name': 'Default', 'username': 'tempest-TenantUsagesNegativeTestJSON-1702756895-project-admin', 'project_domain_id': 'default', 'project_domain_name': 'Default', 'project_id': '027db8550721434ebf4667074ebfaf7e', 'project_name': 'tempest-TenantUsagesNegativeTestJSON-1702756895', 'tenant_id': '027db8550721434ebf4667074ebfaf7e', 'tenant_name': 'tempest-TenantUsagesNegativeTestJSON-1702756895', 'user_domain_id': 'default', 'user_domain_name': 'Default', 'user_id': 'ccd7e63020e64ae99c528278699d8c87', 'system': None}, Network: None, Subnet: None, Router: None
2024-09-30 19:38:57.569 62195 INFO tempest.lib.common.rest_client [req-56657224-a482-46e3-8bca-0df9de778574 req-56657224-a482-46e3-8bca-0df9de778574 ] Request (ServersAdminNegativeTestJSON:setUpClass): 200 GET http://10.180.1.21/compute/v2.1/servers/620d9f8a-e28c-49d0-a2c3-5846a60001da 1.971s
2024-09-30 19:38:57.581 62193 INFO tempest.lib.common.rest_client [req-e72b4584-dce4-4df7-b4e3-a5f49785d7a6 req-e72b4584-dce4-4df7-b4e3-a5f49785d7a6 ] Request (AZAdminV2TestJSON:tearDownClass): 204 DELETE http://10.180.1.21:9696/networking/v2.0/security-groups/95ac9646-0f34-442c-8298-2f11db1a0483 0.307s
2024-09-30 19:38:57.622 62201 INFO tempest.lib.common.rest_client [req-d627e4e1-23f6-4cb3-8d55-af86096e3177 req-d627e4e1-23f6-4cb3-8d55-af86096e3177 ] Request (TenantUsagesNegativeTestJSON:setUpClass): 201 POST http://10.180.1.21/identity/v3/auth/tokens 0.084s
2024-09-30 19:38:57.654 62227 INFO tempest.lib.common.rest_client [req-b6f8c07d-66c2-45ca-ab90-eb06bfb3e096 req-b6f8c07d-66c2-45ca-ab90-eb06bfb3e096 ] Request (ServerDiagnosticsV248Test:test_get_server_diagnostics): 200 GET http://10.180.1.21/compute/v2.1/servers/b3adcefb-b5a4-459e-a4f8-337a2e35c18e 1.832s
2024-09-30 19:38:57.683 62193 INFO tempest.lib.common.rest_client [req-9eca5025-7d42-4033-b131-bc9e0b93569d req-9eca5025-7d42-4033-b131-bc9e0b93569d ] Request (AZAdminV2TestJSON:tearDownClass): 204 DELETE http://10.180.1.21/identity/v3/projects/7062492092dd4598b76426fca8052b9e 0.102s
2024-09-30 19:38:57.683 62193 INFO tempest.lib.common.dynamic_creds [-] Deleting project and security group for project: 7f862e892b5a4656a1578df89d98b328
2024-09-30 19:38:57.690 62237 INFO tempest.lib.common.rest_client [req-497e5cb9-6d9a-43ec-a3fe-97f10e378f08 req-497e5cb9-6d9a-43ec-a3fe-97f10e378f08 ] Request (FloatingIPsNegativeTestJSON:test_allocate_floating_ip_from_nonexistent_pool): 404 POST http://10.180.1.21/compute/v2.1/os-floating-ips 1.667s
2024-09-30 19:38:57.714 62203 INFO tempest.lib.common.rest_client [req-ce64d26b-0c7f-4fe0-9016-906dbe4e376f req-ce64d26b-0c7f-4fe0-9016-906dbe4e376f ] Request (FlavorsV255TestJSON:test_crud_flavor): 200 GET http://10.180.1.21/compute/v2.1/flavors/detail 1.655s
2024-09-30 19:38:57.724 62245 INFO tempest.lib.common.rest_client [req-8627960e-f1c4-48c2-a785-4c299faf9633 req-8627960e-f1c4-48c2-a785-4c299faf9633 ] Request (FlavorsV2TestJSON:test_list_flavors_detailed_filter_by_min_disk): 200 GET http://10.180.1.21/compute/v2.1/flavors/42 1.652s
2024-09-30 19:38:57.736 62241 INFO tempest.lib.common.rest_client [req-1e42a2fe-0e59-4828-acc0-1ccb0e4a8916 req-1e42a2fe-0e59-4828-acc0-1ccb0e4a8916 ] Request (FloatingIPDetailsTestJSON:setUpClass): 200 POST http://10.180.1.21/compute/v2.1/os-floating-ips 2.829s
2024-09-30 19:38:57.747 62207 INFO tempest.lib.common.rest_client [req-6b604855-3c88-4689-a5fd-ce9248ccd2c0 req-6b604855-3c88-4689-a5fd-ce9248ccd2c0 ] Request (ServerGroup264TestJSON:setUpClass): 201 POST http://10.180.1.21:9696/networking/v2.0/routers 1.480s
2024-09-30 19:38:57.760 62213 INFO tempest.lib.common.rest_client [req-ff783072-7585-423f-b538-f52e126bdcfd req-ff783072-7585-423f-b538-f52e126bdcfd ] Request (FlavorsAdminTestJSON:_run_cleanups): 202 DELETE http://10.180.1.21/compute/v2.1/flavors/1322272186 1.586s
2024-09-30 19:38:57.785 62211 INFO tempest.lib.common.rest_client [req-6cf120f9-b024-4f0b-b0ab-b755d141bf8e req-6cf120f9-b024-4f0b-b0ab-b755d141bf8e ] Request (FlavorsExtraSpecsTestJSON:test_flavor_non_admin_get_all_keys): 200 POST http://10.180.1.21/compute/v2.1/flavors/84463773/os-extra_specs 1.574s
2024-09-30 19:38:57.848 62197 INFO tempest.lib.common.rest_client [req-8e6c5bd3-4871-4a5a-9a19-1839236b498e req-8e6c5bd3-4871-4a5a-9a19-1839236b498e ] Request (InstanceUsageAuditLogNegativeTestJSON:test_instance_usage_audit_logs_with_nonadmin_user): 403 GET http://10.180.1.21/compute/v2.1/os-instance_usage_audit_log 1.546s
2024-09-30 19:38:57.854 62225 INFO tempest.lib.common.rest_client [req-7d47052f-e5a7-4273-9957-87727056d15f req-7d47052f-e5a7-4273-9957-87727056d15f ] Request (ServersWithSpecificFlavorTestJSON:setUpClass): 201 POST http://10.180.1.21:9696/networking/v2.0/routers 1.473s
2024-09-30 19:38:57.861 62248 INFO tempest.lib.common.rest_client [req-7cd526bf-e64d-464c-a040-7c459f96d58d req-7cd526bf-e64d-464c-a040-7c459f96d58d ] Request (InstanceUsageAuditLogTestJSON:test_list_instance_usage_audit_logs): 200 GET http://10.180.1.21/compute/v2.1/os-instance_usage_audit_log 1.506s
2024-09-30 19:38:57.862 62239 INFO tempest.lib.common.rest_client [req-dd92ce4f-a724-4839-9bdb-d95a8f07e46e req-dd92ce4f-a724-4839-9bdb-d95a8f07e46e ] Request (QuotasAdminTestV257:test_get_updated_quotas): 200 GET http://10.180.1.21/compute/v2.1/os-quota-sets/54beda2a053e480887e167b5fc1b4d88/detail 1.746s
2024-09-30 19:38:57.868 62253 INFO tempest.lib.common.rest_client [req-463df587-cfd3-4d5a-bcd2-910b36b7385f req-463df587-cfd3-4d5a-bcd2-910b36b7385f ] Request (HypervisorAdminNegativeTestJSON:test_get_hypervisor_list_with_non_admin_user): 403 GET http://10.180.1.21/compute/v2.1/os-hypervisors 1.420s
2024-09-30 19:38:57.881 62193 INFO tempest.lib.common.rest_client [req-197d2326-c601-401c-8787-d3855c817e3a req-197d2326-c601-401c-8787-d3855c817e3a ] Request (AZAdminV2TestJSON:tearDownClass): 200 GET http://10.180.1.21:9696/networking/v2.0/security-groups?tenant_id=7f862e892b5a4656a1578df89d98b328&name=default 0.197s
2024-09-30 19:38:57.885 62239 INFO tempest.lib.common.rest_client [req-04f15257-442e-459c-bfea-7aaa59df52e3 req-04f15257-442e-459c-bfea-7aaa59df52e3 ] Request (QuotasAdminTestV257:test_get_updated_quotas): 200 GET http://10.180.1.21/identity/v3/domains?name=Default 0.019s
2024-09-30 19:38:57.901 62219 INFO tempest.lib.common.rest_client [req-5b078eec-1190-4db8-bfa0-8db77d759c43 req-5b078eec-1190-4db8-bfa0-8db77d759c43 ] Request (KeyPairsV210TestJSON:test_admin_manage_keypairs_for_other_users): 201 POST http://10.180.1.21/compute/v2.1/os-keypairs 1.419s
2024-09-30 19:38:57.903 62236 INFO tempest.lib.common.rest_client [req-3d7a0361-ae32-48cf-baa8-3376965459b8 req-3d7a0361-ae32-48cf-baa8-3376965459b8 ] Request (KeyPairsNegativeTestJSON:test_create_keypair_with_duplicate_name): 409 POST http://10.180.1.21/compute/v2.1/os-keypairs 1.460s
2024-09-30 19:38:57.931 62239 INFO tempest.lib.common.rest_client [req-8a58dad9-2687-4a6b-b60b-b115c3006190 req-8a58dad9-2687-4a6b-b60b-b115c3006190 ] Request (QuotasAdminTestV257:test_get_updated_quotas): 201 POST http://10.180.1.21/identity/v3/users 0.045s
2024-09-30 19:38:57.955 62239 INFO tempest.lib.common.rest_client [req-d50ec2cf-72b3-4e68-a125-32f5653cd7f8 req-d50ec2cf-72b3-4e68-a125-32f5653cd7f8 ] Request (QuotasAdminTestV257:test_get_updated_quotas): 200 GET http://10.180.1.21/identity/v3/domains?name=Default 0.023s
2024-09-30 19:38:57.962 62249 INFO tempest.lib.common.rest_client [req-2fc1f6ec-9417-418d-9fc9-f97a0e9d39dc req-2fc1f6ec-9417-418d-9fc9-f97a0e9d39dc ] Request (HypervisorAdminUnderV252Test:test_get_hypervisor_show_servers): 200 GET http://10.180.1.21/compute/v2.1/os-hypervisors/domain-c8.fc996f14-c53b-4953-92e3-bdfa48f5cc28/servers 1.300s
2024-09-30 19:38:57.980 62243 INFO tempest.lib.common.rest_client [req-87f932a3-e51a-474f-acce-3421f7605b64 req-87f932a3-e51a-474f-acce-3421f7605b64 ] Request (HostsAdminTestJSON:test_list_hosts_with_a_blank_zone): 200 GET http://10.180.1.21/compute/v2.1/os-hosts?zone= 1.088s
2024-09-30 19:38:58.029 62248 INFO tempest.lib.common.rest_client [req-49efd1a5-3127-47a8-b7c2-908faaef4f15 req-49efd1a5-3127-47a8-b7c2-908faaef4f15 ] Request (InstanceUsageAuditLogTestJSON:tearDownClass): 204 DELETE http://10.180.1.21/identity/v3/users/3a91be97910d4b5c864479583831f96c 0.164s
2024-09-30 19:38:58.073 62217 INFO tempest.lib.common.rest_client [req-8e96d90d-b620-49d1-b4bb-d8c35ca5f03b req-8e96d90d-b620-49d1-b4bb-d8c35ca5f03b ] Request (FlavorsAccessTestJSON:test_flavor_access_add_remove): 200 POST http://10.180.1.21/compute/v2.1/flavors/935077427/action 1.344s
2024-09-30 19:38:58.104 62223 INFO tempest.lib.common.rest_client [req-a62040a6-83ec-4eec-9d85-6174594f3dec req-a62040a6-83ec-4eec-9d85-6174594f3dec ] Request (AggregatesAdminNegativeTestJSON:test_aggregate_add_existent_host): 200 POST http://10.180.1.21/compute/v2.1/os-aggregates 1.098s
2024-09-30 19:38:58.111 62191 INFO tempest.lib.common.rest_client [req-1b451716-01f8-4e59-9f6f-5f3157f1e180 req-1b451716-01f8-4e59-9f6f-5f3157f1e180 ] Request (FlavorsExtraSpecsNegativeTestJSON:test_flavor_non_admin_set_keys): 403 POST http://10.180.1.21/compute/v2.1/flavors/358080758/os-extra_specs 0.802s
2024-09-30 19:38:58.150 62231 INFO tempest.lib.common.rest_client [req-2da67959-9403-498d-972e-aee18ea1683d req-2da67959-9403-498d-972e-aee18ea1683d ] Request (FlavorsV261TestJSON:test_crud_flavor): 200 GET http://10.180.1.21/compute/v2.1/flavors/1632020703 1.199s
2024-09-30 19:38:58.173 62248 INFO tempest.lib.common.rest_client [req-4184592b-9060-4224-b630-81f338255de1 req-4184592b-9060-4224-b630-81f338255de1 ] Request (InstanceUsageAuditLogTestJSON:tearDownClass): 204 DELETE http://10.180.1.21/identity/v3/users/2ebf323928b04206bce12c8ba1e3cdec 0.144s
2024-09-30 19:38:58.174 62248 INFO tempest.lib.common.dynamic_creds [-] Deleting project and security group for project: 5e91bbc2f5984cb68fdf13b1b93dc689
2024-09-30 19:38:58.236 62193 INFO tempest.lib.common.rest_client [req-78e1549d-a499-4f47-b669-fd5dd0dca365 req-78e1549d-a499-4f47-b669-fd5dd0dca365 ] Request (AZAdminV2TestJSON:tearDownClass): 204 DELETE http://10.180.1.21:9696/networking/v2.0/security-groups/2658a476-d65f-4aa8-b858-e5d3817dabae 0.355s
2024-09-30 19:38:58.252 62233 INFO tempest.lib.common.rest_client [req-e9238859-a738-4fa3-895a-5c00cca4d986 req-e9238859-a738-4fa3-895a-5c00cca4d986 ] Request (FlavorsAccessNegativeTestJSON:test_add_flavor_access_duplicate): 200 POST http://10.180.1.21/compute/v2.1/flavors/2030951006/action 0.885s
2024-09-30 19:38:58.285 62205 INFO tempest.lib.common.rest_client [req-516b2ff2-8627-4ec2-a19a-247b916588a2 req-516b2ff2-8627-4ec2-a19a-247b916588a2 ] Request (FlavorMetadataValidation:test_flavor_update_with_custom_namespace): 200 POST http://10.180.1.21/compute/v2.1/flavors 0.818s
2024-09-30 19:38:58.299 62248 INFO tempest.lib.common.rest_client [req-557647cb-307a-4276-be83-636ab54393b6 req-557647cb-307a-4276-be83-636ab54393b6 ] Request (InstanceUsageAuditLogTestJSON:tearDownClass): 201 POST http://10.180.1.21/identity/v3/auth/tokens 0.124s
2024-09-30 19:38:58.350 62201 INFO tempest.lib.common.rest_client [req-fc85b578-190c-4a70-b21f-36ab4d0f545c req-fc85b578-190c-4a70-b21f-36ab4d0f545c ] Request (TenantUsagesNegativeTestJSON:test_get_usage_tenant_with_empty_tenant_id): 404 GET http://10.180.1.21/compute/v2.1/os-simple-tenant-usage/?start=2024-09-29T19%3A38%3A57.623523&end=2024-10-01T19%3A38%3A57.623523 0.726s
2024-09-30 19:38:58.363 62193 INFO tempest.lib.common.rest_client [req-dad3d240-9844-46ff-a69e-b209d0c19ca0 req-dad3d240-9844-46ff-a69e-b209d0c19ca0 ] Request (AZAdminV2TestJSON:tearDownClass): 204 DELETE http://10.180.1.21/identity/v3/projects/7f862e892b5a4656a1578df89d98b328 0.127s
2024-09-30 19:38:58.449 62193 INFO tempest.lib.common.rest_client [req-c948ecf2-1381-43b1-8dde-445d49f64864 req-c948ecf2-1381-43b1-8dde-445d49f64864 ] Request (ServicesAdminNegativeTestJSON:setUpClass): 201 POST http://10.180.1.21/identity/v3/auth/tokens 0.083s
2024-09-30 19:38:58.450 62237 INFO tempest.lib.common.rest_client [req-6134702c-7b1f-4fe9-94d7-543e9e7b4d72 req-6134702c-7b1f-4fe9-94d7-543e9e7b4d72 ] Request (FloatingIPsNegativeTestJSON:test_delete_nonexistent_floating_ip): 404 DELETE http://10.180.1.21/compute/v2.1/os-floating-ips/20784552-8f84-4a2a-b35f-6dd970ab8d00 0.753s
2024-09-30 19:38:58.457 62229 INFO tempest.lib.common.rest_client [req-3ecd8840-b001-4dcd-8484-e7439a727977 req-3ecd8840-b001-4dcd-8484-e7439a727977 ] Request (NetworksTest:test_list_all_networks): 200 GET http://10.180.1.21/compute/v2.1/os-networks 0.949s
2024-09-30 19:38:58.482 62203 INFO tempest.lib.common.rest_client [req-43a04536-fc35-4b32-b256-56647a05f535 req-43a04536-fc35-4b32-b256-56647a05f535 ] Request (FlavorsV255TestJSON:test_crud_flavor): 200 GET http://10.180.1.21/compute/v2.1/flavors 0.763s
2024-09-30 19:38:58.482 62199 INFO tempest.lib.common.rest_client [req-097bff68-c17a-47c7-81ac-97e5da27808b req-097bff68-c17a-47c7-81ac-97e5da27808b ] Request (VolumesAssistedSnapshotsTest:setUpClass): 200 PUT http://10.180.1.21:9696/networking/v2.0/routers/7f97a4f7-a42c-4059-a828-c0fea85b6391/add_router_interface 1.566s
2024-09-30 19:38:58.483 62199 INFO tempest.lib.common.dynamic_creds [-] Created isolated network resources for: credentials: Credentials: {'domain_id': 'default', 'domain_name': 'Default', 'username': 'tempest-VolumesAssistedSnapshotsTest-19168800-project-admin', 'project_domain_id': 'default', 'project_domain_name': 'Default', 'project_id': '9e8589685407474b95984fe87c21f83a', 'project_name': 'tempest-VolumesAssistedSnapshotsTest-19168800', 'tenant_id': '9e8589685407474b95984fe87c21f83a', 'tenant_name': 'tempest-VolumesAssistedSnapshotsTest-19168800', 'user_domain_id': 'default', 'user_domain_name': 'Default', 'user_id': 'a83cc9cfb1ff4758be52300f66e0b3e1', 'system': None}, Network: {'id': '69da4b0a-dac3-4e5e-aea9-a1cbd3253021', 'name': 'tempest-VolumesAssistedSnapshotsTest-1749339886-network', 'tenant_id': '9e8589685407474b95984fe87c21f83a', 'admin_state_up': True, 'mtu': 8950, 'status': 'ACTIVE', 'subnets': [], 'shared': False, 'project_id': '9e8589685407474b95984fe87c21f83a', 'port_security_enabled': True, 'router:external': False, 'provider:network_type': 'vlan', 'provider:physical_network': 'default', 'provider:segmentation_id': 83, 'is_default': False, 'availability_zone_hints': [], 'availability_zones': [], 'ipv4_address_scope': None, 'ipv6_address_scope': None, 'description': '', 'tags': [], 'created_at': '2024-09-30T19:38:55Z', 'updated_at': '2024-09-30T19:38:55Z', 'revision_number': 1}, Subnet: {'id': '550ab277-c94c-4ac3-8519-a9849afa2c6e', 'name': 'tempest-VolumesAssistedSnapshotsTest-1749339886-subnet', 'tenant_id': '9e8589685407474b95984fe87c21f83a', 'network_id': '69da4b0a-dac3-4e5e-aea9-a1cbd3253021', 'ip_version': 4, 'subnetpool_id': None, 'enable_dhcp': True, 'ipv6_ra_mode': None, 'ipv6_address_mode': None, 'gateway_ip': '192.168.128.1', 'cidr': '192.168.128.0/28', 'allocation_pools': [{'start': '192.168.128.2', 'end': '192.168.128.14'}], 'host_routes': [], 'dns_nameservers': [], 'description': '', 'router:external': False, 'service_types': [], 'tags': [], 'created_at': '2024-09-30T19:38:55Z', 'updated_at': '2024-09-30T19:38:55Z', 'revision_number': 0, 'project_id': '9e8589685407474b95984fe87c21f83a'}, Router: {'id': '7f97a4f7-a42c-4059-a828-c0fea85b6391', 'name': 'tempest-VolumesAssistedSnapshotsTest-1749339886-router', 'tenant_id': '9e8589685407474b95984fe87c21f83a', 'admin_state_up': True, 'status': 'ACTIVE', 'external_gateway_info': {'network_id': 'c88ec18b-9877-41cd-bb18-2ddcb59ff3c7', 'external_fixed_ips': [{'subnet_id': 'e9324b66-830c-462f-bde6-470a5ba5b5d7', 'ip_address': '10.180.180.160'}], 'enable_snat': True}, 'description': '', 'availability_zones': [], 'distributed': False, 'ha': False, 'availability_zone_hints': [], 'routes': [], 'flavor_id': None, 'tags': [], 'created_at': '2024-09-30T19:38:56Z', 'updated_at': '2024-09-30T19:38:56Z', 'revision_number': 2, 'project_id': '9e8589685407474b95984fe87c21f83a'}
2024-09-30 19:38:58.494 62245 INFO tempest.lib.common.rest_client [req-57428efd-b1a5-46d1-a1dd-b32de614e248 req-57428efd-b1a5-46d1-a1dd-b32de614e248 ] Request (FlavorsV2TestJSON:test_list_flavors_detailed_filter_by_min_disk): 200 GET http://10.180.1.21/compute/v2.1/flavors/detail?minDisk=2 0.768s
2024-09-30 19:38:58.508 62193 INFO tempest.lib.common.rest_client [req-20038377-8c8e-4241-8e3c-020988dd4f5c req-20038377-8c8e-4241-8e3c-020988dd4f5c ] Request (ServicesAdminNegativeTestJSON:setUpClass): 201 POST http://10.180.1.21/identity/v3/auth/tokens 0.056s
2024-09-30 19:38:58.518 62213 INFO tempest.lib.common.rest_client [req-fc14c706-3732-4016-bf4e-b85d723d8112 req-fc14c706-3732-4016-bf4e-b85d723d8112 ] Request (FlavorsAdminTestJSON:_run_cleanups): 200 GET http://10.180.1.21/compute/v2.1/flavors/detail 0.757s
2024-09-30 19:38:58.578 62229 INFO tempest.lib.common.rest_client [req-42673a83-bfa1-4f14-830f-ffb30748e191 req-42673a83-bfa1-4f14-830f-ffb30748e191 ] Request (NetworksTest:tearDownClass): 204 DELETE http://10.180.1.21/identity/v3/users/5b1f7852a191411c979e252e45e686ae 0.119s
2024-09-30 19:38:58.613 62199 INFO tempest.lib.common.rest_client [req-388e1974-45b6-4961-b756-d29be440c113 req-388e1974-45b6-4961-b756-d29be440c113 ] Request (VolumesAssistedSnapshotsTest:setUpClass): 201 POST http://10.180.1.21/identity/v3/auth/tokens 0.126s
2024-09-30 19:38:58.632 62193 INFO tempest.lib.common.rest_client [req-3f148bc2-efef-40ac-8072-53c576dae232 req-3f148bc2-efef-40ac-8072-53c576dae232 ] Request (ServicesAdminNegativeTestJSON:setUpClass): 200 GET http://10.180.1.21/identity/v3/domains?name=Default 0.123s
2024-09-30 19:38:58.686 62229 INFO tempest.lib.common.rest_client [req-bb819fa9-66ea-4dd7-ae05-f47489eb7239 req-bb819fa9-66ea-4dd7-ae05-f47489eb7239 ] Request (NetworksTest:tearDownClass): 204 DELETE http://10.180.1.21/identity/v3/users/b7103867089e40598fd4a9fad77057da 0.108s
2024-09-30 19:38:58.686 62229 INFO tempest.lib.common.dynamic_creds [-] Deleting project and security group for project: c666ddf6e3de4922a6baef86275a3d7c
2024-09-30 19:38:58.733 62211 INFO tempest.lib.common.rest_client [req-6879057e-809f-4df9-9a86-a8294f4f46f9 req-6879057e-809f-4df9-9a86-a8294f4f46f9 ] Request (FlavorsExtraSpecsTestJSON:test_flavor_non_admin_get_all_keys): 200 GET http://10.180.1.21/compute/v2.1/flavors/84463773/os-extra_specs 0.947s
2024-09-30 19:38:58.744 62197 INFO tempest.lib.common.rest_client [req-3862cb5e-f6a2-4185-a1c7-0a59f0430640 req-3862cb5e-f6a2-4185-a1c7-0a59f0430640 ] Request (InstanceUsageAuditLogNegativeTestJSON:test_instance_usage_audit_logs_with_nonadmin_user): 403 GET http://10.180.1.21/compute/v2.1/os-instance_usage_audit_log/2024-09-30%2019%3A38%3A57 0.895s
2024-09-30 19:38:58.750 62253 INFO tempest.lib.common.rest_client [req-49c5baf0-8632-4e05-bfd8-051c9dd99a5a req-49c5baf0-8632-4e05-bfd8-051c9dd99a5a ] Request (HypervisorAdminNegativeTestJSON:test_get_hypervisor_stats_with_non_admin_user): 403 GET http://10.180.1.21/compute/v2.1/os-hypervisors/statistics 0.881s
2024-09-30 19:38:58.752 62199 INFO tempest.lib.common.rest_client [req-3e86f81c-1d2a-4877-b2e9-188949076fea req-3e86f81c-1d2a-4877-b2e9-188949076fea ] Request (VolumesAssistedSnapshotsTest:setUpClass): 201 POST http://10.180.1.21/identity/v3/projects 0.138s
2024-09-30 19:38:58.754 62193 INFO tempest.lib.common.rest_client [req-2faf32f4-6852-4676-87a8-0f380e16b69c req-2faf32f4-6852-4676-87a8-0f380e16b69c ] Request (ServicesAdminNegativeTestJSON:setUpClass): 201 POST http://10.180.1.21/identity/v3/projects 0.121s
2024-09-30 19:38:58.764 62219 INFO tempest.lib.common.rest_client [req-96b2167f-b4a2-4f1d-8e6a-9a40854641d0 req-96b2167f-b4a2-4f1d-8e6a-9a40854641d0 ] Request (KeyPairsV210TestJSON:test_admin_manage_keypairs_for_other_users): 200 GET http://10.180.1.21/compute/v2.1/os-keypairs/tempest-keypair-296946680?user_id=00ecbced65ad4469864e032ead0b0cfc 0.861s
2024-09-30 19:38:58.787 62236 INFO tempest.lib.common.rest_client [req-70b07857-8519-4e17-8f92-b469b8dbb52d req-70b07857-8519-4e17-8f92-b469b8dbb52d ] Request (KeyPairsNegativeTestJSON:test_create_keypair_with_duplicate_name): 202 DELETE http://10.180.1.21/compute/v2.1/os-keypairs/tempest-keypair-248554944 0.884s
2024-09-30 19:38:58.837 62229 INFO tempest.lib.common.rest_client [req-4a37437d-3059-4a98-aaa5-dcd168adb34d req-4a37437d-3059-4a98-aaa5-dcd168adb34d ] Request (NetworksTest:tearDownClass): 201 POST http://10.180.1.21/identity/v3/auth/tokens 0.150s
2024-09-30 19:38:58.872 62197 INFO tempest.lib.common.rest_client [req-15d86643-3a7b-4333-a081-9b7c75e41cd6 req-15d86643-3a7b-4333-a081-9b7c75e41cd6 ] Request (InstanceUsageAuditLogNegativeTestJSON:tearDownClass): 204 DELETE http://10.180.1.21/identity/v3/users/d225d1d8e54f4c91acebd95b65b1d987 0.126s
2024-09-30 19:38:58.926 62199 INFO tempest.lib.common.rest_client [req-95ecdf96-44c3-4970-b1ae-2e6df65d08a6 req-95ecdf96-44c3-4970-b1ae-2e6df65d08a6 ] Request (VolumesAssistedSnapshotsTest:setUpClass): 201 POST http://10.180.1.21/identity/v3/users 0.173s
2024-09-30 19:38:58.953 62193 INFO tempest.lib.common.rest_client [req-e12ce626-7938-43de-a806-3248ba89a812 req-e12ce626-7938-43de-a806-3248ba89a812 ] Request (ServicesAdminNegativeTestJSON:setUpClass): 201 POST http://10.180.1.21/identity/v3/users 0.198s
2024-09-30 19:38:58.958 62248 INFO tempest.lib.common.rest_client [req-df65a1ab-ccc6-44b8-8d03-d86105cc9d42 req-df65a1ab-ccc6-44b8-8d03-d86105cc9d42 ] Request (InstanceUsageAuditLogTestJSON:tearDownClass): 200 GET http://10.180.1.21:9696/networking/v2.0/security-groups?tenant_id=5e91bbc2f5984cb68fdf13b1b93dc689&name=default 0.659s
2024-09-30 19:38:59.017 62197 INFO tempest.lib.common.rest_client [req-4b82edf0-5784-4dd1-b238-64a564689448 req-4b82edf0-5784-4dd1-b238-64a564689448 ] Request (InstanceUsageAuditLogNegativeTestJSON:tearDownClass): 204 DELETE http://10.180.1.21/identity/v3/users/76a395648f6a489bad76be82ab2a00fd 0.145s
2024-09-30 19:38:59.018 62197 INFO tempest.lib.common.dynamic_creds [-] Deleting project and security group for project: cf736ee49cd84b2d883c6248770974d6
2024-09-30 19:38:59.066 62199 INFO tempest.lib.common.rest_client [req-04f5c5e4-e015-4c6f-87ba-71cfc472c7a6 req-04f5c5e4-e015-4c6f-87ba-71cfc472c7a6 ] Request (VolumesAssistedSnapshotsTest:setUpClass): 200 GET http://10.180.1.21/identity/v3/roles 0.139s
2024-09-30 19:38:59.123 62193 INFO tempest.lib.common.rest_client [req-671fbac6-ab34-4267-a434-ab55995ff24a req-671fbac6-ab34-4267-a434-ab55995ff24a ] Request (ServicesAdminNegativeTestJSON:setUpClass): 200 GET http://10.180.1.21/identity/v3/roles 0.169s
2024-09-30 19:38:59.124 62197 INFO tempest.lib.common.rest_client [req-ace95be8-49e0-410e-b0fd-f0a65b12e920 req-ace95be8-49e0-410e-b0fd-f0a65b12e920 ] Request (InstanceUsageAuditLogNegativeTestJSON:tearDownClass): 201 POST http://10.180.1.21/identity/v3/auth/tokens 0.106s
2024-09-30 19:38:59.150 62193 INFO tempest.lib.common.rest_client [req-4c7cec79-0765-4546-9b52-79e3476b0769 req-4c7cec79-0765-4546-9b52-79e3476b0769 ] Request (ServicesAdminNegativeTestJSON:setUpClass): 204 PUT http://10.180.1.21/identity/v3/projects/bffece0832934777bf8a35fd7ca50ed6/users/b6085cc5f3284783becc46d45a160312/roles/58ca00245de14d158e927561b27bd523 0.027s
2024-09-30 19:38:59.150 62193 INFO tempest.lib.common.dynamic_creds [-] Dynamic test user b6085cc5f3284783becc46d45a160312 is created with scope project and roles: ['member']
2024-09-30 19:38:59.150 62193 INFO tempest.lib.common.dynamic_creds [-] Acquired dynamic creds: credentials: Credentials: {'domain_id': 'default', 'domain_name': 'Default', 'username': 'tempest-ServicesAdminNegativeTestJSON-447581464-project-member', 'project_domain_id': 'default', 'project_domain_name': 'Default', 'project_id': 'bffece0832934777bf8a35fd7ca50ed6', 'project_name': 'tempest-ServicesAdminNegativeTestJSON-447581464', 'tenant_id': 'bffece0832934777bf8a35fd7ca50ed6', 'tenant_name': 'tempest-ServicesAdminNegativeTestJSON-447581464', 'user_domain_id': 'default', 'user_domain_name': 'Default', 'user_id': 'b6085cc5f3284783becc46d45a160312', 'system': None}, Network: None, Subnet: None, Router: None
