2024-09-30 19:39:12.377 62217 INFO tempest.lib.common.rest_client [req-dce70545-77c6-4fd7-8974-26d165543817 req-dce70545-77c6-4fd7-8974-26d165543817 ] Request (FlavorsAccessTestJSON:tearDownClass): 204 DELETE http://10.180.1.21:9696/networking/v2.0/security-groups/b250623e-32b0-4f8c-ad8d-e4be1396a28c 0.672s
2024-09-30 19:39:12.401 62243 INFO tempest.lib.common.rest_client [req-b9969fa0-c43a-4c08-8b21-9e25cc16f3a8 req-b9969fa0-c43a-4c08-8b21-9e25cc16f3a8 ] Request (HypervisorAdminNegativeUnderV252Test:setUpClass): 201 POST http://10.180.1.21/identity/v3/users 0.064s
2024-09-30 19:39:12.420 62243 INFO tempest.lib.common.rest_client [req-f55a3bd3-1912-4e95-9583-9fba58cc06d6 req-f55a3bd3-1912-4e95-9583-9fba58cc06d6 ] Request (HypervisorAdminNegativeUnderV252Test:setUpClass): 200 GET http://10.180.1.21/identity/v3/roles 0.018s
2024-09-30 19:39:12.453 62243 INFO tempest.lib.common.rest_client [req-ee071bac-d6c5-4507-b482-312e4d03149f req-ee071bac-d6c5-4507-b482-312e4d03149f ] Request (HypervisorAdminNegativeUnderV252Test:setUpClass): 204 PUT http://10.180.1.21/identity/v3/projects/ce12ba32944d49f984d39c2a75de9fa1/users/aa27c342a07a4fa587674054b1e74b82/roles/58ca00245de14d158e927561b27bd523 0.033s
2024-09-30 19:39:12.454 62243 INFO tempest.lib.common.dynamic_creds [-] Dynamic test user aa27c342a07a4fa587674054b1e74b82 is created with scope project and roles: ['member']
2024-09-30 19:39:12.454 62243 INFO tempest.lib.common.dynamic_creds [-] Acquired dynamic creds: credentials: Credentials: {'domain_id': 'default', 'domain_name': 'Default', 'username': 'tempest-HypervisorAdminNegativeUnderV252Test-2021938797-project-member', 'project_domain_id': 'default', 'project_domain_name': 'Default', 'project_id': 'ce12ba32944d49f984d39c2a75de9fa1', 'project_name': 'tempest-HypervisorAdminNegativeUnderV252Test-2021938797', 'tenant_id': 'ce12ba32944d49f984d39c2a75de9fa1', 'tenant_name': 'tempest-HypervisorAdminNegativeUnderV252Test-2021938797', 'user_domain_id': 'default', 'user_domain_name': 'Default', 'user_id': 'aa27c342a07a4fa587674054b1e74b82', 'system': None}, Network: None, Subnet: None, Router: None
2024-09-30 19:39:12.454 62243 INFO tempest.lib.common.dynamic_creds [-] Created isolated network resources for: credentials: Credentials: {'domain_id': 'default', 'domain_name': 'Default', 'username': 'tempest-HypervisorAdminNegativeUnderV252Test-2021938797-project-member', 'project_domain_id': 'default', 'project_domain_name': 'Default', 'project_id': 'ce12ba32944d49f984d39c2a75de9fa1', 'project_name': 'tempest-HypervisorAdminNegativeUnderV252Test-2021938797', 'tenant_id': 'ce12ba32944d49f984d39c2a75de9fa1', 'tenant_name': 'tempest-HypervisorAdminNegativeUnderV252Test-2021938797', 'user_domain_id': 'default', 'user_domain_name': 'Default', 'user_id': 'aa27c342a07a4fa587674054b1e74b82', 'system': None}, Network: None, Subnet: None, Router: None
2024-09-30 19:39:12.463 62217 INFO tempest.lib.common.rest_client [req-4d8e59a2-455e-4390-a0fa-b09c0318917f req-4d8e59a2-455e-4390-a0fa-b09c0318917f ] Request (FlavorsAccessTestJSON:tearDownClass): 204 DELETE http://10.180.1.21/identity/v3/projects/823d671ee6b645338dfd981dad342df7 0.085s
2024-09-30 19:39:12.496 62248 INFO tempest.lib.common.rest_client [req-449560dd-4ed1-436f-ac74-09332a7f1539 req-449560dd-4ed1-436f-ac74-09332a7f1539 ] Request (MultipleCreateTestJSON:test_multiple_create): 202 POST http://10.180.1.21/compute/v2.1/servers 3.036s
2024-09-30 19:39:12.499 62191 INFO tempest.lib.common.rest_client [req-fa53352c-4e6c-4700-a3eb-08fdbeef6398 req-fa53352c-4e6c-4700-a3eb-08fdbeef6398 ] Request (FlavorsExtraSpecsNegativeTestJSON:tearDownClass): 204 DELETE http://10.180.1.21:9696/networking/v2.0/security-groups/e982c7e3-63e3-47e7-9976-0789e45647ce 0.683s
2024-09-30 19:39:12.537 62217 INFO tempest.lib.common.rest_client [req-9d938661-45b1-46a3-99f5-a1197f9f561b req-9d938661-45b1-46a3-99f5-a1197f9f561b ] Request (ServerDiagnosticsNegativeTest:setUpClass): 201 POST http://10.180.1.21/identity/v3/auth/tokens 0.072s
2024-09-30 19:39:12.553 62243 INFO tempest.lib.common.rest_client [req-fbb52fbe-aeaa-4879-90f6-194582dc72c7 req-fbb52fbe-aeaa-4879-90f6-194582dc72c7 ] Request (HypervisorAdminNegativeUnderV252Test:setUpClass): 201 POST http://10.180.1.21/identity/v3/auth/tokens 0.092s
2024-09-30 19:39:12.613 62191 INFO tempest.lib.common.rest_client [req-543ef46e-b2ff-403c-95e9-33e9c4f51798 req-543ef46e-b2ff-403c-95e9-33e9c4f51798 ] Request (FlavorsExtraSpecsNegativeTestJSON:tearDownClass): 204 DELETE http://10.180.1.21/identity/v3/projects/6f46f2451f1e4d84915bb0faefb50ed5 0.113s
2024-09-30 19:39:12.653 62215 INFO tempest.lib.common.rest_client [req-2e901041-9111-4060-80aa-8d324458f619 req-2e901041-9111-4060-80aa-8d324458f619 ] Request (ImagesMetadataNegativeTestJSON:test_delete_nonexistent_image_metadata_item): 404 DELETE http://10.180.1.21/compute/v2.1/images/45affa5f-f9e2-49b2-a5e0-a22ab295eed3/metadata/os_distro 2.765s
2024-09-30 19:39:12.673 62217 INFO tempest.lib.common.rest_client [req-8bdf18da-58b8-4731-8e08-c1964df877e5 req-8bdf18da-58b8-4731-8e08-c1964df877e5 ] Request (ServerDiagnosticsNegativeTest:setUpClass): 201 POST http://10.180.1.21/identity/v3/auth/tokens 0.134s
2024-09-30 19:39:12.698 62243 INFO tempest.lib.common.rest_client [req-3ad0a742-248e-4445-9e27-e24fe0de8d12 req-3ad0a742-248e-4445-9e27-e24fe0de8d12 ] Request (HypervisorAdminNegativeUnderV252Test:setUpClass): 201 POST http://10.180.1.21/identity/v3/projects 0.144s
2024-09-30 19:39:12.755 62191 INFO tempest.lib.common.rest_client [req-bf59da6d-7b20-43be-be4a-850f545f9a0e req-bf59da6d-7b20-43be-be4a-850f545f9a0e ] Request (ImagesDeleteNegativeTestJSON:setUpClass): 201 POST http://10.180.1.21/identity/v3/auth/tokens 0.140s
2024-09-30 19:39:12.763 62217 INFO tempest.lib.common.rest_client [req-0336eab8-5b74-46f0-bcc5-73f1c27bc3ff req-0336eab8-5b74-46f0-bcc5-73f1c27bc3ff ] Request (ServerDiagnosticsNegativeTest:setUpClass): 200 GET http://10.180.1.21/identity/v3/domains?name=Default 0.090s
2024-09-30 19:39:12.771 62195 INFO tempest.lib.common.rest_client [req-870fcb5e-b0e4-4d4d-8a67-ce3da1f75b2b req-870fcb5e-b0e4-4d4d-8a67-ce3da1f75b2b ] Request (ServersAdminNegativeTestJSON:setUpClass): 200 GET http://10.180.1.21/compute/v2.1/servers/620d9f8a-e28c-49d0-a2c3-5846a60001da 2.782s
2024-09-30 19:39:12.776 62225 INFO tempest.lib.common.rest_client [req-f7984b55-6774-40c6-b739-92bbc56ef509 req-f7984b55-6774-40c6-b739-92bbc56ef509 ] Request (ValidationResourcesFixture:setUp): 201 POST http://10.180.1.21:9696/networking/v2.0/security-group-rules 0.797s
2024-09-30 19:39:12.781 62243 INFO tempest.lib.common.rest_client [req-46a34d15-4deb-435f-88fa-90cb41505180 req-46a34d15-4deb-435f-88fa-90cb41505180 ] Request (HypervisorAdminNegativeUnderV252Test:setUpClass): 201 POST http://10.180.1.21/identity/v3/users 0.082s
2024-09-30 19:39:12.790 62191 INFO tempest.lib.common.rest_client [req-a1a86301-0012-48f3-9e60-3048f7baa59d req-a1a86301-0012-48f3-9e60-3048f7baa59d ] Request (ImagesDeleteNegativeTestJSON:setUpClass): 201 POST http://10.180.1.21/identity/v3/auth/tokens 0.033s
2024-09-30 19:39:12.806 62243 INFO tempest.lib.common.rest_client [req-5e101734-cfc3-498d-b32d-80f5680f17fb req-5e101734-cfc3-498d-b32d-80f5680f17fb ] Request (HypervisorAdminNegativeUnderV252Test:setUpClass): 200 GET http://10.180.1.21/identity/v3/roles 0.025s
2024-09-30 19:39:12.809 62217 INFO tempest.lib.common.rest_client [req-7fa42c9c-2396-4e79-9fe8-0828ccd84457 req-7fa42c9c-2396-4e79-9fe8-0828ccd84457 ] Request (ServerDiagnosticsNegativeTest:setUpClass): 201 POST http://10.180.1.21/identity/v3/projects 0.045s
2024-09-30 19:39:12.861 62191 INFO tempest.lib.common.rest_client [req-d20206fa-98d9-49b7-82f6-49ce1ab88f18 req-d20206fa-98d9-49b7-82f6-49ce1ab88f18 ] Request (ImagesDeleteNegativeTestJSON:setUpClass): 200 GET http://10.180.1.21/identity/v3/domains?name=Default 0.070s
2024-09-30 19:39:12.870 62243 INFO tempest.lib.common.rest_client [req-f0d825a5-3f1b-4894-be31-53a9af4a5e50 req-f0d825a5-3f1b-4894-be31-53a9af4a5e50 ] Request (HypervisorAdminNegativeUnderV252Test:setUpClass): 204 PUT http://10.180.1.21/identity/v3/projects/9910fb983f1b41dcb1589825ec8f6ff9/users/83ca1dfab33942e3a9b47f42d85e52c1/roles/49e2b1d692a44074b6ceef1547a97bcf 0.064s
2024-09-30 19:39:12.890 62217 INFO tempest.lib.common.rest_client [req-4e9a7d07-f3db-4143-b325-92a5976aeaaa req-4e9a7d07-f3db-4143-b325-92a5976aeaaa ] Request (ServerDiagnosticsNegativeTest:setUpClass): 201 POST http://10.180.1.21/identity/v3/users 0.081s
2024-09-30 19:39:12.922 62191 INFO tempest.lib.common.rest_client [req-424874d8-26cb-4093-8461-d9c7bbb60cb1 req-424874d8-26cb-4093-8461-d9c7bbb60cb1 ] Request (ImagesDeleteNegativeTestJSON:setUpClass): 201 POST http://10.180.1.21/identity/v3/projects 0.060s
2024-09-30 19:39:12.940 62243 INFO tempest.lib.common.rest_client [req-949ab3fd-f1f9-4b1e-8ab9-829d31d0a4cf req-949ab3fd-f1f9-4b1e-8ab9-829d31d0a4cf ] Request (HypervisorAdminNegativeUnderV252Test:setUpClass): 200 GET http://10.180.1.21/identity/v3/roles 0.069s
2024-09-30 19:39:12.965 62217 INFO tempest.lib.common.rest_client [req-658d526f-002c-4a21-ac1a-25ee9ff11199 req-658d526f-002c-4a21-ac1a-25ee9ff11199 ] Request (ServerDiagnosticsNegativeTest:setUpClass): 200 GET http://10.180.1.21/identity/v3/roles 0.074s
2024-09-30 19:39:12.977 62243 INFO tempest.lib.common.rest_client [req-15d0af90-ed43-41ea-8e72-8bb7ae8353d4 req-15d0af90-ed43-41ea-8e72-8bb7ae8353d4 ] Request (HypervisorAdminNegativeUnderV252Test:setUpClass): 204 PUT http://10.180.1.21/identity/v3/projects/9910fb983f1b41dcb1589825ec8f6ff9/users/83ca1dfab33942e3a9b47f42d85e52c1/roles/49e2b1d692a44074b6ceef1547a97bcf 0.037s
2024-09-30 19:39:12.978 62243 INFO tempest.lib.common.dynamic_creds [-] Dynamic test user 83ca1dfab33942e3a9b47f42d85e52c1 is created with scope project and roles: ['admin']
2024-09-30 19:39:12.978 62243 INFO tempest.lib.common.dynamic_creds [-] Acquired dynamic creds: credentials: Credentials: {'domain_id': 'default', 'domain_name': 'Default', 'username': 'tempest-HypervisorAdminNegativeUnderV252Test-583629464-project-admin', 'project_domain_id': 'default', 'project_domain_name': 'Default', 'project_id': '9910fb983f1b41dcb1589825ec8f6ff9', 'project_name': 'tempest-HypervisorAdminNegativeUnderV252Test-583629464', 'tenant_id': '9910fb983f1b41dcb1589825ec8f6ff9', 'tenant_name': 'tempest-HypervisorAdminNegativeUnderV252Test-583629464', 'user_domain_id': 'default', 'user_domain_name': 'Default', 'user_id': '83ca1dfab33942e3a9b47f42d85e52c1', 'system': None}, Network: None, Subnet: None, Router: None
2024-09-30 19:39:12.978 62243 INFO tempest.lib.common.dynamic_creds [-] Created isolated network resources for: credentials: Credentials: {'domain_id': 'default', 'domain_name': 'Default', 'username': 'tempest-HypervisorAdminNegativeUnderV252Test-583629464-project-admin', 'project_domain_id': 'default', 'project_domain_name': 'Default', 'project_id': '9910fb983f1b41dcb1589825ec8f6ff9', 'project_name': 'tempest-HypervisorAdminNegativeUnderV252Test-583629464', 'tenant_id': '9910fb983f1b41dcb1589825ec8f6ff9', 'tenant_name': 'tempest-HypervisorAdminNegativeUnderV252Test-583629464', 'user_domain_id': 'default', 'user_domain_name': 'Default', 'user_id': '83ca1dfab33942e3a9b47f42d85e52c1', 'system': None}, Network: None, Subnet: None, Router: None
2024-09-30 19:39:12.996 62191 INFO tempest.lib.common.rest_client [req-2c87237e-e62a-48c9-bc86-661a2e6ce469 req-2c87237e-e62a-48c9-bc86-661a2e6ce469 ] Request (ImagesDeleteNegativeTestJSON:setUpClass): 201 POST http://10.180.1.21/identity/v3/users 0.073s
2024-09-30 19:39:13.005 62253 INFO tempest.lib.common.rest_client [req-62d89a3e-ce8e-4865-aabd-4cfb4fd715a2 req-62d89a3e-ce8e-4865-aabd-4cfb4fd715a2 ] Request (SecurityGroupRulesTestJSON:setUpClass): 201 POST http://10.180.1.21:9696/networking/v2.0/subnets 1.211s
2024-09-30 19:39:13.048 62217 INFO tempest.lib.common.rest_client [req-8f50b736-18df-43f0-89b5-67270f62c161 req-8f50b736-18df-43f0-89b5-67270f62c161 ] Request (ServerDiagnosticsNegativeTest:setUpClass): 204 PUT http://10.180.1.21/identity/v3/projects/0b11ec54d3674ec48c8869232f83b6ee/users/9034d70d255a4c0caf26374f95d84d03/roles/58ca00245de14d158e927561b27bd523 0.083s
2024-09-30 19:39:13.049 62217 INFO tempest.lib.common.dynamic_creds [-] Dynamic test user 9034d70d255a4c0caf26374f95d84d03 is created with scope project and roles: ['member']
2024-09-30 19:39:13.050 62217 INFO tempest.lib.common.dynamic_creds [-] Acquired dynamic creds: credentials: Credentials: {'domain_id': 'default', 'domain_name': 'Default', 'username': 'tempest-ServerDiagnosticsNegativeTest-941309888-project-member', 'project_domain_id': 'default', 'project_domain_name': 'Default', 'project_id': '0b11ec54d3674ec48c8869232f83b6ee', 'project_name': 'tempest-ServerDiagnosticsNegativeTest-941309888', 'tenant_id': '0b11ec54d3674ec48c8869232f83b6ee', 'tenant_name': 'tempest-ServerDiagnosticsNegativeTest-941309888', 'user_domain_id': 'default', 'user_domain_name': 'Default', 'user_id': '9034d70d255a4c0caf26374f95d84d03', 'system': None}, Network: None, Subnet: None, Router: None
2024-09-30 19:39:13.050 62217 INFO tempest.lib.common.dynamic_creds [-] Created isolated network resources for: credentials: Credentials: {'domain_id': 'default', 'domain_name': 'Default', 'username': 'tempest-ServerDiagnosticsNegativeTest-941309888-project-member', 'project_domain_id': 'default', 'project_domain_name': 'Default', 'project_id': '0b11ec54d3674ec48c8869232f83b6ee', 'project_name': 'tempest-ServerDiagnosticsNegativeTest-941309888', 'tenant_id': '0b11ec54d3674ec48c8869232f83b6ee', 'tenant_name': 'tempest-ServerDiagnosticsNegativeTest-941309888', 'user_domain_id': 'default', 'user_domain_name': 'Default', 'user_id': '9034d70d255a4c0caf26374f95d84d03', 'system': None}, Network: None, Subnet: None, Router: None
2024-09-30 19:39:13.061 62203 INFO tempest.lib.common.rest_client [req-9261e48e-bb7e-4e22-b5d3-4621fd530ad3 req-9261e48e-bb7e-4e22-b5d3-4621fd530ad3 ] Request (ServerActionsTestOtherA:setUpClass): 201 POST http://10.180.1.21:9696/networking/v2.0/routers 3.792s
2024-09-30 19:39:13.066 62243 INFO tempest.lib.common.rest_client [req-0a65b8d2-0594-4b02-b656-4217f8637674 req-0a65b8d2-0594-4b02-b656-4217f8637674 ] Request (HypervisorAdminNegativeUnderV252Test:setUpClass): 201 POST http://10.180.1.21/identity/v3/auth/tokens 0.084s
2024-09-30 19:39:13.099 62191 INFO tempest.lib.common.rest_client [req-1af06af2-9dd3-4445-aecc-fbaa1d006536 req-1af06af2-9dd3-4445-aecc-fbaa1d006536 ] Request (ImagesDeleteNegativeTestJSON:setUpClass): 200 GET http://10.180.1.21/identity/v3/roles 0.103s
2024-09-30 19:39:13.122 62237 INFO tempest.lib.common.rest_client [req-64278950-fe3b-4b78-a792-d149f1332f87 req-64278950-fe3b-4b78-a792-d149f1332f87 ] Request (ServersTestFqdnHostnames:setUpClass): 200 PUT http://10.180.1.21:9696/networking/v2.0/routers/86c8365f-eada-450c-8f00-5e9e45eeb29d/add_router_interface 5.365s
2024-09-30 19:39:13.122 62237 INFO tempest.lib.common.dynamic_creds [-] Created isolated network resources for: credentials: Credentials: {'domain_id': 'default', 'domain_name': 'Default', 'username': 'tempest-ServersTestFqdnHostnames-1099891582-project-member', 'project_domain_id': 'default', 'project_domain_name': 'Default', 'project_id': 'c3d02f3ada1d4ca3a4919898576adb9a', 'project_name': 'tempest-ServersTestFqdnHostnames-1099891582', 'tenant_id': 'c3d02f3ada1d4ca3a4919898576adb9a', 'tenant_name': 'tempest-ServersTestFqdnHostnames-1099891582', 'user_domain_id': 'default', 'user_domain_name': 'Default', 'user_id': '5a675d976ce34a5a81cc98af455c5aff', 'system': None}, Network: {'id': 'fc739542-0e94-465a-a4be-aaf5b969f85b', 'name': 'tempest-ServersTestFqdnHostnames-718333724-network', 'tenant_id': 'c3d02f3ada1d4ca3a4919898576adb9a', 'admin_state_up': True, 'mtu': 8950, 'status': 'ACTIVE', 'subnets': [], 'shared': False, 'project_id': 'c3d02f3ada1d4ca3a4919898576adb9a', 'port_security_enabled': True, 'router:external': False, 'provider:network_type': 'vlan', 'provider:physical_network': 'default', 'provider:segmentation_id': 272, 'is_default': False, 'availability_zone_hints': [], 'availability_zones': [], 'ipv4_address_scope': None, 'ipv6_address_scope': None, 'description': '', 'tags': [], 'created_at': '2024-09-30T19:39:03Z', 'updated_at': '2024-09-30T19:39:03Z', 'revision_number': 1}, Subnet: {'id': '171eab50-9425-42ad-bae0-25df2ae83b00', 'name': 'tempest-ServersTestFqdnHostnames-718333724-subnet', 'tenant_id': 'c3d02f3ada1d4ca3a4919898576adb9a', 'network_id': 'fc739542-0e94-465a-a4be-aaf5b969f85b', 'ip_version': 4, 'subnetpool_id': None, 'enable_dhcp': True, 'ipv6_ra_mode': None, 'ipv6_address_mode': None, 'gateway_ip': '192.168.128.1', 'cidr': '192.168.128.0/28', 'allocation_pools': [{'start': '192.168.128.2', 'end': '192.168.128.14'}], 'host_routes': [], 'dns_nameservers': [], 'description': '', 'router:external': False, 'service_types': [], 'tags': [], 'created_at': '2024-09-30T19:39:04Z', 'updated_at': '2024-09-30T19:39:04Z', 'revision_number': 0, 'project_id': 'c3d02f3ada1d4ca3a4919898576adb9a'}, Router: {'id': '86c8365f-eada-450c-8f00-5e9e45eeb29d', 'name': 'tempest-ServersTestFqdnHostnames-718333724-router', 'tenant_id': 'c3d02f3ada1d4ca3a4919898576adb9a', 'admin_state_up': True, 'status': 'ACTIVE', 'external_gateway_info': {'network_id': 'c88ec18b-9877-41cd-bb18-2ddcb59ff3c7', 'external_fixed_ips': [{'subnet_id': 'e9324b66-830c-462f-bde6-470a5ba5b5d7', 'ip_address': '10.180.180.203'}], 'enable_snat': True}, 'description': '', 'availability_zones': [], 'distributed': False, 'ha': False, 'availability_zone_hints': [], 'routes': [], 'flavor_id': None, 'tags': [], 'created_at': '2024-09-30T19:39:05Z', 'updated_at': '2024-09-30T19:39:06Z', 'revision_number': 2, 'project_id': 'c3d02f3ada1d4ca3a4919898576adb9a'}
2024-09-30 19:39:13.129 62191 INFO tempest.lib.common.rest_client [req-268c5c00-f9ed-41b0-9b19-3173954b2fa8 req-268c5c00-f9ed-41b0-9b19-3173954b2fa8 ] Request (ImagesDeleteNegativeTestJSON:setUpClass): 204 PUT http://10.180.1.21/identity/v3/projects/259a74ded871450996f216c6c8486be1/users/1576ff9a5c194e6abb3fd15b96e31c7a/roles/58ca00245de14d158e927561b27bd523 0.029s
2024-09-30 19:39:13.129 62191 INFO tempest.lib.common.dynamic_creds [-] Dynamic test user 1576ff9a5c194e6abb3fd15b96e31c7a is created with scope project and roles: ['member']
2024-09-30 19:39:13.129 62191 INFO tempest.lib.common.dynamic_creds [-] Acquired dynamic creds: credentials: Credentials: {'domain_id': 'default', 'domain_name': 'Default', 'username': 'tempest-ImagesDeleteNegativeTestJSON-1406689334-project-member', 'project_domain_id': 'default', 'project_domain_name': 'Default', 'project_id': '259a74ded871450996f216c6c8486be1', 'project_name': 'tempest-ImagesDeleteNegativeTestJSON-1406689334', 'tenant_id': '259a74ded871450996f216c6c8486be1', 'tenant_name': 'tempest-ImagesDeleteNegativeTestJSON-1406689334', 'user_domain_id': 'default', 'user_domain_name': 'Default', 'user_id': '1576ff9a5c194e6abb3fd15b96e31c7a', 'system': None}, Network: None, Subnet: None, Router: None
2024-09-30 19:39:13.129 62191 INFO tempest.lib.common.dynamic_creds [-] Created isolated network resources for: credentials: Credentials: {'domain_id': 'default', 'domain_name': 'Default', 'username': 'tempest-ImagesDeleteNegativeTestJSON-1406689334-project-member', 'project_domain_id': 'default', 'project_domain_name': 'Default', 'project_id': '259a74ded871450996f216c6c8486be1', 'project_name': 'tempest-ImagesDeleteNegativeTestJSON-1406689334', 'tenant_id': '259a74ded871450996f216c6c8486be1', 'tenant_name': 'tempest-ImagesDeleteNegativeTestJSON-1406689334', 'user_domain_id': 'default', 'user_domain_name': 'Default', 'user_id': '1576ff9a5c194e6abb3fd15b96e31c7a', 'system': None}, Network: None, Subnet: None, Router: None
2024-09-30 19:39:13.138 62217 INFO tempest.lib.common.rest_client [req-f71c277d-56e8-40f2-9b11-385f11c5e3f4 req-f71c277d-56e8-40f2-9b11-385f11c5e3f4 ] Request (ServerDiagnosticsNegativeTest:setUpClass): 201 POST http://10.180.1.21/identity/v3/auth/tokens 0.083s
2024-09-30 19:39:13.198 62217 INFO tempest.lib.common.rest_client [req-1b3fb645-f6ae-45e3-b46d-16e7a2a6abb1 req-1b3fb645-f6ae-45e3-b46d-16e7a2a6abb1 ] Request (ServerDiagnosticsNegativeTest:setUpClass): 201 POST http://10.180.1.21/identity/v3/projects 0.060s
2024-09-30 19:39:13.210 62191 INFO tempest.lib.common.rest_client [req-bd24709d-c0b2-479c-aeb3-5e35a2d8929d req-bd24709d-c0b2-479c-aeb3-5e35a2d8929d ] Request (ImagesDeleteNegativeTestJSON:setUpClass): 201 POST http://10.180.1.21/identity/v3/auth/tokens 0.077s
2024-09-30 19:39:13.267 62237 INFO tempest.lib.common.rest_client [req-6029c632-f854-46a5-ac4c-b06b417b40ea req-6029c632-f854-46a5-ac4c-b06b417b40ea ] Request (ServersTestFqdnHostnames:setUpClass): 201 POST http://10.180.1.21/identity/v3/auth/tokens 0.097s
2024-09-30 19:39:13.296 62217 INFO tempest.lib.common.rest_client [req-5f8aaf10-a14a-4480-9348-ff0b16973b07 req-5f8aaf10-a14a-4480-9348-ff0b16973b07 ] Request (ServerDiagnosticsNegativeTest:setUpClass): 201 POST http://10.180.1.21/identity/v3/users 0.097s
2024-09-30 19:39:13.339 62217 INFO tempest.lib.common.rest_client [req-0ffba33e-29cc-4e51-ab93-c35192c2a0cd req-0ffba33e-29cc-4e51-ab93-c35192c2a0cd ] Request (ServerDiagnosticsNegativeTest:setUpClass): 200 GET http://10.180.1.21/identity/v3/roles 0.043s
2024-09-30 19:39:13.374 62217 INFO tempest.lib.common.rest_client [req-23303b9e-fdf3-4ebe-a2c5-e52df0f14eaf req-23303b9e-fdf3-4ebe-a2c5-e52df0f14eaf ] Request (ServerDiagnosticsNegativeTest:setUpClass): 204 PUT http://10.180.1.21/identity/v3/projects/37613fb26d22497c80337408fb9c92cb/users/c306a5c12c934e61857fe353cfb31844/roles/49e2b1d692a44074b6ceef1547a97bcf 0.034s
2024-09-30 19:39:13.425 62217 INFO tempest.lib.common.rest_client [req-8d6a2970-1778-463c-ab3e-a694b641fd99 req-8d6a2970-1778-463c-ab3e-a694b641fd99 ] Request (ServerDiagnosticsNegativeTest:setUpClass): 200 GET http://10.180.1.21/identity/v3/roles 0.050s
2024-09-30 19:39:13.440 62217 INFO tempest.lib.common.rest_client [req-94ca292a-c7f4-43c9-8ba7-1e24f5b2a7e0 req-94ca292a-c7f4-43c9-8ba7-1e24f5b2a7e0 ] Request (ServerDiagnosticsNegativeTest:setUpClass): 204 PUT http://10.180.1.21/identity/v3/projects/37613fb26d22497c80337408fb9c92cb/users/c306a5c12c934e61857fe353cfb31844/roles/49e2b1d692a44074b6ceef1547a97bcf 0.015s
2024-09-30 19:39:13.440 62217 INFO tempest.lib.common.dynamic_creds [-] Dynamic test user c306a5c12c934e61857fe353cfb31844 is created with scope project and roles: ['admin']
2024-09-30 19:39:13.441 62217 INFO tempest.lib.common.dynamic_creds [-] Acquired dynamic creds: credentials: Credentials: {'domain_id': 'default', 'domain_name': 'Default', 'username': 'tempest-ServerDiagnosticsNegativeTest-1544343576-project-admin', 'project_domain_id': 'default', 'project_domain_name': 'Default', 'project_id': '37613fb26d22497c80337408fb9c92cb', 'project_name': 'tempest-ServerDiagnosticsNegativeTest-1544343576', 'tenant_id': '37613fb26d22497c80337408fb9c92cb', 'tenant_name': 'tempest-ServerDiagnosticsNegativeTest-1544343576', 'user_domain_id': 'default', 'user_domain_name': 'Default', 'user_id': 'c306a5c12c934e61857fe353cfb31844', 'system': None}, Network: None, Subnet: None, Router: None
2024-09-30 19:39:13.441 62217 INFO tempest.lib.common.dynamic_creds [-] Created isolated network resources for: credentials: Credentials: {'domain_id': 'default', 'domain_name': 'Default', 'username': 'tempest-ServerDiagnosticsNegativeTest-1544343576-project-admin', 'project_domain_id': 'default', 'project_domain_name': 'Default', 'project_id': '37613fb26d22497c80337408fb9c92cb', 'project_name': 'tempest-ServerDiagnosticsNegativeTest-1544343576', 'tenant_id': '37613fb26d22497c80337408fb9c92cb', 'tenant_name': 'tempest-ServerDiagnosticsNegativeTest-1544343576', 'user_domain_id': 'default', 'user_domain_name': 'Default', 'user_id': 'c306a5c12c934e61857fe353cfb31844', 'system': None}, Network: None, Subnet: None, Router: None
2024-09-30 19:39:13.514 62217 INFO tempest.lib.common.rest_client [req-17ddc22e-5d5e-43d1-9c29-2a1921e3bd8b req-17ddc22e-5d5e-43d1-9c29-2a1921e3bd8b ] Request (ServerDiagnosticsNegativeTest:setUpClass): 201 POST http://10.180.1.21/identity/v3/auth/tokens 0.069s
2024-09-30 19:39:13.570 62217 INFO tempest.lib.common.rest_client [req-8c4dcf23-ab30-45dc-9019-42b08bb7ea11 req-8c4dcf23-ab30-45dc-9019-42b08bb7ea11 ] Request (ServerDiagnosticsNegativeTest:test_get_server_diagnostics_by_non_admin): 201 POST http://10.180.1.21/identity/v3/auth/tokens 0.053s
2024-09-30 19:39:13.571 62217 INFO tempest.lib.common.fixed_network [-] (ServerDiagnosticsNegativeTest:test_get_server_diagnostics_by_non_admin) Found network None available for tenant
2024-09-30 19:39:13.712 62239 INFO tempest.lib.common.rest_client [req-bb108b94-3cfe-43bc-b774-0aba6df32ee5 req-bb108b94-3cfe-43bc-b774-0aba6df32ee5 ] Request (VolumesAdminNegativeTest:setUpClass): 201 POST http://10.180.1.21:9696/networking/v2.0/routers 4.680s
2024-09-30 19:39:13.787 62249 INFO tempest.lib.common.rest_client [req-e7fcc079-5df7-499c-a070-202fe0492715 req-e7fcc079-5df7-499c-a070-202fe0492715 ] Request (FloatingIPsTestJSON:setUpClass): 200 PUT http://10.180.1.21:9696/networking/v2.0/routers/6256de0e-c561-414a-8ff8-7a4831400488/add_router_interface 3.999s
2024-09-30 19:39:13.788 62249 INFO tempest.lib.common.dynamic_creds [-] Created isolated network resources for: credentials: Credentials: {'domain_id': 'default', 'domain_name': 'Default', 'username': 'tempest-FloatingIPsTestJSON-1444881482-project-member', 'project_domain_id': 'default', 'project_domain_name': 'Default', 'project_id': '2ec6fef4b0d5487f99fd788707e8332c', 'project_name': 'tempest-FloatingIPsTestJSON-1444881482', 'tenant_id': '2ec6fef4b0d5487f99fd788707e8332c', 'tenant_name': 'tempest-FloatingIPsTestJSON-1444881482', 'user_domain_id': 'default', 'user_domain_name': 'Default', 'user_id': '0f10aa310bc74a908c7a52805b75c906', 'system': None}, Network: {'id': '82040f42-2c46-481c-bb55-81225fe421ff', 'name': 'tempest-FloatingIPsTestJSON-1224278256-network', 'tenant_id': '2ec6fef4b0d5487f99fd788707e8332c', 'admin_state_up': True, 'mtu': 8950, 'status': 'ACTIVE', 'subnets': [], 'shared': False, 'project_id': '2ec6fef4b0d5487f99fd788707e8332c', 'port_security_enabled': True, 'router:external': False, 'provider:network_type': 'vlan', 'provider:physical_network': 'default', 'provider:segmentation_id': 680, 'is_default': False, 'availability_zone_hints': [], 'availability_zones': [], 'ipv4_address_scope': None, 'ipv6_address_scope': None, 'description': '', 'tags': [], 'created_at': '2024-09-30T19:39:04Z', 'updated_at': '2024-09-30T19:39:04Z', 'revision_number': 1}, Subnet: {'id': 'dc01b30c-f619-4106-9ea4-58982d68ecf6', 'name': 'tempest-FloatingIPsTestJSON-1224278256-subnet', 'tenant_id': '2ec6fef4b0d5487f99fd788707e8332c', 'network_id': '82040f42-2c46-481c-bb55-81225fe421ff', 'ip_version': 4, 'subnetpool_id': None, 'enable_dhcp': True, 'ipv6_ra_mode': None, 'ipv6_address_mode': None, 'gateway_ip': '192.168.128.1', 'cidr': '192.168.128.0/28', 'allocation_pools': [{'start': '192.168.128.2', 'end': '192.168.128.14'}], 'host_routes': [], 'dns_nameservers': [], 'description': '', 'router:external': False, 'service_types': [], 'tags': [], 'created_at': '2024-09-30T19:39:04Z', 'updated_at': '2024-09-30T19:39:04Z', 'revision_number': 0, 'project_id': '2ec6fef4b0d5487f99fd788707e8332c'}, Router: {'id': '6256de0e-c561-414a-8ff8-7a4831400488', 'name': 'tempest-FloatingIPsTestJSON-1224278256-router', 'tenant_id': '2ec6fef4b0d5487f99fd788707e8332c', 'admin_state_up': True, 'status': 'ACTIVE', 'external_gateway_info': {'network_id': 'c88ec18b-9877-41cd-bb18-2ddcb59ff3c7', 'external_fixed_ips': [{'subnet_id': 'e9324b66-830c-462f-bde6-470a5ba5b5d7', 'ip_address': '10.180.180.188'}], 'enable_snat': True}, 'description': '', 'availability_zones': [], 'distributed': False, 'ha': False, 'availability_zone_hints': [], 'routes': [], 'flavor_id': None, 'tags': [], 'created_at': '2024-09-30T19:39:05Z', 'updated_at': '2024-09-30T19:39:07Z', 'revision_number': 2, 'project_id': '2ec6fef4b0d5487f99fd788707e8332c'}
2024-09-30 19:39:13.899 62249 INFO tempest.lib.common.rest_client [req-41b98814-b425-4729-a5e8-dc3ef7f04e40 req-41b98814-b425-4729-a5e8-dc3ef7f04e40 ] Request (FloatingIPsTestJSON:setUpClass): 201 POST http://10.180.1.21/identity/v3/auth/tokens 0.107s
2024-09-30 19:39:13.989 62207 INFO tempest.lib.common.rest_client [req-cf118efe-9c6a-4897-a936-ffb0d4658c9b req-cf118efe-9c6a-4897-a936-ffb0d4658c9b ] Request (ServerGroup264TestJSON:tearDownClass): 204 DELETE http://10.180.1.21:9696/networking/v2.0/networks/3596bb0e-19fe-4fe1-90ac-b6e371d7c8f2 1.764s
2024-09-30 19:39:13.993 62225 INFO tempest.lib.common.rest_client [req-ad790d54-1be4-4065-9620-a91b4ba5d6d7 req-ad790d54-1be4-4065-9620-a91b4ba5d6d7 ] Request (ValidationResourcesFixture:setUp): 201 POST http://10.180.1.21:9696/networking/v2.0/floatingips 1.216s
2024-09-30 19:39:14.113 62225 INFO tempest.lib.common.rest_client [req-68d681e2-3a5c-4d93-8ce9-ee9b5b7c7a07 req-68d681e2-3a5c-4d93-8ce9-ee9b5b7c7a07 ] Request (ServersWithSpecificFlavorTestJSON:test_verify_created_server_ephemeral_disk): 201 POST http://10.180.1.21/identity/v3/auth/tokens 0.066s
2024-09-30 19:39:14.113 62225 INFO tempest.lib.common.fixed_network [-] (ServersWithSpecificFlavorTestJSON:test_verify_created_server_ephemeral_disk) Found network {'id': '99da4277-3505-495b-82e6-a6e864e0c398', 'name': 'tempest-ServersWithSpecificFlavorTestJSON-1087551662-network', 'tenant_id': '6b8bd567c47f455aa49f4464ae0ce3fc', 'admin_state_up': True, 'mtu': 8950, 'status': 'ACTIVE', 'subnets': [], 'shared': False, 'project_id': '6b8bd567c47f455aa49f4464ae0ce3fc', 'port_security_enabled': True, 'router:external': False, 'provider:network_type': 'vlan', 'provider:physical_network': 'default', 'provider:segmentation_id': 517, 'is_default': False, 'availability_zone_hints': [], 'availability_zones': [], 'ipv4_address_scope': None, 'ipv6_address_scope': None, 'description': '', 'tags': [], 'created_at': '2024-09-30T19:38:51Z', 'updated_at': '2024-09-30T19:38:51Z', 'revision_number': 1} available for tenant
2024-09-30 19:39:14.117 62197 INFO tempest.lib.common.rest_client [req-5ea8481f-4765-41ba-ab78-2d9f34432c4d req-5ea8481f-4765-41ba-ab78-2d9f34432c4d ] Request (ImagesTestJSON:setUpClass): 200 PUT http://10.180.1.21:9696/networking/v2.0/routers/87b2b5a7-338c-48a6-8a34-757ee2af05b5/add_router_interface 6.042s
2024-09-30 19:39:14.117 62197 INFO tempest.lib.common.dynamic_creds [-] Created isolated network resources for: credentials: Credentials: {'domain_id': 'default', 'domain_name': 'Default', 'username': 'tempest-ImagesTestJSON-1781335738-project-member', 'project_domain_id': 'default', 'project_domain_name': 'Default', 'project_id': '352ecadddcb94fb5af4cd567393c4670', 'project_name': 'tempest-ImagesTestJSON-1781335738', 'tenant_id': '352ecadddcb94fb5af4cd567393c4670', 'tenant_name': 'tempest-ImagesTestJSON-1781335738', 'user_domain_id': 'default', 'user_domain_name': 'Default', 'user_id': '7e17134485ec490787fde6ace2ea3083', 'system': None}, Network: {'id': 'bda274f3-0173-413a-8aee-b09a9f0b9947', 'name': 'tempest-ImagesTestJSON-1274302548-network', 'tenant_id': '352ecadddcb94fb5af4cd567393c4670', 'admin_state_up': True, 'mtu': 8950, 'status': 'ACTIVE', 'subnets': [], 'shared': False, 'project_id': '352ecadddcb94fb5af4cd567393c4670', 'port_security_enabled': True, 'router:external': False, 'provider:network_type': 'vlan', 'provider:physical_network': 'default', 'provider:segmentation_id': 852, 'is_default': False, 'availability_zone_hints': [], 'availability_zones': [], 'ipv4_address_scope': None, 'ipv6_address_scope': None, 'description': '', 'tags': [], 'created_at': '2024-09-30T19:39:03Z', 'updated_at': '2024-09-30T19:39:03Z', 'revision_number': 1}, Subnet: {'id': 'd9f640b5-086b-4bdd-996e-33f9abaa122a', 'name': 'tempest-ImagesTestJSON-1274302548-subnet', 'tenant_id': '352ecadddcb94fb5af4cd567393c4670', 'network_id': 'bda274f3-0173-413a-8aee-b09a9f0b9947', 'ip_version': 4, 'subnetpool_id': None, 'enable_dhcp': True, 'ipv6_ra_mode': None, 'ipv6_address_mode': None, 'gateway_ip': '192.168.128.1', 'cidr': '192.168.128.0/28', 'allocation_pools': [{'start': '192.168.128.2', 'end': '192.168.128.14'}], 'host_routes': [], 'dns_nameservers': [], 'description': '', 'router:external': False, 'service_types': [], 'tags': [], 'created_at': '2024-09-30T19:39:03Z', 'updated_at': '2024-09-30T19:39:03Z', 'revision_number': 0, 'project_id': '352ecadddcb94fb5af4cd567393c4670'}, Router: {'id': '87b2b5a7-338c-48a6-8a34-757ee2af05b5', 'name': 'tempest-ImagesTestJSON-1274302548-router', 'tenant_id': '352ecadddcb94fb5af4cd567393c4670', 'admin_state_up': True, 'status': 'ACTIVE', 'external_gateway_info': {'network_id': 'c88ec18b-9877-41cd-bb18-2ddcb59ff3c7', 'external_fixed_ips': [{'subnet_id': 'e9324b66-830c-462f-bde6-470a5ba5b5d7', 'ip_address': '10.180.180.220'}], 'enable_snat': True}, 'description': '', 'availability_zones': [], 'distributed': False, 'ha': False, 'availability_zone_hints': [], 'routes': [], 'flavor_id': None, 'tags': [], 'created_at': '2024-09-30T19:39:04Z', 'updated_at': '2024-09-30T19:39:06Z', 'revision_number': 2, 'project_id': '352ecadddcb94fb5af4cd567393c4670'}
2024-09-30 19:39:14.130 62207 INFO tempest.lib.common.rest_client [req-515233cd-3857-4abe-a4f1-afd67a2d8676 req-515233cd-3857-4abe-a4f1-afd67a2d8676 ] Request (ServerGroup264TestJSON:tearDownClass): 204 DELETE http://10.180.1.21/identity/v3/users/723b54572aa74950a88ed536db5e35e1 0.141s
2024-09-30 19:39:14.131 62207 INFO tempest.lib.common.dynamic_creds [-] Deleting project and security group for project: 645ba7eba0474f029ed77a3e1b39fe8b
2024-09-30 19:39:14.216 62197 INFO tempest.lib.common.rest_client [req-0478b575-dd95-4b52-a1a9-1bbfbb8dc12c req-0478b575-dd95-4b52-a1a9-1bbfbb8dc12c ] Request (ImagesTestJSON:setUpClass): 201 POST http://10.180.1.21/identity/v3/auth/tokens 0.093s
2024-09-30 19:39:14.226 62207 INFO tempest.lib.common.rest_client [req-3e36cf78-b7d9-43dd-b2dc-55e642a34c85 req-3e36cf78-b7d9-43dd-b2dc-55e642a34c85 ] Request (ServerGroup264TestJSON:tearDownClass): 200 GET http://10.180.1.21:9696/networking/v2.0/security-groups?tenant_id=645ba7eba0474f029ed77a3e1b39fe8b&name=default 0.095s
2024-09-30 19:39:14.256 62197 INFO tempest.lib.common.rest_client [req-a39834f9-6da4-4e55-bc80-d1c1157ef708 req-a39834f9-6da4-4e55-bc80-d1c1157ef708 ] Request (ImagesTestJSON:test_create_image_from_stopped_server): 201 POST http://10.180.1.21/identity/v3/auth/tokens 0.035s
2024-09-30 19:39:14.256 62197 INFO tempest.lib.common.fixed_network [-] (ImagesTestJSON:test_create_image_from_stopped_server) Found network {'id': 'bda274f3-0173-413a-8aee-b09a9f0b9947', 'name': 'tempest-ImagesTestJSON-1274302548-network', 'tenant_id': '352ecadddcb94fb5af4cd567393c4670', 'admin_state_up': True, 'mtu': 8950, 'status': 'ACTIVE', 'subnets': [], 'shared': False, 'project_id': '352ecadddcb94fb5af4cd567393c4670', 'port_security_enabled': True, 'router:external': False, 'provider:network_type': 'vlan', 'provider:physical_network': 'default', 'provider:segmentation_id': 852, 'is_default': False, 'availability_zone_hints': [], 'availability_zones': [], 'ipv4_address_scope': None, 'ipv6_address_scope': None, 'description': '', 'tags': [], 'created_at': '2024-09-30T19:39:03Z', 'updated_at': '2024-09-30T19:39:03Z', 'revision_number': 1} available for tenant
2024-09-30 19:39:14.359 62236 INFO tempest.lib.common.rest_client [req-dec572db-81df-4be9-a321-32c4b46c52b2 req-dec572db-81df-4be9-a321-32c4b46c52b2 ] Request (ServersTestMultiNic:setUpClass): 201 POST http://10.180.1.21:9696/networking/v2.0/routers 3.958s
2024-09-30 19:39:14.419 62199 INFO tempest.lib.common.rest_client [req-5e35834e-5438-4724-a898-12ddcf499d94 req-5e35834e-5438-4724-a898-12ddcf499d94 ] Request (VolumesAssistedSnapshotsTest:test_volume_assisted_snapshot_create_delete): 201 POST http://10.180.1.21:9696/networking/v2.0/floatingips 2.510s
2024-09-30 19:39:14.476 62241 INFO tempest.lib.common.rest_client [req-1e370a6a-1a1b-4a62-99fe-480fe562a44f req-1e370a6a-1a1b-4a62-99fe-480fe562a44f ] Request (FloatingIPDetailsTestJSON:tearDownClass): 202 DELETE http://10.180.1.21/compute/v2.1/os-floating-ips/edc666b1-1e07-4f1e-acc6-5f1417389543 4.405s
2024-09-30 19:39:14.501 62207 INFO tempest.lib.common.rest_client [req-d2425ce7-e391-4ce3-ab07-936775a9ff7a req-d2425ce7-e391-4ce3-ab07-936775a9ff7a ] Request (ServerGroup264TestJSON:tearDownClass): 204 DELETE http://10.180.1.21:9696/networking/v2.0/security-groups/98f2f558-ec5d-42d9-b2f2-9d1205299c2d 0.274s
2024-09-30 19:39:14.516 62199 INFO tempest.lib.common.rest_client [req-c554114b-9fc2-4a86-b52c-50ec45c6592f req-c554114b-9fc2-4a86-b52c-50ec45c6592f ] Request (VolumesAssistedSnapshotsTest:test_volume_assisted_snapshot_create_delete): 201 POST http://10.180.1.21/identity/v3/auth/tokens 0.093s
2024-09-30 19:39:14.517 62199 INFO tempest.lib.common.fixed_network [-] (VolumesAssistedSnapshotsTest:test_volume_assisted_snapshot_create_delete) Found network {'id': '5a21f8d0-9c8d-4fcf-854e-1783fae6887a', 'name': 'tempest-VolumesAssistedSnapshotsTest-1171787227-network', 'tenant_id': 'ca11749a6b7d446ab124c138cf734fa7', 'admin_state_up': True, 'mtu': 8950, 'status': 'ACTIVE', 'subnets': [], 'shared': False, 'project_id': 'ca11749a6b7d446ab124c138cf734fa7', 'port_security_enabled': True, 'router:external': False, 'provider:network_type': 'vlan', 'provider:physical_network': 'default', 'provider:segmentation_id': 783, 'is_default': False, 'availability_zone_hints': [], 'availability_zones': [], 'ipv4_address_scope': None, 'ipv6_address_scope': None, 'description': '', 'tags': [], 'created_at': '2024-09-30T19:38:50Z', 'updated_at': '2024-09-30T19:38:50Z', 'revision_number': 1} available for tenant
2024-09-30 19:39:14.607 62207 INFO tempest.lib.common.rest_client [req-88f3257e-4626-4341-9962-3e9f3f859658 req-88f3257e-4626-4341-9962-3e9f3f859658 ] Request (ServerGroup264TestJSON:tearDownClass): 204 DELETE http://10.180.1.21/identity/v3/projects/645ba7eba0474f029ed77a3e1b39fe8b 0.106s
2024-09-30 19:39:14.626 62233 INFO tempest.lib.common.rest_client [req-9528b445-1e1d-4e2e-b95f-7576af1b78da req-9528b445-1e1d-4e2e-b95f-7576af1b78da ] Request (FlavorsAccessNegativeTestJSON:test_flavor_non_admin_add): 403 POST http://10.180.1.21/compute/v2.1/flavors/2115141527/action 4.536s
2024-09-30 19:39:14.643 62213 INFO tempest.lib.common.rest_client [req-b92f1286-ce0c-4fc6-bb0c-978c39b16659 req-b92f1286-ce0c-4fc6-bb0c-978c39b16659 ] Request (FlavorsAdminTestJSON:_run_cleanups): 200 GET http://10.180.1.21/compute/v2.1/flavors/detail 4.542s
2024-09-30 19:39:14.670 62207 INFO tempest.lib.common.rest_client [req-55d28508-2bd9-4437-96f6-27b231d0158a req-55d28508-2bd9-4437-96f6-27b231d0158a ] Request (AttachVolumeTestJSON:setUpClass): 201 POST http://10.180.1.21/identity/v3/auth/tokens 0.059s
2024-09-30 19:39:14.701 62207 INFO tempest.lib.common.rest_client [req-f0e083a6-3f30-490e-a00f-0c5558e30a20 req-f0e083a6-3f30-490e-a00f-0c5558e30a20 ] Request (AttachVolumeTestJSON:setUpClass): 201 POST http://10.180.1.21/identity/v3/auth/tokens 0.028s
2024-09-30 19:39:14.723 62207 INFO tempest.lib.common.rest_client [req-25fa57ee-97a4-43c4-b459-3569698506db req-25fa57ee-97a4-43c4-b459-3569698506db ] Request (AttachVolumeTestJSON:setUpClass): 200 GET http://10.180.1.21/identity/v3/domains?name=Default 0.021s
2024-09-30 19:39:14.755 62207 INFO tempest.lib.common.rest_client [req-99a2d5e2-848c-4a7f-8292-cf4fe6163594 req-99a2d5e2-848c-4a7f-8292-cf4fe6163594 ] Request (AttachVolumeTestJSON:setUpClass): 201 POST http://10.180.1.21/identity/v3/projects 0.031s
2024-09-30 19:39:14.828 62207 INFO tempest.lib.common.rest_client [req-371a28a3-f022-43b0-b98c-95b2996d8fde req-371a28a3-f022-43b0-b98c-95b2996d8fde ] Request (AttachVolumeTestJSON:setUpClass): 201 POST http://10.180.1.21/identity/v3/users 0.072s
2024-09-30 19:39:14.856 62207 INFO tempest.lib.common.rest_client [req-927c8ac7-6726-4171-a483-5fbe42ea4b78 req-927c8ac7-6726-4171-a483-5fbe42ea4b78 ] Request (AttachVolumeTestJSON:setUpClass): 200 GET http://10.180.1.21/identity/v3/roles 0.027s
2024-09-30 19:39:14.915 62207 INFO tempest.lib.common.rest_client [req-7f67a0df-9f04-47f5-a3ee-7b1978aa446e req-7f67a0df-9f04-47f5-a3ee-7b1978aa446e ] Request (AttachVolumeTestJSON:setUpClass): 204 PUT http://10.180.1.21/identity/v3/projects/30f351cdebda4c1499bafaa1af4add48/users/e33088c1d78d461aa8696b88e4782ea2/roles/58ca00245de14d158e927561b27bd523 0.058s
2024-09-30 19:39:14.915 62207 INFO tempest.lib.common.dynamic_creds [-] Dynamic test user e33088c1d78d461aa8696b88e4782ea2 is created with scope project and roles: ['member']
2024-09-30 19:39:14.915 62207 INFO tempest.lib.common.dynamic_creds [-] Acquired dynamic creds: credentials: Credentials: {'domain_id': 'default', 'domain_name': 'Default', 'username': 'tempest-AttachVolumeTestJSON-2037617176-project-member', 'project_domain_id': 'default', 'project_domain_name': 'Default', 'project_id': '30f351cdebda4c1499bafaa1af4add48', 'project_name': 'tempest-AttachVolumeTestJSON-2037617176', 'tenant_id': '30f351cdebda4c1499bafaa1af4add48', 'tenant_name': 'tempest-AttachVolumeTestJSON-2037617176', 'user_domain_id': 'default', 'user_domain_name': 'Default', 'user_id': 'e33088c1d78d461aa8696b88e4782ea2', 'system': None}, Network: None, Subnet: None, Router: None
2024-09-30 19:39:15.003 62207 INFO tempest.lib.common.rest_client [req-9bf7868f-c4d3-4630-8d02-d9f8ae8a6d76 req-9bf7868f-c4d3-4630-8d02-d9f8ae8a6d76 ] Request (AttachVolumeTestJSON:setUpClass): 201 POST http://10.180.1.21/identity/v3/auth/tokens 0.088s
2024-09-30 19:39:15.383 62219 INFO tempest.lib.common.rest_client [req-4b0a5d8b-80bd-4b49-b64c-26aa21811219 req-4b0a5d8b-80bd-4b49-b64c-26aa21811219 ] Request (ServerDiagnosticsTest:test_get_server_diagnostics): 202 POST http://10.180.1.21/compute/v2.1/servers 5.244s
2024-09-30 19:39:15.409 62211 INFO tempest.lib.common.rest_client [req-bdef4bf8-1ce5-419a-bbc8-5790accfcb4f req-bdef4bf8-1ce5-419a-bbc8-5790accfcb4f ] Request (FlavorsExtraSpecsTestJSON:tearDownClass): 202 DELETE http://10.180.1.21/compute/v2.1/flavors/84463773 5.145s
2024-09-30 19:39:15.482 62221 INFO tempest.lib.common.rest_client [req-b37d3b9a-b785-46f1-86be-bc3e12dda343 req-b37d3b9a-b785-46f1-86be-bc3e12dda343 ] Request (QuotaClassesAdminTestJSON:_run_cleanups): 200 PUT http://10.180.1.21/compute/v2.1/os-quota-class-sets/default 5.168s
2024-09-30 19:39:15.506 62205 INFO tempest.lib.common.rest_client [req-3bb8fd85-b076-40cd-bd6e-12aefe4c3117 req-3bb8fd85-b076-40cd-bd6e-12aefe4c3117 ] Request (HypervisorAdminTestJSON:test_get_hypervisor_show_details): 200 GET http://10.180.1.21/compute/v2.1/os-hypervisors 5.171s
2024-09-30 19:39:15.512 62223 INFO tempest.lib.common.rest_client [req-fe2df341-5f53-478b-b03c-afae863fc988 req-fe2df341-5f53-478b-b03c-afae863fc988 ] Request (AggregatesAdminNegativeTestJSON:test_aggregate_create_aggregate_name_length_exceeds_255): 400 POST http://10.180.1.21/compute/v2.1/os-aggregates 5.151s
2024-09-30 19:39:15.521 62245 INFO tempest.lib.common.rest_client [req-913930eb-4a36-4008-a857-be1011526751 req-913930eb-4a36-4008-a857-be1011526751 ] Request (FlavorsV2TestJSON:test_list_flavors_using_marker): 200 GET http://10.180.1.21/compute/v2.1/flavors/42 5.142s
2024-09-30 19:39:15.585 62221 INFO tempest.lib.common.rest_client [req-90bcab68-95e1-479b-a7fc-deae5634883b req-90bcab68-95e1-479b-a7fc-deae5634883b ] Request (QuotaClassesAdminTestJSON:tearDownClass): 204 DELETE http://10.180.1.21/identity/v3/users/6843fb25d6da49a0b2dbd0aaf8e978d1 0.099s
2024-09-30 19:39:15.639 62209 INFO tempest.lib.common.rest_client [req-3de6640f-8cb4-4226-b0bf-d6cc57d6a452 req-3de6640f-8cb4-4226-b0bf-d6cc57d6a452 ] Request (QuotasAdminTestV236:test_get_updated_quotas): 200 GET http://10.180.1.21/identity/v3/domains?name=Default 0.133s
2024-09-30 19:39:15.723 62231 INFO tempest.lib.common.rest_client [req-5a0d0343-7981-42e1-b350-22ceb986f68b req-5a0d0343-7981-42e1-b350-22ceb986f68b ] Request (HostsAdminNegativeTestJSON:test_list_hosts_with_non_admin_user): 403 GET http://10.180.1.21/compute/v2.1/os-hosts 5.034s
2024-09-30 19:39:15.749 62209 INFO tempest.lib.common.rest_client [req-0caf8dcb-e5e5-4e95-8424-5bba894e1d3d req-0caf8dcb-e5e5-4e95-8424-5bba894e1d3d ] Request (QuotasAdminTestV236:test_get_updated_quotas): 201 POST http://10.180.1.21/identity/v3/projects 0.109s
2024-09-30 19:39:15.757 62221 INFO tempest.lib.common.rest_client [req-3042c7c4-53ab-4df3-8e6c-32b74cefd1a5 req-3042c7c4-53ab-4df3-8e6c-32b74cefd1a5 ] Request (QuotaClassesAdminTestJSON:tearDownClass): 204 DELETE http://10.180.1.21/identity/v3/users/6745d554e51440afb6e63ed1593a3b62 0.172s
2024-09-30 19:39:15.757 62221 INFO tempest.lib.common.dynamic_creds [-] Deleting project and security group for project: 554c15615f724d67bc3d8c409c1eec65
2024-09-30 19:39:15.796 62207 INFO tempest.lib.common.rest_client [req-013866f9-a9f5-4bf1-aa5d-79e51e5818b9 req-013866f9-a9f5-4bf1-aa5d-79e51e5818b9 ] Request (AttachVolumeTestJSON:setUpClass): 201 POST http://10.180.1.21:9696/networking/v2.0/networks 0.792s
2024-09-30 19:39:15.833 62227 INFO tempest.lib.common.rest_client [req-19c541f3-36c2-4f35-b3eb-c3de23366066 req-19c541f3-36c2-4f35-b3eb-c3de23366066 ] Request (ServerDiagnosticsV248Test:test_get_server_diagnostics): 200 GET http://10.180.1.21/compute/v2.1/servers/b3adcefb-b5a4-459e-a4f8-337a2e35c18e 4.572s
2024-09-30 19:39:15.834 62221 INFO tempest.lib.common.rest_client [req-17b6484f-196a-4153-9c9a-38fb5ec7dc82 req-17b6484f-196a-4153-9c9a-38fb5ec7dc82 ] Request (QuotaClassesAdminTestJSON:tearDownClass): 201 POST http://10.180.1.21/identity/v3/auth/tokens 0.077s
2024-09-30 19:39:15.840 62209 INFO tempest.lib.common.rest_client [req-35221aca-bc68-499b-a7d1-989200b5d6ec req-35221aca-bc68-499b-a7d1-989200b5d6ec ] Request (QuotasAdminTestV236:test_get_updated_quotas): 200 GET http://10.180.1.21/identity/v3/domains?name=Default 0.090s
2024-09-30 19:39:15.844 62227 INFO tempest.common.waiters [-] State transition "BUILD/spawning" ==> "ACTIVE/None" after 18 second wait
2024-09-30 19:39:15.911 62251 INFO tempest.lib.common.rest_client [req-359fc2a9-a335-4eaf-9382-14f5da4b0c5e req-359fc2a9-a335-4eaf-9382-14f5da4b0c5e ] Request (MigrationsAdminTest:test_list_migrations_in_flavor_resize_situation): 200 GET http://10.180.1.21/compute/v2.1/servers/ed3e20df-56f7-40be-ae6c-cc2c5db8ea34 4.393s
2024-09-30 19:39:15.926 62253 INFO tempest.lib.common.rest_client [req-0123f939-417d-4d94-b129-358381a30941 req-0123f939-417d-4d94-b129-358381a30941 ] Request (SecurityGroupRulesTestJSON:setUpClass): 201 POST http://10.180.1.21:9696/networking/v2.0/routers 2.921s
2024-09-30 19:39:16.083 62193 INFO tempest.lib.common.rest_client [req-9a005642-f455-4be9-a49e-d147dd3c3cdb req-9a005642-f455-4be9-a49e-d147dd3c3cdb ] Request (KeyPairsV22TestJSON:test_get_keypair_detail): 201 POST http://10.180.1.21/compute/v2.1/os-keypairs 4.350s
2024-09-30 19:39:16.208 62248 INFO tempest.lib.common.rest_client [req-bbd2e5b8-a875-467f-b1c0-5fa1918be291 req-bbd2e5b8-a875-467f-b1c0-5fa1918be291 ] Request (MultipleCreateTestJSON:test_multiple_create): 200 GET http://10.180.1.21/compute/v2.1/servers 3.708s
2024-09-30 19:39:16.229 62215 INFO tempest.lib.common.rest_client [req-f68ab298-0b8f-4b74-afc2-333105c905bf req-f68ab298-0b8f-4b74-afc2-333105c905bf ] Request (ImagesMetadataNegativeTestJSON:test_get_nonexistent_image_metadata_item): 404 GET http://10.180.1.21/compute/v2.1/images/781bd58b-a1f2-40de-9547-fbebf129fc07/metadata/os_version 3.574s
2024-09-30 19:39:16.326 62243 INFO tempest.lib.common.rest_client [req-a7cb7dd7-5703-4069-98bf-28450eab7303 req-a7cb7dd7-5703-4069-98bf-28450eab7303 ] Request (HypervisorAdminNegativeUnderV252Test:test_search_hypervisor_with_non_admin_user): 200 GET http://10.180.1.21/compute/v2.1/os-hypervisors 3.259s
2024-09-30 19:39:16.381 62203 INFO tempest.lib.common.rest_client [req-ec0987bc-21be-46e2-91b7-ae2ce9635b22 req-ec0987bc-21be-46e2-91b7-ae2ce9635b22 ] Request (ServerActionsTestOtherA:setUpClass): 200 PUT http://10.180.1.21:9696/networking/v2.0/routers/7922445e-d461-4454-82bb-bc5a99648dfd/add_router_interface 3.319s
