2024-10-31 10:45:01.661 62213 INFO tempest.lib.common.rest_client [req-48e3316f-3b72-40bc-915c-22a9edd08157 req-48e3316f-3b72-40bc-915c-22a9edd08157 ] Request (AttachInterfacesUnderV243Test:test_add_remove_fixed_ip): 200 GET http://10.180.1.21/compute/v2.1/servers/f8e8fd36-e43c-46cf-9e42-f4419acb7b22 0.091s
2024-10-31 10:45:01.713 62261 INFO tempest.lib.common.rest_client [req-0a69232f-6c6f-434c-9c61-bf6d88b9f819 req-0a69232f-6c6f-434c-9c61-bf6d88b9f819 ] Request (ServerTagsTestJSON:setUpClass): 200 GET http://10.180.1.21/compute/v2.1/servers/eb265cc7-f2af-48e4-9528-24ea5be3b129 0.108s
2024-10-31 10:45:01.722 62219 INFO tempest.lib.common.rest_client [req-4c69c3d9-8ee5-4fbc-9d51-c5ea3f8db1ba req-4c69c3d9-8ee5-4fbc-9d51-c5ea3f8db1ba ] Request (ServerShowV254Test:test_rebuild_server): 202 POST http://10.180.1.21/compute/v2.1/servers 0.196s
2024-10-31 10:45:01.765 62257 INFO tempest.lib.common.rest_client [req-dba4533b-d3a9-4e7d-9f4f-ff9053ced398 req-dba4533b-d3a9-4e7d-9f4f-ff9053ced398 ] Request (ImagesTestJSON:test_create_image_from_stopped_server): 200 GET http://10.180.1.21/compute/v2.1/servers/572967b0-863f-4d13-a205-b0f835c87fd3 0.103s
2024-10-31 10:45:01.771 62225 INFO tempest.lib.common.rest_client [req-f4aeec00-b59a-4d1c-a4d7-c9f3bf053218 req-f4aeec00-b59a-4d1c-a4d7-c9f3bf053218 ] Request (VolumesAssistedSnapshotsTest:test_volume_assisted_snapshot_create_delete): 200 GET http://10.180.1.21/compute/v2.1/servers/cdeae3e0-51ae-4498-9dbf-16583ff69a6b 0.108s
2024-10-31 10:45:01.806 62219 INFO tempest.lib.common.rest_client [req-12a86226-c532-459b-a671-31d0e3e6e312 req-12a86226-c532-459b-a671-31d0e3e6e312 ] Request (ServerShowV254Test:test_rebuild_server): 200 GET http://10.180.1.21/compute/v2.1/servers/070b6422-83d2-4b00-919f-2210fda9d82b 0.083s
2024-10-31 10:45:01.823 62207 INFO tempest.lib.common.rest_client [req-bbd54f26-4f9f-4753-b351-d9b0a7fafdaf req-bbd54f26-4f9f-4753-b351-d9b0a7fafdaf ] Request (ServerDiagnosticsV248Test:tearDownClass): 200 GET http://10.180.1.21/compute/v2.1/servers/5c154223-6a1b-48f3-9d68-18dbc8dbcc53 0.098s
2024-10-31 10:45:01.853 62259 INFO tempest.lib.common.rest_client [req-83e7f638-707c-438b-814b-146b2fd88241 req-83e7f638-707c-438b-814b-146b2fd88241 ] Request (ServerRescueNegativeTestJSON:setUpClass): 200 GET http://10.180.1.21/compute/v2.1/servers/0fbcfac5-64db-4911-a2a7-441e1defb92a 0.108s
2024-10-31 10:45:01.871 62247 INFO tempest.lib.common.rest_client [req-5c3d32c3-7c8b-43ea-9ccd-e391d22b8057 req-5c3d32c3-7c8b-43ea-9ccd-e391d22b8057 ] Request (ServersWithSpecificFlavorTestJSON:test_verify_created_server_ephemeral_disk): 200 GET http://10.180.1.21/compute/v2.1/servers/6b07f807-2fd4-4971-86b5-22afaadebe8d 0.080s
2024-10-31 10:45:01.896 62241 INFO tempest.lib.common.rest_client [req-d131dd12-6593-4dae-adc3-7210fe7ae02e req-d131dd12-6593-4dae-adc3-7210fe7ae02e ] Request (AttachInterfacesTestJSON:test_create_list_show_delete_interfaces_by_fixed_ip): 200 GET http://10.180.1.21/compute/v2.1/servers/cded960a-0cf1-4b27-865e-579ca59734a0 0.089s
2024-10-31 10:45:01.914 62233 INFO tempest.lib.common.rest_client [req-edcd8447-1d34-4770-93a5-e04df5916ab1 req-edcd8447-1d34-4770-93a5-e04df5916ab1 ] Request (SecurityGroupsTestJSON:test_list_security_groups_by_server): 200 GET http://10.180.1.21/compute/v2.1/servers/f0c9dcee-cf3b-4abb-9014-b80b752cd94c 0.066s
2024-10-31 10:45:01.985 62215 INFO tempest.lib.common.rest_client [req-6ff655f7-d8ea-439d-bf55-10cfb5b3c660 req-6ff655f7-d8ea-439d-bf55-10cfb5b3c660 ] Request (VolumesAdminNegativeTest:test_update_attached_volume_with_nonexistent_volume_in_body): 200 GET http://10.180.1.21/compute/v2.1/servers/909149a4-b11a-4c48-925c-01f22b385f96 0.049s
2024-10-31 10:45:02.007 62255 INFO tempest.lib.common.rest_client [req-08485a14-4354-4a71-ae51-cc24ec7cc3e2 req-08485a14-4354-4a71-ae51-cc24ec7cc3e2 ] Request (ServerMetadataTestJSON:setUpClass): 200 GET http://10.180.1.21/compute/v2.1/servers/96be8ae2-b4ae-4b7c-9064-346add930e14 0.048s
2024-10-31 10:45:02.031 62265 INFO tempest.lib.common.rest_client [req-cf1329be-413c-4291-b190-7db719f1e2ff req-cf1329be-413c-4291-b190-7db719f1e2ff ] Request (ServerAddressesNegativeTestJSON:setUpClass): 200 GET http://10.180.1.21/compute/v2.1/servers/55001082-99ac-492c-8d2d-3a5c3bbb0e40 0.046s
2024-10-31 10:45:02.059 62221 INFO tempest.lib.common.rest_client [req-3c450b99-8836-4559-be43-3383c431135d req-3c450b99-8836-4559-be43-3383c431135d ] Request (ImagesNegativeTestJSON:test_create_image_from_deleted_server): 200 GET http://10.180.1.21/compute/v2.1/servers/a3009029-7c15-423a-8f26-d3efe7b59be5 0.052s
2024-10-31 10:45:02.092 62211 INFO tempest.lib.common.rest_client [req-768cb3d4-cf32-47d8-9b1e-d09e65177baa req-768cb3d4-cf32-47d8-9b1e-d09e65177baa ] Request (MigrationsAdminTest:test_resize_server_revert_deleted_flavor): 200 GET http://10.180.1.21/compute/v2.1/servers/d33a6766-1ee1-4d7b-8af2-5b3d6ca3c381 0.054s
2024-10-31 10:45:02.137 62263 INFO tempest.lib.common.rest_client [req-e3b4a457-fd9b-4cb1-83e7-3b31a72ddcba req-e3b4a457-fd9b-4cb1-83e7-3b31a72ddcba ] Request (ServerActionsTestOtherA:setUpClass): 200 GET http://10.180.1.21/compute/v2.1/servers/5eb7f584-47e0-481a-9feb-800c915cc977 0.050s
2024-10-31 10:45:02.166 62231 INFO tempest.lib.common.rest_client [req-2ee9b457-7c19-4048-89e9-02a7f418c9df req-2ee9b457-7c19-4048-89e9-02a7f418c9df ] Request (ServersAdmin275Test:tearDownClass): 404 GET http://10.180.1.21/compute/v2.1/servers/bc19edb6-fcce-4ce2-82c3-e1455b5ddbc9 0.022s
2024-10-31 10:45:02.231 62239 INFO tempest.lib.common.rest_client [req-07827f46-062c-481d-8a2f-94e90fc738d2 req-07827f46-062c-481d-8a2f-94e90fc738d2 ] Request (ServerGroupTestJSON:test_create_server_with_scheduler_hint_group): 200 GET http://10.180.1.21/compute/v2.1/servers/02235e3c-37e2-4e36-9670-e3b47c46b73f 0.047s
2024-10-31 10:45:02.269 62235 INFO tempest.lib.common.rest_client [req-3b3e1324-c695-4271-a104-d3480ba72cab req-3b3e1324-c695-4271-a104-d3480ba72cab ] Request (AttachVolumeNegativeTest:test_attach_attached_volume_to_different_server): 200 GET http://10.180.1.21/compute/v2.1/servers/f17a34cc-e3c1-4585-9c84-b5d75b14dc52 0.050s
2024-10-31 10:45:02.283 62231 INFO tempest.lib.common.rest_client [req-0ee453e4-4f11-4e10-91cb-6e0e43472f02 req-0ee453e4-4f11-4e10-91cb-6e0e43472f02 ] Request (ServersAdmin275Test:tearDownClass): 204 DELETE http://10.180.1.21/identity/v3/users/3db58987c06243058f1ac07f96fc863d 0.116s
2024-10-31 10:45:02.311 62251 INFO tempest.lib.common.rest_client [req-9942c614-2217-4a24-a922-03ff182ea2d7 req-9942c614-2217-4a24-a922-03ff182ea2d7 ] Request (ServersTestManualDisk:setUpClass): 200 GET http://10.180.1.21/compute/v2.1/servers/3a579f75-ba82-459a-89b3-75615df4879e 0.053s
2024-10-31 10:45:02.314 62243 INFO tempest.lib.common.rest_client [req-1f1ac395-daae-4dbc-829f-a43999d5b719 req-1f1ac395-daae-4dbc-829f-a43999d5b719 ] Request (ListImageFiltersTestJSON:setUpClass): 200 GET http://10.180.1.21/compute/v2.1/servers/17f6fbc3-632b-4053-85ab-461259732ec8 0.054s
2024-10-31 10:45:02.365 62231 INFO tempest.lib.common.rest_client [req-38e5f537-8219-49aa-ae05-f578640fa2fd req-38e5f537-8219-49aa-ae05-f578640fa2fd ] Request (ServersAdmin275Test:tearDownClass): 204 DELETE http://10.180.1.21/identity/v3/users/84057ed093404dc0be20634c186e5e69 0.082s
2024-10-31 10:45:02.366 62231 INFO tempest.lib.common.dynamic_creds [-] Deleting project and security group for project: f653640cdf63406bb1a7233a249ee948
2024-10-31 10:45:02.371 62229 INFO tempest.lib.common.rest_client [req-2d6c0579-3b66-4306-ab80-8ad1c8c8ee1b req-2d6c0579-3b66-4306-ab80-8ad1c8c8ee1b ] Request (ServersTestJSON:setUpClass): 200 GET http://10.180.1.21/compute/v2.1/servers/18a0fc3a-7cdf-4512-abeb-3370abe0b17c 0.049s
2024-10-31 10:45:02.417 62231 INFO tempest.lib.common.rest_client [req-460a834d-b383-42b0-9cec-9c237072e6aa req-460a834d-b383-42b0-9cec-9c237072e6aa ] Request (ServersAdmin275Test:tearDownClass): 201 POST http://10.180.1.21/identity/v3/auth/tokens 0.051s
2024-10-31 10:45:02.448 62223 INFO tempest.lib.common.rest_client [req-91057283-7ab3-41ae-a267-a0074fa8f02d req-91057283-7ab3-41ae-a267-a0074fa8f02d ] Request (ServerShowV247Test:test_update_rebuild_list_server): 200 GET http://10.180.1.21/compute/v2.1/servers/f4a1ef9e-097b-41a3-9bb5-de45e2a5402d 0.054s
2024-10-31 10:45:02.511 62245 INFO tempest.lib.common.rest_client [req-23ef1a7c-01b1-43ef-ad51-0f12d1ecd08d req-23ef1a7c-01b1-43ef-ad51-0f12d1ecd08d ] Request (ServerAddressesTestJSON:setUpClass): 200 GET http://10.180.1.21/compute/v2.1/servers/69389032-4877-4afb-9853-e03f282c8fd9 0.089s
2024-10-31 10:45:02.554 62209 INFO tempest.lib.common.rest_client [req-7c528beb-8f64-4158-9214-ba743d35d535 req-7c528beb-8f64-4158-9214-ba743d35d535 ] Request (InstanceActionsNegativeTestJSON:setUpClass): 200 GET http://10.180.1.21/compute/v2.1/servers/606ce981-4ba8-4d7d-b49d-5012d60e2b31 0.238s
2024-10-31 10:45:02.569 62249 INFO tempest.lib.common.rest_client [req-5112888c-1916-4994-8919-91a82070bcb3 req-5112888c-1916-4994-8919-91a82070bcb3 ] Request (ServerDiskConfigTestJSON:test_rebuild_server_with_auto_disk_config): 200 GET http://10.180.1.21/compute/v2.1/servers/8161612f-2fdb-4e4d-a161-5658ab75fac0 0.092s
2024-10-31 10:45:02.608 62237 INFO tempest.lib.common.rest_client [req-c26b59d5-90d7-434c-bb7f-08a0ddf73b4d req-c26b59d5-90d7-434c-bb7f-08a0ddf73b4d ] Request (DeleteServersAdminTestJSON:test_delete_server_while_in_error_state): 200 GET http://10.180.1.21/compute/v2.1/servers/52b9bff5-4359-45b4-ac25-6545636b325c 0.126s
2024-10-31 10:45:02.624 62267 INFO tempest.lib.common.rest_client [req-27bb974f-704f-4ed3-b197-c7a0a9dd66d9 req-27bb974f-704f-4ed3-b197-c7a0a9dd66d9 ] Request (ServerActionsTestJSON:setUpClass): 200 GET http://10.180.1.21/compute/v2.1/servers/8edd0e9e-de59-4021-9c11-297760ea6571 0.076s
2024-10-31 10:45:02.635 62231 INFO tempest.lib.common.rest_client [req-52cdc32c-16c5-4241-8ab4-083ef88bce16 req-52cdc32c-16c5-4241-8ab4-083ef88bce16 ] Request (ServersAdmin275Test:tearDownClass): 200 GET http://10.180.1.21:9696/networking/v2.0/security-groups?tenant_id=f653640cdf63406bb1a7233a249ee948&name=default 0.217s
2024-10-31 10:45:02.662 62253 INFO tempest.lib.common.rest_client [req-5529d395-dc36-477f-b54f-edf0db7f74c6 req-5529d395-dc36-477f-b54f-edf0db7f74c6 ] Request (ServersTestMultiNic:test_verify_duplicate_network_nics): 200 GET http://10.180.1.21/compute/v2.1/servers/cc98dbab-c8de-4676-8354-364c51b9172c 0.106s
2024-10-31 10:45:02.704 62227 INFO tempest.lib.common.rest_client [req-222805bd-19bb-4b3d-bd06-908f14a9b8de req-222805bd-19bb-4b3d-bd06-908f14a9b8de ] Request (AttachInterfacesV270Test:test_create_get_list_interfaces): 200 GET http://10.180.1.21/compute/v2.1/servers/958ed6d0-3519-4b51-a29c-a2f6caec3881 0.085s
2024-10-31 10:45:02.721 62213 INFO tempest.lib.common.rest_client [req-bb13a69f-36e1-4786-bb25-afa0523f6653 req-bb13a69f-36e1-4786-bb25-afa0523f6653 ] Request (AttachInterfacesUnderV243Test:test_add_remove_fixed_ip): 200 GET http://10.180.1.21/compute/v2.1/servers/f8e8fd36-e43c-46cf-9e42-f4419acb7b22 0.053s
2024-10-31 10:45:02.735 62231 INFO tempest.lib.common.rest_client [req-09ba4d11-354a-4f7a-8e9e-eec6fb5f60c4 req-09ba4d11-354a-4f7a-8e9e-eec6fb5f60c4 ] Request (ServersAdmin275Test:tearDownClass): 204 DELETE http://10.180.1.21:9696/networking/v2.0/security-groups/01f6eec1-0163-44aa-ac54-ae121e0c35fd 0.100s
2024-10-31 10:45:02.773 62261 INFO tempest.lib.common.rest_client [req-7a99bd54-577e-427e-9e8c-906e984bf043 req-7a99bd54-577e-427e-9e8c-906e984bf043 ] Request (ServerTagsTestJSON:setUpClass): 200 GET http://10.180.1.21/compute/v2.1/servers/eb265cc7-f2af-48e4-9528-24ea5be3b129 0.050s
2024-10-31 10:45:02.795 62231 INFO tempest.lib.common.rest_client [req-4bd79fa0-2471-4c7d-87fb-3b0fd478d981 req-4bd79fa0-2471-4c7d-87fb-3b0fd478d981 ] Request (ServersAdmin275Test:tearDownClass): 204 DELETE http://10.180.1.21/identity/v3/projects/f653640cdf63406bb1a7233a249ee948 0.059s
2024-10-31 10:45:02.795 62231 INFO tempest.lib.common.dynamic_creds [-] Deleting project and security group for project: 840110bbc2d94cf987a7f9f1cffafecb
2024-10-31 10:45:02.829 62257 INFO tempest.lib.common.rest_client [req-43181588-225f-4ec6-a74a-b9e909d58440 req-43181588-225f-4ec6-a74a-b9e909d58440 ] Request (ImagesTestJSON:test_create_image_from_stopped_server): 200 GET http://10.180.1.21/compute/v2.1/servers/572967b0-863f-4d13-a205-b0f835c87fd3 0.052s
2024-10-31 10:45:02.832 62225 INFO tempest.lib.common.rest_client [req-c9992705-f299-4a6c-a58c-3a1f79e6483f req-c9992705-f299-4a6c-a58c-3a1f79e6483f ] Request (VolumesAssistedSnapshotsTest:test_volume_assisted_snapshot_create_delete): 200 GET http://10.180.1.21/compute/v2.1/servers/cdeae3e0-51ae-4498-9dbf-16583ff69a6b 0.049s
2024-10-31 10:45:02.883 62207 INFO tempest.lib.common.rest_client [req-a7d7c5f3-400e-4ec6-b797-4d9c640a3923 req-a7d7c5f3-400e-4ec6-b797-4d9c640a3923 ] Request (ServerDiagnosticsV248Test:tearDownClass): 200 GET http://10.180.1.21/compute/v2.1/servers/5c154223-6a1b-48f3-9d68-18dbc8dbcc53 0.051s
2024-10-31 10:45:02.888 62219 INFO tempest.lib.common.rest_client [req-e2346335-a4f1-4666-9bcc-e41d45fb1d78 req-e2346335-a4f1-4666-9bcc-e41d45fb1d78 ] Request (ServerShowV254Test:test_rebuild_server): 200 GET http://10.180.1.21/compute/v2.1/servers/070b6422-83d2-4b00-919f-2210fda9d82b 0.071s
2024-10-31 10:45:02.930 62259 INFO tempest.lib.common.rest_client [req-b5f11488-9ec8-44ef-aaa2-693b766e66d8 req-b5f11488-9ec8-44ef-aaa2-693b766e66d8 ] Request (ServerRescueNegativeTestJSON:setUpClass): 200 GET http://10.180.1.21/compute/v2.1/servers/0fbcfac5-64db-4911-a2a7-441e1defb92a 0.069s
2024-10-31 10:45:02.943 62231 INFO tempest.lib.common.rest_client [req-5a6f3d68-9419-4848-8236-2dcc8c037380 req-5a6f3d68-9419-4848-8236-2dcc8c037380 ] Request (ServersAdmin275Test:tearDownClass): 200 GET http://10.180.1.21:9696/networking/v2.0/security-groups?tenant_id=840110bbc2d94cf987a7f9f1cffafecb&name=default 0.147s
2024-10-31 10:45:02.942 62247 INFO tempest.lib.common.rest_client [req-8b6ebdf5-e6f8-45a8-93b5-080454ac9f18 req-8b6ebdf5-e6f8-45a8-93b5-080454ac9f18 ] Request (ServersWithSpecificFlavorTestJSON:test_verify_created_server_ephemeral_disk): 200 GET http://10.180.1.21/compute/v2.1/servers/6b07f807-2fd4-4971-86b5-22afaadebe8d 0.065s
2024-10-31 10:45:02.980 62241 INFO tempest.lib.common.rest_client [req-3836136c-9821-4ae2-9b6a-04edaf749558 req-3836136c-9821-4ae2-9b6a-04edaf749558 ] Request (AttachInterfacesTestJSON:test_create_list_show_delete_interfaces_by_fixed_ip): 200 GET http://10.180.1.21/compute/v2.1/servers/cded960a-0cf1-4b27-865e-579ca59734a0 0.078s
2024-10-31 10:45:02.991 62233 INFO tempest.lib.common.rest_client [req-4ee76e44-2285-4262-9a69-23a9d5eeda10 req-4ee76e44-2285-4262-9a69-23a9d5eeda10 ] Request (SecurityGroupsTestJSON:test_list_security_groups_by_server): 200 GET http://10.180.1.21/compute/v2.1/servers/f0c9dcee-cf3b-4abb-9014-b80b752cd94c 0.071s
2024-10-31 10:45:03.034 62231 INFO tempest.lib.common.rest_client [req-abf3134b-ac01-4a78-9e56-571f3b34ffaa req-abf3134b-ac01-4a78-9e56-571f3b34ffaa ] Request (ServersAdmin275Test:tearDownClass): 204 DELETE http://10.180.1.21:9696/networking/v2.0/security-groups/76cdf16e-d79e-4c21-8e28-f974fd863b2a 0.091s
2024-10-31 10:45:03.043 62215 INFO tempest.lib.common.rest_client [req-590b3c21-8d6b-487c-8e90-4060d85e8460 req-590b3c21-8d6b-487c-8e90-4060d85e8460 ] Request (VolumesAdminNegativeTest:test_update_attached_volume_with_nonexistent_volume_in_body): 200 GET http://10.180.1.21/compute/v2.1/servers/909149a4-b11a-4c48-925c-01f22b385f96 0.050s
2024-10-31 10:45:03.066 62255 INFO tempest.lib.common.rest_client [req-f3318b90-4f5d-48c1-8fa2-22dfadfa1395 req-f3318b90-4f5d-48c1-8fa2-22dfadfa1395 ] Request (ServerMetadataTestJSON:setUpClass): 200 GET http://10.180.1.21/compute/v2.1/servers/96be8ae2-b4ae-4b7c-9064-346add930e14 0.052s
2024-10-31 10:45:03.095 62265 INFO tempest.lib.common.rest_client [req-b7cd6a76-fa69-4c4f-bcb9-9725c15492e1 req-b7cd6a76-fa69-4c4f-bcb9-9725c15492e1 ] Request (ServerAddressesNegativeTestJSON:setUpClass): 200 GET http://10.180.1.21/compute/v2.1/servers/55001082-99ac-492c-8d2d-3a5c3bbb0e40 0.053s
2024-10-31 10:45:03.123 62221 INFO tempest.lib.common.rest_client [req-e3102960-6500-4f01-8b55-70f5f94ffea4 req-e3102960-6500-4f01-8b55-70f5f94ffea4 ] Request (ImagesNegativeTestJSON:test_create_image_from_deleted_server): 200 GET http://10.180.1.21/compute/v2.1/servers/a3009029-7c15-423a-8f26-d3efe7b59be5 0.055s
2024-10-31 10:45:03.136 62231 INFO tempest.lib.common.rest_client [req-6bc66e76-2dfa-497c-adc5-a183f805086b req-6bc66e76-2dfa-497c-adc5-a183f805086b ] Request (ServersAdmin275Test:tearDownClass): 204 DELETE http://10.180.1.21/identity/v3/projects/840110bbc2d94cf987a7f9f1cffafecb 0.101s
2024-10-31 10:45:03.149 62211 INFO tempest.lib.common.rest_client [req-e70b78fc-4b5d-4565-84c1-036397a9e68a req-e70b78fc-4b5d-4565-84c1-036397a9e68a ] Request (MigrationsAdminTest:test_resize_server_revert_deleted_flavor): 200 GET http://10.180.1.21/compute/v2.1/servers/d33a6766-1ee1-4d7b-8af2-5b3d6ca3c381 0.049s
2024-10-31 10:45:03.192 62231 INFO tempest.lib.common.rest_client [req-9f9505ef-4e42-456c-a331-80444f45194d req-9f9505ef-4e42-456c-a331-80444f45194d ] Request (ServicesAdminNegativeV253TestJSON:setUpClass): 201 POST http://10.180.1.21/identity/v3/auth/tokens 0.054s
2024-10-31 10:45:03.195 62263 INFO tempest.lib.common.rest_client [req-f777b389-ad10-4e30-ac30-88a5b9c7ddae req-f777b389-ad10-4e30-ac30-88a5b9c7ddae ] Request (ServerActionsTestOtherA:setUpClass): 200 GET http://10.180.1.21/compute/v2.1/servers/5eb7f584-47e0-481a-9feb-800c915cc977 0.049s
2024-10-31 10:45:03.219 62231 INFO tempest.lib.common.rest_client [req-3ed88cdd-45a4-42cc-91c3-ae95bf2c4f5e req-3ed88cdd-45a4-42cc-91c3-ae95bf2c4f5e ] Request (ServicesAdminNegativeV253TestJSON:setUpClass): 201 POST http://10.180.1.21/identity/v3/auth/tokens 0.025s
2024-10-31 10:45:03.240 62231 INFO tempest.lib.common.rest_client [req-0ccf1772-4d23-41cb-b1a5-a2b59c44b9a2 req-0ccf1772-4d23-41cb-b1a5-a2b59c44b9a2 ] Request (ServicesAdminNegativeV253TestJSON:setUpClass): 200 GET http://10.180.1.21/identity/v3/domains?name=Default 0.020s
2024-10-31 10:45:03.269 62231 INFO tempest.lib.common.rest_client [req-7a4190f5-b78b-409d-9ead-aeb56101b172 req-7a4190f5-b78b-409d-9ead-aeb56101b172 ] Request (ServicesAdminNegativeV253TestJSON:setUpClass): 201 POST http://10.180.1.21/identity/v3/projects 0.029s
2024-10-31 10:45:03.286 62239 INFO tempest.lib.common.rest_client [req-a6d85561-134f-44cc-b7f0-ee8e16228281 req-a6d85561-134f-44cc-b7f0-ee8e16228281 ] Request (ServerGroupTestJSON:test_create_server_with_scheduler_hint_group): 200 GET http://10.180.1.21/compute/v2.1/servers/02235e3c-37e2-4e36-9670-e3b47c46b73f 0.047s
2024-10-31 10:45:03.325 62235 INFO tempest.lib.common.rest_client [req-fe0c8278-157f-498f-994e-6ee49ca64129 req-fe0c8278-157f-498f-994e-6ee49ca64129 ] Request (AttachVolumeNegativeTest:test_attach_attached_volume_to_different_server): 200 GET http://10.180.1.21/compute/v2.1/servers/f17a34cc-e3c1-4585-9c84-b5d75b14dc52 0.048s
2024-10-31 10:45:03.329 62231 INFO tempest.lib.common.rest_client [req-8de75edf-c2b1-45c0-957f-0ea2ac060635 req-8de75edf-c2b1-45c0-957f-0ea2ac060635 ] Request (ServicesAdminNegativeV253TestJSON:setUpClass): 201 POST http://10.180.1.21/identity/v3/users 0.060s
2024-10-31 10:45:03.353 62231 INFO tempest.lib.common.rest_client [req-b54b6a59-2ea6-47e4-b98a-adc98d78d96b req-b54b6a59-2ea6-47e4-b98a-adc98d78d96b ] Request (ServicesAdminNegativeV253TestJSON:setUpClass): 200 GET http://10.180.1.21/identity/v3/roles 0.023s
2024-10-31 10:45:03.371 62251 INFO tempest.lib.common.rest_client [req-88666359-cd2e-4c7c-aa54-b4887cc85b28 req-88666359-cd2e-4c7c-aa54-b4887cc85b28 ] Request (ServersTestManualDisk:setUpClass): 200 GET http://10.180.1.21/compute/v2.1/servers/3a579f75-ba82-459a-89b3-75615df4879e 0.053s
2024-10-31 10:45:03.375 62243 INFO tempest.lib.common.rest_client [req-2d746689-fcbc-4b66-a596-fe351ee381aa req-2d746689-fcbc-4b66-a596-fe351ee381aa ] Request (ListImageFiltersTestJSON:setUpClass): 200 GET http://10.180.1.21/compute/v2.1/servers/17f6fbc3-632b-4053-85ab-461259732ec8 0.051s
2024-10-31 10:45:03.385 62231 INFO tempest.lib.common.rest_client [req-e57bf82e-53b1-4d85-84d9-bef415e70152 req-e57bf82e-53b1-4d85-84d9-bef415e70152 ] Request (ServicesAdminNegativeV253TestJSON:setUpClass): 204 PUT http://10.180.1.21/identity/v3/projects/33684e3913c442daaa1a34b6921183fa/users/c6a1ea70a789449480e5b752f293272b/roles/ee186c9c02644364b3d1340e2a584088 0.032s
2024-10-31 10:45:03.386 62231 INFO tempest.lib.common.dynamic_creds [-] Dynamic test user c6a1ea70a789449480e5b752f293272b is created with scope project and roles: ['member']
2024-10-31 10:45:03.386 62231 INFO tempest.lib.common.dynamic_creds [-] Acquired dynamic creds: credentials: Credentials: {'domain_id': 'default', 'domain_name': 'Default', 'username': 'tempest-ServicesAdminNegativeV253TestJSON-1069076240-project-member', 'project_domain_id': 'default', 'project_domain_name': 'Default', 'project_id': '33684e3913c442daaa1a34b6921183fa', 'project_name': 'tempest-ServicesAdminNegativeV253TestJSON-1069076240', 'tenant_id': '33684e3913c442daaa1a34b6921183fa', 'tenant_name': 'tempest-ServicesAdminNegativeV253TestJSON-1069076240', 'user_domain_id': 'default', 'user_domain_name': 'Default', 'user_id': 'c6a1ea70a789449480e5b752f293272b', 'system': None}, Network: None, Subnet: None, Router: None
2024-10-31 10:45:03.386 62231 INFO tempest.lib.common.dynamic_creds [-] Created isolated network resources for: credentials: Credentials: {'domain_id': 'default', 'domain_name': 'Default', 'username': 'tempest-ServicesAdminNegativeV253TestJSON-1069076240-project-member', 'project_domain_id': 'default', 'project_domain_name': 'Default', 'project_id': '33684e3913c442daaa1a34b6921183fa', 'project_name': 'tempest-ServicesAdminNegativeV253TestJSON-1069076240', 'tenant_id': '33684e3913c442daaa1a34b6921183fa', 'tenant_name': 'tempest-ServicesAdminNegativeV253TestJSON-1069076240', 'user_domain_id': 'default', 'user_domain_name': 'Default', 'user_id': 'c6a1ea70a789449480e5b752f293272b', 'system': None}, Network: None, Subnet: None, Router: None
2024-10-31 10:45:03.431 62229 INFO tempest.lib.common.rest_client [req-8ff403e6-3d4b-4997-9c4b-cad70097342d req-8ff403e6-3d4b-4997-9c4b-cad70097342d ] Request (ServersTestJSON:setUpClass): 200 GET http://10.180.1.21/compute/v2.1/servers/18a0fc3a-7cdf-4512-abeb-3370abe0b17c 0.052s
2024-10-31 10:45:03.453 62231 INFO tempest.lib.common.rest_client [req-5b7bcc96-8c93-44f3-a7f3-66f9c2c5264c req-5b7bcc96-8c93-44f3-a7f3-66f9c2c5264c ] Request (ServicesAdminNegativeV253TestJSON:setUpClass): 201 POST http://10.180.1.21/identity/v3/auth/tokens 0.062s
2024-10-31 10:45:03.507 62231 INFO tempest.lib.common.rest_client [req-e8d9dd6e-54c1-44dd-9b82-72f453a900be req-e8d9dd6e-54c1-44dd-9b82-72f453a900be ] Request (ServicesAdminNegativeV253TestJSON:setUpClass): 201 POST http://10.180.1.21/identity/v3/projects 0.053s
2024-10-31 10:45:03.514 62223 INFO tempest.lib.common.rest_client [req-ccc24201-1a64-4370-94df-2d503f3d7e7e req-ccc24201-1a64-4370-94df-2d503f3d7e7e ] Request (ServerShowV247Test:test_update_rebuild_list_server): 200 GET http://10.180.1.21/compute/v2.1/servers/f4a1ef9e-097b-41a3-9bb5-de45e2a5402d 0.051s
2024-10-31 10:45:03.561 62231 INFO tempest.lib.common.rest_client [req-b529d801-6742-4285-aee0-033982fb5b27 req-b529d801-6742-4285-aee0-033982fb5b27 ] Request (ServicesAdminNegativeV253TestJSON:setUpClass): 201 POST http://10.180.1.21/identity/v3/users 0.054s
2024-10-31 10:45:03.571 62245 INFO tempest.lib.common.rest_client [req-f4a7d494-d2ea-4cd1-a769-8e644ee95c3a req-f4a7d494-d2ea-4cd1-a769-8e644ee95c3a ] Request (ServerAddressesTestJSON:setUpClass): 200 GET http://10.180.1.21/compute/v2.1/servers/69389032-4877-4afb-9853-e03f282c8fd9 0.052s
2024-10-31 10:45:03.584 62231 INFO tempest.lib.common.rest_client [req-3fc466d3-0392-41fd-8480-e5073c927a6d req-3fc466d3-0392-41fd-8480-e5073c927a6d ] Request (ServicesAdminNegativeV253TestJSON:setUpClass): 200 GET http://10.180.1.21/identity/v3/roles 0.022s
2024-10-31 10:45:03.618 62231 INFO tempest.lib.common.rest_client [req-c22cb90e-d7e2-49b7-a8b8-2518e24423ce req-c22cb90e-d7e2-49b7-a8b8-2518e24423ce ] Request (ServicesAdminNegativeV253TestJSON:setUpClass): 204 PUT http://10.180.1.21/identity/v3/projects/60552b6675c14f1b81459490526e8a2b/users/ceb546ce23d148df8fc1f33ecdb869c2/roles/bd40af5d6bff4a919d5f7aeb56bad39a 0.034s
2024-10-31 10:45:03.632 62209 INFO tempest.lib.common.rest_client [req-3b9114aa-1af1-4da3-8f9e-033e1278cfbc req-3b9114aa-1af1-4da3-8f9e-033e1278cfbc ] Request (InstanceActionsNegativeTestJSON:setUpClass): 200 GET http://10.180.1.21/compute/v2.1/servers/606ce981-4ba8-4d7d-b49d-5012d60e2b31 0.064s
2024-10-31 10:45:03.635 62249 INFO tempest.lib.common.rest_client [req-0cc48b27-a71c-444d-835e-045a580c6273 req-0cc48b27-a71c-444d-835e-045a580c6273 ] Request (ServerDiskConfigTestJSON:test_rebuild_server_with_auto_disk_config): 200 GET http://10.180.1.21/compute/v2.1/servers/8161612f-2fdb-4e4d-a161-5658ab75fac0 0.051s
2024-10-31 10:45:03.674 62231 INFO tempest.lib.common.rest_client [req-29ce768b-aaae-4c98-83ac-63b09203a7bd req-29ce768b-aaae-4c98-83ac-63b09203a7bd ] Request (ServicesAdminNegativeV253TestJSON:setUpClass): 200 GET http://10.180.1.21/identity/v3/roles 0.055s
2024-10-31 10:45:03.679 62237 INFO tempest.lib.common.rest_client [req-b3cc7ebe-3b3e-409a-bb25-1cbe525f3a05 req-b3cc7ebe-3b3e-409a-bb25-1cbe525f3a05 ] Request (DeleteServersAdminTestJSON:test_delete_server_while_in_error_state): 200 GET http://10.180.1.21/compute/v2.1/servers/52b9bff5-4359-45b4-ac25-6545636b325c 0.063s
2024-10-31 10:45:03.690 62231 INFO tempest.lib.common.rest_client [req-b607b0f1-4941-4bee-9d53-01c87292f766 req-b607b0f1-4941-4bee-9d53-01c87292f766 ] Request (ServicesAdminNegativeV253TestJSON:setUpClass): 204 PUT http://10.180.1.21/identity/v3/projects/60552b6675c14f1b81459490526e8a2b/users/ceb546ce23d148df8fc1f33ecdb869c2/roles/bd40af5d6bff4a919d5f7aeb56bad39a 0.016s
2024-10-31 10:45:03.691 62231 INFO tempest.lib.common.dynamic_creds [-] Dynamic test user ceb546ce23d148df8fc1f33ecdb869c2 is created with scope project and roles: ['admin']
2024-10-31 10:45:03.691 62231 INFO tempest.lib.common.dynamic_creds [-] Acquired dynamic creds: credentials: Credentials: {'domain_id': 'default', 'domain_name': 'Default', 'username': 'tempest-ServicesAdminNegativeV253TestJSON-476969362-project-admin', 'project_domain_id': 'default', 'project_domain_name': 'Default', 'project_id': '60552b6675c14f1b81459490526e8a2b', 'project_name': 'tempest-ServicesAdminNegativeV253TestJSON-476969362', 'tenant_id': '60552b6675c14f1b81459490526e8a2b', 'tenant_name': 'tempest-ServicesAdminNegativeV253TestJSON-476969362', 'user_domain_id': 'default', 'user_domain_name': 'Default', 'user_id': 'ceb546ce23d148df8fc1f33ecdb869c2', 'system': None}, Network: None, Subnet: None, Router: None
2024-10-31 10:45:03.691 62231 INFO tempest.lib.common.dynamic_creds [-] Created isolated network resources for: credentials: Credentials: {'domain_id': 'default', 'domain_name': 'Default', 'username': 'tempest-ServicesAdminNegativeV253TestJSON-476969362-project-admin', 'project_domain_id': 'default', 'project_domain_name': 'Default', 'project_id': '60552b6675c14f1b81459490526e8a2b', 'project_name': 'tempest-ServicesAdminNegativeV253TestJSON-476969362', 'tenant_id': '60552b6675c14f1b81459490526e8a2b', 'tenant_name': 'tempest-ServicesAdminNegativeV253TestJSON-476969362', 'user_domain_id': 'default', 'user_domain_name': 'Default', 'user_id': 'ceb546ce23d148df8fc1f33ecdb869c2', 'system': None}, Network: None, Subnet: None, Router: None
2024-10-31 10:45:03.692 62267 INFO tempest.lib.common.rest_client [req-c6801229-2c0a-4a1f-b9e6-16e5ebfd34a0 req-c6801229-2c0a-4a1f-b9e6-16e5ebfd34a0 ] Request (ServerActionsTestJSON:setUpClass): 200 GET http://10.180.1.21/compute/v2.1/servers/8edd0e9e-de59-4021-9c11-297760ea6571 0.057s
2024-10-31 10:45:03.729 62253 INFO tempest.lib.common.rest_client [req-20718c0c-d369-4e2c-b4ee-c9da81def6a0 req-20718c0c-d369-4e2c-b4ee-c9da81def6a0 ] Request (ServersTestMultiNic:test_verify_duplicate_network_nics): 200 GET http://10.180.1.21/compute/v2.1/servers/cc98dbab-c8de-4676-8354-364c51b9172c 0.060s
2024-10-31 10:45:03.759 62231 INFO tempest.lib.common.rest_client [req-046fece7-6431-402c-83db-8fff2d1f245a req-046fece7-6431-402c-83db-8fff2d1f245a ] Request (ServicesAdminNegativeV253TestJSON:setUpClass): 201 POST http://10.180.1.21/identity/v3/auth/tokens 0.065s
2024-10-31 10:45:03.770 62227 INFO tempest.lib.common.rest_client [req-9f301fc0-4fb3-4af1-a9bf-23e11bdf1270 req-9f301fc0-4fb3-4af1-a9bf-23e11bdf1270 ] Request (AttachInterfacesV270Test:test_create_get_list_interfaces): 200 GET http://10.180.1.21/compute/v2.1/servers/958ed6d0-3519-4b51-a29c-a2f6caec3881 0.056s
2024-10-31 10:45:03.777 62213 INFO tempest.lib.common.rest_client [req-e3a72f29-20bf-49a2-8b9a-4519e11e7a36 req-e3a72f29-20bf-49a2-8b9a-4519e11e7a36 ] Request (AttachInterfacesUnderV243Test:test_add_remove_fixed_ip): 200 GET http://10.180.1.21/compute/v2.1/servers/f8e8fd36-e43c-46cf-9e42-f4419acb7b22 0.048s
2024-10-31 10:45:03.833 62261 INFO tempest.lib.common.rest_client [req-8bf25ce3-f91b-43d0-9781-0442e6d761a7 req-8bf25ce3-f91b-43d0-9781-0442e6d761a7 ] Request (ServerTagsTestJSON:setUpClass): 200 GET http://10.180.1.21/compute/v2.1/servers/eb265cc7-f2af-48e4-9528-24ea5be3b129 0.048s
2024-10-31 10:45:03.845 62231 INFO tempest.lib.common.rest_client [req-d7046181-2f89-4fda-9a35-7c1fd5ea0453 req-d7046181-2f89-4fda-9a35-7c1fd5ea0453 ] Request (ServicesAdminNegativeV253TestJSON:test_disable_log_reason_with_invalid_service_id): 404 PUT http://10.180.1.21/compute/v2.1/os-services/1095790d-3ba4-4929-8ab2-ac5f55c018a0 0.085s
2024-10-31 10:45:03.880 62257 INFO tempest.lib.common.rest_client [req-66b78a15-6817-48c8-be02-6105ebe500c1 req-66b78a15-6817-48c8-be02-6105ebe500c1 ] Request (ImagesTestJSON:test_create_image_from_stopped_server): 200 GET http://10.180.1.21/compute/v2.1/servers/572967b0-863f-4d13-a205-b0f835c87fd3 0.045s
2024-10-31 10:45:03.892 62225 INFO tempest.lib.common.rest_client [req-3583acef-b7e0-48c4-896f-cd6a48284442 req-3583acef-b7e0-48c4-896f-cd6a48284442 ] Request (VolumesAssistedSnapshotsTest:test_volume_assisted_snapshot_create_delete): 200 GET http://10.180.1.21/compute/v2.1/servers/cdeae3e0-51ae-4498-9dbf-16583ff69a6b 0.053s
2024-10-31 10:45:03.894 62231 INFO tempest.lib.common.rest_client [req-892b907e-ea51-47f7-9bc4-d1f1d88a14a7 req-892b907e-ea51-47f7-9bc4-d1f1d88a14a7 ] Request (ServicesAdminNegativeV253TestJSON:test_disable_service_with_invalid_service_id): 404 PUT http://10.180.1.21/compute/v2.1/os-services/1095790d-3ba4-4929-8ab2-ac5f55c018a0 0.048s
2024-10-31 10:45:03.911 62231 INFO tempest.lib.common.rest_client [req-34341b91-cb05-4e3b-a8dc-930822e598e6 req-34341b91-cb05-4e3b-a8dc-930822e598e6 ] Request (ServicesAdminNegativeV253TestJSON:test_enable_service_with_invalid_service_id): 404 PUT http://10.180.1.21/compute/v2.1/os-services/1095790d-3ba4-4929-8ab2-ac5f55c018a0 0.015s
2024-10-31 10:45:03.952 62207 INFO tempest.lib.common.rest_client [req-619470ae-2a6b-4e34-8bf4-1735b429f3d4 req-619470ae-2a6b-4e34-8bf4-1735b429f3d4 ] Request (ServerDiagnosticsV248Test:tearDownClass): 200 GET http://10.180.1.21/compute/v2.1/servers/5c154223-6a1b-48f3-9d68-18dbc8dbcc53 0.055s
2024-10-31 10:45:03.958 62219 INFO tempest.lib.common.rest_client [req-50d7c329-4021-4dd9-8dbd-690a577b7c99 req-50d7c329-4021-4dd9-8dbd-690a577b7c99 ] Request (ServerShowV254Test:test_rebuild_server): 200 GET http://10.180.1.21/compute/v2.1/servers/070b6422-83d2-4b00-919f-2210fda9d82b 0.061s
2024-10-31 10:45:03.960 62207 INFO tempest.common.waiters [-] State transition "ACTIVE/deleting" ==> "DELETED/None" after 4 second wait
2024-10-31 10:45:03.970 62231 INFO tempest.lib.common.rest_client [req-6bba5fc0-4520-44fa-95a2-502eb1913e69 req-6bba5fc0-4520-44fa-95a2-502eb1913e69 ] Request (ServicesAdminNegativeV253TestJSON:test_get_service_by_invalid_params): 200 GET http://10.180.1.21/compute/v2.1/os-services 0.057s
2024-10-31 10:45:04.003 62259 INFO tempest.lib.common.rest_client [req-b262981e-8fa3-4f83-afef-2ec35bb778dd req-b262981e-8fa3-4f83-afef-2ec35bb778dd ] Request (ServerRescueNegativeTestJSON:setUpClass): 200 GET http://10.180.1.21/compute/v2.1/servers/0fbcfac5-64db-4911-a2a7-441e1defb92a 0.063s
2024-10-31 10:45:04.014 62247 INFO tempest.lib.common.rest_client [req-1f9d3a1e-aea0-4501-94ac-8aab0cb7c98b req-1f9d3a1e-aea0-4501-94ac-8aab0cb7c98b ] Request (ServersWithSpecificFlavorTestJSON:test_verify_created_server_ephemeral_disk): 200 GET http://10.180.1.21/compute/v2.1/servers/6b07f807-2fd4-4971-86b5-22afaadebe8d 0.062s
2024-10-31 10:45:04.019 62231 INFO tempest.lib.common.rest_client [req-d116c6f4-87d0-44c6-bd73-1312c99332f6 req-d116c6f4-87d0-44c6-bd73-1312c99332f6 ] Request (ServicesAdminNegativeV253TestJSON:test_get_service_by_invalid_params): 200 GET http://10.180.1.21/compute/v2.1/os-services?xxx=nova-compute 0.047s
2024-10-31 10:45:04.058 62241 INFO tempest.lib.common.rest_client [req-56ea5854-bddb-4682-b2fc-01f5254202fc req-56ea5854-bddb-4682-b2fc-01f5254202fc ] Request (AttachInterfacesTestJSON:test_create_list_show_delete_interfaces_by_fixed_ip): 200 GET http://10.180.1.21/compute/v2.1/servers/cded960a-0cf1-4b27-865e-579ca59734a0 0.072s
2024-10-31 10:45:04.060 62233 INFO tempest.lib.common.rest_client [req-f74acacc-5bef-41e6-b6b7-cad003946dfc req-f74acacc-5bef-41e6-b6b7-cad003946dfc ] Request (SecurityGroupsTestJSON:test_list_security_groups_by_server): 200 GET http://10.180.1.21/compute/v2.1/servers/f0c9dcee-cf3b-4abb-9014-b80b752cd94c 0.061s
2024-10-31 10:45:04.076 62231 INFO tempest.lib.common.rest_client [req-c213b350-6dc9-43b9-b7cb-e06a47bf89ee req-c213b350-6dc9-43b9-b7cb-e06a47bf89ee ] Request (ServicesAdminNegativeV253TestJSON:test_get_service_by_invalid_service_and_valid_host): 200 GET http://10.180.1.21/compute/v2.1/os-services 0.054s
2024-10-31 10:45:04.104 62215 INFO tempest.lib.common.rest_client [req-a7f32ecb-4f60-4949-9a92-4ab7d02b9590 req-a7f32ecb-4f60-4949-9a92-4ab7d02b9590 ] Request (VolumesAdminNegativeTest:test_update_attached_volume_with_nonexistent_volume_in_body): 200 GET http://10.180.1.21/compute/v2.1/servers/909149a4-b11a-4c48-925c-01f22b385f96 0.051s
2024-10-31 10:45:04.121 62255 INFO tempest.lib.common.rest_client [req-b64e2650-b0a9-40d9-baf8-ee6379e297e5 req-b64e2650-b0a9-40d9-baf8-ee6379e297e5 ] Request (ServerMetadataTestJSON:setUpClass): 200 GET http://10.180.1.21/compute/v2.1/servers/96be8ae2-b4ae-4b7c-9064-346add930e14 0.046s
2024-10-31 10:45:04.121 62231 INFO tempest.lib.common.rest_client [req-e1b213fc-90de-4682-ae1c-691d0877d26d req-e1b213fc-90de-4682-ae1c-691d0877d26d ] Request (ServicesAdminNegativeV253TestJSON:test_get_service_by_invalid_service_and_valid_host): 200 GET http://10.180.1.21/compute/v2.1/os-services?host=devstack&binary=xxx 0.043s
2024-10-31 10:45:04.145 62231 INFO tempest.lib.common.rest_client [req-79789ffb-2308-46c3-9397-22d63560e0ec req-79789ffb-2308-46c3-9397-22d63560e0ec ] Request (ServicesAdminNegativeV253TestJSON:test_get_service_with_valid_service_and_invalid_host): 200 GET http://10.180.1.21/compute/v2.1/os-services 0.021s
2024-10-31 10:45:04.170 62265 INFO tempest.lib.common.rest_client [req-a1cc13d2-8b8d-4881-bba8-77cbea924861 req-a1cc13d2-8b8d-4881-bba8-77cbea924861 ] Request (ServerAddressesNegativeTestJSON:setUpClass): 200 GET http://10.180.1.21/compute/v2.1/servers/55001082-99ac-492c-8d2d-3a5c3bbb0e40 0.068s
2024-10-31 10:45:04.187 62221 INFO tempest.lib.common.rest_client [req-e70a939a-fb09-4a34-b2fd-c2a65b969234 req-e70a939a-fb09-4a34-b2fd-c2a65b969234 ] Request (ImagesNegativeTestJSON:test_create_image_from_deleted_server): 200 GET http://10.180.1.21/compute/v2.1/servers/a3009029-7c15-423a-8f26-d3efe7b59be5 0.057s
2024-10-31 10:45:04.187 62231 INFO tempest.lib.common.rest_client [req-c8e4b7b4-1fb2-45d8-9358-112c9c8cff9a req-c8e4b7b4-1fb2-45d8-9358-112c9c8cff9a ] Request (ServicesAdminNegativeV253TestJSON:test_get_service_with_valid_service_and_invalid_host): 200 GET http://10.180.1.21/compute/v2.1/os-services?host=xxx&binary=nova-scheduler 0.040s
2024-10-31 10:45:04.226 62211 INFO tempest.lib.common.rest_client [req-6dcc428f-8f31-45b3-9112-6a49da97b393 req-6dcc428f-8f31-45b3-9112-6a49da97b393 ] Request (MigrationsAdminTest:test_resize_server_revert_deleted_flavor): 200 GET http://10.180.1.21/compute/v2.1/servers/d33a6766-1ee1-4d7b-8af2-5b3d6ca3c381 0.070s
2024-10-31 10:45:04.240 62231 INFO tempest.lib.common.rest_client [req-ee82bf5a-b280-42d5-ba39-ed995d825ca8 req-ee82bf5a-b280-42d5-ba39-ed995d825ca8 ] Request (ServicesAdminNegativeV253TestJSON:test_list_services_with_non_admin_user): 403 GET http://10.180.1.21/compute/v2.1/os-services 0.051s
2024-10-31 10:45:04.265 62263 INFO tempest.lib.common.rest_client [req-00b0e02c-6f42-4797-8269-886a78e24775 req-00b0e02c-6f42-4797-8269-886a78e24775 ] Request (ServerActionsTestOtherA:setUpClass): 200 GET http://10.180.1.21/compute/v2.1/servers/5eb7f584-47e0-481a-9feb-800c915cc977 0.063s
2024-10-31 10:45:04.321 62231 INFO tempest.lib.common.rest_client [req-220c6cbf-0738-4956-b1d8-c37a279e1180 req-220c6cbf-0738-4956-b1d8-c37a279e1180 ] Request (ServicesAdminNegativeV253TestJSON:tearDownClass): 204 DELETE http://10.180.1.21/identity/v3/users/c6a1ea70a789449480e5b752f293272b 0.078s
2024-10-31 10:45:04.337 62239 INFO tempest.lib.common.rest_client [req-044de3a1-8539-4c0f-a2b3-bbe52ff8b8df req-044de3a1-8539-4c0f-a2b3-bbe52ff8b8df ] Request (ServerGroupTestJSON:test_create_server_with_scheduler_hint_group): 200 GET http://10.180.1.21/compute/v2.1/servers/02235e3c-37e2-4e36-9670-e3b47c46b73f 0.044s
2024-10-31 10:45:04.380 62235 INFO tempest.lib.common.rest_client [req-f6817eb1-2085-47d6-b741-efd0b7a0a8b6 req-f6817eb1-2085-47d6-b741-efd0b7a0a8b6 ] Request (AttachVolumeNegativeTest:test_attach_attached_volume_to_different_server): 200 GET http://10.180.1.21/compute/v2.1/servers/f17a34cc-e3c1-4585-9c84-b5d75b14dc52 0.046s
2024-10-31 10:45:04.397 62231 INFO tempest.lib.common.rest_client [req-18a40466-6644-42ca-8ca7-452a151d90c2 req-18a40466-6644-42ca-8ca7-452a151d90c2 ] Request (ServicesAdminNegativeV253TestJSON:tearDownClass): 204 DELETE http://10.180.1.21/identity/v3/users/ceb546ce23d148df8fc1f33ecdb869c2 0.076s
2024-10-31 10:45:04.398 62231 INFO tempest.lib.common.dynamic_creds [-] Deleting project and security group for project: 60552b6675c14f1b81459490526e8a2b
2024-10-31 10:45:04.425 62251 INFO tempest.lib.common.rest_client [req-20c13931-2bb6-4543-a610-f7b6260d718d req-20c13931-2bb6-4543-a610-f7b6260d718d ] Request (ServersTestManualDisk:setUpClass): 200 GET http://10.180.1.21/compute/v2.1/servers/3a579f75-ba82-459a-89b3-75615df4879e 0.047s
2024-10-31 10:45:04.429 62243 INFO tempest.lib.common.rest_client [req-aaf44f40-c744-496f-9c22-0bd98067d0a6 req-aaf44f40-c744-496f-9c22-0bd98067d0a6 ] Request (ListImageFiltersTestJSON:setUpClass): 200 GET http://10.180.1.21/compute/v2.1/servers/17f6fbc3-632b-4053-85ab-461259732ec8 0.047s
2024-10-31 10:45:04.453 62231 INFO tempest.lib.common.rest_client [req-0adec9b3-67c5-44ad-9001-5eb7bf9ea961 req-0adec9b3-67c5-44ad-9001-5eb7bf9ea961 ] Request (ServicesAdminNegativeV253TestJSON:tearDownClass): 201 POST http://10.180.1.21/identity/v3/auth/tokens 0.055s
2024-10-31 10:45:04.486 62229 INFO tempest.lib.common.rest_client [req-44a18125-9e46-4b10-a313-afb608f2e89a req-44a18125-9e46-4b10-a313-afb608f2e89a ] Request (ServersTestJSON:setUpClass): 200 GET http://10.180.1.21/compute/v2.1/servers/18a0fc3a-7cdf-4512-abeb-3370abe0b17c 0.047s
2024-10-31 10:45:04.579 62223 INFO tempest.lib.common.rest_client [req-aaf8dfc1-69d3-40a5-9ea1-0ee1061bfdee req-aaf8dfc1-69d3-40a5-9ea1-0ee1061bfdee ] Request (ServerShowV247Test:test_update_rebuild_list_server): 200 GET http://10.180.1.21/compute/v2.1/servers/f4a1ef9e-097b-41a3-9bb5-de45e2a5402d 0.056s
2024-10-31 10:45:04.604 62231 INFO tempest.lib.common.rest_client [req-299c2b5d-35f3-45e0-bd62-c6ef960efb04 req-299c2b5d-35f3-45e0-bd62-c6ef960efb04 ] Request (ServicesAdminNegativeV253TestJSON:tearDownClass): 200 GET http://10.180.1.21:9696/networking/v2.0/security-groups?tenant_id=60552b6675c14f1b81459490526e8a2b&name=default 0.150s
2024-10-31 10:45:04.636 62245 INFO tempest.lib.common.rest_client [req-18890b39-22b3-4305-b1cd-8acfff7a08bd req-18890b39-22b3-4305-b1cd-8acfff7a08bd ] Request (ServerAddressesTestJSON:setUpClass): 200 GET http://10.180.1.21/compute/v2.1/servers/69389032-4877-4afb-9853-e03f282c8fd9 0.058s
2024-10-31 10:45:04.697 62249 INFO tempest.lib.common.rest_client [req-33029a29-7770-4007-92ba-3f036b3e2458 req-33029a29-7770-4007-92ba-3f036b3e2458 ] Request (ServerDiskConfigTestJSON:test_rebuild_server_with_auto_disk_config): 200 GET http://10.180.1.21/compute/v2.1/servers/8161612f-2fdb-4e4d-a161-5658ab75fac0 0.051s
2024-10-31 10:45:04.706 62209 INFO tempest.lib.common.rest_client [req-779b0967-c005-4db2-9829-ef527823dbf6 req-779b0967-c005-4db2-9829-ef527823dbf6 ] Request (InstanceActionsNegativeTestJSON:setUpClass): 200 GET http://10.180.1.21/compute/v2.1/servers/606ce981-4ba8-4d7d-b49d-5012d60e2b31 0.065s
2024-10-31 10:45:04.748 62237 INFO tempest.lib.common.rest_client [req-820fd2e0-39a0-459a-b03c-ecc08bd1de05 req-820fd2e0-39a0-459a-b03c-ecc08bd1de05 ] Request (DeleteServersAdminTestJSON:test_delete_server_while_in_error_state): 200 GET http://10.180.1.21/compute/v2.1/servers/52b9bff5-4359-45b4-ac25-6545636b325c 0.061s
2024-10-31 10:45:04.751 62231 INFO tempest.lib.common.rest_client [req-daf65d43-a1df-4020-8a3c-17f6e89ffa5d req-daf65d43-a1df-4020-8a3c-17f6e89ffa5d ] Request (ServicesAdminNegativeV253TestJSON:tearDownClass): 204 DELETE http://10.180.1.21:9696/networking/v2.0/security-groups/28fca227-01ec-42fd-afb8-cb712436fabb 0.146s
2024-10-31 10:45:04.766 62267 INFO tempest.lib.common.rest_client [req-b40ee9ed-0e81-4ef7-a481-46ec2fe10187 req-b40ee9ed-0e81-4ef7-a481-46ec2fe10187 ] Request (ServerActionsTestJSON:setUpClass): 200 GET http://10.180.1.21/compute/v2.1/servers/8edd0e9e-de59-4021-9c11-297760ea6571 0.068s
2024-10-31 10:45:04.796 62253 INFO tempest.lib.common.rest_client [req-874c1e01-c673-4745-b522-9c1913a7fcc1 req-874c1e01-c673-4745-b522-9c1913a7fcc1 ] Request (ServersTestMultiNic:test_verify_duplicate_network_nics): 200 GET http://10.180.1.21/compute/v2.1/servers/cc98dbab-c8de-4676-8354-364c51b9172c 0.060s
2024-10-31 10:45:04.830 62231 INFO tempest.lib.common.rest_client [req-89ae985b-2e51-430a-b768-e28ee863d947 req-89ae985b-2e51-430a-b768-e28ee863d947 ] Request (ServicesAdminNegativeV253TestJSON:tearDownClass): 204 DELETE http://10.180.1.21/identity/v3/projects/60552b6675c14f1b81459490526e8a2b 0.078s
2024-10-31 10:45:04.830 62231 INFO tempest.lib.common.dynamic_creds [-] Deleting project and security group for project: 33684e3913c442daaa1a34b6921183fa
2024-10-31 10:45:04.836 62227 INFO tempest.lib.common.rest_client [req-335a576b-4f5e-420a-8674-35988146ff8a req-335a576b-4f5e-420a-8674-35988146ff8a ] Request (AttachInterfacesV270Test:test_create_get_list_interfaces): 200 GET http://10.180.1.21/compute/v2.1/servers/958ed6d0-3519-4b51-a29c-a2f6caec3881 0.056s
2024-10-31 10:45:04.843 62213 INFO tempest.lib.common.rest_client [req-742bd08b-4f00-496d-962d-e1ec724e7694 req-742bd08b-4f00-496d-962d-e1ec724e7694 ] Request (AttachInterfacesUnderV243Test:test_add_remove_fixed_ip): 200 GET http://10.180.1.21/compute/v2.1/servers/f8e8fd36-e43c-46cf-9e42-f4419acb7b22 0.059s
2024-10-31 10:45:04.893 62261 INFO tempest.lib.common.rest_client [req-2eea61f7-3b30-43ec-889b-e532556283a5 req-2eea61f7-3b30-43ec-889b-e532556283a5 ] Request (ServerTagsTestJSON:setUpClass): 200 GET http://10.180.1.21/compute/v2.1/servers/eb265cc7-f2af-48e4-9528-24ea5be3b129 0.051s
2024-10-31 10:45:04.929 62231 INFO tempest.lib.common.rest_client [req-210c036e-9703-4310-8ead-06f40167f5df req-210c036e-9703-4310-8ead-06f40167f5df ] Request (ServicesAdminNegativeV253TestJSON:tearDownClass): 200 GET http://10.180.1.21:9696/networking/v2.0/security-groups?tenant_id=33684e3913c442daaa1a34b6921183fa&name=default 0.099s
2024-10-31 10:45:04.934 62257 INFO tempest.lib.common.rest_client [req-23072ddb-48ac-4ce7-af15-315ea90e614e req-23072ddb-48ac-4ce7-af15-315ea90e614e ] Request (ImagesTestJSON:test_create_image_from_stopped_server): 200 GET http://10.180.1.21/compute/v2.1/servers/572967b0-863f-4d13-a205-b0f835c87fd3 0.047s
2024-10-31 10:45:04.945 62225 INFO tempest.lib.common.rest_client [req-24d97898-e98c-47ac-8c60-b618f9fc51b7 req-24d97898-e98c-47ac-8c60-b618f9fc51b7 ] Request (VolumesAssistedSnapshotsTest:test_volume_assisted_snapshot_create_delete): 200 GET http://10.180.1.21/compute/v2.1/servers/cdeae3e0-51ae-4498-9dbf-16583ff69a6b 0.046s
2024-10-31 10:45:05.015 62231 INFO tempest.lib.common.rest_client [req-9eada454-71e8-4613-8ddf-040a08fb24cd req-9eada454-71e8-4613-8ddf-040a08fb24cd ] Request (ServicesAdminNegativeV253TestJSON:tearDownClass): 204 DELETE http://10.180.1.21:9696/networking/v2.0/security-groups/2e39aa64-afaa-493e-a3b4-cfbb91b84e25 0.085s
2024-10-31 10:45:05.023 62207 INFO tempest.lib.common.rest_client [req-00f2d0de-4330-47a0-844d-012660d3d503 req-00f2d0de-4330-47a0-844d-012660d3d503 ] Request (ServerDiagnosticsV248Test:tearDownClass): 200 GET http://10.180.1.21/compute/v2.1/servers/5c154223-6a1b-48f3-9d68-18dbc8dbcc53 0.063s
2024-10-31 10:45:05.023 62219 INFO tempest.lib.common.rest_client [req-2bb1dd34-1ffd-4c95-a0f1-4667bf2bd787 req-2bb1dd34-1ffd-4c95-a0f1-4667bf2bd787 ] Request (ServerShowV254Test:test_rebuild_server): 200 GET http://10.180.1.21/compute/v2.1/servers/070b6422-83d2-4b00-919f-2210fda9d82b 0.057s
2024-10-31 10:45:05.070 62259 INFO tempest.lib.common.rest_client [req-abc514c7-832c-4876-bd89-09cd3ce5312a req-abc514c7-832c-4876-bd89-09cd3ce5312a ] Request (ServerRescueNegativeTestJSON:setUpClass): 200 GET http://10.180.1.21/compute/v2.1/servers/0fbcfac5-64db-4911-a2a7-441e1defb92a 0.060s
2024-10-31 10:45:05.071 62247 INFO tempest.lib.common.rest_client [req-61e55ad3-6bc5-4f3f-a4ca-fdd32f2e4dae req-61e55ad3-6bc5-4f3f-a4ca-fdd32f2e4dae ] Request (ServersWithSpecificFlavorTestJSON:test_verify_created_server_ephemeral_disk): 200 GET http://10.180.1.21/compute/v2.1/servers/6b07f807-2fd4-4971-86b5-22afaadebe8d 0.046s
2024-10-31 10:45:05.106 62231 INFO tempest.lib.common.rest_client [req-e5b017bc-2aab-46a4-903f-e2d7ee07d46a req-e5b017bc-2aab-46a4-903f-e2d7ee07d46a ] Request (ServicesAdminNegativeV253TestJSON:tearDownClass): 204 DELETE http://10.180.1.21/identity/v3/projects/33684e3913c442daaa1a34b6921183fa 0.090s
2024-10-31 10:45:05.116 62233 INFO tempest.lib.common.rest_client [req-3c67d829-e93b-4d52-8cfb-9ba5f6d8aa5f req-3c67d829-e93b-4d52-8cfb-9ba5f6d8aa5f ] Request (SecurityGroupsTestJSON:test_list_security_groups_by_server): 200 GET http://10.180.1.21/compute/v2.1/servers/f0c9dcee-cf3b-4abb-9014-b80b752cd94c 0.049s
2024-10-31 10:45:05.122 62241 INFO tempest.lib.common.rest_client [req-d67db6b3-4379-48c8-89ba-592b22e3ffc2 req-d67db6b3-4379-48c8-89ba-592b22e3ffc2 ] Request (AttachInterfacesTestJSON:test_create_list_show_delete_interfaces_by_fixed_ip): 200 GET http://10.180.1.21/compute/v2.1/servers/cded960a-0cf1-4b27-865e-579ca59734a0 0.056s
2024-10-31 10:45:05.163 62231 INFO tempest.lib.common.rest_client [req-eab1d731-385a-41a7-82d7-e25b3c99268b req-eab1d731-385a-41a7-82d7-e25b3c99268b ] Request (FloatingIPsAssociationTestJSON:setUpClass): 201 POST http://10.180.1.21/identity/v3/auth/tokens 0.055s
2024-10-31 10:45:05.163 62215 INFO tempest.lib.common.rest_client [req-035f1009-2189-4d92-a7df-6144cce85407 req-035f1009-2189-4d92-a7df-6144cce85407 ] Request (VolumesAdminNegativeTest:test_update_attached_volume_with_nonexistent_volume_in_body): 200 GET http://10.180.1.21/compute/v2.1/servers/909149a4-b11a-4c48-925c-01f22b385f96 0.048s
2024-10-31 10:45:05.186 62255 INFO tempest.lib.common.rest_client [req-9c42d091-3187-4d18-9e73-0b1ef3edaf7f req-9c42d091-3187-4d18-9e73-0b1ef3edaf7f ] Request (ServerMetadataTestJSON:setUpClass): 200 GET http://10.180.1.21/compute/v2.1/servers/96be8ae2-b4ae-4b7c-9064-346add930e14 0.058s
2024-10-31 10:45:05.195 62231 INFO tempest.lib.common.rest_client [req-067a6aac-100d-4144-906c-534b5fda0933 req-067a6aac-100d-4144-906c-534b5fda0933 ] Request (FloatingIPsAssociationTestJSON:setUpClass): 201 POST http://10.180.1.21/identity/v3/auth/tokens 0.028s
2024-10-31 10:45:05.220 62231 INFO tempest.lib.common.rest_client [req-491b0e9d-69fa-4bc7-975e-6e83ed9fedea req-491b0e9d-69fa-4bc7-975e-6e83ed9fedea ] Request (FloatingIPsAssociationTestJSON:setUpClass): 200 GET http://10.180.1.21/identity/v3/domains?name=Default 0.025s
2024-10-31 10:45:05.236 62265 INFO tempest.lib.common.rest_client [req-2377b25e-2fb4-4da0-90e7-972e45a54905 req-2377b25e-2fb4-4da0-90e7-972e45a54905 ] Request (ServerAddressesNegativeTestJSON:setUpClass): 200 GET http://10.180.1.21/compute/v2.1/servers/55001082-99ac-492c-8d2d-3a5c3bbb0e40 0.059s
2024-10-31 10:45:05.243 62221 INFO tempest.lib.common.rest_client [req-5e569209-15d1-44ff-a56d-70f259198740 req-5e569209-15d1-44ff-a56d-70f259198740 ] Request (ImagesNegativeTestJSON:test_create_image_from_deleted_server): 200 GET http://10.180.1.21/compute/v2.1/servers/a3009029-7c15-423a-8f26-d3efe7b59be5 0.048s
2024-10-31 10:45:05.252 62231 INFO tempest.lib.common.rest_client [req-a622900c-2bb3-418c-ba60-94e67fe0377f req-a622900c-2bb3-418c-ba60-94e67fe0377f ] Request (FloatingIPsAssociationTestJSON:setUpClass): 201 POST http://10.180.1.21/identity/v3/projects 0.032s
2024-10-31 10:45:05.279 62211 INFO tempest.lib.common.rest_client [req-4b6147d0-a81c-4b02-b552-5ec457cd9ad3 req-4b6147d0-a81c-4b02-b552-5ec457cd9ad3 ] Request (MigrationsAdminTest:test_resize_server_revert_deleted_flavor): 200 GET http://10.180.1.21/compute/v2.1/servers/d33a6766-1ee1-4d7b-8af2-5b3d6ca3c381 0.045s
