2024-10-31 10:44:41.876 62209 INFO tempest.lib.common.rest_client [req-98e05d51-4ca3-4dba-a9d2-6e9c8bcc3bea req-98e05d51-4ca3-4dba-a9d2-6e9c8bcc3bea ] Request (InstanceActionsNegativeTestJSON:setUpClass): 200 GET http://10.180.1.21/compute/v2.1/servers/606ce981-4ba8-4d7d-b49d-5012d60e2b31 0.478s
2024-10-31 10:44:41.936 62223 INFO tempest.lib.common.rest_client [req-37e02619-e13c-4f87-9490-e8ebd2a5476d req-37e02619-e13c-4f87-9490-e8ebd2a5476d ] Request (ServerShowV247Test:test_update_rebuild_list_server): 200 GET http://10.180.1.21/compute/v2.1/servers/f4a1ef9e-097b-41a3-9bb5-de45e2a5402d 0.488s
2024-10-31 10:44:41.956 62213 INFO tempest.lib.common.rest_client [req-24ef100b-b3b4-4bb6-9358-4cf44956157f req-24ef100b-b3b4-4bb6-9358-4cf44956157f ] Request (SecurityGroupRulesTestJSON:tearDownClass): 202 DELETE http://10.180.1.21/compute/v2.1/os-security-groups/057b3c21-5aeb-46e7-8d78-227702440ca6 1.030s
2024-10-31 10:44:41.998 62249 INFO tempest.lib.common.rest_client [req-80ad4f9a-84db-4deb-9038-0a7eeaf285ca req-80ad4f9a-84db-4deb-9038-0a7eeaf285ca ] Request (ServerDiskConfigTestJSON:test_rebuild_server_with_auto_disk_config): 200 GET http://10.180.1.21/compute/v2.1/servers/8161612f-2fdb-4e4d-a161-5658ab75fac0 0.539s
2024-10-31 10:44:42.023 62245 INFO tempest.lib.common.rest_client [req-a9be7154-f1c3-4c9c-98e6-8b69e199e856 req-a9be7154-f1c3-4c9c-98e6-8b69e199e856 ] Request (ServerAddressesTestJSON:setUpClass): 200 GET http://10.180.1.21/compute/v2.1/servers/69389032-4877-4afb-9853-e03f282c8fd9 0.513s
2024-10-31 10:44:42.088 62207 INFO tempest.lib.common.rest_client [req-dd7e4276-5d37-46fe-bcda-22e5699a84f9 req-dd7e4276-5d37-46fe-bcda-22e5699a84f9 ] Request (ServerDiagnosticsV248Test:test_get_server_diagnostics): 200 GET http://10.180.1.21/compute/v2.1/servers/5c154223-6a1b-48f3-9d68-18dbc8dbcc53 0.560s
2024-10-31 10:44:42.091 62237 INFO tempest.lib.common.rest_client [req-17074545-7006-48a0-97ea-c0a8cf6178b5 req-17074545-7006-48a0-97ea-c0a8cf6178b5 ] Request (DeleteServersAdminTestJSON:test_delete_server_while_in_error_state): 200 GET http://10.180.1.21/compute/v2.1/servers/52b9bff5-4359-45b4-ac25-6545636b325c 0.531s
2024-10-31 10:44:42.094 62253 INFO tempest.lib.common.rest_client [req-d4b66d39-f2a4-4f0f-883c-3f02c65729b0 req-d4b66d39-f2a4-4f0f-883c-3f02c65729b0 ] Request (ServicesAdminNegativeTestJSON:tearDownClass): 204 DELETE http://10.180.1.21:9696/networking/v2.0/security-groups/839a5387-75ef-47b1-a7b3-6d131fa116e2 0.346s
2024-10-31 10:44:42.141 62267 INFO tempest.lib.common.rest_client [req-b05948df-bb2e-4d27-a8c0-e954294e82b2 req-b05948df-bb2e-4d27-a8c0-e954294e82b2 ] Request (ServerActionsTestJSON:setUpClass): 200 GET http://10.180.1.21/compute/v2.1/servers/8edd0e9e-de59-4021-9c11-297760ea6571 0.539s
2024-10-31 10:44:42.167 62227 INFO tempest.lib.common.rest_client [req-9d57ba21-dc3c-4f5f-8889-51a165046174 req-9d57ba21-dc3c-4f5f-8889-51a165046174 ] Request (AttachInterfacesV270Test:test_create_get_list_interfaces): 200 GET http://10.180.1.21/compute/v2.1/servers/958ed6d0-3519-4b51-a29c-a2f6caec3881 0.543s
2024-10-31 10:44:42.181 62253 INFO tempest.lib.common.rest_client [req-d4c2f584-4ef3-4077-8085-b31bab5bd8f3 req-d4c2f584-4ef3-4077-8085-b31bab5bd8f3 ] Request (ServicesAdminNegativeTestJSON:tearDownClass): 204 DELETE http://10.180.1.21/identity/v3/projects/517d90911e76419b85f6569cb0d81c34 0.084s
2024-10-31 10:44:42.181 62253 INFO tempest.lib.common.dynamic_creds [-] Deleting project and security group for project: 2f12416263fb418289f51ba1c0d4619f
2024-10-31 10:44:42.201 62261 INFO tempest.lib.common.rest_client [req-0fca37a0-3c24-4f68-ae8e-4ff66804a740 req-0fca37a0-3c24-4f68-ae8e-4ff66804a740 ] Request (ServerTagsTestJSON:setUpClass): 200 GET http://10.180.1.21/compute/v2.1/servers/eb265cc7-f2af-48e4-9528-24ea5be3b129 0.527s
2024-10-31 10:44:42.226 62225 INFO tempest.lib.common.rest_client [req-c49e4c31-9ca1-444b-84ef-db70b97ca7f3 req-c49e4c31-9ca1-444b-84ef-db70b97ca7f3 ] Request (VolumesAssistedSnapshotsTest:test_volume_assisted_snapshot_create_delete): 200 GET http://10.180.1.21/compute/v2.1/servers/cdeae3e0-51ae-4498-9dbf-16583ff69a6b 0.523s
2024-10-31 10:44:42.312 62263 INFO tempest.lib.common.rest_client [req-8faaf0bf-8216-4ef9-8ef7-83707a157747 req-8faaf0bf-8216-4ef9-8ef7-83707a157747 ] Request (ServerActionsTestOtherA:setUpClass): 201 POST http://10.180.1.21:9696/networking/v2.0/routers 1.521s
2024-10-31 10:44:42.352 62253 INFO tempest.lib.common.rest_client [req-8bae6eef-87b6-460d-98d3-9c77ce100c08 req-8bae6eef-87b6-460d-98d3-9c77ce100c08 ] Request (ServicesAdminNegativeTestJSON:tearDownClass): 200 GET http://10.180.1.21:9696/networking/v2.0/security-groups?tenant_id=2f12416263fb418289f51ba1c0d4619f&name=default 0.170s
2024-10-31 10:44:42.498 62253 INFO tempest.lib.common.rest_client [req-89427e74-e9ab-45fa-9da2-df801eee8542 req-89427e74-e9ab-45fa-9da2-df801eee8542 ] Request (ServicesAdminNegativeTestJSON:tearDownClass): 204 DELETE http://10.180.1.21:9696/networking/v2.0/security-groups/caa44ea3-fa59-4497-ae9c-c5a6bbfb3132 0.145s
2024-10-31 10:44:42.609 62253 INFO tempest.lib.common.rest_client [req-7f79abee-4996-463d-8453-63a9aa3b5078 req-7f79abee-4996-463d-8453-63a9aa3b5078 ] Request (ServicesAdminNegativeTestJSON:tearDownClass): 204 DELETE http://10.180.1.21/identity/v3/projects/2f12416263fb418289f51ba1c0d4619f 0.110s
2024-10-31 10:44:42.620 62257 INFO tempest.lib.common.rest_client [req-9e75ad66-7281-40ce-94b5-7eeea735a589 req-9e75ad66-7281-40ce-94b5-7eeea735a589 ] Request (ImagesTestJSON:test_create_image_from_stopped_server): 200 GET http://10.180.1.21/compute/v2.1/servers/572967b0-863f-4d13-a205-b0f835c87fd3 0.883s
2024-10-31 10:44:42.627 62257 INFO tempest.common.waiters [-] State transition "BUILD/networking" ==> "BUILD/spawning" after 42 second wait
2024-10-31 10:44:42.695 62253 INFO tempest.lib.common.rest_client [req-71e16f09-4d0e-4e0c-8a10-52e7cb37ca23 req-71e16f09-4d0e-4e0c-8a10-52e7cb37ca23 ] Request (ServersTestMultiNic:setUpClass): 201 POST http://10.180.1.21/identity/v3/auth/tokens 0.083s
2024-10-31 10:44:42.707 62259 INFO tempest.lib.common.rest_client [req-107f0a1c-bed6-4861-866a-beab2173b90a req-107f0a1c-bed6-4861-866a-beab2173b90a ] Request (ServerRescueNegativeTestJSON:setUpClass): 200 GET http://10.180.1.21/compute/v2.1/servers/0fbcfac5-64db-4911-a2a7-441e1defb92a 0.915s
2024-10-31 10:44:42.725 62213 INFO tempest.lib.common.rest_client [req-1c493c28-f76f-4cc1-99a8-e797e7872ffb req-1c493c28-f76f-4cc1-99a8-e797e7872ffb ] Request (SecurityGroupRulesTestJSON:tearDownClass): 404 DELETE http://10.180.1.21/compute/v2.1/os-security-groups/90c71066-efdb-4117-b825-1a9fcd192f92 0.768s
2024-10-31 10:44:42.732 62253 INFO tempest.lib.common.rest_client [req-44d2330c-f6ac-488f-bd97-0db3c8eb717e req-44d2330c-f6ac-488f-bd97-0db3c8eb717e ] Request (ServersTestMultiNic:setUpClass): 201 POST http://10.180.1.21/identity/v3/auth/tokens 0.034s
2024-10-31 10:44:42.744 62235 INFO tempest.lib.common.rest_client [req-77a8ed37-7ba4-440d-bf88-02662db7cf8a req-77a8ed37-7ba4-440d-bf88-02662db7cf8a ] Request (AttachVolumeNegativeTest:test_attach_attached_volume_to_different_server): 202 POST http://10.180.1.21/compute/v2.1/servers 1.028s
2024-10-31 10:44:42.764 62253 INFO tempest.lib.common.rest_client [req-2ef95d2b-3938-423c-995e-52e3b574b9be req-2ef95d2b-3938-423c-995e-52e3b574b9be ] Request (ServersTestMultiNic:setUpClass): 200 GET http://10.180.1.21/identity/v3/domains?name=Default 0.031s
2024-10-31 10:44:42.788 62247 INFO tempest.lib.common.rest_client [req-f3a49992-bb28-4bbf-b07a-3bbcabbe58ad req-f3a49992-bb28-4bbf-b07a-3bbcabbe58ad ] Request (ServersWithSpecificFlavorTestJSON:test_verify_created_server_ephemeral_disk): 200 GET http://10.180.1.21/compute/v2.1/servers/6b07f807-2fd4-4971-86b5-22afaadebe8d 0.767s
2024-10-31 10:44:42.805 62255 INFO tempest.lib.common.rest_client [req-189b2234-195a-464a-a812-02ac8e10d048 req-189b2234-195a-464a-a812-02ac8e10d048 ] Request (ServerMetadataTestJSON:setUpClass): 200 GET http://10.180.1.21/compute/v2.1/servers/96be8ae2-b4ae-4b7c-9064-346add930e14 0.627s
2024-10-31 10:44:42.806 62253 INFO tempest.lib.common.rest_client [req-d0e7b510-7bc9-4958-ac31-26178c4f4836 req-d0e7b510-7bc9-4958-ac31-26178c4f4836 ] Request (ServersTestMultiNic:setUpClass): 201 POST http://10.180.1.21/identity/v3/projects 0.041s
2024-10-31 10:44:42.847 62241 INFO tempest.lib.common.rest_client [req-bf18a389-90e8-4a1c-afd0-74b3e73bb842 req-bf18a389-90e8-4a1c-afd0-74b3e73bb842 ] Request (AttachInterfacesTestJSON:test_create_list_show_delete_interfaces_by_fixed_ip): 200 GET http://10.180.1.21/compute/v2.1/servers/cded960a-0cf1-4b27-865e-579ca59734a0 0.592s
2024-10-31 10:44:42.864 62233 INFO tempest.lib.common.rest_client [req-7c4768bd-9519-474d-954a-0b9b86b3c12e req-7c4768bd-9519-474d-954a-0b9b86b3c12e ] Request (SecurityGroupsTestJSON:test_list_security_groups_by_server): 200 GET http://10.180.1.21/compute/v2.1/servers/f0c9dcee-cf3b-4abb-9014-b80b752cd94c 0.545s
2024-10-31 10:44:42.894 62253 INFO tempest.lib.common.rest_client [req-d74ea850-6df4-4ceb-a62b-9fd160cf2114 req-d74ea850-6df4-4ceb-a62b-9fd160cf2114 ] Request (ServersTestMultiNic:setUpClass): 201 POST http://10.180.1.21/identity/v3/users 0.087s
2024-10-31 10:44:42.910 62215 INFO tempest.lib.common.rest_client [req-da722fd8-0a03-4bee-b74b-48f2b73fb597 req-da722fd8-0a03-4bee-b74b-48f2b73fb597 ] Request (VolumesAdminNegativeTest:test_update_attached_volume_with_nonexistent_volume_in_body): 200 GET http://10.180.1.21/compute/v2.1/servers/909149a4-b11a-4c48-925c-01f22b385f96 0.528s
2024-10-31 10:44:42.917 62253 INFO tempest.lib.common.rest_client [req-480f5a5e-7098-4f1f-bfdf-87febe5a2d15 req-480f5a5e-7098-4f1f-bfdf-87febe5a2d15 ] Request (ServersTestMultiNic:setUpClass): 200 GET http://10.180.1.21/identity/v3/roles 0.023s
2024-10-31 10:44:42.947 62253 INFO tempest.lib.common.rest_client [req-d1862d5f-32ca-464b-93f5-375537e921df req-d1862d5f-32ca-464b-93f5-375537e921df ] Request (ServersTestMultiNic:setUpClass): 204 PUT http://10.180.1.21/identity/v3/projects/70cd9e5ea34e43d0ad414b8550b7a9f3/users/ae83260429c2454faf2a3c6177d801ef/roles/ee186c9c02644364b3d1340e2a584088 0.029s
2024-10-31 10:44:42.947 62231 INFO tempest.lib.common.rest_client [req-d5e53b54-4404-4f5a-803d-150910529b96 req-d5e53b54-4404-4f5a-803d-150910529b96 ] Request (ServersAdmin275Test:tearDownClass): 200 GET http://10.180.1.21/compute/v2.1/servers/bc19edb6-fcce-4ce2-82c3-e1455b5ddbc9 0.491s
2024-10-31 10:44:42.947 62253 INFO tempest.lib.common.dynamic_creds [-] Dynamic test user ae83260429c2454faf2a3c6177d801ef is created with scope project and roles: ['member']
2024-10-31 10:44:42.947 62253 INFO tempest.lib.common.dynamic_creds [-] Acquired dynamic creds: credentials: Credentials: {'domain_id': 'default', 'domain_name': 'Default', 'username': 'tempest-ServersTestMultiNic-1171028798-project-member', 'project_domain_id': 'default', 'project_domain_name': 'Default', 'project_id': '70cd9e5ea34e43d0ad414b8550b7a9f3', 'project_name': 'tempest-ServersTestMultiNic-1171028798', 'tenant_id': '70cd9e5ea34e43d0ad414b8550b7a9f3', 'tenant_name': 'tempest-ServersTestMultiNic-1171028798', 'user_domain_id': 'default', 'user_domain_name': 'Default', 'user_id': 'ae83260429c2454faf2a3c6177d801ef', 'system': None}, Network: None, Subnet: None, Router: None
2024-10-31 10:44:42.958 62231 INFO tempest.common.waiters [-] State transition "ACTIVE/deleting" ==> "DELETED/None" after 3 second wait
2024-10-31 10:44:42.988 62265 INFO tempest.lib.common.rest_client [req-de39a6d8-a05e-4aff-b22a-9aa27162ae08 req-de39a6d8-a05e-4aff-b22a-9aa27162ae08 ] Request (ServerAddressesNegativeTestJSON:setUpClass): 200 GET http://10.180.1.21/compute/v2.1/servers/55001082-99ac-492c-8d2d-3a5c3bbb0e40 0.524s
2024-10-31 10:44:43.000 62221 INFO tempest.lib.common.rest_client [req-7900aeae-b2e6-467a-a1d4-944ef965a625 req-7900aeae-b2e6-467a-a1d4-944ef965a625 ] Request (ImagesNegativeTestJSON:test_create_image_from_deleted_server): 200 GET http://10.180.1.21/compute/v2.1/servers/a3009029-7c15-423a-8f26-d3efe7b59be5 0.476s
2024-10-31 10:44:43.028 62253 INFO tempest.lib.common.rest_client [req-a307102b-cbe6-43fc-8047-553a8a2c111d req-a307102b-cbe6-43fc-8047-553a8a2c111d ] Request (ServersTestMultiNic:setUpClass): 201 POST http://10.180.1.21/identity/v3/auth/tokens 0.080s
2024-10-31 10:44:43.049 62211 INFO tempest.lib.common.rest_client [req-7cb29e4b-c6ce-48a7-9503-b741985a2841 req-7cb29e4b-c6ce-48a7-9503-b741985a2841 ] Request (MigrationsAdminTest:test_resize_server_revert_deleted_flavor): 200 GET http://10.180.1.21/compute/v2.1/servers/d33a6766-1ee1-4d7b-8af2-5b3d6ca3c381 0.508s
2024-10-31 10:44:43.068 62243 INFO tempest.lib.common.rest_client [req-7ac95c50-4ba9-4a2b-9137-b7e89203cf11 req-7ac95c50-4ba9-4a2b-9137-b7e89203cf11 ] Request (ListImageFiltersTestJSON:setUpClass): 200 GET http://10.180.1.21/compute/v2.1/servers/17f6fbc3-632b-4053-85ab-461259732ec8 0.468s
2024-10-31 10:44:43.100 62219 INFO tempest.lib.common.rest_client [req-40ad55b7-ae83-41f9-adc5-603c029fc889 req-40ad55b7-ae83-41f9-adc5-603c029fc889 ] Request (ServersAdminNegativeTestJSON:setUpClass): 200 GET http://10.180.1.21/compute/v2.1/servers/5614c0a9-831a-47e0-80e3-fe21344c1b5d 0.437s
2024-10-31 10:44:43.130 62239 INFO tempest.lib.common.rest_client [req-ca67f307-d9b8-477f-aa3d-f04e370cb437 req-ca67f307-d9b8-477f-aa3d-f04e370cb437 ] Request (ServerGroupTestJSON:test_create_server_with_scheduler_hint_group): 200 GET http://10.180.1.21/compute/v2.1/servers/02235e3c-37e2-4e36-9670-e3b47c46b73f 0.413s
2024-10-31 10:44:43.179 62235 INFO tempest.lib.common.rest_client [req-d796a57b-8b2b-47e1-8a89-b5254ad5a767 req-d796a57b-8b2b-47e1-8a89-b5254ad5a767 ] Request (AttachVolumeNegativeTest:test_attach_attached_volume_to_different_server): 200 GET http://10.180.1.21/compute/v2.1/servers/f17a34cc-e3c1-4585-9c84-b5d75b14dc52 0.433s
2024-10-31 10:44:43.254 62251 INFO tempest.lib.common.rest_client [req-ae34567f-45e1-435a-939d-d3b8e906112c req-ae34567f-45e1-435a-939d-d3b8e906112c ] Request (ServersTestManualDisk:setUpClass): 200 GET http://10.180.1.21/compute/v2.1/servers/3a579f75-ba82-459a-89b3-75615df4879e 0.484s
2024-10-31 10:44:43.319 62229 INFO tempest.lib.common.rest_client [req-c02afb55-f6b0-4ae3-94c2-adeb81bd8f31 req-c02afb55-f6b0-4ae3-94c2-adeb81bd8f31 ] Request (ServersTestJSON:setUpClass): 200 GET http://10.180.1.21/compute/v2.1/servers/18a0fc3a-7cdf-4512-abeb-3370abe0b17c 0.478s
2024-10-31 10:44:43.332 62213 INFO tempest.lib.common.rest_client [req-de91b776-6cdb-4c55-9320-82706b4d1af7 req-de91b776-6cdb-4c55-9320-82706b4d1af7 ] Request (SecurityGroupRulesTestJSON:tearDownClass): 202 DELETE http://10.180.1.21/compute/v2.1/os-security-groups/ef75e1e9-340d-45b7-9186-7b3def0f6930 0.607s
2024-10-31 10:44:43.385 62209 INFO tempest.lib.common.rest_client [req-60b9278e-8a17-439e-842f-e5ac2738b652 req-60b9278e-8a17-439e-842f-e5ac2738b652 ] Request (InstanceActionsNegativeTestJSON:setUpClass): 200 GET http://10.180.1.21/compute/v2.1/servers/606ce981-4ba8-4d7d-b49d-5012d60e2b31 0.502s
2024-10-31 10:44:43.416 62223 INFO tempest.lib.common.rest_client [req-5418eb7f-ef7e-4c76-bab5-e9bf7789abf7 req-5418eb7f-ef7e-4c76-bab5-e9bf7789abf7 ] Request (ServerShowV247Test:test_update_rebuild_list_server): 200 GET http://10.180.1.21/compute/v2.1/servers/f4a1ef9e-097b-41a3-9bb5-de45e2a5402d 0.464s
2024-10-31 10:44:43.448 62249 INFO tempest.lib.common.rest_client [req-3ab0d8fe-a8f2-4a91-bfca-a784180c7ced req-3ab0d8fe-a8f2-4a91-bfca-a784180c7ced ] Request (ServerDiskConfigTestJSON:test_rebuild_server_with_auto_disk_config): 200 GET http://10.180.1.21/compute/v2.1/servers/8161612f-2fdb-4e4d-a161-5658ab75fac0 0.441s
2024-10-31 10:44:43.471 62245 INFO tempest.lib.common.rest_client [req-d620655f-66c8-4700-b30b-562396fc89b9 req-d620655f-66c8-4700-b30b-562396fc89b9 ] Request (ServerAddressesTestJSON:setUpClass): 200 GET http://10.180.1.21/compute/v2.1/servers/69389032-4877-4afb-9853-e03f282c8fd9 0.438s
2024-10-31 10:44:43.498 62237 INFO tempest.lib.common.rest_client [req-b8d2b715-a8f0-4043-8db8-f17ad3827d65 req-b8d2b715-a8f0-4043-8db8-f17ad3827d65 ] Request (DeleteServersAdminTestJSON:test_delete_server_while_in_error_state): 200 GET http://10.180.1.21/compute/v2.1/servers/52b9bff5-4359-45b4-ac25-6545636b325c 0.389s
2024-10-31 10:44:43.526 62253 INFO tempest.lib.common.rest_client [req-8597478f-ee1e-4495-bcd0-0467bd3a952b req-8597478f-ee1e-4495-bcd0-0467bd3a952b ] Request (ServersTestMultiNic:setUpClass): 201 POST http://10.180.1.21:9696/networking/v2.0/networks 0.498s
2024-10-31 10:44:43.532 62207 INFO tempest.lib.common.rest_client [req-f9efdabf-b50f-45ff-9fe2-515880318139 req-f9efdabf-b50f-45ff-9fe2-515880318139 ] Request (ServerDiagnosticsV248Test:test_get_server_diagnostics): 200 GET http://10.180.1.21/compute/v2.1/servers/5c154223-6a1b-48f3-9d68-18dbc8dbcc53 0.425s
2024-10-31 10:44:43.558 62267 INFO tempest.lib.common.rest_client [req-3983376b-65a3-4866-9460-8bc4ba0aa4ce req-3983376b-65a3-4866-9460-8bc4ba0aa4ce ] Request (ServerActionsTestJSON:setUpClass): 200 GET http://10.180.1.21/compute/v2.1/servers/8edd0e9e-de59-4021-9c11-297760ea6571 0.405s
2024-10-31 10:44:43.602 62227 INFO tempest.lib.common.rest_client [req-c279e56b-cee2-45d4-a466-ed934ee4fc26 req-c279e56b-cee2-45d4-a466-ed934ee4fc26 ] Request (AttachInterfacesV270Test:test_create_get_list_interfaces): 200 GET http://10.180.1.21/compute/v2.1/servers/958ed6d0-3519-4b51-a29c-a2f6caec3881 0.421s
2024-10-31 10:44:43.619 62261 INFO tempest.lib.common.rest_client [req-f325ef18-38ec-46ec-ab8b-8d7a812c4f7e req-f325ef18-38ec-46ec-ab8b-8d7a812c4f7e ] Request (ServerTagsTestJSON:setUpClass): 200 GET http://10.180.1.21/compute/v2.1/servers/eb265cc7-f2af-48e4-9528-24ea5be3b129 0.403s
2024-10-31 10:44:43.853 62225 INFO tempest.lib.common.rest_client [req-c229012e-a265-4b59-aa00-c13c2cd2e6e3 req-c229012e-a265-4b59-aa00-c13c2cd2e6e3 ] Request (VolumesAssistedSnapshotsTest:test_volume_assisted_snapshot_create_delete): 200 GET http://10.180.1.21/compute/v2.1/servers/cdeae3e0-51ae-4498-9dbf-16583ff69a6b 0.620s
2024-10-31 10:44:43.860 62225 INFO tempest.common.waiters [-] State transition "BUILD/None" ==> "BUILD/networking" after 40 second wait
2024-10-31 10:44:43.868 62263 INFO tempest.lib.common.rest_client [req-baae4618-f279-49fa-a50a-cfa6b871af17 req-baae4618-f279-49fa-a50a-cfa6b871af17 ] Request (ServerActionsTestOtherA:setUpClass): 200 PUT http://10.180.1.21:9696/networking/v2.0/routers/a3b9d731-b1ca-43f1-8877-e09c826256fe/add_router_interface 1.555s
2024-10-31 10:44:43.868 62263 INFO tempest.lib.common.dynamic_creds [-] Created isolated network resources for: credentials: Credentials: {'domain_id': 'default', 'domain_name': 'Default', 'username': 'tempest-ServerActionsTestOtherA-1400645521-project-member', 'project_domain_id': 'default', 'project_domain_name': 'Default', 'project_id': '430ef1a302aa441e8a54e9b7b6f03008', 'project_name': 'tempest-ServerActionsTestOtherA-1400645521', 'tenant_id': '430ef1a302aa441e8a54e9b7b6f03008', 'tenant_name': 'tempest-ServerActionsTestOtherA-1400645521', 'user_domain_id': 'default', 'user_domain_name': 'Default', 'user_id': 'c5eef5e00a8e4803b4af4e2f0d5390a6', 'system': None}, Network: {'id': 'fc51363f-26dc-45aa-a852-7acc0165fcb6', 'name': 'tempest-ServerActionsTestOtherA-747469387-network', 'tenant_id': '430ef1a302aa441e8a54e9b7b6f03008', 'admin_state_up': True, 'mtu': 8950, 'status': 'ACTIVE', 'subnets': [], 'shared': False, 'project_id': '430ef1a302aa441e8a54e9b7b6f03008', 'port_security_enabled': True, 'router:external': False, 'provider:network_type': 'vlan', 'provider:physical_network': 'default', 'provider:segmentation_id': 450, 'availability_zone_hints': [], 'availability_zones': [], 'ipv4_address_scope': None, 'ipv6_address_scope': None, 'description': '', 'tags': [], 'created_at': '2024-10-31T10:44:40Z', 'updated_at': '2024-10-31T10:44:40Z', 'revision_number': 1}, Subnet: {'id': '7758ae3f-4bdb-4538-85cd-f823e1415b4c', 'name': 'tempest-ServerActionsTestOtherA-747469387-subnet', 'tenant_id': '430ef1a302aa441e8a54e9b7b6f03008', 'network_id': 'fc51363f-26dc-45aa-a852-7acc0165fcb6', 'ip_version': 4, 'subnetpool_id': None, 'enable_dhcp': True, 'ipv6_ra_mode': None, 'ipv6_address_mode': None, 'gateway_ip': '192.168.128.1', 'cidr': '192.168.128.0/28', 'allocation_pools': [{'start': '192.168.128.2', 'end': '192.168.128.14'}], 'host_routes': [], 'dns_nameservers': [], 'description': '', 'router:external': False, 'service_types': [], 'tags': [], 'created_at': '2024-10-31T10:44:40Z', 'updated_at': '2024-10-31T10:44:40Z', 'revision_number': 0, 'project_id': '430ef1a302aa441e8a54e9b7b6f03008'}, Router: {'id': 'a3b9d731-b1ca-43f1-8877-e09c826256fe', 'name': 'tempest-ServerActionsTestOtherA-747469387-router', 'tenant_id': '430ef1a302aa441e8a54e9b7b6f03008', 'admin_state_up': True, 'status': 'ACTIVE', 'external_gateway_info': {'network_id': 'f1a36455-8373-4153-9caa-36dc0468acfd', 'external_fixed_ips': [{'subnet_id': 'ea18568f-2b63-4c74-a812-994388b49a95', 'ip_address': '10.180.180.188'}], 'enable_snat': True}, 'description': '', 'availability_zones': [], 'distributed': False, 'ha': False, 'availability_zone_hints': [], 'routes': [], 'flavor_id': None, 'tags': [], 'created_at': '2024-10-31T10:44:40Z', 'updated_at': '2024-10-31T10:44:41Z', 'revision_number': 2, 'project_id': '430ef1a302aa441e8a54e9b7b6f03008'}
2024-10-31 10:44:43.885 62253 INFO tempest.lib.common.rest_client [req-17e1415a-1d25-4fb4-8ffe-23480595a0e1 req-17e1415a-1d25-4fb4-8ffe-23480595a0e1 ] Request (ServersTestMultiNic:setUpClass): 201 POST http://10.180.1.21:9696/networking/v2.0/subnets 0.358s
2024-10-31 10:44:43.973 62213 INFO tempest.lib.common.rest_client [req-6e0afc66-8695-45d7-b895-2691306442ec req-6e0afc66-8695-45d7-b895-2691306442ec ] Request (SecurityGroupRulesTestJSON:tearDownClass): 202 DELETE http://10.180.1.21/compute/v2.1/os-security-groups/411c6a9d-dfd9-47f7-aac8-7e98d82fd780 0.640s
2024-10-31 10:44:43.975 62257 INFO tempest.lib.common.rest_client [req-39b7e627-80c7-49c6-bdda-c79dcf91d361 req-39b7e627-80c7-49c6-bdda-c79dcf91d361 ] Request (ImagesTestJSON:test_create_image_from_stopped_server): 200 GET http://10.180.1.21/compute/v2.1/servers/572967b0-863f-4d13-a205-b0f835c87fd3 0.346s
2024-10-31 10:44:44.013 62263 INFO tempest.lib.common.rest_client [req-0ca0440c-1afe-49f6-816c-9d6c6ac18e64 req-0ca0440c-1afe-49f6-816c-9d6c6ac18e64 ] Request (ServerActionsTestOtherA:setUpClass): 201 POST http://10.180.1.21/identity/v3/auth/tokens 0.138s
2024-10-31 10:44:44.040 62247 INFO tempest.lib.common.rest_client [req-7e34189f-2c11-445f-9b44-1bf8ec4d5253 req-7e34189f-2c11-445f-9b44-1bf8ec4d5253 ] Request (ServersWithSpecificFlavorTestJSON:test_verify_created_server_ephemeral_disk): 200 GET http://10.180.1.21/compute/v2.1/servers/6b07f807-2fd4-4971-86b5-22afaadebe8d 0.240s
2024-10-31 10:44:44.044 62259 INFO tempest.lib.common.rest_client [req-d961ac9c-c916-4a56-8876-e37408be9d00 req-d961ac9c-c916-4a56-8876-e37408be9d00 ] Request (ServerRescueNegativeTestJSON:setUpClass): 200 GET http://10.180.1.21/compute/v2.1/servers/0fbcfac5-64db-4911-a2a7-441e1defb92a 0.326s
2024-10-31 10:44:44.099 62241 INFO tempest.lib.common.rest_client [req-b0d2e0fd-ef21-42bd-a148-f0a24be0e2a3 req-b0d2e0fd-ef21-42bd-a148-f0a24be0e2a3 ] Request (AttachInterfacesTestJSON:test_create_list_show_delete_interfaces_by_fixed_ip): 200 GET http://10.180.1.21/compute/v2.1/servers/cded960a-0cf1-4b27-865e-579ca59734a0 0.244s
2024-10-31 10:44:44.105 62255 INFO tempest.lib.common.rest_client [req-3f59b44a-9724-4fb0-b663-b98bf44566e2 req-3f59b44a-9724-4fb0-b663-b98bf44566e2 ] Request (ServerMetadataTestJSON:setUpClass): 200 GET http://10.180.1.21/compute/v2.1/servers/96be8ae2-b4ae-4b7c-9064-346add930e14 0.291s
2024-10-31 10:44:44.168 62233 INFO tempest.lib.common.rest_client [req-78b443e4-8039-4d6c-b7b1-ba7a56839163 req-78b443e4-8039-4d6c-b7b1-ba7a56839163 ] Request (SecurityGroupsTestJSON:test_list_security_groups_by_server): 200 GET http://10.180.1.21/compute/v2.1/servers/f0c9dcee-cf3b-4abb-9014-b80b752cd94c 0.298s
2024-10-31 10:44:44.194 62215 INFO tempest.lib.common.rest_client [req-cd33ddde-dde0-4d25-b4f8-01472f2882a2 req-cd33ddde-dde0-4d25-b4f8-01472f2882a2 ] Request (VolumesAdminNegativeTest:test_update_attached_volume_with_nonexistent_volume_in_body): 200 GET http://10.180.1.21/compute/v2.1/servers/909149a4-b11a-4c48-925c-01f22b385f96 0.277s
2024-10-31 10:44:44.266 62231 INFO tempest.lib.common.rest_client [req-8caf1f1d-9cc0-4996-bdd9-db11fe77c35b req-8caf1f1d-9cc0-4996-bdd9-db11fe77c35b ] Request (ServersAdmin275Test:tearDownClass): 200 GET http://10.180.1.21/compute/v2.1/servers/bc19edb6-fcce-4ce2-82c3-e1455b5ddbc9 0.306s
2024-10-31 10:44:44.319 62265 INFO tempest.lib.common.rest_client [req-71346302-319b-424e-8f37-a94cd37c7b5f req-71346302-319b-424e-8f37-a94cd37c7b5f ] Request (ServerAddressesNegativeTestJSON:setUpClass): 200 GET http://10.180.1.21/compute/v2.1/servers/55001082-99ac-492c-8d2d-3a5c3bbb0e40 0.318s
2024-10-31 10:44:44.357 62213 INFO tempest.lib.common.rest_client [req-4bda0061-8e65-46b6-964c-31022939dccb req-4bda0061-8e65-46b6-964c-31022939dccb ] Request (SecurityGroupRulesTestJSON:tearDownClass): 202 DELETE http://10.180.1.21/compute/v2.1/os-security-groups/00fe9ffc-90d5-47f5-b877-e3e89aea90f1 0.384s
2024-10-31 10:44:44.374 62221 INFO tempest.lib.common.rest_client [req-fdd25cac-6fd7-494b-9f6f-f60fcc6cfde5 req-fdd25cac-6fd7-494b-9f6f-f60fcc6cfde5 ] Request (ImagesNegativeTestJSON:test_create_image_from_deleted_server): 200 GET http://10.180.1.21/compute/v2.1/servers/a3009029-7c15-423a-8f26-d3efe7b59be5 0.358s
2024-10-31 10:44:44.423 62211 INFO tempest.lib.common.rest_client [req-bc3d4c68-5d27-4ed3-8c6d-2cd3a7e66803 req-bc3d4c68-5d27-4ed3-8c6d-2cd3a7e66803 ] Request (MigrationsAdminTest:test_resize_server_revert_deleted_flavor): 200 GET http://10.180.1.21/compute/v2.1/servers/d33a6766-1ee1-4d7b-8af2-5b3d6ca3c381 0.366s
2024-10-31 10:44:44.481 62243 INFO tempest.lib.common.rest_client [req-b1b58f72-85dd-48cc-b5f3-08d019353c5d req-b1b58f72-85dd-48cc-b5f3-08d019353c5d ] Request (ListImageFiltersTestJSON:setUpClass): 200 GET http://10.180.1.21/compute/v2.1/servers/17f6fbc3-632b-4053-85ab-461259732ec8 0.405s
2024-10-31 10:44:44.489 62263 INFO tempest.lib.common.rest_client [req-843fa3ba-e03a-4ea3-a78d-0e9b20f13ef7 req-843fa3ba-e03a-4ea3-a78d-0e9b20f13ef7 ] Request (ServerActionsTestOtherA:setUpClass): 200 POST http://10.180.1.21/compute/v2.1/os-keypairs 0.474s
2024-10-31 10:44:44.544 62219 INFO tempest.lib.common.rest_client [req-fefccc20-67f7-4c5d-a86b-302c6d20960b req-fefccc20-67f7-4c5d-a86b-302c6d20960b ] Request (ServersAdminNegativeTestJSON:setUpClass): 200 GET http://10.180.1.21/compute/v2.1/servers/5614c0a9-831a-47e0-80e3-fe21344c1b5d 0.433s
2024-10-31 10:44:44.556 62239 INFO tempest.lib.common.rest_client [req-694457dd-4b24-4d09-8b56-927a1b2961d1 req-694457dd-4b24-4d09-8b56-927a1b2961d1 ] Request (ServerGroupTestJSON:test_create_server_with_scheduler_hint_group): 200 GET http://10.180.1.21/compute/v2.1/servers/02235e3c-37e2-4e36-9670-e3b47c46b73f 0.416s
2024-10-31 10:44:44.618 62235 INFO tempest.lib.common.rest_client [req-08649be0-00f9-47f9-8760-7ff062edc9ec req-08649be0-00f9-47f9-8760-7ff062edc9ec ] Request (AttachVolumeNegativeTest:test_attach_attached_volume_to_different_server): 200 GET http://10.180.1.21/compute/v2.1/servers/f17a34cc-e3c1-4585-9c84-b5d75b14dc52 0.429s
2024-10-31 10:44:44.623 62251 INFO tempest.lib.common.rest_client [req-f96e712e-309d-4597-bb0c-26b044bb6e01 req-f96e712e-309d-4597-bb0c-26b044bb6e01 ] Request (ServersTestManualDisk:setUpClass): 200 GET http://10.180.1.21/compute/v2.1/servers/3a579f75-ba82-459a-89b3-75615df4879e 0.358s
2024-10-31 10:44:44.686 62229 INFO tempest.lib.common.rest_client [req-63a187af-4ca5-47ea-821d-35979dc01dee req-63a187af-4ca5-47ea-821d-35979dc01dee ] Request (ServersTestJSON:setUpClass): 200 GET http://10.180.1.21/compute/v2.1/servers/18a0fc3a-7cdf-4512-abeb-3370abe0b17c 0.355s
2024-10-31 10:44:44.741 62209 INFO tempest.lib.common.rest_client [req-a59b105f-23ed-42dd-a454-5c8bdc1654b1 req-a59b105f-23ed-42dd-a454-5c8bdc1654b1 ] Request (InstanceActionsNegativeTestJSON:setUpClass): 200 GET http://10.180.1.21/compute/v2.1/servers/606ce981-4ba8-4d7d-b49d-5012d60e2b31 0.347s
2024-10-31 10:44:44.744 62263 INFO tempest.lib.common.rest_client [req-0b44f734-7ed6-4dd6-87d1-7a71de1c92a9 req-0b44f734-7ed6-4dd6-87d1-7a71de1c92a9 ] Request (ServerActionsTestOtherA:setUpClass): 201 POST http://10.180.1.21:9696/networking/v2.0/security-groups 0.253s
2024-10-31 10:44:44.766 62253 INFO tempest.lib.common.rest_client [req-fa5b3d2c-1bfd-477e-b21c-cebae1b33de9 req-fa5b3d2c-1bfd-477e-b21c-cebae1b33de9 ] Request (ServersTestMultiNic:setUpClass): 201 POST http://10.180.1.21:9696/networking/v2.0/routers 0.880s
2024-10-31 10:44:44.810 62213 INFO tempest.lib.common.rest_client [req-182d5996-74c3-47e0-a5a2-bece25e4a143 req-182d5996-74c3-47e0-a5a2-bece25e4a143 ] Request (SecurityGroupRulesTestJSON:tearDownClass): 202 DELETE http://10.180.1.21/compute/v2.1/os-security-groups/0197b9b1-a6da-4222-8a26-4d35af92f98c 0.452s
2024-10-31 10:44:44.817 62223 INFO tempest.lib.common.rest_client [req-416b1092-3a12-460f-9aad-40d5c55850db req-416b1092-3a12-460f-9aad-40d5c55850db ] Request (ServerShowV247Test:test_update_rebuild_list_server): 200 GET http://10.180.1.21/compute/v2.1/servers/f4a1ef9e-097b-41a3-9bb5-de45e2a5402d 0.380s
2024-10-31 10:44:44.854 62263 INFO tempest.lib.common.rest_client [req-b3ab24e1-0884-40ca-86a5-cd5ee5fb2171 req-b3ab24e1-0884-40ca-86a5-cd5ee5fb2171 ] Request (ServerActionsTestOtherA:setUpClass): 201 POST http://10.180.1.21:9696/networking/v2.0/security-group-rules 0.110s
2024-10-31 10:44:44.863 62249 INFO tempest.lib.common.rest_client [req-06e4c75f-fe94-4a6f-a96a-fc3e0e5e4f6b req-06e4c75f-fe94-4a6f-a96a-fc3e0e5e4f6b ] Request (ServerDiskConfigTestJSON:test_rebuild_server_with_auto_disk_config): 200 GET http://10.180.1.21/compute/v2.1/servers/8161612f-2fdb-4e4d-a161-5658ab75fac0 0.407s
2024-10-31 10:44:44.884 62245 INFO tempest.lib.common.rest_client [req-26e34991-81da-4045-8832-732cab4e72e7 req-26e34991-81da-4045-8832-732cab4e72e7 ] Request (ServerAddressesTestJSON:setUpClass): 200 GET http://10.180.1.21/compute/v2.1/servers/69389032-4877-4afb-9853-e03f282c8fd9 0.403s
2024-10-31 10:44:44.946 62207 INFO tempest.lib.common.rest_client [req-e47429d6-4183-4ca8-a188-b84775942984 req-e47429d6-4183-4ca8-a188-b84775942984 ] Request (ServerDiagnosticsV248Test:test_get_server_diagnostics): 200 GET http://10.180.1.21/compute/v2.1/servers/5c154223-6a1b-48f3-9d68-18dbc8dbcc53 0.399s
2024-10-31 10:44:45.004 62267 INFO tempest.lib.common.rest_client [req-394dfee8-42c6-46e0-bde0-7649e3ce2af0 req-394dfee8-42c6-46e0-bde0-7649e3ce2af0 ] Request (ServerActionsTestJSON:setUpClass): 200 GET http://10.180.1.21/compute/v2.1/servers/8edd0e9e-de59-4021-9c11-297760ea6571 0.435s
2024-10-31 10:44:45.064 62227 INFO tempest.lib.common.rest_client [req-99bd7d28-38a5-4ffc-a57a-b79e0d7d92b3 req-99bd7d28-38a5-4ffc-a57a-b79e0d7d92b3 ] Request (AttachInterfacesV270Test:test_create_get_list_interfaces): 200 GET http://10.180.1.21/compute/v2.1/servers/958ed6d0-3519-4b51-a29c-a2f6caec3881 0.449s
2024-10-31 10:44:45.076 62237 INFO tempest.lib.common.rest_client [req-6af055fc-2ffd-49d4-8cc1-2a9ffc35654a req-6af055fc-2ffd-49d4-8cc1-2a9ffc35654a ] Request (DeleteServersAdminTestJSON:test_delete_server_while_in_error_state): 200 GET http://10.180.1.21/compute/v2.1/servers/52b9bff5-4359-45b4-ac25-6545636b325c 0.565s
2024-10-31 10:44:45.119 62263 INFO tempest.lib.common.rest_client [req-9f087d69-1a1e-48b1-83ec-c1f504826ffb req-9f087d69-1a1e-48b1-83ec-c1f504826ffb ] Request (ServerActionsTestOtherA:setUpClass): 201 POST http://10.180.1.21:9696/networking/v2.0/security-group-rules 0.264s
2024-10-31 10:44:45.129 62261 INFO tempest.lib.common.rest_client [req-5a539d59-e7dc-4c47-8542-58547244d40c req-5a539d59-e7dc-4c47-8542-58547244d40c ] Request (ServerTagsTestJSON:setUpClass): 200 GET http://10.180.1.21/compute/v2.1/servers/eb265cc7-f2af-48e4-9528-24ea5be3b129 0.498s
2024-10-31 10:44:45.242 62213 INFO tempest.lib.common.rest_client [req-f4f15ae2-716d-4e45-b485-504babf5bb55 req-f4f15ae2-716d-4e45-b485-504babf5bb55 ] Request (SecurityGroupRulesTestJSON:tearDownClass): 202 DELETE http://10.180.1.21/compute/v2.1/os-security-groups/2dad62cc-d115-4a60-88ac-0955bece450e 0.432s
2024-10-31 10:44:45.315 62257 INFO tempest.lib.common.rest_client [req-5e2590e9-ef0d-42d8-8f32-9517c6d306c8 req-5e2590e9-ef0d-42d8-8f32-9517c6d306c8 ] Request (ImagesTestJSON:test_create_image_from_stopped_server): 200 GET http://10.180.1.21/compute/v2.1/servers/572967b0-863f-4d13-a205-b0f835c87fd3 0.334s
2024-10-31 10:44:45.358 62225 INFO tempest.lib.common.rest_client [req-514d3d13-6181-47de-b45f-fcda4e7c8ecd req-514d3d13-6181-47de-b45f-fcda4e7c8ecd ] Request (VolumesAssistedSnapshotsTest:test_volume_assisted_snapshot_create_delete): 200 GET http://10.180.1.21/compute/v2.1/servers/cdeae3e0-51ae-4498-9dbf-16583ff69a6b 0.497s
2024-10-31 10:44:45.367 62225 INFO tempest.common.waiters [-] State transition "BUILD/networking" ==> "BUILD/spawning" after 42 second wait
2024-10-31 10:44:45.400 62247 INFO tempest.lib.common.rest_client [req-7adc7bee-cda6-4bb2-b4fa-ec3b1df92430 req-7adc7bee-cda6-4bb2-b4fa-ec3b1df92430 ] Request (ServersWithSpecificFlavorTestJSON:test_verify_created_server_ephemeral_disk): 200 GET http://10.180.1.21/compute/v2.1/servers/6b07f807-2fd4-4971-86b5-22afaadebe8d 0.350s
2024-10-31 10:44:45.415 62259 INFO tempest.lib.common.rest_client [req-1273e989-bb30-4155-bdec-eb1a69084eeb req-1273e989-bb30-4155-bdec-eb1a69084eeb ] Request (ServerRescueNegativeTestJSON:setUpClass): 200 GET http://10.180.1.21/compute/v2.1/servers/0fbcfac5-64db-4911-a2a7-441e1defb92a 0.360s
2024-10-31 10:44:45.456 62241 INFO tempest.lib.common.rest_client [req-fc3188c9-e9d7-44f2-95dc-eebef38fb58d req-fc3188c9-e9d7-44f2-95dc-eebef38fb58d ] Request (AttachInterfacesTestJSON:test_create_list_show_delete_interfaces_by_fixed_ip): 200 GET http://10.180.1.21/compute/v2.1/servers/cded960a-0cf1-4b27-865e-579ca59734a0 0.350s
2024-10-31 10:44:45.480 62255 INFO tempest.lib.common.rest_client [req-f80f0ab6-ea25-4261-bc7e-e73b42ab3935 req-f80f0ab6-ea25-4261-bc7e-e73b42ab3935 ] Request (ServerMetadataTestJSON:setUpClass): 200 GET http://10.180.1.21/compute/v2.1/servers/96be8ae2-b4ae-4b7c-9064-346add930e14 0.365s
2024-10-31 10:44:45.517 62233 INFO tempest.lib.common.rest_client [req-dfe52561-4580-4bd6-bc29-7047be901465 req-dfe52561-4580-4bd6-bc29-7047be901465 ] Request (SecurityGroupsTestJSON:test_list_security_groups_by_server): 200 GET http://10.180.1.21/compute/v2.1/servers/f0c9dcee-cf3b-4abb-9014-b80b752cd94c 0.336s
2024-10-31 10:44:45.552 62215 INFO tempest.lib.common.rest_client [req-1b37f7cc-993f-4e50-8570-4014961c3958 req-1b37f7cc-993f-4e50-8570-4014961c3958 ] Request (VolumesAdminNegativeTest:test_update_attached_volume_with_nonexistent_volume_in_body): 200 GET http://10.180.1.21/compute/v2.1/servers/909149a4-b11a-4c48-925c-01f22b385f96 0.347s
2024-10-31 10:44:45.601 62231 INFO tempest.lib.common.rest_client [req-62a04591-6709-4ea6-a897-bd62c3aeba60 req-62a04591-6709-4ea6-a897-bd62c3aeba60 ] Request (ServersAdmin275Test:tearDownClass): 200 GET http://10.180.1.21/compute/v2.1/servers/bc19edb6-fcce-4ce2-82c3-e1455b5ddbc9 0.323s
2024-10-31 10:44:45.616 62265 INFO tempest.lib.common.rest_client [req-671b536b-4fa2-4be7-ab69-daa86388dcb9 req-671b536b-4fa2-4be7-ab69-daa86388dcb9 ] Request (ServerAddressesNegativeTestJSON:setUpClass): 200 GET http://10.180.1.21/compute/v2.1/servers/55001082-99ac-492c-8d2d-3a5c3bbb0e40 0.290s
2024-10-31 10:44:45.665 62221 INFO tempest.lib.common.rest_client [req-8ca9f033-5673-4343-82fb-454a659fc3f7 req-8ca9f033-5673-4343-82fb-454a659fc3f7 ] Request (ImagesNegativeTestJSON:test_create_image_from_deleted_server): 200 GET http://10.180.1.21/compute/v2.1/servers/a3009029-7c15-423a-8f26-d3efe7b59be5 0.281s
2024-10-31 10:44:45.667 62211 INFO tempest.lib.common.rest_client [req-4f806621-7d6f-4829-8b6e-406a1d82f16b req-4f806621-7d6f-4829-8b6e-406a1d82f16b ] Request (MigrationsAdminTest:test_resize_server_revert_deleted_flavor): 200 GET http://10.180.1.21/compute/v2.1/servers/d33a6766-1ee1-4d7b-8af2-5b3d6ca3c381 0.233s
2024-10-31 10:44:45.725 62243 INFO tempest.lib.common.rest_client [req-e857d787-a91f-45db-91fe-1aceb2d2bac5 req-e857d787-a91f-45db-91fe-1aceb2d2bac5 ] Request (ListImageFiltersTestJSON:setUpClass): 200 GET http://10.180.1.21/compute/v2.1/servers/17f6fbc3-632b-4053-85ab-461259732ec8 0.237s
2024-10-31 10:44:45.725 62219 INFO tempest.lib.common.rest_client [req-399c56e9-c868-4861-9ab7-f1074cd1423a req-399c56e9-c868-4861-9ab7-f1074cd1423a ] Request (ServersAdminNegativeTestJSON:setUpClass): 200 GET http://10.180.1.21/compute/v2.1/servers/5614c0a9-831a-47e0-80e3-fe21344c1b5d 0.173s
2024-10-31 10:44:45.775 62235 INFO tempest.lib.common.rest_client [req-06eb95af-f097-4994-8881-447895c09603 req-06eb95af-f097-4994-8881-447895c09603 ] Request (AttachVolumeNegativeTest:test_attach_attached_volume_to_different_server): 200 GET http://10.180.1.21/compute/v2.1/servers/f17a34cc-e3c1-4585-9c84-b5d75b14dc52 0.147s
2024-10-31 10:44:45.793 62239 INFO tempest.lib.common.rest_client [req-bd61e144-37f7-4470-969c-f0ac46d772f0 req-bd61e144-37f7-4470-969c-f0ac46d772f0 ] Request (ServerGroupTestJSON:test_create_server_with_scheduler_hint_group): 200 GET http://10.180.1.21/compute/v2.1/servers/02235e3c-37e2-4e36-9670-e3b47c46b73f 0.229s
2024-10-31 10:44:45.848 62251 INFO tempest.lib.common.rest_client [req-0aa5221e-6cc7-400c-afbe-da748ba762bc req-0aa5221e-6cc7-400c-afbe-da748ba762bc ] Request (ServersTestManualDisk:setUpClass): 200 GET http://10.180.1.21/compute/v2.1/servers/3a579f75-ba82-459a-89b3-75615df4879e 0.217s
2024-10-31 10:44:45.863 62229 INFO tempest.lib.common.rest_client [req-f4024ff7-1b94-4d7f-9094-75aad29a2549 req-f4024ff7-1b94-4d7f-9094-75aad29a2549 ] Request (ServersTestJSON:setUpClass): 200 GET http://10.180.1.21/compute/v2.1/servers/18a0fc3a-7cdf-4512-abeb-3370abe0b17c 0.162s
2024-10-31 10:44:45.872 62263 INFO tempest.lib.common.rest_client [req-896ecc19-47b7-4524-b870-a4c230b73611 req-896ecc19-47b7-4524-b870-a4c230b73611 ] Request (ServerActionsTestOtherA:setUpClass): 201 POST http://10.180.1.21:9696/networking/v2.0/floatingips 0.752s
2024-10-31 10:44:45.908 62209 INFO tempest.lib.common.rest_client [req-119c3cc1-b637-4d97-8b62-d90114e0e799 req-119c3cc1-b637-4d97-8b62-d90114e0e799 ] Request (InstanceActionsNegativeTestJSON:setUpClass): 200 GET http://10.180.1.21/compute/v2.1/servers/606ce981-4ba8-4d7d-b49d-5012d60e2b31 0.156s
2024-10-31 10:44:45.914 62263 INFO tempest.lib.common.rest_client [req-293b3d40-4071-4bc4-a4d0-eff44e9f4818 req-293b3d40-4071-4bc4-a4d0-eff44e9f4818 ] Request (ServerActionsTestOtherA:setUpClass): 201 POST http://10.180.1.21/identity/v3/auth/tokens 0.038s
2024-10-31 10:44:45.914 62263 INFO tempest.lib.common.fixed_network [-] (ServerActionsTestOtherA:setUpClass) Found network {'id': 'fc51363f-26dc-45aa-a852-7acc0165fcb6', 'name': 'tempest-ServerActionsTestOtherA-747469387-network', 'tenant_id': '430ef1a302aa441e8a54e9b7b6f03008', 'admin_state_up': True, 'mtu': 8950, 'status': 'ACTIVE', 'subnets': [], 'shared': False, 'project_id': '430ef1a302aa441e8a54e9b7b6f03008', 'port_security_enabled': True, 'router:external': False, 'provider:network_type': 'vlan', 'provider:physical_network': 'default', 'provider:segmentation_id': 450, 'availability_zone_hints': [], 'availability_zones': [], 'ipv4_address_scope': None, 'ipv6_address_scope': None, 'description': '', 'tags': [], 'created_at': '2024-10-31T10:44:40Z', 'updated_at': '2024-10-31T10:44:40Z', 'revision_number': 1} available for tenant
2024-10-31 10:44:45.931 62223 INFO tempest.lib.common.rest_client [req-a52b8c08-9603-4912-8241-e22d1f765459 req-a52b8c08-9603-4912-8241-e22d1f765459 ] Request (ServerShowV247Test:test_update_rebuild_list_server): 200 GET http://10.180.1.21/compute/v2.1/servers/f4a1ef9e-097b-41a3-9bb5-de45e2a5402d 0.101s
2024-10-31 10:44:45.981 62249 INFO tempest.lib.common.rest_client [req-89f1067e-f8f0-4df6-a77d-a3f752d95774 req-89f1067e-f8f0-4df6-a77d-a3f752d95774 ] Request (ServerDiskConfigTestJSON:test_rebuild_server_with_auto_disk_config): 200 GET http://10.180.1.21/compute/v2.1/servers/8161612f-2fdb-4e4d-a161-5658ab75fac0 0.111s
2024-10-31 10:44:45.990 62245 INFO tempest.lib.common.rest_client [req-2ca45302-fff7-4cfb-b130-e50f8d5d3a94 req-2ca45302-fff7-4cfb-b130-e50f8d5d3a94 ] Request (ServerAddressesTestJSON:setUpClass): 200 GET http://10.180.1.21/compute/v2.1/servers/69389032-4877-4afb-9853-e03f282c8fd9 0.099s
2024-10-31 10:44:46.052 62207 INFO tempest.lib.common.rest_client [req-3335b6fa-da64-4b84-b90c-b41eb112b3a3 req-3335b6fa-da64-4b84-b90c-b41eb112b3a3 ] Request (ServerDiagnosticsV248Test:test_get_server_diagnostics): 200 GET http://10.180.1.21/compute/v2.1/servers/5c154223-6a1b-48f3-9d68-18dbc8dbcc53 0.095s
2024-10-31 10:44:46.129 62267 INFO tempest.lib.common.rest_client [req-c87e4e0a-8762-458a-8754-8a9d63bd4f17 req-c87e4e0a-8762-458a-8754-8a9d63bd4f17 ] Request (ServerActionsTestJSON:setUpClass): 200 GET http://10.180.1.21/compute/v2.1/servers/8edd0e9e-de59-4021-9c11-297760ea6571 0.115s
2024-10-31 10:44:46.187 62227 INFO tempest.lib.common.rest_client [req-2a5c0f13-502d-4e27-b173-56344f4a534c req-2a5c0f13-502d-4e27-b173-56344f4a534c ] Request (AttachInterfacesV270Test:test_create_get_list_interfaces): 200 GET http://10.180.1.21/compute/v2.1/servers/958ed6d0-3519-4b51-a29c-a2f6caec3881 0.115s
2024-10-31 10:44:46.243 62237 INFO tempest.lib.common.rest_client [req-60e8550c-51f0-45f9-ae5d-06c2dfa82456 req-60e8550c-51f0-45f9-ae5d-06c2dfa82456 ] Request (DeleteServersAdminTestJSON:test_delete_server_while_in_error_state): 200 GET http://10.180.1.21/compute/v2.1/servers/52b9bff5-4359-45b4-ac25-6545636b325c 0.158s
2024-10-31 10:44:46.305 62261 INFO tempest.lib.common.rest_client [req-e8a1ece8-78e9-40e3-80da-579819d30f42 req-e8a1ece8-78e9-40e3-80da-579819d30f42 ] Request (ServerTagsTestJSON:setUpClass): 200 GET http://10.180.1.21/compute/v2.1/servers/eb265cc7-f2af-48e4-9528-24ea5be3b129 0.167s
2024-10-31 10:44:46.321 62213 INFO tempest.lib.common.rest_client [req-be43a6f9-84fb-4aa4-8963-b67ed6c4302f req-be43a6f9-84fb-4aa4-8963-b67ed6c4302f ] Request (SecurityGroupRulesTestJSON:tearDownClass): 200 PUT http://10.180.1.21:9696/networking/v2.0/routers/d65d9e4c-c5d5-4bea-9ce4-ebc0faad75a9/remove_router_interface 1.078s
2024-10-31 10:44:46.376 62253 INFO tempest.lib.common.rest_client [req-e2cdae66-0d31-4063-8c71-9ed7e232bd2b req-e2cdae66-0d31-4063-8c71-9ed7e232bd2b ] Request (ServersTestMultiNic:setUpClass): 200 PUT http://10.180.1.21:9696/networking/v2.0/routers/29946f84-efc5-4ef0-bb31-4bda94d96517/add_router_interface 1.609s
2024-10-31 10:44:46.376 62253 INFO tempest.lib.common.dynamic_creds [-] Created isolated network resources for: credentials: Credentials: {'domain_id': 'default', 'domain_name': 'Default', 'username': 'tempest-ServersTestMultiNic-1171028798-project-member', 'project_domain_id': 'default', 'project_domain_name': 'Default', 'project_id': '70cd9e5ea34e43d0ad414b8550b7a9f3', 'project_name': 'tempest-ServersTestMultiNic-1171028798', 'tenant_id': '70cd9e5ea34e43d0ad414b8550b7a9f3', 'tenant_name': 'tempest-ServersTestMultiNic-1171028798', 'user_domain_id': 'default', 'user_domain_name': 'Default', 'user_id': 'ae83260429c2454faf2a3c6177d801ef', 'system': None}, Network: {'id': '95d8a3de-8fcb-4253-b413-cb882fc5a629', 'name': 'tempest-ServersTestMultiNic-1866731218-network', 'tenant_id': '70cd9e5ea34e43d0ad414b8550b7a9f3', 'admin_state_up': True, 'mtu': 8950, 'status': 'ACTIVE', 'subnets': [], 'shared': False, 'project_id': '70cd9e5ea34e43d0ad414b8550b7a9f3', 'port_security_enabled': True, 'router:external': False, 'provider:network_type': 'vlan', 'provider:physical_network': 'default', 'provider:segmentation_id': 723, 'availability_zone_hints': [], 'availability_zones': [], 'ipv4_address_scope': None, 'ipv6_address_scope': None, 'description': '', 'tags': [], 'created_at': '2024-10-31T10:44:43Z', 'updated_at': '2024-10-31T10:44:43Z', 'revision_number': 1}, Subnet: {'id': 'b11a07ea-449f-4a93-97a6-ae6cfafa361f', 'name': 'tempest-ServersTestMultiNic-1866731218-subnet', 'tenant_id': '70cd9e5ea34e43d0ad414b8550b7a9f3', 'network_id': '95d8a3de-8fcb-4253-b413-cb882fc5a629', 'ip_version': 4, 'subnetpool_id': None, 'enable_dhcp': True, 'ipv6_ra_mode': None, 'ipv6_address_mode': None, 'gateway_ip': '192.168.128.1', 'cidr': '192.168.128.0/28', 'allocation_pools': [{'start': '192.168.128.2', 'end': '192.168.128.14'}], 'host_routes': [], 'dns_nameservers': [], 'description': '', 'router:external': False, 'service_types': [], 'tags': [], 'created_at': '2024-10-31T10:44:43Z', 'updated_at': '2024-10-31T10:44:43Z', 'revision_number': 0, 'project_id': '70cd9e5ea34e43d0ad414b8550b7a9f3'}, Router: {'id': '29946f84-efc5-4ef0-bb31-4bda94d96517', 'name': 'tempest-ServersTestMultiNic-1866731218-router', 'tenant_id': '70cd9e5ea34e43d0ad414b8550b7a9f3', 'admin_state_up': True, 'status': 'ACTIVE', 'external_gateway_info': {'network_id': 'f1a36455-8373-4153-9caa-36dc0468acfd', 'external_fixed_ips': [{'subnet_id': 'ea18568f-2b63-4c74-a812-994388b49a95', 'ip_address': '10.180.180.209'}], 'enable_snat': True}, 'description': '', 'availability_zones': [], 'distributed': False, 'ha': False, 'availability_zone_hints': [], 'routes': [], 'flavor_id': None, 'tags': [], 'created_at': '2024-10-31T10:44:43Z', 'updated_at': '2024-10-31T10:44:44Z', 'revision_number': 2, 'project_id': '70cd9e5ea34e43d0ad414b8550b7a9f3'}
2024-10-31 10:44:46.423 62257 INFO tempest.lib.common.rest_client [req-343c72aa-66e3-4138-a594-808857e15019 req-343c72aa-66e3-4138-a594-808857e15019 ] Request (ImagesTestJSON:test_create_image_from_stopped_server): 200 GET http://10.180.1.21/compute/v2.1/servers/572967b0-863f-4d13-a205-b0f835c87fd3 0.098s
2024-10-31 10:44:46.483 62225 INFO tempest.lib.common.rest_client [req-b3468789-8e77-476b-ac77-0690b53fa5d6 req-b3468789-8e77-476b-ac77-0690b53fa5d6 ] Request (VolumesAssistedSnapshotsTest:test_volume_assisted_snapshot_create_delete): 200 GET http://10.180.1.21/compute/v2.1/servers/cdeae3e0-51ae-4498-9dbf-16583ff69a6b 0.115s
2024-10-31 10:44:46.487 62253 INFO tempest.lib.common.rest_client [req-045644b7-7493-41cd-b9fb-ac5acbaa1a93 req-045644b7-7493-41cd-b9fb-ac5acbaa1a93 ] Request (ServersTestMultiNic:setUpClass): 201 POST http://10.180.1.21/identity/v3/auth/tokens 0.103s
2024-10-31 10:44:46.665 62247 INFO tempest.lib.common.rest_client [req-3179c593-3095-4529-8488-bb5fb8dc62dd req-3179c593-3095-4529-8488-bb5fb8dc62dd ] Request (ServersWithSpecificFlavorTestJSON:test_verify_created_server_ephemeral_disk): 200 GET http://10.180.1.21/compute/v2.1/servers/6b07f807-2fd4-4971-86b5-22afaadebe8d 0.255s
2024-10-31 10:44:46.672 62247 INFO tempest.common.waiters [-] State transition "BUILD/None" ==> "BUILD/block_device_mapping" after 43 second wait
2024-10-31 10:44:46.700 62263 INFO tempest.lib.common.rest_client [req-e6494d46-4735-4d4a-8049-ff86842691e4 req-e6494d46-4735-4d4a-8049-ff86842691e4 ] Request (ServerActionsTestOtherA:setUpClass): 202 POST http://10.180.1.21/compute/v2.1/servers 0.785s
2024-10-31 10:44:46.737 62259 INFO tempest.lib.common.rest_client [req-93a2d4f5-1f8a-416f-b81e-db15488561d2 req-93a2d4f5-1f8a-416f-b81e-db15488561d2 ] Request (ServerRescueNegativeTestJSON:setUpClass): 200 GET http://10.180.1.21/compute/v2.1/servers/0fbcfac5-64db-4911-a2a7-441e1defb92a 0.306s
2024-10-31 10:44:46.756 62253 INFO tempest.lib.common.rest_client [req-02bcacb7-5fc9-4763-8536-5ec78da84dcc req-02bcacb7-5fc9-4763-8536-5ec78da84dcc ] Request (ServersTestMultiNic:test_verify_duplicate_network_nics): 201 POST http://10.180.1.21:9696/networking/v2.0/networks 0.268s
2024-10-31 10:44:46.768 62241 INFO tempest.lib.common.rest_client [req-9a964832-7888-4d44-849c-35ff6a76a645 req-9a964832-7888-4d44-849c-35ff6a76a645 ] Request (AttachInterfacesTestJSON:test_create_list_show_delete_interfaces_by_fixed_ip): 200 GET http://10.180.1.21/compute/v2.1/servers/cded960a-0cf1-4b27-865e-579ca59734a0 0.304s
2024-10-31 10:44:46.802 62255 INFO tempest.lib.common.rest_client [req-db08cec6-1f18-4266-8db3-8b252779f714 req-db08cec6-1f18-4266-8db3-8b252779f714 ] Request (ServerMetadataTestJSON:setUpClass): 200 GET http://10.180.1.21/compute/v2.1/servers/96be8ae2-b4ae-4b7c-9064-346add930e14 0.314s
2024-10-31 10:44:46.834 62213 INFO tempest.lib.common.rest_client [req-4f5108aa-c139-4693-8fcd-46435bf8419a req-4f5108aa-c139-4693-8fcd-46435bf8419a ] Request (SecurityGroupRulesTestJSON:tearDownClass): 204 DELETE http://10.180.1.21:9696/networking/v2.0/routers/d65d9e4c-c5d5-4bea-9ce4-ebc0faad75a9 0.513s
2024-10-31 10:44:46.836 62233 INFO tempest.lib.common.rest_client [req-dec6b1ad-6dd9-4443-b4bb-ac3b7ab121b3 req-dec6b1ad-6dd9-4443-b4bb-ac3b7ab121b3 ] Request (SecurityGroupsTestJSON:test_list_security_groups_by_server): 200 GET http://10.180.1.21/compute/v2.1/servers/f0c9dcee-cf3b-4abb-9014-b80b752cd94c 0.310s
2024-10-31 10:44:46.874 62215 INFO tempest.lib.common.rest_client [req-1cb28907-ccfe-4c00-b44a-87d3427b4cf0 req-1cb28907-ccfe-4c00-b44a-87d3427b4cf0 ] Request (VolumesAdminNegativeTest:test_update_attached_volume_with_nonexistent_volume_in_body): 200 GET http://10.180.1.21/compute/v2.1/servers/909149a4-b11a-4c48-925c-01f22b385f96 0.310s
2024-10-31 10:44:46.942 62265 INFO tempest.lib.common.rest_client [req-6482ed7d-d80d-4e45-8384-82a7d52f1695 req-6482ed7d-d80d-4e45-8384-82a7d52f1695 ] Request (ServerAddressesNegativeTestJSON:setUpClass): 200 GET http://10.180.1.21/compute/v2.1/servers/55001082-99ac-492c-8d2d-3a5c3bbb0e40 0.319s
2024-10-31 10:44:47.001 62221 INFO tempest.lib.common.rest_client [req-c11dae7f-6c9c-4cab-b871-426411097f23 req-c11dae7f-6c9c-4cab-b871-426411097f23 ] Request (ImagesNegativeTestJSON:test_create_image_from_deleted_server): 200 GET http://10.180.1.21/compute/v2.1/servers/a3009029-7c15-423a-8f26-d3efe7b59be5 0.327s
