2024-04-02 10:06:08.750 61921 INFO tempest.lib.common.rest_client [req-d43da58e-6661-4856-b1c2-b948905a30f9 req-d43da58e-6661-4856-b1c2-b948905a30f9 ] Request (HostsAdminNegativeTestJSON:tearDownClass): 204 DELETE http://10.180.1.21/identity/v3/projects/4858b35c4eba4e99917c6d7b3d6bfedf 0.093s
2024-04-02 10:06:08.806 61920 INFO tempest.lib.common.rest_client [req-61f44583-83ea-4f26-88bc-52ee0193c122 req-61f44583-83ea-4f26-88bc-52ee0193c122 ] Request (MultipleCreateTestJSON:setUpClass): 201 POST http://10.180.1.21:9696/networking/v2.0/subnets 0.498s
2024-04-02 10:06:08.811 61921 INFO tempest.lib.common.rest_client [req-83b54ea7-2643-4685-8391-1dc808f61c28 req-83b54ea7-2643-4685-8391-1dc808f61c28 ] Request (ServicesAdminNegativeTestJSON:setUpClass): 201 POST http://10.180.1.21/identity/v3/auth/tokens 0.059s
2024-04-02 10:06:08.819 61943 INFO tempest.lib.common.rest_client [req-553ce7cb-71fa-4016-b599-c9572db1a76f req-553ce7cb-71fa-4016-b599-c9572db1a76f ] Request (InstanceUsageAuditLogNegativeTestJSON:tearDownClass): 204 DELETE http://10.180.1.21:9696/networking/v2.0/security-groups/f01955c1-0c66-4c38-900f-684a52892e37 0.553s
2024-04-02 10:06:08.835 61921 INFO tempest.lib.common.rest_client [req-37d7ee94-1fd9-4b15-9bea-95f71ce2e421 req-37d7ee94-1fd9-4b15-9bea-95f71ce2e421 ] Request (ServicesAdminNegativeTestJSON:setUpClass): 201 POST http://10.180.1.21/identity/v3/auth/tokens 0.021s
2024-04-02 10:06:08.853 61921 INFO tempest.lib.common.rest_client [req-b832a2e4-ae25-4a59-890f-26a8a1d4f188 req-b832a2e4-ae25-4a59-890f-26a8a1d4f188 ] Request (ServicesAdminNegativeTestJSON:setUpClass): 200 GET http://10.180.1.21/identity/v3/domains?name=Default 0.018s
2024-04-02 10:06:08.885 61943 INFO tempest.lib.common.rest_client [req-10d785fc-5d45-415c-aacc-585308a05e7f req-10d785fc-5d45-415c-aacc-585308a05e7f ] Request (InstanceUsageAuditLogNegativeTestJSON:tearDownClass): 204 DELETE http://10.180.1.21/identity/v3/projects/7263295d3da24867ae7308e1f9310fa4 0.066s
2024-04-02 10:06:08.886 61943 INFO tempest.test [-] raised in LiveAutoBlockMigrationV225Test.setUpClass. Invoking tearDownClass.
2024-04-02 10:06:08.897 61893 INFO tempest.lib.common.rest_client [req-8ed58fb2-cdfc-40e4-88cc-31241db43526 req-8ed58fb2-cdfc-40e4-88cc-31241db43526 ] Request (DeleteServersAdminTestJSON:test_admin_delete_servers_of_others): 200 GET http://10.180.1.21/compute/v2.1/servers/b6e68fe1-4ec8-4f0f-bc6b-168038b1998e 1.191s
2024-04-02 10:06:08.913 61921 INFO tempest.lib.common.rest_client [req-de094f55-4e89-480f-9261-dc8563866d69 req-de094f55-4e89-480f-9261-dc8563866d69 ] Request (ServicesAdminNegativeTestJSON:setUpClass): 201 POST http://10.180.1.21/identity/v3/projects 0.059s
2024-04-02 10:06:08.951 61943 INFO tempest.lib.common.rest_client [req-b400e100-72ab-45b9-9c12-28ce741b2fb0 req-b400e100-72ab-45b9-9c12-28ce741b2fb0 ] Request (KeyPairsV22TestJSON:setUpClass): 201 POST http://10.180.1.21/identity/v3/auth/tokens 0.063s
2024-04-02 10:06:08.975 61921 INFO tempest.lib.common.rest_client [req-1732f434-7645-4ec4-a4ff-bbee5adbcb58 req-1732f434-7645-4ec4-a4ff-bbee5adbcb58 ] Request (ServicesAdminNegativeTestJSON:setUpClass): 201 POST http://10.180.1.21/identity/v3/users 0.062s
2024-04-02 10:06:08.976 61943 INFO tempest.lib.common.rest_client [req-b67ff33d-ad65-452b-a7f7-b5a526b53c84 req-b67ff33d-ad65-452b-a7f7-b5a526b53c84 ] Request (KeyPairsV22TestJSON:setUpClass): 201 POST http://10.180.1.21/identity/v3/auth/tokens 0.022s
2024-04-02 10:06:08.991 61921 INFO tempest.lib.common.rest_client [req-ca0fb87a-0a7b-4a03-9288-14b59fb72ee7 req-ca0fb87a-0a7b-4a03-9288-14b59fb72ee7 ] Request (ServicesAdminNegativeTestJSON:setUpClass): 200 GET http://10.180.1.21/identity/v3/roles 0.015s
2024-04-02 10:06:08.995 61943 INFO tempest.lib.common.rest_client [req-81250be0-3803-46d9-b99a-d224fb5c0d67 req-81250be0-3803-46d9-b99a-d224fb5c0d67 ] Request (KeyPairsV22TestJSON:setUpClass): 200 GET http://10.180.1.21/identity/v3/domains?name=Default 0.019s
2024-04-02 10:06:09.013 61921 INFO tempest.lib.common.rest_client [req-d41270ef-c91c-4903-b2b5-05ab724b68fe req-d41270ef-c91c-4903-b2b5-05ab724b68fe ] Request (ServicesAdminNegativeTestJSON:setUpClass): 204 PUT http://10.180.1.21/identity/v3/projects/f4317292b3d641c69ab5b1138c1764ba/users/a4019f3a4d6547c4942dc1af586b6edc/roles/3c9354b377184dc4bc2b0e96b35c343e 0.022s
2024-04-02 10:06:09.014 61921 INFO tempest.lib.common.dynamic_creds [-] Dynamic test user a4019f3a4d6547c4942dc1af586b6edc is created with scope project and roles: ['member']
2024-04-02 10:06:09.014 61921 INFO tempest.lib.common.dynamic_creds [-] Acquired dynamic creds: credentials: Credentials: {'domain_id': 'default', 'domain_name': 'Default', 'username': 'tempest-ServicesAdminNegativeTestJSON-47872008-project-member', 'project_domain_id': 'default', 'project_domain_name': 'Default', 'project_id': 'f4317292b3d641c69ab5b1138c1764ba', 'project_name': 'tempest-ServicesAdminNegativeTestJSON-47872008', 'tenant_id': 'f4317292b3d641c69ab5b1138c1764ba', 'tenant_name': 'tempest-ServicesAdminNegativeTestJSON-47872008', 'user_domain_id': 'default', 'user_domain_name': 'Default', 'user_id': 'a4019f3a4d6547c4942dc1af586b6edc', 'system': None}, Network: None, Subnet: None, Router: None
2024-04-02 10:06:09.014 61921 INFO tempest.lib.common.dynamic_creds [-] Created isolated network resources for: credentials: Credentials: {'domain_id': 'default', 'domain_name': 'Default', 'username': 'tempest-ServicesAdminNegativeTestJSON-47872008-project-member', 'project_domain_id': 'default', 'project_domain_name': 'Default', 'project_id': 'f4317292b3d641c69ab5b1138c1764ba', 'project_name': 'tempest-ServicesAdminNegativeTestJSON-47872008', 'tenant_id': 'f4317292b3d641c69ab5b1138c1764ba', 'tenant_name': 'tempest-ServicesAdminNegativeTestJSON-47872008', 'user_domain_id': 'default', 'user_domain_name': 'Default', 'user_id': 'a4019f3a4d6547c4942dc1af586b6edc', 'system': None}, Network: None, Subnet: None, Router: None
2024-04-02 10:06:09.019 61943 INFO tempest.lib.common.rest_client [req-f21b70ef-8bed-4c5d-a2b7-ac8c33327a36 req-f21b70ef-8bed-4c5d-a2b7-ac8c33327a36 ] Request (KeyPairsV22TestJSON:setUpClass): 201 POST http://10.180.1.21/identity/v3/projects 0.023s
2024-04-02 10:06:09.020 61910 INFO tempest.lib.common.rest_client [req-bcbf78c8-badf-46be-a381-0ade81271684 req-bcbf78c8-badf-46be-a381-0ade81271684 ] Request (HypervisorAdminV228Test:tearDownClass): 204 DELETE http://10.180.1.21:9696/networking/v2.0/security-groups/834c5372-0b82-4acc-8587-fb80814d47c3 0.690s
2024-04-02 10:06:09.070 61921 INFO tempest.lib.common.rest_client [req-ae66f742-7885-45ce-973d-dd83a7a888ee req-ae66f742-7885-45ce-973d-dd83a7a888ee ] Request (ServicesAdminNegativeTestJSON:setUpClass): 201 POST http://10.180.1.21/identity/v3/auth/tokens 0.053s
2024-04-02 10:06:09.088 61943 INFO tempest.lib.common.rest_client [req-4e8dc3bc-c186-48c0-be85-6241fde31f22 req-4e8dc3bc-c186-48c0-be85-6241fde31f22 ] Request (KeyPairsV22TestJSON:setUpClass): 201 POST http://10.180.1.21/identity/v3/users 0.069s
2024-04-02 10:06:09.107 61935 INFO tempest.lib.common.rest_client [req-bea7e069-c30b-4fd5-aa3d-832bf34294c8 req-bea7e069-c30b-4fd5-aa3d-832bf34294c8 ] Request (ServerDiagnosticsTest:test_get_server_diagnostics): 200 GET http://10.180.1.21/compute/v2.1/servers/29281253-e489-48f5-b219-75ae984adb00 1.389s
2024-04-02 10:06:09.126 61921 INFO tempest.lib.common.rest_client [req-b4322245-efa9-4858-adec-021afa64da7d req-b4322245-efa9-4858-adec-021afa64da7d ] Request (ServicesAdminNegativeTestJSON:setUpClass): 201 POST http://10.180.1.21/identity/v3/projects 0.055s
2024-04-02 10:06:09.145 61910 INFO tempest.lib.common.rest_client [req-78015227-258e-41cf-8c4b-75df6973eb8e req-78015227-258e-41cf-8c4b-75df6973eb8e ] Request (HypervisorAdminV228Test:tearDownClass): 204 DELETE http://10.180.1.21/identity/v3/projects/6b773ca9aaea4edca1783f79bc5328df 0.124s
2024-04-02 10:06:09.147 61915 INFO tempest.lib.common.rest_client [req-ec24b20f-2ca0-4b88-b51a-ab50588149ac req-ec24b20f-2ca0-4b88-b51a-ab50588149ac ] Request (SecurityGroupsTestAdminJSON:test_list_security_groups_list_all_tenants_filter): 200 POST http://10.180.1.21/compute/v2.1/os-security-groups 1.703s
2024-04-02 10:06:09.158 61897 INFO tempest.lib.common.rest_client [req-d85afdf4-29c2-43ad-bd3f-9f92a6d42eac req-d85afdf4-29c2-43ad-bd3f-9f92a6d42eac ] Request (AttachInterfacesUnderV243Test:setUpClass): 201 POST http://10.180.1.21:9696/networking/v2.0/subnets 0.432s
2024-04-02 10:06:09.167 61917 INFO tempest.lib.common.rest_client [req-3c6f3f4f-59bd-40f5-863c-3d2571f694f3 req-3c6f3f4f-59bd-40f5-863c-3d2571f694f3 ] Request (AttachInterfacesV270Test:setUpClass): 200 PUT http://10.180.1.21:9696/networking/v2.0/routers/46f02f9e-37a0-4799-be16-8e738cfef63e/add_router_interface 2.361s
2024-04-02 10:06:09.167 61917 INFO tempest.lib.common.dynamic_creds [-] Created isolated network resources for: credentials: Credentials: {'domain_id': 'default', 'domain_name': 'Default', 'username': 'tempest-AttachInterfacesV270Test-288835143-project-member', 'project_domain_id': 'default', 'project_domain_name': 'Default', 'project_id': 'e4a928f43a5940b99afed582c12b982e', 'project_name': 'tempest-AttachInterfacesV270Test-288835143', 'tenant_id': 'e4a928f43a5940b99afed582c12b982e', 'tenant_name': 'tempest-AttachInterfacesV270Test-288835143', 'user_domain_id': 'default', 'user_domain_name': 'Default', 'user_id': '3b50db55be9848749dd9f324f80993ae', 'system': None}, Network: {'id': '8873668e-c520-4f42-a85d-2444cc6b7665', 'name': 'tempest-AttachInterfacesV270Test-2083240149-network', 'tenant_id': 'e4a928f43a5940b99afed582c12b982e', 'admin_state_up': True, 'mtu': 8950, 'status': 'ACTIVE', 'subnets': [], 'shared': False, 'project_id': 'e4a928f43a5940b99afed582c12b982e', 'port_security_enabled': True, 'router:external': False, 'provider:network_type': 'vlan', 'provider:physical_network': 'default', 'provider:segmentation_id': 732, 'is_default': False, 'availability_zone_hints': [], 'availability_zones': [], 'ipv4_address_scope': None, 'ipv6_address_scope': None, 'description': '', 'tags': [], 'created_at': '2024-04-02T10:06:04Z', 'updated_at': '2024-04-02T10:06:04Z', 'revision_number': 1}, Subnet: {'id': '4dd32bef-31d3-43fa-9106-b1b9fb2b2416', 'name': 'tempest-AttachInterfacesV270Test-2083240149-subnet', 'tenant_id': 'e4a928f43a5940b99afed582c12b982e', 'network_id': '8873668e-c520-4f42-a85d-2444cc6b7665', 'ip_version': 4, 'subnetpool_id': None, 'enable_dhcp': True, 'ipv6_ra_mode': None, 'ipv6_address_mode': None, 'gateway_ip': '192.168.128.1', 'cidr': '192.168.128.0/28', 'allocation_pools': [{'start': '192.168.128.2', 'end': '192.168.128.14'}], 'host_routes': [], 'dns_nameservers': [], 'description': '', 'service_types': [], 'tags': [], 'created_at': '2024-04-02T10:06:04Z', 'updated_at': '2024-04-02T10:06:04Z', 'revision_number': 0, 'project_id': 'e4a928f43a5940b99afed582c12b982e'}, Router: {'id': '46f02f9e-37a0-4799-be16-8e738cfef63e', 'name': 'tempest-AttachInterfacesV270Test-2083240149-router', 'tenant_id': 'e4a928f43a5940b99afed582c12b982e', 'admin_state_up': True, 'status': 'ACTIVE', 'external_gateway_info': {'network_id': 'b5229ccf-1702-4cac-ad08-d508238e2a9e', 'external_fixed_ips': [{'subnet_id': '3ab061c2-6f54-454a-807b-35f20c538fca', 'ip_address': '10.180.180.206'}], 'enable_snat': True}, 'description': '', 'availability_zones': [], 'distributed': False, 'ha': False, 'availability_zone_hints': [], 'routes': [], 'flavor_id': None, 'tags': [], 'created_at': '2024-04-02T10:06:05Z', 'updated_at': '2024-04-02T10:06:06Z', 'revision_number': 3, 'project_id': 'e4a928f43a5940b99afed582c12b982e'}
2024-04-02 10:06:09.181 61943 INFO tempest.lib.common.rest_client [req-582a58c9-55b8-4aec-a7cb-18fad426c48b req-582a58c9-55b8-4aec-a7cb-18fad426c48b ] Request (KeyPairsV22TestJSON:setUpClass): 200 GET http://10.180.1.21/identity/v3/roles 0.092s
2024-04-02 10:06:09.202 61921 INFO tempest.lib.common.rest_client [req-37bc3095-9b2f-4f0b-ad7e-b0cc6ca13a88 req-37bc3095-9b2f-4f0b-ad7e-b0cc6ca13a88 ] Request (ServicesAdminNegativeTestJSON:setUpClass): 201 POST http://10.180.1.21/identity/v3/users 0.075s
2024-04-02 10:06:09.203 61910 INFO tempest.lib.common.rest_client [req-09410202-8052-4547-bbd0-bab11f44fd2b req-09410202-8052-4547-bbd0-bab11f44fd2b ] Request (AbsoluteLimitsNegativeTestJSON:setUpClass): 201 POST http://10.180.1.21/identity/v3/auth/tokens 0.056s
2024-04-02 10:06:09.217 61921 INFO tempest.lib.common.rest_client [req-9e2af32d-0df5-468a-b4de-9c14077cda76 req-9e2af32d-0df5-468a-b4de-9c14077cda76 ] Request (ServicesAdminNegativeTestJSON:setUpClass): 200 GET http://10.180.1.21/identity/v3/roles 0.015s
2024-04-02 10:06:09.227 61906 INFO tempest.lib.common.rest_client [req-7eb2d783-74a8-4446-aa7d-e4ebb562ffa8 req-7eb2d783-74a8-4446-aa7d-e4ebb562ffa8 ] Request (VolumesAssistedSnapshotsTest:test_volume_assisted_snapshot_create_delete): 200 GET http://10.180.1.21/compute/v2.1/servers/62d0a02d-88af-48f2-a14a-c9f2e899babe 1.475s
2024-04-02 10:06:09.232 61912 INFO tempest.lib.common.rest_client [req-67f584cb-c63b-4a18-b509-d13ab3419bd6 req-67f584cb-c63b-4a18-b509-d13ab3419bd6 ] Request (ServerRescueNegativeTestJSON:setUpClass): 201 POST http://10.180.1.21:9696/networking/v2.0/subnets 0.907s
2024-04-02 10:06:09.236 61910 INFO tempest.lib.common.rest_client [req-c61ed0c6-578c-45b7-a494-98e9280db070 req-c61ed0c6-578c-45b7-a494-98e9280db070 ] Request (AbsoluteLimitsNegativeTestJSON:setUpClass): 201 POST http://10.180.1.21/identity/v3/auth/tokens 0.031s
2024-04-02 10:06:09.240 61943 INFO tempest.lib.common.rest_client [req-55985922-9468-4b35-afed-8a2d149edd15 req-55985922-9468-4b35-afed-8a2d149edd15 ] Request (KeyPairsV22TestJSON:setUpClass): 204 PUT http://10.180.1.21/identity/v3/projects/782589e0a9f4429490d878c8eb1d4359/users/cdc624625bdb4013bb348f280fdaf295/roles/3c9354b377184dc4bc2b0e96b35c343e 0.058s
2024-04-02 10:06:09.240 61943 INFO tempest.lib.common.dynamic_creds [-] Dynamic test user cdc624625bdb4013bb348f280fdaf295 is created with scope project and roles: ['member']
2024-04-02 10:06:09.240 61943 INFO tempest.lib.common.dynamic_creds [-] Acquired dynamic creds: credentials: Credentials: {'domain_id': 'default', 'domain_name': 'Default', 'username': 'tempest-KeyPairsV22TestJSON-51918223-project-member', 'project_domain_id': 'default', 'project_domain_name': 'Default', 'project_id': '782589e0a9f4429490d878c8eb1d4359', 'project_name': 'tempest-KeyPairsV22TestJSON-51918223', 'tenant_id': '782589e0a9f4429490d878c8eb1d4359', 'tenant_name': 'tempest-KeyPairsV22TestJSON-51918223', 'user_domain_id': 'default', 'user_domain_name': 'Default', 'user_id': 'cdc624625bdb4013bb348f280fdaf295', 'system': None}, Network: None, Subnet: None, Router: None
2024-04-02 10:06:09.240 61943 INFO tempest.lib.common.dynamic_creds [-] Created isolated network resources for: credentials: Credentials: {'domain_id': 'default', 'domain_name': 'Default', 'username': 'tempest-KeyPairsV22TestJSON-51918223-project-member', 'project_domain_id': 'default', 'project_domain_name': 'Default', 'project_id': '782589e0a9f4429490d878c8eb1d4359', 'project_name': 'tempest-KeyPairsV22TestJSON-51918223', 'tenant_id': '782589e0a9f4429490d878c8eb1d4359', 'tenant_name': 'tempest-KeyPairsV22TestJSON-51918223', 'user_domain_id': 'default', 'user_domain_name': 'Default', 'user_id': 'cdc624625bdb4013bb348f280fdaf295', 'system': None}, Network: None, Subnet: None, Router: None
2024-04-02 10:06:09.287 61921 INFO tempest.lib.common.rest_client [req-7490bd50-0084-4a0e-9010-e90500056481 req-7490bd50-0084-4a0e-9010-e90500056481 ] Request (ServicesAdminNegativeTestJSON:setUpClass): 204 PUT http://10.180.1.21/identity/v3/projects/5d568d754c884e45968cde05e98006f6/users/64fc695e4ebd41e79b208d2c3f242020/roles/9328f4ad21d641788c23eeb765652981 0.069s
2024-04-02 10:06:09.316 61927 INFO tempest.lib.common.rest_client [req-9315f411-0bca-42b3-9b1d-fb8b8373ee54 req-9315f411-0bca-42b3-9b1d-fb8b8373ee54 ] Request (ServersAdminNegativeTestJSON:setUpClass): 200 GET http://10.180.1.21/compute/v2.1/servers/e5fe92cf-e150-419f-a164-a98a9d24dd8c 1.504s
2024-04-02 10:06:09.317 61917 INFO tempest.lib.common.rest_client [req-7dcc35a6-4e22-4121-ae48-43d809516daa req-7dcc35a6-4e22-4121-ae48-43d809516daa ] Request (AttachInterfacesV270Test:setUpClass): 201 POST http://10.180.1.21/identity/v3/auth/tokens 0.100s
2024-04-02 10:06:09.341 61910 INFO tempest.lib.common.rest_client [req-4ba707f8-03f9-4935-80d0-31a9bf74b9fb req-4ba707f8-03f9-4935-80d0-31a9bf74b9fb ] Request (AbsoluteLimitsNegativeTestJSON:setUpClass): 200 GET http://10.180.1.21/identity/v3/domains?name=Default 0.104s
2024-04-02 10:06:09.341 61945 INFO tempest.lib.common.rest_client [req-55f9e4a5-5d6e-4d20-9291-8d3fa7875c95 req-55f9e4a5-5d6e-4d20-9291-8d3fa7875c95 ] Request (ImagesMetadataTestJSON:test_set_image_metadata_item): 200 PUT http://10.180.1.21/compute/v2.1/images/cd5fb860-9b72-46bd-8618-1e6e22003003/metadata/os_version 1.603s
2024-04-02 10:06:09.354 61921 INFO tempest.lib.common.rest_client [req-29bdffd7-0c17-4748-866f-3f954089200c req-29bdffd7-0c17-4748-866f-3f954089200c ] Request (ServicesAdminNegativeTestJSON:setUpClass): 200 GET http://10.180.1.21/identity/v3/roles 0.067s
2024-04-02 10:06:09.373 61940 INFO tempest.lib.common.rest_client [req-0f9ed426-67fb-4899-817c-f2943e404c8c req-0f9ed426-67fb-4899-817c-f2943e404c8c ] Request (QuotaClassesAdmin257Test:_run_cleanups): 200 PUT http://10.180.1.21/compute/v2.1/os-quota-class-sets/default 1.530s
2024-04-02 10:06:09.376 61943 INFO tempest.lib.common.rest_client [req-4910c210-f247-45be-86f3-a80b82b6078a req-4910c210-f247-45be-86f3-a80b82b6078a ] Request (KeyPairsV22TestJSON:setUpClass): 201 POST http://10.180.1.21/identity/v3/auth/tokens 0.132s
2024-04-02 10:06:09.397 61917 INFO tempest.lib.common.rest_client [req-86565aa1-05cb-4a70-b085-967c24c557da req-86565aa1-05cb-4a70-b085-967c24c557da ] Request (AttachInterfacesV270Test:test_create_get_list_interfaces): 201 POST http://10.180.1.21/identity/v3/auth/tokens 0.069s
2024-04-02 10:06:09.397 61917 INFO tempest.lib.common.fixed_network [-] (AttachInterfacesV270Test:test_create_get_list_interfaces) Found network {'id': '8873668e-c520-4f42-a85d-2444cc6b7665', 'name': 'tempest-AttachInterfacesV270Test-2083240149-network', 'tenant_id': 'e4a928f43a5940b99afed582c12b982e', 'admin_state_up': True, 'mtu': 8950, 'status': 'ACTIVE', 'subnets': [], 'shared': False, 'project_id': 'e4a928f43a5940b99afed582c12b982e', 'port_security_enabled': True, 'router:external': False, 'provider:network_type': 'vlan', 'provider:physical_network': 'default', 'provider:segmentation_id': 732, 'is_default': False, 'availability_zone_hints': [], 'availability_zones': [], 'ipv4_address_scope': None, 'ipv6_address_scope': None, 'description': '', 'tags': [], 'created_at': '2024-04-02T10:06:04Z', 'updated_at': '2024-04-02T10:06:04Z', 'revision_number': 1} available for tenant
2024-04-02 10:06:09.405 61910 INFO tempest.lib.common.rest_client [req-f9a4cec9-e343-4dcc-b129-49f6d0644b05 req-f9a4cec9-e343-4dcc-b129-49f6d0644b05 ] Request (AbsoluteLimitsNegativeTestJSON:setUpClass): 201 POST http://10.180.1.21/identity/v3/projects 0.064s
2024-04-02 10:06:09.417 61921 INFO tempest.lib.common.rest_client [req-48fd1a1f-62d4-4182-8b02-b577789f4000 req-48fd1a1f-62d4-4182-8b02-b577789f4000 ] Request (ServicesAdminNegativeTestJSON:setUpClass): 204 PUT http://10.180.1.21/identity/v3/projects/5d568d754c884e45968cde05e98006f6/users/64fc695e4ebd41e79b208d2c3f242020/roles/9328f4ad21d641788c23eeb765652981 0.063s
2024-04-02 10:06:09.417 61921 INFO tempest.lib.common.dynamic_creds [-] Dynamic test user 64fc695e4ebd41e79b208d2c3f242020 is created with scope project and roles: ['admin']
2024-04-02 10:06:09.417 61921 INFO tempest.lib.common.dynamic_creds [-] Acquired dynamic creds: credentials: Credentials: {'domain_id': 'default', 'domain_name': 'Default', 'username': 'tempest-ServicesAdminNegativeTestJSON-1690958930-project-admin', 'project_domain_id': 'default', 'project_domain_name': 'Default', 'project_id': '5d568d754c884e45968cde05e98006f6', 'project_name': 'tempest-ServicesAdminNegativeTestJSON-1690958930', 'tenant_id': '5d568d754c884e45968cde05e98006f6', 'tenant_name': 'tempest-ServicesAdminNegativeTestJSON-1690958930', 'user_domain_id': 'default', 'user_domain_name': 'Default', 'user_id': '64fc695e4ebd41e79b208d2c3f242020', 'system': None}, Network: None, Subnet: None, Router: None
2024-04-02 10:06:09.418 61921 INFO tempest.lib.common.dynamic_creds [-] Created isolated network resources for: credentials: Credentials: {'domain_id': 'default', 'domain_name': 'Default', 'username': 'tempest-ServicesAdminNegativeTestJSON-1690958930-project-admin', 'project_domain_id': 'default', 'project_domain_name': 'Default', 'project_id': '5d568d754c884e45968cde05e98006f6', 'project_name': 'tempest-ServicesAdminNegativeTestJSON-1690958930', 'tenant_id': '5d568d754c884e45968cde05e98006f6', 'tenant_name': 'tempest-ServicesAdminNegativeTestJSON-1690958930', 'user_domain_id': 'default', 'user_domain_name': 'Default', 'user_id': '64fc695e4ebd41e79b208d2c3f242020', 'system': None}, Network: None, Subnet: None, Router: None
2024-04-02 10:06:09.473 61910 INFO tempest.lib.common.rest_client [req-dc7672e2-9c2a-4180-9561-b185c456869e req-dc7672e2-9c2a-4180-9561-b185c456869e ] Request (AbsoluteLimitsNegativeTestJSON:setUpClass): 201 POST http://10.180.1.21/identity/v3/users 0.068s
2024-04-02 10:06:09.494 61923 INFO tempest.lib.common.rest_client [req-b3f0e56b-40db-4a20-bbe6-b7d68df243ca req-b3f0e56b-40db-4a20-bbe6-b7d68df243ca ] Request (ServersAdminTestJSON:setUpClass): 200 GET http://10.180.1.21/compute/v2.1/servers/bf8c692f-6510-4548-aedd-0e1792512e20 1.574s
2024-04-02 10:06:09.529 61940 INFO tempest.lib.common.rest_client [req-f357e8a3-bd8e-4e89-9ead-d7488282d531 req-f357e8a3-bd8e-4e89-9ead-d7488282d531 ] Request (QuotaClassesAdmin257Test:tearDownClass): 204 DELETE http://10.180.1.21/identity/v3/users/7fbcfb2b63cf4a639ba67447dada0388 0.150s
2024-04-02 10:06:09.532 61921 INFO tempest.lib.common.rest_client [req-01ef6698-408a-4095-8a08-c874f40ef198 req-01ef6698-408a-4095-8a08-c874f40ef198 ] Request (ServicesAdminNegativeTestJSON:setUpClass): 201 POST http://10.180.1.21/identity/v3/auth/tokens 0.111s
2024-04-02 10:06:09.557 61929 INFO tempest.lib.common.rest_client [req-9f579dbb-bb27-48a9-9baf-696ec6a8d37b req-9f579dbb-bb27-48a9-9baf-696ec6a8d37b ] Request (ServerRescueTestJSONUnderV235:setUpClass): 200 GET http://10.180.1.21/compute/v2.1/servers/95426048-d403-4dad-9ad7-b76de655a319 1.565s
2024-04-02 10:06:09.587 61910 INFO tempest.lib.common.rest_client [req-8af2d66d-6b1a-4a08-85e3-3d853fd67c8c req-8af2d66d-6b1a-4a08-85e3-3d853fd67c8c ] Request (AbsoluteLimitsNegativeTestJSON:setUpClass): 200 GET http://10.180.1.21/identity/v3/roles 0.113s
2024-04-02 10:06:09.618 61910 INFO tempest.lib.common.rest_client [req-8c2d0153-5aac-41f1-b0f9-b9ab2ec5aa13 req-8c2d0153-5aac-41f1-b0f9-b9ab2ec5aa13 ] Request (AbsoluteLimitsNegativeTestJSON:setUpClass): 204 PUT http://10.180.1.21/identity/v3/projects/e3e1f4189ac74f06af7cd8ffc749614a/users/4b9f43703dd8459a9171c7b9b1c748a0/roles/3c9354b377184dc4bc2b0e96b35c343e 0.031s
2024-04-02 10:06:09.618 61910 INFO tempest.lib.common.dynamic_creds [-] Dynamic test user 4b9f43703dd8459a9171c7b9b1c748a0 is created with scope project and roles: ['member']
2024-04-02 10:06:09.618 61910 INFO tempest.lib.common.dynamic_creds [-] Acquired dynamic creds: credentials: Credentials: {'domain_id': 'default', 'domain_name': 'Default', 'username': 'tempest-AbsoluteLimitsNegativeTestJSON-1908644027-project-member', 'project_domain_id': 'default', 'project_domain_name': 'Default', 'project_id': 'e3e1f4189ac74f06af7cd8ffc749614a', 'project_name': 'tempest-AbsoluteLimitsNegativeTestJSON-1908644027', 'tenant_id': 'e3e1f4189ac74f06af7cd8ffc749614a', 'tenant_name': 'tempest-AbsoluteLimitsNegativeTestJSON-1908644027', 'user_domain_id': 'default', 'user_domain_name': 'Default', 'user_id': '4b9f43703dd8459a9171c7b9b1c748a0', 'system': None}, Network: None, Subnet: None, Router: None
2024-04-02 10:06:09.619 61910 INFO tempest.lib.common.dynamic_creds [-] Created isolated network resources for: credentials: Credentials: {'domain_id': 'default', 'domain_name': 'Default', 'username': 'tempest-AbsoluteLimitsNegativeTestJSON-1908644027-project-member', 'project_domain_id': 'default', 'project_domain_name': 'Default', 'project_id': 'e3e1f4189ac74f06af7cd8ffc749614a', 'project_name': 'tempest-AbsoluteLimitsNegativeTestJSON-1908644027', 'tenant_id': 'e3e1f4189ac74f06af7cd8ffc749614a', 'tenant_name': 'tempest-AbsoluteLimitsNegativeTestJSON-1908644027', 'user_domain_id': 'default', 'user_domain_name': 'Default', 'user_id': '4b9f43703dd8459a9171c7b9b1c748a0', 'system': None}, Network: None, Subnet: None, Router: None
2024-04-02 10:06:09.619 61940 INFO tempest.lib.common.rest_client [req-483e2633-ad19-4d3f-a270-724c43bc5d9a req-483e2633-ad19-4d3f-a270-724c43bc5d9a ] Request (QuotaClassesAdmin257Test:tearDownClass): 204 DELETE http://10.180.1.21/identity/v3/users/213db2a7acf84611b7f2b3b346511e56 0.090s
2024-04-02 10:06:09.619 61940 INFO tempest.lib.common.dynamic_creds [-] Deleting project and security group for project: ae49a0402008493e9d76411a81baae2c
2024-04-02 10:06:09.673 61910 INFO tempest.lib.common.rest_client [req-2ca0d314-db8e-48ad-8f85-5c8b0e2314a0 req-2ca0d314-db8e-48ad-8f85-5c8b0e2314a0 ] Request (AbsoluteLimitsNegativeTestJSON:setUpClass): 201 POST http://10.180.1.21/identity/v3/auth/tokens 0.051s
2024-04-02 10:06:09.675 61940 INFO tempest.lib.common.rest_client [req-c52d9d9c-ef09-4ea3-b4b0-b45ff5196aeb req-c52d9d9c-ef09-4ea3-b4b0-b45ff5196aeb ] Request (QuotaClassesAdmin257Test:tearDownClass): 201 POST http://10.180.1.21/identity/v3/auth/tokens 0.055s
2024-04-02 10:06:09.730 61937 INFO tempest.lib.common.rest_client [req-14f1b868-6752-4275-89a3-633c6f7c849c req-14f1b868-6752-4275-89a3-633c6f7c849c ] Request (InstanceActionsNegativeTestJSON:setUpClass): 200 GET http://10.180.1.21/compute/v2.1/servers/00931111-13a1-447d-a401-943221badd59 1.598s
2024-04-02 10:06:09.747 61901 INFO tempest.lib.common.rest_client [req-506f2dfd-706f-4558-b982-ec71fedb2bc7 req-506f2dfd-706f-4558-b982-ec71fedb2bc7 ] Request (FlavorsAdminTestJSON:test_create_list_flavor_without_extra_data): 200 GET http://10.180.1.21/compute/v2.1/flavors/1803955666 1.609s
2024-04-02 10:06:09.762 61908 INFO tempest.lib.common.rest_client [req-abfe126e-c778-4486-8ddc-8e9072933c4e req-abfe126e-c778-4486-8ddc-8e9072933c4e ] Request (AggregatesAdminNegativeTestJSON:test_aggregate_create_with_existent_aggregate_name): 409 POST http://10.180.1.21/compute/v2.1/os-aggregates 1.600s
2024-04-02 10:06:09.817 61946 INFO tempest.lib.common.rest_client [req-95c4d5f6-3c30-423a-ab85-29fb3f77c03a req-95c4d5f6-3c30-423a-ab85-29fb3f77c03a ] Request (FloatingIPsAssociationTestJSON:setUpClass): 200 GET http://10.180.1.21/compute/v2.1/servers/aacbebf5-bd31-465b-b574-6c4a98b27f30 1.977s
2024-04-02 10:06:09.825 61925 INFO tempest.lib.common.rest_client [req-7232d8af-630b-42a3-8cdb-ccbe61e18ac8 req-7232d8af-630b-42a3-8cdb-ccbe61e18ac8 ] Request (FlavorsV2TestJSON:test_list_flavors_detailed_filter_by_min_disk): 200 GET http://10.180.1.21/compute/v2.1/flavors/42 1.444s
2024-04-02 10:06:09.834 61891 INFO tempest.lib.common.rest_client [req-3ca05e1b-715f-4fe8-bf2a-09db1b7e1582 req-3ca05e1b-715f-4fe8-bf2a-09db1b7e1582 ] Request (FlavorsAccessNegativeTestJSON:test_flavor_non_admin_remove): 403 POST http://10.180.1.21/compute/v2.1/flavors/1476761550/action 1.299s
2024-04-02 10:06:09.862 61913 INFO tempest.lib.common.rest_client [req-605b0792-8816-441e-9586-1a7e441eb272 req-605b0792-8816-441e-9586-1a7e441eb272 ] Request (KeyPairsV2TestJSON:test_keypair_create_with_pub_key): 200 POST http://10.180.1.21/compute/v2.1/os-keypairs 1.311s
2024-04-02 10:06:09.975 61948 INFO tempest.lib.common.rest_client [req-4a8d81c0-b87c-4451-ab41-046044d20f8d req-4a8d81c0-b87c-4451-ab41-046044d20f8d ] Request (MigrationsAdminTest:test_list_migrations_in_flavor_resize_situation): 200 GET http://10.180.1.21/compute/v2.1/servers/adc73db6-8bff-4007-ae74-528a37840d96 1.771s
2024-04-02 10:06:09.988 61920 INFO tempest.lib.common.rest_client [req-e33a4b17-45e0-4d01-9bba-a4ffc96c8d18 req-e33a4b17-45e0-4d01-9bba-a4ffc96c8d18 ] Request (MultipleCreateTestJSON:setUpClass): 201 POST http://10.180.1.21:9696/networking/v2.0/routers 1.181s
2024-04-02 10:06:10.035 61952 INFO tempest.lib.common.rest_client [req-8aa37369-fad0-430f-8cd0-8bdf9cdb1239 req-8aa37369-fad0-430f-8cd0-8bdf9cdb1239 ] Request (ServerActionsTestOtherA:setUpClass): 200 GET http://10.180.1.21/compute/v2.1/servers/788fc9bb-2f88-4f82-88cf-9c7a002edb47 1.156s
2024-04-02 10:06:10.108 61940 INFO tempest.lib.common.rest_client [req-0e53aabd-e4b5-4ad8-b2a7-76d42dffeef1 req-0e53aabd-e4b5-4ad8-b2a7-76d42dffeef1 ] Request (QuotaClassesAdmin257Test:tearDownClass): 200 GET http://10.180.1.21:9696/networking/v2.0/security-groups?tenant_id=ae49a0402008493e9d76411a81baae2c&name=default 0.433s
2024-04-02 10:06:10.125 61899 INFO tempest.lib.common.rest_client [req-ed05b567-9542-461d-8a64-860470c070b1 req-ed05b567-9542-461d-8a64-860470c070b1 ] Request (ServerActionsTestJSON:setUpClass): 200 GET http://10.180.1.21/compute/v2.1/servers/7f9f2074-6822-4d9d-9791-4bebc7e55862 0.999s
2024-04-02 10:06:10.218 61955 INFO tempest.lib.common.rest_client [req-5217b257-f83b-4961-ad79-6acc2d6b1a20 req-5217b257-f83b-4961-ad79-6acc2d6b1a20 ] Request (ServerExternalEventsTest:test_create_server_external_events): 200 GET http://10.180.1.21/compute/v2.1/servers/eb0c04e3-1234-445c-bfa6-e031dd0b89d3 1.378s
2024-04-02 10:06:10.292 61940 INFO tempest.lib.common.rest_client [req-7b11ba99-e983-4d6c-a05e-0010e8e2c344 req-7b11ba99-e983-4d6c-a05e-0010e8e2c344 ] Request (QuotaClassesAdmin257Test:tearDownClass): 204 DELETE http://10.180.1.21:9696/networking/v2.0/security-groups/b515c772-4c2c-41c3-b2bf-385b06204327 0.184s
2024-04-02 10:06:10.301 61915 INFO tempest.lib.common.rest_client [req-2af5297f-2c60-4f95-95fb-5d197a9d33c0 req-2af5297f-2c60-4f95-95fb-5d197a9d33c0 ] Request (SecurityGroupsTestAdminJSON:test_list_security_groups_list_all_tenants_filter): 200 POST http://10.180.1.21/compute/v2.1/os-security-groups 1.146s
2024-04-02 10:06:10.353 61895 INFO tempest.lib.common.rest_client [req-4ac25617-767b-4050-9d6a-da2127ce02b5 req-4ac25617-767b-4050-9d6a-da2127ce02b5 ] Request (ServerDiagnosticsV248Test:test_get_server_diagnostics): 200 GET http://10.180.1.21/compute/v2.1/servers/7d93caea-4740-4bcd-9f06-9397d37a07b2 1.086s
2024-04-02 10:06:10.374 61940 INFO tempest.lib.common.rest_client [req-0aefd247-cbf8-4a87-8cf7-ea9d6a2df8e9 req-0aefd247-cbf8-4a87-8cf7-ea9d6a2df8e9 ] Request (QuotaClassesAdmin257Test:tearDownClass): 204 DELETE http://10.180.1.21/identity/v3/projects/ae49a0402008493e9d76411a81baae2c 0.081s
2024-04-02 10:06:10.374 61940 INFO tempest.lib.common.dynamic_creds [-] Deleting project and security group for project: ef826f7b23214d1bb0af7db70a1d434a
2024-04-02 10:06:10.385 61945 INFO tempest.lib.common.rest_client [req-84647136-dbe6-4db9-83f4-b142bde03c96 req-84647136-dbe6-4db9-83f4-b142bde03c96 ] Request (ImagesMetadataTestJSON:test_set_image_metadata_item): 200 GET http://10.180.1.21/compute/v2.1/images/cd5fb860-9b72-46bd-8618-1e6e22003003/metadata 1.041s
2024-04-02 10:06:10.445 61933 INFO tempest.lib.common.rest_client [req-afe9eb5f-47d0-4929-b513-8d63ee841f06 req-afe9eb5f-47d0-4929-b513-8d63ee841f06 ] Request (ImagesOneServerTestJSON:setUpClass): 200 GET http://10.180.1.21/compute/v2.1/servers/2c9b8ba9-193e-468f-bc4e-006ab413b374 1.198s
2024-04-02 10:06:10.455 61950 INFO tempest.lib.common.rest_client [req-c3d28468-f1c4-45b2-9fc4-a1e1a26f2a21 req-c3d28468-f1c4-45b2-9fc4-a1e1a26f2a21 ] Request (SecurityGroupsTestJSON:test_list_security_groups_by_server): 200 GET http://10.180.1.21/compute/v2.1/servers/c7fac9e7-0802-4f2e-a577-4ee50efa835a 1.077s
2024-04-02 10:06:10.628 61943 INFO tempest.lib.common.rest_client [req-4fb21575-4ea9-417e-ae51-64106ce0f75d req-4fb21575-4ea9-417e-ae51-64106ce0f75d ] Request (KeyPairsV22TestJSON:test_get_keypair_detail): 201 POST http://10.180.1.21/compute/v2.1/os-keypairs 1.250s
2024-04-02 10:06:10.735 61903 INFO tempest.lib.common.rest_client [req-a830debe-0e96-486a-b303-2a19d58c2c9c req-a830debe-0e96-486a-b303-2a19d58c2c9c ] Request (ServersAdmin275Test:test_rebuild_update_server_275): 200 GET http://10.180.1.21/compute/v2.1/servers/683996e1-4e16-4add-8fa6-3c2843ebbf21 1.267s
2024-04-02 10:06:10.826 61921 INFO tempest.lib.common.rest_client [req-cf2ff3bf-3d44-4cdf-8133-c2d12ee81532 req-cf2ff3bf-3d44-4cdf-8133-c2d12ee81532 ] Request (ServicesAdminNegativeTestJSON:test_get_service_by_invalid_params): 200 GET http://10.180.1.21/compute/v2.1/os-services 1.292s
2024-04-02 10:06:10.912 61910 INFO tempest.lib.common.rest_client [req-5742d9de-0114-47a8-82a0-63576bc828c6 req-5742d9de-0114-47a8-82a0-63576bc828c6 ] Request (AbsoluteLimitsNegativeTestJSON:test_max_metadata_exceed_limit): 200 GET http://10.180.1.21/compute/v2.1/limits 1.237s
2024-04-02 10:06:10.938 61910 INFO tempest.lib.common.rest_client [req-c7280c3c-be76-495c-8f47-2b8944c7c135 req-c7280c3c-be76-495c-8f47-2b8944c7c135 ] Request (AbsoluteLimitsNegativeTestJSON:test_max_metadata_exceed_limit): 201 POST http://10.180.1.21/identity/v3/auth/tokens 0.020s
2024-04-02 10:06:10.938 61940 INFO tempest.lib.common.rest_client [req-2a93697a-dbb4-4c89-bcd6-ce9531ccfe05 req-2a93697a-dbb4-4c89-bcd6-ce9531ccfe05 ] Request (QuotaClassesAdmin257Test:tearDownClass): 200 GET http://10.180.1.21:9696/networking/v2.0/security-groups?tenant_id=ef826f7b23214d1bb0af7db70a1d434a&name=default 0.564s
2024-04-02 10:06:10.939 61910 INFO tempest.lib.common.fixed_network [-] (AbsoluteLimitsNegativeTestJSON:test_max_metadata_exceed_limit) Found network None available for tenant
2024-04-02 10:06:11.123 61917 INFO tempest.lib.common.rest_client [req-006cb8b0-9585-43e4-b3a3-d67269f24d31 req-006cb8b0-9585-43e4-b3a3-d67269f24d31 ] Request (AttachInterfacesV270Test:test_create_get_list_interfaces): 202 POST http://10.180.1.21/compute/v2.1/servers 1.726s
2024-04-02 10:06:11.161 61931 INFO tempest.lib.common.rest_client [req-95894921-f187-4c0a-be4b-a67b0e0cd353 req-95894921-f187-4c0a-be4b-a67b0e0cd353 ] Request (ServersTestFqdnHostnames:test_create_server_with_fqdn_name): 200 GET http://10.180.1.21/compute/v2.1/servers/fd0ac9db-adc2-46f2-93ff-0b7e299534a7 1.470s
2024-04-02 10:06:11.184 61908 INFO tempest.lib.common.rest_client [req-09db3f60-0399-4c2a-bafb-43858ca48b17 req-09db3f60-0399-4c2a-bafb-43858ca48b17 ] Request (AggregatesAdminNegativeTestJSON:_run_cleanups): 200 DELETE http://10.180.1.21/compute/v2.1/os-aggregates/4 1.421s
2024-04-02 10:06:11.195 61940 INFO tempest.lib.common.rest_client [req-7f28a54a-e50d-40bb-8e28-4d123f27cf43 req-7f28a54a-e50d-40bb-8e28-4d123f27cf43 ] Request (QuotaClassesAdmin257Test:tearDownClass): 204 DELETE http://10.180.1.21:9696/networking/v2.0/security-groups/0ae03660-49b7-434b-8354-cf93c466a4b5 0.256s
2024-04-02 10:06:11.204 61925 INFO tempest.lib.common.rest_client [req-9f9b92ce-4514-4b79-81b3-0534317e33ac req-9f9b92ce-4514-4b79-81b3-0534317e33ac ] Request (FlavorsV2TestJSON:test_list_flavors_detailed_filter_by_min_disk): 200 GET http://10.180.1.21/compute/v2.1/flavors/detail?minDisk=2 1.377s
2024-04-02 10:06:11.252 61901 INFO tempest.lib.common.rest_client [req-59ae4ddb-e4d6-4173-a83b-27238a1d62e6 req-59ae4ddb-e4d6-4173-a83b-27238a1d62e6 ] Request (FlavorsAdminTestJSON:test_create_list_flavor_without_extra_data): 200 GET http://10.180.1.21/compute/v2.1/flavors/detail 1.502s
2024-04-02 10:06:11.275 61913 INFO tempest.lib.common.rest_client [req-b03b69aa-d848-4cb3-877c-8119a07b7e6f req-b03b69aa-d848-4cb3-877c-8119a07b7e6f ] Request (KeyPairsV2TestJSON:_run_cleanups): 202 DELETE http://10.180.1.21/compute/v2.1/os-keypairs/tempest-keypair-38524651 1.411s
2024-04-02 10:06:11.347 61891 INFO tempest.lib.common.rest_client [req-1d0785c3-5d6d-441a-9904-c860e4e6ba91 req-1d0785c3-5d6d-441a-9904-c860e4e6ba91 ] Request (FlavorsAccessNegativeTestJSON:_run_cleanups): 200 POST http://10.180.1.21/compute/v2.1/flavors/1476761550/action 1.513s
2024-04-02 10:06:11.350 61940 INFO tempest.lib.common.rest_client [req-85de5fef-e264-43f4-9588-fce9fa20b31a req-85de5fef-e264-43f4-9588-fce9fa20b31a ] Request (QuotaClassesAdmin257Test:tearDownClass): 204 DELETE http://10.180.1.21/identity/v3/projects/ef826f7b23214d1bb0af7db70a1d434a 0.155s
2024-04-02 10:06:11.426 61897 INFO tempest.lib.common.rest_client [req-b09792bd-da7d-4825-a1af-29112f44a491 req-b09792bd-da7d-4825-a1af-29112f44a491 ] Request (AttachInterfacesUnderV243Test:setUpClass): 201 POST http://10.180.1.21:9696/networking/v2.0/routers 2.267s
2024-04-02 10:06:11.441 61940 INFO tempest.lib.common.rest_client [req-77cefad6-11f9-4dcd-ae7b-9c9c2952e0e7 req-77cefad6-11f9-4dcd-ae7b-9c9c2952e0e7 ] Request (FloatingIPDetailsTestJSON:setUpClass): 201 POST http://10.180.1.21/identity/v3/auth/tokens 0.089s
2024-04-02 10:06:11.480 61920 INFO tempest.lib.common.rest_client [req-89a2100a-8233-480c-8f27-61513813aefb req-89a2100a-8233-480c-8f27-61513813aefb ] Request (MultipleCreateTestJSON:setUpClass): 200 PUT http://10.180.1.21:9696/networking/v2.0/routers/5f373484-d955-4a15-94ab-7c6b9b3fd39e/add_router_interface 1.491s
2024-04-02 10:06:11.480 61920 INFO tempest.lib.common.dynamic_creds [-] Created isolated network resources for: credentials: Credentials: {'domain_id': 'default', 'domain_name': 'Default', 'username': 'tempest-MultipleCreateTestJSON-674370190-project-member', 'project_domain_id': 'default', 'project_domain_name': 'Default', 'project_id': '8825cecb97eb44a4b573d5838145a686', 'project_name': 'tempest-MultipleCreateTestJSON-674370190', 'tenant_id': '8825cecb97eb44a4b573d5838145a686', 'tenant_name': 'tempest-MultipleCreateTestJSON-674370190', 'user_domain_id': 'default', 'user_domain_name': 'Default', 'user_id': '67eb84bd848f46bf864955b2f5a81c6c', 'system': None}, Network: {'id': '43781a2e-c7d9-47cc-b7e6-3d2cd74fef5f', 'name': 'tempest-MultipleCreateTestJSON-821931039-network', 'tenant_id': '8825cecb97eb44a4b573d5838145a686', 'admin_state_up': True, 'mtu': 8950, 'status': 'ACTIVE', 'subnets': [], 'shared': False, 'project_id': '8825cecb97eb44a4b573d5838145a686', 'port_security_enabled': True, 'router:external': False, 'provider:network_type': 'vlan', 'provider:physical_network': 'default', 'provider:segmentation_id': 69, 'is_default': False, 'availability_zone_hints': [], 'availability_zones': [], 'ipv4_address_scope': None, 'ipv6_address_scope': None, 'description': '', 'tags': [], 'created_at': '2024-04-02T10:06:07Z', 'updated_at': '2024-04-02T10:06:08Z', 'revision_number': 1}, Subnet: {'id': 'b6340656-a01d-4ae2-a881-4cd8d29f699e', 'name': 'tempest-MultipleCreateTestJSON-821931039-subnet', 'tenant_id': '8825cecb97eb44a4b573d5838145a686', 'network_id': '43781a2e-c7d9-47cc-b7e6-3d2cd74fef5f', 'ip_version': 4, 'subnetpool_id': None, 'enable_dhcp': True, 'ipv6_ra_mode': None, 'ipv6_address_mode': None, 'gateway_ip': '192.168.128.1', 'cidr': '192.168.128.0/28', 'allocation_pools': [{'start': '192.168.128.2', 'end': '192.168.128.14'}], 'host_routes': [], 'dns_nameservers': [], 'description': '', 'service_types': [], 'tags': [], 'created_at': '2024-04-02T10:06:08Z', 'updated_at': '2024-04-02T10:06:08Z', 'revision_number': 0, 'project_id': '8825cecb97eb44a4b573d5838145a686'}, Router: {'id': '5f373484-d955-4a15-94ab-7c6b9b3fd39e', 'name': 'tempest-MultipleCreateTestJSON-821931039-router', 'tenant_id': '8825cecb97eb44a4b573d5838145a686', 'admin_state_up': True, 'status': 'ACTIVE', 'external_gateway_info': {'network_id': 'b5229ccf-1702-4cac-ad08-d508238e2a9e', 'external_fixed_ips': [{'subnet_id': '3ab061c2-6f54-454a-807b-35f20c538fca', 'ip_address': '10.180.180.247'}], 'enable_snat': True}, 'description': '', 'availability_zones': [], 'distributed': False, 'ha': False, 'availability_zone_hints': [], 'routes': [], 'flavor_id': None, 'tags': [], 'created_at': '2024-04-02T10:06:08Z', 'updated_at': '2024-04-02T10:06:09Z', 'revision_number': 3, 'project_id': '8825cecb97eb44a4b573d5838145a686'}
2024-04-02 10:06:11.519 61940 INFO tempest.lib.common.rest_client [req-4cc3ed06-4005-466d-a238-e86a186ed30d req-4cc3ed06-4005-466d-a238-e86a186ed30d ] Request (FloatingIPDetailsTestJSON:setUpClass): 201 POST http://10.180.1.21/identity/v3/auth/tokens 0.036s
2024-04-02 10:06:11.526 61893 INFO tempest.lib.common.rest_client [req-db1e594b-c51b-44db-a815-7d27bce72ead req-db1e594b-c51b-44db-a815-7d27bce72ead ] Request (DeleteServersAdminTestJSON:test_admin_delete_servers_of_others): 200 GET http://10.180.1.21/compute/v2.1/servers/b6e68fe1-4ec8-4f0f-bc6b-168038b1998e 1.622s
2024-04-02 10:06:11.541 61940 INFO tempest.lib.common.rest_client [req-2be63fbf-c603-412b-8685-5be01adcff12 req-2be63fbf-c603-412b-8685-5be01adcff12 ] Request (FloatingIPDetailsTestJSON:setUpClass): 200 GET http://10.180.1.21/identity/v3/domains?name=Default 0.021s
2024-04-02 10:06:11.552 61912 INFO tempest.lib.common.rest_client [req-8d8a417b-20d3-437b-ac7b-20a1555bbf7f req-8d8a417b-20d3-437b-ac7b-20a1555bbf7f ] Request (ServerRescueNegativeTestJSON:setUpClass): 201 POST http://10.180.1.21:9696/networking/v2.0/routers 2.320s
2024-04-02 10:06:11.563 61920 INFO tempest.lib.common.rest_client [req-31c469c4-4199-479c-81a4-61b4cbd6292e req-31c469c4-4199-479c-81a4-61b4cbd6292e ] Request (MultipleCreateTestJSON:setUpClass): 201 POST http://10.180.1.21/identity/v3/auth/tokens 0.080s
2024-04-02 10:06:11.573 61940 INFO tempest.lib.common.rest_client [req-c37ceb53-1d5a-4321-a5cc-3a15b0912de6 req-c37ceb53-1d5a-4321-a5cc-3a15b0912de6 ] Request (FloatingIPDetailsTestJSON:setUpClass): 201 POST http://10.180.1.21/identity/v3/projects 0.032s
2024-04-02 10:06:11.611 61906 INFO tempest.lib.common.rest_client [req-594fc889-78d0-4da9-b73c-6ca66d6b9484 req-594fc889-78d0-4da9-b73c-6ca66d6b9484 ] Request (VolumesAssistedSnapshotsTest:test_volume_assisted_snapshot_create_delete): 200 GET http://10.180.1.21/compute/v2.1/servers/62d0a02d-88af-48f2-a14a-c9f2e899babe 1.372s
2024-04-02 10:06:11.632 61920 INFO tempest.lib.common.rest_client [req-30e468b2-1e1e-4ee4-9df1-c3bd0a90ebb5 req-30e468b2-1e1e-4ee4-9df1-c3bd0a90ebb5 ] Request (MultipleCreateTestJSON:test_multiple_create): 201 POST http://10.180.1.21/identity/v3/auth/tokens 0.064s
2024-04-02 10:06:11.633 61920 INFO tempest.lib.common.fixed_network [-] (MultipleCreateTestJSON:test_multiple_create) Found network {'id': '43781a2e-c7d9-47cc-b7e6-3d2cd74fef5f', 'name': 'tempest-MultipleCreateTestJSON-821931039-network', 'tenant_id': '8825cecb97eb44a4b573d5838145a686', 'admin_state_up': True, 'mtu': 8950, 'status': 'ACTIVE', 'subnets': [], 'shared': False, 'project_id': '8825cecb97eb44a4b573d5838145a686', 'port_security_enabled': True, 'router:external': False, 'provider:network_type': 'vlan', 'provider:physical_network': 'default', 'provider:segmentation_id': 69, 'is_default': False, 'availability_zone_hints': [], 'availability_zones': [], 'ipv4_address_scope': None, 'ipv6_address_scope': None, 'description': '', 'tags': [], 'created_at': '2024-04-02T10:06:07Z', 'updated_at': '2024-04-02T10:06:08Z', 'revision_number': 1} available for tenant
2024-04-02 10:06:11.648 61940 INFO tempest.lib.common.rest_client [req-45254f9c-ff3f-4376-809f-73af35486c05 req-45254f9c-ff3f-4376-809f-73af35486c05 ] Request (FloatingIPDetailsTestJSON:setUpClass): 201 POST http://10.180.1.21/identity/v3/users 0.074s
2024-04-02 10:06:11.673 61940 INFO tempest.lib.common.rest_client [req-b2cea6d2-bb88-46c1-a48b-03d36881ea48 req-b2cea6d2-bb88-46c1-a48b-03d36881ea48 ] Request (FloatingIPDetailsTestJSON:setUpClass): 200 GET http://10.180.1.21/identity/v3/roles 0.025s
2024-04-02 10:06:11.703 61940 INFO tempest.lib.common.rest_client [req-5f034883-6747-4ccd-9a72-5e23c5f51750 req-5f034883-6747-4ccd-9a72-5e23c5f51750 ] Request (FloatingIPDetailsTestJSON:setUpClass): 204 PUT http://10.180.1.21/identity/v3/projects/fa2165baaf0947aaa0d18bd0cdf37ca1/users/161ec947de6a4e8c815f6c47be326143/roles/3c9354b377184dc4bc2b0e96b35c343e 0.029s
2024-04-02 10:06:11.703 61940 INFO tempest.lib.common.dynamic_creds [-] Dynamic test user 161ec947de6a4e8c815f6c47be326143 is created with scope project and roles: ['member']
2024-04-02 10:06:11.703 61940 INFO tempest.lib.common.dynamic_creds [-] Acquired dynamic creds: credentials: Credentials: {'domain_id': 'default', 'domain_name': 'Default', 'username': 'tempest-FloatingIPDetailsTestJSON-671779473-project-member', 'project_domain_id': 'default', 'project_domain_name': 'Default', 'project_id': 'fa2165baaf0947aaa0d18bd0cdf37ca1', 'project_name': 'tempest-FloatingIPDetailsTestJSON-671779473', 'tenant_id': 'fa2165baaf0947aaa0d18bd0cdf37ca1', 'tenant_name': 'tempest-FloatingIPDetailsTestJSON-671779473', 'user_domain_id': 'default', 'user_domain_name': 'Default', 'user_id': '161ec947de6a4e8c815f6c47be326143', 'system': None}, Network: None, Subnet: None, Router: None
2024-04-02 10:06:11.770 61940 INFO tempest.lib.common.rest_client [req-59d81dda-8200-4bb5-bda4-a6a3b6268626 req-59d81dda-8200-4bb5-bda4-a6a3b6268626 ] Request (FloatingIPDetailsTestJSON:setUpClass): 201 POST http://10.180.1.21/identity/v3/auth/tokens 0.067s
2024-04-02 10:06:11.822 61935 INFO tempest.lib.common.rest_client [req-a6acdd57-ef78-416b-a978-ba5197c5ad35 req-a6acdd57-ef78-416b-a978-ba5197c5ad35 ] Request (ServerDiagnosticsTest:test_get_server_diagnostics): 200 GET http://10.180.1.21/compute/v2.1/servers/29281253-e489-48f5-b219-75ae984adb00 1.708s
2024-04-02 10:06:11.991 61927 INFO tempest.lib.common.rest_client [req-9529dd4f-7f8a-437c-90f5-7c75115e363e req-9529dd4f-7f8a-437c-90f5-7c75115e363e ] Request (ServersAdminNegativeTestJSON:setUpClass): 200 GET http://10.180.1.21/compute/v2.1/servers/e5fe92cf-e150-419f-a164-a98a9d24dd8c 1.668s
2024-04-02 10:06:12.211 61915 INFO tempest.lib.common.rest_client [req-f1a1d731-884e-43db-bd71-d9a817fe231f req-f1a1d731-884e-43db-bd71-d9a817fe231f ] Request (SecurityGroupsTestAdminJSON:test_list_security_groups_list_all_tenants_filter): 200 POST http://10.180.1.21/compute/v2.1/os-security-groups 1.907s
2024-04-02 10:06:12.275 61923 INFO tempest.lib.common.rest_client [req-7c6cc008-e0c4-4685-a899-5d20da8aec80 req-7c6cc008-e0c4-4685-a899-5d20da8aec80 ] Request (ServersAdminTestJSON:setUpClass): 200 GET http://10.180.1.21/compute/v2.1/servers/bf8c692f-6510-4548-aedd-0e1792512e20 1.774s
2024-04-02 10:06:12.284 61945 INFO tempest.lib.common.rest_client [req-4090660b-6b62-4828-953e-e50107e7148e req-4090660b-6b62-4828-953e-e50107e7148e ] Request (ImagesMetadataTestJSON:setUp): 200 PUT http://10.180.1.21/compute/v2.1/images/cd5fb860-9b72-46bd-8618-1e6e22003003/metadata 1.898s
2024-04-02 10:06:12.296 61943 INFO tempest.lib.common.rest_client [req-c83b8a5f-f1fa-4817-ab31-de77347ac018 req-c83b8a5f-f1fa-4817-ab31-de77347ac018 ] Request (KeyPairsV22TestJSON:test_get_keypair_detail): 200 GET http://10.180.1.21/compute/v2.1/os-keypairs/tempest-keypair-1238195626 1.667s
2024-04-02 10:06:12.339 61929 INFO tempest.lib.common.rest_client [req-85605718-2ac4-457f-bff7-b8631bae0135 req-85605718-2ac4-457f-bff7-b8631bae0135 ] Request (ServerRescueTestJSONUnderV235:setUpClass): 200 GET http://10.180.1.21/compute/v2.1/servers/95426048-d403-4dad-9ad7-b76de655a319 1.775s
2024-04-02 10:06:12.400 61940 INFO tempest.lib.common.rest_client [req-6aecc532-5323-45a9-a181-1d98cc741dd2 req-6aecc532-5323-45a9-a181-1d98cc741dd2 ] Request (FloatingIPDetailsTestJSON:setUpClass): 201 POST http://10.180.1.21:9696/networking/v2.0/networks 0.629s
2024-04-02 10:06:12.589 61946 INFO tempest.lib.common.rest_client [req-616a86c7-ce16-49a0-8d1b-f573c7e63d1b req-616a86c7-ce16-49a0-8d1b-f573c7e63d1b ] Request (FloatingIPsAssociationTestJSON:setUpClass): 200 GET http://10.180.1.21/compute/v2.1/servers/aacbebf5-bd31-465b-b574-6c4a98b27f30 1.765s
2024-04-02 10:06:12.604 61937 INFO tempest.lib.common.rest_client [req-ed8c1e73-1977-4301-b8c6-a5cc0e5e5a59 req-ed8c1e73-1977-4301-b8c6-a5cc0e5e5a59 ] Request (InstanceActionsNegativeTestJSON:setUpClass): 200 GET http://10.180.1.21/compute/v2.1/servers/00931111-13a1-447d-a401-943221badd59 1.866s
2024-04-02 10:06:12.625 61921 INFO tempest.lib.common.rest_client [req-c5bd1d2c-b9c1-4045-b5f3-4eeb6f88864a req-c5bd1d2c-b9c1-4045-b5f3-4eeb6f88864a ] Request (ServicesAdminNegativeTestJSON:test_get_service_by_invalid_params): 200 GET http://10.180.1.21/compute/v2.1/os-services?xxx=nova-compute 1.797s
2024-04-02 10:06:12.706 61948 INFO tempest.lib.common.rest_client [req-30ace0ed-6f6f-4da2-849b-a90dab6d263c req-30ace0ed-6f6f-4da2-849b-a90dab6d263c ] Request (MigrationsAdminTest:test_list_migrations_in_flavor_resize_situation): 200 GET http://10.180.1.21/compute/v2.1/servers/adc73db6-8bff-4007-ae74-528a37840d96 1.724s
2024-04-02 10:06:12.787 61952 INFO tempest.lib.common.rest_client [req-136d7803-4876-417b-884e-74a8c65c7e8c req-136d7803-4876-417b-884e-74a8c65c7e8c ] Request (ServerActionsTestOtherA:setUpClass): 200 GET http://10.180.1.21/compute/v2.1/servers/788fc9bb-2f88-4f82-88cf-9c7a002edb47 1.745s
2024-04-02 10:06:12.799 61940 INFO tempest.lib.common.rest_client [req-480815ed-2444-4d72-8442-b84d8b070d69 req-480815ed-2444-4d72-8442-b84d8b070d69 ] Request (FloatingIPDetailsTestJSON:setUpClass): 201 POST http://10.180.1.21:9696/networking/v2.0/subnets 0.399s
2024-04-02 10:06:12.808 61910 INFO tempest.lib.common.rest_client [req-981b3ef9-9c04-46e0-9445-1d2b2c8fa871 req-981b3ef9-9c04-46e0-9445-1d2b2c8fa871 ] Request (AbsoluteLimitsNegativeTestJSON:test_max_metadata_exceed_limit): 403 POST http://10.180.1.21/compute/v2.1/servers 1.868s
2024-04-02 10:06:12.875 61910 INFO tempest.lib.common.rest_client [req-337f41cf-0371-4956-83f6-708d0646b3e9 req-337f41cf-0371-4956-83f6-708d0646b3e9 ] Request (AbsoluteLimitsNegativeTestJSON:tearDownClass): 204 DELETE http://10.180.1.21/identity/v3/users/4b9f43703dd8459a9171c7b9b1c748a0 0.063s
2024-04-02 10:06:12.875 61910 INFO tempest.lib.common.dynamic_creds [-] Deleting project and security group for project: e3e1f4189ac74f06af7cd8ffc749614a
