2024-04-02 10:05:57.544 61921 INFO tempest.lib.common.rest_client [req-845af580-0a5b-4cd0-85ff-e55422d80636 req-845af580-0a5b-4cd0-85ff-e55422d80636 ] Request (HostsAdminNegativeTestJSON:test_startup_host_with_non_admin_user): 403 GET http://10.180.1.21/compute/v2.1/os-hosts/devstack/startup 1.311s
2024-04-02 10:05:57.642 61950 INFO tempest.lib.common.rest_client [req-86c104f4-f39c-45e6-85dd-74dff5c37d04 req-86c104f4-f39c-45e6-85dd-74dff5c37d04 ] Request (InstanceUsageAuditLogTestJSON:tearDownClass): 204 DELETE http://10.180.1.21/identity/v3/projects/be9c4d1b4b0f487a88a748949914512f 0.124s
2024-04-02 10:05:57.708 61950 INFO tempest.lib.common.rest_client [req-5ac6c564-d53d-496d-8c32-c04714e2e772 req-5ac6c564-d53d-496d-8c32-c04714e2e772 ] Request (SecurityGroupsTestJSON:setUpClass): 201 POST http://10.180.1.21/identity/v3/auth/tokens 0.064s
2024-04-02 10:05:57.733 61933 INFO tempest.lib.common.rest_client [req-84100d15-f33f-4eba-b8da-4d930c44fc31 req-84100d15-f33f-4eba-b8da-4d930c44fc31 ] Request (ImagesOneServerTestJSON:setUpClass): 200 GET http://10.180.1.21/compute/v2.1/servers/2c9b8ba9-193e-468f-bc4e-006ab413b374 1.414s
2024-04-02 10:05:57.743 61950 INFO tempest.lib.common.rest_client [req-0b03dd2c-daa5-4a1b-a4ba-d1a24f17644b req-0b03dd2c-daa5-4a1b-a4ba-d1a24f17644b ] Request (SecurityGroupsTestJSON:setUpClass): 201 POST http://10.180.1.21/identity/v3/auth/tokens 0.032s
2024-04-02 10:05:57.748 61952 INFO tempest.lib.common.rest_client [req-7f1ea686-771b-4fa3-ba84-a0a94fddb05f req-7f1ea686-771b-4fa3-ba84-a0a94fddb05f ] Request (ServerActionsTestOtherA:setUpClass): 200 PUT http://10.180.1.21:9696/networking/v2.0/routers/cbce2303-9409-40b1-82f2-1ad826adfc92/add_router_interface 4.015s
2024-04-02 10:05:57.748 61952 INFO tempest.lib.common.dynamic_creds [-] Created isolated network resources for: credentials: Credentials: {'domain_id': 'default', 'domain_name': 'Default', 'username': 'tempest-ServerActionsTestOtherA-266297113-project-member', 'project_domain_id': 'default', 'project_domain_name': 'Default', 'project_id': '25a28c92896e40579825c80835b35a91', 'project_name': 'tempest-ServerActionsTestOtherA-266297113', 'tenant_id': '25a28c92896e40579825c80835b35a91', 'tenant_name': 'tempest-ServerActionsTestOtherA-266297113', 'user_domain_id': 'default', 'user_domain_name': 'Default', 'user_id': '666013d426ea4bf690cd092df0598be1', 'system': None}, Network: {'id': '04752b21-edd0-4450-ae23-fd6f7bf3dd77', 'name': 'tempest-ServerActionsTestOtherA-1168170171-network', 'tenant_id': '25a28c92896e40579825c80835b35a91', 'admin_state_up': True, 'mtu': 8950, 'status': 'ACTIVE', 'subnets': [], 'shared': False, 'project_id': '25a28c92896e40579825c80835b35a91', 'port_security_enabled': True, 'router:external': False, 'provider:network_type': 'vlan', 'provider:physical_network': 'default', 'provider:segmentation_id': 144, 'is_default': False, 'availability_zone_hints': [], 'availability_zones': [], 'ipv4_address_scope': None, 'ipv6_address_scope': None, 'description': '', 'tags': [], 'created_at': '2024-04-02T10:05:49Z', 'updated_at': '2024-04-02T10:05:49Z', 'revision_number': 1}, Subnet: {'id': '52da7cbf-507c-4e73-a58f-f93a3ce1d3cf', 'name': 'tempest-ServerActionsTestOtherA-1168170171-subnet', 'tenant_id': '25a28c92896e40579825c80835b35a91', 'network_id': '04752b21-edd0-4450-ae23-fd6f7bf3dd77', 'ip_version': 4, 'subnetpool_id': None, 'enable_dhcp': True, 'ipv6_ra_mode': None, 'ipv6_address_mode': None, 'gateway_ip': '192.168.128.1', 'cidr': '192.168.128.0/28', 'allocation_pools': [{'start': '192.168.128.2', 'end': '192.168.128.14'}], 'host_routes': [], 'dns_nameservers': [], 'description': '', 'service_types': [], 'tags': [], 'created_at': '2024-04-02T10:05:50Z', 'updated_at': '2024-04-02T10:05:50Z', 'revision_number': 0, 'project_id': '25a28c92896e40579825c80835b35a91'}, Router: {'id': 'cbce2303-9409-40b1-82f2-1ad826adfc92', 'name': 'tempest-ServerActionsTestOtherA-1168170171-router', 'tenant_id': '25a28c92896e40579825c80835b35a91', 'admin_state_up': True, 'status': 'ACTIVE', 'external_gateway_info': {'network_id': 'b5229ccf-1702-4cac-ad08-d508238e2a9e', 'external_fixed_ips': [{'subnet_id': '3ab061c2-6f54-454a-807b-35f20c538fca', 'ip_address': '10.180.180.167'}], 'enable_snat': True}, 'description': '', 'availability_zones': [], 'distributed': False, 'ha': False, 'availability_zone_hints': [], 'routes': [], 'flavor_id': None, 'tags': [], 'created_at': '2024-04-02T10:05:51Z', 'updated_at': '2024-04-02T10:05:52Z', 'revision_number': 3, 'project_id': '25a28c92896e40579825c80835b35a91'}
2024-04-02 10:05:57.758 61927 INFO tempest.lib.common.rest_client [req-91dd62e8-b454-4b6f-a12a-356dc0e40f7c req-91dd62e8-b454-4b6f-a12a-356dc0e40f7c ] Request (ServersAdminNegativeTestJSON:setUpClass): 202 POST http://10.180.1.21/compute/v2.1/servers 2.273s
2024-04-02 10:05:57.781 61950 INFO tempest.lib.common.rest_client [req-42923025-bf64-497e-b5fd-82a585121575 req-42923025-bf64-497e-b5fd-82a585121575 ] Request (SecurityGroupsTestJSON:setUpClass): 200 GET http://10.180.1.21/identity/v3/domains?name=Default 0.038s
2024-04-02 10:05:57.860 61952 INFO tempest.lib.common.rest_client [req-7670d364-921e-41ae-8ac5-bf4650ad3311 req-7670d364-921e-41ae-8ac5-bf4650ad3311 ] Request (ServerActionsTestOtherA:setUpClass): 201 POST http://10.180.1.21/identity/v3/auth/tokens 0.108s
2024-04-02 10:05:57.862 61899 INFO tempest.lib.common.rest_client [req-68113efd-cd1a-455a-b52b-284b66ffc4c7 req-68113efd-cd1a-455a-b52b-284b66ffc4c7 ] Request (ServerActionsTestJSON:setUpClass): 200 GET http://10.180.1.21/compute/v2.1/servers/7f9f2074-6822-4d9d-9791-4bebc7e55862 1.438s
2024-04-02 10:05:57.874 61920 INFO tempest.lib.common.rest_client [req-3f0a4850-ce2c-43db-ad83-10829126c4c4 req-3f0a4850-ce2c-43db-ad83-10829126c4c4 ] Request (QuotasAdminNegativeTest:test_create_server_when_memory_quota_is_full): 200 GET http://10.180.1.21/compute/v2.1/os-quota-sets/c4433e8a5b2b4eafb90ea251daec59ce 1.483s
2024-04-02 10:05:57.895 61950 INFO tempest.lib.common.rest_client [req-1fa6c932-a970-4b82-ac6f-e07e5351445a req-1fa6c932-a970-4b82-ac6f-e07e5351445a ] Request (SecurityGroupsTestJSON:setUpClass): 201 POST http://10.180.1.21/identity/v3/projects 0.113s
2024-04-02 10:05:57.951 61895 INFO tempest.lib.common.rest_client [req-e5ab3644-c19f-449b-a0f4-98525d9bf5f7 req-e5ab3644-c19f-449b-a0f4-98525d9bf5f7 ] Request (ServerDiagnosticsV248Test:test_get_server_diagnostics): 200 GET http://10.180.1.21/compute/v2.1/servers/7d93caea-4740-4bcd-9f06-9397d37a07b2 1.384s
2024-04-02 10:05:57.975 61906 INFO tempest.lib.common.rest_client [req-26430237-5d0b-4cc9-9103-b1d8df5e5dfe req-26430237-5d0b-4cc9-9103-b1d8df5e5dfe ] Request (VolumesAssistedSnapshotsTest:setUpClass): 200 PUT http://10.180.1.21:9696/networking/v2.0/routers/177316f9-bc0b-48c0-83fb-b535ad727586/add_router_interface 3.581s
2024-04-02 10:05:57.975 61906 INFO tempest.lib.common.dynamic_creds [-] Created isolated network resources for: credentials: Credentials: {'domain_id': 'default', 'domain_name': 'Default', 'username': 'tempest-VolumesAssistedSnapshotsTest-1037412699-project', 'project_domain_id': 'default', 'project_domain_name': 'Default', 'project_id': '6076c88c6e4e44948c73c14664ad9cb3', 'project_name': 'tempest-VolumesAssistedSnapshotsTest-1037412699', 'tenant_id': '6076c88c6e4e44948c73c14664ad9cb3', 'tenant_name': 'tempest-VolumesAssistedSnapshotsTest-1037412699', 'user_domain_id': 'default', 'user_domain_name': 'Default', 'user_id': 'f7616d5178e14ac4b46fb8c89610cff7', 'system': None}, Network: {'id': '661431d3-30fd-465d-9fb7-0df06d92be03', 'name': 'tempest-VolumesAssistedSnapshotsTest-1122090681-network', 'tenant_id': '6076c88c6e4e44948c73c14664ad9cb3', 'admin_state_up': True, 'mtu': 8950, 'status': 'ACTIVE', 'subnets': [], 'shared': False, 'project_id': '6076c88c6e4e44948c73c14664ad9cb3', 'port_security_enabled': True, 'router:external': False, 'provider:network_type': 'vlan', 'provider:physical_network': 'default', 'provider:segmentation_id': 320, 'is_default': False, 'availability_zone_hints': [], 'availability_zones': [], 'ipv4_address_scope': None, 'ipv6_address_scope': None, 'description': '', 'tags': [], 'created_at': '2024-04-02T10:05:49Z', 'updated_at': '2024-04-02T10:05:49Z', 'revision_number': 1}, Subnet: {'id': 'd2dea6b1-c951-4f0e-8a01-15424d201efb', 'name': 'tempest-VolumesAssistedSnapshotsTest-1122090681-subnet', 'tenant_id': '6076c88c6e4e44948c73c14664ad9cb3', 'network_id': '661431d3-30fd-465d-9fb7-0df06d92be03', 'ip_version': 4, 'subnetpool_id': None, 'enable_dhcp': True, 'ipv6_ra_mode': None, 'ipv6_address_mode': None, 'gateway_ip': '192.168.128.1', 'cidr': '192.168.128.0/28', 'allocation_pools': [{'start': '192.168.128.2', 'end': '192.168.128.14'}], 'host_routes': [], 'dns_nameservers': [], 'description': '', 'service_types': [], 'tags': [], 'created_at': '2024-04-02T10:05:50Z', 'updated_at': '2024-04-02T10:05:50Z', 'revision_number': 0, 'project_id': '6076c88c6e4e44948c73c14664ad9cb3'}, Router: {'id': '177316f9-bc0b-48c0-83fb-b535ad727586', 'name': 'tempest-VolumesAssistedSnapshotsTest-1122090681-router', 'tenant_id': '6076c88c6e4e44948c73c14664ad9cb3', 'admin_state_up': True, 'status': 'ACTIVE', 'external_gateway_info': {'network_id': 'b5229ccf-1702-4cac-ad08-d508238e2a9e', 'external_fixed_ips': [{'subnet_id': '3ab061c2-6f54-454a-807b-35f20c538fca', 'ip_address': '10.180.180.170'}], 'enable_snat': True}, 'description': '', 'availability_zones': [], 'distributed': False, 'ha': False, 'availability_zone_hints': [], 'routes': [], 'flavor_id': None, 'tags': [], 'created_at': '2024-04-02T10:05:50Z', 'updated_at': '2024-04-02T10:05:52Z', 'revision_number': 3, 'project_id': '6076c88c6e4e44948c73c14664ad9cb3'}
2024-04-02 10:05:58.004 61950 INFO tempest.lib.common.rest_client [req-0ef7665c-0626-405e-b127-0db97e6bcb70 req-0ef7665c-0626-405e-b127-0db97e6bcb70 ] Request (SecurityGroupsTestJSON:setUpClass): 201 POST http://10.180.1.21/identity/v3/users 0.108s
2024-04-02 10:05:58.025 61950 INFO tempest.lib.common.rest_client [req-23a26fb5-d653-4782-adfb-f5a645710cde req-23a26fb5-d653-4782-adfb-f5a645710cde ] Request (SecurityGroupsTestJSON:setUpClass): 200 GET http://10.180.1.21/identity/v3/roles 0.020s
2024-04-02 10:05:58.061 61903 INFO tempest.lib.common.rest_client [req-9e1e7279-990f-4ae3-ad67-2408c5f65ccc req-9e1e7279-990f-4ae3-ad67-2408c5f65ccc ] Request (ServersAdmin275Test:test_rebuild_update_server_275): 200 GET http://10.180.1.21/compute/v2.1/servers/683996e1-4e16-4add-8fa6-3c2843ebbf21 1.393s
2024-04-02 10:05:58.065 61950 INFO tempest.lib.common.rest_client [req-231ca635-507a-4a83-bbe6-5ff23353fd81 req-231ca635-507a-4a83-bbe6-5ff23353fd81 ] Request (SecurityGroupsTestJSON:setUpClass): 204 PUT http://10.180.1.21/identity/v3/projects/997d2e9ae4c54906a0fa2db12f891d09/users/04001c3b85ee4e2c8a4e981564a21003/roles/3c9354b377184dc4bc2b0e96b35c343e 0.039s
2024-04-02 10:05:58.065 61950 INFO tempest.lib.common.dynamic_creds [-] Dynamic test user 04001c3b85ee4e2c8a4e981564a21003 is created with scope project and roles: ['member']
2024-04-02 10:05:58.065 61950 INFO tempest.lib.common.dynamic_creds [-] Acquired dynamic creds: credentials: Credentials: {'domain_id': 'default', 'domain_name': 'Default', 'username': 'tempest-SecurityGroupsTestJSON-1426961127-project-member', 'project_domain_id': 'default', 'project_domain_name': 'Default', 'project_id': '997d2e9ae4c54906a0fa2db12f891d09', 'project_name': 'tempest-SecurityGroupsTestJSON-1426961127', 'tenant_id': '997d2e9ae4c54906a0fa2db12f891d09', 'tenant_name': 'tempest-SecurityGroupsTestJSON-1426961127', 'user_domain_id': 'default', 'user_domain_name': 'Default', 'user_id': '04001c3b85ee4e2c8a4e981564a21003', 'system': None}, Network: None, Subnet: None, Router: None
2024-04-02 10:05:58.129 61950 INFO tempest.lib.common.rest_client [req-77e07245-17ee-473a-acf9-5cd3ad3f9088 req-77e07245-17ee-473a-acf9-5cd3ad3f9088 ] Request (SecurityGroupsTestJSON:setUpClass): 201 POST http://10.180.1.21/identity/v3/auth/tokens 0.063s
2024-04-02 10:05:58.132 61906 INFO tempest.lib.common.rest_client [req-20a2fb14-0bee-4453-ada8-d4fab9ee614c req-20a2fb14-0bee-4453-ada8-d4fab9ee614c ] Request (VolumesAssistedSnapshotsTest:setUpClass): 201 POST http://10.180.1.21/identity/v3/auth/tokens 0.098s
2024-04-02 10:05:58.343 61931 INFO tempest.lib.common.rest_client [req-a531d799-fd1f-4bb5-b59c-2d773581e343 req-a531d799-fd1f-4bb5-b59c-2d773581e343 ] Request (ServersTestFqdnHostnames:test_create_server_with_fqdn_name): 200 GET http://10.180.1.21/compute/v2.1/servers/fd0ac9db-adc2-46f2-93ff-0b7e299534a7 1.664s
2024-04-02 10:05:58.368 61912 INFO tempest.lib.common.rest_client [req-90ee52ef-aed1-47ca-8e0e-ea9f47935f84 req-90ee52ef-aed1-47ca-8e0e-ea9f47935f84 ] Request (FloatingIPDetailsNegativeTestJSON:setUpClass): 201 POST http://10.180.1.21:9696/networking/v2.0/routers 1.184s
2024-04-02 10:05:58.439 61929 INFO tempest.lib.common.rest_client [req-465eb2cc-4950-483b-b6f0-ac0ba1e02bb3 req-465eb2cc-4950-483b-b6f0-ac0ba1e02bb3 ] Request (ServerRescueTestJSONUnderV235:setUpClass): 202 POST http://10.180.1.21/compute/v2.1/servers 1.929s
2024-04-02 10:05:58.482 61917 INFO tempest.lib.common.rest_client [req-b7472c04-5c69-404a-b818-f78085451991 req-b7472c04-5c69-404a-b818-f78085451991 ] Request (FloatingIPsTestJSON:test_delete_floating_ip): 404 GET http://10.180.1.21/compute/v2.1/os-floating-ips/08255dc3-0e89-4a62-a8ff-5c52feaa0516 1.451s
2024-04-02 10:05:58.505 61913 INFO tempest.lib.common.rest_client [req-30e761d8-ad1c-4aed-a02f-39c36fa922eb req-30e761d8-ad1c-4aed-a02f-39c36fa922eb ] Request (KeyPairsV210TestJSON:_run_cleanups): 204 DELETE http://10.180.1.21/compute/v2.1/os-keypairs/tempest-keypair-987612350?user_id=f1f6cfc46c664f81b303cd672653dca5 1.459s
2024-04-02 10:05:58.517 61925 INFO tempest.lib.common.rest_client [req-189879a6-7ac9-4133-a9d6-0919f4e35b17 req-189879a6-7ac9-4133-a9d6-0919f4e35b17 ] Request (FlavorsAccessTestJSON:test_flavor_access_list_with_private_flavor): 200 GET http://10.180.1.21/compute/v2.1/flavors/338122334/os-flavor-access 1.457s
2024-04-02 10:05:58.521 61943 INFO tempest.lib.common.rest_client [req-b6e06007-c1d3-408b-9f14-b029139a4509 req-b6e06007-c1d3-408b-9f14-b029139a4509 ] Request (HypervisorAdminNegativeTestJSON:test_show_nonexistent_hypervisor): 404 GET http://10.180.1.21/compute/v2.1/os-hypervisors/f954d02f-3a37-4689-8b8f-601a721d2a02 1.455s
2024-04-02 10:05:58.538 61950 INFO tempest.lib.common.rest_client [req-bf5b27b3-7f0d-4fe2-b906-e9d7bed715d8 req-bf5b27b3-7f0d-4fe2-b906-e9d7bed715d8 ] Request (SecurityGroupsTestJSON:setUpClass): 201 POST http://10.180.1.21:9696/networking/v2.0/networks 0.409s
2024-04-02 10:05:58.545 61897 INFO tempest.lib.common.rest_client [req-3a22bb9d-2e42-49d2-a977-6e799b883c61 req-3a22bb9d-2e42-49d2-a977-6e799b883c61 ] Request (KeyPairsNegativeTestJSON:test_create_keypair_with_duplicate_name): 202 DELETE http://10.180.1.21/compute/v2.1/os-keypairs/tempest-keypair-1704038868 1.409s
2024-04-02 10:05:58.560 61906 INFO tempest.lib.common.rest_client [req-a59a18af-c64e-4ab5-b7aa-9bf46a2000c4 req-a59a18af-c64e-4ab5-b7aa-9bf46a2000c4 ] Request (VolumesAssistedSnapshotsTest:test_volume_assisted_snapshot_create_delete): 202 POST http://10.180.1.21/volume/v3/35254d9bebd34d4b8b6e083fe3386378/volumes 0.427s
2024-04-02 10:05:58.632 61906 INFO tempest.lib.common.rest_client [req-6f59f892-0389-4a84-9fe7-77e55890a306 req-6f59f892-0389-4a84-9fe7-77e55890a306 ] Request (VolumesAssistedSnapshotsTest:test_volume_assisted_snapshot_create_delete): 200 GET http://10.180.1.21/volume/v3/35254d9bebd34d4b8b6e083fe3386378/volumes/9b31db2f-c676-421b-aedc-d4b1eb29c77c 0.066s
2024-04-02 10:05:58.635 61943 INFO tempest.lib.common.rest_client [req-49642f19-27bc-47c9-bb5a-3abe3a788dd9 req-49642f19-27bc-47c9-bb5a-3abe3a788dd9 ] Request (HypervisorAdminNegativeTestJSON:tearDownClass): 204 DELETE http://10.180.1.21/identity/v3/users/d3b13466c9cb4a6ab372c1716e7f1263 0.112s
2024-04-02 10:05:58.671 61893 INFO tempest.lib.common.rest_client [req-6f0621b6-27ef-4dca-a8ea-6c207c25f3ef req-6f0621b6-27ef-4dca-a8ea-6c207c25f3ef ] Request (DeleteServersAdminTestJSON:test_admin_delete_servers_of_others): 200 GET http://10.180.1.21/compute/v2.1/servers/b6e68fe1-4ec8-4f0f-bc6b-168038b1998e 1.695s
2024-04-02 10:05:58.696 61901 INFO tempest.lib.common.rest_client [req-7273e509-bf8b-46f3-9144-934b0a336f96 req-7273e509-bf8b-46f3-9144-934b0a336f96 ] Request (FlavorsAdminTestJSON:_run_cleanups): 200 GET http://10.180.1.21/compute/v2.1/flavors/detail 1.492s
2024-04-02 10:05:58.752 61948 INFO tempest.lib.common.rest_client [req-12e23b03-cfaa-4426-be76-937f56e1578a req-12e23b03-cfaa-4426-be76-937f56e1578a ] Request (MigrationsAdminTest:test_list_migrations): 200 GET http://10.180.1.21/compute/v2.1/os-migrations 1.589s
2024-04-02 10:05:58.780 61908 INFO tempest.lib.common.rest_client [req-b34b8a98-a93e-4cd0-9058-9fb066656734 req-b34b8a98-a93e-4cd0-9058-9fb066656734 ] Request (AggregatesAdminNegativeTestJSON:_run_cleanups): 200 DELETE http://10.180.1.21/compute/v2.1/os-aggregates/2 1.519s
2024-04-02 10:05:58.790 61910 INFO tempest.lib.common.rest_client [req-62f951eb-5df1-40c2-9df7-45be62460302 req-62f951eb-5df1-40c2-9df7-45be62460302 ] Request (FlavorsExtraSpecsNegativeTestJSON:tearDownClass): 202 DELETE http://10.180.1.21/compute/v2.1/flavors/819247242 1.522s
2024-04-02 10:05:58.798 61943 INFO tempest.lib.common.rest_client [req-de8949bb-7e45-450f-9f5b-7302dbd598f9 req-de8949bb-7e45-450f-9f5b-7302dbd598f9 ] Request (HypervisorAdminNegativeTestJSON:tearDownClass): 204 DELETE http://10.180.1.21/identity/v3/users/e28d8c3537494d0784a983327adec044 0.162s
2024-04-02 10:05:58.798 61943 INFO tempest.lib.common.dynamic_creds [-] Deleting project and security group for project: 677d9967f54442218610ab88aa49ccc7
2024-04-02 10:05:58.833 61948 INFO tempest.lib.common.rest_client [req-0256b3f2-7d11-4808-9182-d26bab2ba652 req-0256b3f2-7d11-4808-9182-d26bab2ba652 ] Request (MigrationsAdminTest:test_list_migrations_in_flavor_resize_situation): 201 POST http://10.180.1.21/identity/v3/auth/tokens 0.075s
2024-04-02 10:05:58.833 61948 INFO tempest.lib.common.fixed_network [-] (MigrationsAdminTest:test_list_migrations_in_flavor_resize_situation) Found network None available for tenant
2024-04-02 10:05:58.836 61950 INFO tempest.lib.common.rest_client [req-f1cb4413-8a0d-46a8-85af-4ee3a934e8be req-f1cb4413-8a0d-46a8-85af-4ee3a934e8be ] Request (SecurityGroupsTestJSON:setUpClass): 201 POST http://10.180.1.21:9696/networking/v2.0/subnets 0.298s
2024-04-02 10:05:58.843 61935 INFO tempest.lib.common.rest_client [req-f7a6fe75-8825-4f05-b7ea-9e57fd1adb18 req-f7a6fe75-8825-4f05-b7ea-9e57fd1adb18 ] Request (ServerDiagnosticsTest:test_get_server_diagnostics): 200 GET http://10.180.1.21/compute/v2.1/servers/29281253-e489-48f5-b219-75ae984adb00 1.614s
2024-04-02 10:05:58.873 61945 INFO tempest.lib.common.rest_client [req-9bceb259-73d3-4f60-b51f-705c233bc75c req-9bceb259-73d3-4f60-b51f-705c233bc75c ] Request (ImagesMetadataTestJSON:test_get_image_metadata_item): 200 GET http://10.180.1.21/compute/v2.1/images/cd5fb860-9b72-46bd-8618-1e6e22003003/metadata/os_distro 1.480s
2024-04-02 10:05:58.877 61943 INFO tempest.lib.common.rest_client [req-485ebe95-ef06-42e7-8224-fa3e64a4d531 req-485ebe95-ef06-42e7-8224-fa3e64a4d531 ] Request (HypervisorAdminNegativeTestJSON:tearDownClass): 201 POST http://10.180.1.21/identity/v3/auth/tokens 0.079s
2024-04-02 10:05:58.931 61946 INFO tempest.lib.common.rest_client [req-20288467-e5e9-4ac6-87e1-b5de6e40c4bf req-20288467-e5e9-4ac6-87e1-b5de6e40c4bf ] Request (FloatingIPsAssociationTestJSON:setUpClass): 200 GET http://10.180.1.21/compute/v2.1/servers/aacbebf5-bd31-465b-b574-6c4a98b27f30 1.571s
2024-04-02 10:05:58.954 61891 INFO tempest.lib.common.rest_client [req-b2abc95e-c3c7-48dd-bcb8-2f6f15b03058 req-b2abc95e-c3c7-48dd-bcb8-2f6f15b03058 ] Request (FlavorsAccessNegativeTestJSON:_run_cleanups): 202 DELETE http://10.180.1.21/compute/v2.1/flavors/342490514 1.414s
2024-04-02 10:05:58.958 61921 INFO tempest.lib.common.rest_client [req-0c68c9a2-4157-46ba-81e9-614121b37652 req-0c68c9a2-4157-46ba-81e9-614121b37652 ] Request (HostsAdminNegativeTestJSON:test_startup_nonexistent_host): 404 GET http://10.180.1.21/compute/v2.1/os-hosts/nonexistent_hostname/startup 1.413s
2024-04-02 10:05:59.031 61927 INFO tempest.lib.common.rest_client [req-d3f9f9c3-6c34-479d-bde8-1a85babd6973 req-d3f9f9c3-6c34-479d-bde8-1a85babd6973 ] Request (ServersAdminNegativeTestJSON:setUpClass): 200 GET http://10.180.1.21/compute/v2.1/servers/e5fe92cf-e150-419f-a164-a98a9d24dd8c 1.271s
2024-04-02 10:05:59.041 61915 INFO tempest.lib.common.rest_client [req-2ffd5b2f-4b22-4e87-8639-faccc4a5903f req-2ffd5b2f-4b22-4e87-8639-faccc4a5903f ] Request (QuotasAdminTestJSON:test_get_updated_quotas): 200 GET http://10.180.1.21/compute/v2.1/os-quota-sets/67f6be1b87594224900241a77c966b12?user_id=26af7142333c440bbb5809678a159225 1.511s
2024-04-02 10:05:59.134 61915 INFO tempest.lib.common.rest_client [req-2390a64c-523c-4e21-9b84-a6a61deafb13 req-2390a64c-523c-4e21-9b84-a6a61deafb13 ] Request (QuotasAdminTestJSON:_run_cleanups): 204 DELETE http://10.180.1.21/identity/v3/users/26af7142333c440bbb5809678a159225 0.091s
2024-04-02 10:05:59.137 61952 INFO tempest.lib.common.rest_client [req-69582b16-29ff-4270-a10b-11aa6d0e41c4 req-69582b16-29ff-4270-a10b-11aa6d0e41c4 ] Request (ServerActionsTestOtherA:setUpClass): 200 POST http://10.180.1.21/compute/v2.1/os-keypairs 1.275s
2024-04-02 10:05:59.266 61915 INFO tempest.lib.common.rest_client [req-f1210c63-5b79-43a7-a361-2109959d3528 req-f1210c63-5b79-43a7-a361-2109959d3528 ] Request (QuotasAdminTestJSON:_run_cleanups): 204 DELETE http://10.180.1.21/identity/v3/projects/67f6be1b87594224900241a77c966b12 0.132s
2024-04-02 10:05:59.304 61920 INFO tempest.lib.common.rest_client [req-a38317fb-dd52-4ace-aef0-2a3a1b6c0250 req-a38317fb-dd52-4ace-aef0-2a3a1b6c0250 ] Request (QuotasAdminNegativeTest:test_create_server_when_memory_quota_is_full): 200 PUT http://10.180.1.21/compute/v2.1/os-quota-sets/c4433e8a5b2b4eafb90ea251daec59ce 1.428s
2024-04-02 10:05:59.373 61920 INFO tempest.lib.common.rest_client [req-d62ed36d-a680-46e4-a7a6-d4603408f422 req-d62ed36d-a680-46e4-a7a6-d4603408f422 ] Request (QuotasAdminNegativeTest:test_create_server_when_memory_quota_is_full): 201 POST http://10.180.1.21/identity/v3/auth/tokens 0.064s
2024-04-02 10:05:59.373 61920 INFO tempest.lib.common.fixed_network [-] (QuotasAdminNegativeTest:test_create_server_when_memory_quota_is_full) Found network None available for tenant
2024-04-02 10:05:59.403 61923 INFO tempest.lib.common.rest_client [req-6fa5f2f6-1e24-4177-a6a7-b0cae20e2936 req-6fa5f2f6-1e24-4177-a6a7-b0cae20e2936 ] Request (ServersAdminTestJSON:setUpClass): 200 GET http://10.180.1.21/compute/v2.1/servers/bf8c692f-6510-4548-aedd-0e1792512e20 1.292s
2024-04-02 10:05:59.433 61937 INFO tempest.lib.common.rest_client [req-e3e45d72-663b-41a4-97b2-8d3c939621af req-e3e45d72-663b-41a4-97b2-8d3c939621af ] Request (InstanceActionsNegativeTestJSON:setUpClass): 200 GET http://10.180.1.21/compute/v2.1/servers/00931111-13a1-447d-a401-943221badd59 1.424s
2024-04-02 10:05:59.467 61952 INFO tempest.lib.common.rest_client [req-82e6c47b-7997-4dce-a3b8-5c100c4f51ec req-82e6c47b-7997-4dce-a3b8-5c100c4f51ec ] Request (ServerActionsTestOtherA:setUpClass): 201 POST http://10.180.1.21:9696/networking/v2.0/security-groups 0.328s
2024-04-02 10:05:59.579 61943 INFO tempest.lib.common.rest_client [req-27634a39-be63-4df4-8e73-4626b5f30ad4 req-27634a39-be63-4df4-8e73-4626b5f30ad4 ] Request (HypervisorAdminNegativeTestJSON:tearDownClass): 200 GET http://10.180.1.21:9696/networking/v2.0/security-groups?tenant_id=677d9967f54442218610ab88aa49ccc7&name=default 0.702s
2024-04-02 10:05:59.675 61906 INFO tempest.lib.common.rest_client [req-c3fd69f5-b5a8-4660-96b2-a12edf9144bb req-c3fd69f5-b5a8-4660-96b2-a12edf9144bb ] Request (VolumesAssistedSnapshotsTest:test_volume_assisted_snapshot_create_delete): 200 GET http://10.180.1.21/volume/v3/35254d9bebd34d4b8b6e083fe3386378/volumes/9b31db2f-c676-421b-aedc-d4b1eb29c77c 0.035s
2024-04-02 10:05:59.681 61906 INFO tempest.common.waiters [-] volume 9b31db2f-c676-421b-aedc-d4b1eb29c77c reached available after waiting for 1.681410 seconds
2024-04-02 10:05:59.713 61943 INFO tempest.lib.common.rest_client [req-9b6464fa-5869-4049-b815-23113bb45c86 req-9b6464fa-5869-4049-b815-23113bb45c86 ] Request (HypervisorAdminNegativeTestJSON:tearDownClass): 204 DELETE http://10.180.1.21:9696/networking/v2.0/security-groups/94429acf-2697-4aae-9356-fb7d7769f73e 0.134s
2024-04-02 10:05:59.740 61929 INFO tempest.lib.common.rest_client [req-85669d20-a21f-46fc-8048-4d4ab56ad69d req-85669d20-a21f-46fc-8048-4d4ab56ad69d ] Request (ServerRescueTestJSONUnderV235:setUpClass): 200 GET http://10.180.1.21/compute/v2.1/servers/95426048-d403-4dad-9ad7-b76de655a319 1.299s
2024-04-02 10:05:59.751 61955 INFO tempest.lib.common.rest_client [req-e8bda4e2-50d7-428b-8623-70b6f130fb20 req-e8bda4e2-50d7-428b-8623-70b6f130fb20 ] Request (ServerExternalEventsTest:test_create_server_external_events): 200 GET http://10.180.1.21/compute/v2.1/servers/eb0c04e3-1234-445c-bfa6-e031dd0b89d3 1.567s
2024-04-02 10:05:59.779 61913 INFO tempest.lib.common.rest_client [req-d4ae5c1f-7c20-49dc-9793-2572aa5d0cc6 req-d4ae5c1f-7c20-49dc-9793-2572aa5d0cc6 ] Request (KeyPairsV210TestJSON:_run_cleanups): 204 DELETE http://10.180.1.21/compute/v2.1/os-keypairs/tempest-keypair-1443147974?user_id=f1f6cfc46c664f81b303cd672653dca5 1.273s
2024-04-02 10:05:59.794 61925 INFO tempest.lib.common.rest_client [req-9eca87fe-7879-4434-8e8d-a8d215298e8f req-9eca87fe-7879-4434-8e8d-a8d215298e8f ] Request (FlavorsAccessTestJSON:_run_cleanups): 202 DELETE http://10.180.1.21/compute/v2.1/flavors/338122334 1.276s
2024-04-02 10:05:59.800 61897 INFO tempest.lib.common.rest_client [req-b9075d87-52c8-4518-99dd-b3f8a2c917fb req-b9075d87-52c8-4518-99dd-b3f8a2c917fb ] Request (KeyPairsNegativeTestJSON:test_create_keypair_with_empty_name_string): 400 POST http://10.180.1.21/compute/v2.1/os-keypairs 1.253s
2024-04-02 10:05:59.809 61917 INFO tempest.lib.common.rest_client [req-005b8120-6f7b-43f3-896e-b397fe44dc56 req-005b8120-6f7b-43f3-896e-b397fe44dc56 ] Request (FloatingIPsTestJSON:_run_cleanups): 404 DELETE http://10.180.1.21/compute/v2.1/os-floating-ips/08255dc3-0e89-4a62-a8ff-5c52feaa0516 1.326s
2024-04-02 10:05:59.818 61901 INFO tempest.lib.common.rest_client [req-c6f9c1ad-1959-4293-aa22-b4139f620ab0 req-c6f9c1ad-1959-4293-aa22-b4139f620ab0 ] Request (FlavorsAdminTestJSON:test_create_flavor_with_none_id): 200 POST http://10.180.1.21/compute/v2.1/flavors 1.116s
2024-04-02 10:05:59.835 61908 INFO tempest.lib.common.rest_client [req-61e42140-412a-44c9-be10-23fdf42d3a4c req-61e42140-412a-44c9-be10-23fdf42d3a4c ] Request (AggregatesAdminNegativeTestJSON:test_aggregate_add_non_exist_host): 200 POST http://10.180.1.21/compute/v2.1/os-aggregates 1.054s
2024-04-02 10:05:59.852 61910 INFO tempest.lib.common.rest_client [req-cba440b7-2210-4c26-9918-45d19be7cb3a req-cba440b7-2210-4c26-9918-45d19be7cb3a ] Request (FlavorsExtraSpecsNegativeTestJSON:tearDownClass): 200 GET http://10.180.1.21/compute/v2.1/flavors/detail 1.062s
2024-04-02 10:05:59.898 61943 INFO tempest.lib.common.rest_client [req-ea9dfb6a-c830-43f4-9977-bca03649211c req-ea9dfb6a-c830-43f4-9977-bca03649211c ] Request (HypervisorAdminNegativeTestJSON:tearDownClass): 204 DELETE http://10.180.1.21/identity/v3/projects/677d9967f54442218610ab88aa49ccc7 0.184s
2024-04-02 10:05:59.898 61943 INFO tempest.lib.common.dynamic_creds [-] Deleting project and security group for project: 66cb67a6b8a449a5953945e88615d3cb
2024-04-02 10:05:59.926 61913 INFO tempest.lib.common.rest_client [req-54e52211-cb3d-43ad-8393-b95f22b81fc0 req-54e52211-cb3d-43ad-8393-b95f22b81fc0 ] Request (KeyPairsV210TestJSON:tearDownClass): 204 DELETE http://10.180.1.21/identity/v3/users/f1f6cfc46c664f81b303cd672653dca5 0.146s
2024-04-02 10:05:59.957 61952 INFO tempest.lib.common.rest_client [req-d885fc32-9038-4f76-859d-ca4108575865 req-d885fc32-9038-4f76-859d-ca4108575865 ] Request (ServerActionsTestOtherA:setUpClass): 201 POST http://10.180.1.21:9696/networking/v2.0/security-group-rules 0.490s
2024-04-02 10:05:59.997 61943 INFO tempest.lib.common.rest_client [req-f65a9d9a-736b-4960-881f-b1f923445b0c req-f65a9d9a-736b-4960-881f-b1f923445b0c ] Request (HypervisorAdminNegativeTestJSON:tearDownClass): 200 GET http://10.180.1.21:9696/networking/v2.0/security-groups?tenant_id=66cb67a6b8a449a5953945e88615d3cb&name=default 0.098s
2024-04-02 10:06:00.027 61933 INFO tempest.lib.common.rest_client [req-08a84533-4178-474d-83c7-3c3b839a3ee3 req-08a84533-4178-474d-83c7-3c3b839a3ee3 ] Request (ImagesOneServerTestJSON:setUpClass): 200 GET http://10.180.1.21/compute/v2.1/servers/2c9b8ba9-193e-468f-bc4e-006ab413b374 1.286s
2024-04-02 10:06:00.029 61910 INFO tempest.lib.common.rest_client [req-4cc86fae-fed4-4743-8530-27a52d5c001b req-4cc86fae-fed4-4743-8530-27a52d5c001b ] Request (FlavorsExtraSpecsNegativeTestJSON:tearDownClass): 204 DELETE http://10.180.1.21/identity/v3/users/dcbe85e925fd4fbb9efb08284df6663e 0.171s
2024-04-02 10:06:00.143 61913 INFO tempest.lib.common.rest_client [req-c848185c-804e-441b-86e1-338d6f847709 req-c848185c-804e-441b-86e1-338d6f847709 ] Request (KeyPairsV210TestJSON:tearDownClass): 204 DELETE http://10.180.1.21/identity/v3/users/342f15c6f33b48e0886cfca273644d98 0.216s
2024-04-02 10:06:00.143 61913 INFO tempest.lib.common.dynamic_creds [-] Deleting project and security group for project: d5d202ca58a0431e9f8e2e22ca3e98a1
2024-04-02 10:06:00.144 61952 INFO tempest.lib.common.rest_client [req-29b7067f-51b5-47e8-87e1-4ffe8c0babf6 req-29b7067f-51b5-47e8-87e1-4ffe8c0babf6 ] Request (ServerActionsTestOtherA:setUpClass): 201 POST http://10.180.1.21:9696/networking/v2.0/security-group-rules 0.186s
2024-04-02 10:06:00.146 61910 INFO tempest.lib.common.rest_client [req-bb4deaf3-096d-483f-b8b9-d499018a0617 req-bb4deaf3-096d-483f-b8b9-d499018a0617 ] Request (FlavorsExtraSpecsNegativeTestJSON:tearDownClass): 204 DELETE http://10.180.1.21/identity/v3/users/ea3f489c0af94a88a6ab683d597c55de 0.116s
2024-04-02 10:06:00.146 61910 INFO tempest.lib.common.dynamic_creds [-] Deleting project and security group for project: 45a3b7f5934541ffaaccff3d7c394022
2024-04-02 10:06:00.177 61945 INFO tempest.lib.common.rest_client [req-035ed706-3cc2-4c82-a0c5-4cd5d8347908 req-035ed706-3cc2-4c82-a0c5-4cd5d8347908 ] Request (ImagesMetadataTestJSON:setUp): 200 PUT http://10.180.1.21/compute/v2.1/images/cd5fb860-9b72-46bd-8618-1e6e22003003/metadata 1.302s
2024-04-02 10:06:00.210 61913 INFO tempest.lib.common.rest_client [req-adab920f-cbe4-405a-a7d6-9413c38c6dc4 req-adab920f-cbe4-405a-a7d6-9413c38c6dc4 ] Request (KeyPairsV210TestJSON:tearDownClass): 201 POST http://10.180.1.21/identity/v3/auth/tokens 0.066s
2024-04-02 10:06:00.215 61910 INFO tempest.lib.common.rest_client [req-44388f57-ab3a-49e4-84a4-536524eed7f6 req-44388f57-ab3a-49e4-84a4-536524eed7f6 ] Request (FlavorsExtraSpecsNegativeTestJSON:tearDownClass): 201 POST http://10.180.1.21/identity/v3/auth/tokens 0.069s
2024-04-02 10:06:00.324 61899 INFO tempest.lib.common.rest_client [req-9d3c55dd-7ec8-431a-8665-d3bc540bb5ca req-9d3c55dd-7ec8-431a-8665-d3bc540bb5ca ] Request (ServerActionsTestJSON:setUpClass): 200 GET http://10.180.1.21/compute/v2.1/servers/7f9f2074-6822-4d9d-9791-4bebc7e55862 1.447s
2024-04-02 10:06:00.345 61891 INFO tempest.lib.common.rest_client [req-c446018f-35a4-4d00-b2d5-32dacb0917a3 req-c446018f-35a4-4d00-b2d5-32dacb0917a3 ] Request (FlavorsAccessNegativeTestJSON:_run_cleanups): 200 GET http://10.180.1.21/compute/v2.1/flavors/detail 1.391s
2024-04-02 10:06:00.355 61921 INFO tempest.lib.common.rest_client [req-fb0449af-478b-452f-ba51-21a0906226a9 req-fb0449af-478b-452f-ba51-21a0906226a9 ] Request (HostsAdminNegativeTestJSON:test_update_host_with_invalid_maintenance_mode): 400 PUT http://10.180.1.21/compute/v2.1/os-hosts/devstack 1.395s
2024-04-02 10:06:00.423 61895 INFO tempest.lib.common.rest_client [req-3aaab53e-8b55-4033-90cb-bc2810f6d6d0 req-3aaab53e-8b55-4033-90cb-bc2810f6d6d0 ] Request (ServerDiagnosticsV248Test:test_get_server_diagnostics): 200 GET http://10.180.1.21/compute/v2.1/servers/7d93caea-4740-4bcd-9f06-9397d37a07b2 1.463s
2024-04-02 10:06:00.500 61903 INFO tempest.lib.common.rest_client [req-58b6409a-d4a1-423d-9fb9-495ba4ac2e40 req-58b6409a-d4a1-423d-9fb9-495ba4ac2e40 ] Request (ServersAdmin275Test:test_rebuild_update_server_275): 200 GET http://10.180.1.21/compute/v2.1/servers/683996e1-4e16-4add-8fa6-3c2843ebbf21 1.430s
2024-04-02 10:06:00.613 61915 INFO tempest.lib.common.rest_client [req-f8e76b25-03e2-4e2d-8233-782ad2a4c355 req-f8e76b25-03e2-4e2d-8233-782ad2a4c355 ] Request (QuotasAdminTestJSON:test_update_all_quota_resources_for_tenant): 200 GET http://10.180.1.21/compute/v2.1/os-quota-sets/42f575ed7d73418a8cf0544927bb3a17/defaults 1.344s
2024-04-02 10:06:00.634 61910 INFO tempest.lib.common.rest_client [req-587ac706-8ed5-4d5f-b304-6fab2f5ba8f6 req-587ac706-8ed5-4d5f-b304-6fab2f5ba8f6 ] Request (FlavorsExtraSpecsNegativeTestJSON:tearDownClass): 200 GET http://10.180.1.21:9696/networking/v2.0/security-groups?tenant_id=45a3b7f5934541ffaaccff3d7c394022&name=default 0.418s
2024-04-02 10:06:00.734 61943 INFO tempest.lib.common.rest_client [req-5e46faec-d3c0-44c8-b02f-86f74f37eee5 req-5e46faec-d3c0-44c8-b02f-86f74f37eee5 ] Request (HypervisorAdminNegativeTestJSON:tearDownClass): 204 DELETE http://10.180.1.21:9696/networking/v2.0/security-groups/98261292-413b-4914-a7ee-a138e2c5f2b6 0.737s
2024-04-02 10:06:00.799 61943 INFO tempest.lib.common.rest_client [req-c58b663f-a788-4678-b71c-735e6f77fce1 req-c58b663f-a788-4678-b71c-735e6f77fce1 ] Request (HypervisorAdminNegativeTestJSON:tearDownClass): 204 DELETE http://10.180.1.21/identity/v3/projects/66cb67a6b8a449a5953945e88615d3cb 0.064s
2024-04-02 10:06:00.820 61913 INFO tempest.lib.common.rest_client [req-76ab6f86-4d28-47d8-8af9-2979e19da7e9 req-76ab6f86-4d28-47d8-8af9-2979e19da7e9 ] Request (KeyPairsV210TestJSON:tearDownClass): 200 GET http://10.180.1.21:9696/networking/v2.0/security-groups?tenant_id=d5d202ca58a0431e9f8e2e22ca3e98a1&name=default 0.610s
2024-04-02 10:06:00.849 61943 INFO tempest.lib.common.rest_client [req-c3526980-6141-496e-9f58-aba9a652ee02 req-c3526980-6141-496e-9f58-aba9a652ee02 ] Request (InstanceUsageAuditLogNegativeTestJSON:setUpClass): 201 POST http://10.180.1.21/identity/v3/auth/tokens 0.048s
2024-04-02 10:06:00.875 61912 INFO tempest.lib.common.rest_client [req-f3af528d-51b0-4546-a0ae-43a21da1e954 req-f3af528d-51b0-4546-a0ae-43a21da1e954 ] Request (FloatingIPDetailsNegativeTestJSON:setUpClass): 200 PUT http://10.180.1.21:9696/networking/v2.0/routers/301813b1-9822-4861-b0e1-5de062242190/add_router_interface 2.507s
2024-04-02 10:06:00.875 61912 INFO tempest.lib.common.dynamic_creds [-] Created isolated network resources for: credentials: Credentials: {'domain_id': 'default', 'domain_name': 'Default', 'username': 'tempest-FloatingIPDetailsNegativeTestJSON-910606895-project-member', 'project_domain_id': 'default', 'project_domain_name': 'Default', 'project_id': '7809ba1e339042d0833a101f08c049c9', 'project_name': 'tempest-FloatingIPDetailsNegativeTestJSON-910606895', 'tenant_id': '7809ba1e339042d0833a101f08c049c9', 'tenant_name': 'tempest-FloatingIPDetailsNegativeTestJSON-910606895', 'user_domain_id': 'default', 'user_domain_name': 'Default', 'user_id': '3611940d8f1f445982c369f185c0c485', 'system': None}, Network: {'id': 'c95db02d-76a1-47d6-81f0-b24763aa0272', 'name': 'tempest-FloatingIPDetailsNegativeTestJSON-1773451281-network', 'tenant_id': '7809ba1e339042d0833a101f08c049c9', 'admin_state_up': True, 'mtu': 8950, 'status': 'ACTIVE', 'subnets': [], 'shared': False, 'project_id': '7809ba1e339042d0833a101f08c049c9', 'port_security_enabled': True, 'router:external': False, 'provider:network_type': 'vlan', 'provider:physical_network': 'default', 'provider:segmentation_id': 492, 'is_default': False, 'availability_zone_hints': [], 'availability_zones': [], 'ipv4_address_scope': None, 'ipv6_address_scope': None, 'description': '', 'tags': [], 'created_at': '2024-04-02T10:05:55Z', 'updated_at': '2024-04-02T10:05:55Z', 'revision_number': 1}, Subnet: {'id': '04c6a2cf-9441-4776-8efb-c0f57a7da6c9', 'name': 'tempest-FloatingIPDetailsNegativeTestJSON-1773451281-subnet', 'tenant_id': '7809ba1e339042d0833a101f08c049c9', 'network_id': 'c95db02d-76a1-47d6-81f0-b24763aa0272', 'ip_version': 4, 'subnetpool_id': None, 'enable_dhcp': True, 'ipv6_ra_mode': None, 'ipv6_address_mode': None, 'gateway_ip': '192.168.128.1', 'cidr': '192.168.128.0/28', 'allocation_pools': [{'start': '192.168.128.2', 'end': '192.168.128.14'}], 'host_routes': [], 'dns_nameservers': [], 'description': '', 'service_types': [], 'tags': [], 'created_at': '2024-04-02T10:05:56Z', 'updated_at': '2024-04-02T10:05:56Z', 'revision_number': 0, 'project_id': '7809ba1e339042d0833a101f08c049c9'}, Router: {'id': '301813b1-9822-4861-b0e1-5de062242190', 'name': 'tempest-FloatingIPDetailsNegativeTestJSON-1773451281-router', 'tenant_id': '7809ba1e339042d0833a101f08c049c9', 'admin_state_up': True, 'status': 'ACTIVE', 'external_gateway_info': {'network_id': 'b5229ccf-1702-4cac-ad08-d508238e2a9e', 'external_fixed_ips': [{'subnet_id': '3ab061c2-6f54-454a-807b-35f20c538fca', 'ip_address': '10.180.180.142'}], 'enable_snat': True}, 'description': '', 'availability_zones': [], 'distributed': False, 'ha': False, 'availability_zone_hints': [], 'routes': [], 'flavor_id': None, 'tags': [], 'created_at': '2024-04-02T10:05:57Z', 'updated_at': '2024-04-02T10:05:57Z', 'revision_number': 3, 'project_id': '7809ba1e339042d0833a101f08c049c9'}
2024-04-02 10:06:00.910 61950 INFO tempest.lib.common.rest_client [req-9d9885ec-a8e4-4d81-8073-bddd31ba9aec req-9d9885ec-a8e4-4d81-8073-bddd31ba9aec ] Request (SecurityGroupsTestJSON:setUpClass): 201 POST http://10.180.1.21:9696/networking/v2.0/routers 2.073s
2024-04-02 10:06:00.918 61943 INFO tempest.lib.common.rest_client [req-852b091c-189c-4755-878f-8c1b9b7450ca req-852b091c-189c-4755-878f-8c1b9b7450ca ] Request (InstanceUsageAuditLogNegativeTestJSON:setUpClass): 201 POST http://10.180.1.21/identity/v3/auth/tokens 0.027s
2024-04-02 10:06:00.929 61948 INFO tempest.lib.common.rest_client [req-aea03b43-01a8-4ff8-b0b4-77d5fd111c29 req-aea03b43-01a8-4ff8-b0b4-77d5fd111c29 ] Request (MigrationsAdminTest:test_list_migrations_in_flavor_resize_situation): 202 POST http://10.180.1.21/compute/v2.1/servers 2.095s
2024-04-02 10:06:00.951 61943 INFO tempest.lib.common.rest_client [req-1a465d10-832c-47b6-ab06-4f69aca868eb req-1a465d10-832c-47b6-ab06-4f69aca868eb ] Request (InstanceUsageAuditLogNegativeTestJSON:setUpClass): 200 GET http://10.180.1.21/identity/v3/domains?name=Default 0.032s
2024-04-02 10:06:00.960 61912 INFO tempest.lib.common.rest_client [req-4f03db3d-2be8-4b33-9010-8a96354e8195 req-4f03db3d-2be8-4b33-9010-8a96354e8195 ] Request (FloatingIPDetailsNegativeTestJSON:setUpClass): 201 POST http://10.180.1.21/identity/v3/auth/tokens 0.081s
2024-04-02 10:06:00.987 61943 INFO tempest.lib.common.rest_client [req-017f625f-d31a-4374-ac3b-50fdb2488caa req-017f625f-d31a-4374-ac3b-50fdb2488caa ] Request (InstanceUsageAuditLogNegativeTestJSON:setUpClass): 201 POST http://10.180.1.21/identity/v3/projects 0.036s
2024-04-02 10:06:01.031 61910 INFO tempest.lib.common.rest_client [req-2b1c17a3-63e2-4e0d-bffd-c676c5fe590f req-2b1c17a3-63e2-4e0d-bffd-c676c5fe590f ] Request (FlavorsExtraSpecsNegativeTestJSON:tearDownClass): 204 DELETE http://10.180.1.21:9696/networking/v2.0/security-groups/22aae1ed-0650-4b93-a665-7da4d296e04f 0.397s
2024-04-02 10:06:01.034 61913 INFO tempest.lib.common.rest_client [req-7e207196-2b42-49ac-b6c3-5ac18f86d33b req-7e207196-2b42-49ac-b6c3-5ac18f86d33b ] Request (KeyPairsV210TestJSON:tearDownClass): 204 DELETE http://10.180.1.21:9696/networking/v2.0/security-groups/30473077-90e0-40f8-8b96-447062d061cb 0.213s
2024-04-02 10:06:01.057 61943 INFO tempest.lib.common.rest_client [req-5243498b-2b8c-4c5c-90d9-e037d99ddcea req-5243498b-2b8c-4c5c-90d9-e037d99ddcea ] Request (InstanceUsageAuditLogNegativeTestJSON:setUpClass): 201 POST http://10.180.1.21/identity/v3/users 0.070s
2024-04-02 10:06:01.151 61910 INFO tempest.lib.common.rest_client [req-d92edb75-9651-4239-b3cc-3306a71d3d7f req-d92edb75-9651-4239-b3cc-3306a71d3d7f ] Request (FlavorsExtraSpecsNegativeTestJSON:tearDownClass): 204 DELETE http://10.180.1.21/identity/v3/projects/45a3b7f5934541ffaaccff3d7c394022 0.119s
2024-04-02 10:06:01.152 61910 INFO tempest.lib.common.dynamic_creds [-] Deleting project and security group for project: c78267fd7a0f4cc0bebadb319ebc8c53
2024-04-02 10:06:01.155 61913 INFO tempest.lib.common.rest_client [req-47399ad3-583e-4319-9876-0217a203b955 req-47399ad3-583e-4319-9876-0217a203b955 ] Request (KeyPairsV210TestJSON:tearDownClass): 204 DELETE http://10.180.1.21/identity/v3/projects/d5d202ca58a0431e9f8e2e22ca3e98a1 0.121s
2024-04-02 10:06:01.155 61913 INFO tempest.lib.common.dynamic_creds [-] Deleting project and security group for project: f2181ed4fc8f463987a8c794a3bc9753
2024-04-02 10:06:01.201 61920 INFO tempest.lib.common.rest_client [req-066da68c-6b90-4466-9d81-fda4772ff0de req-066da68c-6b90-4466-9d81-fda4772ff0de ] Request (QuotasAdminNegativeTest:test_create_server_when_memory_quota_is_full): 403 POST http://10.180.1.21/compute/v2.1/servers 1.827s
2024-04-02 10:06:01.252 61943 INFO tempest.lib.common.rest_client [req-b8513e25-cef2-4038-9692-d8a124fec53e req-b8513e25-cef2-4038-9692-d8a124fec53e ] Request (InstanceUsageAuditLogNegativeTestJSON:setUpClass): 200 GET http://10.180.1.21/identity/v3/roles 0.194s
2024-04-02 10:06:01.286 61943 INFO tempest.lib.common.rest_client [req-5cc8aa40-8111-4672-8048-3d95a6546b68 req-5cc8aa40-8111-4672-8048-3d95a6546b68 ] Request (InstanceUsageAuditLogNegativeTestJSON:setUpClass): 204 PUT http://10.180.1.21/identity/v3/projects/7263295d3da24867ae7308e1f9310fa4/users/dd2383f9a0764371aee9634bdcd59340/roles/3c9354b377184dc4bc2b0e96b35c343e 0.033s
2024-04-02 10:06:01.286 61943 INFO tempest.lib.common.dynamic_creds [-] Dynamic test user dd2383f9a0764371aee9634bdcd59340 is created with scope project and roles: ['member']
2024-04-02 10:06:01.286 61943 INFO tempest.lib.common.dynamic_creds [-] Acquired dynamic creds: credentials: Credentials: {'domain_id': 'default', 'domain_name': 'Default', 'username': 'tempest-InstanceUsageAuditLogNegativeTestJSON-1291753046-project-member', 'project_domain_id': 'default', 'project_domain_name': 'Default', 'project_id': '7263295d3da24867ae7308e1f9310fa4', 'project_name': 'tempest-InstanceUsageAuditLogNegativeTestJSON-1291753046', 'tenant_id': '7263295d3da24867ae7308e1f9310fa4', 'tenant_name': 'tempest-InstanceUsageAuditLogNegativeTestJSON-1291753046', 'user_domain_id': 'default', 'user_domain_name': 'Default', 'user_id': 'dd2383f9a0764371aee9634bdcd59340', 'system': None}, Network: None, Subnet: None, Router: None
2024-04-02 10:06:01.286 61943 INFO tempest.lib.common.dynamic_creds [-] Created isolated network resources for: credentials: Credentials: {'domain_id': 'default', 'domain_name': 'Default', 'username': 'tempest-InstanceUsageAuditLogNegativeTestJSON-1291753046-project-member', 'project_domain_id': 'default', 'project_domain_name': 'Default', 'project_id': '7263295d3da24867ae7308e1f9310fa4', 'project_name': 'tempest-InstanceUsageAuditLogNegativeTestJSON-1291753046', 'tenant_id': '7263295d3da24867ae7308e1f9310fa4', 'tenant_name': 'tempest-InstanceUsageAuditLogNegativeTestJSON-1291753046', 'user_domain_id': 'default', 'user_domain_name': 'Default', 'user_id': 'dd2383f9a0764371aee9634bdcd59340', 'system': None}, Network: None, Subnet: None, Router: None
2024-04-02 10:06:01.327 61906 INFO tempest.lib.common.rest_client [req-31c319c9-51bc-43cd-85ef-b4cd4267799c req-31c319c9-51bc-43cd-85ef-b4cd4267799c ] Request (VolumesAssistedSnapshotsTest:test_volume_assisted_snapshot_create_delete): 200 POST http://10.180.1.21/compute/v2.1/os-keypairs 1.645s
2024-04-02 10:06:01.353 61943 INFO tempest.lib.common.rest_client [req-f26ab834-a4ee-4c3e-b7e3-c095df3add8c req-f26ab834-a4ee-4c3e-b7e3-c095df3add8c ] Request (InstanceUsageAuditLogNegativeTestJSON:setUpClass): 201 POST http://10.180.1.21/identity/v3/auth/tokens 0.064s
2024-04-02 10:06:01.358 61931 INFO tempest.lib.common.rest_client [req-4941366b-9d35-4f47-9d60-bdac647c8553 req-4941366b-9d35-4f47-9d60-bdac647c8553 ] Request (ServersTestFqdnHostnames:test_create_server_with_fqdn_name): 200 GET http://10.180.1.21/compute/v2.1/servers/fd0ac9db-adc2-46f2-93ff-0b7e299534a7 2.008s
2024-04-02 10:06:01.376 61925 INFO tempest.lib.common.rest_client [req-dc2a6e33-cb9f-458f-8fee-d9de08283dab req-dc2a6e33-cb9f-458f-8fee-d9de08283dab ] Request (FlavorsAccessTestJSON:_run_cleanups): 200 GET http://10.180.1.21/compute/v2.1/flavors/detail 1.582s
2024-04-02 10:06:01.404 61897 INFO tempest.lib.common.rest_client [req-c7b68e6a-ac82-4d94-8ee4-2691ebc237e8 req-c7b68e6a-ac82-4d94-8ee4-2691ebc237e8 ] Request (KeyPairsNegativeTestJSON:test_create_keypair_with_empty_public_key): 400 POST http://10.180.1.21/compute/v2.1/os-keypairs 1.603s
2024-04-02 10:06:01.418 61943 INFO tempest.lib.common.rest_client [req-9aa36508-c274-47d5-9b44-8d23a0e094ac req-9aa36508-c274-47d5-9b44-8d23a0e094ac ] Request (InstanceUsageAuditLogNegativeTestJSON:setUpClass): 201 POST http://10.180.1.21/identity/v3/projects 0.064s
2024-04-02 10:06:01.418 61901 INFO tempest.lib.common.rest_client [req-799c3fef-0507-4a9d-998a-262fb39a32a5 req-799c3fef-0507-4a9d-998a-262fb39a32a5 ] Request (FlavorsAdminTestJSON:_run_cleanups): 202 DELETE http://10.180.1.21/compute/v2.1/flavors/4ac10df2-691b-42e0-b4eb-01ff13a01a59 1.597s
2024-04-02 10:06:01.445 61908 INFO tempest.lib.common.rest_client [req-25b358c3-afad-4238-a9fc-f3643f5b5cbe req-25b358c3-afad-4238-a9fc-f3643f5b5cbe ] Request (AggregatesAdminNegativeTestJSON:test_aggregate_add_non_exist_host): 404 POST http://10.180.1.21/compute/v2.1/os-aggregates/3/action 1.608s
2024-04-02 10:06:01.485 61943 INFO tempest.lib.common.rest_client [req-fa1fef85-cbb0-4b50-8b39-3361be15822a req-fa1fef85-cbb0-4b50-8b39-3361be15822a ] Request (InstanceUsageAuditLogNegativeTestJSON:setUpClass): 201 POST http://10.180.1.21/identity/v3/users 0.066s
2024-04-02 10:06:01.509 61943 INFO tempest.lib.common.rest_client [req-2379df8d-bcd3-414e-8a71-de4932536f3d req-2379df8d-bcd3-414e-8a71-de4932536f3d ] Request (InstanceUsageAuditLogNegativeTestJSON:setUpClass): 200 GET http://10.180.1.21/identity/v3/roles 0.023s
2024-04-02 10:06:01.540 61925 INFO tempest.lib.common.rest_client [req-a994da84-5896-4851-ae7f-1f170bdbd5e3 req-a994da84-5896-4851-ae7f-1f170bdbd5e3 ] Request (FlavorsAccessTestJSON:tearDownClass): 204 DELETE http://10.180.1.21/identity/v3/users/d6b85c7ac24f437f97981759be4c83e0 0.159s
2024-04-02 10:06:01.558 61913 INFO tempest.lib.common.rest_client [req-4e7ae7dc-22d7-45b8-854b-09ce5f3dcdb4 req-4e7ae7dc-22d7-45b8-854b-09ce5f3dcdb4 ] Request (KeyPairsV210TestJSON:tearDownClass): 200 GET http://10.180.1.21:9696/networking/v2.0/security-groups?tenant_id=f2181ed4fc8f463987a8c794a3bc9753&name=default 0.402s
2024-04-02 10:06:01.585 61943 INFO tempest.lib.common.rest_client [req-a495915b-af48-499f-ad85-c15311767c7e req-a495915b-af48-499f-ad85-c15311767c7e ] Request (InstanceUsageAuditLogNegativeTestJSON:setUpClass): 204 PUT http://10.180.1.21/identity/v3/projects/d6eae164d8f2470f9630e171bb749251/users/a269d7898bd44b6e8b0d13b20872d28b/roles/9328f4ad21d641788c23eeb765652981 0.076s
2024-04-02 10:06:01.641 61943 INFO tempest.lib.common.rest_client [req-51f10394-82c2-4301-84b0-f4a7f306c85a req-51f10394-82c2-4301-84b0-f4a7f306c85a ] Request (InstanceUsageAuditLogNegativeTestJSON:setUpClass): 200 GET http://10.180.1.21/identity/v3/roles 0.055s
2024-04-02 10:06:01.647 61910 INFO tempest.lib.common.rest_client [req-005e82ff-c249-4176-85e6-7f2386b32a15 req-005e82ff-c249-4176-85e6-7f2386b32a15 ] Request (FlavorsExtraSpecsNegativeTestJSON:tearDownClass): 200 GET http://10.180.1.21:9696/networking/v2.0/security-groups?tenant_id=c78267fd7a0f4cc0bebadb319ebc8c53&name=default 0.495s
2024-04-02 10:06:01.664 61943 INFO tempest.lib.common.rest_client [req-6da99232-a2ad-451e-bcf8-2167bfb6e9dd req-6da99232-a2ad-451e-bcf8-2167bfb6e9dd ] Request (InstanceUsageAuditLogNegativeTestJSON:setUpClass): 204 PUT http://10.180.1.21/identity/v3/projects/d6eae164d8f2470f9630e171bb749251/users/a269d7898bd44b6e8b0d13b20872d28b/roles/9328f4ad21d641788c23eeb765652981 0.023s
2024-04-02 10:06:01.664 61943 INFO tempest.lib.common.dynamic_creds [-] Dynamic test user a269d7898bd44b6e8b0d13b20872d28b is created with scope project and roles: ['admin']
2024-04-02 10:06:01.664 61943 INFO tempest.lib.common.dynamic_creds [-] Acquired dynamic creds: credentials: Credentials: {'domain_id': 'default', 'domain_name': 'Default', 'username': 'tempest-InstanceUsageAuditLogNegativeTestJSON-1277519145-project-admin', 'project_domain_id': 'default', 'project_domain_name': 'Default', 'project_id': 'd6eae164d8f2470f9630e171bb749251', 'project_name': 'tempest-InstanceUsageAuditLogNegativeTestJSON-1277519145', 'tenant_id': 'd6eae164d8f2470f9630e171bb749251', 'tenant_name': 'tempest-InstanceUsageAuditLogNegativeTestJSON-1277519145', 'user_domain_id': 'default', 'user_domain_name': 'Default', 'user_id': 'a269d7898bd44b6e8b0d13b20872d28b', 'system': None}, Network: None, Subnet: None, Router: None
