2024-04-02 10:06:23.886 61891 INFO tempest.lib.common.dynamic_creds [-] Created isolated network resources for: credentials: Credentials: {'domain_id': 'default', 'domain_name': 'Default', 'username': 'tempest-QuotasAdminTestV257-200919999-project-member', 'project_domain_id': 'default', 'project_domain_name': 'Default', 'project_id': '650a5d5a0d654216a06df1d1004072a8', 'project_name': 'tempest-QuotasAdminTestV257-200919999', 'tenant_id': '650a5d5a0d654216a06df1d1004072a8', 'tenant_name': 'tempest-QuotasAdminTestV257-200919999', 'user_domain_id': 'default', 'user_domain_name': 'Default', 'user_id': 'ef0314e2f7ee4abc96e1efc2a2f76424', 'system': None}, Network: None, Subnet: None, Router: None
2024-04-02 10:06:23.907 61955 INFO tempest.lib.common.rest_client [req-0c6ae6b0-067b-4731-891b-4e0b1de40129 req-0c6ae6b0-067b-4731-891b-4e0b1de40129 ] Request (ServerExternalEventsTest:test_create_server_external_events): 200 GET http://10.180.1.21/compute/v2.1/servers/eb0c04e3-1234-445c-bfa6-e031dd0b89d3 1.493s
2024-04-02 10:06:23.932 61945 INFO tempest.lib.common.rest_client [req-0d486fea-518d-440d-aaa1-52a9efa89fc1 req-0d486fea-518d-440d-aaa1-52a9efa89fc1 ] Request (InstanceActionsTestJSON:setUpClass): 200 GET http://10.180.1.21/compute/v2.1/servers/6126223b-c712-4260-a49b-7a56c4035e75 1.479s
2024-04-02 10:06:23.937 61943 INFO tempest.lib.common.rest_client [req-af14fff4-4020-4775-9d24-b1189a1ea678 req-af14fff4-4020-4775-9d24-b1189a1ea678 ] Request (KeyPairsV22TestJSON:test_keypairs_create_list_delete): 201 POST http://10.180.1.21/compute/v2.1/os-keypairs 1.458s
2024-04-02 10:06:23.941 61925 INFO tempest.lib.common.rest_client [req-54502eb9-94d0-4c70-b210-ea7374d82510 req-54502eb9-94d0-4c70-b210-ea7374d82510 ] Request (FlavorsV2TestJSON:test_list_flavors_filter_by_min_ram): 200 GET http://10.180.1.21/compute/v2.1/flavors/42 1.376s
2024-04-02 10:06:23.950 61908 INFO tempest.lib.common.rest_client [req-74e1fca8-0488-41be-a574-b6f58d08e204 req-74e1fca8-0488-41be-a574-b6f58d08e204 ] Request (AggregatesAdminNegativeTestJSON:test_aggregate_get_details_with_invalid_id): 404 GET http://10.180.1.21/compute/v2.1/os-aggregates/-1 1.402s
2024-04-02 10:06:23.954 61901 INFO tempest.lib.common.rest_client [req-622e8e30-9fd2-4f24-9481-18195a96f6fe req-622e8e30-9fd2-4f24-9481-18195a96f6fe ] Request (FlavorsAdminTestJSON:test_is_public_string_variations): 200 POST http://10.180.1.21/compute/v2.1/flavors 1.379s
2024-04-02 10:06:23.965 61891 INFO tempest.lib.common.rest_client [req-788efa9d-c561-4da7-8df9-25872a8ae575 req-788efa9d-c561-4da7-8df9-25872a8ae575 ] Request (QuotasAdminTestV257:setUpClass): 201 POST http://10.180.1.21/identity/v3/auth/tokens 0.075s
2024-04-02 10:06:24.030 61891 INFO tempest.lib.common.rest_client [req-5e6a2b70-b824-4b96-bf3e-3bb5eb74ed16 req-5e6a2b70-b824-4b96-bf3e-3bb5eb74ed16 ] Request (QuotasAdminTestV257:setUpClass): 201 POST http://10.180.1.21/identity/v3/projects 0.065s
2024-04-02 10:06:24.091 61915 INFO tempest.lib.common.rest_client [req-038f7619-1fea-45d7-9484-a4d7b47d16f9 req-038f7619-1fea-45d7-9484-a4d7b47d16f9 ] Request (SecurityGroupsTestAdminJSON:_run_cleanups): 202 DELETE http://10.180.1.21/compute/v2.1/os-security-groups/352cb50d-aadf-4314-aebb-c640b4023919 1.362s
2024-04-02 10:06:24.109 61891 INFO tempest.lib.common.rest_client [req-a8ea2058-9cb2-4a28-9727-b8206aeff886 req-a8ea2058-9cb2-4a28-9727-b8206aeff886 ] Request (QuotasAdminTestV257:setUpClass): 201 POST http://10.180.1.21/identity/v3/users 0.078s
2024-04-02 10:06:24.132 61891 INFO tempest.lib.common.rest_client [req-67cb659e-3d27-49f9-bc21-6f398a3f69a7 req-67cb659e-3d27-49f9-bc21-6f398a3f69a7 ] Request (QuotasAdminTestV257:setUpClass): 200 GET http://10.180.1.21/identity/v3/roles 0.022s
2024-04-02 10:06:24.163 61891 INFO tempest.lib.common.rest_client [req-18e79eab-202d-40ab-8bb9-9d4197a2f119 req-18e79eab-202d-40ab-8bb9-9d4197a2f119 ] Request (QuotasAdminTestV257:setUpClass): 204 PUT http://10.180.1.21/identity/v3/projects/c4f0382b31b74f94b92a8245f9c89e21/users/82700fa8e1554e1f83db6e1e07b55762/roles/9328f4ad21d641788c23eeb765652981 0.031s
2024-04-02 10:06:24.175 61903 INFO tempest.lib.common.rest_client [req-092e2bba-5881-41b0-99ef-427c0c9dece2 req-092e2bba-5881-41b0-99ef-427c0c9dece2 ] Request (ServersAdmin275Test:test_rebuild_update_server_275): 200 GET http://10.180.1.21/compute/v2.1/servers/683996e1-4e16-4add-8fa6-3c2843ebbf21 1.375s
2024-04-02 10:06:24.184 61903 INFO tempest.common.waiters [-] State transition "BUILD/spawning" ==> "ERROR/None" after 57 second wait
2024-04-02 10:06:24.211 61933 INFO tempest.lib.common.rest_client [req-75959301-3a0f-40c3-9f0f-abfc9d0bec32 req-75959301-3a0f-40c3-9f0f-abfc9d0bec32 ] Request (ImagesOneServerTestJSON:setUpClass): 200 GET http://10.180.1.21/compute/v2.1/servers/2c9b8ba9-193e-468f-bc4e-006ab413b374 1.486s
2024-04-02 10:06:24.238 61891 INFO tempest.lib.common.rest_client [req-81dcf3ab-9314-4943-b9b0-7ec4c11cfe37 req-81dcf3ab-9314-4943-b9b0-7ec4c11cfe37 ] Request (QuotasAdminTestV257:setUpClass): 200 GET http://10.180.1.21/identity/v3/roles 0.074s
2024-04-02 10:06:24.268 61891 INFO tempest.lib.common.rest_client [req-35e4c4f4-f967-45d4-b921-dabbf3b62384 req-35e4c4f4-f967-45d4-b921-dabbf3b62384 ] Request (QuotasAdminTestV257:setUpClass): 204 PUT http://10.180.1.21/identity/v3/projects/c4f0382b31b74f94b92a8245f9c89e21/users/82700fa8e1554e1f83db6e1e07b55762/roles/9328f4ad21d641788c23eeb765652981 0.030s
2024-04-02 10:06:24.269 61891 INFO tempest.lib.common.dynamic_creds [-] Dynamic test user 82700fa8e1554e1f83db6e1e07b55762 is created with scope project and roles: ['admin']
2024-04-02 10:06:24.269 61891 INFO tempest.lib.common.dynamic_creds [-] Acquired dynamic creds: credentials: Credentials: {'domain_id': 'default', 'domain_name': 'Default', 'username': 'tempest-QuotasAdminTestV257-1188826464-project-admin', 'project_domain_id': 'default', 'project_domain_name': 'Default', 'project_id': 'c4f0382b31b74f94b92a8245f9c89e21', 'project_name': 'tempest-QuotasAdminTestV257-1188826464', 'tenant_id': 'c4f0382b31b74f94b92a8245f9c89e21', 'tenant_name': 'tempest-QuotasAdminTestV257-1188826464', 'user_domain_id': 'default', 'user_domain_name': 'Default', 'user_id': '82700fa8e1554e1f83db6e1e07b55762', 'system': None}, Network: None, Subnet: None, Router: None
2024-04-02 10:06:24.269 61891 INFO tempest.lib.common.dynamic_creds [-] Created isolated network resources for: credentials: Credentials: {'domain_id': 'default', 'domain_name': 'Default', 'username': 'tempest-QuotasAdminTestV257-1188826464-project-admin', 'project_domain_id': 'default', 'project_domain_name': 'Default', 'project_id': 'c4f0382b31b74f94b92a8245f9c89e21', 'project_name': 'tempest-QuotasAdminTestV257-1188826464', 'tenant_id': 'c4f0382b31b74f94b92a8245f9c89e21', 'tenant_name': 'tempest-QuotasAdminTestV257-1188826464', 'user_domain_id': 'default', 'user_domain_name': 'Default', 'user_id': '82700fa8e1554e1f83db6e1e07b55762', 'system': None}, Network: None, Subnet: None, Router: None
2024-04-02 10:06:24.289 61910 INFO tempest.lib.common.rest_client [req-9aa7eb90-186a-46bc-bb01-966a2ea103b8 req-9aa7eb90-186a-46bc-bb01-966a2ea103b8 ] Request (ListServerFiltersTestJSON:setUpClass): 200 GET http://10.180.1.21/compute/v2.1/servers/bf8a0b66-22ef-4f1e-99a3-9727d4a61c02 0.990s
2024-04-02 10:06:24.315 61913 INFO tempest.lib.common.rest_client [req-17e561ac-bbf8-486d-aafc-85948173c901 req-17e561ac-bbf8-486d-aafc-85948173c901 ] Request (ServersTestManualDisk:setUpClass): 201 POST http://10.180.1.21:9696/networking/v2.0/networks 0.491s
2024-04-02 10:06:24.350 61891 INFO tempest.lib.common.rest_client [req-dd3c71ef-b905-4f68-bfb0-9b5c96d91582 req-dd3c71ef-b905-4f68-bfb0-9b5c96d91582 ] Request (QuotasAdminTestV257:setUpClass): 201 POST http://10.180.1.21/identity/v3/auth/tokens 0.079s
2024-04-02 10:06:24.370 61920 INFO tempest.lib.common.rest_client [req-a7ddd8ea-bab7-4682-807c-278ee5d23bab req-a7ddd8ea-bab7-4682-807c-278ee5d23bab ] Request (MultipleCreateTestJSON:test_multiple_create): 200 GET http://10.180.1.21/compute/v2.1/servers/3889663a-53e8-4d3e-bed6-5e86519522ef 0.831s
2024-04-02 10:06:24.381 61891 INFO tempest.lib.common.rest_client [req-48c5c8fc-0b2d-4e74-93f9-d74d84edc034 req-48c5c8fc-0b2d-4e74-93f9-d74d84edc034 ] Request (QuotasAdminTestV257:test_get_updated_quotas): 200 GET http://10.180.1.21/identity/v3/domains?name=Default 0.028s
2024-04-02 10:06:24.406 61891 INFO tempest.lib.common.rest_client [req-9a74163f-a701-4bbc-b524-04ca170ffb4d req-9a74163f-a701-4bbc-b524-04ca170ffb4d ] Request (QuotasAdminTestV257:test_get_updated_quotas): 201 POST http://10.180.1.21/identity/v3/projects 0.023s
2024-04-02 10:06:24.458 61891 INFO tempest.lib.common.rest_client [req-3da2fdb3-8f0e-4935-a195-3d0996bc00aa req-3da2fdb3-8f0e-4935-a195-3d0996bc00aa ] Request (QuotasAdminTestV257:test_get_updated_quotas): 200 GET http://10.180.1.21/identity/v3/domains?name=Default 0.052s
2024-04-02 10:06:24.558 61893 INFO tempest.lib.common.rest_client [req-4b8da663-7e1e-4d0d-8812-7247e5dca45b req-4b8da663-7e1e-4d0d-8812-7247e5dca45b ] Request (DeleteServersAdminTestJSON:test_admin_delete_servers_of_others): 200 GET http://10.180.1.21/compute/v2.1/servers/b6e68fe1-4ec8-4f0f-bc6b-168038b1998e 0.880s
2024-04-02 10:06:24.628 61931 INFO tempest.lib.common.rest_client [req-f028778a-b34a-49fb-b6cf-4493c8427830 req-f028778a-b34a-49fb-b6cf-4493c8427830 ] Request (ServersTestFqdnHostnames:test_create_server_with_fqdn_name): 200 GET http://10.180.1.21/compute/v2.1/servers/fd0ac9db-adc2-46f2-93ff-0b7e299534a7 1.460s
2024-04-02 10:06:24.630 61906 INFO tempest.lib.common.rest_client [req-80eec222-7d43-417f-80cd-6273ad9ea43f req-80eec222-7d43-417f-80cd-6273ad9ea43f ] Request (VolumesAssistedSnapshotsTest:test_volume_assisted_snapshot_create_delete): 200 GET http://10.180.1.21/compute/v2.1/servers/62d0a02d-88af-48f2-a14a-c9f2e899babe 0.883s
2024-04-02 10:06:24.683 61923 INFO tempest.lib.common.rest_client [req-524c282a-1fb4-483c-9769-545a6ff60087 req-524c282a-1fb4-483c-9769-545a6ff60087 ] Request (ServersAdminTestJSON:setUpClass): 200 GET http://10.180.1.21/compute/v2.1/servers/bf8c692f-6510-4548-aedd-0e1792512e20 0.861s
2024-04-02 10:06:24.700 61927 INFO tempest.lib.common.rest_client [req-d0515e96-9245-4255-a7b3-949a6fe96219 req-d0515e96-9245-4255-a7b3-949a6fe96219 ] Request (ServersAdminNegativeTestJSON:setUpClass): 200 GET http://10.180.1.21/compute/v2.1/servers/e5fe92cf-e150-419f-a164-a98a9d24dd8c 0.901s
2024-04-02 10:06:24.716 61913 INFO tempest.lib.common.rest_client [req-cbec1093-5aa7-4202-8f68-9b56a8acde1d req-cbec1093-5aa7-4202-8f68-9b56a8acde1d ] Request (ServersTestManualDisk:setUpClass): 201 POST http://10.180.1.21:9696/networking/v2.0/subnets 0.400s
2024-04-02 10:06:24.744 61929 INFO tempest.lib.common.rest_client [req-8f690f8f-0b34-4c51-a367-52f94aeae914 req-8f690f8f-0b34-4c51-a367-52f94aeae914 ] Request (ServerRescueTestJSONUnderV235:setUpClass): 200 GET http://10.180.1.21/compute/v2.1/servers/95426048-d403-4dad-9ad7-b76de655a319 0.891s
2024-04-02 10:06:24.854 61940 INFO tempest.lib.common.rest_client [req-0325f951-f2e6-490b-98b5-03a8ad60a2c4 req-0325f951-f2e6-490b-98b5-03a8ad60a2c4 ] Request (FloatingIPDetailsTestJSON:test_get_floating_ip_details): 200 GET http://10.180.1.21/compute/v2.1/os-floating-ips/eca4d113-b409-4d57-95fb-3930f47d4fe5 0.985s
2024-04-02 10:06:24.885 61943 INFO tempest.lib.common.rest_client [req-97d1ae46-0eca-41b3-a590-f41f5b9bd59d req-97d1ae46-0eca-41b3-a590-f41f5b9bd59d ] Request (KeyPairsV22TestJSON:test_keypairs_create_list_delete): 201 POST http://10.180.1.21/compute/v2.1/os-keypairs 0.946s
2024-04-02 10:06:24.899 61925 INFO tempest.lib.common.rest_client [req-c2bafc3d-5214-49c5-b2c2-0e26086ab02a req-c2bafc3d-5214-49c5-b2c2-0e26086ab02a ] Request (FlavorsV2TestJSON:test_list_flavors_filter_by_min_ram): 200 GET http://10.180.1.21/compute/v2.1/flavors?minRam=129 0.956s
2024-04-02 10:06:24.959 61921 INFO tempest.lib.common.rest_client [req-a44a1a53-ef89-4a5b-b65f-16fe68081e19 req-a44a1a53-ef89-4a5b-b65f-16fe68081e19 ] Request (VolumesAdminNegativeTest:setUpClass): 201 POST http://10.180.1.21:9696/networking/v2.0/routers 1.276s
2024-04-02 10:06:25.022 61935 INFO tempest.lib.common.rest_client [req-cebd44b0-0f6a-43dd-a85c-cf2da175727b req-cebd44b0-0f6a-43dd-a85c-cf2da175727b ] Request (ServerDiagnosticsTest:test_get_server_diagnostics): 200 GET http://10.180.1.21/compute/v2.1/servers/29281253-e489-48f5-b219-75ae984adb00 1.078s
2024-04-02 10:06:25.027 61908 INFO tempest.lib.common.rest_client [req-a18ca964-3b12-4932-9458-c6efdb510184 req-a18ca964-3b12-4932-9458-c6efdb510184 ] Request (AggregatesAdminNegativeTestJSON:test_aggregate_list_as_user): 403 GET http://10.180.1.21/compute/v2.1/os-aggregates 1.075s
2024-04-02 10:06:25.045 61901 INFO tempest.lib.common.rest_client [req-9cbf210b-3ce7-4b16-a770-1cf513c9e95a req-9cbf210b-3ce7-4b16-a770-1cf513c9e95a ] Request (FlavorsAdminTestJSON:test_is_public_string_variations): 200 GET http://10.180.1.21/compute/v2.1/flavors/detail?is_public=f 1.089s
2024-04-02 10:06:25.073 61897 INFO tempest.lib.common.rest_client [req-441daa66-ec40-4a61-b7a7-28f03c3f6ab9 req-441daa66-ec40-4a61-b7a7-28f03c3f6ab9 ] Request (AttachInterfacesUnderV243Test:test_add_remove_fixed_ip): 200 GET http://10.180.1.21/compute/v2.1/servers/fc905ad2-7f1d-4356-a8f7-1eda98cdd01d 1.163s
2024-04-02 10:06:25.165 61946 INFO tempest.lib.common.rest_client [req-575b54de-43db-4e6e-a499-aa87bfcd1dab req-575b54de-43db-4e6e-a499-aa87bfcd1dab ] Request (FloatingIPsAssociationTestJSON:setUpClass): 200 GET http://10.180.1.21/compute/v2.1/servers/aacbebf5-bd31-465b-b574-6c4a98b27f30 1.109s
2024-04-02 10:06:25.365 61937 INFO tempest.lib.common.rest_client [req-8f6350d3-2ee4-4565-b191-877113383c44 req-8f6350d3-2ee4-4565-b191-877113383c44 ] Request (InstanceActionsNegativeTestJSON:setUpClass): 200 GET http://10.180.1.21/compute/v2.1/servers/00931111-13a1-447d-a401-943221badd59 1.204s
2024-04-02 10:06:25.509 61915 INFO tempest.lib.common.rest_client [req-06842c34-8e33-4944-b338-300567b2ebae req-06842c34-8e33-4944-b338-300567b2ebae ] Request (SecurityGroupsTestAdminJSON:_run_cleanups): 202 DELETE http://10.180.1.21/compute/v2.1/os-security-groups/c7a6c0fd-4790-44f8-99f3-ca29a7f85091 1.417s
2024-04-02 10:06:25.602 61912 INFO tempest.lib.common.rest_client [req-7c93d8a7-bef8-485a-b30d-6c37ce100140 req-7c93d8a7-bef8-485a-b30d-6c37ce100140 ] Request (ServerRescueNegativeTestJSON:setUpClass): 200 GET http://10.180.1.21/compute/v2.1/servers/fffdaf35-4e17-40ba-95a7-cf34fa04737e 1.364s
2024-04-02 10:06:25.725 61952 INFO tempest.lib.common.rest_client [req-311248ab-554b-4027-bde0-e7aa70231627 req-311248ab-554b-4027-bde0-e7aa70231627 ] Request (ServerActionsTestOtherA:setUpClass): 200 GET http://10.180.1.21/compute/v2.1/servers/788fc9bb-2f88-4f82-88cf-9c7a002edb47 1.282s
2024-04-02 10:06:25.861 61891 INFO tempest.lib.common.rest_client [req-37ca3246-2391-4b66-b57e-df182f588040 req-37ca3246-2391-4b66-b57e-df182f588040 ] Request (QuotasAdminTestV257:test_get_updated_quotas): 200 PUT http://10.180.1.21/compute/v2.1/os-quota-sets/f71c3890e758490ca201db0e58981842 1.402s
2024-04-02 10:06:25.931 61948 INFO tempest.lib.common.rest_client [req-f95c963b-23cd-4ccb-8d4b-2326d48ac921 req-f95c963b-23cd-4ccb-8d4b-2326d48ac921 ] Request (MigrationsAdminTest:test_list_migrations_in_flavor_resize_situation): 200 GET http://10.180.1.21/compute/v2.1/servers/adc73db6-8bff-4007-ae74-528a37840d96 1.424s
2024-04-02 10:06:26.009 61917 INFO tempest.lib.common.rest_client [req-0df13d92-3f0a-46ee-9cdb-797d4eac49fe req-0df13d92-3f0a-46ee-9cdb-797d4eac49fe ] Request (AttachInterfacesV270Test:test_create_get_list_interfaces): 200 GET http://10.180.1.21/compute/v2.1/servers/b9315087-b61c-488c-aaa9-5f4b4e2f12b4 1.441s
2024-04-02 10:06:26.025 61903 INFO tempest.lib.common.rest_client [req-33c58909-8618-43f0-80ef-7c1c01b0e328 req-33c58909-8618-43f0-80ef-7c1c01b0e328 ] Request (ServersAdmin275Test:tearDownClass): 204 DELETE http://10.180.1.21/compute/v2.1/servers/683996e1-4e16-4add-8fa6-3c2843ebbf21 1.839s
2024-04-02 10:06:26.082 61895 INFO tempest.lib.common.rest_client [req-84a316b9-e816-4db0-8eeb-95c5f54428c8 req-84a316b9-e816-4db0-8eeb-95c5f54428c8 ] Request (ServerDiagnosticsV248Test:test_get_server_diagnostics): 200 GET http://10.180.1.21/compute/v2.1/servers/7d93caea-4740-4bcd-9f06-9397d37a07b2 1.409s
2024-04-02 10:06:26.119 61921 INFO tempest.lib.common.rest_client [req-5809378a-1f40-4e2e-b976-759420e7d457 req-5809378a-1f40-4e2e-b976-759420e7d457 ] Request (VolumesAdminNegativeTest:setUpClass): 200 PUT http://10.180.1.21:9696/networking/v2.0/routers/5ed5f6ec-1848-4aae-b334-1042a9c4e5ed/add_router_interface 1.159s
2024-04-02 10:06:26.119 61921 INFO tempest.lib.common.dynamic_creds [-] Created isolated network resources for: credentials: Credentials: {'domain_id': 'default', 'domain_name': 'Default', 'username': 'tempest-VolumesAdminNegativeTest-523549464-project-member', 'project_domain_id': 'default', 'project_domain_name': 'Default', 'project_id': '28b65a963d374daaab50fbe549b60955', 'project_name': 'tempest-VolumesAdminNegativeTest-523549464', 'tenant_id': '28b65a963d374daaab50fbe549b60955', 'tenant_name': 'tempest-VolumesAdminNegativeTest-523549464', 'user_domain_id': 'default', 'user_domain_name': 'Default', 'user_id': '8fdb79b5281f43e0822ae0746b84d87f', 'system': None}, Network: {'id': 'e9a38f2b-2b0e-4b18-8a6a-0e1d09f7ac7a', 'name': 'tempest-VolumesAdminNegativeTest-372772821-network', 'tenant_id': '28b65a963d374daaab50fbe549b60955', 'admin_state_up': True, 'mtu': 8950, 'status': 'ACTIVE', 'subnets': [], 'shared': False, 'project_id': '28b65a963d374daaab50fbe549b60955', 'port_security_enabled': True, 'router:external': False, 'provider:network_type': 'vlan', 'provider:physical_network': 'default', 'provider:segmentation_id': 665, 'is_default': False, 'availability_zone_hints': [], 'availability_zones': [], 'ipv4_address_scope': None, 'ipv6_address_scope': None, 'description': '', 'tags': [], 'created_at': '2024-04-02T10:06:23Z', 'updated_at': '2024-04-02T10:06:23Z', 'revision_number': 1}, Subnet: {'id': 'f25fdf5f-3d41-496c-9b8a-8436d547aa86', 'name': 'tempest-VolumesAdminNegativeTest-372772821-subnet', 'tenant_id': '28b65a963d374daaab50fbe549b60955', 'network_id': 'e9a38f2b-2b0e-4b18-8a6a-0e1d09f7ac7a', 'ip_version': 4, 'subnetpool_id': None, 'enable_dhcp': True, 'ipv6_ra_mode': None, 'ipv6_address_mode': None, 'gateway_ip': '192.168.128.1', 'cidr': '192.168.128.0/28', 'allocation_pools': [{'start': '192.168.128.2', 'end': '192.168.128.14'}], 'host_routes': [], 'dns_nameservers': [], 'description': '', 'service_types': [], 'tags': [], 'created_at': '2024-04-02T10:06:23Z', 'updated_at': '2024-04-02T10:06:23Z', 'revision_number': 0, 'project_id': '28b65a963d374daaab50fbe549b60955'}, Router: {'id': '5ed5f6ec-1848-4aae-b334-1042a9c4e5ed', 'name': 'tempest-VolumesAdminNegativeTest-372772821-router', 'tenant_id': '28b65a963d374daaab50fbe549b60955', 'admin_state_up': True, 'status': 'ACTIVE', 'external_gateway_info': {'network_id': 'b5229ccf-1702-4cac-ad08-d508238e2a9e', 'external_fixed_ips': [{'subnet_id': '3ab061c2-6f54-454a-807b-35f20c538fca', 'ip_address': '10.180.180.238'}], 'enable_snat': True}, 'description': '', 'availability_zones': [], 'distributed': False, 'ha': False, 'availability_zone_hints': [], 'routes': [], 'flavor_id': None, 'tags': [], 'created_at': '2024-04-02T10:06:23Z', 'updated_at': '2024-04-02T10:06:24Z', 'revision_number': 3, 'project_id': '28b65a963d374daaab50fbe549b60955'}
2024-04-02 10:06:26.137 61950 INFO tempest.lib.common.rest_client [req-755dd69e-a542-4744-9ba2-97a980dbd009 req-755dd69e-a542-4744-9ba2-97a980dbd009 ] Request (SecurityGroupsTestJSON:test_list_security_groups_by_server): 200 GET http://10.180.1.21/compute/v2.1/servers/c7fac9e7-0802-4f2e-a577-4ee50efa835a 1.414s
2024-04-02 10:06:26.199 61921 INFO tempest.lib.common.rest_client [req-263aca48-e93f-4cc7-ae31-0cea3606283a req-263aca48-e93f-4cc7-ae31-0cea3606283a ] Request (VolumesAdminNegativeTest:setUpClass): 201 POST http://10.180.1.21/identity/v3/auth/tokens 0.076s
2024-04-02 10:06:26.268 61921 INFO tempest.lib.common.rest_client [req-6b61ed65-9ffa-49e7-9102-4d3b6cb92881 req-6b61ed65-9ffa-49e7-9102-4d3b6cb92881 ] Request (VolumesAdminNegativeTest:setUpClass): 201 POST http://10.180.1.21/identity/v3/projects 0.069s
2024-04-02 10:06:26.342 61921 INFO tempest.lib.common.rest_client [req-1c96ac44-c19b-4b8b-bb80-81c995afb53e req-1c96ac44-c19b-4b8b-bb80-81c995afb53e ] Request (VolumesAdminNegativeTest:setUpClass): 201 POST http://10.180.1.21/identity/v3/users 0.073s
2024-04-02 10:06:26.362 61921 INFO tempest.lib.common.rest_client [req-1e485e65-f8c0-4356-8a9f-de058e707ac9 req-1e485e65-f8c0-4356-8a9f-de058e707ac9 ] Request (VolumesAdminNegativeTest:setUpClass): 200 GET http://10.180.1.21/identity/v3/roles 0.020s
2024-04-02 10:06:26.395 61921 INFO tempest.lib.common.rest_client [req-e6a67eb6-21c1-43b8-aaab-7b55caf3b654 req-e6a67eb6-21c1-43b8-aaab-7b55caf3b654 ] Request (VolumesAdminNegativeTest:setUpClass): 204 PUT http://10.180.1.21/identity/v3/projects/44bec91053044a028e1ff72052a1dc94/users/150f6d881e8d42348983b594c6591845/roles/9328f4ad21d641788c23eeb765652981 0.032s
2024-04-02 10:06:26.407 61899 INFO tempest.lib.common.rest_client [req-ea9795e7-e4cb-4c15-bf0c-7c62f54cafe0 req-ea9795e7-e4cb-4c15-bf0c-7c62f54cafe0 ] Request (ServerActionsTestJSON:setUpClass): 200 GET http://10.180.1.21/compute/v2.1/servers/7f9f2074-6822-4d9d-9791-4bebc7e55862 1.787s
2024-04-02 10:06:26.426 61943 INFO tempest.lib.common.rest_client [req-247916d2-8166-4cd8-b591-37aa2547223f req-247916d2-8166-4cd8-b591-37aa2547223f ] Request (KeyPairsV22TestJSON:test_keypairs_create_list_delete): 200 GET http://10.180.1.21/compute/v2.1/os-keypairs 1.539s
2024-04-02 10:06:26.441 61925 INFO tempest.lib.common.rest_client [req-b1844af1-c28c-43a3-b43c-ae81dcb8629a req-b1844af1-c28c-43a3-b43c-ae81dcb8629a ] Request (FlavorsV2TestJSON:test_list_flavors_limit_results): 200 GET http://10.180.1.21/compute/v2.1/flavors?limit=1 1.538s
2024-04-02 10:06:26.460 61921 INFO tempest.lib.common.rest_client [req-ec8b3e40-12c7-4e05-b1f0-8af7f3532ff4 req-ec8b3e40-12c7-4e05-b1f0-8af7f3532ff4 ] Request (VolumesAdminNegativeTest:setUpClass): 200 GET http://10.180.1.21/identity/v3/roles 0.064s
2024-04-02 10:06:26.479 61940 INFO tempest.lib.common.rest_client [req-bc62b386-1306-43be-8c2f-060ff2ab61d5 req-bc62b386-1306-43be-8c2f-060ff2ab61d5 ] Request (FloatingIPDetailsTestJSON:_run_cleanups): 202 DELETE http://10.180.1.21/compute/v2.1/os-floating-ips/eca4d113-b409-4d57-95fb-3930f47d4fe5 1.623s
2024-04-02 10:06:26.482 61921 INFO tempest.lib.common.rest_client [req-1636328b-6ae9-45e4-bea9-b25c6be33052 req-1636328b-6ae9-45e4-bea9-b25c6be33052 ] Request (VolumesAdminNegativeTest:setUpClass): 204 PUT http://10.180.1.21/identity/v3/projects/44bec91053044a028e1ff72052a1dc94/users/150f6d881e8d42348983b594c6591845/roles/9328f4ad21d641788c23eeb765652981 0.022s
2024-04-02 10:06:26.482 61921 INFO tempest.lib.common.dynamic_creds [-] Dynamic test user 150f6d881e8d42348983b594c6591845 is created with scope project and roles: ['admin']
2024-04-02 10:06:26.483 61921 INFO tempest.lib.common.dynamic_creds [-] Acquired dynamic creds: credentials: Credentials: {'domain_id': 'default', 'domain_name': 'Default', 'username': 'tempest-VolumesAdminNegativeTest-133821309-project-admin', 'project_domain_id': 'default', 'project_domain_name': 'Default', 'project_id': '44bec91053044a028e1ff72052a1dc94', 'project_name': 'tempest-VolumesAdminNegativeTest-133821309', 'tenant_id': '44bec91053044a028e1ff72052a1dc94', 'tenant_name': 'tempest-VolumesAdminNegativeTest-133821309', 'user_domain_id': 'default', 'user_domain_name': 'Default', 'user_id': '150f6d881e8d42348983b594c6591845', 'system': None}, Network: None, Subnet: None, Router: None
2024-04-02 10:06:26.514 61913 INFO tempest.lib.common.rest_client [req-b56a0edc-1826-4427-934f-95459202d2a1 req-b56a0edc-1826-4427-934f-95459202d2a1 ] Request (ServersTestManualDisk:setUpClass): 201 POST http://10.180.1.21:9696/networking/v2.0/routers 1.798s
2024-04-02 10:06:26.542 61945 INFO tempest.lib.common.rest_client [req-9277b6be-017a-418a-9e76-6debeff6bebb req-9277b6be-017a-418a-9e76-6debeff6bebb ] Request (InstanceActionsTestJSON:setUpClass): 200 GET http://10.180.1.21/compute/v2.1/servers/6126223b-c712-4260-a49b-7a56c4035e75 1.602s
2024-04-02 10:06:26.563 61908 INFO tempest.lib.common.rest_client [req-d2195bd9-3297-42eb-8f60-686c64379508 req-d2195bd9-3297-42eb-8f60-686c64379508 ] Request (AggregatesAdminNegativeTestJSON:test_aggregate_remove_host_as_user): 200 POST http://10.180.1.21/compute/v2.1/os-aggregates 1.535s
2024-04-02 10:06:26.574 61901 INFO tempest.lib.common.rest_client [req-715566b9-5785-46e8-921d-8f857983f907 req-715566b9-5785-46e8-921d-8f857983f907 ] Request (FlavorsAdminTestJSON:test_is_public_string_variations): 200 GET http://10.180.1.21/compute/v2.1/flavors/detail?is_public=false 1.526s
2024-04-02 10:06:26.661 61955 INFO tempest.lib.common.rest_client [req-d0eadffd-c437-4bbf-89d6-36a85802eb4e req-d0eadffd-c437-4bbf-89d6-36a85802eb4e ] Request (ServerExternalEventsTest:test_create_server_external_events): 200 GET http://10.180.1.21/compute/v2.1/servers/eb0c04e3-1234-445c-bfa6-e031dd0b89d3 1.747s
2024-04-02 10:06:26.746 61921 INFO tempest.lib.common.rest_client [req-35bc6235-312c-4bdb-b3eb-79217d67a22f req-35bc6235-312c-4bdb-b3eb-79217d67a22f ] Request (VolumesAdminNegativeTest:setUpClass): 201 POST http://10.180.1.21:9696/networking/v2.0/networks 0.263s
2024-04-02 10:06:26.747 61910 INFO tempest.lib.common.rest_client [req-7d3732f3-15e6-4636-8699-26613bee9d20 req-7d3732f3-15e6-4636-8699-26613bee9d20 ] Request (ListServerFiltersTestJSON:setUpClass): 200 GET http://10.180.1.21/compute/v2.1/servers/bf8a0b66-22ef-4f1e-99a3-9727d4a61c02 1.451s
2024-04-02 10:06:26.806 61933 INFO tempest.lib.common.rest_client [req-99fd548c-1c28-4577-b533-1b505bc8453e req-99fd548c-1c28-4577-b533-1b505bc8453e ] Request (ImagesOneServerTestJSON:setUpClass): 200 GET http://10.180.1.21/compute/v2.1/servers/2c9b8ba9-193e-468f-bc4e-006ab413b374 1.587s
2024-04-02 10:06:26.818 61920 INFO tempest.lib.common.rest_client [req-b3e6e118-5be8-46d7-9206-dcdd1ed96e94 req-b3e6e118-5be8-46d7-9206-dcdd1ed96e94 ] Request (MultipleCreateTestJSON:test_multiple_create): 200 GET http://10.180.1.21/compute/v2.1/servers/3889663a-53e8-4d3e-bed6-5e86519522ef 1.440s
2024-04-02 10:06:26.951 61893 INFO tempest.lib.common.rest_client [req-3c18d16a-389d-4a3a-946c-652f2309d338 req-3c18d16a-389d-4a3a-946c-652f2309d338 ] Request (DeleteServersAdminTestJSON:test_admin_delete_servers_of_others): 200 GET http://10.180.1.21/compute/v2.1/servers/b6e68fe1-4ec8-4f0f-bc6b-168038b1998e 1.386s
2024-04-02 10:06:26.984 61915 INFO tempest.lib.common.rest_client [req-ebe9ce34-6374-453c-9002-80ef78f6327a req-ebe9ce34-6374-453c-9002-80ef78f6327a ] Request (SecurityGroupsTestAdminJSON:_run_cleanups): 202 DELETE http://10.180.1.21/compute/v2.1/os-security-groups/ddfbcb1b-430e-4c14-aaac-2fc5e5981311 1.475s
2024-04-02 10:06:27.026 61921 INFO tempest.lib.common.rest_client [req-5bbbd03f-ad1b-451f-a42d-01d7256feef1 req-5bbbd03f-ad1b-451f-a42d-01d7256feef1 ] Request (VolumesAdminNegativeTest:setUpClass): 201 POST http://10.180.1.21:9696/networking/v2.0/subnets 0.279s
2024-04-02 10:06:27.074 61906 INFO tempest.lib.common.rest_client [req-826f09b5-a80a-4d71-a63d-1b4e326a1bbe req-826f09b5-a80a-4d71-a63d-1b4e326a1bbe ] Request (VolumesAssistedSnapshotsTest:test_volume_assisted_snapshot_create_delete): 200 GET http://10.180.1.21/compute/v2.1/servers/62d0a02d-88af-48f2-a14a-c9f2e899babe 1.437s
2024-04-02 10:06:27.099 61915 INFO tempest.lib.common.rest_client [req-b0a80132-5789-4068-8051-0b5842b67fc4 req-b0a80132-5789-4068-8051-0b5842b67fc4 ] Request (SecurityGroupsTestAdminJSON:tearDownClass): 204 DELETE http://10.180.1.21/identity/v3/users/fd19409d455749b7a3cfd6de2f3c4a00 0.113s
2024-04-02 10:06:27.116 61931 INFO tempest.lib.common.rest_client [req-b63a8afb-5c2c-4497-9dbb-2fd3315926ad req-b63a8afb-5c2c-4497-9dbb-2fd3315926ad ] Request (ServersTestFqdnHostnames:test_create_server_with_fqdn_name): 200 GET http://10.180.1.21/compute/v2.1/servers/fd0ac9db-adc2-46f2-93ff-0b7e299534a7 1.481s
2024-04-02 10:06:27.157 61923 INFO tempest.lib.common.rest_client [req-552aa75a-bc30-47ec-8184-ccf41611c948 req-552aa75a-bc30-47ec-8184-ccf41611c948 ] Request (ServersAdminTestJSON:setUpClass): 200 GET http://10.180.1.21/compute/v2.1/servers/bf8c692f-6510-4548-aedd-0e1792512e20 1.466s
2024-04-02 10:06:27.193 61927 INFO tempest.lib.common.rest_client [req-96dd04cb-1cfa-45d0-9ce3-9bbe8fa34acd req-96dd04cb-1cfa-45d0-9ce3-9bbe8fa34acd ] Request (ServersAdminNegativeTestJSON:setUpClass): 200 GET http://10.180.1.21/compute/v2.1/servers/e5fe92cf-e150-419f-a164-a98a9d24dd8c 1.486s
2024-04-02 10:06:27.216 61929 INFO tempest.lib.common.rest_client [req-53091c1c-fb9e-42bf-b36d-fc3eb3b6329a req-53091c1c-fb9e-42bf-b36d-fc3eb3b6329a ] Request (ServerRescueTestJSONUnderV235:setUpClass): 200 GET http://10.180.1.21/compute/v2.1/servers/95426048-d403-4dad-9ad7-b76de655a319 1.464s
2024-04-02 10:06:27.233 61915 INFO tempest.lib.common.rest_client [req-ff54f854-7689-41b0-bc1b-c5a1b5cbd1da req-ff54f854-7689-41b0-bc1b-c5a1b5cbd1da ] Request (SecurityGroupsTestAdminJSON:tearDownClass): 204 DELETE http://10.180.1.21/identity/v3/users/53226dc4fbe44dab99ab3a29622c5dc6 0.133s
2024-04-02 10:06:27.233 61915 INFO tempest.lib.common.dynamic_creds [-] Deleting project and security group for project: 67372187dba3457fa69b1cebaae7b9a2
2024-04-02 10:06:27.238 61903 INFO tempest.lib.common.rest_client [req-a6212ab2-bdd5-4bb9-88a9-4222c93027f1 req-a6212ab2-bdd5-4bb9-88a9-4222c93027f1 ] Request (ServersAdmin275Test:tearDownClass): 404 GET http://10.180.1.21/compute/v2.1/servers/683996e1-4e16-4add-8fa6-3c2843ebbf21 1.213s
2024-04-02 10:06:27.283 61915 INFO tempest.lib.common.rest_client [req-fac7f51f-2ae4-4aa4-aea7-d20f0b59de4b req-fac7f51f-2ae4-4aa4-aea7-d20f0b59de4b ] Request (SecurityGroupsTestAdminJSON:tearDownClass): 201 POST http://10.180.1.21/identity/v3/auth/tokens 0.050s
2024-04-02 10:06:27.342 61903 INFO tempest.lib.common.rest_client [req-71eff1b0-3bfc-4f65-8c29-9be170d4a9a0 req-71eff1b0-3bfc-4f65-8c29-9be170d4a9a0 ] Request (ServersAdmin275Test:tearDownClass): 204 DELETE http://10.180.1.21/identity/v3/users/ef055033d8d949c687bc10e59cc81d7e 0.103s
2024-04-02 10:06:27.351 61891 INFO tempest.lib.common.rest_client [req-47df53a8-1298-482d-a245-e965762300d2 req-47df53a8-1298-482d-a245-e965762300d2 ] Request (QuotasAdminTestV257:test_get_updated_quotas): 200 GET http://10.180.1.21/compute/v2.1/os-quota-sets/f71c3890e758490ca201db0e58981842/detail 1.489s
2024-04-02 10:06:27.430 61897 INFO tempest.lib.common.rest_client [req-d83b50bc-26e1-4629-bbe9-91e21da8e6a7 req-d83b50bc-26e1-4629-bbe9-91e21da8e6a7 ] Request (AttachInterfacesUnderV243Test:test_add_remove_fixed_ip): 200 GET http://10.180.1.21/compute/v2.1/servers/fc905ad2-7f1d-4356-a8f7-1eda98cdd01d 1.349s
2024-04-02 10:06:27.479 61935 INFO tempest.lib.common.rest_client [req-676734d4-d819-435f-9f59-60a85dd6b4e5 req-676734d4-d819-435f-9f59-60a85dd6b4e5 ] Request (ServerDiagnosticsTest:test_get_server_diagnostics): 200 GET http://10.180.1.21/compute/v2.1/servers/29281253-e489-48f5-b219-75ae984adb00 1.450s
2024-04-02 10:06:27.493 61903 INFO tempest.lib.common.rest_client [req-5a88c3b7-5c8f-4fff-b97e-18829f627c07 req-5a88c3b7-5c8f-4fff-b97e-18829f627c07 ] Request (ServersAdmin275Test:tearDownClass): 204 DELETE http://10.180.1.21/identity/v3/users/55b1fcc0392148ce93f1512deeac60bb 0.151s
2024-04-02 10:06:27.494 61903 INFO tempest.lib.common.dynamic_creds [-] Deleting project and security group for project: 45f5a596fbe34c439a6b5d9b98d23bee
2024-04-02 10:06:27.549 61903 INFO tempest.lib.common.rest_client [req-b21a2f4c-1567-4e3d-80f1-d8c9d7a08e5f req-b21a2f4c-1567-4e3d-80f1-d8c9d7a08e5f ] Request (ServersAdmin275Test:tearDownClass): 201 POST http://10.180.1.21/identity/v3/auth/tokens 0.055s
2024-04-02 10:06:27.552 61891 INFO tempest.lib.common.rest_client [req-6960355b-ed1c-4ea3-98df-c3a81da0f278 req-6960355b-ed1c-4ea3-98df-c3a81da0f278 ] Request (QuotasAdminTestV257:test_get_updated_quotas): 200 GET http://10.180.1.21/identity/v3/domains?name=Default 0.197s
2024-04-02 10:06:27.563 61915 INFO tempest.lib.common.rest_client [req-11f572a6-f843-4c67-a8fb-e5668ca0e98a req-11f572a6-f843-4c67-a8fb-e5668ca0e98a ] Request (SecurityGroupsTestAdminJSON:tearDownClass): 200 GET http://10.180.1.21:9696/networking/v2.0/security-groups?tenant_id=67372187dba3457fa69b1cebaae7b9a2&name=default 0.279s
2024-04-02 10:06:27.587 61891 INFO tempest.lib.common.rest_client [req-d3fd474f-b246-4667-a0c8-f2f2e4d4cdad req-d3fd474f-b246-4667-a0c8-f2f2e4d4cdad ] Request (QuotasAdminTestV257:test_get_updated_quotas): 201 POST http://10.180.1.21/identity/v3/users 0.035s
2024-04-02 10:06:27.616 61891 INFO tempest.lib.common.rest_client [req-c1326be0-0ed0-44be-8ebe-606358c5ef1c req-c1326be0-0ed0-44be-8ebe-606358c5ef1c ] Request (QuotasAdminTestV257:test_get_updated_quotas): 200 GET http://10.180.1.21/identity/v3/domains?name=Default 0.029s
2024-04-02 10:06:27.710 61946 INFO tempest.lib.common.rest_client [req-9dc84242-1122-40f8-91e1-f8f72f447afe req-9dc84242-1122-40f8-91e1-f8f72f447afe ] Request (FloatingIPsAssociationTestJSON:setUpClass): 200 GET http://10.180.1.21/compute/v2.1/servers/aacbebf5-bd31-465b-b574-6c4a98b27f30 1.538s
2024-04-02 10:06:27.713 61937 INFO tempest.lib.common.rest_client [req-b77674f9-15d5-4f2b-b684-ccf8a8ea00ac req-b77674f9-15d5-4f2b-b684-ccf8a8ea00ac ] Request (InstanceActionsNegativeTestJSON:setUpClass): 200 GET http://10.180.1.21/compute/v2.1/servers/00931111-13a1-447d-a401-943221badd59 1.341s
2024-04-02 10:06:27.727 61925 INFO tempest.lib.common.rest_client [req-d6688521-87ea-4ace-9455-24b9aff18b59 req-d6688521-87ea-4ace-9455-24b9aff18b59 ] Request (FlavorsV2TestJSON:test_list_flavors_using_marker): 200 GET http://10.180.1.21/compute/v2.1/flavors/42 1.284s
2024-04-02 10:06:27.741 61943 INFO tempest.lib.common.rest_client [req-d7742343-6772-488c-abdb-5172345df072 req-d7742343-6772-488c-abdb-5172345df072 ] Request (KeyPairsV22TestJSON:_run_cleanups): 204 DELETE http://10.180.1.21/compute/v2.1/os-keypairs/tempest-KeyPairsV22TestJSON-keypair-728647763 1.313s
2024-04-02 10:06:27.929 61908 INFO tempest.lib.common.rest_client [req-ac31f3ce-29e0-4577-b394-d8284a743579 req-ac31f3ce-29e0-4577-b394-d8284a743579 ] Request (AggregatesAdminNegativeTestJSON:test_aggregate_remove_host_as_user): 200 POST http://10.180.1.21/compute/v2.1/os-aggregates/7/action 1.364s
2024-04-02 10:06:27.947 61901 INFO tempest.lib.common.rest_client [req-0537359b-c79b-4fa0-8390-fb1427d04082 req-0537359b-c79b-4fa0-8390-fb1427d04082 ] Request (FlavorsAdminTestJSON:test_is_public_string_variations): 200 GET http://10.180.1.21/compute/v2.1/flavors/detail?is_public=no 1.370s
2024-04-02 10:06:27.970 61915 INFO tempest.lib.common.rest_client [req-ae230eb2-a4c9-49de-8437-555704e98076 req-ae230eb2-a4c9-49de-8437-555704e98076 ] Request (SecurityGroupsTestAdminJSON:tearDownClass): 204 DELETE http://10.180.1.21:9696/networking/v2.0/security-groups/2a1a8e67-732e-4fee-a529-6a76e59c2e48 0.407s
2024-04-02 10:06:28.020 61912 INFO tempest.lib.common.rest_client [req-8392eca4-20d1-424c-b9bc-e87e0e1299f2 req-8392eca4-20d1-424c-b9bc-e87e0e1299f2 ] Request (ServerRescueNegativeTestJSON:setUpClass): 200 GET http://10.180.1.21/compute/v2.1/servers/fffdaf35-4e17-40ba-95a7-cf34fa04737e 1.410s
2024-04-02 10:06:28.050 61915 INFO tempest.lib.common.rest_client [req-17ebec8e-b668-4fe1-bee3-ec7a2dd83f1e req-17ebec8e-b668-4fe1-bee3-ec7a2dd83f1e ] Request (SecurityGroupsTestAdminJSON:tearDownClass): 204 DELETE http://10.180.1.21/identity/v3/projects/67372187dba3457fa69b1cebaae7b9a2 0.080s
2024-04-02 10:06:28.050 61915 INFO tempest.lib.common.dynamic_creds [-] Deleting project and security group for project: b3106bff8a9f478c8bf16399368bf6dc
2024-04-02 10:06:28.091 61952 INFO tempest.lib.common.rest_client [req-2ddbe07d-34b4-4d70-b9a0-32b81769826c req-2ddbe07d-34b4-4d70-b9a0-32b81769826c ] Request (ServerActionsTestOtherA:setUpClass): 200 GET http://10.180.1.21/compute/v2.1/servers/788fc9bb-2f88-4f82-88cf-9c7a002edb47 1.359s
2024-04-02 10:06:28.103 61913 INFO tempest.lib.common.rest_client [req-3bb43e0d-61e3-4881-b038-037ff3e955b4 req-3bb43e0d-61e3-4881-b038-037ff3e955b4 ] Request (ServersTestManualDisk:setUpClass): 200 PUT http://10.180.1.21:9696/networking/v2.0/routers/b26af479-5c51-4be4-acd7-ae2765876c8b/add_router_interface 1.588s
2024-04-02 10:06:28.103 61913 INFO tempest.lib.common.dynamic_creds [-] Created isolated network resources for: credentials: Credentials: {'domain_id': 'default', 'domain_name': 'Default', 'username': 'tempest-ServersTestManualDisk-69134108-project-member', 'project_domain_id': 'default', 'project_domain_name': 'Default', 'project_id': '7a52b5fa17a841488639a2e82d9e80ad', 'project_name': 'tempest-ServersTestManualDisk-69134108', 'tenant_id': '7a52b5fa17a841488639a2e82d9e80ad', 'tenant_name': 'tempest-ServersTestManualDisk-69134108', 'user_domain_id': 'default', 'user_domain_name': 'Default', 'user_id': 'fc71dadd1cbb4325acf9482dea201ea4', 'system': None}, Network: {'id': '5d56428f-6bdf-4a64-918b-844da7f67d8f', 'name': 'tempest-ServersTestManualDisk-154752953-network', 'tenant_id': '7a52b5fa17a841488639a2e82d9e80ad', 'admin_state_up': True, 'mtu': 8950, 'status': 'ACTIVE', 'subnets': [], 'shared': False, 'project_id': '7a52b5fa17a841488639a2e82d9e80ad', 'port_security_enabled': True, 'router:external': False, 'provider:network_type': 'vlan', 'provider:physical_network': 'default', 'provider:segmentation_id': 510, 'is_default': False, 'availability_zone_hints': [], 'availability_zones': [], 'ipv4_address_scope': None, 'ipv6_address_scope': None, 'description': '', 'tags': [], 'created_at': '2024-04-02T10:06:24Z', 'updated_at': '2024-04-02T10:06:24Z', 'revision_number': 1}, Subnet: {'id': '1b436775-9e9b-4ef4-8e3d-4d0164a3f653', 'name': 'tempest-ServersTestManualDisk-154752953-subnet', 'tenant_id': '7a52b5fa17a841488639a2e82d9e80ad', 'network_id': '5d56428f-6bdf-4a64-918b-844da7f67d8f', 'ip_version': 4, 'subnetpool_id': None, 'enable_dhcp': True, 'ipv6_ra_mode': None, 'ipv6_address_mode': None, 'gateway_ip': '192.168.128.1', 'cidr': '192.168.128.0/28', 'allocation_pools': [{'start': '192.168.128.2', 'end': '192.168.128.14'}], 'host_routes': [], 'dns_nameservers': [], 'description': '', 'service_types': [], 'tags': [], 'created_at': '2024-04-02T10:06:24Z', 'updated_at': '2024-04-02T10:06:24Z', 'revision_number': 0, 'project_id': '7a52b5fa17a841488639a2e82d9e80ad'}, Router: {'id': 'b26af479-5c51-4be4-acd7-ae2765876c8b', 'name': 'tempest-ServersTestManualDisk-154752953-router', 'tenant_id': '7a52b5fa17a841488639a2e82d9e80ad', 'admin_state_up': True, 'status': 'ACTIVE', 'external_gateway_info': {'network_id': 'b5229ccf-1702-4cac-ad08-d508238e2a9e', 'external_fixed_ips': [{'subnet_id': '3ab061c2-6f54-454a-807b-35f20c538fca', 'ip_address': '10.180.180.193'}], 'enable_snat': True}, 'description': '', 'availability_zones': [], 'distributed': False, 'ha': False, 'availability_zone_hints': [], 'routes': [], 'flavor_id': None, 'tags': [], 'created_at': '2024-04-02T10:06:24Z', 'updated_at': '2024-04-02T10:06:25Z', 'revision_number': 3, 'project_id': '7a52b5fa17a841488639a2e82d9e80ad'}
2024-04-02 10:06:28.134 61940 INFO tempest.lib.common.rest_client [req-7b0a47f9-6983-4328-b89b-a101abcc61f1 req-7b0a47f9-6983-4328-b89b-a101abcc61f1 ] Request (FloatingIPDetailsTestJSON:test_list_floating_ips): 200 GET http://10.180.1.21/compute/v2.1/os-floating-ips 1.654s
2024-04-02 10:06:28.135 61915 INFO tempest.lib.common.rest_client [req-bb08fc84-59f7-44a2-bb05-1fa1d97d287e req-bb08fc84-59f7-44a2-bb05-1fa1d97d287e ] Request (SecurityGroupsTestAdminJSON:tearDownClass): 200 GET http://10.180.1.21:9696/networking/v2.0/security-groups?tenant_id=b3106bff8a9f478c8bf16399368bf6dc&name=default 0.084s
2024-04-02 10:06:28.170 61913 INFO tempest.lib.common.rest_client [req-ac576e40-0440-44b5-91ac-e3e460c1297c req-ac576e40-0440-44b5-91ac-e3e460c1297c ] Request (ServersTestManualDisk:setUpClass): 201 POST http://10.180.1.21/identity/v3/auth/tokens 0.064s
2024-04-02 10:06:28.171 61948 INFO tempest.lib.common.rest_client [req-20be07b5-7978-4a3f-a2e5-c57605f42f19 req-20be07b5-7978-4a3f-a2e5-c57605f42f19 ] Request (MigrationsAdminTest:test_list_migrations_in_flavor_resize_situation): 200 GET http://10.180.1.21/compute/v2.1/servers/adc73db6-8bff-4007-ae74-528a37840d96 1.232s
2024-04-02 10:06:28.225 61917 INFO tempest.lib.common.rest_client [req-2b9df7f7-451d-415c-8a3d-a739ae988a19 req-2b9df7f7-451d-415c-8a3d-a739ae988a19 ] Request (AttachInterfacesV270Test:test_create_get_list_interfaces): 200 GET http://10.180.1.21/compute/v2.1/servers/b9315087-b61c-488c-aaa9-5f4b4e2f12b4 1.206s
2024-04-02 10:06:28.227 61895 INFO tempest.lib.common.rest_client [req-be772632-b847-4c88-b50b-39a6d769fc12 req-be772632-b847-4c88-b50b-39a6d769fc12 ] Request (ServerDiagnosticsV248Test:test_get_server_diagnostics): 200 GET http://10.180.1.21/compute/v2.1/servers/7d93caea-4740-4bcd-9f06-9397d37a07b2 1.136s
2024-04-02 10:06:28.258 61903 INFO tempest.lib.common.rest_client [req-840f14e6-b6f3-4170-be79-23444760adc1 req-840f14e6-b6f3-4170-be79-23444760adc1 ] Request (ServersAdmin275Test:tearDownClass): 200 GET http://10.180.1.21:9696/networking/v2.0/security-groups?tenant_id=45f5a596fbe34c439a6b5d9b98d23bee&name=default 0.709s
2024-04-02 10:06:28.299 61950 INFO tempest.lib.common.rest_client [req-e4c23ddb-425f-418f-bfd1-3c86dde59a33 req-e4c23ddb-425f-418f-bfd1-3c86dde59a33 ] Request (SecurityGroupsTestJSON:test_list_security_groups_by_server): 200 GET http://10.180.1.21/compute/v2.1/servers/c7fac9e7-0802-4f2e-a577-4ee50efa835a 1.155s
2024-04-02 10:06:28.364 61945 INFO tempest.lib.common.rest_client [req-3c919179-503d-45b2-826b-cb584eb419b7 req-3c919179-503d-45b2-826b-cb584eb419b7 ] Request (InstanceActionsTestJSON:setUpClass): 200 GET http://10.180.1.21/compute/v2.1/servers/6126223b-c712-4260-a49b-7a56c4035e75 0.815s
2024-04-02 10:06:28.380 61899 INFO tempest.lib.common.rest_client [req-433598e9-98e4-4ad6-81d1-0f943f1fe2ba req-433598e9-98e4-4ad6-81d1-0f943f1fe2ba ] Request (ServerActionsTestJSON:setUpClass): 200 GET http://10.180.1.21/compute/v2.1/servers/7f9f2074-6822-4d9d-9791-4bebc7e55862 0.966s
2024-04-02 10:06:28.401 61915 INFO tempest.lib.common.rest_client [req-8ca2dc9e-766e-4cb7-8845-97c2f144e39d req-8ca2dc9e-766e-4cb7-8845-97c2f144e39d ] Request (SecurityGroupsTestAdminJSON:tearDownClass): 204 DELETE http://10.180.1.21:9696/networking/v2.0/security-groups/8b084b1d-00dc-4612-bca8-585489905a4c 0.266s
2024-04-02 10:06:28.438 61903 INFO tempest.lib.common.rest_client [req-4fb50eb4-b2f8-4d93-ae1e-4df7837defcf req-4fb50eb4-b2f8-4d93-ae1e-4df7837defcf ] Request (ServersAdmin275Test:tearDownClass): 204 DELETE http://10.180.1.21:9696/networking/v2.0/security-groups/3c951ad8-dc1a-46b2-989b-f446a9fd604c 0.179s
2024-04-02 10:06:28.497 61921 INFO tempest.lib.common.rest_client [req-476f9b2d-a3c3-4963-864c-53a5212001b8 req-476f9b2d-a3c3-4963-864c-53a5212001b8 ] Request (VolumesAdminNegativeTest:setUpClass): 201 POST http://10.180.1.21:9696/networking/v2.0/routers 1.471s
2024-04-02 10:06:28.501 61955 INFO tempest.lib.common.rest_client [req-4803ced2-41fc-4e45-9c59-7bde48171e34 req-4803ced2-41fc-4e45-9c59-7bde48171e34 ] Request (ServerExternalEventsTest:test_create_server_external_events): 200 GET http://10.180.1.21/compute/v2.1/servers/eb0c04e3-1234-445c-bfa6-e031dd0b89d3 0.831s
2024-04-02 10:06:28.522 61925 INFO tempest.lib.common.rest_client [req-d3695873-df99-4349-83db-447b7b05351f req-d3695873-df99-4349-83db-447b7b05351f ] Request (FlavorsV2TestJSON:test_list_flavors_using_marker): 200 GET http://10.180.1.21/compute/v2.1/flavors?marker=42 0.792s
2024-04-02 10:06:28.533 61915 INFO tempest.lib.common.rest_client [req-802f929b-7e01-46fd-bfca-34c1d7d223c9 req-802f929b-7e01-46fd-bfca-34c1d7d223c9 ] Request (SecurityGroupsTestAdminJSON:tearDownClass): 204 DELETE http://10.180.1.21/identity/v3/projects/b3106bff8a9f478c8bf16399368bf6dc 0.131s
2024-04-02 10:06:28.542 61943 INFO tempest.lib.common.rest_client [req-89964010-5559-441e-a4a6-3ee47ee801bb req-89964010-5559-441e-a4a6-3ee47ee801bb ] Request (KeyPairsV22TestJSON:_run_cleanups): 204 DELETE http://10.180.1.21/compute/v2.1/os-keypairs/tempest-KeyPairsV22TestJSON-keypair-1729151112 0.800s
2024-04-02 10:06:28.583 61891 INFO tempest.lib.common.rest_client [req-69ddcacd-e76f-4f0b-a681-832cedbf8fc8 req-69ddcacd-e76f-4f0b-a681-832cedbf8fc8 ] Request (QuotasAdminTestV257:test_get_updated_quotas): 200 PUT http://10.180.1.21/compute/v2.1/os-quota-sets/f71c3890e758490ca201db0e58981842?user_id=655bb7ee56ab4db08fb379859c2b42c5 0.966s
2024-04-02 10:06:28.607 61910 INFO tempest.lib.common.rest_client [req-b26c7dc8-dd26-4c2b-a33e-f168f70c3638 req-b26c7dc8-dd26-4c2b-a33e-f168f70c3638 ] Request (ListServerFiltersTestJSON:setUpClass): 200 GET http://10.180.1.21/compute/v2.1/servers/bf8a0b66-22ef-4f1e-99a3-9727d4a61c02 0.853s
2024-04-02 10:06:28.619 61903 INFO tempest.lib.common.rest_client [req-7d5f8bad-6eaf-4f2e-8237-860de93963a3 req-7d5f8bad-6eaf-4f2e-8237-860de93963a3 ] Request (ServersAdmin275Test:tearDownClass): 204 DELETE http://10.180.1.21/identity/v3/projects/45f5a596fbe34c439a6b5d9b98d23bee 0.180s
2024-04-02 10:06:28.619 61903 INFO tempest.lib.common.dynamic_creds [-] Deleting project and security group for project: 90d6714fb9c944a38be6c59ab28bf5a3
2024-04-02 10:06:28.622 61915 INFO tempest.lib.common.rest_client [req-612d06c2-38cd-40b5-abea-4df58144e96e req-612d06c2-38cd-40b5-abea-4df58144e96e ] Request (TenantUsagesTestJSON:setUpClass): 201 POST http://10.180.1.21/identity/v3/auth/tokens 0.088s
2024-04-02 10:06:28.657 61920 INFO tempest.lib.common.rest_client [req-a7a5f8f8-5bd6-4dfa-b8c5-c20935a5402c req-a7a5f8f8-5bd6-4dfa-b8c5-c20935a5402c ] Request (MultipleCreateTestJSON:test_multiple_create): 200 GET http://10.180.1.21/compute/v2.1/servers/3889663a-53e8-4d3e-bed6-5e86519522ef 0.833s
2024-04-02 10:06:28.663 61908 INFO tempest.lib.common.rest_client [req-c52daa97-be4a-4503-ad34-0bf9afe167c6 req-c52daa97-be4a-4503-ad34-0bf9afe167c6 ] Request (AggregatesAdminNegativeTestJSON:test_aggregate_remove_host_as_user): 403 POST http://10.180.1.21/compute/v2.1/os-aggregates/7/action 0.732s
2024-04-02 10:06:28.672 61901 INFO tempest.lib.common.rest_client [req-347b7dfa-e87b-4764-85d7-12ac31544222 req-347b7dfa-e87b-4764-85d7-12ac31544222 ] Request (FlavorsAdminTestJSON:test_is_public_string_variations): 200 GET http://10.180.1.21/compute/v2.1/flavors/detail?is_public=0 0.723s
2024-04-02 10:06:28.683 61915 INFO tempest.lib.common.rest_client [req-7466f5ef-7653-4dba-97aa-8a0bba9aa767 req-7466f5ef-7653-4dba-97aa-8a0bba9aa767 ] Request (TenantUsagesTestJSON:setUpClass): 201 POST http://10.180.1.21/identity/v3/auth/tokens 0.059s
2024-04-02 10:06:28.707 61915 INFO tempest.lib.common.rest_client [req-8adec9a8-2c29-43ae-8fdd-02a854a8108a req-8adec9a8-2c29-43ae-8fdd-02a854a8108a ] Request (TenantUsagesTestJSON:setUpClass): 200 GET http://10.180.1.21/identity/v3/domains?name=Default 0.023s
2024-04-02 10:06:28.724 61933 INFO tempest.lib.common.rest_client [req-9184ece4-ec52-4f80-92aa-3f48d8f7c47c req-9184ece4-ec52-4f80-92aa-3f48d8f7c47c ] Request (ImagesOneServerTestJSON:setUpClass): 200 GET http://10.180.1.21/compute/v2.1/servers/2c9b8ba9-193e-468f-bc4e-006ab413b374 0.911s
2024-04-02 10:06:28.731 61915 INFO tempest.lib.common.rest_client [req-acd0a4b6-3970-4d4b-b5dc-ddd0994355b1 req-acd0a4b6-3970-4d4b-b5dc-ddd0994355b1 ] Request (TenantUsagesTestJSON:setUpClass): 201 POST http://10.180.1.21/identity/v3/projects 0.024s
2024-04-02 10:06:28.784 61915 INFO tempest.lib.common.rest_client [req-7491b5f2-2784-4a48-8350-a11ef2e019e9 req-7491b5f2-2784-4a48-8350-a11ef2e019e9 ] Request (TenantUsagesTestJSON:setUpClass): 201 POST http://10.180.1.21/identity/v3/users 0.053s
2024-04-02 10:06:28.797 61903 INFO tempest.lib.common.rest_client [req-4106e3ee-9ee2-41aa-adc3-f2741e9e329a req-4106e3ee-9ee2-41aa-adc3-f2741e9e329a ] Request (ServersAdmin275Test:tearDownClass): 200 GET http://10.180.1.21:9696/networking/v2.0/security-groups?tenant_id=90d6714fb9c944a38be6c59ab28bf5a3&name=default 0.177s
2024-04-02 10:06:28.802 61915 INFO tempest.lib.common.rest_client [req-d459a25c-c6f8-4ee6-8e5a-c3e70a4f8f5f req-d459a25c-c6f8-4ee6-8e5a-c3e70a4f8f5f ] Request (TenantUsagesTestJSON:setUpClass): 200 GET http://10.180.1.21/identity/v3/roles 0.017s
2024-04-02 10:06:28.810 61906 INFO tempest.lib.common.rest_client [req-eac983ce-3754-4b0a-a9cb-965d5bf67ef6 req-eac983ce-3754-4b0a-a9cb-965d5bf67ef6 ] Request (VolumesAssistedSnapshotsTest:test_volume_assisted_snapshot_create_delete): 200 GET http://10.180.1.21/compute/v2.1/servers/62d0a02d-88af-48f2-a14a-c9f2e899babe 0.728s
2024-04-02 10:06:28.839 61915 INFO tempest.lib.common.rest_client [req-716c3d65-4cf5-475b-84bb-fdecf60c9fb1 req-716c3d65-4cf5-475b-84bb-fdecf60c9fb1 ] Request (TenantUsagesTestJSON:setUpClass): 204 PUT http://10.180.1.21/identity/v3/projects/1ed1a40fb9324c3e9551f4148660c051/users/d6031e11c5c14dcbbeec8825bf6a5a88/roles/3c9354b377184dc4bc2b0e96b35c343e 0.036s
2024-04-02 10:06:28.839 61915 INFO tempest.lib.common.dynamic_creds [-] Dynamic test user d6031e11c5c14dcbbeec8825bf6a5a88 is created with scope project and roles: ['member']
