2024-04-02 10:06:05.274 61945 INFO tempest.lib.common.rest_client [req-f18a5666-bb08-4307-92d3-4030a65d2036 req-f18a5666-bb08-4307-92d3-4030a65d2036 ] Request (ImagesMetadataTestJSON:test_set_image_metadata): 200 PUT http://10.180.1.21/compute/v2.1/images/cd5fb860-9b72-46bd-8618-1e6e22003003/metadata 1.722s
2024-04-02 10:06:05.289 61915 INFO tempest.lib.common.rest_client [req-a4b8a8e6-d94a-41e9-aa5a-8aef95260182 req-a4b8a8e6-d94a-41e9-aa5a-8aef95260182 ] Request (QuotasAdminTestJSON:tearDownClass): 204 DELETE http://10.180.1.21/identity/v3/projects/42f575ed7d73418a8cf0544927bb3a17 0.085s
2024-04-02 10:06:05.289 61915 INFO tempest.lib.common.dynamic_creds [-] Deleting project and security group for project: fa00797c77c5468e9fd69fce1139abd4
2024-04-02 10:06:05.295 61937 INFO tempest.lib.common.rest_client [req-fcdd4aa8-ee71-4e45-aba2-9c1e0ae9e4f5 req-fcdd4aa8-ee71-4e45-aba2-9c1e0ae9e4f5 ] Request (InstanceActionsNegativeTestJSON:setUpClass): 200 GET http://10.180.1.21/compute/v2.1/servers/00931111-13a1-447d-a401-943221badd59 1.453s
2024-04-02 10:06:05.329 61912 INFO tempest.lib.common.rest_client [req-70d9b50c-2f7c-450b-b7d2-a3527a40fbde req-70d9b50c-2f7c-450b-b7d2-a3527a40fbde ] Request (FloatingIPDetailsNegativeTestJSON:tearDownClass): 204 DELETE http://10.180.1.21:9696/networking/v2.0/subnets/04c6a2cf-9441-4776-8efb-c0f57a7da6c9 0.249s
2024-04-02 10:06:05.335 61929 INFO tempest.lib.common.rest_client [req-de4c8ddd-a9f2-4399-8ea3-f4236f56b5a4 req-de4c8ddd-a9f2-4399-8ea3-f4236f56b5a4 ] Request (ServerRescueTestJSONUnderV235:setUpClass): 200 GET http://10.180.1.21/compute/v2.1/servers/95426048-d403-4dad-9ad7-b76de655a319 1.482s
2024-04-02 10:06:05.358 61948 INFO tempest.lib.common.rest_client [req-17aeebd9-4721-442e-85cf-6aae79fd685b req-17aeebd9-4721-442e-85cf-6aae79fd685b ] Request (MigrationsAdminTest:test_list_migrations_in_flavor_resize_situation): 200 GET http://10.180.1.21/compute/v2.1/servers/adc73db6-8bff-4007-ae74-528a37840d96 1.439s
2024-04-02 10:06:05.452 61920 INFO tempest.lib.common.rest_client [req-29cccd61-2564-4d81-829f-3bf02428ee70 req-29cccd61-2564-4d81-829f-3bf02428ee70 ] Request (QuotasAdminNegativeTest:tearDownClass): 200 GET http://10.180.1.21:9696/networking/v2.0/security-groups?tenant_id=c4433e8a5b2b4eafb90ea251daec59ce&name=default 0.374s
2024-04-02 10:06:05.537 61955 INFO tempest.lib.common.rest_client [req-2e7fa0c2-c7b9-4e9b-96a7-3e200d6cf8f8 req-2e7fa0c2-c7b9-4e9b-96a7-3e200d6cf8f8 ] Request (ServerExternalEventsTest:test_create_server_external_events): 200 GET http://10.180.1.21/compute/v2.1/servers/eb0c04e3-1234-445c-bfa6-e031dd0b89d3 1.566s
2024-04-02 10:06:05.573 61915 INFO tempest.lib.common.rest_client [req-5eea2a6a-0e01-4e1b-8d0c-46f0c8cf5e2b req-5eea2a6a-0e01-4e1b-8d0c-46f0c8cf5e2b ] Request (QuotasAdminTestJSON:tearDownClass): 200 GET http://10.180.1.21:9696/networking/v2.0/security-groups?tenant_id=fa00797c77c5468e9fd69fce1139abd4&name=default 0.284s
2024-04-02 10:06:05.739 61915 INFO tempest.lib.common.rest_client [req-4a63987a-46b4-4444-b3e0-e9f6bfaa43a2 req-4a63987a-46b4-4444-b3e0-e9f6bfaa43a2 ] Request (QuotasAdminTestJSON:tearDownClass): 204 DELETE http://10.180.1.21:9696/networking/v2.0/security-groups/4d217af3-160d-4ad0-9f15-d24b7066229f 0.166s
2024-04-02 10:06:05.818 61915 INFO tempest.lib.common.rest_client [req-c4afdaa9-6b1f-4380-9d7c-49a7bd46f6d6 req-c4afdaa9-6b1f-4380-9d7c-49a7bd46f6d6 ] Request (QuotasAdminTestJSON:tearDownClass): 204 DELETE http://10.180.1.21/identity/v3/projects/fa00797c77c5468e9fd69fce1139abd4 0.078s
2024-04-02 10:06:05.839 61906 INFO tempest.lib.common.rest_client [req-60fa1d55-6048-4177-ab1c-ae2aedaeacc7 req-60fa1d55-6048-4177-ab1c-ae2aedaeacc7 ] Request (VolumesAssistedSnapshotsTest:test_volume_assisted_snapshot_create_delete): 202 POST http://10.180.1.21/compute/v2.1/servers 1.814s
2024-04-02 10:06:05.880 61915 INFO tempest.lib.common.rest_client [req-cf33ed90-d72a-4308-b875-51cca581fae2 req-cf33ed90-d72a-4308-b875-51cca581fae2 ] Request (SecurityGroupsTestAdminJSON:setUpClass): 201 POST http://10.180.1.21/identity/v3/auth/tokens 0.060s
2024-04-02 10:06:05.906 61920 INFO tempest.lib.common.rest_client [req-aa6c8a70-2568-4d72-8ac5-2777f00aabe3 req-aa6c8a70-2568-4d72-8ac5-2777f00aabe3 ] Request (QuotasAdminNegativeTest:tearDownClass): 204 DELETE http://10.180.1.21:9696/networking/v2.0/security-groups/7bc95a2e-68e3-4c9d-a7fe-8ecdf9aa7419 0.453s
2024-04-02 10:06:05.910 61952 INFO tempest.lib.common.rest_client [req-238cba72-af6a-4224-83e7-5e52e271d123 req-238cba72-af6a-4224-83e7-5e52e271d123 ] Request (ServerActionsTestOtherA:setUpClass): 200 GET http://10.180.1.21/compute/v2.1/servers/788fc9bb-2f88-4f82-88cf-9c7a002edb47 1.737s
2024-04-02 10:06:06.002 61920 INFO tempest.lib.common.rest_client [req-4d69c0c9-e8fb-40e2-80aa-6af7b6d97e69 req-4d69c0c9-e8fb-40e2-80aa-6af7b6d97e69 ] Request (QuotasAdminNegativeTest:tearDownClass): 204 DELETE http://10.180.1.21/identity/v3/projects/c4433e8a5b2b4eafb90ea251daec59ce 0.095s
2024-04-02 10:06:06.002 61920 INFO tempest.lib.common.dynamic_creds [-] Deleting project and security group for project: 8f6deea39fda44a38eb7a376a8b498ba
2024-04-02 10:06:06.018 61940 INFO tempest.lib.common.rest_client [req-b9feb3f6-7ee9-45c6-b713-3cb6eadc86af req-b9feb3f6-7ee9-45c6-b713-3cb6eadc86af ] Request (QuotaClassesAdmin257Test:test_update_default_quotas): 200 GET http://10.180.1.21/compute/v2.1/os-quota-class-sets/default 1.814s
2024-04-02 10:06:06.026 61933 INFO tempest.lib.common.rest_client [req-63e11f55-78db-4d8c-b0ad-15a267729a9a req-63e11f55-78db-4d8c-b0ad-15a267729a9a ] Request (ImagesOneServerTestJSON:setUpClass): 200 GET http://10.180.1.21/compute/v2.1/servers/2c9b8ba9-193e-468f-bc4e-006ab413b374 1.854s
2024-04-02 10:06:06.066 61915 INFO tempest.lib.common.rest_client [req-e8fe19f2-a4c4-4d24-8e49-c5b49f371dbf req-e8fe19f2-a4c4-4d24-8e49-c5b49f371dbf ] Request (SecurityGroupsTestAdminJSON:setUpClass): 201 POST http://10.180.1.21/identity/v3/auth/tokens 0.141s
2024-04-02 10:06:06.094 61915 INFO tempest.lib.common.rest_client [req-3fee5afe-65d1-4379-bda4-d55e99846986 req-3fee5afe-65d1-4379-bda4-d55e99846986 ] Request (SecurityGroupsTestAdminJSON:setUpClass): 200 GET http://10.180.1.21/identity/v3/domains?name=Default 0.027s
2024-04-02 10:06:06.125 61915 INFO tempest.lib.common.rest_client [req-fd0cc0c7-a2f0-4efc-a969-d3e5633ef7f7 req-fd0cc0c7-a2f0-4efc-a969-d3e5633ef7f7 ] Request (SecurityGroupsTestAdminJSON:setUpClass): 201 POST http://10.180.1.21/identity/v3/projects 0.031s
2024-04-02 10:06:06.133 61899 INFO tempest.lib.common.rest_client [req-c5c472be-1bdb-4623-92cf-9ac9df84d548 req-c5c472be-1bdb-4623-92cf-9ac9df84d548 ] Request (ServerActionsTestJSON:setUpClass): 200 GET http://10.180.1.21/compute/v2.1/servers/7f9f2074-6822-4d9d-9791-4bebc7e55862 1.905s
2024-04-02 10:06:06.145 61920 INFO tempest.lib.common.rest_client [req-adb8be0f-257e-4db4-b66a-375c8dff5d68 req-adb8be0f-257e-4db4-b66a-375c8dff5d68 ] Request (QuotasAdminNegativeTest:tearDownClass): 200 GET http://10.180.1.21:9696/networking/v2.0/security-groups?tenant_id=8f6deea39fda44a38eb7a376a8b498ba&name=default 0.143s
2024-04-02 10:06:06.168 61912 INFO tempest.lib.common.rest_client [req-695ccce9-2361-4e90-bb70-d38a93f4847e req-695ccce9-2361-4e90-bb70-d38a93f4847e ] Request (FloatingIPDetailsNegativeTestJSON:tearDownClass): 204 DELETE http://10.180.1.21:9696/networking/v2.0/networks/c95db02d-76a1-47d6-81f0-b24763aa0272 0.839s
2024-04-02 10:06:06.196 61915 INFO tempest.lib.common.rest_client [req-2f036e1f-e9e4-40ff-957c-5e714b2916fa req-2f036e1f-e9e4-40ff-957c-5e714b2916fa ] Request (SecurityGroupsTestAdminJSON:setUpClass): 201 POST http://10.180.1.21/identity/v3/users 0.071s
2024-04-02 10:06:06.210 61915 INFO tempest.lib.common.rest_client [req-5ebc4029-c705-4f55-9ef7-cf3a43710592 req-5ebc4029-c705-4f55-9ef7-cf3a43710592 ] Request (SecurityGroupsTestAdminJSON:setUpClass): 200 GET http://10.180.1.21/identity/v3/roles 0.014s
2024-04-02 10:06:06.225 61895 INFO tempest.lib.common.rest_client [req-20ca8650-602d-430e-8571-1bb6af91dfba req-20ca8650-602d-430e-8571-1bb6af91dfba ] Request (ServerDiagnosticsV248Test:test_get_server_diagnostics): 200 GET http://10.180.1.21/compute/v2.1/servers/7d93caea-4740-4bcd-9f06-9397d37a07b2 1.876s
2024-04-02 10:06:06.236 61915 INFO tempest.lib.common.rest_client [req-2aa7fc44-4fe1-4166-bf3e-553282925ba6 req-2aa7fc44-4fe1-4166-bf3e-553282925ba6 ] Request (SecurityGroupsTestAdminJSON:setUpClass): 204 PUT http://10.180.1.21/identity/v3/projects/b3106bff8a9f478c8bf16399368bf6dc/users/fd19409d455749b7a3cfd6de2f3c4a00/roles/3c9354b377184dc4bc2b0e96b35c343e 0.025s
2024-04-02 10:06:06.236 61915 INFO tempest.lib.common.dynamic_creds [-] Dynamic test user fd19409d455749b7a3cfd6de2f3c4a00 is created with scope project and roles: ['member']
2024-04-02 10:06:06.236 61915 INFO tempest.lib.common.dynamic_creds [-] Acquired dynamic creds: credentials: Credentials: {'domain_id': 'default', 'domain_name': 'Default', 'username': 'tempest-SecurityGroupsTestAdminJSON-228186840-project-member', 'project_domain_id': 'default', 'project_domain_name': 'Default', 'project_id': 'b3106bff8a9f478c8bf16399368bf6dc', 'project_name': 'tempest-SecurityGroupsTestAdminJSON-228186840', 'tenant_id': 'b3106bff8a9f478c8bf16399368bf6dc', 'tenant_name': 'tempest-SecurityGroupsTestAdminJSON-228186840', 'user_domain_id': 'default', 'user_domain_name': 'Default', 'user_id': 'fd19409d455749b7a3cfd6de2f3c4a00', 'system': None}, Network: None, Subnet: None, Router: None
2024-04-02 10:06:06.236 61915 INFO tempest.lib.common.dynamic_creds [-] Created isolated network resources for: credentials: Credentials: {'domain_id': 'default', 'domain_name': 'Default', 'username': 'tempest-SecurityGroupsTestAdminJSON-228186840-project-member', 'project_domain_id': 'default', 'project_domain_name': 'Default', 'project_id': 'b3106bff8a9f478c8bf16399368bf6dc', 'project_name': 'tempest-SecurityGroupsTestAdminJSON-228186840', 'tenant_id': 'b3106bff8a9f478c8bf16399368bf6dc', 'tenant_name': 'tempest-SecurityGroupsTestAdminJSON-228186840', 'user_domain_id': 'default', 'user_domain_name': 'Default', 'user_id': 'fd19409d455749b7a3cfd6de2f3c4a00', 'system': None}, Network: None, Subnet: None, Router: None
2024-04-02 10:06:06.272 61912 INFO tempest.lib.common.rest_client [req-4ebde0ae-68ca-4a9a-9769-5136ee43e729 req-4ebde0ae-68ca-4a9a-9769-5136ee43e729 ] Request (FloatingIPDetailsNegativeTestJSON:tearDownClass): 204 DELETE http://10.180.1.21/identity/v3/users/3611940d8f1f445982c369f185c0c485 0.103s
2024-04-02 10:06:06.272 61912 INFO tempest.lib.common.dynamic_creds [-] Deleting project and security group for project: 7809ba1e339042d0833a101f08c049c9
2024-04-02 10:06:06.273 61950 INFO tempest.lib.common.rest_client [req-a19c4727-ddb5-443c-8e02-0f2dacd9d0e5 req-a19c4727-ddb5-443c-8e02-0f2dacd9d0e5 ] Request (SecurityGroupsTestJSON:test_list_security_groups_by_server): 200 POST http://10.180.1.21/compute/v2.1/os-security-groups 1.987s
2024-04-02 10:06:06.275 61920 INFO tempest.lib.common.rest_client [req-3581190a-af19-4310-baec-34a5dce676e4 req-3581190a-af19-4310-baec-34a5dce676e4 ] Request (QuotasAdminNegativeTest:tearDownClass): 204 DELETE http://10.180.1.21:9696/networking/v2.0/security-groups/50c05f11-1c16-4b45-befa-f492240cd11c 0.130s
2024-04-02 10:06:06.293 61903 INFO tempest.lib.common.rest_client [req-8b3a3d7e-b449-4cea-bb03-6dfcb2b868f7 req-8b3a3d7e-b449-4cea-bb03-6dfcb2b868f7 ] Request (ServersAdmin275Test:test_rebuild_update_server_275): 200 GET http://10.180.1.21/compute/v2.1/servers/683996e1-4e16-4add-8fa6-3c2843ebbf21 1.881s
2024-04-02 10:06:06.302 61910 INFO tempest.lib.common.rest_client [req-0d311dec-39b6-4338-9a89-2c4d0532d9d9 req-0d311dec-39b6-4338-9a89-2c4d0532d9d9 ] Request (HypervisorAdminV228Test:test_get_list_hypervisor_details): 200 GET http://10.180.1.21/compute/v2.1/os-hypervisors/1 1.790s
2024-04-02 10:06:06.304 61915 INFO tempest.lib.common.rest_client [req-b1c26acd-bf95-4b73-a5bf-6ee8c19db07e req-b1c26acd-bf95-4b73-a5bf-6ee8c19db07e ] Request (SecurityGroupsTestAdminJSON:setUpClass): 201 POST http://10.180.1.21/identity/v3/auth/tokens 0.064s
2024-04-02 10:06:06.363 61950 INFO tempest.lib.common.rest_client [req-d70c006c-0766-46f2-b1fb-99198a83141f req-d70c006c-0766-46f2-b1fb-99198a83141f ] Request (SecurityGroupsTestJSON:test_list_security_groups_by_server): 201 POST http://10.180.1.21/identity/v3/auth/tokens 0.083s
2024-04-02 10:06:06.363 61950 INFO tempest.lib.common.fixed_network [-] (SecurityGroupsTestJSON:test_list_security_groups_by_server) Found network {'id': '5a4082d8-3ba3-4d8b-b020-88d19a346802', 'name': 'tempest-SecurityGroupsTestJSON-1025599865-network', 'tenant_id': '997d2e9ae4c54906a0fa2db12f891d09', 'admin_state_up': True, 'mtu': 8950, 'status': 'ACTIVE', 'subnets': [], 'shared': False, 'project_id': '997d2e9ae4c54906a0fa2db12f891d09', 'port_security_enabled': True, 'router:external': False, 'provider:network_type': 'vlan', 'provider:physical_network': 'default', 'provider:segmentation_id': 835, 'is_default': False, 'availability_zone_hints': [], 'availability_zones': [], 'ipv4_address_scope': None, 'ipv6_address_scope': None, 'description': '', 'tags': [], 'created_at': '2024-04-02T10:05:58Z', 'updated_at': '2024-04-02T10:05:58Z', 'revision_number': 1} available for tenant
2024-04-02 10:06:06.364 61912 INFO tempest.lib.common.rest_client [req-730e9420-55c2-4501-9126-93f71ebe514c req-730e9420-55c2-4501-9126-93f71ebe514c ] Request (FloatingIPDetailsNegativeTestJSON:tearDownClass): 200 GET http://10.180.1.21:9696/networking/v2.0/security-groups?tenant_id=7809ba1e339042d0833a101f08c049c9&name=default 0.091s
2024-04-02 10:06:06.377 61920 INFO tempest.lib.common.rest_client [req-94d5d1f8-692b-4306-9095-25ebfa36d8d9 req-94d5d1f8-692b-4306-9095-25ebfa36d8d9 ] Request (QuotasAdminNegativeTest:tearDownClass): 204 DELETE http://10.180.1.21/identity/v3/projects/8f6deea39fda44a38eb7a376a8b498ba 0.101s
2024-04-02 10:06:06.379 61920 INFO tempest.test [-] raised in UpdateMultiattachVolumeNegativeTest.setUpClass. Invoking tearDownClass.
2024-04-02 10:06:06.449 61915 INFO tempest.lib.common.rest_client [req-c5733cd6-1e71-41d6-a564-e3723f2fa250 req-c5733cd6-1e71-41d6-a564-e3723f2fa250 ] Request (SecurityGroupsTestAdminJSON:setUpClass): 201 POST http://10.180.1.21/identity/v3/projects 0.145s
2024-04-02 10:06:06.458 61912 INFO tempest.lib.common.rest_client [req-0c65fc82-105f-43bb-b2ef-a7fcd55edad8 req-0c65fc82-105f-43bb-b2ef-a7fcd55edad8 ] Request (FloatingIPDetailsNegativeTestJSON:tearDownClass): 204 DELETE http://10.180.1.21:9696/networking/v2.0/security-groups/8a7e88c4-446f-4f36-a16f-06429b3c76b3 0.094s
2024-04-02 10:06:06.506 61931 INFO tempest.lib.common.rest_client [req-1a53885c-6af7-48ab-bd5f-4b281dac85cd req-1a53885c-6af7-48ab-bd5f-4b281dac85cd ] Request (ServersTestFqdnHostnames:test_create_server_with_fqdn_name): 200 GET http://10.180.1.21/compute/v2.1/servers/fd0ac9db-adc2-46f2-93ff-0b7e299534a7 1.851s
2024-04-02 10:06:06.519 61897 INFO tempest.lib.common.rest_client [req-79b5db51-c330-446b-9ddc-c111bd001d82 req-79b5db51-c330-446b-9ddc-c111bd001d82 ] Request (KeyPairsNegativeTestJSON:test_keypair_delete_nonexistent_key): 404 DELETE http://10.180.1.21/compute/v2.1/os-keypairs/tempest-keypair-non-existent-1082120605 1.667s
2024-04-02 10:06:06.532 61910 INFO tempest.lib.common.rest_client [req-dc576290-84a0-4e8a-86ca-6878e0aa7ea3 req-dc576290-84a0-4e8a-86ca-6878e0aa7ea3 ] Request (HypervisorAdminV228Test:tearDownClass): 204 DELETE http://10.180.1.21/identity/v3/users/a62b140ff1124be6b0f275071b665b87 0.223s
2024-04-02 10:06:06.534 61901 INFO tempest.lib.common.rest_client [req-92e69f27-dd67-49fd-a1e4-6906ffc12ac6 req-92e69f27-dd67-49fd-a1e4-6906ffc12ac6 ] Request (FlavorsAdminTestJSON:_run_cleanups): 202 DELETE http://10.180.1.21/compute/v2.1/flavors/edc1bb75-a165-4f56-909a-493299513800 1.664s
2024-04-02 10:06:06.540 61908 INFO tempest.lib.common.rest_client [req-e057eebc-f3c4-4266-88a3-197f6acf4514 req-e057eebc-f3c4-4266-88a3-197f6acf4514 ] Request (AggregatesAdminNegativeTestJSON:test_aggregate_create_aggregate_name_length_less_than_1): 400 POST http://10.180.1.21/compute/v2.1/os-aggregates 1.663s
2024-04-02 10:06:06.542 61925 INFO tempest.lib.common.rest_client [req-a9557677-00b0-4309-aad3-5ba903b85d27 req-a9557677-00b0-4309-aad3-5ba903b85d27 ] Request (FlavorsV2TestJSON:test_get_flavor): 200 GET http://10.180.1.21/compute/v2.1/flavors/42 1.973s
2024-04-02 10:06:06.551 61943 INFO tempest.lib.common.rest_client [req-c3b280f2-d366-44b8-9ea8-63da5d139deb req-c3b280f2-d366-44b8-9ea8-63da5d139deb ] Request (InstanceUsageAuditLogNegativeTestJSON:test_instance_usage_audit_logs_with_nonadmin_user): 403 GET http://10.180.1.21/compute/v2.1/os-instance_usage_audit_log/2024-04-02%2010%3A06%3A05 1.481s
2024-04-02 10:06:06.559 61891 INFO tempest.lib.common.rest_client [req-ef3af71d-d4c7-4a19-93d3-9ec41751cbcb req-ef3af71d-d4c7-4a19-93d3-9ec41751cbcb ] Request (FlavorsAccessNegativeTestJSON:_run_cleanups): 200 GET http://10.180.1.21/compute/v2.1/flavors/detail 1.532s
2024-04-02 10:06:06.569 61921 INFO tempest.lib.common.rest_client [req-8b4440a7-302a-4a09-8aed-a8c448691715 req-8b4440a7-302a-4a09-8aed-a8c448691715 ] Request (HostsAdminNegativeTestJSON:test_update_nonexistent_host): 404 PUT http://10.180.1.21/compute/v2.1/os-hosts/nonexistent_hostname 1.483s
2024-04-02 10:06:06.570 61913 INFO tempest.lib.common.rest_client [req-018b13a8-d184-455e-a910-f543403b8a9a req-018b13a8-d184-455e-a910-f543403b8a9a ] Request (KeyPairsV2TestJSON:_run_cleanups): 202 DELETE http://10.180.1.21/compute/v2.1/os-keypairs/tempest-keypair-1610169725 1.484s
2024-04-02 10:06:06.596 61915 INFO tempest.lib.common.rest_client [req-8c318e5f-2b01-41a6-a547-b76a3c3e17cb req-8c318e5f-2b01-41a6-a547-b76a3c3e17cb ] Request (SecurityGroupsTestAdminJSON:setUpClass): 201 POST http://10.180.1.21/identity/v3/users 0.146s
2024-04-02 10:06:06.598 61945 INFO tempest.lib.common.rest_client [req-46e394d9-c55c-4128-9e98-f9b152268ecb req-46e394d9-c55c-4128-9e98-f9b152268ecb ] Request (ImagesMetadataTestJSON:test_set_image_metadata): 200 GET http://10.180.1.21/compute/v2.1/images/cd5fb860-9b72-46bd-8618-1e6e22003003/metadata 1.323s
2024-04-02 10:06:06.602 61920 INFO tempest.lib.common.rest_client [req-bc06a478-6bd0-4233-af51-6e60b913d8d3 req-bc06a478-6bd0-4233-af51-6e60b913d8d3 ] Request (MultipleCreateTestJSON:setUpClass): 201 POST http://10.180.1.21/identity/v3/auth/tokens 0.220s
2024-04-02 10:06:06.658 61912 INFO tempest.lib.common.rest_client [req-11f0a58c-8007-4d08-a530-ba4d0d48832b req-11f0a58c-8007-4d08-a530-ba4d0d48832b ] Request (FloatingIPDetailsNegativeTestJSON:tearDownClass): 204 DELETE http://10.180.1.21/identity/v3/projects/7809ba1e339042d0833a101f08c049c9 0.200s
2024-04-02 10:06:06.669 61897 INFO tempest.lib.common.rest_client [req-12869fdf-5bfa-4b5d-9c57-dfb39240d48b req-12869fdf-5bfa-4b5d-9c57-dfb39240d48b ] Request (KeyPairsNegativeTestJSON:tearDownClass): 204 DELETE http://10.180.1.21/identity/v3/users/8152bf07e5cf448bac2319c06574d5d3 0.149s
2024-04-02 10:06:06.670 61897 INFO tempest.lib.common.dynamic_creds [-] Deleting project and security group for project: 085046a2db30416ca2c821413452f83f
2024-04-02 10:06:06.694 61893 INFO tempest.lib.common.rest_client [req-3b7e5dfa-bc2d-4547-b0da-9275ffa51f19 req-3b7e5dfa-bc2d-4547-b0da-9275ffa51f19 ] Request (DeleteServersAdminTestJSON:test_admin_delete_servers_of_others): 200 GET http://10.180.1.21/compute/v2.1/servers/b6e68fe1-4ec8-4f0f-bc6b-168038b1998e 1.292s
2024-04-02 10:06:06.711 61935 INFO tempest.lib.common.rest_client [req-c16ae824-2521-4bd9-b340-c0e03efa2dbb req-c16ae824-2521-4bd9-b340-c0e03efa2dbb ] Request (ServerDiagnosticsTest:test_get_server_diagnostics): 200 GET http://10.180.1.21/compute/v2.1/servers/29281253-e489-48f5-b219-75ae984adb00 0.891s
2024-04-02 10:06:06.744 61906 INFO tempest.lib.common.rest_client [req-0d08d3e1-46f2-47fe-b5d9-5e481d59c683 req-0d08d3e1-46f2-47fe-b5d9-5e481d59c683 ] Request (VolumesAssistedSnapshotsTest:test_volume_assisted_snapshot_create_delete): 200 GET http://10.180.1.21/compute/v2.1/servers/62d0a02d-88af-48f2-a14a-c9f2e899babe 0.903s
2024-04-02 10:06:06.753 61910 INFO tempest.lib.common.rest_client [req-c60a54b7-8969-4352-a08f-0a1ac7327afd req-c60a54b7-8969-4352-a08f-0a1ac7327afd ] Request (HypervisorAdminV228Test:tearDownClass): 204 DELETE http://10.180.1.21/identity/v3/users/39879b747854456e8d2d0ca2d7138110 0.220s
2024-04-02 10:06:06.753 61910 INFO tempest.lib.common.dynamic_creds [-] Deleting project and security group for project: 3a07e59fbc2949929e9e0071d9f245a1
2024-04-02 10:06:06.758 61943 INFO tempest.lib.common.rest_client [req-529690dc-f24b-49f5-8a81-ffacb6d49219 req-529690dc-f24b-49f5-8a81-ffacb6d49219 ] Request (InstanceUsageAuditLogNegativeTestJSON:tearDownClass): 204 DELETE http://10.180.1.21/identity/v3/users/dd2383f9a0764371aee9634bdcd59340 0.207s
2024-04-02 10:06:06.805 61927 INFO tempest.lib.common.rest_client [req-9030a95e-2bf5-40f2-a673-729b386abaab req-9030a95e-2bf5-40f2-a673-729b386abaab ] Request (ServersAdminNegativeTestJSON:setUpClass): 200 GET http://10.180.1.21/compute/v2.1/servers/e5fe92cf-e150-419f-a164-a98a9d24dd8c 0.873s
2024-04-02 10:06:06.805 61917 INFO tempest.lib.common.rest_client [req-c28f790b-c577-4385-af82-2225c68a59f3 req-c28f790b-c577-4385-af82-2225c68a59f3 ] Request (AttachInterfacesV270Test:setUpClass): 201 POST http://10.180.1.21:9696/networking/v2.0/routers 1.652s
2024-04-02 10:06:06.821 61915 INFO tempest.lib.common.rest_client [req-54dff8f7-20e1-4d5b-a9f9-ec25bdd9c51d req-54dff8f7-20e1-4d5b-a9f9-ec25bdd9c51d ] Request (SecurityGroupsTestAdminJSON:setUpClass): 200 GET http://10.180.1.21/identity/v3/roles 0.224s
2024-04-02 10:06:06.834 61946 INFO tempest.lib.common.rest_client [req-5b4a49f5-366d-48a2-80f3-c6b718063a7b req-5b4a49f5-366d-48a2-80f3-c6b718063a7b ] Request (FloatingIPsAssociationTestJSON:setUpClass): 200 GET http://10.180.1.21/compute/v2.1/servers/aacbebf5-bd31-465b-b574-6c4a98b27f30 0.928s
2024-04-02 10:06:06.839 61920 INFO tempest.lib.common.rest_client [req-15639739-9897-4947-987b-12c750fe2ea7 req-15639739-9897-4947-987b-12c750fe2ea7 ] Request (MultipleCreateTestJSON:setUpClass): 201 POST http://10.180.1.21/identity/v3/auth/tokens 0.235s
2024-04-02 10:06:06.869 61921 INFO tempest.lib.common.rest_client [req-34659c35-3612-4735-99a6-cbe20abd2b7f req-34659c35-3612-4735-99a6-cbe20abd2b7f ] Request (HostsAdminNegativeTestJSON:tearDownClass): 204 DELETE http://10.180.1.21/identity/v3/users/049cd75d20d34d1c8072a24175f1d912 0.298s
2024-04-02 10:06:06.892 61912 INFO tempest.lib.common.rest_client [req-eb7dd63c-122e-4ee9-821c-4f23e5dbfca1 req-eb7dd63c-122e-4ee9-821c-4f23e5dbfca1 ] Request (ServerRescueNegativeTestJSON:setUpClass): 201 POST http://10.180.1.21/identity/v3/auth/tokens 0.232s
2024-04-02 10:06:06.912 61923 INFO tempest.lib.common.rest_client [req-43a8e1e1-d806-43d6-b986-f61a91067602 req-43a8e1e1-d806-43d6-b986-f61a91067602 ] Request (ServersAdminTestJSON:setUpClass): 200 GET http://10.180.1.21/compute/v2.1/servers/bf8c692f-6510-4548-aedd-0e1792512e20 0.895s
2024-04-02 10:06:06.936 61940 INFO tempest.lib.common.rest_client [req-6e5c2bc1-aab0-446b-84ed-f18855ad41e7 req-6e5c2bc1-aab0-446b-84ed-f18855ad41e7 ] Request (QuotaClassesAdmin257Test:test_update_default_quotas): 200 PUT http://10.180.1.21/compute/v2.1/os-quota-class-sets/default 0.916s
2024-04-02 10:06:06.937 61897 INFO tempest.lib.common.rest_client [req-647a1e57-84ca-4621-aa4c-d659d4050a89 req-647a1e57-84ca-4621-aa4c-d659d4050a89 ] Request (KeyPairsNegativeTestJSON:tearDownClass): 201 POST http://10.180.1.21/identity/v3/auth/tokens 0.267s
2024-04-02 10:06:06.944 61910 INFO tempest.lib.common.rest_client [req-942aa58d-2e36-4481-998e-2c6b6b565338 req-942aa58d-2e36-4481-998e-2c6b6b565338 ] Request (HypervisorAdminV228Test:tearDownClass): 201 POST http://10.180.1.21/identity/v3/auth/tokens 0.191s
2024-04-02 10:06:06.970 61915 INFO tempest.lib.common.rest_client [req-cd7d3512-8f75-4f07-a803-32b6f4b84be9 req-cd7d3512-8f75-4f07-a803-32b6f4b84be9 ] Request (SecurityGroupsTestAdminJSON:setUpClass): 204 PUT http://10.180.1.21/identity/v3/projects/67372187dba3457fa69b1cebaae7b9a2/users/53226dc4fbe44dab99ab3a29622c5dc6/roles/9328f4ad21d641788c23eeb765652981 0.149s
2024-04-02 10:06:06.985 61929 INFO tempest.lib.common.rest_client [req-5c6e4a34-f18c-4c9c-86ff-d57b8d424623 req-5c6e4a34-f18c-4c9c-86ff-d57b8d424623 ] Request (ServerRescueTestJSONUnderV235:setUpClass): 200 GET http://10.180.1.21/compute/v2.1/servers/95426048-d403-4dad-9ad7-b76de655a319 0.643s
2024-04-02 10:06:06.993 61943 INFO tempest.lib.common.rest_client [req-5eed7ec0-1b19-4685-b8d3-4c53e25a0ef4 req-5eed7ec0-1b19-4685-b8d3-4c53e25a0ef4 ] Request (InstanceUsageAuditLogNegativeTestJSON:tearDownClass): 204 DELETE http://10.180.1.21/identity/v3/users/a269d7898bd44b6e8b0d13b20872d28b 0.234s
2024-04-02 10:06:06.993 61943 INFO tempest.lib.common.dynamic_creds [-] Deleting project and security group for project: d6eae164d8f2470f9630e171bb749251
2024-04-02 10:06:07.049 61920 INFO tempest.lib.common.rest_client [req-6eb1fcfc-f510-4c47-bf29-00d4e9449ae1 req-6eb1fcfc-f510-4c47-bf29-00d4e9449ae1 ] Request (MultipleCreateTestJSON:setUpClass): 200 GET http://10.180.1.21/identity/v3/domains?name=Default 0.210s
2024-04-02 10:06:07.086 61921 INFO tempest.lib.common.rest_client [req-6192fd68-bc37-490c-abd4-b14f389366a9 req-6192fd68-bc37-490c-abd4-b14f389366a9 ] Request (HostsAdminNegativeTestJSON:tearDownClass): 204 DELETE http://10.180.1.21/identity/v3/users/04d4247414d249ec9203031ba6bddd5b 0.216s
2024-04-02 10:06:07.086 61921 INFO tempest.lib.common.dynamic_creds [-] Deleting project and security group for project: 2fa15d988ee643afb3711bc80008002e
2024-04-02 10:06:07.098 61912 INFO tempest.lib.common.rest_client [req-d04a344f-f6ba-4c69-af56-935d5b23a5aa req-d04a344f-f6ba-4c69-af56-935d5b23a5aa ] Request (ServerRescueNegativeTestJSON:setUpClass): 201 POST http://10.180.1.21/identity/v3/auth/tokens 0.203s
2024-04-02 10:06:07.126 61937 INFO tempest.lib.common.rest_client [req-c128b16f-dec8-48ac-9171-7dba60fb70d5 req-c128b16f-dec8-48ac-9171-7dba60fb70d5 ] Request (InstanceActionsNegativeTestJSON:setUpClass): 200 GET http://10.180.1.21/compute/v2.1/servers/00931111-13a1-447d-a401-943221badd59 0.822s
2024-04-02 10:06:07.196 61948 INFO tempest.lib.common.rest_client [req-6fcf4571-f1d0-4089-ba51-9c66f569d3dd req-6fcf4571-f1d0-4089-ba51-9c66f569d3dd ] Request (MigrationsAdminTest:test_list_migrations_in_flavor_resize_situation): 200 GET http://10.180.1.21/compute/v2.1/servers/adc73db6-8bff-4007-ae74-528a37840d96 0.830s
2024-04-02 10:06:07.207 61915 INFO tempest.lib.common.rest_client [req-c856fe9d-ddd7-4bcc-817b-b382810cdd85 req-c856fe9d-ddd7-4bcc-817b-b382810cdd85 ] Request (SecurityGroupsTestAdminJSON:setUpClass): 200 GET http://10.180.1.21/identity/v3/roles 0.236s
2024-04-02 10:06:07.211 61901 INFO tempest.lib.common.rest_client [req-08a2332a-18cd-4948-948c-30670000a00b req-08a2332a-18cd-4948-948c-30670000a00b ] Request (FlavorsAdminTestJSON:_run_cleanups): 200 GET http://10.180.1.21/compute/v2.1/flavors/detail 0.677s
2024-04-02 10:06:07.217 61943 INFO tempest.lib.common.rest_client [req-e72e5313-de91-45cf-8c62-401857065459 req-e72e5313-de91-45cf-8c62-401857065459 ] Request (InstanceUsageAuditLogNegativeTestJSON:tearDownClass): 201 POST http://10.180.1.21/identity/v3/auth/tokens 0.223s
2024-04-02 10:06:07.229 61908 INFO tempest.lib.common.rest_client [req-c491c43c-4c35-42e2-b08b-b9e7bf47dda5 req-c491c43c-4c35-42e2-b08b-b9e7bf47dda5 ] Request (AggregatesAdminNegativeTestJSON:test_aggregate_create_as_user): 403 POST http://10.180.1.21/compute/v2.1/os-aggregates 0.687s
2024-04-02 10:06:07.236 61921 INFO tempest.lib.common.rest_client [req-eba191d1-6fbc-4da9-8e8c-895134b590ff req-eba191d1-6fbc-4da9-8e8c-895134b590ff ] Request (HostsAdminNegativeTestJSON:tearDownClass): 201 POST http://10.180.1.21/identity/v3/auth/tokens 0.149s
2024-04-02 10:06:07.240 61920 INFO tempest.lib.common.rest_client [req-9059bf3f-e49c-4190-b1f9-3e9d76c4c269 req-9059bf3f-e49c-4190-b1f9-3e9d76c4c269 ] Request (MultipleCreateTestJSON:setUpClass): 201 POST http://10.180.1.21/identity/v3/projects 0.190s
2024-04-02 10:06:07.282 61912 INFO tempest.lib.common.rest_client [req-e675ad1b-7560-4827-a699-2f703c120ed6 req-e675ad1b-7560-4827-a699-2f703c120ed6 ] Request (ServerRescueNegativeTestJSON:setUpClass): 200 GET http://10.180.1.21/identity/v3/domains?name=Default 0.184s
2024-04-02 10:06:07.286 61915 INFO tempest.lib.common.rest_client [req-1ff17948-2b78-451d-a319-5c9a358f5aad req-1ff17948-2b78-451d-a319-5c9a358f5aad ] Request (SecurityGroupsTestAdminJSON:setUpClass): 204 PUT http://10.180.1.21/identity/v3/projects/67372187dba3457fa69b1cebaae7b9a2/users/53226dc4fbe44dab99ab3a29622c5dc6/roles/9328f4ad21d641788c23eeb765652981 0.078s
2024-04-02 10:06:07.286 61915 INFO tempest.lib.common.dynamic_creds [-] Dynamic test user 53226dc4fbe44dab99ab3a29622c5dc6 is created with scope project and roles: ['admin']
2024-04-02 10:06:07.286 61915 INFO tempest.lib.common.dynamic_creds [-] Acquired dynamic creds: credentials: Credentials: {'domain_id': 'default', 'domain_name': 'Default', 'username': 'tempest-SecurityGroupsTestAdminJSON-907611139-project-admin', 'project_domain_id': 'default', 'project_domain_name': 'Default', 'project_id': '67372187dba3457fa69b1cebaae7b9a2', 'project_name': 'tempest-SecurityGroupsTestAdminJSON-907611139', 'tenant_id': '67372187dba3457fa69b1cebaae7b9a2', 'tenant_name': 'tempest-SecurityGroupsTestAdminJSON-907611139', 'user_domain_id': 'default', 'user_domain_name': 'Default', 'user_id': '53226dc4fbe44dab99ab3a29622c5dc6', 'system': None}, Network: None, Subnet: None, Router: None
2024-04-02 10:06:07.286 61915 INFO tempest.lib.common.dynamic_creds [-] Created isolated network resources for: credentials: Credentials: {'domain_id': 'default', 'domain_name': 'Default', 'username': 'tempest-SecurityGroupsTestAdminJSON-907611139-project-admin', 'project_domain_id': 'default', 'project_domain_name': 'Default', 'project_id': '67372187dba3457fa69b1cebaae7b9a2', 'project_name': 'tempest-SecurityGroupsTestAdminJSON-907611139', 'tenant_id': '67372187dba3457fa69b1cebaae7b9a2', 'tenant_name': 'tempest-SecurityGroupsTestAdminJSON-907611139', 'user_domain_id': 'default', 'user_domain_name': 'Default', 'user_id': '53226dc4fbe44dab99ab3a29622c5dc6', 'system': None}, Network: None, Subnet: None, Router: None
2024-04-02 10:06:07.347 61910 INFO tempest.lib.common.rest_client [req-aeb18b44-363d-460c-84d7-bc0f1e9d7752 req-aeb18b44-363d-460c-84d7-bc0f1e9d7752 ] Request (HypervisorAdminV228Test:tearDownClass): 200 GET http://10.180.1.21:9696/networking/v2.0/security-groups?tenant_id=3a07e59fbc2949929e9e0071d9f245a1&name=default 0.403s
2024-04-02 10:06:07.349 61920 INFO tempest.lib.common.rest_client [req-eeaf01bc-7992-4b70-a51a-bd1ca2b9f2bb req-eeaf01bc-7992-4b70-a51a-bd1ca2b9f2bb ] Request (MultipleCreateTestJSON:setUpClass): 201 POST http://10.180.1.21/identity/v3/users 0.108s
2024-04-02 10:06:07.382 61912 INFO tempest.lib.common.rest_client [req-705df3c7-0a49-4107-8c27-4dc9ffb9fb33 req-705df3c7-0a49-4107-8c27-4dc9ffb9fb33 ] Request (ServerRescueNegativeTestJSON:setUpClass): 201 POST http://10.180.1.21/identity/v3/projects 0.099s
2024-04-02 10:06:07.409 61950 INFO tempest.lib.common.rest_client [req-b159c52b-1dd5-4d85-808e-44e3a408759e req-b159c52b-1dd5-4d85-808e-44e3a408759e ] Request (SecurityGroupsTestJSON:test_list_security_groups_by_server): 202 POST http://10.180.1.21/compute/v2.1/servers 1.045s
2024-04-02 10:06:07.424 61920 INFO tempest.lib.common.rest_client [req-5bf009fd-02db-48ba-aa84-6e4cdd4960a8 req-5bf009fd-02db-48ba-aa84-6e4cdd4960a8 ] Request (MultipleCreateTestJSON:setUpClass): 200 GET http://10.180.1.21/identity/v3/roles 0.075s
2024-04-02 10:06:07.426 61925 INFO tempest.lib.common.rest_client [req-823a2869-180e-4e89-955d-f51e177f5b97 req-823a2869-180e-4e89-955d-f51e177f5b97 ] Request (FlavorsV2TestJSON:test_list_flavors): 200 GET http://10.180.1.21/compute/v2.1/flavors 0.881s
2024-04-02 10:06:07.443 61915 INFO tempest.lib.common.rest_client [req-2e629388-0762-48e0-9989-b56313d58f0b req-2e629388-0762-48e0-9989-b56313d58f0b ] Request (SecurityGroupsTestAdminJSON:setUpClass): 201 POST http://10.180.1.21/identity/v3/auth/tokens 0.152s
2024-04-02 10:06:07.445 61891 INFO tempest.lib.common.rest_client [req-28f5e646-358e-4193-9cdf-295818dccfad req-28f5e646-358e-4193-9cdf-295818dccfad ] Request (FlavorsAccessNegativeTestJSON:test_flavor_non_admin_remove): 200 POST http://10.180.1.21/compute/v2.1/flavors 0.879s
2024-04-02 10:06:07.452 61912 INFO tempest.lib.common.rest_client [req-a61fe822-f26d-4ada-a577-d179379d3adb req-a61fe822-f26d-4ada-a577-d179379d3adb ] Request (ServerRescueNegativeTestJSON:setUpClass): 201 POST http://10.180.1.21/identity/v3/users 0.070s
2024-04-02 10:06:07.466 61920 INFO tempest.lib.common.rest_client [req-3aaf7ee3-a95d-4630-8781-e9ce85e80e67 req-3aaf7ee3-a95d-4630-8781-e9ce85e80e67 ] Request (MultipleCreateTestJSON:setUpClass): 204 PUT http://10.180.1.21/identity/v3/projects/8825cecb97eb44a4b573d5838145a686/users/67eb84bd848f46bf864955b2f5a81c6c/roles/3c9354b377184dc4bc2b0e96b35c343e 0.041s
2024-04-02 10:06:07.467 61920 INFO tempest.lib.common.dynamic_creds [-] Dynamic test user 67eb84bd848f46bf864955b2f5a81c6c is created with scope project and roles: ['member']
2024-04-02 10:06:07.467 61920 INFO tempest.lib.common.dynamic_creds [-] Acquired dynamic creds: credentials: Credentials: {'domain_id': 'default', 'domain_name': 'Default', 'username': 'tempest-MultipleCreateTestJSON-674370190-project-member', 'project_domain_id': 'default', 'project_domain_name': 'Default', 'project_id': '8825cecb97eb44a4b573d5838145a686', 'project_name': 'tempest-MultipleCreateTestJSON-674370190', 'tenant_id': '8825cecb97eb44a4b573d5838145a686', 'tenant_name': 'tempest-MultipleCreateTestJSON-674370190', 'user_domain_id': 'default', 'user_domain_name': 'Default', 'user_id': '67eb84bd848f46bf864955b2f5a81c6c', 'system': None}, Network: None, Subnet: None, Router: None
2024-04-02 10:06:07.470 61912 INFO tempest.lib.common.rest_client [req-f5e27a21-786a-46a1-8eaf-d010cd9c446c req-f5e27a21-786a-46a1-8eaf-d010cd9c446c ] Request (ServerRescueNegativeTestJSON:setUpClass): 200 GET http://10.180.1.21/identity/v3/roles 0.017s
2024-04-02 10:06:07.484 61913 INFO tempest.lib.common.rest_client [req-2a91064e-1e8f-4fcf-a1ce-d57e5de32779 req-2a91064e-1e8f-4fcf-a1ce-d57e5de32779 ] Request (KeyPairsV2TestJSON:test_keypair_create_delete): 200 POST http://10.180.1.21/compute/v2.1/os-keypairs 0.912s
2024-04-02 10:06:07.528 61920 INFO tempest.lib.common.rest_client [req-295140e9-dc8b-4742-90c7-a062985763ee req-295140e9-dc8b-4742-90c7-a062985763ee ] Request (MultipleCreateTestJSON:setUpClass): 201 POST http://10.180.1.21/identity/v3/auth/tokens 0.061s
2024-04-02 10:06:07.531 61912 INFO tempest.lib.common.rest_client [req-fbb6525e-7b14-4db3-b1e1-09e76d0a3f02 req-fbb6525e-7b14-4db3-b1e1-09e76d0a3f02 ] Request (ServerRescueNegativeTestJSON:setUpClass): 204 PUT http://10.180.1.21/identity/v3/projects/83c115dd266d48dda067316af2615d07/users/746fb1afd46a4d3b8639e06b3d5dfe57/roles/3c9354b377184dc4bc2b0e96b35c343e 0.060s
2024-04-02 10:06:07.531 61912 INFO tempest.lib.common.dynamic_creds [-] Dynamic test user 746fb1afd46a4d3b8639e06b3d5dfe57 is created with scope project and roles: ['member']
2024-04-02 10:06:07.531 61912 INFO tempest.lib.common.dynamic_creds [-] Acquired dynamic creds: credentials: Credentials: {'domain_id': 'default', 'domain_name': 'Default', 'username': 'tempest-ServerRescueNegativeTestJSON-1074592202-project-member', 'project_domain_id': 'default', 'project_domain_name': 'Default', 'project_id': '83c115dd266d48dda067316af2615d07', 'project_name': 'tempest-ServerRescueNegativeTestJSON-1074592202', 'tenant_id': '83c115dd266d48dda067316af2615d07', 'tenant_name': 'tempest-ServerRescueNegativeTestJSON-1074592202', 'user_domain_id': 'default', 'user_domain_name': 'Default', 'user_id': '746fb1afd46a4d3b8639e06b3d5dfe57', 'system': None}, Network: None, Subnet: None, Router: None
2024-04-02 10:06:07.544 61897 INFO tempest.lib.common.rest_client [req-26013f7f-0923-42b0-b610-d2d66e9c4056 req-26013f7f-0923-42b0-b610-d2d66e9c4056 ] Request (KeyPairsNegativeTestJSON:tearDownClass): 200 GET http://10.180.1.21:9696/networking/v2.0/security-groups?tenant_id=085046a2db30416ca2c821413452f83f&name=default 0.607s
2024-04-02 10:06:07.561 61910 INFO tempest.lib.common.rest_client [req-fd11fea5-ee90-422e-94c7-5f99004afe4c req-fd11fea5-ee90-422e-94c7-5f99004afe4c ] Request (HypervisorAdminV228Test:tearDownClass): 204 DELETE http://10.180.1.21:9696/networking/v2.0/security-groups/5894e345-ddbb-401d-a1ef-0fdb0ce76742 0.213s
2024-04-02 10:06:07.593 61912 INFO tempest.lib.common.rest_client [req-539f91ec-35ea-4f52-b6a5-1236ef6aa0bd req-539f91ec-35ea-4f52-b6a5-1236ef6aa0bd ] Request (ServerRescueNegativeTestJSON:setUpClass): 201 POST http://10.180.1.21/identity/v3/auth/tokens 0.062s
2024-04-02 10:06:07.660 61910 INFO tempest.lib.common.rest_client [req-03666b30-1b6c-495d-8ddb-ee12d4cf60d0 req-03666b30-1b6c-495d-8ddb-ee12d4cf60d0 ] Request (HypervisorAdminV228Test:tearDownClass): 204 DELETE http://10.180.1.21/identity/v3/projects/3a07e59fbc2949929e9e0071d9f245a1 0.099s
2024-04-02 10:06:07.660 61910 INFO tempest.lib.common.dynamic_creds [-] Deleting project and security group for project: 6b773ca9aaea4edca1783f79bc5328df
2024-04-02 10:06:07.737 61945 INFO tempest.lib.common.rest_client [req-002befe0-1b9a-43aa-b61c-2deb1fbf1ba5 req-002befe0-1b9a-43aa-b61c-2deb1fbf1ba5 ] Request (ImagesMetadataTestJSON:setUp): 200 PUT http://10.180.1.21/compute/v2.1/images/cd5fb860-9b72-46bd-8618-1e6e22003003/metadata 1.137s
2024-04-02 10:06:07.783 61921 INFO tempest.lib.common.rest_client [req-a762dfb6-d0b1-416d-9223-0d7f9676e1c6 req-a762dfb6-d0b1-416d-9223-0d7f9676e1c6 ] Request (HostsAdminNegativeTestJSON:tearDownClass): 200 GET http://10.180.1.21:9696/networking/v2.0/security-groups?tenant_id=2fa15d988ee643afb3711bc80008002e&name=default 0.547s
2024-04-02 10:06:07.826 61897 INFO tempest.lib.common.rest_client [req-4d9b4070-0d83-4d53-a66f-3141263ad4e1 req-4d9b4070-0d83-4d53-a66f-3141263ad4e1 ] Request (KeyPairsNegativeTestJSON:tearDownClass): 204 DELETE http://10.180.1.21:9696/networking/v2.0/security-groups/f4dcc28e-dab5-4b6b-9207-22f7fe7638eb 0.281s
2024-04-02 10:06:07.832 61955 INFO tempest.lib.common.rest_client [req-5c68cc5b-0420-4f88-a8fe-335ec6f155a0 req-5c68cc5b-0420-4f88-a8fe-335ec6f155a0 ] Request (ServerExternalEventsTest:test_create_server_external_events): 200 GET http://10.180.1.21/compute/v2.1/servers/eb0c04e3-1234-445c-bfa6-e031dd0b89d3 1.288s
2024-04-02 10:06:07.841 61940 INFO tempest.lib.common.rest_client [req-79ab9160-0e1c-40c6-b3ba-6367bbc2391a req-79ab9160-0e1c-40c6-b3ba-6367bbc2391a ] Request (QuotaClassesAdmin257Test:test_update_default_quotas): 200 GET http://10.180.1.21/compute/v2.1/os-quota-class-sets/default 0.903s
2024-04-02 10:06:07.853 61943 INFO tempest.lib.common.rest_client [req-092083fd-6205-444a-aaff-adabd2a023fe req-092083fd-6205-444a-aaff-adabd2a023fe ] Request (InstanceUsageAuditLogNegativeTestJSON:tearDownClass): 200 GET http://10.180.1.21:9696/networking/v2.0/security-groups?tenant_id=d6eae164d8f2470f9630e171bb749251&name=default 0.636s
2024-04-02 10:06:07.870 61952 INFO tempest.lib.common.rest_client [req-062d2d50-b121-4c8e-8eb5-fe999b270ddb req-062d2d50-b121-4c8e-8eb5-fe999b270ddb ] Request (ServerActionsTestOtherA:setUpClass): 200 GET http://10.180.1.21/compute/v2.1/servers/788fc9bb-2f88-4f82-88cf-9c7a002edb47 0.952s
2024-04-02 10:06:07.927 61897 INFO tempest.lib.common.rest_client [req-77e422c3-1bfc-4f03-b0c2-63c4bfa95178 req-77e422c3-1bfc-4f03-b0c2-63c4bfa95178 ] Request (KeyPairsNegativeTestJSON:tearDownClass): 204 DELETE http://10.180.1.21/identity/v3/projects/085046a2db30416ca2c821413452f83f 0.100s
2024-04-02 10:06:07.991 61897 INFO tempest.lib.common.rest_client [req-97c42881-2ef5-47b5-b96d-d3a18996ccfd req-97c42881-2ef5-47b5-b96d-d3a18996ccfd ] Request (AttachInterfacesUnderV243Test:setUpClass): 201 POST http://10.180.1.21/identity/v3/auth/tokens 0.062s
2024-04-02 10:06:08.026 61897 INFO tempest.lib.common.rest_client [req-d89f4e6e-e879-4ad7-a306-c2c254abde6a req-d89f4e6e-e879-4ad7-a306-c2c254abde6a ] Request (AttachInterfacesUnderV243Test:setUpClass): 201 POST http://10.180.1.21/identity/v3/auth/tokens 0.033s
2024-04-02 10:06:08.042 61943 INFO tempest.lib.common.rest_client [req-2991939d-f9dd-4b98-93e0-c0390deeb874 req-2991939d-f9dd-4b98-93e0-c0390deeb874 ] Request (InstanceUsageAuditLogNegativeTestJSON:tearDownClass): 204 DELETE http://10.180.1.21:9696/networking/v2.0/security-groups/25237df1-9622-47d2-86ac-cd26197340b7 0.188s
2024-04-02 10:06:08.048 61897 INFO tempest.lib.common.rest_client [req-4fc7cc21-055e-4afe-9dd3-46771109383f req-4fc7cc21-055e-4afe-9dd3-46771109383f ] Request (AttachInterfacesUnderV243Test:setUpClass): 200 GET http://10.180.1.21/identity/v3/domains?name=Default 0.021s
2024-04-02 10:06:08.079 61897 INFO tempest.lib.common.rest_client [req-4e549b24-97c0-44e6-a292-489774d4a732 req-4e549b24-97c0-44e6-a292-489774d4a732 ] Request (AttachInterfacesUnderV243Test:setUpClass): 201 POST http://10.180.1.21/identity/v3/projects 0.030s
2024-04-02 10:06:08.102 61943 INFO tempest.lib.common.rest_client [req-5d7680cb-d1cb-4a5d-aa74-192538991803 req-5d7680cb-d1cb-4a5d-aa74-192538991803 ] Request (InstanceUsageAuditLogNegativeTestJSON:tearDownClass): 204 DELETE http://10.180.1.21/identity/v3/projects/d6eae164d8f2470f9630e171bb749251 0.060s
2024-04-02 10:06:08.102 61943 INFO tempest.lib.common.dynamic_creds [-] Deleting project and security group for project: 7263295d3da24867ae7308e1f9310fa4
2024-04-02 10:06:08.119 61899 INFO tempest.lib.common.rest_client [req-d9985ffc-2af2-449b-a249-3209ac51e21c req-d9985ffc-2af2-449b-a249-3209ac51e21c ] Request (ServerActionsTestJSON:setUpClass): 200 GET http://10.180.1.21/compute/v2.1/servers/7f9f2074-6822-4d9d-9791-4bebc7e55862 0.977s
2024-04-02 10:06:08.136 61901 INFO tempest.lib.common.rest_client [req-5e4ae2ad-f041-4eaf-8782-238faa3fc015 req-5e4ae2ad-f041-4eaf-8782-238faa3fc015 ] Request (FlavorsAdminTestJSON:test_create_list_flavor_without_extra_data): 200 POST http://10.180.1.21/compute/v2.1/flavors 0.920s
2024-04-02 10:06:08.160 61908 INFO tempest.lib.common.rest_client [req-94b9a180-550f-4333-aa34-c511b55ad599 req-94b9a180-550f-4333-aa34-c511b55ad599 ] Request (AggregatesAdminNegativeTestJSON:test_aggregate_create_with_existent_aggregate_name): 200 POST http://10.180.1.21/compute/v2.1/os-aggregates 0.930s
2024-04-02 10:06:08.166 61897 INFO tempest.lib.common.rest_client [req-3fb0b871-7fdd-4514-9f2d-1424404aca5d req-3fb0b871-7fdd-4514-9f2d-1424404aca5d ] Request (AttachInterfacesUnderV243Test:setUpClass): 201 POST http://10.180.1.21/identity/v3/users 0.087s
2024-04-02 10:06:08.187 61897 INFO tempest.lib.common.rest_client [req-2900ab12-2d18-4468-a31a-498d1fcb2c52 req-2900ab12-2d18-4468-a31a-498d1fcb2c52 ] Request (AttachInterfacesUnderV243Test:setUpClass): 200 GET http://10.180.1.21/identity/v3/roles 0.021s
2024-04-02 10:06:08.214 61897 INFO tempest.lib.common.rest_client [req-b75efc92-9e78-4ec2-9ba6-c1837826d940 req-b75efc92-9e78-4ec2-9ba6-c1837826d940 ] Request (AttachInterfacesUnderV243Test:setUpClass): 204 PUT http://10.180.1.21/identity/v3/projects/e3a9e3e465de44a5919ead206981642d/users/2aae0e3a8cbb4033add21c828ac63710/roles/3c9354b377184dc4bc2b0e96b35c343e 0.026s
2024-04-02 10:06:08.214 61897 INFO tempest.lib.common.dynamic_creds [-] Dynamic test user 2aae0e3a8cbb4033add21c828ac63710 is created with scope project and roles: ['member']
2024-04-02 10:06:08.214 61897 INFO tempest.lib.common.dynamic_creds [-] Acquired dynamic creds: credentials: Credentials: {'domain_id': 'default', 'domain_name': 'Default', 'username': 'tempest-AttachInterfacesUnderV243Test-1128518305-project-member', 'project_domain_id': 'default', 'project_domain_name': 'Default', 'project_id': 'e3a9e3e465de44a5919ead206981642d', 'project_name': 'tempest-AttachInterfacesUnderV243Test-1128518305', 'tenant_id': 'e3a9e3e465de44a5919ead206981642d', 'tenant_name': 'tempest-AttachInterfacesUnderV243Test-1128518305', 'user_domain_id': 'default', 'user_domain_name': 'Default', 'user_id': '2aae0e3a8cbb4033add21c828ac63710', 'system': None}, Network: None, Subnet: None, Router: None
2024-04-02 10:06:08.239 61933 INFO tempest.lib.common.rest_client [req-6484929b-a758-497e-8d49-14f67da51bcf req-6484929b-a758-497e-8d49-14f67da51bcf ] Request (ImagesOneServerTestJSON:setUpClass): 200 GET http://10.180.1.21/compute/v2.1/servers/2c9b8ba9-193e-468f-bc4e-006ab413b374 1.206s
2024-04-02 10:06:08.258 61895 INFO tempest.lib.common.rest_client [req-226dc26d-bf89-48a6-b529-0359f8ebdfc7 req-226dc26d-bf89-48a6-b529-0359f8ebdfc7 ] Request (ServerDiagnosticsV248Test:test_get_server_diagnostics): 200 GET http://10.180.1.21/compute/v2.1/servers/7d93caea-4740-4bcd-9f06-9397d37a07b2 1.024s
2024-04-02 10:06:08.265 61943 INFO tempest.lib.common.rest_client [req-16f0e748-fedc-4cb3-8378-01fc25a8295c req-16f0e748-fedc-4cb3-8378-01fc25a8295c ] Request (InstanceUsageAuditLogNegativeTestJSON:tearDownClass): 200 GET http://10.180.1.21:9696/networking/v2.0/security-groups?tenant_id=7263295d3da24867ae7308e1f9310fa4&name=default 0.162s
2024-04-02 10:06:08.270 61897 INFO tempest.lib.common.rest_client [req-f32474de-fb5b-467c-a5c6-a881203da787 req-f32474de-fb5b-467c-a5c6-a881203da787 ] Request (AttachInterfacesUnderV243Test:setUpClass): 201 POST http://10.180.1.21/identity/v3/auth/tokens 0.056s
2024-04-02 10:06:08.308 61920 INFO tempest.lib.common.rest_client [req-774eaecd-3b7f-4819-b3b9-3184ea6f9069 req-774eaecd-3b7f-4819-b3b9-3184ea6f9069 ] Request (MultipleCreateTestJSON:setUpClass): 201 POST http://10.180.1.21:9696/networking/v2.0/networks 0.779s
2024-04-02 10:06:08.324 61912 INFO tempest.lib.common.rest_client [req-61828a37-1c3b-4792-a8b5-ffb89f2c2f0e req-61828a37-1c3b-4792-a8b5-ffb89f2c2f0e ] Request (ServerRescueNegativeTestJSON:setUpClass): 201 POST http://10.180.1.21:9696/networking/v2.0/networks 0.731s
2024-04-02 10:06:08.329 61910 INFO tempest.lib.common.rest_client [req-1bf8a612-4336-4307-a7c8-9f9a583353f7 req-1bf8a612-4336-4307-a7c8-9f9a583353f7 ] Request (HypervisorAdminV228Test:tearDownClass): 200 GET http://10.180.1.21:9696/networking/v2.0/security-groups?tenant_id=6b773ca9aaea4edca1783f79bc5328df&name=default 0.669s
2024-04-02 10:06:08.370 61950 INFO tempest.lib.common.rest_client [req-3b2b859b-6aab-407e-9357-30b1923ce1f0 req-3b2b859b-6aab-407e-9357-30b1923ce1f0 ] Request (SecurityGroupsTestJSON:test_list_security_groups_by_server): 200 GET http://10.180.1.21/compute/v2.1/servers/c7fac9e7-0802-4f2e-a577-4ee50efa835a 0.959s
2024-04-02 10:06:08.377 61921 INFO tempest.lib.common.rest_client [req-d35b3954-90b5-42f8-b130-c9030dbd3f98 req-d35b3954-90b5-42f8-b130-c9030dbd3f98 ] Request (HostsAdminNegativeTestJSON:tearDownClass): 204 DELETE http://10.180.1.21:9696/networking/v2.0/security-groups/b554c8df-74ec-46a7-9a1e-6181f6aba5ae 0.593s
2024-04-02 10:06:08.378 61925 INFO tempest.lib.common.rest_client [req-4cab3703-7762-4884-b594-a1ed8af76158 req-4cab3703-7762-4884-b594-a1ed8af76158 ] Request (FlavorsV2TestJSON:test_list_flavors): 200 GET http://10.180.1.21/compute/v2.1/flavors/42 0.950s
2024-04-02 10:06:08.437 61921 INFO tempest.lib.common.rest_client [req-b1af361b-1594-46ee-8ee7-7ca23fcf24a7 req-b1af361b-1594-46ee-8ee7-7ca23fcf24a7 ] Request (HostsAdminNegativeTestJSON:tearDownClass): 204 DELETE http://10.180.1.21/identity/v3/projects/2fa15d988ee643afb3711bc80008002e 0.059s
2024-04-02 10:06:08.438 61921 INFO tempest.lib.common.dynamic_creds [-] Deleting project and security group for project: 4858b35c4eba4e99917c6d7b3d6bfedf
2024-04-02 10:06:08.459 61903 INFO tempest.lib.common.rest_client [req-9ed2ddc6-f0d5-45d9-ae45-b11a1c88fc4c req-9ed2ddc6-f0d5-45d9-ae45-b11a1c88fc4c ] Request (ServersAdmin275Test:test_rebuild_update_server_275): 200 GET http://10.180.1.21/compute/v2.1/servers/683996e1-4e16-4add-8fa6-3c2843ebbf21 1.157s
2024-04-02 10:06:08.534 61891 INFO tempest.lib.common.rest_client [req-e7bb491b-9bf9-414e-800b-76c092c86eed req-e7bb491b-9bf9-414e-800b-76c092c86eed ] Request (FlavorsAccessNegativeTestJSON:test_flavor_non_admin_remove): 200 POST http://10.180.1.21/compute/v2.1/flavors/1476761550/action 1.087s
2024-04-02 10:06:08.536 61921 INFO tempest.lib.common.rest_client [req-bd8e29fb-9aa9-4367-a206-3c4f165f7370 req-bd8e29fb-9aa9-4367-a206-3c4f165f7370 ] Request (HostsAdminNegativeTestJSON:tearDownClass): 200 GET http://10.180.1.21:9696/networking/v2.0/security-groups?tenant_id=4858b35c4eba4e99917c6d7b3d6bfedf&name=default 0.098s
2024-04-02 10:06:08.549 61913 INFO tempest.lib.common.rest_client [req-ca1bac00-ea05-4a9a-b9ac-e9cfd8bd307c req-ca1bac00-ea05-4a9a-b9ac-e9cfd8bd307c ] Request (KeyPairsV2TestJSON:_run_cleanups): 202 DELETE http://10.180.1.21/compute/v2.1/os-keypairs/tempest-keypair-2032662045 1.064s
2024-04-02 10:06:08.656 61921 INFO tempest.lib.common.rest_client [req-65505d37-f247-49f6-be70-42dcfc891cf6 req-65505d37-f247-49f6-be70-42dcfc891cf6 ] Request (HostsAdminNegativeTestJSON:tearDownClass): 204 DELETE http://10.180.1.21:9696/networking/v2.0/security-groups/da1536b0-f1f5-45b0-87a7-96651eb6b554 0.120s
2024-04-02 10:06:08.685 61931 INFO tempest.lib.common.rest_client [req-2a61d305-04ba-4fb2-a6df-7c6b1ac6ae47 req-2a61d305-04ba-4fb2-a6df-7c6b1ac6ae47 ] Request (ServersTestFqdnHostnames:test_create_server_with_fqdn_name): 200 GET http://10.180.1.21/compute/v2.1/servers/fd0ac9db-adc2-46f2-93ff-0b7e299534a7 1.170s
2024-04-02 10:06:08.726 61897 INFO tempest.lib.common.rest_client [req-e00cd599-195e-4309-850d-d607a7a69aab req-e00cd599-195e-4309-850d-d607a7a69aab ] Request (AttachInterfacesUnderV243Test:setUpClass): 201 POST http://10.180.1.21:9696/networking/v2.0/networks 0.455s
