2024-10-25 05:14:26.395 62177 INFO tempest.lib.common.rest_client [req-47089922-557c-4007-9045-97f3474785a2 req-47089922-557c-4007-9045-97f3474785a2 ] Request (ServersV294TestFqdnHostnames:setUpClass): 200 GET http://10.180.1.21/compute/v2.1/servers/949307dd-f8c4-4a79-ad82-99d416d06332 1.086s
2024-10-25 05:14:26.421 62153 INFO tempest.lib.common.rest_client [req-74cf9222-821c-40e8-b9a5-a14c399b8d33 req-74cf9222-821c-40e8-b9a5-a14c399b8d33 ] Request (TenantUsagesNegativeTestJSON:tearDownClass): 204 DELETE http://10.180.1.21:9696/networking/v2.0/security-groups/a7adf340-9c4c-4927-bc24-2bea738b9fab 0.151s
2024-10-25 05:14:26.486 62163 INFO tempest.lib.common.rest_client [req-f8a2d177-e057-4c13-8dc2-0d059795524f req-f8a2d177-e057-4c13-8dc2-0d059795524f ] Request (FloatingIPDetailsTestJSON:setUpClass): 200 POST http://10.180.1.21/compute/v2.1/os-floating-ips 2.218s
2024-10-25 05:14:26.497 62199 INFO tempest.lib.common.rest_client [req-a757277c-8690-4041-927a-a789d060315f req-a757277c-8690-4041-927a-a789d060315f ] Request (SecurityGroupsNegativeTestJSON:setUpClass): 201 POST http://10.180.1.21:9696/networking/v2.0/networks 0.551s
2024-10-25 05:14:26.500 62153 INFO tempest.lib.common.rest_client [req-4881d491-1bce-4a21-9d97-41a50d32398a req-4881d491-1bce-4a21-9d97-41a50d32398a ] Request (TenantUsagesNegativeTestJSON:tearDownClass): 204 DELETE http://10.180.1.21/identity/v3/projects/380f4ccac3974d27ad387d8236e82498 0.078s
2024-10-25 05:14:26.543 62143 INFO tempest.lib.common.rest_client [req-ab5f836c-e65a-4efc-a2c9-a1ba16a2ec8a req-ab5f836c-e65a-4efc-a2c9-a1ba16a2ec8a ] Request (FloatingIPsTestJSON:test_allocate_floating_ip): 200 GET http://10.180.1.21/compute/v2.1/os-floating-ips/2c160a5e-0208-41d9-bb6d-b2e69e63d616 1.196s
2024-10-25 05:14:26.555 62183 INFO tempest.lib.common.rest_client [req-67e83abe-eab0-4d1e-8da2-d92d6525b8ba req-67e83abe-eab0-4d1e-8da2-d92d6525b8ba ] Request (ImagesOneServerNegativeTestJSON:setUpClass): 200 GET http://10.180.1.21/compute/v2.1/servers/88c496a6-8007-4111-8ac1-6e0f8680ef24 1.191s
2024-10-25 05:14:26.586 62153 INFO tempest.lib.common.rest_client [req-314cf3ca-00d6-4b93-aaff-75f6d8ea5372 req-314cf3ca-00d6-4b93-aaff-75f6d8ea5372 ] Request (ListImagesTestJSON:setUpClass): 201 POST http://10.180.1.21/identity/v3/auth/tokens 0.084s
2024-10-25 05:14:26.622 62153 INFO tempest.lib.common.rest_client [req-fc08a826-05ea-45ed-84cb-23fb18d813de req-fc08a826-05ea-45ed-84cb-23fb18d813de ] Request (ListImagesTestJSON:setUpClass): 201 POST http://10.180.1.21/identity/v3/auth/tokens 0.033s
2024-10-25 05:14:26.625 62181 INFO tempest.lib.common.rest_client [req-d1d1bc5c-2fbf-435e-98e2-0ee1125ee769 req-d1d1bc5c-2fbf-435e-98e2-0ee1125ee769 ] Request (MigrationsAdminTest:test_list_migrations_in_flavor_resize_situation): 200 GET http://10.180.1.21/compute/v2.1/servers/c6698e84-05f7-4a92-809e-f48e0835a1d2 1.179s
2024-10-25 05:14:26.631 62181 INFO tempest.common.waiters [-] State transition "BUILD/scheduling" ==> "ERROR/None" after 45 second wait
2024-10-25 05:14:26.641 62153 INFO tempest.lib.common.rest_client [req-18678615-e5db-4f6b-9706-005bd385745b req-18678615-e5db-4f6b-9706-005bd385745b ] Request (ListImagesTestJSON:setUpClass): 200 GET http://10.180.1.21/identity/v3/domains?name=Default 0.019s
2024-10-25 05:14:26.676 62153 INFO tempest.lib.common.rest_client [req-4fd406e7-5206-4e65-b34d-bd82ea3d7cdf req-4fd406e7-5206-4e65-b34d-bd82ea3d7cdf ] Request (ListImagesTestJSON:setUpClass): 201 POST http://10.180.1.21/identity/v3/projects 0.033s
2024-10-25 05:14:26.682 62187 INFO tempest.lib.common.rest_client [req-3e672b01-7128-4eb4-9cff-59ffdad246bf req-3e672b01-7128-4eb4-9cff-59ffdad246bf ] Request (VolumesAssistedSnapshotsTest:test_volume_assisted_snapshot_create_delete): 200 GET http://10.180.1.21/compute/v2.1/servers/46ce0987-e757-4ec7-9f85-bd84e50f2324 1.171s
2024-10-25 05:14:26.731 62151 INFO tempest.lib.common.rest_client [req-538e1562-ab0e-4c1d-b5e3-05d7fbdfddec req-538e1562-ab0e-4c1d-b5e3-05d7fbdfddec ] Request (DeleteServersAdminTestJSON:test_delete_server_while_in_error_state): 200 GET http://10.180.1.21/compute/v2.1/servers/a9ce5207-c493-4924-8371-db65cf359523 1.360s
2024-10-25 05:14:26.755 62157 INFO tempest.lib.common.rest_client [req-de27e195-6f91-4b6b-86de-0e1cc1cd5cf0 req-de27e195-6f91-4b6b-86de-0e1cc1cd5cf0 ] Request (FlavorsAdminTestJSON:_run_cleanups): 202 DELETE http://10.180.1.21/compute/v2.1/flavors/103335227 1.209s
2024-10-25 05:14:26.766 62153 INFO tempest.lib.common.rest_client [req-a746f034-a046-448c-b74d-16fbebff19f7 req-a746f034-a046-448c-b74d-16fbebff19f7 ] Request (ListImagesTestJSON:setUpClass): 201 POST http://10.180.1.21/identity/v3/users 0.088s
2024-10-25 05:14:26.790 62153 INFO tempest.lib.common.rest_client [req-7c3d5696-cc28-451d-ba87-968ba176d6b8 req-7c3d5696-cc28-451d-ba87-968ba176d6b8 ] Request (ListImagesTestJSON:setUpClass): 200 GET http://10.180.1.21/identity/v3/roles 0.024s
2024-10-25 05:14:26.822 62153 INFO tempest.lib.common.rest_client [req-9a69ae8e-e13d-43bc-b272-a8535469270a req-9a69ae8e-e13d-43bc-b272-a8535469270a ] Request (ListImagesTestJSON:setUpClass): 204 PUT http://10.180.1.21/identity/v3/projects/fb92dabd0796427bb6cd3d7a6ca938ee/users/5fac2f745609404d85f5ac3e3f532544/roles/3c07f98560e14fa5a94aa617581f382d 0.031s
2024-10-25 05:14:26.822 62153 INFO tempest.lib.common.dynamic_creds [-] Dynamic test user 5fac2f745609404d85f5ac3e3f532544 is created with scope project and roles: ['member']
2024-10-25 05:14:26.822 62153 INFO tempest.lib.common.dynamic_creds [-] Acquired dynamic creds: credentials: Credentials: {'domain_id': 'default', 'domain_name': 'Default', 'username': 'tempest-ListImagesTestJSON-1996077442-project-member', 'project_domain_id': 'default', 'project_domain_name': 'Default', 'project_id': 'fb92dabd0796427bb6cd3d7a6ca938ee', 'project_name': 'tempest-ListImagesTestJSON-1996077442', 'tenant_id': 'fb92dabd0796427bb6cd3d7a6ca938ee', 'tenant_name': 'tempest-ListImagesTestJSON-1996077442', 'user_domain_id': 'default', 'user_domain_name': 'Default', 'user_id': '5fac2f745609404d85f5ac3e3f532544', 'system': None}, Network: None, Subnet: None, Router: None
2024-10-25 05:14:26.823 62153 INFO tempest.lib.common.dynamic_creds [-] Created isolated network resources for: credentials: Credentials: {'domain_id': 'default', 'domain_name': 'Default', 'username': 'tempest-ListImagesTestJSON-1996077442-project-member', 'project_domain_id': 'default', 'project_domain_name': 'Default', 'project_id': 'fb92dabd0796427bb6cd3d7a6ca938ee', 'project_name': 'tempest-ListImagesTestJSON-1996077442', 'tenant_id': 'fb92dabd0796427bb6cd3d7a6ca938ee', 'tenant_name': 'tempest-ListImagesTestJSON-1996077442', 'user_domain_id': 'default', 'user_domain_name': 'Default', 'user_id': '5fac2f745609404d85f5ac3e3f532544', 'system': None}, Network: None, Subnet: None, Router: None
2024-10-25 05:14:26.827 62161 INFO tempest.lib.common.rest_client [req-1010a8a0-e854-4ff1-8f86-eafc2bd53122 req-1010a8a0-e854-4ff1-8f86-eafc2bd53122 ] Request (ServerAddressesTestJSON:setUpClass): 200 GET http://10.180.1.21/compute/v2.1/servers/e997db40-b3a6-4c06-8991-cdb96954c0ca 1.239s
2024-10-25 05:14:26.878 62203 INFO tempest.lib.common.rest_client [req-59db6aa6-9f8e-4708-b1aa-3ad23b747551 req-59db6aa6-9f8e-4708-b1aa-3ad23b747551 ] Request (ServersWithSpecificFlavorTestJSON:test_verify_created_server_ephemeral_disk): 200 GET http://10.180.1.21/compute/v2.1/servers/195ac5ee-8da4-41e9-8c1b-291ea09c80c6 1.202s
2024-10-25 05:14:26.886 62189 INFO tempest.lib.common.rest_client [req-513817e3-5856-4ad6-9aad-4e655a1bd2af req-513817e3-5856-4ad6-9aad-4e655a1bd2af ] Request (ImagesMetadataTestJSON:setUpClass): 204 PUT http://10.180.1.21/image/v2/images/c8c31a18-6e79-4dfd-8feb-b20fc25e9f82/file 0.638s
2024-10-25 05:14:26.899 62199 INFO tempest.lib.common.rest_client [req-486139be-b169-4ce8-bf2d-8c8cdc07387f req-486139be-b169-4ce8-bf2d-8c8cdc07387f ] Request (SecurityGroupsNegativeTestJSON:setUpClass): 201 POST http://10.180.1.21:9696/networking/v2.0/subnets 0.401s
2024-10-25 05:14:26.899 62153 INFO tempest.lib.common.rest_client [req-74361f3f-a83b-482b-8c07-ebc99410c169 req-74361f3f-a83b-482b-8c07-ebc99410c169 ] Request (ListImagesTestJSON:setUpClass): 201 POST http://10.180.1.21/identity/v3/auth/tokens 0.070s
2024-10-25 05:14:26.943 62167 INFO tempest.lib.common.rest_client [req-59051fc0-050c-4d94-871e-38d7afa01875 req-59051fc0-050c-4d94-871e-38d7afa01875 ] Request (ServersAdmin275Test:test_rebuild_update_server_275): 200 GET http://10.180.1.21/compute/v2.1/servers/72770472-1b79-4408-b32c-34e56fd27c45 1.057s
2024-10-25 05:14:26.961 62167 INFO tempest.common.waiters [-] State transition "BUILD/None" ==> "BUILD/spawning" after 25 second wait
2024-10-25 05:14:27.086 62191 INFO tempest.lib.common.rest_client [req-58c7bde0-7caa-4a44-aaec-1af5a9a94a74 req-58c7bde0-7caa-4a44-aaec-1af5a9a94a74 ] Request (SecurityGroupRulesTestJSON:tearDownClass): 202 DELETE http://10.180.1.21/compute/v2.1/os-security-groups/c095573d-0b8c-40b7-8b54-0a875b4a37ef 1.571s
2024-10-25 05:14:27.156 62169 INFO tempest.lib.common.rest_client [req-6e76aeec-fc62-42fb-a60d-794087fb96cf req-6e76aeec-fc62-42fb-a60d-794087fb96cf ] Request (AttachInterfacesTestJSON:test_create_list_show_delete_interfaces_by_fixed_ip): 200 GET http://10.180.1.21/compute/v2.1/servers/eb372895-68b6-41cb-8ae5-dbfd57387505 1.200s
2024-10-25 05:14:27.232 62202 INFO tempest.lib.common.rest_client [req-6c525c32-68f2-419b-b9f2-011f42f0339d req-6c525c32-68f2-419b-b9f2-011f42f0339d ] Request (ServerShowV247Test:test_update_rebuild_list_server): 200 GET http://10.180.1.21/compute/v2.1/servers/e6a063b4-d4f8-46ae-89ae-2d66637896ae 1.021s
2024-10-25 05:14:27.288 62165 INFO tempest.lib.common.rest_client [req-988ede21-a864-4e54-8fca-f1862f6856ab req-988ede21-a864-4e54-8fca-f1862f6856ab ] Request (AttachInterfacesV270Test:setUpClass): 200 PUT http://10.180.1.21:9696/networking/v2.0/routers/63a788ac-857e-4ce7-af96-b7d05852815f/add_router_interface 1.690s
2024-10-25 05:14:27.288 62165 INFO tempest.lib.common.dynamic_creds [-] Created isolated network resources for: credentials: Credentials: {'domain_id': 'default', 'domain_name': 'Default', 'username': 'tempest-AttachInterfacesV270Test-2104108953-project-member', 'project_domain_id': 'default', 'project_domain_name': 'Default', 'project_id': 'cd2f515523524779831f0bdd5b10e9ce', 'project_name': 'tempest-AttachInterfacesV270Test-2104108953', 'tenant_id': 'cd2f515523524779831f0bdd5b10e9ce', 'tenant_name': 'tempest-AttachInterfacesV270Test-2104108953', 'user_domain_id': 'default', 'user_domain_name': 'Default', 'user_id': '680a17726c6745de98ee2a3c8a9fd0c4', 'system': None}, Network: {'id': 'ea6a53bf-c033-4578-b60f-79a9f055db1c', 'name': 'tempest-AttachInterfacesV270Test-1384292815-network', 'tenant_id': 'cd2f515523524779831f0bdd5b10e9ce', 'admin_state_up': True, 'mtu': 8950, 'status': 'ACTIVE', 'subnets': [], 'shared': False, 'project_id': 'cd2f515523524779831f0bdd5b10e9ce', 'port_security_enabled': True, 'router:external': False, 'provider:network_type': 'vlan', 'provider:physical_network': 'default', 'provider:segmentation_id': 536, 'is_default': False, 'availability_zone_hints': [], 'availability_zones': [], 'ipv4_address_scope': None, 'ipv6_address_scope': None, 'description': '', 'tags': [], 'created_at': '2024-10-25T05:14:22Z', 'updated_at': '2024-10-25T05:14:22Z', 'revision_number': 1}, Subnet: {'id': 'c8bc8962-b981-4fec-988e-e8ed186222fe', 'name': 'tempest-AttachInterfacesV270Test-1384292815-subnet', 'tenant_id': 'cd2f515523524779831f0bdd5b10e9ce', 'network_id': 'ea6a53bf-c033-4578-b60f-79a9f055db1c', 'ip_version': 4, 'subnetpool_id': None, 'enable_dhcp': True, 'ipv6_ra_mode': None, 'ipv6_address_mode': None, 'gateway_ip': '192.168.128.1', 'cidr': '192.168.128.0/28', 'allocation_pools': [{'start': '192.168.128.2', 'end': '192.168.128.14'}], 'host_routes': [], 'dns_nameservers': [], 'description': '', 'router:external': False, 'service_types': [], 'tags': [], 'created_at': '2024-10-25T05:14:23Z', 'updated_at': '2024-10-25T05:14:23Z', 'revision_number': 0, 'project_id': 'cd2f515523524779831f0bdd5b10e9ce'}, Router: {'id': '63a788ac-857e-4ce7-af96-b7d05852815f', 'name': 'tempest-AttachInterfacesV270Test-1384292815-router', 'tenant_id': 'cd2f515523524779831f0bdd5b10e9ce', 'admin_state_up': True, 'status': 'ACTIVE', 'external_gateway_info': {'network_id': 'ce0f9030-b27a-4b77-a36f-c7bf9d974a3e', 'external_fixed_ips': [{'subnet_id': '1165243d-65e8-4d55-b1bb-daf5af0fab6b', 'ip_address': '10.180.180.234'}], 'enable_snat': True}, 'description': '', 'availability_zones': [], 'distributed': False, 'ha': False, 'availability_zone_hints': [], 'routes': [], 'flavor_id': None, 'tags': [], 'created_at': '2024-10-25T05:14:23Z', 'updated_at': '2024-10-25T05:14:24Z', 'revision_number': 2, 'project_id': 'cd2f515523524779831f0bdd5b10e9ce'}
2024-10-25 05:14:27.378 62165 INFO tempest.lib.common.rest_client [req-b513bcdb-6d69-4d88-a8ef-cb5cd95daa89 req-b513bcdb-6d69-4d88-a8ef-cb5cd95daa89 ] Request (AttachInterfacesV270Test:setUpClass): 201 POST http://10.180.1.21/identity/v3/auth/tokens 0.083s
2024-10-25 05:14:27.419 62173 INFO tempest.lib.common.rest_client [req-636523b8-4b20-4cee-bf13-4f2165c7ef2e req-636523b8-4b20-4cee-bf13-4f2165c7ef2e ] Request (VolumesAdminNegativeTest:test_update_attached_volume_with_nonexistent_volume_in_body): 200 POST http://10.180.1.21/compute/v2.1/os-keypairs 1.184s
2024-10-25 05:14:27.420 62165 INFO tempest.lib.common.rest_client [req-27ff426f-ea37-44d8-9752-8564bf2b49a3 req-27ff426f-ea37-44d8-9752-8564bf2b49a3 ] Request (AttachInterfacesV270Test:test_create_get_list_interfaces): 201 POST http://10.180.1.21/identity/v3/auth/tokens 0.036s
2024-10-25 05:14:27.421 62165 INFO tempest.lib.common.fixed_network [-] (AttachInterfacesV270Test:test_create_get_list_interfaces) Found network {'id': 'ea6a53bf-c033-4578-b60f-79a9f055db1c', 'name': 'tempest-AttachInterfacesV270Test-1384292815-network', 'tenant_id': 'cd2f515523524779831f0bdd5b10e9ce', 'admin_state_up': True, 'mtu': 8950, 'status': 'ACTIVE', 'subnets': [], 'shared': False, 'project_id': 'cd2f515523524779831f0bdd5b10e9ce', 'port_security_enabled': True, 'router:external': False, 'provider:network_type': 'vlan', 'provider:physical_network': 'default', 'provider:segmentation_id': 536, 'is_default': False, 'availability_zone_hints': [], 'availability_zones': [], 'ipv4_address_scope': None, 'ipv6_address_scope': None, 'description': '', 'tags': [], 'created_at': '2024-10-25T05:14:22Z', 'updated_at': '2024-10-25T05:14:22Z', 'revision_number': 1} available for tenant
2024-10-25 05:14:27.495 62194 INFO tempest.lib.common.rest_client [req-b7a0b7cd-f755-432b-aab6-f70a8e5b1386 req-b7a0b7cd-f755-432b-aab6-f70a8e5b1386 ] Request (ServersAdminNegativeTestJSON:setUpClass): 200 GET http://10.180.1.21/compute/v2.1/servers/056d4c90-e763-4488-a349-1adaddfc9e95 1.200s
2024-10-25 05:14:27.553 62198 INFO tempest.lib.common.rest_client [req-847ae5e8-9e27-42bb-8e79-1b9c2b82b9d4 req-847ae5e8-9e27-42bb-8e79-1b9c2b82b9d4 ] Request (ServersTestJSON:test_create_server_specify_multibyte_character_name): 200 GET http://10.180.1.21/compute/v2.1/servers/56997e40-ec60-422d-b58c-8a628d37b1bc 1.147s
2024-10-25 05:14:27.559 62173 INFO tempest.lib.common.rest_client [req-ccb531ca-932d-4425-bdff-9c89f20c313a req-ccb531ca-932d-4425-bdff-9c89f20c313a ] Request (VolumesAdminNegativeTest:test_update_attached_volume_with_nonexistent_volume_in_body): 201 POST http://10.180.1.21:9696/networking/v2.0/security-groups 0.137s
2024-10-25 05:14:27.587 62175 INFO tempest.lib.common.rest_client [req-60ef3272-53a4-4f19-831e-2eaf2a31c0b6 req-60ef3272-53a4-4f19-831e-2eaf2a31c0b6 ] Request (ServersTestBootFromVolume:setUpClass): 202 POST http://10.180.1.21/compute/v2.1/servers 1.685s
2024-10-25 05:14:27.699 62173 INFO tempest.lib.common.rest_client [req-9cc74fc9-31d7-4e64-bf4e-970aacdcefb3 req-9cc74fc9-31d7-4e64-bf4e-970aacdcefb3 ] Request (VolumesAdminNegativeTest:test_update_attached_volume_with_nonexistent_volume_in_body): 201 POST http://10.180.1.21:9696/networking/v2.0/security-group-rules 0.139s
2024-10-25 05:14:27.736 62143 INFO tempest.lib.common.rest_client [req-8b9c22c0-660c-4a0e-901f-4cdc015d27f2 req-8b9c22c0-660c-4a0e-901f-4cdc015d27f2 ] Request (FloatingIPsTestJSON:test_allocate_floating_ip): 200 GET http://10.180.1.21/compute/v2.1/os-floating-ips 1.191s
2024-10-25 05:14:27.837 62173 INFO tempest.lib.common.rest_client [req-2b68a605-7f65-4fbc-9c18-8a51163d9907 req-2b68a605-7f65-4fbc-9c18-8a51163d9907 ] Request (VolumesAdminNegativeTest:test_update_attached_volume_with_nonexistent_volume_in_body): 201 POST http://10.180.1.21:9696/networking/v2.0/security-group-rules 0.136s
2024-10-25 05:14:27.876 62199 INFO tempest.lib.common.rest_client [req-63806015-8ea0-4464-ad78-3054615c367b req-63806015-8ea0-4464-ad78-3054615c367b ] Request (SecurityGroupsNegativeTestJSON:setUpClass): 201 POST http://10.180.1.21:9696/networking/v2.0/routers 0.977s
2024-10-25 05:14:27.980 62181 INFO tempest.lib.common.rest_client [req-3eb1d3cf-2689-48b4-9c96-b0541e5b6992 req-3eb1d3cf-2689-48b4-9c96-b0541e5b6992 ] Request (MigrationsAdminTest:test_list_migrations_in_flavor_resize_situation): 204 DELETE http://10.180.1.21/compute/v2.1/servers/c6698e84-05f7-4a92-809e-f48e0835a1d2 1.348s
2024-10-25 05:14:28.041 62185 INFO tempest.lib.common.rest_client [req-d308f347-3294-412c-aaea-9cec42063992 req-d308f347-3294-412c-aaea-9cec42063992 ] Request (ImagesOneServerTestJSON:setUpClass): 200 GET http://10.180.1.21/compute/v2.1/servers/014849e7-a41c-432e-81ae-03725825166e 1.403s
2024-10-25 05:14:28.140 62147 INFO tempest.lib.common.rest_client [req-2222c685-378b-4a2f-b15b-0f84c3edcee9 req-2222c685-378b-4a2f-b15b-0f84c3edcee9 ] Request (ServersTestMultiNic:test_verify_duplicate_network_nics): 200 GET http://10.180.1.21/compute/v2.1/servers/b92a6db6-c51a-45c8-9792-d394027bcb7c 1.433s
2024-10-25 05:14:28.158 62157 INFO tempest.lib.common.rest_client [req-fbc3eb96-fb11-43c5-ab66-a22e665f8af8 req-fbc3eb96-fb11-43c5-ab66-a22e665f8af8 ] Request (FlavorsAdminTestJSON:_run_cleanups): 200 GET http://10.180.1.21/compute/v2.1/flavors/detail 1.403s
2024-10-25 05:14:28.225 62195 INFO tempest.lib.common.rest_client [req-ec7dfb58-20ca-4fbe-bc1f-51aaa8b548ea req-ec7dfb58-20ca-4fbe-bc1f-51aaa8b548ea ] Request (ServerRescueTestJSONUnderV235:setUpClass): 200 GET http://10.180.1.21/compute/v2.1/servers/d3ec2174-203c-43c6-9ecc-0a0d42fc35df 1.415s
2024-10-25 05:14:28.272 62189 INFO tempest.lib.common.rest_client [req-65294c5d-1872-4df7-8006-ccd74167f9bd req-65294c5d-1872-4df7-8006-ccd74167f9bd ] Request (ImagesMetadataTestJSON:setUpClass): 200 GET http://10.180.1.21/compute/v2.1/images/c8c31a18-6e79-4dfd-8feb-b20fc25e9f82 1.385s
2024-10-25 05:14:28.329 62157 INFO tempest.lib.common.rest_client [req-6395e3aa-26a8-40ff-9a76-00b6c50ed3ed req-6395e3aa-26a8-40ff-9a76-00b6c50ed3ed ] Request (FlavorsAdminTestJSON:tearDownClass): 204 DELETE http://10.180.1.21/identity/v3/users/78e8e55227a549088430d7a9bdc96b76 0.159s
2024-10-25 05:14:28.347 62153 INFO tempest.lib.common.rest_client [req-8f39a675-41ac-4425-81c0-96aa4a325a18 req-8f39a675-41ac-4425-81c0-96aa4a325a18 ] Request (ListImagesTestJSON:test_get_image): 200 GET http://10.180.1.21/compute/v2.1/images/4d166298-c700-4bc6-8f8f-67684a277053 1.447s
2024-10-25 05:14:28.412 62171 INFO tempest.lib.common.rest_client [req-f8713eaa-708c-46d7-ada0-d74d9d1e0733 req-f8713eaa-708c-46d7-ada0-d74d9d1e0733 ] Request (ServersAdminTestJSON:setUpClass): 200 GET http://10.180.1.21/compute/v2.1/servers/6b3d7973-c1bf-41bc-9f03-0dd3371bb71e 1.484s
2024-10-25 05:14:28.429 62157 INFO tempest.lib.common.rest_client [req-f12a6218-575a-4c06-b1e9-213ef652ffe3 req-f12a6218-575a-4c06-b1e9-213ef652ffe3 ] Request (FlavorsAdminTestJSON:tearDownClass): 204 DELETE http://10.180.1.21/identity/v3/users/f964aca0ee624dad8aa90fd40d44910b 0.099s
2024-10-25 05:14:28.429 62157 INFO tempest.lib.common.dynamic_creds [-] Deleting project and security group for project: a65f57366558482b95cb116f05541c36
2024-10-25 05:14:28.453 62173 INFO tempest.lib.common.rest_client [req-1bc42f74-0ae8-481a-b5d6-a2774fd7fa20 req-1bc42f74-0ae8-481a-b5d6-a2774fd7fa20 ] Request (VolumesAdminNegativeTest:test_update_attached_volume_with_nonexistent_volume_in_body): 201 POST http://10.180.1.21:9696/networking/v2.0/floatingips 0.615s
2024-10-25 05:14:28.498 62149 INFO tempest.lib.common.rest_client [req-fb64949e-b65c-4e87-b157-578864ae5fcd req-fb64949e-b65c-4e87-b157-578864ae5fcd ] Request (ServerDiagnosticsV248Test:test_get_server_diagnostics): 200 GET http://10.180.1.21/compute/v2.1/servers/2a8bcc04-5519-4890-839b-64dcf422526d 1.478s
2024-10-25 05:14:28.500 62157 INFO tempest.lib.common.rest_client [req-416b7433-e519-49ba-9a47-c6f6d96834f4 req-416b7433-e519-49ba-9a47-c6f6d96834f4 ] Request (FlavorsAdminTestJSON:tearDownClass): 201 POST http://10.180.1.21/identity/v3/auth/tokens 0.070s
2024-10-25 05:14:28.531 62173 INFO tempest.lib.common.rest_client [req-434281a9-6f99-4e9d-9cb9-9f5ed3d397fa req-434281a9-6f99-4e9d-9cb9-9f5ed3d397fa ] Request (VolumesAdminNegativeTest:test_update_attached_volume_with_nonexistent_volume_in_body): 201 POST http://10.180.1.21/identity/v3/auth/tokens 0.074s
2024-10-25 05:14:28.531 62173 INFO tempest.lib.common.fixed_network [-] (VolumesAdminNegativeTest:test_update_attached_volume_with_nonexistent_volume_in_body) Found network {'id': 'e72d41e5-46f9-42d8-b75c-b531cf8d8a15', 'name': 'tempest-VolumesAdminNegativeTest-1523043429-network', 'tenant_id': 'e36aced58abc41f0b5eba97157ffee2e', 'admin_state_up': True, 'mtu': 8950, 'status': 'ACTIVE', 'subnets': [], 'shared': False, 'project_id': 'e36aced58abc41f0b5eba97157ffee2e', 'port_security_enabled': True, 'router:external': False, 'provider:network_type': 'vlan', 'provider:physical_network': 'default', 'provider:segmentation_id': 68, 'is_default': False, 'availability_zone_hints': [], 'availability_zones': [], 'ipv4_address_scope': None, 'ipv6_address_scope': None, 'description': '', 'tags': [], 'created_at': '2024-10-25T05:14:16Z', 'updated_at': '2024-10-25T05:14:16Z', 'revision_number': 1} available for tenant
2024-10-25 05:14:28.552 62163 INFO tempest.lib.common.rest_client [req-6fc83dc3-cc35-4fb7-9451-c34c83630db5 req-6fc83dc3-cc35-4fb7-9451-c34c83630db5 ] Request (FloatingIPDetailsTestJSON:setUpClass): 200 POST http://10.180.1.21/compute/v2.1/os-floating-ips 2.063s
2024-10-25 05:14:28.616 62179 INFO tempest.lib.common.rest_client [req-f57f7819-66ce-46f6-a7f5-a9f5ae4d692f req-f57f7819-66ce-46f6-a7f5-a9f5ae4d692f ] Request (ServerTagsTestJSON:setUpClass): 200 GET http://10.180.1.21/compute/v2.1/servers/79c34bad-f29b-4d5e-97d5-6bfd6be55b31 1.516s
2024-10-25 05:14:28.684 62141 INFO tempest.lib.common.rest_client [req-38956351-7c84-4482-bc79-2e891c8585c5 req-38956351-7c84-4482-bc79-2e891c8585c5 ] Request (ListImageFiltersTestJSON:setUpClass): 200 GET http://10.180.1.21/compute/v2.1/servers/70c8f43f-28f0-4097-a8cb-37f6654ec014 1.504s
2024-10-25 05:14:28.704 62157 INFO tempest.lib.common.rest_client [req-4b38f570-8157-4523-9bde-c3dadd9aebfd req-4b38f570-8157-4523-9bde-c3dadd9aebfd ] Request (FlavorsAdminTestJSON:tearDownClass): 200 GET http://10.180.1.21:9696/networking/v2.0/security-groups?tenant_id=a65f57366558482b95cb116f05541c36&name=default 0.203s
2024-10-25 05:14:28.718 62191 INFO tempest.lib.common.rest_client [req-2b4eb9ae-f61b-4d8c-98bb-4517780624e4 req-2b4eb9ae-f61b-4d8c-98bb-4517780624e4 ] Request (SecurityGroupRulesTestJSON:tearDownClass): 202 DELETE http://10.180.1.21/compute/v2.1/os-security-groups/37adbf12-cf94-4128-985a-505c6b23555e 1.631s
2024-10-25 05:14:28.756 62159 INFO tempest.lib.common.rest_client [req-69b412ce-cdf5-4902-8650-87b80537d0bb req-69b412ce-cdf5-4902-8650-87b80537d0bb ] Request (ServersTestManualDisk:setUpClass): 200 GET http://10.180.1.21/compute/v2.1/servers/708b8fc5-a919-449a-a8bb-0c0d3a40b952 1.495s
2024-10-25 05:14:28.792 62155 INFO tempest.lib.common.rest_client [req-f62836da-847c-42ea-9b69-22ab5f3a038c req-f62836da-847c-42ea-9b69-22ab5f3a038c ] Request (ServerGroupTestJSON:test_create_server_with_scheduler_hint_group): 200 GET http://10.180.1.21/compute/v2.1/servers/426a5334-83fb-4c2a-85ac-42a8dddd775b 1.467s
2024-10-25 05:14:28.811 62157 INFO tempest.lib.common.rest_client [req-59f6cec2-8692-4da7-88d8-a9e6d1613c8d req-59f6cec2-8692-4da7-88d8-a9e6d1613c8d ] Request (FlavorsAdminTestJSON:tearDownClass): 204 DELETE http://10.180.1.21:9696/networking/v2.0/security-groups/71919c93-9e44-4875-a750-e2bb3a6c4bb2 0.107s
2024-10-25 05:14:28.821 62177 INFO tempest.lib.common.rest_client [req-da4bd502-b6a3-4558-a55d-a68ff31fa562 req-da4bd502-b6a3-4558-a55d-a68ff31fa562 ] Request (ServersV294TestFqdnHostnames:setUpClass): 200 GET http://10.180.1.21/compute/v2.1/servers/949307dd-f8c4-4a79-ad82-99d416d06332 1.414s
2024-10-25 05:14:28.875 62183 INFO tempest.lib.common.rest_client [req-5c535c55-2799-48ae-a8d1-6c8ab7d417e6 req-5c535c55-2799-48ae-a8d1-6c8ab7d417e6 ] Request (ImagesOneServerNegativeTestJSON:setUpClass): 200 GET http://10.180.1.21/compute/v2.1/servers/88c496a6-8007-4111-8ac1-6e0f8680ef24 1.308s
2024-10-25 05:14:28.908 62157 INFO tempest.lib.common.rest_client [req-0b5793ec-5c7a-49d1-9810-1d044e28f103 req-0b5793ec-5c7a-49d1-9810-1d044e28f103 ] Request (FlavorsAdminTestJSON:tearDownClass): 204 DELETE http://10.180.1.21/identity/v3/projects/a65f57366558482b95cb116f05541c36 0.096s
2024-10-25 05:14:28.908 62157 INFO tempest.lib.common.dynamic_creds [-] Deleting project and security group for project: 27ace52614d34be7a88253faf8036613
2024-10-25 05:14:28.930 62175 INFO tempest.lib.common.rest_client [req-e01c4257-463f-4837-bc23-c9f32f4e4673 req-e01c4257-463f-4837-bc23-c9f32f4e4673 ] Request (ServersTestBootFromVolume:setUpClass): 200 GET http://10.180.1.21/compute/v2.1/servers/362c9148-9f78-4700-9c6f-7fd0eaef4bd7 1.341s
2024-10-25 05:14:28.987 62187 INFO tempest.lib.common.rest_client [req-a4a44b13-9418-4174-a9df-b3ad2ddb5461 req-a4a44b13-9418-4174-a9df-b3ad2ddb5461 ] Request (VolumesAssistedSnapshotsTest:test_volume_assisted_snapshot_create_delete): 200 GET http://10.180.1.21/compute/v2.1/servers/46ce0987-e757-4ec7-9f85-bd84e50f2324 1.295s
2024-10-25 05:14:29.042 62151 INFO tempest.lib.common.rest_client [req-3b8f1671-67e4-473d-b685-a76d08e8c6e0 req-3b8f1671-67e4-473d-b685-a76d08e8c6e0 ] Request (DeleteServersAdminTestJSON:test_delete_server_while_in_error_state): 200 GET http://10.180.1.21/compute/v2.1/servers/a9ce5207-c493-4924-8371-db65cf359523 1.304s
2024-10-25 05:14:29.352 62157 INFO tempest.lib.common.rest_client [req-ec3d037f-3a5e-4ff7-92f2-76ddd920c6f5 req-ec3d037f-3a5e-4ff7-92f2-76ddd920c6f5 ] Request (FlavorsAdminTestJSON:tearDownClass): 200 GET http://10.180.1.21:9696/networking/v2.0/security-groups?tenant_id=27ace52614d34be7a88253faf8036613&name=default 0.444s
2024-10-25 05:14:29.393 62143 INFO tempest.lib.common.rest_client [req-a9b15a79-95cc-4ff2-a9bc-eb25f60fd158 req-a9b15a79-95cc-4ff2-a9bc-eb25f60fd158 ] Request (FloatingIPsTestJSON:_run_cleanups): 202 DELETE http://10.180.1.21/compute/v2.1/os-floating-ips/2c160a5e-0208-41d9-bb6d-b2e69e63d616 1.654s
2024-10-25 05:14:29.457 62157 INFO tempest.lib.common.rest_client [req-b5b570cd-0972-49d0-bc2f-7c7569aed8b5 req-b5b570cd-0972-49d0-bc2f-7c7569aed8b5 ] Request (FlavorsAdminTestJSON:tearDownClass): 204 DELETE http://10.180.1.21:9696/networking/v2.0/security-groups/a826ea86-0c59-4b5b-a7b1-17a8ee529d46 0.104s
2024-10-25 05:14:29.457 62161 INFO tempest.lib.common.rest_client [req-8c086d3a-67a0-4d9e-a931-88e1cad4b2f1 req-8c086d3a-67a0-4d9e-a931-88e1cad4b2f1 ] Request (ServerAddressesTestJSON:setUpClass): 200 GET http://10.180.1.21/compute/v2.1/servers/e997db40-b3a6-4c06-8991-cdb96954c0ca 1.624s
2024-10-25 05:14:29.510 62203 INFO tempest.lib.common.rest_client [req-013f0089-57a4-47fe-a1de-80de6fa705f4 req-013f0089-57a4-47fe-a1de-80de6fa705f4 ] Request (ServersWithSpecificFlavorTestJSON:test_verify_created_server_ephemeral_disk): 200 GET http://10.180.1.21/compute/v2.1/servers/195ac5ee-8da4-41e9-8c1b-291ea09c80c6 1.622s
2024-10-25 05:14:29.553 62157 INFO tempest.lib.common.rest_client [req-f6e07c40-35c6-4ab3-b16a-f254d1c8f4c9 req-f6e07c40-35c6-4ab3-b16a-f254d1c8f4c9 ] Request (FlavorsAdminTestJSON:tearDownClass): 204 DELETE http://10.180.1.21/identity/v3/projects/27ace52614d34be7a88253faf8036613 0.096s
2024-10-25 05:14:29.580 62167 INFO tempest.lib.common.rest_client [req-a3140364-bb95-4624-903e-74d5f602e706 req-a3140364-bb95-4624-903e-74d5f602e706 ] Request (ServersAdmin275Test:test_rebuild_update_server_275): 200 GET http://10.180.1.21/compute/v2.1/servers/72770472-1b79-4408-b32c-34e56fd27c45 1.618s
2024-10-25 05:14:29.603 62181 INFO tempest.lib.common.rest_client [req-9e50bd7f-d59e-4f5e-8e85-7d9632e6c863 req-9e50bd7f-d59e-4f5e-8e85-7d9632e6c863 ] Request (MigrationsAdminTest:test_list_migrations_in_flavor_resize_situation): 404 GET http://10.180.1.21/compute/v2.1/servers/c6698e84-05f7-4a92-809e-f48e0835a1d2 1.621s
2024-10-25 05:14:29.655 62157 INFO tempest.lib.common.rest_client [req-535d397f-6489-47bc-8261-8bdf5175f9b6 req-535d397f-6489-47bc-8261-8bdf5175f9b6 ] Request (ServerDiagnosticsTest:setUpClass): 201 POST http://10.180.1.21/identity/v3/auth/tokens 0.100s
2024-10-25 05:14:29.664 62169 INFO tempest.lib.common.rest_client [req-8a061f6b-45a4-41bb-88c4-2f0b63604a41 req-8a061f6b-45a4-41bb-88c4-2f0b63604a41 ] Request (AttachInterfacesTestJSON:test_create_list_show_delete_interfaces_by_fixed_ip): 200 GET http://10.180.1.21/compute/v2.1/servers/eb372895-68b6-41cb-8ae5-dbfd57387505 1.493s
2024-10-25 05:14:29.689 62157 INFO tempest.lib.common.rest_client [req-0116b692-a445-47ca-91e0-dbba9d014228 req-0116b692-a445-47ca-91e0-dbba9d014228 ] Request (ServerDiagnosticsTest:setUpClass): 201 POST http://10.180.1.21/identity/v3/auth/tokens 0.031s
2024-10-25 05:14:29.720 62157 INFO tempest.lib.common.rest_client [req-c7f199ef-93fd-4089-8f32-b24081c54aa5 req-c7f199ef-93fd-4089-8f32-b24081c54aa5 ] Request (ServerDiagnosticsTest:setUpClass): 200 GET http://10.180.1.21/identity/v3/domains?name=Default 0.030s
2024-10-25 05:14:29.725 62202 INFO tempest.lib.common.rest_client [req-271e936a-e580-4d23-b55d-078eed39b2f0 req-271e936a-e580-4d23-b55d-078eed39b2f0 ] Request (ServerShowV247Test:test_update_rebuild_list_server): 200 GET http://10.180.1.21/compute/v2.1/servers/e6a063b4-d4f8-46ae-89ae-2d66637896ae 1.483s
2024-10-25 05:14:29.727 62199 INFO tempest.lib.common.rest_client [req-8c7c1355-75cb-4a67-bc86-bc365d001e1c req-8c7c1355-75cb-4a67-bc86-bc365d001e1c ] Request (SecurityGroupsNegativeTestJSON:setUpClass): 200 PUT http://10.180.1.21:9696/networking/v2.0/routers/1c90324c-0aab-4b5a-a40f-9cee919780f0/add_router_interface 1.850s
2024-10-25 05:14:29.728 62199 INFO tempest.lib.common.dynamic_creds [-] Created isolated network resources for: credentials: Credentials: {'domain_id': 'default', 'domain_name': 'Default', 'username': 'tempest-SecurityGroupsNegativeTestJSON-1953760204-project-member', 'project_domain_id': 'default', 'project_domain_name': 'Default', 'project_id': 'bd3cfd61ae96489d8f9032cf3216e474', 'project_name': 'tempest-SecurityGroupsNegativeTestJSON-1953760204', 'tenant_id': 'bd3cfd61ae96489d8f9032cf3216e474', 'tenant_name': 'tempest-SecurityGroupsNegativeTestJSON-1953760204', 'user_domain_id': 'default', 'user_domain_name': 'Default', 'user_id': '6365d949e9b248a281791fe89279f93e', 'system': None}, Network: {'id': '73a7b70b-9fc3-4d51-9d99-32bbd853887b', 'name': 'tempest-SecurityGroupsNegativeTestJSON-172164608-network', 'tenant_id': 'bd3cfd61ae96489d8f9032cf3216e474', 'admin_state_up': True, 'mtu': 8950, 'status': 'ACTIVE', 'subnets': [], 'shared': False, 'project_id': 'bd3cfd61ae96489d8f9032cf3216e474', 'port_security_enabled': True, 'router:external': False, 'provider:network_type': 'vlan', 'provider:physical_network': 'default', 'provider:segmentation_id': 321, 'is_default': False, 'availability_zone_hints': [], 'availability_zones': [], 'ipv4_address_scope': None, 'ipv6_address_scope': None, 'description': '', 'tags': [], 'created_at': '2024-10-25T05:14:26Z', 'updated_at': '2024-10-25T05:14:26Z', 'revision_number': 1}, Subnet: {'id': '6d41f8fa-a4e6-4a2c-8ceb-835ee74f7818', 'name': 'tempest-SecurityGroupsNegativeTestJSON-172164608-subnet', 'tenant_id': 'bd3cfd61ae96489d8f9032cf3216e474', 'network_id': '73a7b70b-9fc3-4d51-9d99-32bbd853887b', 'ip_version': 4, 'subnetpool_id': None, 'enable_dhcp': True, 'ipv6_ra_mode': None, 'ipv6_address_mode': None, 'gateway_ip': '192.168.128.1', 'cidr': '192.168.128.0/28', 'allocation_pools': [{'start': '192.168.128.2', 'end': '192.168.128.14'}], 'host_routes': [], 'dns_nameservers': [], 'description': '', 'router:external': False, 'service_types': [], 'tags': [], 'created_at': '2024-10-25T05:14:26Z', 'updated_at': '2024-10-25T05:14:26Z', 'revision_number': 0, 'project_id': 'bd3cfd61ae96489d8f9032cf3216e474'}, Router: {'id': '1c90324c-0aab-4b5a-a40f-9cee919780f0', 'name': 'tempest-SecurityGroupsNegativeTestJSON-172164608-router', 'tenant_id': 'bd3cfd61ae96489d8f9032cf3216e474', 'admin_state_up': True, 'status': 'ACTIVE', 'external_gateway_info': {'network_id': 'ce0f9030-b27a-4b77-a36f-c7bf9d974a3e', 'external_fixed_ips': [{'subnet_id': '1165243d-65e8-4d55-b1bb-daf5af0fab6b', 'ip_address': '10.180.180.181'}], 'enable_snat': True}, 'description': '', 'availability_zones': [], 'distributed': False, 'ha': False, 'availability_zone_hints': [], 'routes': [], 'flavor_id': None, 'tags': [], 'created_at': '2024-10-25T05:14:26Z', 'updated_at': '2024-10-25T05:14:27Z', 'revision_number': 2, 'project_id': 'bd3cfd61ae96489d8f9032cf3216e474'}
2024-10-25 05:14:29.759 62157 INFO tempest.lib.common.rest_client [req-76ef51f1-7593-469a-99b2-bef1174c2d18 req-76ef51f1-7593-469a-99b2-bef1174c2d18 ] Request (ServerDiagnosticsTest:setUpClass): 201 POST http://10.180.1.21/identity/v3/projects 0.036s
2024-10-25 05:14:29.815 62199 INFO tempest.lib.common.rest_client [req-e0f17546-e51a-4546-84a1-d82e18024a4a req-e0f17546-e51a-4546-84a1-d82e18024a4a ] Request (SecurityGroupsNegativeTestJSON:setUpClass): 201 POST http://10.180.1.21/identity/v3/auth/tokens 0.082s
2024-10-25 05:14:29.835 62157 INFO tempest.lib.common.rest_client [req-17480cfa-df93-4384-9045-731d940cd613 req-17480cfa-df93-4384-9045-731d940cd613 ] Request (ServerDiagnosticsTest:setUpClass): 201 POST http://10.180.1.21/identity/v3/users 0.075s
2024-10-25 05:14:29.837 62165 INFO tempest.lib.common.rest_client [req-9d4bc97c-2384-4e81-9170-33afd234dc83 req-9d4bc97c-2384-4e81-9170-33afd234dc83 ] Request (AttachInterfacesV270Test:test_create_get_list_interfaces): 202 POST http://10.180.1.21/compute/v2.1/servers 2.415s
2024-10-25 05:14:29.861 62157 INFO tempest.lib.common.rest_client [req-aaf920a5-9a5c-4d60-a5a3-32ff2c1d87d5 req-aaf920a5-9a5c-4d60-a5a3-32ff2c1d87d5 ] Request (ServerDiagnosticsTest:setUpClass): 200 GET http://10.180.1.21/identity/v3/roles 0.025s
2024-10-25 05:14:29.906 62153 INFO tempest.lib.common.rest_client [req-25477889-8679-4532-8938-261c486f903a req-25477889-8679-4532-8938-261c486f903a ] Request (ListImagesTestJSON:test_list_images): 200 GET http://10.180.1.21/compute/v2.1/images 1.553s
2024-10-25 05:14:29.908 62157 INFO tempest.lib.common.rest_client [req-dfa7349d-bb75-4382-884a-a5fda9d3a5c3 req-dfa7349d-bb75-4382-884a-a5fda9d3a5c3 ] Request (ServerDiagnosticsTest:setUpClass): 204 PUT http://10.180.1.21/identity/v3/projects/c4147df3c2e946ed9f1908695968b809/users/5944fa6762254381aae7cae18d0d075e/roles/3c07f98560e14fa5a94aa617581f382d 0.046s
2024-10-25 05:14:29.908 62157 INFO tempest.lib.common.dynamic_creds [-] Dynamic test user 5944fa6762254381aae7cae18d0d075e is created with scope project and roles: ['member']
2024-10-25 05:14:29.909 62157 INFO tempest.lib.common.dynamic_creds [-] Acquired dynamic creds: credentials: Credentials: {'domain_id': 'default', 'domain_name': 'Default', 'username': 'tempest-ServerDiagnosticsTest-513152053-project-member', 'project_domain_id': 'default', 'project_domain_name': 'Default', 'project_id': 'c4147df3c2e946ed9f1908695968b809', 'project_name': 'tempest-ServerDiagnosticsTest-513152053', 'tenant_id': 'c4147df3c2e946ed9f1908695968b809', 'tenant_name': 'tempest-ServerDiagnosticsTest-513152053', 'user_domain_id': 'default', 'user_domain_name': 'Default', 'user_id': '5944fa6762254381aae7cae18d0d075e', 'system': None}, Network: None, Subnet: None, Router: None
2024-10-25 05:14:29.909 62157 INFO tempest.lib.common.dynamic_creds [-] Created isolated network resources for: credentials: Credentials: {'domain_id': 'default', 'domain_name': 'Default', 'username': 'tempest-ServerDiagnosticsTest-513152053-project-member', 'project_domain_id': 'default', 'project_domain_name': 'Default', 'project_id': 'c4147df3c2e946ed9f1908695968b809', 'project_name': 'tempest-ServerDiagnosticsTest-513152053', 'tenant_id': 'c4147df3c2e946ed9f1908695968b809', 'tenant_name': 'tempest-ServerDiagnosticsTest-513152053', 'user_domain_id': 'default', 'user_domain_name': 'Default', 'user_id': '5944fa6762254381aae7cae18d0d075e', 'system': None}, Network: None, Subnet: None, Router: None
2024-10-25 05:14:29.979 62194 INFO tempest.lib.common.rest_client [req-8ef10a53-5ae0-4ba1-9465-51f9061f8597 req-8ef10a53-5ae0-4ba1-9465-51f9061f8597 ] Request (ServersAdminNegativeTestJSON:setUpClass): 200 GET http://10.180.1.21/compute/v2.1/servers/056d4c90-e763-4488-a349-1adaddfc9e95 1.476s
2024-10-25 05:14:29.995 62157 INFO tempest.lib.common.rest_client [req-45d15872-aef2-48f7-a315-e98b61a94161 req-45d15872-aef2-48f7-a315-e98b61a94161 ] Request (ServerDiagnosticsTest:setUpClass): 201 POST http://10.180.1.21/identity/v3/auth/tokens 0.083s
2024-10-25 05:14:30.006 62189 INFO tempest.lib.common.rest_client [req-a80ce8e3-66c3-42a5-8a18-eb5063443539 req-a80ce8e3-66c3-42a5-8a18-eb5063443539 ] Request (ImagesMetadataTestJSON:setUp): 200 PUT http://10.180.1.21/compute/v2.1/images/c8c31a18-6e79-4dfd-8feb-b20fc25e9f82/metadata 1.729s
2024-10-25 05:14:30.074 62157 INFO tempest.lib.common.rest_client [req-f983d46f-61d2-45bc-abff-4aef0eaa7d69 req-f983d46f-61d2-45bc-abff-4aef0eaa7d69 ] Request (ServerDiagnosticsTest:setUpClass): 201 POST http://10.180.1.21/identity/v3/projects 0.079s
2024-10-25 05:14:30.158 62157 INFO tempest.lib.common.rest_client [req-f2306bd0-825b-46b2-a953-04516781e0d2 req-f2306bd0-825b-46b2-a953-04516781e0d2 ] Request (ServerDiagnosticsTest:setUpClass): 201 POST http://10.180.1.21/identity/v3/users 0.083s
2024-10-25 05:14:30.178 62157 INFO tempest.lib.common.rest_client [req-cbede207-5754-40ae-a0ec-5cc0a05a85fb req-cbede207-5754-40ae-a0ec-5cc0a05a85fb ] Request (ServerDiagnosticsTest:setUpClass): 200 GET http://10.180.1.21/identity/v3/roles 0.019s
2024-10-25 05:14:30.209 62157 INFO tempest.lib.common.rest_client [req-00ac919f-a931-43db-8a13-7323ab72d40a req-00ac919f-a931-43db-8a13-7323ab72d40a ] Request (ServerDiagnosticsTest:setUpClass): 204 PUT http://10.180.1.21/identity/v3/projects/a555f55970a341f19b9e4633d6618b2a/users/5ffa3f2eb4e2451a8adbad160a8cff22/roles/5802b738ec604736841e9da223837c2f 0.030s
2024-10-25 05:14:30.257 62157 INFO tempest.lib.common.rest_client [req-a7254bc4-0b84-4ff7-99c3-ff962a7bba6c req-a7254bc4-0b84-4ff7-99c3-ff962a7bba6c ] Request (ServerDiagnosticsTest:setUpClass): 200 GET http://10.180.1.21/identity/v3/roles 0.048s
2024-10-25 05:14:30.284 62157 INFO tempest.lib.common.rest_client [req-9cd518c9-24b9-4302-a09b-b8c19e44c141 req-9cd518c9-24b9-4302-a09b-b8c19e44c141 ] Request (ServerDiagnosticsTest:setUpClass): 204 PUT http://10.180.1.21/identity/v3/projects/a555f55970a341f19b9e4633d6618b2a/users/5ffa3f2eb4e2451a8adbad160a8cff22/roles/5802b738ec604736841e9da223837c2f 0.027s
2024-10-25 05:14:30.285 62157 INFO tempest.lib.common.dynamic_creds [-] Dynamic test user 5ffa3f2eb4e2451a8adbad160a8cff22 is created with scope project and roles: ['admin']
2024-10-25 05:14:30.285 62157 INFO tempest.lib.common.dynamic_creds [-] Acquired dynamic creds: credentials: Credentials: {'domain_id': 'default', 'domain_name': 'Default', 'username': 'tempest-ServerDiagnosticsTest-1115823516-project-admin', 'project_domain_id': 'default', 'project_domain_name': 'Default', 'project_id': 'a555f55970a341f19b9e4633d6618b2a', 'project_name': 'tempest-ServerDiagnosticsTest-1115823516', 'tenant_id': 'a555f55970a341f19b9e4633d6618b2a', 'tenant_name': 'tempest-ServerDiagnosticsTest-1115823516', 'user_domain_id': 'default', 'user_domain_name': 'Default', 'user_id': '5ffa3f2eb4e2451a8adbad160a8cff22', 'system': None}, Network: None, Subnet: None, Router: None
2024-10-25 05:14:30.285 62157 INFO tempest.lib.common.dynamic_creds [-] Created isolated network resources for: credentials: Credentials: {'domain_id': 'default', 'domain_name': 'Default', 'username': 'tempest-ServerDiagnosticsTest-1115823516-project-admin', 'project_domain_id': 'default', 'project_domain_name': 'Default', 'project_id': 'a555f55970a341f19b9e4633d6618b2a', 'project_name': 'tempest-ServerDiagnosticsTest-1115823516', 'tenant_id': 'a555f55970a341f19b9e4633d6618b2a', 'tenant_name': 'tempest-ServerDiagnosticsTest-1115823516', 'user_domain_id': 'default', 'user_domain_name': 'Default', 'user_id': '5ffa3f2eb4e2451a8adbad160a8cff22', 'system': None}, Network: None, Subnet: None, Router: None
2024-10-25 05:14:30.375 62157 INFO tempest.lib.common.rest_client [req-b7bf266b-df93-499a-bf28-6795e299e8d2 req-b7bf266b-df93-499a-bf28-6795e299e8d2 ] Request (ServerDiagnosticsTest:setUpClass): 201 POST http://10.180.1.21/identity/v3/auth/tokens 0.087s
2024-10-25 05:14:30.424 62191 INFO tempest.lib.common.rest_client [req-d1b7c6da-a87c-480d-8022-c2a1975db866 req-d1b7c6da-a87c-480d-8022-c2a1975db866 ] Request (SecurityGroupRulesTestJSON:tearDownClass): 200 PUT http://10.180.1.21:9696/networking/v2.0/routers/33f603a0-f75a-4e53-8cf4-4c4ef7c3c099/remove_router_interface 1.705s
2024-10-25 05:14:30.446 62157 INFO tempest.lib.common.rest_client [req-a0a2fbc8-ee9a-4cfd-9100-daff095b6ae5 req-a0a2fbc8-ee9a-4cfd-9100-daff095b6ae5 ] Request (ServerDiagnosticsTest:test_get_server_diagnostics): 201 POST http://10.180.1.21/identity/v3/auth/tokens 0.066s
2024-10-25 05:14:30.446 62157 INFO tempest.lib.common.fixed_network [-] (ServerDiagnosticsTest:test_get_server_diagnostics) Found network None available for tenant
2024-10-25 05:14:30.594 62163 INFO tempest.lib.common.rest_client [req-fc7910dc-8ebd-4b11-bf15-14705d2547b6 req-fc7910dc-8ebd-4b11-bf15-14705d2547b6 ] Request (FloatingIPDetailsTestJSON:test_get_floating_ip_details): 200 POST http://10.180.1.21/compute/v2.1/os-floating-ips 2.038s
2024-10-25 05:14:30.619 62173 INFO tempest.lib.common.rest_client [req-1603e8df-c68f-4a14-8559-de199686fed5 req-1603e8df-c68f-4a14-8559-de199686fed5 ] Request (VolumesAdminNegativeTest:test_update_attached_volume_with_nonexistent_volume_in_body): 202 POST http://10.180.1.21/compute/v2.1/servers 2.087s
2024-10-25 05:14:30.668 62198 INFO tempest.lib.common.rest_client [req-db0326e3-226a-48f5-b9a5-2b0d3fded08f req-db0326e3-226a-48f5-b9a5-2b0d3fded08f ] Request (ServersTestJSON:test_create_server_specify_multibyte_character_name): 200 GET http://10.180.1.21/compute/v2.1/servers/56997e40-ec60-422d-b58c-8a628d37b1bc 2.103s
2024-10-25 05:14:30.717 62185 INFO tempest.lib.common.rest_client [req-9e52a601-190e-4b2e-9485-10504fa9c9ea req-9e52a601-190e-4b2e-9485-10504fa9c9ea ] Request (ImagesOneServerTestJSON:setUpClass): 200 GET http://10.180.1.21/compute/v2.1/servers/014849e7-a41c-432e-81ae-03725825166e 1.666s
2024-10-25 05:14:30.724 62185 INFO tempest.common.waiters [-] State transition "BUILD/spawning" ==> "ERROR/None" after 37 second wait
2024-10-25 05:14:30.749 62147 INFO tempest.lib.common.rest_client [req-aa83e334-bc59-46ee-8f40-9277dda9b842 req-aa83e334-bc59-46ee-8f40-9277dda9b842 ] Request (ServersTestMultiNic:test_verify_duplicate_network_nics): 200 GET http://10.180.1.21/compute/v2.1/servers/b92a6db6-c51a-45c8-9792-d394027bcb7c 1.600s
2024-10-25 05:14:30.798 62195 INFO tempest.lib.common.rest_client [req-ceb48bdc-a317-4b66-9576-06b6ad0e6111 req-ceb48bdc-a317-4b66-9576-06b6ad0e6111 ] Request (ServerRescueTestJSONUnderV235:setUpClass): 200 GET http://10.180.1.21/compute/v2.1/servers/d3ec2174-203c-43c6-9ecc-0a0d42fc35df 1.562s
2024-10-25 05:14:30.877 62171 INFO tempest.lib.common.rest_client [req-0e48c08d-e377-4e38-8a45-72d2557105b6 req-0e48c08d-e377-4e38-8a45-72d2557105b6 ] Request (ServersAdminTestJSON:setUpClass): 200 GET http://10.180.1.21/compute/v2.1/servers/6b3d7973-c1bf-41bc-9f03-0dd3371bb71e 1.452s
2024-10-25 05:14:30.946 62149 INFO tempest.lib.common.rest_client [req-b2f718ac-0329-4c0c-aa53-5d02a07ac438 req-b2f718ac-0329-4c0c-aa53-5d02a07ac438 ] Request (ServerDiagnosticsV248Test:test_get_server_diagnostics): 200 GET http://10.180.1.21/compute/v2.1/servers/2a8bcc04-5519-4890-839b-64dcf422526d 1.437s
2024-10-25 05:14:30.959 62181 INFO tempest.lib.common.rest_client [req-fe99fc0a-fd60-4895-8247-9aef2c8aedcb req-fe99fc0a-fd60-4895-8247-9aef2c8aedcb ] Request (MigrationsAdminTest:test_resize_server_revert_deleted_flavor): 200 GET http://10.180.1.21/compute/v2.1/flavors/42 1.354s
2024-10-25 05:14:30.962 62191 INFO tempest.lib.common.rest_client [req-fc4a0d1f-1891-42b5-bf9a-bdb3cd1cbc73 req-fc4a0d1f-1891-42b5-bf9a-bdb3cd1cbc73 ] Request (SecurityGroupRulesTestJSON:tearDownClass): 204 DELETE http://10.180.1.21:9696/networking/v2.0/routers/33f603a0-f75a-4e53-8cf4-4c4ef7c3c099 0.537s
2024-10-25 05:14:31.018 62179 INFO tempest.lib.common.rest_client [req-2dd01bab-81af-4b94-a2cd-35b3a450becb req-2dd01bab-81af-4b94-a2cd-35b3a450becb ] Request (ServerTagsTestJSON:setUpClass): 200 GET http://10.180.1.21/compute/v2.1/servers/79c34bad-f29b-4d5e-97d5-6bfd6be55b31 1.388s
2024-10-25 05:14:31.072 62141 INFO tempest.lib.common.rest_client [req-870f3be5-4775-40ae-b21e-ffac505a1171 req-870f3be5-4775-40ae-b21e-ffac505a1171 ] Request (ListImageFiltersTestJSON:setUpClass): 200 GET http://10.180.1.21/compute/v2.1/servers/70c8f43f-28f0-4097-a8cb-37f6654ec014 1.376s
2024-10-25 05:14:31.085 62191 INFO tempest.lib.common.rest_client [req-c3d75111-19e5-49af-ab37-a37f501d674e req-c3d75111-19e5-49af-ab37-a37f501d674e ] Request (SecurityGroupRulesTestJSON:tearDownClass): 204 DELETE http://10.180.1.21:9696/networking/v2.0/subnets/655000c5-dc0f-417a-88db-c92fe9d88bde 0.122s
2024-10-25 05:14:31.140 62159 INFO tempest.lib.common.rest_client [req-d5e31e3c-4152-4d10-bead-5eeadbb720f5 req-d5e31e3c-4152-4d10-bead-5eeadbb720f5 ] Request (ServersTestManualDisk:setUpClass): 200 GET http://10.180.1.21/compute/v2.1/servers/708b8fc5-a919-449a-a8bb-0c0d3a40b952 1.373s
2024-10-25 05:14:31.205 62155 INFO tempest.lib.common.rest_client [req-5384e39a-4d41-4213-8d8c-1400e8066e55 req-5384e39a-4d41-4213-8d8c-1400e8066e55 ] Request (ServerGroupTestJSON:test_create_server_with_scheduler_hint_group): 200 GET http://10.180.1.21/compute/v2.1/servers/426a5334-83fb-4c2a-85ac-42a8dddd775b 1.407s
2024-10-25 05:14:31.329 62143 INFO tempest.lib.common.rest_client [req-2cf3d403-c57c-4fc7-a554-d48926824cfc req-2cf3d403-c57c-4fc7-a554-d48926824cfc ] Request (FloatingIPsTestJSON:test_delete_floating_ip): 200 POST http://10.180.1.21/compute/v2.1/os-floating-ips 1.935s
2024-10-25 05:14:31.374 62199 INFO tempest.lib.common.rest_client [req-42d69789-2a37-41e7-815e-151e1e36f2ff req-42d69789-2a37-41e7-815e-151e1e36f2ff ] Request (SecurityGroupsNegativeTestJSON:test_delete_nonexistent_security_group): 404 DELETE http://10.180.1.21/compute/v2.1/os-security-groups/3204ee84-ffb7-4e42-bd7d-4c8bc97fb7bf 1.557s
2024-10-25 05:14:31.391 62177 INFO tempest.lib.common.rest_client [req-e82af14d-01c2-4d3d-93cc-7a0f1e3d9436 req-e82af14d-01c2-4d3d-93cc-7a0f1e3d9436 ] Request (ServersV294TestFqdnHostnames:setUpClass): 200 GET http://10.180.1.21/compute/v2.1/servers/949307dd-f8c4-4a79-ad82-99d416d06332 1.558s
2024-10-25 05:14:31.441 62165 INFO tempest.lib.common.rest_client [req-21f9e371-6be1-48cb-aa44-e869c75fae3d req-21f9e371-6be1-48cb-aa44-e869c75fae3d ] Request (AttachInterfacesV270Test:test_create_get_list_interfaces): 200 GET http://10.180.1.21/compute/v2.1/servers/105aed8e-4268-4553-9564-1540cb5176dc 1.602s
2024-10-25 05:14:31.450 62183 INFO tempest.lib.common.rest_client [req-5c1fd374-4a5f-45fc-ae54-2b30a657020a req-5c1fd374-4a5f-45fc-ae54-2b30a657020a ] Request (ImagesOneServerNegativeTestJSON:setUpClass): 200 GET http://10.180.1.21/compute/v2.1/servers/88c496a6-8007-4111-8ac1-6e0f8680ef24 1.566s
2024-10-25 05:14:31.459 62191 INFO tempest.lib.common.rest_client [req-42bb4207-cfed-4d64-ac7b-c94ed4702725 req-42bb4207-cfed-4d64-ac7b-c94ed4702725 ] Request (SecurityGroupRulesTestJSON:tearDownClass): 204 DELETE http://10.180.1.21:9696/networking/v2.0/networks/a289164d-24ee-41a0-8fc9-4e6b19e03862 0.374s
2024-10-25 05:14:31.501 62153 INFO tempest.lib.common.rest_client [req-34cb3b04-c34e-4552-b614-a7cbcc2c1c2a req-34cb3b04-c34e-4552-b614-a7cbcc2c1c2a ] Request (ListImagesTestJSON:test_list_images_with_detail): 200 GET http://10.180.1.21/compute/v2.1/images/detail 1.590s
2024-10-25 05:14:31.512 62175 INFO tempest.lib.common.rest_client [req-1cd043bd-ccbf-4547-9eae-3130dcd07c19 req-1cd043bd-ccbf-4547-9eae-3130dcd07c19 ] Request (ServersTestBootFromVolume:setUpClass): 200 GET http://10.180.1.21/compute/v2.1/servers/362c9148-9f78-4700-9c6f-7fd0eaef4bd7 1.574s
2024-10-25 05:14:31.569 62187 INFO tempest.lib.common.rest_client [req-fa463fe4-336d-4ab4-a6d3-26dbf0da253a req-fa463fe4-336d-4ab4-a6d3-26dbf0da253a ] Request (VolumesAssistedSnapshotsTest:test_volume_assisted_snapshot_create_delete): 200 GET http://10.180.1.21/compute/v2.1/servers/46ce0987-e757-4ec7-9f85-bd84e50f2324 1.575s
2024-10-25 05:14:31.589 62153 INFO tempest.lib.common.rest_client [req-4eb4f2a7-faaa-4a11-a661-2f39d338d071 req-4eb4f2a7-faaa-4a11-a661-2f39d338d071 ] Request (ListImagesTestJSON:tearDownClass): 204 DELETE http://10.180.1.21/identity/v3/users/5fac2f745609404d85f5ac3e3f532544 0.069s
2024-10-25 05:14:31.589 62153 INFO tempest.lib.common.dynamic_creds [-] Deleting project and security group for project: fb92dabd0796427bb6cd3d7a6ca938ee
