2024-10-25 05:13:49.798 62191 INFO tempest.lib.common.dynamic_creds [-] Acquired dynamic creds: credentials: Credentials: {'domain_id': 'default', 'domain_name': 'Default', 'username': 'tempest-ListImageFiltersNegativeTestJSON-624789852-project-member', 'project_domain_id': 'default', 'project_domain_name': 'Default', 'project_id': '14770abf13dd4022ad6fb4b87a6fcd49', 'project_name': 'tempest-ListImageFiltersNegativeTestJSON-624789852', 'tenant_id': '14770abf13dd4022ad6fb4b87a6fcd49', 'tenant_name': 'tempest-ListImageFiltersNegativeTestJSON-624789852', 'user_domain_id': 'default', 'user_domain_name': 'Default', 'user_id': 'b6d9c974cfa044dca0e01062cdbcfbf9', 'system': None}, Network: None, Subnet: None, Router: None
2024-10-25 05:13:49.798 62191 INFO tempest.lib.common.dynamic_creds [-] Created isolated network resources for: credentials: Credentials: {'domain_id': 'default', 'domain_name': 'Default', 'username': 'tempest-ListImageFiltersNegativeTestJSON-624789852-project-member', 'project_domain_id': 'default', 'project_domain_name': 'Default', 'project_id': '14770abf13dd4022ad6fb4b87a6fcd49', 'project_name': 'tempest-ListImageFiltersNegativeTestJSON-624789852', 'tenant_id': '14770abf13dd4022ad6fb4b87a6fcd49', 'tenant_name': 'tempest-ListImageFiltersNegativeTestJSON-624789852', 'user_domain_id': 'default', 'user_domain_name': 'Default', 'user_id': 'b6d9c974cfa044dca0e01062cdbcfbf9', 'system': None}, Network: None, Subnet: None, Router: None
2024-10-25 05:13:49.840 62165 INFO tempest.lib.common.rest_client [req-c8e7aa56-b672-4614-867c-25a0e5f6007d req-c8e7aa56-b672-4614-867c-25a0e5f6007d ] Request (QuotasAdminTestV236:setUpClass): 200 GET http://10.180.1.21/identity/v3/roles 0.051s
2024-10-25 05:13:49.893 62191 INFO tempest.lib.common.rest_client [req-27e261e3-1f2d-4c6e-9551-e788dece17ac req-27e261e3-1f2d-4c6e-9551-e788dece17ac ] Request (ListImageFiltersNegativeTestJSON:setUpClass): 201 POST http://10.180.1.21/identity/v3/auth/tokens 0.086s
2024-10-25 05:13:49.895 62194 INFO tempest.lib.common.rest_client [req-ae85923a-4bf6-4c67-9482-0b52664d8650 req-ae85923a-4bf6-4c67-9482-0b52664d8650 ] Request (HypervisorAdminNegativeTestJSON:tearDownClass): 200 GET http://10.180.1.21:9696/networking/v2.0/security-groups?tenant_id=97970807826343b582b88255b95396a2&name=default 0.823s
2024-10-25 05:13:49.912 62187 INFO tempest.lib.common.rest_client [req-4ba58711-58bf-48ef-8fb5-f9488b79d4ee req-4ba58711-58bf-48ef-8fb5-f9488b79d4ee ] Request (VolumesAssistedSnapshotsTest:setUpClass): 201 POST http://10.180.1.21/identity/v3/auth/tokens 0.087s
2024-10-25 05:13:49.924 62165 INFO tempest.lib.common.rest_client [req-42f2a28d-fa9e-49ca-92c2-c24503314512 req-42f2a28d-fa9e-49ca-92c2-c24503314512 ] Request (QuotasAdminTestV236:setUpClass): 204 PUT http://10.180.1.21/identity/v3/projects/08d46da1b40d4af29884871baf80e51e/users/29fe50244a2c4a76bf313506d6a50cdd/roles/3c07f98560e14fa5a94aa617581f382d 0.083s
2024-10-25 05:13:49.924 62165 INFO tempest.lib.common.dynamic_creds [-] Dynamic test user 29fe50244a2c4a76bf313506d6a50cdd is created with scope project and roles: ['member']
2024-10-25 05:13:49.924 62165 INFO tempest.lib.common.dynamic_creds [-] Acquired dynamic creds: credentials: Credentials: {'domain_id': 'default', 'domain_name': 'Default', 'username': 'tempest-QuotasAdminTestV236-816952563-project-member', 'project_domain_id': 'default', 'project_domain_name': 'Default', 'project_id': '08d46da1b40d4af29884871baf80e51e', 'project_name': 'tempest-QuotasAdminTestV236-816952563', 'tenant_id': '08d46da1b40d4af29884871baf80e51e', 'tenant_name': 'tempest-QuotasAdminTestV236-816952563', 'user_domain_id': 'default', 'user_domain_name': 'Default', 'user_id': '29fe50244a2c4a76bf313506d6a50cdd', 'system': None}, Network: None, Subnet: None, Router: None
2024-10-25 05:13:49.924 62165 INFO tempest.lib.common.dynamic_creds [-] Created isolated network resources for: credentials: Credentials: {'domain_id': 'default', 'domain_name': 'Default', 'username': 'tempest-QuotasAdminTestV236-816952563-project-member', 'project_domain_id': 'default', 'project_domain_name': 'Default', 'project_id': '08d46da1b40d4af29884871baf80e51e', 'project_name': 'tempest-QuotasAdminTestV236-816952563', 'tenant_id': '08d46da1b40d4af29884871baf80e51e', 'tenant_name': 'tempest-QuotasAdminTestV236-816952563', 'user_domain_id': 'default', 'user_domain_name': 'Default', 'user_id': '29fe50244a2c4a76bf313506d6a50cdd', 'system': None}, Network: None, Subnet: None, Router: None
2024-10-25 05:13:50.013 62165 INFO tempest.lib.common.rest_client [req-eca81566-9983-4dda-81f4-ef4df51aa2a2 req-eca81566-9983-4dda-81f4-ef4df51aa2a2 ] Request (QuotasAdminTestV236:setUpClass): 201 POST http://10.180.1.21/identity/v3/auth/tokens 0.083s
2024-10-25 05:13:50.096 62165 INFO tempest.lib.common.rest_client [req-e0198575-279c-4fc5-90d1-91e67eebd80c req-e0198575-279c-4fc5-90d1-91e67eebd80c ] Request (QuotasAdminTestV236:setUpClass): 201 POST http://10.180.1.21/identity/v3/projects 0.083s
2024-10-25 05:13:50.100 62163 INFO tempest.lib.common.rest_client [req-950948cd-f97e-4649-9288-eb6ab9d6dbba req-950948cd-f97e-4649-9288-eb6ab9d6dbba ] Request (SecurityGroupsTestAdminJSON:test_list_security_groups_list_all_tenants_filter): 200 GET http://10.180.1.21/compute/v2.1/os-security-groups?all_tenants=true 2.100s
2024-10-25 05:13:50.126 62198 INFO tempest.lib.common.rest_client [req-3e5c844e-e1f3-4d34-958f-6aae6e4073f6 req-3e5c844e-e1f3-4d34-958f-6aae6e4073f6 ] Request (ImagesMetadataNegativeTestJSON:test_get_nonexistent_image_metadata_item): 404 GET http://10.180.1.21/compute/v2.1/images/d7d1d8e4-1ee3-4c6d-bc14-ff487086404e/metadata/os_version 1.992s
2024-10-25 05:13:50.125 62155 INFO tempest.lib.common.rest_client [req-ecb41c7c-75a9-41be-9686-cb6f514c2d9d req-ecb41c7c-75a9-41be-9686-cb6f514c2d9d ] Request (ServerGroupTestJSON:setUpClass): 201 POST http://10.180.1.21:9696/networking/v2.0/subnets 0.959s
2024-10-25 05:13:50.180 62165 INFO tempest.lib.common.rest_client [req-4bd9bb36-8e9c-48a1-a6e9-3e3c17cbfd89 req-4bd9bb36-8e9c-48a1-a6e9-3e3c17cbfd89 ] Request (QuotasAdminTestV236:setUpClass): 201 POST http://10.180.1.21/identity/v3/users 0.083s
2024-10-25 05:13:50.201 62165 INFO tempest.lib.common.rest_client [req-0b34ff6e-f8f7-4d56-b3a3-644e2c70dd37 req-0b34ff6e-f8f7-4d56-b3a3-644e2c70dd37 ] Request (QuotasAdminTestV236:setUpClass): 200 GET http://10.180.1.21/identity/v3/roles 0.021s
2024-10-25 05:13:50.211 62175 INFO tempest.lib.common.rest_client [req-cba8a2b1-8730-40ee-be82-b53c86cb4257 req-cba8a2b1-8730-40ee-be82-b53c86cb4257 ] Request (ServicesAdminNegativeV253TestJSON:tearDownClass): 200 GET http://10.180.1.21:9696/networking/v2.0/security-groups?tenant_id=fe2c607080b94fa0a3694c0979e0e520&name=default 0.634s
2024-10-25 05:13:50.219 62171 INFO tempest.lib.common.rest_client [req-51414da1-1959-4e23-8c22-9a29da15a7c8 req-51414da1-1959-4e23-8c22-9a29da15a7c8 ] Request (ServersAdminTestJSON:setUpClass): 200 PUT http://10.180.1.21:9696/networking/v2.0/routers/87c3b4a0-183e-4435-b5c4-c56a90b5e4c5/add_router_interface 5.011s
2024-10-25 05:13:50.219 62171 INFO tempest.lib.common.dynamic_creds [-] Created isolated network resources for: credentials: Credentials: {'domain_id': 'default', 'domain_name': 'Default', 'username': 'tempest-ServersAdminTestJSON-153392001-project-member', 'project_domain_id': 'default', 'project_domain_name': 'Default', 'project_id': '427f61a90d444368978531f62cae9e05', 'project_name': 'tempest-ServersAdminTestJSON-153392001', 'tenant_id': '427f61a90d444368978531f62cae9e05', 'tenant_name': 'tempest-ServersAdminTestJSON-153392001', 'user_domain_id': 'default', 'user_domain_name': 'Default', 'user_id': '6f5d62c68637455498751b44cd324829', 'system': None}, Network: {'id': '36476019-a870-4fb8-9268-1b6dc401eedd', 'name': 'tempest-ServersAdminTestJSON-2086560290-network', 'tenant_id': '427f61a90d444368978531f62cae9e05', 'admin_state_up': True, 'mtu': 8950, 'status': 'ACTIVE', 'subnets': [], 'shared': False, 'project_id': '427f61a90d444368978531f62cae9e05', 'port_security_enabled': True, 'router:external': False, 'provider:network_type': 'vlan', 'provider:physical_network': 'default', 'provider:segmentation_id': 253, 'is_default': False, 'availability_zone_hints': [], 'availability_zones': [], 'ipv4_address_scope': None, 'ipv6_address_scope': None, 'description': '', 'tags': [], 'created_at': '2024-10-25T05:13:42Z', 'updated_at': '2024-10-25T05:13:42Z', 'revision_number': 1}, Subnet: {'id': 'fb0f8fdd-66ec-4a5d-9de4-9c5ccc06c3c0', 'name': 'tempest-ServersAdminTestJSON-2086560290-subnet', 'tenant_id': '427f61a90d444368978531f62cae9e05', 'network_id': '36476019-a870-4fb8-9268-1b6dc401eedd', 'ip_version': 4, 'subnetpool_id': None, 'enable_dhcp': True, 'ipv6_ra_mode': None, 'ipv6_address_mode': None, 'gateway_ip': '192.168.128.1', 'cidr': '192.168.128.0/28', 'allocation_pools': [{'start': '192.168.128.2', 'end': '192.168.128.14'}], 'host_routes': [], 'dns_nameservers': [], 'description': '', 'router:external': False, 'service_types': [], 'tags': [], 'created_at': '2024-10-25T05:13:42Z', 'updated_at': '2024-10-25T05:13:42Z', 'revision_number': 0, 'project_id': '427f61a90d444368978531f62cae9e05'}, Router: {'id': '87c3b4a0-183e-4435-b5c4-c56a90b5e4c5', 'name': 'tempest-ServersAdminTestJSON-2086560290-router', 'tenant_id': '427f61a90d444368978531f62cae9e05', 'admin_state_up': True, 'status': 'ACTIVE', 'external_gateway_info': {'network_id': 'ce0f9030-b27a-4b77-a36f-c7bf9d974a3e', 'external_fixed_ips': [{'subnet_id': '1165243d-65e8-4d55-b1bb-daf5af0fab6b', 'ip_address': '10.180.180.153'}], 'enable_snat': True}, 'description': '', 'availability_zones': [], 'distributed': False, 'ha': False, 'availability_zone_hints': [], 'routes': [], 'flavor_id': None, 'tags': [], 'created_at': '2024-10-25T05:13:43Z', 'updated_at': '2024-10-25T05:13:43Z', 'revision_number': 2, 'project_id': '427f61a90d444368978531f62cae9e05'}
2024-10-25 05:13:50.246 62165 INFO tempest.lib.common.rest_client [req-79d3db5a-6aa2-4845-919a-a35785a13de0 req-79d3db5a-6aa2-4845-919a-a35785a13de0 ] Request (QuotasAdminTestV236:setUpClass): 204 PUT http://10.180.1.21/identity/v3/projects/94b460e4b73e4d5c857cd162bf41fbc3/users/71cd72b55a4446eaa9b01b65b9ad283c/roles/5802b738ec604736841e9da223837c2f 0.043s
2024-10-25 05:13:50.315 62171 INFO tempest.lib.common.rest_client [req-05ddda01-2650-44b1-b0cd-1c9af98301b0 req-05ddda01-2650-44b1-b0cd-1c9af98301b0 ] Request (ServersAdminTestJSON:setUpClass): 201 POST http://10.180.1.21/identity/v3/auth/tokens 0.092s
2024-10-25 05:13:50.320 62165 INFO tempest.lib.common.rest_client [req-31b6b95c-ae52-46bd-a151-6b9c7b747937 req-31b6b95c-ae52-46bd-a151-6b9c7b747937 ] Request (QuotasAdminTestV236:setUpClass): 200 GET http://10.180.1.21/identity/v3/roles 0.074s
2024-10-25 05:13:50.360 62171 INFO tempest.lib.common.rest_client [req-8ff78948-c180-464c-8269-ca5eaa8db039 req-8ff78948-c180-464c-8269-ca5eaa8db039 ] Request (ServersAdminTestJSON:setUpClass): 201 POST http://10.180.1.21/identity/v3/projects 0.044s
2024-10-25 05:13:50.388 62183 INFO tempest.lib.common.rest_client [req-7c75cdc1-798c-4009-b99e-bd474e8c7df1 req-7c75cdc1-798c-4009-b99e-bd474e8c7df1 ] Request (QuotasSecurityGroupAdminNegativeTest:tearDownClass): 204 DELETE http://10.180.1.21:9696/networking/v2.0/security-groups/c4c26ebd-5cea-4a0c-a963-56f2fd76ba2b 0.707s
2024-10-25 05:13:50.419 62165 INFO tempest.lib.common.rest_client [req-5f957ce9-9683-49d3-8a18-d19c82570537 req-5f957ce9-9683-49d3-8a18-d19c82570537 ] Request (QuotasAdminTestV236:setUpClass): 204 PUT http://10.180.1.21/identity/v3/projects/94b460e4b73e4d5c857cd162bf41fbc3/users/71cd72b55a4446eaa9b01b65b9ad283c/roles/5802b738ec604736841e9da223837c2f 0.098s
2024-10-25 05:13:50.419 62165 INFO tempest.lib.common.dynamic_creds [-] Dynamic test user 71cd72b55a4446eaa9b01b65b9ad283c is created with scope project and roles: ['admin']
2024-10-25 05:13:50.419 62165 INFO tempest.lib.common.dynamic_creds [-] Acquired dynamic creds: credentials: Credentials: {'domain_id': 'default', 'domain_name': 'Default', 'username': 'tempest-QuotasAdminTestV236-915080832-project-admin', 'project_domain_id': 'default', 'project_domain_name': 'Default', 'project_id': '94b460e4b73e4d5c857cd162bf41fbc3', 'project_name': 'tempest-QuotasAdminTestV236-915080832', 'tenant_id': '94b460e4b73e4d5c857cd162bf41fbc3', 'tenant_name': 'tempest-QuotasAdminTestV236-915080832', 'user_domain_id': 'default', 'user_domain_name': 'Default', 'user_id': '71cd72b55a4446eaa9b01b65b9ad283c', 'system': None}, Network: None, Subnet: None, Router: None
2024-10-25 05:13:50.419 62165 INFO tempest.lib.common.dynamic_creds [-] Created isolated network resources for: credentials: Credentials: {'domain_id': 'default', 'domain_name': 'Default', 'username': 'tempest-QuotasAdminTestV236-915080832-project-admin', 'project_domain_id': 'default', 'project_domain_name': 'Default', 'project_id': '94b460e4b73e4d5c857cd162bf41fbc3', 'project_name': 'tempest-QuotasAdminTestV236-915080832', 'tenant_id': '94b460e4b73e4d5c857cd162bf41fbc3', 'tenant_name': 'tempest-QuotasAdminTestV236-915080832', 'user_domain_id': 'default', 'user_domain_name': 'Default', 'user_id': '71cd72b55a4446eaa9b01b65b9ad283c', 'system': None}, Network: None, Subnet: None, Router: None
2024-10-25 05:13:50.461 62194 INFO tempest.lib.common.rest_client [req-12207a6d-9097-483d-b00b-886a68f72fd3 req-12207a6d-9097-483d-b00b-886a68f72fd3 ] Request (HypervisorAdminNegativeTestJSON:tearDownClass): 204 DELETE http://10.180.1.21:9696/networking/v2.0/security-groups/58c97422-0fec-4cc9-8e9f-c755664fca24 0.565s
2024-10-25 05:13:50.476 62171 INFO tempest.lib.common.rest_client [req-6a371021-6be2-4ab4-baf3-9eac695a7f51 req-6a371021-6be2-4ab4-baf3-9eac695a7f51 ] Request (ServersAdminTestJSON:setUpClass): 201 POST http://10.180.1.21/identity/v3/users 0.114s
2024-10-25 05:13:50.510 62187 INFO tempest.lib.common.rest_client [req-09ed5ae8-c3a4-48f8-8022-ea55b04bb821 req-09ed5ae8-c3a4-48f8-8022-ea55b04bb821 ] Request (VolumesAssistedSnapshotsTest:test_volume_assisted_snapshot_create_delete): 202 POST http://10.180.1.21/volume/v3/volumes 0.597s
2024-10-25 05:13:50.550 62165 INFO tempest.lib.common.rest_client [req-0531aec0-9828-400e-8c1e-ab481e1885c5 req-0531aec0-9828-400e-8c1e-ab481e1885c5 ] Request (QuotasAdminTestV236:setUpClass): 201 POST http://10.180.1.21/identity/v3/auth/tokens 0.127s
2024-10-25 05:13:50.551 62165 WARNING tempest.lib.common.rest_client [-] Deprecated: "tenant_id" property is deprecated for removal, use "project_id" instead
2024-10-25 05:13:50.561 62183 INFO tempest.lib.common.rest_client [req-e51a5a92-d8d7-4863-a6c8-3165bd453671 req-e51a5a92-d8d7-4863-a6c8-3165bd453671 ] Request (QuotasSecurityGroupAdminNegativeTest:tearDownClass): 204 DELETE http://10.180.1.21/identity/v3/projects/51dcd0bea12e41b8a87b93b07ca83005 0.173s
2024-10-25 05:13:50.602 62187 INFO tempest.lib.common.rest_client [req-6d107d3e-5e64-4b4c-a8a9-f23ea98525ba req-6d107d3e-5e64-4b4c-a8a9-f23ea98525ba ] Request (VolumesAssistedSnapshotsTest:test_volume_assisted_snapshot_create_delete): 200 GET http://10.180.1.21/volume/v3/volumes/3d832f24-f684-46ce-988b-b6b3c264582b 0.081s
2024-10-25 05:13:50.637 62171 INFO tempest.lib.common.rest_client [req-a32c57bf-2a3c-4a58-863b-5c695e2bd3c4 req-a32c57bf-2a3c-4a58-863b-5c695e2bd3c4 ] Request (ServersAdminTestJSON:setUpClass): 200 GET http://10.180.1.21/identity/v3/roles 0.161s
2024-10-25 05:13:50.664 62183 INFO tempest.lib.common.rest_client [req-0671dd5a-8c65-4f19-8eea-0cf9737d8075 req-0671dd5a-8c65-4f19-8eea-0cf9737d8075 ] Request (ImagesOneServerNegativeTestJSON:setUpClass): 201 POST http://10.180.1.21/identity/v3/auth/tokens 0.101s
2024-10-25 05:13:50.705 62194 INFO tempest.lib.common.rest_client [req-70ba5907-973a-4ae7-a0ad-d3f992211ad7 req-70ba5907-973a-4ae7-a0ad-d3f992211ad7 ] Request (HypervisorAdminNegativeTestJSON:tearDownClass): 204 DELETE http://10.180.1.21/identity/v3/projects/97970807826343b582b88255b95396a2 0.243s
2024-10-25 05:13:50.705 62194 INFO tempest.lib.common.dynamic_creds [-] Deleting project and security group for project: e3e6ea6362bf4a34b4e28cc8f37397d1
2024-10-25 05:13:50.731 62171 INFO tempest.lib.common.rest_client [req-5be162fd-17b2-476f-9970-6f1bcd063126 req-5be162fd-17b2-476f-9970-6f1bcd063126 ] Request (ServersAdminTestJSON:setUpClass): 204 PUT http://10.180.1.21/identity/v3/projects/af9da6f7b4774f509950582e7dd129ef/users/1115dfd2fdac4374a7da27900f31a544/roles/5802b738ec604736841e9da223837c2f 0.092s
2024-10-25 05:13:50.749 62175 INFO tempest.lib.common.rest_client [req-62fc4f7a-1c7e-4e01-b042-0fa51bac938b req-62fc4f7a-1c7e-4e01-b042-0fa51bac938b ] Request (ServicesAdminNegativeV253TestJSON:tearDownClass): 204 DELETE http://10.180.1.21:9696/networking/v2.0/security-groups/c5f8cd04-0a33-465a-851d-0df07cd6e3a7 0.538s
2024-10-25 05:13:50.821 62183 INFO tempest.lib.common.rest_client [req-d85c7f4c-35cf-4594-ad4c-7e3db76a2b67 req-d85c7f4c-35cf-4594-ad4c-7e3db76a2b67 ] Request (ImagesOneServerNegativeTestJSON:setUpClass): 201 POST http://10.180.1.21/identity/v3/auth/tokens 0.147s
2024-10-25 05:13:50.866 62171 INFO tempest.lib.common.rest_client [req-8f513513-76b6-427e-a314-b546b6879b5a req-8f513513-76b6-427e-a314-b546b6879b5a ] Request (ServersAdminTestJSON:setUpClass): 200 GET http://10.180.1.21/identity/v3/roles 0.135s
2024-10-25 05:13:50.933 62175 INFO tempest.lib.common.rest_client [req-55809f63-96c0-48d9-83f4-1e5ca0fa18f9 req-55809f63-96c0-48d9-83f4-1e5ca0fa18f9 ] Request (ServicesAdminNegativeV253TestJSON:tearDownClass): 204 DELETE http://10.180.1.21/identity/v3/projects/fe2c607080b94fa0a3694c0979e0e520 0.183s
2024-10-25 05:13:50.968 62185 INFO tempest.lib.common.rest_client [req-af6c9747-a8f1-4e9f-83c6-d7f5bae9d438 req-af6c9747-a8f1-4e9f-83c6-d7f5bae9d438 ] Request (ImagesOneServerTestJSON:setUpClass): 202 POST http://10.180.1.21/compute/v2.1/servers 3.157s
2024-10-25 05:13:50.983 62149 INFO tempest.lib.common.rest_client [req-85c946a2-004c-46b8-a08b-69a583d1f8f5 req-85c946a2-004c-46b8-a08b-69a583d1f8f5 ] Request (HostsAdminNegativeTestJSON:test_startup_nonexistent_host): 404 GET http://10.180.1.21/compute/v2.1/os-hosts/nonexistent_hostname/startup 2.330s
2024-10-25 05:13:51.012 62183 INFO tempest.lib.common.rest_client [req-b9008de8-ae43-4f91-a513-74a9d1d639e8 req-b9008de8-ae43-4f91-a513-74a9d1d639e8 ] Request (ImagesOneServerNegativeTestJSON:setUpClass): 200 GET http://10.180.1.21/identity/v3/domains?name=Default 0.190s
2024-10-25 05:13:51.019 62173 INFO tempest.lib.common.rest_client [req-df17daa9-0128-4770-acec-0174a87fff6a req-df17daa9-0128-4770-acec-0174a87fff6a ] Request (FlavorsExtraSpecsTestJSON:test_flavor_set_get_update_show_unset_keys): 200 DELETE http://10.180.1.21/compute/v2.1/flavors/721884792/os-extra_specs/hw:numa_nodes 2.341s
2024-10-25 05:13:51.028 62171 INFO tempest.lib.common.rest_client [req-ec7e5d17-5d0a-4a07-9574-36ff1334f658 req-ec7e5d17-5d0a-4a07-9574-36ff1334f658 ] Request (ServersAdminTestJSON:setUpClass): 204 PUT http://10.180.1.21/identity/v3/projects/af9da6f7b4774f509950582e7dd129ef/users/1115dfd2fdac4374a7da27900f31a544/roles/5802b738ec604736841e9da223837c2f 0.161s
2024-10-25 05:13:51.028 62171 INFO tempest.lib.common.dynamic_creds [-] Dynamic test user 1115dfd2fdac4374a7da27900f31a544 is created with scope project and roles: ['admin']
2024-10-25 05:13:51.028 62171 INFO tempest.lib.common.dynamic_creds [-] Acquired dynamic creds: credentials: Credentials: {'domain_id': 'default', 'domain_name': 'Default', 'username': 'tempest-ServersAdminTestJSON-631484006-project-admin', 'project_domain_id': 'default', 'project_domain_name': 'Default', 'project_id': 'af9da6f7b4774f509950582e7dd129ef', 'project_name': 'tempest-ServersAdminTestJSON-631484006', 'tenant_id': 'af9da6f7b4774f509950582e7dd129ef', 'tenant_name': 'tempest-ServersAdminTestJSON-631484006', 'user_domain_id': 'default', 'user_domain_name': 'Default', 'user_id': '1115dfd2fdac4374a7da27900f31a544', 'system': None}, Network: None, Subnet: None, Router: None
2024-10-25 05:13:51.066 62167 INFO tempest.lib.common.rest_client [req-04e2a488-447f-4732-8c41-3b0cb779aabd req-04e2a488-447f-4732-8c41-3b0cb779aabd ] Request (HostsAdminTestJSON:test_show_host_detail): 200 GET http://10.180.1.21/compute/v2.1/os-hosts/cpu-1 2.366s
2024-10-25 05:13:51.097 62189 INFO tempest.lib.common.rest_client [req-9295ff56-0dc7-44ec-bb2d-9eec001bcd16 req-9295ff56-0dc7-44ec-bb2d-9eec001bcd16 ] Request (AggregatesAdminNegativeTestJSON:test_aggregate_add_non_exist_host): 200 POST http://10.180.1.21/compute/v2.1/os-aggregates 2.172s
2024-10-25 05:13:51.110 62175 INFO tempest.lib.common.rest_client [req-0e5a575a-41b8-4dd1-8178-1b5e9009eb23 req-0e5a575a-41b8-4dd1-8178-1b5e9009eb23 ] Request (ServersTestBootFromVolume:setUpClass): 201 POST http://10.180.1.21/identity/v3/auth/tokens 0.174s
2024-10-25 05:13:51.149 62169 INFO tempest.lib.common.rest_client [req-dfbeb8c3-3f0c-4f62-b1a5-02f7e1e09ceb req-dfbeb8c3-3f0c-4f62-b1a5-02f7e1e09ceb ] Request (KeyPairsNegativeTestJSON:test_create_keypair_when_public_key_bits_exceeds_maximum): 400 POST http://10.180.1.21/compute/v2.1/os-keypairs 1.906s
2024-10-25 05:13:51.165 62183 INFO tempest.lib.common.rest_client [req-e731b2fc-adb8-4796-9002-2295cb7df9db req-e731b2fc-adb8-4796-9002-2295cb7df9db ] Request (ImagesOneServerNegativeTestJSON:setUpClass): 201 POST http://10.180.1.21/identity/v3/projects 0.152s
2024-10-25 05:13:51.169 62157 INFO tempest.lib.common.rest_client [req-fb135e88-ba1e-45c9-955c-59283129f3c0 req-fb135e88-ba1e-45c9-955c-59283129f3c0 ] Request (FlavorsAdminTestJSON:_run_cleanups): 200 GET http://10.180.1.21/compute/v2.1/flavors/detail 1.903s
2024-10-25 05:13:51.181 62194 INFO tempest.lib.common.rest_client [req-a8a3379d-6588-43b2-aa76-c17a5eb01fb3 req-a8a3379d-6588-43b2-aa76-c17a5eb01fb3 ] Request (HypervisorAdminNegativeTestJSON:tearDownClass): 200 GET http://10.180.1.21:9696/networking/v2.0/security-groups?tenant_id=e3e6ea6362bf4a34b4e28cc8f37397d1&name=default 0.476s
2024-10-25 05:13:51.195 62147 INFO tempest.lib.common.rest_client [req-d34c06f8-1bb4-4990-9cae-84222dc78c3d req-d34c06f8-1bb4-4990-9cae-84222dc78c3d ] Request (FlavorsAccessNegativeTestJSON:_run_cleanups): 202 DELETE http://10.180.1.21/compute/v2.1/flavors/174800958 1.915s
2024-10-25 05:13:51.223 62203 INFO tempest.lib.common.rest_client [req-75de295e-2e0f-4244-b307-dbb4b004cce5 req-75de295e-2e0f-4244-b307-dbb4b004cce5 ] Request (ValidationResourcesFixture:setUp): 200 POST http://10.180.1.21/compute/v2.1/os-keypairs 1.914s
2024-10-25 05:13:51.290 62167 INFO tempest.lib.common.rest_client [req-bd1df8b4-3bd5-4ed7-942b-087579b8aa13 req-bd1df8b4-3bd5-4ed7-942b-087579b8aa13 ] Request (HostsAdminTestJSON:tearDownClass): 204 DELETE http://10.180.1.21/identity/v3/users/f93a1c0c13cd4e04bd1588445c46e53e 0.222s
2024-10-25 05:13:51.300 62175 INFO tempest.lib.common.rest_client [req-4197b5c3-8dca-4081-9d39-56bc7ac92a3d req-4197b5c3-8dca-4081-9d39-56bc7ac92a3d ] Request (ServersTestBootFromVolume:setUpClass): 201 POST http://10.180.1.21/identity/v3/auth/tokens 0.186s
2024-10-25 05:13:51.349 62183 INFO tempest.lib.common.rest_client [req-8d35d9cd-9625-469e-b1d9-5c350fc110c1 req-8d35d9cd-9625-469e-b1d9-5c350fc110c1 ] Request (ImagesOneServerNegativeTestJSON:setUpClass): 201 POST http://10.180.1.21/identity/v3/users 0.183s
2024-10-25 05:13:51.451 62167 INFO tempest.lib.common.rest_client [req-9343dfda-61f7-4864-8069-b205594775ed req-9343dfda-61f7-4864-8069-b205594775ed ] Request (HostsAdminTestJSON:tearDownClass): 204 DELETE http://10.180.1.21/identity/v3/users/1308be70beea4c94b60ccb35460e01ee 0.160s
2024-10-25 05:13:51.451 62167 INFO tempest.lib.common.dynamic_creds [-] Deleting project and security group for project: f46f32d215e84f15bf4b46153825e886
2024-10-25 05:13:51.504 62183 INFO tempest.lib.common.rest_client [req-1e7cfc13-5808-4032-8f5e-e88ddcb0df9e req-1e7cfc13-5808-4032-8f5e-e88ddcb0df9e ] Request (ImagesOneServerNegativeTestJSON:setUpClass): 200 GET http://10.180.1.21/identity/v3/roles 0.153s
2024-10-25 05:13:51.533 62175 INFO tempest.lib.common.rest_client [req-71020947-445a-41e7-8358-d2c47019ef93 req-71020947-445a-41e7-8358-d2c47019ef93 ] Request (ServersTestBootFromVolume:setUpClass): 200 GET http://10.180.1.21/identity/v3/domains?name=Default 0.233s
2024-10-25 05:13:51.636 62167 INFO tempest.lib.common.rest_client [req-7989a2a3-213a-40f8-a4b8-37280ed4f651 req-7989a2a3-213a-40f8-a4b8-37280ed4f651 ] Request (HostsAdminTestJSON:tearDownClass): 201 POST http://10.180.1.21/identity/v3/auth/tokens 0.185s
2024-10-25 05:13:51.665 62153 INFO tempest.lib.common.rest_client [req-c14e11a8-0c98-444e-8d81-9057aeeedc5c req-c14e11a8-0c98-444e-8d81-9057aeeedc5c ] Request (QuotasAdminTestJSON:test_get_updated_quotas): 200 PUT http://10.180.1.21/compute/v2.1/os-quota-sets/28c049e71bda4e258c464d11e406c856 2.214s
2024-10-25 05:13:51.668 62187 INFO tempest.lib.common.rest_client [req-0dcbfeab-9b56-4a58-be63-911b06bcf011 req-0dcbfeab-9b56-4a58-be63-911b06bcf011 ] Request (VolumesAssistedSnapshotsTest:test_volume_assisted_snapshot_create_delete): 200 GET http://10.180.1.21/volume/v3/volumes/3d832f24-f684-46ce-988b-b6b3c264582b 0.057s
2024-10-25 05:13:51.678 62187 INFO tempest.common.waiters [-] volume 3d832f24-f684-46ce-988b-b6b3c264582b reached available after waiting for 1.678718 seconds
2024-10-25 05:13:51.687 62183 INFO tempest.lib.common.rest_client [req-68e01874-bf54-4249-9e80-f112e840b3c5 req-68e01874-bf54-4249-9e80-f112e840b3c5 ] Request (ImagesOneServerNegativeTestJSON:setUpClass): 204 PUT http://10.180.1.21/identity/v3/projects/91b4ea1dfb4749388b70f220819292e7/users/8f980f6592144fa3b79b520da7dda1dc/roles/3c07f98560e14fa5a94aa617581f382d 0.183s
2024-10-25 05:13:51.688 62183 INFO tempest.lib.common.dynamic_creds [-] Dynamic test user 8f980f6592144fa3b79b520da7dda1dc is created with scope project and roles: ['member']
2024-10-25 05:13:51.688 62183 INFO tempest.lib.common.dynamic_creds [-] Acquired dynamic creds: credentials: Credentials: {'domain_id': 'default', 'domain_name': 'Default', 'username': 'tempest-ImagesOneServerNegativeTestJSON-1650893753-project-member', 'project_domain_id': 'default', 'project_domain_name': 'Default', 'project_id': '91b4ea1dfb4749388b70f220819292e7', 'project_name': 'tempest-ImagesOneServerNegativeTestJSON-1650893753', 'tenant_id': '91b4ea1dfb4749388b70f220819292e7', 'tenant_name': 'tempest-ImagesOneServerNegativeTestJSON-1650893753', 'user_domain_id': 'default', 'user_domain_name': 'Default', 'user_id': '8f980f6592144fa3b79b520da7dda1dc', 'system': None}, Network: None, Subnet: None, Router: None
2024-10-25 05:13:51.711 62175 INFO tempest.lib.common.rest_client [req-00e928b6-f796-4ae6-a980-f8a578a23c71 req-00e928b6-f796-4ae6-a980-f8a578a23c71 ] Request (ServersTestBootFromVolume:setUpClass): 201 POST http://10.180.1.21/identity/v3/projects 0.177s
2024-10-25 05:13:51.760 62194 INFO tempest.lib.common.rest_client [req-1e63cf8f-1a56-4180-bd51-3a07321522be req-1e63cf8f-1a56-4180-bd51-3a07321522be ] Request (HypervisorAdminNegativeTestJSON:tearDownClass): 204 DELETE http://10.180.1.21:9696/networking/v2.0/security-groups/1e936089-0514-45f5-a576-14e4930cbe57 0.578s
2024-10-25 05:13:51.789 62171 INFO tempest.lib.common.rest_client [req-d7122993-6c93-418d-a77c-2ea3bad8990d req-d7122993-6c93-418d-a77c-2ea3bad8990d ] Request (ServersAdminTestJSON:setUpClass): 201 POST http://10.180.1.21:9696/networking/v2.0/networks 0.760s
2024-10-25 05:13:51.907 62183 INFO tempest.lib.common.rest_client [req-63952768-adb2-4bbf-8ea1-8c877490e57e req-63952768-adb2-4bbf-8ea1-8c877490e57e ] Request (ImagesOneServerNegativeTestJSON:setUpClass): 201 POST http://10.180.1.21/identity/v3/auth/tokens 0.218s
2024-10-25 05:13:51.920 62203 INFO tempest.lib.common.rest_client [req-f26d35bd-86e2-4f96-8fe8-adef6396f4d9 req-f26d35bd-86e2-4f96-8fe8-adef6396f4d9 ] Request (ValidationResourcesFixture:setUp): 201 POST http://10.180.1.21:9696/networking/v2.0/security-groups 0.696s
2024-10-25 05:13:51.928 62159 INFO tempest.lib.common.rest_client [req-8184bbdc-14c4-4498-82dd-007f554fbcb2 req-8184bbdc-14c4-4498-82dd-007f554fbcb2 ] Request (ServersTestManualDisk:setUpClass): 202 POST http://10.180.1.21/compute/v2.1/servers 3.408s
2024-10-25 05:13:51.954 62161 INFO tempest.lib.common.rest_client [req-c44bc97c-0e7d-4c07-b395-c5c2825caf7f req-c44bc97c-0e7d-4c07-b395-c5c2825caf7f ] Request (FlavorsAccessTestJSON:_run_cleanups): 202 DELETE http://10.180.1.21/compute/v2.1/flavors/536632028 2.406s
2024-10-25 05:13:51.963 62175 INFO tempest.lib.common.rest_client [req-cfab4ea3-dbf2-4a89-b3bb-6081904bafda req-cfab4ea3-dbf2-4a89-b3bb-6081904bafda ] Request (ServersTestBootFromVolume:setUpClass): 201 POST http://10.180.1.21/identity/v3/users 0.251s
2024-10-25 05:13:52.031 62194 INFO tempest.lib.common.rest_client [req-dcc9fffb-37a0-4654-bdab-7be007945537 req-dcc9fffb-37a0-4654-bdab-7be007945537 ] Request (HypervisorAdminNegativeTestJSON:tearDownClass): 204 DELETE http://10.180.1.21/identity/v3/projects/e3e6ea6362bf4a34b4e28cc8f37397d1 0.271s
2024-10-25 05:13:52.122 62175 INFO tempest.lib.common.rest_client [req-d6210716-5182-4795-8385-ff37c23b0f2f req-d6210716-5182-4795-8385-ff37c23b0f2f ] Request (ServersTestBootFromVolume:setUpClass): 200 GET http://10.180.1.21/identity/v3/roles 0.158s
2024-10-25 05:13:52.152 62194 INFO tempest.lib.common.rest_client [req-52698b53-b3ac-43da-8399-edc67b230d8f req-52698b53-b3ac-43da-8399-edc67b230d8f ] Request (ServersAdminNegativeTestJSON:setUpClass): 201 POST http://10.180.1.21/identity/v3/auth/tokens 0.120s
2024-10-25 05:13:52.172 62179 INFO tempest.lib.common.rest_client [req-7ddb02df-60bf-43e8-b0f0-f32dc48c58f1 req-7ddb02df-60bf-43e8-b0f0-f32dc48c58f1 ] Request (SecurityGroupRulesNegativeTestJSON:tearDownClass): 202 DELETE http://10.180.1.21/compute/v2.1/os-security-groups/279e0341-39b1-4bd1-b97d-3c975055d7cd 2.647s
2024-10-25 05:13:52.180 62175 INFO tempest.lib.common.rest_client [req-5b2adb3d-1a05-4f2d-a2d4-ebb6ead529ef req-5b2adb3d-1a05-4f2d-a2d4-ebb6ead529ef ] Request (ServersTestBootFromVolume:setUpClass): 204 PUT http://10.180.1.21/identity/v3/projects/38f827b2bb2f4fb4a700ff24bd663b9f/users/8111a336f4924746b24a74660668fb80/roles/3c07f98560e14fa5a94aa617581f382d 0.057s
2024-10-25 05:13:52.180 62175 INFO tempest.lib.common.dynamic_creds [-] Dynamic test user 8111a336f4924746b24a74660668fb80 is created with scope project and roles: ['member']
2024-10-25 05:13:52.181 62175 INFO tempest.lib.common.dynamic_creds [-] Acquired dynamic creds: credentials: Credentials: {'domain_id': 'default', 'domain_name': 'Default', 'username': 'tempest-ServersTestBootFromVolume-1731284574-project-member', 'project_domain_id': 'default', 'project_domain_name': 'Default', 'project_id': '38f827b2bb2f4fb4a700ff24bd663b9f', 'project_name': 'tempest-ServersTestBootFromVolume-1731284574', 'tenant_id': '38f827b2bb2f4fb4a700ff24bd663b9f', 'tenant_name': 'tempest-ServersTestBootFromVolume-1731284574', 'user_domain_id': 'default', 'user_domain_name': 'Default', 'user_id': '8111a336f4924746b24a74660668fb80', 'system': None}, Network: None, Subnet: None, Router: None
2024-10-25 05:13:52.236 62151 INFO tempest.lib.common.rest_client [req-6c752269-67ad-4441-8c0a-d91147d52b69 req-6c752269-67ad-4441-8c0a-d91147d52b69 ] Request (DeleteServersAdminTestJSON:test_admin_delete_servers_of_others): 200 GET http://10.180.1.21/compute/v2.1/servers/9cacbcf0-63a4-4926-b007-07657b164e99 2.579s
2024-10-25 05:13:52.240 62194 INFO tempest.lib.common.rest_client [req-1c11c35d-f4c9-4e46-a1af-92f46130c007 req-1c11c35d-f4c9-4e46-a1af-92f46130c007 ] Request (ServersAdminNegativeTestJSON:setUpClass): 201 POST http://10.180.1.21/identity/v3/auth/tokens 0.082s
2024-10-25 05:13:52.263 62194 INFO tempest.lib.common.rest_client [req-33309a01-be65-4917-840b-310d8111d6d7 req-33309a01-be65-4917-840b-310d8111d6d7 ] Request (ServersAdminNegativeTestJSON:setUpClass): 200 GET http://10.180.1.21/identity/v3/domains?name=Default 0.023s
2024-10-25 05:13:52.270 62175 INFO tempest.lib.common.rest_client [req-0c82c87c-4ee9-4f64-8d3a-5d2e30227b42 req-0c82c87c-4ee9-4f64-8d3a-5d2e30227b42 ] Request (ServersTestBootFromVolume:setUpClass): 201 POST http://10.180.1.21/identity/v3/auth/tokens 0.089s
2024-10-25 05:13:52.292 62141 INFO tempest.lib.common.rest_client [req-4685bdb8-a19c-474a-a95e-f202c09334de req-4685bdb8-a19c-474a-a95e-f202c09334de ] Request (ListImageFiltersTestJSON:setUpClass): 204 PUT http://10.180.1.21/image/v2/images/56cf723e-8ab1-4306-85f0-24e030007138/file 1.647s
2024-10-25 05:13:52.294 62194 INFO tempest.lib.common.rest_client [req-54b02a82-f6ba-4bb0-abb6-20b02cc09feb req-54b02a82-f6ba-4bb0-abb6-20b02cc09feb ] Request (ServersAdminNegativeTestJSON:setUpClass): 201 POST http://10.180.1.21/identity/v3/projects 0.030s
2024-10-25 05:13:52.346 62194 INFO tempest.lib.common.rest_client [req-ea925b28-c703-45dd-bade-999b08a56e55 req-ea925b28-c703-45dd-bade-999b08a56e55 ] Request (ServersAdminNegativeTestJSON:setUpClass): 201 POST http://10.180.1.21/identity/v3/users 0.050s
2024-10-25 05:13:52.368 62194 INFO tempest.lib.common.rest_client [req-bc6330f9-2194-4f4e-bf27-11a727fbf8d7 req-bc6330f9-2194-4f4e-bf27-11a727fbf8d7 ] Request (ServersAdminNegativeTestJSON:setUpClass): 200 GET http://10.180.1.21/identity/v3/roles 0.019s
2024-10-25 05:13:52.396 62194 INFO tempest.lib.common.rest_client [req-e12b09ce-eb85-42d9-829c-39e0f28e75fb req-e12b09ce-eb85-42d9-829c-39e0f28e75fb ] Request (ServersAdminNegativeTestJSON:setUpClass): 204 PUT http://10.180.1.21/identity/v3/projects/82453de5de374b009ba6c22337079071/users/29620092ed684e88a16dc62467ee38da/roles/3c07f98560e14fa5a94aa617581f382d 0.027s
2024-10-25 05:13:52.396 62194 INFO tempest.lib.common.dynamic_creds [-] Dynamic test user 29620092ed684e88a16dc62467ee38da is created with scope project and roles: ['member']
2024-10-25 05:13:52.396 62194 INFO tempest.lib.common.dynamic_creds [-] Acquired dynamic creds: credentials: Credentials: {'domain_id': 'default', 'domain_name': 'Default', 'username': 'tempest-ServersAdminNegativeTestJSON-1302189117-project-member', 'project_domain_id': 'default', 'project_domain_name': 'Default', 'project_id': '82453de5de374b009ba6c22337079071', 'project_name': 'tempest-ServersAdminNegativeTestJSON-1302189117', 'tenant_id': '82453de5de374b009ba6c22337079071', 'tenant_name': 'tempest-ServersAdminNegativeTestJSON-1302189117', 'user_domain_id': 'default', 'user_domain_name': 'Default', 'user_id': '29620092ed684e88a16dc62467ee38da', 'system': None}, Network: None, Subnet: None, Router: None
2024-10-25 05:13:52.396 62194 INFO tempest.lib.common.dynamic_creds [-] Created isolated network resources for: credentials: Credentials: {'domain_id': 'default', 'domain_name': 'Default', 'username': 'tempest-ServersAdminNegativeTestJSON-1302189117-project-member', 'project_domain_id': 'default', 'project_domain_name': 'Default', 'project_id': '82453de5de374b009ba6c22337079071', 'project_name': 'tempest-ServersAdminNegativeTestJSON-1302189117', 'tenant_id': '82453de5de374b009ba6c22337079071', 'tenant_name': 'tempest-ServersAdminNegativeTestJSON-1302189117', 'user_domain_id': 'default', 'user_domain_name': 'Default', 'user_id': '29620092ed684e88a16dc62467ee38da', 'system': None}, Network: None, Subnet: None, Router: None
2024-10-25 05:13:52.431 62177 INFO tempest.lib.common.rest_client [req-447525e8-2f5e-43cf-b037-c8ebcb9b11f5 req-447525e8-2f5e-43cf-b037-c8ebcb9b11f5 ] Request (TenantUsagesTestJSON:setUpClass): 200 GET http://10.180.1.21/compute/v2.1/servers/aa565525-d5b0-4dc4-9f20-30542ee3e52f 2.683s
2024-10-25 05:13:52.477 62194 INFO tempest.lib.common.rest_client [req-a795fb76-c77e-4bdb-8a25-3d6971a3b87d req-a795fb76-c77e-4bdb-8a25-3d6971a3b87d ] Request (ServersAdminNegativeTestJSON:setUpClass): 201 POST http://10.180.1.21/identity/v3/auth/tokens 0.078s
2024-10-25 05:13:52.503 62143 INFO tempest.lib.common.rest_client [req-6407a026-be6d-46a5-bcf8-e0a42e30490b req-6407a026-be6d-46a5-bcf8-e0a42e30490b ] Request (ServerExternalEventsTest:test_create_server_external_events): 200 GET http://10.180.1.21/compute/v2.1/servers/33acde25-4310-4b16-bd9e-6ef8e27b49b6 2.685s
2024-10-25 05:13:52.512 62143 INFO tempest.common.waiters [-] State transition "BUILD/block_device_mapping" ==> "BUILD/spawning" after 11 second wait
2024-10-25 05:13:52.553 62191 INFO tempest.lib.common.rest_client [req-9268cde5-d527-4889-9e67-0a72869df5e2 req-9268cde5-d527-4889-9e67-0a72869df5e2 ] Request (ListImageFiltersNegativeTestJSON:test_get_nonexistent_image): 404 GET http://10.180.1.21/compute/v2.1/images/94ecd51c-acfc-4598-ab95-46cac559ec62 2.659s
2024-10-25 05:13:52.561 62194 INFO tempest.lib.common.rest_client [req-fc8db875-6556-4702-a8be-f9eb598801f5 req-fc8db875-6556-4702-a8be-f9eb598801f5 ] Request (ServersAdminNegativeTestJSON:setUpClass): 201 POST http://10.180.1.21/identity/v3/projects 0.083s
2024-10-25 05:13:52.677 62194 INFO tempest.lib.common.rest_client [req-814cc20b-0a20-449f-98c0-4578e8fcaaf9 req-814cc20b-0a20-449f-98c0-4578e8fcaaf9 ] Request (ServersAdminNegativeTestJSON:setUpClass): 201 POST http://10.180.1.21/identity/v3/users 0.114s
2024-10-25 05:13:52.699 62191 INFO tempest.lib.common.rest_client [req-4507fd8a-5dd1-49a7-8149-582e2bf80197 req-4507fd8a-5dd1-49a7-8149-582e2bf80197 ] Request (ListImageFiltersNegativeTestJSON:tearDownClass): 204 DELETE http://10.180.1.21/identity/v3/users/b6d9c974cfa044dca0e01062cdbcfbf9 0.144s
2024-10-25 05:13:52.699 62191 INFO tempest.lib.common.dynamic_creds [-] Deleting project and security group for project: 14770abf13dd4022ad6fb4b87a6fcd49
2024-10-25 05:13:52.733 62194 INFO tempest.lib.common.rest_client [req-42e2d5ec-0299-484b-b3a9-a9945d241b71 req-42e2d5ec-0299-484b-b3a9-a9945d241b71 ] Request (ServersAdminNegativeTestJSON:setUpClass): 200 GET http://10.180.1.21/identity/v3/roles 0.056s
2024-10-25 05:13:52.733 62203 INFO tempest.lib.common.rest_client [req-ae0d398d-dce0-4106-ac0b-a264de541050 req-ae0d398d-dce0-4106-ac0b-a264de541050 ] Request (ValidationResourcesFixture:setUp): 201 POST http://10.180.1.21:9696/networking/v2.0/security-group-rules 0.811s
2024-10-25 05:13:52.754 62191 INFO tempest.lib.common.rest_client [req-4755a080-5d74-4457-9ff5-b136cd29394f req-4755a080-5d74-4457-9ff5-b136cd29394f ] Request (ListImageFiltersNegativeTestJSON:tearDownClass): 201 POST http://10.180.1.21/identity/v3/auth/tokens 0.055s
2024-10-25 05:13:52.768 62167 INFO tempest.lib.common.rest_client [req-e53d69ee-a5dc-4bfc-a61e-f7fd103da584 req-e53d69ee-a5dc-4bfc-a61e-f7fd103da584 ] Request (HostsAdminTestJSON:tearDownClass): 200 GET http://10.180.1.21:9696/networking/v2.0/security-groups?tenant_id=f46f32d215e84f15bf4b46153825e886&name=default 1.132s
2024-10-25 05:13:52.786 62194 INFO tempest.lib.common.rest_client [req-fc2d126b-19ac-42a4-8998-79c44d562cff req-fc2d126b-19ac-42a4-8998-79c44d562cff ] Request (ServersAdminNegativeTestJSON:setUpClass): 204 PUT http://10.180.1.21/identity/v3/projects/81c830c637af48de971e539271fbd5de/users/83c0e7f21495490992d10aecce120657/roles/5802b738ec604736841e9da223837c2f 0.052s
2024-10-25 05:13:52.831 62194 INFO tempest.lib.common.rest_client [req-4461d791-ee1b-4754-874d-889c4498ba1c req-4461d791-ee1b-4754-874d-889c4498ba1c ] Request (ServersAdminNegativeTestJSON:setUpClass): 200 GET http://10.180.1.21/identity/v3/roles 0.045s
2024-10-25 05:13:52.846 62194 INFO tempest.lib.common.rest_client [req-91eded51-a8ae-42e0-a5bf-df76930fcbbd req-91eded51-a8ae-42e0-a5bf-df76930fcbbd ] Request (ServersAdminNegativeTestJSON:setUpClass): 204 PUT http://10.180.1.21/identity/v3/projects/81c830c637af48de971e539271fbd5de/users/83c0e7f21495490992d10aecce120657/roles/5802b738ec604736841e9da223837c2f 0.014s
2024-10-25 05:13:52.846 62194 INFO tempest.lib.common.dynamic_creds [-] Dynamic test user 83c0e7f21495490992d10aecce120657 is created with scope project and roles: ['admin']
2024-10-25 05:13:52.846 62194 INFO tempest.lib.common.dynamic_creds [-] Acquired dynamic creds: credentials: Credentials: {'domain_id': 'default', 'domain_name': 'Default', 'username': 'tempest-ServersAdminNegativeTestJSON-1273678557-project-admin', 'project_domain_id': 'default', 'project_domain_name': 'Default', 'project_id': '81c830c637af48de971e539271fbd5de', 'project_name': 'tempest-ServersAdminNegativeTestJSON-1273678557', 'tenant_id': '81c830c637af48de971e539271fbd5de', 'tenant_name': 'tempest-ServersAdminNegativeTestJSON-1273678557', 'user_domain_id': 'default', 'user_domain_name': 'Default', 'user_id': '83c0e7f21495490992d10aecce120657', 'system': None}, Network: None, Subnet: None, Router: None
2024-10-25 05:13:52.847 62194 INFO tempest.lib.common.dynamic_creds [-] Created isolated network resources for: credentials: Credentials: {'domain_id': 'default', 'domain_name': 'Default', 'username': 'tempest-ServersAdminNegativeTestJSON-1273678557-project-admin', 'project_domain_id': 'default', 'project_domain_name': 'Default', 'project_id': '81c830c637af48de971e539271fbd5de', 'project_name': 'tempest-ServersAdminNegativeTestJSON-1273678557', 'tenant_id': '81c830c637af48de971e539271fbd5de', 'tenant_name': 'tempest-ServersAdminNegativeTestJSON-1273678557', 'user_domain_id': 'default', 'user_domain_name': 'Default', 'user_id': '83c0e7f21495490992d10aecce120657', 'system': None}, Network: None, Subnet: None, Router: None
2024-10-25 05:13:52.894 62181 INFO tempest.lib.common.rest_client [req-56319594-b7e0-41d8-b4e4-582f0cd044c6 req-56319594-b7e0-41d8-b4e4-582f0cd044c6 ] Request (MigrationsAdminTest:test_list_migrations_in_flavor_resize_situation): 200 GET http://10.180.1.21/compute/v2.1/servers/c6698e84-05f7-4a92-809e-f48e0835a1d2 2.987s
2024-10-25 05:13:52.901 62181 INFO tempest.common.waiters [-] State transition "BUILD/None" ==> "BUILD/spawning" after 11 second wait
2024-10-25 05:13:52.911 62198 INFO tempest.lib.common.rest_client [req-edb4badd-5a04-4954-ba48-05088b584fcb req-edb4badd-5a04-4954-ba48-05088b584fcb ] Request (ImagesMetadataNegativeTestJSON:test_list_nonexistent_image_metadata): 404 GET http://10.180.1.21/compute/v2.1/images/94c6ecb8-fe71-4378-b870-9ab915ba4d56/metadata 2.780s
2024-10-25 05:13:52.932 62194 INFO tempest.lib.common.rest_client [req-2dc8bce8-9f50-4a42-87ae-f3b374559b81 req-2dc8bce8-9f50-4a42-87ae-f3b374559b81 ] Request (ServersAdminNegativeTestJSON:setUpClass): 201 POST http://10.180.1.21/identity/v3/auth/tokens 0.082s
2024-10-25 05:13:52.933 62194 WARNING tempest.lib.common.rest_client [-] Deprecated: "tenant_id" property is deprecated for removal, use "project_id" instead
2024-10-25 05:13:52.999 62194 INFO tempest.lib.common.rest_client [req-c60d2d39-e857-453f-a584-996f73e08ca8 req-c60d2d39-e857-453f-a584-996f73e08ca8 ] Request (ServersAdminNegativeTestJSON:setUpClass): 201 POST http://10.180.1.21/identity/v3/auth/tokens 0.061s
2024-10-25 05:13:52.999 62194 INFO tempest.lib.common.fixed_network [-] (ServersAdminNegativeTestJSON:setUpClass) Found network None available for tenant
2024-10-25 05:13:53.017 62171 INFO tempest.lib.common.rest_client [req-ba36015d-f5f9-4df9-a748-837ae11c743f req-ba36015d-f5f9-4df9-a748-837ae11c743f ] Request (ServersAdminTestJSON:setUpClass): 201 POST http://10.180.1.21:9696/networking/v2.0/subnets 1.227s
2024-10-25 05:13:53.026 62163 INFO tempest.lib.common.rest_client [req-5d61dba9-d473-42be-a71f-39ffd7c29db2 req-5d61dba9-d473-42be-a71f-39ffd7c29db2 ] Request (SecurityGroupsTestAdminJSON:_run_cleanups): 202 DELETE http://10.180.1.21/compute/v2.1/os-security-groups/936e21da-6fe7-4b4f-8c1b-19737ae9dba6 2.919s
2024-10-25 05:13:53.032 62149 INFO tempest.lib.common.rest_client [req-00d242b4-efa8-4e0a-ae1d-d3546cde7fe5 req-00d242b4-efa8-4e0a-ae1d-d3546cde7fe5 ] Request (HostsAdminNegativeTestJSON:test_update_host_with_invalid_maintenance_mode): 400 PUT http://10.180.1.21/compute/v2.1/os-hosts/devstack 2.047s
2024-10-25 05:13:53.049 62185 INFO tempest.lib.common.rest_client [req-745a2bc7-5698-4211-8575-ddf9956cc35d req-745a2bc7-5698-4211-8575-ddf9956cc35d ] Request (ImagesOneServerTestJSON:setUpClass): 200 GET http://10.180.1.21/compute/v2.1/servers/014849e7-a41c-432e-81ae-03725825166e 2.079s
2024-10-25 05:13:53.064 62173 INFO tempest.lib.common.rest_client [req-af350d06-c8ed-480d-88f7-5a76162fec08 req-af350d06-c8ed-480d-88f7-5a76162fec08 ] Request (FlavorsExtraSpecsTestJSON:test_flavor_set_get_update_show_unset_keys): 200 DELETE http://10.180.1.21/compute/v2.1/flavors/721884792/os-extra_specs/hw:cpu_policy 2.044s
2024-10-25 05:13:53.077 62189 INFO tempest.lib.common.rest_client [req-3022b9f5-75a3-4bf3-9c92-dbd01c565f94 req-3022b9f5-75a3-4bf3-9c92-dbd01c565f94 ] Request (AggregatesAdminNegativeTestJSON:test_aggregate_add_non_exist_host): 404 POST http://10.180.1.21/compute/v2.1/os-aggregates/3/action 1.979s
2024-10-25 05:13:53.094 62157 INFO tempest.lib.common.rest_client [req-6d5407be-51bd-4bbd-84c6-0e7145e141d7 req-6d5407be-51bd-4bbd-84c6-0e7145e141d7 ] Request (FlavorsAdminTestJSON:test_create_flavor_with_none_id): 200 POST http://10.180.1.21/compute/v2.1/flavors 1.912s
2024-10-25 05:13:53.109 62147 INFO tempest.lib.common.rest_client [req-df1386c6-5f66-4a48-b6aa-cbbc634d6ba0 req-df1386c6-5f66-4a48-b6aa-cbbc634d6ba0 ] Request (FlavorsAccessNegativeTestJSON:_run_cleanups): 200 GET http://10.180.1.21/compute/v2.1/flavors/detail 1.913s
2024-10-25 05:13:53.113 62169 INFO tempest.lib.common.rest_client [req-d7b7cb49-1bac-49fd-ba8c-6a4a07a9e49e req-d7b7cb49-1bac-49fd-ba8c-6a4a07a9e49e ] Request (KeyPairsNegativeTestJSON:test_create_keypair_with_duplicate_name): 200 POST http://10.180.1.21/compute/v2.1/os-keypairs 1.962s
2024-10-25 05:13:53.238 62167 INFO tempest.lib.common.rest_client [req-4ce5decc-e669-4bb0-b03d-a4e72f5ca1dc req-4ce5decc-e669-4bb0-b03d-a4e72f5ca1dc ] Request (HostsAdminTestJSON:tearDownClass): 204 DELETE http://10.180.1.21:9696/networking/v2.0/security-groups/a86a53f6-8380-4300-a2ec-dae93ca891d4 0.469s
2024-10-25 05:13:53.254 62183 INFO tempest.lib.common.rest_client [req-ecda91f7-4afe-4e14-96e9-6c0aa5f34f90 req-ecda91f7-4afe-4e14-96e9-6c0aa5f34f90 ] Request (ImagesOneServerNegativeTestJSON:setUpClass): 201 POST http://10.180.1.21:9696/networking/v2.0/networks 1.346s
2024-10-25 05:13:53.260 62153 INFO tempest.lib.common.rest_client [req-e0ddb478-f098-45f6-b0f8-7b24723365da req-e0ddb478-f098-45f6-b0f8-7b24723365da ] Request (QuotasAdminTestJSON:test_get_updated_quotas): 200 GET http://10.180.1.21/compute/v2.1/os-quota-sets/28c049e71bda4e258c464d11e406c856/detail 1.593s
2024-10-25 05:13:53.266 62203 INFO tempest.lib.common.rest_client [req-85b31773-8d6a-493f-a11d-a0bc91ae7676 req-85b31773-8d6a-493f-a11d-a0bc91ae7676 ] Request (ValidationResourcesFixture:setUp): 201 POST http://10.180.1.21:9696/networking/v2.0/security-group-rules 0.532s
2024-10-25 05:13:53.354 62167 INFO tempest.lib.common.rest_client [req-21c4d041-897b-43ba-8d55-cc23e23f269c req-21c4d041-897b-43ba-8d55-cc23e23f269c ] Request (HostsAdminTestJSON:tearDownClass): 204 DELETE http://10.180.1.21/identity/v3/projects/f46f32d215e84f15bf4b46153825e886 0.115s
2024-10-25 05:13:53.354 62167 INFO tempest.lib.common.dynamic_creds [-] Deleting project and security group for project: 5e7250a365704873b91b712a1bb50965
2024-10-25 05:13:53.356 62187 INFO tempest.lib.common.rest_client [req-7e4b7f81-77de-4916-bf44-ac02ed30b9db req-7e4b7f81-77de-4916-bf44-ac02ed30b9db ] Request (VolumesAssistedSnapshotsTest:test_volume_assisted_snapshot_create_delete): 200 POST http://10.180.1.21/compute/v2.1/os-keypairs 1.676s
2024-10-25 05:13:53.371 62153 INFO tempest.lib.common.rest_client [req-cf43db62-206e-4975-ac59-ac7ca273b6b4 req-cf43db62-206e-4975-ac59-ac7ca273b6b4 ] Request (QuotasAdminTestJSON:test_get_updated_quotas): 200 GET http://10.180.1.21/identity/v3/domains?name=Default 0.105s
2024-10-25 05:13:53.377 62175 INFO tempest.lib.common.rest_client [req-48091535-811e-4445-8daf-f59bffce15c1 req-48091535-811e-4445-8daf-f59bffce15c1 ] Request (ServersTestBootFromVolume:setUpClass): 201 POST http://10.180.1.21:9696/networking/v2.0/networks 1.107s
2024-10-25 05:13:53.392 62191 INFO tempest.lib.common.rest_client [req-274e0ab5-9598-4ac4-b6c7-cf04066c6bac req-274e0ab5-9598-4ac4-b6c7-cf04066c6bac ] Request (ListImageFiltersNegativeTestJSON:tearDownClass): 200 GET http://10.180.1.21:9696/networking/v2.0/security-groups?tenant_id=14770abf13dd4022ad6fb4b87a6fcd49&name=default 0.637s
2024-10-25 05:13:53.397 62161 INFO tempest.lib.common.rest_client [req-9386f5ce-5937-4ad4-aee7-6abe5c97b525 req-9386f5ce-5937-4ad4-aee7-6abe5c97b525 ] Request (FlavorsAccessTestJSON:_run_cleanups): 200 GET http://10.180.1.21/compute/v2.1/flavors/detail 1.443s
2024-10-25 05:13:53.413 62153 INFO tempest.lib.common.rest_client [req-0fbe386b-09ca-4363-a0e8-bce332ec257f req-0fbe386b-09ca-4363-a0e8-bce332ec257f ] Request (QuotasAdminTestJSON:test_get_updated_quotas): 201 POST http://10.180.1.21/identity/v3/users 0.042s
2024-10-25 05:13:53.431 62153 INFO tempest.lib.common.rest_client [req-9b8dd6ff-0806-4df1-98a6-d57ab7924b32 req-9b8dd6ff-0806-4df1-98a6-d57ab7924b32 ] Request (QuotasAdminTestJSON:test_get_updated_quotas): 200 GET http://10.180.1.21/identity/v3/domains?name=Default 0.017s
2024-10-25 05:13:53.433 62141 INFO tempest.lib.common.rest_client [req-64b04a31-f35b-4500-85d3-41d55394a791 req-64b04a31-f35b-4500-85d3-41d55394a791 ] Request (ListImageFiltersTestJSON:setUpClass): 200 GET http://10.180.1.21/compute/v2.1/images/56cf723e-8ab1-4306-85f0-24e030007138 1.141s
2024-10-25 05:13:53.460 62198 INFO tempest.lib.common.rest_client [req-6459fe71-e476-44a6-8024-1f6a4074649a req-6459fe71-e476-44a6-8024-1f6a4074649a ] Request (ImagesMetadataNegativeTestJSON:test_set_nonexistent_image_metadata): 404 PUT http://10.180.1.21/compute/v2.1/images/1b5e8f95-196a-4a65-b3da-7dc30485a855/metadata 0.547s
2024-10-25 05:13:53.466 62159 INFO tempest.lib.common.rest_client [req-647f6a62-eebe-4ad6-b088-abd899faae78 req-647f6a62-eebe-4ad6-b088-abd899faae78 ] Request (ServersTestManualDisk:setUpClass): 200 GET http://10.180.1.21/compute/v2.1/servers/708b8fc5-a919-449a-a8bb-0c0d3a40b952 1.537s
