2024-10-25 05:15:32.898 62198 INFO tempest.lib.common.fixed_network [-] (ServersTestJSON:test_create_server_with_admin_password) Found network {'id': '3b36df6b-c469-4d18-82aa-dc089c91a852', 'name': 'tempest-ServersTestJSON-988745219-network', 'tenant_id': '82f1c8d91a7b4119bb32c82ef7bd940f', 'admin_state_up': True, 'mtu': 8950, 'status': 'ACTIVE', 'subnets': [], 'shared': False, 'project_id': '82f1c8d91a7b4119bb32c82ef7bd940f', 'port_security_enabled': True, 'router:external': False, 'provider:network_type': 'vlan', 'provider:physical_network': 'default', 'provider:segmentation_id': 53, 'is_default': False, 'availability_zone_hints': [], 'availability_zones': [], 'ipv4_address_scope': None, 'ipv6_address_scope': None, 'description': '', 'tags': [], 'created_at': '2024-10-25T05:13:58Z', 'updated_at': '2024-10-25T05:13:59Z', 'revision_number': 1} available for tenant
2024-10-25 05:15:32.932 62171 INFO tempest.lib.common.rest_client [req-960042e1-0f93-43a6-9f12-c46d341221ad req-960042e1-0f93-43a6-9f12-c46d341221ad ] Request (KeyPairsV22TestJSON:tearDownClass): 204 DELETE http://10.180.1.21/identity/v3/users/8ddeee7027fe42ec80e1d24fba81dd36 0.112s
2024-10-25 05:15:32.932 62171 INFO tempest.lib.common.dynamic_creds [-] Deleting project and security group for project: 229484ee0e924577a44b28ce046688b6
2024-10-25 05:15:32.983 62171 INFO tempest.lib.common.rest_client [req-5b82ccef-6fe3-4c15-b858-fa3647c73add req-5b82ccef-6fe3-4c15-b858-fa3647c73add ] Request (KeyPairsV22TestJSON:tearDownClass): 201 POST http://10.180.1.21/identity/v3/auth/tokens 0.051s
2024-10-25 05:15:33.118 62189 INFO tempest.lib.common.rest_client [req-3cdd942f-7b34-439f-beef-84edf1151bcc req-3cdd942f-7b34-439f-beef-84edf1151bcc ] Request (ServerPasswordTestJSON:setUpClass): 200 GET http://10.180.1.21/compute/v2.1/servers/c7e66b30-f72d-4afd-aded-4a92dd19b388 0.085s
2024-10-25 05:15:33.169 62159 INFO tempest.lib.common.rest_client [req-9433f3cd-615a-4e43-9895-8d6520018c80 req-9433f3cd-615a-4e43-9895-8d6520018c80 ] Request (ServerDiskConfigTestJSON:test_rebuild_server_with_auto_disk_config): 200 GET http://10.180.1.21/compute/v2.1/servers/7e393163-cd68-4de2-8051-7ec10415e508 0.093s
2024-10-25 05:15:33.188 62171 INFO tempest.lib.common.rest_client [req-20b9a7ed-1042-4459-9b58-62c9158bbce9 req-20b9a7ed-1042-4459-9b58-62c9158bbce9 ] Request (KeyPairsV22TestJSON:tearDownClass): 200 GET http://10.180.1.21:9696/networking/v2.0/security-groups?tenant_id=229484ee0e924577a44b28ce046688b6&name=default 0.204s
2024-10-25 05:15:33.236 62149 INFO tempest.lib.common.rest_client [req-971bee71-2d02-4c6d-9747-3e8d894fb1ad req-971bee71-2d02-4c6d-9747-3e8d894fb1ad ] Request (ServerDiagnosticsV248Test:tearDownClass): 200 GET http://10.180.1.21/compute/v2.1/servers/2a8bcc04-5519-4890-839b-64dcf422526d 0.138s
2024-10-25 05:15:33.258 62198 INFO tempest.lib.common.rest_client [req-e5dff1ee-d50d-4f66-8485-3219d571ccef req-e5dff1ee-d50d-4f66-8485-3219d571ccef ] Request (ServersTestJSON:test_create_server_with_admin_password): 202 POST http://10.180.1.21/compute/v2.1/servers 0.359s
2024-10-25 05:15:33.284 62167 INFO tempest.lib.common.rest_client [req-687be5fc-4e79-46c7-8348-3c184ab5ba64 req-687be5fc-4e79-46c7-8348-3c184ab5ba64 ] Request (FloatingIPsAssociationTestJSON:setUpClass): 200 GET http://10.180.1.21/compute/v2.1/servers/d4e5eb34-6f16-4920-9f95-7ea8b080084b 0.151s
2024-10-25 05:15:33.289 62171 INFO tempest.lib.common.rest_client [req-16775b1a-ef6b-491b-98b0-ebd822b417f2 req-16775b1a-ef6b-491b-98b0-ebd822b417f2 ] Request (KeyPairsV22TestJSON:tearDownClass): 204 DELETE http://10.180.1.21:9696/networking/v2.0/security-groups/4ca87bc9-35d0-436d-8439-80560b8128a0 0.101s
2024-10-25 05:15:33.312 62161 INFO tempest.lib.common.rest_client [req-914138b1-cfae-4d4a-9335-69e649231898 req-914138b1-cfae-4d4a-9335-69e649231898 ] Request (ServerAddressesTestJSON:setUpClass): 200 GET http://10.180.1.21/compute/v2.1/servers/e997db40-b3a6-4c06-8991-cdb96954c0ca 0.168s
2024-10-25 05:15:33.332 62169 INFO tempest.lib.common.rest_client [req-71cb3b8c-9783-46a0-aef3-d44225f94ed4 req-71cb3b8c-9783-46a0-aef3-d44225f94ed4 ] Request (AttachInterfacesTestJSON:test_create_list_show_delete_interfaces_by_fixed_ip): 200 GET http://10.180.1.21/compute/v2.1/servers/eb372895-68b6-41cb-8ae5-dbfd57387505 0.130s
2024-10-25 05:15:33.359 62147 INFO tempest.lib.common.rest_client [req-6914bc4c-d369-4ea5-9b39-93642816f2dd req-6914bc4c-d369-4ea5-9b39-93642816f2dd ] Request (ServersTestMultiNic:test_verify_duplicate_network_nics): 200 GET http://10.180.1.21/compute/v2.1/servers/b92a6db6-c51a-45c8-9792-d394027bcb7c 0.155s
2024-10-25 05:15:33.369 62171 INFO tempest.lib.common.rest_client [req-1ec952e0-d7a8-4512-9907-950df2aee827 req-1ec952e0-d7a8-4512-9907-950df2aee827 ] Request (KeyPairsV22TestJSON:tearDownClass): 204 DELETE http://10.180.1.21/identity/v3/projects/229484ee0e924577a44b28ce046688b6 0.079s
2024-10-25 05:15:33.383 62173 INFO tempest.lib.common.rest_client [req-391af3cc-02dd-4b4a-bde9-e66547be66ab req-391af3cc-02dd-4b4a-bde9-e66547be66ab ] Request (VolumesAdminNegativeTest:test_update_attached_volume_with_nonexistent_volume_in_body): 200 GET http://10.180.1.21/compute/v2.1/servers/60f2eb1d-de4c-4318-98c3-eb2d411c120b 0.132s
2024-10-25 05:15:33.428 62198 INFO tempest.lib.common.rest_client [req-d0d3ea02-54a8-4ff3-8939-00e749665e09 req-d0d3ea02-54a8-4ff3-8939-00e749665e09 ] Request (ServersTestJSON:_run_cleanups): 204 DELETE http://10.180.1.21/compute/v2.1/servers/83a913a9-d293-488a-9be1-5699fe197702 0.169s
2024-10-25 05:15:33.432 62151 INFO tempest.lib.common.rest_client [req-c9b462db-7bc4-485f-b756-9bccd97eaaf2 req-c9b462db-7bc4-485f-b756-9bccd97eaaf2 ] Request (DeleteServersAdminTestJSON:test_delete_server_while_in_error_state): 200 GET http://10.180.1.21/compute/v2.1/servers/a9ce5207-c493-4924-8371-db65cf359523 0.130s
2024-10-25 05:15:33.437 62171 INFO tempest.lib.common.rest_client [req-a850958b-b9e9-4368-aba2-e54cdd0fdc88 req-a850958b-b9e9-4368-aba2-e54cdd0fdc88 ] Request (AttachInterfacesUnderV243Test:setUpClass): 201 POST http://10.180.1.21/identity/v3/auth/tokens 0.067s
2024-10-25 05:15:33.466 62171 INFO tempest.lib.common.rest_client [req-4a70972b-e784-4ea4-9974-87b9ce454888 req-4a70972b-e784-4ea4-9974-87b9ce454888 ] Request (AttachInterfacesUnderV243Test:setUpClass): 201 POST http://10.180.1.21/identity/v3/auth/tokens 0.025s
2024-10-25 05:15:33.472 62195 INFO tempest.lib.common.rest_client [req-48deef6f-d9cd-4440-a223-cb3e880268db req-48deef6f-d9cd-4440-a223-cb3e880268db ] Request (ServerRescueNegativeTestJSON:setUpClass): 200 GET http://10.180.1.21/compute/v2.1/servers/bfdeefe9-aa06-4ede-b8db-9b7a00cb89c3 0.170s
2024-10-25 05:15:33.481 62157 INFO tempest.lib.common.rest_client [req-5cc2c308-fb6c-436a-b308-acb18cd2cf70 req-5cc2c308-fb6c-436a-b308-acb18cd2cf70 ] Request (ServerDiagnosticsTest:test_get_server_diagnostics): 200 GET http://10.180.1.21/compute/v2.1/servers/ded96da7-74a4-4364-8424-22000411f5fe 0.137s
2024-10-25 05:15:33.491 62171 INFO tempest.lib.common.rest_client [req-f4e7894d-dc17-4587-9c37-fe8b51ebf2dc req-f4e7894d-dc17-4587-9c37-fe8b51ebf2dc ] Request (AttachInterfacesUnderV243Test:setUpClass): 200 GET http://10.180.1.21/identity/v3/domains?name=Default 0.024s
2024-10-25 05:15:33.517 62171 INFO tempest.lib.common.rest_client [req-f443bd94-a22d-47a4-ae5c-0bb21282e326 req-f443bd94-a22d-47a4-ae5c-0bb21282e326 ] Request (AttachInterfacesUnderV243Test:setUpClass): 201 POST http://10.180.1.21/identity/v3/projects 0.025s
2024-10-25 05:15:33.523 62179 INFO tempest.lib.common.rest_client [req-0219c936-5eb3-4a30-ba21-c7524b395a44 req-0219c936-5eb3-4a30-ba21-c7524b395a44 ] Request (ServerTagsTestJSON:setUpClass): 200 GET http://10.180.1.21/compute/v2.1/servers/79c34bad-f29b-4d5e-97d5-6bfd6be55b31 0.170s
2024-10-25 05:15:33.526 62187 INFO tempest.lib.common.rest_client [req-8ac541ba-6c55-4342-92bf-baaca5a7037b req-8ac541ba-6c55-4342-92bf-baaca5a7037b ] Request (ServersTestJSON:setUpClass): 200 GET http://10.180.1.21/compute/v2.1/servers/090f2b46-e4f1-4b6b-b596-dd1937969007 0.130s
2024-10-25 05:15:33.530 62179 INFO tempest.common.waiters [-] State transition "BUILD/spawning" ==> "ERROR/None" after 84 second wait
2024-10-25 05:15:33.538 62198 INFO tempest.lib.common.rest_client [req-9c685c67-ba43-4b91-b8ad-4b06ec6c7410 req-9c685c67-ba43-4b91-b8ad-4b06ec6c7410 ] Request (ServersTestJSON:_run_cleanups): 404 GET http://10.180.1.21/compute/v2.1/servers/83a913a9-d293-488a-9be1-5699fe197702 0.109s
2024-10-25 05:15:33.564 62143 INFO tempest.lib.common.rest_client [req-2ca0d291-38c1-492b-9b1b-cba507f820e4 req-2ca0d291-38c1-492b-9b1b-cba507f820e4 ] Request (ImagesTestJSON:test_create_image_from_stopped_server): 200 GET http://10.180.1.21/compute/v2.1/servers/03f9b48c-4bd1-4018-b34f-267e1575c753 0.167s
2024-10-25 05:15:33.568 62171 INFO tempest.lib.common.rest_client [req-4b69017c-5106-44f2-a327-4efa344b5721 req-4b69017c-5106-44f2-a327-4efa344b5721 ] Request (AttachInterfacesUnderV243Test:setUpClass): 201 POST http://10.180.1.21/identity/v3/users 0.051s
2024-10-25 05:15:33.579 62203 INFO tempest.lib.common.rest_client [req-571f46a5-8c55-4d95-952f-dc5d2bdfdb69 req-571f46a5-8c55-4d95-952f-dc5d2bdfdb69 ] Request (ImagesNegativeTestJSON:test_create_image_from_deleted_server): 200 GET http://10.180.1.21/compute/v2.1/servers/24f832e6-9704-4105-a17f-c5c77fa52d74 0.139s
2024-10-25 05:15:33.585 62171 INFO tempest.lib.common.rest_client [req-b1c60ce5-4740-4617-8e3b-545afacb1ce6 req-b1c60ce5-4740-4617-8e3b-545afacb1ce6 ] Request (AttachInterfacesUnderV243Test:setUpClass): 200 GET http://10.180.1.21/identity/v3/roles 0.017s
2024-10-25 05:15:33.594 62198 INFO tempest.lib.common.rest_client [req-2bb4f20c-bbeb-466f-8a55-7c9f01744089 req-2bb4f20c-bbeb-466f-8a55-7c9f01744089 ] Request (ServersTestJSON:test_create_server_with_ipv6_addr_only): 201 POST http://10.180.1.21/identity/v3/auth/tokens 0.052s
2024-10-25 05:15:33.594 62198 INFO tempest.lib.common.fixed_network [-] (ServersTestJSON:test_create_server_with_ipv6_addr_only) Found network {'id': '3b36df6b-c469-4d18-82aa-dc089c91a852', 'name': 'tempest-ServersTestJSON-988745219-network', 'tenant_id': '82f1c8d91a7b4119bb32c82ef7bd940f', 'admin_state_up': True, 'mtu': 8950, 'status': 'ACTIVE', 'subnets': [], 'shared': False, 'project_id': '82f1c8d91a7b4119bb32c82ef7bd940f', 'port_security_enabled': True, 'router:external': False, 'provider:network_type': 'vlan', 'provider:physical_network': 'default', 'provider:segmentation_id': 53, 'is_default': False, 'availability_zone_hints': [], 'availability_zones': [], 'ipv4_address_scope': None, 'ipv6_address_scope': None, 'description': '', 'tags': [], 'created_at': '2024-10-25T05:13:58Z', 'updated_at': '2024-10-25T05:13:59Z', 'revision_number': 1} available for tenant
2024-10-25 05:15:33.611 62171 INFO tempest.lib.common.rest_client [req-24d33cd9-449b-4bde-afed-c300c528a4ea req-24d33cd9-449b-4bde-afed-c300c528a4ea ] Request (AttachInterfacesUnderV243Test:setUpClass): 204 PUT http://10.180.1.21/identity/v3/projects/7a4772174fb44f8691551e688aebed1e/users/9bd70488575b4578b2866fa3f25537e3/roles/3c07f98560e14fa5a94aa617581f382d 0.025s
2024-10-25 05:15:33.611 62171 INFO tempest.lib.common.dynamic_creds [-] Dynamic test user 9bd70488575b4578b2866fa3f25537e3 is created with scope project and roles: ['member']
2024-10-25 05:15:33.612 62171 INFO tempest.lib.common.dynamic_creds [-] Acquired dynamic creds: credentials: Credentials: {'domain_id': 'default', 'domain_name': 'Default', 'username': 'tempest-AttachInterfacesUnderV243Test-459804726-project-member', 'project_domain_id': 'default', 'project_domain_name': 'Default', 'project_id': '7a4772174fb44f8691551e688aebed1e', 'project_name': 'tempest-AttachInterfacesUnderV243Test-459804726', 'tenant_id': '7a4772174fb44f8691551e688aebed1e', 'tenant_name': 'tempest-AttachInterfacesUnderV243Test-459804726', 'user_domain_id': 'default', 'user_domain_name': 'Default', 'user_id': '9bd70488575b4578b2866fa3f25537e3', 'system': None}, Network: None, Subnet: None, Router: None
2024-10-25 05:15:33.612 62202 INFO tempest.lib.common.rest_client [req-c869d5d3-3f7d-43e4-a3f8-6c926fdac623 req-c869d5d3-3f7d-43e4-a3f8-6c926fdac623 ] Request (ServerShowV247Test:test_update_rebuild_list_server): 200 GET http://10.180.1.21/compute/v2.1/servers/e6a063b4-d4f8-46ae-89ae-2d66637896ae 0.167s
2024-10-25 05:15:33.632 62199 INFO tempest.lib.common.rest_client [req-e3f5212f-c2ce-41c4-96f0-536ff0741417 req-e3f5212f-c2ce-41c4-96f0-536ff0741417 ] Request (ServerActionsV293TestJSON:setUpClass): 200 GET http://10.180.1.21/compute/v2.1/servers/6783654c-4f87-4353-b9ba-1299158eba3a 0.145s
2024-10-25 05:15:33.656 62191 INFO tempest.lib.common.rest_client [req-35a18ae8-947f-4ada-a1a6-4ecb4e005d4a req-35a18ae8-947f-4ada-a1a6-4ecb4e005d4a ] Request (DeleteServersTestJSON:test_delete_active_server): 200 GET http://10.180.1.21/compute/v2.1/servers/2a778ae5-37be-4479-b7ff-4468d0433c86 0.163s
2024-10-25 05:15:33.670 62183 INFO tempest.lib.common.rest_client [req-1730b7af-2d51-439c-9d93-fd6e452853d5 req-1730b7af-2d51-439c-9d93-fd6e452853d5 ] Request (SecurityGroupsTestJSON:test_list_security_groups_by_server): 200 GET http://10.180.1.21/compute/v2.1/servers/5bdd7f80-e321-475f-8132-7047a7f24c75 0.144s
2024-10-25 05:15:33.671 62171 INFO tempest.lib.common.rest_client [req-22caf5f6-d717-446c-a7dd-0dfd0125ef46 req-22caf5f6-d717-446c-a7dd-0dfd0125ef46 ] Request (AttachInterfacesUnderV243Test:setUpClass): 201 POST http://10.180.1.21/identity/v3/auth/tokens 0.059s
2024-10-25 05:15:33.722 62194 INFO tempest.lib.common.rest_client [req-267d9ae9-a839-444c-b4e4-a39a43c03186 req-267d9ae9-a839-444c-b4e4-a39a43c03186 ] Request (ServerActionsTestOtherB:setUpClass): 200 GET http://10.180.1.21/compute/v2.1/servers/ef6e5c2c-1778-4079-ae35-55f9264a060d 0.188s
2024-10-25 05:15:33.777 62163 INFO tempest.lib.common.rest_client [req-770dc448-ce79-453b-b154-f6ff18d4e96a req-770dc448-ce79-453b-b154-f6ff18d4e96a ] Request (ServersAaction247Test:test_create_backup): 200 GET http://10.180.1.21/compute/v2.1/servers/84428003-72b1-467a-baf5-06ac37205622 0.200s
2024-10-25 05:15:33.820 62179 INFO tempest.lib.common.rest_client [req-37eb262f-0db1-4c78-b4ce-f7b410f1bfae req-37eb262f-0db1-4c78-b4ce-f7b410f1bfae ] Request (ServerTagsTestJSON:setUpClass): 204 DELETE http://10.180.1.21/compute/v2.1/servers/79c34bad-f29b-4d5e-97d5-6bfd6be55b31 0.289s
2024-10-25 05:15:33.962 62171 INFO tempest.lib.common.rest_client [req-190e646c-639e-415d-aeb6-91004e2af25a req-190e646c-639e-415d-aeb6-91004e2af25a ] Request (AttachInterfacesUnderV243Test:setUpClass): 201 POST http://10.180.1.21:9696/networking/v2.0/networks 0.291s
2024-10-25 05:15:34.027 62175 INFO tempest.lib.common.rest_client [req-a29c45d1-1e78-41a6-bedf-832aa7c2a6ad req-a29c45d1-1e78-41a6-bedf-832aa7c2a6ad ] Request (ServersTestBootFromVolume:setUpClass): 200 GET http://10.180.1.21/compute/v2.1/servers/362c9148-9f78-4700-9c6f-7fd0eaef4bd7 0.404s
2024-10-25 05:15:34.074 62177 INFO tempest.lib.common.rest_client [req-4683fc45-9425-4cda-8759-025398b733db req-4683fc45-9425-4cda-8759-025398b733db ] Request (ServersV294TestFqdnHostnames:setUpClass): 200 GET http://10.180.1.21/compute/v2.1/servers/949307dd-f8c4-4a79-ad82-99d416d06332 0.389s
2024-10-25 05:15:34.120 62141 INFO tempest.lib.common.rest_client [req-757ac4e0-051c-4d7e-a94a-ba4376d27ff5 req-757ac4e0-051c-4d7e-a94a-ba4376d27ff5 ] Request (ServerMetadataNegativeTestJSON:setUpClass): 200 GET http://10.180.1.21/compute/v2.1/servers/8d2cb485-32da-4fe7-8462-d98c071a6310 0.391s
2024-10-25 05:15:34.172 62171 INFO tempest.lib.common.rest_client [req-ba9268cd-272a-4731-b987-6e0ba87a0ec7 req-ba9268cd-272a-4731-b987-6e0ba87a0ec7 ] Request (AttachInterfacesUnderV243Test:setUpClass): 201 POST http://10.180.1.21:9696/networking/v2.0/subnets 0.209s
2024-10-25 05:15:34.178 62155 INFO tempest.lib.common.rest_client [req-bfb9d4e3-7556-4b37-ad0b-2be5773beead req-bfb9d4e3-7556-4b37-ad0b-2be5773beead ] Request (ServerGroupTestJSON:test_create_server_with_scheduler_hint_group): 200 GET http://10.180.1.21/compute/v2.1/servers/426a5334-83fb-4c2a-85ac-42a8dddd775b 0.432s
2024-10-25 05:15:34.194 62198 INFO tempest.lib.common.rest_client [req-31172074-92b5-4c84-828f-d19ce93e7cb0 req-31172074-92b5-4c84-828f-d19ce93e7cb0 ] Request (ServersTestJSON:test_create_server_with_ipv6_addr_only): 202 POST http://10.180.1.21/compute/v2.1/servers 0.599s
2024-10-25 05:15:34.222 62181 INFO tempest.lib.common.rest_client [req-a122b32e-098b-422e-8640-b896c9dd0f6f req-a122b32e-098b-422e-8640-b896c9dd0f6f ] Request (MigrationsAdminTest:test_resize_server_revert_deleted_flavor): 200 GET http://10.180.1.21/compute/v2.1/servers/677f1b2d-8e7e-43ed-8a99-57fe4d9e4434 0.448s
2024-10-25 05:15:34.239 62179 INFO tempest.lib.common.rest_client [req-997ee5a8-35bd-498d-8cf1-4b23c3cf8b41 req-997ee5a8-35bd-498d-8cf1-4b23c3cf8b41 ] Request (ServerTagsTestJSON:setUpClass): 404 GET http://10.180.1.21/compute/v2.1/servers/79c34bad-f29b-4d5e-97d5-6bfd6be55b31 0.419s
2024-10-25 05:15:34.240 62179 INFO tempest.test [-] raised in ServerTagsTestJSON.setUpClass. Invoking tearDownClass.
2024-10-25 05:15:34.252 62165 INFO tempest.lib.common.rest_client [req-a70f8d94-b30a-46b9-a4be-ae4db708b288 req-a70f8d94-b30a-46b9-a4be-ae4db708b288 ] Request (AttachInterfacesV270Test:test_create_get_list_interfaces): 200 GET http://10.180.1.21/compute/v2.1/servers/105aed8e-4268-4553-9564-1540cb5176dc 0.443s
2024-10-25 05:15:34.262 62165 INFO tempest.common.waiters [-] State transition "BUILD/scheduling" ==> "BUILD/None" after 63 second wait
2024-10-25 05:15:34.305 62189 INFO tempest.lib.common.rest_client [req-f6dbaeb3-5665-4dd7-b02b-33a18bff71a5 req-f6dbaeb3-5665-4dd7-b02b-33a18bff71a5 ] Request (ServerPasswordTestJSON:setUpClass): 200 GET http://10.180.1.21/compute/v2.1/servers/c7e66b30-f72d-4afd-aded-4a92dd19b388 0.179s
2024-10-25 05:15:34.318 62185 INFO tempest.lib.common.rest_client [req-49942346-4872-4539-a932-850dce74ba9e req-49942346-4872-4539-a932-850dce74ba9e ] Request (InstanceActionsV221TestJSON:test_get_list_deleted_instance_actions): 200 GET http://10.180.1.21/compute/v2.1/servers/7ae6338f-289f-415a-b261-3be2f9948572 0.496s
2024-10-25 05:15:34.358 62159 INFO tempest.lib.common.rest_client [req-ca776e05-329e-41be-b2d0-b7dcbca74a83 req-ca776e05-329e-41be-b2d0-b7dcbca74a83 ] Request (ServerDiskConfigTestJSON:test_rebuild_server_with_auto_disk_config): 200 GET http://10.180.1.21/compute/v2.1/servers/7e393163-cd68-4de2-8051-7ec10415e508 0.182s
2024-10-25 05:15:34.364 62198 INFO tempest.lib.common.rest_client [req-d8d211d5-3bac-4cef-b82a-1f615e25e54b req-d8d211d5-3bac-4cef-b82a-1f615e25e54b ] Request (ServersTestJSON:test_create_server_with_ipv6_addr_only): 200 GET http://10.180.1.21/compute/v2.1/servers/9222cafc-fcee-40b9-b6c3-f1cf677324ac 0.168s
2024-10-25 05:15:34.409 62167 INFO tempest.lib.common.rest_client [req-22c488b0-38e1-426d-8941-45a871de5f57 req-22c488b0-38e1-426d-8941-45a871de5f57 ] Request (FloatingIPsAssociationTestJSON:setUpClass): 200 GET http://10.180.1.21/compute/v2.1/servers/d4e5eb34-6f16-4920-9f95-7ea8b080084b 0.117s
2024-10-25 05:15:34.423 62149 INFO tempest.lib.common.rest_client [req-bc2a0ad4-1582-4c99-968e-8388ababbc55 req-bc2a0ad4-1582-4c99-968e-8388ababbc55 ] Request (ServerDiagnosticsV248Test:tearDownClass): 200 GET http://10.180.1.21/compute/v2.1/servers/2a8bcc04-5519-4890-839b-64dcf422526d 0.179s
2024-10-25 05:15:34.466 62161 INFO tempest.lib.common.rest_client [req-1ab46d35-1e05-4caa-8f8b-038d2d2799e7 req-1ab46d35-1e05-4caa-8f8b-038d2d2799e7 ] Request (ServerAddressesTestJSON:setUpClass): 200 GET http://10.180.1.21/compute/v2.1/servers/e997db40-b3a6-4c06-8991-cdb96954c0ca 0.146s
2024-10-25 05:15:34.478 62169 INFO tempest.lib.common.rest_client [req-deae4f43-bfb6-4906-9a89-a56632a87ba3 req-deae4f43-bfb6-4906-9a89-a56632a87ba3 ] Request (AttachInterfacesTestJSON:test_create_list_show_delete_interfaces_by_fixed_ip): 200 GET http://10.180.1.21/compute/v2.1/servers/eb372895-68b6-41cb-8ae5-dbfd57387505 0.138s
2024-10-25 05:15:34.520 62147 INFO tempest.lib.common.rest_client [req-d9eb2a11-61f7-4090-ab1a-844de66ac9d5 req-d9eb2a11-61f7-4090-ab1a-844de66ac9d5 ] Request (ServersTestMultiNic:test_verify_duplicate_network_nics): 200 GET http://10.180.1.21/compute/v2.1/servers/b92a6db6-c51a-45c8-9792-d394027bcb7c 0.152s
2024-10-25 05:15:34.534 62173 INFO tempest.lib.common.rest_client [req-7c56153d-ccd6-4035-a42c-84b8a5183495 req-7c56153d-ccd6-4035-a42c-84b8a5183495 ] Request (VolumesAdminNegativeTest:test_update_attached_volume_with_nonexistent_volume_in_body): 200 GET http://10.180.1.21/compute/v2.1/servers/60f2eb1d-de4c-4318-98c3-eb2d411c120b 0.144s
2024-10-25 05:15:34.567 62151 INFO tempest.lib.common.rest_client [req-78fe3963-de8d-443b-80fd-938024aa668b req-78fe3963-de8d-443b-80fd-938024aa668b ] Request (DeleteServersAdminTestJSON:test_delete_server_while_in_error_state): 200 GET http://10.180.1.21/compute/v2.1/servers/a9ce5207-c493-4924-8371-db65cf359523 0.127s
2024-10-25 05:15:34.585 62195 INFO tempest.lib.common.rest_client [req-b1482cb0-0eba-429c-a841-402ddeac3e7b req-b1482cb0-0eba-429c-a841-402ddeac3e7b ] Request (ServerRescueNegativeTestJSON:setUpClass): 200 GET http://10.180.1.21/compute/v2.1/servers/bfdeefe9-aa06-4ede-b8db-9b7a00cb89c3 0.102s
2024-10-25 05:15:34.621 62157 INFO tempest.lib.common.rest_client [req-078de898-b408-4f23-9911-f35b998a4836 req-078de898-b408-4f23-9911-f35b998a4836 ] Request (ServerDiagnosticsTest:test_get_server_diagnostics): 200 GET http://10.180.1.21/compute/v2.1/servers/ded96da7-74a4-4364-8424-22000411f5fe 0.133s
2024-10-25 05:15:34.646 62187 INFO tempest.lib.common.rest_client [req-ef947239-8b9b-4de5-8392-df30da3c82e7 req-ef947239-8b9b-4de5-8392-df30da3c82e7 ] Request (ServersTestJSON:setUpClass): 200 GET http://10.180.1.21/compute/v2.1/servers/090f2b46-e4f1-4b6b-b596-dd1937969007 0.114s
2024-10-25 05:15:34.693 62143 INFO tempest.lib.common.rest_client [req-f1479ec4-0ea4-4503-a09b-f3ac2af2b930 req-f1479ec4-0ea4-4503-a09b-f3ac2af2b930 ] Request (ImagesTestJSON:test_create_image_from_stopped_server): 200 GET http://10.180.1.21/compute/v2.1/servers/03f9b48c-4bd1-4018-b34f-267e1575c753 0.121s
2024-10-25 05:15:34.698 62203 INFO tempest.lib.common.rest_client [req-06805e39-080c-4be9-8495-ee1a6d488f4a req-06805e39-080c-4be9-8495-ee1a6d488f4a ] Request (ImagesNegativeTestJSON:test_create_image_from_deleted_server): 200 GET http://10.180.1.21/compute/v2.1/servers/24f832e6-9704-4105-a17f-c5c77fa52d74 0.112s
2024-10-25 05:15:34.763 62202 INFO tempest.lib.common.rest_client [req-b061a3cd-933d-4196-9524-12a172a2c5eb req-b061a3cd-933d-4196-9524-12a172a2c5eb ] Request (ServerShowV247Test:test_update_rebuild_list_server): 200 GET http://10.180.1.21/compute/v2.1/servers/e6a063b4-d4f8-46ae-89ae-2d66637896ae 0.142s
2024-10-25 05:15:34.790 62199 INFO tempest.lib.common.rest_client [req-6166df5b-c6c6-484a-a7ac-6afd5041e721 req-6166df5b-c6c6-484a-a7ac-6afd5041e721 ] Request (ServerActionsV293TestJSON:setUpClass): 200 GET http://10.180.1.21/compute/v2.1/servers/6783654c-4f87-4353-b9ba-1299158eba3a 0.145s
2024-10-25 05:15:34.819 62191 INFO tempest.lib.common.rest_client [req-96ae8328-abf0-4a2a-a199-6de6f3a82db8 req-96ae8328-abf0-4a2a-a199-6de6f3a82db8 ] Request (DeleteServersTestJSON:test_delete_active_server): 200 GET http://10.180.1.21/compute/v2.1/servers/2a778ae5-37be-4479-b7ff-4468d0433c86 0.155s
2024-10-25 05:15:34.857 62183 INFO tempest.lib.common.rest_client [req-850c3843-190c-47c4-8f26-9ded6d067db1 req-850c3843-190c-47c4-8f26-9ded6d067db1 ] Request (SecurityGroupsTestJSON:test_list_security_groups_by_server): 200 GET http://10.180.1.21/compute/v2.1/servers/5bdd7f80-e321-475f-8132-7047a7f24c75 0.179s
2024-10-25 05:15:34.880 62194 INFO tempest.lib.common.rest_client [req-4c15110d-92db-44ff-acd6-727c779e59eb req-4c15110d-92db-44ff-acd6-727c779e59eb ] Request (ServerActionsTestOtherB:setUpClass): 200 GET http://10.180.1.21/compute/v2.1/servers/ef6e5c2c-1778-4079-ae35-55f9264a060d 0.150s
2024-10-25 05:15:34.918 62163 INFO tempest.lib.common.rest_client [req-a6a790e4-a809-4544-811b-8f7f2d17f399 req-a6a790e4-a809-4544-811b-8f7f2d17f399 ] Request (ServersAaction247Test:test_create_backup): 200 GET http://10.180.1.21/compute/v2.1/servers/84428003-72b1-467a-baf5-06ac37205622 0.132s
2024-10-25 05:15:34.970 62171 INFO tempest.lib.common.rest_client [req-96453312-3876-4c0e-94a6-ae7af09d687a req-96453312-3876-4c0e-94a6-ae7af09d687a ] Request (AttachInterfacesUnderV243Test:setUpClass): 201 POST http://10.180.1.21:9696/networking/v2.0/routers 0.797s
2024-10-25 05:15:35.066 62179 INFO tempest.lib.common.rest_client [req-0c365d3b-847f-4c86-a92d-cfb737450f4e req-0c365d3b-847f-4c86-a92d-cfb737450f4e ] Request (ServerTagsTestJSON:tearDownClass): 200 PUT http://10.180.1.21:9696/networking/v2.0/routers/3ffb55b9-9671-4f98-9fb2-62348870cf05/remove_router_interface 0.826s
2024-10-25 05:15:35.118 62175 INFO tempest.lib.common.rest_client [req-b8ab039c-918e-43f1-99b7-34339fddf72f req-b8ab039c-918e-43f1-99b7-34339fddf72f ] Request (ServersTestBootFromVolume:setUpClass): 200 GET http://10.180.1.21/compute/v2.1/servers/362c9148-9f78-4700-9c6f-7fd0eaef4bd7 0.084s
2024-10-25 05:15:35.165 62177 INFO tempest.lib.common.rest_client [req-5093c800-06f0-4667-a474-c511aae3e54b req-5093c800-06f0-4667-a474-c511aae3e54b ] Request (ServersV294TestFqdnHostnames:setUpClass): 200 GET http://10.180.1.21/compute/v2.1/servers/949307dd-f8c4-4a79-ad82-99d416d06332 0.079s
2024-10-25 05:15:35.234 62141 INFO tempest.lib.common.rest_client [req-2333aaf8-d5aa-4303-9723-d94650f20d6f req-2333aaf8-d5aa-4303-9723-d94650f20d6f ] Request (ServerMetadataNegativeTestJSON:setUpClass): 200 GET http://10.180.1.21/compute/v2.1/servers/8d2cb485-32da-4fe7-8462-d98c071a6310 0.107s
2024-10-25 05:15:35.249 62155 INFO tempest.lib.common.rest_client [req-3d5c078c-44cf-405e-8c76-8cec7e12ffa4 req-3d5c078c-44cf-405e-8c76-8cec7e12ffa4 ] Request (ServerGroupTestJSON:test_create_server_with_scheduler_hint_group): 200 GET http://10.180.1.21/compute/v2.1/servers/426a5334-83fb-4c2a-85ac-42a8dddd775b 0.065s
2024-10-25 05:15:35.286 62181 INFO tempest.lib.common.rest_client [req-e773437c-d01f-41be-932d-a1cf2a1a4870 req-e773437c-d01f-41be-932d-a1cf2a1a4870 ] Request (MigrationsAdminTest:test_resize_server_revert_deleted_flavor): 200 GET http://10.180.1.21/compute/v2.1/servers/677f1b2d-8e7e-43ed-8a99-57fe4d9e4434 0.058s
2024-10-25 05:15:35.325 62165 INFO tempest.lib.common.rest_client [req-f55d474d-2273-4a79-af5c-cc3d2a38ad26 req-f55d474d-2273-4a79-af5c-cc3d2a38ad26 ] Request (AttachInterfacesV270Test:test_create_get_list_interfaces): 200 GET http://10.180.1.21/compute/v2.1/servers/105aed8e-4268-4553-9564-1540cb5176dc 0.061s
2024-10-25 05:15:35.381 62189 INFO tempest.lib.common.rest_client [req-518fab43-2695-44f5-affc-40df70ff177b req-518fab43-2695-44f5-affc-40df70ff177b ] Request (ServerPasswordTestJSON:setUpClass): 200 GET http://10.180.1.21/compute/v2.1/servers/c7e66b30-f72d-4afd-aded-4a92dd19b388 0.068s
2024-10-25 05:15:35.395 62185 INFO tempest.lib.common.rest_client [req-0f7250ba-0094-4025-b171-9a27ca92c448 req-0f7250ba-0094-4025-b171-9a27ca92c448 ] Request (InstanceActionsV221TestJSON:test_get_list_deleted_instance_actions): 200 GET http://10.180.1.21/compute/v2.1/servers/7ae6338f-289f-415a-b261-3be2f9948572 0.068s
2024-10-25 05:15:35.443 62159 INFO tempest.lib.common.rest_client [req-547dadb4-f8a0-4172-8ad6-f30b44e286a4 req-547dadb4-f8a0-4172-8ad6-f30b44e286a4 ] Request (ServerDiskConfigTestJSON:test_rebuild_server_with_auto_disk_config): 200 GET http://10.180.1.21/compute/v2.1/servers/7e393163-cd68-4de2-8051-7ec10415e508 0.077s
2024-10-25 05:15:35.450 62198 INFO tempest.lib.common.rest_client [req-4f1be5b2-80e0-4513-9219-1dea93ce83b4 req-4f1be5b2-80e0-4513-9219-1dea93ce83b4 ] Request (ServersTestJSON:test_create_server_with_ipv6_addr_only): 200 GET http://10.180.1.21/compute/v2.1/servers/9222cafc-fcee-40b9-b6c3-f1cf677324ac 0.077s
2024-10-25 05:15:35.508 62167 INFO tempest.lib.common.rest_client [req-75781128-be51-4922-9a77-195eaefd8da5 req-75781128-be51-4922-9a77-195eaefd8da5 ] Request (FloatingIPsAssociationTestJSON:setUpClass): 200 GET http://10.180.1.21/compute/v2.1/servers/d4e5eb34-6f16-4920-9f95-7ea8b080084b 0.093s
2024-10-25 05:15:35.518 62149 INFO tempest.lib.common.rest_client [req-21634b7a-85af-4615-bc75-fdf19921970d req-21634b7a-85af-4615-bc75-fdf19921970d ] Request (ServerDiagnosticsV248Test:tearDownClass): 200 GET http://10.180.1.21/compute/v2.1/servers/2a8bcc04-5519-4890-839b-64dcf422526d 0.085s
2024-10-25 05:15:35.564 62161 INFO tempest.lib.common.rest_client [req-ba73e3e4-9a12-4591-9aee-fb86f8abe61a req-ba73e3e4-9a12-4591-9aee-fb86f8abe61a ] Request (ServerAddressesTestJSON:setUpClass): 200 GET http://10.180.1.21/compute/v2.1/servers/e997db40-b3a6-4c06-8991-cdb96954c0ca 0.090s
2024-10-25 05:15:35.628 62147 INFO tempest.lib.common.rest_client [req-04f99de3-3be5-4323-9917-f696e0925e91 req-04f99de3-3be5-4323-9917-f696e0925e91 ] Request (ServersTestMultiNic:test_verify_duplicate_network_nics): 200 GET http://10.180.1.21/compute/v2.1/servers/b92a6db6-c51a-45c8-9792-d394027bcb7c 0.098s
2024-10-25 05:15:35.694 62173 INFO tempest.lib.common.rest_client [req-edbd3d2b-4339-4700-8c71-bbde57efef16 req-edbd3d2b-4339-4700-8c71-bbde57efef16 ] Request (VolumesAdminNegativeTest:test_update_attached_volume_with_nonexistent_volume_in_body): 200 GET http://10.180.1.21/compute/v2.1/servers/60f2eb1d-de4c-4318-98c3-eb2d411c120b 0.152s
2024-10-25 05:15:35.708 62169 INFO tempest.lib.common.rest_client [req-79868405-ba5d-4919-8274-91638465a890 req-79868405-ba5d-4919-8274-91638465a890 ] Request (AttachInterfacesTestJSON:test_create_list_show_delete_interfaces_by_fixed_ip): 200 GET http://10.180.1.21/compute/v2.1/servers/eb372895-68b6-41cb-8ae5-dbfd57387505 0.221s
2024-10-25 05:15:35.715 62169 INFO tempest.common.waiters [-] State transition "BUILD/None" ==> "BUILD/block_device_mapping" after 79 second wait
2024-10-25 05:15:35.759 62179 INFO tempest.lib.common.rest_client [req-ee252e87-604c-44c6-803e-c1eae8edff80 req-ee252e87-604c-44c6-803e-c1eae8edff80 ] Request (ServerTagsTestJSON:tearDownClass): 204 DELETE http://10.180.1.21:9696/networking/v2.0/routers/3ffb55b9-9671-4f98-9fb2-62348870cf05 0.692s
2024-10-25 05:15:35.761 62151 INFO tempest.lib.common.rest_client [req-a3b018a3-84e6-4169-97ab-8f516b968578 req-a3b018a3-84e6-4169-97ab-8f516b968578 ] Request (DeleteServersAdminTestJSON:test_delete_server_while_in_error_state): 200 GET http://10.180.1.21/compute/v2.1/servers/a9ce5207-c493-4924-8371-db65cf359523 0.186s
2024-10-25 05:15:35.772 62151 INFO tempest.common.waiters [-] State transition "BUILD/spawning" ==> "ERROR/None" after 85 second wait
2024-10-25 05:15:35.778 62195 INFO tempest.lib.common.rest_client [req-947d165f-d232-4032-a076-b944a5faf176 req-947d165f-d232-4032-a076-b944a5faf176 ] Request (ServerRescueNegativeTestJSON:setUpClass): 200 GET http://10.180.1.21/compute/v2.1/servers/bfdeefe9-aa06-4ede-b8db-9b7a00cb89c3 0.180s
2024-10-25 05:15:35.830 62157 INFO tempest.lib.common.rest_client [req-f3474f7b-f1b0-4b9a-b80a-6fafa8a78699 req-f3474f7b-f1b0-4b9a-b80a-6fafa8a78699 ] Request (ServerDiagnosticsTest:test_get_server_diagnostics): 200 GET http://10.180.1.21/compute/v2.1/servers/ded96da7-74a4-4364-8424-22000411f5fe 0.201s
2024-10-25 05:15:35.839 62187 INFO tempest.lib.common.rest_client [req-04d76a3f-c4d0-4d3f-b8fa-ec1da8f13a99 req-04d76a3f-c4d0-4d3f-b8fa-ec1da8f13a99 ] Request (ServersTestJSON:setUpClass): 200 GET http://10.180.1.21/compute/v2.1/servers/090f2b46-e4f1-4b6b-b596-dd1937969007 0.185s
2024-10-25 05:15:35.904 62203 INFO tempest.lib.common.rest_client [req-a3f214e3-07d8-4df6-ac70-110246fbf5c2 req-a3f214e3-07d8-4df6-ac70-110246fbf5c2 ] Request (ImagesNegativeTestJSON:test_create_image_from_deleted_server): 200 GET http://10.180.1.21/compute/v2.1/servers/24f832e6-9704-4105-a17f-c5c77fa52d74 0.195s
2024-10-25 05:15:35.914 62143 INFO tempest.lib.common.rest_client [req-3a292f59-3467-4c2b-a936-5492c6d7b6f1 req-3a292f59-3467-4c2b-a936-5492c6d7b6f1 ] Request (ImagesTestJSON:test_create_image_from_stopped_server): 200 GET http://10.180.1.21/compute/v2.1/servers/03f9b48c-4bd1-4018-b34f-267e1575c753 0.212s
2024-10-25 05:15:35.985 62202 INFO tempest.lib.common.rest_client [req-f98b3a4d-89ef-4d7d-aed8-256a57a1a973 req-f98b3a4d-89ef-4d7d-aed8-256a57a1a973 ] Request (ServerShowV247Test:test_update_rebuild_list_server): 200 GET http://10.180.1.21/compute/v2.1/servers/e6a063b4-d4f8-46ae-89ae-2d66637896ae 0.213s
2024-10-25 05:15:35.986 62171 INFO tempest.lib.common.rest_client [req-2063ad3f-f981-4798-9dfb-64224bb43367 req-2063ad3f-f981-4798-9dfb-64224bb43367 ] Request (AttachInterfacesUnderV243Test:setUpClass): 200 PUT http://10.180.1.21:9696/networking/v2.0/routers/de6c65e4-08af-4a2e-a72a-932891bdb56b/add_router_interface 1.015s
2024-10-25 05:15:35.986 62171 INFO tempest.lib.common.dynamic_creds [-] Created isolated network resources for: credentials: Credentials: {'domain_id': 'default', 'domain_name': 'Default', 'username': 'tempest-AttachInterfacesUnderV243Test-459804726-project-member', 'project_domain_id': 'default', 'project_domain_name': 'Default', 'project_id': '7a4772174fb44f8691551e688aebed1e', 'project_name': 'tempest-AttachInterfacesUnderV243Test-459804726', 'tenant_id': '7a4772174fb44f8691551e688aebed1e', 'tenant_name': 'tempest-AttachInterfacesUnderV243Test-459804726', 'user_domain_id': 'default', 'user_domain_name': 'Default', 'user_id': '9bd70488575b4578b2866fa3f25537e3', 'system': None}, Network: {'id': 'f72f2426-37d7-41c2-81cd-20c2df5781a4', 'name': 'tempest-AttachInterfacesUnderV243Test-669549945-network', 'tenant_id': '7a4772174fb44f8691551e688aebed1e', 'admin_state_up': True, 'mtu': 8950, 'status': 'ACTIVE', 'subnets': [], 'shared': False, 'project_id': '7a4772174fb44f8691551e688aebed1e', 'port_security_enabled': True, 'router:external': False, 'provider:network_type': 'vlan', 'provider:physical_network': 'default', 'provider:segmentation_id': 56, 'is_default': False, 'availability_zone_hints': [], 'availability_zones': [], 'ipv4_address_scope': None, 'ipv6_address_scope': None, 'description': '', 'tags': [], 'created_at': '2024-10-25T05:15:33Z', 'updated_at': '2024-10-25T05:15:33Z', 'revision_number': 1}, Subnet: {'id': 'd283ef4e-95ba-41b9-8ca8-3090919c60d3', 'name': 'tempest-AttachInterfacesUnderV243Test-669549945-subnet', 'tenant_id': '7a4772174fb44f8691551e688aebed1e', 'network_id': 'f72f2426-37d7-41c2-81cd-20c2df5781a4', 'ip_version': 4, 'subnetpool_id': None, 'enable_dhcp': True, 'ipv6_ra_mode': None, 'ipv6_address_mode': None, 'gateway_ip': '192.168.128.1', 'cidr': '192.168.128.0/28', 'allocation_pools': [{'start': '192.168.128.2', 'end': '192.168.128.14'}], 'host_routes': [], 'dns_nameservers': [], 'description': '', 'router:external': False, 'service_types': [], 'tags': [], 'created_at': '2024-10-25T05:15:34Z', 'updated_at': '2024-10-25T05:15:34Z', 'revision_number': 0, 'project_id': '7a4772174fb44f8691551e688aebed1e'}, Router: {'id': 'de6c65e4-08af-4a2e-a72a-932891bdb56b', 'name': 'tempest-AttachInterfacesUnderV243Test-669549945-router', 'tenant_id': '7a4772174fb44f8691551e688aebed1e', 'admin_state_up': True, 'status': 'ACTIVE', 'external_gateway_info': {'network_id': 'ce0f9030-b27a-4b77-a36f-c7bf9d974a3e', 'external_fixed_ips': [{'subnet_id': '1165243d-65e8-4d55-b1bb-daf5af0fab6b', 'ip_address': '10.180.180.216'}], 'enable_snat': True}, 'description': '', 'availability_zones': [], 'distributed': False, 'ha': False, 'availability_zone_hints': [], 'routes': [], 'flavor_id': None, 'tags': [], 'created_at': '2024-10-25T05:15:34Z', 'updated_at': '2024-10-25T05:15:34Z', 'revision_number': 2, 'project_id': '7a4772174fb44f8691551e688aebed1e'}
2024-10-25 05:15:36.019 62179 INFO tempest.lib.common.rest_client [req-ea0f81b9-3c00-4d1a-918d-c5d5a474a4e9 req-ea0f81b9-3c00-4d1a-918d-c5d5a474a4e9 ] Request (ServerTagsTestJSON:tearDownClass): 204 DELETE http://10.180.1.21:9696/networking/v2.0/subnets/b1c65b54-5f3c-4a34-a49a-85c2aa34a729 0.259s
2024-10-25 05:15:36.062 62199 INFO tempest.lib.common.rest_client [req-9f867652-2f41-49c4-ad8b-89427dada69e req-9f867652-2f41-49c4-ad8b-89427dada69e ] Request (ServerActionsV293TestJSON:setUpClass): 200 GET http://10.180.1.21/compute/v2.1/servers/6783654c-4f87-4353-b9ba-1299158eba3a 0.263s
2024-10-25 05:15:36.079 62171 INFO tempest.lib.common.rest_client [req-10868fa7-aec3-4822-8c1e-9c2a333f1751 req-10868fa7-aec3-4822-8c1e-9c2a333f1751 ] Request (AttachInterfacesUnderV243Test:setUpClass): 201 POST http://10.180.1.21/identity/v3/auth/tokens 0.090s
2024-10-25 05:15:36.124 62191 INFO tempest.lib.common.rest_client [req-03a1cca5-4440-44b7-aa1c-90b1dc0b17b7 req-03a1cca5-4440-44b7-aa1c-90b1dc0b17b7 ] Request (DeleteServersTestJSON:test_delete_active_server): 200 GET http://10.180.1.21/compute/v2.1/servers/2a778ae5-37be-4479-b7ff-4468d0433c86 0.296s
2024-10-25 05:15:36.126 62151 INFO tempest.lib.common.rest_client [req-141fdec0-4f98-48b1-9569-5f8b209aed30 req-141fdec0-4f98-48b1-9569-5f8b209aed30 ] Request (DeleteServersAdminTestJSON:test_delete_server_while_in_error_state): 204 DELETE http://10.180.1.21/compute/v2.1/servers/a9ce5207-c493-4924-8371-db65cf359523 0.353s
2024-10-25 05:15:36.178 62183 INFO tempest.lib.common.rest_client [req-32a1aa18-f488-4724-aeca-6c67ed86cf6d req-32a1aa18-f488-4724-aeca-6c67ed86cf6d ] Request (SecurityGroupsTestJSON:test_list_security_groups_by_server): 200 GET http://10.180.1.21/compute/v2.1/servers/5bdd7f80-e321-475f-8132-7047a7f24c75 0.312s
2024-10-25 05:15:36.186 62194 INFO tempest.lib.common.rest_client [req-29bcf274-a2bd-499b-b0fa-c8ddbfd493c3 req-29bcf274-a2bd-499b-b0fa-c8ddbfd493c3 ] Request (ServerActionsTestOtherB:setUpClass): 200 GET http://10.180.1.21/compute/v2.1/servers/ef6e5c2c-1778-4079-ae35-55f9264a060d 0.297s
2024-10-25 05:15:36.238 62163 INFO tempest.lib.common.rest_client [req-bf0988c3-6872-4832-9086-a90e9e94d262 req-bf0988c3-6872-4832-9086-a90e9e94d262 ] Request (ServersAaction247Test:test_create_backup): 200 GET http://10.180.1.21/compute/v2.1/servers/84428003-72b1-467a-baf5-06ac37205622 0.310s
2024-10-25 05:15:36.262 62171 INFO tempest.lib.common.rest_client [req-2f166815-7bce-4676-9d0f-9abd6a21e210 req-2f166815-7bce-4676-9d0f-9abd6a21e210 ] Request (ValidationResourcesFixture:setUp): 200 POST http://10.180.1.21/compute/v2.1/os-keypairs 0.180s
2024-10-25 05:15:36.263 62151 INFO tempest.lib.common.rest_client [req-02fa025a-ce05-46a8-a589-823fc40bb846 req-02fa025a-ce05-46a8-a589-823fc40bb846 ] Request (DeleteServersAdminTestJSON:test_delete_server_while_in_error_state): 404 GET http://10.180.1.21/compute/v2.1/servers/a9ce5207-c493-4924-8371-db65cf359523 0.136s
2024-10-25 05:15:36.273 62179 INFO tempest.lib.common.rest_client [req-1dff9f2d-f759-4014-84bc-23312e984439 req-1dff9f2d-f759-4014-84bc-23312e984439 ] Request (ServerTagsTestJSON:tearDownClass): 204 DELETE http://10.180.1.21:9696/networking/v2.0/networks/ead6d3a0-8eb2-46ba-96c4-261728acc4c0 0.253s
2024-10-25 05:15:36.319 62175 INFO tempest.lib.common.rest_client [req-7d9a443b-e610-4eb6-b4ad-88285e1df4b4 req-7d9a443b-e610-4eb6-b4ad-88285e1df4b4 ] Request (ServersTestBootFromVolume:setUpClass): 200 GET http://10.180.1.21/compute/v2.1/servers/362c9148-9f78-4700-9c6f-7fd0eaef4bd7 0.191s
2024-10-25 05:15:36.330 62177 INFO tempest.lib.common.rest_client [req-0bb1a73e-f98c-4bf7-97ef-6c42a1c053bd req-0bb1a73e-f98c-4bf7-97ef-6c42a1c053bd ] Request (ServersV294TestFqdnHostnames:setUpClass): 200 GET http://10.180.1.21/compute/v2.1/servers/949307dd-f8c4-4a79-ad82-99d416d06332 0.153s
2024-10-25 05:15:36.351 62179 INFO tempest.lib.common.rest_client [req-77da56eb-c450-4fb3-a4b2-5e5c3654a7de req-77da56eb-c450-4fb3-a4b2-5e5c3654a7de ] Request (ServerTagsTestJSON:tearDownClass): 204 DELETE http://10.180.1.21/identity/v3/users/bed596e2d5994dc58ad3e291ac87adb1 0.078s
2024-10-25 05:15:36.351 62179 INFO tempest.lib.common.dynamic_creds [-] Deleting project and security group for project: ce758a283b4c4e5093fe2e5afcc6ab71
2024-10-25 05:15:36.352 62151 INFO tempest.lib.common.rest_client [req-fb7a2d47-6d89-4020-80e8-4f42db4b7771 req-fb7a2d47-6d89-4020-80e8-4f42db4b7771 ] Request (DeleteServersAdminTestJSON:tearDownClass): 204 DELETE http://10.180.1.21/identity/v3/users/1f40d6d6fd374886a0f29824f37c2328 0.087s
2024-10-25 05:15:36.384 62155 INFO tempest.lib.common.rest_client [req-0fe6dee1-e4ec-4ef2-b8f7-1d183ef7d9a4 req-0fe6dee1-e4ec-4ef2-b8f7-1d183ef7d9a4 ] Request (ServerGroupTestJSON:test_create_server_with_scheduler_hint_group): 200 GET http://10.180.1.21/compute/v2.1/servers/426a5334-83fb-4c2a-85ac-42a8dddd775b 0.125s
2024-10-25 05:15:36.385 62141 INFO tempest.lib.common.rest_client [req-1cb89b95-d6fa-46d5-b3f5-3f2e6fa98eb9 req-1cb89b95-d6fa-46d5-b3f5-3f2e6fa98eb9 ] Request (ServerMetadataNegativeTestJSON:setUpClass): 200 GET http://10.180.1.21/compute/v2.1/servers/8d2cb485-32da-4fe7-8462-d98c071a6310 0.141s
2024-10-25 05:15:36.394 62179 INFO tempest.lib.common.rest_client [req-f96e9c77-8b0d-4d3f-82b9-5cd83845026a req-f96e9c77-8b0d-4d3f-82b9-5cd83845026a ] Request (ServerTagsTestJSON:tearDownClass): 200 GET http://10.180.1.21:9696/networking/v2.0/security-groups?tenant_id=ce758a283b4c4e5093fe2e5afcc6ab71&name=default 0.042s
2024-10-25 05:15:36.434 62181 INFO tempest.lib.common.rest_client [req-996f50a6-5221-4e49-85da-b95cb0e9db94 req-996f50a6-5221-4e49-85da-b95cb0e9db94 ] Request (MigrationsAdminTest:test_resize_server_revert_deleted_flavor): 200 GET http://10.180.1.21/compute/v2.1/servers/677f1b2d-8e7e-43ed-8a99-57fe4d9e4434 0.142s
2024-10-25 05:15:36.442 62165 INFO tempest.lib.common.rest_client [req-768c0317-4550-40c3-a68f-aa7425d4105a req-768c0317-4550-40c3-a68f-aa7425d4105a ] Request (AttachInterfacesV270Test:test_create_get_list_interfaces): 200 GET http://10.180.1.21/compute/v2.1/servers/105aed8e-4268-4553-9564-1540cb5176dc 0.104s
2024-10-25 05:15:36.449 62171 INFO tempest.lib.common.rest_client [req-4a3e3d5f-9531-46df-b6c0-83fbf91ed5f4 req-4a3e3d5f-9531-46df-b6c0-83fbf91ed5f4 ] Request (ValidationResourcesFixture:setUp): 201 POST http://10.180.1.21:9696/networking/v2.0/security-groups 0.185s
2024-10-25 05:15:36.483 62151 INFO tempest.lib.common.rest_client [req-876698e4-9358-48b5-b547-7bf2e3e7449c req-876698e4-9358-48b5-b547-7bf2e3e7449c ] Request (DeleteServersAdminTestJSON:tearDownClass): 204 DELETE http://10.180.1.21/identity/v3/users/0f5b57e197e94d749257530f48eb51eb 0.130s
2024-10-25 05:15:36.483 62151 INFO tempest.lib.common.dynamic_creds [-] Deleting project and security group for project: 7a6fe516e52141e0b8a869948bcf0056
2024-10-25 05:15:36.491 62189 INFO tempest.lib.common.rest_client [req-23db7256-af54-4836-b9d1-92a4007342d7 req-23db7256-af54-4836-b9d1-92a4007342d7 ] Request (ServerPasswordTestJSON:setUpClass): 200 GET http://10.180.1.21/compute/v2.1/servers/c7e66b30-f72d-4afd-aded-4a92dd19b388 0.103s
2024-10-25 05:15:36.496 62179 INFO tempest.lib.common.rest_client [req-11326325-80f5-40e0-8593-bac2616b4e56 req-11326325-80f5-40e0-8593-bac2616b4e56 ] Request (ServerTagsTestJSON:tearDownClass): 204 DELETE http://10.180.1.21:9696/networking/v2.0/security-groups/33a7d9b0-e112-45f1-adf2-8d77de8e44fd 0.102s
2024-10-25 05:15:36.498 62185 INFO tempest.lib.common.rest_client [req-f726f522-e8b4-4b20-ab1d-6fc347fd3553 req-f726f522-e8b4-4b20-ab1d-6fc347fd3553 ] Request (InstanceActionsV221TestJSON:test_get_list_deleted_instance_actions): 200 GET http://10.180.1.21/compute/v2.1/servers/7ae6338f-289f-415a-b261-3be2f9948572 0.093s
2024-10-25 05:15:36.552 62151 INFO tempest.lib.common.rest_client [req-0f91b4bc-1363-4be2-b9b6-92908aaba8cc req-0f91b4bc-1363-4be2-b9b6-92908aaba8cc ] Request (DeleteServersAdminTestJSON:tearDownClass): 201 POST http://10.180.1.21/identity/v3/auth/tokens 0.069s
2024-10-25 05:15:36.555 62159 INFO tempest.lib.common.rest_client [req-61bc7cf8-9cef-4a99-93b8-e3d1ee28b75a req-61bc7cf8-9cef-4a99-93b8-e3d1ee28b75a ] Request (ServerDiskConfigTestJSON:test_rebuild_server_with_auto_disk_config): 200 GET http://10.180.1.21/compute/v2.1/servers/7e393163-cd68-4de2-8051-7ec10415e508 0.105s
2024-10-25 05:15:36.565 62198 INFO tempest.lib.common.rest_client [req-20657fea-eec7-4945-a7f2-2dcefc4804d7 req-20657fea-eec7-4945-a7f2-2dcefc4804d7 ] Request (ServersTestJSON:test_create_server_with_ipv6_addr_only): 200 GET http://10.180.1.21/compute/v2.1/servers/9222cafc-fcee-40b9-b6c3-f1cf677324ac 0.103s
2024-10-25 05:15:36.599 62171 INFO tempest.lib.common.rest_client [req-2aea2801-190d-43c6-9ac4-86225351111c req-2aea2801-190d-43c6-9ac4-86225351111c ] Request (ValidationResourcesFixture:setUp): 201 POST http://10.180.1.21:9696/networking/v2.0/security-group-rules 0.149s
2024-10-25 05:15:36.614 62167 INFO tempest.lib.common.rest_client [req-1f90fc53-b8f2-45b4-b1b3-ce4c34fa9e87 req-1f90fc53-b8f2-45b4-b1b3-ce4c34fa9e87 ] Request (FloatingIPsAssociationTestJSON:setUpClass): 200 GET http://10.180.1.21/compute/v2.1/servers/d4e5eb34-6f16-4920-9f95-7ea8b080084b 0.091s
2024-10-25 05:15:36.622 62179 INFO tempest.lib.common.rest_client [req-6927b956-896e-4f7c-b05b-d0f24e0f09b9 req-6927b956-896e-4f7c-b05b-d0f24e0f09b9 ] Request (ServerTagsTestJSON:tearDownClass): 204 DELETE http://10.180.1.21/identity/v3/projects/ce758a283b4c4e5093fe2e5afcc6ab71 0.126s
2024-10-25 05:15:36.639 62149 INFO tempest.lib.common.rest_client [req-24e77825-18c3-4976-b3c7-75a154111df7 req-24e77825-18c3-4976-b3c7-75a154111df7 ] Request (ServerDiagnosticsV248Test:tearDownClass): 200 GET http://10.180.1.21/compute/v2.1/servers/2a8bcc04-5519-4890-839b-64dcf422526d 0.112s
2024-10-25 05:15:36.678 62161 INFO tempest.lib.common.rest_client [req-8ccb104e-ba0c-45f1-b672-6a112fc5ecc7 req-8ccb104e-ba0c-45f1-b672-6a112fc5ecc7 ] Request (ServerAddressesTestJSON:setUpClass): 200 GET http://10.180.1.21/compute/v2.1/servers/e997db40-b3a6-4c06-8991-cdb96954c0ca 0.106s
2024-10-25 05:15:36.706 62147 INFO tempest.lib.common.rest_client [req-db837868-bb4b-4fe0-9da8-61852f0269d1 req-db837868-bb4b-4fe0-9da8-61852f0269d1 ] Request (ServersTestMultiNic:test_verify_duplicate_network_nics): 200 GET http://10.180.1.21/compute/v2.1/servers/b92a6db6-c51a-45c8-9792-d394027bcb7c 0.065s
2024-10-25 05:15:36.753 62171 INFO tempest.lib.common.rest_client [req-2d00a3e2-e8db-470c-a30e-2647722ca136 req-2d00a3e2-e8db-470c-a30e-2647722ca136 ] Request (ValidationResourcesFixture:setUp): 201 POST http://10.180.1.21:9696/networking/v2.0/security-group-rules 0.154s
2024-10-25 05:15:36.789 62173 INFO tempest.lib.common.rest_client [req-caef467d-cb3e-465c-99bd-a85a3c623f7c req-caef467d-cb3e-465c-99bd-a85a3c623f7c ] Request (VolumesAdminNegativeTest:test_update_attached_volume_with_nonexistent_volume_in_body): 200 GET http://10.180.1.21/compute/v2.1/servers/60f2eb1d-de4c-4318-98c3-eb2d411c120b 0.082s
2024-10-25 05:15:36.795 62173 INFO tempest.common.waiters [-] State transition "BUILD/scheduling" ==> "BUILD/None" after 64 second wait
2024-10-25 05:15:36.847 62195 INFO tempest.lib.common.rest_client [req-756c5b91-e63f-44d5-857d-b35a02046c85 req-756c5b91-e63f-44d5-857d-b35a02046c85 ] Request (ServerRescueNegativeTestJSON:setUpClass): 200 GET http://10.180.1.21/compute/v2.1/servers/bfdeefe9-aa06-4ede-b8db-9b7a00cb89c3 0.054s
2024-10-25 05:15:36.865 62151 INFO tempest.lib.common.rest_client [req-2a9515a9-e9d7-4f07-88a4-69ecbc54fc91 req-2a9515a9-e9d7-4f07-88a4-69ecbc54fc91 ] Request (DeleteServersAdminTestJSON:tearDownClass): 200 GET http://10.180.1.21:9696/networking/v2.0/security-groups?tenant_id=7a6fe516e52141e0b8a869948bcf0056&name=default 0.312s
2024-10-25 05:15:36.905 62157 INFO tempest.lib.common.rest_client [req-f98c4efd-e5ec-48c1-bf93-0b957a03f31e req-f98c4efd-e5ec-48c1-bf93-0b957a03f31e ] Request (ServerDiagnosticsTest:test_get_server_diagnostics): 200 GET http://10.180.1.21/compute/v2.1/servers/ded96da7-74a4-4364-8424-22000411f5fe 0.060s
2024-10-25 05:15:36.958 62187 INFO tempest.lib.common.rest_client [req-1ad615b1-c5af-4cf8-9d74-8ec9b5dfe4e0 req-1ad615b1-c5af-4cf8-9d74-8ec9b5dfe4e0 ] Request (ServersTestJSON:setUpClass): 200 GET http://10.180.1.21/compute/v2.1/servers/090f2b46-e4f1-4b6b-b596-dd1937969007 0.107s
2024-10-25 05:15:36.976 62151 INFO tempest.lib.common.rest_client [req-3ef2d90d-bd8f-4fa1-8431-9c75ec9130ff req-3ef2d90d-bd8f-4fa1-8431-9c75ec9130ff ] Request (DeleteServersAdminTestJSON:tearDownClass): 204 DELETE http://10.180.1.21:9696/networking/v2.0/security-groups/451c33ef-beb8-45df-bd9e-683a0ef5e086 0.111s
2024-10-25 05:15:37.005 62169 INFO tempest.lib.common.rest_client [req-eb4e5cf3-f6c1-437d-81d4-9dca783539c9 req-eb4e5cf3-f6c1-437d-81d4-9dca783539c9 ] Request (AttachInterfacesTestJSON:test_create_list_show_delete_interfaces_by_fixed_ip): 200 GET http://10.180.1.21/compute/v2.1/servers/eb372895-68b6-41cb-8ae5-dbfd57387505 0.287s
2024-10-25 05:15:37.011 62169 INFO tempest.common.waiters [-] State transition "BUILD/block_device_mapping" ==> "BUILD/spawning" after 81 second wait
2024-10-25 05:15:37.015 62203 INFO tempest.lib.common.rest_client [req-edbd6ea7-3df3-4b6a-832a-d6aa6419057b req-edbd6ea7-3df3-4b6a-832a-d6aa6419057b ] Request (ImagesNegativeTestJSON:test_create_image_from_deleted_server): 200 GET http://10.180.1.21/compute/v2.1/servers/24f832e6-9704-4105-a17f-c5c77fa52d74 0.101s
2024-10-25 05:15:37.061 62151 INFO tempest.lib.common.rest_client [req-49c4be78-2cd7-4bb3-bf13-e34dc40aa429 req-49c4be78-2cd7-4bb3-bf13-e34dc40aa429 ] Request (DeleteServersAdminTestJSON:tearDownClass): 204 DELETE http://10.180.1.21/identity/v3/projects/7a6fe516e52141e0b8a869948bcf0056 0.085s
2024-10-25 05:15:37.061 62151 INFO tempest.lib.common.dynamic_creds [-] Deleting project and security group for project: a890d180b4d14864955629f63ec18850
2024-10-25 05:15:37.076 62143 INFO tempest.lib.common.rest_client [req-bb3344ab-2d45-4a5f-9225-cc42aa914238 req-bb3344ab-2d45-4a5f-9225-cc42aa914238 ] Request (ImagesTestJSON:test_create_image_from_stopped_server): 200 GET http://10.180.1.21/compute/v2.1/servers/03f9b48c-4bd1-4018-b34f-267e1575c753 0.149s
