2024-09-30 22:30:11.390 61903 INFO tempest.lib.common.rest_client [req-1418bda9-e0b7-4c6f-80a6-1e2562ef0a9b req-1418bda9-e0b7-4c6f-80a6-1e2562ef0a9b ] Request (SecurityGroupRulesTestJSON:test_security_group_rules_create_with_optional_group_id): 200 POST http://10.180.1.21/compute/v2.1/os-security-groups 8.034s
2024-09-30 22:30:12.582 61921 INFO tempest.lib.common.rest_client [req-2accf0f5-584f-4ef2-b696-02d261bc5146 req-2accf0f5-584f-4ef2-b696-02d261bc5146 ] Request (ServerMetadataTestJSON:setUpClass): 200 PUT http://10.180.1.21:9696/networking/v2.0/routers/089a102f-f806-4750-8681-8011ea566fc2/add_router_interface 4.212s
2024-09-30 22:30:12.582 61921 INFO tempest.lib.common.dynamic_creds [-] Created isolated network resources for: credentials: Credentials: {'domain_id': 'default', 'domain_name': 'Default', 'username': 'tempest-ServerMetadataTestJSON-1336933773-project-member', 'project_domain_id': 'default', 'project_domain_name': 'Default', 'project_id': '2cfd7c209d87484fb5a0dbef06b6e498', 'project_name': 'tempest-ServerMetadataTestJSON-1336933773', 'tenant_id': '2cfd7c209d87484fb5a0dbef06b6e498', 'tenant_name': 'tempest-ServerMetadataTestJSON-1336933773', 'user_domain_id': 'default', 'user_domain_name': 'Default', 'user_id': '4a2702ffe5c64a49bb9c4529499c5118', 'system': None}, Network: {'id': '691067b7-d65c-4e5e-8d59-77cad5420a7b', 'name': 'tempest-ServerMetadataTestJSON-1945466742-network', 'tenant_id': '2cfd7c209d87484fb5a0dbef06b6e498', 'admin_state_up': True, 'mtu': 8950, 'status': 'ACTIVE', 'subnets': [], 'shared': False, 'project_id': '2cfd7c209d87484fb5a0dbef06b6e498', 'port_security_enabled': True, 'router:external': False, 'provider:network_type': 'vlan', 'provider:physical_network': 'default', 'provider:segmentation_id': 800, 'is_default': False, 'availability_zone_hints': [], 'availability_zones': [], 'ipv4_address_scope': None, 'ipv6_address_scope': None, 'description': '', 'tags': [], 'created_at': '2024-09-30T22:30:04Z', 'updated_at': '2024-09-30T22:30:04Z', 'revision_number': 1}, Subnet: {'id': 'ca7a42d1-1df0-4809-9837-1f8354c06582', 'name': 'tempest-ServerMetadataTestJSON-1945466742-subnet', 'tenant_id': '2cfd7c209d87484fb5a0dbef06b6e498', 'network_id': '691067b7-d65c-4e5e-8d59-77cad5420a7b', 'ip_version': 4, 'subnetpool_id': None, 'enable_dhcp': True, 'ipv6_ra_mode': None, 'ipv6_address_mode': None, 'gateway_ip': '192.168.128.1', 'cidr': '192.168.128.0/28', 'allocation_pools': [{'start': '192.168.128.2', 'end': '192.168.128.14'}], 'host_routes': [], 'dns_nameservers': [], 'description': '', 'service_types': [], 'tags': [], 'created_at': '2024-09-30T22:30:04Z', 'updated_at': '2024-09-30T22:30:04Z', 'revision_number': 0, 'project_id': '2cfd7c209d87484fb5a0dbef06b6e498'}, Router: {'id': '089a102f-f806-4750-8681-8011ea566fc2', 'name': 'tempest-ServerMetadataTestJSON-1945466742-router', 'tenant_id': '2cfd7c209d87484fb5a0dbef06b6e498', 'admin_state_up': True, 'status': 'ACTIVE', 'external_gateway_info': {'network_id': 'bd88ca26-9ffb-405b-9e98-6b30663c0915', 'external_fixed_ips': [{'subnet_id': '02bf4ea8-f8e7-4254-8094-b970f1b9fc68', 'ip_address': '10.180.180.236'}], 'enable_snat': True}, 'description': '', 'availability_zones': [], 'distributed': False, 'ha': False, 'availability_zone_hints': [], 'routes': [], 'flavor_id': None, 'tags': [], 'created_at': '2024-09-30T22:30:05Z', 'updated_at': '2024-09-30T22:30:07Z', 'revision_number': 2, 'project_id': '2cfd7c209d87484fb5a0dbef06b6e498'}
2024-09-30 22:30:12.627 61937 INFO tempest.lib.common.rest_client [req-c0e2f606-8f50-4f82-85e5-e105cca79aff req-c0e2f606-8f50-4f82-85e5-e105cca79aff ] Request (AttachVolumeTestJSON:test_attach_detach_volume): 202 POST http://10.180.1.21/compute/v2.1/servers 7.997s
2024-09-30 22:30:12.684 61921 INFO tempest.lib.common.rest_client [req-b492c0c2-4262-46b7-bcf3-f64a4bdfdbb2 req-b492c0c2-4262-46b7-bcf3-f64a4bdfdbb2 ] Request (ServerMetadataTestJSON:setUpClass): 201 POST http://10.180.1.21/identity/v3/auth/tokens 0.098s
2024-09-30 22:30:12.730 61921 INFO tempest.lib.common.rest_client [req-aecd60af-3374-4348-af8c-572abc6241ca req-aecd60af-3374-4348-af8c-572abc6241ca ] Request (ServerMetadataTestJSON:setUpClass): 201 POST http://10.180.1.21/identity/v3/auth/tokens 0.040s
2024-09-30 22:30:12.730 61921 INFO tempest.lib.common.fixed_network [-] (ServerMetadataTestJSON:setUpClass) Found network {'id': '691067b7-d65c-4e5e-8d59-77cad5420a7b', 'name': 'tempest-ServerMetadataTestJSON-1945466742-network', 'tenant_id': '2cfd7c209d87484fb5a0dbef06b6e498', 'admin_state_up': True, 'mtu': 8950, 'status': 'ACTIVE', 'subnets': [], 'shared': False, 'project_id': '2cfd7c209d87484fb5a0dbef06b6e498', 'port_security_enabled': True, 'router:external': False, 'provider:network_type': 'vlan', 'provider:physical_network': 'default', 'provider:segmentation_id': 800, 'is_default': False, 'availability_zone_hints': [], 'availability_zones': [], 'ipv4_address_scope': None, 'ipv6_address_scope': None, 'description': '', 'tags': [], 'created_at': '2024-09-30T22:30:04Z', 'updated_at': '2024-09-30T22:30:04Z', 'revision_number': 1} available for tenant
2024-09-30 22:30:13.057 61907 INFO tempest.lib.common.rest_client [req-8dd0f2b4-a181-49d0-9413-f43ac4bac7ca req-8dd0f2b4-a181-49d0-9413-f43ac4bac7ca ] Request (ServerDiskConfigTestJSON:test_update_server_from_auto_to_manual): 200 GET http://10.180.1.21/compute/v2.1/servers/30054012-9385-4eb3-a990-3f150c1f21cb 8.387s
2024-09-30 22:30:13.080 61913 INFO tempest.lib.common.rest_client [req-552096d2-5a90-4bb7-bcf4-ea6b8298f6bd req-552096d2-5a90-4bb7-bcf4-ea6b8298f6bd ] Request (ServerRescueTestJSON:setUpClass): 404 GET http://10.180.1.21/compute/v2.1/servers/9c1a2bda-a6d2-444b-95cb-726e53268b19 7.815s
2024-09-30 22:30:13.081 61913 INFO tempest.test [-] raised in ServerRescueTestJSON.setUpClass. Invoking tearDownClass.
2024-09-30 22:30:13.149 61895 INFO tempest.lib.common.rest_client [req-016db339-92f6-41e3-b3d5-7297280177f0 req-016db339-92f6-41e3-b3d5-7297280177f0 ] Request (ServerDiagnosticsV248Test:test_get_server_diagnostics): 200 GET http://10.180.1.21/compute/v2.1/servers/a732962a-1c6b-4b5b-827d-1a1fbb726805 7.171s
2024-09-30 22:30:13.157 61895 INFO tempest.common.waiters [-] State transition "BUILD/spawning" ==> "ERROR/None" after 67 second wait
2024-09-30 22:30:13.169 61925 INFO tempest.lib.common.rest_client [req-c450a5c4-c86b-4552-91d0-d8dfdb7669b5 req-c450a5c4-c86b-4552-91d0-d8dfdb7669b5 ] Request (FloatingIPDetailsTestJSON:setUpClass): 200 POST http://10.180.1.21/compute/v2.1/os-floating-ips 8.932s
2024-09-30 22:30:13.181 61893 INFO tempest.lib.common.rest_client [req-d500d2bd-807a-4af0-bc21-371477f8e01b req-d500d2bd-807a-4af0-bc21-371477f8e01b ] Request (ValidationResourcesFixture:setUp): 200 POST http://10.180.1.21/compute/v2.1/os-keypairs 6.888s
2024-09-30 22:30:13.415 61893 INFO tempest.lib.common.rest_client [req-8b8d1906-8862-4b34-8887-d633669b3a5f req-8b8d1906-8862-4b34-8887-d633669b3a5f ] Request (ValidationResourcesFixture:setUp): 201 POST http://10.180.1.21:9696/networking/v2.0/security-groups 0.232s
2024-09-30 22:30:13.443 61947 INFO tempest.lib.common.rest_client [req-dde5fd54-77de-4b24-87c2-e5f4e20c0bf4 req-dde5fd54-77de-4b24-87c2-e5f4e20c0bf4 ] Request (DeleteServersTestJSON:test_delete_server_while_in_building_state): 200 GET http://10.180.1.21/compute/v2.1/servers/ec30e29d-4d9a-4c77-9b31-4840f8404f43 6.486s
2024-09-30 22:30:13.556 61893 INFO tempest.lib.common.rest_client [req-a90c364f-b453-4850-be5a-e371d7ebe808 req-a90c364f-b453-4850-be5a-e371d7ebe808 ] Request (ValidationResourcesFixture:setUp): 201 POST http://10.180.1.21:9696/networking/v2.0/security-group-rules 0.141s
2024-09-30 22:30:13.663 61941 INFO tempest.lib.common.rest_client [req-d0433b67-3cb1-46e1-b95a-fda3ded9fcb3 req-d0433b67-3cb1-46e1-b95a-fda3ded9fcb3 ] Request (AttachInterfacesV270Test:test_create_get_list_interfaces): 200 GET http://10.180.1.21/compute/v2.1/servers/4189e467-1484-44de-a37b-69bf3a4c17dd 5.819s
2024-09-30 22:30:13.667 61893 INFO tempest.lib.common.rest_client [req-ceae65a5-3db8-4b81-84ea-f72efe74f8bf req-ceae65a5-3db8-4b81-84ea-f72efe74f8bf ] Request (ValidationResourcesFixture:setUp): 201 POST http://10.180.1.21:9696/networking/v2.0/security-group-rules 0.110s
2024-09-30 22:30:13.722 61929 INFO tempest.lib.common.rest_client [req-ea8817ac-480b-4a77-9eed-4b56fb27da6d req-ea8817ac-480b-4a77-9eed-4b56fb27da6d ] Request (AttachVolumeShelveTestJSON:test_attach_volume_shelved_or_offload_server): 200 GET http://10.180.1.21/compute/v2.1/servers/2463194f-9466-4ff5-abae-b2e5d612e8f0 5.299s
2024-09-30 22:30:13.777 61899 INFO tempest.lib.common.rest_client [req-a5e2fea2-4ed0-4c48-bdd6-f047387028f9 req-a5e2fea2-4ed0-4c48-bdd6-f047387028f9 ] Request (ServerRescueTestJSONUnderV235:setUpClass): 200 GET http://10.180.1.21/compute/v2.1/servers/856d2cd5-fe28-42f3-bfca-97e1c93c9791 5.241s
2024-09-30 22:30:13.793 61889 INFO tempest.lib.common.rest_client [req-47d68ea4-cda3-4480-bdc3-b954308111a7 req-47d68ea4-cda3-4480-bdc3-b954308111a7 ] Request (ServerActionsTestJSON:setUpClass): 404 GET http://10.180.1.21/compute/v2.1/servers/0d7caaf7-25c8-4dbd-b6a1-a7b2093e5f78 5.102s
2024-09-30 22:30:13.794 61889 INFO tempest.test [-] raised in ServerActionsTestJSON.setUpClass. Invoking tearDownClass.
2024-09-30 22:30:13.926 61905 INFO tempest.lib.common.rest_client [req-a0544f8c-713d-4184-8e72-5c209b1ff1ad req-a0544f8c-713d-4184-8e72-5c209b1ff1ad ] Request (ValidationResourcesFixture:setUp): 200 POST http://10.180.1.21/compute/v2.1/os-keypairs 4.369s
2024-09-30 22:30:13.940 61891 INFO tempest.lib.common.rest_client [req-5c67c9ce-c86c-482d-87ea-3a3ad41a92f6 req-5c67c9ce-c86c-482d-87ea-3a3ad41a92f6 ] Request (MigrationsAdminTest:_run_cleanups): 200 GET http://10.180.1.21/compute/v2.1/flavors/detail 4.335s
2024-09-30 22:30:13.959 61936 INFO tempest.lib.common.rest_client [req-96b5b3e5-192d-49ed-bf3e-b9b8f11bdc0b req-96b5b3e5-192d-49ed-bf3e-b9b8f11bdc0b ] Request (FlavorsExtraSpecsTestJSON:test_flavor_set_get_update_show_unset_keys): 200 PUT http://10.180.1.21/compute/v2.1/flavors/824843825/os-extra_specs/hw:numa_nodes 4.097s
2024-09-30 22:30:13.971 61911 INFO tempest.lib.common.rest_client [req-3199ee21-18d2-40c5-94c3-d39061ae19ec req-3199ee21-18d2-40c5-94c3-d39061ae19ec ] Request (FlavorsAdminTestJSON:_run_cleanups): 202 DELETE http://10.180.1.21/compute/v2.1/flavors/1090460287 4.087s
2024-09-30 22:30:13.980 61939 INFO tempest.lib.common.rest_client [req-05b67104-b0ed-414a-a12f-eb466dd74531 req-05b67104-b0ed-414a-a12f-eb466dd74531 ] Request (HypervisorAdminNegativeUnderV252Test:test_show_servers_with_nonexistent_hypervisor): 404 GET http://10.180.1.21/compute/v2.1/os-hypervisors/0694bc98-c998-42e4-bf5e-4ad710afdcc1/servers 4.064s
2024-09-30 22:30:14.013 61931 INFO tempest.lib.common.rest_client [req-25520fc6-97b4-47f0-abb5-a5bc25ff9020 req-25520fc6-97b4-47f0-abb5-a5bc25ff9020 ] Request (FloatingIPsTestJSON:test_delete_floating_ip): 200 POST http://10.180.1.21/compute/v2.1/os-floating-ips 7.715s
2024-09-30 22:30:14.082 61905 INFO tempest.lib.common.rest_client [req-52311bab-904d-42ec-9498-4f75233d33c1 req-52311bab-904d-42ec-9498-4f75233d33c1 ] Request (ValidationResourcesFixture:setUp): 201 POST http://10.180.1.21:9696/networking/v2.0/security-groups 0.154s
2024-09-30 22:30:14.084 61939 INFO tempest.lib.common.rest_client [req-e340abfa-9dc4-4274-9cab-5edbe3251378 req-e340abfa-9dc4-4274-9cab-5edbe3251378 ] Request (HypervisorAdminNegativeUnderV252Test:tearDownClass): 204 DELETE http://10.180.1.21/identity/v3/users/b15c8df488a242bf9c9b997f9dd7d6f6 0.101s
2024-09-30 22:30:14.086 61891 INFO tempest.lib.common.rest_client [req-cdbb94be-f992-4024-8abc-9569dbd82107 req-cdbb94be-f992-4024-8abc-9569dbd82107 ] Request (MigrationsAdminTest:tearDownClass): 204 DELETE http://10.180.1.21/identity/v3/users/cc925ee5fbc5467d9037c9dcb0818336 0.139s
2024-09-30 22:30:14.127 61913 INFO tempest.lib.common.rest_client [req-67dd3d1c-d048-46d6-a313-ba26d02386bc req-67dd3d1c-d048-46d6-a313-ba26d02386bc ] Request (ServerRescueTestJSON:tearDownClass): 200 PUT http://10.180.1.21:9696/networking/v2.0/routers/9413a4c6-b514-42bd-82d5-6fe1e4b0644d/remove_router_interface 1.046s
2024-09-30 22:30:14.133 61949 INFO tempest.lib.common.rest_client [req-b99ba343-d6f2-4126-a79d-8a088b2a0ab3 req-b99ba343-d6f2-4126-a79d-8a088b2a0ab3 ] Request (MultipleCreateTestJSON:test_multiple_create): 200 GET http://10.180.1.21/compute/v2.1/servers/339f9d54-db19-4f03-91b9-05204d63ad8d 3.745s
2024-09-30 22:30:14.175 61905 INFO tempest.lib.common.rest_client [req-a130c0fa-4780-4d6e-a363-66fc4ea6a6f6 req-a130c0fa-4780-4d6e-a363-66fc4ea6a6f6 ] Request (ValidationResourcesFixture:setUp): 201 POST http://10.180.1.21:9696/networking/v2.0/security-group-rules 0.093s
2024-09-30 22:30:14.200 61923 INFO tempest.lib.common.rest_client [req-5b6f3ee7-34fa-4990-acf7-2c1b787c2bc3 req-5b6f3ee7-34fa-4990-acf7-2c1b787c2bc3 ] Request (VolumesTestJSON:test_volume_list_param_offset_and_limit): 200 GET http://10.180.1.21/compute/v2.1/os-volumes 3.791s
2024-09-30 22:30:14.204 61891 INFO tempest.lib.common.rest_client [req-1be62138-682c-44aa-a618-72f6f60a9659 req-1be62138-682c-44aa-a618-72f6f60a9659 ] Request (MigrationsAdminTest:tearDownClass): 204 DELETE http://10.180.1.21/identity/v3/users/d2c80fdc1fd24e938d17f6f60dd10e91 0.118s
2024-09-30 22:30:14.205 61891 INFO tempest.lib.common.dynamic_creds [-] Deleting project and security group for project: 28064c2999524d93bc64fc06a7ab193d
2024-09-30 22:30:14.205 61939 INFO tempest.lib.common.rest_client [req-a20474b3-5e7a-4fdf-b9ac-a4dd9ff45c9b req-a20474b3-5e7a-4fdf-b9ac-a4dd9ff45c9b ] Request (HypervisorAdminNegativeUnderV252Test:tearDownClass): 204 DELETE http://10.180.1.21/identity/v3/users/d4e8a58c0da94ab284912db42ae5987c 0.120s
2024-09-30 22:30:14.205 61939 INFO tempest.lib.common.dynamic_creds [-] Deleting project and security group for project: 256af5d02aee4f3baddef9bc1010cafc
2024-09-30 22:30:14.259 61891 INFO tempest.lib.common.rest_client [req-85e4c603-fd8f-4246-8bc1-3667c61fc9d6 req-85e4c603-fd8f-4246-8bc1-3667c61fc9d6 ] Request (MigrationsAdminTest:tearDownClass): 201 POST http://10.180.1.21/identity/v3/auth/tokens 0.054s
2024-09-30 22:30:14.281 61939 INFO tempest.lib.common.rest_client [req-18437676-4a9a-4d93-9afe-5712e6d6d635 req-18437676-4a9a-4d93-9afe-5712e6d6d635 ] Request (HypervisorAdminNegativeUnderV252Test:tearDownClass): 201 POST http://10.180.1.21/identity/v3/auth/tokens 0.075s
2024-09-30 22:30:14.304 61905 INFO tempest.lib.common.rest_client [req-63ac3e70-ed88-4737-914e-9a20a72a2f61 req-63ac3e70-ed88-4737-914e-9a20a72a2f61 ] Request (ValidationResourcesFixture:setUp): 201 POST http://10.180.1.21:9696/networking/v2.0/security-group-rules 0.128s
2024-09-30 22:30:14.472 61917 INFO tempest.lib.common.rest_client [req-5b3f520a-c1ab-45ea-8f4d-573f5ce45fd5 req-5b3f520a-c1ab-45ea-8f4d-573f5ce45fd5 ] Request (ServersTestMultiNic:test_verify_multiple_nics_order): 200 GET http://10.180.1.21/compute/v2.1/servers/8994b671-52fb-4939-adc3-82a8c2e12d3f 3.913s
2024-09-30 22:30:14.634 61893 INFO tempest.lib.common.rest_client [req-8f1587c9-9770-466b-8400-128fda586d3c req-8f1587c9-9770-466b-8400-128fda586d3c ] Request (ValidationResourcesFixture:setUp): 201 POST http://10.180.1.21:9696/networking/v2.0/floatingips 0.967s
2024-09-30 22:30:14.673 61891 INFO tempest.lib.common.rest_client [req-3594b3f3-df77-46e6-aaa4-2ebc724ca4b5 req-3594b3f3-df77-46e6-aaa4-2ebc724ca4b5 ] Request (MigrationsAdminTest:tearDownClass): 200 GET http://10.180.1.21:9696/networking/v2.0/security-groups?tenant_id=28064c2999524d93bc64fc06a7ab193d&name=default 0.414s
2024-09-30 22:30:14.698 61939 INFO tempest.lib.common.rest_client [req-28facf82-4068-4b45-9c26-1433bebbcd36 req-28facf82-4068-4b45-9c26-1433bebbcd36 ] Request (HypervisorAdminNegativeUnderV252Test:tearDownClass): 200 GET http://10.180.1.21:9696/networking/v2.0/security-groups?tenant_id=256af5d02aee4f3baddef9bc1010cafc&name=default 0.415s
2024-09-30 22:30:14.783 61945 INFO tempest.lib.common.rest_client [req-39d434fc-52ac-4a0f-b71e-ad25e9ba6624 req-39d434fc-52ac-4a0f-b71e-ad25e9ba6624 ] Request (AttachVolumeNegativeTest:test_attach_attached_volume_to_different_server): 200 GET http://10.180.1.21/compute/v2.1/servers/d1e020e4-847d-4716-8088-a1ce1e7f8211 3.925s
2024-09-30 22:30:14.808 61939 INFO tempest.lib.common.rest_client [req-67555014-4e1b-4b93-a9bc-ce982e194ed6 req-67555014-4e1b-4b93-a9bc-ce982e194ed6 ] Request (HypervisorAdminNegativeUnderV252Test:tearDownClass): 204 DELETE http://10.180.1.21:9696/networking/v2.0/security-groups/1dbe3292-a1c2-443e-bc52-a787ca10103f 0.110s
2024-09-30 22:30:14.874 61933 INFO tempest.lib.common.rest_client [req-8d9632e9-2687-4895-bddd-d8b58d07bcf5 req-8d9632e9-2687-4895-bddd-d8b58d07bcf5 ] Request (SecurityGroupsTestJSON:test_list_security_groups_by_server): 200 GET http://10.180.1.21/compute/v2.1/servers/1ae3cb31-b25f-4f8a-bb38-59571ebf3f1e 3.814s
2024-09-30 22:30:14.882 61939 INFO tempest.lib.common.rest_client [req-42b153a4-c3fd-4478-a072-1a5e9e0ab76d req-42b153a4-c3fd-4478-a072-1a5e9e0ab76d ] Request (HypervisorAdminNegativeUnderV252Test:tearDownClass): 204 DELETE http://10.180.1.21/identity/v3/projects/256af5d02aee4f3baddef9bc1010cafc 0.073s
2024-09-30 22:30:14.882 61939 INFO tempest.lib.common.dynamic_creds [-] Deleting project and security group for project: 842fe23ef4d845f382ac449a796a8837
2024-09-30 22:30:14.910 61913 INFO tempest.lib.common.rest_client [req-f66cd6ba-23b9-42e1-9274-594906730ae7 req-f66cd6ba-23b9-42e1-9274-594906730ae7 ] Request (ServerRescueTestJSON:tearDownClass): 204 DELETE http://10.180.1.21:9696/networking/v2.0/routers/9413a4c6-b514-42bd-82d5-6fe1e4b0644d 0.782s
2024-09-30 22:30:14.961 61891 INFO tempest.lib.common.rest_client [req-54487e26-be37-4423-976d-c4cafa9811aa req-54487e26-be37-4423-976d-c4cafa9811aa ] Request (MigrationsAdminTest:tearDownClass): 204 DELETE http://10.180.1.21:9696/networking/v2.0/security-groups/6badda34-4e4d-42ab-a73b-f47b6365767b 0.287s
2024-09-30 22:30:15.038 61913 INFO tempest.lib.common.rest_client [req-8b5d53bf-faac-4baa-b88d-c515fb050a64 req-8b5d53bf-faac-4baa-b88d-c515fb050a64 ] Request (ServerRescueTestJSON:tearDownClass): 204 DELETE http://10.180.1.21:9696/networking/v2.0/subnets/fae2588a-932f-45d7-bb08-dd6c78853969 0.128s
2024-09-30 22:30:15.100 61891 INFO tempest.lib.common.rest_client [req-64d767ac-44c9-4e68-84b4-88d249c1f4f2 req-64d767ac-44c9-4e68-84b4-88d249c1f4f2 ] Request (MigrationsAdminTest:tearDownClass): 204 DELETE http://10.180.1.21/identity/v3/projects/28064c2999524d93bc64fc06a7ab193d 0.139s
2024-09-30 22:30:15.101 61891 INFO tempest.lib.common.dynamic_creds [-] Deleting project and security group for project: d85c5061ac014c58a70a05fc5311c2a8
2024-09-30 22:30:15.125 61901 INFO tempest.lib.common.rest_client [req-9f32ce7d-419f-4a88-9bac-3e05c7bfc8cb req-9f32ce7d-419f-4a88-9bac-3e05c7bfc8cb ] Request (FloatingIPsAssociationNegativeTestJSON:setUpClass): 200 GET http://10.180.1.21/compute/v2.1/servers/2d5fb6d8-585c-4f31-9752-29cfe829926e 3.778s
2024-09-30 22:30:15.155 61891 INFO tempest.lib.common.rest_client [req-a5958b14-9a65-48ba-809f-a78f4087fe87 req-a5958b14-9a65-48ba-809f-a78f4087fe87 ] Request (MigrationsAdminTest:tearDownClass): 200 GET http://10.180.1.21:9696/networking/v2.0/security-groups?tenant_id=d85c5061ac014c58a70a05fc5311c2a8&name=default 0.054s
2024-09-30 22:30:15.155 61939 INFO tempest.lib.common.rest_client [req-244de606-d4b8-4208-863b-98dc01c96284 req-244de606-d4b8-4208-863b-98dc01c96284 ] Request (HypervisorAdminNegativeUnderV252Test:tearDownClass): 200 GET http://10.180.1.21:9696/networking/v2.0/security-groups?tenant_id=842fe23ef4d845f382ac449a796a8837&name=default 0.273s
2024-09-30 22:30:15.160 61919 INFO tempest.lib.common.rest_client [req-f3cd333d-4e6d-410d-a71e-3bcebceecce7 req-f3cd333d-4e6d-410d-a71e-3bcebceecce7 ] Request (ServersTestJSON:test_create_server_specify_multibyte_character_name): 202 POST http://10.180.1.21/compute/v2.1/servers 4.732s
2024-09-30 22:30:15.249 61913 INFO tempest.lib.common.rest_client [req-e940cf6c-6f1b-4507-9b4b-e3548e964eaa req-e940cf6c-6f1b-4507-9b4b-e3548e964eaa ] Request (ServerRescueTestJSON:tearDownClass): 204 DELETE http://10.180.1.21:9696/networking/v2.0/networks/65311cdd-aa54-45e3-b478-5ee20959e66e 0.210s
2024-09-30 22:30:15.272 61939 INFO tempest.lib.common.rest_client [req-f9f1a9ed-0823-4e0c-a802-6104f8a8e067 req-f9f1a9ed-0823-4e0c-a802-6104f8a8e067 ] Request (HypervisorAdminNegativeUnderV252Test:tearDownClass): 204 DELETE http://10.180.1.21:9696/networking/v2.0/security-groups/a37a3c61-e73d-4b38-90be-b7e1d5e7f673 0.116s
2024-09-30 22:30:15.362 61913 INFO tempest.lib.common.rest_client [req-700ee72f-6475-4ba6-b98f-86ba0f60ab56 req-700ee72f-6475-4ba6-b98f-86ba0f60ab56 ] Request (ServerRescueTestJSON:tearDownClass): 204 DELETE http://10.180.1.21/identity/v3/users/1a20d7a81365422b85126e0cd151a49c 0.113s
2024-09-30 22:30:15.363 61913 INFO tempest.lib.common.dynamic_creds [-] Deleting project and security group for project: 249e645fa5974bbb9dfb5b59cd44d22f
2024-09-30 22:30:15.370 61939 INFO tempest.lib.common.rest_client [req-ce05dd0e-b65c-4325-b752-7e0d85bd337a req-ce05dd0e-b65c-4325-b752-7e0d85bd337a ] Request (HypervisorAdminNegativeUnderV252Test:tearDownClass): 204 DELETE http://10.180.1.21/identity/v3/projects/842fe23ef4d845f382ac449a796a8837 0.098s
2024-09-30 22:30:15.394 61913 INFO tempest.lib.common.rest_client [req-38777473-f0c6-4875-bca9-b37608f9fecf req-38777473-f0c6-4875-bca9-b37608f9fecf ] Request (ServerRescueTestJSON:tearDownClass): 200 GET http://10.180.1.21:9696/networking/v2.0/security-groups?tenant_id=249e645fa5974bbb9dfb5b59cd44d22f&name=default 0.030s
2024-09-30 22:30:15.448 61939 INFO tempest.lib.common.rest_client [req-0b547b72-0e1f-4b89-a032-383825bf710b req-0b547b72-0e1f-4b89-a032-383825bf710b ] Request (ServerGroupTestJSON:setUpClass): 201 POST http://10.180.1.21/identity/v3/auth/tokens 0.076s
2024-09-30 22:30:15.462 61913 INFO tempest.lib.common.rest_client [req-ff7b8c55-80bf-4c38-9af9-e0629d762290 req-ff7b8c55-80bf-4c38-9af9-e0629d762290 ] Request (ServerRescueTestJSON:tearDownClass): 204 DELETE http://10.180.1.21:9696/networking/v2.0/security-groups/bbac68b3-9ae2-4411-b5b9-b03775e429b8 0.068s
2024-09-30 22:30:15.480 61939 INFO tempest.lib.common.rest_client [req-70d3773e-94fe-48e9-ad56-1d8ac5739bad req-70d3773e-94fe-48e9-ad56-1d8ac5739bad ] Request (ServerGroupTestJSON:setUpClass): 201 POST http://10.180.1.21/identity/v3/auth/tokens 0.029s
2024-09-30 22:30:15.500 61939 INFO tempest.lib.common.rest_client [req-407cdc8b-13bb-4dca-a56e-26f2ff41ebfa req-407cdc8b-13bb-4dca-a56e-26f2ff41ebfa ] Request (ServerGroupTestJSON:setUpClass): 200 GET http://10.180.1.21/identity/v3/domains?name=Default 0.019s
2024-09-30 22:30:15.527 61913 INFO tempest.lib.common.rest_client [req-0ab0167e-9f0d-4e37-b6fc-c561a54f1a38 req-0ab0167e-9f0d-4e37-b6fc-c561a54f1a38 ] Request (ServerRescueTestJSON:tearDownClass): 204 DELETE http://10.180.1.21/identity/v3/projects/249e645fa5974bbb9dfb5b59cd44d22f 0.064s
2024-09-30 22:30:15.555 61913 INFO tempest.lib.common.rest_client [req-97365c1d-fa61-493a-9bc8-a2ce20dcd401 req-97365c1d-fa61-493a-9bc8-a2ce20dcd401 ] Request (ComputeTenantNetworksTest:setUpClass): 201 POST http://10.180.1.21/identity/v3/auth/tokens 0.024s
2024-09-30 22:30:15.557 61939 INFO tempest.lib.common.rest_client [req-34c0fadf-8c0c-4f15-926f-e15f829791d3 req-34c0fadf-8c0c-4f15-926f-e15f829791d3 ] Request (ServerGroupTestJSON:setUpClass): 201 POST http://10.180.1.21/identity/v3/projects 0.057s
2024-09-30 22:30:15.609 61939 INFO tempest.lib.common.rest_client [req-421618a3-17f5-45b8-b475-443a8c5cd17f req-421618a3-17f5-45b8-b475-443a8c5cd17f ] Request (ServerGroupTestJSON:setUpClass): 201 POST http://10.180.1.21/identity/v3/users 0.051s
2024-09-30 22:30:15.613 61913 INFO tempest.lib.common.rest_client [req-c29e9938-1755-429e-ad5f-ac2b5e2e5a40 req-c29e9938-1755-429e-ad5f-ac2b5e2e5a40 ] Request (ComputeTenantNetworksTest:setUpClass): 201 POST http://10.180.1.21/identity/v3/auth/tokens 0.056s
2024-09-30 22:30:15.632 61939 INFO tempest.lib.common.rest_client [req-521c5cf3-bab2-4490-a440-c131945fbe85 req-521c5cf3-bab2-4490-a440-c131945fbe85 ] Request (ServerGroupTestJSON:setUpClass): 200 GET http://10.180.1.21/identity/v3/roles 0.023s
2024-09-30 22:30:15.635 61913 INFO tempest.lib.common.rest_client [req-cfcefd97-5583-4946-aad0-1c666dd3a7da req-cfcefd97-5583-4946-aad0-1c666dd3a7da ] Request (ComputeTenantNetworksTest:setUpClass): 200 GET http://10.180.1.21/identity/v3/domains?name=Default 0.021s
2024-09-30 22:30:15.638 61897 INFO tempest.lib.common.rest_client [req-6eaf6b25-c335-4abf-90cb-b39c3148bff1 req-6eaf6b25-c335-4abf-90cb-b39c3148bff1 ] Request (ServersNegativeTestJSON:setUpClass): 200 GET http://10.180.1.21/compute/v2.1/servers/6ad11e84-1ccd-4b21-b6fa-a3caf91e451d 3.830s
2024-09-30 22:30:15.641 61903 INFO tempest.lib.common.rest_client [req-8f9eed98-96d7-41fe-9f7e-9ee8ca4a29e0 req-8f9eed98-96d7-41fe-9f7e-9ee8ca4a29e0 ] Request (SecurityGroupRulesTestJSON:test_security_group_rules_create_with_optional_group_id): 200 POST http://10.180.1.21/compute/v2.1/os-security-groups 4.248s
2024-09-30 22:30:15.658 61891 INFO tempest.lib.common.rest_client [req-ee754efe-19e1-4a01-8ccd-b243925ac2cf req-ee754efe-19e1-4a01-8ccd-b243925ac2cf ] Request (MigrationsAdminTest:tearDownClass): 204 DELETE http://10.180.1.21:9696/networking/v2.0/security-groups/b02ab7d7-0090-4ed1-9396-e04028532a68 0.503s
2024-09-30 22:30:15.669 61913 INFO tempest.lib.common.rest_client [req-f90c9075-a3d4-455d-8f00-79729d5438a2 req-f90c9075-a3d4-455d-8f00-79729d5438a2 ] Request (ComputeTenantNetworksTest:setUpClass): 201 POST http://10.180.1.21/identity/v3/projects 0.032s
2024-09-30 22:30:15.668 61939 INFO tempest.lib.common.rest_client [req-4d41a73e-53ea-4b9c-86ad-1a01478d9987 req-4d41a73e-53ea-4b9c-86ad-1a01478d9987 ] Request (ServerGroupTestJSON:setUpClass): 204 PUT http://10.180.1.21/identity/v3/projects/29134c4bbe674e1e9bb264366a914e77/users/dbbc2c5ed859473b992ec76dad3aff1f/roles/7d963d276ca04a7898781729d93c8c60 0.036s
2024-09-30 22:30:15.669 61939 INFO tempest.lib.common.dynamic_creds [-] Dynamic test user dbbc2c5ed859473b992ec76dad3aff1f is created with scope project and roles: ['member']
2024-09-30 22:30:15.669 61939 INFO tempest.lib.common.dynamic_creds [-] Acquired dynamic creds: credentials: Credentials: {'domain_id': 'default', 'domain_name': 'Default', 'username': 'tempest-ServerGroupTestJSON-2011449402-project-member', 'project_domain_id': 'default', 'project_domain_name': 'Default', 'project_id': '29134c4bbe674e1e9bb264366a914e77', 'project_name': 'tempest-ServerGroupTestJSON-2011449402', 'tenant_id': '29134c4bbe674e1e9bb264366a914e77', 'tenant_name': 'tempest-ServerGroupTestJSON-2011449402', 'user_domain_id': 'default', 'user_domain_name': 'Default', 'user_id': 'dbbc2c5ed859473b992ec76dad3aff1f', 'system': None}, Network: None, Subnet: None, Router: None
2024-09-30 22:30:15.721 61913 INFO tempest.lib.common.rest_client [req-f8987eb8-0a02-4be2-bb80-75bf536e191e req-f8987eb8-0a02-4be2-bb80-75bf536e191e ] Request (ComputeTenantNetworksTest:setUpClass): 201 POST http://10.180.1.21/identity/v3/users 0.052s
2024-09-30 22:30:15.732 61937 INFO tempest.lib.common.rest_client [req-00877d9b-079c-4580-902f-2997a9c06893 req-00877d9b-079c-4580-902f-2997a9c06893 ] Request (AttachVolumeTestJSON:test_attach_detach_volume): 200 GET http://10.180.1.21/compute/v2.1/servers/f1d5f59b-0ea4-4960-90c2-6c84fc1ef77f 3.103s
2024-09-30 22:30:15.749 61891 INFO tempest.lib.common.rest_client [req-06967c31-ebfd-4f6e-8991-9c66afbab4ca req-06967c31-ebfd-4f6e-8991-9c66afbab4ca ] Request (MigrationsAdminTest:tearDownClass): 204 DELETE http://10.180.1.21/identity/v3/projects/d85c5061ac014c58a70a05fc5311c2a8 0.090s
2024-09-30 22:30:15.769 61939 INFO tempest.lib.common.rest_client [req-ad0a083c-1d7f-454a-a977-4c69614f1a7e req-ad0a083c-1d7f-454a-a977-4c69614f1a7e ] Request (ServerGroupTestJSON:setUpClass): 201 POST http://10.180.1.21/identity/v3/auth/tokens 0.100s
2024-09-30 22:30:15.801 61913 INFO tempest.lib.common.rest_client [req-7df376ef-4759-40eb-b998-80f1ed991870 req-7df376ef-4759-40eb-b998-80f1ed991870 ] Request (ComputeTenantNetworksTest:setUpClass): 200 GET http://10.180.1.21/identity/v3/roles 0.079s
2024-09-30 22:30:15.826 61891 INFO tempest.lib.common.rest_client [req-118da0a0-9283-415e-9e0b-7d839d5f203c req-118da0a0-9283-415e-9e0b-7d839d5f203c ] Request (FloatingIPsNegativeTestJSON:setUpClass): 201 POST http://10.180.1.21/identity/v3/auth/tokens 0.075s
2024-09-30 22:30:15.854 61905 INFO tempest.lib.common.rest_client [req-721c2404-4a86-4ee5-af83-7f4b1eb9519d req-721c2404-4a86-4ee5-af83-7f4b1eb9519d ] Request (ValidationResourcesFixture:setUp): 201 POST http://10.180.1.21:9696/networking/v2.0/floatingips 1.550s
2024-09-30 22:30:15.867 61887 INFO tempest.lib.common.rest_client [req-32d4caf4-769d-485c-ae12-2cb2272c33f5 req-32d4caf4-769d-485c-ae12-2cb2272c33f5 ] Request (ServerTagsTestJSON:setUpClass): 200 GET http://10.180.1.21/compute/v2.1/servers/04ec3f4a-1ad2-4e95-bded-1017f84026de 3.612s
2024-09-30 22:30:15.915 61891 INFO tempest.lib.common.rest_client [req-280a442e-e6c9-40bc-b2c4-9172b90381ed req-280a442e-e6c9-40bc-b2c4-9172b90381ed ] Request (FloatingIPsNegativeTestJSON:setUpClass): 201 POST http://10.180.1.21/identity/v3/auth/tokens 0.082s
2024-09-30 22:30:15.930 61913 INFO tempest.lib.common.rest_client [req-09424f92-45e5-4e02-a9f1-dd80ecd84bc5 req-09424f92-45e5-4e02-a9f1-dd80ecd84bc5 ] Request (ComputeTenantNetworksTest:setUpClass): 204 PUT http://10.180.1.21/identity/v3/projects/e12f4cf7f04c4e9fa815db09108063fa/users/4a22b72bc1f24828adc9acec17c996aa/roles/7d963d276ca04a7898781729d93c8c60 0.128s
2024-09-30 22:30:15.930 61913 INFO tempest.lib.common.dynamic_creds [-] Dynamic test user 4a22b72bc1f24828adc9acec17c996aa is created with scope project and roles: ['member']
2024-09-30 22:30:15.930 61913 INFO tempest.lib.common.dynamic_creds [-] Acquired dynamic creds: credentials: Credentials: {'domain_id': 'default', 'domain_name': 'Default', 'username': 'tempest-ComputeTenantNetworksTest-112706089-project-member', 'project_domain_id': 'default', 'project_domain_name': 'Default', 'project_id': 'e12f4cf7f04c4e9fa815db09108063fa', 'project_name': 'tempest-ComputeTenantNetworksTest-112706089', 'tenant_id': 'e12f4cf7f04c4e9fa815db09108063fa', 'tenant_name': 'tempest-ComputeTenantNetworksTest-112706089', 'user_domain_id': 'default', 'user_domain_name': 'Default', 'user_id': '4a22b72bc1f24828adc9acec17c996aa', 'system': None}, Network: None, Subnet: None, Router: None
2024-09-30 22:30:15.968 61905 INFO tempest.lib.common.rest_client [req-0a5e2cde-c08b-4a40-a982-2cc2617207d6 req-0a5e2cde-c08b-4a40-a982-2cc2617207d6 ] Request (AttachInterfacesUnderV243Test:test_add_remove_fixed_ip): 201 POST http://10.180.1.21/identity/v3/auth/tokens 0.109s
2024-09-30 22:30:15.968 61905 INFO tempest.lib.common.fixed_network [-] (AttachInterfacesUnderV243Test:test_add_remove_fixed_ip) Found network {'id': '6d85aa67-5a1d-4892-be11-fca6f159d26f', 'name': 'tempest-AttachInterfacesUnderV243Test-847842852-network', 'tenant_id': '50d3afa76b8d448481a81969b704dfd4', 'admin_state_up': True, 'mtu': 8950, 'status': 'ACTIVE', 'subnets': [], 'shared': False, 'project_id': '50d3afa76b8d448481a81969b704dfd4', 'port_security_enabled': True, 'router:external': False, 'provider:network_type': 'vlan', 'provider:physical_network': 'default', 'provider:segmentation_id': 119, 'is_default': False, 'availability_zone_hints': [], 'availability_zones': [], 'ipv4_address_scope': None, 'ipv6_address_scope': None, 'description': '', 'tags': [], 'created_at': '2024-09-30T22:29:57Z', 'updated_at': '2024-09-30T22:29:57Z', 'revision_number': 1} available for tenant
2024-09-30 22:30:15.989 61891 INFO tempest.lib.common.rest_client [req-9f90d0bd-edc5-49fb-ae3b-3c3c5060a0e0 req-9f90d0bd-edc5-49fb-ae3b-3c3c5060a0e0 ] Request (FloatingIPsNegativeTestJSON:setUpClass): 200 GET http://10.180.1.21/identity/v3/domains?name=Default 0.073s
2024-09-30 22:30:15.991 61913 INFO tempest.lib.common.rest_client [req-ca9de544-4e84-4946-a2db-b5d4ac7ea984 req-ca9de544-4e84-4946-a2db-b5d4ac7ea984 ] Request (ComputeTenantNetworksTest:setUpClass): 201 POST http://10.180.1.21/identity/v3/auth/tokens 0.061s
2024-09-30 22:30:16.016 61891 INFO tempest.lib.common.rest_client [req-26f0fbce-4aa1-4d27-b312-b0ac839b59cd req-26f0fbce-4aa1-4d27-b312-b0ac839b59cd ] Request (FloatingIPsNegativeTestJSON:setUpClass): 201 POST http://10.180.1.21/identity/v3/projects 0.026s
2024-09-30 22:30:16.092 61891 INFO tempest.lib.common.rest_client [req-4a89fd31-ed1c-43ff-b324-06dd0f42d31a req-4a89fd31-ed1c-43ff-b324-06dd0f42d31a ] Request (FloatingIPsNegativeTestJSON:setUpClass): 201 POST http://10.180.1.21/identity/v3/users 0.076s
2024-09-30 22:30:16.112 61891 INFO tempest.lib.common.rest_client [req-558a330e-d1d5-415a-b04b-dff4a6916fca req-558a330e-d1d5-415a-b04b-dff4a6916fca ] Request (FloatingIPsNegativeTestJSON:setUpClass): 200 GET http://10.180.1.21/identity/v3/roles 0.019s
2024-09-30 22:30:16.127 61895 INFO tempest.lib.common.rest_client [req-050bdd90-37e8-46d0-b2cb-3b36b3dbfa0e req-050bdd90-37e8-46d0-b2cb-3b36b3dbfa0e ] Request (ServerDiagnosticsV248Test:test_get_server_diagnostics): 204 DELETE http://10.180.1.21/compute/v2.1/servers/a732962a-1c6b-4b5b-827d-1a1fbb726805 2.970s
2024-09-30 22:30:16.144 61891 INFO tempest.lib.common.rest_client [req-d756ed55-b5bc-4aa7-a188-5448ddbaa28b req-d756ed55-b5bc-4aa7-a188-5448ddbaa28b ] Request (FloatingIPsNegativeTestJSON:setUpClass): 204 PUT http://10.180.1.21/identity/v3/projects/d2df37eb84824a11adeb7378b7b497b1/users/6cf199144ce64275ab7aa1ad15b3b90c/roles/7d963d276ca04a7898781729d93c8c60 0.032s
2024-09-30 22:30:16.144 61891 INFO tempest.lib.common.dynamic_creds [-] Dynamic test user 6cf199144ce64275ab7aa1ad15b3b90c is created with scope project and roles: ['member']
2024-09-30 22:30:16.144 61891 INFO tempest.lib.common.dynamic_creds [-] Acquired dynamic creds: credentials: Credentials: {'domain_id': 'default', 'domain_name': 'Default', 'username': 'tempest-FloatingIPsNegativeTestJSON-136689898-project-member', 'project_domain_id': 'default', 'project_domain_name': 'Default', 'project_id': 'd2df37eb84824a11adeb7378b7b497b1', 'project_name': 'tempest-FloatingIPsNegativeTestJSON-136689898', 'tenant_id': 'd2df37eb84824a11adeb7378b7b497b1', 'tenant_name': 'tempest-FloatingIPsNegativeTestJSON-136689898', 'user_domain_id': 'default', 'user_domain_name': 'Default', 'user_id': '6cf199144ce64275ab7aa1ad15b3b90c', 'system': None}, Network: None, Subnet: None, Router: None
2024-09-30 22:30:16.203 61891 INFO tempest.lib.common.rest_client [req-dc9c8bc1-aced-42bb-907c-fbb1c792a0e9 req-dc9c8bc1-aced-42bb-907c-fbb1c792a0e9 ] Request (FloatingIPsNegativeTestJSON:setUpClass): 201 POST http://10.180.1.21/identity/v3/auth/tokens 0.058s
2024-09-30 22:30:16.270 61939 INFO tempest.lib.common.rest_client [req-80895151-c04d-4c5a-a990-01d41dfd9d40 req-80895151-c04d-4c5a-a990-01d41dfd9d40 ] Request (ServerGroupTestJSON:setUpClass): 201 POST http://10.180.1.21:9696/networking/v2.0/networks 0.501s
2024-09-30 22:30:16.470 61913 INFO tempest.lib.common.rest_client [req-43982ed4-cc11-4596-9b35-2586dec2bd54 req-43982ed4-cc11-4596-9b35-2586dec2bd54 ] Request (ComputeTenantNetworksTest:setUpClass): 201 POST http://10.180.1.21:9696/networking/v2.0/networks 0.478s
2024-09-30 22:30:16.470 61913 INFO tempest.lib.common.dynamic_creds [-] Created isolated network resources for: credentials: Credentials: {'domain_id': 'default', 'domain_name': 'Default', 'username': 'tempest-ComputeTenantNetworksTest-112706089-project-member', 'project_domain_id': 'default', 'project_domain_name': 'Default', 'project_id': 'e12f4cf7f04c4e9fa815db09108063fa', 'project_name': 'tempest-ComputeTenantNetworksTest-112706089', 'tenant_id': 'e12f4cf7f04c4e9fa815db09108063fa', 'tenant_name': 'tempest-ComputeTenantNetworksTest-112706089', 'user_domain_id': 'default', 'user_domain_name': 'Default', 'user_id': '4a22b72bc1f24828adc9acec17c996aa', 'system': None}, Network: {'id': '8d6da2c3-c8bb-4d09-ab3a-be994313b9d6', 'name': 'tempest-ComputeTenantNetworksTest-823288979-network', 'tenant_id': 'e12f4cf7f04c4e9fa815db09108063fa', 'admin_state_up': True, 'mtu': 8950, 'status': 'ACTIVE', 'subnets': [], 'shared': False, 'project_id': 'e12f4cf7f04c4e9fa815db09108063fa', 'port_security_enabled': True, 'router:external': False, 'provider:network_type': 'vlan', 'provider:physical_network': 'default', 'provider:segmentation_id': 529, 'is_default': False, 'availability_zone_hints': [], 'availability_zones': [], 'ipv4_address_scope': None, 'ipv6_address_scope': None, 'description': '', 'tags': [], 'created_at': '2024-09-30T22:30:16Z', 'updated_at': '2024-09-30T22:30:16Z', 'revision_number': 1}, Subnet: None, Router: None
2024-09-30 22:30:16.546 61913 INFO tempest.lib.common.rest_client [req-e72fab21-ebb9-4fb2-a383-cdf813a96ac1 req-e72fab21-ebb9-4fb2-a383-cdf813a96ac1 ] Request (ComputeTenantNetworksTest:setUpClass): 201 POST http://10.180.1.21/identity/v3/auth/tokens 0.073s
2024-09-30 22:30:16.563 61921 INFO tempest.lib.common.rest_client [req-e654c8a9-e35c-475b-9f2c-bf101b095969 req-e654c8a9-e35c-475b-9f2c-bf101b095969 ] Request (ServerMetadataTestJSON:setUpClass): 202 POST http://10.180.1.21/compute/v2.1/servers 3.832s
2024-09-30 22:30:16.584 61913 INFO tempest.lib.common.rest_client [req-8a8da411-3822-4d97-b310-56a28225c01f req-8a8da411-3822-4d97-b310-56a28225c01f ] Request (ComputeTenantNetworksTest:setUpClass): 201 POST http://10.180.1.21/identity/v3/auth/tokens 0.033s
2024-09-30 22:30:16.584 61913 INFO tempest.lib.common.fixed_network [-] (ComputeTenantNetworksTest:setUpClass) Found network {'id': '8d6da2c3-c8bb-4d09-ab3a-be994313b9d6', 'name': 'tempest-ComputeTenantNetworksTest-823288979-network', 'tenant_id': 'e12f4cf7f04c4e9fa815db09108063fa', 'admin_state_up': True, 'mtu': 8950, 'status': 'ACTIVE', 'subnets': [], 'shared': False, 'project_id': 'e12f4cf7f04c4e9fa815db09108063fa', 'port_security_enabled': True, 'router:external': False, 'provider:network_type': 'vlan', 'provider:physical_network': 'default', 'provider:segmentation_id': 529, 'is_default': False, 'availability_zone_hints': [], 'availability_zones': [], 'ipv4_address_scope': None, 'ipv6_address_scope': None, 'description': '', 'tags': [], 'created_at': '2024-09-30T22:30:16Z', 'updated_at': '2024-09-30T22:30:16Z', 'revision_number': 1} available for tenant
2024-09-30 22:30:16.617 61891 INFO tempest.lib.common.rest_client [req-2987513d-d4d0-4185-9e5e-9e63903ed7b9 req-2987513d-d4d0-4185-9e5e-9e63903ed7b9 ] Request (FloatingIPsNegativeTestJSON:setUpClass): 201 POST http://10.180.1.21:9696/networking/v2.0/networks 0.413s
2024-09-30 22:30:16.645 61947 INFO tempest.lib.common.rest_client [req-0b527a34-7e81-4aeb-9c1a-8afdc188dc5e req-0b527a34-7e81-4aeb-9c1a-8afdc188dc5e ] Request (DeleteServersTestJSON:test_delete_server_while_in_building_state): 204 DELETE http://10.180.1.21/compute/v2.1/servers/ec30e29d-4d9a-4c77-9b31-4840f8404f43 3.192s
2024-09-30 22:30:16.667 61889 INFO tempest.lib.common.rest_client [req-2030f6a5-87d7-4035-ad39-0a15dbc9459e req-2030f6a5-87d7-4035-ad39-0a15dbc9459e ] Request (ServerActionsTestJSON:tearDownClass): 202 DELETE http://10.180.1.21/compute/v2.1/os-keypairs/tempest-keypair-1120312151 2.873s
2024-09-30 22:30:16.677 61936 INFO tempest.lib.common.rest_client [req-e6b2af55-1ad2-4f42-b7e4-33008472b9f2 req-e6b2af55-1ad2-4f42-b7e4-33008472b9f2 ] Request (FlavorsExtraSpecsTestJSON:test_flavor_set_get_update_show_unset_keys): 200 GET http://10.180.1.21/compute/v2.1/flavors/824843825/os-extra_specs 2.718s
2024-09-30 22:30:16.693 61911 INFO tempest.lib.common.rest_client [req-675a1c43-a539-48f8-b3d1-ab7e7f631797 req-675a1c43-a539-48f8-b3d1-ab7e7f631797 ] Request (FlavorsAdminTestJSON:_run_cleanups): 200 GET http://10.180.1.21/compute/v2.1/flavors/detail 2.721s
2024-09-30 22:30:16.778 61911 INFO tempest.lib.common.rest_client [req-3039af86-be83-408e-878a-d1aaf8de26d5 req-3039af86-be83-408e-878a-d1aaf8de26d5 ] Request (FlavorsAdminTestJSON:tearDownClass): 204 DELETE http://10.180.1.21/identity/v3/users/0f692d815bd8451e96fb0e0d1509ac7b 0.076s
2024-09-30 22:30:16.793 61939 INFO tempest.lib.common.rest_client [req-ebd12730-8f26-4fe8-9703-4efb6cb4ce01 req-ebd12730-8f26-4fe8-9703-4efb6cb4ce01 ] Request (ServerGroupTestJSON:setUpClass): 201 POST http://10.180.1.21:9696/networking/v2.0/subnets 0.522s
2024-09-30 22:30:16.882 61889 INFO tempest.lib.common.rest_client [req-749b15ca-942d-46b7-ba6f-838404becb0e req-749b15ca-942d-46b7-ba6f-838404becb0e ] Request (ServerActionsTestJSON:tearDownClass): 204 DELETE http://10.180.1.21:9696/networking/v2.0/security-groups/0be40ecf-7f62-4d20-b389-a83293dd15df 0.214s
2024-09-30 22:30:16.897 61911 INFO tempest.lib.common.rest_client [req-316645a8-1ac6-4af9-9cef-300002a368d3 req-316645a8-1ac6-4af9-9cef-300002a368d3 ] Request (FlavorsAdminTestJSON:tearDownClass): 204 DELETE http://10.180.1.21/identity/v3/users/d5e8f9c2a2ea46fb9204bbab6f0f9216 0.118s
2024-09-30 22:30:16.897 61911 INFO tempest.lib.common.dynamic_creds [-] Deleting project and security group for project: 6b5ea362b6734639a79bc2c201ffc563
2024-09-30 22:30:16.925 61889 INFO tempest.lib.common.rest_client [req-5416b89c-9efe-4ced-b20e-64cebe7229c2 req-5416b89c-9efe-4ced-b20e-64cebe7229c2 ] Request (ServerActionsTestJSON:tearDownClass): 404 GET http://10.180.1.21:9696/networking/v2.0/security-groups/0be40ecf-7f62-4d20-b389-a83293dd15df 0.042s
2024-09-30 22:30:16.965 61911 INFO tempest.lib.common.rest_client [req-7b11e562-d590-4f60-add5-87634c801730 req-7b11e562-d590-4f60-add5-87634c801730 ] Request (FlavorsAdminTestJSON:tearDownClass): 201 POST http://10.180.1.21/identity/v3/auth/tokens 0.068s
2024-09-30 22:30:17.085 61891 INFO tempest.lib.common.rest_client [req-ef6f3e7b-77bb-42da-8b9b-5b06330b86dc req-ef6f3e7b-77bb-42da-8b9b-5b06330b86dc ] Request (FloatingIPsNegativeTestJSON:setUpClass): 201 POST http://10.180.1.21:9696/networking/v2.0/subnets 0.467s
2024-09-30 22:30:17.394 61911 INFO tempest.lib.common.rest_client [req-36016ce1-7bf7-4125-a3cc-5b6200f91292 req-36016ce1-7bf7-4125-a3cc-5b6200f91292 ] Request (FlavorsAdminTestJSON:tearDownClass): 200 GET http://10.180.1.21:9696/networking/v2.0/security-groups?tenant_id=6b5ea362b6734639a79bc2c201ffc563&name=default 0.429s
2024-09-30 22:30:17.593 61889 INFO tempest.lib.common.rest_client [req-1a2311bb-27ea-4b7d-8a62-c30056f0716e req-1a2311bb-27ea-4b7d-8a62-c30056f0716e ] Request (ServerActionsTestJSON:tearDownClass): 204 DELETE http://10.180.1.21:9696/networking/v2.0/floatingips/13b24100-7497-4248-bbff-ee288dc9f7da 0.667s
2024-09-30 22:30:17.814 61911 INFO tempest.lib.common.rest_client [req-e010191e-3c56-4dd9-bfdd-1f9e2bf40071 req-e010191e-3c56-4dd9-bfdd-1f9e2bf40071 ] Request (FlavorsAdminTestJSON:tearDownClass): 204 DELETE http://10.180.1.21:9696/networking/v2.0/security-groups/0aae921f-2a2f-4338-aa3a-8a67aeca3835 0.420s
2024-09-30 22:30:17.896 61911 INFO tempest.lib.common.rest_client [req-a43c73ba-ecb6-43ca-ae36-38f4e9dead01 req-a43c73ba-ecb6-43ca-ae36-38f4e9dead01 ] Request (FlavorsAdminTestJSON:tearDownClass): 204 DELETE http://10.180.1.21/identity/v3/projects/6b5ea362b6734639a79bc2c201ffc563 0.081s
2024-09-30 22:30:17.896 61911 INFO tempest.lib.common.dynamic_creds [-] Deleting project and security group for project: 7f95408bfc3d4bc68c089115652947a6
2024-09-30 22:30:18.152 61911 INFO tempest.lib.common.rest_client [req-05bf00dc-3f6a-4906-a05f-d64369e2f1df req-05bf00dc-3f6a-4906-a05f-d64369e2f1df ] Request (FlavorsAdminTestJSON:tearDownClass): 200 GET http://10.180.1.21:9696/networking/v2.0/security-groups?tenant_id=7f95408bfc3d4bc68c089115652947a6&name=default 0.256s
2024-09-30 22:30:18.318 61911 INFO tempest.lib.common.rest_client [req-33a34100-1f70-47b0-af10-e1046decdf5b req-33a34100-1f70-47b0-af10-e1046decdf5b ] Request (FlavorsAdminTestJSON:tearDownClass): 204 DELETE http://10.180.1.21:9696/networking/v2.0/security-groups/9b2104bf-95a5-43b4-9904-0fac37f6268d 0.165s
2024-09-30 22:30:18.427 61931 INFO tempest.lib.common.rest_client [req-eed230cb-4646-42f3-8913-82bdf82ebe37 req-eed230cb-4646-42f3-8913-82bdf82ebe37 ] Request (FloatingIPsTestJSON:test_delete_floating_ip): 202 DELETE http://10.180.1.21/compute/v2.1/os-floating-ips/18afdbbd-ce02-4dcf-b3ca-0bb05afed0c4 4.412s
2024-09-30 22:30:18.453 61911 INFO tempest.lib.common.rest_client [req-3234ab6e-6515-4a4e-bbfe-3c8dce32e195 req-3234ab6e-6515-4a4e-bbfe-3c8dce32e195 ] Request (FlavorsAdminTestJSON:tearDownClass): 204 DELETE http://10.180.1.21/identity/v3/projects/7f95408bfc3d4bc68c089115652947a6 0.135s
2024-09-30 22:30:18.462 61925 INFO tempest.lib.common.rest_client [req-5a51aec2-7c61-4ee0-95b6-9bfd67064a9b req-5a51aec2-7c61-4ee0-95b6-9bfd67064a9b ] Request (FloatingIPDetailsTestJSON:setUpClass): 200 POST http://10.180.1.21/compute/v2.1/os-floating-ips 5.289s
2024-09-30 22:30:18.528 61923 INFO tempest.lib.common.rest_client [req-c9b85d88-bad1-4548-be69-f05dd9f84473 req-c9b85d88-bad1-4548-be69-f05dd9f84473 ] Request (VolumesTestJSON:test_volume_list_param_offset_and_limit): 200 GET http://10.180.1.21/compute/v2.1/os-volumes?offset=1&limit=1 4.325s
2024-09-30 22:30:18.537 61911 INFO tempest.lib.common.rest_client [req-8612026e-b47b-432b-ba14-50542e66a437 req-8612026e-b47b-432b-ba14-50542e66a437 ] Request (ServicesAdminTestJSON:setUpClass): 201 POST http://10.180.1.21/identity/v3/auth/tokens 0.081s
2024-09-30 22:30:18.626 61911 INFO tempest.lib.common.rest_client [req-d40a0d8c-bb34-48e0-8f94-ff1e3c330057 req-d40a0d8c-bb34-48e0-8f94-ff1e3c330057 ] Request (ServicesAdminTestJSON:setUpClass): 201 POST http://10.180.1.21/identity/v3/auth/tokens 0.042s
2024-09-30 22:30:18.653 61911 INFO tempest.lib.common.rest_client [req-948c0a86-4ab0-49ab-b657-27f447579447 req-948c0a86-4ab0-49ab-b657-27f447579447 ] Request (ServicesAdminTestJSON:setUpClass): 200 GET http://10.180.1.21/identity/v3/domains?name=Default 0.026s
2024-09-30 22:30:18.692 61911 INFO tempest.lib.common.rest_client [req-cf0eb089-cde3-480f-a325-dbca6f659d42 req-cf0eb089-cde3-480f-a325-dbca6f659d42 ] Request (ServicesAdminTestJSON:setUpClass): 201 POST http://10.180.1.21/identity/v3/projects 0.039s
2024-09-30 22:30:18.775 61911 INFO tempest.lib.common.rest_client [req-a393a4c7-c099-4407-ac8f-5a1650b75f05 req-a393a4c7-c099-4407-ac8f-5a1650b75f05 ] Request (ServicesAdminTestJSON:setUpClass): 201 POST http://10.180.1.21/identity/v3/users 0.082s
2024-09-30 22:30:18.806 61911 INFO tempest.lib.common.rest_client [req-018d8485-f795-4b1e-b371-9ea85c2b2ff1 req-018d8485-f795-4b1e-b371-9ea85c2b2ff1 ] Request (ServicesAdminTestJSON:setUpClass): 200 GET http://10.180.1.21/identity/v3/roles 0.030s
2024-09-30 22:30:18.864 61907 INFO tempest.lib.common.rest_client [req-c5d2467a-fab6-42e8-b9ab-2d370f41574c req-c5d2467a-fab6-42e8-b9ab-2d370f41574c ] Request (ServerDiskConfigTestJSON:test_update_server_from_auto_to_manual): 200 GET http://10.180.1.21/compute/v2.1/servers/30054012-9385-4eb3-a990-3f150c1f21cb 4.797s
2024-09-30 22:30:18.871 61911 INFO tempest.lib.common.rest_client [req-b76b0503-eacd-4c1f-8b2b-558039bae3aa req-b76b0503-eacd-4c1f-8b2b-558039bae3aa ] Request (ServicesAdminTestJSON:setUpClass): 204 PUT http://10.180.1.21/identity/v3/projects/9705cd33967d4945a1fe61ca2369e8fb/users/384f78d99a7349ba8214569a220531bc/roles/7d963d276ca04a7898781729d93c8c60 0.064s
2024-09-30 22:30:18.871 61911 INFO tempest.lib.common.dynamic_creds [-] Dynamic test user 384f78d99a7349ba8214569a220531bc is created with scope project and roles: ['member']
2024-09-30 22:30:18.871 61911 INFO tempest.lib.common.dynamic_creds [-] Acquired dynamic creds: credentials: Credentials: {'domain_id': 'default', 'domain_name': 'Default', 'username': 'tempest-ServicesAdminTestJSON-2001277307-project-member', 'project_domain_id': 'default', 'project_domain_name': 'Default', 'project_id': '9705cd33967d4945a1fe61ca2369e8fb', 'project_name': 'tempest-ServicesAdminTestJSON-2001277307', 'tenant_id': '9705cd33967d4945a1fe61ca2369e8fb', 'tenant_name': 'tempest-ServicesAdminTestJSON-2001277307', 'user_domain_id': 'default', 'user_domain_name': 'Default', 'user_id': '384f78d99a7349ba8214569a220531bc', 'system': None}, Network: None, Subnet: None, Router: None
2024-09-30 22:30:18.872 61911 INFO tempest.lib.common.dynamic_creds [-] Created isolated network resources for: credentials: Credentials: {'domain_id': 'default', 'domain_name': 'Default', 'username': 'tempest-ServicesAdminTestJSON-2001277307-project-member', 'project_domain_id': 'default', 'project_domain_name': 'Default', 'project_id': '9705cd33967d4945a1fe61ca2369e8fb', 'project_name': 'tempest-ServicesAdminTestJSON-2001277307', 'tenant_id': '9705cd33967d4945a1fe61ca2369e8fb', 'tenant_name': 'tempest-ServicesAdminTestJSON-2001277307', 'user_domain_id': 'default', 'user_domain_name': 'Default', 'user_id': '384f78d99a7349ba8214569a220531bc', 'system': None}, Network: None, Subnet: None, Router: None
2024-09-30 22:30:19.003 61891 INFO tempest.lib.common.rest_client [req-026d4194-dbf9-4047-a59e-4e7ff9ce6c90 req-026d4194-dbf9-4047-a59e-4e7ff9ce6c90 ] Request (FloatingIPsNegativeTestJSON:setUpClass): 201 POST http://10.180.1.21:9696/networking/v2.0/routers 1.917s
2024-09-30 22:30:19.005 61911 INFO tempest.lib.common.rest_client [req-4a1eafb4-481e-4e5b-8cbe-e25d789ec8ab req-4a1eafb4-481e-4e5b-8cbe-e25d789ec8ab ] Request (ServicesAdminTestJSON:setUpClass): 201 POST http://10.180.1.21/identity/v3/auth/tokens 0.130s
2024-09-30 22:30:19.065 61911 INFO tempest.lib.common.rest_client [req-53dc9b7c-d9b5-41af-be9b-e1d5ddc4962c req-53dc9b7c-d9b5-41af-be9b-e1d5ddc4962c ] Request (ServicesAdminTestJSON:setUpClass): 201 POST http://10.180.1.21/identity/v3/projects 0.059s
2024-09-30 22:30:19.127 61911 INFO tempest.lib.common.rest_client [req-d413c93d-826c-48aa-a452-b61a79ef94f1 req-d413c93d-826c-48aa-a452-b61a79ef94f1 ] Request (ServicesAdminTestJSON:setUpClass): 201 POST http://10.180.1.21/identity/v3/users 0.061s
