2024-09-30 22:28:29.360 61933 INFO tempest.lib.common.rest_client [req-08f23821-1d7a-4862-8c25-b04d89a97096 req-08f23821-1d7a-4862-8c25-b04d89a97096 ] Request (ServersAdmin275Test:test_rebuild_update_server_275): 200 PUT http://10.180.1.21/compute/v2.1/servers/c4aa6578-95ee-4bb3-86e7-758aa3446f8a 4.240s
2024-09-30 22:28:29.698 61893 INFO tempest.lib.common.rest_client [req-5f2fc9c6-2ebb-4815-be68-4aa7d6604b6c req-5f2fc9c6-2ebb-4815-be68-4aa7d6604b6c ] Request (AttachInterfacesTestJSON:setUpClass): 201 POST http://10.180.1.21:9696/networking/v2.0/networks 0.695s
2024-09-30 22:28:29.852 61939 INFO tempest.lib.common.rest_client [req-00b8d3ed-c7ab-4e79-85ea-8a2d4d911145 req-00b8d3ed-c7ab-4e79-85ea-8a2d4d911145 ] Request (VolumesAssistedSnapshotsTest:test_volume_assisted_snapshot_create_delete): 202 POST http://10.180.1.21/compute/v2.1/servers 4.890s
2024-09-30 22:28:29.917 61929 INFO tempest.lib.common.rest_client [req-178828ab-cb3c-4950-9af2-2192e6d0f682 req-178828ab-cb3c-4950-9af2-2192e6d0f682 ] Request (InstanceActionsV221TestJSON:setUpClass): 201 POST http://10.180.1.21:9696/networking/v2.0/subnets 0.743s
2024-09-30 22:28:29.947 61937 INFO tempest.lib.common.rest_client [req-d4c99f6e-bbe7-43e7-83fb-b2653452fc40 req-d4c99f6e-bbe7-43e7-83fb-b2653452fc40 ] Request (ServersTestJSON:setUpClass): 201 POST http://10.180.1.21:9696/networking/v2.0/networks 1.371s
2024-09-30 22:28:30.043 61913 INFO tempest.lib.common.rest_client [req-eb0902ea-a4b8-4438-a342-16a589e6f999 req-eb0902ea-a4b8-4438-a342-16a589e6f999 ] Request (ImagesNegativeTestJSON:test_create_image_from_deleted_server): 200 GET http://10.180.1.21/compute/v2.1/servers/54d87061-e7f7-46d9-92c2-b27826702e63 4.490s
2024-09-30 22:28:30.049 61931 INFO tempest.lib.common.rest_client [req-f188c0f9-f46d-4d30-bc92-6f0a9ee3225f req-f188c0f9-f46d-4d30-bc92-6f0a9ee3225f ] Request (HostsAdminNegativeTestJSON:test_update_host_without_param): 400 PUT http://10.180.1.21/compute/v2.1/os-hosts/devstack 4.347s
2024-09-30 22:28:30.059 61936 INFO tempest.lib.common.rest_client [req-050af08c-cb89-46c6-9860-54a0626ea9fc req-050af08c-cb89-46c6-9860-54a0626ea9fc ] Request (AggregatesAdminNegativeTestJSON:test_aggregate_create_aggregate_name_length_less_than_1): 400 POST http://10.180.1.21/compute/v2.1/os-aggregates 4.346s
2024-09-30 22:28:30.067 61947 INFO tempest.lib.common.rest_client [req-462c8834-7738-44b7-9b53-be82c5fa5557 req-462c8834-7738-44b7-9b53-be82c5fa5557 ] Request (KeyPairsNegativeTestJSON:test_create_keypair_with_empty_name_string): 400 POST http://10.180.1.21/compute/v2.1/os-keypairs 4.337s
2024-09-30 22:28:30.091 61911 INFO tempest.lib.common.rest_client [req-f650791a-2fc3-4340-bee1-0462f2eb910d req-f650791a-2fc3-4340-bee1-0462f2eb910d ] Request (FlavorsAdminTestJSON:_run_cleanups): 202 DELETE http://10.180.1.21/compute/v2.1/flavors/93e4e306-2411-4e28-b3a5-d93df22987c9 4.305s
2024-09-30 22:28:30.122 61943 INFO tempest.lib.common.rest_client [req-e6e7c6f6-9c22-488c-bfec-a5f16f1b4489 req-e6e7c6f6-9c22-488c-bfec-a5f16f1b4489 ] Request (VolumesGetTestJSON:tearDownClass): 404 GET http://10.180.1.21/compute/v2.1/os-volumes/5c08c7f0-cf09-4925-9eff-4c167a1b4b57 4.282s
2024-09-30 22:28:30.128 61903 INFO tempest.lib.common.rest_client [req-5352367e-aafb-4321-bd4b-076ab45a5b0d req-5352367e-aafb-4321-bd4b-076ab45a5b0d ] Request (QuotasAdminNegativeTest:test_create_server_when_cpu_quota_is_full): 200 PUT http://10.180.1.21/compute/v2.1/os-quota-sets/f7528ecac5aa49ce888efe0fa26cd8ac 4.433s
2024-09-30 22:28:30.142 61891 INFO tempest.lib.common.rest_client [req-bfff9d82-c77b-4668-9d3b-2c55766dfa18 req-bfff9d82-c77b-4668-9d3b-2c55766dfa18 ] Request (InstanceUsageAuditLogNegativeTestJSON:test_instance_usage_audit_logs_with_nonadmin_user): 403 GET http://10.180.1.21/compute/v2.1/os-instance_usage_audit_log/2024-09-30%2022%3A28%3A25 4.177s
2024-09-30 22:28:30.148 61899 INFO tempest.lib.common.rest_client [req-3191a056-a3d5-4c25-8a26-40bd3bd59e2f req-3191a056-a3d5-4c25-8a26-40bd3bd59e2f ] Request (FlavorsAccessNegativeTestJSON:_run_cleanups): 200 GET http://10.180.1.21/compute/v2.1/flavors/detail 4.291s
2024-09-30 22:28:30.249 61903 INFO tempest.lib.common.rest_client [req-fb030768-cbfb-4bc0-a997-6380253f2b5f req-fb030768-cbfb-4bc0-a997-6380253f2b5f ] Request (QuotasAdminNegativeTest:test_create_server_when_cpu_quota_is_full): 201 POST http://10.180.1.21/identity/v3/auth/tokens 0.113s
2024-09-30 22:28:30.250 61903 INFO tempest.lib.common.fixed_network [-] (QuotasAdminNegativeTest:test_create_server_when_cpu_quota_is_full) Found network None available for tenant
2024-09-30 22:28:30.289 61943 INFO tempest.lib.common.rest_client [req-04f52076-cf0f-4ccf-8396-6d35272c0cce req-04f52076-cf0f-4ccf-8396-6d35272c0cce ] Request (VolumesGetTestJSON:tearDownClass): 204 DELETE http://10.180.1.21/identity/v3/users/cf1a28a4ede548b8b47e463b61325dee 0.166s
2024-09-30 22:28:30.289 61943 INFO tempest.lib.common.dynamic_creds [-] Deleting project and security group for project: 7498b331520f49aaa9673cf35feadfef
2024-09-30 22:28:30.380 61945 INFO tempest.lib.common.rest_client [req-fad1f8b8-f1b2-4c90-8789-3a6d4571935b req-fad1f8b8-f1b2-4c90-8789-3a6d4571935b ] Request (ImagesMetadataTestJSON:test_delete_image_metadata_item): 204 DELETE http://10.180.1.21/compute/v2.1/images/eb3bf304-1212-4794-a9ba-b3366b8cf1eb/metadata/os_version 3.959s
2024-09-30 22:28:30.389 61949 INFO tempest.lib.common.rest_client [req-f8f3e15f-06ec-4754-853e-041f6f19a06c req-f8f3e15f-06ec-4754-853e-041f6f19a06c ] Request (ServersTestBootFromVolume:setUpClass): 200 GET http://10.180.1.21/volume/v3/967798ef25254f9f93e4d49b7091c10c/volumes/55bdb11f-cc51-49e7-9941-cda372f9252f 0.082s
2024-09-30 22:28:30.394 61943 INFO tempest.lib.common.rest_client [req-26cfde81-de08-448b-9d8f-4417ef02fc7a req-26cfde81-de08-448b-9d8f-4417ef02fc7a ] Request (VolumesGetTestJSON:tearDownClass): 201 POST http://10.180.1.21/identity/v3/auth/tokens 0.104s
2024-09-30 22:28:30.479 61891 INFO tempest.lib.common.rest_client [req-65259270-4da6-46cd-8f1d-a67784855fe2 req-65259270-4da6-46cd-8f1d-a67784855fe2 ] Request (InstanceUsageAuditLogNegativeTestJSON:tearDownClass): 204 DELETE http://10.180.1.21/identity/v3/users/8f24c07b6c2841a4ab96e45fb8bdddec 0.335s
2024-09-30 22:28:30.512 61909 INFO tempest.lib.common.rest_client [req-f70bca64-40ad-4d20-be2d-cc303f7f35cf req-f70bca64-40ad-4d20-be2d-cc303f7f35cf ] Request (TenantUsagesTestJSON:setUpClass): 200 GET http://10.180.1.21/compute/v2.1/servers/e87d8df2-7297-49f1-806d-ccdfed8efa22 3.749s
2024-09-30 22:28:30.520 61909 INFO tempest.common.waiters [-] State transition "BUILD/spawning" ==> "ERROR/None" after 5 second wait
2024-09-30 22:28:30.561 61915 INFO tempest.lib.common.rest_client [req-0e0ffbc3-8a64-4544-af41-4bb9b7f12cd7 req-0e0ffbc3-8a64-4544-af41-4bb9b7f12cd7 ] Request (ServersAdminNegativeTestJSON:setUpClass): 404 GET http://10.180.1.21/compute/v2.1/servers/21940e58-0950-4f25-9b2e-ce90ef3619fa 3.791s
2024-09-30 22:28:30.563 61915 INFO tempest.test [-] raised in ServersAdminNegativeTestJSON.setUpClass. Invoking tearDownClass.
2024-09-30 22:28:30.579 61923 INFO tempest.lib.common.rest_client [req-bdc768c1-aeb8-4a1a-ac50-fe3f59d53de2 req-bdc768c1-aeb8-4a1a-ac50-fe3f59d53de2 ] Request (FloatingIPsAssociationTestJSON:setUpClass): 204 DELETE http://10.180.1.21/compute/v2.1/servers/a4233323-e0da-492a-a1fb-f3d05cae49f1 4.479s
2024-09-30 22:28:30.652 61941 INFO tempest.lib.common.rest_client [req-7c12cfee-bf0f-46aa-8507-5fbd7ecd93d8 req-7c12cfee-bf0f-46aa-8507-5fbd7ecd93d8 ] Request (HypervisorAdminUnderV252Test:test_get_hypervisor_show_servers): 200 GET http://10.180.1.21/compute/v2.1/os-hypervisors/domain-c8.fc996f14-c53b-4953-92e3-bdfa48f5cc28/servers 3.282s
2024-09-30 22:28:30.692 61891 INFO tempest.lib.common.rest_client [req-5eea4f52-4a91-4261-866e-69acd4c92de2 req-5eea4f52-4a91-4261-866e-69acd4c92de2 ] Request (InstanceUsageAuditLogNegativeTestJSON:tearDownClass): 204 DELETE http://10.180.1.21/identity/v3/users/9c45bde5b25d4849a706192ac6198403 0.212s
2024-09-30 22:28:30.693 61891 INFO tempest.lib.common.dynamic_creds [-] Deleting project and security group for project: b9499bd5fc98467daec5f7d6b1522f37
2024-09-30 22:28:30.694 61893 INFO tempest.lib.common.rest_client [req-b5d5dea2-327d-4233-aef9-154ee350963d req-b5d5dea2-327d-4233-aef9-154ee350963d ] Request (AttachInterfacesTestJSON:setUpClass): 201 POST http://10.180.1.21:9696/networking/v2.0/subnets 0.995s
2024-09-30 22:28:30.772 61891 INFO tempest.lib.common.rest_client [req-f5c9a48c-fd43-4958-a027-f246b3bbebab req-f5c9a48c-fd43-4958-a027-f246b3bbebab ] Request (InstanceUsageAuditLogNegativeTestJSON:tearDownClass): 201 POST http://10.180.1.21/identity/v3/auth/tokens 0.079s
2024-09-30 22:28:30.873 61915 INFO tempest.lib.common.rest_client [req-75ac134a-244b-4f6e-a81a-c35bc8ab6eb4 req-75ac134a-244b-4f6e-a81a-c35bc8ab6eb4 ] Request (ServersAdminNegativeTestJSON:tearDownClass): 204 DELETE http://10.180.1.21/identity/v3/users/394711dc41fa449f9fdd90bcc38fb9bb 0.310s
2024-09-30 22:28:30.951 61901 INFO tempest.lib.common.rest_client [req-52cfe9f5-cc30-4fd5-a6a8-5879e8c590ba req-52cfe9f5-cc30-4fd5-a6a8-5879e8c590ba ] Request (VolumesAdminNegativeTest:test_update_attached_volume_with_nonexistent_volume_in_body): 204 DELETE http://10.180.1.21/compute/v2.1/servers/5f6171aa-a1ab-4889-aafb-157d0ae8340a 3.425s
2024-09-30 22:28:30.975 61895 INFO tempest.lib.common.rest_client [req-31f01f66-e7ae-4b6e-b796-fe005694414e req-31f01f66-e7ae-4b6e-b796-fe005694414e ] Request (QuotasAdminTestJSON:test_get_default_quotas): 200 GET http://10.180.1.21/compute/v2.1/os-quota-sets/9cb95d50fbe54c4daffc04bb9b6eeaaa/defaults 4.177s
2024-09-30 22:28:30.977 61917 INFO tempest.lib.common.rest_client [req-27afd051-bb49-4ab8-8132-7ff665d255c1 req-27afd051-bb49-4ab8-8132-7ff665d255c1 ] Request (ServersTestFqdnHostnames:tearDownClass): 202 DELETE http://10.180.1.21/compute/v2.1/os-keypairs/tempest-keypair-1983461972 3.433s
2024-09-30 22:28:31.008 61895 INFO tempest.lib.common.rest_client [req-a8f61e69-891e-44ae-9a4f-6ed77f72408f req-a8f61e69-891e-44ae-9a4f-6ed77f72408f ] Request (QuotasAdminTestJSON:test_get_updated_quotas): 200 GET http://10.180.1.21/identity/v3/domains?name=Default 0.025s
2024-09-30 22:28:31.019 61925 INFO tempest.lib.common.rest_client [req-b9e3924b-ab2d-411a-9f5e-41d45abfcc2d req-b9e3924b-ab2d-411a-9f5e-41d45abfcc2d ] Request (ValidationResourcesFixture:setUp): 200 POST http://10.180.1.21/compute/v2.1/os-keypairs 3.456s
2024-09-30 22:28:31.077 61915 INFO tempest.lib.common.rest_client [req-3015329e-4e81-41ab-9ad5-2c492a484436 req-3015329e-4e81-41ab-9ad5-2c492a484436 ] Request (ServersAdminNegativeTestJSON:tearDownClass): 204 DELETE http://10.180.1.21/identity/v3/users/d911087e99714aa8b8503dfe0a65a3b9 0.203s
2024-09-30 22:28:31.077 61915 INFO tempest.lib.common.dynamic_creds [-] Deleting project and security group for project: 7b8a199695be487d8f22b12913955c27
2024-09-30 22:28:31.086 61943 INFO tempest.lib.common.rest_client [req-6e420f22-ff61-4c68-9d59-00f18efd8bbb req-6e420f22-ff61-4c68-9d59-00f18efd8bbb ] Request (VolumesGetTestJSON:tearDownClass): 200 GET http://10.180.1.21:9696/networking/v2.0/security-groups?tenant_id=7498b331520f49aaa9673cf35feadfef&name=default 0.692s
2024-09-30 22:28:31.136 61937 INFO tempest.lib.common.rest_client [req-9a8a6010-881c-40cc-beed-8f0eefaa3773 req-9a8a6010-881c-40cc-beed-8f0eefaa3773 ] Request (ServersTestJSON:setUpClass): 201 POST http://10.180.1.21:9696/networking/v2.0/subnets 1.188s
2024-09-30 22:28:31.142 61895 INFO tempest.lib.common.rest_client [req-439a8026-80bf-4ab6-9975-eee430afe5e0 req-439a8026-80bf-4ab6-9975-eee430afe5e0 ] Request (QuotasAdminTestJSON:test_get_updated_quotas): 201 POST http://10.180.1.21/identity/v3/projects 0.134s
2024-09-30 22:28:31.148 61915 INFO tempest.lib.common.rest_client [req-5bf04bea-2114-4c0f-988c-aa2856fdda4e req-5bf04bea-2114-4c0f-988c-aa2856fdda4e ] Request (ServersAdminNegativeTestJSON:tearDownClass): 201 POST http://10.180.1.21/identity/v3/auth/tokens 0.070s
2024-09-30 22:28:31.153 61919 INFO tempest.lib.common.rest_client [req-86eaee25-54ce-4114-bcd9-f4683258ad3d req-86eaee25-54ce-4114-bcd9-f4683258ad3d ] Request (ServerActionsTestOtherA:setUpClass): 200 GET http://10.180.1.21/compute/v2.1/servers/119af052-24b5-4c09-aba2-e289f64e0df9 2.744s
2024-09-30 22:28:31.160 61919 INFO tempest.common.waiters [-] State transition "BUILD/spawning" ==> "ERROR/None" after 11 second wait
2024-09-30 22:28:31.232 61895 INFO tempest.lib.common.rest_client [req-508555d2-a7f0-4a11-a499-39df7e466e9c req-508555d2-a7f0-4a11-a499-39df7e466e9c ] Request (QuotasAdminTestJSON:test_get_updated_quotas): 200 GET http://10.180.1.21/identity/v3/domains?name=Default 0.088s
2024-09-30 22:28:31.359 61917 INFO tempest.lib.common.rest_client [req-62ad68cc-e228-4406-82ca-f80b87e2cebe req-62ad68cc-e228-4406-82ca-f80b87e2cebe ] Request (ServersTestFqdnHostnames:tearDownClass): 204 DELETE http://10.180.1.21:9696/networking/v2.0/security-groups/460f7107-9971-4f77-a999-831805d75052 0.381s
2024-09-30 22:28:31.406 61921 INFO tempest.lib.common.rest_client [req-e18e643a-0a9b-4c3a-bdb0-b874d96052fd req-e18e643a-0a9b-4c3a-bdb0-b874d96052fd ] Request (ServerDiagnosticsNegativeTest:test_get_server_diagnostics_by_non_admin): 200 GET http://10.180.1.21/compute/v2.1/servers/3c1a9783-6623-48ab-9a33-7fa120e90380 3.179s
2024-09-30 22:28:31.417 61917 INFO tempest.lib.common.rest_client [req-1fda1726-f482-425b-9830-9119f84fe321 req-1fda1726-f482-425b-9830-9119f84fe321 ] Request (ServersTestFqdnHostnames:tearDownClass): 404 GET http://10.180.1.21:9696/networking/v2.0/security-groups/460f7107-9971-4f77-a999-831805d75052 0.058s
2024-09-30 22:28:31.432 61949 INFO tempest.lib.common.rest_client [req-37244b0c-63ac-4b03-807f-b295e5d517c7 req-37244b0c-63ac-4b03-807f-b295e5d517c7 ] Request (ServersTestBootFromVolume:setUpClass): 200 GET http://10.180.1.21/volume/v3/967798ef25254f9f93e4d49b7091c10c/volumes/55bdb11f-cc51-49e7-9941-cda372f9252f 0.036s
2024-09-30 22:28:31.504 61915 INFO tempest.lib.common.rest_client [req-6ffd6139-3559-4f6e-8a75-c46b5cc26ad8 req-6ffd6139-3559-4f6e-8a75-c46b5cc26ad8 ] Request (ServersAdminNegativeTestJSON:tearDownClass): 200 GET http://10.180.1.21:9696/networking/v2.0/security-groups?tenant_id=7b8a199695be487d8f22b12913955c27&name=default 0.356s
2024-09-30 22:28:31.574 61897 INFO tempest.lib.common.rest_client [req-f1f3b180-742c-49f0-a90c-65e06213d566 req-f1f3b180-742c-49f0-a90c-65e06213d566 ] Request (DeleteServersAdminTestJSON:test_delete_server_while_in_error_state): 200 GET http://10.180.1.21/compute/v2.1/servers/be4e0f7d-e647-4828-aa92-6c3b47d3e940 2.895s
2024-09-30 22:28:31.584 61897 INFO tempest.common.waiters [-] State transition "BUILD/spawning" ==> "ERROR/None" after 12 second wait
2024-09-30 22:28:31.744 61887 INFO tempest.lib.common.rest_client [req-59c84a37-2a2b-475a-8670-7fdf254869f7 req-59c84a37-2a2b-475a-8670-7fdf254869f7 ] Request (ServersAdminTestJSON:setUpClass): 200 GET http://10.180.1.21/compute/v2.1/servers/77cabd0a-f5c3-477b-bbab-0cabec8171e7 2.557s
2024-09-30 22:28:31.831 61925 INFO tempest.lib.common.rest_client [req-83fe7a46-d26d-41f9-87e3-3d026e8e8a51 req-83fe7a46-d26d-41f9-87e3-3d026e8e8a51 ] Request (ValidationResourcesFixture:setUp): 201 POST http://10.180.1.21:9696/networking/v2.0/security-groups 0.811s
2024-09-30 22:28:32.018 61933 INFO tempest.lib.common.rest_client [req-640632db-5384-4a7f-8cd6-2324b395357f req-640632db-5384-4a7f-8cd6-2324b395357f ] Request (ServersAdmin275Test:test_rebuild_update_server_275): 200 GET http://10.180.1.21/compute/v2.1/servers/c4aa6578-95ee-4bb3-86e7-758aa3446f8a 2.640s
2024-09-30 22:28:32.054 61891 INFO tempest.lib.common.rest_client [req-d012d9e6-a608-4773-a588-2f8969f0f29b req-d012d9e6-a608-4773-a588-2f8969f0f29b ] Request (InstanceUsageAuditLogNegativeTestJSON:tearDownClass): 200 GET http://10.180.1.21:9696/networking/v2.0/security-groups?tenant_id=b9499bd5fc98467daec5f7d6b1522f37&name=default 1.282s
2024-09-30 22:28:32.177 61939 INFO tempest.lib.common.rest_client [req-0a5828d9-c4b2-4aaa-b02d-9aa55599c7ee req-0a5828d9-c4b2-4aaa-b02d-9aa55599c7ee ] Request (VolumesAssistedSnapshotsTest:test_volume_assisted_snapshot_create_delete): 200 GET http://10.180.1.21/compute/v2.1/servers/73dad6f3-28b6-41fb-b7be-979a956be62e 2.323s
2024-09-30 22:28:32.188 61931 INFO tempest.lib.common.rest_client [req-867bb0f5-869a-4f42-8628-4cf49a312c5a req-867bb0f5-869a-4f42-8628-4cf49a312c5a ] Request (HostsAdminNegativeTestJSON:test_update_nonexistent_host): 404 PUT http://10.180.1.21/compute/v2.1/os-hosts/nonexistent_hostname 2.137s
2024-09-30 22:28:32.192 61943 INFO tempest.lib.common.rest_client [req-1c2c76af-92af-4442-ad35-b933db38cd28 req-1c2c76af-92af-4442-ad35-b933db38cd28 ] Request (VolumesGetTestJSON:tearDownClass): 204 DELETE http://10.180.1.21:9696/networking/v2.0/security-groups/10464c49-68fa-4bec-b1b2-ff83b6179f09 1.106s
2024-09-30 22:28:32.194 61936 INFO tempest.lib.common.rest_client [req-127fd6b6-ebd2-4248-b9da-af892a75c4dc req-127fd6b6-ebd2-4248-b9da-af892a75c4dc ] Request (AggregatesAdminNegativeTestJSON:test_aggregate_create_as_user): 403 POST http://10.180.1.21/compute/v2.1/os-aggregates 2.134s
2024-09-30 22:28:32.243 61947 INFO tempest.lib.common.rest_client [req-aad19a87-8773-4d66-9f6e-49026f672dcd req-aad19a87-8773-4d66-9f6e-49026f672dcd ] Request (KeyPairsNegativeTestJSON:test_create_keypair_with_empty_public_key): 400 POST http://10.180.1.21/compute/v2.1/os-keypairs 2.174s
2024-09-30 22:28:32.263 61911 INFO tempest.lib.common.rest_client [req-4a65e5be-7872-4963-95f3-a2bb0e3190d3 req-4a65e5be-7872-4963-95f3-a2bb0e3190d3 ] Request (FlavorsAdminTestJSON:_run_cleanups): 200 GET http://10.180.1.21/compute/v2.1/flavors/detail 2.172s
2024-09-30 22:28:32.290 61899 INFO tempest.lib.common.rest_client [req-e998dc3c-f617-4489-beb2-f44e9cc3c3e0 req-e998dc3c-f617-4489-beb2-f44e9cc3c3e0 ] Request (FlavorsAccessNegativeTestJSON:test_flavor_non_admin_remove): 200 POST http://10.180.1.21/compute/v2.1/flavors 2.133s
2024-09-30 22:28:32.297 61943 INFO tempest.lib.common.rest_client [req-6e76ab53-8599-4269-98a7-d9fad9ef40a3 req-6e76ab53-8599-4269-98a7-d9fad9ef40a3 ] Request (VolumesGetTestJSON:tearDownClass): 204 DELETE http://10.180.1.21/identity/v3/projects/7498b331520f49aaa9673cf35feadfef 0.105s
2024-09-30 22:28:32.316 61931 INFO tempest.lib.common.rest_client [req-8abd8de1-0b89-4917-8eb2-7306f2d431c9 req-8abd8de1-0b89-4917-8eb2-7306f2d431c9 ] Request (HostsAdminNegativeTestJSON:tearDownClass): 204 DELETE http://10.180.1.21/identity/v3/users/bbd8e34106a44237a9c7b62cbf40636d 0.126s
2024-09-30 22:28:32.427 61891 INFO tempest.lib.common.rest_client [req-3322e8f8-d12c-4a5e-8f91-f3da0b6d6398 req-3322e8f8-d12c-4a5e-8f91-f3da0b6d6398 ] Request (InstanceUsageAuditLogNegativeTestJSON:tearDownClass): 204 DELETE http://10.180.1.21:9696/networking/v2.0/security-groups/85145efc-cc01-4483-af9c-429100adfd2e 0.372s
2024-09-30 22:28:32.458 61931 INFO tempest.lib.common.rest_client [req-7d419913-cbd8-46da-b2fc-9240ed41eae2 req-7d419913-cbd8-46da-b2fc-9240ed41eae2 ] Request (HostsAdminNegativeTestJSON:tearDownClass): 204 DELETE http://10.180.1.21/identity/v3/users/2dfa5ddf08214b8eaa55b2ae7eac4cf1 0.142s
2024-09-30 22:28:32.459 61931 INFO tempest.lib.common.dynamic_creds [-] Deleting project and security group for project: 95d43b247f5f440c90eb46b5eed2b927
2024-09-30 22:28:32.482 61949 INFO tempest.lib.common.rest_client [req-29066a0f-2c8a-4c54-8037-47827b80e4aa req-29066a0f-2c8a-4c54-8037-47827b80e4aa ] Request (ServersTestBootFromVolume:setUpClass): 200 GET http://10.180.1.21/volume/v3/967798ef25254f9f93e4d49b7091c10c/volumes/55bdb11f-cc51-49e7-9941-cda372f9252f 0.041s
2024-09-30 22:28:32.523 61931 INFO tempest.lib.common.rest_client [req-1760b008-2ecf-4976-9acc-aa25b5c7e003 req-1760b008-2ecf-4976-9acc-aa25b5c7e003 ] Request (HostsAdminNegativeTestJSON:tearDownClass): 201 POST http://10.180.1.21/identity/v3/auth/tokens 0.064s
2024-09-30 22:28:32.560 61891 INFO tempest.lib.common.rest_client [req-6b314c0c-9f06-4b43-9488-686c889be9cd req-6b314c0c-9f06-4b43-9488-686c889be9cd ] Request (InstanceUsageAuditLogNegativeTestJSON:tearDownClass): 204 DELETE http://10.180.1.21/identity/v3/projects/b9499bd5fc98467daec5f7d6b1522f37 0.132s
2024-09-30 22:28:32.560 61891 INFO tempest.lib.common.dynamic_creds [-] Deleting project and security group for project: cd57f1f34ecc4592b2508df9c0299054
2024-09-30 22:28:32.632 61915 INFO tempest.lib.common.rest_client [req-06ca6f06-8cf3-4ce8-9a9b-ceab06745f8c req-06ca6f06-8cf3-4ce8-9a9b-ceab06745f8c ] Request (ServersAdminNegativeTestJSON:tearDownClass): 204 DELETE http://10.180.1.21:9696/networking/v2.0/security-groups/eef40eba-359f-4ef5-bc42-ba538918a304 1.127s
2024-09-30 22:28:32.753 61907 INFO tempest.lib.common.rest_client [req-45f31559-1590-47ca-8d58-6988c2deabe9 req-45f31559-1590-47ca-8d58-6988c2deabe9 ] Request (ServerDiskConfigTestJSON:test_rebuild_server_with_manual_disk_config): 200 GET http://10.180.1.21/compute/v2.1/servers/30258008-e665-4580-a8c0-3ca5ccc3db4e 4.048s
2024-09-30 22:28:32.757 61915 INFO tempest.lib.common.rest_client [req-89df737b-1b21-4833-9027-807d6e867862 req-89df737b-1b21-4833-9027-807d6e867862 ] Request (ServersAdminNegativeTestJSON:tearDownClass): 204 DELETE http://10.180.1.21/identity/v3/projects/7b8a199695be487d8f22b12913955c27 0.124s
2024-09-30 22:28:32.757 61915 INFO tempest.lib.common.dynamic_creds [-] Deleting project and security group for project: 171a09b73f1c491d865016eafc626bfe
2024-09-30 22:28:32.794 61945 INFO tempest.lib.common.rest_client [req-444eb1a5-e014-4068-b7d6-7b6df5283d19 req-444eb1a5-e014-4068-b7d6-7b6df5283d19 ] Request (ImagesMetadataTestJSON:test_delete_image_metadata_item): 200 GET http://10.180.1.21/compute/v2.1/images/eb3bf304-1212-4794-a9ba-b3366b8cf1eb/metadata 2.414s
2024-09-30 22:28:32.845 61917 INFO tempest.lib.common.rest_client [req-e9878db0-4ae4-46ec-87cf-e8e0707f32be req-e9878db0-4ae4-46ec-87cf-e8e0707f32be ] Request (ServersTestFqdnHostnames:tearDownClass): 204 DELETE http://10.180.1.21:9696/networking/v2.0/floatingips/3ee4ad25-840c-49dd-b72f-3cac529a56fd 1.428s
2024-09-30 22:28:32.906 61925 INFO tempest.lib.common.rest_client [req-c70b6165-3b3b-4de3-ae0e-36e752e7b4ec req-c70b6165-3b3b-4de3-ae0e-36e752e7b4ec ] Request (ValidationResourcesFixture:setUp): 201 POST http://10.180.1.21:9696/networking/v2.0/security-group-rules 1.075s
2024-09-30 22:28:33.077 61909 INFO tempest.lib.common.rest_client [req-5dae4f9f-1b62-4432-87c8-68921cade197 req-5dae4f9f-1b62-4432-87c8-68921cade197 ] Request (TenantUsagesTestJSON:setUpClass): 204 DELETE http://10.180.1.21/compute/v2.1/servers/e87d8df2-7297-49f1-806d-ccdfed8efa22 2.557s
2024-09-30 22:28:33.094 61923 INFO tempest.lib.common.rest_client [req-05b79f91-d0aa-4f75-9f3c-6bed7cf9ca00 req-05b79f91-d0aa-4f75-9f3c-6bed7cf9ca00 ] Request (FloatingIPsAssociationTestJSON:setUpClass): 404 GET http://10.180.1.21/compute/v2.1/servers/a4233323-e0da-492a-a1fb-f3d05cae49f1 2.515s
2024-09-30 22:28:33.094 61923 INFO tempest.test [-] raised in FloatingIPsAssociationTestJSON.setUpClass. Invoking tearDownClass.
2024-09-30 22:28:33.112 61941 INFO tempest.lib.common.rest_client [req-bb3c7e32-949e-4041-b8c1-3ba283e5cfcb req-bb3c7e32-949e-4041-b8c1-3ba283e5cfcb ] Request (HypervisorAdminUnderV252Test:test_search_hypervisor): 200 GET http://10.180.1.21/compute/v2.1/os-hypervisors 2.457s
2024-09-30 22:28:33.132 61901 INFO tempest.lib.common.rest_client [req-5430e404-04a6-4e91-8fd2-763029d15061 req-5430e404-04a6-4e91-8fd2-763029d15061 ] Request (VolumesAdminNegativeTest:test_update_attached_volume_with_nonexistent_volume_in_body): 404 GET http://10.180.1.21/compute/v2.1/servers/5f6171aa-a1ab-4889-aafb-157d0ae8340a 2.181s
2024-09-30 22:28:33.265 61901 INFO tempest.lib.common.rest_client [req-4ad7a460-1fb5-433f-80a3-f78caec331d1 req-4ad7a460-1fb5-433f-80a3-f78caec331d1 ] Request (VolumesAdminNegativeTest:test_update_attached_volume_with_nonexistent_volume_in_uri): 201 POST http://10.180.1.21/identity/v3/auth/tokens 0.077s
2024-09-30 22:28:33.265 61901 INFO tempest.lib.common.fixed_network [-] (VolumesAdminNegativeTest:test_update_attached_volume_with_nonexistent_volume_in_uri) Found network {'id': 'a30c1018-073d-44e1-9b8a-3118dca0091c', 'name': 'tempest-VolumesAdminNegativeTest-432416807-network', 'tenant_id': 'a63bd1c89a504b2fa7d8f961bf31c053', 'admin_state_up': True, 'mtu': 8950, 'status': 'ACTIVE', 'subnets': [], 'shared': False, 'project_id': 'a63bd1c89a504b2fa7d8f961bf31c053', 'port_security_enabled': True, 'router:external': False, 'provider:network_type': 'vlan', 'provider:physical_network': 'default', 'provider:segmentation_id': 290, 'is_default': False, 'availability_zone_hints': [], 'availability_zones': [], 'ipv4_address_scope': None, 'ipv6_address_scope': None, 'description': '', 'tags': [], 'created_at': '2024-09-30T22:27:42Z', 'updated_at': '2024-09-30T22:27:42Z', 'revision_number': 1} available for tenant
2024-09-30 22:28:33.361 61903 INFO tempest.lib.common.rest_client [req-73d768fb-406c-47b5-8232-ae221bcd4f61 req-73d768fb-406c-47b5-8232-ae221bcd4f61 ] Request (QuotasAdminNegativeTest:test_create_server_when_cpu_quota_is_full): 403 POST http://10.180.1.21/compute/v2.1/servers 3.110s
2024-09-30 22:28:33.418 61891 INFO tempest.lib.common.rest_client [req-50dea39d-6be4-4762-977e-6df6ba265c1e req-50dea39d-6be4-4762-977e-6df6ba265c1e ] Request (InstanceUsageAuditLogNegativeTestJSON:tearDownClass): 200 GET http://10.180.1.21:9696/networking/v2.0/security-groups?tenant_id=cd57f1f34ecc4592b2508df9c0299054&name=default 0.858s
2024-09-30 22:28:33.518 61949 INFO tempest.lib.common.rest_client [req-604e1a54-007b-4078-9cc9-c07e712c6064 req-604e1a54-007b-4078-9cc9-c07e712c6064 ] Request (ServersTestBootFromVolume:setUpClass): 200 GET http://10.180.1.21/volume/v3/967798ef25254f9f93e4d49b7091c10c/volumes/55bdb11f-cc51-49e7-9941-cda372f9252f 0.029s
2024-09-30 22:28:33.524 61949 INFO tempest.common.waiters [-] volume 55bdb11f-cc51-49e7-9941-cda372f9252f reached available after waiting for 19.524387 seconds
2024-09-30 22:28:33.633 61915 INFO tempest.lib.common.rest_client [req-c238e853-2313-492f-ba3b-4dcb88a4476a req-c238e853-2313-492f-ba3b-4dcb88a4476a ] Request (ServersAdminNegativeTestJSON:tearDownClass): 200 GET http://10.180.1.21:9696/networking/v2.0/security-groups?tenant_id=171a09b73f1c491d865016eafc626bfe&name=default 0.876s
2024-09-30 22:28:33.638 61931 INFO tempest.lib.common.rest_client [req-ff914039-2e07-4006-a20f-37f2696bc67f req-ff914039-2e07-4006-a20f-37f2696bc67f ] Request (HostsAdminNegativeTestJSON:tearDownClass): 200 GET http://10.180.1.21:9696/networking/v2.0/security-groups?tenant_id=95d43b247f5f440c90eb46b5eed2b927&name=default 1.114s
2024-09-30 22:28:33.682 61919 INFO tempest.lib.common.rest_client [req-3d1628d3-d538-49a5-9d36-41bd0e993595 req-3d1628d3-d538-49a5-9d36-41bd0e993595 ] Request (ServerActionsTestOtherA:setUpClass): 204 DELETE http://10.180.1.21/compute/v2.1/servers/119af052-24b5-4c09-aba2-e289f64e0df9 2.521s
2024-09-30 22:28:33.795 61905 INFO tempest.lib.common.rest_client [req-88065e21-18ac-416a-a406-f40293460e62 req-88065e21-18ac-416a-a406-f40293460e62 ] Request (SecurityGroupRulesNegativeTestJSON:setUpClass): 200 PUT http://10.180.1.21:9696/networking/v2.0/routers/7ca6287d-76cb-4b16-83a7-035c7387d40b/add_router_interface 5.170s
2024-09-30 22:28:33.795 61905 INFO tempest.lib.common.dynamic_creds [-] Created isolated network resources for: credentials: Credentials: {'domain_id': 'default', 'domain_name': 'Default', 'username': 'tempest-SecurityGroupRulesNegativeTestJSON-737247279-project-member', 'project_domain_id': 'default', 'project_domain_name': 'Default', 'project_id': '1511ecaa2ee14dacb73247f712ed39f9', 'project_name': 'tempest-SecurityGroupRulesNegativeTestJSON-737247279', 'tenant_id': '1511ecaa2ee14dacb73247f712ed39f9', 'tenant_name': 'tempest-SecurityGroupRulesNegativeTestJSON-737247279', 'user_domain_id': 'default', 'user_domain_name': 'Default', 'user_id': 'ea2c175fb9e14a898d26e72b5b669d66', 'system': None}, Network: {'id': '41e5ad63-956d-4ad9-abfd-6a95e2d5f4fd', 'name': 'tempest-SecurityGroupRulesNegativeTestJSON-2077662155-network', 'tenant_id': '1511ecaa2ee14dacb73247f712ed39f9', 'admin_state_up': True, 'mtu': 8950, 'status': 'ACTIVE', 'subnets': [], 'shared': False, 'project_id': '1511ecaa2ee14dacb73247f712ed39f9', 'port_security_enabled': True, 'router:external': False, 'provider:network_type': 'vlan', 'provider:physical_network': 'default', 'provider:segmentation_id': 305, 'is_default': False, 'availability_zone_hints': [], 'availability_zones': [], 'ipv4_address_scope': None, 'ipv6_address_scope': None, 'description': '', 'tags': [], 'created_at': '2024-09-30T22:28:23Z', 'updated_at': '2024-09-30T22:28:23Z', 'revision_number': 1}, Subnet: {'id': 'ecf0a632-ee12-4421-a369-e5b79fa03065', 'name': 'tempest-SecurityGroupRulesNegativeTestJSON-2077662155-subnet', 'tenant_id': '1511ecaa2ee14dacb73247f712ed39f9', 'network_id': '41e5ad63-956d-4ad9-abfd-6a95e2d5f4fd', 'ip_version': 4, 'subnetpool_id': None, 'enable_dhcp': True, 'ipv6_ra_mode': None, 'ipv6_address_mode': None, 'gateway_ip': '192.168.128.1', 'cidr': '192.168.128.0/28', 'allocation_pools': [{'start': '192.168.128.2', 'end': '192.168.128.14'}], 'host_routes': [], 'dns_nameservers': [], 'description': '', 'service_types': [], 'tags': [], 'created_at': '2024-09-30T22:28:24Z', 'updated_at': '2024-09-30T22:28:24Z', 'revision_number': 0, 'project_id': '1511ecaa2ee14dacb73247f712ed39f9'}, Router: {'id': '7ca6287d-76cb-4b16-83a7-035c7387d40b', 'name': 'tempest-SecurityGroupRulesNegativeTestJSON-2077662155-router', 'tenant_id': '1511ecaa2ee14dacb73247f712ed39f9', 'admin_state_up': True, 'status': 'ACTIVE', 'external_gateway_info': {'network_id': 'bd88ca26-9ffb-405b-9e98-6b30663c0915', 'external_fixed_ips': [{'subnet_id': '02bf4ea8-f8e7-4254-8094-b970f1b9fc68', 'ip_address': '10.180.180.161'}], 'enable_snat': True}, 'description': '', 'availability_zones': [], 'distributed': False, 'ha': False, 'availability_zone_hints': [], 'routes': [], 'flavor_id': None, 'tags': [], 'created_at': '2024-09-30T22:28:25Z', 'updated_at': '2024-09-30T22:28:27Z', 'revision_number': 2, 'project_id': '1511ecaa2ee14dacb73247f712ed39f9'}
2024-09-30 22:28:33.802 61925 INFO tempest.lib.common.rest_client [req-0712245d-c516-4127-bf6b-c5ba588bc87a req-0712245d-c516-4127-bf6b-c5ba588bc87a ] Request (ValidationResourcesFixture:setUp): 201 POST http://10.180.1.21:9696/networking/v2.0/security-group-rules 0.895s
2024-09-30 22:28:33.873 61895 INFO tempest.lib.common.rest_client [req-f28a6b3a-b326-403a-8af0-057c99970f85 req-f28a6b3a-b326-403a-8af0-057c99970f85 ] Request (QuotasAdminTestJSON:test_get_updated_quotas): 200 PUT http://10.180.1.21/compute/v2.1/os-quota-sets/85cedfec597b484093790412ef29bd91 2.640s
2024-09-30 22:28:33.904 61905 INFO tempest.lib.common.rest_client [req-659d9289-2991-43f9-bf83-36a8308e61dd req-659d9289-2991-43f9-bf83-36a8308e61dd ] Request (SecurityGroupRulesNegativeTestJSON:setUpClass): 201 POST http://10.180.1.21/identity/v3/auth/tokens 0.103s
2024-09-30 22:28:34.139 61931 INFO tempest.lib.common.rest_client [req-a158cfd5-244c-4ae4-abd4-c6bfed239fe3 req-a158cfd5-244c-4ae4-abd4-c6bfed239fe3 ] Request (HostsAdminNegativeTestJSON:tearDownClass): 204 DELETE http://10.180.1.21:9696/networking/v2.0/security-groups/2c33b00a-372b-4fb6-a2a7-dc09a2ac2ee6 0.501s
2024-09-30 22:28:34.178 61897 INFO tempest.lib.common.rest_client [req-5fafb778-3c41-49a2-bb49-37a07612d303 req-5fafb778-3c41-49a2-bb49-37a07612d303 ] Request (DeleteServersAdminTestJSON:test_delete_server_while_in_error_state): 204 DELETE http://10.180.1.21/compute/v2.1/servers/be4e0f7d-e647-4828-aa92-6c3b47d3e940 2.594s
2024-09-30 22:28:34.197 61915 INFO tempest.lib.common.rest_client [req-1acd5398-c1fb-4848-98eb-67abd63e76df req-1acd5398-c1fb-4848-98eb-67abd63e76df ] Request (ServersAdminNegativeTestJSON:tearDownClass): 204 DELETE http://10.180.1.21:9696/networking/v2.0/security-groups/21adcdb8-2eb6-4d34-9966-5a269f3c2d67 0.563s
2024-09-30 22:28:34.225 61936 INFO tempest.lib.common.rest_client [req-a60969ca-13d4-4adf-a61b-d14c17c9e380 req-a60969ca-13d4-4adf-a61b-d14c17c9e380 ] Request (AggregatesAdminNegativeTestJSON:test_aggregate_create_with_existent_aggregate_name): 200 POST http://10.180.1.21/compute/v2.1/os-aggregates 2.028s
2024-09-30 22:28:34.233 61947 INFO tempest.lib.common.rest_client [req-5c6f903c-3a13-45ba-9185-753e1434b144 req-5c6f903c-3a13-45ba-9185-753e1434b144 ] Request (KeyPairsNegativeTestJSON:test_create_keypair_with_long_keynames): 400 POST http://10.180.1.21/compute/v2.1/os-keypairs 1.986s
2024-09-30 22:28:34.238 61913 INFO tempest.lib.common.rest_client [req-e377f4e0-a7bd-4725-bee9-04383ef84c89 req-e377f4e0-a7bd-4725-bee9-04383ef84c89 ] Request (ImagesNegativeTestJSON:test_create_image_from_deleted_server): 200 GET http://10.180.1.21/compute/v2.1/servers/54d87061-e7f7-46d9-92c2-b27826702e63 3.184s
2024-09-30 22:28:34.249 61911 INFO tempest.lib.common.rest_client [req-abb8d8f6-4f24-4b86-85ac-7f4b4bf2dc4f req-abb8d8f6-4f24-4b86-85ac-7f4b4bf2dc4f ] Request (FlavorsAdminTestJSON:test_create_list_flavor_without_extra_data): 200 POST http://10.180.1.21/compute/v2.1/flavors 1.978s
2024-09-30 22:28:34.284 61915 INFO tempest.lib.common.rest_client [req-c59c45e2-c5f5-427e-9aaa-4e534e6eb16d req-c59c45e2-c5f5-427e-9aaa-4e534e6eb16d ] Request (ServersAdminNegativeTestJSON:tearDownClass): 204 DELETE http://10.180.1.21/identity/v3/projects/171a09b73f1c491d865016eafc626bfe 0.086s
2024-09-30 22:28:34.289 61931 INFO tempest.lib.common.rest_client [req-9a97184a-e4f4-4f88-9e11-d521904194f6 req-9a97184a-e4f4-4f88-9e11-d521904194f6 ] Request (HostsAdminNegativeTestJSON:tearDownClass): 204 DELETE http://10.180.1.21/identity/v3/projects/95d43b247f5f440c90eb46b5eed2b927 0.150s
2024-09-30 22:28:34.289 61931 INFO tempest.lib.common.dynamic_creds [-] Deleting project and security group for project: 2a2b84c953b04cbc889d94903630404b
2024-09-30 22:28:34.292 61915 INFO tempest.test [-] raised in ServersOnMultiNodesTest.setUpClass. Invoking tearDownClass.
2024-09-30 22:28:34.355 61915 INFO tempest.lib.common.rest_client [req-fc6eb9ea-760b-4a15-b0a9-c90c7f4459fb req-fc6eb9ea-760b-4a15-b0a9-c90c7f4459fb ] Request (ServicesAdminNegativeV253TestJSON:setUpClass): 201 POST http://10.180.1.21/identity/v3/auth/tokens 0.062s
2024-09-30 22:28:34.383 61921 INFO tempest.lib.common.rest_client [req-47042478-cf5c-4949-b2ff-d69e35e47990 req-47042478-cf5c-4949-b2ff-d69e35e47990 ] Request (ServerDiagnosticsNegativeTest:test_get_server_diagnostics_by_non_admin): 200 GET http://10.180.1.21/compute/v2.1/servers/3c1a9783-6623-48ab-9a33-7fa120e90380 1.965s
2024-09-30 22:28:34.386 61915 INFO tempest.lib.common.rest_client [req-fa23689d-700b-47fd-9fc5-53c1c614676a req-fa23689d-700b-47fd-9fc5-53c1c614676a ] Request (ServicesAdminNegativeV253TestJSON:setUpClass): 201 POST http://10.180.1.21/identity/v3/auth/tokens 0.028s
2024-09-30 22:28:34.393 61921 INFO tempest.common.waiters [-] State transition "BUILD/spawning" ==> "ERROR/None" after 13 second wait
2024-09-30 22:28:34.410 61915 INFO tempest.lib.common.rest_client [req-1fdd99f6-0f68-4dfa-96aa-c964880ceda2 req-1fdd99f6-0f68-4dfa-96aa-c964880ceda2 ] Request (ServicesAdminNegativeV253TestJSON:setUpClass): 200 GET http://10.180.1.21/identity/v3/domains?name=Default 0.024s
2024-09-30 22:28:34.421 61899 INFO tempest.lib.common.rest_client [req-e92aaadf-1cb3-4405-9bab-c6b4e2708a0b req-e92aaadf-1cb3-4405-9bab-c6b4e2708a0b ] Request (FlavorsAccessNegativeTestJSON:test_flavor_non_admin_remove): 200 POST http://10.180.1.21/compute/v2.1/flavors/1378345913/action 2.127s
2024-09-30 22:28:34.446 61915 INFO tempest.lib.common.rest_client [req-77fd0253-b285-4a99-9954-e37d3cda0314 req-77fd0253-b285-4a99-9954-e37d3cda0314 ] Request (ServicesAdminNegativeV253TestJSON:setUpClass): 201 POST http://10.180.1.21/identity/v3/projects 0.035s
2024-09-30 22:28:34.515 61891 INFO tempest.lib.common.rest_client [req-53de370f-75b6-4ef2-82b2-b1499c18f114 req-53de370f-75b6-4ef2-82b2-b1499c18f114 ] Request (InstanceUsageAuditLogNegativeTestJSON:tearDownClass): 204 DELETE http://10.180.1.21:9696/networking/v2.0/security-groups/34e343f1-6f36-420a-b388-51d350371b70 1.096s
2024-09-30 22:28:34.521 61915 INFO tempest.lib.common.rest_client [req-5b202fee-ffa3-4b0d-9c98-20e4729bc584 req-5b202fee-ffa3-4b0d-9c98-20e4729bc584 ] Request (ServicesAdminNegativeV253TestJSON:setUpClass): 201 POST http://10.180.1.21/identity/v3/users 0.074s
2024-09-30 22:28:34.545 61915 INFO tempest.lib.common.rest_client [req-ef83e6b7-9523-4f77-8878-212ed955b207 req-ef83e6b7-9523-4f77-8878-212ed955b207 ] Request (ServicesAdminNegativeV253TestJSON:setUpClass): 200 GET http://10.180.1.21/identity/v3/roles 0.023s
2024-09-30 22:28:34.588 61915 INFO tempest.lib.common.rest_client [req-5b86a642-6a8a-4146-a07f-5b8ea05c2711 req-5b86a642-6a8a-4146-a07f-5b8ea05c2711 ] Request (ServicesAdminNegativeV253TestJSON:setUpClass): 204 PUT http://10.180.1.21/identity/v3/projects/4627c1acff47426a9b0dcfae1b5081ac/users/ef499270e5be451daaff04d418247796/roles/7d963d276ca04a7898781729d93c8c60 0.043s
2024-09-30 22:28:34.589 61915 INFO tempest.lib.common.dynamic_creds [-] Dynamic test user ef499270e5be451daaff04d418247796 is created with scope project and roles: ['member']
2024-09-30 22:28:34.589 61915 INFO tempest.lib.common.dynamic_creds [-] Acquired dynamic creds: credentials: Credentials: {'domain_id': 'default', 'domain_name': 'Default', 'username': 'tempest-ServicesAdminNegativeV253TestJSON-1514058252-project-member', 'project_domain_id': 'default', 'project_domain_name': 'Default', 'project_id': '4627c1acff47426a9b0dcfae1b5081ac', 'project_name': 'tempest-ServicesAdminNegativeV253TestJSON-1514058252', 'tenant_id': '4627c1acff47426a9b0dcfae1b5081ac', 'tenant_name': 'tempest-ServicesAdminNegativeV253TestJSON-1514058252', 'user_domain_id': 'default', 'user_domain_name': 'Default', 'user_id': 'ef499270e5be451daaff04d418247796', 'system': None}, Network: None, Subnet: None, Router: None
2024-09-30 22:28:34.589 61915 INFO tempest.lib.common.dynamic_creds [-] Created isolated network resources for: credentials: Credentials: {'domain_id': 'default', 'domain_name': 'Default', 'username': 'tempest-ServicesAdminNegativeV253TestJSON-1514058252-project-member', 'project_domain_id': 'default', 'project_domain_name': 'Default', 'project_id': '4627c1acff47426a9b0dcfae1b5081ac', 'project_name': 'tempest-ServicesAdminNegativeV253TestJSON-1514058252', 'tenant_id': '4627c1acff47426a9b0dcfae1b5081ac', 'tenant_name': 'tempest-ServicesAdminNegativeV253TestJSON-1514058252', 'user_domain_id': 'default', 'user_domain_name': 'Default', 'user_id': 'ef499270e5be451daaff04d418247796', 'system': None}, Network: None, Subnet: None, Router: None
2024-09-30 22:28:34.592 61891 INFO tempest.lib.common.rest_client [req-162fc032-1bf5-4ce2-970e-d7c264b1f431 req-162fc032-1bf5-4ce2-970e-d7c264b1f431 ] Request (InstanceUsageAuditLogNegativeTestJSON:tearDownClass): 204 DELETE http://10.180.1.21/identity/v3/projects/cd57f1f34ecc4592b2508df9c0299054 0.076s
2024-09-30 22:28:34.631 61929 INFO tempest.lib.common.rest_client [req-961a4896-4b48-4656-b004-551e23bc156d req-961a4896-4b48-4656-b004-551e23bc156d ] Request (InstanceActionsV221TestJSON:setUpClass): 201 POST http://10.180.1.21:9696/networking/v2.0/routers 4.713s
2024-09-30 22:28:34.674 61915 INFO tempest.lib.common.rest_client [req-24342c98-070a-4c44-ba89-16ef376d0262 req-24342c98-070a-4c44-ba89-16ef376d0262 ] Request (ServicesAdminNegativeV253TestJSON:setUpClass): 201 POST http://10.180.1.21/identity/v3/auth/tokens 0.081s
2024-09-30 22:28:34.676 61891 INFO tempest.lib.common.rest_client [req-c46a5997-57ca-4371-b35b-d4f788cad5b8 req-c46a5997-57ca-4371-b35b-d4f788cad5b8 ] Request (MigrationsAdminTest:setUpClass): 201 POST http://10.180.1.21/identity/v3/auth/tokens 0.083s
2024-09-30 22:28:34.721 61891 INFO tempest.lib.common.rest_client [req-7de4e5ad-1dc8-4b3d-b446-403c7f48f03c req-7de4e5ad-1dc8-4b3d-b446-403c7f48f03c ] Request (MigrationsAdminTest:setUpClass): 201 POST http://10.180.1.21/identity/v3/auth/tokens 0.040s
2024-09-30 22:28:34.724 61915 INFO tempest.lib.common.rest_client [req-0e6fd57e-f890-497d-9915-77979338dc9a req-0e6fd57e-f890-497d-9915-77979338dc9a ] Request (ServicesAdminNegativeV253TestJSON:setUpClass): 201 POST http://10.180.1.21/identity/v3/projects 0.050s
2024-09-30 22:28:34.755 61945 INFO tempest.lib.common.rest_client [req-6197928f-449f-437f-8dcb-a7e6879e03c2 req-6197928f-449f-437f-8dcb-a7e6879e03c2 ] Request (ImagesMetadataTestJSON:setUp): 200 PUT http://10.180.1.21/compute/v2.1/images/eb3bf304-1212-4794-a9ba-b3366b8cf1eb/metadata 1.959s
2024-09-30 22:28:34.787 61891 INFO tempest.lib.common.rest_client [req-ca900e8a-dd10-4a29-bb90-3305e162e20f req-ca900e8a-dd10-4a29-bb90-3305e162e20f ] Request (MigrationsAdminTest:setUpClass): 200 GET http://10.180.1.21/identity/v3/domains?name=Default 0.065s
2024-09-30 22:28:34.808 61915 INFO tempest.lib.common.rest_client [req-1f964ee7-5d1c-4c31-8736-6f61db305e5b req-1f964ee7-5d1c-4c31-8736-6f61db305e5b ] Request (ServicesAdminNegativeV253TestJSON:setUpClass): 201 POST http://10.180.1.21/identity/v3/users 0.083s
2024-09-30 22:28:34.820 61891 INFO tempest.lib.common.rest_client [req-12e78f88-87d4-4fdd-801f-45b55d9958c4 req-12e78f88-87d4-4fdd-801f-45b55d9958c4 ] Request (MigrationsAdminTest:setUpClass): 201 POST http://10.180.1.21/identity/v3/projects 0.033s
2024-09-30 22:28:34.833 61915 INFO tempest.lib.common.rest_client [req-3821c443-c47e-4925-bf54-b98d30e1355f req-3821c443-c47e-4925-bf54-b98d30e1355f ] Request (ServicesAdminNegativeV253TestJSON:setUpClass): 200 GET http://10.180.1.21/identity/v3/roles 0.025s
2024-09-30 22:28:34.891 61891 INFO tempest.lib.common.rest_client [req-30be3c13-4b2c-459c-9a7c-c6f8540505a1 req-30be3c13-4b2c-459c-9a7c-c6f8540505a1 ] Request (MigrationsAdminTest:setUpClass): 201 POST http://10.180.1.21/identity/v3/users 0.070s
2024-09-30 22:28:34.913 61915 INFO tempest.lib.common.rest_client [req-0336ac91-78d8-4a50-b269-ffee56c3c80c req-0336ac91-78d8-4a50-b269-ffee56c3c80c ] Request (ServicesAdminNegativeV253TestJSON:setUpClass): 204 PUT http://10.180.1.21/identity/v3/projects/2d75db4e988c4416acda8986db414de6/users/5af8d02e45cc44c492d7038675e691e9/roles/490670819cbc49afb9aba731405373d0 0.079s
2024-09-30 22:28:34.915 61891 INFO tempest.lib.common.rest_client [req-14b5dc53-e860-4c58-82b5-37c811877d62 req-14b5dc53-e860-4c58-82b5-37c811877d62 ] Request (MigrationsAdminTest:setUpClass): 200 GET http://10.180.1.21/identity/v3/roles 0.023s
2024-09-30 22:28:34.976 61915 INFO tempest.lib.common.rest_client [req-d1ca5b6b-2513-4cdb-b74b-a8abb2fc4488 req-d1ca5b6b-2513-4cdb-b74b-a8abb2fc4488 ] Request (ServicesAdminNegativeV253TestJSON:setUpClass): 200 GET http://10.180.1.21/identity/v3/roles 0.062s
2024-09-30 22:28:34.980 61891 INFO tempest.lib.common.rest_client [req-e0b8c464-0b69-4c4a-bd21-a97c6f907a65 req-e0b8c464-0b69-4c4a-bd21-a97c6f907a65 ] Request (MigrationsAdminTest:setUpClass): 204 PUT http://10.180.1.21/identity/v3/projects/d85c5061ac014c58a70a05fc5311c2a8/users/cc925ee5fbc5467d9037c9dcb0818336/roles/7d963d276ca04a7898781729d93c8c60 0.065s
2024-09-30 22:28:34.980 61891 INFO tempest.lib.common.dynamic_creds [-] Dynamic test user cc925ee5fbc5467d9037c9dcb0818336 is created with scope project and roles: ['member']
2024-09-30 22:28:34.981 61891 INFO tempest.lib.common.dynamic_creds [-] Acquired dynamic creds: credentials: Credentials: {'domain_id': 'default', 'domain_name': 'Default', 'username': 'tempest-MigrationsAdminTest-819251194-project-member', 'project_domain_id': 'default', 'project_domain_name': 'Default', 'project_id': 'd85c5061ac014c58a70a05fc5311c2a8', 'project_name': 'tempest-MigrationsAdminTest-819251194', 'tenant_id': 'd85c5061ac014c58a70a05fc5311c2a8', 'tenant_name': 'tempest-MigrationsAdminTest-819251194', 'user_domain_id': 'default', 'user_domain_name': 'Default', 'user_id': 'cc925ee5fbc5467d9037c9dcb0818336', 'system': None}, Network: None, Subnet: None, Router: None
2024-09-30 22:28:34.981 61891 INFO tempest.lib.common.dynamic_creds [-] Created isolated network resources for: credentials: Credentials: {'domain_id': 'default', 'domain_name': 'Default', 'username': 'tempest-MigrationsAdminTest-819251194-project-member', 'project_domain_id': 'default', 'project_domain_name': 'Default', 'project_id': 'd85c5061ac014c58a70a05fc5311c2a8', 'project_name': 'tempest-MigrationsAdminTest-819251194', 'tenant_id': 'd85c5061ac014c58a70a05fc5311c2a8', 'tenant_name': 'tempest-MigrationsAdminTest-819251194', 'user_domain_id': 'default', 'user_domain_name': 'Default', 'user_id': 'cc925ee5fbc5467d9037c9dcb0818336', 'system': None}, Network: None, Subnet: None, Router: None
2024-09-30 22:28:35.058 61891 INFO tempest.lib.common.rest_client [req-ab6959c8-50ed-47ce-841d-7abd11ac905a req-ab6959c8-50ed-47ce-841d-7abd11ac905a ] Request (MigrationsAdminTest:setUpClass): 201 POST http://10.180.1.21/identity/v3/auth/tokens 0.074s
2024-09-30 22:28:35.066 61915 INFO tempest.lib.common.rest_client [req-1f2a5666-2c87-48d6-b29e-88d440e7be34 req-1f2a5666-2c87-48d6-b29e-88d440e7be34 ] Request (ServicesAdminNegativeV253TestJSON:setUpClass): 204 PUT http://10.180.1.21/identity/v3/projects/2d75db4e988c4416acda8986db414de6/users/5af8d02e45cc44c492d7038675e691e9/roles/490670819cbc49afb9aba731405373d0 0.089s
2024-09-30 22:28:35.066 61915 INFO tempest.lib.common.dynamic_creds [-] Dynamic test user 5af8d02e45cc44c492d7038675e691e9 is created with scope project and roles: ['admin']
2024-09-30 22:28:35.067 61915 INFO tempest.lib.common.dynamic_creds [-] Acquired dynamic creds: credentials: Credentials: {'domain_id': 'default', 'domain_name': 'Default', 'username': 'tempest-ServicesAdminNegativeV253TestJSON-1955775187-project-admin', 'project_domain_id': 'default', 'project_domain_name': 'Default', 'project_id': '2d75db4e988c4416acda8986db414de6', 'project_name': 'tempest-ServicesAdminNegativeV253TestJSON-1955775187', 'tenant_id': '2d75db4e988c4416acda8986db414de6', 'tenant_name': 'tempest-ServicesAdminNegativeV253TestJSON-1955775187', 'user_domain_id': 'default', 'user_domain_name': 'Default', 'user_id': '5af8d02e45cc44c492d7038675e691e9', 'system': None}, Network: None, Subnet: None, Router: None
2024-09-30 22:28:35.067 61915 INFO tempest.lib.common.dynamic_creds [-] Created isolated network resources for: credentials: Credentials: {'domain_id': 'default', 'domain_name': 'Default', 'username': 'tempest-ServicesAdminNegativeV253TestJSON-1955775187-project-admin', 'project_domain_id': 'default', 'project_domain_name': 'Default', 'project_id': '2d75db4e988c4416acda8986db414de6', 'project_name': 'tempest-ServicesAdminNegativeV253TestJSON-1955775187', 'tenant_id': '2d75db4e988c4416acda8986db414de6', 'tenant_name': 'tempest-ServicesAdminNegativeV253TestJSON-1955775187', 'user_domain_id': 'default', 'user_domain_name': 'Default', 'user_id': '5af8d02e45cc44c492d7038675e691e9', 'system': None}, Network: None, Subnet: None, Router: None
2024-09-30 22:28:35.123 61891 INFO tempest.lib.common.rest_client [req-10ff903e-108f-4bfc-81bf-f289f383f340 req-10ff903e-108f-4bfc-81bf-f289f383f340 ] Request (MigrationsAdminTest:setUpClass): 201 POST http://10.180.1.21/identity/v3/projects 0.065s
2024-09-30 22:28:35.154 61915 INFO tempest.lib.common.rest_client [req-c9ca3e7e-2c68-4f62-9b56-1b695b8c2019 req-c9ca3e7e-2c68-4f62-9b56-1b695b8c2019 ] Request (ServicesAdminNegativeV253TestJSON:setUpClass): 201 POST http://10.180.1.21/identity/v3/auth/tokens 0.079s
2024-09-30 22:28:35.192 61891 INFO tempest.lib.common.rest_client [req-98ad48aa-966a-4d0f-b8e0-bc9fbfe4fd36 req-98ad48aa-966a-4d0f-b8e0-bc9fbfe4fd36 ] Request (MigrationsAdminTest:setUpClass): 201 POST http://10.180.1.21/identity/v3/users 0.067s
2024-09-30 22:28:35.207 61933 INFO tempest.lib.common.rest_client [req-5fadd017-ed44-494e-92b2-4c0b53565222 req-5fadd017-ed44-494e-92b2-4c0b53565222 ] Request (ServersAdmin275Test:test_rebuild_update_server_275): 200 GET http://10.180.1.21/compute/v2.1/servers/c4aa6578-95ee-4bb3-86e7-758aa3446f8a 2.177s
2024-09-30 22:28:35.220 61891 INFO tempest.lib.common.rest_client [req-7a14ce01-aad3-475e-b70d-2da5e755b8f4 req-7a14ce01-aad3-475e-b70d-2da5e755b8f4 ] Request (MigrationsAdminTest:setUpClass): 200 GET http://10.180.1.21/identity/v3/roles 0.028s
2024-09-30 22:28:35.241 61909 INFO tempest.lib.common.rest_client [req-79dd151e-5db3-4539-8698-929bf001a88b req-79dd151e-5db3-4539-8698-929bf001a88b ] Request (TenantUsagesTestJSON:setUpClass): 404 GET http://10.180.1.21/compute/v2.1/servers/e87d8df2-7297-49f1-806d-ccdfed8efa22 2.163s
2024-09-30 22:28:35.241 61909 INFO tempest.test [-] raised in TenantUsagesTestJSON.setUpClass. Invoking tearDownClass.
2024-09-30 22:28:35.266 61941 INFO tempest.lib.common.rest_client [req-dfed5de3-21cf-49e2-8578-db231eda07ef req-dfed5de3-21cf-49e2-8578-db231eda07ef ] Request (HypervisorAdminUnderV252Test:test_search_hypervisor): 200 GET http://10.180.1.21/compute/v2.1/os-hypervisors/domain-c8.fc996f14-c53b-4953-92e3-bdfa48f5cc28/search 2.153s
2024-09-30 22:28:35.270 61891 INFO tempest.lib.common.rest_client [req-1526efc2-cea4-4b96-8985-0173336a3440 req-1526efc2-cea4-4b96-8985-0173336a3440 ] Request (MigrationsAdminTest:setUpClass): 204 PUT http://10.180.1.21/identity/v3/projects/28064c2999524d93bc64fc06a7ab193d/users/d2c80fdc1fd24e938d17f6f60dd10e91/roles/490670819cbc49afb9aba731405373d0 0.049s
2024-09-30 22:28:35.368 61909 INFO tempest.lib.common.rest_client [req-5276ca7d-b285-4b9a-8766-2bb533828281 req-5276ca7d-b285-4b9a-8766-2bb533828281 ] Request (TenantUsagesTestJSON:tearDownClass): 204 DELETE http://10.180.1.21/identity/v3/users/f5091306e45547469cb0bcb6d741a500 0.126s
2024-09-30 22:28:35.447 61941 INFO tempest.lib.common.rest_client [req-b141039b-1c88-46e3-95f2-527cb14d1fc6 req-b141039b-1c88-46e3-95f2-527cb14d1fc6 ] Request (HypervisorAdminUnderV252Test:tearDownClass): 204 DELETE http://10.180.1.21/identity/v3/users/f44b84a20495483db338c8eb9781d746 0.177s
