2024-09-30 22:30:30.547 61891 INFO tempest.lib.common.fixed_network [-] (ListServerFiltersTestJSON:setUpClass) Found network {'id': '24145374-8d05-4c9e-8772-424366d5decb', 'name': 'tempest-ListServerFiltersTestJSON-1931579383-network', 'tenant_id': 'b70b19736bb547418a0443be465ab7de', 'admin_state_up': True, 'mtu': 8950, 'status': 'ACTIVE', 'subnets': [], 'shared': False, 'project_id': 'b70b19736bb547418a0443be465ab7de', 'port_security_enabled': True, 'router:external': False, 'provider:network_type': 'vlan', 'provider:physical_network': 'default', 'provider:segmentation_id': 488, 'is_default': False, 'availability_zone_hints': [], 'availability_zones': [], 'ipv4_address_scope': None, 'ipv6_address_scope': None, 'description': '', 'tags': [], 'created_at': '2024-09-30T22:30:29Z', 'updated_at': '2024-09-30T22:30:29Z', 'revision_number': 1} available for tenant
2024-09-30 22:30:30.570 61911 INFO tempest.lib.common.rest_client [req-deeb7065-5beb-43b0-bb11-ce60f055b31b req-deeb7065-5beb-43b0-bb11-ce60f055b31b ] Request (ImagesMetadataNegativeTestJSON:test_delete_nonexistent_image_metadata_item): 404 DELETE http://10.180.1.21/compute/v2.1/images/0744dd37-3a76-4f6c-ae24-c64832331c8f/metadata/os_distro 1.256s
2024-09-30 22:30:30.575 61891 INFO tempest.lib.common.rest_client [req-c2108ab4-1efc-479f-a866-0b41eadb3abe req-c2108ab4-1efc-479f-a866-0b41eadb3abe ] Request (ListServerFiltersTestJSON:setUpClass): 201 POST http://10.180.1.21/identity/v3/auth/tokens 0.024s
2024-09-30 22:30:30.575 61891 INFO tempest.lib.common.fixed_network [-] (ListServerFiltersTestJSON:setUpClass) Found network {'id': '24145374-8d05-4c9e-8772-424366d5decb', 'name': 'tempest-ListServerFiltersTestJSON-1931579383-network', 'tenant_id': 'b70b19736bb547418a0443be465ab7de', 'admin_state_up': True, 'mtu': 8950, 'status': 'ACTIVE', 'subnets': [], 'shared': False, 'project_id': 'b70b19736bb547418a0443be465ab7de', 'port_security_enabled': True, 'router:external': False, 'provider:network_type': 'vlan', 'provider:physical_network': 'default', 'provider:segmentation_id': 488, 'is_default': False, 'availability_zone_hints': [], 'availability_zones': [], 'ipv4_address_scope': None, 'ipv6_address_scope': None, 'description': '', 'tags': [], 'created_at': '2024-09-30T22:30:29Z', 'updated_at': '2024-09-30T22:30:29Z', 'revision_number': 1} available for tenant
2024-09-30 22:30:30.637 61917 INFO tempest.lib.common.rest_client [req-2c528c96-4b93-476d-ad8b-4318a182afed req-2c528c96-4b93-476d-ad8b-4318a182afed ] Request (ServersTestMultiNic:test_verify_multiple_nics_order): 200 GET http://10.180.1.21/compute/v2.1/servers/8994b671-52fb-4939-adc3-82a8c2e12d3f 1.178s
2024-09-30 22:30:30.640 61936 INFO tempest.lib.common.rest_client [-] Request (TestVersions:test_get_version_details): 200 GET http://10.180.1.21/compute/ 0.864s
2024-09-30 22:30:30.694 61945 INFO tempest.lib.common.rest_client [req-50d74514-e1d1-4b7f-b6ee-43071208846d req-50d74514-e1d1-4b7f-b6ee-43071208846d ] Request (AttachVolumeNegativeTest:test_attach_attached_volume_to_different_server): 200 GET http://10.180.1.21/compute/v2.1/servers/d1e020e4-847d-4716-8088-a1ce1e7f8211 0.969s
2024-09-30 22:30:30.699 61923 INFO tempest.lib.common.rest_client [req-ccd32fcf-7b26-4d78-8db9-420e8cf3300e req-ccd32fcf-7b26-4d78-8db9-420e8cf3300e ] Request (VolumesTestJSON:tearDownClass): 404 GET http://10.180.1.21/volume/v3/79a9f8c494c247bdb00e0dee9d275e40/volumes/7035fd87-0575-40c0-b038-e882bb2eaf37 0.015s
2024-09-30 22:30:30.704 61921 INFO tempest.lib.common.rest_client [req-9f29b817-2ec4-4717-b83f-a6bc25d7a3a9 req-9f29b817-2ec4-4717-b83f-a6bc25d7a3a9 ] Request (ServerMetadataTestJSON:setUpClass): 200 GET http://10.180.1.21/compute/v2.1/servers/4628610f-80dd-408b-b71b-b8e7c5c852db 0.901s
2024-09-30 22:30:30.744 61895 INFO tempest.lib.common.rest_client [req-47ccceb9-0400-459e-9066-40c60526b139 req-47ccceb9-0400-459e-9066-40c60526b139 ] Request (ListImageFiltersTestJSON:setUpClass): 200 GET http://10.180.1.21/compute/v2.1/images/1a0ac503-9998-4272-bcfd-e8dee60dbb2d 0.588s
2024-09-30 22:30:30.786 61923 INFO tempest.lib.common.rest_client [req-7e92870c-9641-41ba-98b1-bba5eddb6b10 req-7e92870c-9641-41ba-98b1-bba5eddb6b10 ] Request (VolumesTestJSON:tearDownClass): 204 DELETE http://10.180.1.21/identity/v3/users/bdb02f8c2d63473e9ae09a82d9bc6b83 0.087s
2024-09-30 22:30:30.786 61923 INFO tempest.lib.common.dynamic_creds [-] Deleting project and security group for project: 79a9f8c494c247bdb00e0dee9d275e40
2024-09-30 22:30:30.803 61937 INFO tempest.lib.common.rest_client [req-cdb82fa8-24f8-4de1-bc63-ed5c2162f599 req-cdb82fa8-24f8-4de1-bc63-ed5c2162f599 ] Request (AttachVolumeTestJSON:test_attach_detach_volume): 200 GET http://10.180.1.21/compute/v2.1/servers/f1d5f59b-0ea4-4960-90c2-6c84fc1ef77f 0.639s
2024-09-30 22:30:30.820 61901 INFO tempest.lib.common.rest_client [req-f8c06aa9-5238-43f9-bed7-166e6cc9dc3e req-f8c06aa9-5238-43f9-bed7-166e6cc9dc3e ] Request (FloatingIPsAssociationNegativeTestJSON:setUpClass): 200 GET http://10.180.1.21/compute/v2.1/servers/2d5fb6d8-585c-4f31-9752-29cfe829926e 0.809s
2024-09-30 22:30:30.872 61923 INFO tempest.lib.common.rest_client [req-ab519e84-dd6d-4cc4-84a0-33950a35989b req-ab519e84-dd6d-4cc4-84a0-33950a35989b ] Request (VolumesTestJSON:tearDownClass): 201 POST http://10.180.1.21/identity/v3/auth/tokens 0.084s
2024-09-30 22:30:30.883 61889 INFO tempest.lib.common.rest_client [req-0cccdcf4-3e79-41d6-9e90-b9f51e964069 req-0cccdcf4-3e79-41d6-9e90-b9f51e964069 ] Request (ServerActionsTestOtherB:setUpClass): 200 GET http://10.180.1.21/compute/v2.1/servers/ad482f5d-0b9c-497e-b424-ab63826768b1 0.697s
2024-09-30 22:30:30.898 61939 INFO tempest.lib.common.rest_client [req-abcac0f4-c979-4b2d-9a0e-61c50d603f85 req-abcac0f4-c979-4b2d-9a0e-61c50d603f85 ] Request (ServerGroupTestJSON:test_create_delete_multiple_server_groups_with_same_name_policy): 200 GET http://10.180.1.21/compute/v2.1/os-server-groups 0.592s
2024-09-30 22:30:30.975 61903 INFO tempest.lib.common.rest_client [req-01129833-2036-4172-bf38-a8f31ebf97bf req-01129833-2036-4172-bf38-a8f31ebf97bf ] Request (SecurityGroupRulesTestJSON:test_security_group_rules_list): 200 POST http://10.180.1.21/compute/v2.1/os-security-group-rules 0.762s
2024-09-30 22:30:31.049 61947 INFO tempest.lib.common.rest_client [req-a4046a46-5f54-4ca7-898a-b7105504ee9c req-a4046a46-5f54-4ca7-898a-b7105504ee9c ] Request (DeleteServersTestJSON:test_delete_server_while_in_building_state): 200 GET http://10.180.1.21/compute/v2.1/servers/ec30e29d-4d9a-4c77-9b31-4840f8404f43 0.731s
2024-09-30 22:30:31.089 61897 INFO tempest.lib.common.rest_client [req-b61498d7-339c-4d2b-afc2-69aed8d1e22b req-b61498d7-339c-4d2b-afc2-69aed8d1e22b ] Request (ServersNegativeTestJSON:setUpClass): 200 GET http://10.180.1.21/compute/v2.1/servers/6ad11e84-1ccd-4b21-b6fa-a3caf91e451d 0.765s
2024-09-30 22:30:31.106 61923 INFO tempest.lib.common.rest_client [req-155f720c-e859-4fb2-a5df-b95328e15f3b req-155f720c-e859-4fb2-a5df-b95328e15f3b ] Request (VolumesTestJSON:tearDownClass): 200 GET http://10.180.1.21:9696/networking/v2.0/security-groups?tenant_id=79a9f8c494c247bdb00e0dee9d275e40&name=default 0.232s
2024-09-30 22:30:31.114 61893 INFO tempest.lib.common.rest_client [req-c23a22f7-40db-484c-9be6-6928e39201a6 req-c23a22f7-40db-484c-9be6-6928e39201a6 ] Request (AttachInterfacesTestJSON:test_reassign_port_between_servers): 200 GET http://10.180.1.21/compute/v2.1/servers/840d25ff-e241-4327-9dc1-f49537c39930 0.741s
2024-09-30 22:30:31.252 61887 INFO tempest.lib.common.rest_client [req-602730d2-8af0-497b-baa5-b92a91d80cec req-602730d2-8af0-497b-baa5-b92a91d80cec ] Request (ServerTagsTestJSON:setUpClass): 200 GET http://10.180.1.21/compute/v2.1/servers/04ec3f4a-1ad2-4e95-bded-1017f84026de 0.796s
2024-09-30 22:30:31.256 61923 INFO tempest.lib.common.rest_client [req-22b25424-5264-4aee-a45f-23eb5375939c req-22b25424-5264-4aee-a45f-23eb5375939c ] Request (VolumesTestJSON:tearDownClass): 204 DELETE http://10.180.1.21:9696/networking/v2.0/security-groups/a170cbdd-c41d-4b22-84df-51f6ac217e59 0.150s
2024-09-30 22:30:31.280 61911 INFO tempest.lib.common.rest_client [req-2a449f0c-82ef-4d84-8219-6235966d3d70 req-2a449f0c-82ef-4d84-8219-6235966d3d70 ] Request (ImagesMetadataNegativeTestJSON:test_get_nonexistent_image_metadata_item): 404 GET http://10.180.1.21/compute/v2.1/images/c4a22b2d-868d-4d18-bb76-0b248643dfee/metadata/os_version 0.708s
2024-09-30 22:30:31.346 61923 INFO tempest.lib.common.rest_client [req-dcc308fd-9eb3-4d53-844c-fb95f87b8544 req-dcc308fd-9eb3-4d53-844c-fb95f87b8544 ] Request (VolumesTestJSON:tearDownClass): 204 DELETE http://10.180.1.21/identity/v3/projects/79a9f8c494c247bdb00e0dee9d275e40 0.089s
2024-09-30 22:30:31.397 61931 INFO tempest.lib.common.rest_client [req-616391c6-e316-48f4-84ea-a887ed41eb5a req-616391c6-e316-48f4-84ea-a887ed41eb5a ] Request (ImagesOneServerTestJSON:setUpClass): 200 PUT http://10.180.1.21:9696/networking/v2.0/routers/06937a92-e487-489d-bce2-844bfba59777/add_router_interface 1.096s
2024-09-30 22:30:31.397 61931 INFO tempest.lib.common.dynamic_creds [-] Created isolated network resources for: credentials: Credentials: {'domain_id': 'default', 'domain_name': 'Default', 'username': 'tempest-ImagesOneServerTestJSON-1804223291-project-member', 'project_domain_id': 'default', 'project_domain_name': 'Default', 'project_id': 'efa75476a7db4c85adbe631a91a0872e', 'project_name': 'tempest-ImagesOneServerTestJSON-1804223291', 'tenant_id': 'efa75476a7db4c85adbe631a91a0872e', 'tenant_name': 'tempest-ImagesOneServerTestJSON-1804223291', 'user_domain_id': 'default', 'user_domain_name': 'Default', 'user_id': '3d5d31fa58674a02a351089ec82a056c', 'system': None}, Network: {'id': '8886395b-5775-4c7d-867a-4897cb481c9b', 'name': 'tempest-ImagesOneServerTestJSON-447696444-network', 'tenant_id': 'efa75476a7db4c85adbe631a91a0872e', 'admin_state_up': True, 'mtu': 8950, 'status': 'ACTIVE', 'subnets': [], 'shared': False, 'project_id': 'efa75476a7db4c85adbe631a91a0872e', 'port_security_enabled': True, 'router:external': False, 'provider:network_type': 'vlan', 'provider:physical_network': 'default', 'provider:segmentation_id': 613, 'is_default': False, 'availability_zone_hints': [], 'availability_zones': [], 'ipv4_address_scope': None, 'ipv6_address_scope': None, 'description': '', 'tags': [], 'created_at': '2024-09-30T22:30:28Z', 'updated_at': '2024-09-30T22:30:28Z', 'revision_number': 1}, Subnet: {'id': '6f733a2d-545f-44c4-837e-997f19951941', 'name': 'tempest-ImagesOneServerTestJSON-447696444-subnet', 'tenant_id': 'efa75476a7db4c85adbe631a91a0872e', 'network_id': '8886395b-5775-4c7d-867a-4897cb481c9b', 'ip_version': 4, 'subnetpool_id': None, 'enable_dhcp': True, 'ipv6_ra_mode': None, 'ipv6_address_mode': None, 'gateway_ip': '192.168.128.1', 'cidr': '192.168.128.0/28', 'allocation_pools': [{'start': '192.168.128.2', 'end': '192.168.128.14'}], 'host_routes': [], 'dns_nameservers': [], 'description': '', 'service_types': [], 'tags': [], 'created_at': '2024-09-30T22:30:28Z', 'updated_at': '2024-09-30T22:30:28Z', 'revision_number': 0, 'project_id': 'efa75476a7db4c85adbe631a91a0872e'}, Router: {'id': '06937a92-e487-489d-bce2-844bfba59777', 'name': 'tempest-ImagesOneServerTestJSON-447696444-router', 'tenant_id': 'efa75476a7db4c85adbe631a91a0872e', 'admin_state_up': True, 'status': 'ACTIVE', 'external_gateway_info': {'network_id': 'bd88ca26-9ffb-405b-9e98-6b30663c0915', 'external_fixed_ips': [{'subnet_id': '02bf4ea8-f8e7-4254-8094-b970f1b9fc68', 'ip_address': '10.180.180.151'}], 'enable_snat': True}, 'description': '', 'availability_zones': [], 'distributed': False, 'ha': False, 'availability_zone_hints': [], 'routes': [], 'flavor_id': None, 'tags': [], 'created_at': '2024-09-30T22:30:29Z', 'updated_at': '2024-09-30T22:30:29Z', 'revision_number': 2, 'project_id': 'efa75476a7db4c85adbe631a91a0872e'}
2024-09-30 22:30:31.500 61931 INFO tempest.lib.common.rest_client [req-b133a773-b74b-45b4-8410-c4b556d7d15a req-b133a773-b74b-45b4-8410-c4b556d7d15a ] Request (ImagesOneServerTestJSON:setUpClass): 201 POST http://10.180.1.21/identity/v3/auth/tokens 0.098s
2024-09-30 22:30:31.532 61931 INFO tempest.lib.common.rest_client [req-c69a876b-8a0a-49a7-bea3-f995a96bc8bb req-c69a876b-8a0a-49a7-bea3-f995a96bc8bb ] Request (ImagesOneServerTestJSON:setUpClass): 201 POST http://10.180.1.21/identity/v3/auth/tokens 0.029s
2024-09-30 22:30:31.532 61931 INFO tempest.lib.common.fixed_network [-] (ImagesOneServerTestJSON:setUpClass) Found network {'id': '8886395b-5775-4c7d-867a-4897cb481c9b', 'name': 'tempest-ImagesOneServerTestJSON-447696444-network', 'tenant_id': 'efa75476a7db4c85adbe631a91a0872e', 'admin_state_up': True, 'mtu': 8950, 'status': 'ACTIVE', 'subnets': [], 'shared': False, 'project_id': 'efa75476a7db4c85adbe631a91a0872e', 'port_security_enabled': True, 'router:external': False, 'provider:network_type': 'vlan', 'provider:physical_network': 'default', 'provider:segmentation_id': 613, 'is_default': False, 'availability_zone_hints': [], 'availability_zones': [], 'ipv4_address_scope': None, 'ipv6_address_scope': None, 'description': '', 'tags': [], 'created_at': '2024-09-30T22:30:28Z', 'updated_at': '2024-09-30T22:30:28Z', 'revision_number': 1} available for tenant
2024-09-30 22:30:31.638 61925 INFO tempest.lib.common.rest_client [req-81ca6328-d4a3-4bee-9d2b-80fced7cd97e req-81ca6328-d4a3-4bee-9d2b-80fced7cd97e ] Request (FloatingIPDetailsTestJSON:tearDownClass): 202 DELETE http://10.180.1.21/compute/v2.1/os-floating-ips/0cefd192-9181-44fd-965c-7c5fef5b29b0 1.251s
2024-09-30 22:30:31.640 61936 INFO tempest.lib.common.rest_client [req-20d3e1e0-66b6-4572-bd79-3f305eeb4b34 req-20d3e1e0-66b6-4572-bd79-3f305eeb4b34 ] Request (TestVersions:test_get_version_details): 200 GET http://10.180.1.21/compute/v2/ 0.996s
2024-09-30 22:30:31.855 61907 INFO tempest.lib.common.rest_client [req-f35240ad-3171-49a5-85fb-885e33bb6e7f req-f35240ad-3171-49a5-85fb-885e33bb6e7f ] Request (ServerDiskConfigTestJSON:test_update_server_from_auto_to_manual): 200 GET http://10.180.1.21/compute/v2.1/servers/30054012-9385-4eb3-a990-3f150c1f21cb 1.135s
2024-09-30 22:30:31.887 61895 INFO tempest.lib.common.rest_client [req-267ec9b7-0481-4e83-996b-831c414bec5c req-267ec9b7-0481-4e83-996b-831c414bec5c ] Request (ListImageFiltersTestJSON:setUpClass): 200 GET http://10.180.1.21/compute/v2.1/images/1a0ac503-9998-4272-bcfd-e8dee60dbb2d 1.140s
2024-09-30 22:30:31.939 61929 INFO tempest.lib.common.rest_client [req-b8fc2e41-50b5-4cc0-987b-2c849a0d485e req-b8fc2e41-50b5-4cc0-987b-2c849a0d485e ] Request (AttachVolumeShelveTestJSON:test_attach_volume_shelved_or_offload_server): 200 GET http://10.180.1.21/compute/v2.1/servers/2463194f-9466-4ff5-abae-b2e5d612e8f0 1.148s
2024-09-30 22:30:31.972 61891 INFO tempest.lib.common.rest_client [req-2a7df3ce-d4f1-4479-9435-40dc5fa170cc req-2a7df3ce-d4f1-4479-9435-40dc5fa170cc ] Request (ListServerFiltersTestJSON:setUpClass): 202 POST http://10.180.1.21/compute/v2.1/servers 1.396s
2024-09-30 22:30:31.998 61899 INFO tempest.lib.common.rest_client [req-468aa184-db8c-47d0-b6e5-c1147374d1ea req-468aa184-db8c-47d0-b6e5-c1147374d1ea ] Request (ServerRescueTestJSONUnderV235:setUpClass): 200 GET http://10.180.1.21/compute/v2.1/servers/856d2cd5-fe28-42f3-bfca-97e1c93c9791 1.141s
2024-09-30 22:30:32.011 61891 INFO tempest.lib.common.rest_client [req-a7c6ca7b-838b-4ece-8871-f9acd274130a req-a7c6ca7b-838b-4ece-8871-f9acd274130a ] Request (ListServerFiltersTestJSON:setUpClass): 201 POST http://10.180.1.21/identity/v3/auth/tokens 0.035s
2024-09-30 22:30:32.012 61891 INFO tempest.lib.common.fixed_network [-] (ListServerFiltersTestJSON:setUpClass) Found network {'id': '24145374-8d05-4c9e-8772-424366d5decb', 'name': 'tempest-ListServerFiltersTestJSON-1931579383-network', 'tenant_id': 'b70b19736bb547418a0443be465ab7de', 'admin_state_up': True, 'mtu': 8950, 'status': 'ACTIVE', 'subnets': [], 'shared': False, 'project_id': 'b70b19736bb547418a0443be465ab7de', 'port_security_enabled': True, 'router:external': False, 'provider:network_type': 'vlan', 'provider:physical_network': 'default', 'provider:segmentation_id': 488, 'is_default': False, 'availability_zone_hints': [], 'availability_zones': [], 'ipv4_address_scope': None, 'ipv6_address_scope': None, 'description': '', 'tags': [], 'created_at': '2024-09-30T22:30:29Z', 'updated_at': '2024-09-30T22:30:29Z', 'revision_number': 1} available for tenant
2024-09-30 22:30:32.033 61939 INFO tempest.lib.common.rest_client [req-2b1401ad-9cef-433f-8ecf-b3bfb6b1c056 req-2b1401ad-9cef-433f-8ecf-b3bfb6b1c056 ] Request (ServerGroupTestJSON:test_create_delete_server_group_with_affinity_policy): 200 POST http://10.180.1.21/compute/v2.1/os-server-groups 1.131s
2024-09-30 22:30:32.203 61903 INFO tempest.lib.common.rest_client [req-37541811-6146-40ec-8a9d-848633a5098f req-37541811-6146-40ec-8a9d-848633a5098f ] Request (SecurityGroupRulesTestJSON:test_security_group_rules_list): 200 POST http://10.180.1.21/compute/v2.1/os-security-group-rules 1.222s
2024-09-30 22:30:32.223 61911 INFO tempest.lib.common.rest_client [req-88d2e52d-f303-4efc-8de5-622af06c074a req-88d2e52d-f303-4efc-8de5-622af06c074a ] Request (ImagesMetadataNegativeTestJSON:test_list_nonexistent_image_metadata): 404 GET http://10.180.1.21/compute/v2.1/images/416b1d37-596f-40f8-8203-0304655073a5/metadata 0.942s
2024-09-30 22:30:32.261 61941 INFO tempest.lib.common.rest_client [req-25af3d0a-34a7-4e75-b648-61b9cf7d0917 req-25af3d0a-34a7-4e75-b648-61b9cf7d0917 ] Request (AttachInterfacesV270Test:test_create_get_list_interfaces): 200 GET http://10.180.1.21/compute/v2.1/servers/4189e467-1484-44de-a37b-69bf3a4c17dd 1.256s
2024-09-30 22:30:32.274 61895 INFO tempest.lib.common.rest_client [req-58651621-1fe8-4154-9bef-a3c82223966e req-58651621-1fe8-4154-9bef-a3c82223966e ] Request (ListImageFiltersTestJSON:setUpClass): 201 POST http://10.180.1.21/image/v2/images 0.384s
2024-09-30 22:30:32.280 61919 INFO tempest.lib.common.rest_client [req-831b8aef-a978-41ed-91a7-b4b027bf5bba req-831b8aef-a978-41ed-91a7-b4b027bf5bba ] Request (ServersTestJSON:test_create_server_specify_multibyte_character_name): 200 GET http://10.180.1.21/compute/v2.1/servers/62f3f560-284c-47d8-81eb-7ed5a7b77383 0.990s
2024-09-30 22:30:32.311 61933 INFO tempest.lib.common.rest_client [req-ae46ba65-3fce-4155-a577-ebb302a8dbba req-ae46ba65-3fce-4155-a577-ebb302a8dbba ] Request (SecurityGroupsTestJSON:test_list_security_groups_by_server): 200 GET http://10.180.1.21/compute/v2.1/servers/1ae3cb31-b25f-4f8a-bb38-59571ebf3f1e 0.926s
2024-09-30 22:30:32.333 61905 INFO tempest.lib.common.rest_client [req-3fc230ff-42ea-4bda-bb90-952a78217314 req-3fc230ff-42ea-4bda-bb90-952a78217314 ] Request (AttachInterfacesUnderV243Test:test_add_remove_fixed_ip): 200 GET http://10.180.1.21/compute/v2.1/servers/a9c2506f-f0d6-4cb7-9753-b742cb47ff89 0.884s
2024-09-30 22:30:32.474 61949 INFO tempest.lib.common.rest_client [req-c75b3dfe-ae56-469a-b4da-15c2fb411898 req-c75b3dfe-ae56-469a-b4da-15c2fb411898 ] Request (MultipleCreateTestJSON:test_multiple_create): 200 GET http://10.180.1.21/compute/v2.1/servers/339f9d54-db19-4f03-91b9-05204d63ad8d 0.959s
2024-09-30 22:30:33.078 61931 INFO tempest.lib.common.rest_client [req-b26cd0a2-4ece-4239-933c-c74c929d678a req-b26cd0a2-4ece-4239-933c-c74c929d678a ] Request (ImagesOneServerTestJSON:setUpClass): 202 POST http://10.180.1.21/compute/v2.1/servers 1.545s
2024-09-30 22:30:33.080 61936 INFO tempest.lib.common.rest_client [req-23897890-50ab-4e4c-91c0-09854c7be4d2 req-23897890-50ab-4e4c-91c0-09854c7be4d2 ] Request (TestVersions:test_get_version_details): 200 GET http://10.180.1.21/compute/v2.1/ 1.438s
2024-09-30 22:30:33.210 61925 INFO tempest.lib.common.rest_client [req-c236942e-0f3c-47cd-baad-eedd966d36a0 req-c236942e-0f3c-47cd-baad-eedd966d36a0 ] Request (FloatingIPDetailsTestJSON:tearDownClass): 202 DELETE http://10.180.1.21/compute/v2.1/os-floating-ips/c5125a24-5cf9-42ec-be1d-eae1e4ab41b7 1.571s
2024-09-30 22:30:33.396 61917 INFO tempest.lib.common.rest_client [req-bc75bea8-6a4a-4690-9036-9a860de48ffd req-bc75bea8-6a4a-4690-9036-9a860de48ffd ] Request (ServersTestMultiNic:test_verify_multiple_nics_order): 200 GET http://10.180.1.21/compute/v2.1/servers/8994b671-52fb-4939-adc3-82a8c2e12d3f 1.749s
2024-09-30 22:30:33.402 61945 INFO tempest.lib.common.rest_client [req-fb098473-c56f-43d9-8a27-4f66c69aeb49 req-fb098473-c56f-43d9-8a27-4f66c69aeb49 ] Request (AttachVolumeNegativeTest:test_attach_attached_volume_to_different_server): 200 GET http://10.180.1.21/compute/v2.1/servers/d1e020e4-847d-4716-8088-a1ce1e7f8211 1.696s
2024-09-30 22:30:33.449 61921 INFO tempest.lib.common.rest_client [req-c8d01dcc-a390-4da7-9403-46aec6bd9c1a req-c8d01dcc-a390-4da7-9403-46aec6bd9c1a ] Request (ServerMetadataTestJSON:setUpClass): 200 GET http://10.180.1.21/compute/v2.1/servers/4628610f-80dd-408b-b71b-b8e7c5c852db 1.737s
2024-09-30 22:30:33.451 61937 INFO tempest.lib.common.rest_client [req-48fc4447-00a2-4a5e-b077-6b86e1e0608a req-48fc4447-00a2-4a5e-b077-6b86e1e0608a ] Request (AttachVolumeTestJSON:test_attach_detach_volume): 200 GET http://10.180.1.21/compute/v2.1/servers/f1d5f59b-0ea4-4960-90c2-6c84fc1ef77f 1.636s
2024-09-30 22:30:33.506 61889 INFO tempest.lib.common.rest_client [req-cadec9db-d733-4a01-aa63-58005afbbaf5 req-cadec9db-d733-4a01-aa63-58005afbbaf5 ] Request (ServerActionsTestOtherB:setUpClass): 200 GET http://10.180.1.21/compute/v2.1/servers/ad482f5d-0b9c-497e-b424-ab63826768b1 1.612s
2024-09-30 22:30:33.624 61901 INFO tempest.lib.common.rest_client [req-0a4ed475-dcde-49f5-8c20-338beccbfa70 req-0a4ed475-dcde-49f5-8c20-338beccbfa70 ] Request (FloatingIPsAssociationNegativeTestJSON:setUpClass): 200 GET http://10.180.1.21/compute/v2.1/servers/2d5fb6d8-585c-4f31-9752-29cfe829926e 1.797s
2024-09-30 22:30:33.645 61939 INFO tempest.lib.common.rest_client [req-428d522d-c87c-4d4b-aeff-75124946f89d req-428d522d-c87c-4d4b-aeff-75124946f89d ] Request (ServerGroupTestJSON:test_create_delete_server_group_with_affinity_policy): 204 DELETE http://10.180.1.21/compute/v2.1/os-server-groups/ed6ba0a3-b2d9-4e7c-b066-5186c2e2af84 1.610s
2024-09-30 22:30:33.832 61895 INFO tempest.lib.common.rest_client [req-6b112d4f-aab5-4a62-a1d4-30a549b93303 req-6b112d4f-aab5-4a62-a1d4-30a549b93303 ] Request (ListImageFiltersTestJSON:setUpClass): 204 PUT http://10.180.1.21/image/v2/images/1328437b-d202-4e55-af7e-74d49ed6a6ae/file 0.556s
2024-09-30 22:30:33.841 61947 INFO tempest.lib.common.rest_client [req-d569d59e-caeb-4d53-b3b7-181325327cfc req-d569d59e-caeb-4d53-b3b7-181325327cfc ] Request (DeleteServersTestJSON:test_delete_server_while_in_building_state): 200 GET http://10.180.1.21/compute/v2.1/servers/ec30e29d-4d9a-4c77-9b31-4840f8404f43 1.785s
2024-09-30 22:30:33.882 61891 INFO tempest.lib.common.rest_client [req-5a1ca80d-317d-485d-b688-788c97621565 req-5a1ca80d-317d-485d-b688-788c97621565 ] Request (ListServerFiltersTestJSON:setUpClass): 202 POST http://10.180.1.21/compute/v2.1/servers 1.870s
2024-09-30 22:30:33.915 61891 INFO tempest.lib.common.rest_client [req-eb6e2492-63f6-4ef2-8d7e-e97c5f9a063d req-eb6e2492-63f6-4ef2-8d7e-e97c5f9a063d ] Request (ListServerFiltersTestJSON:setUpClass): 201 POST http://10.180.1.21/identity/v3/auth/tokens 0.030s
2024-09-30 22:30:33.915 61891 INFO tempest.lib.common.fixed_network [-] (ListServerFiltersTestJSON:setUpClass) Found network {'id': '24145374-8d05-4c9e-8772-424366d5decb', 'name': 'tempest-ListServerFiltersTestJSON-1931579383-network', 'tenant_id': 'b70b19736bb547418a0443be465ab7de', 'admin_state_up': True, 'mtu': 8950, 'status': 'ACTIVE', 'subnets': [], 'shared': False, 'project_id': 'b70b19736bb547418a0443be465ab7de', 'port_security_enabled': True, 'router:external': False, 'provider:network_type': 'vlan', 'provider:physical_network': 'default', 'provider:segmentation_id': 488, 'is_default': False, 'availability_zone_hints': [], 'availability_zones': [], 'ipv4_address_scope': None, 'ipv6_address_scope': None, 'description': '', 'tags': [], 'created_at': '2024-09-30T22:30:29Z', 'updated_at': '2024-09-30T22:30:29Z', 'revision_number': 1} available for tenant
2024-09-30 22:30:33.940 61893 INFO tempest.lib.common.rest_client [req-054b838f-d464-4bdc-84e4-14ce1c2d3f58 req-054b838f-d464-4bdc-84e4-14ce1c2d3f58 ] Request (AttachInterfacesTestJSON:test_reassign_port_between_servers): 200 GET http://10.180.1.21/compute/v2.1/servers/840d25ff-e241-4327-9dc1-f49537c39930 1.818s
2024-09-30 22:30:34.002 61903 INFO tempest.lib.common.rest_client [req-05bfe2e9-9f37-4932-b44f-fc64f98b706c req-05bfe2e9-9f37-4932-b44f-fc64f98b706c ] Request (SecurityGroupRulesTestJSON:test_security_group_rules_list): 200 GET http://10.180.1.21/compute/v2.1/os-security-groups/724afcf8-b635-4360-9414-6cd91492c2ed 1.794s
2024-09-30 22:30:34.022 61911 INFO tempest.lib.common.rest_client [req-ba1d02eb-b1fa-4411-b42c-e04cdde44250 req-ba1d02eb-b1fa-4411-b42c-e04cdde44250 ] Request (ImagesMetadataNegativeTestJSON:test_set_nonexistent_image_metadata): 404 PUT http://10.180.1.21/compute/v2.1/images/52b0634e-04da-4209-a246-814eb7f43dab/metadata 1.798s
2024-09-30 22:30:34.032 61897 INFO tempest.lib.common.rest_client [req-270ae81a-8e03-4069-9f8d-530c2a94d2cc req-270ae81a-8e03-4069-9f8d-530c2a94d2cc ] Request (ServersNegativeTestJSON:setUpClass): 200 GET http://10.180.1.21/compute/v2.1/servers/6ad11e84-1ccd-4b21-b6fa-a3caf91e451d 1.934s
2024-09-30 22:30:34.165 61907 INFO tempest.lib.common.rest_client [req-3ee31e05-85db-487f-8532-70035886c29e req-3ee31e05-85db-487f-8532-70035886c29e ] Request (ServerDiskConfigTestJSON:test_update_server_from_auto_to_manual): 200 GET http://10.180.1.21/compute/v2.1/servers/30054012-9385-4eb3-a990-3f150c1f21cb 1.300s
2024-09-30 22:30:34.206 61887 INFO tempest.lib.common.rest_client [req-443f2942-99cd-4793-bc29-4f8d5fe44ffe req-443f2942-99cd-4793-bc29-4f8d5fe44ffe ] Request (ServerTagsTestJSON:setUpClass): 200 GET http://10.180.1.21/compute/v2.1/servers/04ec3f4a-1ad2-4e95-bded-1017f84026de 1.943s
2024-09-30 22:30:34.214 61929 INFO tempest.lib.common.rest_client [req-ced679c0-f5f9-427e-8eb0-b5bf5f5c8a02 req-ced679c0-f5f9-427e-8eb0-b5bf5f5c8a02 ] Request (AttachVolumeShelveTestJSON:test_attach_volume_shelved_or_offload_server): 200 GET http://10.180.1.21/compute/v2.1/servers/2463194f-9466-4ff5-abae-b2e5d612e8f0 1.265s
2024-09-30 22:30:34.253 61936 INFO tempest.lib.common.rest_client [-] Request (TestVersions:test_list_api_versions): 200 GET http://10.180.1.21/compute/ 1.169s
2024-09-30 22:30:34.256 61899 INFO tempest.lib.common.rest_client [req-00bc7188-816a-4a04-80a0-725b3794a07e req-00bc7188-816a-4a04-80a0-725b3794a07e ] Request (ServerRescueTestJSONUnderV235:setUpClass): 200 GET http://10.180.1.21/compute/v2.1/servers/856d2cd5-fe28-42f3-bfca-97e1c93c9791 1.250s
2024-09-30 22:30:34.266 61931 INFO tempest.lib.common.rest_client [req-6a83ede3-ae6d-497c-8be1-60f1287be252 req-6a83ede3-ae6d-497c-8be1-60f1287be252 ] Request (ImagesOneServerTestJSON:setUpClass): 200 GET http://10.180.1.21/compute/v2.1/servers/59e61b22-184e-41fa-962e-324c8f0ef1d4 1.186s
2024-09-30 22:30:34.361 61936 INFO tempest.lib.common.rest_client [req-78e49f72-0873-407d-871a-c3e8e62d7735 req-78e49f72-0873-407d-871a-c3e8e62d7735 ] Request (TestVersions:tearDownClass): 204 DELETE http://10.180.1.21/identity/v3/users/f9b7aa064a08463aad8497ee04e2d277 0.102s
2024-09-30 22:30:34.361 61936 INFO tempest.lib.common.dynamic_creds [-] Deleting project and security group for project: a35395abf280426e92c4fabaf19e07eb
2024-09-30 22:30:34.407 61941 INFO tempest.lib.common.rest_client [req-3a7dc67b-f42b-4cfb-907c-6dea4708fb52 req-3a7dc67b-f42b-4cfb-907c-6dea4708fb52 ] Request (AttachInterfacesV270Test:test_create_get_list_interfaces): 200 GET http://10.180.1.21/compute/v2.1/servers/4189e467-1484-44de-a37b-69bf3a4c17dd 1.136s
2024-09-30 22:30:34.419 61936 INFO tempest.lib.common.rest_client [req-e448b6c5-9e33-4b84-acd8-4ccb1139b738 req-e448b6c5-9e33-4b84-acd8-4ccb1139b738 ] Request (TestVersions:tearDownClass): 201 POST http://10.180.1.21/identity/v3/auth/tokens 0.058s
2024-09-30 22:30:34.464 61919 INFO tempest.lib.common.rest_client [req-99c959cb-af44-452d-9952-93b3a154ed43 req-99c959cb-af44-452d-9952-93b3a154ed43 ] Request (ServersTestJSON:test_create_server_specify_multibyte_character_name): 200 GET http://10.180.1.21/compute/v2.1/servers/62f3f560-284c-47d8-81eb-7ed5a7b77383 1.175s
2024-09-30 22:30:34.510 61933 INFO tempest.lib.common.rest_client [req-3b94d7d8-4f46-46be-9167-fca42fa2057d req-3b94d7d8-4f46-46be-9167-fca42fa2057d ] Request (SecurityGroupsTestJSON:test_list_security_groups_by_server): 200 GET http://10.180.1.21/compute/v2.1/servers/1ae3cb31-b25f-4f8a-bb38-59571ebf3f1e 1.192s
2024-09-30 22:30:34.541 61936 INFO tempest.lib.common.rest_client [req-9482bd77-19dd-4ba3-a4f2-43ce74bf7f48 req-9482bd77-19dd-4ba3-a4f2-43ce74bf7f48 ] Request (TestVersions:tearDownClass): 200 GET http://10.180.1.21:9696/networking/v2.0/security-groups?tenant_id=a35395abf280426e92c4fabaf19e07eb&name=default 0.121s
2024-09-30 22:30:34.559 61905 INFO tempest.lib.common.rest_client [req-e9ee1afd-6016-48f9-8c2b-02db4d892171 req-e9ee1afd-6016-48f9-8c2b-02db4d892171 ] Request (AttachInterfacesUnderV243Test:test_add_remove_fixed_ip): 200 GET http://10.180.1.21/compute/v2.1/servers/a9c2506f-f0d6-4cb7-9753-b742cb47ff89 1.218s
2024-09-30 22:30:34.620 61936 INFO tempest.lib.common.rest_client [req-0c8f17d0-fe04-4b00-9cd1-b6160b8dd9fc req-0c8f17d0-fe04-4b00-9cd1-b6160b8dd9fc ] Request (TestVersions:tearDownClass): 204 DELETE http://10.180.1.21:9696/networking/v2.0/security-groups/d01a0e5b-f33a-47f8-85d5-627ed0f14c96 0.078s
2024-09-30 22:30:34.665 61949 INFO tempest.lib.common.rest_client [req-0dc7f611-e9af-40dc-a7d2-e390e2340957 req-0dc7f611-e9af-40dc-a7d2-e390e2340957 ] Request (MultipleCreateTestJSON:test_multiple_create): 200 GET http://10.180.1.21/compute/v2.1/servers/339f9d54-db19-4f03-91b9-05204d63ad8d 1.184s
2024-09-30 22:30:34.676 61936 INFO tempest.lib.common.rest_client [req-d99692ae-d087-4ff0-9363-15aaa9a6b872 req-d99692ae-d087-4ff0-9363-15aaa9a6b872 ] Request (TestVersions:tearDownClass): 204 DELETE http://10.180.1.21/identity/v3/projects/a35395abf280426e92c4fabaf19e07eb 0.056s
2024-09-30 22:30:34.678 61939 INFO tempest.lib.common.rest_client [req-0057a08d-90e5-4cde-824f-c0c8de0d8efd req-0057a08d-90e5-4cde-824f-c0c8de0d8efd ] Request (ServerGroupTestJSON:test_create_delete_server_group_with_affinity_policy): 200 GET http://10.180.1.21/compute/v2.1/os-server-groups 1.032s
2024-09-30 22:30:34.709 61895 INFO tempest.lib.common.rest_client [req-945e93f6-149e-43e2-9f0a-459455ae0e4e req-945e93f6-149e-43e2-9f0a-459455ae0e4e ] Request (ListImageFiltersTestJSON:setUpClass): 200 GET http://10.180.1.21/compute/v2.1/images/1328437b-d202-4e55-af7e-74d49ed6a6ae 0.877s
2024-09-30 22:30:34.736 61925 INFO tempest.lib.common.rest_client [req-cff3fc8b-f688-4e3c-8ba4-c77fa5ea2649 req-cff3fc8b-f688-4e3c-8ba4-c77fa5ea2649 ] Request (FloatingIPDetailsTestJSON:tearDownClass): 202 DELETE http://10.180.1.21/compute/v2.1/os-floating-ips/f8e13a28-f329-4424-b8ba-e2f891f1beff 1.525s
2024-09-30 22:30:35.174 61903 INFO tempest.lib.common.rest_client [req-f4548f7a-f687-45db-9e14-05ac0f6308be req-f4548f7a-f687-45db-9e14-05ac0f6308be ] Request (SecurityGroupRulesTestJSON:_run_cleanups): 202 DELETE http://10.180.1.21/compute/v2.1/os-security-group-rules/0fdafafd-0301-496d-a9e8-f58ba23f4ea9 1.170s
2024-09-30 22:30:35.196 61911 INFO tempest.lib.common.rest_client [req-f59cda88-bc79-4a5d-99b1-164f7ea8da9f req-f59cda88-bc79-4a5d-99b1-164f7ea8da9f ] Request (ImagesMetadataNegativeTestJSON:test_set_nonexistent_image_metadata_item): 404 PUT http://10.180.1.21/compute/v2.1/images/4358ce29-ffe3-48eb-8c15-9f3c59bf52db/metadata/os_distro 1.173s
2024-09-30 22:30:35.397 61917 INFO tempest.lib.common.rest_client [req-4605e3df-f83e-4af1-a81b-26237ccd62f2 req-4605e3df-f83e-4af1-a81b-26237ccd62f2 ] Request (ServersTestMultiNic:test_verify_multiple_nics_order): 200 GET http://10.180.1.21/compute/v2.1/servers/8994b671-52fb-4939-adc3-82a8c2e12d3f 0.995s
2024-09-30 22:30:35.436 61891 INFO tempest.lib.common.rest_client [req-98354ef4-6634-4e1f-816e-7a7b9102c9c4 req-98354ef4-6634-4e1f-816e-7a7b9102c9c4 ] Request (ListServerFiltersTestJSON:setUpClass): 202 POST http://10.180.1.21/compute/v2.1/servers 1.520s
2024-09-30 22:30:35.502 61921 INFO tempest.lib.common.rest_client [req-8f106e53-3c03-4616-943b-fc2a93d5c01b req-8f106e53-3c03-4616-943b-fc2a93d5c01b ] Request (ServerMetadataTestJSON:setUpClass): 200 GET http://10.180.1.21/compute/v2.1/servers/4628610f-80dd-408b-b71b-b8e7c5c852db 1.045s
2024-09-30 22:30:35.551 61945 INFO tempest.lib.common.rest_client [req-2f951579-8154-4b19-9527-9ff131d1001c req-2f951579-8154-4b19-9527-9ff131d1001c ] Request (AttachVolumeNegativeTest:test_attach_attached_volume_to_different_server): 200 GET http://10.180.1.21/compute/v2.1/servers/d1e020e4-847d-4716-8088-a1ce1e7f8211 1.142s
2024-09-30 22:30:35.560 61937 INFO tempest.lib.common.rest_client [req-4423a422-0a6f-45fb-b88a-2d908a85cd71 req-4423a422-0a6f-45fb-b88a-2d908a85cd71 ] Request (AttachVolumeTestJSON:test_attach_detach_volume): 200 GET http://10.180.1.21/compute/v2.1/servers/f1d5f59b-0ea4-4960-90c2-6c84fc1ef77f 1.103s
2024-09-30 22:30:35.617 61889 INFO tempest.lib.common.rest_client [req-f5162b2b-74ef-43fd-92ac-d60098260a0a req-f5162b2b-74ef-43fd-92ac-d60098260a0a ] Request (ServerActionsTestOtherB:setUpClass): 200 GET http://10.180.1.21/compute/v2.1/servers/ad482f5d-0b9c-497e-b424-ab63826768b1 1.102s
2024-09-30 22:30:35.668 61939 INFO tempest.lib.common.rest_client [req-130f698b-95e6-416e-9272-d423796e7c7b req-130f698b-95e6-416e-9272-d423796e7c7b ] Request (ServerGroupTestJSON:test_create_delete_server_group_with_anti_affinity_policy): 200 POST http://10.180.1.21/compute/v2.1/os-server-groups 0.986s
2024-09-30 22:30:35.698 61895 INFO tempest.lib.common.rest_client [req-ca1b3869-dcb8-452b-9b7c-0c7f31950593 req-ca1b3869-dcb8-452b-9b7c-0c7f31950593 ] Request (ListImageFiltersTestJSON:setUpClass): 200 GET http://10.180.1.21/compute/v2.1/images/1328437b-d202-4e55-af7e-74d49ed6a6ae 0.985s
2024-09-30 22:30:35.707 61901 INFO tempest.lib.common.rest_client [req-6b0f055c-e784-4048-8eeb-21da66ae75bf req-6b0f055c-e784-4048-8eeb-21da66ae75bf ] Request (FloatingIPsAssociationNegativeTestJSON:setUpClass): 200 GET http://10.180.1.21/compute/v2.1/servers/2d5fb6d8-585c-4f31-9752-29cfe829926e 1.073s
2024-09-30 22:30:35.761 61895 INFO tempest.lib.common.rest_client [req-f9a87ea9-aa1d-47cf-9270-7d8b0fbbeab5 req-f9a87ea9-aa1d-47cf-9270-7d8b0fbbeab5 ] Request (ListImageFiltersTestJSON:setUpClass): 201 POST http://10.180.1.21/identity/v3/auth/tokens 0.057s
2024-09-30 22:30:35.762 61895 INFO tempest.lib.common.fixed_network [-] (ListImageFiltersTestJSON:setUpClass) Found network None available for tenant
2024-09-30 22:30:35.778 61893 INFO tempest.lib.common.rest_client [req-a9ecca2c-929f-4705-8039-c3effe0da659 req-a9ecca2c-929f-4705-8039-c3effe0da659 ] Request (AttachInterfacesTestJSON:test_reassign_port_between_servers): 200 GET http://10.180.1.21/compute/v2.1/servers/840d25ff-e241-4327-9dc1-f49537c39930 0.831s
2024-09-30 22:30:35.879 61947 INFO tempest.lib.common.rest_client [req-736bd41a-4f03-427f-9da4-de9b597203db req-736bd41a-4f03-427f-9da4-de9b597203db ] Request (DeleteServersTestJSON:test_delete_server_while_in_building_state): 200 GET http://10.180.1.21/compute/v2.1/servers/ec30e29d-4d9a-4c77-9b31-4840f8404f43 1.031s
2024-09-30 22:30:35.953 61897 INFO tempest.lib.common.rest_client [req-43d09d82-634e-4e1e-8b47-63f9077d10e0 req-43d09d82-634e-4e1e-8b47-63f9077d10e0 ] Request (ServersNegativeTestJSON:setUpClass): 200 GET http://10.180.1.21/compute/v2.1/servers/6ad11e84-1ccd-4b21-b6fa-a3caf91e451d 0.914s
2024-09-30 22:30:36.025 61907 INFO tempest.lib.common.rest_client [req-7ccceb90-a636-457d-a0e1-1fd6f440f85c req-7ccceb90-a636-457d-a0e1-1fd6f440f85c ] Request (ServerDiskConfigTestJSON:test_update_server_from_auto_to_manual): 200 GET http://10.180.1.21/compute/v2.1/servers/30054012-9385-4eb3-a990-3f150c1f21cb 0.851s
2024-09-30 22:30:36.044 61911 INFO tempest.lib.common.rest_client [req-2292548b-208c-4146-872e-70be22970043 req-2292548b-208c-4146-872e-70be22970043 ] Request (ImagesMetadataNegativeTestJSON:test_update_nonexistent_image_metadata): 404 POST http://10.180.1.21/compute/v2.1/images/071c1ef1-1fe2-458a-bf15-f22291db9937/metadata 0.846s
2024-09-30 22:30:36.152 61911 INFO tempest.lib.common.rest_client [req-84a5974a-f728-47fb-924f-ee02b2c40563 req-84a5974a-f728-47fb-924f-ee02b2c40563 ] Request (ImagesMetadataNegativeTestJSON:tearDownClass): 204 DELETE http://10.180.1.21/identity/v3/users/b4bc4aec8c7c42958cd29cb117d0d7f7 0.107s
2024-09-30 22:30:36.153 61911 INFO tempest.lib.common.dynamic_creds [-] Deleting project and security group for project: 123e76bdfa534cf5ab336802b3288b77
2024-09-30 22:30:36.198 61887 INFO tempest.lib.common.rest_client [req-87ed6bed-fcd1-4acf-a0c2-55540bd60ecc req-87ed6bed-fcd1-4acf-a0c2-55540bd60ecc ] Request (ServerTagsTestJSON:setUpClass): 200 GET http://10.180.1.21/compute/v2.1/servers/04ec3f4a-1ad2-4e95-bded-1017f84026de 0.984s
2024-09-30 22:30:36.201 61903 INFO tempest.lib.common.rest_client [req-f91550e2-a2f5-4463-b628-85e042003b97 req-f91550e2-a2f5-4463-b628-85e042003b97 ] Request (SecurityGroupRulesTestJSON:tearDownClass): 202 DELETE http://10.180.1.21/compute/v2.1/os-security-groups/724afcf8-b635-4360-9414-6cd91492c2ed 1.026s
2024-09-30 22:30:36.206 61911 INFO tempest.lib.common.rest_client [req-a47283ca-ffe0-42f1-8875-81f37675492f req-a47283ca-ffe0-42f1-8875-81f37675492f ] Request (ImagesMetadataNegativeTestJSON:tearDownClass): 201 POST http://10.180.1.21/identity/v3/auth/tokens 0.053s
2024-09-30 22:30:36.278 61899 INFO tempest.lib.common.rest_client [req-fe4f4245-d4f5-4b01-8cdd-a5ad67d36b8b req-fe4f4245-d4f5-4b01-8cdd-a5ad67d36b8b ] Request (ServerRescueTestJSONUnderV235:setUpClass): 200 GET http://10.180.1.21/compute/v2.1/servers/856d2cd5-fe28-42f3-bfca-97e1c93c9791 1.014s
2024-09-30 22:30:36.287 61929 INFO tempest.lib.common.rest_client [req-76624791-f3a4-417b-8c72-494b33bee384 req-76624791-f3a4-417b-8c72-494b33bee384 ] Request (AttachVolumeShelveTestJSON:test_attach_volume_shelved_or_offload_server): 200 GET http://10.180.1.21/compute/v2.1/servers/2463194f-9466-4ff5-abae-b2e5d612e8f0 1.065s
2024-09-30 22:30:36.298 61925 INFO tempest.lib.common.rest_client [req-89a83186-0fe0-4e36-a0d5-5ed505761dce req-89a83186-0fe0-4e36-a0d5-5ed505761dce ] Request (FloatingIPDetailsTestJSON:tearDownClass): 200 PUT http://10.180.1.21:9696/networking/v2.0/routers/d43a0149-6b86-4384-aa7f-2244eb33f5cd/remove_router_interface 1.562s
2024-09-30 22:30:36.354 61911 INFO tempest.lib.common.rest_client [req-f662dbc3-72d0-4a2b-bde3-c872a096dec7 req-f662dbc3-72d0-4a2b-bde3-c872a096dec7 ] Request (ImagesMetadataNegativeTestJSON:tearDownClass): 200 GET http://10.180.1.21:9696/networking/v2.0/security-groups?tenant_id=123e76bdfa534cf5ab336802b3288b77&name=default 0.147s
2024-09-30 22:30:36.368 61931 INFO tempest.lib.common.rest_client [req-c4fce5e0-c861-4b02-81e8-e9c21fef1cc4 req-c4fce5e0-c861-4b02-81e8-e9c21fef1cc4 ] Request (ImagesOneServerTestJSON:setUpClass): 200 GET http://10.180.1.21/compute/v2.1/servers/59e61b22-184e-41fa-962e-324c8f0ef1d4 1.094s
2024-09-30 22:30:36.414 61911 INFO tempest.lib.common.rest_client [req-172b49ad-bfbd-4751-83b7-a1a83d451414 req-172b49ad-bfbd-4751-83b7-a1a83d451414 ] Request (ImagesMetadataNegativeTestJSON:tearDownClass): 204 DELETE http://10.180.1.21:9696/networking/v2.0/security-groups/eedd48a4-9a89-47f2-9093-d2fd9a1ff8f4 0.060s
2024-09-30 22:30:36.422 61891 INFO tempest.lib.common.rest_client [req-fdc9f216-d018-4afc-92e6-96563d3c9f88 req-fdc9f216-d018-4afc-92e6-96563d3c9f88 ] Request (ListServerFiltersTestJSON:setUpClass): 200 GET http://10.180.1.21/compute/v2.1/servers/08b81a50-1760-4ae8-b658-e0302d423d2a 0.985s
2024-09-30 22:30:36.466 61941 INFO tempest.lib.common.rest_client [req-a0a6c05b-1a9c-4f07-b5c8-3b0124bdf442 req-a0a6c05b-1a9c-4f07-b5c8-3b0124bdf442 ] Request (AttachInterfacesV270Test:test_create_get_list_interfaces): 200 GET http://10.180.1.21/compute/v2.1/servers/4189e467-1484-44de-a37b-69bf3a4c17dd 1.050s
2024-09-30 22:30:36.483 61911 INFO tempest.lib.common.rest_client [req-63ed1878-5649-45c1-a043-bdd3b96622fe req-63ed1878-5649-45c1-a043-bdd3b96622fe ] Request (ImagesMetadataNegativeTestJSON:tearDownClass): 204 DELETE http://10.180.1.21/identity/v3/projects/123e76bdfa534cf5ab336802b3288b77 0.069s
2024-09-30 22:30:36.546 61911 INFO tempest.lib.common.rest_client [req-09b9cc36-e750-4e6d-b3c3-ab6c20b9d85b req-09b9cc36-e750-4e6d-b3c3-ab6c20b9d85b ] Request (ServersV294TestFqdnHostnames:setUpClass): 201 POST http://10.180.1.21/identity/v3/auth/tokens 0.061s
2024-09-30 22:30:36.574 61911 INFO tempest.lib.common.rest_client [req-e3a317e3-13a6-40ae-b52c-647c38ca17b1 req-e3a317e3-13a6-40ae-b52c-647c38ca17b1 ] Request (ServersV294TestFqdnHostnames:setUpClass): 201 POST http://10.180.1.21/identity/v3/auth/tokens 0.026s
2024-09-30 22:30:36.594 61911 INFO tempest.lib.common.rest_client [req-1437a5d0-60ee-469d-a663-9250584c51b3 req-1437a5d0-60ee-469d-a663-9250584c51b3 ] Request (ServersV294TestFqdnHostnames:setUpClass): 200 GET http://10.180.1.21/identity/v3/domains?name=Default 0.019s
2024-09-30 22:30:36.623 61911 INFO tempest.lib.common.rest_client [req-097004f9-8d9e-461c-96f6-226ae8022c0d req-097004f9-8d9e-461c-96f6-226ae8022c0d ] Request (ServersV294TestFqdnHostnames:setUpClass): 201 POST http://10.180.1.21/identity/v3/projects 0.028s
2024-09-30 22:30:36.679 61911 INFO tempest.lib.common.rest_client [req-c660eae8-aec7-44d2-acc9-ca1e05f4ebf4 req-c660eae8-aec7-44d2-acc9-ca1e05f4ebf4 ] Request (ServersV294TestFqdnHostnames:setUpClass): 201 POST http://10.180.1.21/identity/v3/users 0.056s
2024-09-30 22:30:36.692 61919 INFO tempest.lib.common.rest_client [req-9d537581-6e20-47f9-81e0-ef3ccb420e67 req-9d537581-6e20-47f9-81e0-ef3ccb420e67 ] Request (ServersTestJSON:test_create_server_specify_multibyte_character_name): 200 GET http://10.180.1.21/compute/v2.1/servers/62f3f560-284c-47d8-81eb-7ed5a7b77383 1.221s
2024-09-30 22:30:36.703 61911 INFO tempest.lib.common.rest_client [req-099933a3-34ce-4851-97f2-e8ddd3117ba3 req-099933a3-34ce-4851-97f2-e8ddd3117ba3 ] Request (ServersV294TestFqdnHostnames:setUpClass): 200 GET http://10.180.1.21/identity/v3/roles 0.023s
2024-09-30 22:30:36.706 61933 INFO tempest.lib.common.rest_client [req-eb75fb1f-e9f8-41de-a63c-aed0ce77edd9 req-eb75fb1f-e9f8-41de-a63c-aed0ce77edd9 ] Request (SecurityGroupsTestJSON:test_list_security_groups_by_server): 200 GET http://10.180.1.21/compute/v2.1/servers/1ae3cb31-b25f-4f8a-bb38-59571ebf3f1e 1.189s
2024-09-30 22:30:36.731 61939 INFO tempest.lib.common.rest_client [req-d8f2be79-2010-4799-9430-b175c9ce29f5 req-d8f2be79-2010-4799-9430-b175c9ce29f5 ] Request (ServerGroupTestJSON:test_create_delete_server_group_with_anti_affinity_policy): 204 DELETE http://10.180.1.21/compute/v2.1/os-server-groups/7b1be007-c9a9-44b1-aa49-0576432d729b 1.062s
2024-09-30 22:30:36.734 61911 INFO tempest.lib.common.rest_client [req-947e4f42-24df-4d68-aa29-3159c7eeba32 req-947e4f42-24df-4d68-aa29-3159c7eeba32 ] Request (ServersV294TestFqdnHostnames:setUpClass): 204 PUT http://10.180.1.21/identity/v3/projects/80672a40e2444997bead9aa0d1474adc/users/b150ca643d1548899570a810c3753586/roles/7d963d276ca04a7898781729d93c8c60 0.031s
2024-09-30 22:30:36.734 61911 INFO tempest.lib.common.dynamic_creds [-] Dynamic test user b150ca643d1548899570a810c3753586 is created with scope project and roles: ['member']
2024-09-30 22:30:36.735 61911 INFO tempest.lib.common.dynamic_creds [-] Acquired dynamic creds: credentials: Credentials: {'domain_id': 'default', 'domain_name': 'Default', 'username': 'tempest-ServersV294TestFqdnHostnames-1523384569-project-member', 'project_domain_id': 'default', 'project_domain_name': 'Default', 'project_id': '80672a40e2444997bead9aa0d1474adc', 'project_name': 'tempest-ServersV294TestFqdnHostnames-1523384569', 'tenant_id': '80672a40e2444997bead9aa0d1474adc', 'tenant_name': 'tempest-ServersV294TestFqdnHostnames-1523384569', 'user_domain_id': 'default', 'user_domain_name': 'Default', 'user_id': 'b150ca643d1548899570a810c3753586', 'system': None}, Network: None, Subnet: None, Router: None
2024-09-30 22:30:36.751 61905 INFO tempest.lib.common.rest_client [req-4399022b-2aba-4b1b-a032-ad470c22f102 req-4399022b-2aba-4b1b-a032-ad470c22f102 ] Request (AttachInterfacesUnderV243Test:test_add_remove_fixed_ip): 200 GET http://10.180.1.21/compute/v2.1/servers/a9c2506f-f0d6-4cb7-9753-b742cb47ff89 1.185s
2024-09-30 22:30:36.807 61911 INFO tempest.lib.common.rest_client [req-e83db818-8e00-470d-92f0-4d0d234e414f req-e83db818-8e00-470d-92f0-4d0d234e414f ] Request (ServersV294TestFqdnHostnames:setUpClass): 201 POST http://10.180.1.21/identity/v3/auth/tokens 0.072s
2024-09-30 22:30:36.923 61949 INFO tempest.lib.common.rest_client [req-42d83174-b087-4a85-8095-bf892e8f35cd req-42d83174-b087-4a85-8095-bf892e8f35cd ] Request (MultipleCreateTestJSON:test_multiple_create): 200 GET http://10.180.1.21/compute/v2.1/servers/339f9d54-db19-4f03-91b9-05204d63ad8d 1.251s
2024-09-30 22:30:36.948 61903 INFO tempest.lib.common.rest_client [req-9114bac1-459d-40cb-96d5-a64ebba3694e req-9114bac1-459d-40cb-96d5-a64ebba3694e ] Request (SecurityGroupRulesTestJSON:tearDownClass): 404 DELETE http://10.180.1.21/compute/v2.1/os-security-groups/176cfb98-f47e-48d6-a3ed-8b45220dd49c 0.746s
2024-09-30 22:30:37.027 61911 INFO tempest.lib.common.rest_client [req-72def903-23c9-46a5-b0ca-2f9bdca7628c req-72def903-23c9-46a5-b0ca-2f9bdca7628c ] Request (ServersV294TestFqdnHostnames:setUpClass): 201 POST http://10.180.1.21:9696/networking/v2.0/networks 0.220s
2024-09-30 22:30:37.051 61895 INFO tempest.lib.common.rest_client [req-b94159d4-e26f-41ab-b6f5-a6bd1eb0a68e req-b94159d4-e26f-41ab-b6f5-a6bd1eb0a68e ] Request (ListImageFiltersTestJSON:setUpClass): 202 POST http://10.180.1.21/compute/v2.1/servers 1.289s
2024-09-30 22:30:37.073 61917 INFO tempest.lib.common.rest_client [req-6e37a2c8-25cd-425b-ba22-3a3b2fa45c54 req-6e37a2c8-25cd-425b-ba22-3a3b2fa45c54 ] Request (ServersTestMultiNic:test_verify_multiple_nics_order): 200 GET http://10.180.1.21/compute/v2.1/servers/8994b671-52fb-4939-adc3-82a8c2e12d3f 0.668s
2024-09-30 22:30:37.124 61921 INFO tempest.lib.common.rest_client [req-de4138a8-14ed-4f08-a77e-f30f88f99e0c req-de4138a8-14ed-4f08-a77e-f30f88f99e0c ] Request (ServerMetadataTestJSON:setUpClass): 200 GET http://10.180.1.21/compute/v2.1/servers/4628610f-80dd-408b-b71b-b8e7c5c852db 0.614s
2024-09-30 22:30:37.139 61895 INFO tempest.lib.common.rest_client [req-5d233e31-f975-4edc-af98-1940f1f39a25 req-5d233e31-f975-4edc-af98-1940f1f39a25 ] Request (ListImageFiltersTestJSON:setUpClass): 201 POST http://10.180.1.21/identity/v3/auth/tokens 0.083s
2024-09-30 22:30:37.140 61895 INFO tempest.lib.common.fixed_network [-] (ListImageFiltersTestJSON:setUpClass) Found network None available for tenant
2024-09-30 22:30:37.217 61937 INFO tempest.lib.common.rest_client [req-554c21c6-9d0e-4aa1-be82-ccf47348dc3b req-554c21c6-9d0e-4aa1-be82-ccf47348dc3b ] Request (AttachVolumeTestJSON:test_attach_detach_volume): 200 GET http://10.180.1.21/compute/v2.1/servers/f1d5f59b-0ea4-4960-90c2-6c84fc1ef77f 0.650s
2024-09-30 22:30:37.259 61945 INFO tempest.lib.common.rest_client [req-85489dca-8019-4a8d-a6da-b65255ffc4a8 req-85489dca-8019-4a8d-a6da-b65255ffc4a8 ] Request (AttachVolumeNegativeTest:test_attach_attached_volume_to_different_server): 200 GET http://10.180.1.21/compute/v2.1/servers/d1e020e4-847d-4716-8088-a1ce1e7f8211 0.702s
2024-09-30 22:30:37.271 61925 INFO tempest.lib.common.rest_client [req-754d9f2d-e825-4800-bc31-b808a218c1a2 req-754d9f2d-e825-4800-bc31-b808a218c1a2 ] Request (FloatingIPDetailsTestJSON:tearDownClass): 204 DELETE http://10.180.1.21:9696/networking/v2.0/routers/d43a0149-6b86-4384-aa7f-2244eb33f5cd 0.973s
2024-09-30 22:30:37.274 61911 INFO tempest.lib.common.rest_client [req-34606bd4-f3d7-41a5-8334-8f819d232196 req-34606bd4-f3d7-41a5-8334-8f819d232196 ] Request (ServersV294TestFqdnHostnames:setUpClass): 201 POST http://10.180.1.21:9696/networking/v2.0/subnets 0.245s
2024-09-30 22:30:37.277 61889 INFO tempest.lib.common.rest_client [req-a0011fde-127e-4bfc-accc-8d624a72d848 req-a0011fde-127e-4bfc-accc-8d624a72d848 ] Request (ServerActionsTestOtherB:setUpClass): 200 GET http://10.180.1.21/compute/v2.1/servers/ad482f5d-0b9c-497e-b424-ab63826768b1 0.648s
2024-09-30 22:30:37.290 61939 INFO tempest.lib.common.rest_client [req-b454dbcd-f038-4f1d-acb1-c0aaf61dd602 req-b454dbcd-f038-4f1d-acb1-c0aaf61dd602 ] Request (ServerGroupTestJSON:test_create_delete_server_group_with_anti_affinity_policy): 200 GET http://10.180.1.21/compute/v2.1/os-server-groups 0.558s
2024-09-30 22:30:37.370 61939 INFO tempest.lib.common.rest_client [req-7d948086-d91c-4dee-b336-8ad814c7c566 req-7d948086-d91c-4dee-b336-8ad814c7c566 ] Request (ServerGroupTestJSON:test_create_server_with_scheduler_hint_group): 201 POST http://10.180.1.21/identity/v3/auth/tokens 0.075s
2024-09-30 22:30:37.371 61939 INFO tempest.lib.common.fixed_network [-] (ServerGroupTestJSON:test_create_server_with_scheduler_hint_group) Found network {'id': '94402998-4302-4242-9051-a40b9bfa2693', 'name': 'tempest-ServerGroupTestJSON-752134955-network', 'tenant_id': '29134c4bbe674e1e9bb264366a914e77', 'admin_state_up': True, 'mtu': 8950, 'status': 'ACTIVE', 'subnets': [], 'shared': False, 'project_id': '29134c4bbe674e1e9bb264366a914e77', 'port_security_enabled': True, 'router:external': False, 'provider:network_type': 'vlan', 'provider:physical_network': 'default', 'provider:segmentation_id': 554, 'is_default': False, 'availability_zone_hints': [], 'availability_zones': [], 'ipv4_address_scope': None, 'ipv6_address_scope': None, 'description': '', 'tags': [], 'created_at': '2024-09-30T22:30:16Z', 'updated_at': '2024-09-30T22:30:16Z', 'revision_number': 1} available for tenant
