2024-09-30 22:28:09.252 61923 INFO tempest.lib.common.dynamic_creds [-] Created isolated network resources for: credentials: Credentials: {'domain_id': 'default', 'domain_name': 'Default', 'username': 'tempest-FloatingIPsAssociationTestJSON-1683745774-project-member', 'project_domain_id': 'default', 'project_domain_name': 'Default', 'project_id': '6d0bcfff79b649c09787ea036a00ddec', 'project_name': 'tempest-FloatingIPsAssociationTestJSON-1683745774', 'tenant_id': '6d0bcfff79b649c09787ea036a00ddec', 'tenant_name': 'tempest-FloatingIPsAssociationTestJSON-1683745774', 'user_domain_id': 'default', 'user_domain_name': 'Default', 'user_id': '4e82f2eb28a84588b64e5ba2635c7f43', 'system': None}, Network: {'id': 'f3bb9a3e-d8e9-4e91-8e55-f676cf11bd04', 'name': 'tempest-FloatingIPsAssociationTestJSON-1667887182-network', 'tenant_id': '6d0bcfff79b649c09787ea036a00ddec', 'admin_state_up': True, 'mtu': 8950, 'status': 'ACTIVE', 'subnets': [], 'shared': False, 'project_id': '6d0bcfff79b649c09787ea036a00ddec', 'port_security_enabled': True, 'router:external': False, 'provider:network_type': 'vlan', 'provider:physical_network': 'default', 'provider:segmentation_id': 773, 'is_default': False, 'availability_zone_hints': [], 'availability_zones': [], 'ipv4_address_scope': None, 'ipv6_address_scope': None, 'description': '', 'tags': [], 'created_at': '2024-09-30T22:27:56Z', 'updated_at': '2024-09-30T22:27:56Z', 'revision_number': 1}, Subnet: {'id': '3e686cbe-a5db-474a-99b4-97cc6d68f8f9', 'name': 'tempest-FloatingIPsAssociationTestJSON-1667887182-subnet', 'tenant_id': '6d0bcfff79b649c09787ea036a00ddec', 'network_id': 'f3bb9a3e-d8e9-4e91-8e55-f676cf11bd04', 'ip_version': 4, 'subnetpool_id': None, 'enable_dhcp': True, 'ipv6_ra_mode': None, 'ipv6_address_mode': None, 'gateway_ip': '192.168.128.1', 'cidr': '192.168.128.0/28', 'allocation_pools': [{'start': '192.168.128.2', 'end': '192.168.128.14'}], 'host_routes': [], 'dns_nameservers': [], 'description': '', 'service_types': [], 'tags': [], 'created_at': '2024-09-30T22:27:57Z', 'updated_at': '2024-09-30T22:27:57Z', 'revision_number': 0, 'project_id': '6d0bcfff79b649c09787ea036a00ddec'}, Router: {'id': '2a8b6ead-ce27-43f8-b7c5-8976aca78048', 'name': 'tempest-FloatingIPsAssociationTestJSON-1667887182-router', 'tenant_id': '6d0bcfff79b649c09787ea036a00ddec', 'admin_state_up': True, 'status': 'ACTIVE', 'external_gateway_info': {'network_id': 'bd88ca26-9ffb-405b-9e98-6b30663c0915', 'external_fixed_ips': [{'subnet_id': '02bf4ea8-f8e7-4254-8094-b970f1b9fc68', 'ip_address': '10.180.180.205'}], 'enable_snat': True}, 'description': '', 'availability_zones': [], 'distributed': False, 'ha': False, 'availability_zone_hints': [], 'routes': [], 'flavor_id': None, 'tags': [], 'created_at': '2024-09-30T22:27:58Z', 'updated_at': '2024-09-30T22:28:02Z', 'revision_number': 2, 'project_id': '6d0bcfff79b649c09787ea036a00ddec'}
2024-09-30 22:28:09.277 61947 INFO tempest.lib.common.rest_client [req-45ea7c1e-5d10-49fe-af06-13f5d7852872 req-45ea7c1e-5d10-49fe-af06-13f5d7852872 ] Request (KeyPairsNegativeTestJSON:setUpClass): 201 POST http://10.180.1.21/identity/v3/auth/tokens 0.093s
2024-09-30 22:28:09.328 61947 INFO tempest.lib.common.rest_client [req-c40cfaa0-a64f-4a0e-8dbd-e875de6ca1a0 req-c40cfaa0-a64f-4a0e-8dbd-e875de6ca1a0 ] Request (KeyPairsNegativeTestJSON:setUpClass): 201 POST http://10.180.1.21/identity/v3/auth/tokens 0.046s
2024-09-30 22:28:09.354 61947 INFO tempest.lib.common.rest_client [req-dcc059f2-55bf-42f0-a1ec-43c07534bb9a req-dcc059f2-55bf-42f0-a1ec-43c07534bb9a ] Request (KeyPairsNegativeTestJSON:setUpClass): 200 GET http://10.180.1.21/identity/v3/domains?name=Default 0.023s
2024-09-30 22:28:09.362 61923 INFO tempest.lib.common.rest_client [req-58356f07-8f5c-4d24-8b71-7f0aa0b16e81 req-58356f07-8f5c-4d24-8b71-7f0aa0b16e81 ] Request (FloatingIPsAssociationTestJSON:setUpClass): 201 POST http://10.180.1.21/identity/v3/auth/tokens 0.104s
2024-09-30 22:28:09.391 61947 INFO tempest.lib.common.rest_client [req-fcf832b5-d123-4917-8f67-3ffb4d7809d3 req-fcf832b5-d123-4917-8f67-3ffb4d7809d3 ] Request (KeyPairsNegativeTestJSON:setUpClass): 201 POST http://10.180.1.21/identity/v3/projects 0.037s
2024-09-30 22:28:09.439 61923 INFO tempest.lib.common.rest_client [req-233ebf96-7f0f-46ba-9043-e7d3fbc13300 req-233ebf96-7f0f-46ba-9043-e7d3fbc13300 ] Request (FloatingIPsAssociationTestJSON:setUpClass): 201 POST http://10.180.1.21/identity/v3/auth/tokens 0.074s
2024-09-30 22:28:09.440 61923 INFO tempest.lib.common.fixed_network [-] (FloatingIPsAssociationTestJSON:setUpClass) Found network {'id': 'f3bb9a3e-d8e9-4e91-8e55-f676cf11bd04', 'name': 'tempest-FloatingIPsAssociationTestJSON-1667887182-network', 'tenant_id': '6d0bcfff79b649c09787ea036a00ddec', 'admin_state_up': True, 'mtu': 8950, 'status': 'ACTIVE', 'subnets': [], 'shared': False, 'project_id': '6d0bcfff79b649c09787ea036a00ddec', 'port_security_enabled': True, 'router:external': False, 'provider:network_type': 'vlan', 'provider:physical_network': 'default', 'provider:segmentation_id': 773, 'is_default': False, 'availability_zone_hints': [], 'availability_zones': [], 'ipv4_address_scope': None, 'ipv6_address_scope': None, 'description': '', 'tags': [], 'created_at': '2024-09-30T22:27:56Z', 'updated_at': '2024-09-30T22:27:56Z', 'revision_number': 1} available for tenant
2024-09-30 22:28:09.466 61947 INFO tempest.lib.common.rest_client [req-f751804e-3804-4e96-b970-1dce8e8ef367 req-f751804e-3804-4e96-b970-1dce8e8ef367 ] Request (KeyPairsNegativeTestJSON:setUpClass): 201 POST http://10.180.1.21/identity/v3/users 0.074s
2024-09-30 22:28:09.507 61947 INFO tempest.lib.common.rest_client [req-7adfeba4-9d22-4291-bb90-c27c9765ed93 req-7adfeba4-9d22-4291-bb90-c27c9765ed93 ] Request (KeyPairsNegativeTestJSON:setUpClass): 200 GET http://10.180.1.21/identity/v3/roles 0.041s
2024-09-30 22:28:09.511 61917 INFO tempest.lib.common.rest_client [req-0475f144-e837-4b50-85c4-5100e806cb3f req-0475f144-e837-4b50-85c4-5100e806cb3f ] Request (ServersTestFqdnHostnames:test_create_server_with_fqdn_name): 200 GET http://10.180.1.21/compute/v2.1/servers/858f85bc-4882-4c10-b74d-905bf23429f3 3.454s
2024-09-30 22:28:09.523 61913 INFO tempest.lib.common.rest_client [req-32a2822f-3308-4c8f-85c7-700939a08e26 req-32a2822f-3308-4c8f-85c7-700939a08e26 ] Request (ServerDiagnosticsTest:tearDownClass): 204 DELETE http://10.180.1.21:9696/networking/v2.0/security-groups/1b1b0b0d-6ebc-4477-9b83-7e1335c86237 0.428s
2024-09-30 22:28:09.556 61939 INFO tempest.lib.common.rest_client [req-ed42a364-50db-4887-b11d-b9ab12d1bfc6 req-ed42a364-50db-4887-b11d-b9ab12d1bfc6 ] Request (VolumesAssistedSnapshotsTest:setUpClass): 201 POST http://10.180.1.21:9696/networking/v2.0/subnets 1.380s
2024-09-30 22:28:09.569 61947 INFO tempest.lib.common.rest_client [req-62446f7c-0b1e-4739-8d71-4d41b8dd2c15 req-62446f7c-0b1e-4739-8d71-4d41b8dd2c15 ] Request (KeyPairsNegativeTestJSON:setUpClass): 204 PUT http://10.180.1.21/identity/v3/projects/0e13aa1739824b728f887825df3ce2d9/users/90330e550451405e8f8d5aed60ec0497/roles/7d963d276ca04a7898781729d93c8c60 0.061s
2024-09-30 22:28:09.569 61947 INFO tempest.lib.common.dynamic_creds [-] Dynamic test user 90330e550451405e8f8d5aed60ec0497 is created with scope project and roles: ['member']
2024-09-30 22:28:09.570 61947 INFO tempest.lib.common.dynamic_creds [-] Acquired dynamic creds: credentials: Credentials: {'domain_id': 'default', 'domain_name': 'Default', 'username': 'tempest-KeyPairsNegativeTestJSON-874675450-project-member', 'project_domain_id': 'default', 'project_domain_name': 'Default', 'project_id': '0e13aa1739824b728f887825df3ce2d9', 'project_name': 'tempest-KeyPairsNegativeTestJSON-874675450', 'tenant_id': '0e13aa1739824b728f887825df3ce2d9', 'tenant_name': 'tempest-KeyPairsNegativeTestJSON-874675450', 'user_domain_id': 'default', 'user_domain_name': 'Default', 'user_id': '90330e550451405e8f8d5aed60ec0497', 'system': None}, Network: None, Subnet: None, Router: None
2024-09-30 22:28:09.570 61947 INFO tempest.lib.common.dynamic_creds [-] Created isolated network resources for: credentials: Credentials: {'domain_id': 'default', 'domain_name': 'Default', 'username': 'tempest-KeyPairsNegativeTestJSON-874675450-project-member', 'project_domain_id': 'default', 'project_domain_name': 'Default', 'project_id': '0e13aa1739824b728f887825df3ce2d9', 'project_name': 'tempest-KeyPairsNegativeTestJSON-874675450', 'tenant_id': '0e13aa1739824b728f887825df3ce2d9', 'tenant_name': 'tempest-KeyPairsNegativeTestJSON-874675450', 'user_domain_id': 'default', 'user_domain_name': 'Default', 'user_id': '90330e550451405e8f8d5aed60ec0497', 'system': None}, Network: None, Subnet: None, Router: None
2024-09-30 22:28:09.594 61897 INFO tempest.lib.common.rest_client [req-809596b7-fbf3-4b7a-aec4-dde83c4b7d7a req-809596b7-fbf3-4b7a-aec4-dde83c4b7d7a ] Request (DeleteServersAdminTestJSON:test_admin_delete_servers_of_others): 204 DELETE http://10.180.1.21/compute/v2.1/servers/6d026704-4f96-43c1-a3a8-ed0db05f845b 3.371s
2024-09-30 22:28:09.712 61913 INFO tempest.lib.common.rest_client [req-490711e9-df29-4267-87b0-0108eb9736b8 req-490711e9-df29-4267-87b0-0108eb9736b8 ] Request (ServerDiagnosticsTest:tearDownClass): 204 DELETE http://10.180.1.21/identity/v3/projects/7e258e547455473f8bba15e1311e3c1d 0.188s
2024-09-30 22:28:09.731 61925 INFO tempest.lib.common.rest_client [req-90092780-b083-4706-ad78-50dcbe8518c6 req-90092780-b083-4706-ad78-50dcbe8518c6 ] Request (ServersWithSpecificFlavorTestJSON:test_verify_created_server_ephemeral_disk): 200 GET http://10.180.1.21/compute/v2.1/flavors/42 3.453s
2024-09-30 22:28:09.757 61891 INFO tempest.lib.common.rest_client [req-3e934080-630f-4061-bcb5-07db23ce16e4 req-3e934080-630f-4061-bcb5-07db23ce16e4 ] Request (HostsAdminTestJSON:test_list_hosts_with_zone): 200 GET http://10.180.1.21/compute/v2.1/os-hosts?zone=internal 2.939s
2024-09-30 22:28:09.803 61949 INFO tempest.lib.common.rest_client [req-7a82f17e-4132-4555-b8dc-a5e1320c853d req-7a82f17e-4132-4555-b8dc-a5e1320c853d ] Request (ServersTestBootFromVolume:setUpClass): 201 POST http://10.180.1.21:9696/networking/v2.0/security-groups 0.637s
2024-09-30 22:28:09.808 61921 INFO tempest.lib.common.rest_client [req-e7f8f922-c39d-4156-875d-c54b74913471 req-e7f8f922-c39d-4156-875d-c54b74913471 ] Request (KeyPairsV210TestJSON:_run_cleanups): 204 DELETE http://10.180.1.21/compute/v2.1/os-keypairs/tempest-keypair-376739170?user_id=e89c9c87073a4e18980e08fc1224d3fb 2.934s
2024-09-30 22:28:09.820 61931 INFO tempest.lib.common.rest_client [req-3046aad5-0e68-4cf1-a053-836bd9039da9 req-3046aad5-0e68-4cf1-a053-836bd9039da9 ] Request (HostsAdminNegativeTestJSON:test_shutdown_nonexistent_host): 404 GET http://10.180.1.21/compute/v2.1/os-hosts/nonexistent_hostname/shutdown 2.935s
2024-09-30 22:28:09.823 61936 INFO tempest.lib.common.rest_client [req-b5214e8d-67bc-420b-b9fd-b698ef063100 req-b5214e8d-67bc-420b-b9fd-b698ef063100 ] Request (AggregatesAdminNegativeTestJSON:test_aggregate_add_host_as_user): 403 POST http://10.180.1.21/compute/v2.1/os-aggregates/2/action 3.037s
2024-09-30 22:28:09.826 61947 INFO tempest.lib.common.rest_client [req-75de4487-59c6-4e4c-8f4d-955635db1056 req-75de4487-59c6-4e4c-8f4d-955635db1056 ] Request (KeyPairsNegativeTestJSON:setUpClass): 201 POST http://10.180.1.21/identity/v3/auth/tokens 0.203s
2024-09-30 22:28:09.845 61889 INFO tempest.lib.common.rest_client [req-3fee4cec-6cda-40c0-9d0b-e0708dba978f req-3fee4cec-6cda-40c0-9d0b-e0708dba978f ] Request (ImagesDeleteNegativeTestJSON:test_delete_image_with_invalid_image_id): 404 DELETE http://10.180.1.21/compute/v2.1/images/tempest-invalid-1361949559 2.939s
2024-09-30 22:28:09.849 61937 INFO tempest.lib.common.rest_client [req-5c2ddb7a-c45b-4fdc-8a19-199d71b6ccc1 req-5c2ddb7a-c45b-4fdc-8a19-199d71b6ccc1 ] Request (HypervisorAdminNegativeTestJSON:test_show_hypervisor_with_non_admin_user): 403 GET http://10.180.1.21/compute/v2.1/os-hypervisors/1 2.910s
2024-09-30 22:28:09.884 61911 INFO tempest.lib.common.rest_client [req-6f4b3a66-5b1d-4fae-aff5-9bab17e9ae3d req-6f4b3a66-5b1d-4fae-aff5-9bab17e9ae3d ] Request (FlavorsAdminTestJSON:_run_cleanups): 202 DELETE http://10.180.1.21/compute/v2.1/flavors/1639622253 2.921s
2024-09-30 22:28:09.891 61941 INFO tempest.lib.common.rest_client [req-8c9852f1-b556-4851-9753-0afc58fa4672 req-8c9852f1-b556-4851-9753-0afc58fa4672 ] Request (FlavorsExtraSpecsNegativeTestJSON:test_flavor_update_mismatch_key): 400 PUT http://10.180.1.21/compute/v2.1/flavors/736938204/os-extra_specs/hw:numa_nodes 2.909s
2024-09-30 22:28:09.900 61899 INFO tempest.lib.common.rest_client [req-759fac90-d038-4d6d-8e76-2ccb80030fbc req-759fac90-d038-4d6d-8e76-2ccb80030fbc ] Request (FlavorsAccessNegativeTestJSON:test_flavor_access_list_with_public_flavor): 404 GET http://10.180.1.21/compute/v2.1/flavors/1388652838/os-flavor-access 2.903s
2024-09-30 22:28:09.908 61913 INFO tempest.lib.common.rest_client [req-fc5951a1-2c47-4cce-bd4b-c22dc2a2a585 req-fc5951a1-2c47-4cce-bd4b-c22dc2a2a585 ] Request (ImagesNegativeTestJSON:setUpClass): 201 POST http://10.180.1.21/identity/v3/auth/tokens 0.191s
2024-09-30 22:28:09.913 61903 INFO tempest.lib.common.rest_client [req-59fd4ccb-b91e-4c93-a427-9a64368f9da4 req-59fd4ccb-b91e-4c93-a427-9a64368f9da4 ] Request (FlavorsAccessTestJSON:test_flavor_access_list_with_private_flavor): 200 GET http://10.180.1.21/compute/v2.1/flavors/1594650575/os-flavor-access 2.895s
2024-09-30 22:28:09.919 61943 INFO tempest.lib.common.rest_client [req-3543979b-9bea-45b3-a293-f12a65f335c6 req-3543979b-9bea-45b3-a293-f12a65f335c6 ] Request (MultipleCreateNegativeTestJSON:test_min_count_non_integer): 400 POST http://10.180.1.21/compute/v2.1/servers 2.697s
2024-09-30 22:28:09.937 61887 INFO tempest.lib.common.rest_client [req-e0a0a691-f594-4918-bf67-fe50e5c9831f req-e0a0a691-f594-4918-bf67-fe50e5c9831f ] Request (ServersAdminTestJSON:setUpClass): 201 POST http://10.180.1.21:9696/networking/v2.0/subnets 1.280s
2024-09-30 22:28:09.989 61921 INFO tempest.lib.common.rest_client [req-7c06bc9d-ae34-4bab-ae29-9a7ea6bda1df req-7c06bc9d-ae34-4bab-ae29-9a7ea6bda1df ] Request (KeyPairsV210TestJSON:tearDownClass): 204 DELETE http://10.180.1.21/identity/v3/users/e89c9c87073a4e18980e08fc1224d3fb 0.175s
2024-09-30 22:28:10.048 61919 INFO tempest.lib.common.rest_client [req-2c8bf3a1-79ce-4857-a509-fe1c88c77a6b req-2c8bf3a1-79ce-4857-a509-fe1c88c77a6b ] Request (ServerActionsTestOtherA:setUpClass): 200 POST http://10.180.1.21/compute/v2.1/os-keypairs 3.148s
2024-09-30 22:28:10.065 61913 INFO tempest.lib.common.rest_client [req-5aa0c16b-2b91-46af-90bb-d4fefba1e76c req-5aa0c16b-2b91-46af-90bb-d4fefba1e76c ] Request (ImagesNegativeTestJSON:setUpClass): 201 POST http://10.180.1.21/identity/v3/auth/tokens 0.152s
2024-09-30 22:28:10.106 61943 INFO tempest.lib.common.rest_client [req-70acf9dc-2bc3-4e0d-90ba-ad3582b5cb3c req-70acf9dc-2bc3-4e0d-90ba-ad3582b5cb3c ] Request (MultipleCreateNegativeTestJSON:tearDownClass): 204 DELETE http://10.180.1.21/identity/v3/users/ee63970709ea49e9bb344eeb07de42c8 0.186s
2024-09-30 22:28:10.107 61943 INFO tempest.lib.common.dynamic_creds [-] Deleting project and security group for project: ec1519fd8cd646b69bb0380a88421a81
2024-09-30 22:28:10.138 61921 INFO tempest.lib.common.rest_client [req-10799b1b-f5ff-418b-a80c-b0b41f2f7704 req-10799b1b-f5ff-418b-a80c-b0b41f2f7704 ] Request (KeyPairsV210TestJSON:tearDownClass): 204 DELETE http://10.180.1.21/identity/v3/users/062f0d16eb674913b28db203de89d361 0.149s
2024-09-30 22:28:10.139 61921 INFO tempest.lib.common.dynamic_creds [-] Deleting project and security group for project: 12c6c9625060446896e115b5101ea08f
2024-09-30 22:28:10.209 61913 INFO tempest.lib.common.rest_client [req-d149971b-a4e2-4818-9c1c-f205eff7af59 req-d149971b-a4e2-4818-9c1c-f205eff7af59 ] Request (ImagesNegativeTestJSON:setUpClass): 200 GET http://10.180.1.21/identity/v3/domains?name=Default 0.143s
2024-09-30 22:28:10.225 61943 INFO tempest.lib.common.rest_client [req-2e452035-502d-47c4-9805-ebc256518572 req-2e452035-502d-47c4-9805-ebc256518572 ] Request (MultipleCreateNegativeTestJSON:tearDownClass): 201 POST http://10.180.1.21/identity/v3/auth/tokens 0.118s
2024-09-30 22:28:10.256 61921 INFO tempest.lib.common.rest_client [req-9fd0161c-16ea-4c93-b9be-59db486527d3 req-9fd0161c-16ea-4c93-b9be-59db486527d3 ] Request (KeyPairsV210TestJSON:tearDownClass): 201 POST http://10.180.1.21/identity/v3/auth/tokens 0.117s
2024-09-30 22:28:10.301 61913 INFO tempest.lib.common.rest_client [req-d3f11bd0-1269-42cd-8b87-d885f5bbb86a req-d3f11bd0-1269-42cd-8b87-d885f5bbb86a ] Request (ImagesNegativeTestJSON:setUpClass): 201 POST http://10.180.1.21/identity/v3/projects 0.091s
2024-09-30 22:28:10.336 61907 INFO tempest.lib.common.rest_client [req-fd5d53af-72c4-4bc4-8a66-845b8fbc56a6 req-fd5d53af-72c4-4bc4-8a66-845b8fbc56a6 ] Request (ServerDiskConfigTestJSON:test_rebuild_server_with_auto_disk_config): 200 GET http://10.180.1.21/compute/v2.1/servers/23ea7d51-0a0e-41c7-ba07-c3b4bc64b88f 2.578s
2024-09-30 22:28:10.423 61913 INFO tempest.lib.common.rest_client [req-089508d1-6c28-4e66-8d61-49f4977580b4 req-089508d1-6c28-4e66-8d61-49f4977580b4 ] Request (ImagesNegativeTestJSON:setUpClass): 201 POST http://10.180.1.21/identity/v3/users 0.122s
2024-09-30 22:28:10.445 61913 INFO tempest.lib.common.rest_client [req-6d4eabe7-b5f0-4e53-be7e-c1b98a99ed26 req-6d4eabe7-b5f0-4e53-be7e-c1b98a99ed26 ] Request (ImagesNegativeTestJSON:setUpClass): 200 GET http://10.180.1.21/identity/v3/roles 0.021s
2024-09-30 22:28:10.461 61909 INFO tempest.lib.common.rest_client [req-44fce218-f959-414a-a4c2-b252f8c34279 req-44fce218-f959-414a-a4c2-b252f8c34279 ] Request (QuotasAdminTestV257:test_get_updated_quotas): 200 PUT http://10.180.1.21/compute/v2.1/os-quota-sets/b34e969ae1d84ef9907f5863feee7136?user_id=a16f52f2cb3b4437b628119a63d9a7c7 2.329s
2024-09-30 22:28:10.476 61929 INFO tempest.lib.common.rest_client [req-dd0b4cd0-03df-48e4-b9e0-37c5e965ea61 req-dd0b4cd0-03df-48e4-b9e0-37c5e965ea61 ] Request (ImagesOneServerNegativeTestJSON:setUpClass): 200 GET http://10.180.1.21/compute/v2.1/servers/eba957b0-e4e2-46ce-b2e3-1ea0e254126e 2.016s
2024-09-30 22:28:10.483 61929 INFO tempest.common.waiters [-] State transition "BUILD/spawning" ==> "BUILD/scheduling" after 13 second wait
2024-09-30 22:28:10.508 61913 INFO tempest.lib.common.rest_client [req-77b6c4a3-a454-4b1b-8d86-acb09f03dda4 req-77b6c4a3-a454-4b1b-8d86-acb09f03dda4 ] Request (ImagesNegativeTestJSON:setUpClass): 204 PUT http://10.180.1.21/identity/v3/projects/663fa4e33d5c414fa7fc803813091873/users/00aada8e19134e16a511298688e4ea0f/roles/7d963d276ca04a7898781729d93c8c60 0.063s
2024-09-30 22:28:10.508 61913 INFO tempest.lib.common.dynamic_creds [-] Dynamic test user 00aada8e19134e16a511298688e4ea0f is created with scope project and roles: ['member']
2024-09-30 22:28:10.509 61913 INFO tempest.lib.common.dynamic_creds [-] Acquired dynamic creds: credentials: Credentials: {'domain_id': 'default', 'domain_name': 'Default', 'username': 'tempest-ImagesNegativeTestJSON-43693900-project-member', 'project_domain_id': 'default', 'project_domain_name': 'Default', 'project_id': '663fa4e33d5c414fa7fc803813091873', 'project_name': 'tempest-ImagesNegativeTestJSON-43693900', 'tenant_id': '663fa4e33d5c414fa7fc803813091873', 'tenant_name': 'tempest-ImagesNegativeTestJSON-43693900', 'user_domain_id': 'default', 'user_domain_name': 'Default', 'user_id': '00aada8e19134e16a511298688e4ea0f', 'system': None}, Network: None, Subnet: None, Router: None
2024-09-30 22:28:10.509 61949 INFO tempest.lib.common.rest_client [req-998df898-6106-4010-a61b-b42d370326ae req-998df898-6106-4010-a61b-b42d370326ae ] Request (ServersTestBootFromVolume:setUpClass): 201 POST http://10.180.1.21:9696/networking/v2.0/security-group-rules 0.706s
2024-09-30 22:28:10.588 61913 INFO tempest.lib.common.rest_client [req-cd1eff25-182d-47d0-9b9a-991def171cb3 req-cd1eff25-182d-47d0-9b9a-991def171cb3 ] Request (ImagesNegativeTestJSON:setUpClass): 201 POST http://10.180.1.21/identity/v3/auth/tokens 0.079s
2024-09-30 22:28:10.615 61915 INFO tempest.lib.common.rest_client [req-127538ec-afe8-48a9-b7a5-7aa0d15547ce req-127538ec-afe8-48a9-b7a5-7aa0d15547ce ] Request (ServersAdminNegativeTestJSON:setUpClass): 200 GET http://10.180.1.21/compute/v2.1/servers/21940e58-0950-4f25-9b2e-ce90ef3619fa 1.854s
2024-09-30 22:28:10.642 61905 INFO tempest.lib.common.rest_client [req-f423b654-0664-4a64-8767-630dd9de22b0 req-f423b654-0664-4a64-8767-630dd9de22b0 ] Request (HypervisorAdminTestJSON:test_get_hypervisor_list_details): 200 GET http://10.180.1.21/compute/v2.1/os-hypervisors/detail 1.707s
2024-09-30 22:28:10.644 61919 INFO tempest.lib.common.rest_client [req-a5c33df9-51fd-4144-9826-855ee3eee670 req-a5c33df9-51fd-4144-9826-855ee3eee670 ] Request (ServerActionsTestOtherA:setUpClass): 201 POST http://10.180.1.21:9696/networking/v2.0/security-groups 0.594s
2024-09-30 22:28:10.968 61943 INFO tempest.lib.common.rest_client [req-6199bfce-490b-4d1b-9ddd-f1e59e15b832 req-6199bfce-490b-4d1b-9ddd-f1e59e15b832 ] Request (MultipleCreateNegativeTestJSON:tearDownClass): 200 GET http://10.180.1.21:9696/networking/v2.0/security-groups?tenant_id=ec1519fd8cd646b69bb0380a88421a81&name=default 0.743s
2024-09-30 22:28:11.120 61949 INFO tempest.lib.common.rest_client [req-17ea38eb-91a6-440c-a183-eebef02aeda0 req-17ea38eb-91a6-440c-a183-eebef02aeda0 ] Request (ServersTestBootFromVolume:setUpClass): 201 POST http://10.180.1.21:9696/networking/v2.0/security-group-rules 0.610s
2024-09-30 22:28:11.179 61945 INFO tempest.lib.common.rest_client [req-eea34017-7b0d-49b8-97c0-825e59b4e214 req-eea34017-7b0d-49b8-97c0-825e59b4e214 ] Request (ServerExternalEventsTest:test_create_server_external_events): 204 DELETE http://10.180.1.21/compute/v2.1/servers/a7baefbd-6677-46e5-b3c7-ae187b559677 2.158s
2024-09-30 22:28:11.199 61919 INFO tempest.lib.common.rest_client [req-34545f66-63a0-4bf2-b2f8-a03e631baeb7 req-34545f66-63a0-4bf2-b2f8-a03e631baeb7 ] Request (ServerActionsTestOtherA:setUpClass): 201 POST http://10.180.1.21:9696/networking/v2.0/security-group-rules 0.555s
2024-09-30 22:28:11.209 61933 INFO tempest.lib.common.rest_client [req-ecca7d42-ff6d-4cad-9bb2-2ee25010d33e req-ecca7d42-ff6d-4cad-9bb2-2ee25010d33e ] Request (NetworksTest:test_get_network): 200 GET http://10.180.1.21/compute/v2.1/os-networks 2.704s
2024-09-30 22:28:11.349 61921 INFO tempest.lib.common.rest_client [req-5ae2ffd0-041a-4fe7-8cbe-e6f559cdd589 req-5ae2ffd0-041a-4fe7-8cbe-e6f559cdd589 ] Request (KeyPairsV210TestJSON:tearDownClass): 200 GET http://10.180.1.21:9696/networking/v2.0/security-groups?tenant_id=12c6c9625060446896e115b5101ea08f&name=default 1.092s
2024-09-30 22:28:11.578 61901 INFO tempest.lib.common.rest_client [req-8c4d172b-5844-4328-bee2-4a4d39b807c4 req-8c4d172b-5844-4328-bee2-4a4d39b807c4 ] Request (VolumesAdminNegativeTest:test_update_attached_volume_with_nonexistent_volume_in_body): 201 POST http://10.180.1.21:9696/networking/v2.0/floatingips 2.615s
2024-09-30 22:28:11.604 61943 INFO tempest.lib.common.rest_client [req-bf0a4cec-84a0-4d95-93de-692e80031b5b req-bf0a4cec-84a0-4d95-93de-692e80031b5b ] Request (MultipleCreateNegativeTestJSON:tearDownClass): 204 DELETE http://10.180.1.21:9696/networking/v2.0/security-groups/ffe1a87f-240a-4c97-aa3b-8cf68191018b 0.636s
2024-09-30 22:28:11.644 61901 INFO tempest.lib.common.rest_client [req-487542fe-963e-4305-b8d3-abb4999243d4 req-487542fe-963e-4305-b8d3-abb4999243d4 ] Request (VolumesAdminNegativeTest:test_update_attached_volume_with_nonexistent_volume_in_body): 201 POST http://10.180.1.21/identity/v3/auth/tokens 0.062s
2024-09-30 22:28:11.645 61901 INFO tempest.lib.common.fixed_network [-] (VolumesAdminNegativeTest:test_update_attached_volume_with_nonexistent_volume_in_body) Found network {'id': 'a30c1018-073d-44e1-9b8a-3118dca0091c', 'name': 'tempest-VolumesAdminNegativeTest-432416807-network', 'tenant_id': 'a63bd1c89a504b2fa7d8f961bf31c053', 'admin_state_up': True, 'mtu': 8950, 'status': 'ACTIVE', 'subnets': [], 'shared': False, 'project_id': 'a63bd1c89a504b2fa7d8f961bf31c053', 'port_security_enabled': True, 'router:external': False, 'provider:network_type': 'vlan', 'provider:physical_network': 'default', 'provider:segmentation_id': 290, 'is_default': False, 'availability_zone_hints': [], 'availability_zones': [], 'ipv4_address_scope': None, 'ipv6_address_scope': None, 'description': '', 'tags': [], 'created_at': '2024-09-30T22:27:42Z', 'updated_at': '2024-09-30T22:27:42Z', 'revision_number': 1} available for tenant
2024-09-30 22:28:11.680 61943 INFO tempest.lib.common.rest_client [req-c4014252-2301-41f6-9a03-9a0bc532dc47 req-c4014252-2301-41f6-9a03-9a0bc532dc47 ] Request (MultipleCreateNegativeTestJSON:tearDownClass): 204 DELETE http://10.180.1.21/identity/v3/projects/ec1519fd8cd646b69bb0380a88421a81 0.075s
2024-09-30 22:28:11.681 61943 INFO tempest.test [-] raised in ServerBootFromVolumeStableRescueTest.setUpClass. Invoking tearDownClass.
2024-09-30 22:28:11.751 61943 INFO tempest.lib.common.rest_client [req-962450fb-72d4-4124-b276-0374b4fee2c3 req-962450fb-72d4-4124-b276-0374b4fee2c3 ] Request (VolumesGetTestJSON:setUpClass): 201 POST http://10.180.1.21/identity/v3/auth/tokens 0.066s
2024-09-30 22:28:11.761 61913 INFO tempest.lib.common.rest_client [req-93cf3f23-722c-4c9e-b148-51bf0e41f557 req-93cf3f23-722c-4c9e-b148-51bf0e41f557 ] Request (ImagesNegativeTestJSON:setUpClass): 201 POST http://10.180.1.21:9696/networking/v2.0/networks 1.173s
2024-09-30 22:28:11.783 61943 INFO tempest.lib.common.rest_client [req-8ff249c8-82ee-4910-bc5b-ffe5822631f4 req-8ff249c8-82ee-4910-bc5b-ffe5822631f4 ] Request (VolumesGetTestJSON:setUpClass): 201 POST http://10.180.1.21/identity/v3/auth/tokens 0.030s
2024-09-30 22:28:11.807 61943 INFO tempest.lib.common.rest_client [req-76327b3b-6950-48bd-842f-eeea842178f8 req-76327b3b-6950-48bd-842f-eeea842178f8 ] Request (VolumesGetTestJSON:setUpClass): 200 GET http://10.180.1.21/identity/v3/domains?name=Default 0.024s
2024-09-30 22:28:11.812 61893 INFO tempest.lib.common.rest_client [req-6c243360-57ce-4ef4-8331-625ba072d727 req-6c243360-57ce-4ef4-8331-625ba072d727 ] Request (SecurityGroupsTestAdminJSON:test_list_security_groups_list_all_tenants_filter): 200 GET http://10.180.1.21/compute/v2.1/os-security-groups?all_tenants=true 2.762s
2024-09-30 22:28:11.851 61943 INFO tempest.lib.common.rest_client [req-f3a384f5-b8c9-4400-8315-e3d8e67aa0d6 req-f3a384f5-b8c9-4400-8315-e3d8e67aa0d6 ] Request (VolumesGetTestJSON:setUpClass): 201 POST http://10.180.1.21/identity/v3/projects 0.043s
2024-09-30 22:28:11.854 61897 INFO tempest.lib.common.rest_client [req-196e3ab1-74c9-47bb-8a7c-44031877f4c7 req-196e3ab1-74c9-47bb-8a7c-44031877f4c7 ] Request (DeleteServersAdminTestJSON:test_admin_delete_servers_of_others): 404 GET http://10.180.1.21/compute/v2.1/servers/6d026704-4f96-43c1-a3a8-ed0db05f845b 2.259s
2024-09-30 22:28:11.855 61919 INFO tempest.lib.common.rest_client [req-0009a97a-ddf8-4c24-8fda-4ab12e347686 req-0009a97a-ddf8-4c24-8fda-4ab12e347686 ] Request (ServerActionsTestOtherA:setUpClass): 201 POST http://10.180.1.21:9696/networking/v2.0/security-group-rules 0.656s
2024-09-30 22:28:11.887 61921 INFO tempest.lib.common.rest_client [req-2cd860b1-198b-4e25-b6eb-d5a918258324 req-2cd860b1-198b-4e25-b6eb-d5a918258324 ] Request (KeyPairsV210TestJSON:tearDownClass): 204 DELETE http://10.180.1.21:9696/networking/v2.0/security-groups/d0aad6f4-1ef6-4e23-a242-5b894b0c2ed6 0.537s
2024-09-30 22:28:11.951 61943 INFO tempest.lib.common.rest_client [req-29ac039b-9637-4af3-b737-a0e5d46ac30d req-29ac039b-9637-4af3-b737-a0e5d46ac30d ] Request (VolumesGetTestJSON:setUpClass): 201 POST http://10.180.1.21/identity/v3/users 0.099s
2024-09-30 22:28:12.008 61921 INFO tempest.lib.common.rest_client [req-078300a4-f083-44ee-b493-9cf53c1af26b req-078300a4-f083-44ee-b493-9cf53c1af26b ] Request (KeyPairsV210TestJSON:tearDownClass): 204 DELETE http://10.180.1.21/identity/v3/projects/12c6c9625060446896e115b5101ea08f 0.120s
2024-09-30 22:28:12.008 61921 INFO tempest.lib.common.dynamic_creds [-] Deleting project and security group for project: 7dac6921d6f547a1939d253c25e2efe4
2024-09-30 22:28:12.024 61925 INFO tempest.lib.common.rest_client [req-63288750-79e2-4634-bece-98d4ae8a3593 req-63288750-79e2-4634-bece-98d4ae8a3593 ] Request (ServersWithSpecificFlavorTestJSON:test_verify_created_server_ephemeral_disk): 200 POST http://10.180.1.21/compute/v2.1/flavors 2.289s
2024-09-30 22:28:12.054 61891 INFO tempest.lib.common.rest_client [req-58f10612-b0ae-47a6-afcd-02bb0c8ac723 req-58f10612-b0ae-47a6-afcd-02bb0c8ac723 ] Request (HostsAdminTestJSON:test_show_host_detail): 200 GET http://10.180.1.21/compute/v2.1/os-hosts 2.294s
2024-09-30 22:28:12.054 61897 INFO tempest.lib.common.rest_client [req-fbf847e1-6828-47d9-91fa-514f55fab972 req-fbf847e1-6828-47d9-91fa-514f55fab972 ] Request (DeleteServersAdminTestJSON:test_delete_server_while_in_error_state): 201 POST http://10.180.1.21/identity/v3/auth/tokens 0.128s
2024-09-30 22:28:12.054 61897 INFO tempest.lib.common.fixed_network [-] (DeleteServersAdminTestJSON:test_delete_server_while_in_error_state) Found network None available for tenant
2024-09-30 22:28:12.060 61931 INFO tempest.lib.common.rest_client [req-7f078da9-ec3a-4ddd-9776-1f185ac62e45 req-7f078da9-ec3a-4ddd-9776-1f185ac62e45 ] Request (HostsAdminNegativeTestJSON:test_startup_host_with_non_admin_user): 403 GET http://10.180.1.21/compute/v2.1/os-hosts/devstack/startup 2.239s
2024-09-30 22:28:12.063 61943 INFO tempest.lib.common.rest_client [req-11361157-0451-497d-8d9c-3ec6bb4ca089 req-11361157-0451-497d-8d9c-3ec6bb4ca089 ] Request (VolumesGetTestJSON:setUpClass): 200 GET http://10.180.1.21/identity/v3/roles 0.111s
2024-09-30 22:28:12.081 61936 INFO tempest.lib.common.rest_client [req-381df0f1-4d1f-4390-aba0-22c43df32a76 req-381df0f1-4d1f-4390-aba0-22c43df32a76 ] Request (AggregatesAdminNegativeTestJSON:_run_cleanups): 200 DELETE http://10.180.1.21/compute/v2.1/os-aggregates/2 2.258s
2024-09-30 22:28:12.095 61943 INFO tempest.lib.common.rest_client [req-ba5822f3-88af-45e9-be35-80bf5876ae5d req-ba5822f3-88af-45e9-be35-80bf5876ae5d ] Request (VolumesGetTestJSON:setUpClass): 204 PUT http://10.180.1.21/identity/v3/projects/7498b331520f49aaa9673cf35feadfef/users/cf1a28a4ede548b8b47e463b61325dee/roles/7d963d276ca04a7898781729d93c8c60 0.032s
2024-09-30 22:28:12.095 61943 INFO tempest.lib.common.dynamic_creds [-] Dynamic test user cf1a28a4ede548b8b47e463b61325dee is created with scope project and roles: ['member']
2024-09-30 22:28:12.096 61943 INFO tempest.lib.common.dynamic_creds [-] Acquired dynamic creds: credentials: Credentials: {'domain_id': 'default', 'domain_name': 'Default', 'username': 'tempest-VolumesGetTestJSON-701888157-project-member', 'project_domain_id': 'default', 'project_domain_name': 'Default', 'project_id': '7498b331520f49aaa9673cf35feadfef', 'project_name': 'tempest-VolumesGetTestJSON-701888157', 'tenant_id': '7498b331520f49aaa9673cf35feadfef', 'tenant_name': 'tempest-VolumesGetTestJSON-701888157', 'user_domain_id': 'default', 'user_domain_name': 'Default', 'user_id': 'cf1a28a4ede548b8b47e463b61325dee', 'system': None}, Network: None, Subnet: None, Router: None
2024-09-30 22:28:12.096 61943 INFO tempest.lib.common.dynamic_creds [-] Created isolated network resources for: credentials: Credentials: {'domain_id': 'default', 'domain_name': 'Default', 'username': 'tempest-VolumesGetTestJSON-701888157-project-member', 'project_domain_id': 'default', 'project_domain_name': 'Default', 'project_id': '7498b331520f49aaa9673cf35feadfef', 'project_name': 'tempest-VolumesGetTestJSON-701888157', 'tenant_id': '7498b331520f49aaa9673cf35feadfef', 'tenant_name': 'tempest-VolumesGetTestJSON-701888157', 'user_domain_id': 'default', 'user_domain_name': 'Default', 'user_id': 'cf1a28a4ede548b8b47e463b61325dee', 'system': None}, Network: None, Subnet: None, Router: None
2024-09-30 22:28:12.168 61943 INFO tempest.lib.common.rest_client [req-a64c2456-a282-46db-8e84-336d6b8e44b2 req-a64c2456-a282-46db-8e84-336d6b8e44b2 ] Request (VolumesGetTestJSON:setUpClass): 201 POST http://10.180.1.21/identity/v3/auth/tokens 0.068s
2024-09-30 22:28:12.242 61947 INFO tempest.lib.common.rest_client [req-9231d295-60cd-4102-9908-fce5b8a5c931 req-9231d295-60cd-4102-9908-fce5b8a5c931 ] Request (KeyPairsNegativeTestJSON:test_create_keypair_invalid_name): 400 POST http://10.180.1.21/compute/v2.1/os-keypairs 2.413s
2024-09-30 22:28:12.271 61889 INFO tempest.lib.common.rest_client [req-0f1f6eff-66d5-4775-98ce-cceaa2bfcf05 req-0f1f6eff-66d5-4775-98ce-cceaa2bfcf05 ] Request (ImagesDeleteNegativeTestJSON:test_delete_non_existent_image): 404 DELETE http://10.180.1.21/compute/v2.1/images/d389f863-eea8-4bca-b5aa-8dc316865e0f 2.424s
2024-09-30 22:28:12.278 61937 INFO tempest.lib.common.rest_client [req-be348ed6-3434-46bc-ae20-1e63cf29349d req-be348ed6-3434-46bc-ae20-1e63cf29349d ] Request (HypervisorAdminNegativeTestJSON:test_show_nonexistent_hypervisor): 404 GET http://10.180.1.21/compute/v2.1/os-hypervisors/de648860-8bf5-4d9e-ba47-c1314c2890c1 2.427s
2024-09-30 22:28:12.295 61911 INFO tempest.lib.common.rest_client [req-478eaf67-16d0-4540-b64d-ae95dabfd635 req-478eaf67-16d0-4540-b64d-ae95dabfd635 ] Request (FlavorsAdminTestJSON:_run_cleanups): 200 GET http://10.180.1.21/compute/v2.1/flavors/detail 2.411s
2024-09-30 22:28:12.300 61941 INFO tempest.lib.common.rest_client [req-f613688d-6676-4777-b32b-844ed8eb7096 req-f613688d-6676-4777-b32b-844ed8eb7096 ] Request (FlavorsExtraSpecsNegativeTestJSON:test_flavor_update_more_key): 400 PUT http://10.180.1.21/compute/v2.1/flavors/736938204/os-extra_specs/hw:numa_nodes 2.407s
2024-09-30 22:28:12.312 61899 INFO tempest.lib.common.rest_client [req-90411645-00ec-4044-a2f8-ba43597015bc req-90411645-00ec-4044-a2f8-ba43597015bc ] Request (FlavorsAccessNegativeTestJSON:_run_cleanups): 202 DELETE http://10.180.1.21/compute/v2.1/flavors/1388652838 2.411s
2024-09-30 22:28:12.328 61903 INFO tempest.lib.common.rest_client [req-11061fde-96c0-4f8b-8d6c-08ff0a208422 req-11061fde-96c0-4f8b-8d6c-08ff0a208422 ] Request (FlavorsAccessTestJSON:_run_cleanups): 202 DELETE http://10.180.1.21/compute/v2.1/flavors/1594650575 2.414s
2024-09-30 22:28:12.364 61921 INFO tempest.lib.common.rest_client [req-0c86734f-02b1-46c8-9802-74549810f611 req-0c86734f-02b1-46c8-9802-74549810f611 ] Request (KeyPairsV210TestJSON:tearDownClass): 200 GET http://10.180.1.21:9696/networking/v2.0/security-groups?tenant_id=7dac6921d6f547a1939d253c25e2efe4&name=default 0.356s
2024-09-30 22:28:12.391 61937 INFO tempest.lib.common.rest_client [req-5dc51b9d-0f1f-433c-9ee2-4956498bf695 req-5dc51b9d-0f1f-433c-9ee2-4956498bf695 ] Request (HypervisorAdminNegativeTestJSON:tearDownClass): 204 DELETE http://10.180.1.21/identity/v3/users/b0f994c9700a47589e37e48d225ac556 0.112s
2024-09-30 22:28:12.403 61889 INFO tempest.lib.common.rest_client [req-c1cdec18-8888-4d19-ad8b-060e2169ba91 req-c1cdec18-8888-4d19-ad8b-060e2169ba91 ] Request (ImagesDeleteNegativeTestJSON:tearDownClass): 204 DELETE http://10.180.1.21/identity/v3/users/522c4bd076874cde88a8e6fdd600a81a 0.131s
2024-09-30 22:28:12.403 61889 INFO tempest.lib.common.dynamic_creds [-] Deleting project and security group for project: efb80a5ec21144e1925195f1163b46f5
2024-09-30 22:28:12.531 61909 INFO tempest.lib.common.rest_client [req-2d9323cc-9ab8-4ac6-ab8f-112ce5305308 req-2d9323cc-9ab8-4ac6-ab8f-112ce5305308 ] Request (QuotasAdminTestV257:test_get_updated_quotas): 200 GET http://10.180.1.21/compute/v2.1/os-quota-sets/b34e969ae1d84ef9907f5863feee7136?user_id=a16f52f2cb3b4437b628119a63d9a7c7 2.068s
2024-09-30 22:28:12.560 61937 INFO tempest.lib.common.rest_client [req-7090ab15-cf73-4990-b6f6-a16aa66f20ca req-7090ab15-cf73-4990-b6f6-a16aa66f20ca ] Request (HypervisorAdminNegativeTestJSON:tearDownClass): 204 DELETE http://10.180.1.21/identity/v3/users/2e0a76ab611741c0b7e14acbf356b024 0.168s
2024-09-30 22:28:12.561 61937 INFO tempest.lib.common.dynamic_creds [-] Deleting project and security group for project: 5dc97b8db96c4f7b87becb503edcfeae
2024-09-30 22:28:12.562 61889 INFO tempest.lib.common.rest_client [req-58c81e5c-72cf-4340-ad28-feb16bf6c610 req-58c81e5c-72cf-4340-ad28-feb16bf6c610 ] Request (ImagesDeleteNegativeTestJSON:tearDownClass): 201 POST http://10.180.1.21/identity/v3/auth/tokens 0.158s
2024-09-30 22:28:12.626 61937 INFO tempest.lib.common.rest_client [req-bb80e893-bd44-4475-b7cb-624e343c42f7 req-bb80e893-bd44-4475-b7cb-624e343c42f7 ] Request (HypervisorAdminNegativeTestJSON:tearDownClass): 201 POST http://10.180.1.21/identity/v3/auth/tokens 0.065s
2024-09-30 22:28:12.724 61909 INFO tempest.lib.common.rest_client [req-34a89ed1-2213-4d17-9efb-d3511f6d02ae req-34a89ed1-2213-4d17-9efb-d3511f6d02ae ] Request (QuotasAdminTestV257:_run_cleanups): 204 DELETE http://10.180.1.21/identity/v3/users/a16f52f2cb3b4437b628119a63d9a7c7 0.192s
2024-09-30 22:28:12.877 61909 INFO tempest.lib.common.rest_client [req-1d4d1057-296c-4664-93af-cd746f2784f2 req-1d4d1057-296c-4664-93af-cd746f2784f2 ] Request (QuotasAdminTestV257:_run_cleanups): 204 DELETE http://10.180.1.21/identity/v3/projects/b34e969ae1d84ef9907f5863feee7136 0.151s
2024-09-30 22:28:12.952 61923 INFO tempest.lib.common.rest_client [req-ef7100a8-4ebc-4c53-8809-b539d0923f36 req-ef7100a8-4ebc-4c53-8809-b539d0923f36 ] Request (FloatingIPsAssociationTestJSON:setUpClass): 202 POST http://10.180.1.21/compute/v2.1/servers 3.511s
2024-09-30 22:28:12.963 61939 INFO tempest.lib.common.rest_client [req-a087358e-18f0-4280-ab23-7e554aaba262 req-a087358e-18f0-4280-ab23-7e554aaba262 ] Request (VolumesAssistedSnapshotsTest:setUpClass): 201 POST http://10.180.1.21:9696/networking/v2.0/routers 3.406s
2024-09-30 22:28:12.981 61905 INFO tempest.lib.common.rest_client [req-f148257d-00b1-438e-9518-4a6bf5aae692 req-f148257d-00b1-438e-9518-4a6bf5aae692 ] Request (HypervisorAdminTestJSON:test_get_hypervisor_show_details): 200 GET http://10.180.1.21/compute/v2.1/os-hypervisors 2.330s
2024-09-30 22:28:12.998 61921 INFO tempest.lib.common.rest_client [req-65d56634-564d-450e-9d9c-3aa68c0ebf34 req-65d56634-564d-450e-9d9c-3aa68c0ebf34 ] Request (KeyPairsV210TestJSON:tearDownClass): 204 DELETE http://10.180.1.21:9696/networking/v2.0/security-groups/251c3a9a-637f-494d-8e63-72d9e73d6d08 0.633s
2024-09-30 22:28:13.030 61945 INFO tempest.lib.common.rest_client [req-30875c69-3ea5-48e4-91a8-79d1c414197b req-30875c69-3ea5-48e4-91a8-79d1c414197b ] Request (ServerExternalEventsTest:test_create_server_external_events): 404 GET http://10.180.1.21/compute/v2.1/servers/a7baefbd-6677-46e5-b3c7-ae187b559677 1.850s
2024-09-30 22:28:13.051 61909 INFO tempest.lib.common.rest_client [req-286a6ac9-13a5-48d2-90e9-5c7cf3c678d5 req-286a6ac9-13a5-48d2-90e9-5c7cf3c678d5 ] Request (QuotasAdminTestV257:tearDownClass): 204 DELETE http://10.180.1.21/identity/v3/users/6346269cb523487eaafaaea553b3d030 0.172s
2024-09-30 22:28:13.072 61895 INFO tempest.lib.common.rest_client [req-3d21899c-c071-4668-b31a-cd0abbc041a5 req-3d21899c-c071-4668-b31a-cd0abbc041a5 ] Request (QuotasAdminTestJSON:test_delete_quota): 200 GET http://10.180.1.21/identity/v3/domains?name=Default 0.121s
2024-09-30 22:28:13.157 61921 INFO tempest.lib.common.rest_client [req-01c9e670-65ad-44e8-9f27-43aad2248c7c req-01c9e670-65ad-44e8-9f27-43aad2248c7c ] Request (KeyPairsV210TestJSON:tearDownClass): 204 DELETE http://10.180.1.21/identity/v3/projects/7dac6921d6f547a1939d253c25e2efe4 0.159s
2024-09-30 22:28:13.164 61913 INFO tempest.lib.common.rest_client [req-7392a094-c3f0-4aa1-8a6b-9669f98ef77d req-7392a094-c3f0-4aa1-8a6b-9669f98ef77d ] Request (ImagesNegativeTestJSON:setUpClass): 201 POST http://10.180.1.21:9696/networking/v2.0/subnets 1.402s
2024-09-30 22:28:13.169 61945 INFO tempest.lib.common.rest_client [req-c5826713-a686-4a5a-a928-2cfa7b95ae25 req-c5826713-a686-4a5a-a928-2cfa7b95ae25 ] Request (ServerExternalEventsTest:tearDownClass): 204 DELETE http://10.180.1.21/identity/v3/users/70d34abbad5443149dbb8c9c8833edb8 0.130s
2024-09-30 22:28:13.249 61895 INFO tempest.lib.common.rest_client [req-f98eaeaf-8142-4e7f-954c-07586224f29d req-f98eaeaf-8142-4e7f-954c-07586224f29d ] Request (QuotasAdminTestJSON:test_delete_quota): 201 POST http://10.180.1.21/identity/v3/projects 0.177s
2024-09-30 22:28:13.280 61909 INFO tempest.lib.common.rest_client [req-4c894ea9-8c8f-461c-9b12-4fe7ce21e9de req-4c894ea9-8c8f-461c-9b12-4fe7ce21e9de ] Request (QuotasAdminTestV257:tearDownClass): 204 DELETE http://10.180.1.21/identity/v3/users/2a6140e071254d9eb0015f623e95eec4 0.229s
2024-09-30 22:28:13.280 61909 INFO tempest.lib.common.dynamic_creds [-] Deleting project and security group for project: a13d2da8362a415d8e6d4b1bc56aa663
2024-09-30 22:28:13.312 61921 INFO tempest.lib.common.rest_client [req-8ecbf3d2-8d3b-4fff-b5a7-7e9fa01721cf req-8ecbf3d2-8d3b-4fff-b5a7-7e9fa01721cf ] Request (ServerDiagnosticsNegativeTest:setUpClass): 201 POST http://10.180.1.21/identity/v3/auth/tokens 0.153s
2024-09-30 22:28:13.325 61889 INFO tempest.lib.common.rest_client [req-430f5145-acbb-4e86-88a2-0264f94f4359 req-430f5145-acbb-4e86-88a2-0264f94f4359 ] Request (ImagesDeleteNegativeTestJSON:tearDownClass): 200 GET http://10.180.1.21:9696/networking/v2.0/security-groups?tenant_id=efb80a5ec21144e1925195f1163b46f5&name=default 0.763s
2024-09-30 22:28:13.354 61919 INFO tempest.lib.common.rest_client [req-cfedd848-3cfe-463b-beaf-fdda82215339 req-cfedd848-3cfe-463b-beaf-fdda82215339 ] Request (ServerActionsTestOtherA:setUpClass): 201 POST http://10.180.1.21:9696/networking/v2.0/floatingips 1.498s
2024-09-30 22:28:13.357 61933 INFO tempest.lib.common.rest_client [req-4c38fcb1-37da-44da-b95f-a21e90b24b53 req-4c38fcb1-37da-44da-b95f-a21e90b24b53 ] Request (NetworksTest:test_get_network): 200 GET http://10.180.1.21/compute/v2.1/os-networks/bd88ca26-9ffb-405b-9e98-6b30663c0915 2.148s
2024-09-30 22:28:13.358 61917 INFO tempest.lib.common.rest_client [req-40baf56d-2f45-4e9a-ab8b-8fd173683ba5 req-40baf56d-2f45-4e9a-ab8b-8fd173683ba5 ] Request (ServersTestFqdnHostnames:test_create_server_with_fqdn_name): 200 GET http://10.180.1.21/compute/v2.1/servers/858f85bc-4882-4c10-b74d-905bf23429f3 2.834s
2024-09-30 22:28:13.392 61945 INFO tempest.lib.common.rest_client [req-b5214ad4-fa62-477e-be62-6ed2225f63d5 req-b5214ad4-fa62-477e-be62-6ed2225f63d5 ] Request (ServerExternalEventsTest:tearDownClass): 204 DELETE http://10.180.1.21/identity/v3/users/6a0cfeaec8114b2bb7882ea95300e392 0.222s
2024-09-30 22:28:13.413 61895 INFO tempest.lib.common.rest_client [req-a2568c2b-e477-4181-a5de-d1ff7958499a req-a2568c2b-e477-4181-a5de-d1ff7958499a ] Request (QuotasAdminTestJSON:test_delete_quota): 200 GET http://10.180.1.21/identity/v3/domains?name=Default 0.164s
2024-09-30 22:28:13.453 61909 INFO tempest.lib.common.rest_client [req-f2643f1a-6c80-4d5f-9711-b4c255ed32c9 req-f2643f1a-6c80-4d5f-9711-b4c255ed32c9 ] Request (QuotasAdminTestV257:tearDownClass): 201 POST http://10.180.1.21/identity/v3/auth/tokens 0.173s
2024-09-30 22:28:13.468 61919 INFO tempest.lib.common.rest_client [req-85131a2f-3ecd-4390-b5ea-5fdccd46b82e req-85131a2f-3ecd-4390-b5ea-5fdccd46b82e ] Request (ServerActionsTestOtherA:setUpClass): 201 POST http://10.180.1.21/identity/v3/auth/tokens 0.111s
2024-09-30 22:28:13.469 61919 INFO tempest.lib.common.fixed_network [-] (ServerActionsTestOtherA:setUpClass) Found network {'id': '1306c426-7fff-4195-b90c-4dd0d09638c8', 'name': 'tempest-ServerActionsTestOtherA-2135762896-network', 'tenant_id': '4b3974b7ee394182bebb5e7165174e27', 'admin_state_up': True, 'mtu': 8950, 'status': 'ACTIVE', 'subnets': [], 'shared': False, 'project_id': '4b3974b7ee394182bebb5e7165174e27', 'port_security_enabled': True, 'router:external': False, 'provider:network_type': 'vlan', 'provider:physical_network': 'default', 'provider:segmentation_id': 325, 'is_default': False, 'availability_zone_hints': [], 'availability_zones': [], 'ipv4_address_scope': None, 'ipv6_address_scope': None, 'description': '', 'tags': [], 'created_at': '2024-09-30T22:27:50Z', 'updated_at': '2024-09-30T22:27:50Z', 'revision_number': 1} available for tenant
2024-09-30 22:28:13.510 61945 INFO tempest.lib.common.rest_client [req-d6ce96fa-be43-462b-a5e6-d39a9ffe086e req-d6ce96fa-be43-462b-a5e6-d39a9ffe086e ] Request (ServerExternalEventsTest:tearDownClass): 204 DELETE http://10.180.1.21/identity/v3/users/b55141556fb64245a6826dca95c3fbd1 0.117s
2024-09-30 22:28:13.510 61945 INFO tempest.lib.common.dynamic_creds [-] Deleting project and security group for project: c9d56e82e277496abb818df54ceef79d
2024-09-30 22:28:13.526 61921 INFO tempest.lib.common.rest_client [req-4eaaab7d-db6a-4d99-8be0-d98cd7da15a5 req-4eaaab7d-db6a-4d99-8be0-d98cd7da15a5 ] Request (ServerDiagnosticsNegativeTest:setUpClass): 201 POST http://10.180.1.21/identity/v3/auth/tokens 0.128s
2024-09-30 22:28:13.581 61945 INFO tempest.lib.common.rest_client [req-da1d1677-b5ec-4b0b-b87b-15cb502f2303 req-da1d1677-b5ec-4b0b-b87b-15cb502f2303 ] Request (ServerExternalEventsTest:tearDownClass): 201 POST http://10.180.1.21/identity/v3/auth/tokens 0.071s
2024-09-30 22:28:13.602 61921 INFO tempest.lib.common.rest_client [req-a345001b-f83f-4d4d-adb8-3025ab3a361c req-a345001b-f83f-4d4d-adb8-3025ab3a361c ] Request (ServerDiagnosticsNegativeTest:setUpClass): 200 GET http://10.180.1.21/identity/v3/domains?name=Default 0.076s
2024-09-30 22:28:13.634 61921 INFO tempest.lib.common.rest_client [req-de199551-f17d-4a38-a0ad-3b417c592a0d req-de199551-f17d-4a38-a0ad-3b417c592a0d ] Request (ServerDiagnosticsNegativeTest:setUpClass): 201 POST http://10.180.1.21/identity/v3/projects 0.028s
2024-09-30 22:28:13.660 61937 INFO tempest.lib.common.rest_client [req-315f2244-4db6-4d98-bb78-1d37b300ffec req-315f2244-4db6-4d98-bb78-1d37b300ffec ] Request (HypervisorAdminNegativeTestJSON:tearDownClass): 200 GET http://10.180.1.21:9696/networking/v2.0/security-groups?tenant_id=5dc97b8db96c4f7b87becb503edcfeae&name=default 1.034s
2024-09-30 22:28:13.699 61907 INFO tempest.lib.common.rest_client [req-abfd4606-4a7b-4f80-bcf8-6f5144dbd7ed req-abfd4606-4a7b-4f80-bcf8-6f5144dbd7ed ] Request (ServerDiskConfigTestJSON:test_rebuild_server_with_auto_disk_config): 200 GET http://10.180.1.21/compute/v2.1/servers/23ea7d51-0a0e-41c7-ba07-c3b4bc64b88f 2.350s
2024-09-30 22:28:13.703 61921 INFO tempest.lib.common.rest_client [req-65082d2e-04ef-41a7-9fc5-b5a88de0c8b5 req-65082d2e-04ef-41a7-9fc5-b5a88de0c8b5 ] Request (ServerDiagnosticsNegativeTest:setUpClass): 201 POST http://10.180.1.21/identity/v3/users 0.068s
2024-09-30 22:28:13.709 61907 INFO tempest.common.waiters [-] State transition "BUILD/spawning" ==> "ERROR/None" after 7 second wait
2024-09-30 22:28:13.740 61921 INFO tempest.lib.common.rest_client [req-cb9a10cb-d8ee-44d2-b3fc-2c39b58e673c req-cb9a10cb-d8ee-44d2-b3fc-2c39b58e673c ] Request (ServerDiagnosticsNegativeTest:setUpClass): 200 GET http://10.180.1.21/identity/v3/roles 0.036s
2024-09-30 22:28:13.768 61929 INFO tempest.lib.common.rest_client [req-9e1423a9-d045-4e67-880d-ca5c56b1dd4d req-9e1423a9-d045-4e67-880d-ca5c56b1dd4d ] Request (ImagesOneServerNegativeTestJSON:setUpClass): 200 GET http://10.180.1.21/compute/v2.1/servers/eba957b0-e4e2-46ce-b2e3-1ea0e254126e 2.283s
2024-09-30 22:28:13.774 61929 INFO tempest.common.waiters [-] State transition "BUILD/scheduling" ==> "ERROR/None" after 16 second wait
2024-09-30 22:28:13.798 61921 INFO tempest.lib.common.rest_client [req-05e5c12c-507d-4062-bd13-3e016c0bc8ba req-05e5c12c-507d-4062-bd13-3e016c0bc8ba ] Request (ServerDiagnosticsNegativeTest:setUpClass): 204 PUT http://10.180.1.21/identity/v3/projects/c3e54ebd0c4a49f68ffb820a767f6e40/users/4b62bf181bb846899f3d329d59ef5748/roles/7d963d276ca04a7898781729d93c8c60 0.058s
2024-09-30 22:28:13.798 61921 INFO tempest.lib.common.dynamic_creds [-] Dynamic test user 4b62bf181bb846899f3d329d59ef5748 is created with scope project and roles: ['member']
2024-09-30 22:28:13.799 61921 INFO tempest.lib.common.dynamic_creds [-] Acquired dynamic creds: credentials: Credentials: {'domain_id': 'default', 'domain_name': 'Default', 'username': 'tempest-ServerDiagnosticsNegativeTest-606885971-project-member', 'project_domain_id': 'default', 'project_domain_name': 'Default', 'project_id': 'c3e54ebd0c4a49f68ffb820a767f6e40', 'project_name': 'tempest-ServerDiagnosticsNegativeTest-606885971', 'tenant_id': 'c3e54ebd0c4a49f68ffb820a767f6e40', 'tenant_name': 'tempest-ServerDiagnosticsNegativeTest-606885971', 'user_domain_id': 'default', 'user_domain_name': 'Default', 'user_id': '4b62bf181bb846899f3d329d59ef5748', 'system': None}, Network: None, Subnet: None, Router: None
2024-09-30 22:28:13.799 61921 INFO tempest.lib.common.dynamic_creds [-] Created isolated network resources for: credentials: Credentials: {'domain_id': 'default', 'domain_name': 'Default', 'username': 'tempest-ServerDiagnosticsNegativeTest-606885971-project-member', 'project_domain_id': 'default', 'project_domain_name': 'Default', 'project_id': 'c3e54ebd0c4a49f68ffb820a767f6e40', 'project_name': 'tempest-ServerDiagnosticsNegativeTest-606885971', 'tenant_id': 'c3e54ebd0c4a49f68ffb820a767f6e40', 'tenant_name': 'tempest-ServerDiagnosticsNegativeTest-606885971', 'user_domain_id': 'default', 'user_domain_name': 'Default', 'user_id': '4b62bf181bb846899f3d329d59ef5748', 'system': None}, Network: None, Subnet: None, Router: None
2024-09-30 22:28:13.918 61921 INFO tempest.lib.common.rest_client [req-a9597847-a44d-4e3f-9144-5dbc6223ca94 req-a9597847-a44d-4e3f-9144-5dbc6223ca94 ] Request (ServerDiagnosticsNegativeTest:setUpClass): 201 POST http://10.180.1.21/identity/v3/auth/tokens 0.113s
2024-09-30 22:28:13.957 61945 INFO tempest.lib.common.rest_client [req-2b636d6b-90e3-4cdb-8afc-5580e69ee8ff req-2b636d6b-90e3-4cdb-8afc-5580e69ee8ff ] Request (ServerExternalEventsTest:tearDownClass): 200 GET http://10.180.1.21:9696/networking/v2.0/security-groups?tenant_id=c9d56e82e277496abb818df54ceef79d&name=default 0.375s
