2024-11-06 22:20:42.627 63616 INFO tempest.lib.common.rest_client [req-060c5233-96f0-49e1-be29-b0a99f53be2e req-060c5233-96f0-49e1-be29-b0a99f53be2e ] Request (ServersTestJSON:setUpClass): 200 GET http://10.180.1.21/compute/v2.1/servers/dfc291fd-1481-4e76-9fb3-ec87124c1281 0.097s
2024-11-06 22:20:42.786 63614 INFO tempest.lib.common.rest_client [req-5a5cbf96-43fb-4521-adfd-4ce4026bff15 req-5a5cbf96-43fb-4521-adfd-4ce4026bff15 ] Request (DeleteServersAdminTestJSON:test_admin_delete_servers_of_others): 200 GET http://10.180.1.21/compute/v2.1/servers/3d260cd8-ab21-4e1e-8891-6f216350a587 0.113s
2024-11-06 22:20:42.789 63626 INFO tempest.lib.common.rest_client [req-2f7d5699-ebef-4d7e-9194-05024ac8d357 req-2f7d5699-ebef-4d7e-9194-05024ac8d357 ] Request (VolumesAssistedSnapshotsTest:test_volume_assisted_snapshot_create_delete): 200 GET http://10.180.1.21/compute/v2.1/servers/23bc5a48-3e96-4897-bf28-ad14a0bdde62 0.127s
2024-11-06 22:20:42.839 63606 INFO tempest.lib.common.rest_client [req-7685dc43-ad4d-4eac-b644-f64e42e3bab1 req-7685dc43-ad4d-4eac-b644-f64e42e3bab1 ] Request (SecurityGroupsTestJSON:test_list_security_groups_by_server): 200 GET http://10.180.1.21/compute/v2.1/servers/c01ad807-a9a5-4028-baf4-0469a6301459 0.133s
2024-11-06 22:20:42.843 63598 INFO tempest.lib.common.rest_client [req-4b1b1c0c-fd08-4e47-8875-e5c5f82baac5 req-4b1b1c0c-fd08-4e47-8875-e5c5f82baac5 ] Request (TenantUsagesTestJSON:setUpClass): 200 GET http://10.180.1.21/compute/v2.1/servers/346748bd-b4e8-4e93-b71d-66c90a45e372 0.126s
2024-11-06 22:20:42.887 63630 INFO tempest.lib.common.rest_client [req-73f4363a-946a-4dbc-9851-d4bbccd9e867 req-73f4363a-946a-4dbc-9851-d4bbccd9e867 ] Request (ServerAddressesNegativeTestJSON:setUpClass): 200 GET http://10.180.1.21/compute/v2.1/servers/1e8429b2-7149-4832-8590-e0ebd8501176 0.138s
2024-11-06 22:20:42.934 63620 INFO tempest.lib.common.rest_client [req-e1d2952f-bffd-4321-8b57-01d98feb7229 req-e1d2952f-bffd-4321-8b57-01d98feb7229 ] Request (ServerMetadataTestJSON:setUpClass): 200 GET http://10.180.1.21/compute/v2.1/servers/04122dba-4cbf-4176-95bd-f1c4bfaa799e 0.120s
2024-11-06 22:20:42.977 63636 INFO tempest.lib.common.rest_client [req-3018cc9b-d44d-48fc-a36b-f24049d3b8ec req-3018cc9b-d44d-48fc-a36b-f24049d3b8ec ] Request (ServersTestBootFromVolume:setUpClass): 200 GET http://10.180.1.21/compute/v2.1/servers/154fa64c-55d4-4b72-8af9-39e72fd5df5f 0.120s
2024-11-06 22:20:42.982 63624 INFO tempest.lib.common.rest_client [req-11b2e65a-1c3e-4057-8415-4bdca46ec6bd req-11b2e65a-1c3e-4057-8415-4bdca46ec6bd ] Request (ServerDiagnosticsNegativeTest:test_get_server_diagnostics_by_non_admin): 200 GET http://10.180.1.21/compute/v2.1/servers/866c4415-caab-4d81-86ba-ed662feb3c4f 0.176s
2024-11-06 22:20:43.024 63640 INFO tempest.lib.common.rest_client [req-fb29b6b4-d466-4367-ab98-99730639f5a1 req-fb29b6b4-d466-4367-ab98-99730639f5a1 ] Request (ServerShowV254Test:test_rebuild_server): 200 GET http://10.180.1.21/compute/v2.1/servers/560b7750-03fe-4a4c-ab1d-a1751895986b 0.105s
2024-11-06 22:20:43.027 63604 INFO tempest.lib.common.rest_client [req-27b45bb7-2691-4e6e-9bf4-6ac9967abac5 req-27b45bb7-2691-4e6e-9bf4-6ac9967abac5 ] Request (ServerActionsTestOtherB:setUpClass): 200 GET http://10.180.1.21/compute/v2.1/servers/b6908c32-5916-4a0e-92e2-21f480c5f7ca 0.061s
2024-11-06 22:20:43.070 63612 INFO tempest.lib.common.rest_client [req-57571a6e-0f06-40a6-822f-313f23be0db9 req-57571a6e-0f06-40a6-822f-313f23be0db9 ] Request (MigrationsAdminTest:test_resize_server_revert_deleted_flavor): 200 GET http://10.180.1.21/compute/v2.1/servers/c000e183-2e57-470e-a9a5-30b5899e77c1 0.060s
2024-11-06 22:20:43.074 63634 INFO tempest.lib.common.rest_client [req-d1e37730-b7f6-48e3-a923-e91b862bf74b req-d1e37730-b7f6-48e3-a923-e91b862bf74b ] Request (ServersAdminTestJSON:setUpClass): 200 GET http://10.180.1.21/compute/v2.1/servers/43255fee-e5da-4fe0-8fa7-4aba7592745b 0.097s
2024-11-06 22:20:43.080 63634 INFO tempest.common.waiters [-] State transition "BUILD/spawning" ==> "ERROR/None" after 102 second wait
2024-11-06 22:20:43.116 63622 INFO tempest.lib.common.rest_client [req-84def835-a41a-447f-a355-dd2e39927ad4 req-84def835-a41a-447f-a355-dd2e39927ad4 ] Request (FloatingIPsAssociationTestJSON:setUpClass): 200 GET http://10.180.1.21/compute/v2.1/servers/4f5018a5-26f5-4a31-8a9d-d2557c906995 0.081s
2024-11-06 22:20:43.168 63610 INFO tempest.lib.common.rest_client [req-5b947e33-e1f9-4bee-9109-a962c2c2867c req-5b947e33-e1f9-4bee-9109-a962c2c2867c ] Request (ServerDiagnosticsV248Test:test_get_server_diagnostics): 200 GET http://10.180.1.21/compute/v2.1/servers/68925f1b-da69-4955-acb1-d6500b03daee 0.076s
2024-11-06 22:20:43.214 63654 INFO tempest.lib.common.rest_client [req-da6ecc0b-0d7d-4d43-96ae-2396767ddded req-da6ecc0b-0d7d-4d43-96ae-2396767ddded ] Request (ServerActionsTestOtherA:setUpClass): 200 GET http://10.180.1.21/compute/v2.1/servers/fb905507-549f-4265-9851-4a42930c02a4 0.078s
2024-11-06 22:20:43.255 63634 INFO tempest.lib.common.rest_client [req-bd86c7a8-e2c0-4e8a-93a2-3d38dfef2815 req-bd86c7a8-e2c0-4e8a-93a2-3d38dfef2815 ] Request (ServersAdminTestJSON:setUpClass): 204 DELETE http://10.180.1.21/compute/v2.1/servers/43255fee-e5da-4fe0-8fa7-4aba7592745b 0.174s
2024-11-06 22:20:43.300 63652 INFO tempest.lib.common.rest_client [req-374afad9-f612-484c-beee-fb618641fe4c req-374afad9-f612-484c-beee-fb618641fe4c ] Request (ServersWithSpecificFlavorTestJSON:test_verify_created_server_ephemeral_disk): 200 GET http://10.180.1.21/compute/v2.1/servers/930ff058-ab48-4c8a-8f5e-4820a3b12d50 0.118s
2024-11-06 22:20:43.315 63618 INFO tempest.lib.common.rest_client [req-4482f8dc-aa37-4a3e-8a57-9592598b1684 req-4482f8dc-aa37-4a3e-8a57-9592598b1684 ] Request (ImagesOneServerTestJSON:setUpClass): 200 GET http://10.180.1.21/compute/v2.1/servers/d68ccb50-a04d-4e59-8161-f01305eb81a8 0.178s
2024-11-06 22:20:43.343 63660 INFO tempest.lib.common.rest_client [req-d7439f48-a141-4c5a-889b-7f1f969583bc req-d7439f48-a141-4c5a-889b-7f1f969583bc ] Request (FloatingIPsAssociationNegativeTestJSON:setUpClass): 200 GET http://10.180.1.21/compute/v2.1/servers/30d7d279-7241-4f2e-b963-d205a5f9fa41 0.118s
2024-11-06 22:20:43.360 63634 INFO tempest.lib.common.rest_client [req-6c0e9848-ab8b-483c-a2ae-afb3a859fcab req-6c0e9848-ab8b-483c-a2ae-afb3a859fcab ] Request (ServersAdminTestJSON:setUpClass): 404 GET http://10.180.1.21/compute/v2.1/servers/43255fee-e5da-4fe0-8fa7-4aba7592745b 0.104s
2024-11-06 22:20:43.360 63634 INFO tempest.test [-] raised in ServersAdminTestJSON.setUpClass. Invoking tearDownClass.
2024-11-06 22:20:43.408 63638 INFO tempest.lib.common.rest_client [req-d2b2a8d5-236a-43c1-a401-ee030bacc617 req-d2b2a8d5-236a-43c1-a401-ee030bacc617 ] Request (ImagesNegativeTestJSON:test_create_image_from_deleted_server): 200 GET http://10.180.1.21/compute/v2.1/servers/86e8e8ba-e476-400d-b180-bb7df8a042d8 0.137s
2024-11-06 22:20:43.454 63656 INFO tempest.lib.common.rest_client [req-875f2f63-f1b8-461e-9b19-00a45fe00d3a req-875f2f63-f1b8-461e-9b19-00a45fe00d3a ] Request (ServersTestFqdnHostnames:test_create_server_with_fqdn_name): 200 GET http://10.180.1.21/compute/v2.1/servers/19d15611-315f-4c4b-8f32-e5d00d0d8ca8 0.222s
2024-11-06 22:20:43.457 63632 INFO tempest.lib.common.rest_client [req-d502201b-ebc7-4b1e-8890-a998421d5db8 req-d502201b-ebc7-4b1e-8890-a998421d5db8 ] Request (InstanceActionsV221TestJSON:test_get_list_deleted_instance_actions): 200 GET http://10.180.1.21/compute/v2.1/servers/2b98866e-3c86-47bd-9eff-2c2743631563 0.167s
2024-11-06 22:20:43.501 63600 INFO tempest.lib.common.rest_client [req-bd4b4407-2f70-4541-b6b3-1fc8697c2235 req-bd4b4407-2f70-4541-b6b3-1fc8697c2235 ] Request (InstanceActionsNegativeTestJSON:setUpClass): 200 GET http://10.180.1.21/compute/v2.1/servers/27cd13ca-a17c-476e-a00a-cca1fe898763 0.173s
2024-11-06 22:20:43.523 63634 INFO tempest.lib.common.rest_client [req-22fb2479-820d-46db-8404-196b9598fe72 req-22fb2479-820d-46db-8404-196b9598fe72 ] Request (ServersAdminTestJSON:tearDownClass): 204 DELETE http://10.180.1.21/compute/v2.1/servers/36ff1435-1999-4e95-8920-81a1b25cc452 0.163s
2024-11-06 22:20:43.547 63650 INFO tempest.lib.common.rest_client [req-1d2e339c-49d7-4a56-8cd0-d8ba7779f6f7 req-1d2e339c-49d7-4a56-8cd0-d8ba7779f6f7 ] Request (ServerDiagnosticsTest:test_get_server_diagnostics): 200 GET http://10.180.1.21/compute/v2.1/servers/f646a534-1ae8-40dd-9819-3d71bda87ae2 0.170s
2024-11-06 22:20:43.574 63646 INFO tempest.lib.common.rest_client [req-71fbc96f-3de3-4090-bf08-bacb4676312d req-71fbc96f-3de3-4090-bf08-bacb4676312d ] Request (MultipleCreateTestJSON:test_multiple_create): 200 GET http://10.180.1.21/compute/v2.1/servers/4cc3443d-3d05-4d3b-a222-6b7367c1c989 0.144s
2024-11-06 22:20:43.592 63645 INFO tempest.lib.common.rest_client [req-d7ac98b9-cd0e-4b02-ab87-1b88d24f0ca9 req-d7ac98b9-cd0e-4b02-ab87-1b88d24f0ca9 ] Request (ServersTestMultiNic:test_verify_duplicate_network_nics): 200 GET http://10.180.1.21/compute/v2.1/servers/3b9b51fe-d558-40ef-b22a-2b8958b3e1a0 0.095s
2024-11-06 22:20:43.678 63634 INFO tempest.lib.common.rest_client [req-0cb3fdc0-d435-4c79-90b6-7a45f8791516 req-0cb3fdc0-d435-4c79-90b6-7a45f8791516 ] Request (ServersAdminTestJSON:tearDownClass): 200 GET http://10.180.1.21/compute/v2.1/servers/36ff1435-1999-4e95-8920-81a1b25cc452 0.154s
2024-11-06 22:20:43.724 63602 INFO tempest.lib.common.rest_client [req-845b5448-83b3-4d26-a2c6-80c26af4b71b req-845b5448-83b3-4d26-a2c6-80c26af4b71b ] Request (ServersNegativeTestMultiTenantJSON:setUpClass): 200 GET http://10.180.1.21/compute/v2.1/servers/c3e72352-f795-4ce7-9e0b-4e80c4329f7b 0.185s
2024-11-06 22:20:43.775 63642 INFO tempest.lib.common.rest_client [req-1a3758db-fdde-45e0-b158-db420949e647 req-1a3758db-fdde-45e0-b158-db420949e647 ] Request (ImagesOneServerNegativeTestJSON:setUpClass): 200 GET http://10.180.1.21/compute/v2.1/servers/350e2302-66b9-4dd6-b0f4-77000992408b 0.276s
2024-11-06 22:20:43.855 63616 INFO tempest.lib.common.rest_client [req-bb9cf97c-7af0-4d3d-ae07-54763413e521 req-bb9cf97c-7af0-4d3d-ae07-54763413e521 ] Request (ServersTestJSON:setUpClass): 200 GET http://10.180.1.21/compute/v2.1/servers/dfc291fd-1481-4e76-9fb3-ec87124c1281 0.221s
2024-11-06 22:20:43.941 63626 INFO tempest.lib.common.rest_client [req-c1cb6504-ceb0-4a8b-ba19-85a28e88c788 req-c1cb6504-ceb0-4a8b-ba19-85a28e88c788 ] Request (VolumesAssistedSnapshotsTest:test_volume_assisted_snapshot_create_delete): 200 GET http://10.180.1.21/compute/v2.1/servers/23bc5a48-3e96-4897-bf28-ad14a0bdde62 0.144s
2024-11-06 22:20:43.990 63606 INFO tempest.lib.common.rest_client [req-3465e894-8c0a-4cb2-90b5-5f130984c746 req-3465e894-8c0a-4cb2-90b5-5f130984c746 ] Request (SecurityGroupsTestJSON:test_list_security_groups_by_server): 200 GET http://10.180.1.21/compute/v2.1/servers/c01ad807-a9a5-4028-baf4-0469a6301459 0.144s
2024-11-06 22:20:43.998 63614 INFO tempest.lib.common.rest_client [req-1afbc247-08c7-4a3e-ae6f-05a725d285f9 req-1afbc247-08c7-4a3e-ae6f-05a725d285f9 ] Request (DeleteServersAdminTestJSON:test_admin_delete_servers_of_others): 200 GET http://10.180.1.21/compute/v2.1/servers/3d260cd8-ab21-4e1e-8891-6f216350a587 0.206s
2024-11-06 22:20:44.054 63630 INFO tempest.lib.common.rest_client [req-13aa15a8-2388-40c2-a071-9f1173cfe8b0 req-13aa15a8-2388-40c2-a071-9f1173cfe8b0 ] Request (ServerAddressesNegativeTestJSON:setUpClass): 200 GET http://10.180.1.21/compute/v2.1/servers/1e8429b2-7149-4832-8590-e0ebd8501176 0.159s
2024-11-06 22:20:44.099 63598 INFO tempest.lib.common.rest_client [req-8a3aa271-668a-43b1-b789-618460b48f9e req-8a3aa271-668a-43b1-b789-618460b48f9e ] Request (TenantUsagesTestJSON:setUpClass): 200 GET http://10.180.1.21/compute/v2.1/servers/346748bd-b4e8-4e93-b71d-66c90a45e372 0.249s
2024-11-06 22:20:44.107 63598 INFO tempest.common.waiters [-] State transition "BUILD/scheduling" ==> "BUILD/spawning" after 94 second wait
2024-11-06 22:20:44.115 63620 INFO tempest.lib.common.rest_client [req-f181c5dd-199e-4e9d-9cc1-2ce674cebf04 req-f181c5dd-199e-4e9d-9cc1-2ce674cebf04 ] Request (ServerMetadataTestJSON:setUpClass): 200 GET http://10.180.1.21/compute/v2.1/servers/04122dba-4cbf-4176-95bd-f1c4bfaa799e 0.174s
2024-11-06 22:20:44.148 63636 INFO tempest.lib.common.rest_client [req-28a877a5-69d8-4e50-b5d9-1239820e3488 req-28a877a5-69d8-4e50-b5d9-1239820e3488 ] Request (ServersTestBootFromVolume:setUpClass): 200 GET http://10.180.1.21/compute/v2.1/servers/154fa64c-55d4-4b72-8af9-39e72fd5df5f 0.164s
2024-11-06 22:20:44.198 63640 INFO tempest.lib.common.rest_client [req-6708511e-b777-44e3-9dab-c7d7f5eef5c7 req-6708511e-b777-44e3-9dab-c7d7f5eef5c7 ] Request (ServerShowV254Test:test_rebuild_server): 200 GET http://10.180.1.21/compute/v2.1/servers/560b7750-03fe-4a4c-ab1d-a1751895986b 0.166s
2024-11-06 22:20:44.234 63624 INFO tempest.lib.common.rest_client [req-5a4c9bdd-fc35-497e-834b-450c20f15d98 req-5a4c9bdd-fc35-497e-834b-450c20f15d98 ] Request (ServerDiagnosticsNegativeTest:test_get_server_diagnostics_by_non_admin): 200 GET http://10.180.1.21/compute/v2.1/servers/866c4415-caab-4d81-86ba-ed662feb3c4f 0.245s
2024-11-06 22:20:44.242 63604 INFO tempest.lib.common.rest_client [req-ce1c032f-859f-4462-8955-735351f2cbc3 req-ce1c032f-859f-4462-8955-735351f2cbc3 ] Request (ServerActionsTestOtherB:setUpClass): 200 GET http://10.180.1.21/compute/v2.1/servers/b6908c32-5916-4a0e-92e2-21f480c5f7ca 0.208s
2024-11-06 22:20:44.285 63622 INFO tempest.lib.common.rest_client [req-576e46af-025b-42eb-a965-2ef5b4dad634 req-576e46af-025b-42eb-a965-2ef5b4dad634 ] Request (FloatingIPsAssociationTestJSON:setUpClass): 200 GET http://10.180.1.21/compute/v2.1/servers/4f5018a5-26f5-4a31-8a9d-d2557c906995 0.162s
2024-11-06 22:20:44.289 63612 INFO tempest.lib.common.rest_client [req-311cad85-4969-4132-ba11-30c29ee2e388 req-311cad85-4969-4132-ba11-30c29ee2e388 ] Request (MigrationsAdminTest:test_resize_server_revert_deleted_flavor): 200 GET http://10.180.1.21/compute/v2.1/servers/c000e183-2e57-470e-a9a5-30b5899e77c1 0.213s
2024-11-06 22:20:44.333 63654 INFO tempest.lib.common.rest_client [req-f3cd256b-d995-4125-ba91-1c531927dd56 req-f3cd256b-d995-4125-ba91-1c531927dd56 ] Request (ServerActionsTestOtherA:setUpClass): 200 GET http://10.180.1.21/compute/v2.1/servers/fb905507-549f-4265-9851-4a42930c02a4 0.112s
2024-11-06 22:20:44.337 63610 INFO tempest.lib.common.rest_client [req-eb7a30d1-2f99-48a9-b06e-b7f367e08ba1 req-eb7a30d1-2f99-48a9-b06e-b7f367e08ba1 ] Request (ServerDiagnosticsV248Test:test_get_server_diagnostics): 200 GET http://10.180.1.21/compute/v2.1/servers/68925f1b-da69-4955-acb1-d6500b03daee 0.160s
2024-11-06 22:20:44.375 63652 INFO tempest.lib.common.rest_client [req-dbcc94b2-cc90-4487-9d1d-4f170e2942b9 req-dbcc94b2-cc90-4487-9d1d-4f170e2942b9 ] Request (ServersWithSpecificFlavorTestJSON:test_verify_created_server_ephemeral_disk): 200 GET http://10.180.1.21/compute/v2.1/servers/930ff058-ab48-4c8a-8f5e-4820a3b12d50 0.068s
2024-11-06 22:20:44.423 63618 INFO tempest.lib.common.rest_client [req-acaf2c2c-fd4f-4a1b-855b-6d12f0477799 req-acaf2c2c-fd4f-4a1b-855b-6d12f0477799 ] Request (ImagesOneServerTestJSON:setUpClass): 200 GET http://10.180.1.21/compute/v2.1/servers/d68ccb50-a04d-4e59-8161-f01305eb81a8 0.100s
2024-11-06 22:20:44.429 63660 INFO tempest.lib.common.rest_client [req-170e0459-5c0e-46b2-baf1-3712961c9704 req-170e0459-5c0e-46b2-baf1-3712961c9704 ] Request (FloatingIPsAssociationNegativeTestJSON:setUpClass): 200 GET http://10.180.1.21/compute/v2.1/servers/30d7d279-7241-4f2e-b963-d205a5f9fa41 0.078s
2024-11-06 22:20:44.470 63638 INFO tempest.lib.common.rest_client [req-d3f61bb9-55bf-4b37-8790-ec108ac767aa req-d3f61bb9-55bf-4b37-8790-ec108ac767aa ] Request (ImagesNegativeTestJSON:test_create_image_from_deleted_server): 200 GET http://10.180.1.21/compute/v2.1/servers/86e8e8ba-e476-400d-b180-bb7df8a042d8 0.055s
2024-11-06 22:20:44.520 63632 INFO tempest.lib.common.rest_client [req-4340e3fd-3917-4770-bd7e-5b36efee01a9 req-4340e3fd-3917-4770-bd7e-5b36efee01a9 ] Request (InstanceActionsV221TestJSON:test_get_list_deleted_instance_actions): 200 GET http://10.180.1.21/compute/v2.1/servers/2b98866e-3c86-47bd-9eff-2c2743631563 0.055s
2024-11-06 22:20:44.566 63600 INFO tempest.lib.common.rest_client [req-0cf30cff-0817-4989-b7c1-d2cb58adbbf1 req-0cf30cff-0817-4989-b7c1-d2cb58adbbf1 ] Request (InstanceActionsNegativeTestJSON:setUpClass): 200 GET http://10.180.1.21/compute/v2.1/servers/27cd13ca-a17c-476e-a00a-cca1fe898763 0.057s
2024-11-06 22:20:44.610 63650 INFO tempest.lib.common.rest_client [req-fdb9b458-0d46-43d2-bb9f-49cb603664bf req-fdb9b458-0d46-43d2-bb9f-49cb603664bf ] Request (ServerDiagnosticsTest:test_get_server_diagnostics): 200 GET http://10.180.1.21/compute/v2.1/servers/f646a534-1ae8-40dd-9819-3d71bda87ae2 0.056s
2024-11-06 22:20:44.651 63646 INFO tempest.lib.common.rest_client [req-2ada7d19-1c64-4031-9232-121ac8f6b209 req-2ada7d19-1c64-4031-9232-121ac8f6b209 ] Request (MultipleCreateTestJSON:test_multiple_create): 200 GET http://10.180.1.21/compute/v2.1/servers/4cc3443d-3d05-4d3b-a222-6b7367c1c989 0.070s
2024-11-06 22:20:44.657 63656 INFO tempest.lib.common.rest_client [req-55654ec9-8fdb-4d54-80fd-c79ecc984a6a req-55654ec9-8fdb-4d54-80fd-c79ecc984a6a ] Request (ServersTestFqdnHostnames:test_create_server_with_fqdn_name): 200 GET http://10.180.1.21/compute/v2.1/servers/19d15611-315f-4c4b-8f32-e5d00d0d8ca8 0.196s
2024-11-06 22:20:44.701 63645 INFO tempest.lib.common.rest_client [req-c44de688-1c54-4f22-93fb-d94df09c5679 req-c44de688-1c54-4f22-93fb-d94df09c5679 ] Request (ServersTestMultiNic:test_verify_duplicate_network_nics): 200 GET http://10.180.1.21/compute/v2.1/servers/3b9b51fe-d558-40ef-b22a-2b8958b3e1a0 0.102s
2024-11-06 22:20:44.787 63602 INFO tempest.lib.common.rest_client [req-f8135c26-f172-4290-a55f-c6ce103a4abe req-f8135c26-f172-4290-a55f-c6ce103a4abe ] Request (ServersNegativeTestMultiTenantJSON:setUpClass): 200 GET http://10.180.1.21/compute/v2.1/servers/c3e72352-f795-4ce7-9e0b-4e80c4329f7b 0.053s
2024-11-06 22:20:44.906 63634 INFO tempest.lib.common.rest_client [req-2f7cbfc6-3cee-46ec-b301-fdac97437649 req-2f7cbfc6-3cee-46ec-b301-fdac97437649 ] Request (ServersAdminTestJSON:tearDownClass): 200 GET http://10.180.1.21/compute/v2.1/servers/36ff1435-1999-4e95-8920-81a1b25cc452 0.220s
2024-11-06 22:20:44.910 63642 INFO tempest.lib.common.rest_client [req-cb81e3b2-7c42-493e-af75-fe59c426910b req-cb81e3b2-7c42-493e-af75-fe59c426910b ] Request (ImagesOneServerNegativeTestJSON:setUpClass): 200 GET http://10.180.1.21/compute/v2.1/servers/350e2302-66b9-4dd6-b0f4-77000992408b 0.127s
2024-11-06 22:20:45.081 63616 INFO tempest.lib.common.rest_client [req-f780d4c1-5bc4-4fc0-a5a4-50a2f8b3a953 req-f780d4c1-5bc4-4fc0-a5a4-50a2f8b3a953 ] Request (ServersTestJSON:setUpClass): 200 GET http://10.180.1.21/compute/v2.1/servers/dfc291fd-1481-4e76-9fb3-ec87124c1281 0.217s
2024-11-06 22:20:45.132 63606 INFO tempest.lib.common.rest_client [req-e4676e86-3c8a-439e-a5e5-937365463687 req-e4676e86-3c8a-439e-a5e5-937365463687 ] Request (SecurityGroupsTestJSON:test_list_security_groups_by_server): 200 GET http://10.180.1.21/compute/v2.1/servers/c01ad807-a9a5-4028-baf4-0469a6301459 0.135s
2024-11-06 22:20:45.225 63614 INFO tempest.lib.common.rest_client [req-aeddd696-aa8b-4db1-9fc9-7ea9764855fa req-aeddd696-aa8b-4db1-9fc9-7ea9764855fa ] Request (DeleteServersAdminTestJSON:test_admin_delete_servers_of_others): 200 GET http://10.180.1.21/compute/v2.1/servers/3d260cd8-ab21-4e1e-8891-6f216350a587 0.220s
2024-11-06 22:20:45.257 63626 INFO tempest.lib.common.rest_client [req-0903805a-68e7-44c0-80a7-d31fcb806ce9 req-0903805a-68e7-44c0-80a7-d31fcb806ce9 ] Request (VolumesAssistedSnapshotsTest:test_volume_assisted_snapshot_create_delete): 200 GET http://10.180.1.21/compute/v2.1/servers/23bc5a48-3e96-4897-bf28-ad14a0bdde62 0.307s
2024-11-06 22:20:45.270 63630 INFO tempest.lib.common.rest_client [req-4228d919-84a7-482a-996a-2666334d2e2d req-4228d919-84a7-482a-996a-2666334d2e2d ] Request (ServerAddressesNegativeTestJSON:setUpClass): 200 GET http://10.180.1.21/compute/v2.1/servers/1e8429b2-7149-4832-8590-e0ebd8501176 0.209s
2024-11-06 22:20:45.344 63598 INFO tempest.lib.common.rest_client [req-1e5a7d97-31de-4eba-b3a3-d0cf7a6f6e51 req-1e5a7d97-31de-4eba-b3a3-d0cf7a6f6e51 ] Request (TenantUsagesTestJSON:setUpClass): 200 GET http://10.180.1.21/compute/v2.1/servers/346748bd-b4e8-4e93-b71d-66c90a45e372 0.236s
2024-11-06 22:20:45.389 63636 INFO tempest.lib.common.rest_client [req-8c8a55a2-9df4-4e5b-b791-c1f22bf0a1c3 req-8c8a55a2-9df4-4e5b-b791-c1f22bf0a1c3 ] Request (ServersTestBootFromVolume:setUpClass): 200 GET http://10.180.1.21/compute/v2.1/servers/154fa64c-55d4-4b72-8af9-39e72fd5df5f 0.234s
2024-11-06 22:20:45.440 63640 INFO tempest.lib.common.rest_client [req-cc7c7cdd-18ec-4387-a5d4-6f587986ec3e req-cc7c7cdd-18ec-4387-a5d4-6f587986ec3e ] Request (ServerShowV254Test:test_rebuild_server): 200 GET http://10.180.1.21/compute/v2.1/servers/560b7750-03fe-4a4c-ab1d-a1751895986b 0.229s
2024-11-06 22:20:45.507 63620 INFO tempest.lib.common.rest_client [req-1d2a2288-305a-4915-bb0c-4cd71c4590a1 req-1d2a2288-305a-4915-bb0c-4cd71c4590a1 ] Request (ServerMetadataTestJSON:setUpClass): 200 GET http://10.180.1.21/compute/v2.1/servers/04122dba-4cbf-4176-95bd-f1c4bfaa799e 0.382s
2024-11-06 22:20:45.525 63624 INFO tempest.lib.common.rest_client [req-5451c968-2a44-4d22-84d3-29b2e0179a8d req-5451c968-2a44-4d22-84d3-29b2e0179a8d ] Request (ServerDiagnosticsNegativeTest:test_get_server_diagnostics_by_non_admin): 200 GET http://10.180.1.21/compute/v2.1/servers/866c4415-caab-4d81-86ba-ed662feb3c4f 0.282s
2024-11-06 22:20:45.550 63604 INFO tempest.lib.common.rest_client [req-9588273f-543d-47be-86f9-837ff9a589a6 req-9588273f-543d-47be-86f9-837ff9a589a6 ] Request (ServerActionsTestOtherB:setUpClass): 200 GET http://10.180.1.21/compute/v2.1/servers/b6908c32-5916-4a0e-92e2-21f480c5f7ca 0.300s
2024-11-06 22:20:45.566 63622 INFO tempest.lib.common.rest_client [req-99fc1d5f-c58b-4a70-9ade-13d54d0d524c req-99fc1d5f-c58b-4a70-9ade-13d54d0d524c ] Request (FloatingIPsAssociationTestJSON:setUpClass): 200 GET http://10.180.1.21/compute/v2.1/servers/4f5018a5-26f5-4a31-8a9d-d2557c906995 0.271s
2024-11-06 22:20:45.592 63612 INFO tempest.lib.common.rest_client [req-08117242-78f2-420c-9f71-b57cd95a7068 req-08117242-78f2-420c-9f71-b57cd95a7068 ] Request (MigrationsAdminTest:test_resize_server_revert_deleted_flavor): 200 GET http://10.180.1.21/compute/v2.1/servers/c000e183-2e57-470e-a9a5-30b5899e77c1 0.296s
2024-11-06 22:20:45.606 63654 INFO tempest.lib.common.rest_client [req-cca06f76-402c-470e-8ca5-a08861347928 req-cca06f76-402c-470e-8ca5-a08861347928 ] Request (ServerActionsTestOtherA:setUpClass): 200 GET http://10.180.1.21/compute/v2.1/servers/fb905507-549f-4265-9851-4a42930c02a4 0.265s
2024-11-06 22:20:45.636 63610 INFO tempest.lib.common.rest_client [req-89a88054-25bd-42ad-aafa-c52d047372c6 req-89a88054-25bd-42ad-aafa-c52d047372c6 ] Request (ServerDiagnosticsV248Test:test_get_server_diagnostics): 200 GET http://10.180.1.21/compute/v2.1/servers/68925f1b-da69-4955-acb1-d6500b03daee 0.291s
2024-11-06 22:20:45.647 63652 INFO tempest.lib.common.rest_client [req-65eb8323-0fd6-4d61-8556-33345abbe3d0 req-65eb8323-0fd6-4d61-8556-33345abbe3d0 ] Request (ServersWithSpecificFlavorTestJSON:test_verify_created_server_ephemeral_disk): 200 GET http://10.180.1.21/compute/v2.1/servers/930ff058-ab48-4c8a-8f5e-4820a3b12d50 0.261s
2024-11-06 22:20:45.690 63660 INFO tempest.lib.common.rest_client [req-5ca94b6a-de41-4fe0-bc85-c3b0237c6247 req-5ca94b6a-de41-4fe0-bc85-c3b0237c6247 ] Request (FloatingIPsAssociationNegativeTestJSON:setUpClass): 200 GET http://10.180.1.21/compute/v2.1/servers/30d7d279-7241-4f2e-b963-d205a5f9fa41 0.253s
2024-11-06 22:20:45.733 63638 INFO tempest.lib.common.rest_client [req-448f2a33-4167-4fad-a05e-86b65d9ad9c1 req-448f2a33-4167-4fad-a05e-86b65d9ad9c1 ] Request (ImagesNegativeTestJSON:test_create_image_from_deleted_server): 200 GET http://10.180.1.21/compute/v2.1/servers/86e8e8ba-e476-400d-b180-bb7df8a042d8 0.252s
2024-11-06 22:20:45.759 63618 INFO tempest.lib.common.rest_client [req-494eb4d7-01d8-402f-a7b2-bf3f73d10add req-494eb4d7-01d8-402f-a7b2-bf3f73d10add ] Request (ImagesOneServerTestJSON:setUpClass): 200 GET http://10.180.1.21/compute/v2.1/servers/d68ccb50-a04d-4e59-8161-f01305eb81a8 0.328s
2024-11-06 22:20:45.777 63632 INFO tempest.lib.common.rest_client [req-9b7cfbf8-a306-4667-be9a-dffd1659c81f req-9b7cfbf8-a306-4667-be9a-dffd1659c81f ] Request (InstanceActionsV221TestJSON:test_get_list_deleted_instance_actions): 200 GET http://10.180.1.21/compute/v2.1/servers/2b98866e-3c86-47bd-9eff-2c2743631563 0.247s
2024-11-06 22:20:45.803 63600 INFO tempest.lib.common.rest_client [req-81ef1703-f2c4-45bd-b1b9-7554f8b8de66 req-81ef1703-f2c4-45bd-b1b9-7554f8b8de66 ] Request (InstanceActionsNegativeTestJSON:setUpClass): 200 GET http://10.180.1.21/compute/v2.1/servers/27cd13ca-a17c-476e-a00a-cca1fe898763 0.231s
2024-11-06 22:20:45.820 63650 INFO tempest.lib.common.rest_client [req-352e9c1b-1f84-4f9f-8926-b4adee1f7050 req-352e9c1b-1f84-4f9f-8926-b4adee1f7050 ] Request (ServerDiagnosticsTest:test_get_server_diagnostics): 200 GET http://10.180.1.21/compute/v2.1/servers/f646a534-1ae8-40dd-9819-3d71bda87ae2 0.203s
2024-11-06 22:20:45.848 63646 INFO tempest.lib.common.rest_client [req-09289b67-ed88-4ac8-8185-4bc179987384 req-09289b67-ed88-4ac8-8185-4bc179987384 ] Request (MultipleCreateTestJSON:test_multiple_create): 200 GET http://10.180.1.21/compute/v2.1/servers/4cc3443d-3d05-4d3b-a222-6b7367c1c989 0.190s
2024-11-06 22:20:45.890 63645 INFO tempest.lib.common.rest_client [req-07ca4a99-1ae6-420a-9560-c294cc54098c req-07ca4a99-1ae6-420a-9560-c294cc54098c ] Request (ServersTestMultiNic:test_verify_duplicate_network_nics): 200 GET http://10.180.1.21/compute/v2.1/servers/3b9b51fe-d558-40ef-b22a-2b8958b3e1a0 0.176s
2024-11-06 22:20:45.901 63656 INFO tempest.lib.common.rest_client [req-85d8f856-9ee6-464b-b66e-08ed9032287d req-85d8f856-9ee6-464b-b66e-08ed9032287d ] Request (ServersTestFqdnHostnames:test_create_server_with_fqdn_name): 200 GET http://10.180.1.21/compute/v2.1/servers/19d15611-315f-4c4b-8f32-e5d00d0d8ca8 0.237s
2024-11-06 22:20:45.935 63602 INFO tempest.lib.common.rest_client [req-409f0e30-9cfd-4b3f-90c5-b0671018e220 req-409f0e30-9cfd-4b3f-90c5-b0671018e220 ] Request (ServersNegativeTestMultiTenantJSON:setUpClass): 200 GET http://10.180.1.21/compute/v2.1/servers/c3e72352-f795-4ce7-9e0b-4e80c4329f7b 0.141s
2024-11-06 22:20:45.997 63634 INFO tempest.lib.common.rest_client [req-17da982c-b1d2-4bb7-9593-e8da0673c8ed req-17da982c-b1d2-4bb7-9593-e8da0673c8ed ] Request (ServersAdminTestJSON:tearDownClass): 200 GET http://10.180.1.21/compute/v2.1/servers/36ff1435-1999-4e95-8920-81a1b25cc452 0.084s
2024-11-06 22:20:46.022 63642 INFO tempest.lib.common.rest_client [req-ff014927-d714-488d-b509-bab2a8366041 req-ff014927-d714-488d-b509-bab2a8366041 ] Request (ImagesOneServerNegativeTestJSON:setUpClass): 200 GET http://10.180.1.21/compute/v2.1/servers/350e2302-66b9-4dd6-b0f4-77000992408b 0.104s
2024-11-06 22:20:46.175 63616 INFO tempest.lib.common.rest_client [req-fb056dfb-6cd3-4071-a2fd-24ebd218a460 req-fb056dfb-6cd3-4071-a2fd-24ebd218a460 ] Request (ServersTestJSON:setUpClass): 200 GET http://10.180.1.21/compute/v2.1/servers/dfc291fd-1481-4e76-9fb3-ec87124c1281 0.086s
2024-11-06 22:20:46.185 63606 INFO tempest.lib.common.rest_client [req-8707ae4c-3115-49a5-be06-af5306dbd25b req-8707ae4c-3115-49a5-be06-af5306dbd25b ] Request (SecurityGroupsTestJSON:test_list_security_groups_by_server): 200 GET http://10.180.1.21/compute/v2.1/servers/c01ad807-a9a5-4028-baf4-0469a6301459 0.046s
2024-11-06 22:20:46.320 63614 INFO tempest.lib.common.rest_client [req-e15fdfb9-d0e5-4f87-a753-5761039dda7b req-e15fdfb9-d0e5-4f87-a753-5761039dda7b ] Request (DeleteServersAdminTestJSON:test_admin_delete_servers_of_others): 200 GET http://10.180.1.21/compute/v2.1/servers/3d260cd8-ab21-4e1e-8891-6f216350a587 0.088s
2024-11-06 22:20:46.363 63630 INFO tempest.lib.common.rest_client [req-9a9294c8-8477-40c4-b2d1-ddcd2d380b7c req-9a9294c8-8477-40c4-b2d1-ddcd2d380b7c ] Request (ServerAddressesNegativeTestJSON:setUpClass): 200 GET http://10.180.1.21/compute/v2.1/servers/1e8429b2-7149-4832-8590-e0ebd8501176 0.085s
2024-11-06 22:20:46.389 63626 INFO tempest.lib.common.rest_client [req-d83f3601-5422-482a-a23d-65fbc89395de req-d83f3601-5422-482a-a23d-65fbc89395de ] Request (VolumesAssistedSnapshotsTest:test_volume_assisted_snapshot_create_delete): 200 GET http://10.180.1.21/compute/v2.1/servers/23bc5a48-3e96-4897-bf28-ad14a0bdde62 0.125s
2024-11-06 22:20:46.441 63636 INFO tempest.lib.common.rest_client [req-3a9ac560-a5a3-4680-91d6-6138629f0c07 req-3a9ac560-a5a3-4680-91d6-6138629f0c07 ] Request (ServersTestBootFromVolume:setUpClass): 200 GET http://10.180.1.21/compute/v2.1/servers/154fa64c-55d4-4b72-8af9-39e72fd5df5f 0.045s
2024-11-06 22:20:46.444 63598 INFO tempest.lib.common.rest_client [req-a0355a6a-ef4f-4f8d-b6e9-cbc0721fb2c8 req-a0355a6a-ef4f-4f8d-b6e9-cbc0721fb2c8 ] Request (TenantUsagesTestJSON:setUpClass): 200 GET http://10.180.1.21/compute/v2.1/servers/346748bd-b4e8-4e93-b71d-66c90a45e372 0.092s
2024-11-06 22:20:46.499 63640 INFO tempest.lib.common.rest_client [req-b9201d2e-249a-426a-8079-e394578bee98 req-b9201d2e-249a-426a-8079-e394578bee98 ] Request (ServerShowV254Test:test_rebuild_server): 200 GET http://10.180.1.21/compute/v2.1/servers/560b7750-03fe-4a4c-ab1d-a1751895986b 0.049s
2024-11-06 22:20:46.560 63620 INFO tempest.lib.common.rest_client [req-b5e02d5f-af98-49a2-a772-5f6e331841ce req-b5e02d5f-af98-49a2-a772-5f6e331841ce ] Request (ServerMetadataTestJSON:setUpClass): 200 GET http://10.180.1.21/compute/v2.1/servers/04122dba-4cbf-4176-95bd-f1c4bfaa799e 0.047s
2024-11-06 22:20:46.617 63604 INFO tempest.lib.common.rest_client [req-a3f1a180-d44a-434d-8ac6-494e23102531 req-a3f1a180-d44a-434d-8ac6-494e23102531 ] Request (ServerActionsTestOtherB:setUpClass): 200 GET http://10.180.1.21/compute/v2.1/servers/b6908c32-5916-4a0e-92e2-21f480c5f7ca 0.060s
2024-11-06 22:20:46.623 63624 INFO tempest.lib.common.rest_client [req-fabebf1e-3c51-477e-91cb-2fc943ce57e7 req-fabebf1e-3c51-477e-91cb-2fc943ce57e7 ] Request (ServerDiagnosticsNegativeTest:test_get_server_diagnostics_by_non_admin): 200 GET http://10.180.1.21/compute/v2.1/servers/866c4415-caab-4d81-86ba-ed662feb3c4f 0.091s
2024-11-06 22:20:46.664 63622 INFO tempest.lib.common.rest_client [req-2665e028-074c-461a-aedf-e1026411accf req-2665e028-074c-461a-aedf-e1026411accf ] Request (FloatingIPsAssociationTestJSON:setUpClass): 200 GET http://10.180.1.21/compute/v2.1/servers/4f5018a5-26f5-4a31-8a9d-d2557c906995 0.092s
2024-11-06 22:20:46.669 63612 INFO tempest.lib.common.rest_client [req-e7b22a52-1e9b-4e01-8e03-733fa70dc5b0 req-e7b22a52-1e9b-4e01-8e03-733fa70dc5b0 ] Request (MigrationsAdminTest:test_resize_server_revert_deleted_flavor): 200 GET http://10.180.1.21/compute/v2.1/servers/c000e183-2e57-470e-a9a5-30b5899e77c1 0.070s
2024-11-06 22:20:46.709 63654 INFO tempest.lib.common.rest_client [req-c64725a3-f527-4bf6-af1c-fb517b47af4e req-c64725a3-f527-4bf6-af1c-fb517b47af4e ] Request (ServerActionsTestOtherA:setUpClass): 200 GET http://10.180.1.21/compute/v2.1/servers/fb905507-549f-4265-9851-4a42930c02a4 0.096s
2024-11-06 22:20:46.714 63610 INFO tempest.lib.common.rest_client [req-f1f863f4-be97-4707-995a-a74d66c70fa1 req-f1f863f4-be97-4707-995a-a74d66c70fa1 ] Request (ServerDiagnosticsV248Test:test_get_server_diagnostics): 200 GET http://10.180.1.21/compute/v2.1/servers/68925f1b-da69-4955-acb1-d6500b03daee 0.069s
2024-11-06 22:20:46.757 63660 INFO tempest.lib.common.rest_client [req-9e1b7db2-73b6-4dfe-b501-b8c54cbe2fe0 req-9e1b7db2-73b6-4dfe-b501-b8c54cbe2fe0 ] Request (FloatingIPsAssociationNegativeTestJSON:setUpClass): 200 GET http://10.180.1.21/compute/v2.1/servers/30d7d279-7241-4f2e-b963-d205a5f9fa41 0.060s
2024-11-06 22:20:46.758 63652 INFO tempest.lib.common.rest_client [req-c794179b-5609-4f48-af0a-5c1ea11f8867 req-c794179b-5609-4f48-af0a-5c1ea11f8867 ] Request (ServersWithSpecificFlavorTestJSON:test_verify_created_server_ephemeral_disk): 200 GET http://10.180.1.21/compute/v2.1/servers/930ff058-ab48-4c8a-8f5e-4820a3b12d50 0.104s
2024-11-06 22:20:46.807 63638 INFO tempest.lib.common.rest_client [req-b0ea1ec1-e399-42ac-b49c-0afd2e6cd446 req-b0ea1ec1-e399-42ac-b49c-0afd2e6cd446 ] Request (ImagesNegativeTestJSON:test_create_image_from_deleted_server): 200 GET http://10.180.1.21/compute/v2.1/servers/86e8e8ba-e476-400d-b180-bb7df8a042d8 0.067s
2024-11-06 22:20:46.854 63632 INFO tempest.lib.common.rest_client [req-7c216d5b-c58a-45c7-ad7e-fc98d8665456 req-7c216d5b-c58a-45c7-ad7e-fc98d8665456 ] Request (InstanceActionsV221TestJSON:test_get_list_deleted_instance_actions): 200 GET http://10.180.1.21/compute/v2.1/servers/2b98866e-3c86-47bd-9eff-2c2743631563 0.069s
2024-11-06 22:20:46.897 63600 INFO tempest.lib.common.rest_client [req-1320b0d8-c516-4b6e-8d46-131c452bbbf3 req-1320b0d8-c516-4b6e-8d46-131c452bbbf3 ] Request (InstanceActionsNegativeTestJSON:setUpClass): 200 GET http://10.180.1.21/compute/v2.1/servers/27cd13ca-a17c-476e-a00a-cca1fe898763 0.087s
2024-11-06 22:20:46.928 63618 INFO tempest.lib.common.rest_client [req-5a5fce49-3dd2-4578-8c07-b1d4facf8d54 req-5a5fce49-3dd2-4578-8c07-b1d4facf8d54 ] Request (ImagesOneServerTestJSON:setUpClass): 200 GET http://10.180.1.21/compute/v2.1/servers/d68ccb50-a04d-4e59-8161-f01305eb81a8 0.162s
2024-11-06 22:20:46.940 63650 INFO tempest.lib.common.rest_client [req-d0aca730-b846-47c4-9e22-5b3fbcd3c991 req-d0aca730-b846-47c4-9e22-5b3fbcd3c991 ] Request (ServerDiagnosticsTest:test_get_server_diagnostics): 200 GET http://10.180.1.21/compute/v2.1/servers/f646a534-1ae8-40dd-9819-3d71bda87ae2 0.113s
2024-11-06 22:20:46.986 63645 INFO tempest.lib.common.rest_client [req-25c26d05-a09d-4a1c-8434-e8fa10819d69 req-25c26d05-a09d-4a1c-8434-e8fa10819d69 ] Request (ServersTestMultiNic:test_verify_duplicate_network_nics): 200 GET http://10.180.1.21/compute/v2.1/servers/3b9b51fe-d558-40ef-b22a-2b8958b3e1a0 0.089s
2024-11-06 22:20:47.072 63656 INFO tempest.lib.common.rest_client [req-6a0e4708-002e-4b5f-8808-cbf06b19699b req-6a0e4708-002e-4b5f-8808-cbf06b19699b ] Request (ServersTestFqdnHostnames:test_create_server_with_fqdn_name): 200 GET http://10.180.1.21/compute/v2.1/servers/19d15611-315f-4c4b-8f32-e5d00d0d8ca8 0.164s
2024-11-06 22:20:47.137 63602 INFO tempest.lib.common.rest_client [req-4e551e21-1604-4a3d-b04a-d765eb2158d1 req-4e551e21-1604-4a3d-b04a-d765eb2158d1 ] Request (ServersNegativeTestMultiTenantJSON:setUpClass): 200 GET http://10.180.1.21/compute/v2.1/servers/c3e72352-f795-4ce7-9e0b-4e80c4329f7b 0.195s
2024-11-06 22:20:47.155 63646 INFO tempest.lib.common.rest_client [req-29c2f52a-3397-4651-bbd4-bfdd11e34b7b req-29c2f52a-3397-4651-bbd4-bfdd11e34b7b ] Request (MultipleCreateTestJSON:test_multiple_create): 200 GET http://10.180.1.21/compute/v2.1/servers/4cc3443d-3d05-4d3b-a222-6b7367c1c989 0.300s
2024-11-06 22:20:47.238 63642 INFO tempest.lib.common.rest_client [req-f8781824-595e-40de-bfe9-ca7645572d6a req-f8781824-595e-40de-bfe9-ca7645572d6a ] Request (ImagesOneServerNegativeTestJSON:setUpClass): 200 GET http://10.180.1.21/compute/v2.1/servers/350e2302-66b9-4dd6-b0f4-77000992408b 0.210s
2024-11-06 22:20:47.262 63634 INFO tempest.lib.common.rest_client [req-62054257-fd3f-4241-9074-86c6865781b9 req-62054257-fd3f-4241-9074-86c6865781b9 ] Request (ServersAdminTestJSON:tearDownClass): 200 GET http://10.180.1.21/compute/v2.1/servers/36ff1435-1999-4e95-8920-81a1b25cc452 0.257s
2024-11-06 22:20:47.308 63606 INFO tempest.lib.common.rest_client [req-a62d8de1-be8e-4ce3-ab92-074bbd1ee819 req-a62d8de1-be8e-4ce3-ab92-074bbd1ee819 ] Request (SecurityGroupsTestJSON:test_list_security_groups_by_server): 200 GET http://10.180.1.21/compute/v2.1/servers/c01ad807-a9a5-4028-baf4-0469a6301459 0.116s
2024-11-06 22:20:47.323 63616 INFO tempest.lib.common.rest_client [req-a55d325f-db83-41dc-9d3c-00c9cb029d5d req-a55d325f-db83-41dc-9d3c-00c9cb029d5d ] Request (ServersTestJSON:setUpClass): 200 GET http://10.180.1.21/compute/v2.1/servers/dfc291fd-1481-4e76-9fb3-ec87124c1281 0.142s
2024-11-06 22:20:47.412 63614 INFO tempest.lib.common.rest_client [req-0e85ee4c-2330-4f59-8b38-2038ec0d6419 req-0e85ee4c-2330-4f59-8b38-2038ec0d6419 ] Request (DeleteServersAdminTestJSON:test_admin_delete_servers_of_others): 200 GET http://10.180.1.21/compute/v2.1/servers/3d260cd8-ab21-4e1e-8891-6f216350a587 0.085s
2024-11-06 22:20:47.417 63630 INFO tempest.lib.common.rest_client [req-79384261-d1e8-4d2a-b1df-4b7a6161a802 req-79384261-d1e8-4d2a-b1df-4b7a6161a802 ] Request (ServerAddressesNegativeTestJSON:setUpClass): 200 GET http://10.180.1.21/compute/v2.1/servers/1e8429b2-7149-4832-8590-e0ebd8501176 0.047s
2024-11-06 22:20:47.495 63636 INFO tempest.lib.common.rest_client [req-9c7eca61-3237-4d78-bb7c-bd382efd1d2c req-9c7eca61-3237-4d78-bb7c-bd382efd1d2c ] Request (ServersTestBootFromVolume:setUpClass): 200 GET http://10.180.1.21/compute/v2.1/servers/154fa64c-55d4-4b72-8af9-39e72fd5df5f 0.047s
2024-11-06 22:20:47.496 63626 INFO tempest.lib.common.rest_client [req-84fda7d8-2fb1-4508-9272-241ac95b2244 req-84fda7d8-2fb1-4508-9272-241ac95b2244 ] Request (VolumesAssistedSnapshotsTest:test_volume_assisted_snapshot_create_delete): 200 GET http://10.180.1.21/compute/v2.1/servers/23bc5a48-3e96-4897-bf28-ad14a0bdde62 0.100s
2024-11-06 22:20:47.554 63640 INFO tempest.lib.common.rest_client [req-6d2acd8c-30bc-43b7-9daa-db48af902fae req-6d2acd8c-30bc-43b7-9daa-db48af902fae ] Request (ServerShowV254Test:test_rebuild_server): 200 GET http://10.180.1.21/compute/v2.1/servers/560b7750-03fe-4a4c-ab1d-a1751895986b 0.047s
2024-11-06 22:20:47.576 63598 INFO tempest.lib.common.rest_client [req-ef2abf2f-0aed-412f-8ec2-63b0b1050fe4 req-ef2abf2f-0aed-412f-8ec2-63b0b1050fe4 ] Request (TenantUsagesTestJSON:setUpClass): 200 GET http://10.180.1.21/compute/v2.1/servers/346748bd-b4e8-4e93-b71d-66c90a45e372 0.124s
2024-11-06 22:20:47.612 63620 INFO tempest.lib.common.rest_client [req-29166456-85c2-4dac-9caa-77681a4bff70 req-29166456-85c2-4dac-9caa-77681a4bff70 ] Request (ServerMetadataTestJSON:setUpClass): 200 GET http://10.180.1.21/compute/v2.1/servers/04122dba-4cbf-4176-95bd-f1c4bfaa799e 0.045s
2024-11-06 22:20:47.671 63604 INFO tempest.lib.common.rest_client [req-3e219e1f-56fa-43d1-980c-6750c576d5b8 req-3e219e1f-56fa-43d1-980c-6750c576d5b8 ] Request (ServerActionsTestOtherB:setUpClass): 200 GET http://10.180.1.21/compute/v2.1/servers/b6908c32-5916-4a0e-92e2-21f480c5f7ca 0.046s
2024-11-06 22:20:47.714 63624 INFO tempest.lib.common.rest_client [req-c7a90854-7858-4236-9b55-90bc2f786e2b req-c7a90854-7858-4236-9b55-90bc2f786e2b ] Request (ServerDiagnosticsNegativeTest:test_get_server_diagnostics_by_non_admin): 200 GET http://10.180.1.21/compute/v2.1/servers/866c4415-caab-4d81-86ba-ed662feb3c4f 0.084s
2024-11-06 22:20:47.714 63622 INFO tempest.lib.common.rest_client [req-c12a7656-3303-417c-be29-127371e2d0e3 req-c12a7656-3303-417c-be29-127371e2d0e3 ] Request (FloatingIPsAssociationTestJSON:setUpClass): 200 GET http://10.180.1.21/compute/v2.1/servers/4f5018a5-26f5-4a31-8a9d-d2557c906995 0.043s
2024-11-06 22:20:47.756 63612 INFO tempest.lib.common.rest_client [req-975fe0aa-a90f-4509-9be8-d02778c4ce91 req-975fe0aa-a90f-4509-9be8-d02778c4ce91 ] Request (MigrationsAdminTest:test_resize_server_revert_deleted_flavor): 200 GET http://10.180.1.21/compute/v2.1/servers/c000e183-2e57-470e-a9a5-30b5899e77c1 0.075s
2024-11-06 22:20:47.759 63654 INFO tempest.lib.common.rest_client [req-0c973fd3-78de-4e65-a55f-24523b72cce0 req-0c973fd3-78de-4e65-a55f-24523b72cce0 ] Request (ServerActionsTestOtherA:setUpClass): 200 GET http://10.180.1.21/compute/v2.1/servers/fb905507-549f-4265-9851-4a42930c02a4 0.042s
2024-11-06 22:20:47.803 63610 INFO tempest.lib.common.rest_client [req-a5d725f7-245e-4ac6-9487-06b041dcbd40 req-a5d725f7-245e-4ac6-9487-06b041dcbd40 ] Request (ServerDiagnosticsV248Test:test_get_server_diagnostics): 200 GET http://10.180.1.21/compute/v2.1/servers/68925f1b-da69-4955-acb1-d6500b03daee 0.081s
2024-11-06 22:20:47.809 63660 INFO tempest.lib.common.rest_client [req-f2e662b3-7684-42b4-8adc-a99e22d5d7f2 req-f2e662b3-7684-42b4-8adc-a99e22d5d7f2 ] Request (FloatingIPsAssociationNegativeTestJSON:setUpClass): 200 GET http://10.180.1.21/compute/v2.1/servers/30d7d279-7241-4f2e-b963-d205a5f9fa41 0.045s
2024-11-06 22:20:47.845 63652 INFO tempest.lib.common.rest_client [req-c491a432-ec39-49e5-8452-054bb375e846 req-c491a432-ec39-49e5-8452-054bb375e846 ] Request (ServersWithSpecificFlavorTestJSON:test_verify_created_server_ephemeral_disk): 200 GET http://10.180.1.21/compute/v2.1/servers/930ff058-ab48-4c8a-8f5e-4820a3b12d50 0.078s
2024-11-06 22:20:47.860 63638 INFO tempest.lib.common.rest_client [req-31c3a4c6-cbb8-479d-bc2e-43e1155370f6 req-31c3a4c6-cbb8-479d-bc2e-43e1155370f6 ] Request (ImagesNegativeTestJSON:test_create_image_from_deleted_server): 200 GET http://10.180.1.21/compute/v2.1/servers/86e8e8ba-e476-400d-b180-bb7df8a042d8 0.043s
2024-11-06 22:20:47.905 63632 INFO tempest.lib.common.rest_client [req-19c8b3d6-7f85-43d3-8d87-e32123b89d8f req-19c8b3d6-7f85-43d3-8d87-e32123b89d8f ] Request (InstanceActionsV221TestJSON:test_get_list_deleted_instance_actions): 200 GET http://10.180.1.21/compute/v2.1/servers/2b98866e-3c86-47bd-9eff-2c2743631563 0.043s
2024-11-06 22:20:47.950 63600 INFO tempest.lib.common.rest_client [req-966f1e65-873f-4335-9204-1c3ec3a55de1 req-966f1e65-873f-4335-9204-1c3ec3a55de1 ] Request (InstanceActionsNegativeTestJSON:setUpClass): 200 GET http://10.180.1.21/compute/v2.1/servers/27cd13ca-a17c-476e-a00a-cca1fe898763 0.045s
2024-11-06 22:20:47.992 63650 INFO tempest.lib.common.rest_client [req-f38643e9-892a-4a59-876b-161f12e972c8 req-f38643e9-892a-4a59-876b-161f12e972c8 ] Request (ServerDiagnosticsTest:test_get_server_diagnostics): 200 GET http://10.180.1.21/compute/v2.1/servers/f646a534-1ae8-40dd-9819-3d71bda87ae2 0.042s
2024-11-06 22:20:48.035 63645 INFO tempest.lib.common.rest_client [req-cc58d7ec-4bb5-4152-9913-aa9da056f038 req-cc58d7ec-4bb5-4152-9913-aa9da056f038 ] Request (ServersTestMultiNic:test_verify_duplicate_network_nics): 200 GET http://10.180.1.21/compute/v2.1/servers/3b9b51fe-d558-40ef-b22a-2b8958b3e1a0 0.041s
2024-11-06 22:20:48.059 63618 INFO tempest.lib.common.rest_client [req-f6980d91-4571-47a7-9bfc-65c4fb99dd77 req-f6980d91-4571-47a7-9bfc-65c4fb99dd77 ] Request (ImagesOneServerTestJSON:setUpClass): 200 GET http://10.180.1.21/compute/v2.1/servers/d68ccb50-a04d-4e59-8161-f01305eb81a8 0.123s
2024-11-06 22:20:48.165 63656 INFO tempest.lib.common.rest_client [req-d4897039-0eac-4fe0-b584-4b0811cb6c12 req-d4897039-0eac-4fe0-b584-4b0811cb6c12 ] Request (ServersTestFqdnHostnames:test_create_server_with_fqdn_name): 200 GET http://10.180.1.21/compute/v2.1/servers/19d15611-315f-4c4b-8f32-e5d00d0d8ca8 0.085s
2024-11-06 22:20:48.191 63602 INFO tempest.lib.common.rest_client [req-c0f265a0-d37b-40a5-9243-0c967bef4041 req-c0f265a0-d37b-40a5-9243-0c967bef4041 ] Request (ServersNegativeTestMultiTenantJSON:setUpClass): 200 GET http://10.180.1.21/compute/v2.1/servers/c3e72352-f795-4ce7-9e0b-4e80c4329f7b 0.047s
2024-11-06 22:20:48.205 63646 INFO tempest.lib.common.rest_client [req-216f0caf-f2ce-4842-9ec6-1736a4c39eb8 req-216f0caf-f2ce-4842-9ec6-1736a4c39eb8 ] Request (MultipleCreateTestJSON:test_multiple_create): 200 GET http://10.180.1.21/compute/v2.1/servers/4cc3443d-3d05-4d3b-a222-6b7367c1c989 0.043s
2024-11-06 22:20:48.332 63642 INFO tempest.lib.common.rest_client [req-0183b523-5920-42ae-a191-b5209e65b287 req-0183b523-5920-42ae-a191-b5209e65b287 ] Request (ImagesOneServerNegativeTestJSON:setUpClass): 200 GET http://10.180.1.21/compute/v2.1/servers/350e2302-66b9-4dd6-b0f4-77000992408b 0.086s
2024-11-06 22:20:48.355 63634 INFO tempest.lib.common.rest_client [req-7f029509-dbae-412c-99a2-4b45f93c994a req-7f029509-dbae-412c-99a2-4b45f93c994a ] Request (ServersAdminTestJSON:tearDownClass): 200 GET http://10.180.1.21/compute/v2.1/servers/36ff1435-1999-4e95-8920-81a1b25cc452 0.086s
2024-11-06 22:20:48.374 63606 INFO tempest.lib.common.rest_client [req-804236b3-a2f5-4b08-9880-adb093fe0db6 req-804236b3-a2f5-4b08-9880-adb093fe0db6 ] Request (SecurityGroupsTestJSON:test_list_security_groups_by_server): 200 GET http://10.180.1.21/compute/v2.1/servers/c01ad807-a9a5-4028-baf4-0469a6301459 0.058s
2024-11-06 22:20:48.438 63616 INFO tempest.lib.common.rest_client [req-29041356-48df-4e0b-9ad7-5a975ed368e2 req-29041356-48df-4e0b-9ad7-5a975ed368e2 ] Request (ServersTestJSON:setUpClass): 200 GET http://10.180.1.21/compute/v2.1/servers/dfc291fd-1481-4e76-9fb3-ec87124c1281 0.108s
2024-11-06 22:20:48.481 63630 INFO tempest.lib.common.rest_client [req-4c62a384-1ee7-469c-88c6-2ec2f51706cf req-4c62a384-1ee7-469c-88c6-2ec2f51706cf ] Request (ServerAddressesNegativeTestJSON:setUpClass): 200 GET http://10.180.1.21/compute/v2.1/servers/1e8429b2-7149-4832-8590-e0ebd8501176 0.057s
2024-11-06 22:20:48.543 63614 INFO tempest.lib.common.rest_client [req-9c1f6f32-0033-48f0-9465-b935a302fc4a req-9c1f6f32-0033-48f0-9465-b935a302fc4a ] Request (DeleteServersAdminTestJSON:test_admin_delete_servers_of_others): 200 GET http://10.180.1.21/compute/v2.1/servers/3d260cd8-ab21-4e1e-8891-6f216350a587 0.125s
2024-11-06 22:20:48.545 63636 INFO tempest.lib.common.rest_client [req-84c79eb7-8be2-4c48-b876-099c72a0541e req-84c79eb7-8be2-4c48-b876-099c72a0541e ] Request (ServersTestBootFromVolume:setUpClass): 200 GET http://10.180.1.21/compute/v2.1/servers/154fa64c-55d4-4b72-8af9-39e72fd5df5f 0.043s
2024-11-06 22:20:48.608 63640 INFO tempest.lib.common.rest_client [req-ecd422fe-81aa-4f00-962d-18e940c2d488 req-ecd422fe-81aa-4f00-962d-18e940c2d488 ] Request (ServerShowV254Test:test_rebuild_server): 200 GET http://10.180.1.21/compute/v2.1/servers/560b7750-03fe-4a4c-ab1d-a1751895986b 0.046s
2024-11-06 22:20:48.628 63626 INFO tempest.lib.common.rest_client [req-25831447-f351-4d83-9cb3-6a88a35d481e req-25831447-f351-4d83-9cb3-6a88a35d481e ] Request (VolumesAssistedSnapshotsTest:test_volume_assisted_snapshot_create_delete): 200 GET http://10.180.1.21/compute/v2.1/servers/23bc5a48-3e96-4897-bf28-ad14a0bdde62 0.124s
2024-11-06 22:20:48.670 63620 INFO tempest.lib.common.rest_client [req-06f18c0e-5b54-4d28-a665-f0f9192cd2dd req-06f18c0e-5b54-4d28-a665-f0f9192cd2dd ] Request (ServerMetadataTestJSON:setUpClass): 200 GET http://10.180.1.21/compute/v2.1/servers/04122dba-4cbf-4176-95bd-f1c4bfaa799e 0.051s
2024-11-06 22:20:48.690 63598 INFO tempest.lib.common.rest_client [req-a81abb63-b2b7-4591-b0b6-26127534e25c req-a81abb63-b2b7-4591-b0b6-26127534e25c ] Request (TenantUsagesTestJSON:setUpClass): 200 GET http://10.180.1.21/compute/v2.1/servers/346748bd-b4e8-4e93-b71d-66c90a45e372 0.106s
2024-11-06 22:20:48.722 63604 INFO tempest.lib.common.rest_client [req-2fc7aafa-d301-4897-9712-10cc2f735833 req-2fc7aafa-d301-4897-9712-10cc2f735833 ] Request (ServerActionsTestOtherB:setUpClass): 200 GET http://10.180.1.21/compute/v2.1/servers/b6908c32-5916-4a0e-92e2-21f480c5f7ca 0.044s
2024-11-06 22:20:48.765 63622 INFO tempest.lib.common.rest_client [req-89788b10-dcdd-457a-8a00-4d17fbef2aed req-89788b10-dcdd-457a-8a00-4d17fbef2aed ] Request (FloatingIPsAssociationTestJSON:setUpClass): 200 GET http://10.180.1.21/compute/v2.1/servers/4f5018a5-26f5-4a31-8a9d-d2557c906995 0.045s
2024-11-06 22:20:48.807 63624 INFO tempest.lib.common.rest_client [req-5c3c7e57-f048-4ce2-a78a-8df2705eeb2e req-5c3c7e57-f048-4ce2-a78a-8df2705eeb2e ] Request (ServerDiagnosticsNegativeTest:test_get_server_diagnostics_by_non_admin): 200 GET http://10.180.1.21/compute/v2.1/servers/866c4415-caab-4d81-86ba-ed662feb3c4f 0.087s
2024-11-06 22:20:48.807 63612 INFO tempest.lib.common.rest_client [req-4cf7d6e0-5546-4491-854c-530f02a7e8dc req-4cf7d6e0-5546-4491-854c-530f02a7e8dc ] Request (MigrationsAdminTest:test_resize_server_revert_deleted_flavor): 200 GET http://10.180.1.21/compute/v2.1/servers/c000e183-2e57-470e-a9a5-30b5899e77c1 0.044s
2024-11-06 22:20:48.850 63654 INFO tempest.lib.common.rest_client [req-db80e437-90b9-4629-823b-30f310a0b234 req-db80e437-90b9-4629-823b-30f310a0b234 ] Request (ServerActionsTestOtherA:setUpClass): 200 GET http://10.180.1.21/compute/v2.1/servers/fb905507-549f-4265-9851-4a42930c02a4 0.083s
2024-11-06 22:20:48.860 63610 INFO tempest.lib.common.rest_client [req-7e814cf1-16dd-4148-bd8b-b2ed1509fec0 req-7e814cf1-16dd-4148-bd8b-b2ed1509fec0 ] Request (ServerDiagnosticsV248Test:test_get_server_diagnostics): 200 GET http://10.180.1.21/compute/v2.1/servers/68925f1b-da69-4955-acb1-d6500b03daee 0.049s
2024-11-06 22:20:48.890 63660 INFO tempest.lib.common.rest_client [req-8e98e267-4165-47be-be01-3ceea6673c75 req-8e98e267-4165-47be-be01-3ceea6673c75 ] Request (FloatingIPsAssociationNegativeTestJSON:setUpClass): 200 GET http://10.180.1.21/compute/v2.1/servers/30d7d279-7241-4f2e-b963-d205a5f9fa41 0.074s
2024-11-06 22:20:48.901 63652 INFO tempest.lib.common.rest_client [req-01379303-2864-4357-85de-c7fd42a63f8d req-01379303-2864-4357-85de-c7fd42a63f8d ] Request (ServersWithSpecificFlavorTestJSON:test_verify_created_server_ephemeral_disk): 200 GET http://10.180.1.21/compute/v2.1/servers/930ff058-ab48-4c8a-8f5e-4820a3b12d50 0.049s
2024-11-06 22:20:48.933 63638 INFO tempest.lib.common.rest_client [req-db717d86-e91d-4d9a-8100-5bac7941c27e req-db717d86-e91d-4d9a-8100-5bac7941c27e ] Request (ImagesNegativeTestJSON:test_create_image_from_deleted_server): 200 GET http://10.180.1.21/compute/v2.1/servers/86e8e8ba-e476-400d-b180-bb7df8a042d8 0.066s
2024-11-06 22:20:48.959 63632 INFO tempest.lib.common.rest_client [req-b9d71547-8ecc-4a37-9230-3d0ecd090282 req-b9d71547-8ecc-4a37-9230-3d0ecd090282 ] Request (InstanceActionsV221TestJSON:test_get_list_deleted_instance_actions): 200 GET http://10.180.1.21/compute/v2.1/servers/2b98866e-3c86-47bd-9eff-2c2743631563 0.046s
