2024-11-06 22:19:06.912 63648 INFO tempest.lib.common.dynamic_creds [-] Created isolated network resources for: credentials: Credentials: {'domain_id': 'default', 'domain_name': 'Default', 'username': 'tempest-ImagesMetadataTestJSON-971706942-project-member', 'project_domain_id': 'default', 'project_domain_name': 'Default', 'project_id': '9c2198e2bbb5438c92a4b552ece26633', 'project_name': 'tempest-ImagesMetadataTestJSON-971706942', 'tenant_id': '9c2198e2bbb5438c92a4b552ece26633', 'tenant_name': 'tempest-ImagesMetadataTestJSON-971706942', 'user_domain_id': 'default', 'user_domain_name': 'Default', 'user_id': '23257e122079443eb6e9914e438c8d14', 'system': None}, Network: None, Subnet: None, Router: None
2024-11-06 22:19:06.915 63646 INFO tempest.lib.common.rest_client [req-1f22835b-bea0-42b9-81f2-f33a4bd649c2 req-1f22835b-bea0-42b9-81f2-f33a4bd649c2 ] Request (SecurityGroupsTestAdminJSON:tearDownClass): 200 GET http://10.180.1.21:9696/networking/v2.0/security-groups?tenant_id=958fc97115e445bb9f9e57c7573d3638&name=default 0.156s
2024-11-06 22:19:06.915 63654 INFO tempest.lib.common.rest_client [req-6a248cc2-22b6-4b63-8d29-d7167a400e6e req-6a248cc2-22b6-4b63-8d29-d7167a400e6e ] Request (QuotasAdminNegativeTest:test_create_server_when_memory_quota_is_full): 403 POST http://10.180.1.21/compute/v2.1/servers 2.202s
2024-11-06 22:19:06.992 63648 INFO tempest.lib.common.rest_client [req-d4211010-0884-4281-9614-f4da3f0c249b req-d4211010-0884-4281-9614-f4da3f0c249b ] Request (ImagesMetadataTestJSON:setUpClass): 201 POST http://10.180.1.21/identity/v3/auth/tokens 0.074s
2024-11-06 22:19:07.013 63646 INFO tempest.lib.common.rest_client [req-45c42c2c-a193-4266-a4da-1738d2568512 req-45c42c2c-a193-4266-a4da-1738d2568512 ] Request (SecurityGroupsTestAdminJSON:tearDownClass): 204 DELETE http://10.180.1.21:9696/networking/v2.0/security-groups/a8c5ee15-06a9-47ef-9818-b9ef588142a3 0.097s
2024-11-06 22:19:07.143 63646 INFO tempest.lib.common.rest_client [req-c2653818-22a4-47bf-8ad6-d434ac76c799 req-c2653818-22a4-47bf-8ad6-d434ac76c799 ] Request (SecurityGroupsTestAdminJSON:tearDownClass): 204 DELETE http://10.180.1.21/identity/v3/projects/958fc97115e445bb9f9e57c7573d3638 0.130s
2024-11-06 22:19:07.143 63646 INFO tempest.lib.common.dynamic_creds [-] Deleting project and security group for project: 516f009f2f864eb39d0928394c64beb0
2024-11-06 22:19:07.188 63646 INFO tempest.lib.common.rest_client [req-dafbc472-5ee8-4b0b-b0b3-8c03f4274389 req-dafbc472-5ee8-4b0b-b0b3-8c03f4274389 ] Request (SecurityGroupsTestAdminJSON:tearDownClass): 200 GET http://10.180.1.21:9696/networking/v2.0/security-groups?tenant_id=516f009f2f864eb39d0928394c64beb0&name=default 0.044s
2024-11-06 22:19:07.334 63646 INFO tempest.lib.common.rest_client [req-bbef5225-0492-4094-9e11-b717904665f3 req-bbef5225-0492-4094-9e11-b717904665f3 ] Request (SecurityGroupsTestAdminJSON:tearDownClass): 204 DELETE http://10.180.1.21:9696/networking/v2.0/security-groups/ac0a331d-6d4f-4c22-a8bb-2e3596c6ea9f 0.145s
2024-11-06 22:19:07.412 63626 INFO tempest.lib.common.rest_client [req-fbe65225-1f8f-4f74-b42a-27fe48aad375 req-fbe65225-1f8f-4f74-b42a-27fe48aad375 ] Request (VolumesAssistedSnapshotsTest:test_volume_assisted_snapshot_create_delete): 202 POST http://10.180.1.21/compute/v2.1/servers 2.190s
2024-11-06 22:19:07.427 63646 INFO tempest.lib.common.rest_client [req-4163448c-9546-4117-9d68-e6716bd7c4e8 req-4163448c-9546-4117-9d68-e6716bd7c4e8 ] Request (SecurityGroupsTestAdminJSON:tearDownClass): 204 DELETE http://10.180.1.21/identity/v3/projects/516f009f2f864eb39d0928394c64beb0 0.092s
2024-11-06 22:19:07.445 63648 INFO tempest.lib.common.rest_client [req-589a6099-2241-437e-9ffd-fcbeeae43e93 req-589a6099-2241-437e-9ffd-fcbeeae43e93 ] Request (ImagesMetadataTestJSON:setUpClass): 201 POST http://10.180.1.21/image/v2/images 0.452s
2024-11-06 22:19:07.493 63646 INFO tempest.lib.common.rest_client [req-fd74ecad-e8e8-416f-82a8-fe4d720be5cc req-fd74ecad-e8e8-416f-82a8-fe4d720be5cc ] Request (MultipleCreateTestJSON:setUpClass): 201 POST http://10.180.1.21/identity/v3/auth/tokens 0.064s
2024-11-06 22:19:07.497 63636 INFO tempest.lib.common.rest_client [req-3876026f-6d99-4dd9-b728-9bc610683193 req-3876026f-6d99-4dd9-b728-9bc610683193 ] Request (ServersTestBootFromVolume:setUpClass): 200 GET http://10.180.1.21/volume/v3/9b5a89a9f42e47f18fe9ad00e539bdce/volumes/8127ec42-b0f5-4086-b761-68b728ea559b 0.044s
2024-11-06 22:19:07.529 63620 INFO tempest.lib.common.rest_client [req-fb155c6f-483e-4149-97fe-a178086780df req-fb155c6f-483e-4149-97fe-a178086780df ] Request (ServicesAdminNegativeTestJSON:test_list_services_with_non_admin_user): 403 GET http://10.180.1.21/compute/v2.1/os-services 2.254s
2024-11-06 22:19:07.553 63652 INFO tempest.lib.common.rest_client [req-f0bf5b4d-7e0f-4f3c-aa99-20e91bafbe64 req-f0bf5b4d-7e0f-4f3c-aa99-20e91bafbe64 ] Request (ServersWithSpecificFlavorTestJSON:test_verify_created_server_ephemeral_disk): 200 POST http://10.180.1.21/compute/v2.1/flavors/161441275/os-extra_specs 2.267s
2024-11-06 22:19:07.632 63620 INFO tempest.lib.common.rest_client [req-c0327728-8e9b-4833-bf13-c68989e6b4e9 req-c0327728-8e9b-4833-bf13-c68989e6b4e9 ] Request (ServicesAdminNegativeTestJSON:tearDownClass): 204 DELETE http://10.180.1.21/identity/v3/users/40eb4c785cc94c88b2ba585ac10057e0 0.099s
2024-11-06 22:19:07.647 63646 INFO tempest.lib.common.rest_client [req-74e057de-8bff-4322-9063-a1ceb0e570f5 req-74e057de-8bff-4322-9063-a1ceb0e570f5 ] Request (MultipleCreateTestJSON:setUpClass): 201 POST http://10.180.1.21/identity/v3/auth/tokens 0.106s
2024-11-06 22:19:07.748 63650 INFO tempest.lib.common.rest_client [req-6b769b20-6e34-47d4-b77d-093ae3890d63 req-6b769b20-6e34-47d4-b77d-093ae3890d63 ] Request (FlavorsAccessNegativeTestJSON:test_flavor_non_admin_add): 403 POST http://10.180.1.21/compute/v2.1/flavors/1468861554/action 2.445s
2024-11-06 22:19:07.798 63646 INFO tempest.lib.common.rest_client [req-b5308865-e4f5-4e5c-861f-03640ee8a117 req-b5308865-e4f5-4e5c-861f-03640ee8a117 ] Request (MultipleCreateTestJSON:setUpClass): 200 GET http://10.180.1.21/identity/v3/domains?name=Default 0.151s
2024-11-06 22:19:07.831 63620 INFO tempest.lib.common.rest_client [req-c927d4d8-a9c6-4742-b03c-4b9df3b7fd4b req-c927d4d8-a9c6-4742-b03c-4b9df3b7fd4b ] Request (ServicesAdminNegativeTestJSON:tearDownClass): 204 DELETE http://10.180.1.21/identity/v3/users/621458127fe04842aaf76045c775436f 0.199s
2024-11-06 22:19:07.832 63620 INFO tempest.lib.common.dynamic_creds [-] Deleting project and security group for project: 382275824f8a4fafa4801afea5a15efe
2024-11-06 22:19:07.877 63616 INFO tempest.lib.common.rest_client [req-169e615b-daf1-493b-85d5-bcf0e45407de req-169e615b-daf1-493b-85d5-bcf0e45407de ] Request (ServersTestJSON:setUpClass): 200 GET http://10.180.1.21/compute/v2.1/servers/dfc291fd-1481-4e76-9fb3-ec87124c1281 2.464s
2024-11-06 22:19:07.884 63632 INFO tempest.lib.common.rest_client [req-ed1f46fc-77f2-4a41-ae81-85042a71026d req-ed1f46fc-77f2-4a41-ae81-85042a71026d ] Request (FloatingIPDetailsTestJSON:test_get_floating_ip_details): 200 POST http://10.180.1.21/compute/v2.1/os-floating-ips 2.903s
2024-11-06 22:19:07.885 63620 INFO tempest.lib.common.rest_client [req-149cd997-7e0c-4d6f-aa22-de099e4b146d req-149cd997-7e0c-4d6f-aa22-de099e4b146d ] Request (ServicesAdminNegativeTestJSON:tearDownClass): 201 POST http://10.180.1.21/identity/v3/auth/tokens 0.053s
2024-11-06 22:19:07.905 63646 INFO tempest.lib.common.rest_client [req-2b8a41ec-20b4-4ca8-8b48-8e3ed9b4875e req-2b8a41ec-20b4-4ca8-8b48-8e3ed9b4875e ] Request (MultipleCreateTestJSON:setUpClass): 201 POST http://10.180.1.21/identity/v3/projects 0.106s
2024-11-06 22:19:07.944 63642 INFO tempest.lib.common.rest_client [req-910f15ec-eacc-4588-bafb-133fa6d31318 req-910f15ec-eacc-4588-bafb-133fa6d31318 ] Request (ImagesOneServerNegativeTestJSON:setUpClass): 200 GET http://10.180.1.21/compute/v2.1/servers/350e2302-66b9-4dd6-b0f4-77000992408b 2.439s
2024-11-06 22:19:07.950 63604 INFO tempest.lib.common.rest_client [req-1c21e193-cad2-4f53-bab0-8b531febaf86 req-1c21e193-cad2-4f53-bab0-8b531febaf86 ] Request (AggregatesAdminNegativeTestJSON:test_aggregate_create_aggregate_name_length_exceeds_255): 400 POST http://10.180.1.21/compute/v2.1/os-aggregates 2.047s
2024-11-06 22:19:07.956 63606 INFO tempest.lib.common.rest_client [req-02bcf726-1e75-4e51-9023-8195d7652749 req-02bcf726-1e75-4e51-9023-8195d7652749 ] Request (HostsAdminNegativeTestJSON:test_update_host_with_non_admin_user): 403 PUT http://10.180.1.21/compute/v2.1/os-hosts/devstack 2.048s
2024-11-06 22:19:07.975 63628 INFO tempest.lib.common.rest_client [req-3630ba0b-319b-4892-9a5b-3da0b3fc2836 req-3630ba0b-319b-4892-9a5b-3da0b3fc2836 ] Request (FlavorsAdminTestJSON:_run_cleanups): 200 GET http://10.180.1.21/compute/v2.1/flavors/detail 2.050s
2024-11-06 22:19:08.039 63646 INFO tempest.lib.common.rest_client [req-553d0fe6-6dfa-40e3-b1e8-bf92ab0f69bb req-553d0fe6-6dfa-40e3-b1e8-bf92ab0f69bb ] Request (MultipleCreateTestJSON:setUpClass): 201 POST http://10.180.1.21/identity/v3/users 0.130s
2024-11-06 22:19:08.125 63646 INFO tempest.lib.common.rest_client [req-93fa0db1-c30e-4473-9ddd-2b6709014992 req-93fa0db1-c30e-4473-9ddd-2b6709014992 ] Request (MultipleCreateTestJSON:setUpClass): 200 GET http://10.180.1.21/identity/v3/roles 0.085s
2024-11-06 22:19:08.154 63646 INFO tempest.lib.common.rest_client [req-3cf8d213-955f-412b-8197-28547b2e8c52 req-3cf8d213-955f-412b-8197-28547b2e8c52 ] Request (MultipleCreateTestJSON:setUpClass): 204 PUT http://10.180.1.21/identity/v3/projects/6197465940144ca6bce2300cab8ff702/users/7b1117d019b64fd79f5e9de891cd0c73/roles/6868848c5e86455ea3bc7891345db146 0.028s
2024-11-06 22:19:08.154 63646 INFO tempest.lib.common.dynamic_creds [-] Dynamic test user 7b1117d019b64fd79f5e9de891cd0c73 is created with scope project and roles: ['member']
2024-11-06 22:19:08.154 63646 INFO tempest.lib.common.dynamic_creds [-] Acquired dynamic creds: credentials: Credentials: {'domain_id': 'default', 'domain_name': 'Default', 'username': 'tempest-MultipleCreateTestJSON-1044264016-project-member', 'project_domain_id': 'default', 'project_domain_name': 'Default', 'project_id': '6197465940144ca6bce2300cab8ff702', 'project_name': 'tempest-MultipleCreateTestJSON-1044264016', 'tenant_id': '6197465940144ca6bce2300cab8ff702', 'tenant_name': 'tempest-MultipleCreateTestJSON-1044264016', 'user_domain_id': 'default', 'user_domain_name': 'Default', 'user_id': '7b1117d019b64fd79f5e9de891cd0c73', 'system': None}, Network: None, Subnet: None, Router: None
2024-11-06 22:19:08.171 63620 INFO tempest.lib.common.rest_client [req-23a7c4a9-20ec-4298-b37c-8a72c27bd16a req-23a7c4a9-20ec-4298-b37c-8a72c27bd16a ] Request (ServicesAdminNegativeTestJSON:tearDownClass): 200 GET http://10.180.1.21:9696/networking/v2.0/security-groups?tenant_id=382275824f8a4fafa4801afea5a15efe&name=default 0.286s
2024-11-06 22:19:08.197 63600 INFO tempest.lib.common.rest_client [req-6dcaeecc-78ba-4bb3-afa1-885fccf0eaf2 req-6dcaeecc-78ba-4bb3-afa1-885fccf0eaf2 ] Request (AttachInterfacesUnderV243Test:test_add_remove_fixed_ip): 200 GET http://10.180.1.21/compute/v2.1/servers/3862bece-d65f-4a89-b9fa-262ea01d10b9 1.944s
2024-11-06 22:19:08.205 63645 INFO tempest.lib.common.rest_client [req-a6965f83-4401-4630-b6f3-eccfca73dfa6 req-a6965f83-4401-4630-b6f3-eccfca73dfa6 ] Request (ServersTestMultiNic:setUpClass): 201 POST http://10.180.1.21:9696/networking/v2.0/routers 1.348s
2024-11-06 22:19:08.219 63646 INFO tempest.lib.common.rest_client [req-21432561-006a-4efe-88eb-62fbaff38b8d req-21432561-006a-4efe-88eb-62fbaff38b8d ] Request (MultipleCreateTestJSON:setUpClass): 201 POST http://10.180.1.21/identity/v3/auth/tokens 0.064s
2024-11-06 22:19:08.275 63630 INFO tempest.lib.common.rest_client [req-b0e66dfb-3c6b-4357-aa98-437c52e6968a req-b0e66dfb-3c6b-4357-aa98-437c52e6968a ] Request (QuotasAdminTestJSON:_run_cleanups): 200 PUT http://10.180.1.21/compute/v2.1/os-quota-sets/7795d0300f47470cb4aba9e7e1eebb58 2.669s
2024-11-06 22:19:08.323 63608 INFO tempest.lib.common.rest_client [req-dde5699b-0938-4274-89ca-2f3cd845cabd req-dde5699b-0938-4274-89ca-2f3cd845cabd ] Request (FloatingIPsTestJSON:test_allocate_floating_ip): 200 GET http://10.180.1.21/compute/v2.1/os-floating-ips 2.030s
2024-11-06 22:19:08.331 63622 INFO tempest.lib.common.rest_client [req-7c5c9837-ac70-45a4-9062-1dcee2af8f61 req-7c5c9837-ac70-45a4-9062-1dcee2af8f61 ] Request (HypervisorAdminNegativeTestJSON:test_get_hypervisor_uptime_with_non_admin_user): 403 GET http://10.180.1.21/compute/v2.1/os-hypervisors/1/uptime 1.740s
2024-11-06 22:19:08.337 63620 INFO tempest.lib.common.rest_client [req-d0fa5514-21f0-4a66-ae1c-2e07c69d2a57 req-d0fa5514-21f0-4a66-ae1c-2e07c69d2a57 ] Request (ServicesAdminNegativeTestJSON:tearDownClass): 204 DELETE http://10.180.1.21:9696/networking/v2.0/security-groups/61466b44-7675-4b62-a4ae-73a2c4ce58fc 0.166s
2024-11-06 22:19:08.362 63640 INFO tempest.lib.common.rest_client [req-45a344f2-14f2-4051-a41c-6ea3dfe9a629 req-45a344f2-14f2-4051-a41c-6ea3dfe9a629 ] Request (HypervisorAdminTestJSON:test_get_hypervisor_list_details): 200 GET http://10.180.1.21/compute/v2.1/os-hypervisors/detail 1.673s
2024-11-06 22:19:08.389 63648 INFO tempest.lib.common.rest_client [req-37e4f25e-5765-4d77-b3ef-ded5c504bd0a req-37e4f25e-5765-4d77-b3ef-ded5c504bd0a ] Request (ImagesMetadataTestJSON:setUpClass): 204 PUT http://10.180.1.21/image/v2/images/27128f7e-7d9b-486c-90c0-7896d0786058/file 0.943s
2024-11-06 22:19:08.413 63630 INFO tempest.lib.common.rest_client [req-f463350f-c887-4115-853a-c66460e24a3b req-f463350f-c887-4115-853a-c66460e24a3b ] Request (QuotasAdminTestJSON:tearDownClass): 204 DELETE http://10.180.1.21/identity/v3/users/7f83d51057494ed0a0c08bca61e8be98 0.135s
2024-11-06 22:19:08.477 63620 INFO tempest.lib.common.rest_client [req-5b61aefb-0505-4a84-8afc-0c589793773f req-5b61aefb-0505-4a84-8afc-0c589793773f ] Request (ServicesAdminNegativeTestJSON:tearDownClass): 204 DELETE http://10.180.1.21/identity/v3/projects/382275824f8a4fafa4801afea5a15efe 0.137s
2024-11-06 22:19:08.477 63620 INFO tempest.lib.common.dynamic_creds [-] Deleting project and security group for project: ec340fb68c9c4e0fa05e8dd80d176a19
2024-11-06 22:19:08.540 63636 INFO tempest.lib.common.rest_client [req-ad506ec5-9113-40c6-bd3d-3f798f5b2520 req-ad506ec5-9113-40c6-bd3d-3f798f5b2520 ] Request (ServersTestBootFromVolume:setUpClass): 200 GET http://10.180.1.21/volume/v3/9b5a89a9f42e47f18fe9ad00e539bdce/volumes/8127ec42-b0f5-4086-b761-68b728ea559b 0.036s
2024-11-06 22:19:08.558 63630 INFO tempest.lib.common.rest_client [req-4965b608-b32a-4e94-989f-9074687dd3a2 req-4965b608-b32a-4e94-989f-9074687dd3a2 ] Request (QuotasAdminTestJSON:tearDownClass): 204 DELETE http://10.180.1.21/identity/v3/users/88f3b67a78004078bc34d8f266dbcc5b 0.145s
2024-11-06 22:19:08.558 63630 INFO tempest.lib.common.dynamic_creds [-] Deleting project and security group for project: 7795d0300f47470cb4aba9e7e1eebb58
2024-11-06 22:19:08.565 63656 INFO tempest.lib.common.rest_client [req-8b7283be-d320-4b2c-a894-1c0e37e99253 req-8b7283be-d320-4b2c-a894-1c0e37e99253 ] Request (ServersTestFqdnHostnames:test_create_server_with_fqdn_name): 200 GET http://10.180.1.21/compute/v2.1/servers/19d15611-315f-4c4b-8f32-e5d00d0d8ca8 1.753s
2024-11-06 22:19:08.605 63620 INFO tempest.lib.common.rest_client [req-47913813-0360-4393-a99c-92a40474c50d req-47913813-0360-4393-a99c-92a40474c50d ] Request (ServicesAdminNegativeTestJSON:tearDownClass): 200 GET http://10.180.1.21:9696/networking/v2.0/security-groups?tenant_id=ec340fb68c9c4e0fa05e8dd80d176a19&name=default 0.128s
2024-11-06 22:19:08.620 63630 INFO tempest.lib.common.rest_client [req-14016d74-8d14-47ec-8a5b-a17c08f6dcc3 req-14016d74-8d14-47ec-8a5b-a17c08f6dcc3 ] Request (QuotasAdminTestJSON:tearDownClass): 201 POST http://10.180.1.21/identity/v3/auth/tokens 0.062s
2024-11-06 22:19:08.653 63646 INFO tempest.lib.common.rest_client [req-2317345b-529e-4e8b-b963-ad0f48a5bdc6 req-2317345b-529e-4e8b-b963-ad0f48a5bdc6 ] Request (MultipleCreateTestJSON:setUpClass): 201 POST http://10.180.1.21:9696/networking/v2.0/networks 0.434s
2024-11-06 22:19:08.818 63620 INFO tempest.lib.common.rest_client [req-0a07e97c-7518-4790-81ac-9ea7fe9d4052 req-0a07e97c-7518-4790-81ac-9ea7fe9d4052 ] Request (ServicesAdminNegativeTestJSON:tearDownClass): 204 DELETE http://10.180.1.21:9696/networking/v2.0/security-groups/dd5ec1d7-2588-4eb1-a1ab-8625654a0c08 0.212s
2024-11-06 22:19:08.857 63634 INFO tempest.lib.common.rest_client [req-b6deab06-4e42-48e6-9ce0-cc7c243fed8e req-b6deab06-4e42-48e6-9ce0-cc7c243fed8e ] Request (ServersAdminTestJSON:setUpClass): 200 GET http://10.180.1.21/compute/v2.1/servers/43255fee-e5da-4fe0-8fa7-4aba7592745b 2.016s
2024-11-06 22:19:08.898 63630 INFO tempest.lib.common.rest_client [req-d43b39a1-c3c2-4157-a006-4af8bd5ae05e req-d43b39a1-c3c2-4157-a006-4af8bd5ae05e ] Request (QuotasAdminTestJSON:tearDownClass): 200 GET http://10.180.1.21:9696/networking/v2.0/security-groups?tenant_id=7795d0300f47470cb4aba9e7e1eebb58&name=default 0.277s
2024-11-06 22:19:08.910 63620 INFO tempest.lib.common.rest_client [req-fc14a0c4-8c52-4b3a-8562-54548b1eeebf req-fc14a0c4-8c52-4b3a-8562-54548b1eeebf ] Request (ServicesAdminNegativeTestJSON:tearDownClass): 204 DELETE http://10.180.1.21/identity/v3/projects/ec340fb68c9c4e0fa05e8dd80d176a19 0.091s
2024-11-06 22:19:08.930 63610 INFO tempest.lib.common.rest_client [req-7222c031-605f-486a-a0b8-7ec5af130a69 req-7222c031-605f-486a-a0b8-7ec5af130a69 ] Request (ServerDiagnosticsV248Test:test_get_server_diagnostics): 200 GET http://10.180.1.21/compute/v2.1/servers/68925f1b-da69-4955-acb1-d6500b03daee 2.058s
2024-11-06 22:19:08.933 63598 INFO tempest.lib.common.rest_client [req-8227c2f9-1e2d-47d1-bc26-95044d8ffe32 req-8227c2f9-1e2d-47d1-bc26-95044d8ffe32 ] Request (TenantUsagesTestJSON:setUpClass): 202 POST http://10.180.1.21/compute/v2.1/servers 2.536s
2024-11-06 22:19:08.994 63620 INFO tempest.lib.common.rest_client [req-7bf81a7b-86cf-43b4-abfd-78f372e83a13 req-7bf81a7b-86cf-43b4-abfd-78f372e83a13 ] Request (ServerMetadataTestJSON:setUpClass): 201 POST http://10.180.1.21/identity/v3/auth/tokens 0.083s
2024-11-06 22:19:08.996 63624 INFO tempest.lib.common.rest_client [req-8d234f9f-a50a-4f9f-bc4d-0ac0cf0ba61e req-8d234f9f-a50a-4f9f-bc4d-0ac0cf0ba61e ] Request (ServerDiagnosticsNegativeTest:test_get_server_diagnostics_by_non_admin): 200 GET http://10.180.1.21/compute/v2.1/servers/866c4415-caab-4d81-86ba-ed662feb3c4f 2.084s
2024-11-06 22:19:09.013 63646 INFO tempest.lib.common.rest_client [req-92ec827d-4b40-4d38-8f3a-8e10cbff9167 req-92ec827d-4b40-4d38-8f3a-8e10cbff9167 ] Request (MultipleCreateTestJSON:setUpClass): 201 POST http://10.180.1.21:9696/networking/v2.0/subnets 0.360s
2024-11-06 22:19:09.037 63620 INFO tempest.lib.common.rest_client [req-f1895238-0c9d-4ce5-bc6a-95b58d889975 req-f1895238-0c9d-4ce5-bc6a-95b58d889975 ] Request (ServerMetadataTestJSON:setUpClass): 201 POST http://10.180.1.21/identity/v3/auth/tokens 0.039s
2024-11-06 22:19:09.041 63630 INFO tempest.lib.common.rest_client [req-ccd58530-a963-4251-a4b8-18ac83da23ae req-ccd58530-a963-4251-a4b8-18ac83da23ae ] Request (QuotasAdminTestJSON:tearDownClass): 204 DELETE http://10.180.1.21:9696/networking/v2.0/security-groups/ab0150e1-00e0-4529-a10f-3218f8eff6ef 0.142s
2024-11-06 22:19:09.057 63620 INFO tempest.lib.common.rest_client [req-9a569523-49a6-4f99-b3d6-9ad15aba38bf req-9a569523-49a6-4f99-b3d6-9ad15aba38bf ] Request (ServerMetadataTestJSON:setUpClass): 200 GET http://10.180.1.21/identity/v3/domains?name=Default 0.019s
2024-11-06 22:19:09.074 63638 INFO tempest.lib.common.rest_client [req-2f4e12e8-452d-4e4b-9c03-19c08b9cc785 req-2f4e12e8-452d-4e4b-9c03-19c08b9cc785 ] Request (ServersAdmin275Test:test_rebuild_update_server_275): 200 GET http://10.180.1.21/compute/v2.1/servers/6ab5c776-0265-47cf-aa26-1d9b6ea3e1fb 2.083s
2024-11-06 22:19:09.115 63620 INFO tempest.lib.common.rest_client [req-b6e235a8-fa16-4b02-aa59-5f950b076a5a req-b6e235a8-fa16-4b02-aa59-5f950b076a5a ] Request (ServerMetadataTestJSON:setUpClass): 201 POST http://10.180.1.21/identity/v3/projects 0.058s
2024-11-06 22:19:09.152 63654 INFO tempest.lib.common.rest_client [req-7f0c3ea8-06fe-4169-ac73-1b8ef0949127 req-7f0c3ea8-06fe-4169-ac73-1b8ef0949127 ] Request (QuotasAdminNegativeTest:_run_cleanups): 200 PUT http://10.180.1.21/compute/v2.1/os-quota-sets/67029140198848fe99a6798d640b1759 2.236s
2024-11-06 22:19:09.188 63630 INFO tempest.lib.common.rest_client [req-f0b90a47-6bab-43d2-81ed-bbed7d1380dc req-f0b90a47-6bab-43d2-81ed-bbed7d1380dc ] Request (QuotasAdminTestJSON:tearDownClass): 204 DELETE http://10.180.1.21/identity/v3/projects/7795d0300f47470cb4aba9e7e1eebb58 0.145s
2024-11-06 22:19:09.188 63630 INFO tempest.lib.common.dynamic_creds [-] Deleting project and security group for project: 0fd9c6c8d5b54cad872e28002a86a999
2024-11-06 22:19:09.226 63626 INFO tempest.lib.common.rest_client [req-fba733a4-7c29-435a-b442-74661a8cb739 req-fba733a4-7c29-435a-b442-74661a8cb739 ] Request (VolumesAssistedSnapshotsTest:test_volume_assisted_snapshot_create_delete): 200 GET http://10.180.1.21/compute/v2.1/servers/23bc5a48-3e96-4897-bf28-ad14a0bdde62 1.813s
2024-11-06 22:19:09.236 63620 INFO tempest.lib.common.rest_client [req-e680e2da-0ee8-401f-aa9b-99d259b3c91c req-e680e2da-0ee8-401f-aa9b-99d259b3c91c ] Request (ServerMetadataTestJSON:setUpClass): 201 POST http://10.180.1.21/identity/v3/users 0.121s
2024-11-06 22:19:09.271 63620 INFO tempest.lib.common.rest_client [req-e3a9776b-86d7-41fa-b66d-27530aecaba5 req-e3a9776b-86d7-41fa-b66d-27530aecaba5 ] Request (ServerMetadataTestJSON:setUpClass): 200 GET http://10.180.1.21/identity/v3/roles 0.034s
2024-11-06 22:19:09.307 63620 INFO tempest.lib.common.rest_client [req-2083e57b-b789-4d44-a1c0-da8febf72b55 req-2083e57b-b789-4d44-a1c0-da8febf72b55 ] Request (ServerMetadataTestJSON:setUpClass): 204 PUT http://10.180.1.21/identity/v3/projects/8f966e62da4e42efa5b485420dd14b52/users/81e010f5e28a45bd913d77f4697839aa/roles/6868848c5e86455ea3bc7891345db146 0.036s
2024-11-06 22:19:09.307 63620 INFO tempest.lib.common.dynamic_creds [-] Dynamic test user 81e010f5e28a45bd913d77f4697839aa is created with scope project and roles: ['member']
2024-11-06 22:19:09.308 63620 INFO tempest.lib.common.dynamic_creds [-] Acquired dynamic creds: credentials: Credentials: {'domain_id': 'default', 'domain_name': 'Default', 'username': 'tempest-ServerMetadataTestJSON-1737770471-project-member', 'project_domain_id': 'default', 'project_domain_name': 'Default', 'project_id': '8f966e62da4e42efa5b485420dd14b52', 'project_name': 'tempest-ServerMetadataTestJSON-1737770471', 'tenant_id': '8f966e62da4e42efa5b485420dd14b52', 'tenant_name': 'tempest-ServerMetadataTestJSON-1737770471', 'user_domain_id': 'default', 'user_domain_name': 'Default', 'user_id': '81e010f5e28a45bd913d77f4697839aa', 'system': None}, Network: None, Subnet: None, Router: None
2024-11-06 22:19:09.329 63612 INFO tempest.lib.common.rest_client [req-8998550f-8d57-4bc5-bc3b-12fb9530f24b req-8998550f-8d57-4bc5-bc3b-12fb9530f24b ] Request (MigrationsAdminTest:test_list_migrations_in_flavor_resize_situation): 200 GET http://10.180.1.21/compute/v2.1/servers/1829c328-2a68-4297-b80e-afb0e898ba72 2.129s
2024-11-06 22:19:09.364 63614 INFO tempest.lib.common.rest_client [req-ecc759e2-cafe-466e-b6c5-e447e2bddccf req-ecc759e2-cafe-466e-b6c5-e447e2bddccf ] Request (DeleteServersAdminTestJSON:test_admin_delete_servers_of_others): 200 GET http://10.180.1.21/compute/v2.1/servers/3d260cd8-ab21-4e1e-8891-6f216350a587 1.843s
2024-11-06 22:19:09.365 63652 INFO tempest.lib.common.rest_client [req-0d6ab537-33d2-49ee-ae77-bf1b68791238 req-0d6ab537-33d2-49ee-ae77-bf1b68791238 ] Request (ValidationResourcesFixture:setUp): 200 POST http://10.180.1.21/compute/v2.1/os-keypairs 1.810s
2024-11-06 22:19:09.381 63620 INFO tempest.lib.common.rest_client [req-e8879682-7356-4df9-9a05-3eb5d52d5ea7 req-e8879682-7356-4df9-9a05-3eb5d52d5ea7 ] Request (ServerMetadataTestJSON:setUpClass): 201 POST http://10.180.1.21/identity/v3/auth/tokens 0.072s
2024-11-06 22:19:09.384 63650 INFO tempest.lib.common.rest_client [req-4a6aee93-15b4-4f86-8fc3-30396f053933 req-4a6aee93-15b4-4f86-8fc3-30396f053933 ] Request (FlavorsAccessNegativeTestJSON:_run_cleanups): 202 DELETE http://10.180.1.21/compute/v2.1/flavors/1468861554 1.636s
2024-11-06 22:19:09.404 63630 INFO tempest.lib.common.rest_client [req-c5e11bbe-2483-425d-a0a8-9cc501fe74a9 req-c5e11bbe-2483-425d-a0a8-9cc501fe74a9 ] Request (QuotasAdminTestJSON:tearDownClass): 200 GET http://10.180.1.21:9696/networking/v2.0/security-groups?tenant_id=0fd9c6c8d5b54cad872e28002a86a999&name=default 0.216s
2024-11-06 22:19:09.581 63636 INFO tempest.lib.common.rest_client [req-b2a85c78-a206-4980-86e0-4ffc29970925 req-b2a85c78-a206-4980-86e0-4ffc29970925 ] Request (ServersTestBootFromVolume:setUpClass): 200 GET http://10.180.1.21/volume/v3/9b5a89a9f42e47f18fe9ad00e539bdce/volumes/8127ec42-b0f5-4086-b761-68b728ea559b 0.033s
2024-11-06 22:19:09.612 63632 INFO tempest.lib.common.rest_client [req-45d120b6-c207-4624-9daf-bea96c2d5be2 req-45d120b6-c207-4624-9daf-bea96c2d5be2 ] Request (FloatingIPDetailsTestJSON:test_get_floating_ip_details): 200 GET http://10.180.1.21/compute/v2.1/os-floating-ips/7165b965-8ba2-458e-b9ec-ff1b6e4bb6b3 1.725s
2024-11-06 22:19:09.616 63604 INFO tempest.lib.common.rest_client [req-07c6994e-7cb1-45e7-9be6-3b088de504cd req-07c6994e-7cb1-45e7-9be6-3b088de504cd ] Request (AggregatesAdminNegativeTestJSON:test_aggregate_create_aggregate_name_length_less_than_1): 400 POST http://10.180.1.21/compute/v2.1/os-aggregates 1.665s
2024-11-06 22:19:09.623 63606 INFO tempest.lib.common.rest_client [req-b74c5822-e9a9-40a1-84db-629d6db66ec4 req-b74c5822-e9a9-40a1-84db-629d6db66ec4 ] Request (HostsAdminNegativeTestJSON:test_update_host_without_param): 400 PUT http://10.180.1.21/compute/v2.1/os-hosts/devstack 1.666s
2024-11-06 22:19:09.627 63630 INFO tempest.lib.common.rest_client [req-50605bb6-09e5-4460-b363-647f9c18e3e3 req-50605bb6-09e5-4460-b363-647f9c18e3e3 ] Request (QuotasAdminTestJSON:tearDownClass): 204 DELETE http://10.180.1.21:9696/networking/v2.0/security-groups/8c801a9f-750e-40fd-a389-db7ee91243f2 0.222s
2024-11-06 22:19:09.633 63652 INFO tempest.lib.common.rest_client [req-cc0138f2-3a31-4c5d-b36d-ebe242e225c4 req-cc0138f2-3a31-4c5d-b36d-ebe242e225c4 ] Request (ValidationResourcesFixture:setUp): 201 POST http://10.180.1.21:9696/networking/v2.0/security-groups 0.267s
2024-11-06 22:19:09.641 63628 INFO tempest.lib.common.rest_client [req-987c654f-aeea-4fef-b8fc-f6d9d1a710f9 req-987c654f-aeea-4fef-b8fc-f6d9d1a710f9 ] Request (FlavorsAdminTestJSON:test_create_flavor_with_uuid_id): 200 POST http://10.180.1.21/compute/v2.1/flavors 1.660s
2024-11-06 22:19:09.641 63618 INFO tempest.lib.common.rest_client [req-8fa1d912-0a14-4d0a-a429-6af198f471d6 req-8fa1d912-0a14-4d0a-a429-6af198f471d6 ] Request (ImagesOneServerTestJSON:setUpClass): 200 GET http://10.180.1.21/compute/v2.1/servers/d68ccb50-a04d-4e59-8161-f01305eb81a8 1.888s
2024-11-06 22:19:09.715 63630 INFO tempest.lib.common.rest_client [req-ad51b469-d45d-4bfe-ad0f-58417fbf365c req-ad51b469-d45d-4bfe-ad0f-58417fbf365c ] Request (QuotasAdminTestJSON:tearDownClass): 204 DELETE http://10.180.1.21/identity/v3/projects/0fd9c6c8d5b54cad872e28002a86a999 0.087s
2024-11-06 22:19:09.779 63630 INFO tempest.lib.common.rest_client [req-55645fb7-4314-4fed-a6bf-6aae09e1ce1f req-55645fb7-4314-4fed-a6bf-6aae09e1ce1f ] Request (QuotasAdminTestV236:setUpClass): 201 POST http://10.180.1.21/identity/v3/auth/tokens 0.063s
2024-11-06 22:19:09.798 63660 INFO tempest.lib.common.rest_client [req-621bf378-a859-444f-aed8-2afaca026bf2 req-621bf378-a859-444f-aed8-2afaca026bf2 ] Request (QuotaClassesAdmin257Test:test_update_default_quotas): 200 GET http://10.180.1.21/compute/v2.1/os-quota-class-sets/default 1.477s
2024-11-06 22:19:09.808 63622 INFO tempest.lib.common.rest_client [req-7c25dbc6-22ba-4347-9337-c1ba1ede7af8 req-7c25dbc6-22ba-4347-9337-c1ba1ede7af8 ] Request (HypervisorAdminNegativeTestJSON:test_get_nonexistent_hypervisor_uptime): 404 GET http://10.180.1.21/compute/v2.1/os-hypervisors/f27e5c30-3f7b-4a12-878e-16b0703e5173/uptime 1.476s
2024-11-06 22:19:09.841 63640 INFO tempest.lib.common.rest_client [req-00487a20-64bf-46db-b706-db2bc66b55dc req-00487a20-64bf-46db-b706-db2bc66b55dc ] Request (HypervisorAdminTestJSON:test_get_hypervisor_show_details): 200 GET http://10.180.1.21/compute/v2.1/os-hypervisors 1.474s
2024-11-06 22:19:09.865 63620 INFO tempest.lib.common.rest_client [req-49fe8c1d-3535-4d39-bea5-24085c99a095 req-49fe8c1d-3535-4d39-bea5-24085c99a095 ] Request (ServerMetadataTestJSON:setUpClass): 201 POST http://10.180.1.21:9696/networking/v2.0/networks 0.483s
2024-11-06 22:19:09.876 63648 INFO tempest.lib.common.rest_client [req-8ce0e0a8-0694-4f2a-b2ed-7573860b25e9 req-8ce0e0a8-0694-4f2a-b2ed-7573860b25e9 ] Request (ImagesMetadataTestJSON:setUpClass): 200 GET http://10.180.1.21/compute/v2.1/images/27128f7e-7d9b-486c-90c0-7896d0786058 1.486s
2024-11-06 22:19:09.876 63630 INFO tempest.lib.common.rest_client [req-d1eb9c91-e688-494e-9fa6-9e0c40aa9062 req-d1eb9c91-e688-494e-9fa6-9e0c40aa9062 ] Request (QuotasAdminTestV236:setUpClass): 201 POST http://10.180.1.21/identity/v3/auth/tokens 0.045s
2024-11-06 22:19:09.903 63630 INFO tempest.lib.common.rest_client [req-88e2d8c7-5f09-4f57-b6f7-1317a0dcd746 req-88e2d8c7-5f09-4f57-b6f7-1317a0dcd746 ] Request (QuotasAdminTestV236:setUpClass): 200 GET http://10.180.1.21/identity/v3/domains?name=Default 0.026s
2024-11-06 22:19:09.944 63630 INFO tempest.lib.common.rest_client [req-d01196ba-22b7-4baa-a653-3443d6aea783 req-d01196ba-22b7-4baa-a653-3443d6aea783 ] Request (QuotasAdminTestV236:setUpClass): 201 POST http://10.180.1.21/identity/v3/projects 0.039s
2024-11-06 22:19:10.035 63630 INFO tempest.lib.common.rest_client [req-b323021b-de1e-47fa-a62f-b7b9b2fbd188 req-b323021b-de1e-47fa-a62f-b7b9b2fbd188 ] Request (QuotasAdminTestV236:setUpClass): 201 POST http://10.180.1.21/identity/v3/users 0.090s
2024-11-06 22:19:10.062 63630 INFO tempest.lib.common.rest_client [req-6ebb6ec9-f432-410f-8375-d389139ebf90 req-6ebb6ec9-f432-410f-8375-d389139ebf90 ] Request (QuotasAdminTestV236:setUpClass): 200 GET http://10.180.1.21/identity/v3/roles 0.026s
2024-11-06 22:19:10.114 63630 INFO tempest.lib.common.rest_client [req-cb0a74c0-5fe3-44ff-b144-c119cbed0d3c req-cb0a74c0-5fe3-44ff-b144-c119cbed0d3c ] Request (QuotasAdminTestV236:setUpClass): 204 PUT http://10.180.1.21/identity/v3/projects/3afbdf14c8614ba89f29fcdb263b4715/users/fed0d388eaf64e12bbf2b7e951506c65/roles/6868848c5e86455ea3bc7891345db146 0.052s
2024-11-06 22:19:10.115 63630 INFO tempest.lib.common.dynamic_creds [-] Dynamic test user fed0d388eaf64e12bbf2b7e951506c65 is created with scope project and roles: ['member']
2024-11-06 22:19:10.115 63630 INFO tempest.lib.common.dynamic_creds [-] Acquired dynamic creds: credentials: Credentials: {'domain_id': 'default', 'domain_name': 'Default', 'username': 'tempest-QuotasAdminTestV236-421977714-project-member', 'project_domain_id': 'default', 'project_domain_name': 'Default', 'project_id': '3afbdf14c8614ba89f29fcdb263b4715', 'project_name': 'tempest-QuotasAdminTestV236-421977714', 'tenant_id': '3afbdf14c8614ba89f29fcdb263b4715', 'tenant_name': 'tempest-QuotasAdminTestV236-421977714', 'user_domain_id': 'default', 'user_domain_name': 'Default', 'user_id': 'fed0d388eaf64e12bbf2b7e951506c65', 'system': None}, Network: None, Subnet: None, Router: None
2024-11-06 22:19:10.115 63630 INFO tempest.lib.common.dynamic_creds [-] Created isolated network resources for: credentials: Credentials: {'domain_id': 'default', 'domain_name': 'Default', 'username': 'tempest-QuotasAdminTestV236-421977714-project-member', 'project_domain_id': 'default', 'project_domain_name': 'Default', 'project_id': '3afbdf14c8614ba89f29fcdb263b4715', 'project_name': 'tempest-QuotasAdminTestV236-421977714', 'tenant_id': '3afbdf14c8614ba89f29fcdb263b4715', 'tenant_name': 'tempest-QuotasAdminTestV236-421977714', 'user_domain_id': 'default', 'user_domain_name': 'Default', 'user_id': 'fed0d388eaf64e12bbf2b7e951506c65', 'system': None}, Network: None, Subnet: None, Router: None
2024-11-06 22:19:10.176 63645 INFO tempest.lib.common.rest_client [req-4d1d9a34-9224-41b9-8045-6e15757d3b02 req-4d1d9a34-9224-41b9-8045-6e15757d3b02 ] Request (ServersTestMultiNic:setUpClass): 200 PUT http://10.180.1.21:9696/networking/v2.0/routers/327505a8-fd48-417a-9588-2d78ac239c5d/add_router_interface 1.971s
2024-11-06 22:19:10.177 63645 INFO tempest.lib.common.dynamic_creds [-] Created isolated network resources for: credentials: Credentials: {'domain_id': 'default', 'domain_name': 'Default', 'username': 'tempest-ServersTestMultiNic-820412428-project-member', 'project_domain_id': 'default', 'project_domain_name': 'Default', 'project_id': 'd0d30b51245940e8a538b261979633b2', 'project_name': 'tempest-ServersTestMultiNic-820412428', 'tenant_id': 'd0d30b51245940e8a538b261979633b2', 'tenant_name': 'tempest-ServersTestMultiNic-820412428', 'user_domain_id': 'default', 'user_domain_name': 'Default', 'user_id': '69537d4d5bdc4140941598f27c8ac31a', 'system': None}, Network: {'id': 'eb31e33a-e34f-48ac-9d61-bd5e24974fd5', 'name': 'tempest-ServersTestMultiNic-1369802547-network', 'tenant_id': 'd0d30b51245940e8a538b261979633b2', 'admin_state_up': True, 'mtu': 8950, 'status': 'ACTIVE', 'subnets': [], 'shared': False, 'project_id': 'd0d30b51245940e8a538b261979633b2', 'port_security_enabled': True, 'router:external': False, 'provider:network_type': 'vlan', 'provider:physical_network': 'default', 'provider:segmentation_id': 615, 'is_default': False, 'availability_zone_hints': [], 'availability_zones': [], 'ipv4_address_scope': None, 'ipv6_address_scope': None, 'description': '', 'tags': [], 'created_at': '2024-11-06T22:19:06Z', 'updated_at': '2024-11-06T22:19:06Z', 'revision_number': 1}, Subnet: {'id': '9122e6e4-e209-4054-a579-1254121f026b', 'name': 'tempest-ServersTestMultiNic-1369802547-subnet', 'tenant_id': 'd0d30b51245940e8a538b261979633b2', 'network_id': 'eb31e33a-e34f-48ac-9d61-bd5e24974fd5', 'ip_version': 4, 'subnetpool_id': None, 'enable_dhcp': True, 'ipv6_ra_mode': None, 'ipv6_address_mode': None, 'gateway_ip': '192.168.128.1', 'cidr': '192.168.128.0/28', 'allocation_pools': [{'start': '192.168.128.2', 'end': '192.168.128.14'}], 'host_routes': [], 'dns_nameservers': [], 'description': '', 'service_types': [], 'tags': [], 'created_at': '2024-11-06T22:19:06Z', 'updated_at': '2024-11-06T22:19:06Z', 'revision_number': 0, 'project_id': 'd0d30b51245940e8a538b261979633b2'}, Router: {'id': '327505a8-fd48-417a-9588-2d78ac239c5d', 'name': 'tempest-ServersTestMultiNic-1369802547-router', 'tenant_id': 'd0d30b51245940e8a538b261979633b2', 'admin_state_up': True, 'status': 'ACTIVE', 'external_gateway_info': {'network_id': 'da03cf51-6d78-4356-aff1-4bfac711b58d', 'external_fixed_ips': [{'subnet_id': '671a45ad-e21b-4957-b8f2-af4438db5fad', 'ip_address': '10.180.180.234'}], 'enable_snat': True}, 'description': '', 'availability_zones': [], 'distributed': False, 'ha': False, 'availability_zone_hints': [], 'routes': [], 'flavor_id': None, 'tags': [], 'created_at': '2024-11-06T22:19:06Z', 'updated_at': '2024-11-06T22:19:07Z', 'revision_number': 2, 'project_id': 'd0d30b51245940e8a538b261979633b2'}
2024-11-06 22:19:10.191 63616 INFO tempest.lib.common.rest_client [req-286fe0b8-9ba1-4f39-bfc5-e052e99d8352 req-286fe0b8-9ba1-4f39-bfc5-e052e99d8352 ] Request (ServersTestJSON:setUpClass): 200 GET http://10.180.1.21/compute/v2.1/servers/dfc291fd-1481-4e76-9fb3-ec87124c1281 1.307s
2024-11-06 22:19:10.208 63630 INFO tempest.lib.common.rest_client [req-274c3e24-724e-4b52-9273-083553dbdb9c req-274c3e24-724e-4b52-9273-083553dbdb9c ] Request (QuotasAdminTestV236:setUpClass): 201 POST http://10.180.1.21/identity/v3/auth/tokens 0.087s
2024-11-06 22:19:10.214 63652 INFO tempest.lib.common.rest_client [req-6b53aebe-6d18-4b1f-b192-35adf8303253 req-6b53aebe-6d18-4b1f-b192-35adf8303253 ] Request (ValidationResourcesFixture:setUp): 201 POST http://10.180.1.21:9696/networking/v2.0/security-group-rules 0.579s
2024-11-06 22:19:10.272 63598 INFO tempest.lib.common.rest_client [req-5a45f718-2e6c-4e75-b0a3-07febb9ca7f7 req-5a45f718-2e6c-4e75-b0a3-07febb9ca7f7 ] Request (TenantUsagesTestJSON:setUpClass): 200 GET http://10.180.1.21/compute/v2.1/servers/346748bd-b4e8-4e93-b71d-66c90a45e372 1.337s
2024-11-06 22:19:10.274 63620 INFO tempest.lib.common.rest_client [req-e45152db-43f1-4d8e-aae6-4f9e81b11484 req-e45152db-43f1-4d8e-aae6-4f9e81b11484 ] Request (ServerMetadataTestJSON:setUpClass): 201 POST http://10.180.1.21:9696/networking/v2.0/subnets 0.406s
2024-11-06 22:19:10.304 63630 INFO tempest.lib.common.rest_client [req-c9d45bf5-d2ac-45eb-930c-e1808bc240e3 req-c9d45bf5-d2ac-45eb-930c-e1808bc240e3 ] Request (QuotasAdminTestV236:setUpClass): 201 POST http://10.180.1.21/identity/v3/projects 0.094s
2024-11-06 22:19:10.339 63645 INFO tempest.lib.common.rest_client [req-c6b48b43-461c-428a-9763-3665c018720e req-c6b48b43-461c-428a-9763-3665c018720e ] Request (ServersTestMultiNic:setUpClass): 201 POST http://10.180.1.21/identity/v3/auth/tokens 0.155s
2024-11-06 22:19:10.355 63642 INFO tempest.lib.common.rest_client [req-b4fc56ea-cd43-4d7b-9757-7d27027d20e1 req-b4fc56ea-cd43-4d7b-9757-7d27027d20e1 ] Request (ImagesOneServerNegativeTestJSON:setUpClass): 200 GET http://10.180.1.21/compute/v2.1/servers/350e2302-66b9-4dd6-b0f4-77000992408b 1.403s
2024-11-06 22:19:10.369 63654 INFO tempest.lib.common.rest_client [req-16af2d52-0827-49cf-ac2c-00778af38840 req-16af2d52-0827-49cf-ac2c-00778af38840 ] Request (QuotasAdminNegativeTest:test_update_quota_normal_user): 403 PUT http://10.180.1.21/compute/v2.1/os-quota-sets/67029140198848fe99a6798d640b1759 1.213s
2024-11-06 22:19:10.394 63630 INFO tempest.lib.common.rest_client [req-53a877b6-3add-4529-9b00-00bb7bb2ed0f req-53a877b6-3add-4529-9b00-00bb7bb2ed0f ] Request (QuotasAdminTestV236:setUpClass): 201 POST http://10.180.1.21/identity/v3/users 0.089s
2024-11-06 22:19:10.484 63654 INFO tempest.lib.common.rest_client [req-23e75981-6872-4a83-9ced-8ce44e4df4be req-23e75981-6872-4a83-9ced-8ce44e4df4be ] Request (QuotasAdminNegativeTest:tearDownClass): 204 DELETE http://10.180.1.21/identity/v3/users/de88da55df614d6e84a59b413f3d9cc4 0.112s
2024-11-06 22:19:10.507 63652 INFO tempest.lib.common.rest_client [req-710a2e11-ad55-4015-98e3-1dfd954ea2ab req-710a2e11-ad55-4015-98e3-1dfd954ea2ab ] Request (ValidationResourcesFixture:setUp): 201 POST http://10.180.1.21:9696/networking/v2.0/security-group-rules 0.292s
2024-11-06 22:19:10.541 63630 INFO tempest.lib.common.rest_client [req-fc56d9fa-7990-4c2d-973a-889ea78da417 req-fc56d9fa-7990-4c2d-973a-889ea78da417 ] Request (QuotasAdminTestV236:setUpClass): 200 GET http://10.180.1.21/identity/v3/roles 0.146s
2024-11-06 22:19:10.574 63630 INFO tempest.lib.common.rest_client [req-9263c83a-c8ee-4f78-aee9-50e9a4fd7154 req-9263c83a-c8ee-4f78-aee9-50e9a4fd7154 ] Request (QuotasAdminTestV236:setUpClass): 204 PUT http://10.180.1.21/identity/v3/projects/ae1e2a7b3c994d858c423a14e23bbd3e/users/b9ab69f739694abab3567535de46f5e6/roles/86a0dd9b9f5b43a5b7b88c0a6487e2d9 0.032s
2024-11-06 22:19:10.581 63654 INFO tempest.lib.common.rest_client [req-b5d59927-2474-4ef2-bf12-9ec125ad0db6 req-b5d59927-2474-4ef2-bf12-9ec125ad0db6 ] Request (QuotasAdminNegativeTest:tearDownClass): 204 DELETE http://10.180.1.21/identity/v3/users/64657d644f16420d9c63abc75e526b86 0.097s
2024-11-06 22:19:10.582 63654 INFO tempest.lib.common.dynamic_creds [-] Deleting project and security group for project: 67029140198848fe99a6798d640b1759
2024-11-06 22:19:10.666 63636 INFO tempest.lib.common.rest_client [req-b69afe45-f3c0-4078-b96f-3f65a51182d3 req-b69afe45-f3c0-4078-b96f-3f65a51182d3 ] Request (ServersTestBootFromVolume:setUpClass): 200 GET http://10.180.1.21/volume/v3/9b5a89a9f42e47f18fe9ad00e539bdce/volumes/8127ec42-b0f5-4086-b761-68b728ea559b 0.078s
2024-11-06 22:19:10.666 63630 INFO tempest.lib.common.rest_client [req-94910d2e-88fe-453a-bf97-a5a621d2a9a1 req-94910d2e-88fe-453a-bf97-a5a621d2a9a1 ] Request (QuotasAdminTestV236:setUpClass): 200 GET http://10.180.1.21/identity/v3/roles 0.092s
2024-11-06 22:19:10.693 63654 INFO tempest.lib.common.rest_client [req-99a245ca-3d64-4f94-bcbc-e87012f800bf req-99a245ca-3d64-4f94-bcbc-e87012f800bf ] Request (QuotasAdminNegativeTest:tearDownClass): 201 POST http://10.180.1.21/identity/v3/auth/tokens 0.110s
2024-11-06 22:19:10.697 63630 INFO tempest.lib.common.rest_client [req-f08c4989-b067-4b21-9081-97f71dc91567 req-f08c4989-b067-4b21-9081-97f71dc91567 ] Request (QuotasAdminTestV236:setUpClass): 204 PUT http://10.180.1.21/identity/v3/projects/ae1e2a7b3c994d858c423a14e23bbd3e/users/b9ab69f739694abab3567535de46f5e6/roles/86a0dd9b9f5b43a5b7b88c0a6487e2d9 0.030s
2024-11-06 22:19:10.697 63630 INFO tempest.lib.common.dynamic_creds [-] Dynamic test user b9ab69f739694abab3567535de46f5e6 is created with scope project and roles: ['admin']
2024-11-06 22:19:10.697 63630 INFO tempest.lib.common.dynamic_creds [-] Acquired dynamic creds: credentials: Credentials: {'domain_id': 'default', 'domain_name': 'Default', 'username': 'tempest-QuotasAdminTestV236-1894307159-project-admin', 'project_domain_id': 'default', 'project_domain_name': 'Default', 'project_id': 'ae1e2a7b3c994d858c423a14e23bbd3e', 'project_name': 'tempest-QuotasAdminTestV236-1894307159', 'tenant_id': 'ae1e2a7b3c994d858c423a14e23bbd3e', 'tenant_name': 'tempest-QuotasAdminTestV236-1894307159', 'user_domain_id': 'default', 'user_domain_name': 'Default', 'user_id': 'b9ab69f739694abab3567535de46f5e6', 'system': None}, Network: None, Subnet: None, Router: None
2024-11-06 22:19:10.697 63630 INFO tempest.lib.common.dynamic_creds [-] Created isolated network resources for: credentials: Credentials: {'domain_id': 'default', 'domain_name': 'Default', 'username': 'tempest-QuotasAdminTestV236-1894307159-project-admin', 'project_domain_id': 'default', 'project_domain_name': 'Default', 'project_id': 'ae1e2a7b3c994d858c423a14e23bbd3e', 'project_name': 'tempest-QuotasAdminTestV236-1894307159', 'tenant_id': 'ae1e2a7b3c994d858c423a14e23bbd3e', 'tenant_name': 'tempest-QuotasAdminTestV236-1894307159', 'user_domain_id': 'default', 'user_domain_name': 'Default', 'user_id': 'b9ab69f739694abab3567535de46f5e6', 'system': None}, Network: None, Subnet: None, Router: None
2024-11-06 22:19:10.786 63630 INFO tempest.lib.common.rest_client [req-91278ecd-44d4-4205-a125-2dedf11f9100 req-91278ecd-44d4-4205-a125-2dedf11f9100 ] Request (QuotasAdminTestV236:setUpClass): 201 POST http://10.180.1.21/identity/v3/auth/tokens 0.086s
2024-11-06 22:19:10.879 63608 INFO tempest.lib.common.rest_client [req-5069ca54-4f66-4174-b595-31160d35c1e6 req-5069ca54-4f66-4174-b595-31160d35c1e6 ] Request (FloatingIPsTestJSON:_run_cleanups): 202 DELETE http://10.180.1.21/compute/v2.1/os-floating-ips/095b93aa-6da8-4036-be82-2d835b806932 2.553s
2024-11-06 22:19:10.900 63650 INFO tempest.lib.common.rest_client [req-e7ec5961-4da1-4b9b-b745-a77e8f8ded7f req-e7ec5961-4da1-4b9b-b745-a77e8f8ded7f ] Request (FlavorsAccessNegativeTestJSON:_run_cleanups): 200 GET http://10.180.1.21/compute/v2.1/flavors/detail 1.516s
2024-11-06 22:19:10.933 63600 INFO tempest.lib.common.rest_client [req-837438fd-272c-455c-ac01-d17ecf20e35f req-837438fd-272c-455c-ac01-d17ecf20e35f ] Request (AttachInterfacesUnderV243Test:test_add_remove_fixed_ip): 200 GET http://10.180.1.21/compute/v2.1/servers/3862bece-d65f-4a89-b9fa-262ea01d10b9 1.723s
2024-11-06 22:19:11.063 63646 INFO tempest.lib.common.rest_client [req-743a2026-f3fc-4bd4-8091-b1a6517450c2 req-743a2026-f3fc-4bd4-8091-b1a6517450c2 ] Request (MultipleCreateTestJSON:setUpClass): 201 POST http://10.180.1.21:9696/networking/v2.0/routers 2.049s
2024-11-06 22:19:11.080 63645 INFO tempest.lib.common.rest_client [req-31d473aa-82b7-41b2-8ee1-4d111df024f3 req-31d473aa-82b7-41b2-8ee1-4d111df024f3 ] Request (ServersTestMultiNic:test_verify_duplicate_network_nics): 201 POST http://10.180.1.21:9696/networking/v2.0/networks 0.740s
2024-11-06 22:19:11.119 63656 INFO tempest.lib.common.rest_client [req-f5f86ed3-792c-4d68-b66a-6f9b296f07bf req-f5f86ed3-792c-4d68-b66a-6f9b296f07bf ] Request (ServersTestFqdnHostnames:test_create_server_with_fqdn_name): 200 GET http://10.180.1.21/compute/v2.1/servers/19d15611-315f-4c4b-8f32-e5d00d0d8ca8 1.547s
2024-11-06 22:19:11.126 63604 INFO tempest.lib.common.rest_client [req-8d26e3c2-04e9-4199-a5cb-88784e0db2e1 req-8d26e3c2-04e9-4199-a5cb-88784e0db2e1 ] Request (AggregatesAdminNegativeTestJSON:test_aggregate_create_as_user): 403 POST http://10.180.1.21/compute/v2.1/os-aggregates 1.508s
2024-11-06 22:19:11.142 63606 INFO tempest.lib.common.rest_client [req-a903fae2-8200-48a0-a202-06ed42f9f195 req-a903fae2-8200-48a0-a202-06ed42f9f195 ] Request (HostsAdminNegativeTestJSON:test_update_nonexistent_host): 404 PUT http://10.180.1.21/compute/v2.1/os-hosts/nonexistent_hostname 1.517s
2024-11-06 22:19:11.175 63628 INFO tempest.lib.common.rest_client [req-0fcc0e61-60e4-4103-98ac-39ed47a40ed5 req-0fcc0e61-60e4-4103-98ac-39ed47a40ed5 ] Request (FlavorsAdminTestJSON:_run_cleanups): 202 DELETE http://10.180.1.21/compute/v2.1/flavors/efc2c6b7-7c12-403d-bf00-021673d02835 1.532s
2024-11-06 22:19:11.219 63654 INFO tempest.lib.common.rest_client [req-c6386550-516a-4d00-9bb4-efedc35afdfa req-c6386550-516a-4d00-9bb4-efedc35afdfa ] Request (QuotasAdminNegativeTest:tearDownClass): 200 GET http://10.180.1.21:9696/networking/v2.0/security-groups?tenant_id=67029140198848fe99a6798d640b1759&name=default 0.526s
2024-11-06 22:19:11.260 63606 INFO tempest.lib.common.rest_client [req-2ad9d588-a05d-4091-9149-ea7b55ec80b7 req-2ad9d588-a05d-4091-9149-ea7b55ec80b7 ] Request (HostsAdminNegativeTestJSON:tearDownClass): 204 DELETE http://10.180.1.21/identity/v3/users/4ea47de5db8a4a83ab2b4b8b70f9c238 0.116s
2024-11-06 22:19:11.275 63660 INFO tempest.lib.common.rest_client [req-7cf432d6-1be2-4961-84a1-dca245e66920 req-7cf432d6-1be2-4961-84a1-dca245e66920 ] Request (QuotaClassesAdmin257Test:test_update_default_quotas): 200 PUT http://10.180.1.21/compute/v2.1/os-quota-class-sets/default 1.475s
2024-11-06 22:19:11.302 63622 INFO tempest.lib.common.rest_client [req-82f10acb-344d-4730-9030-58f6fbecb207 req-82f10acb-344d-4730-9030-58f6fbecb207 ] Request (HypervisorAdminNegativeTestJSON:test_show_hypervisor_with_non_admin_user): 200 GET http://10.180.1.21/compute/v2.1/os-hypervisors 1.491s
2024-11-06 22:19:11.321 63640 INFO tempest.lib.common.rest_client [req-23b0530a-d0a4-4b2b-9390-ff7983011683 req-23b0530a-d0a4-4b2b-9390-ff7983011683 ] Request (HypervisorAdminTestJSON:test_get_hypervisor_show_details): 200 GET http://10.180.1.21/compute/v2.1/os-hypervisors/1 1.478s
2024-11-06 22:19:11.371 63606 INFO tempest.lib.common.rest_client [req-bf79ca23-e37d-40ba-aa26-90d2e7c06887 req-bf79ca23-e37d-40ba-aa26-90d2e7c06887 ] Request (HostsAdminNegativeTestJSON:tearDownClass): 204 DELETE http://10.180.1.21/identity/v3/users/1ff2491b88544cb1bd6d45fac75c75ac 0.111s
2024-11-06 22:19:11.371 63606 INFO tempest.lib.common.dynamic_creds [-] Deleting project and security group for project: d124639194024b539ff5925e7d317b64
2024-11-06 22:19:11.435 63606 INFO tempest.lib.common.rest_client [req-8ffa0ca7-b8a1-48cc-8729-0d28e2f25275 req-8ffa0ca7-b8a1-48cc-8729-0d28e2f25275 ] Request (HostsAdminNegativeTestJSON:tearDownClass): 201 POST http://10.180.1.21/identity/v3/auth/tokens 0.063s
2024-11-06 22:19:11.463 63654 INFO tempest.lib.common.rest_client [req-a0c69dca-7582-44fc-b800-f16d55c399c9 req-a0c69dca-7582-44fc-b800-f16d55c399c9 ] Request (QuotasAdminNegativeTest:tearDownClass): 204 DELETE http://10.180.1.21:9696/networking/v2.0/security-groups/ee8736a8-88e8-4c49-bd29-2b020fe75805 0.243s
2024-11-06 22:19:11.547 63654 INFO tempest.lib.common.rest_client [req-cd0a814c-397f-45e9-9510-a7c3fed8b6f2 req-cd0a814c-397f-45e9-9510-a7c3fed8b6f2 ] Request (QuotasAdminNegativeTest:tearDownClass): 204 DELETE http://10.180.1.21/identity/v3/projects/67029140198848fe99a6798d640b1759 0.083s
2024-11-06 22:19:11.548 63654 INFO tempest.lib.common.dynamic_creds [-] Deleting project and security group for project: f07e7afeeb7e4be3a64ef39d5e7e71a3
2024-11-06 22:19:11.675 63634 INFO tempest.lib.common.rest_client [req-88659d0f-1d78-48cb-a1f4-a27480e909d5 req-88659d0f-1d78-48cb-a1f4-a27480e909d5 ] Request (ServersAdminTestJSON:setUpClass): 200 GET http://10.180.1.21/compute/v2.1/servers/43255fee-e5da-4fe0-8fa7-4aba7592745b 1.802s
2024-11-06 22:19:11.713 63636 INFO tempest.lib.common.rest_client [req-526226fc-8e4c-491f-af95-8dd3234da5c7 req-526226fc-8e4c-491f-af95-8dd3234da5c7 ] Request (ServersTestBootFromVolume:setUpClass): 200 GET http://10.180.1.21/volume/v3/9b5a89a9f42e47f18fe9ad00e539bdce/volumes/8127ec42-b0f5-4086-b761-68b728ea559b 0.038s
2024-11-06 22:19:11.813 63606 INFO tempest.lib.common.rest_client [req-fc8cb557-cfd9-45c6-ad89-67cffc876b46 req-fc8cb557-cfd9-45c6-ad89-67cffc876b46 ] Request (HostsAdminNegativeTestJSON:tearDownClass): 200 GET http://10.180.1.21:9696/networking/v2.0/security-groups?tenant_id=d124639194024b539ff5925e7d317b64&name=default 0.378s
2024-11-06 22:19:11.872 63654 INFO tempest.lib.common.rest_client [req-e32ef07b-812d-4879-96b8-8c85d3deb3e0 req-e32ef07b-812d-4879-96b8-8c85d3deb3e0 ] Request (QuotasAdminNegativeTest:tearDownClass): 200 GET http://10.180.1.21:9696/networking/v2.0/security-groups?tenant_id=f07e7afeeb7e4be3a64ef39d5e7e71a3&name=default 0.324s
2024-11-06 22:19:11.939 63648 INFO tempest.lib.common.rest_client [req-a7c83f60-9bc6-444f-8afe-78e11a1a8113 req-a7c83f60-9bc6-444f-8afe-78e11a1a8113 ] Request (ImagesMetadataTestJSON:setUp): 200 PUT http://10.180.1.21/compute/v2.1/images/27128f7e-7d9b-486c-90c0-7896d0786058/metadata 2.060s
2024-11-06 22:19:11.950 63652 INFO tempest.lib.common.rest_client [req-c78188a1-0931-48b4-b0e2-03f58c7c3bc6 req-c78188a1-0931-48b4-b0e2-03f58c7c3bc6 ] Request (ValidationResourcesFixture:setUp): 201 POST http://10.180.1.21:9696/networking/v2.0/floatingips 1.441s
