2024-11-06 22:18:41.717 63608 INFO tempest.lib.common.dynamic_creds [-] Created isolated network resources for: credentials: Credentials: {'domain_id': 'default', 'domain_name': 'Default', 'username': 'tempest-HypervisorAdminV228Test-738169883-project-member', 'project_domain_id': 'default', 'project_domain_name': 'Default', 'project_id': '9de72c69c0744e4cb3fee361b6dc5101', 'project_name': 'tempest-HypervisorAdminV228Test-738169883', 'tenant_id': '9de72c69c0744e4cb3fee361b6dc5101', 'tenant_name': 'tempest-HypervisorAdminV228Test-738169883', 'user_domain_id': 'default', 'user_domain_name': 'Default', 'user_id': '152675ba9141498c91e988db6b20dc6d', 'system': None}, Network: None, Subnet: None, Router: None
2024-11-06 22:18:41.727 63632 INFO tempest.lib.common.rest_client [req-ac3d083d-3340-4168-aecc-e12cef1c3019 req-ac3d083d-3340-4168-aecc-e12cef1c3019 ] Request (FloatingIPDetailsTestJSON:setUpClass): 204 PUT http://10.180.1.21/identity/v3/projects/ebcb55c1f7024189b3ac424a1ed6fa40/users/298378e5a9054c4aae5317949c5f454a/roles/6868848c5e86455ea3bc7891345db146 0.046s
2024-11-06 22:18:41.727 63632 INFO tempest.lib.common.dynamic_creds [-] Dynamic test user 298378e5a9054c4aae5317949c5f454a is created with scope project and roles: ['member']
2024-11-06 22:18:41.727 63632 INFO tempest.lib.common.dynamic_creds [-] Acquired dynamic creds: credentials: Credentials: {'domain_id': 'default', 'domain_name': 'Default', 'username': 'tempest-FloatingIPDetailsTestJSON-2146932070-project-member', 'project_domain_id': 'default', 'project_domain_name': 'Default', 'project_id': 'ebcb55c1f7024189b3ac424a1ed6fa40', 'project_name': 'tempest-FloatingIPDetailsTestJSON-2146932070', 'tenant_id': 'ebcb55c1f7024189b3ac424a1ed6fa40', 'tenant_name': 'tempest-FloatingIPDetailsTestJSON-2146932070', 'user_domain_id': 'default', 'user_domain_name': 'Default', 'user_id': '298378e5a9054c4aae5317949c5f454a', 'system': None}, Network: None, Subnet: None, Router: None
2024-11-06 22:18:41.782 63624 INFO tempest.lib.common.rest_client [req-5d46145c-7a59-4063-bc8d-c5881626cd56 req-5d46145c-7a59-4063-bc8d-c5881626cd56 ] Request (HypervisorAdminUnderV252Test:tearDownClass): 200 GET http://10.180.1.21:9696/networking/v2.0/security-groups?tenant_id=fdecc01e054342fb84d66c6344c3dd25&name=default 0.352s
2024-11-06 22:18:41.811 63632 INFO tempest.lib.common.rest_client [req-45edcacd-3e76-4cad-b180-8880361f3332 req-45edcacd-3e76-4cad-b180-8880361f3332 ] Request (FloatingIPDetailsTestJSON:setUpClass): 201 POST http://10.180.1.21/identity/v3/auth/tokens 0.083s
2024-11-06 22:18:41.815 63612 INFO tempest.lib.common.rest_client [req-140df271-e037-48d1-97e8-fb5f0131a93b req-140df271-e037-48d1-97e8-fb5f0131a93b ] Request (MigrationsAdminTest:test_list_migrations_in_flavor_resize_situation): 200 GET http://10.180.1.21/compute/v2.1/servers/1829c328-2a68-4297-b80e-afb0e898ba72 2.559s
2024-11-06 22:18:41.816 63608 INFO tempest.lib.common.rest_client [req-7ba9e721-f4d1-42ff-8409-67fc9f754ae8 req-7ba9e721-f4d1-42ff-8409-67fc9f754ae8 ] Request (HypervisorAdminV228Test:setUpClass): 201 POST http://10.180.1.21/identity/v3/auth/tokens 0.096s
2024-11-06 22:18:41.856 63608 INFO tempest.lib.common.rest_client [req-0350e950-9c23-4da9-bc02-d4db7242cd8a req-0350e950-9c23-4da9-bc02-d4db7242cd8a ] Request (HypervisorAdminV228Test:setUpClass): 201 POST http://10.180.1.21/identity/v3/projects 0.039s
2024-11-06 22:18:41.920 63646 INFO tempest.lib.common.rest_client [req-fea9f86b-43a0-4e6d-a7cc-03528f96ca75 req-fea9f86b-43a0-4e6d-a7cc-03528f96ca75 ] Request (SecurityGroupsTestAdminJSON:test_list_security_groups_list_all_tenants_filter): 200 POST http://10.180.1.21/compute/v2.1/os-security-groups 2.991s
2024-11-06 22:18:41.939 63648 INFO tempest.lib.common.rest_client [req-f04718d1-b1a0-47a6-9152-9d24aad81f6a req-f04718d1-b1a0-47a6-9152-9d24aad81f6a ] Request (ServicesAdminTestJSON:tearDownClass): 200 GET http://10.180.1.21:9696/networking/v2.0/security-groups?tenant_id=ed5c140c30ed4df9bc741ebbae87571b&name=default 1.308s
2024-11-06 22:18:41.947 63608 INFO tempest.lib.common.rest_client [req-b26813cd-d940-4348-b8d3-94301586f238 req-b26813cd-d940-4348-b8d3-94301586f238 ] Request (HypervisorAdminV228Test:setUpClass): 201 POST http://10.180.1.21/identity/v3/users 0.090s
2024-11-06 22:18:42.036 63650 INFO tempest.lib.common.rest_client [req-eed6e9d5-998a-4f17-a44e-ea6bfdcc68bb req-eed6e9d5-998a-4f17-a44e-ea6bfdcc68bb ] Request (FlavorsAccessNegativeTestJSON:test_add_flavor_access_duplicate): 409 POST http://10.180.1.21/compute/v2.1/flavors/1674263840/action 2.705s
2024-11-06 22:18:42.050 63608 INFO tempest.lib.common.rest_client [req-6209b6b3-a190-4e11-a8d0-54261637b870 req-6209b6b3-a190-4e11-a8d0-54261637b870 ] Request (HypervisorAdminV228Test:setUpClass): 200 GET http://10.180.1.21/identity/v3/roles 0.103s
2024-11-06 22:18:42.093 63608 INFO tempest.lib.common.rest_client [req-558bf099-3801-433c-89b0-ed189661d2e6 req-558bf099-3801-433c-89b0-ed189661d2e6 ] Request (HypervisorAdminV228Test:setUpClass): 204 PUT http://10.180.1.21/identity/v3/projects/f7cc0c571529463aa9f01962ce9f402b/users/da699b5d6ad249eb94cd264320c0c2ab/roles/86a0dd9b9f5b43a5b7b88c0a6487e2d9 0.040s
2024-11-06 22:18:42.151 63608 INFO tempest.lib.common.rest_client [req-e719fec9-83cb-4e1f-921f-e79a70bcdf7e req-e719fec9-83cb-4e1f-921f-e79a70bcdf7e ] Request (HypervisorAdminV228Test:setUpClass): 200 GET http://10.180.1.21/identity/v3/roles 0.058s
2024-11-06 22:18:42.181 63608 INFO tempest.lib.common.rest_client [req-1664d0bd-b2f0-4ae1-b583-9e708d725cb9 req-1664d0bd-b2f0-4ae1-b583-9e708d725cb9 ] Request (HypervisorAdminV228Test:setUpClass): 204 PUT http://10.180.1.21/identity/v3/projects/f7cc0c571529463aa9f01962ce9f402b/users/da699b5d6ad249eb94cd264320c0c2ab/roles/86a0dd9b9f5b43a5b7b88c0a6487e2d9 0.030s
2024-11-06 22:18:42.182 63608 INFO tempest.lib.common.dynamic_creds [-] Dynamic test user da699b5d6ad249eb94cd264320c0c2ab is created with scope project and roles: ['admin']
2024-11-06 22:18:42.182 63608 INFO tempest.lib.common.dynamic_creds [-] Acquired dynamic creds: credentials: Credentials: {'domain_id': 'default', 'domain_name': 'Default', 'username': 'tempest-HypervisorAdminV228Test-1824729764-project-admin', 'project_domain_id': 'default', 'project_domain_name': 'Default', 'project_id': 'f7cc0c571529463aa9f01962ce9f402b', 'project_name': 'tempest-HypervisorAdminV228Test-1824729764', 'tenant_id': 'f7cc0c571529463aa9f01962ce9f402b', 'tenant_name': 'tempest-HypervisorAdminV228Test-1824729764', 'user_domain_id': 'default', 'user_domain_name': 'Default', 'user_id': 'da699b5d6ad249eb94cd264320c0c2ab', 'system': None}, Network: None, Subnet: None, Router: None
2024-11-06 22:18:42.182 63608 INFO tempest.lib.common.dynamic_creds [-] Created isolated network resources for: credentials: Credentials: {'domain_id': 'default', 'domain_name': 'Default', 'username': 'tempest-HypervisorAdminV228Test-1824729764-project-admin', 'project_domain_id': 'default', 'project_domain_name': 'Default', 'project_id': 'f7cc0c571529463aa9f01962ce9f402b', 'project_name': 'tempest-HypervisorAdminV228Test-1824729764', 'tenant_id': 'f7cc0c571529463aa9f01962ce9f402b', 'tenant_name': 'tempest-HypervisorAdminV228Test-1824729764', 'user_domain_id': 'default', 'user_domain_name': 'Default', 'user_id': 'da699b5d6ad249eb94cd264320c0c2ab', 'system': None}, Network: None, Subnet: None, Router: None
2024-11-06 22:18:42.268 63604 INFO tempest.lib.common.rest_client [req-e46690d5-51df-4307-887d-1c31a9127cdb req-e46690d5-51df-4307-887d-1c31a9127cdb ] Request (AggregatesAdminNegativeTestJSON:test_aggregate_add_existent_host): 409 POST http://10.180.1.21/compute/v2.1/os-aggregates/1/action 2.567s
2024-11-06 22:18:42.286 63608 INFO tempest.lib.common.rest_client [req-03ea4cfe-db49-4843-ac35-d430908f537f req-03ea4cfe-db49-4843-ac35-d430908f537f ] Request (HypervisorAdminV228Test:setUpClass): 201 POST http://10.180.1.21/identity/v3/auth/tokens 0.101s
2024-11-06 22:18:42.286 63622 INFO tempest.lib.common.rest_client [req-45f50a6c-3f0e-468d-829c-f178018a5171 req-45f50a6c-3f0e-468d-829c-f178018a5171 ] Request (FlavorsV261TestJSON:test_crud_flavor): 200 GET http://10.180.1.21/compute/v2.1/flavors/detail 2.449s
2024-11-06 22:18:42.295 63606 INFO tempest.lib.common.rest_client [req-087b717d-1f7e-4749-975c-1a1f09534844 req-087b717d-1f7e-4749-975c-1a1f09534844 ] Request (HostsAdminNegativeTestJSON:test_reboot_nonexistent_host): 404 GET http://10.180.1.21/compute/v2.1/os-hosts/nonexistent_hostname/reboot 2.454s
2024-11-06 22:18:42.318 63660 INFO tempest.lib.common.rest_client [req-35ea9cc7-fd4f-4993-9170-f1263e027f12 req-35ea9cc7-fd4f-4993-9170-f1263e027f12 ] Request (HypervisorAdminNegativeUnderV252Test:test_show_servers_with_non_admin_user): 200 GET http://10.180.1.21/compute/v2.1/os-hypervisors 2.449s
2024-11-06 22:18:42.333 63628 INFO tempest.lib.common.rest_client [req-c73ddec8-ccbe-4c65-8234-dfba225233cb req-c73ddec8-ccbe-4c65-8234-dfba225233cb ] Request (FlavorsAdminTestJSON:test_create_flavor_verify_entry_in_list_details): 200 POST http://10.180.1.21/compute/v2.1/flavors 2.438s
2024-11-06 22:18:42.340 63658 INFO tempest.lib.common.rest_client [req-a4935c69-ddfc-450e-a088-bca74a6fe3bc req-a4935c69-ddfc-450e-a088-bca74a6fe3bc ] Request (TenantUsagesNegativeTestJSON:test_get_usage_tenant_with_invalid_date): 400 GET http://10.180.1.21/compute/v2.1/os-simple-tenant-usage/3a9e53cf7772420baae16ea7f42c83d1?start=2024-11-07T22%3A18%3A38.533495&end=2024-11-05T22%3A18%3A38.533495 2.380s
2024-11-06 22:18:42.377 63648 INFO tempest.lib.common.rest_client [req-1067a4a9-24b2-41c7-a419-547ed24ea30d req-1067a4a9-24b2-41c7-a419-547ed24ea30d ] Request (ServicesAdminTestJSON:tearDownClass): 204 DELETE http://10.180.1.21:9696/networking/v2.0/security-groups/006fbcb6-7dda-42fe-ba5f-84190dbb9ffc 0.437s
2024-11-06 22:18:42.414 63620 INFO tempest.lib.common.rest_client [req-1952a23c-3f35-4cdd-8f8b-b17523b7a584 req-1952a23c-3f35-4cdd-8f8b-b17523b7a584 ] Request (FlavorMetadataValidation:tearDownClass): 200 GET http://10.180.1.21:9696/networking/v2.0/security-groups?tenant_id=0d2f31953ea04795b6c58c51efcd108f&name=default 1.125s
2024-11-06 22:18:42.422 63642 INFO tempest.lib.common.rest_client [req-ec4ed5f2-2fab-4e2b-baee-023b8f4a85a1 req-ec4ed5f2-2fab-4e2b-baee-023b8f4a85a1 ] Request (HypervisorAdminV253TestBase:tearDownClass): 204 DELETE http://10.180.1.21:9696/networking/v2.0/security-groups/44c7617c-2a22-4584-ae11-4b7f908cecd0 0.879s
2024-11-06 22:18:42.523 63648 INFO tempest.lib.common.rest_client [req-967c2fb8-2886-4579-8c1f-0a8509e235a7 req-967c2fb8-2886-4579-8c1f-0a8509e235a7 ] Request (ServicesAdminTestJSON:tearDownClass): 204 DELETE http://10.180.1.21/identity/v3/projects/ed5c140c30ed4df9bc741ebbae87571b 0.145s
2024-11-06 22:18:42.523 63648 INFO tempest.lib.common.dynamic_creds [-] Deleting project and security group for project: 0db6fd0164f7445783938d09865c34d9
2024-11-06 22:18:42.548 63642 INFO tempest.lib.common.rest_client [req-b050ae34-9756-4371-b3aa-31634b240b2f req-b050ae34-9756-4371-b3aa-31634b240b2f ] Request (HypervisorAdminV253TestBase:tearDownClass): 204 DELETE http://10.180.1.21/identity/v3/projects/fe68a1719a434fb68c68b024f14065ed 0.125s
2024-11-06 22:18:42.548 63642 INFO tempest.lib.common.dynamic_creds [-] Deleting project and security group for project: 95edb55c4c8e4beb90115b0620827408
2024-11-06 22:18:42.559 63652 INFO tempest.lib.common.rest_client [req-6d92de94-3f6a-4bcc-8e4b-4ea9c71e8a72 req-6d92de94-3f6a-4bcc-8e4b-4ea9c71e8a72 ] Request (ServersWithSpecificFlavorTestJSON:setUpClass): 201 POST http://10.180.1.21:9696/networking/v2.0/routers 4.357s
2024-11-06 22:18:42.613 63624 INFO tempest.lib.common.rest_client [req-68250fb1-8828-457d-ba5c-878b1934a4dc req-68250fb1-8828-457d-ba5c-878b1934a4dc ] Request (HypervisorAdminUnderV252Test:tearDownClass): 204 DELETE http://10.180.1.21:9696/networking/v2.0/security-groups/cf05b924-896e-404d-b821-7960e8b1c2d3 0.829s
2024-11-06 22:18:42.643 63626 INFO tempest.lib.common.rest_client [req-abf89558-db7b-4351-b8a5-65697d23b922 req-abf89558-db7b-4351-b8a5-65697d23b922 ] Request (VolumesAssistedSnapshotsTest:setUpClass): 201 POST http://10.180.1.21:9696/networking/v2.0/subnets 1.785s
2024-11-06 22:18:42.645 63616 INFO tempest.lib.common.rest_client [req-813998f2-fcd8-4544-8398-373425e09704 req-813998f2-fcd8-4544-8398-373425e09704 ] Request (ServersTestJSON:setUpClass): 201 POST http://10.180.1.21:9696/networking/v2.0/security-group-rules 1.010s
2024-11-06 22:18:42.734 63624 INFO tempest.lib.common.rest_client [req-a3312429-7a5a-499b-a736-8ac433922eb6 req-a3312429-7a5a-499b-a736-8ac433922eb6 ] Request (HypervisorAdminUnderV252Test:tearDownClass): 204 DELETE http://10.180.1.21/identity/v3/projects/fdecc01e054342fb84d66c6344c3dd25 0.121s
2024-11-06 22:18:42.734 63624 INFO tempest.lib.common.dynamic_creds [-] Deleting project and security group for project: cd0de4d962814c0e9561fee0877750c1
2024-11-06 22:18:42.758 63614 INFO tempest.lib.common.rest_client [req-1e227cb9-375a-4d12-b65b-9cf9f3a227e4 req-1e227cb9-375a-4d12-b65b-9cf9f3a227e4 ] Request (DeleteServersAdminTestJSON:test_admin_delete_servers_of_others): 200 GET http://10.180.1.21/compute/v2.1/servers/3d260cd8-ab21-4e1e-8891-6f216350a587 3.275s
2024-11-06 22:18:42.899 63618 INFO tempest.lib.common.rest_client [req-310ed7a0-31d1-448e-95fc-501509da68d5 req-310ed7a0-31d1-448e-95fc-501509da68d5 ] Request (ImagesOneServerTestJSON:setUpClass): 200 GET http://10.180.1.21/compute/v2.1/servers/d68ccb50-a04d-4e59-8161-f01305eb81a8 2.255s
2024-11-06 22:18:42.905 63645 INFO tempest.lib.common.rest_client [req-ac8babb1-4c74-4024-8024-ba37fcdb6498 req-ac8babb1-4c74-4024-8024-ba37fcdb6498 ] Request (FlavorsExtraSpecsNegativeTestJSON:test_flavor_non_admin_unset_keys): 403 DELETE http://10.180.1.21/compute/v2.1/flavors/472817708/os-extra_specs/hw:numa_nodes 2.238s
2024-11-06 22:18:43.047 63630 INFO tempest.lib.common.rest_client [req-2e857f5f-a794-40be-974d-e6e850512125 req-2e857f5f-a794-40be-974d-e6e850512125 ] Request (QuotasAdminTestJSON:test_delete_quota): 200 GET http://10.180.1.21/compute/v2.1/os-quota-sets/60b2fd7b2f8d4d099eeea124066c3a09 2.371s
2024-11-06 22:18:43.050 63648 INFO tempest.lib.common.rest_client [req-6318d503-394b-4dc3-bed4-c5cbb7746ca5 req-6318d503-394b-4dc3-bed4-c5cbb7746ca5 ] Request (ServicesAdminTestJSON:tearDownClass): 200 GET http://10.180.1.21:9696/networking/v2.0/security-groups?tenant_id=0db6fd0164f7445783938d09865c34d9&name=default 0.527s
2024-11-06 22:18:43.065 63610 INFO tempest.lib.common.rest_client [req-03d7a8c2-79dc-4977-9314-4753619828f8 req-03d7a8c2-79dc-4977-9314-4753619828f8 ] Request (FlavorsAccessTestJSON:test_flavor_access_list_with_private_flavor): 200 GET http://10.180.1.21/compute/v2.1/flavors/872830315/os-flavor-access 2.167s
2024-11-06 22:18:43.074 63598 INFO tempest.lib.common.rest_client [req-d8f140e6-c9e2-4b66-906e-07b826c2e096 req-d8f140e6-c9e2-4b66-906e-07b826c2e096 ] Request (FlavorsExtraSpecsTestJSON:test_flavor_set_get_update_show_unset_keys): 200 GET http://10.180.1.21/compute/v2.1/flavors/887645049/os-extra_specs 2.131s
2024-11-06 22:18:43.147 63630 INFO tempest.lib.common.rest_client [req-ef50855a-0e45-4b09-975a-1779efbcf060 req-ef50855a-0e45-4b09-975a-1779efbcf060 ] Request (QuotasAdminTestJSON:_run_cleanups): 204 DELETE http://10.180.1.21/identity/v3/projects/60b2fd7b2f8d4d099eeea124066c3a09 0.097s
2024-11-06 22:18:43.165 63642 INFO tempest.lib.common.rest_client [req-0ad642aa-243b-4b82-bf57-089a671034f5 req-0ad642aa-243b-4b82-bf57-089a671034f5 ] Request (HypervisorAdminV253TestBase:tearDownClass): 200 GET http://10.180.1.21:9696/networking/v2.0/security-groups?tenant_id=95edb55c4c8e4beb90115b0620827408&name=default 0.616s
2024-11-06 22:18:43.235 63620 INFO tempest.lib.common.rest_client [req-65d84820-7e16-42e7-ba48-ebf8d6bd0a51 req-65d84820-7e16-42e7-ba48-ebf8d6bd0a51 ] Request (FlavorMetadataValidation:tearDownClass): 204 DELETE http://10.180.1.21:9696/networking/v2.0/security-groups/cbe23fcd-15d0-4bc4-a6ce-18756393ee30 0.820s
2024-11-06 22:18:43.253 63632 INFO tempest.lib.common.rest_client [req-40670656-6e68-4aec-a15c-032a3245d977 req-40670656-6e68-4aec-a15c-032a3245d977 ] Request (FloatingIPDetailsTestJSON:setUpClass): 201 POST http://10.180.1.21:9696/networking/v2.0/networks 1.440s
2024-11-06 22:18:43.382 63620 INFO tempest.lib.common.rest_client [req-5e42219c-5e3e-4996-93a8-1df58fb6e537 req-5e42219c-5e3e-4996-93a8-1df58fb6e537 ] Request (FlavorMetadataValidation:tearDownClass): 204 DELETE http://10.180.1.21/identity/v3/projects/0d2f31953ea04795b6c58c51efcd108f 0.146s
2024-11-06 22:18:43.382 63620 INFO tempest.lib.common.dynamic_creds [-] Deleting project and security group for project: 7b43efa3aa9344608e11e5977e775a00
2024-11-06 22:18:43.427 63654 INFO tempest.lib.common.rest_client [req-c6cabed4-5147-464c-a72d-0da710266d1a req-c6cabed4-5147-464c-a72d-0da710266d1a ] Request (QuotasAdminNegativeTest:test_create_server_when_cpu_quota_is_full): 403 POST http://10.180.1.21/compute/v2.1/servers 3.146s
2024-11-06 22:18:43.438 63624 INFO tempest.lib.common.rest_client [req-05061503-809c-48ea-b5ee-e912ce757f3c req-05061503-809c-48ea-b5ee-e912ce757f3c ] Request (HypervisorAdminUnderV252Test:tearDownClass): 200 GET http://10.180.1.21:9696/networking/v2.0/security-groups?tenant_id=cd0de4d962814c0e9561fee0877750c1&name=default 0.704s
2024-11-06 22:18:43.586 63638 INFO tempest.lib.common.rest_client [req-98df667d-4aa9-4dda-a9fa-bb65a1e49462 req-98df667d-4aa9-4dda-a9fa-bb65a1e49462 ] Request (ServersAdmin275Test:test_rebuild_update_server_275): 200 GET http://10.180.1.21/compute/v2.1/servers/6ab5c776-0265-47cf-aa26-1d9b6ea3e1fb 1.696s
2024-11-06 22:18:43.807 63648 INFO tempest.lib.common.rest_client [req-1349e697-b916-426f-8f54-35311b1affd0 req-1349e697-b916-426f-8f54-35311b1affd0 ] Request (ServicesAdminTestJSON:tearDownClass): 204 DELETE http://10.180.1.21:9696/networking/v2.0/security-groups/ae60418e-19fd-4d01-858f-16440415b002 0.755s
2024-11-06 22:18:43.934 63648 INFO tempest.lib.common.rest_client [req-2fb35e09-5fe5-476c-b888-83389536f963 req-2fb35e09-5fe5-476c-b888-83389536f963 ] Request (ServicesAdminTestJSON:tearDownClass): 204 DELETE http://10.180.1.21/identity/v3/projects/0db6fd0164f7445783938d09865c34d9 0.127s
2024-11-06 22:18:44.001 63620 INFO tempest.lib.common.rest_client [req-a554b5e4-3bff-4128-9109-f903fa9c63c7 req-a554b5e4-3bff-4128-9109-f903fa9c63c7 ] Request (FlavorMetadataValidation:tearDownClass): 200 GET http://10.180.1.21:9696/networking/v2.0/security-groups?tenant_id=7b43efa3aa9344608e11e5977e775a00&name=default 0.618s
2024-11-06 22:18:44.020 63648 INFO tempest.lib.common.rest_client [req-851b1b47-3633-42c5-966a-9042ab4fd437 req-851b1b47-3633-42c5-966a-9042ab4fd437 ] Request (FloatingIPsNegativeTestJSON:setUpClass): 201 POST http://10.180.1.21/identity/v3/auth/tokens 0.084s
2024-11-06 22:18:44.057 63642 INFO tempest.lib.common.rest_client [req-ba07cf6b-24f3-43de-a2d6-8385615b7581 req-ba07cf6b-24f3-43de-a2d6-8385615b7581 ] Request (HypervisorAdminV253TestBase:tearDownClass): 204 DELETE http://10.180.1.21:9696/networking/v2.0/security-groups/22b2faae-9948-490d-a2cd-c9c20ad6e360 0.892s
2024-11-06 22:18:44.105 63648 INFO tempest.lib.common.rest_client [req-f56aa255-0dc9-41f2-883a-8b760a851bcb req-f56aa255-0dc9-41f2-883a-8b760a851bcb ] Request (FloatingIPsNegativeTestJSON:setUpClass): 201 POST http://10.180.1.21/identity/v3/auth/tokens 0.030s
2024-11-06 22:18:44.133 63648 INFO tempest.lib.common.rest_client [req-78f55fba-0aec-46d7-9200-efec2da25ff0 req-78f55fba-0aec-46d7-9200-efec2da25ff0 ] Request (FloatingIPsNegativeTestJSON:setUpClass): 200 GET http://10.180.1.21/identity/v3/domains?name=Default 0.028s
2024-11-06 22:18:44.177 63642 INFO tempest.lib.common.rest_client [req-00afe0aa-a934-4132-bd6c-fe3a82eb97ac req-00afe0aa-a934-4132-bd6c-fe3a82eb97ac ] Request (HypervisorAdminV253TestBase:tearDownClass): 204 DELETE http://10.180.1.21/identity/v3/projects/95edb55c4c8e4beb90115b0620827408 0.119s
2024-11-06 22:18:44.210 63642 INFO tempest.lib.common.rest_client [req-1cdc561a-274d-4e60-a879-d19df1ac7462 req-1cdc561a-274d-4e60-a879-d19df1ac7462 ] Request (FlavorsV2NegativeTest:setUpClass): 201 POST http://10.180.1.21/identity/v3/auth/tokens 0.030s
2024-11-06 22:18:44.216 63648 INFO tempest.lib.common.rest_client [req-6fc74880-599d-4e81-bc07-8a727e62df83 req-6fc74880-599d-4e81-bc07-8a727e62df83 ] Request (FloatingIPsNegativeTestJSON:setUpClass): 201 POST http://10.180.1.21/identity/v3/projects 0.082s
2024-11-06 22:18:44.300 63648 INFO tempest.lib.common.rest_client [req-bf1f3fe0-3d9b-412f-8fb8-16ae24119c3f req-bf1f3fe0-3d9b-412f-8fb8-16ae24119c3f ] Request (FloatingIPsNegativeTestJSON:setUpClass): 201 POST http://10.180.1.21/identity/v3/users 0.083s
2024-11-06 22:18:44.322 63642 INFO tempest.lib.common.rest_client [req-a5578846-6ebf-4ed4-bafe-623c3b13c5b4 req-a5578846-6ebf-4ed4-bafe-623c3b13c5b4 ] Request (FlavorsV2NegativeTest:setUpClass): 201 POST http://10.180.1.21/identity/v3/auth/tokens 0.044s
2024-11-06 22:18:44.351 63642 INFO tempest.lib.common.rest_client [req-638783ac-4c96-4bf5-88cf-07f0fc547376 req-638783ac-4c96-4bf5-88cf-07f0fc547376 ] Request (FlavorsV2NegativeTest:setUpClass): 200 GET http://10.180.1.21/identity/v3/domains?name=Default 0.028s
2024-11-06 22:18:44.354 63648 INFO tempest.lib.common.rest_client [req-15fecfdf-21ab-48a0-b84e-17c2d5838a01 req-15fecfdf-21ab-48a0-b84e-17c2d5838a01 ] Request (FloatingIPsNegativeTestJSON:setUpClass): 200 GET http://10.180.1.21/identity/v3/roles 0.053s
2024-11-06 22:18:44.364 63624 INFO tempest.lib.common.rest_client [req-aa7b3224-6e12-449a-97a2-fb96f6b22447 req-aa7b3224-6e12-449a-97a2-fb96f6b22447 ] Request (HypervisorAdminUnderV252Test:tearDownClass): 204 DELETE http://10.180.1.21:9696/networking/v2.0/security-groups/4e57d643-de51-4149-b9b0-1fd8449e2a1a 0.925s
2024-11-06 22:18:44.390 63642 INFO tempest.lib.common.rest_client [req-5227b553-41b5-4491-b71c-ac7942ab7d5f req-5227b553-41b5-4491-b71c-ac7942ab7d5f ] Request (FlavorsV2NegativeTest:setUpClass): 201 POST http://10.180.1.21/identity/v3/projects 0.038s
2024-11-06 22:18:44.480 63648 INFO tempest.lib.common.rest_client [req-1590de8a-1b57-4660-bfd1-d65a7eefe7f8 req-1590de8a-1b57-4660-bfd1-d65a7eefe7f8 ] Request (FloatingIPsNegativeTestJSON:setUpClass): 204 PUT http://10.180.1.21/identity/v3/projects/3e8372f54785446bb7eac99e4c7e6be5/users/6d9c5df0e6ef4506a8fc31c40f239406/roles/6868848c5e86455ea3bc7891345db146 0.126s
2024-11-06 22:18:44.480 63648 INFO tempest.lib.common.dynamic_creds [-] Dynamic test user 6d9c5df0e6ef4506a8fc31c40f239406 is created with scope project and roles: ['member']
2024-11-06 22:18:44.480 63648 INFO tempest.lib.common.dynamic_creds [-] Acquired dynamic creds: credentials: Credentials: {'domain_id': 'default', 'domain_name': 'Default', 'username': 'tempest-FloatingIPsNegativeTestJSON-987779427-project-member', 'project_domain_id': 'default', 'project_domain_name': 'Default', 'project_id': '3e8372f54785446bb7eac99e4c7e6be5', 'project_name': 'tempest-FloatingIPsNegativeTestJSON-987779427', 'tenant_id': '3e8372f54785446bb7eac99e4c7e6be5', 'tenant_name': 'tempest-FloatingIPsNegativeTestJSON-987779427', 'user_domain_id': 'default', 'user_domain_name': 'Default', 'user_id': '6d9c5df0e6ef4506a8fc31c40f239406', 'system': None}, Network: None, Subnet: None, Router: None
2024-11-06 22:18:44.554 63642 INFO tempest.lib.common.rest_client [req-7c5b7ede-09b3-4e4a-b6b0-b8382bd9df09 req-7c5b7ede-09b3-4e4a-b6b0-b8382bd9df09 ] Request (FlavorsV2NegativeTest:setUpClass): 201 POST http://10.180.1.21/identity/v3/users 0.163s
2024-11-06 22:18:44.578 63648 INFO tempest.lib.common.rest_client [req-b26b52b6-efce-4bf1-b72a-d199aadeebd5 req-b26b52b6-efce-4bf1-b72a-d199aadeebd5 ] Request (FloatingIPsNegativeTestJSON:setUpClass): 201 POST http://10.180.1.21/identity/v3/auth/tokens 0.098s
2024-11-06 22:18:44.598 63642 INFO tempest.lib.common.rest_client [req-a1f32b9b-ede3-4085-8aa3-fcfcea07926f req-a1f32b9b-ede3-4085-8aa3-fcfcea07926f ] Request (FlavorsV2NegativeTest:setUpClass): 200 GET http://10.180.1.21/identity/v3/roles 0.044s
2024-11-06 22:18:44.611 63646 INFO tempest.lib.common.rest_client [req-6f22f12a-8b79-405f-8e5f-8a9f572ff283 req-6f22f12a-8b79-405f-8e5f-8a9f572ff283 ] Request (SecurityGroupsTestAdminJSON:test_list_security_groups_list_all_tenants_filter): 200 POST http://10.180.1.21/compute/v2.1/os-security-groups 2.685s
2024-11-06 22:18:44.628 63624 INFO tempest.lib.common.rest_client [req-020121fa-fc2a-40bf-97aa-8dc242cc3eb6 req-020121fa-fc2a-40bf-97aa-8dc242cc3eb6 ] Request (HypervisorAdminUnderV252Test:tearDownClass): 204 DELETE http://10.180.1.21/identity/v3/projects/cd0de4d962814c0e9561fee0877750c1 0.263s
2024-11-06 22:18:44.654 63616 INFO tempest.lib.common.rest_client [req-e167d807-f9bc-492c-82b3-ccf1d902f80c req-e167d807-f9bc-492c-82b3-ccf1d902f80c ] Request (ServersTestJSON:setUpClass): 201 POST http://10.180.1.21:9696/networking/v2.0/floatingips 2.008s
2024-11-06 22:18:44.705 63642 INFO tempest.lib.common.rest_client [req-610b99b5-e5de-4ba2-a534-77963bc28798 req-610b99b5-e5de-4ba2-a534-77963bc28798 ] Request (FlavorsV2NegativeTest:setUpClass): 204 PUT http://10.180.1.21/identity/v3/projects/a9409f8acaaa429297d6e958b7198fb7/users/4c4b277008f043208140b85fad9542be/roles/6868848c5e86455ea3bc7891345db146 0.105s
2024-11-06 22:18:44.705 63642 INFO tempest.lib.common.dynamic_creds [-] Dynamic test user 4c4b277008f043208140b85fad9542be is created with scope project and roles: ['member']
2024-11-06 22:18:44.708 63642 INFO tempest.lib.common.dynamic_creds [-] Acquired dynamic creds: credentials: Credentials: {'domain_id': 'default', 'domain_name': 'Default', 'username': 'tempest-FlavorsV2NegativeTest-1535110498-project-member', 'project_domain_id': 'default', 'project_domain_name': 'Default', 'project_id': 'a9409f8acaaa429297d6e958b7198fb7', 'project_name': 'tempest-FlavorsV2NegativeTest-1535110498', 'tenant_id': 'a9409f8acaaa429297d6e958b7198fb7', 'tenant_name': 'tempest-FlavorsV2NegativeTest-1535110498', 'user_domain_id': 'default', 'user_domain_name': 'Default', 'user_id': '4c4b277008f043208140b85fad9542be', 'system': None}, Network: None, Subnet: None, Router: None
2024-11-06 22:18:44.708 63642 INFO tempest.lib.common.dynamic_creds [-] Created isolated network resources for: credentials: Credentials: {'domain_id': 'default', 'domain_name': 'Default', 'username': 'tempest-FlavorsV2NegativeTest-1535110498-project-member', 'project_domain_id': 'default', 'project_domain_name': 'Default', 'project_id': 'a9409f8acaaa429297d6e958b7198fb7', 'project_name': 'tempest-FlavorsV2NegativeTest-1535110498', 'tenant_id': 'a9409f8acaaa429297d6e958b7198fb7', 'tenant_name': 'tempest-FlavorsV2NegativeTest-1535110498', 'user_domain_id': 'default', 'user_domain_name': 'Default', 'user_id': '4c4b277008f043208140b85fad9542be', 'system': None}, Network: None, Subnet: None, Router: None
2024-11-06 22:18:44.759 63624 INFO tempest.lib.common.rest_client [req-b1c7e876-eca8-4dda-9c1e-73782b4e90f5 req-b1c7e876-eca8-4dda-9c1e-73782b4e90f5 ] Request (NetworksTest:setUpClass): 201 POST http://10.180.1.21/identity/v3/auth/tokens 0.129s
2024-11-06 22:18:44.762 63620 INFO tempest.lib.common.rest_client [req-5f5f4735-44ac-4a49-86b1-a9ba90ed5294 req-5f5f4735-44ac-4a49-86b1-a9ba90ed5294 ] Request (FlavorMetadataValidation:tearDownClass): 204 DELETE http://10.180.1.21:9696/networking/v2.0/security-groups/f22095f1-c820-4614-a14b-0836420c4933 0.760s
2024-11-06 22:18:44.764 63616 INFO tempest.lib.common.rest_client [req-3b187e1d-340d-4180-a2a2-841e164bbafe req-3b187e1d-340d-4180-a2a2-841e164bbafe ] Request (ServersTestJSON:setUpClass): 201 POST http://10.180.1.21/identity/v3/auth/tokens 0.105s
2024-11-06 22:18:44.766 63616 INFO tempest.lib.common.fixed_network [-] (ServersTestJSON:setUpClass) Found network {'id': '712edd31-d6ed-48d2-989d-d16b2d30d012', 'name': 'tempest-ServersTestJSON-912307607-network', 'tenant_id': '37c92b5660e84218890a498bbe1519b5', 'admin_state_up': True, 'mtu': 8950, 'status': 'ACTIVE', 'subnets': [], 'shared': False, 'project_id': '37c92b5660e84218890a498bbe1519b5', 'port_security_enabled': True, 'router:external': False, 'provider:network_type': 'vlan', 'provider:physical_network': 'default', 'provider:segmentation_id': 754, 'is_default': False, 'availability_zone_hints': [], 'availability_zones': [], 'ipv4_address_scope': None, 'ipv6_address_scope': None, 'description': '', 'tags': [], 'created_at': '2024-11-06T22:18:29Z', 'updated_at': '2024-11-06T22:18:29Z', 'revision_number': 1} available for tenant
2024-11-06 22:18:44.844 63642 INFO tempest.lib.common.rest_client [req-66bc5707-2c7b-45e6-8252-f7a5f12f6268 req-66bc5707-2c7b-45e6-8252-f7a5f12f6268 ] Request (FlavorsV2NegativeTest:setUpClass): 201 POST http://10.180.1.21/identity/v3/auth/tokens 0.133s
2024-11-06 22:18:44.872 63656 INFO tempest.lib.common.rest_client [req-7fde529c-2746-430b-bfbe-e20e113496e7 req-7fde529c-2746-430b-bfbe-e20e113496e7 ] Request (ServersTestFqdnHostnames:test_create_server_with_fqdn_name): 202 POST http://10.180.1.21/compute/v2.1/servers 3.295s
2024-11-06 22:18:44.888 63650 INFO tempest.lib.common.rest_client [req-d26d6f1f-42a9-42f4-8dca-daaf08ef103c req-d26d6f1f-42a9-42f4-8dca-daaf08ef103c ] Request (FlavorsAccessNegativeTestJSON:_run_cleanups): 200 POST http://10.180.1.21/compute/v2.1/flavors/1674263840/action 2.849s
2024-11-06 22:18:44.921 63620 INFO tempest.lib.common.rest_client [req-09695bcd-8228-4b10-898b-03aec92e4ef2 req-09695bcd-8228-4b10-898b-03aec92e4ef2 ] Request (FlavorMetadataValidation:tearDownClass): 204 DELETE http://10.180.1.21/identity/v3/projects/7b43efa3aa9344608e11e5977e775a00 0.158s
2024-11-06 22:18:44.922 63620 INFO tempest.test [-] raised in UnshelveToHostMultiNodesTest.setUpClass. Invoking tearDownClass.
2024-11-06 22:18:44.935 63624 INFO tempest.lib.common.rest_client [req-107d085c-6eab-46ad-a3da-ed1d98656fe8 req-107d085c-6eab-46ad-a3da-ed1d98656fe8 ] Request (NetworksTest:setUpClass): 201 POST http://10.180.1.21/identity/v3/auth/tokens 0.119s
2024-11-06 22:18:44.956 63620 INFO tempest.lib.common.rest_client [req-a4003d6c-d002-4722-a73d-8885f9089ed0 req-a4003d6c-d002-4722-a73d-8885f9089ed0 ] Request (ServicesAdminNegativeTestJSON:setUpClass): 201 POST http://10.180.1.21/identity/v3/auth/tokens 0.032s
2024-11-06 22:18:44.974 63624 INFO tempest.lib.common.rest_client [req-43da6bf6-b254-420d-9f20-6f1d1f2e2525 req-43da6bf6-b254-420d-9f20-6f1d1f2e2525 ] Request (NetworksTest:setUpClass): 200 GET http://10.180.1.21/identity/v3/domains?name=Default 0.038s
2024-11-06 22:18:44.988 63604 INFO tempest.lib.common.rest_client [req-f5c13b63-42e1-42fb-a558-0dbb226d830e req-f5c13b63-42e1-42fb-a558-0dbb226d830e ] Request (AggregatesAdminNegativeTestJSON:_run_cleanups): 200 POST http://10.180.1.21/compute/v2.1/os-aggregates/1/action 2.720s
2024-11-06 22:18:45.006 63622 INFO tempest.lib.common.rest_client [req-d0039607-5f84-47dc-a175-282386b54cad req-d0039607-5f84-47dc-a175-282386b54cad ] Request (FlavorsV261TestJSON:test_crud_flavor): 200 GET http://10.180.1.21/compute/v2.1/flavors 2.712s
2024-11-06 22:18:45.012 63624 INFO tempest.lib.common.rest_client [req-b3f8435c-e629-4061-bf65-18411d0cdbd8 req-b3f8435c-e629-4061-bf65-18411d0cdbd8 ] Request (NetworksTest:setUpClass): 201 POST http://10.180.1.21/identity/v3/projects 0.037s
2024-11-06 22:18:45.015 63606 INFO tempest.lib.common.rest_client [req-5bd557ca-af67-4521-aad6-10aa9953a5ea req-5bd557ca-af67-4521-aad6-10aa9953a5ea ] Request (HostsAdminNegativeTestJSON:test_show_host_detail_with_non_admin_user): 403 GET http://10.180.1.21/compute/v2.1/os-hosts/devstack 2.718s
2024-11-06 22:18:45.019 63660 INFO tempest.lib.common.rest_client [req-aac0e008-4a33-4cfd-a83e-1799ed0bacbc req-aac0e008-4a33-4cfd-a83e-1799ed0bacbc ] Request (HypervisorAdminNegativeUnderV252Test:test_show_servers_with_non_admin_user): 403 GET http://10.180.1.21/compute/v2.1/os-hypervisors/1/servers 2.699s
2024-11-06 22:18:45.045 63628 INFO tempest.lib.common.rest_client [req-70af6663-1885-40a5-8e21-350df76d77d4 req-70af6663-1885-40a5-8e21-350df76d77d4 ] Request (FlavorsAdminTestJSON:test_create_flavor_verify_entry_in_list_details): 200 GET http://10.180.1.21/compute/v2.1/flavors/detail 2.710s
2024-11-06 22:18:45.090 63608 INFO tempest.lib.common.rest_client [req-a6b566dc-366a-4c89-9b95-549063b50f38 req-a6b566dc-366a-4c89-9b95-549063b50f38 ] Request (HypervisorAdminV228Test:test_get_list_hypervisor_details): 200 GET http://10.180.1.21/compute/v2.1/os-hypervisors 2.802s
2024-11-06 22:18:45.092 63620 INFO tempest.lib.common.rest_client [req-69770f11-ff8a-4453-b502-baed783e0856 req-69770f11-ff8a-4453-b502-baed783e0856 ] Request (ServicesAdminNegativeTestJSON:setUpClass): 201 POST http://10.180.1.21/identity/v3/auth/tokens 0.066s
2024-11-06 22:18:45.099 63624 INFO tempest.lib.common.rest_client [req-97197103-8c19-4a82-a197-51e85770f37d req-97197103-8c19-4a82-a197-51e85770f37d ] Request (NetworksTest:setUpClass): 201 POST http://10.180.1.21/identity/v3/users 0.087s
2024-11-06 22:18:45.120 63620 INFO tempest.lib.common.rest_client [req-a8149ac4-0c23-4197-a6d2-ff97427185e4 req-a8149ac4-0c23-4197-a6d2-ff97427185e4 ] Request (ServicesAdminNegativeTestJSON:setUpClass): 200 GET http://10.180.1.21/identity/v3/domains?name=Default 0.027s
2024-11-06 22:18:45.137 63634 INFO tempest.lib.common.rest_client [req-f2bec4a1-3494-4208-b426-df8e541c8d46 req-f2bec4a1-3494-4208-b426-df8e541c8d46 ] Request (ServersAdminTestJSON:setUpClass): 201 POST http://10.180.1.21:9696/networking/v2.0/routers 4.727s
2024-11-06 22:18:45.146 63624 INFO tempest.lib.common.rest_client [req-577de270-c6d2-4a93-bdc5-bfd0b3799b9a req-577de270-c6d2-4a93-bdc5-bfd0b3799b9a ] Request (NetworksTest:setUpClass): 200 GET http://10.180.1.21/identity/v3/roles 0.046s
2024-11-06 22:18:45.171 63632 INFO tempest.lib.common.rest_client [req-05fe255a-70fd-474a-a17d-f270ebe3c07f req-05fe255a-70fd-474a-a17d-f270ebe3c07f ] Request (FloatingIPDetailsTestJSON:setUpClass): 201 POST http://10.180.1.21:9696/networking/v2.0/subnets 1.917s
2024-11-06 22:18:45.178 63620 INFO tempest.lib.common.rest_client [req-c17cd9b3-b5cb-4271-80d1-3c577aa0bee3 req-c17cd9b3-b5cb-4271-80d1-3c577aa0bee3 ] Request (ServicesAdminNegativeTestJSON:setUpClass): 201 POST http://10.180.1.21/identity/v3/projects 0.055s
2024-11-06 22:18:45.203 63658 INFO tempest.lib.common.rest_client [req-7d748e80-af2a-4bf7-a20d-2947a571351e req-7d748e80-af2a-4bf7-a20d-2947a571351e ] Request (TenantUsagesNegativeTestJSON:test_list_usage_all_tenants_with_non_admin_user): 403 GET http://10.180.1.21/compute/v2.1/os-simple-tenant-usage?start=2024-11-05T22%3A18%3A38.533495&end=2024-11-07T22%3A18%3A38.533495&detailed=1 2.862s
2024-11-06 22:18:45.244 63624 INFO tempest.lib.common.rest_client [req-13fc80ac-34fb-4dfa-b2aa-31bd9f0b3dbf req-13fc80ac-34fb-4dfa-b2aa-31bd9f0b3dbf ] Request (NetworksTest:setUpClass): 204 PUT http://10.180.1.21/identity/v3/projects/603d200bee8d45a3a17d58430c453311/users/eb0683bc6b3a43f681c8189746067927/roles/6868848c5e86455ea3bc7891345db146 0.098s
2024-11-06 22:18:45.244 63624 INFO tempest.lib.common.dynamic_creds [-] Dynamic test user eb0683bc6b3a43f681c8189746067927 is created with scope project and roles: ['member']
2024-11-06 22:18:45.244 63624 INFO tempest.lib.common.dynamic_creds [-] Acquired dynamic creds: credentials: Credentials: {'domain_id': 'default', 'domain_name': 'Default', 'username': 'tempest-NetworksTest-1920352006-project-member', 'project_domain_id': 'default', 'project_domain_name': 'Default', 'project_id': '603d200bee8d45a3a17d58430c453311', 'project_name': 'tempest-NetworksTest-1920352006', 'tenant_id': '603d200bee8d45a3a17d58430c453311', 'tenant_name': 'tempest-NetworksTest-1920352006', 'user_domain_id': 'default', 'user_domain_name': 'Default', 'user_id': 'eb0683bc6b3a43f681c8189746067927', 'system': None}, Network: None, Subnet: None, Router: None
2024-11-06 22:18:45.245 63624 INFO tempest.lib.common.dynamic_creds [-] Created isolated network resources for: credentials: Credentials: {'domain_id': 'default', 'domain_name': 'Default', 'username': 'tempest-NetworksTest-1920352006-project-member', 'project_domain_id': 'default', 'project_domain_name': 'Default', 'project_id': '603d200bee8d45a3a17d58430c453311', 'project_name': 'tempest-NetworksTest-1920352006', 'tenant_id': '603d200bee8d45a3a17d58430c453311', 'tenant_name': 'tempest-NetworksTest-1920352006', 'user_domain_id': 'default', 'user_domain_name': 'Default', 'user_id': 'eb0683bc6b3a43f681c8189746067927', 'system': None}, Network: None, Subnet: None, Router: None
2024-11-06 22:18:45.247 63620 INFO tempest.lib.common.rest_client [req-44796c8a-5785-408e-9f28-3572f6bd5f9b req-44796c8a-5785-408e-9f28-3572f6bd5f9b ] Request (ServicesAdminNegativeTestJSON:setUpClass): 201 POST http://10.180.1.21/identity/v3/users 0.069s
2024-11-06 22:18:45.322 63624 INFO tempest.lib.common.rest_client [req-a4c6ecce-126b-46aa-acf2-fab6eb328734 req-a4c6ecce-126b-46aa-acf2-fab6eb328734 ] Request (NetworksTest:setUpClass): 201 POST http://10.180.1.21/identity/v3/auth/tokens 0.075s
2024-11-06 22:18:45.350 63658 INFO tempest.lib.common.rest_client [req-64bef537-1fa5-4684-8439-a7c1ee986ac3 req-64bef537-1fa5-4684-8439-a7c1ee986ac3 ] Request (TenantUsagesNegativeTestJSON:tearDownClass): 204 DELETE http://10.180.1.21/identity/v3/users/59b04446a10a408e99dae981b7947d87 0.144s
2024-11-06 22:18:45.373 63620 INFO tempest.lib.common.rest_client [req-5dac54a5-0015-45de-aa8c-96ec19788dc4 req-5dac54a5-0015-45de-aa8c-96ec19788dc4 ] Request (ServicesAdminNegativeTestJSON:setUpClass): 200 GET http://10.180.1.21/identity/v3/roles 0.125s
2024-11-06 22:18:45.394 63645 INFO tempest.lib.common.rest_client [req-aabf3b42-aad9-494c-b6bf-763c3b832f4d req-aabf3b42-aad9-494c-b6bf-763c3b832f4d ] Request (FlavorsExtraSpecsNegativeTestJSON:test_flavor_non_admin_update_specific_key): 200 POST http://10.180.1.21/compute/v2.1/flavors/472817708/os-extra_specs 2.487s
2024-11-06 22:18:45.406 63610 INFO tempest.lib.common.rest_client [req-399ba97c-2fa4-476b-81b6-270613423906 req-399ba97c-2fa4-476b-81b6-270613423906 ] Request (FlavorsAccessTestJSON:_run_cleanups): 202 DELETE http://10.180.1.21/compute/v2.1/flavors/872830315 2.339s
2024-11-06 22:18:45.413 63624 INFO tempest.lib.common.rest_client [req-ca794d7a-694b-4b68-a225-56230c2e2959 req-ca794d7a-694b-4b68-a225-56230c2e2959 ] Request (NetworksTest:setUpClass): 201 POST http://10.180.1.21/identity/v3/projects 0.090s
2024-11-06 22:18:45.425 63598 INFO tempest.lib.common.rest_client [req-d2219318-c12c-406d-be1c-c7a1768fa99f req-d2219318-c12c-406d-be1c-c7a1768fa99f ] Request (FlavorsExtraSpecsTestJSON:test_flavor_set_get_update_show_unset_keys): 200 PUT http://10.180.1.21/compute/v2.1/flavors/887645049/os-extra_specs/hw:numa_nodes 2.350s
2024-11-06 22:18:45.465 63658 INFO tempest.lib.common.rest_client [req-57d32abc-772f-4e9d-8379-fe918962df64 req-57d32abc-772f-4e9d-8379-fe918962df64 ] Request (TenantUsagesNegativeTestJSON:tearDownClass): 204 DELETE http://10.180.1.21/identity/v3/users/572a3cb15dbf40169a5e4d8fd2eedb01 0.114s
2024-11-06 22:18:45.466 63658 INFO tempest.lib.common.dynamic_creds [-] Deleting project and security group for project: 3a9e53cf7772420baae16ea7f42c83d1
2024-11-06 22:18:45.519 63620 INFO tempest.lib.common.rest_client [req-3fbe0df7-c31e-4019-8813-46fb63490571 req-3fbe0df7-c31e-4019-8813-46fb63490571 ] Request (ServicesAdminNegativeTestJSON:setUpClass): 204 PUT http://10.180.1.21/identity/v3/projects/ec340fb68c9c4e0fa05e8dd80d176a19/users/40eb4c785cc94c88b2ba585ac10057e0/roles/6868848c5e86455ea3bc7891345db146 0.146s
2024-11-06 22:18:45.519 63620 INFO tempest.lib.common.dynamic_creds [-] Dynamic test user 40eb4c785cc94c88b2ba585ac10057e0 is created with scope project and roles: ['member']
2024-11-06 22:18:45.520 63620 INFO tempest.lib.common.dynamic_creds [-] Acquired dynamic creds: credentials: Credentials: {'domain_id': 'default', 'domain_name': 'Default', 'username': 'tempest-ServicesAdminNegativeTestJSON-468665403-project-member', 'project_domain_id': 'default', 'project_domain_name': 'Default', 'project_id': 'ec340fb68c9c4e0fa05e8dd80d176a19', 'project_name': 'tempest-ServicesAdminNegativeTestJSON-468665403', 'tenant_id': 'ec340fb68c9c4e0fa05e8dd80d176a19', 'tenant_name': 'tempest-ServicesAdminNegativeTestJSON-468665403', 'user_domain_id': 'default', 'user_domain_name': 'Default', 'user_id': '40eb4c785cc94c88b2ba585ac10057e0', 'system': None}, Network: None, Subnet: None, Router: None
2024-11-06 22:18:45.520 63620 INFO tempest.lib.common.dynamic_creds [-] Created isolated network resources for: credentials: Credentials: {'domain_id': 'default', 'domain_name': 'Default', 'username': 'tempest-ServicesAdminNegativeTestJSON-468665403-project-member', 'project_domain_id': 'default', 'project_domain_name': 'Default', 'project_id': 'ec340fb68c9c4e0fa05e8dd80d176a19', 'project_name': 'tempest-ServicesAdminNegativeTestJSON-468665403', 'tenant_id': 'ec340fb68c9c4e0fa05e8dd80d176a19', 'tenant_name': 'tempest-ServicesAdminNegativeTestJSON-468665403', 'user_domain_id': 'default', 'user_domain_name': 'Default', 'user_id': '40eb4c785cc94c88b2ba585ac10057e0', 'system': None}, Network: None, Subnet: None, Router: None
2024-11-06 22:18:45.524 63624 INFO tempest.lib.common.rest_client [req-4c717251-2e15-416e-8243-528cc35e355f req-4c717251-2e15-416e-8243-528cc35e355f ] Request (NetworksTest:setUpClass): 201 POST http://10.180.1.21/identity/v3/users 0.111s
2024-11-06 22:18:45.577 63658 INFO tempest.lib.common.rest_client [req-dd258e64-ab01-4167-afd1-33a944701140 req-dd258e64-ab01-4167-afd1-33a944701140 ] Request (TenantUsagesNegativeTestJSON:tearDownClass): 201 POST http://10.180.1.21/identity/v3/auth/tokens 0.111s
2024-11-06 22:18:45.605 63648 INFO tempest.lib.common.rest_client [req-2362adb2-9756-4548-90bf-15e4d113df4d req-2362adb2-9756-4548-90bf-15e4d113df4d ] Request (FloatingIPsNegativeTestJSON:setUpClass): 201 POST http://10.180.1.21:9696/networking/v2.0/networks 1.026s
2024-11-06 22:18:45.656 63630 INFO tempest.lib.common.rest_client [req-c3e75e5f-559b-49de-b00f-e04488069e07 req-c3e75e5f-559b-49de-b00f-e04488069e07 ] Request (QuotasAdminTestJSON:test_get_default_quotas): 200 GET http://10.180.1.21/compute/v2.1/os-quota-sets/7795d0300f47470cb4aba9e7e1eebb58/defaults 2.501s
2024-11-06 22:18:45.665 63624 INFO tempest.lib.common.rest_client [req-fc19a1da-1adc-419a-9d51-909853d93914 req-fc19a1da-1adc-419a-9d51-909853d93914 ] Request (NetworksTest:setUpClass): 200 GET http://10.180.1.21/identity/v3/roles 0.140s
2024-11-06 22:18:45.677 63620 INFO tempest.lib.common.rest_client [req-7aa2636a-b2fc-497a-b64c-7c5c04dd6516 req-7aa2636a-b2fc-497a-b64c-7c5c04dd6516 ] Request (ServicesAdminNegativeTestJSON:setUpClass): 201 POST http://10.180.1.21/identity/v3/auth/tokens 0.153s
2024-11-06 22:18:45.708 63624 INFO tempest.lib.common.rest_client [req-9d7174f8-5e47-4da1-814d-b4eb9c4c019f req-9d7174f8-5e47-4da1-814d-b4eb9c4c019f ] Request (NetworksTest:setUpClass): 204 PUT http://10.180.1.21/identity/v3/projects/2a92c4eb7cc94a7caec80554fc936e23/users/e76e31b75a08451386c386c9992c6936/roles/86a0dd9b9f5b43a5b7b88c0a6487e2d9 0.042s
2024-11-06 22:18:45.764 63630 INFO tempest.lib.common.rest_client [req-69f452a8-441f-4f27-bfc8-f87cc0921b90 req-69f452a8-441f-4f27-bfc8-f87cc0921b90 ] Request (QuotasAdminTestJSON:test_get_updated_quotas): 200 GET http://10.180.1.21/identity/v3/domains?name=Default 0.097s
2024-11-06 22:18:45.845 63624 INFO tempest.lib.common.rest_client [req-ee622cd4-29f7-402f-a565-d4abf8d69c39 req-ee622cd4-29f7-402f-a565-d4abf8d69c39 ] Request (NetworksTest:setUpClass): 200 GET http://10.180.1.21/identity/v3/roles 0.136s
2024-11-06 22:18:45.875 63620 INFO tempest.lib.common.rest_client [req-27f782d8-0968-40c4-a711-14deda3c1a9b req-27f782d8-0968-40c4-a711-14deda3c1a9b ] Request (ServicesAdminNegativeTestJSON:setUpClass): 201 POST http://10.180.1.21/identity/v3/projects 0.198s
2024-11-06 22:18:45.893 63630 INFO tempest.lib.common.rest_client [req-0d6e6e3e-ab46-4252-821a-62b64044bfcb req-0d6e6e3e-ab46-4252-821a-62b64044bfcb ] Request (QuotasAdminTestJSON:test_get_updated_quotas): 201 POST http://10.180.1.21/identity/v3/projects 0.128s
2024-11-06 22:18:45.924 63612 INFO tempest.lib.common.rest_client [req-485f4e18-ffe8-43fe-9b43-b08f0fe9a401 req-485f4e18-ffe8-43fe-9b43-b08f0fe9a401 ] Request (MigrationsAdminTest:test_list_migrations_in_flavor_resize_situation): 200 GET http://10.180.1.21/compute/v2.1/servers/1829c328-2a68-4297-b80e-afb0e898ba72 3.097s
2024-11-06 22:18:45.983 63624 INFO tempest.lib.common.rest_client [req-1492e126-1c4f-43f8-a10d-4d0f5144d6ee req-1492e126-1c4f-43f8-a10d-4d0f5144d6ee ] Request (NetworksTest:setUpClass): 204 PUT http://10.180.1.21/identity/v3/projects/2a92c4eb7cc94a7caec80554fc936e23/users/e76e31b75a08451386c386c9992c6936/roles/86a0dd9b9f5b43a5b7b88c0a6487e2d9 0.137s
2024-11-06 22:18:45.984 63624 INFO tempest.lib.common.dynamic_creds [-] Dynamic test user e76e31b75a08451386c386c9992c6936 is created with scope project and roles: ['admin']
2024-11-06 22:18:45.984 63624 INFO tempest.lib.common.dynamic_creds [-] Acquired dynamic creds: credentials: Credentials: {'domain_id': 'default', 'domain_name': 'Default', 'username': 'tempest-NetworksTest-81454579-project-admin', 'project_domain_id': 'default', 'project_domain_name': 'Default', 'project_id': '2a92c4eb7cc94a7caec80554fc936e23', 'project_name': 'tempest-NetworksTest-81454579', 'tenant_id': '2a92c4eb7cc94a7caec80554fc936e23', 'tenant_name': 'tempest-NetworksTest-81454579', 'user_domain_id': 'default', 'user_domain_name': 'Default', 'user_id': 'e76e31b75a08451386c386c9992c6936', 'system': None}, Network: None, Subnet: None, Router: None
2024-11-06 22:18:45.984 63624 INFO tempest.lib.common.dynamic_creds [-] Created isolated network resources for: credentials: Credentials: {'domain_id': 'default', 'domain_name': 'Default', 'username': 'tempest-NetworksTest-81454579-project-admin', 'project_domain_id': 'default', 'project_domain_name': 'Default', 'project_id': '2a92c4eb7cc94a7caec80554fc936e23', 'project_name': 'tempest-NetworksTest-81454579', 'tenant_id': '2a92c4eb7cc94a7caec80554fc936e23', 'tenant_name': 'tempest-NetworksTest-81454579', 'user_domain_id': 'default', 'user_domain_name': 'Default', 'user_id': 'e76e31b75a08451386c386c9992c6936', 'system': None}, Network: None, Subnet: None, Router: None
2024-11-06 22:18:46.081 63620 INFO tempest.lib.common.rest_client [req-787113b6-b9ad-4cac-a90d-c59111284c98 req-787113b6-b9ad-4cac-a90d-c59111284c98 ] Request (ServicesAdminNegativeTestJSON:setUpClass): 201 POST http://10.180.1.21/identity/v3/users 0.205s
2024-11-06 22:18:46.089 63654 INFO tempest.lib.common.rest_client [req-0e869c73-659f-4fc9-bac2-21196d825bf2 req-0e869c73-659f-4fc9-bac2-21196d825bf2 ] Request (QuotasAdminNegativeTest:_run_cleanups): 200 PUT http://10.180.1.21/compute/v2.1/os-quota-sets/67029140198848fe99a6798d640b1759 2.661s
2024-11-06 22:18:46.152 63630 INFO tempest.lib.common.rest_client [req-e840f55f-2156-4cf6-a7f6-425ea1c00475 req-e840f55f-2156-4cf6-a7f6-425ea1c00475 ] Request (QuotasAdminTestJSON:test_get_updated_quotas): 200 GET http://10.180.1.21/identity/v3/domains?name=Default 0.258s
2024-11-06 22:18:46.167 63620 INFO tempest.lib.common.rest_client [req-15731330-a27f-4a65-a694-c84907eeb37e req-15731330-a27f-4a65-a694-c84907eeb37e ] Request (ServicesAdminNegativeTestJSON:setUpClass): 200 GET http://10.180.1.21/identity/v3/roles 0.085s
2024-11-06 22:18:46.190 63624 INFO tempest.lib.common.rest_client [req-cb7d4684-0b98-4003-bd3e-a6f6c0c49d1a req-cb7d4684-0b98-4003-bd3e-a6f6c0c49d1a ] Request (NetworksTest:setUpClass): 201 POST http://10.180.1.21/identity/v3/auth/tokens 0.204s
2024-11-06 22:18:46.222 63620 INFO tempest.lib.common.rest_client [req-ae8f09e7-8ae3-4f21-a526-6375d3067899 req-ae8f09e7-8ae3-4f21-a526-6375d3067899 ] Request (ServicesAdminNegativeTestJSON:setUpClass): 204 PUT http://10.180.1.21/identity/v3/projects/382275824f8a4fafa4801afea5a15efe/users/621458127fe04842aaf76045c775436f/roles/86a0dd9b9f5b43a5b7b88c0a6487e2d9 0.055s
2024-11-06 22:18:46.279 63620 INFO tempest.lib.common.rest_client [req-eeba1737-10e8-415b-95a6-81bbcf92fa84 req-eeba1737-10e8-415b-95a6-81bbcf92fa84 ] Request (ServicesAdminNegativeTestJSON:setUpClass): 200 GET http://10.180.1.21/identity/v3/roles 0.057s
2024-11-06 22:18:46.302 63620 INFO tempest.lib.common.rest_client [req-7419755a-c7a1-4df4-8b21-986e20ef0b93 req-7419755a-c7a1-4df4-8b21-986e20ef0b93 ] Request (ServicesAdminNegativeTestJSON:setUpClass): 204 PUT http://10.180.1.21/identity/v3/projects/382275824f8a4fafa4801afea5a15efe/users/621458127fe04842aaf76045c775436f/roles/86a0dd9b9f5b43a5b7b88c0a6487e2d9 0.022s
2024-11-06 22:18:46.302 63620 INFO tempest.lib.common.dynamic_creds [-] Dynamic test user 621458127fe04842aaf76045c775436f is created with scope project and roles: ['admin']
2024-11-06 22:18:46.302 63620 INFO tempest.lib.common.dynamic_creds [-] Acquired dynamic creds: credentials: Credentials: {'domain_id': 'default', 'domain_name': 'Default', 'username': 'tempest-ServicesAdminNegativeTestJSON-1329116567-project-admin', 'project_domain_id': 'default', 'project_domain_name': 'Default', 'project_id': '382275824f8a4fafa4801afea5a15efe', 'project_name': 'tempest-ServicesAdminNegativeTestJSON-1329116567', 'tenant_id': '382275824f8a4fafa4801afea5a15efe', 'tenant_name': 'tempest-ServicesAdminNegativeTestJSON-1329116567', 'user_domain_id': 'default', 'user_domain_name': 'Default', 'user_id': '621458127fe04842aaf76045c775436f', 'system': None}, Network: None, Subnet: None, Router: None
