2024-11-06 22:21:34.695 63642 INFO tempest.lib.common.rest_client [req-b8b63275-9af7-4191-aa87-83244ef39428 req-b8b63275-9af7-4191-aa87-83244ef39428 ] Request (ImagesOneServerNegativeTestJSON:setUpClass): 200 GET http://10.180.1.21/compute/v2.1/servers/350e2302-66b9-4dd6-b0f4-77000992408b 0.125s
2024-11-06 22:21:34.708 63636 INFO tempest.lib.common.rest_client [req-43aa0136-0348-4597-892e-ddf4d60b019d req-43aa0136-0348-4597-892e-ddf4d60b019d ] Request (ServersTestBootFromVolume:setUpClass): 200 GET http://10.180.1.21/compute/v2.1/servers/154fa64c-55d4-4b72-8af9-39e72fd5df5f 0.047s
2024-11-06 22:21:34.837 63616 INFO tempest.lib.common.rest_client [req-1c85a26f-4153-46f7-84ab-4114619f3abe req-1c85a26f-4153-46f7-84ab-4114619f3abe ] Request (ServersTestJSON:setUpClass): 200 GET http://10.180.1.21/compute/v2.1/servers/dfc291fd-1481-4e76-9fb3-ec87124c1281 0.089s
2024-11-06 22:21:34.880 63656 INFO tempest.lib.common.rest_client [req-58678140-f468-478d-9d31-3d7ef43c79ac req-58678140-f468-478d-9d31-3d7ef43c79ac ] Request (ServersTestFqdnHostnames:test_create_server_with_fqdn_name): 200 GET http://10.180.1.21/compute/v2.1/servers/19d15611-315f-4c4b-8f32-e5d00d0d8ca8 0.125s
2024-11-06 22:21:34.880 63620 INFO tempest.lib.common.rest_client [req-7ee3b881-a3cb-4910-8c65-4341961afe09 req-7ee3b881-a3cb-4910-8c65-4341961afe09 ] Request (ServerMetadataTestJSON:setUpClass): 200 GET http://10.180.1.21/compute/v2.1/servers/04122dba-4cbf-4176-95bd-f1c4bfaa799e 0.084s
2024-11-06 22:21:34.920 63604 INFO tempest.lib.common.rest_client [req-ed9efc12-7de8-4505-a693-4355f962b4a1 req-ed9efc12-7de8-4505-a693-4355f962b4a1 ] Request (ServerActionsTestOtherB:setUpClass): 200 GET http://10.180.1.21/compute/v2.1/servers/b6908c32-5916-4a0e-92e2-21f480c5f7ca 0.078s
2024-11-06 22:21:34.921 63606 INFO tempest.lib.common.rest_client [req-129208a9-47ce-45d2-9bba-c989c6902e8f req-129208a9-47ce-45d2-9bba-c989c6902e8f ] Request (SecurityGroupsTestJSON:test_list_security_groups_by_server): 200 GET http://10.180.1.21/compute/v2.1/servers/c01ad807-a9a5-4028-baf4-0469a6301459 0.118s
2024-11-06 22:21:34.961 63622 INFO tempest.lib.common.rest_client [req-389d7e7b-d7ed-41d3-8f16-fdd7dca397df req-389d7e7b-d7ed-41d3-8f16-fdd7dca397df ] Request (FloatingIPsAssociationTestJSON:setUpClass): 200 GET http://10.180.1.21/compute/v2.1/servers/4f5018a5-26f5-4a31-8a9d-d2557c906995 0.079s
2024-11-06 22:21:35.003 63612 INFO tempest.lib.common.rest_client [req-551d7b6b-856a-4767-997b-4629d79508e9 req-551d7b6b-856a-4767-997b-4629d79508e9 ] Request (MigrationsAdminTest:test_resize_server_revert_deleted_flavor): 200 GET http://10.180.1.21/compute/v2.1/servers/c000e183-2e57-470e-a9a5-30b5899e77c1 0.080s
2024-11-06 22:21:35.005 63634 INFO tempest.lib.common.rest_client [req-28cf0b39-072c-4c58-9251-53f26d498551 req-28cf0b39-072c-4c58-9251-53f26d498551 ] Request (ServersAdminTestJSON:tearDownClass): 200 GET http://10.180.1.21/compute/v2.1/servers/36ff1435-1999-4e95-8920-81a1b25cc452 0.115s
2024-11-06 22:21:35.048 63640 INFO tempest.lib.common.rest_client [req-f12d8c72-68d6-487f-b7b6-279b2a4b4084 req-f12d8c72-68d6-487f-b7b6-279b2a4b4084 ] Request (ServerShowV254Test:test_rebuild_server): 200 GET http://10.180.1.21/compute/v2.1/servers/560b7750-03fe-4a4c-ab1d-a1751895986b 0.080s
2024-11-06 22:21:35.086 63624 INFO tempest.lib.common.rest_client [req-24595ea8-59b5-4457-bcb5-627e102513c3 req-24595ea8-59b5-4457-bcb5-627e102513c3 ] Request (ServerDiagnosticsNegativeTest:test_get_server_diagnostics_by_non_admin): 200 GET http://10.180.1.21/compute/v2.1/servers/866c4415-caab-4d81-86ba-ed662feb3c4f 0.112s
2024-11-06 22:21:35.091 63614 INFO tempest.lib.common.rest_client [req-09387abc-5b8e-450b-a656-e4bf11ccd70d req-09387abc-5b8e-450b-a656-e4bf11ccd70d ] Request (DeleteServersAdminTestJSON:test_delete_server_while_in_error_state): 200 GET http://10.180.1.21/compute/v2.1/servers/21bd4623-2b46-43c4-859f-c4d3bf261e1f 0.074s
2024-11-06 22:21:35.132 63654 INFO tempest.lib.common.rest_client [req-ed3f31e9-b60b-4b31-9f1d-eb22b770363e req-ed3f31e9-b60b-4b31-9f1d-eb22b770363e ] Request (ServerActionsTestOtherA:setUpClass): 200 GET http://10.180.1.21/compute/v2.1/servers/fb905507-549f-4265-9851-4a42930c02a4 0.075s
2024-11-06 22:21:35.174 63610 INFO tempest.lib.common.rest_client [req-e7c05300-ec5e-45f3-a0fd-a6dd997a742f req-e7c05300-ec5e-45f3-a0fd-a6dd997a742f ] Request (ServerDiagnosticsV248Test:test_get_server_diagnostics): 200 GET http://10.180.1.21/compute/v2.1/servers/68925f1b-da69-4955-acb1-d6500b03daee 0.077s
2024-11-06 22:21:35.207 63626 INFO tempest.lib.common.rest_client [req-d203a10e-38cb-4502-a6f8-3580477cd90f req-d203a10e-38cb-4502-a6f8-3580477cd90f ] Request (VolumesAssistedSnapshotsTest:test_volume_assisted_snapshot_create_delete): 200 GET http://10.180.1.21/compute/v2.1/servers/23bc5a48-3e96-4897-bf28-ad14a0bdde62 0.158s
2024-11-06 22:21:35.216 63660 INFO tempest.lib.common.rest_client [req-781a10f9-7202-41fb-ab77-8e9a98199a19 req-781a10f9-7202-41fb-ab77-8e9a98199a19 ] Request (FloatingIPsAssociationNegativeTestJSON:setUpClass): 200 GET http://10.180.1.21/compute/v2.1/servers/30d7d279-7241-4f2e-b963-d205a5f9fa41 0.118s
2024-11-06 22:21:35.252 63638 INFO tempest.lib.common.rest_client [req-87923b63-e22c-4906-8888-ad4a04f50779 req-87923b63-e22c-4906-8888-ad4a04f50779 ] Request (ImagesNegativeTestJSON:test_create_image_from_deleted_server): 200 GET http://10.180.1.21/compute/v2.1/servers/86e8e8ba-e476-400d-b180-bb7df8a042d8 0.113s
2024-11-06 22:21:35.258 63600 INFO tempest.lib.common.rest_client [req-50c9f1dd-84e4-4cea-82d4-84767bd35979 req-50c9f1dd-84e4-4cea-82d4-84767bd35979 ] Request (InstanceActionsNegativeTestJSON:setUpClass): 200 GET http://10.180.1.21/compute/v2.1/servers/27cd13ca-a17c-476e-a00a-cca1fe898763 0.116s
2024-11-06 22:21:35.421 63650 INFO tempest.lib.common.rest_client [req-ab3e7f8d-e1e0-4eb5-8346-36aacf7098ff req-ab3e7f8d-e1e0-4eb5-8346-36aacf7098ff ] Request (ServerDiagnosticsTest:test_get_server_diagnostics): 200 GET http://10.180.1.21/compute/v2.1/servers/f646a534-1ae8-40dd-9819-3d71bda87ae2 0.047s
2024-11-06 22:21:35.439 63652 INFO tempest.lib.common.rest_client [req-0f2a338d-ddd8-493e-a43e-5ff288bb9b39 req-0f2a338d-ddd8-493e-a43e-5ff288bb9b39 ] Request (ServersWithSpecificFlavorTestJSON:test_verify_created_server_ephemeral_disk): 200 GET http://10.180.1.21/compute/v2.1/servers/930ff058-ab48-4c8a-8f5e-4820a3b12d50 0.089s
2024-11-06 22:21:35.474 63632 INFO tempest.lib.common.rest_client [req-d393aa94-a61e-4b60-8fe2-54c50ec9ef23 req-d393aa94-a61e-4b60-8fe2-54c50ec9ef23 ] Request (InstanceActionsV221TestJSON:test_get_list_deleted_instance_actions): 200 GET http://10.180.1.21/compute/v2.1/servers/2b98866e-3c86-47bd-9eff-2c2743631563 0.058s
2024-11-06 22:21:35.522 63646 INFO tempest.lib.common.rest_client [req-ac39464a-47d9-4331-bb5b-1e4f92fcae70 req-ac39464a-47d9-4331-bb5b-1e4f92fcae70 ] Request (MultipleCreateTestJSON:test_multiple_create): 200 GET http://10.180.1.21/compute/v2.1/servers/4cc3443d-3d05-4d3b-a222-6b7367c1c989 0.064s
2024-11-06 22:21:35.525 63598 INFO tempest.lib.common.rest_client [req-b2741c87-cae2-4da8-bea7-26edd6c779ca req-b2741c87-cae2-4da8-bea7-26edd6c779ca ] Request (TenantUsagesTestJSON:setUpClass): 200 GET http://10.180.1.21/compute/v2.1/servers/346748bd-b4e8-4e93-b71d-66c90a45e372 0.092s
2024-11-06 22:21:35.566 63602 INFO tempest.lib.common.rest_client [req-d8713603-71a8-482e-b62d-9e3e8b53d720 req-d8713603-71a8-482e-b62d-9e3e8b53d720 ] Request (ServersNegativeTestMultiTenantJSON:setUpClass): 200 GET http://10.180.1.21/compute/v2.1/servers/c3e72352-f795-4ce7-9e0b-4e80c4329f7b 0.056s
2024-11-06 22:21:35.568 63645 INFO tempest.lib.common.rest_client [req-eb247cdb-e768-4731-b0f4-8c3d15f9c978 req-eb247cdb-e768-4731-b0f4-8c3d15f9c978 ] Request (ServersTestMultiNic:test_verify_duplicate_network_nics): 200 GET http://10.180.1.21/compute/v2.1/servers/3b9b51fe-d558-40ef-b22a-2b8958b3e1a0 0.094s
2024-11-06 22:21:35.698 63618 INFO tempest.lib.common.rest_client [req-ca38b042-e5ce-4472-b388-f6ff4b5162d7 req-ca38b042-e5ce-4472-b388-f6ff4b5162d7 ] Request (ImagesOneServerTestJSON:setUpClass): 200 GET http://10.180.1.21/compute/v2.1/servers/d68ccb50-a04d-4e59-8161-f01305eb81a8 0.087s
2024-11-06 22:21:35.708 63630 INFO tempest.lib.common.rest_client [req-c0dfb648-6156-4055-b2ca-c8df0faf4802 req-c0dfb648-6156-4055-b2ca-c8df0faf4802 ] Request (ServerAddressesNegativeTestJSON:setUpClass): 200 GET http://10.180.1.21/compute/v2.1/servers/1e8429b2-7149-4832-8590-e0ebd8501176 0.046s
2024-11-06 22:21:35.762 63636 INFO tempest.lib.common.rest_client [req-0780a3cb-9098-4d40-a079-77d5bf207055 req-0780a3cb-9098-4d40-a079-77d5bf207055 ] Request (ServersTestBootFromVolume:setUpClass): 200 GET http://10.180.1.21/compute/v2.1/servers/154fa64c-55d4-4b72-8af9-39e72fd5df5f 0.046s
2024-11-06 22:21:35.793 63642 INFO tempest.lib.common.rest_client [req-0e968fa2-f980-47f2-b2c7-7dbeaba0a8dd req-0e968fa2-f980-47f2-b2c7-7dbeaba0a8dd ] Request (ImagesOneServerNegativeTestJSON:setUpClass): 200 GET http://10.180.1.21/compute/v2.1/servers/350e2302-66b9-4dd6-b0f4-77000992408b 0.090s
2024-11-06 22:21:35.930 63616 INFO tempest.lib.common.rest_client [req-6bdd67ca-8394-44a6-a2ae-e469253d245e req-6bdd67ca-8394-44a6-a2ae-e469253d245e ] Request (ServersTestJSON:setUpClass): 200 GET http://10.180.1.21/compute/v2.1/servers/dfc291fd-1481-4e76-9fb3-ec87124c1281 0.085s
2024-11-06 22:21:35.973 63620 INFO tempest.lib.common.rest_client [req-0671dbca-d8c6-49ff-93ed-14e82edde0cc req-0671dbca-d8c6-49ff-93ed-14e82edde0cc ] Request (ServerMetadataTestJSON:setUpClass): 200 GET http://10.180.1.21/compute/v2.1/servers/04122dba-4cbf-4176-95bd-f1c4bfaa799e 0.086s
2024-11-06 22:21:35.974 63656 INFO tempest.lib.common.rest_client [req-44ef44b1-105a-43cd-a195-50c64be22359 req-44ef44b1-105a-43cd-a195-50c64be22359 ] Request (ServersTestFqdnHostnames:test_create_server_with_fqdn_name): 200 GET http://10.180.1.21/compute/v2.1/servers/19d15611-315f-4c4b-8f32-e5d00d0d8ca8 0.088s
2024-11-06 22:21:36.016 63604 INFO tempest.lib.common.rest_client [req-3c57e149-e884-4de9-bd9f-73abd6c728d6 req-3c57e149-e884-4de9-bd9f-73abd6c728d6 ] Request (ServerActionsTestOtherB:setUpClass): 200 GET http://10.180.1.21/compute/v2.1/servers/b6908c32-5916-4a0e-92e2-21f480c5f7ca 0.089s
2024-11-06 22:21:36.018 63606 INFO tempest.lib.common.rest_client [req-81b4f73b-97a4-4553-92e1-97e3aeb48e73 req-81b4f73b-97a4-4553-92e1-97e3aeb48e73 ] Request (SecurityGroupsTestJSON:test_list_security_groups_by_server): 200 GET http://10.180.1.21/compute/v2.1/servers/c01ad807-a9a5-4028-baf4-0469a6301459 0.090s
2024-11-06 22:21:36.059 63622 INFO tempest.lib.common.rest_client [req-78176dd9-1533-4325-86cc-dae90aea28ec req-78176dd9-1533-4325-86cc-dae90aea28ec ] Request (FloatingIPsAssociationTestJSON:setUpClass): 200 GET http://10.180.1.21/compute/v2.1/servers/4f5018a5-26f5-4a31-8a9d-d2557c906995 0.091s
2024-11-06 22:21:36.060 63612 INFO tempest.lib.common.rest_client [req-6c69d9bb-37ad-42f3-b300-f66a621edb5f req-6c69d9bb-37ad-42f3-b300-f66a621edb5f ] Request (MigrationsAdminTest:test_resize_server_revert_deleted_flavor): 200 GET http://10.180.1.21/compute/v2.1/servers/c000e183-2e57-470e-a9a5-30b5899e77c1 0.050s
2024-11-06 22:21:36.104 63640 INFO tempest.lib.common.rest_client [req-5aed9462-2e01-49e8-b3b3-69eaf38d7066 req-5aed9462-2e01-49e8-b3b3-69eaf38d7066 ] Request (ServerShowV254Test:test_rebuild_server): 200 GET http://10.180.1.21/compute/v2.1/servers/560b7750-03fe-4a4c-ab1d-a1751895986b 0.048s
2024-11-06 22:21:36.180 63634 INFO tempest.lib.common.rest_client [req-51450b27-c193-44d1-a22c-bbbe751e1d71 req-51450b27-c193-44d1-a22c-bbbe751e1d71 ] Request (ServersAdminTestJSON:tearDownClass): 200 GET http://10.180.1.21/compute/v2.1/servers/36ff1435-1999-4e95-8920-81a1b25cc452 0.168s
2024-11-06 22:21:36.184 63624 INFO tempest.lib.common.rest_client [req-12daca97-dbee-4148-b60e-8258f16a4be4 req-12daca97-dbee-4148-b60e-8258f16a4be4 ] Request (ServerDiagnosticsNegativeTest:test_get_server_diagnostics_by_non_admin): 200 GET http://10.180.1.21/compute/v2.1/servers/866c4415-caab-4d81-86ba-ed662feb3c4f 0.091s
2024-11-06 22:21:36.225 63614 INFO tempest.lib.common.rest_client [req-dceb609c-8f96-46b8-9c5a-10da49d54eab req-dceb609c-8f96-46b8-9c5a-10da49d54eab ] Request (DeleteServersAdminTestJSON:test_delete_server_while_in_error_state): 200 GET http://10.180.1.21/compute/v2.1/servers/21bd4623-2b46-43c4-859f-c4d3bf261e1f 0.127s
2024-11-06 22:21:36.226 63654 INFO tempest.lib.common.rest_client [req-918d09e2-f20c-439b-ba75-e1cb60592506 req-918d09e2-f20c-439b-ba75-e1cb60592506 ] Request (ServerActionsTestOtherA:setUpClass): 200 GET http://10.180.1.21/compute/v2.1/servers/fb905507-549f-4265-9851-4a42930c02a4 0.087s
2024-11-06 22:21:36.269 63610 INFO tempest.lib.common.rest_client [req-5edafc36-b95e-42bd-b39c-962e5c207bd6 req-5edafc36-b95e-42bd-b39c-962e5c207bd6 ] Request (ServerDiagnosticsV248Test:test_get_server_diagnostics): 200 GET http://10.180.1.21/compute/v2.1/servers/68925f1b-da69-4955-acb1-d6500b03daee 0.086s
2024-11-06 22:21:36.311 63626 INFO tempest.lib.common.rest_client [req-64ffcf87-0ac8-4ed9-9209-0a2b53512397 req-64ffcf87-0ac8-4ed9-9209-0a2b53512397 ] Request (VolumesAssistedSnapshotsTest:test_volume_assisted_snapshot_create_delete): 200 GET http://10.180.1.21/compute/v2.1/servers/23bc5a48-3e96-4897-bf28-ad14a0bdde62 0.097s
2024-11-06 22:21:36.313 63660 INFO tempest.lib.common.rest_client [req-a251abe2-3b81-4ad6-bc22-b4c729afaa4e req-a251abe2-3b81-4ad6-bc22-b4c729afaa4e ] Request (FloatingIPsAssociationNegativeTestJSON:setUpClass): 200 GET http://10.180.1.21/compute/v2.1/servers/30d7d279-7241-4f2e-b963-d205a5f9fa41 0.091s
2024-11-06 22:21:36.356 63638 INFO tempest.lib.common.rest_client [req-db1520b2-18d6-453a-bcdd-220b0c6b516c req-db1520b2-18d6-453a-bcdd-220b0c6b516c ] Request (ImagesNegativeTestJSON:test_create_image_from_deleted_server): 200 GET http://10.180.1.21/compute/v2.1/servers/86e8e8ba-e476-400d-b180-bb7df8a042d8 0.097s
2024-11-06 22:21:36.356 63600 INFO tempest.lib.common.rest_client [req-f6e29e9e-6cd4-48ff-b5cf-383ef45e7beb req-f6e29e9e-6cd4-48ff-b5cf-383ef45e7beb ] Request (InstanceActionsNegativeTestJSON:setUpClass): 200 GET http://10.180.1.21/compute/v2.1/servers/27cd13ca-a17c-476e-a00a-cca1fe898763 0.092s
2024-11-06 22:21:36.478 63650 INFO tempest.lib.common.rest_client [req-518ddb30-da6c-449d-956c-baacc1baefb6 req-518ddb30-da6c-449d-956c-baacc1baefb6 ] Request (ServerDiagnosticsTest:test_get_server_diagnostics): 200 GET http://10.180.1.21/compute/v2.1/servers/f646a534-1ae8-40dd-9819-3d71bda87ae2 0.050s
2024-11-06 22:21:36.529 63632 INFO tempest.lib.common.rest_client [req-ad4601d9-6a73-433b-b448-d53f37ad62cb req-ad4601d9-6a73-433b-b448-d53f37ad62cb ] Request (InstanceActionsV221TestJSON:test_get_list_deleted_instance_actions): 200 GET http://10.180.1.21/compute/v2.1/servers/2b98866e-3c86-47bd-9eff-2c2743631563 0.046s
2024-11-06 22:21:36.534 63652 INFO tempest.lib.common.rest_client [req-4cdf6090-da8e-4fec-9e62-38147a081038 req-4cdf6090-da8e-4fec-9e62-38147a081038 ] Request (ServersWithSpecificFlavorTestJSON:test_verify_created_server_ephemeral_disk): 200 GET http://10.180.1.21/compute/v2.1/servers/930ff058-ab48-4c8a-8f5e-4820a3b12d50 0.088s
2024-11-06 22:21:36.573 63646 INFO tempest.lib.common.rest_client [req-c1b308b2-598c-4324-bd80-bae8b8ece5c9 req-c1b308b2-598c-4324-bd80-bae8b8ece5c9 ] Request (MultipleCreateTestJSON:test_multiple_create): 200 GET http://10.180.1.21/compute/v2.1/servers/4cc3443d-3d05-4d3b-a222-6b7367c1c989 0.044s
2024-11-06 22:21:36.621 63602 INFO tempest.lib.common.rest_client [req-6ba0bb9f-acea-4d44-b3d5-a662ec289cc3 req-6ba0bb9f-acea-4d44-b3d5-a662ec289cc3 ] Request (ServersNegativeTestMultiTenantJSON:setUpClass): 200 GET http://10.180.1.21/compute/v2.1/servers/c3e72352-f795-4ce7-9e0b-4e80c4329f7b 0.047s
2024-11-06 22:21:36.657 63598 INFO tempest.lib.common.rest_client [req-7d7aa8a6-4f1d-4473-8fa2-bd109718d9a2 req-7d7aa8a6-4f1d-4473-8fa2-bd109718d9a2 ] Request (TenantUsagesTestJSON:setUpClass): 200 GET http://10.180.1.21/compute/v2.1/servers/346748bd-b4e8-4e93-b71d-66c90a45e372 0.125s
2024-11-06 22:21:36.662 63645 INFO tempest.lib.common.rest_client [req-a72fe2d8-5073-4aa8-9457-ec9c302ad95c req-a72fe2d8-5073-4aa8-9457-ec9c302ad95c ] Request (ServersTestMultiNic:test_verify_duplicate_network_nics): 200 GET http://10.180.1.21/compute/v2.1/servers/3b9b51fe-d558-40ef-b22a-2b8958b3e1a0 0.088s
2024-11-06 22:21:36.761 63630 INFO tempest.lib.common.rest_client [req-0e407f4a-f054-4d1d-97e2-c61f55007f62 req-0e407f4a-f054-4d1d-97e2-c61f55007f62 ] Request (ServerAddressesNegativeTestJSON:setUpClass): 200 GET http://10.180.1.21/compute/v2.1/servers/1e8429b2-7149-4832-8590-e0ebd8501176 0.046s
2024-11-06 22:21:36.812 63636 INFO tempest.lib.common.rest_client [req-2c04bfdf-3763-488c-b1f4-e7cd1cf19968 req-2c04bfdf-3763-488c-b1f4-e7cd1cf19968 ] Request (ServersTestBootFromVolume:setUpClass): 200 GET http://10.180.1.21/compute/v2.1/servers/154fa64c-55d4-4b72-8af9-39e72fd5df5f 0.044s
2024-11-06 22:21:36.830 63618 INFO tempest.lib.common.rest_client [req-7393623d-2214-41f3-8439-60cb65a9397b req-7393623d-2214-41f3-8439-60cb65a9397b ] Request (ImagesOneServerTestJSON:setUpClass): 200 GET http://10.180.1.21/compute/v2.1/servers/d68ccb50-a04d-4e59-8161-f01305eb81a8 0.125s
2024-11-06 22:21:36.930 63642 INFO tempest.lib.common.rest_client [req-242cdb60-4ae2-4497-a96f-c233b0835475 req-242cdb60-4ae2-4497-a96f-c233b0835475 ] Request (ImagesOneServerNegativeTestJSON:setUpClass): 200 GET http://10.180.1.21/compute/v2.1/servers/350e2302-66b9-4dd6-b0f4-77000992408b 0.130s
2024-11-06 22:21:37.026 63620 INFO tempest.lib.common.rest_client [req-c5645ea6-3e81-4177-a836-7e57d1b81782 req-c5645ea6-3e81-4177-a836-7e57d1b81782 ] Request (ServerMetadataTestJSON:setUpClass): 200 GET http://10.180.1.21/compute/v2.1/servers/04122dba-4cbf-4176-95bd-f1c4bfaa799e 0.046s
2024-11-06 22:21:37.063 63616 INFO tempest.lib.common.rest_client [req-0628b73e-4a33-4f97-b770-c359feb6d099 req-0628b73e-4a33-4f97-b770-c359feb6d099 ] Request (ServersTestJSON:setUpClass): 200 GET http://10.180.1.21/compute/v2.1/servers/dfc291fd-1481-4e76-9fb3-ec87124c1281 0.126s
2024-11-06 22:21:37.107 63604 INFO tempest.lib.common.rest_client [req-fdcbb701-60f1-44f4-8eb9-1cf8e3dd7f8c req-fdcbb701-60f1-44f4-8eb9-1cf8e3dd7f8c ] Request (ServerActionsTestOtherB:setUpClass): 200 GET http://10.180.1.21/compute/v2.1/servers/b6908c32-5916-4a0e-92e2-21f480c5f7ca 0.084s
2024-11-06 22:21:37.111 63656 INFO tempest.lib.common.rest_client [req-3fb95c71-3a97-4f3d-a207-f496432d6282 req-3fb95c71-3a97-4f3d-a207-f496432d6282 ] Request (ServersTestFqdnHostnames:test_create_server_with_fqdn_name): 200 GET http://10.180.1.21/compute/v2.1/servers/19d15611-315f-4c4b-8f32-e5d00d0d8ca8 0.129s
2024-11-06 22:21:37.150 63606 INFO tempest.lib.common.rest_client [req-628d6b34-76f2-4684-b269-ea22f969e4e6 req-628d6b34-76f2-4684-b269-ea22f969e4e6 ] Request (SecurityGroupsTestJSON:test_list_security_groups_by_server): 200 GET http://10.180.1.21/compute/v2.1/servers/c01ad807-a9a5-4028-baf4-0469a6301459 0.125s
2024-11-06 22:21:37.156 63622 INFO tempest.lib.common.rest_client [req-c55bb726-8f35-4b78-87c0-9a5902260af7 req-c55bb726-8f35-4b78-87c0-9a5902260af7 ] Request (FloatingIPsAssociationTestJSON:setUpClass): 200 GET http://10.180.1.21/compute/v2.1/servers/4f5018a5-26f5-4a31-8a9d-d2557c906995 0.090s
2024-11-06 22:21:37.193 63612 INFO tempest.lib.common.rest_client [req-a23c26aa-82fa-4650-b798-fb3c941ef369 req-a23c26aa-82fa-4650-b798-fb3c941ef369 ] Request (MigrationsAdminTest:test_resize_server_revert_deleted_flavor): 200 GET http://10.180.1.21/compute/v2.1/servers/c000e183-2e57-470e-a9a5-30b5899e77c1 0.126s
2024-11-06 22:21:37.199 63640 INFO tempest.lib.common.rest_client [req-21a68016-dcd8-411d-84eb-8e0a56f259dd req-21a68016-dcd8-411d-84eb-8e0a56f259dd ] Request (ServerShowV254Test:test_rebuild_server): 200 GET http://10.180.1.21/compute/v2.1/servers/560b7750-03fe-4a4c-ab1d-a1751895986b 0.087s
2024-11-06 22:21:37.275 63634 INFO tempest.lib.common.rest_client [req-8e8b6d78-9be3-4df1-a822-52aa5ff524f9 req-8e8b6d78-9be3-4df1-a822-52aa5ff524f9 ] Request (ServersAdminTestJSON:tearDownClass): 200 GET http://10.180.1.21/compute/v2.1/servers/36ff1435-1999-4e95-8920-81a1b25cc452 0.087s
2024-11-06 22:21:37.316 63614 INFO tempest.lib.common.rest_client [req-db6b9b3a-45b7-45d9-a887-a23f76c784a3 req-db6b9b3a-45b7-45d9-a887-a23f76c784a3 ] Request (DeleteServersAdminTestJSON:test_delete_server_while_in_error_state): 200 GET http://10.180.1.21/compute/v2.1/servers/21bd4623-2b46-43c4-859f-c4d3bf261e1f 0.085s
2024-11-06 22:21:37.319 63624 INFO tempest.lib.common.rest_client [req-32860222-9f7a-48cb-b374-5952a0d71ae3 req-32860222-9f7a-48cb-b374-5952a0d71ae3 ] Request (ServerDiagnosticsNegativeTest:test_get_server_diagnostics_by_non_admin): 200 GET http://10.180.1.21/compute/v2.1/servers/866c4415-caab-4d81-86ba-ed662feb3c4f 0.128s
2024-11-06 22:21:37.358 63654 INFO tempest.lib.common.rest_client [req-4e3733d9-a925-4d97-984c-4c4656c63011 req-4e3733d9-a925-4d97-984c-4c4656c63011 ] Request (ServerActionsTestOtherA:setUpClass): 200 GET http://10.180.1.21/compute/v2.1/servers/fb905507-549f-4265-9851-4a42930c02a4 0.126s
2024-11-06 22:21:37.364 63610 INFO tempest.lib.common.rest_client [req-a1e6a50a-e16d-40cd-a16c-b223e1fa9f76 req-a1e6a50a-e16d-40cd-a16c-b223e1fa9f76 ] Request (ServerDiagnosticsV248Test:test_get_server_diagnostics): 200 GET http://10.180.1.21/compute/v2.1/servers/68925f1b-da69-4955-acb1-d6500b03daee 0.088s
2024-11-06 22:21:37.406 63660 INFO tempest.lib.common.rest_client [req-730bef84-ab09-4a77-b0cb-defa178ddd25 req-730bef84-ab09-4a77-b0cb-defa178ddd25 ] Request (FloatingIPsAssociationNegativeTestJSON:setUpClass): 200 GET http://10.180.1.21/compute/v2.1/servers/30d7d279-7241-4f2e-b963-d205a5f9fa41 0.087s
2024-11-06 22:21:37.446 63600 INFO tempest.lib.common.rest_client [req-056616e1-f7ef-4014-9bcf-15c64fa21484 req-056616e1-f7ef-4014-9bcf-15c64fa21484 ] Request (InstanceActionsNegativeTestJSON:setUpClass): 200 GET http://10.180.1.21/compute/v2.1/servers/27cd13ca-a17c-476e-a00a-cca1fe898763 0.083s
2024-11-06 22:21:37.482 63626 INFO tempest.lib.common.rest_client [req-d36358ca-c6f2-4a2f-a215-40ebee58f2c2 req-d36358ca-c6f2-4a2f-a215-40ebee58f2c2 ] Request (VolumesAssistedSnapshotsTest:test_volume_assisted_snapshot_create_delete): 200 GET http://10.180.1.21/compute/v2.1/servers/23bc5a48-3e96-4897-bf28-ad14a0bdde62 0.164s
2024-11-06 22:21:37.489 63638 INFO tempest.lib.common.rest_client [req-b73d0eeb-a6c4-451e-a259-2077beb5333c req-b73d0eeb-a6c4-451e-a259-2077beb5333c ] Request (ImagesNegativeTestJSON:test_create_image_from_deleted_server): 200 GET http://10.180.1.21/compute/v2.1/servers/86e8e8ba-e476-400d-b180-bb7df8a042d8 0.126s
2024-11-06 22:21:37.528 63650 INFO tempest.lib.common.rest_client [req-23498053-07f2-44c8-b6a4-338acf114560 req-23498053-07f2-44c8-b6a4-338acf114560 ] Request (ServerDiagnosticsTest:test_get_server_diagnostics): 200 GET http://10.180.1.21/compute/v2.1/servers/f646a534-1ae8-40dd-9819-3d71bda87ae2 0.043s
2024-11-06 22:21:37.585 63632 INFO tempest.lib.common.rest_client [req-897a487e-fbda-4b33-958e-43e71d37f9f5 req-897a487e-fbda-4b33-958e-43e71d37f9f5 ] Request (InstanceActionsV221TestJSON:test_get_list_deleted_instance_actions): 200 GET http://10.180.1.21/compute/v2.1/servers/2b98866e-3c86-47bd-9eff-2c2743631563 0.048s
2024-11-06 22:21:37.626 63646 INFO tempest.lib.common.rest_client [req-a9218016-164f-40aa-8fcc-dfcedcd280c5 req-a9218016-164f-40aa-8fcc-dfcedcd280c5 ] Request (MultipleCreateTestJSON:test_multiple_create): 200 GET http://10.180.1.21/compute/v2.1/servers/4cc3443d-3d05-4d3b-a222-6b7367c1c989 0.047s
2024-11-06 22:21:37.663 63652 INFO tempest.lib.common.rest_client [req-72b1d74c-195a-48c9-9793-a6aacbc47345 req-72b1d74c-195a-48c9-9793-a6aacbc47345 ] Request (ServersWithSpecificFlavorTestJSON:test_verify_created_server_ephemeral_disk): 200 GET http://10.180.1.21/compute/v2.1/servers/930ff058-ab48-4c8a-8f5e-4820a3b12d50 0.123s
2024-11-06 22:21:37.673 63602 INFO tempest.lib.common.rest_client [req-a09d33b2-1b43-49d1-805c-66d2f93988bb req-a09d33b2-1b43-49d1-805c-66d2f93988bb ] Request (ServersNegativeTestMultiTenantJSON:setUpClass): 200 GET http://10.180.1.21/compute/v2.1/servers/c3e72352-f795-4ce7-9e0b-4e80c4329f7b 0.046s
2024-11-06 22:21:37.715 63645 INFO tempest.lib.common.rest_client [req-f9199f77-d6ba-436b-ab9e-12939e50baad req-f9199f77-d6ba-436b-ab9e-12939e50baad ] Request (ServersTestMultiNic:test_verify_duplicate_network_nics): 200 GET http://10.180.1.21/compute/v2.1/servers/3b9b51fe-d558-40ef-b22a-2b8958b3e1a0 0.046s
2024-11-06 22:21:37.749 63598 INFO tempest.lib.common.rest_client [req-2719b327-3c3f-4835-b6c0-ab8156be16a0 req-2719b327-3c3f-4835-b6c0-ab8156be16a0 ] Request (TenantUsagesTestJSON:setUpClass): 200 GET http://10.180.1.21/compute/v2.1/servers/346748bd-b4e8-4e93-b71d-66c90a45e372 0.085s
2024-11-06 22:21:37.813 63630 INFO tempest.lib.common.rest_client [req-ee3b60e5-5bba-49ca-bcee-9bb884c3c82a req-ee3b60e5-5bba-49ca-bcee-9bb884c3c82a ] Request (ServerAddressesNegativeTestJSON:setUpClass): 200 GET http://10.180.1.21/compute/v2.1/servers/1e8429b2-7149-4832-8590-e0ebd8501176 0.045s
2024-11-06 22:21:37.866 63636 INFO tempest.lib.common.rest_client [req-223961f7-d2fa-4230-8bb9-9ef990a0460e req-223961f7-d2fa-4230-8bb9-9ef990a0460e ] Request (ServersTestBootFromVolume:setUpClass): 200 GET http://10.180.1.21/compute/v2.1/servers/154fa64c-55d4-4b72-8af9-39e72fd5df5f 0.047s
2024-11-06 22:21:37.924 63618 INFO tempest.lib.common.rest_client [req-9634366d-8816-4b5f-a88e-3a5272078201 req-9634366d-8816-4b5f-a88e-3a5272078201 ] Request (ImagesOneServerTestJSON:setUpClass): 200 GET http://10.180.1.21/compute/v2.1/servers/d68ccb50-a04d-4e59-8161-f01305eb81a8 0.086s
2024-11-06 22:21:38.023 63642 INFO tempest.lib.common.rest_client [req-70dec7e6-e4e9-4c16-8595-f01baa9052f0 req-70dec7e6-e4e9-4c16-8595-f01baa9052f0 ] Request (ImagesOneServerNegativeTestJSON:setUpClass): 200 GET http://10.180.1.21/compute/v2.1/servers/350e2302-66b9-4dd6-b0f4-77000992408b 0.086s
2024-11-06 22:21:38.078 63620 INFO tempest.lib.common.rest_client [req-55dd83fb-bde2-489f-a640-e0843bc071ef req-55dd83fb-bde2-489f-a640-e0843bc071ef ] Request (ServerMetadataTestJSON:setUpClass): 200 GET http://10.180.1.21/compute/v2.1/servers/04122dba-4cbf-4176-95bd-f1c4bfaa799e 0.045s
2024-11-06 22:21:38.155 63616 INFO tempest.lib.common.rest_client [req-c9a71f53-4814-4507-b81a-aaf58fa54564 req-c9a71f53-4814-4507-b81a-aaf58fa54564 ] Request (ServersTestJSON:setUpClass): 200 GET http://10.180.1.21/compute/v2.1/servers/dfc291fd-1481-4e76-9fb3-ec87124c1281 0.085s
2024-11-06 22:21:38.160 63604 INFO tempest.lib.common.rest_client [req-5e22ffb3-2c09-4b63-94fe-72967dd69a5e req-5e22ffb3-2c09-4b63-94fe-72967dd69a5e ] Request (ServerActionsTestOtherB:setUpClass): 200 GET http://10.180.1.21/compute/v2.1/servers/b6908c32-5916-4a0e-92e2-21f480c5f7ca 0.045s
2024-11-06 22:21:38.201 63606 INFO tempest.lib.common.rest_client [req-bb530302-ccff-4ed7-a9ff-a0c4ea804b70 req-bb530302-ccff-4ed7-a9ff-a0c4ea804b70 ] Request (SecurityGroupsTestJSON:test_list_security_groups_by_server): 200 GET http://10.180.1.21/compute/v2.1/servers/c01ad807-a9a5-4028-baf4-0469a6301459 0.044s
2024-11-06 22:21:38.239 63656 INFO tempest.lib.common.rest_client [req-438a4fc9-d6af-4da8-a50c-2979464ae88a req-438a4fc9-d6af-4da8-a50c-2979464ae88a ] Request (ServersTestFqdnHostnames:test_create_server_with_fqdn_name): 200 GET http://10.180.1.21/compute/v2.1/servers/19d15611-315f-4c4b-8f32-e5d00d0d8ca8 0.121s
2024-11-06 22:21:38.241 63622 INFO tempest.lib.common.rest_client [req-badf2f8b-e41b-4532-9ec3-69dc062f0abb req-badf2f8b-e41b-4532-9ec3-69dc062f0abb ] Request (FloatingIPsAssociationTestJSON:setUpClass): 200 GET http://10.180.1.21/compute/v2.1/servers/4f5018a5-26f5-4a31-8a9d-d2557c906995 0.078s
2024-11-06 22:21:38.283 63612 INFO tempest.lib.common.rest_client [req-16caf4d4-dc37-4a43-82b3-1cb21df77bfd req-16caf4d4-dc37-4a43-82b3-1cb21df77bfd ] Request (MigrationsAdminTest:test_resize_server_revert_deleted_flavor): 200 GET http://10.180.1.21/compute/v2.1/servers/c000e183-2e57-470e-a9a5-30b5899e77c1 0.083s
2024-11-06 22:21:38.287 63640 INFO tempest.lib.common.rest_client [req-275d70b0-4782-4e15-83c7-fd912a197b2b req-275d70b0-4782-4e15-83c7-fd912a197b2b ] Request (ServerShowV254Test:test_rebuild_server): 200 GET http://10.180.1.21/compute/v2.1/servers/560b7750-03fe-4a4c-ab1d-a1751895986b 0.079s
2024-11-06 22:21:38.365 63634 INFO tempest.lib.common.rest_client [req-3b56a16d-ee84-48cf-adc8-ec7afa515057 req-3b56a16d-ee84-48cf-adc8-ec7afa515057 ] Request (ServersAdminTestJSON:tearDownClass): 200 GET http://10.180.1.21/compute/v2.1/servers/36ff1435-1999-4e95-8920-81a1b25cc452 0.082s
2024-11-06 22:21:38.373 63614 INFO tempest.lib.common.rest_client [req-7fcb8af8-8b98-4693-804b-56e4108568a9 req-7fcb8af8-8b98-4693-804b-56e4108568a9 ] Request (DeleteServersAdminTestJSON:test_delete_server_while_in_error_state): 200 GET http://10.180.1.21/compute/v2.1/servers/21bd4623-2b46-43c4-859f-c4d3bf261e1f 0.050s
2024-11-06 22:21:38.415 63654 INFO tempest.lib.common.rest_client [req-cdb1d594-20ff-4f41-a47c-8570229afe31 req-cdb1d594-20ff-4f41-a47c-8570229afe31 ] Request (ServerActionsTestOtherA:setUpClass): 200 GET http://10.180.1.21/compute/v2.1/servers/fb905507-549f-4265-9851-4a42930c02a4 0.050s
2024-11-06 22:21:38.448 63624 INFO tempest.lib.common.rest_client [req-5c1cf0f6-5a6f-4690-ae76-be1cd0255b7b req-5c1cf0f6-5a6f-4690-ae76-be1cd0255b7b ] Request (ServerDiagnosticsNegativeTest:test_get_server_diagnostics_by_non_admin): 200 GET http://10.180.1.21/compute/v2.1/servers/866c4415-caab-4d81-86ba-ed662feb3c4f 0.122s
2024-11-06 22:21:38.459 63610 INFO tempest.lib.common.rest_client [req-1ce09d9b-1c9e-495d-82b1-e1072f26e4a1 req-1ce09d9b-1c9e-495d-82b1-e1072f26e4a1 ] Request (ServerDiagnosticsV248Test:test_get_server_diagnostics): 200 GET http://10.180.1.21/compute/v2.1/servers/68925f1b-da69-4955-acb1-d6500b03daee 0.086s
2024-11-06 22:21:38.491 63660 INFO tempest.lib.common.rest_client [req-44288a1d-d045-4348-b8d2-00cb75035557 req-44288a1d-d045-4348-b8d2-00cb75035557 ] Request (FloatingIPsAssociationNegativeTestJSON:setUpClass): 200 GET http://10.180.1.21/compute/v2.1/servers/30d7d279-7241-4f2e-b963-d205a5f9fa41 0.078s
2024-11-06 22:21:38.501 63600 INFO tempest.lib.common.rest_client [req-86ca8ea9-4004-44ad-bbfb-50e0f6f0ce2f req-86ca8ea9-4004-44ad-bbfb-50e0f6f0ce2f ] Request (InstanceActionsNegativeTestJSON:setUpClass): 200 GET http://10.180.1.21/compute/v2.1/servers/27cd13ca-a17c-476e-a00a-cca1fe898763 0.048s
2024-11-06 22:21:38.543 63638 INFO tempest.lib.common.rest_client [req-082c3f36-f560-49cb-b2da-44396b94fdda req-082c3f36-f560-49cb-b2da-44396b94fdda ] Request (ImagesNegativeTestJSON:test_create_image_from_deleted_server): 200 GET http://10.180.1.21/compute/v2.1/servers/86e8e8ba-e476-400d-b180-bb7df8a042d8 0.047s
2024-11-06 22:21:38.577 63626 INFO tempest.lib.common.rest_client [req-62b5aa78-fb68-4528-b0bc-50f9f0e30122 req-62b5aa78-fb68-4528-b0bc-50f9f0e30122 ] Request (VolumesAssistedSnapshotsTest:test_volume_assisted_snapshot_create_delete): 200 GET http://10.180.1.21/compute/v2.1/servers/23bc5a48-3e96-4897-bf28-ad14a0bdde62 0.089s
2024-11-06 22:21:38.587 63650 INFO tempest.lib.common.rest_client [req-e79cb61e-8e7e-4c68-b2c6-0e8217707edc req-e79cb61e-8e7e-4c68-b2c6-0e8217707edc ] Request (ServerDiagnosticsTest:test_get_server_diagnostics): 200 GET http://10.180.1.21/compute/v2.1/servers/f646a534-1ae8-40dd-9819-3d71bda87ae2 0.053s
2024-11-06 22:21:38.641 63632 INFO tempest.lib.common.rest_client [req-7c3a6ce7-5247-4b74-a3e8-6e42083c1e9c req-7c3a6ce7-5247-4b74-a3e8-6e42083c1e9c ] Request (InstanceActionsV221TestJSON:test_get_list_deleted_instance_actions): 200 GET http://10.180.1.21/compute/v2.1/servers/2b98866e-3c86-47bd-9eff-2c2743631563 0.047s
2024-11-06 22:21:38.681 63646 INFO tempest.lib.common.rest_client [req-d870fe2b-3fbd-47c0-85a4-cdd5c0b3b9e2 req-d870fe2b-3fbd-47c0-85a4-cdd5c0b3b9e2 ] Request (MultipleCreateTestJSON:test_multiple_create): 200 GET http://10.180.1.21/compute/v2.1/servers/4cc3443d-3d05-4d3b-a222-6b7367c1c989 0.048s
2024-11-06 22:21:38.722 63602 INFO tempest.lib.common.rest_client [req-eed6279d-21b7-4123-8ac1-9dda1f15cbb6 req-eed6279d-21b7-4123-8ac1-9dda1f15cbb6 ] Request (ServersNegativeTestMultiTenantJSON:setUpClass): 200 GET http://10.180.1.21/compute/v2.1/servers/c3e72352-f795-4ce7-9e0b-4e80c4329f7b 0.042s
2024-11-06 22:21:38.757 63652 INFO tempest.lib.common.rest_client [req-38fa2d1a-06fb-43ec-b165-af7f9a9fcd85 req-38fa2d1a-06fb-43ec-b165-af7f9a9fcd85 ] Request (ServersWithSpecificFlavorTestJSON:test_verify_created_server_ephemeral_disk): 200 GET http://10.180.1.21/compute/v2.1/servers/930ff058-ab48-4c8a-8f5e-4820a3b12d50 0.086s
2024-11-06 22:21:38.767 63645 INFO tempest.lib.common.rest_client [req-a0caa965-7135-434d-8100-13c9d6e552a5 req-a0caa965-7135-434d-8100-13c9d6e552a5 ] Request (ServersTestMultiNic:test_verify_duplicate_network_nics): 200 GET http://10.180.1.21/compute/v2.1/servers/3b9b51fe-d558-40ef-b22a-2b8958b3e1a0 0.044s
2024-11-06 22:21:38.840 63598 INFO tempest.lib.common.rest_client [req-729ef386-badf-440f-b7fc-e1ad36180ebd req-729ef386-badf-440f-b7fc-e1ad36180ebd ] Request (TenantUsagesTestJSON:setUpClass): 200 GET http://10.180.1.21/compute/v2.1/servers/346748bd-b4e8-4e93-b71d-66c90a45e372 0.083s
2024-11-06 22:21:38.865 63630 INFO tempest.lib.common.rest_client [req-a08ff038-a37a-4277-8ced-56200c9d0af3 req-a08ff038-a37a-4277-8ced-56200c9d0af3 ] Request (ServerAddressesNegativeTestJSON:setUpClass): 200 GET http://10.180.1.21/compute/v2.1/servers/1e8429b2-7149-4832-8590-e0ebd8501176 0.045s
2024-11-06 22:21:38.918 63636 INFO tempest.lib.common.rest_client [req-0468f813-2264-484f-b97a-598dbde54b6c req-0468f813-2264-484f-b97a-598dbde54b6c ] Request (ServersTestBootFromVolume:setUpClass): 200 GET http://10.180.1.21/compute/v2.1/servers/154fa64c-55d4-4b72-8af9-39e72fd5df5f 0.045s
2024-11-06 22:21:39.015 63618 INFO tempest.lib.common.rest_client [req-d4a2be00-ebad-4530-9201-c0c0a33a8bf8 req-d4a2be00-ebad-4530-9201-c0c0a33a8bf8 ] Request (ImagesOneServerTestJSON:setUpClass): 200 GET http://10.180.1.21/compute/v2.1/servers/d68ccb50-a04d-4e59-8161-f01305eb81a8 0.084s
2024-11-06 22:21:39.115 63642 INFO tempest.lib.common.rest_client [req-a8b42530-1104-44a1-9ee7-ff78e729a62a req-a8b42530-1104-44a1-9ee7-ff78e729a62a ] Request (ImagesOneServerNegativeTestJSON:setUpClass): 200 GET http://10.180.1.21/compute/v2.1/servers/350e2302-66b9-4dd6-b0f4-77000992408b 0.084s
2024-11-06 22:21:39.131 63620 INFO tempest.lib.common.rest_client [req-907b0a3a-b792-4d99-8559-23da433b67b9 req-907b0a3a-b792-4d99-8559-23da433b67b9 ] Request (ServerMetadataTestJSON:setUpClass): 200 GET http://10.180.1.21/compute/v2.1/servers/04122dba-4cbf-4176-95bd-f1c4bfaa799e 0.046s
2024-11-06 22:21:39.212 63604 INFO tempest.lib.common.rest_client [req-016358e5-e98d-4b69-a778-e32ee380ee36 req-016358e5-e98d-4b69-a778-e32ee380ee36 ] Request (ServerActionsTestOtherB:setUpClass): 200 GET http://10.180.1.21/compute/v2.1/servers/b6908c32-5916-4a0e-92e2-21f480c5f7ca 0.044s
2024-11-06 22:21:39.251 63616 INFO tempest.lib.common.rest_client [req-18c50446-7dbe-4496-95f6-e492dd6340c6 req-18c50446-7dbe-4496-95f6-e492dd6340c6 ] Request (ServersTestJSON:setUpClass): 200 GET http://10.180.1.21/compute/v2.1/servers/dfc291fd-1481-4e76-9fb3-ec87124c1281 0.090s
2024-11-06 22:21:39.258 63606 INFO tempest.lib.common.rest_client [req-37b4eaf8-6efa-4d4a-8aba-b1322a56fc53 req-37b4eaf8-6efa-4d4a-8aba-b1322a56fc53 ] Request (SecurityGroupsTestJSON:test_list_security_groups_by_server): 200 GET http://10.180.1.21/compute/v2.1/servers/c01ad807-a9a5-4028-baf4-0469a6301459 0.050s
2024-11-06 22:21:39.303 63622 INFO tempest.lib.common.rest_client [req-3058e842-9916-4fb6-8132-efbd58a70c0d req-3058e842-9916-4fb6-8132-efbd58a70c0d ] Request (FloatingIPsAssociationTestJSON:setUpClass): 200 GET http://10.180.1.21/compute/v2.1/servers/4f5018a5-26f5-4a31-8a9d-d2557c906995 0.055s
2024-11-06 22:21:39.350 63612 INFO tempest.lib.common.rest_client [req-ab1e0519-42aa-4a6b-b830-2a80c07ece3b req-ab1e0519-42aa-4a6b-b830-2a80c07ece3b ] Request (MigrationsAdminTest:test_resize_server_revert_deleted_flavor): 200 GET http://10.180.1.21/compute/v2.1/servers/c000e183-2e57-470e-a9a5-30b5899e77c1 0.059s
2024-11-06 22:21:39.392 63656 INFO tempest.lib.common.rest_client [req-37c8e0f8-6e54-440c-844c-d72c00d93887 req-37c8e0f8-6e54-440c-844c-d72c00d93887 ] Request (ServersTestFqdnHostnames:test_create_server_with_fqdn_name): 200 GET http://10.180.1.21/compute/v2.1/servers/19d15611-315f-4c4b-8f32-e5d00d0d8ca8 0.146s
2024-11-06 22:21:39.405 63640 INFO tempest.lib.common.rest_client [req-e935310f-a37c-48a5-a5bb-cb9c2616c361 req-e935310f-a37c-48a5-a5bb-cb9c2616c361 ] Request (ServerShowV254Test:test_rebuild_server): 200 GET http://10.180.1.21/compute/v2.1/servers/560b7750-03fe-4a4c-ab1d-a1751895986b 0.110s
2024-11-06 22:21:39.454 63614 INFO tempest.lib.common.rest_client [req-f2fbe828-62bd-4dca-83f1-39ddeb8ca771 req-f2fbe828-62bd-4dca-83f1-39ddeb8ca771 ] Request (DeleteServersAdminTestJSON:test_delete_server_while_in_error_state): 200 GET http://10.180.1.21/compute/v2.1/servers/21bd4623-2b46-43c4-859f-c4d3bf261e1f 0.072s
2024-11-06 22:21:39.488 63634 INFO tempest.lib.common.rest_client [req-29b1d375-296f-434d-8c5b-14bb7a8418cb req-29b1d375-296f-434d-8c5b-14bb7a8418cb ] Request (ServersAdminTestJSON:tearDownClass): 200 GET http://10.180.1.21/compute/v2.1/servers/36ff1435-1999-4e95-8920-81a1b25cc452 0.116s
2024-11-06 22:21:39.503 63654 INFO tempest.lib.common.rest_client [req-51f0623c-cd55-4401-a42e-a15c2efb48ae req-51f0623c-cd55-4401-a42e-a15c2efb48ae ] Request (ServerActionsTestOtherA:setUpClass): 200 GET http://10.180.1.21/compute/v2.1/servers/fb905507-549f-4265-9851-4a42930c02a4 0.081s
2024-11-06 22:21:39.550 63610 INFO tempest.lib.common.rest_client [req-8fbbe66d-7972-4bfe-914c-98c02577f6a0 req-8fbbe66d-7972-4bfe-914c-98c02577f6a0 ] Request (ServerDiagnosticsV248Test:test_get_server_diagnostics): 200 GET http://10.180.1.21/compute/v2.1/servers/68925f1b-da69-4955-acb1-d6500b03daee 0.083s
2024-11-06 22:21:39.573 63624 INFO tempest.lib.common.rest_client [req-62e542f1-ae5f-4bf6-b288-a0cb9d1c7cb2 req-62e542f1-ae5f-4bf6-b288-a0cb9d1c7cb2 ] Request (ServerDiagnosticsNegativeTest:test_get_server_diagnostics_by_non_admin): 200 GET http://10.180.1.21/compute/v2.1/servers/866c4415-caab-4d81-86ba-ed662feb3c4f 0.118s
2024-11-06 22:21:39.594 63660 INFO tempest.lib.common.rest_client [req-a9e58b42-0f85-43d5-980a-8017c5df5e51 req-a9e58b42-0f85-43d5-980a-8017c5df5e51 ] Request (FloatingIPsAssociationNegativeTestJSON:setUpClass): 200 GET http://10.180.1.21/compute/v2.1/servers/30d7d279-7241-4f2e-b963-d205a5f9fa41 0.096s
2024-11-06 22:21:39.616 63600 INFO tempest.lib.common.rest_client [req-8bacbefc-8b2d-4380-86c5-8794c7ca3d0b req-8bacbefc-8b2d-4380-86c5-8794c7ca3d0b ] Request (InstanceActionsNegativeTestJSON:setUpClass): 200 GET http://10.180.1.21/compute/v2.1/servers/27cd13ca-a17c-476e-a00a-cca1fe898763 0.108s
2024-11-06 22:21:39.636 63638 INFO tempest.lib.common.rest_client [req-29dc7ea0-af67-4898-8a65-9adb5548b0f0 req-29dc7ea0-af67-4898-8a65-9adb5548b0f0 ] Request (ImagesNegativeTestJSON:test_create_image_from_deleted_server): 200 GET http://10.180.1.21/compute/v2.1/servers/86e8e8ba-e476-400d-b180-bb7df8a042d8 0.085s
2024-11-06 22:21:39.678 63650 INFO tempest.lib.common.rest_client [req-a0b15f7d-6a7d-4b40-9883-5397b96e5797 req-a0b15f7d-6a7d-4b40-9883-5397b96e5797 ] Request (ServerDiagnosticsTest:test_get_server_diagnostics): 200 GET http://10.180.1.21/compute/v2.1/servers/f646a534-1ae8-40dd-9819-3d71bda87ae2 0.084s
2024-11-06 22:21:39.699 63626 INFO tempest.lib.common.rest_client [req-9af5aa0c-d08e-4d76-bdff-36e009306ea8 req-9af5aa0c-d08e-4d76-bdff-36e009306ea8 ] Request (VolumesAssistedSnapshotsTest:test_volume_assisted_snapshot_create_delete): 200 GET http://10.180.1.21/compute/v2.1/servers/23bc5a48-3e96-4897-bf28-ad14a0bdde62 0.114s
2024-11-06 22:21:39.722 63632 INFO tempest.lib.common.rest_client [req-a6f2291f-c8ed-4218-b6c6-138ce7260885 req-a6f2291f-c8ed-4218-b6c6-138ce7260885 ] Request (InstanceActionsV221TestJSON:test_get_list_deleted_instance_actions): 200 GET http://10.180.1.21/compute/v2.1/servers/2b98866e-3c86-47bd-9eff-2c2743631563 0.073s
2024-11-06 22:21:39.743 63646 INFO tempest.lib.common.rest_client [req-9b3b1b44-e1de-4b5b-bd14-6c377c14cc17 req-9b3b1b44-e1de-4b5b-bd14-6c377c14cc17 ] Request (MultipleCreateTestJSON:test_multiple_create): 200 GET http://10.180.1.21/compute/v2.1/servers/4cc3443d-3d05-4d3b-a222-6b7367c1c989 0.055s
2024-11-06 22:21:39.777 63602 INFO tempest.lib.common.rest_client [req-10986cb5-2222-461d-894e-ade5a99fcb98 req-10986cb5-2222-461d-894e-ade5a99fcb98 ] Request (ServersNegativeTestMultiTenantJSON:setUpClass): 200 GET http://10.180.1.21/compute/v2.1/servers/c3e72352-f795-4ce7-9e0b-4e80c4329f7b 0.048s
2024-11-06 22:21:39.817 63645 INFO tempest.lib.common.rest_client [req-61c37772-7f10-4950-9259-3ffef748fe0c req-61c37772-7f10-4950-9259-3ffef748fe0c ] Request (ServersTestMultiNic:test_verify_duplicate_network_nics): 200 GET http://10.180.1.21/compute/v2.1/servers/3b9b51fe-d558-40ef-b22a-2b8958b3e1a0 0.044s
2024-11-06 22:21:39.849 63652 INFO tempest.lib.common.rest_client [req-7f892e6c-136b-4591-893f-05da6179e40e req-7f892e6c-136b-4591-893f-05da6179e40e ] Request (ServersWithSpecificFlavorTestJSON:test_verify_created_server_ephemeral_disk): 200 GET http://10.180.1.21/compute/v2.1/servers/930ff058-ab48-4c8a-8f5e-4820a3b12d50 0.085s
2024-11-06 22:21:39.919 63630 INFO tempest.lib.common.rest_client [req-4e5a8516-c0db-4f8f-b384-22e150c8f778 req-4e5a8516-c0db-4f8f-b384-22e150c8f778 ] Request (ServerAddressesNegativeTestJSON:setUpClass): 200 GET http://10.180.1.21/compute/v2.1/servers/1e8429b2-7149-4832-8590-e0ebd8501176 0.047s
2024-11-06 22:21:39.932 63598 INFO tempest.lib.common.rest_client [req-83ed258e-0f8d-4548-b2ee-c3f584c7d864 req-83ed258e-0f8d-4548-b2ee-c3f584c7d864 ] Request (TenantUsagesTestJSON:setUpClass): 200 GET http://10.180.1.21/compute/v2.1/servers/346748bd-b4e8-4e93-b71d-66c90a45e372 0.085s
2024-11-06 22:21:39.969 63636 INFO tempest.lib.common.rest_client [req-9f59d3f1-7643-43db-a22c-e5d21ea3f442 req-9f59d3f1-7643-43db-a22c-e5d21ea3f442 ] Request (ServersTestBootFromVolume:setUpClass): 200 GET http://10.180.1.21/compute/v2.1/servers/154fa64c-55d4-4b72-8af9-39e72fd5df5f 0.045s
2024-11-06 22:21:40.147 63618 INFO tempest.lib.common.rest_client [req-cc4b8226-9f2e-4904-a049-bb015c1ec564 req-cc4b8226-9f2e-4904-a049-bb015c1ec564 ] Request (ImagesOneServerTestJSON:setUpClass): 200 GET http://10.180.1.21/compute/v2.1/servers/d68ccb50-a04d-4e59-8161-f01305eb81a8 0.124s
2024-11-06 22:21:40.188 63620 INFO tempest.lib.common.rest_client [req-8aee8470-230a-447b-b282-21113aa2b493 req-8aee8470-230a-447b-b282-21113aa2b493 ] Request (ServerMetadataTestJSON:setUpClass): 200 GET http://10.180.1.21/compute/v2.1/servers/04122dba-4cbf-4176-95bd-f1c4bfaa799e 0.050s
2024-11-06 22:21:40.245 63642 INFO tempest.lib.common.rest_client [req-c7605d46-2b44-4bff-84aa-76efd6c5eb78 req-c7605d46-2b44-4bff-84aa-76efd6c5eb78 ] Request (ImagesOneServerNegativeTestJSON:setUpClass): 200 GET http://10.180.1.21/compute/v2.1/servers/350e2302-66b9-4dd6-b0f4-77000992408b 0.123s
2024-11-06 22:21:40.267 63604 INFO tempest.lib.common.rest_client [req-b4007ab7-fa38-45d8-a787-67e3f5c743b6 req-b4007ab7-fa38-45d8-a787-67e3f5c743b6 ] Request (ServerActionsTestOtherB:setUpClass): 200 GET http://10.180.1.21/compute/v2.1/servers/b6908c32-5916-4a0e-92e2-21f480c5f7ca 0.047s
2024-11-06 22:21:40.312 63606 INFO tempest.lib.common.rest_client [req-cc005838-7f85-478c-b703-245aea9bcd98 req-cc005838-7f85-478c-b703-245aea9bcd98 ] Request (SecurityGroupsTestJSON:test_list_security_groups_by_server): 200 GET http://10.180.1.21/compute/v2.1/servers/c01ad807-a9a5-4028-baf4-0469a6301459 0.046s
2024-11-06 22:21:40.346 63616 INFO tempest.lib.common.rest_client [req-dbdd2943-ab04-4d9c-a6d5-ae4f80cdd54b req-dbdd2943-ab04-4d9c-a6d5-ae4f80cdd54b ] Request (ServersTestJSON:setUpClass): 200 GET http://10.180.1.21/compute/v2.1/servers/dfc291fd-1481-4e76-9fb3-ec87124c1281 0.088s
2024-11-06 22:21:40.353 63622 INFO tempest.lib.common.rest_client [req-d3254519-b678-4343-b5ae-703741279f8b req-d3254519-b678-4343-b5ae-703741279f8b ] Request (FloatingIPsAssociationTestJSON:setUpClass): 200 GET http://10.180.1.21/compute/v2.1/servers/4f5018a5-26f5-4a31-8a9d-d2557c906995 0.043s
2024-11-06 22:21:40.402 63612 INFO tempest.lib.common.rest_client [req-5c3e6f13-0942-4a72-b1d4-8094e5667e38 req-5c3e6f13-0942-4a72-b1d4-8094e5667e38 ] Request (MigrationsAdminTest:test_resize_server_revert_deleted_flavor): 200 GET http://10.180.1.21/compute/v2.1/servers/c000e183-2e57-470e-a9a5-30b5899e77c1 0.044s
2024-11-06 22:21:40.460 63640 INFO tempest.lib.common.rest_client [req-794aaf53-8983-439c-96fb-3698acd522ba req-794aaf53-8983-439c-96fb-3698acd522ba ] Request (ServerShowV254Test:test_rebuild_server): 200 GET http://10.180.1.21/compute/v2.1/servers/560b7750-03fe-4a4c-ab1d-a1751895986b 0.046s
2024-11-06 22:21:40.503 63614 INFO tempest.lib.common.rest_client [req-31884d95-46ed-4a66-b877-915505f301c9 req-31884d95-46ed-4a66-b877-915505f301c9 ] Request (DeleteServersAdminTestJSON:test_delete_server_while_in_error_state): 200 GET http://10.180.1.21/compute/v2.1/servers/21bd4623-2b46-43c4-859f-c4d3bf261e1f 0.042s
2024-11-06 22:21:40.525 63656 INFO tempest.lib.common.rest_client [req-6b75e134-daab-41db-8032-8f629f869229 req-6b75e134-daab-41db-8032-8f629f869229 ] Request (ServersTestFqdnHostnames:test_create_server_with_fqdn_name): 200 GET http://10.180.1.21/compute/v2.1/servers/19d15611-315f-4c4b-8f32-e5d00d0d8ca8 0.125s
2024-11-06 22:21:40.566 63654 INFO tempest.lib.common.rest_client [req-7d8b6eab-c91f-4ecc-82b5-3b10a2092fed req-7d8b6eab-c91f-4ecc-82b5-3b10a2092fed ] Request (ServerActionsTestOtherA:setUpClass): 200 GET http://10.180.1.21/compute/v2.1/servers/fb905507-549f-4265-9851-4a42930c02a4 0.056s
2024-11-06 22:21:40.589 63634 INFO tempest.lib.common.rest_client [req-e15e469c-15ca-48bf-8a15-ee4c14f3b4ed req-e15e469c-15ca-48bf-8a15-ee4c14f3b4ed ] Request (ServersAdminTestJSON:tearDownClass): 200 GET http://10.180.1.21/compute/v2.1/servers/36ff1435-1999-4e95-8920-81a1b25cc452 0.093s
2024-11-06 22:21:40.611 63610 INFO tempest.lib.common.rest_client [req-9e277467-d0b3-4b68-9359-5af85bafde07 req-9e277467-d0b3-4b68-9359-5af85bafde07 ] Request (ServerDiagnosticsV248Test:test_get_server_diagnostics): 200 GET http://10.180.1.21/compute/v2.1/servers/68925f1b-da69-4955-acb1-d6500b03daee 0.052s
2024-11-06 22:21:40.654 63660 INFO tempest.lib.common.rest_client [req-bb8226be-3c83-4982-bda1-03e26af6cf5f req-bb8226be-3c83-4982-bda1-03e26af6cf5f ] Request (FloatingIPsAssociationNegativeTestJSON:setUpClass): 200 GET http://10.180.1.21/compute/v2.1/servers/30d7d279-7241-4f2e-b963-d205a5f9fa41 0.052s
2024-11-06 22:21:40.671 63624 INFO tempest.lib.common.rest_client [req-74a6dfbc-d011-4279-8008-6b8ef5f57b4f req-74a6dfbc-d011-4279-8008-6b8ef5f57b4f ] Request (ServerDiagnosticsNegativeTest:test_get_server_diagnostics_by_non_admin): 200 GET http://10.180.1.21/compute/v2.1/servers/866c4415-caab-4d81-86ba-ed662feb3c4f 0.091s
2024-11-06 22:21:40.696 63600 INFO tempest.lib.common.rest_client [req-b2d9f576-cc74-481a-9c74-1bb811040044 req-b2d9f576-cc74-481a-9c74-1bb811040044 ] Request (InstanceActionsNegativeTestJSON:setUpClass): 200 GET http://10.180.1.21/compute/v2.1/servers/27cd13ca-a17c-476e-a00a-cca1fe898763 0.074s
2024-11-06 22:21:40.715 63638 INFO tempest.lib.common.rest_client [req-41a96db9-88bc-4f05-ad1e-3b57c7144a57 req-41a96db9-88bc-4f05-ad1e-3b57c7144a57 ] Request (ImagesNegativeTestJSON:test_create_image_from_deleted_server): 200 GET http://10.180.1.21/compute/v2.1/servers/86e8e8ba-e476-400d-b180-bb7df8a042d8 0.072s
2024-11-06 22:21:40.739 63650 INFO tempest.lib.common.rest_client [req-d0e10443-4f46-4c03-b50d-b2a9783acbf7 req-d0e10443-4f46-4c03-b50d-b2a9783acbf7 ] Request (ServerDiagnosticsTest:test_get_server_diagnostics): 200 GET http://10.180.1.21/compute/v2.1/servers/f646a534-1ae8-40dd-9819-3d71bda87ae2 0.053s
2024-11-06 22:21:40.782 63632 INFO tempest.lib.common.rest_client [req-edc95a78-0cc2-4c64-b214-2551f3440459 req-edc95a78-0cc2-4c64-b214-2551f3440459 ] Request (InstanceActionsV221TestJSON:test_get_list_deleted_instance_actions): 200 GET http://10.180.1.21/compute/v2.1/servers/2b98866e-3c86-47bd-9eff-2c2743631563 0.053s
2024-11-06 22:21:40.804 63626 INFO tempest.lib.common.rest_client [req-11e9e6dc-5779-465c-9b2b-81892c366e5d req-11e9e6dc-5779-465c-9b2b-81892c366e5d ] Request (VolumesAssistedSnapshotsTest:test_volume_assisted_snapshot_create_delete): 200 GET http://10.180.1.21/compute/v2.1/servers/23bc5a48-3e96-4897-bf28-ad14a0bdde62 0.098s
2024-11-06 22:21:40.824 63646 INFO tempest.lib.common.rest_client [req-e1e863a1-e4b2-49ed-90d5-ef9541cbf685 req-e1e863a1-e4b2-49ed-90d5-ef9541cbf685 ] Request (MultipleCreateTestJSON:test_multiple_create): 200 GET http://10.180.1.21/compute/v2.1/servers/4cc3443d-3d05-4d3b-a222-6b7367c1c989 0.073s
2024-11-06 22:21:40.847 63602 INFO tempest.lib.common.rest_client [req-bb357acf-9aec-4e32-be44-dd679c3d6038 req-bb357acf-9aec-4e32-be44-dd679c3d6038 ] Request (ServersNegativeTestMultiTenantJSON:setUpClass): 200 GET http://10.180.1.21/compute/v2.1/servers/c3e72352-f795-4ce7-9e0b-4e80c4329f7b 0.064s
2024-11-06 22:21:40.866 63645 INFO tempest.lib.common.rest_client [req-31092ffb-6bd1-4473-9d05-f0e8ff8a8015 req-31092ffb-6bd1-4473-9d05-f0e8ff8a8015 ] Request (ServersTestMultiNic:test_verify_duplicate_network_nics): 200 GET http://10.180.1.21/compute/v2.1/servers/3b9b51fe-d558-40ef-b22a-2b8958b3e1a0 0.042s
