2025-11-24 14:32:45.043 66345 INFO tempest.lib.common.rest_client [req-7f408a67-19ab-4ccb-bb7d-eed6735bf529 req-7f408a67-19ab-4ccb-bb7d-eed6735bf529 ] Request (ServersAaction247Test:test_create_backup): 200 GET http://10.180.1.21/compute/v2.1/servers/c338a1b0-0d91-44e5-841d-b4b10770fbac 5.010s
2025-11-24 14:32:45.115 66311 INFO tempest.lib.common.rest_client [req-8cc2ffee-1484-4d72-afc2-1f46e18a3b32 req-8cc2ffee-1484-4d72-afc2-1f46e18a3b32 ] Request (HypervisorAdminNegativeUnderV252Test:tearDownClass): 204 DELETE http://10.180.1.21/identity/v3/projects/bc1172117f954d87a8a06378bd588a6e 0.096s
2025-11-24 14:32:45.115 66311 INFO tempest.lib.common.dynamic_creds [-] Deleting project and security group for project: e816ab875abc4acaa748b64b99f570a7
2025-11-24 14:32:45.141 66343 INFO tempest.lib.common.rest_client [req-7eea6a9c-87aa-436b-aa43-a7b3e4abf64b req-7eea6a9c-87aa-436b-aa43-a7b3e4abf64b ] Request (ServersAdmin275Test:test_rebuild_update_server_275): 200 GET http://10.180.1.21/compute/v2.1/servers/1e5afc11-0db5-4d36-a29a-b8adf48390a6 5.092s
2025-11-24 14:32:45.156 66343 INFO tempest.common.waiters [-] State transition "BUILD/spawning" ==> "ACTIVE/None" after 11 second wait
2025-11-24 14:32:45.310 66311 INFO tempest.lib.common.rest_client [req-06c05e8e-e440-48c4-9bac-c9a904bc4eda req-06c05e8e-e440-48c4-9bac-c9a904bc4eda ] Request (HypervisorAdminNegativeUnderV252Test:tearDownClass): 200 GET http://10.180.1.21/networking/v2.0/security-groups?tenant_id=e816ab875abc4acaa748b64b99f570a7&name=default 0.194s
2025-11-24 14:32:45.367 66335 INFO tempest.lib.common.rest_client [req-798de0d4-87bb-4c94-abb4-f088245c6d01 req-798de0d4-87bb-4c94-abb4-f088245c6d01 ] Request (ServersAdminTestJSON:setUpClass): 200 GET http://10.180.1.21/compute/v2.1/servers/725d4c63-025b-405a-a8d7-77fc2275d946 5.279s
2025-11-24 14:32:45.544 66311 INFO tempest.lib.common.rest_client [req-54e1444b-2b96-40db-962f-6dd4d3aa8678 req-54e1444b-2b96-40db-962f-6dd4d3aa8678 ] Request (HypervisorAdminNegativeUnderV252Test:tearDownClass): 204 DELETE http://10.180.1.21/networking/v2.0/security-groups/a1c48ffb-7e22-4376-b485-ad22c2ff1c5e 0.233s
2025-11-24 14:32:45.573 66321 INFO tempest.lib.common.rest_client [req-2769bbb0-cce7-4b95-ba06-60eef615670f req-2769bbb0-cce7-4b95-ba06-60eef615670f ] Request (ServersTestBootFromVolume:setUpClass): 200 GET http://10.180.1.21/volume/v3/volumes/a47d4898-a2a8-4387-b059-6886c7fe9c44 0.045s
2025-11-24 14:32:45.693 66311 INFO tempest.lib.common.rest_client [req-f49ad8d1-6444-4b7f-92e9-ead6be739dd5 req-f49ad8d1-6444-4b7f-92e9-ead6be739dd5 ] Request (HypervisorAdminNegativeUnderV252Test:tearDownClass): 204 DELETE http://10.180.1.21/identity/v3/projects/e816ab875abc4acaa748b64b99f570a7 0.149s
2025-11-24 14:32:45.757 66311 INFO tempest.lib.common.rest_client [req-3969b231-d8de-4575-b84d-49f6dafd83f5 req-3969b231-d8de-4575-b84d-49f6dafd83f5 ] Request (SecurityGroupsNegativeTestJSON:setUpClass): 201 POST http://10.180.1.21/identity/v3/auth/tokens 0.061s
2025-11-24 14:32:45.797 66311 INFO tempest.lib.common.rest_client [req-de26e1ea-ee5b-4af9-ab00-dbec86837803 req-de26e1ea-ee5b-4af9-ab00-dbec86837803 ] Request (SecurityGroupsNegativeTestJSON:setUpClass): 201 POST http://10.180.1.21/identity/v3/auth/tokens 0.033s
2025-11-24 14:32:45.803 66307 INFO tempest.lib.common.rest_client [req-57f870df-cf80-4c34-bf19-30649aff973b req-57f870df-cf80-4c34-bf19-30649aff973b ] Request (ServerDiagnosticsNegativeTest:test_get_server_diagnostics_by_non_admin): 200 GET http://10.180.1.21/compute/v2.1/servers/7b893801-07b6-4a7a-845e-d4479144e544 5.281s
2025-11-24 14:32:45.816 66307 INFO tempest.common.waiters [-] State transition "BUILD/spawning" ==> "ACTIVE/None" after 16 second wait
2025-11-24 14:32:45.834 66311 INFO tempest.lib.common.rest_client [req-af336fbe-d8ce-4743-a728-39dcdce3540f req-af336fbe-d8ce-4743-a728-39dcdce3540f ] Request (SecurityGroupsNegativeTestJSON:setUpClass): 200 GET http://10.180.1.21/identity/v3/domains?name=Default 0.037s
2025-11-24 14:32:45.866 66311 INFO tempest.lib.common.rest_client [req-5bb96cfb-f45c-4088-968a-8e35cbc14bc1 req-5bb96cfb-f45c-4088-968a-8e35cbc14bc1 ] Request (SecurityGroupsNegativeTestJSON:setUpClass): 201 POST http://10.180.1.21/identity/v3/projects 0.031s
2025-11-24 14:32:45.940 66311 INFO tempest.lib.common.rest_client [req-74f8eea0-d7b7-4a9e-8578-10e884af0705 req-74f8eea0-d7b7-4a9e-8578-10e884af0705 ] Request (SecurityGroupsNegativeTestJSON:setUpClass): 201 POST http://10.180.1.21/identity/v3/users 0.074s
2025-11-24 14:32:45.966 66311 INFO tempest.lib.common.rest_client [req-db597bc1-2338-4029-9c2b-b288651bfdd8 req-db597bc1-2338-4029-9c2b-b288651bfdd8 ] Request (SecurityGroupsNegativeTestJSON:setUpClass): 200 GET http://10.180.1.21/identity/v3/roles 0.025s
2025-11-24 14:32:45.996 66311 INFO tempest.lib.common.rest_client [req-d2ce2f60-1ea6-477d-84b8-95cded288043 req-d2ce2f60-1ea6-477d-84b8-95cded288043 ] Request (SecurityGroupsNegativeTestJSON:setUpClass): 204 PUT http://10.180.1.21/identity/v3/projects/866da7318377428badd091738321a075/users/c01c0807fbfc4ff198ceb74d6feaa0b1/roles/9398be14c9b4490cbfc4194f781fc6ce 0.029s
2025-11-24 14:32:45.996 66311 INFO tempest.lib.common.dynamic_creds [-] Dynamic test user c01c0807fbfc4ff198ceb74d6feaa0b1 is created with scope project and roles: ['member']
2025-11-24 14:32:45.996 66311 INFO tempest.lib.common.dynamic_creds [-] Acquired dynamic creds: credentials: Credentials: {'domain_id': 'default', 'domain_name': 'Default', 'username': 'tempest-SecurityGroupsNegativeTestJSON-1599961609-project-member', 'project_domain_id': 'default', 'project_domain_name': 'Default', 'project_id': '866da7318377428badd091738321a075', 'project_name': 'tempest-SecurityGroupsNegativeTestJSON-1599961609', 'tenant_id': '866da7318377428badd091738321a075', 'tenant_name': 'tempest-SecurityGroupsNegativeTestJSON-1599961609', 'user_domain_id': 'default', 'user_domain_name': 'Default', 'user_id': 'c01c0807fbfc4ff198ceb74d6feaa0b1', 'system': None}, Network: None, Subnet: None, Router: None
2025-11-24 14:32:46.025 66355 INFO tempest.lib.common.rest_client [req-db0cfe65-1dab-46c9-8ae2-12363a8fd7c3 req-db0cfe65-1dab-46c9-8ae2-12363a8fd7c3 ] Request (ServersAdminNegativeTestJSON:setUpClass): 200 GET http://10.180.1.21/compute/v2.1/servers/e745403e-3277-4edb-93ca-16c2a3396ed9 5.458s
2025-11-24 14:32:46.033 66355 INFO tempest.common.waiters [-] State transition "BUILD/spawning" ==> "ACTIVE/None" after 17 second wait
2025-11-24 14:32:46.078 66311 INFO tempest.lib.common.rest_client [req-7a57f114-3148-4610-ae44-e22c7b757182 req-7a57f114-3148-4610-ae44-e22c7b757182 ] Request (SecurityGroupsNegativeTestJSON:setUpClass): 201 POST http://10.180.1.21/identity/v3/auth/tokens 0.081s
2025-11-24 14:32:46.187 66315 INFO tempest.lib.common.rest_client [req-cb055858-7a43-48f0-bd0c-b0c3c83ac62f req-cb055858-7a43-48f0-bd0c-b0c3c83ac62f ] Request (ServerActionsTestJSON:setUpClass): 200 GET http://10.180.1.21/compute/v2.1/servers/9d8c30eb-4dd2-48ca-bb09-7d30814ed474 5.548s
2025-11-24 14:32:46.193 66341 INFO tempest.lib.common.rest_client [req-72df773c-f634-4b5f-855b-07bccf10859c req-72df773c-f634-4b5f-855b-07bccf10859c ] Request (HostsAdminNegativeTestJSON:test_shutdown_host_with_non_admin_user): 403 GET http://10.180.1.21/compute/v2.1/os-hosts/devstack/shutdown 5.540s
2025-11-24 14:32:46.476 66311 INFO tempest.lib.common.rest_client [req-6026832f-7a7b-4e2c-8ae6-487412c36fc3 req-6026832f-7a7b-4e2c-8ae6-487412c36fc3 ] Request (SecurityGroupsNegativeTestJSON:setUpClass): 201 POST http://10.180.1.21/networking/v2.0/networks 0.398s
2025-11-24 14:32:46.584 66337 INFO tempest.lib.common.rest_client [req-6da0ffe6-ee6f-4feb-a21f-1350902c625a req-6da0ffe6-ee6f-4feb-a21f-1350902c625a ] Request (ServerDiagnosticsV248Test:test_get_server_diagnostics): 200 GET http://10.180.1.21/compute/v2.1/servers/08bfb94e-3693-45aa-ac2d-3368979d37ab 5.927s
2025-11-24 14:32:46.594 66337 INFO tempest.common.waiters [-] State transition "BUILD/spawning" ==> "ACTIVE/None" after 17 second wait
2025-11-24 14:32:46.613 66339 INFO tempest.lib.common.rest_client [req-c3d8125d-b5ed-4522-962a-1cca3ffff604 req-c3d8125d-b5ed-4522-962a-1cca3ffff604 ] Request (FlavorsExtraSpecsTestJSON:test_flavor_set_get_update_show_unset_keys): 200 POST http://10.180.1.21/compute/v2.1/flavors/1399695047/os-extra_specs 5.935s
2025-11-24 14:32:46.616 66321 INFO tempest.lib.common.rest_client [req-455c9089-5ecf-4ca4-9248-68da1c9859fb req-455c9089-5ecf-4ca4-9248-68da1c9859fb ] Request (ServersTestBootFromVolume:setUpClass): 200 GET http://10.180.1.21/volume/v3/volumes/a47d4898-a2a8-4387-b059-6886c7fe9c44 0.036s
2025-11-24 14:32:46.630 66325 INFO tempest.lib.common.rest_client [req-c7daee24-ae04-4a93-bf81-9973fdcdce38 req-c7daee24-ae04-4a93-bf81-9973fdcdce38 ] Request (ServersWithSpecificFlavorTestJSON:test_verify_created_server_ephemeral_disk): 200 POST http://10.180.1.21/compute/v2.1/flavors 5.930s
2025-11-24 14:32:46.733 66311 INFO tempest.lib.common.rest_client [req-9e764119-a75b-4013-a2b9-6d9be628fdc0 req-9e764119-a75b-4013-a2b9-6d9be628fdc0 ] Request (SecurityGroupsNegativeTestJSON:setUpClass): 201 POST http://10.180.1.21/networking/v2.0/subnets 0.256s
2025-11-24 14:32:46.836 66361 INFO tempest.lib.common.rest_client [req-d2e596d9-0744-46dc-8dec-5a3235678b05 req-d2e596d9-0744-46dc-8dec-5a3235678b05 ] Request (AttachInterfacesV270Test:test_create_get_list_interfaces): 200 GET http://10.180.1.21/compute/v2.1/servers/fa474b9a-db49-48f0-8f9a-2706c1cded20 6.077s
2025-11-24 14:32:46.850 66361 INFO tempest.common.waiters [-] State transition "BUILD/None" ==> "BUILD/spawning" after 10 second wait
2025-11-24 14:32:46.850 66305 INFO tempest.lib.common.rest_client [req-17d5b24b-feb8-4a1c-92ea-6f5d354342c7 req-17d5b24b-feb8-4a1c-92ea-6f5d354342c7 ] Request (FlavorsAccessNegativeTestJSON:_run_cleanups): 202 DELETE http://10.180.1.21/compute/v2.1/flavors/960988299 5.971s
2025-11-24 14:32:46.879 66363 INFO tempest.lib.common.rest_client [req-fae7e61b-06c8-428a-91f8-1ff5519b543a req-fae7e61b-06c8-428a-91f8-1ff5519b543a ] Request (HypervisorAdminNegativeTestJSON:test_show_hypervisor_with_non_admin_user): 200 GET http://10.180.1.21/compute/v2.1/os-hypervisors 5.993s
2025-11-24 14:32:46.895 66303 INFO tempest.lib.common.rest_client [req-3cf6836a-e84d-4538-b056-f473ab1390ea req-3cf6836a-e84d-4538-b056-f473ab1390ea ] Request (FlavorsAccessTestJSON:test_flavor_access_list_with_private_flavor): 200 GET http://10.180.1.21/compute/v2.1/flavors/824685987/os-flavor-access 5.982s
2025-11-24 14:32:47.291 66323 INFO tempest.lib.common.rest_client [req-995dee0f-0aeb-42dc-bb0a-2f2c23b56af0 req-995dee0f-0aeb-42dc-bb0a-2f2c23b56af0 ] Request (VolumesAssistedSnapshotsTest:test_volume_assisted_snapshot_create_delete): 200 GET http://10.180.1.21/compute/v2.1/servers/fdbd0b96-711e-438b-b7a3-b5a692fae322 6.308s
2025-11-24 14:32:47.299 66323 INFO tempest.common.waiters [-] State transition "BUILD/scheduling" ==> "BUILD/None" after 8 second wait
2025-11-24 14:32:47.419 66319 INFO tempest.lib.common.rest_client [req-b966aa10-1dc2-4a9b-8c25-b6270008676e req-b966aa10-1dc2-4a9b-8c25-b6270008676e ] Request (ServersTestJSON:setUpClass): 200 GET http://10.180.1.21/compute/v2.1/servers/8c1090dc-a2c5-476a-a296-6323e591cc45 5.855s
2025-11-24 14:32:47.430 66319 INFO tempest.common.waiters [-] State transition "BUILD/scheduling" ==> "BUILD/None" after 7 second wait
2025-11-24 14:32:47.570 66333 INFO tempest.lib.common.rest_client [req-66513a1b-76ba-4252-be57-7dafc2c6c4c5 req-66513a1b-76ba-4252-be57-7dafc2c6c4c5 ] Request (TenantUsagesNegativeTestJSON:test_get_usage_tenant_with_empty_tenant_id): 404 GET http://10.180.1.21/compute/v2.1/os-simple-tenant-usage/?start=2025-11-23T14%3A32%3A42.005297&end=2025-11-25T14%3A32%3A42.005297 5.565s
2025-11-24 14:32:47.573 66333 WARNING tempest.lib.common.rest_client [-] Deprecated: "tenant_id" property is deprecated for removal, use "project_id" instead
2025-11-24 14:32:47.659 66311 INFO tempest.lib.common.rest_client [req-e6c07b34-6b97-40e4-b39a-d3bf7b15bfc1 req-e6c07b34-6b97-40e4-b39a-d3bf7b15bfc1 ] Request (SecurityGroupsNegativeTestJSON:setUpClass): 201 POST http://10.180.1.21/networking/v2.0/routers 0.926s
2025-11-24 14:32:47.672 66321 INFO tempest.lib.common.rest_client [req-a78c9b5e-c303-4453-bfb5-9371a850cf52 req-a78c9b5e-c303-4453-bfb5-9371a850cf52 ] Request (ServersTestBootFromVolume:setUpClass): 200 GET http://10.180.1.21/volume/v3/volumes/a47d4898-a2a8-4387-b059-6886c7fe9c44 0.047s
2025-11-24 14:32:48.721 66321 INFO tempest.lib.common.rest_client [req-ede401aa-d345-4c3d-8080-fc8926407e7b req-ede401aa-d345-4c3d-8080-fc8926407e7b ] Request (ServersTestBootFromVolume:setUpClass): 200 GET http://10.180.1.21/volume/v3/volumes/a47d4898-a2a8-4387-b059-6886c7fe9c44 0.038s
2025-11-24 14:32:48.819 66311 INFO tempest.lib.common.rest_client [req-6f34b965-4a7a-4945-8ed4-831c48592a85 req-6f34b965-4a7a-4945-8ed4-831c48592a85 ] Request (SecurityGroupsNegativeTestJSON:setUpClass): 200 PUT http://10.180.1.21/networking/v2.0/routers/607e8bd1-acad-4e63-9d26-bea0036424a7/add_router_interface 1.159s
2025-11-24 14:32:48.819 66311 INFO tempest.lib.common.dynamic_creds [-] Created isolated network resources for: credentials: Credentials: {'domain_id': 'default', 'domain_name': 'Default', 'username': 'tempest-SecurityGroupsNegativeTestJSON-1599961609-project-member', 'project_domain_id': 'default', 'project_domain_name': 'Default', 'project_id': '866da7318377428badd091738321a075', 'project_name': 'tempest-SecurityGroupsNegativeTestJSON-1599961609', 'tenant_id': '866da7318377428badd091738321a075', 'tenant_name': 'tempest-SecurityGroupsNegativeTestJSON-1599961609', 'user_domain_id': 'default', 'user_domain_name': 'Default', 'user_id': 'c01c0807fbfc4ff198ceb74d6feaa0b1', 'system': None}, Network: {'id': 'b2f315a4-13a8-4a02-b14f-c7cf484e687c', 'name': 'tempest-SecurityGroupsNegativeTestJSON-1748448722-network', 'tenant_id': '866da7318377428badd091738321a075', 'project_id': '866da7318377428badd091738321a075', 'admin_state_up': True, 'mtu': 8950, 'status': 'ACTIVE', 'subnets': [], 'shared': False, 'port_security_enabled': True, 'router:external': False, 'provider:network_type': 'vlan', 'provider:physical_network': 'default', 'provider:segmentation_id': 348, 'availability_zone_hints': [], 'availability_zones': [], 'ipv4_address_scope': None, 'ipv6_address_scope': None, 'description': '', 'tags': [], 'created_at': '2025-11-24T14:32:46Z', 'updated_at': '2025-11-24T14:32:46Z', 'revision_number': 1}, Subnet: {'id': '79db745d-7d25-4410-aba1-c5142470e277', 'name': 'tempest-SecurityGroupsNegativeTestJSON-1748448722-subnet', 'tenant_id': '866da7318377428badd091738321a075', 'network_id': 'b2f315a4-13a8-4a02-b14f-c7cf484e687c', 'ip_version': 4, 'subnetpool_id': None, 'enable_dhcp': True, 'ipv6_ra_mode': None, 'ipv6_address_mode': None, 'gateway_ip': '192.168.128.1', 'cidr': '192.168.128.0/28', 'allocation_pools': [{'start': '192.168.128.2', 'end': '192.168.128.14'}], 'host_routes': [], 'dns_nameservers': [], 'description': '', 'router:external': False, 'service_types': [], 'tags': [], 'created_at': '2025-11-24T14:32:46Z', 'updated_at': '2025-11-24T14:32:46Z', 'revision_number': 0, 'project_id': '866da7318377428badd091738321a075'}, Router: {'id': '607e8bd1-acad-4e63-9d26-bea0036424a7', 'name': 'tempest-SecurityGroupsNegativeTestJSON-1748448722-router', 'tenant_id': '866da7318377428badd091738321a075', 'admin_state_up': True, 'status': 'ACTIVE', 'external_gateway_info': {'network_id': 'd8982e1b-c675-417f-bbdf-1c5cd2827933', 'external_fixed_ips': [{'subnet_id': 'eb88b088-7d58-4ddb-b5f5-775afa87e04c', 'ip_address': '10.180.180.244'}], 'enable_snat': True}, 'description': '', 'availability_zones': [], 'distributed': False, 'ha': False, 'availability_zone_hints': [], 'routes': [], 'flavor_id': None, 'tags': [], 'created_at': '2025-11-24T14:32:46Z', 'updated_at': '2025-11-24T14:32:47Z', 'revision_number': 2, 'project_id': '866da7318377428badd091738321a075'}
2025-11-24 14:32:48.928 66311 INFO tempest.lib.common.rest_client [req-5e992a87-768b-4d7a-b9e5-17c0a24f8141 req-5e992a87-768b-4d7a-b9e5-17c0a24f8141 ] Request (SecurityGroupsNegativeTestJSON:setUpClass): 201 POST http://10.180.1.21/identity/v3/auth/tokens 0.106s
2025-11-24 14:32:48.942 66351 INFO tempest.lib.common.rest_client [req-a1006377-0b02-4a1b-9892-fd4cf20f27c8 req-a1006377-0b02-4a1b-9892-fd4cf20f27c8 ] Request (SecurityGroupsTestAdminJSON:test_list_security_groups_list_all_tenants_filter): 200 GET http://10.180.1.21/compute/v2.1/os-security-groups?all_tenants=true 11.008s
2025-11-24 14:32:49.099 66301 INFO tempest.lib.common.rest_client [req-46aef581-9aef-4a93-9fde-37c076ff5817 req-46aef581-9aef-4a93-9fde-37c076ff5817 ] Request (ServerTagsTestJSON:setUpClass): 200 GET http://10.180.1.21/compute/v2.1/servers/ec514267-5e43-4e93-8517-abbc9e762774 5.930s
2025-11-24 14:32:49.280 66329 INFO tempest.lib.common.rest_client [req-1c7b1e77-4dd1-4640-868b-21a08ffae32e req-1c7b1e77-4dd1-4640-868b-21a08ffae32e ] Request (NetworksTest:test_list_all_networks): 200 GET http://10.180.1.21/compute/v2.1/os-networks 6.042s
2025-11-24 14:32:49.376 66329 INFO tempest.lib.common.rest_client [req-6c8c75c6-9583-4dc5-aaf8-cf9a690953f3 req-6c8c75c6-9583-4dc5-aaf8-cf9a690953f3 ] Request (NetworksTest:tearDownClass): 204 DELETE http://10.180.1.21/identity/v3/users/f41ba20d80744e219d78ada625dfb52c 0.089s
2025-11-24 14:32:49.451 66365 INFO tempest.lib.common.rest_client [req-4faa28c8-86a0-4034-9a9f-5c22986478bb req-4faa28c8-86a0-4034-9a9f-5c22986478bb ] Request (InstanceActionsV221TestJSON:test_get_list_deleted_instance_actions): 202 POST http://10.180.1.21/compute/v2.1/servers 6.316s
2025-11-24 14:32:49.482 66317 INFO tempest.lib.common.rest_client [req-f752c86c-9a59-45c8-bdcb-d2b0a0e37198 req-f752c86c-9a59-45c8-bdcb-d2b0a0e37198 ] Request (FlavorsAdminTestJSON:_run_cleanups): 200 GET http://10.180.1.21/compute/v2.1/flavors/detail 5.257s
2025-11-24 14:32:49.489 66353 INFO tempest.lib.common.rest_client [req-faac251a-57ad-4b1c-bbe7-86a7da0608ef req-faac251a-57ad-4b1c-bbe7-86a7da0608ef ] Request (FlavorsExtraSpecsNegativeTestJSON:test_flavor_non_admin_update_specific_key): 403 PUT http://10.180.1.21/compute/v2.1/flavors/729580101/os-extra_specs/hw:numa_nodes 5.232s
2025-11-24 14:32:49.494 66329 INFO tempest.lib.common.rest_client [req-f8a7ffb7-c216-4b86-be2c-eb3155d5081e req-f8a7ffb7-c216-4b86-be2c-eb3155d5081e ] Request (NetworksTest:tearDownClass): 204 DELETE http://10.180.1.21/identity/v3/users/5cd3a6c965e846f1a603c7b296767d98 0.118s
2025-11-24 14:32:49.494 66329 INFO tempest.lib.common.dynamic_creds [-] Deleting project and security group for project: ca1d7deda698410385ff53cae4f682f9
2025-11-24 14:32:49.590 66329 INFO tempest.lib.common.rest_client [req-fc8e20ed-23e8-4925-9945-f8a4a1b81e2e req-fc8e20ed-23e8-4925-9945-f8a4a1b81e2e ] Request (NetworksTest:tearDownClass): 201 POST http://10.180.1.21/identity/v3/auth/tokens 0.095s
2025-11-24 14:32:49.597 66347 INFO tempest.lib.common.rest_client [req-d63dfae4-6e8e-447f-95ea-f312360c0686 req-d63dfae4-6e8e-447f-95ea-f312360c0686 ] Request (FloatingIPDetailsTestJSON:test_get_floating_ip_details): 200 GET http://10.180.1.21/compute/v2.1/os-floating-ips/44b9564a-7157-4bcf-8b8c-a362fc27eba7 5.592s
2025-11-24 14:32:49.612 66327 INFO tempest.lib.common.rest_client [req-a49a1672-f1c6-4e57-b106-b2eaef02c4b3 req-a49a1672-f1c6-4e57-b106-b2eaef02c4b3 ] Request (DeleteServersAdminTestJSON:test_admin_delete_servers_of_others): 200 GET http://10.180.1.21/compute/v2.1/servers/d5e2993e-04db-4240-a493-2afa2a969e95 5.033s
2025-11-24 14:32:49.619 66331 INFO tempest.lib.common.rest_client [req-9ca399c6-3d05-4093-bb40-1bdf02b961c8 req-9ca399c6-3d05-4093-bb40-1bdf02b961c8 ] Request (AggregatesAdminNegativeTestJSON:test_aggregate_add_host_as_user): 200 POST http://10.180.1.21/compute/v2.1/os-aggregates 5.005s
2025-11-24 14:32:49.640 66309 INFO tempest.lib.common.rest_client [req-cea0b597-8990-4188-84a0-b3c7a43e8e8f req-cea0b597-8990-4188-84a0-b3c7a43e8e8f ] Request (HostsAdminTestJSON:test_list_hosts_with_zone): 200 GET http://10.180.1.21/compute/v2.1/os-hosts 5.011s
2025-11-24 14:32:49.769 66321 INFO tempest.lib.common.rest_client [req-85ae349c-4299-4b2f-b90e-abef12af48b1 req-85ae349c-4299-4b2f-b90e-abef12af48b1 ] Request (ServersTestBootFromVolume:setUpClass): 200 GET http://10.180.1.21/volume/v3/volumes/a47d4898-a2a8-4387-b059-6886c7fe9c44 0.040s
2025-11-24 14:32:49.801 66313 INFO tempest.lib.common.rest_client [req-f6d4a7b5-c672-45aa-93d1-523863057211 req-f6d4a7b5-c672-45aa-93d1-523863057211 ] Request (QuotasAdminTestJSON:test_delete_quota): 200 PUT http://10.180.1.21/compute/v2.1/os-quota-sets/6203d1562e5c49e2bf0c6cee60a8ce65 5.009s
2025-11-24 14:32:49.806 66329 INFO tempest.lib.common.rest_client [req-e1c2fea7-ebec-4682-b895-da4ea7166404 req-e1c2fea7-ebec-4682-b895-da4ea7166404 ] Request (NetworksTest:tearDownClass): 200 GET http://10.180.1.21/networking/v2.0/security-groups?tenant_id=ca1d7deda698410385ff53cae4f682f9&name=default 0.215s
2025-11-24 14:32:49.926 66329 INFO tempest.lib.common.rest_client [req-1eefe11d-7153-4ff9-8323-36dfddf1265c req-1eefe11d-7153-4ff9-8323-36dfddf1265c ] Request (NetworksTest:tearDownClass): 204 DELETE http://10.180.1.21/networking/v2.0/security-groups/999061c8-3d8f-445d-a37e-58879040afef 0.119s
2025-11-24 14:32:49.950 66359 INFO tempest.lib.common.rest_client [req-eaeefb29-93b7-4b98-a55f-393a076b9b4e req-eaeefb29-93b7-4b98-a55f-393a076b9b4e ] Request (FloatingIPsAssociationNegativeTestJSON:setUpClass): 200 GET http://10.180.1.21/compute/v2.1/servers/09756e81-883c-4c9e-9088-94dc1ba4e429 4.735s
2025-11-24 14:32:49.963 66343 INFO tempest.lib.common.rest_client [req-7764aa1b-7e8f-4c11-8bdc-2480eebd4ff4 req-7764aa1b-7e8f-4c11-8bdc-2480eebd4ff4 ] Request (ServersAdmin275Test:test_rebuild_update_server_275): 202 POST http://10.180.1.21/compute/v2.1/servers/1e5afc11-0db5-4d36-a29a-b8adf48390a6/action 4.806s
2025-11-24 14:32:50.017 66307 INFO tempest.lib.common.rest_client [req-4d91d3a3-81f8-4de8-baf5-6c5a860eb94d req-4d91d3a3-81f8-4de8-baf5-6c5a860eb94d ] Request (ServerDiagnosticsNegativeTest:test_get_server_diagnostics_by_non_admin): 403 GET http://10.180.1.21/compute/v2.1/servers/7b893801-07b6-4a7a-845e-d4479144e544/diagnostics 4.200s
2025-11-24 14:32:50.046 66329 INFO tempest.lib.common.rest_client [req-c22e5da1-7b7e-4b5f-b892-2ed5d4486734 req-c22e5da1-7b7e-4b5f-b892-2ed5d4486734 ] Request (NetworksTest:tearDownClass): 204 DELETE http://10.180.1.21/identity/v3/projects/ca1d7deda698410385ff53cae4f682f9 0.119s
2025-11-24 14:32:50.047 66329 INFO tempest.lib.common.dynamic_creds [-] Deleting project and security group for project: 8c6e406595134270a55dddcb4e0ffcaf
2025-11-24 14:32:50.107 66349 INFO tempest.lib.common.rest_client [req-b5fcd1df-a908-4d5b-97f5-83e7f354edd9 req-b5fcd1df-a908-4d5b-97f5-83e7f354edd9 ] Request (AttachInterfacesTestJSON:test_create_list_show_delete_interfaces_by_fixed_ip): 200 GET http://10.180.1.21/compute/v2.1/servers/6719dfde-a9b8-4400-8350-8c372ee41f9c 4.160s
2025-11-24 14:32:50.115 66349 INFO tempest.common.waiters [-] State transition "BUILD/None" ==> "BUILD/spawning" after 12 second wait
2025-11-24 14:32:50.163 66355 INFO tempest.lib.common.rest_client [req-a547105e-520d-4394-bb06-c3733387425c req-a547105e-520d-4394-bb06-c3733387425c ] Request (ServersAdminNegativeTestJSON:test_migrate_non_existent_server): 404 POST http://10.180.1.21/compute/v2.1/servers/a9178338-716f-4a34-8d6d-684ed1632f0f/action 4.129s
2025-11-24 14:32:50.177 66341 INFO tempest.lib.common.rest_client [req-c46a581c-ba1d-47c0-87e2-ec626e99688d req-c46a581c-ba1d-47c0-87e2-ec626e99688d ] Request (HostsAdminNegativeTestJSON:test_shutdown_nonexistent_host): 404 GET http://10.180.1.21/compute/v2.1/os-hosts/nonexistent_hostname/shutdown 3.983s
2025-11-24 14:32:50.194 66345 INFO tempest.lib.common.rest_client [req-7882effe-a75a-40d2-aea2-aa0034151ef3 req-7882effe-a75a-40d2-aea2-aa0034151ef3 ] Request (ServersAaction247Test:test_create_backup): 200 GET http://10.180.1.21/compute/v2.1/servers/c338a1b0-0d91-44e5-841d-b4b10770fbac 4.136s
2025-11-24 14:32:50.199 66329 INFO tempest.lib.common.rest_client [req-27afd887-107f-4993-81a8-3e3ed95c56d2 req-27afd887-107f-4993-81a8-3e3ed95c56d2 ] Request (NetworksTest:tearDownClass): 200 GET http://10.180.1.21/networking/v2.0/security-groups?tenant_id=8c6e406595134270a55dddcb4e0ffcaf&name=default 0.151s
2025-11-24 14:32:50.203 66345 INFO tempest.common.waiters [-] State transition "BUILD/None" ==> "BUILD/block_device_mapping" after 11 second wait
2025-11-24 14:32:50.234 66335 INFO tempest.lib.common.rest_client [req-6a8cd4d6-0b92-4b84-ae23-e4b950a022b4 req-6a8cd4d6-0b92-4b84-ae23-e4b950a022b4 ] Request (ServersAdminTestJSON:setUpClass): 200 GET http://10.180.1.21/compute/v2.1/servers/725d4c63-025b-405a-a8d7-77fc2275d946 3.858s
2025-11-24 14:32:50.248 66339 INFO tempest.lib.common.rest_client [req-f282cb15-ade6-481f-b636-57039c5d9efa req-f282cb15-ade6-481f-b636-57039c5d9efa ] Request (FlavorsExtraSpecsTestJSON:test_flavor_set_get_update_show_unset_keys): 200 GET http://10.180.1.21/compute/v2.1/flavors/1399695047/os-extra_specs 3.634s
2025-11-24 14:32:50.249 66355 INFO tempest.lib.common.rest_client [req-faadfe4d-eee1-4ccd-bf33-2272f9ceb1af req-faadfe4d-eee1-4ccd-bf33-2272f9ceb1af ] Request (ServersAdminNegativeTestJSON:test_migrate_server_invalid_state): 201 POST http://10.180.1.21/identity/v3/auth/tokens 0.075s
2025-11-24 14:32:50.249 66355 INFO tempest.lib.common.fixed_network [-] (ServersAdminNegativeTestJSON:test_migrate_server_invalid_state) Found network None available for tenant
2025-11-24 14:32:50.262 66325 INFO tempest.lib.common.rest_client [req-93624a7b-08ec-4e09-9907-e48a586e46cf req-93624a7b-08ec-4e09-9907-e48a586e46cf ] Request (ServersWithSpecificFlavorTestJSON:test_verify_created_server_ephemeral_disk): 200 GET http://10.180.1.21/compute/v2.1/flavors/42/os-extra_specs 3.630s
2025-11-24 14:32:50.289 66305 INFO tempest.lib.common.rest_client [req-e24dcaa4-4e30-4fd2-ad48-942ea2e04ec9 req-e24dcaa4-4e30-4fd2-ad48-942ea2e04ec9 ] Request (FlavorsAccessNegativeTestJSON:_run_cleanups): 200 GET http://10.180.1.21/compute/v2.1/flavors/detail 3.438s
2025-11-24 14:32:50.294 66363 INFO tempest.lib.common.rest_client [req-8c51c901-3cdf-4344-b276-d7eb48fb441a req-8c51c901-3cdf-4344-b276-d7eb48fb441a ] Request (HypervisorAdminNegativeTestJSON:test_show_hypervisor_with_non_admin_user): 403 GET http://10.180.1.21/compute/v2.1/os-hypervisors/1 3.413s
2025-11-24 14:32:50.313 66329 INFO tempest.lib.common.rest_client [req-398b4af2-d259-4a94-a3cb-44ce5e88fe92 req-398b4af2-d259-4a94-a3cb-44ce5e88fe92 ] Request (NetworksTest:tearDownClass): 204 DELETE http://10.180.1.21/networking/v2.0/security-groups/78925598-f43c-46da-9cb5-48282fab366c 0.114s
2025-11-24 14:32:50.320 66303 INFO tempest.lib.common.rest_client [req-f26baeca-b74e-48c5-b06b-8e06e57811e4 req-f26baeca-b74e-48c5-b06b-8e06e57811e4 ] Request (FlavorsAccessTestJSON:_run_cleanups): 202 DELETE http://10.180.1.21/compute/v2.1/flavors/824685987 3.424s
2025-11-24 14:32:50.387 66315 INFO tempest.lib.common.rest_client [req-5710f0d3-14c6-4bda-8e97-d6bd1ba88007 req-5710f0d3-14c6-4bda-8e97-d6bd1ba88007 ] Request (ServerActionsTestJSON:setUpClass): 200 GET http://10.180.1.21/compute/v2.1/servers/9d8c30eb-4dd2-48ca-bb09-7d30814ed474 3.191s
2025-11-24 14:32:50.396 66315 INFO tempest.common.waiters [-] State transition "BUILD/scheduling" ==> "BUILD/None" after 4 second wait
2025-11-24 14:32:50.418 66333 INFO tempest.lib.common.rest_client [req-1c33d055-a814-4522-a633-77de785f0b20 req-1c33d055-a814-4522-a633-77de785f0b20 ] Request (TenantUsagesNegativeTestJSON:test_get_usage_tenant_with_invalid_date): 400 GET http://10.180.1.21/compute/v2.1/os-simple-tenant-usage/30b2b63b94304227bd5f09f609c6a1dd?start=2025-11-25T14%3A32%3A42.005297&end=2025-11-23T14%3A32%3A42.005297 2.844s
2025-11-24 14:32:50.508 66329 INFO tempest.lib.common.rest_client [req-cba59145-b26f-4182-be67-2e19ed1863c6 req-cba59145-b26f-4182-be67-2e19ed1863c6 ] Request (NetworksTest:tearDownClass): 204 DELETE http://10.180.1.21/identity/v3/projects/8c6e406595134270a55dddcb4e0ffcaf 0.194s
2025-11-24 14:32:50.594 66329 INFO tempest.lib.common.rest_client [req-cf45597c-d24c-4787-a4b9-a40574a7e8c4 req-cf45597c-d24c-4787-a4b9-a40574a7e8c4 ] Request (KeyPairsV2TestJSON:setUpClass): 201 POST http://10.180.1.21/identity/v3/auth/tokens 0.083s
2025-11-24 14:32:50.609 66361 INFO tempest.lib.common.rest_client [req-9455a057-9c01-41b5-a765-9abb1ba53a00 req-9455a057-9c01-41b5-a765-9abb1ba53a00 ] Request (AttachInterfacesV270Test:test_create_get_list_interfaces): 200 GET http://10.180.1.21/compute/v2.1/servers/fa474b9a-db49-48f0-8f9a-2706c1cded20 2.758s
2025-11-24 14:32:50.642 66329 INFO tempest.lib.common.rest_client [req-f53b3419-f11d-49cf-ab66-c6e423b6bc33 req-f53b3419-f11d-49cf-ab66-c6e423b6bc33 ] Request (KeyPairsV2TestJSON:setUpClass): 201 POST http://10.180.1.21/identity/v3/auth/tokens 0.044s
2025-11-24 14:32:50.680 66329 INFO tempest.lib.common.rest_client [req-fc2f14c9-ea8f-4860-95a8-1be94c2ec2ee req-fc2f14c9-ea8f-4860-95a8-1be94c2ec2ee ] Request (KeyPairsV2TestJSON:setUpClass): 200 GET http://10.180.1.21/identity/v3/domains?name=Default 0.037s
2025-11-24 14:32:50.683 66323 INFO tempest.lib.common.rest_client [req-4512d7d3-8bc3-4368-9aa9-aebcdd4acd8e req-4512d7d3-8bc3-4368-9aa9-aebcdd4acd8e ] Request (VolumesAssistedSnapshotsTest:test_volume_assisted_snapshot_create_delete): 200 GET http://10.180.1.21/compute/v2.1/servers/fdbd0b96-711e-438b-b7a3-b5a692fae322 2.382s
2025-11-24 14:32:50.724 66329 INFO tempest.lib.common.rest_client [req-117db584-9d1f-456a-8edf-93fa50727b43 req-117db584-9d1f-456a-8edf-93fa50727b43 ] Request (KeyPairsV2TestJSON:setUpClass): 201 POST http://10.180.1.21/identity/v3/projects 0.043s
2025-11-24 14:32:50.740 66319 INFO tempest.lib.common.rest_client [req-ca753a72-bdfb-4874-8cc7-e60e283db6f0 req-ca753a72-bdfb-4874-8cc7-e60e283db6f0 ] Request (ServersTestJSON:setUpClass): 200 GET http://10.180.1.21/compute/v2.1/servers/8c1090dc-a2c5-476a-a296-6323e591cc45 2.308s
2025-11-24 14:32:50.795 66329 INFO tempest.lib.common.rest_client [req-c445c35a-c885-4083-8abc-fdbc73af2f0b req-c445c35a-c885-4083-8abc-fdbc73af2f0b ] Request (KeyPairsV2TestJSON:setUpClass): 201 POST http://10.180.1.21/identity/v3/users 0.071s
2025-11-24 14:32:50.809 66321 INFO tempest.lib.common.rest_client [req-cdeeab98-ba86-4583-adc1-4e52a6a59d0e req-cdeeab98-ba86-4583-adc1-4e52a6a59d0e ] Request (ServersTestBootFromVolume:setUpClass): 200 GET http://10.180.1.21/volume/v3/volumes/a47d4898-a2a8-4387-b059-6886c7fe9c44 0.032s
2025-11-24 14:32:50.823 66329 INFO tempest.lib.common.rest_client [req-c5d8a096-689d-4154-905f-4e27a0fdbed7 req-c5d8a096-689d-4154-905f-4e27a0fdbed7 ] Request (KeyPairsV2TestJSON:setUpClass): 200 GET http://10.180.1.21/identity/v3/roles 0.026s
2025-11-24 14:32:50.860 66329 INFO tempest.lib.common.rest_client [req-5725fb69-bd03-47fc-8afd-b702e622396f req-5725fb69-bd03-47fc-8afd-b702e622396f ] Request (KeyPairsV2TestJSON:setUpClass): 204 PUT http://10.180.1.21/identity/v3/projects/927e21a16b6f407398abc06b38f88a0d/users/cfa66b39b75f47919cab86e5ede3e72e/roles/9398be14c9b4490cbfc4194f781fc6ce 0.037s
2025-11-24 14:32:50.861 66329 INFO tempest.lib.common.dynamic_creds [-] Dynamic test user cfa66b39b75f47919cab86e5ede3e72e is created with scope project and roles: ['member']
2025-11-24 14:32:50.861 66329 INFO tempest.lib.common.dynamic_creds [-] Acquired dynamic creds: credentials: Credentials: {'domain_id': 'default', 'domain_name': 'Default', 'username': 'tempest-KeyPairsV2TestJSON-1939708724-project-member', 'project_domain_id': 'default', 'project_domain_name': 'Default', 'project_id': '927e21a16b6f407398abc06b38f88a0d', 'project_name': 'tempest-KeyPairsV2TestJSON-1939708724', 'tenant_id': '927e21a16b6f407398abc06b38f88a0d', 'tenant_name': 'tempest-KeyPairsV2TestJSON-1939708724', 'user_domain_id': 'default', 'user_domain_name': 'Default', 'user_id': 'cfa66b39b75f47919cab86e5ede3e72e', 'system': None}, Network: None, Subnet: None, Router: None
2025-11-24 14:32:50.861 66329 INFO tempest.lib.common.dynamic_creds [-] Created isolated network resources for: credentials: Credentials: {'domain_id': 'default', 'domain_name': 'Default', 'username': 'tempest-KeyPairsV2TestJSON-1939708724-project-member', 'project_domain_id': 'default', 'project_domain_name': 'Default', 'project_id': '927e21a16b6f407398abc06b38f88a0d', 'project_name': 'tempest-KeyPairsV2TestJSON-1939708724', 'tenant_id': '927e21a16b6f407398abc06b38f88a0d', 'tenant_name': 'tempest-KeyPairsV2TestJSON-1939708724', 'user_domain_id': 'default', 'user_domain_name': 'Default', 'user_id': 'cfa66b39b75f47919cab86e5ede3e72e', 'system': None}, Network: None, Subnet: None, Router: None
2025-11-24 14:32:50.866 66337 INFO tempest.lib.common.rest_client [req-3eca145f-bff5-478d-8970-ee710b6bb8d5 req-3eca145f-bff5-478d-8970-ee710b6bb8d5 ] Request (ServerDiagnosticsV248Test:test_get_server_diagnostics): 200 GET http://10.180.1.21/compute/v2.1/servers/08bfb94e-3693-45aa-ac2d-3368979d37ab/diagnostics 4.271s
2025-11-24 14:32:50.875 66311 INFO tempest.lib.common.rest_client [req-b55b0a8e-f597-463b-b88d-48015db9ffb6 req-b55b0a8e-f597-463b-b88d-48015db9ffb6 ] Request (SecurityGroupsNegativeTestJSON:test_delete_nonexistent_security_group): 404 DELETE http://10.180.1.21/compute/v2.1/os-security-groups/e738a43e-438e-410d-8eeb-1b15d652068c 1.944s
2025-11-24 14:32:50.938 66365 INFO tempest.lib.common.rest_client [req-5d551d9d-0961-4110-a8ee-c8793feb120a req-5d551d9d-0961-4110-a8ee-c8793feb120a ] Request (InstanceActionsV221TestJSON:test_get_list_deleted_instance_actions): 200 GET http://10.180.1.21/compute/v2.1/servers/0e3f0166-bd20-4a15-afe6-53a58efb75de 1.485s
2025-11-24 14:32:50.943 66329 INFO tempest.lib.common.rest_client [req-28d50c92-421a-49dc-a02f-3bba27f874ef req-28d50c92-421a-49dc-a02f-3bba27f874ef ] Request (KeyPairsV2TestJSON:setUpClass): 201 POST http://10.180.1.21/identity/v3/auth/tokens 0.077s
2025-11-24 14:32:50.954 66353 INFO tempest.lib.common.rest_client [req-2e747607-c1f7-4625-bab6-1c0515c1bd1b req-2e747607-c1f7-4625-bab6-1c0515c1bd1b ] Request (FlavorsExtraSpecsNegativeTestJSON:test_flavor_unset_nonexistent_key): 404 DELETE http://10.180.1.21/compute/v2.1/flavors/729580101/os-extra_specs/hw:cpu_thread_policy 1.464s
2025-11-24 14:32:50.973 66317 INFO tempest.lib.common.rest_client [req-72dd40c1-9088-4aec-ab39-8af916e8505f req-72dd40c1-9088-4aec-ab39-8af916e8505f ] Request (FlavorsAdminTestJSON:test_create_flavor_with_int_id): 200 POST http://10.180.1.21/compute/v2.1/flavors 1.483s
2025-11-24 14:32:50.985 66351 INFO tempest.lib.common.rest_client [req-b8004b71-b9e4-4d84-9947-22d0dc70532d req-b8004b71-b9e4-4d84-9947-22d0dc70532d ] Request (SecurityGroupsTestAdminJSON:test_list_security_groups_list_all_tenants_filter): 200 GET http://10.180.1.21/compute/v2.1/os-security-groups?all_tenants=true 2.028s
2025-11-24 14:32:51.098 66331 INFO tempest.lib.common.rest_client [req-a1f8fe0c-e7af-4052-afdb-a4cf9bef9058 req-a1f8fe0c-e7af-4052-afdb-a4cf9bef9058 ] Request (AggregatesAdminNegativeTestJSON:test_aggregate_add_host_as_user): 403 POST http://10.180.1.21/compute/v2.1/os-aggregates/2/action 1.469s
2025-11-24 14:32:51.182 66309 INFO tempest.lib.common.rest_client [req-154e4b2a-a615-41ff-8123-3da21099a8e9 req-154e4b2a-a615-41ff-8123-3da21099a8e9 ] Request (HostsAdminTestJSON:test_list_hosts_with_zone): 200 GET http://10.180.1.21/compute/v2.1/os-hosts?zone=internal 1.540s
2025-11-24 14:32:51.194 66313 INFO tempest.lib.common.rest_client [req-ab02350d-193b-4213-9d4e-caa9f72abd17 req-ab02350d-193b-4213-9d4e-caa9f72abd17 ] Request (QuotasAdminTestJSON:test_delete_quota): 202 DELETE http://10.180.1.21/compute/v2.1/os-quota-sets/6203d1562e5c49e2bf0c6cee60a8ce65 1.388s
2025-11-24 14:32:51.261 66343 INFO tempest.lib.common.rest_client [req-5540c690-1304-4da1-bf69-ffe516efa4a1 req-5540c690-1304-4da1-bf69-ffe516efa4a1 ] Request (ServersAdmin275Test:test_rebuild_update_server_275): 200 GET http://10.180.1.21/compute/v2.1/servers/1e5afc11-0db5-4d36-a29a-b8adf48390a6 1.281s
2025-11-24 14:32:51.414 66307 INFO tempest.lib.common.rest_client [req-9537b7be-092e-4431-bc0e-06552940082d req-9537b7be-092e-4431-bc0e-06552940082d ] Request (ServerDiagnosticsNegativeTest:tearDownClass): 204 DELETE http://10.180.1.21/compute/v2.1/servers/7b893801-07b6-4a7a-845e-d4479144e544 1.386s
2025-11-24 14:32:51.431 66347 INFO tempest.lib.common.rest_client [req-495fb7da-6693-4f62-9eb9-7685b5b8bf4b req-495fb7da-6693-4f62-9eb9-7685b5b8bf4b ] Request (FloatingIPDetailsTestJSON:_run_cleanups): 202 DELETE http://10.180.1.21/compute/v2.1/os-floating-ips/44b9564a-7157-4bcf-8b8c-a362fc27eba7 1.831s
2025-11-24 14:32:51.441 66341 INFO tempest.lib.common.rest_client [req-5590ad07-fabe-46cb-84e9-1ec71aaf6a5a req-5590ad07-fabe-46cb-84e9-1ec71aaf6a5a ] Request (HostsAdminNegativeTestJSON:test_startup_host_with_non_admin_user): 403 GET http://10.180.1.21/compute/v2.1/os-hosts/devstack/startup 1.263s
2025-11-24 14:32:51.472 66339 INFO tempest.lib.common.rest_client [req-52e39857-274a-4e2b-9c67-661734204e3b req-52e39857-274a-4e2b-9c67-661734204e3b ] Request (FlavorsExtraSpecsTestJSON:test_flavor_set_get_update_show_unset_keys): 200 PUT http://10.180.1.21/compute/v2.1/flavors/1399695047/os-extra_specs/hw:numa_nodes 1.223s
2025-11-24 14:32:51.498 66301 INFO tempest.lib.common.rest_client [req-7673c3cc-4f7d-41e2-9d87-73c3dd8e2a00 req-7673c3cc-4f7d-41e2-9d87-73c3dd8e2a00 ] Request (ServerTagsTestJSON:setUpClass): 200 GET http://10.180.1.21/compute/v2.1/servers/ec514267-5e43-4e93-8517-abbc9e762774 1.384s
2025-11-24 14:32:51.521 66325 INFO tempest.lib.common.rest_client [req-0d0a60e1-ce2c-4f92-a1c1-098d2ca78e4a req-0d0a60e1-ce2c-4f92-a1c1-098d2ca78e4a ] Request (ServersWithSpecificFlavorTestJSON:test_verify_created_server_ephemeral_disk): 200 POST http://10.180.1.21/compute/v2.1/flavors/601803224/os-extra_specs 1.258s
2025-11-24 14:32:51.527 66363 INFO tempest.lib.common.rest_client [req-4611707c-71b9-4118-9856-7d7a18968ca5 req-4611707c-71b9-4118-9856-7d7a18968ca5 ] Request (HypervisorAdminNegativeTestJSON:test_show_nonexistent_hypervisor): 404 GET http://10.180.1.21/compute/v2.1/os-hypervisors/c1e80e9b-d4be-4a7e-b12e-495167428342 1.231s
2025-11-24 14:32:51.543 66305 INFO tempest.lib.common.rest_client [req-ec3a080b-2c11-4cc0-8e45-f53a74ca9b90 req-ec3a080b-2c11-4cc0-8e45-f53a74ca9b90 ] Request (FlavorsAccessNegativeTestJSON:test_flavor_access_list_with_public_flavor): 200 POST http://10.180.1.21/compute/v2.1/flavors 1.246s
2025-11-24 14:32:51.567 66303 INFO tempest.lib.common.rest_client [req-dc3ab1ad-9fd3-498d-bd7e-204d942f82fc req-dc3ab1ad-9fd3-498d-bd7e-204d942f82fc ] Request (FlavorsAccessTestJSON:_run_cleanups): 200 GET http://10.180.1.21/compute/v2.1/flavors/detail 1.246s
2025-11-24 14:32:51.637 66333 INFO tempest.lib.common.rest_client [req-dc925ba8-0b15-4dd3-b095-e94e94964573 req-dc925ba8-0b15-4dd3-b095-e94e94964573 ] Request (TenantUsagesNegativeTestJSON:test_list_usage_all_tenants_with_non_admin_user): 403 GET http://10.180.1.21/compute/v2.1/os-simple-tenant-usage?start=2025-11-23T14%3A32%3A42.005297&end=2025-11-25T14%3A32%3A42.005297&detailed=1 1.217s
2025-11-24 14:32:51.654 66363 INFO tempest.lib.common.rest_client [req-a3e6ece0-914d-4ee5-b21a-c4ba683389a5 req-a3e6ece0-914d-4ee5-b21a-c4ba683389a5 ] Request (HypervisorAdminNegativeTestJSON:tearDownClass): 204 DELETE http://10.180.1.21/identity/v3/users/73f66e41845b4a578824c21474000775 0.126s
2025-11-24 14:32:51.726 66327 INFO tempest.lib.common.rest_client [req-f8fa0500-f695-40b9-a231-513a27247a38 req-f8fa0500-f695-40b9-a231-513a27247a38 ] Request (DeleteServersAdminTestJSON:test_admin_delete_servers_of_others): 200 GET http://10.180.1.21/compute/v2.1/servers/d5e2993e-04db-4240-a493-2afa2a969e95 1.094s
2025-11-24 14:32:51.730 66311 INFO tempest.lib.common.rest_client [req-982669d2-52fe-48cb-ae5b-6cbb29f2f332 req-982669d2-52fe-48cb-ae5b-6cbb29f2f332 ] Request (SecurityGroupsNegativeTestJSON:test_delete_security_group_without_passing_id): 404 DELETE http://10.180.1.21/compute/v2.1/os-security-groups/ 0.853s
2025-11-24 14:32:51.758 66303 INFO tempest.lib.common.rest_client [req-b86c057a-2b1e-4225-a707-b1c037994d45 req-b86c057a-2b1e-4225-a707-b1c037994d45 ] Request (FlavorsAccessTestJSON:tearDownClass): 204 DELETE http://10.180.1.21/identity/v3/users/316c56311b5442efaa80cb40d8b7368e 0.184s
2025-11-24 14:32:51.779 66333 INFO tempest.lib.common.rest_client [req-93297242-cf90-431f-88e5-0c7522dd95fc req-93297242-cf90-431f-88e5-0c7522dd95fc ] Request (TenantUsagesNegativeTestJSON:tearDownClass): 204 DELETE http://10.180.1.21/identity/v3/users/1402eb8c25b74a34a0deb3873893bb09 0.140s
2025-11-24 14:32:51.786 66355 INFO tempest.lib.common.rest_client [req-cdbc749f-c6d7-4eb5-ac35-995f5c1afa65 req-cdbc749f-c6d7-4eb5-ac35-995f5c1afa65 ] Request (ServersAdminNegativeTestJSON:test_migrate_server_invalid_state): 202 POST http://10.180.1.21/compute/v2.1/servers 1.536s
2025-11-24 14:32:51.793 66353 INFO tempest.lib.common.rest_client [req-e1a636ee-cb3b-48b8-9483-79f59fa18b87 req-e1a636ee-cb3b-48b8-9483-79f59fa18b87 ] Request (FlavorsExtraSpecsNegativeTestJSON:test_flavor_update_mismatch_key): 400 PUT http://10.180.1.21/compute/v2.1/flavors/729580101/os-extra_specs/hw:numa_nodes 0.837s
2025-11-24 14:32:51.867 66321 INFO tempest.lib.common.rest_client [req-9d0fac05-35d5-4c31-b4b3-42a94b96c54a req-9d0fac05-35d5-4c31-b4b3-42a94b96c54a ] Request (ServersTestBootFromVolume:setUpClass): 200 GET http://10.180.1.21/volume/v3/volumes/a47d4898-a2a8-4387-b059-6886c7fe9c44 0.048s
2025-11-24 14:32:51.943 66359 INFO tempest.lib.common.rest_client [req-be689d79-10c4-4f6f-a1d4-e363249f9f37 req-be689d79-10c4-4f6f-a1d4-e363249f9f37 ] Request (FloatingIPsAssociationNegativeTestJSON:setUpClass): 200 GET http://10.180.1.21/compute/v2.1/servers/09756e81-883c-4c9e-9088-94dc1ba4e429 0.984s
2025-11-24 14:32:51.948 66363 INFO tempest.lib.common.rest_client [req-ae9fa4b8-7c18-49e1-9f6e-cee132e50d86 req-ae9fa4b8-7c18-49e1-9f6e-cee132e50d86 ] Request (HypervisorAdminNegativeTestJSON:tearDownClass): 204 DELETE http://10.180.1.21/identity/v3/users/735c1b920e24454ba700d257f730f7ca 0.292s
2025-11-24 14:32:51.948 66363 INFO tempest.lib.common.dynamic_creds [-] Deleting project and security group for project: 18688934bd0d4bc688d4f3dfecad4749
2025-11-24 14:32:51.974 66317 INFO tempest.lib.common.rest_client [req-e0d88a46-7fc6-4fb9-9555-8050521fefbd req-e0d88a46-7fc6-4fb9-9555-8050521fefbd ] Request (FlavorsAdminTestJSON:_run_cleanups): 202 DELETE http://10.180.1.21/compute/v2.1/flavors/1982773779 0.997s
2025-11-24 14:32:51.975 66329 INFO tempest.lib.common.rest_client [req-881e1e83-fb93-4a32-bdbe-e71955398787 req-881e1e83-fb93-4a32-bdbe-e71955398787 ] Request (KeyPairsV2TestJSON:test_get_keypair_detail): 200 POST http://10.180.1.21/compute/v2.1/os-keypairs 1.030s
2025-11-24 14:32:52.046 66331 INFO tempest.lib.common.rest_client [req-b8aacc3e-8934-48ff-947d-1e7f07e35327 req-b8aacc3e-8934-48ff-947d-1e7f07e35327 ] Request (AggregatesAdminNegativeTestJSON:_run_cleanups): 200 DELETE http://10.180.1.21/compute/v2.1/os-aggregates/2 0.947s
2025-11-24 14:32:52.154 66351 INFO tempest.lib.common.rest_client [req-d856eb36-3ebf-4eb0-901a-edb0767b1c9c req-d856eb36-3ebf-4eb0-901a-edb0767b1c9c ] Request (SecurityGroupsTestAdminJSON:_run_cleanups): 202 DELETE http://10.180.1.21/compute/v2.1/os-security-groups/6867e0fb-38b2-41c7-9e5a-87855b959520 1.165s
2025-11-24 14:32:52.159 66303 INFO tempest.lib.common.rest_client [req-9a6154f8-88a5-411a-97bb-6db520fd3e0b req-9a6154f8-88a5-411a-97bb-6db520fd3e0b ] Request (FlavorsAccessTestJSON:tearDownClass): 204 DELETE http://10.180.1.21/identity/v3/users/e9cfe5444f464211834eab240bd43f2f 0.399s
2025-11-24 14:32:52.159 66303 INFO tempest.lib.common.dynamic_creds [-] Deleting project and security group for project: d6568c1a87ec40d3a40db01528d7c6bd
2025-11-24 14:32:52.161 66333 INFO tempest.lib.common.rest_client [req-588e41fa-6d2d-4ddd-b137-a9a976a6e911 req-588e41fa-6d2d-4ddd-b137-a9a976a6e911 ] Request (TenantUsagesNegativeTestJSON:tearDownClass): 204 DELETE http://10.180.1.21/identity/v3/users/00ad5711e74c4a53af94406622fbd58b 0.381s
2025-11-24 14:32:52.161 66333 INFO tempest.lib.common.dynamic_creds [-] Deleting project and security group for project: 1e8ed717157b4baf9b0bd32377c686a2
2025-11-24 14:32:52.189 66309 INFO tempest.lib.common.rest_client [req-cf6fd03d-2799-4a2b-aeb3-d3df71c8029d req-cf6fd03d-2799-4a2b-aeb3-d3df71c8029d ] Request (HostsAdminTestJSON:test_show_host_detail): 200 GET http://10.180.1.21/compute/v2.1/os-hosts 1.004s
2025-11-24 14:32:52.225 66363 INFO tempest.lib.common.rest_client [req-ae0bce2e-6c1d-40e3-bba1-669c160552c9 req-ae0bce2e-6c1d-40e3-bba1-669c160552c9 ] Request (HypervisorAdminNegativeTestJSON:tearDownClass): 201 POST http://10.180.1.21/identity/v3/auth/tokens 0.276s
2025-11-24 14:32:52.229 66349 INFO tempest.lib.common.rest_client [req-8ddaa3b8-2571-44ce-94d2-4aec9eb4fd1f req-8ddaa3b8-2571-44ce-94d2-4aec9eb4fd1f ] Request (AttachInterfacesTestJSON:test_create_list_show_delete_interfaces_by_fixed_ip): 200 GET http://10.180.1.21/compute/v2.1/servers/6719dfde-a9b8-4400-8350-8c372ee41f9c 1.111s
2025-11-24 14:32:52.234 66303 INFO tempest.lib.common.rest_client [req-03209a44-9cf5-4dcb-a897-51e32bd81279 req-03209a44-9cf5-4dcb-a897-51e32bd81279 ] Request (FlavorsAccessTestJSON:tearDownClass): 201 POST http://10.180.1.21/identity/v3/auth/tokens 0.074s
2025-11-24 14:32:52.252 66333 INFO tempest.lib.common.rest_client [req-09d0cafe-f4c4-4294-b129-f160c4ba09bb req-09d0cafe-f4c4-4294-b129-f160c4ba09bb ] Request (TenantUsagesNegativeTestJSON:tearDownClass): 201 POST http://10.180.1.21/identity/v3/auth/tokens 0.091s
2025-11-24 14:32:52.423 66313 INFO tempest.lib.common.rest_client [req-0f95c497-c0fc-4f78-b435-21868a2d393a req-0f95c497-c0fc-4f78-b435-21868a2d393a ] Request (QuotasAdminTestJSON:test_delete_quota): 200 GET http://10.180.1.21/compute/v2.1/os-quota-sets/6203d1562e5c49e2bf0c6cee60a8ce65 1.228s
2025-11-24 14:32:52.476 66363 INFO tempest.lib.common.rest_client [req-f9b5d53d-40af-457c-a4e7-2c6579bcd977 req-f9b5d53d-40af-457c-a4e7-2c6579bcd977 ] Request (HypervisorAdminNegativeTestJSON:tearDownClass): 200 GET http://10.180.1.21/networking/v2.0/security-groups?tenant_id=18688934bd0d4bc688d4f3dfecad4749&name=default 0.251s
2025-11-24 14:32:52.518 66313 INFO tempest.lib.common.rest_client [req-b2a931e6-d9b2-4161-8b35-76bfaeae0c36 req-b2a931e6-d9b2-4161-8b35-76bfaeae0c36 ] Request (QuotasAdminTestJSON:_run_cleanups): 204 DELETE http://10.180.1.21/identity/v3/projects/6203d1562e5c49e2bf0c6cee60a8ce65 0.092s
2025-11-24 14:32:52.587 66303 INFO tempest.lib.common.rest_client [req-46f791cc-860c-4776-9dc1-1f5bc47373f5 req-46f791cc-860c-4776-9dc1-1f5bc47373f5 ] Request (FlavorsAccessTestJSON:tearDownClass): 200 GET http://10.180.1.21/networking/v2.0/security-groups?tenant_id=d6568c1a87ec40d3a40db01528d7c6bd&name=default 0.352s
2025-11-24 14:32:52.666 66345 INFO tempest.lib.common.rest_client [req-1bd5fcb7-6fe8-42b6-9f1f-c761feecc97e req-1bd5fcb7-6fe8-42b6-9f1f-c761feecc97e ] Request (ServersAaction247Test:test_create_backup): 200 GET http://10.180.1.21/compute/v2.1/servers/c338a1b0-0d91-44e5-841d-b4b10770fbac 1.462s
2025-11-24 14:32:52.677 66345 INFO tempest.common.waiters [-] State transition "BUILD/block_device_mapping" ==> "BUILD/spawning" after 13 second wait
2025-11-24 14:32:52.756 66333 INFO tempest.lib.common.rest_client [req-bd77bf14-d25d-497f-8a9a-d00015ce5d4b req-bd77bf14-d25d-497f-8a9a-d00015ce5d4b ] Request (TenantUsagesNegativeTestJSON:tearDownClass): 200 GET http://10.180.1.21/networking/v2.0/security-groups?tenant_id=1e8ed717157b4baf9b0bd32377c686a2&name=default 0.503s
2025-11-24 14:32:52.844 66363 INFO tempest.lib.common.rest_client [req-30a6740c-6624-46ad-8a9c-f6c33eec9c40 req-30a6740c-6624-46ad-8a9c-f6c33eec9c40 ] Request (HypervisorAdminNegativeTestJSON:tearDownClass): 204 DELETE http://10.180.1.21/networking/v2.0/security-groups/e1bb8f9b-35b5-4bca-98d1-c009f4776ec0 0.367s
2025-11-24 14:32:52.911 66321 INFO tempest.lib.common.rest_client [req-eb95f818-9daf-40d9-8603-0c1b373bb154 req-eb95f818-9daf-40d9-8603-0c1b373bb154 ] Request (ServersTestBootFromVolume:setUpClass): 200 GET http://10.180.1.21/volume/v3/volumes/a47d4898-a2a8-4387-b059-6886c7fe9c44 0.032s
2025-11-24 14:32:52.923 66363 INFO tempest.lib.common.rest_client [req-42f0816d-15c8-4ee2-8c39-aa02a3838e72 req-42f0816d-15c8-4ee2-8c39-aa02a3838e72 ] Request (HypervisorAdminNegativeTestJSON:tearDownClass): 204 DELETE http://10.180.1.21/identity/v3/projects/18688934bd0d4bc688d4f3dfecad4749 0.078s
2025-11-24 14:32:52.923 66363 INFO tempest.lib.common.dynamic_creds [-] Deleting project and security group for project: 7e31d5fb65eb4638a7a86d8b1bd79169
2025-11-24 14:32:52.984 66303 INFO tempest.lib.common.rest_client [req-79ea7de8-137f-4cd3-b38e-56edac0a6bf4 req-79ea7de8-137f-4cd3-b38e-56edac0a6bf4 ] Request (FlavorsAccessTestJSON:tearDownClass): 204 DELETE http://10.180.1.21/networking/v2.0/security-groups/973235ac-dab9-4fd4-8f77-d1fb667d1baa 0.396s
2025-11-24 14:32:53.029 66315 INFO tempest.lib.common.rest_client [req-cf28844a-b84e-4722-91bd-a47e2806eb43 req-cf28844a-b84e-4722-91bd-a47e2806eb43 ] Request (ServerActionsTestJSON:setUpClass): 200 GET http://10.180.1.21/compute/v2.1/servers/9d8c30eb-4dd2-48ca-bb09-7d30814ed474 1.631s
2025-11-24 14:32:53.105 66303 INFO tempest.lib.common.rest_client [req-ee0a41ce-e774-4d4e-9f81-46cab8de1b81 req-ee0a41ce-e774-4d4e-9f81-46cab8de1b81 ] Request (FlavorsAccessTestJSON:tearDownClass): 204 DELETE http://10.180.1.21/identity/v3/projects/d6568c1a87ec40d3a40db01528d7c6bd 0.120s
2025-11-24 14:32:53.106 66303 INFO tempest.lib.common.dynamic_creds [-] Deleting project and security group for project: b7800066e56d4d2184f6103f69e21a04
