2025-11-24 14:32:28.439 66349 INFO tempest.lib.common.rest_client [req-c85818f7-8af7-444c-8817-e5624acc1c75 req-c85818f7-8af7-444c-8817-e5624acc1c75 ] Request (ValidationResourcesFixture:setUp): 201 POST http://10.180.1.21/networking/v2.0/security-group-rules 0.425s
2025-11-24 14:32:28.437 66339 INFO tempest.lib.common.rest_client [req-63ad8012-2a99-4e8b-9b3a-4c8320d9a857 req-63ad8012-2a99-4e8b-9b3a-4c8320d9a857 ] Request (FlavorsExtraSpecsTestJSON:test_flavor_non_admin_get_all_keys): 200 POST http://10.180.1.21/compute/v2.1/flavors/1399695047/os-extra_specs 11.678s
2025-11-24 14:32:28.446 66341 INFO tempest.lib.common.rest_client [req-05cff4e6-f4d7-48a2-ad7d-2cec4ed9f1a2 req-05cff4e6-f4d7-48a2-ad7d-2cec4ed9f1a2 ] Request (HostsAdminNegativeTestJSON:test_reboot_host_with_non_admin_user): 403 GET http://10.180.1.21/compute/v2.1/os-hosts/devstack/reboot 11.412s
2025-11-24 14:32:28.452 66345 INFO tempest.lib.common.rest_client [req-52878516-db54-40c0-b5b6-e8e2ea35ded2 req-52878516-db54-40c0-b5b6-e8e2ea35ded2 ] Request (MultipleCreateNegativeTestJSON:test_min_count_non_integer): 400 POST http://10.180.1.21/compute/v2.1/servers 11.288s
2025-11-24 14:32:28.473 66365 INFO tempest.lib.common.rest_client [req-509502eb-4187-496c-95b7-13785f9d499f req-509502eb-4187-496c-95b7-13785f9d499f ] Request (HypervisorAdminUnderV252Test:test_get_hypervisor_show_servers): 200 GET http://10.180.1.21/compute/v2.1/os-hypervisors/domain-c8.fc996f14-c53b-4953-92e3-bdfa48f5cc28/servers 11.608s
2025-11-24 14:32:28.557 66345 INFO tempest.lib.common.rest_client [req-c00f18d2-1bba-4002-99b7-1dac292f70d5 req-c00f18d2-1bba-4002-99b7-1dac292f70d5 ] Request (MultipleCreateNegativeTestJSON:tearDownClass): 204 DELETE http://10.180.1.21/identity/v3/users/c62847a653b74c3f8b6ccd2468d67b84 0.102s
2025-11-24 14:32:28.557 66345 INFO tempest.lib.common.dynamic_creds [-] Deleting project and security group for project: 098d8d9fce8646a9b94fab9422ed23ce
2025-11-24 14:32:28.581 66349 INFO tempest.lib.common.rest_client [req-7c45a72d-731f-49ac-9e77-b5b1a1255a87 req-7c45a72d-731f-49ac-9e77-b5b1a1255a87 ] Request (ValidationResourcesFixture:setUp): 201 POST http://10.180.1.21/networking/v2.0/security-group-rules 0.142s
2025-11-24 14:32:28.594 66305 INFO tempest.lib.common.rest_client [req-ba32cbde-2ce0-45f8-b020-e5409f6d0772 req-ba32cbde-2ce0-45f8-b020-e5409f6d0772 ] Request (FlavorsAccessNegativeTestJSON:test_add_flavor_access_duplicate): 200 POST http://10.180.1.21/compute/v2.1/flavors 9.659s
2025-11-24 14:32:28.619 66315 INFO tempest.lib.common.rest_client [req-56eccbeb-2bed-419e-9ab7-5eb038b18141 req-56eccbeb-2bed-419e-9ab7-5eb038b18141 ] Request (ServerActionsTestJSON:setUpClass): 201 POST http://10.180.1.21/networking/v2.0/subnets 0.325s
2025-11-24 14:32:28.633 66345 INFO tempest.lib.common.rest_client [req-ac2d1ad6-f6da-495d-b50b-697543c990bb req-ac2d1ad6-f6da-495d-b50b-697543c990bb ] Request (MultipleCreateNegativeTestJSON:tearDownClass): 201 POST http://10.180.1.21/identity/v3/auth/tokens 0.076s
2025-11-24 14:32:28.703 66325 INFO tempest.lib.common.rest_client [req-c835f557-081d-476a-9e3e-7eff89022e53 req-c835f557-081d-476a-9e3e-7eff89022e53 ] Request (ServersWithSpecificFlavorTestJSON:test_verify_created_server_ephemeral_disk): 200 GET http://10.180.1.21/compute/v2.1/flavors/42 9.553s
2025-11-24 14:32:29.004 66349 INFO tempest.lib.common.rest_client [req-23c0bf6d-3d34-42d3-af9a-b2d0bb3e2d6e req-23c0bf6d-3d34-42d3-af9a-b2d0bb3e2d6e ] Request (ValidationResourcesFixture:setUp): 201 POST http://10.180.1.21/networking/v2.0/floatingips 0.422s
2025-11-24 14:32:29.075 66349 INFO tempest.lib.common.rest_client [req-31e7ce1a-73f8-42b4-988e-110a4a5d7dda req-31e7ce1a-73f8-42b4-988e-110a4a5d7dda ] Request (AttachInterfacesTestJSON:test_create_list_show_delete_interfaces_by_fixed_ip): 201 POST http://10.180.1.21/identity/v3/auth/tokens 0.068s
2025-11-24 14:32:29.075 66349 INFO tempest.lib.common.fixed_network [-] (AttachInterfacesTestJSON:test_create_list_show_delete_interfaces_by_fixed_ip) Found network {'id': 'c76b54a6-0cc1-4ba7-b868-d50d2e3f2f40', 'name': 'tempest-AttachInterfacesTestJSON-1536956846-network', 'tenant_id': '0df484f059f54e90920b5ab896d639d3', 'project_id': '0df484f059f54e90920b5ab896d639d3', 'admin_state_up': True, 'mtu': 8950, 'status': 'ACTIVE', 'subnets': [], 'shared': False, 'port_security_enabled': True, 'router:external': False, 'provider:network_type': 'vlan', 'provider:physical_network': 'default', 'provider:segmentation_id': 916, 'availability_zone_hints': [], 'availability_zones': [], 'ipv4_address_scope': None, 'ipv6_address_scope': None, 'description': '', 'tags': [], 'created_at': '2025-11-24T14:32:11Z', 'updated_at': '2025-11-24T14:32:11Z', 'revision_number': 1} available for tenant
2025-11-24 14:32:29.178 66345 INFO tempest.lib.common.rest_client [req-c25156c8-a786-4c02-8dc0-0aceec4e01a5 req-c25156c8-a786-4c02-8dc0-0aceec4e01a5 ] Request (MultipleCreateNegativeTestJSON:tearDownClass): 200 GET http://10.180.1.21/networking/v2.0/security-groups?tenant_id=098d8d9fce8646a9b94fab9422ed23ce&name=default 0.544s
2025-11-24 14:32:29.221 66327 INFO tempest.lib.common.rest_client [req-04f79474-ebf3-4008-8c9d-c551b02d1325 req-04f79474-ebf3-4008-8c9d-c551b02d1325 ] Request (DeleteServersAdminTestJSON:test_admin_delete_servers_of_others): 200 GET http://10.180.1.21/compute/v2.1/servers/d5e2993e-04db-4240-a493-2afa2a969e95 11.862s
2025-11-24 14:32:29.361 66345 INFO tempest.lib.common.rest_client [req-e2fbe149-7b63-447f-85a6-ed3cb488592e req-e2fbe149-7b63-447f-85a6-ed3cb488592e ] Request (MultipleCreateNegativeTestJSON:tearDownClass): 204 DELETE http://10.180.1.21/networking/v2.0/security-groups/cf27fc02-e2b5-4f28-81cc-f7ac47652063 0.182s
2025-11-24 14:32:29.462 66345 INFO tempest.lib.common.rest_client [req-6a10f4f8-c94f-4fc4-897d-a7d5a8e692b6 req-6a10f4f8-c94f-4fc4-897d-a7d5a8e692b6 ] Request (MultipleCreateNegativeTestJSON:tearDownClass): 204 DELETE http://10.180.1.21/identity/v3/projects/098d8d9fce8646a9b94fab9422ed23ce 0.100s
2025-11-24 14:32:29.497 66307 INFO tempest.lib.common.rest_client [req-ef9ca86d-a74a-45d2-8ad8-84d36317eb33 req-ef9ca86d-a74a-45d2-8ad8-84d36317eb33 ] Request (ServerDiagnosticsNegativeTest:test_get_server_diagnostics_by_non_admin): 200 GET http://10.180.1.21/compute/v2.1/servers/7b893801-07b6-4a7a-845e-d4479144e544 7.823s
2025-11-24 14:32:29.553 66345 INFO tempest.lib.common.rest_client [req-64bab1cc-02b9-4b6a-98ce-420a3d3a47b5 req-64bab1cc-02b9-4b6a-98ce-420a3d3a47b5 ] Request (ServersAaction247Test:setUpClass): 201 POST http://10.180.1.21/identity/v3/auth/tokens 0.089s
2025-11-24 14:32:29.568 66355 INFO tempest.lib.common.rest_client [req-41c31aac-ebf3-4d2c-8826-0dfc0175098e req-41c31aac-ebf3-4d2c-8826-0dfc0175098e ] Request (ServersAdminNegativeTestJSON:setUpClass): 200 GET http://10.180.1.21/compute/v2.1/servers/e745403e-3277-4edb-93ca-16c2a3396ed9 7.883s
2025-11-24 14:32:29.591 66345 INFO tempest.lib.common.rest_client [req-b225f7bb-5b0c-4847-8aae-f9e69bc0d240 req-b225f7bb-5b0c-4847-8aae-f9e69bc0d240 ] Request (ServersAaction247Test:setUpClass): 201 POST http://10.180.1.21/identity/v3/auth/tokens 0.035s
2025-11-24 14:32:29.623 66345 INFO tempest.lib.common.rest_client [req-c9a0a63e-3a79-4f4d-8f96-6cdd0df6d72e req-c9a0a63e-3a79-4f4d-8f96-6cdd0df6d72e ] Request (ServersAaction247Test:setUpClass): 200 GET http://10.180.1.21/identity/v3/domains?name=Default 0.032s
2025-11-24 14:32:29.659 66345 INFO tempest.lib.common.rest_client [req-241f6447-d393-4e93-bae9-e5dc63430480 req-241f6447-d393-4e93-bae9-e5dc63430480 ] Request (ServersAaction247Test:setUpClass): 201 POST http://10.180.1.21/identity/v3/projects 0.035s
2025-11-24 14:32:29.664 66315 INFO tempest.lib.common.rest_client [req-15ff2c38-abde-4e53-b1ac-9e5537e12ffd req-15ff2c38-abde-4e53-b1ac-9e5537e12ffd ] Request (ServerActionsTestJSON:setUpClass): 201 POST http://10.180.1.21/networking/v2.0/routers 1.043s
2025-11-24 14:32:29.693 66343 INFO tempest.lib.common.rest_client [req-4c7aa479-7d84-4c71-a949-4af1043ce59d req-4c7aa479-7d84-4c71-a949-4af1043ce59d ] Request (ServersAdmin275Test:test_rebuild_update_server_275): 200 PUT http://10.180.1.21/compute/v2.1/servers/1e5afc11-0db5-4d36-a29a-b8adf48390a6 7.689s
2025-11-24 14:32:29.747 66345 INFO tempest.lib.common.rest_client [req-8ad9dc28-0a78-4f85-aed6-efd753cfebe3 req-8ad9dc28-0a78-4f85-aed6-efd753cfebe3 ] Request (ServersAaction247Test:setUpClass): 201 POST http://10.180.1.21/identity/v3/users 0.087s
2025-11-24 14:32:29.779 66345 INFO tempest.lib.common.rest_client [req-4e23aa1d-d5b9-4a85-9d95-ec7acb4dde8d req-4e23aa1d-d5b9-4a85-9d95-ec7acb4dde8d ] Request (ServersAaction247Test:setUpClass): 200 GET http://10.180.1.21/identity/v3/roles 0.032s
2025-11-24 14:32:29.792 66337 INFO tempest.lib.common.rest_client [req-b7bc4f71-f3cc-4d3d-b14a-0ad369f453e9 req-b7bc4f71-f3cc-4d3d-b14a-0ad369f453e9 ] Request (ServerDiagnosticsV248Test:test_get_server_diagnostics): 200 GET http://10.180.1.21/compute/v2.1/servers/08bfb94e-3693-45aa-ac2d-3368979d37ab 7.603s
2025-11-24 14:32:29.817 66345 INFO tempest.lib.common.rest_client [req-04728979-b02a-4031-bf55-4527e1d2a837 req-04728979-b02a-4031-bf55-4527e1d2a837 ] Request (ServersAaction247Test:setUpClass): 204 PUT http://10.180.1.21/identity/v3/projects/def9e6a8de7245f2a8397b69bc5218ae/users/0714ec097fcc434f8fe5c4e174f4f97f/roles/9398be14c9b4490cbfc4194f781fc6ce 0.037s
2025-11-24 14:32:29.817 66345 INFO tempest.lib.common.dynamic_creds [-] Dynamic test user 0714ec097fcc434f8fe5c4e174f4f97f is created with scope project and roles: ['member']
2025-11-24 14:32:29.817 66345 INFO tempest.lib.common.dynamic_creds [-] Acquired dynamic creds: credentials: Credentials: {'domain_id': 'default', 'domain_name': 'Default', 'username': 'tempest-ServersAaction247Test-1451853959-project-member', 'project_domain_id': 'default', 'project_domain_name': 'Default', 'project_id': 'def9e6a8de7245f2a8397b69bc5218ae', 'project_name': 'tempest-ServersAaction247Test-1451853959', 'tenant_id': 'def9e6a8de7245f2a8397b69bc5218ae', 'tenant_name': 'tempest-ServersAaction247Test-1451853959', 'user_domain_id': 'default', 'user_domain_name': 'Default', 'user_id': '0714ec097fcc434f8fe5c4e174f4f97f', 'system': None}, Network: None, Subnet: None, Router: None
2025-11-24 14:32:29.817 66345 INFO tempest.lib.common.dynamic_creds [-] Created isolated network resources for: credentials: Credentials: {'domain_id': 'default', 'domain_name': 'Default', 'username': 'tempest-ServersAaction247Test-1451853959-project-member', 'project_domain_id': 'default', 'project_domain_name': 'Default', 'project_id': 'def9e6a8de7245f2a8397b69bc5218ae', 'project_name': 'tempest-ServersAaction247Test-1451853959', 'tenant_id': 'def9e6a8de7245f2a8397b69bc5218ae', 'tenant_name': 'tempest-ServersAaction247Test-1451853959', 'user_domain_id': 'default', 'user_domain_name': 'Default', 'user_id': '0714ec097fcc434f8fe5c4e174f4f97f', 'system': None}, Network: None, Subnet: None, Router: None
2025-11-24 14:32:29.818 66335 INFO tempest.lib.common.rest_client [req-c0329fff-7777-4d2c-b3f6-e45d1b432cc4 req-c0329fff-7777-4d2c-b3f6-e45d1b432cc4 ] Request (ServersAdminTestJSON:setUpClass): 202 POST http://10.180.1.21/compute/v2.1/servers 8.495s
2025-11-24 14:32:29.823 66363 INFO tempest.lib.common.rest_client [req-99f1e148-6bd5-48a6-a5d2-0e3eb413b65f req-99f1e148-6bd5-48a6-a5d2-0e3eb413b65f ] Request (HypervisorAdminNegativeTestJSON:test_get_hypervisor_stats_with_non_admin_user): 403 GET http://10.180.1.21/compute/v2.1/os-hypervisors/statistics 5.135s
2025-11-24 14:32:29.856 66303 INFO tempest.lib.common.rest_client [req-08afa545-5a5a-4133-92eb-30fb70a40cc8 req-08afa545-5a5a-4133-92eb-30fb70a40cc8 ] Request (FlavorsAccessTestJSON:test_flavor_access_add_remove): 200 GET http://10.180.1.21/compute/v2.1/flavors/detail 5.045s
2025-11-24 14:32:29.930 66345 INFO tempest.lib.common.rest_client [req-851cc78c-b8b3-4199-b173-00f12ec6b17e req-851cc78c-b8b3-4199-b173-00f12ec6b17e ] Request (ServersAaction247Test:setUpClass): 201 POST http://10.180.1.21/identity/v3/auth/tokens 0.110s
2025-11-24 14:32:30.025 66335 INFO tempest.lib.common.rest_client [req-66da1807-1c65-4f51-8174-b3f9c630332a req-66da1807-1c65-4f51-8174-b3f9c630332a ] Request (ServersAdminTestJSON:setUpClass): 201 POST http://10.180.1.21/identity/v3/auth/tokens 0.201s
2025-11-24 14:32:30.025 66335 INFO tempest.lib.common.fixed_network [-] (ServersAdminTestJSON:setUpClass) Found network {'id': '3b069d0c-603b-4f0e-b96f-5f36aefaf6a6', 'name': 'tempest-ServersAdminTestJSON-1540308905-network', 'tenant_id': '9259329c8cf2412ba05556a6de4f229c', 'project_id': '9259329c8cf2412ba05556a6de4f229c', 'admin_state_up': True, 'mtu': 8950, 'status': 'ACTIVE', 'subnets': [], 'shared': False, 'port_security_enabled': True, 'router:external': False, 'provider:network_type': 'vlan', 'provider:physical_network': 'default', 'provider:segmentation_id': 581, 'availability_zone_hints': [], 'availability_zones': [], 'ipv4_address_scope': None, 'ipv6_address_scope': None, 'description': '', 'tags': [], 'created_at': '2025-11-24T14:32:10Z', 'updated_at': '2025-11-24T14:32:10Z', 'revision_number': 1} available for tenant
2025-11-24 14:32:30.050 66345 INFO tempest.lib.common.rest_client [req-a3edade8-331c-4153-b1bd-51d473ca7529 req-a3edade8-331c-4153-b1bd-51d473ca7529 ] Request (ServersAaction247Test:test_create_backup): 201 POST http://10.180.1.21/identity/v3/auth/tokens 0.114s
2025-11-24 14:32:30.051 66345 INFO tempest.lib.common.fixed_network [-] (ServersAaction247Test:test_create_backup) Found network None available for tenant
2025-11-24 14:32:30.107 66323 INFO tempest.lib.common.rest_client [req-1c0f6570-078c-4128-9d41-9b76135f0c84 req-1c0f6570-078c-4128-9d41-9b76135f0c84 ] Request (VolumesAssistedSnapshotsTest:test_volume_assisted_snapshot_create_delete): 200 POST http://10.180.1.21/compute/v2.1/os-keypairs 4.369s
2025-11-24 14:32:30.192 66319 INFO tempest.lib.common.rest_client [req-8170c367-7637-4bed-9d22-f202ff067b2b req-8170c367-7637-4bed-9d22-f202ff067b2b ] Request (ServersTestJSON:setUpClass): 200 POST http://10.180.1.21/compute/v2.1/os-keypairs 3.103s
2025-11-24 14:32:30.215 66323 INFO tempest.lib.common.rest_client [req-c431774f-1c7b-401d-beb1-e07875b0208b req-c431774f-1c7b-401d-beb1-e07875b0208b ] Request (VolumesAssistedSnapshotsTest:test_volume_assisted_snapshot_create_delete): 201 POST http://10.180.1.21/networking/v2.0/security-groups 0.105s
2025-11-24 14:32:30.314 66319 INFO tempest.lib.common.rest_client [req-4999f222-3cbc-4204-b9c4-9733862e0faa req-4999f222-3cbc-4204-b9c4-9733862e0faa ] Request (ServersTestJSON:setUpClass): 201 POST http://10.180.1.21/networking/v2.0/security-groups 0.120s
2025-11-24 14:32:30.428 66323 INFO tempest.lib.common.rest_client [req-06f8b8ab-bdbb-4ea5-84cc-683efe467dbb req-06f8b8ab-bdbb-4ea5-84cc-683efe467dbb ] Request (VolumesAssistedSnapshotsTest:test_volume_assisted_snapshot_create_delete): 201 POST http://10.180.1.21/networking/v2.0/security-group-rules 0.211s
2025-11-24 14:32:30.566 66359 INFO tempest.lib.common.rest_client [req-00c9795e-1662-4695-901e-feef82570fee req-00c9795e-1662-4695-901e-feef82570fee ] Request (FloatingIPsAssociationNegativeTestJSON:setUpClass): 200 GET http://10.180.1.21/compute/v2.1/servers/09756e81-883c-4c9e-9088-94dc1ba4e429 3.443s
2025-11-24 14:32:30.676 66319 INFO tempest.lib.common.rest_client [req-24bbcb2b-1de0-4e52-a079-b03da6936770 req-24bbcb2b-1de0-4e52-a079-b03da6936770 ] Request (ServersTestJSON:setUpClass): 201 POST http://10.180.1.21/networking/v2.0/security-group-rules 0.362s
2025-11-24 14:32:30.678 66315 INFO tempest.lib.common.rest_client [req-f632538a-2186-460b-b66e-92a1fb5d371a req-f632538a-2186-460b-b66e-92a1fb5d371a ] Request (ServerActionsTestJSON:setUpClass): 200 PUT http://10.180.1.21/networking/v2.0/routers/2f359531-372c-4c44-abb9-769ac7af7c3b/add_router_interface 1.014s
2025-11-24 14:32:30.680 66315 INFO tempest.lib.common.dynamic_creds [-] Created isolated network resources for: credentials: Credentials: {'domain_id': 'default', 'domain_name': 'Default', 'username': 'tempest-ServerActionsTestJSON-1587559204-project-member', 'project_domain_id': 'default', 'project_domain_name': 'Default', 'project_id': '5e008c0ae9e44a1d89fc1252b3eecd5f', 'project_name': 'tempest-ServerActionsTestJSON-1587559204', 'tenant_id': '5e008c0ae9e44a1d89fc1252b3eecd5f', 'tenant_name': 'tempest-ServerActionsTestJSON-1587559204', 'user_domain_id': 'default', 'user_domain_name': 'Default', 'user_id': '6a12338147ef433f9eca81d602ede428', 'system': None}, Network: {'id': 'ff9a0be8-c9cb-4b11-a5be-c8b012564562', 'name': 'tempest-ServerActionsTestJSON-1061326732-network', 'tenant_id': '5e008c0ae9e44a1d89fc1252b3eecd5f', 'project_id': '5e008c0ae9e44a1d89fc1252b3eecd5f', 'admin_state_up': True, 'mtu': 8950, 'status': 'ACTIVE', 'subnets': [], 'shared': False, 'port_security_enabled': True, 'router:external': False, 'provider:network_type': 'vlan', 'provider:physical_network': 'default', 'provider:segmentation_id': 287, 'availability_zone_hints': [], 'availability_zones': [], 'ipv4_address_scope': None, 'ipv6_address_scope': None, 'description': '', 'tags': [], 'created_at': '2025-11-24T14:32:28Z', 'updated_at': '2025-11-24T14:32:28Z', 'revision_number': 1}, Subnet: {'id': 'c75b59f2-8c08-4538-8c91-151ce5adbcd8', 'name': 'tempest-ServerActionsTestJSON-1061326732-subnet', 'tenant_id': '5e008c0ae9e44a1d89fc1252b3eecd5f', 'network_id': 'ff9a0be8-c9cb-4b11-a5be-c8b012564562', 'ip_version': 4, 'subnetpool_id': None, 'enable_dhcp': True, 'ipv6_ra_mode': None, 'ipv6_address_mode': None, 'gateway_ip': '192.168.128.1', 'cidr': '192.168.128.0/28', 'allocation_pools': [{'start': '192.168.128.2', 'end': '192.168.128.14'}], 'host_routes': [], 'dns_nameservers': [], 'description': '', 'router:external': False, 'service_types': [], 'tags': [], 'created_at': '2025-11-24T14:32:28Z', 'updated_at': '2025-11-24T14:32:28Z', 'revision_number': 0, 'project_id': '5e008c0ae9e44a1d89fc1252b3eecd5f'}, Router: {'id': '2f359531-372c-4c44-abb9-769ac7af7c3b', 'name': 'tempest-ServerActionsTestJSON-1061326732-router', 'tenant_id': '5e008c0ae9e44a1d89fc1252b3eecd5f', 'admin_state_up': True, 'status': 'ACTIVE', 'external_gateway_info': {'network_id': 'd8982e1b-c675-417f-bbdf-1c5cd2827933', 'external_fixed_ips': [{'subnet_id': 'eb88b088-7d58-4ddb-b5f5-775afa87e04c', 'ip_address': '10.180.180.219'}], 'enable_snat': True}, 'description': '', 'availability_zones': [], 'distributed': False, 'ha': False, 'availability_zone_hints': [], 'routes': [], 'flavor_id': None, 'tags': [], 'created_at': '2025-11-24T14:32:28Z', 'updated_at': '2025-11-24T14:32:29Z', 'revision_number': 2, 'project_id': '5e008c0ae9e44a1d89fc1252b3eecd5f'}
2025-11-24 14:32:30.786 66315 INFO tempest.lib.common.rest_client [req-84149faa-9f7e-46af-8094-0a698deca91f req-84149faa-9f7e-46af-8094-0a698deca91f ] Request (ServerActionsTestJSON:setUpClass): 201 POST http://10.180.1.21/identity/v3/auth/tokens 0.102s
2025-11-24 14:32:30.793 66323 INFO tempest.lib.common.rest_client [req-865c8b80-63fb-45e4-a434-c903d5c05412 req-865c8b80-63fb-45e4-a434-c903d5c05412 ] Request (VolumesAssistedSnapshotsTest:test_volume_assisted_snapshot_create_delete): 201 POST http://10.180.1.21/networking/v2.0/security-group-rules 0.365s
2025-11-24 14:32:30.829 66319 INFO tempest.lib.common.rest_client [req-c22da8dc-7b66-4afc-b523-72fac5162862 req-c22da8dc-7b66-4afc-b523-72fac5162862 ] Request (ServersTestJSON:setUpClass): 201 POST http://10.180.1.21/networking/v2.0/security-group-rules 0.152s
2025-11-24 14:32:30.879 66331 INFO tempest.lib.common.rest_client [req-1d8e2b2d-7f4e-4fa2-89a6-451afd890568 req-1d8e2b2d-7f4e-4fa2-89a6-451afd890568 ] Request (AggregatesAdminNegativeTestJSON:test_aggregate_add_existent_host): 200 POST http://10.180.1.21/compute/v2.1/os-aggregates/1/action 3.723s
2025-11-24 14:32:30.909 66329 INFO tempest.lib.common.rest_client [req-bb30712c-3f5a-440d-a790-83625377ca25 req-bb30712c-3f5a-440d-a790-83625377ca25 ] Request (HypervisorAdminV253TestBase:test_list_show_detail_hypervisors): 200 GET http://10.180.1.21/compute/v2.1/os-hypervisors/bb7eba80-7fc2-4f04-b243-2eeda99e4a54 3.526s
2025-11-24 14:32:30.961 66361 INFO tempest.lib.common.rest_client [req-322e6d03-a229-41c8-be11-a58bcfd1c9ad req-322e6d03-a229-41c8-be11-a58bcfd1c9ad ] Request (AttachInterfacesV270Test:test_create_get_list_interfaces): 202 POST http://10.180.1.21/compute/v2.1/servers 6.954s
2025-11-24 14:32:30.991 66317 INFO tempest.lib.common.rest_client [req-21c762c4-d11c-41d1-bd9a-7c432e0cebc1 req-21c762c4-d11c-41d1-bd9a-7c432e0cebc1 ] Request (FlavorsAdminTestJSON:_run_cleanups): 200 GET http://10.180.1.21/compute/v2.1/flavors/detail 3.593s
2025-11-24 14:32:31.018 66309 INFO tempest.lib.common.rest_client [req-26b5dc97-2bda-4135-a287-93685c0f1495 req-26b5dc97-2bda-4135-a287-93685c0f1495 ] Request (HostsAdminTestJSON:test_list_hosts_with_nonexistent_zone): 200 GET http://10.180.1.21/compute/v2.1/os-hosts?zone=xxx 3.580s
2025-11-24 14:32:31.030 66311 INFO tempest.lib.common.rest_client [req-a2eacda2-e785-4212-9e54-5a27d9db2350 req-a2eacda2-e785-4212-9e54-5a27d9db2350 ] Request (HypervisorAdminNegativeUnderV252Test:test_search_nonexistent_hypervisor): 404 GET http://10.180.1.21/compute/v2.1/os-hypervisors/nonexistent_hypervisor_name/search 3.421s
2025-11-24 14:32:31.099 66329 INFO tempest.lib.common.rest_client [req-92a798d1-9818-44e1-843d-bc64157da825 req-92a798d1-9818-44e1-843d-bc64157da825 ] Request (HypervisorAdminV253TestBase:tearDownClass): 204 DELETE http://10.180.1.21/identity/v3/users/836e79d4311c44c7b259e4e85238d948 0.180s
2025-11-24 14:32:31.179 66333 INFO tempest.lib.common.rest_client [req-958f30b5-2aa6-41d6-b6f5-ba650baa3280 req-958f30b5-2aa6-41d6-b6f5-ba650baa3280 ] Request (QuotaClassesAdmin257Test:test_update_default_quotas): 200 PUT http://10.180.1.21/compute/v2.1/os-quota-class-sets/default 3.483s
2025-11-24 14:32:31.188 66353 INFO tempest.lib.common.rest_client [req-343b8734-434b-42e3-bb67-afbe4eccd344 req-343b8734-434b-42e3-bb67-afbe4eccd344 ] Request (FlavorsExtraSpecsNegativeTestJSON:test_flavor_non_admin_set_keys): 403 POST http://10.180.1.21/compute/v2.1/flavors/729580101/os-extra_specs 3.214s
2025-11-24 14:32:31.253 66329 INFO tempest.lib.common.rest_client [req-ec1c85d6-bf81-49d6-9620-8890a8ce7417 req-ec1c85d6-bf81-49d6-9620-8890a8ce7417 ] Request (HypervisorAdminV253TestBase:tearDownClass): 204 DELETE http://10.180.1.21/identity/v3/users/fe05faf9fe234b0dbec1072f28266f27 0.153s
2025-11-24 14:32:31.253 66329 INFO tempest.lib.common.dynamic_creds [-] Deleting project and security group for project: ffb5d4871d9f4d6fb876021203d1a0b3
2025-11-24 14:32:31.308 66329 INFO tempest.lib.common.rest_client [req-3ba66039-57bd-406a-8589-7b0e02e6fd31 req-3ba66039-57bd-406a-8589-7b0e02e6fd31 ] Request (HypervisorAdminV253TestBase:tearDownClass): 201 POST http://10.180.1.21/identity/v3/auth/tokens 0.055s
2025-11-24 14:32:31.339 66323 INFO tempest.lib.common.rest_client [req-bf63b43a-7913-4b47-b470-036bcba7b3f8 req-bf63b43a-7913-4b47-b470-036bcba7b3f8 ] Request (VolumesAssistedSnapshotsTest:test_volume_assisted_snapshot_create_delete): 201 POST http://10.180.1.21/networking/v2.0/floatingips 0.545s
2025-11-24 14:32:31.366 66319 INFO tempest.lib.common.rest_client [req-9dbd0d0d-15a0-4c67-8247-0a257692d9ae req-9dbd0d0d-15a0-4c67-8247-0a257692d9ae ] Request (ServersTestJSON:setUpClass): 201 POST http://10.180.1.21/networking/v2.0/floatingips 0.536s
2025-11-24 14:32:31.408 66301 INFO tempest.lib.common.rest_client [req-fc54cb3e-9a0e-4a4f-a766-ab5fd0b25567 req-fc54cb3e-9a0e-4a4f-a766-ab5fd0b25567 ] Request (FloatingIPDetailsNegativeTestJSON:test_get_nonexistent_floating_ip_details): 404 GET http://10.180.1.21/compute/v2.1/os-floating-ips/d5a5ec36-deb7-4bab-84f6-a5ef8ce910a6 4.012s
2025-11-24 14:32:31.428 66323 INFO tempest.lib.common.rest_client [req-74bf6396-0b28-4f78-a594-49469e496022 req-74bf6396-0b28-4f78-a594-49469e496022 ] Request (VolumesAssistedSnapshotsTest:test_volume_assisted_snapshot_create_delete): 201 POST http://10.180.1.21/identity/v3/auth/tokens 0.086s
2025-11-24 14:32:31.429 66323 INFO tempest.lib.common.fixed_network [-] (VolumesAssistedSnapshotsTest:test_volume_assisted_snapshot_create_delete) Found network {'id': 'c1e6d609-cd40-40ca-9329-2d8d657b3210', 'name': 'tempest-VolumesAssistedSnapshotsTest-847451951-network', 'tenant_id': '00c3fe71c1af40bca4b0e0186a6b0b08', 'project_id': '00c3fe71c1af40bca4b0e0186a6b0b08', 'admin_state_up': True, 'mtu': 8950, 'status': 'ACTIVE', 'subnets': [], 'shared': False, 'port_security_enabled': True, 'router:external': False, 'provider:network_type': 'vlan', 'provider:physical_network': 'default', 'provider:segmentation_id': 168, 'availability_zone_hints': [], 'availability_zones': [], 'ipv4_address_scope': None, 'ipv6_address_scope': None, 'description': '', 'tags': [], 'created_at': '2025-11-24T14:32:08Z', 'updated_at': '2025-11-24T14:32:08Z', 'revision_number': 1} available for tenant
2025-11-24 14:32:31.432 66319 INFO tempest.lib.common.rest_client [req-9e154c40-211c-4e4d-b6cd-57eb559fc0a2 req-9e154c40-211c-4e4d-b6cd-57eb559fc0a2 ] Request (ServersTestJSON:setUpClass): 201 POST http://10.180.1.21/identity/v3/auth/tokens 0.063s
2025-11-24 14:32:31.432 66319 INFO tempest.lib.common.fixed_network [-] (ServersTestJSON:setUpClass) Found network {'id': 'f6e8d9c5-4730-4c24-aeb2-75f0eb13034e', 'name': 'tempest-ServersTestJSON-1723831013-network', 'tenant_id': '1483feb0189b4eeca51478afd7eb4938', 'project_id': '1483feb0189b4eeca51478afd7eb4938', 'admin_state_up': True, 'mtu': 8950, 'status': 'ACTIVE', 'subnets': [], 'shared': False, 'port_security_enabled': True, 'router:external': False, 'provider:network_type': 'vlan', 'provider:physical_network': 'default', 'provider:segmentation_id': 995, 'availability_zone_hints': [], 'availability_zones': [], 'ipv4_address_scope': None, 'ipv6_address_scope': None, 'description': '', 'tags': [], 'created_at': '2025-11-24T14:32:23Z', 'updated_at': '2025-11-24T14:32:23Z', 'revision_number': 1} available for tenant
2025-11-24 14:32:31.626 66329 INFO tempest.lib.common.rest_client [req-7a34f679-681f-41c7-9e89-3b8e3420e4d3 req-7a34f679-681f-41c7-9e89-3b8e3420e4d3 ] Request (HypervisorAdminV253TestBase:tearDownClass): 200 GET http://10.180.1.21/networking/v2.0/security-groups?tenant_id=ffb5d4871d9f4d6fb876021203d1a0b3&name=default 0.317s
2025-11-24 14:32:31.825 66351 INFO tempest.lib.common.rest_client [req-29ac7330-c658-4952-bbb2-910c05d8bca4 req-29ac7330-c658-4952-bbb2-910c05d8bca4 ] Request (SecurityGroupsTestAdminJSON:test_list_security_groups_list_all_tenants_filter): 200 POST http://10.180.1.21/compute/v2.1/os-security-groups 3.420s
2025-11-24 14:32:32.013 66329 INFO tempest.lib.common.rest_client [req-9cb3ff7c-2e6d-4cd5-944f-0da417d1f5e8 req-9cb3ff7c-2e6d-4cd5-944f-0da417d1f5e8 ] Request (HypervisorAdminV253TestBase:tearDownClass): 204 DELETE http://10.180.1.21/networking/v2.0/security-groups/d50c7a11-a140-42c9-a340-4237d9b80abb 0.387s
2025-11-24 14:32:32.042 66321 INFO tempest.lib.common.rest_client [req-1cdb934d-771f-453b-9bdc-523b40cf8ce2 req-1cdb934d-771f-453b-9bdc-523b40cf8ce2 ] Request (ServersTestBootFromVolume:setUpClass): 200 POST http://10.180.1.21/compute/v2.1/os-keypairs 3.623s
2025-11-24 14:32:32.110 66329 INFO tempest.lib.common.rest_client [req-59a87efe-fdea-4405-a93f-018cb686e47e req-59a87efe-fdea-4405-a93f-018cb686e47e ] Request (HypervisorAdminV253TestBase:tearDownClass): 204 DELETE http://10.180.1.21/identity/v3/projects/ffb5d4871d9f4d6fb876021203d1a0b3 0.095s
2025-11-24 14:32:32.110 66329 INFO tempest.lib.common.dynamic_creds [-] Deleting project and security group for project: 0e367e2c040d4bf3a1518533177700f0
2025-11-24 14:32:32.115 66339 INFO tempest.lib.common.rest_client [req-22771e20-aa7f-41a7-8e0a-c63f79ef6d19 req-22771e20-aa7f-41a7-8e0a-c63f79ef6d19 ] Request (FlavorsExtraSpecsTestJSON:test_flavor_non_admin_get_all_keys): 200 GET http://10.180.1.21/compute/v2.1/flavors/1399695047/os-extra_specs 3.672s
2025-11-24 14:32:32.140 66341 INFO tempest.lib.common.rest_client [req-efef5ade-2d1c-40f1-aa21-ee82d036f16f req-efef5ade-2d1c-40f1-aa21-ee82d036f16f ] Request (HostsAdminNegativeTestJSON:test_reboot_nonexistent_host): 404 GET http://10.180.1.21/compute/v2.1/os-hosts/nonexistent_hostname/reboot 3.692s
2025-11-24 14:32:32.170 66365 INFO tempest.lib.common.rest_client [req-c4bd83ab-bb32-430e-bc4c-113b99599119 req-c4bd83ab-bb32-430e-bc4c-113b99599119 ] Request (HypervisorAdminUnderV252Test:test_search_hypervisor): 200 GET http://10.180.1.21/compute/v2.1/os-hypervisors 3.688s
2025-11-24 14:32:32.365 66305 INFO tempest.lib.common.rest_client [req-9e3f22b0-9936-492f-b672-d78dfd3b9f63 req-9e3f22b0-9936-492f-b672-d78dfd3b9f63 ] Request (FlavorsAccessNegativeTestJSON:test_add_flavor_access_duplicate): 200 POST http://10.180.1.21/compute/v2.1/flavors/960988299/action 3.768s
2025-11-24 14:32:32.491 66325 INFO tempest.lib.common.rest_client [req-dfb6cec2-184e-45ef-8d33-94a0d7f65e91 req-dfb6cec2-184e-45ef-8d33-94a0d7f65e91 ] Request (ServersWithSpecificFlavorTestJSON:test_verify_created_server_ephemeral_disk): 200 POST http://10.180.1.21/compute/v2.1/flavors 3.784s
2025-11-24 14:32:32.768 66301 INFO tempest.lib.common.rest_client [req-7530fa19-66e8-4911-91f7-9ef439efd66d req-7530fa19-66e8-4911-91f7-9ef439efd66d ] Request (FloatingIPDetailsNegativeTestJSON:tearDownClass): 200 PUT http://10.180.1.21/networking/v2.0/routers/e80cb2f0-a6b0-4322-b63b-9899dd362069/remove_router_interface 1.357s
2025-11-24 14:32:33.257 66321 INFO tempest.lib.common.rest_client [req-37769d7d-f86f-4eeb-a8e3-944f60ae3a0e req-37769d7d-f86f-4eeb-a8e3-944f60ae3a0e ] Request (ServersTestBootFromVolume:setUpClass): 201 POST http://10.180.1.21/networking/v2.0/security-groups 1.213s
2025-11-24 14:32:33.356 66329 INFO tempest.lib.common.rest_client [req-e6783101-f90e-4acd-945b-a8c22d8f7d01 req-e6783101-f90e-4acd-945b-a8c22d8f7d01 ] Request (HypervisorAdminV253TestBase:tearDownClass): 200 GET http://10.180.1.21/networking/v2.0/security-groups?tenant_id=0e367e2c040d4bf3a1518533177700f0&name=default 1.246s
2025-11-24 14:32:33.764 66301 INFO tempest.lib.common.rest_client [req-9e961572-6862-4a7b-8946-bc9381ebf64d req-9e961572-6862-4a7b-8946-bc9381ebf64d ] Request (FloatingIPDetailsNegativeTestJSON:tearDownClass): 204 DELETE http://10.180.1.21/networking/v2.0/routers/e80cb2f0-a6b0-4322-b63b-9899dd362069 0.995s
2025-11-24 14:32:33.875 66321 INFO tempest.lib.common.rest_client [req-e1df189c-6630-4008-96c1-0314aca9a12e req-e1df189c-6630-4008-96c1-0314aca9a12e ] Request (ServersTestBootFromVolume:setUpClass): 201 POST http://10.180.1.21/networking/v2.0/security-group-rules 0.617s
2025-11-24 14:32:33.895 66329 INFO tempest.lib.common.rest_client [req-45292024-4046-4d5e-9b3d-28af91b837ab req-45292024-4046-4d5e-9b3d-28af91b837ab ] Request (HypervisorAdminV253TestBase:tearDownClass): 204 DELETE http://10.180.1.21/networking/v2.0/security-groups/1c61b94b-f6ce-4df6-9e03-4051c687ed39 0.538s
2025-11-24 14:32:33.977 66347 INFO tempest.lib.common.rest_client [req-3de94615-f9f2-4ef4-8f77-d724574bc1d2 req-3de94615-f9f2-4ef4-8f77-d724574bc1d2 ] Request (FloatingIPDetailsTestJSON:setUpClass): 200 POST http://10.180.1.21/compute/v2.1/os-floating-ips 5.567s
2025-11-24 14:32:34.014 66301 INFO tempest.lib.common.rest_client [req-9c699870-32e3-42f4-95df-2bf888ba03b8 req-9c699870-32e3-42f4-95df-2bf888ba03b8 ] Request (FloatingIPDetailsNegativeTestJSON:tearDownClass): 204 DELETE http://10.180.1.21/networking/v2.0/subnets/370b70d4-87b6-4d5a-9f15-a67f56b45a75 0.249s
2025-11-24 14:32:34.031 66329 INFO tempest.lib.common.rest_client [req-faa93475-9148-4a1f-995a-362c87f09c41 req-faa93475-9148-4a1f-995a-362c87f09c41 ] Request (HypervisorAdminV253TestBase:tearDownClass): 204 DELETE http://10.180.1.21/identity/v3/projects/0e367e2c040d4bf3a1518533177700f0 0.136s
2025-11-24 14:32:34.087 66321 INFO tempest.lib.common.rest_client [req-0cfce626-6339-4f05-aa6d-74c7d772fd62 req-0cfce626-6339-4f05-aa6d-74c7d772fd62 ] Request (ServersTestBootFromVolume:setUpClass): 201 POST http://10.180.1.21/networking/v2.0/security-group-rules 0.211s
2025-11-24 14:32:34.130 66329 INFO tempest.lib.common.rest_client [req-275cfc8b-ae1d-46bf-94e8-57fec227f422 req-275cfc8b-ae1d-46bf-94e8-57fec227f422 ] Request (NetworksTest:setUpClass): 201 POST http://10.180.1.21/identity/v3/auth/tokens 0.097s
2025-11-24 14:32:34.169 66329 INFO tempest.lib.common.rest_client [req-175efa67-64a2-49c7-8319-8bd2b426f136 req-175efa67-64a2-49c7-8319-8bd2b426f136 ] Request (NetworksTest:setUpClass): 201 POST http://10.180.1.21/identity/v3/auth/tokens 0.031s
2025-11-24 14:32:34.199 66329 INFO tempest.lib.common.rest_client [req-c312e683-dd1c-49ee-bd93-e79bcde4136b req-c312e683-dd1c-49ee-bd93-e79bcde4136b ] Request (NetworksTest:setUpClass): 200 GET http://10.180.1.21/identity/v3/domains?name=Default 0.029s
2025-11-24 14:32:34.226 66329 INFO tempest.lib.common.rest_client [req-86e63315-b597-4834-bcc7-123da4001384 req-86e63315-b597-4834-bcc7-123da4001384 ] Request (NetworksTest:setUpClass): 201 POST http://10.180.1.21/identity/v3/projects 0.026s
2025-11-24 14:32:34.300 66301 INFO tempest.lib.common.rest_client [req-68eb0712-d8aa-490c-85de-a20fbf013f5a req-68eb0712-d8aa-490c-85de-a20fbf013f5a ] Request (FloatingIPDetailsNegativeTestJSON:tearDownClass): 204 DELETE http://10.180.1.21/networking/v2.0/networks/54cbf062-6f8a-47c1-a434-329f6aef829b 0.286s
2025-11-24 14:32:34.304 66329 INFO tempest.lib.common.rest_client [req-6b4c832b-9865-43de-9d2c-804f68d7bcf2 req-6b4c832b-9865-43de-9d2c-804f68d7bcf2 ] Request (NetworksTest:setUpClass): 201 POST http://10.180.1.21/identity/v3/users 0.077s
2025-11-24 14:32:34.361 66329 INFO tempest.lib.common.rest_client [req-66150eef-35ec-44fc-87f3-a45e7aa201ba req-66150eef-35ec-44fc-87f3-a45e7aa201ba ] Request (NetworksTest:setUpClass): 200 GET http://10.180.1.21/identity/v3/roles 0.056s
2025-11-24 14:32:34.424 66301 INFO tempest.lib.common.rest_client [req-ab5ab62c-a9bb-4ae7-aae6-b5a17b5e1aa6 req-ab5ab62c-a9bb-4ae7-aae6-b5a17b5e1aa6 ] Request (FloatingIPDetailsNegativeTestJSON:tearDownClass): 204 DELETE http://10.180.1.21/identity/v3/users/8fce2e76b3ac451a8bb1a0e3e0691f9e 0.123s
2025-11-24 14:32:34.424 66301 INFO tempest.lib.common.dynamic_creds [-] Deleting project and security group for project: 7b3715d14faa4cefb8aa005d7ce4bc62
2025-11-24 14:32:34.476 66343 INFO tempest.lib.common.rest_client [req-69a58c96-7903-455a-8b01-9ed891613992 req-69a58c96-7903-455a-8b01-9ed891613992 ] Request (ServersAdmin275Test:test_rebuild_update_server_275): 200 GET http://10.180.1.21/compute/v2.1/servers/1e5afc11-0db5-4d36-a29a-b8adf48390a6 4.771s
2025-11-24 14:32:34.517 66329 INFO tempest.lib.common.rest_client [req-ba9c8c99-e022-49a7-a3ed-6be7bd2b030b req-ba9c8c99-e022-49a7-a3ed-6be7bd2b030b ] Request (NetworksTest:setUpClass): 204 PUT http://10.180.1.21/identity/v3/projects/ca1d7deda698410385ff53cae4f682f9/users/f41ba20d80744e219d78ada625dfb52c/roles/9398be14c9b4490cbfc4194f781fc6ce 0.156s
2025-11-24 14:32:34.517 66329 INFO tempest.lib.common.dynamic_creds [-] Dynamic test user f41ba20d80744e219d78ada625dfb52c is created with scope project and roles: ['member']
2025-11-24 14:32:34.517 66329 INFO tempest.lib.common.dynamic_creds [-] Acquired dynamic creds: credentials: Credentials: {'domain_id': 'default', 'domain_name': 'Default', 'username': 'tempest-NetworksTest-1017540792-project-member', 'project_domain_id': 'default', 'project_domain_name': 'Default', 'project_id': 'ca1d7deda698410385ff53cae4f682f9', 'project_name': 'tempest-NetworksTest-1017540792', 'tenant_id': 'ca1d7deda698410385ff53cae4f682f9', 'tenant_name': 'tempest-NetworksTest-1017540792', 'user_domain_id': 'default', 'user_domain_name': 'Default', 'user_id': 'f41ba20d80744e219d78ada625dfb52c', 'system': None}, Network: None, Subnet: None, Router: None
2025-11-24 14:32:34.518 66329 INFO tempest.lib.common.dynamic_creds [-] Created isolated network resources for: credentials: Credentials: {'domain_id': 'default', 'domain_name': 'Default', 'username': 'tempest-NetworksTest-1017540792-project-member', 'project_domain_id': 'default', 'project_domain_name': 'Default', 'project_id': 'ca1d7deda698410385ff53cae4f682f9', 'project_name': 'tempest-NetworksTest-1017540792', 'tenant_id': 'ca1d7deda698410385ff53cae4f682f9', 'tenant_name': 'tempest-NetworksTest-1017540792', 'user_domain_id': 'default', 'user_domain_name': 'Default', 'user_id': 'f41ba20d80744e219d78ada625dfb52c', 'system': None}, Network: None, Subnet: None, Router: None
2025-11-24 14:32:34.519 66301 INFO tempest.lib.common.rest_client [req-43c0c6a6-ba8a-45ce-a38f-06cd88edba61 req-43c0c6a6-ba8a-45ce-a38f-06cd88edba61 ] Request (FloatingIPDetailsNegativeTestJSON:tearDownClass): 200 GET http://10.180.1.21/networking/v2.0/security-groups?tenant_id=7b3715d14faa4cefb8aa005d7ce4bc62&name=default 0.095s
2025-11-24 14:32:34.602 66329 INFO tempest.lib.common.rest_client [req-7f48ff15-49d0-45d7-b0c6-74aa901dd3ea req-7f48ff15-49d0-45d7-b0c6-74aa901dd3ea ] Request (NetworksTest:setUpClass): 201 POST http://10.180.1.21/identity/v3/auth/tokens 0.081s
2025-11-24 14:32:34.659 66363 INFO tempest.lib.common.rest_client [req-51982d84-916e-41dd-86aa-589cca78b613 req-51982d84-916e-41dd-86aa-589cca78b613 ] Request (HypervisorAdminNegativeTestJSON:test_get_hypervisor_uptime_with_non_admin_user): 200 GET http://10.180.1.21/compute/v2.1/os-hypervisors 4.834s
2025-11-24 14:32:34.664 66329 INFO tempest.lib.common.rest_client [req-8827699f-4113-4646-8765-0c21d1cf3335 req-8827699f-4113-4646-8765-0c21d1cf3335 ] Request (NetworksTest:setUpClass): 201 POST http://10.180.1.21/identity/v3/projects 0.061s
2025-11-24 14:32:34.714 66303 INFO tempest.lib.common.rest_client [req-aea88f4b-8bf7-448b-a23f-7edbc081f5ae req-aea88f4b-8bf7-448b-a23f-7edbc081f5ae ] Request (FlavorsAccessTestJSON:_run_cleanups): 202 DELETE http://10.180.1.21/compute/v2.1/flavors/447788001 4.852s
2025-11-24 14:32:34.752 66329 INFO tempest.lib.common.rest_client [req-10fedbc3-b11f-46bc-b5fe-999bee543cd1 req-10fedbc3-b11f-46bc-b5fe-999bee543cd1 ] Request (NetworksTest:setUpClass): 201 POST http://10.180.1.21/identity/v3/users 0.087s
2025-11-24 14:32:34.787 66329 INFO tempest.lib.common.rest_client [req-9e5fdf74-e5d7-47bb-aef6-3085cdc41aa1 req-9e5fdf74-e5d7-47bb-aef6-3085cdc41aa1 ] Request (NetworksTest:setUpClass): 200 GET http://10.180.1.21/identity/v3/roles 0.035s
2025-11-24 14:32:34.820 66329 INFO tempest.lib.common.rest_client [req-62f00a4a-3cd6-4e3c-9fbe-51fd4a5c66ac req-62f00a4a-3cd6-4e3c-9fbe-51fd4a5c66ac ] Request (NetworksTest:setUpClass): 204 PUT http://10.180.1.21/identity/v3/projects/8c6e406595134270a55dddcb4e0ffcaf/users/5cd3a6c965e846f1a603c7b296767d98/roles/244e237a94ba436884239798391037ab 0.032s
2025-11-24 14:32:34.871 66329 INFO tempest.lib.common.rest_client [req-3e87ec71-9e92-4f61-8ed4-262f9dc8c4b0 req-3e87ec71-9e92-4f61-8ed4-262f9dc8c4b0 ] Request (NetworksTest:setUpClass): 200 GET http://10.180.1.21/identity/v3/roles 0.051s
2025-11-24 14:32:34.891 66329 INFO tempest.lib.common.rest_client [req-8162af6f-0e59-4e04-a1c7-6330248fe3a8 req-8162af6f-0e59-4e04-a1c7-6330248fe3a8 ] Request (NetworksTest:setUpClass): 204 PUT http://10.180.1.21/identity/v3/projects/8c6e406595134270a55dddcb4e0ffcaf/users/5cd3a6c965e846f1a603c7b296767d98/roles/244e237a94ba436884239798391037ab 0.019s
2025-11-24 14:32:34.891 66329 INFO tempest.lib.common.dynamic_creds [-] Dynamic test user 5cd3a6c965e846f1a603c7b296767d98 is created with scope project and roles: ['admin']
2025-11-24 14:32:34.891 66329 INFO tempest.lib.common.dynamic_creds [-] Acquired dynamic creds: credentials: Credentials: {'domain_id': 'default', 'domain_name': 'Default', 'username': 'tempest-NetworksTest-1816524860-project-admin', 'project_domain_id': 'default', 'project_domain_name': 'Default', 'project_id': '8c6e406595134270a55dddcb4e0ffcaf', 'project_name': 'tempest-NetworksTest-1816524860', 'tenant_id': '8c6e406595134270a55dddcb4e0ffcaf', 'tenant_name': 'tempest-NetworksTest-1816524860', 'user_domain_id': 'default', 'user_domain_name': 'Default', 'user_id': '5cd3a6c965e846f1a603c7b296767d98', 'system': None}, Network: None, Subnet: None, Router: None
2025-11-24 14:32:34.891 66329 INFO tempest.lib.common.dynamic_creds [-] Created isolated network resources for: credentials: Credentials: {'domain_id': 'default', 'domain_name': 'Default', 'username': 'tempest-NetworksTest-1816524860-project-admin', 'project_domain_id': 'default', 'project_domain_name': 'Default', 'project_id': '8c6e406595134270a55dddcb4e0ffcaf', 'project_name': 'tempest-NetworksTest-1816524860', 'tenant_id': '8c6e406595134270a55dddcb4e0ffcaf', 'tenant_name': 'tempest-NetworksTest-1816524860', 'user_domain_id': 'default', 'user_domain_name': 'Default', 'user_id': '5cd3a6c965e846f1a603c7b296767d98', 'system': None}, Network: None, Subnet: None, Router: None
2025-11-24 14:32:34.924 66321 INFO tempest.lib.common.rest_client [req-8b5bcd7c-fe54-434a-a2da-b0e647d62c25 req-8b5bcd7c-fe54-434a-a2da-b0e647d62c25 ] Request (ServersTestBootFromVolume:setUpClass): 201 POST http://10.180.1.21/networking/v2.0/floatingips 0.837s
2025-11-24 14:32:34.967 66329 INFO tempest.lib.common.rest_client [req-20a1d65c-dad4-4e15-8a31-e561f437de2e req-20a1d65c-dad4-4e15-8a31-e561f437de2e ] Request (NetworksTest:setUpClass): 201 POST http://10.180.1.21/identity/v3/auth/tokens 0.073s
2025-11-24 14:32:34.989 66321 INFO tempest.lib.common.rest_client [req-3e9fdb11-344d-4d4d-9256-829b853c9c99 req-3e9fdb11-344d-4d4d-9256-829b853c9c99 ] Request (ServersTestBootFromVolume:setUpClass): 201 POST http://10.180.1.21/identity/v3/auth/tokens 0.061s
2025-11-24 14:32:34.989 66321 INFO tempest.lib.common.fixed_network [-] (ServersTestBootFromVolume:setUpClass) Found network {'id': 'b9490ae0-d157-4131-a574-cc2601048213', 'name': 'tempest-ServersTestBootFromVolume-773130420-network', 'tenant_id': 'af8a603c6c1e4e928d6c9f2d89a23ce6', 'project_id': 'af8a603c6c1e4e928d6c9f2d89a23ce6', 'admin_state_up': True, 'mtu': 8950, 'status': 'ACTIVE', 'subnets': [], 'shared': False, 'port_security_enabled': True, 'router:external': False, 'provider:network_type': 'vlan', 'provider:physical_network': 'default', 'provider:segmentation_id': 64, 'availability_zone_hints': [], 'availability_zones': [], 'ipv4_address_scope': None, 'ipv6_address_scope': None, 'description': '', 'tags': [], 'created_at': '2025-11-24T14:32:24Z', 'updated_at': '2025-11-24T14:32:24Z', 'revision_number': 1} available for tenant
2025-11-24 14:32:35.038 66349 INFO tempest.lib.common.rest_client [req-2c7c4cb8-ffec-4f50-b52e-ec7df958b5e4 req-2c7c4cb8-ffec-4f50-b52e-ec7df958b5e4 ] Request (AttachInterfacesTestJSON:test_create_list_show_delete_interfaces_by_fixed_ip): 202 POST http://10.180.1.21/compute/v2.1/servers 5.962s
2025-11-24 14:32:35.081 66301 INFO tempest.lib.common.rest_client [req-e337b938-397a-46c0-be18-a5745dad5dd6 req-e337b938-397a-46c0-be18-a5745dad5dd6 ] Request (FloatingIPDetailsNegativeTestJSON:tearDownClass): 204 DELETE http://10.180.1.21/networking/v2.0/security-groups/98a5a765-d3ea-43a8-9441-10375c90f013 0.561s
2025-11-24 14:32:35.197 66301 INFO tempest.lib.common.rest_client [req-e5a4e9fd-bd28-4c43-9f7d-5ef6bcc11c35 req-e5a4e9fd-bd28-4c43-9f7d-5ef6bcc11c35 ] Request (FloatingIPDetailsNegativeTestJSON:tearDownClass): 204 DELETE http://10.180.1.21/identity/v3/projects/7b3715d14faa4cefb8aa005d7ce4bc62 0.115s
2025-11-24 14:32:35.264 66301 INFO tempest.lib.common.rest_client [req-1f8bafeb-072d-4e79-a65d-1c7d18ea2804 req-1f8bafeb-072d-4e79-a65d-1c7d18ea2804 ] Request (ServerTagsTestJSON:setUpClass): 201 POST http://10.180.1.21/identity/v3/auth/tokens 0.066s
2025-11-24 14:32:35.297 66345 INFO tempest.lib.common.rest_client [req-81976a11-ca19-4baa-b3f0-861cb32ce6f4 req-81976a11-ca19-4baa-b3f0-861cb32ce6f4 ] Request (ServersAaction247Test:test_create_backup): 202 POST http://10.180.1.21/compute/v2.1/servers 5.245s
2025-11-24 14:32:35.298 66301 INFO tempest.lib.common.rest_client [req-1d9884a7-4050-4e18-82e5-c0016872fb70 req-1d9884a7-4050-4e18-82e5-c0016872fb70 ] Request (ServerTagsTestJSON:setUpClass): 201 POST http://10.180.1.21/identity/v3/auth/tokens 0.031s
2025-11-24 14:32:35.343 66301 INFO tempest.lib.common.rest_client [req-45bf0a15-9637-4718-b11d-a6cb97e73447 req-45bf0a15-9637-4718-b11d-a6cb97e73447 ] Request (ServerTagsTestJSON:setUpClass): 200 GET http://10.180.1.21/identity/v3/domains?name=Default 0.044s
2025-11-24 14:32:35.417 66301 INFO tempest.lib.common.rest_client [req-684ef513-d8fd-42ae-8f09-41f49ad093de req-684ef513-d8fd-42ae-8f09-41f49ad093de ] Request (ServerTagsTestJSON:setUpClass): 201 POST http://10.180.1.21/identity/v3/projects 0.074s
2025-11-24 14:32:35.501 66301 INFO tempest.lib.common.rest_client [req-7ea498c1-248d-4915-ab3b-f2493586de31 req-7ea498c1-248d-4915-ab3b-f2493586de31 ] Request (ServerTagsTestJSON:setUpClass): 201 POST http://10.180.1.21/identity/v3/users 0.083s
2025-11-24 14:32:35.551 66301 INFO tempest.lib.common.rest_client [req-18440506-28a9-4cb1-b3f8-e1866de3bef4 req-18440506-28a9-4cb1-b3f8-e1866de3bef4 ] Request (ServerTagsTestJSON:setUpClass): 200 GET http://10.180.1.21/identity/v3/roles 0.049s
2025-11-24 14:32:35.597 66301 INFO tempest.lib.common.rest_client [req-3e039b11-aff1-4fe8-8185-67eb7756824c req-3e039b11-aff1-4fe8-8185-67eb7756824c ] Request (ServerTagsTestJSON:setUpClass): 204 PUT http://10.180.1.21/identity/v3/projects/d7819684f2c74cfa9cc3e829729ec977/users/f07efa79ba40473497dc1a0830d07ebf/roles/9398be14c9b4490cbfc4194f781fc6ce 0.045s
2025-11-24 14:32:35.597 66301 INFO tempest.lib.common.dynamic_creds [-] Dynamic test user f07efa79ba40473497dc1a0830d07ebf is created with scope project and roles: ['member']
2025-11-24 14:32:35.597 66301 INFO tempest.lib.common.dynamic_creds [-] Acquired dynamic creds: credentials: Credentials: {'domain_id': 'default', 'domain_name': 'Default', 'username': 'tempest-ServerTagsTestJSON-2057985827-project-member', 'project_domain_id': 'default', 'project_domain_name': 'Default', 'project_id': 'd7819684f2c74cfa9cc3e829729ec977', 'project_name': 'tempest-ServerTagsTestJSON-2057985827', 'tenant_id': 'd7819684f2c74cfa9cc3e829729ec977', 'tenant_name': 'tempest-ServerTagsTestJSON-2057985827', 'user_domain_id': 'default', 'user_domain_name': 'Default', 'user_id': 'f07efa79ba40473497dc1a0830d07ebf', 'system': None}, Network: None, Subnet: None, Router: None
2025-11-24 14:32:35.666 66301 INFO tempest.lib.common.rest_client [req-d4f6e50d-2633-482e-872f-b4c9dab0e059 req-d4f6e50d-2633-482e-872f-b4c9dab0e059 ] Request (ServerTagsTestJSON:setUpClass): 201 POST http://10.180.1.21/identity/v3/auth/tokens 0.068s
2025-11-24 14:32:35.685 66327 INFO tempest.lib.common.rest_client [req-e43d3358-46f2-4c72-8557-bc4146a87245 req-e43d3358-46f2-4c72-8557-bc4146a87245 ] Request (DeleteServersAdminTestJSON:test_admin_delete_servers_of_others): 200 GET http://10.180.1.21/compute/v2.1/servers/d5e2993e-04db-4240-a493-2afa2a969e95 5.451s
2025-11-24 14:32:35.696 66335 INFO tempest.lib.common.rest_client [req-3d425148-da73-4b9f-8479-8bc6d382e14b req-3d425148-da73-4b9f-8479-8bc6d382e14b ] Request (ServersAdminTestJSON:setUpClass): 202 POST http://10.180.1.21/compute/v2.1/servers 5.670s
2025-11-24 14:32:35.926 66321 INFO tempest.lib.common.rest_client [req-683a6c36-d21a-494e-8058-8f7771f59462 req-683a6c36-d21a-494e-8058-8f7771f59462 ] Request (ServersTestBootFromVolume:setUpClass): 202 POST http://10.180.1.21/volume/v3/volumes 0.935s
2025-11-24 14:32:36.024 66301 INFO tempest.lib.common.rest_client [req-97317a45-73a4-412d-b6c4-9115b6a04033 req-97317a45-73a4-412d-b6c4-9115b6a04033 ] Request (ServerTagsTestJSON:setUpClass): 201 POST http://10.180.1.21/networking/v2.0/networks 0.357s
2025-11-24 14:32:36.118 66321 INFO tempest.lib.common.rest_client [req-3f1c6669-144a-4fc2-afc0-e44538fcb545 req-3f1c6669-144a-4fc2-afc0-e44538fcb545 ] Request (ServersTestBootFromVolume:setUpClass): 200 GET http://10.180.1.21/volume/v3/volumes/a47d4898-a2a8-4387-b059-6886c7fe9c44 0.182s
2025-11-24 14:32:36.177 66307 INFO tempest.lib.common.rest_client [req-9eb31d55-620a-4731-9695-4e95ce887a4a req-9eb31d55-620a-4731-9695-4e95ce887a4a ] Request (ServerDiagnosticsNegativeTest:test_get_server_diagnostics_by_non_admin): 200 GET http://10.180.1.21/compute/v2.1/servers/7b893801-07b6-4a7a-845e-d4479144e544 5.663s
2025-11-24 14:32:36.190 66307 INFO tempest.common.waiters [-] State transition "BUILD/None" ==> "BUILD/spawning" after 7 second wait
2025-11-24 14:32:36.203 66355 INFO tempest.lib.common.rest_client [req-dbef4c37-a8af-4150-9bf5-61fc11df7464 req-dbef4c37-a8af-4150-9bf5-61fc11df7464 ] Request (ServersAdminNegativeTestJSON:setUpClass): 200 GET http://10.180.1.21/compute/v2.1/servers/e745403e-3277-4edb-93ca-16c2a3396ed9 5.622s
2025-11-24 14:32:36.210 66355 INFO tempest.common.waiters [-] State transition "BUILD/None" ==> "BUILD/spawning" after 7 second wait
2025-11-24 14:32:36.287 66301 INFO tempest.lib.common.rest_client [req-0b485d5d-7fe8-45ce-b29a-a1a3699a325d req-0b485d5d-7fe8-45ce-b29a-a1a3699a325d ] Request (ServerTagsTestJSON:setUpClass): 201 POST http://10.180.1.21/networking/v2.0/subnets 0.262s
2025-11-24 14:32:36.311 66337 INFO tempest.lib.common.rest_client [req-1bd3faa8-cbcf-4854-8e3c-de421d303b40 req-1bd3faa8-cbcf-4854-8e3c-de421d303b40 ] Request (ServerDiagnosticsV248Test:test_get_server_diagnostics): 200 GET http://10.180.1.21/compute/v2.1/servers/08bfb94e-3693-45aa-ac2d-3368979d37ab 5.506s
2025-11-24 14:32:36.345 66315 INFO tempest.lib.common.rest_client [req-9d59f01c-c392-4b12-925c-d81cc931ceae req-9d59f01c-c392-4b12-925c-d81cc931ceae ] Request (ServerActionsTestJSON:setUpClass): 200 POST http://10.180.1.21/compute/v2.1/os-keypairs 5.556s
2025-11-24 14:32:36.381 66331 INFO tempest.lib.common.rest_client [req-1dff6cee-f442-4e4f-93d5-a0cdf5ce2563 req-1dff6cee-f442-4e4f-93d5-a0cdf5ce2563 ] Request (AggregatesAdminNegativeTestJSON:test_aggregate_add_existent_host): 409 POST http://10.180.1.21/compute/v2.1/os-aggregates/1/action 5.499s
