2025-11-24 14:34:09.585 66331 INFO tempest.lib.common.rest_client [req-fc453a81-37bb-4c79-b946-f8ea5c5bd61b req-fc453a81-37bb-4c79-b946-f8ea5c5bd61b ] Request (AggregatesAdminNegativeTestJSON:_run_cleanups): 200 DELETE http://10.180.1.21/compute/v2.1/os-aggregates/7 0.762s
2025-11-24 14:34:09.612 66335 INFO tempest.lib.common.rest_client [req-fd4969ef-7204-4f33-bf2f-7552cb5e1e08 req-fd4969ef-7204-4f33-bf2f-7552cb5e1e08 ] Request (ServersAdminTestJSON:test_inject_network_info): 200 GET http://10.180.1.21/compute/v2.1/servers/1f5735d7-44ec-4396-a494-97b7aa0e4cb5 0.863s
2025-11-24 14:34:09.640 66355 INFO tempest.lib.common.rest_client [req-8a33ff28-ca94-41ab-a768-afbf58dae606 req-8a33ff28-ca94-41ab-a768-afbf58dae606 ] Request (ServersAdminNegativeTestJSON:_run_cleanups): 200 GET http://10.180.1.21/compute/v2.1/flavors/detail 0.741s
2025-11-24 14:34:09.649 66321 INFO paramiko.transport [-] Authentication (publickey) successful!
2025-11-24 14:34:09.649 66343 INFO tempest.lib.common.rest_client [req-f5408e6d-f208-4ea9-8618-5660cd366661 req-f5408e6d-f208-4ea9-8618-5660cd366661 ] Request (InstanceActionsNegativeTestJSON:setUpClass): 200 GET http://10.180.1.21/compute/v2.1/servers/839cfa78-1481-4680-96ec-d24561cc779e 0.810s
2025-11-24 14:34:09.649 66321 INFO tempest.lib.common.ssh [-] ssh connection to cirros@10.180.180.174 successfully created
2025-11-24 14:34:09.674 66317 INFO tempest.lib.common.rest_client [req-27c1a98d-bdfa-4114-87b1-21a7dc5b25b8 req-27c1a98d-bdfa-4114-87b1-21a7dc5b25b8 ] Request (FlavorsAdminTestJSON:test_is_public_string_variations): 200 GET http://10.180.1.21/compute/v2.1/flavors/detail?is_public=t 0.760s
2025-11-24 14:34:09.683 66341 INFO tempest.lib.common.rest_client [req-fc1573d8-cfe2-46e8-9ae8-d81903d0c98c req-fc1573d8-cfe2-46e8-9ae8-d81903d0c98c ] Request (ImagesTestJSON:test_create_image_from_stopped_server): 200 GET http://10.180.1.21/compute/v2.1/images/8b371b76-41f2-48aa-8bfb-e50ace5514e6 0.776s
2025-11-24 14:34:09.705 66359 INFO tempest.lib.common.rest_client [req-1e36746d-90e8-494d-8355-ba485c0e67f7 req-1e36746d-90e8-494d-8355-ba485c0e67f7 ] Request (FloatingIPsAssociationNegativeTestJSON:tearDownClass): 404 GET http://10.180.1.21/compute/v2.1/servers/09756e81-883c-4c9e-9088-94dc1ba4e429 0.619s
2025-11-24 14:34:09.745 66351 INFO tempest.lib.common.rest_client [req-f75a3408-678f-42f5-bf92-a61b355d1c42 req-f75a3408-678f-42f5-bf92-a61b355d1c42 ] Request (ServerMetadataTestJSON:test_set_server_metadata_item): 200 PUT http://10.180.1.21/compute/v2.1/servers/9104e815-c3a6-4156-9b75-e145f1a17a34/metadata/nova 0.774s
2025-11-24 14:34:09.758 66315 INFO tempest.lib.common.rest_client [req-2b38ba81-1826-4874-a4d3-cb43974f6ca2 req-2b38ba81-1826-4874-a4d3-cb43974f6ca2 ] Request (ServerActionsTestJSON:test_lock_unlock_server): 202 POST http://10.180.1.21/compute/v2.1/servers/9d8c30eb-4dd2-48ca-bb09-7d30814ed474/action 0.622s
2025-11-24 14:34:09.798 66353 INFO tempest.lib.common.rest_client [req-0f134409-8360-4aa7-a83f-0cf29497a678 req-0f134409-8360-4aa7-a83f-0cf29497a678 ] Request (ServerDiskConfigTestJSON:test_rebuild_server_with_manual_disk_config): 200 GET http://10.180.1.21/compute/v2.1/servers/8e837837-031c-4ef5-9dd3-25274ce06eaa 0.611s
2025-11-24 14:34:09.819 66305 INFO tempest.lib.common.rest_client [req-1de999c3-520b-4b5b-b92d-cd701b00ad9b req-1de999c3-520b-4b5b-b92d-cd701b00ad9b ] Request (ServicesAdminNegativeTestJSON:test_get_service_with_valid_service_and_invalid_host): 200 GET http://10.180.1.21/compute/v2.1/os-services 0.606s
2025-11-24 14:34:09.831 66301 INFO tempest.lib.common.rest_client [req-95cd6e9a-06ea-47e6-b0a6-9b42bf811dfd req-95cd6e9a-06ea-47e6-b0a6-9b42bf811dfd ] Request (ServerTagsTestJSON:test_update_all_tags): 201 PUT http://10.180.1.21/compute/v2.1/servers/ec514267-5e43-4e93-8517-abbc9e762774/tags/tempest-tag-1433628559 0.641s
2025-11-24 14:34:09.940 66307 INFO tempest.lib.common.rest_client [req-e8febbdf-b145-4551-8702-ac51cfdc9b0b req-e8febbdf-b145-4551-8702-ac51cfdc9b0b ] Request (VolumesAdminNegativeTest:tearDownClass): 200 GET http://10.180.1.21/compute/v2.1/servers/73776ada-0631-497f-b05b-f8e52540e7f2 0.666s
2025-11-24 14:34:09.968 66347 INFO tempest.lib.common.rest_client [req-66d85936-d6a4-47d5-bd67-8281f76185c2 req-66d85936-d6a4-47d5-bd67-8281f76185c2 ] Request (ServersTestFqdnHostnames:test_create_server_with_fqdn_name): 200 GET http://10.180.1.21/compute/v2.1/servers/186c0adc-b3ca-4e3a-91ad-14eae166457f 0.754s
2025-11-24 14:34:10.073 66303 INFO tempest.lib.common.rest_client [req-3d28198f-7343-4bde-b459-2d8762b81f36 req-3d28198f-7343-4bde-b459-2d8762b81f36 ] Request (ServerDiagnosticsTest:test_get_server_diagnostics): 200 GET http://10.180.1.21/compute/v2.1/servers/e14d6548-1292-40f2-b3dc-f9d00671eeda 0.752s
2025-11-24 14:34:10.086 66303 INFO tempest.common.waiters [-] State transition "BUILD/spawning" ==> "ACTIVE/None" after 26 second wait
2025-11-24 14:34:10.097 66327 INFO tempest.lib.common.rest_client [req-652d3de8-3809-44b0-98f3-0176649a83e4 req-652d3de8-3809-44b0-98f3-0176649a83e4 ] Request (DeleteServersAdminTestJSON:tearDownClass): 404 DELETE http://10.180.1.21/compute/v2.1/servers/9b4142fa-f283-45d7-be48-81d9eb1ceaee 0.754s
2025-11-24 14:34:10.243 66339 INFO tempest.lib.common.rest_client [req-af6d55d5-a159-4db0-8401-f3c1ae0d0cc4 req-af6d55d5-a159-4db0-8401-f3c1ae0d0cc4 ] Request (ServerExternalEventsTest:test_create_server_external_events): 200 GET http://10.180.1.21/compute/v2.1/servers/2a556d78-c712-4337-9b21-2a01d6e532b3 0.865s
2025-11-24 14:34:10.267 66333 INFO tempest.lib.common.rest_client [req-797a2a9a-9c0a-46ea-ab83-4fa5c86eb6e4 req-797a2a9a-9c0a-46ea-ab83-4fa5c86eb6e4 ] Request (ServersListShow2100Test:test_list_show_rebuild_update_server_2100): 202 POST http://10.180.1.21/compute/v2.1/servers/84d828fe-5c94-4737-9d83-b2a5b1ee5eed/action 0.935s
2025-11-24 14:34:10.273 66313 INFO tempest.lib.common.rest_client [req-22926365-f8ab-4ed8-8407-6f8898469dd7 req-22926365-f8ab-4ed8-8407-6f8898469dd7 ] Request (QuotasAdminNegativeTest:test_update_quota_normal_user): 403 PUT http://10.180.1.21/compute/v2.1/os-quota-sets/32710810b1904f41a52cd796daee5eee 0.830s
2025-11-24 14:34:10.297 66365 INFO tempest.lib.common.rest_client [req-cfb87464-c171-4613-a1ec-14cf35a1997a req-cfb87464-c171-4613-a1ec-14cf35a1997a ] Request (VolumesSnapshotsTestJSON:_run_cleanups): 200 GET http://10.180.1.21/compute/v2.1/os-snapshots/c40627c5-dd77-46cb-8045-1c1f8877923a 0.731s
2025-11-24 14:34:10.299 66365 INFO tempest.common.waiters [-] snapshot c40627c5-dd77-46cb-8045-1c1f8877923a reached available after waiting for 0.299662 seconds
2025-11-24 14:34:10.325 66331 INFO tempest.lib.common.rest_client [req-73188867-4c30-47c3-af9d-78db75050939 req-73188867-4c30-47c3-af9d-78db75050939 ] Request (AggregatesAdminNegativeTestJSON:test_aggregate_remove_nonexistent_host): 200 POST http://10.180.1.21/compute/v2.1/os-aggregates 0.738s
2025-11-24 14:34:10.388 66355 INFO tempest.lib.common.rest_client [req-467a571f-7dc4-4750-90a3-6ac9b14bb5ca req-467a571f-7dc4-4750-90a3-6ac9b14bb5ca ] Request (ServersAdminNegativeTestJSON:test_resize_server_using_overlimit_vcpus): 200 GET http://10.180.1.21/compute/v2.1/os-quota-sets/58d35dd06769449e98579197f76529d5 0.740s
2025-11-24 14:34:10.437 66313 INFO tempest.lib.common.rest_client [req-c57befe6-72a6-4cb3-9d91-6b007518ae4a req-c57befe6-72a6-4cb3-9d91-6b007518ae4a ] Request (QuotasAdminNegativeTest:tearDownClass): 204 DELETE http://10.180.1.21/identity/v3/users/72b689f3ef694901884303b7d06a167f 0.162s
2025-11-24 14:34:10.548 66321 INFO tempest.lib.common.rest_client [req-f5b406a2-9eff-487f-8fbe-d31c44fc351a req-f5b406a2-9eff-487f-8fbe-d31c44fc351a ] Request (ServersTestBootFromVolume:tearDownClass): 204 DELETE http://10.180.1.21/compute/v2.1/servers/1fac3a26-2f53-429b-9021-eb1cf1ec0eb9 0.889s
2025-11-24 14:34:10.564 66323 INFO tempest.lib.common.rest_client [req-b6948806-f8a8-411d-820d-4f399c905155 req-b6948806-f8a8-411d-820d-4f399c905155 ] Request (VolumesAssistedSnapshotsTest:test_volume_assisted_snapshot_create_delete): 200 GET http://10.180.1.21/volume/v3/volumes/6b98f078-d00b-4de4-9d62-ddf8256987dc 0.077s
2025-11-24 14:34:10.582 66317 INFO tempest.lib.common.rest_client [req-877beedb-2ab3-4e73-8ad8-b8a0304c1d5c req-877beedb-2ab3-4e73-8ad8-b8a0304c1d5c ] Request (FlavorsAdminTestJSON:test_is_public_string_variations): 200 GET http://10.180.1.21/compute/v2.1/flavors/detail?is_public=true 0.903s
2025-11-24 14:34:10.635 66359 INFO tempest.lib.common.rest_client [req-e56f3e04-8f48-473d-8686-2beb5072f10a req-e56f3e04-8f48-473d-8686-2beb5072f10a ] Request (FloatingIPsAssociationNegativeTestJSON:tearDownClass): 200 PUT http://10.180.1.21/networking/v2.0/routers/f16cfc85-9494-4d95-b720-fb4d4131d0bb/remove_router_interface 0.929s
2025-11-24 14:34:10.645 66313 INFO tempest.lib.common.rest_client [req-c7fb2861-e25c-4ceb-84d8-12853d73d0f3 req-c7fb2861-e25c-4ceb-84d8-12853d73d0f3 ] Request (QuotasAdminNegativeTest:tearDownClass): 204 DELETE http://10.180.1.21/identity/v3/users/9a601687478f4e589a2e4b7da861e83d 0.208s
2025-11-24 14:34:10.646 66313 INFO tempest.lib.common.dynamic_creds [-] Deleting project and security group for project: 32710810b1904f41a52cd796daee5eee
2025-11-24 14:34:10.651 66351 INFO tempest.lib.common.rest_client [req-190bec86-5247-4ae9-b050-adb4f174f6fb req-190bec86-5247-4ae9-b050-adb4f174f6fb ] Request (ServerMetadataTestJSON:test_set_server_metadata_item): 200 GET http://10.180.1.21/compute/v2.1/servers/9104e815-c3a6-4156-9b75-e145f1a17a34/metadata 0.904s
2025-11-24 14:34:10.713 66337 INFO tempest.lib.common.rest_client [req-d5899ec9-b23d-4f1a-95c8-75d8ada7330c req-d5899ec9-b23d-4f1a-95c8-75d8ada7330c ] Request (FloatingIPsAssociationTestJSON:test_associate_already_associated_floating_ip): 202 POST http://10.180.1.21/compute/v2.1/servers 1.287s
2025-11-24 14:34:10.728 66313 INFO tempest.lib.common.rest_client [req-51361f1b-77bb-4f31-b59f-17db4d47c277 req-51361f1b-77bb-4f31-b59f-17db4d47c277 ] Request (QuotasAdminNegativeTest:tearDownClass): 201 POST http://10.180.1.21/identity/v3/auth/tokens 0.082s
2025-11-24 14:34:11.026 66313 INFO tempest.lib.common.rest_client [req-d88ba675-325f-4ef3-842a-dd382efd3ff9 req-d88ba675-325f-4ef3-842a-dd382efd3ff9 ] Request (QuotasAdminNegativeTest:tearDownClass): 200 GET http://10.180.1.21/networking/v2.0/security-groups?tenant_id=32710810b1904f41a52cd796daee5eee&name=default 0.297s
2025-11-24 14:34:11.083 66349 INFO tempest.lib.common.rest_client [req-d5575586-2676-4420-af61-edfd94123cca req-d5575586-2676-4420-af61-edfd94123cca ] Request (AttachInterfacesTestJSON:test_create_list_show_delete_interfaces_by_fixed_ip): 200 GET http://10.180.1.21/compute/v2.1/servers/6719dfde-a9b8-4400-8350-8c372ee41f9c/os-interface 1.316s
2025-11-24 14:34:11.110 66305 INFO tempest.lib.common.rest_client [req-307539f4-e204-4cee-a341-2ded3a08c171 req-307539f4-e204-4cee-a341-2ded3a08c171 ] Request (ServicesAdminNegativeTestJSON:test_get_service_with_valid_service_and_invalid_host): 200 GET http://10.180.1.21/compute/v2.1/os-services?host=xxx&binary=nova-scheduler 1.288s
2025-11-24 14:34:11.120 66315 INFO tempest.lib.common.rest_client [req-c93f705e-68b9-466d-ae8f-4e9f1d90de54 req-c93f705e-68b9-466d-ae8f-4e9f1d90de54 ] Request (ServerActionsTestJSON:test_lock_unlock_server): 200 GET http://10.180.1.21/compute/v2.1/servers/9d8c30eb-4dd2-48ca-bb09-7d30814ed474 1.362s
2025-11-24 14:34:11.173 66359 INFO tempest.lib.common.rest_client [req-65f1b20d-4385-47c4-9ffc-74ae842f1a71 req-65f1b20d-4385-47c4-9ffc-74ae842f1a71 ] Request (FloatingIPsAssociationNegativeTestJSON:tearDownClass): 204 DELETE http://10.180.1.21/networking/v2.0/routers/f16cfc85-9494-4d95-b720-fb4d4131d0bb 0.537s
2025-11-24 14:34:11.189 66301 INFO tempest.lib.common.rest_client [req-771b8f2a-94ce-4b2d-8791-80e4b86c4f09 req-771b8f2a-94ce-4b2d-8791-80e4b86c4f09 ] Request (ServerTagsTestJSON:test_update_all_tags): 200 PUT http://10.180.1.21/compute/v2.1/servers/ec514267-5e43-4e93-8517-abbc9e762774/tags 1.355s
2025-11-24 14:34:11.201 66319 INFO tempest.lib.common.rest_client [req-5942b284-47fe-4d15-838d-5e5514a6a673 req-5942b284-47fe-4d15-838d-5e5514a6a673 ] Request (ServersTestJSON:tearDownClass): 200 GET http://10.180.1.21/compute/v2.1/servers/8c1090dc-a2c5-476a-a296-6323e591cc45 1.312s
2025-11-24 14:34:11.214 66313 INFO tempest.lib.common.rest_client [req-ca86bee8-9648-43c1-88e8-c81d81f5ce1e req-ca86bee8-9648-43c1-88e8-c81d81f5ce1e ] Request (QuotasAdminNegativeTest:tearDownClass): 204 DELETE http://10.180.1.21/networking/v2.0/security-groups/1a202936-b45a-41a6-a35a-dfdcd9979829 0.188s
2025-11-24 14:34:11.221 66327 INFO tempest.lib.common.rest_client [req-89fc3060-6521-4d34-9665-17223365ab7d req-89fc3060-6521-4d34-9665-17223365ab7d ] Request (DeleteServersAdminTestJSON:tearDownClass): 404 GET http://10.180.1.21/compute/v2.1/servers/9b4142fa-f283-45d7-be48-81d9eb1ceaee 1.123s
2025-11-24 14:34:11.302 66333 INFO tempest.lib.common.rest_client [req-40d389a6-9027-4952-a631-f68692b4398d req-40d389a6-9027-4952-a631-f68692b4398d ] Request (ServersListShow2100Test:test_list_show_rebuild_update_server_2100): 200 GET http://10.180.1.21/compute/v2.1/servers/84d828fe-5c94-4737-9d83-b2a5b1ee5eed 1.022s
2025-11-24 14:34:11.330 66313 INFO tempest.lib.common.rest_client [req-728d758f-aaf0-4599-a097-6c6e54917014 req-728d758f-aaf0-4599-a097-6c6e54917014 ] Request (QuotasAdminNegativeTest:tearDownClass): 204 DELETE http://10.180.1.21/identity/v3/projects/32710810b1904f41a52cd796daee5eee 0.115s
2025-11-24 14:34:11.330 66313 INFO tempest.lib.common.dynamic_creds [-] Deleting project and security group for project: 09655c03916a4a36b4e808d6626bfa01
2025-11-24 14:34:11.396 66365 INFO tempest.lib.common.rest_client [req-80420771-17b6-4469-b496-59f05a755d40 req-80420771-17b6-4469-b496-59f05a755d40 ] Request (VolumesSnapshotsTestJSON:_run_cleanups): 202 DELETE http://10.180.1.21/compute/v2.1/os-snapshots/c40627c5-dd77-46cb-8045-1c1f8877923a 1.096s
2025-11-24 14:34:11.418 66359 INFO tempest.lib.common.rest_client [req-35981544-72fe-4cd0-8289-d4e96a873e6c req-35981544-72fe-4cd0-8289-d4e96a873e6c ] Request (FloatingIPsAssociationNegativeTestJSON:tearDownClass): 204 DELETE http://10.180.1.21/networking/v2.0/subnets/8be2924a-4f58-408e-9bab-f5e6b9045072 0.244s
2025-11-24 14:34:11.423 66331 INFO tempest.lib.common.rest_client [req-7d9a1928-b307-461d-81bc-bef658336209 req-7d9a1928-b307-461d-81bc-bef658336209 ] Request (AggregatesAdminNegativeTestJSON:test_aggregate_remove_nonexistent_host): 404 POST http://10.180.1.21/compute/v2.1/os-aggregates/8/action 1.096s
2025-11-24 14:34:11.453 66355 INFO tempest.lib.common.rest_client [req-18d28669-6739-4db3-a785-aefbc8028f8c req-18d28669-6739-4db3-a785-aefbc8028f8c ] Request (ServersAdminNegativeTestJSON:test_resize_server_using_overlimit_vcpus): 200 POST http://10.180.1.21/compute/v2.1/flavors 1.062s
2025-11-24 14:34:11.612 66323 INFO tempest.lib.common.rest_client [req-f50c7522-1f5a-421f-b13e-b7a55912fc64 req-f50c7522-1f5a-421f-b13e-b7a55912fc64 ] Request (VolumesAssistedSnapshotsTest:test_volume_assisted_snapshot_create_delete): 200 GET http://10.180.1.21/volume/v3/volumes/6b98f078-d00b-4de4-9d62-ddf8256987dc 0.033s
2025-11-24 14:34:11.621 66323 INFO tempest.common.waiters [-] Attachment c41c7bdc-e664-493d-a2c7-76a423913b7f created for volume 6b98f078-d00b-4de4-9d62-ddf8256987dc to server fdbd0b96-711e-438b-b7a3-b5a692fae322 after waiting for 7.621780 seconds
2025-11-24 14:34:11.642 66313 INFO tempest.lib.common.rest_client [req-5e7dfb45-08d8-40d6-8f1f-5a49b4502d3c req-5e7dfb45-08d8-40d6-8f1f-5a49b4502d3c ] Request (QuotasAdminNegativeTest:tearDownClass): 200 GET http://10.180.1.21/networking/v2.0/security-groups?tenant_id=09655c03916a4a36b4e808d6626bfa01&name=default 0.312s
2025-11-24 14:34:11.658 66323 INFO tempest.lib.common.rest_client [req-ae07f019-df03-4888-9747-84dc94ed1f44 req-ae07f019-df03-4888-9747-84dc94ed1f44 ] Request (VolumesAssistedSnapshotsTest:test_volume_assisted_snapshot_create_delete): 200 GET http://10.180.1.21/volume/v3/volumes/6b98f078-d00b-4de4-9d62-ddf8256987dc 0.036s
2025-11-24 14:34:11.666 66323 INFO tempest.common.waiters [-] volume 6b98f078-d00b-4de4-9d62-ddf8256987dc reached in-use after waiting for 0.666909 seconds
2025-11-24 14:34:11.752 66325 WARNING tempest.lib.common.ssh [-] Failed to establish authenticated ssh connection to cirros@10.180.180.132 ([Errno None] Unable to connect to port 22 on 10.180.180.132). Number attempts: 5. Retry after 6 seconds.: paramiko.ssh_exception.NoValidConnectionsError: [Errno None] Unable to connect to port 22 on 10.180.180.132
2025-11-24 14:34:11.840 66359 INFO tempest.lib.common.rest_client [req-aa063b41-00cb-46dc-ab5d-7de9ef2d4044 req-aa063b41-00cb-46dc-ab5d-7de9ef2d4044 ] Request (FloatingIPsAssociationNegativeTestJSON:tearDownClass): 204 DELETE http://10.180.1.21/networking/v2.0/networks/3dd1e99d-f8b1-40d6-91f4-2f7e825fda23 0.422s
2025-11-24 14:34:11.856 66313 INFO tempest.lib.common.rest_client [req-14e281a1-9670-49fe-a486-e477aa2ac299 req-14e281a1-9670-49fe-a486-e477aa2ac299 ] Request (QuotasAdminNegativeTest:tearDownClass): 204 DELETE http://10.180.1.21/networking/v2.0/security-groups/80047a72-b241-4b09-b0b4-4be9a0be44ee 0.213s
2025-11-24 14:34:11.874 66303 INFO tempest.lib.common.rest_client [req-1f8bc65d-14d3-442f-9cfd-016511e6fb30 req-1f8bc65d-14d3-442f-9cfd-016511e6fb30 ] Request (ServerDiagnosticsTest:test_get_server_diagnostics): 200 GET http://10.180.1.21/compute/v2.1/servers/e14d6548-1292-40f2-b3dc-f9d00671eeda/diagnostics 1.787s
2025-11-24 14:34:11.893 66311 INFO tempest.lib.common.rest_client [req-3cb3c6a1-733d-450c-9fdd-7ff812786b03 req-3cb3c6a1-733d-450c-9fdd-7ff812786b03 ] Request (ServerActionsV293TestJSON:setUpClass): 200 GET http://10.180.1.21/compute/v2.1/servers/454636a0-cdba-43df-8d83-f930bf8b9344 1.418s
2025-11-24 14:34:11.976 66309 INFO tempest.lib.common.rest_client [req-2477d387-d1ce-436c-9351-6aad28070218 req-2477d387-d1ce-436c-9351-6aad28070218 ] Request (ImagesOneServerNegativeTestJSON:setUpClass): 200 GET http://10.180.1.21/compute/v2.1/servers/9e54ac6b-da1b-4edf-ae80-7b3782111d7b 1.440s
2025-11-24 14:34:11.995 66329 INFO tempest.lib.common.rest_client [req-d5d2ca57-480e-400b-803a-f31c26334bbb req-d5d2ca57-480e-400b-803a-f31c26334bbb ] Request (ServerActionsTestOtherA:setUpClass): 200 GET http://10.180.1.21/compute/v2.1/servers/06223f53-b2b8-4ad9-bd1f-803c05ba7cef 1.465s
2025-11-24 14:34:12.020 66313 INFO tempest.lib.common.rest_client [req-49e1e240-4286-48d0-99a7-ce179c431514 req-49e1e240-4286-48d0-99a7-ce179c431514 ] Request (QuotasAdminNegativeTest:tearDownClass): 204 DELETE http://10.180.1.21/identity/v3/projects/09655c03916a4a36b4e808d6626bfa01 0.163s
2025-11-24 14:34:12.021 66359 INFO tempest.lib.common.rest_client [req-b3e0f69a-6936-46f9-870f-d5e495f3d653 req-b3e0f69a-6936-46f9-870f-d5e495f3d653 ] Request (FloatingIPsAssociationNegativeTestJSON:tearDownClass): 204 DELETE http://10.180.1.21/identity/v3/users/6ceccfcf89e14587911ee62d360f658b 0.180s
2025-11-24 14:34:12.021 66359 INFO tempest.lib.common.dynamic_creds [-] Deleting project and security group for project: b09282fef58d46059bde2ce079927f78
2025-11-24 14:34:12.026 66317 INFO tempest.lib.common.rest_client [req-00f40c2c-aed4-48df-9494-779d113c6bf7 req-00f40c2c-aed4-48df-9494-779d113c6bf7 ] Request (FlavorsAdminTestJSON:test_is_public_string_variations): 200 GET http://10.180.1.21/compute/v2.1/flavors/detail?is_public=yes 1.437s
2025-11-24 14:34:12.079 66359 INFO tempest.lib.common.rest_client [req-7bafd62f-6aa3-407a-84ab-2d38b49b32bd req-7bafd62f-6aa3-407a-84ab-2d38b49b32bd ] Request (FloatingIPsAssociationNegativeTestJSON:tearDownClass): 200 GET http://10.180.1.21/networking/v2.0/security-groups?tenant_id=b09282fef58d46059bde2ce079927f78&name=default 0.058s
2025-11-24 14:34:12.100 66313 INFO tempest.lib.common.rest_client [req-46ca3d7e-fcfa-4f00-84cb-df61d5343c82 req-46ca3d7e-fcfa-4f00-84cb-df61d5343c82 ] Request (AZV2TestJSON:setUpClass): 201 POST http://10.180.1.21/identity/v3/auth/tokens 0.078s
2025-11-24 14:34:12.104 66335 INFO tempest.lib.common.rest_client [req-37fa190b-951e-4aa4-8605-6c9e2c028e07 req-37fa190b-951e-4aa4-8605-6c9e2c028e07 ] Request (ServersAdminTestJSON:test_inject_network_info): 200 GET http://10.180.1.21/compute/v2.1/servers/1f5735d7-44ec-4396-a494-97b7aa0e4cb5 1.485s
2025-11-24 14:34:12.131 66321 INFO tempest.lib.common.rest_client [req-292c549c-494b-4328-9cf9-418f148e2a6f req-292c549c-494b-4328-9cf9-418f148e2a6f ] Request (ServersTestBootFromVolume:tearDownClass): 200 GET http://10.180.1.21/compute/v2.1/servers/1fac3a26-2f53-429b-9021-eb1cf1ec0eb9 1.583s
2025-11-24 14:34:12.136 66313 INFO tempest.lib.common.rest_client [req-11e84382-0ef2-4d82-828e-3da2fe3fb507 req-11e84382-0ef2-4d82-828e-3da2fe3fb507 ] Request (AZV2TestJSON:setUpClass): 201 POST http://10.180.1.21/identity/v3/auth/tokens 0.032s
2025-11-24 14:34:12.164 66313 INFO tempest.lib.common.rest_client [req-07ebc9fe-aaf4-4b0d-9a91-b6e185dfdf98 req-07ebc9fe-aaf4-4b0d-9a91-b6e185dfdf98 ] Request (AZV2TestJSON:setUpClass): 200 GET http://10.180.1.21/identity/v3/domains?name=Default 0.028s
2025-11-24 14:34:12.182 66351 INFO tempest.lib.common.rest_client [req-61050ee9-dfc6-47e0-ba48-f4c6b8f43409 req-61050ee9-dfc6-47e0-ba48-f4c6b8f43409 ] Request (ServerMetadataTestJSON:setUp): 200 PUT http://10.180.1.21/compute/v2.1/servers/9104e815-c3a6-4156-9b75-e145f1a17a34/metadata 1.529s
2025-11-24 14:34:12.201 66313 INFO tempest.lib.common.rest_client [req-e95135ec-1ed4-4ecd-a900-0b056ca32421 req-e95135ec-1ed4-4ecd-a900-0b056ca32421 ] Request (AZV2TestJSON:setUpClass): 201 POST http://10.180.1.21/identity/v3/projects 0.036s
2025-11-24 14:34:12.225 66341 INFO tempest.lib.common.rest_client [req-d5302326-6a94-4df5-b244-322c3194d27f req-d5302326-6a94-4df5-b244-322c3194d27f ] Request (ImagesTestJSON:test_create_image_from_stopped_server): 200 GET http://10.180.1.21/compute/v2.1/images/8b371b76-41f2-48aa-8bfb-e50ace5514e6 1.538s
2025-11-24 14:34:12.227 66359 INFO tempest.lib.common.rest_client [req-a6cedb5c-19f4-4f3f-a4fe-a9a17aa2029d req-a6cedb5c-19f4-4f3f-a4fe-a9a17aa2029d ] Request (FloatingIPsAssociationNegativeTestJSON:tearDownClass): 204 DELETE http://10.180.1.21/networking/v2.0/security-groups/bf5449c8-e110-49bf-b5ea-dcfeefaf5d48 0.147s
2025-11-24 14:34:12.252 66343 INFO tempest.lib.common.rest_client [req-0ddb6784-bf62-4889-bae0-0c956d727075 req-0ddb6784-bf62-4889-bae0-0c956d727075 ] Request (InstanceActionsNegativeTestJSON:setUpClass): 200 GET http://10.180.1.21/compute/v2.1/servers/839cfa78-1481-4680-96ec-d24561cc779e 1.593s
2025-11-24 14:34:12.277 66313 INFO tempest.lib.common.rest_client [req-e8f3b3e8-edcd-41d3-9365-65d9dba7959c req-e8f3b3e8-edcd-41d3-9365-65d9dba7959c ] Request (AZV2TestJSON:setUpClass): 201 POST http://10.180.1.21/identity/v3/users 0.076s
2025-11-24 14:34:12.287 66337 INFO tempest.lib.common.rest_client [req-e5f10496-cb63-4b00-abdd-13882646a4cb req-e5f10496-cb63-4b00-abdd-13882646a4cb ] Request (FloatingIPsAssociationTestJSON:test_associate_already_associated_floating_ip): 200 GET http://10.180.1.21/compute/v2.1/servers/6aa09d81-833d-4713-85b7-6d4d878cae39 1.572s
2025-11-24 14:34:12.313 66313 INFO tempest.lib.common.rest_client [req-77cddab4-8397-48e5-800e-e2ddc777a8d9 req-77cddab4-8397-48e5-800e-e2ddc777a8d9 ] Request (AZV2TestJSON:setUpClass): 200 GET http://10.180.1.21/identity/v3/roles 0.035s
2025-11-24 14:34:12.324 66353 INFO tempest.lib.common.rest_client [req-f8f9fe54-265f-424f-88d8-a2a191e3fa99 req-f8f9fe54-265f-424f-88d8-a2a191e3fa99 ] Request (ServerDiskConfigTestJSON:test_rebuild_server_with_manual_disk_config): 200 GET http://10.180.1.21/compute/v2.1/servers/8e837837-031c-4ef5-9dd3-25274ce06eaa 1.515s
2025-11-24 14:34:12.346 66313 INFO tempest.lib.common.rest_client [req-bbeafda8-3eef-468e-9408-b61be68a82d2 req-bbeafda8-3eef-468e-9408-b61be68a82d2 ] Request (AZV2TestJSON:setUpClass): 204 PUT http://10.180.1.21/identity/v3/projects/2f904248f9ee4295b0c6341def5b5321/users/79dae0c2561540e5bc10506c14adbfa7/roles/9398be14c9b4490cbfc4194f781fc6ce 0.033s
2025-11-24 14:34:12.347 66313 INFO tempest.lib.common.dynamic_creds [-] Dynamic test user 79dae0c2561540e5bc10506c14adbfa7 is created with scope project and roles: ['member']
2025-11-24 14:34:12.347 66313 INFO tempest.lib.common.dynamic_creds [-] Acquired dynamic creds: credentials: Credentials: {'domain_id': 'default', 'domain_name': 'Default', 'username': 'tempest-AZV2TestJSON-462162851-project-member', 'project_domain_id': 'default', 'project_domain_name': 'Default', 'project_id': '2f904248f9ee4295b0c6341def5b5321', 'project_name': 'tempest-AZV2TestJSON-462162851', 'tenant_id': '2f904248f9ee4295b0c6341def5b5321', 'tenant_name': 'tempest-AZV2TestJSON-462162851', 'user_domain_id': 'default', 'user_domain_name': 'Default', 'user_id': '79dae0c2561540e5bc10506c14adbfa7', 'system': None}, Network: None, Subnet: None, Router: None
2025-11-24 14:34:12.347 66313 INFO tempest.lib.common.dynamic_creds [-] Created isolated network resources for: credentials: Credentials: {'domain_id': 'default', 'domain_name': 'Default', 'username': 'tempest-AZV2TestJSON-462162851-project-member', 'project_domain_id': 'default', 'project_domain_name': 'Default', 'project_id': '2f904248f9ee4295b0c6341def5b5321', 'project_name': 'tempest-AZV2TestJSON-462162851', 'tenant_id': '2f904248f9ee4295b0c6341def5b5321', 'tenant_name': 'tempest-AZV2TestJSON-462162851', 'user_domain_id': 'default', 'user_domain_name': 'Default', 'user_id': '79dae0c2561540e5bc10506c14adbfa7', 'system': None}, Network: None, Subnet: None, Router: None
2025-11-24 14:34:12.356 66307 INFO tempest.lib.common.rest_client [req-cdc8e745-4859-45bf-b531-38c8351781a1 req-cdc8e745-4859-45bf-b531-38c8351781a1 ] Request (VolumesAdminNegativeTest:tearDownClass): 200 GET http://10.180.1.21/compute/v2.1/servers/73776ada-0631-497f-b05b-f8e52540e7f2 1.406s
2025-11-24 14:34:12.361 66359 INFO tempest.lib.common.rest_client [req-1a010062-eb0f-40fb-8e0e-5162563990d3 req-1a010062-eb0f-40fb-8e0e-5162563990d3 ] Request (FloatingIPsAssociationNegativeTestJSON:tearDownClass): 204 DELETE http://10.180.1.21/identity/v3/projects/b09282fef58d46059bde2ce079927f78 0.133s
2025-11-24 14:34:12.462 66347 INFO tempest.lib.common.rest_client [req-6b03579c-7999-4fa3-92a2-17c72a112d73 req-6b03579c-7999-4fa3-92a2-17c72a112d73 ] Request (ServersTestFqdnHostnames:test_create_server_with_fqdn_name): 200 GET http://10.180.1.21/compute/v2.1/servers/186c0adc-b3ca-4e3a-91ad-14eae166457f 1.485s
2025-11-24 14:34:12.474 66347 INFO tempest.common.waiters [-] State transition "BUILD/spawning" ==> "ACTIVE/None" after 28 second wait
2025-11-24 14:34:12.484 66301 INFO tempest.lib.common.rest_client [req-5e906485-4486-43e1-a5f5-f9df3f4797b3 req-5e906485-4486-43e1-a5f5-f9df3f4797b3 ] Request (ServerTagsTestJSON:test_update_all_tags): 200 GET http://10.180.1.21/compute/v2.1/servers/ec514267-5e43-4e93-8517-abbc9e762774/tags 1.294s
2025-11-24 14:34:12.487 66313 INFO tempest.lib.common.rest_client [req-ffd87bb1-7fd9-4537-abc2-f78a4526eb4c req-ffd87bb1-7fd9-4537-abc2-f78a4526eb4c ] Request (AZV2TestJSON:setUpClass): 201 POST http://10.180.1.21/identity/v3/auth/tokens 0.136s
2025-11-24 14:34:12.519 66327 INFO tempest.lib.common.rest_client [req-d4767978-3d26-46e0-b0bf-6e090c5c3eb2 req-d4767978-3d26-46e0-b0bf-6e090c5c3eb2 ] Request (DeleteServersAdminTestJSON:tearDownClass): 404 DELETE http://10.180.1.21/compute/v2.1/servers/d5e2993e-04db-4240-a493-2afa2a969e95 1.298s
2025-11-24 14:34:12.593 66305 INFO tempest.lib.common.rest_client [req-78fabc15-faf5-4896-98c8-6c270b902466 req-78fabc15-faf5-4896-98c8-6c270b902466 ] Request (ServicesAdminNegativeTestJSON:test_list_services_with_non_admin_user): 403 GET http://10.180.1.21/compute/v2.1/os-services 1.480s
2025-11-24 14:34:12.608 66359 INFO tempest.lib.common.rest_client [req-f82bb8f2-abbd-4442-81cf-71e027c1765d req-f82bb8f2-abbd-4442-81cf-71e027c1765d ] Request (ImagesMetadataTestJSON:setUpClass): 201 POST http://10.180.1.21/identity/v3/auth/tokens 0.245s
2025-11-24 14:34:12.623 66365 INFO tempest.lib.common.rest_client [req-bb73891a-9246-4bd0-9c9d-d0df6d23516d req-bb73891a-9246-4bd0-9c9d-d0df6d23516d ] Request (VolumesSnapshotsTestJSON:_run_cleanups): 404 GET http://10.180.1.21/compute/v2.1/os-snapshots/c40627c5-dd77-46cb-8045-1c1f8877923a 1.227s
2025-11-24 14:34:12.646 66359 INFO tempest.lib.common.rest_client [req-674926ac-5be3-40fd-a742-daf8bf87a8c3 req-674926ac-5be3-40fd-a742-daf8bf87a8c3 ] Request (ImagesMetadataTestJSON:setUpClass): 201 POST http://10.180.1.21/identity/v3/auth/tokens 0.035s
2025-11-24 14:34:12.648 66331 INFO tempest.lib.common.rest_client [req-2b3fd573-a699-46b1-99f3-d23e71a561d4 req-2b3fd573-a699-46b1-99f3-d23e71a561d4 ] Request (AggregatesAdminNegativeTestJSON:_run_cleanups): 200 DELETE http://10.180.1.21/compute/v2.1/os-aggregates/8 1.224s
2025-11-24 14:34:12.681 66359 INFO tempest.lib.common.rest_client [req-6f29920f-339e-45fd-b753-a7403a13a7f0 req-6f29920f-339e-45fd-b753-a7403a13a7f0 ] Request (ImagesMetadataTestJSON:setUpClass): 200 GET http://10.180.1.21/identity/v3/domains?name=Default 0.034s
2025-11-24 14:34:12.756 66339 INFO tempest.lib.common.rest_client [req-7fa0a72e-498e-45cc-a317-b157ef624398 req-7fa0a72e-498e-45cc-a317-b157ef624398 ] Request (ServerExternalEventsTest:test_create_server_external_events): 200 GET http://10.180.1.21/compute/v2.1/servers/2a556d78-c712-4337-9b21-2a01d6e532b3 1.502s
2025-11-24 14:34:12.777 66305 INFO tempest.lib.common.rest_client [req-5acb0136-edfa-48ca-b800-8713d6e2a0d9 req-5acb0136-edfa-48ca-b800-8713d6e2a0d9 ] Request (ServicesAdminNegativeTestJSON:tearDownClass): 204 DELETE http://10.180.1.21/identity/v3/users/c54ed572acfb45caa92740c12d8f9915 0.181s
2025-11-24 14:34:12.784 66331 INFO tempest.lib.common.rest_client [req-7a38a377-bda2-4798-9d90-9da347bc50d4 req-7a38a377-bda2-4798-9d90-9da347bc50d4 ] Request (AggregatesAdminNegativeTestJSON:tearDownClass): 204 DELETE http://10.180.1.21/identity/v3/users/bf0831bbcd19418689176443709e0309 0.134s
2025-11-24 14:34:12.804 66355 INFO tempest.lib.common.rest_client [req-b879160b-097a-4251-9f66-cc521fdee5b4 req-b879160b-097a-4251-9f66-cc521fdee5b4 ] Request (ServersAdminNegativeTestJSON:test_resize_server_using_overlimit_vcpus): 403 POST http://10.180.1.21/compute/v2.1/servers/e745403e-3277-4edb-93ca-16c2a3396ed9/action 1.345s
2025-11-24 14:34:12.897 66303 INFO tempest.lib.common.rest_client [req-4b8c494a-6386-4f55-8117-6d3de7eee5c7 req-4b8c494a-6386-4f55-8117-6d3de7eee5c7 ] Request (ServerDiagnosticsTest:tearDownClass): 204 DELETE http://10.180.1.21/compute/v2.1/servers/e14d6548-1292-40f2-b3dc-f9d00671eeda 1.017s
2025-11-24 14:34:12.924 66359 INFO tempest.lib.common.rest_client [req-584f442f-a2ac-4565-9117-f6d982a6dfc8 req-584f442f-a2ac-4565-9117-f6d982a6dfc8 ] Request (ImagesMetadataTestJSON:setUpClass): 201 POST http://10.180.1.21/identity/v3/projects 0.241s
2025-11-24 14:34:12.926 66317 INFO tempest.lib.common.rest_client [req-cecd13a0-6f73-4311-a07a-cd030514ae45 req-cecd13a0-6f73-4311-a07a-cd030514ae45 ] Request (FlavorsAdminTestJSON:test_is_public_string_variations): 200 GET http://10.180.1.21/compute/v2.1/flavors/detail?is_public=1 0.896s
2025-11-24 14:34:12.954 66323 INFO tempest.lib.common.rest_client [req-6fbf70ec-e3b0-44aa-b3f5-ddc9ba1e1bc0 req-6fbf70ec-e3b0-44aa-b3f5-ddc9ba1e1bc0 ] Request (VolumesAssistedSnapshotsTest:test_volume_assisted_snapshot_create_delete): 200 POST http://10.180.1.21/compute/v2.1/os-assisted-volume-snapshots 1.287s
2025-11-24 14:34:13.033 66349 INFO tempest.lib.common.rest_client [req-6f29b71c-eaf8-4a21-b137-b2c2a2496755 req-6f29b71c-eaf8-4a21-b137-b2c2a2496755 ] Request (AttachInterfacesTestJSON:test_create_list_show_delete_interfaces_by_fixed_ip): 200 GET http://10.180.1.21/compute/v2.1/servers/6719dfde-a9b8-4400-8350-8c372ee41f9c/os-interface 0.946s
2025-11-24 14:34:13.058 66305 INFO tempest.lib.common.rest_client [req-2f062a24-29cf-47ec-8e93-dd3f1e56577b req-2f062a24-29cf-47ec-8e93-dd3f1e56577b ] Request (ServicesAdminNegativeTestJSON:tearDownClass): 204 DELETE http://10.180.1.21/identity/v3/users/39ecee1b7c2f46c2879be0eba3d1e174 0.280s
2025-11-24 14:34:13.058 66305 INFO tempest.lib.common.dynamic_creds [-] Deleting project and security group for project: 6b9f7fbbf1084ac7b43a15fa2da2219e
2025-11-24 14:34:13.065 66349 INFO tempest.lib.common.rest_client [req-b7b93ad6-12c4-4ec0-b8db-0099774f101a req-b7b93ad6-12c4-4ec0-b8db-0099774f101a ] Request (AttachInterfacesTestJSON:_run_cleanups): 404 DELETE http://10.180.1.21/networking/v2.0/ports/30b0f8b4-985a-4e4a-842a-32b6e13872e2 0.027s
2025-11-24 14:34:13.079 66331 INFO tempest.lib.common.rest_client [req-63b43900-8ba1-4a6d-9260-fe70df8643c2 req-63b43900-8ba1-4a6d-9260-fe70df8643c2 ] Request (AggregatesAdminNegativeTestJSON:tearDownClass): 204 DELETE http://10.180.1.21/identity/v3/users/60fa914d7b8c4e04ac3c916938528fb3 0.294s
2025-11-24 14:34:13.079 66331 INFO tempest.lib.common.dynamic_creds [-] Deleting project and security group for project: a00b507df7304786bab6cbecfe68a3f4
2025-11-24 14:34:13.122 66351 INFO tempest.lib.common.rest_client [req-bd46477b-b787-4678-a026-053befd3bb01 req-bd46477b-b787-4678-a026-053befd3bb01 ] Request (ServerMetadataTestJSON:test_update_metadata_empty_body): 200 POST http://10.180.1.21/compute/v2.1/servers/9104e815-c3a6-4156-9b75-e145f1a17a34/metadata 0.939s
2025-11-24 14:34:13.133 66315 INFO tempest.lib.common.rest_client [req-e2b67bab-f276-4530-acab-d5dc68e30e26 req-e2b67bab-f276-4530-acab-d5dc68e30e26 ] Request (ServerActionsTestJSON:test_lock_unlock_server): 200 GET http://10.180.1.21/compute/v2.1/servers/9d8c30eb-4dd2-48ca-bb09-7d30814ed474 1.004s
2025-11-24 14:34:13.180 66359 INFO tempest.lib.common.rest_client [req-94653c25-b34e-40b8-8ebb-3c604ec3c261 req-94653c25-b34e-40b8-8ebb-3c604ec3c261 ] Request (ImagesMetadataTestJSON:setUpClass): 201 POST http://10.180.1.21/identity/v3/users 0.256s
2025-11-24 14:34:13.196 66305 INFO tempest.lib.common.rest_client [req-79363b84-c56b-4b61-b0f2-00a432016f8d req-79363b84-c56b-4b61-b0f2-00a432016f8d ] Request (ServicesAdminNegativeTestJSON:tearDownClass): 201 POST http://10.180.1.21/identity/v3/auth/tokens 0.138s
2025-11-24 14:34:13.198 66319 INFO tempest.lib.common.rest_client [req-3a0d75b0-0a7d-4b0d-960d-4abe391564dd req-3a0d75b0-0a7d-4b0d-960d-4abe391564dd ] Request (ServersTestJSON:tearDownClass): 200 GET http://10.180.1.21/compute/v2.1/servers/8c1090dc-a2c5-476a-a296-6323e591cc45 0.989s
2025-11-24 14:34:13.207 66331 INFO tempest.lib.common.rest_client [req-dce971d0-c3e0-415c-98fa-43d02e833a58 req-dce971d0-c3e0-415c-98fa-43d02e833a58 ] Request (AggregatesAdminNegativeTestJSON:tearDownClass): 201 POST http://10.180.1.21/identity/v3/auth/tokens 0.127s
2025-11-24 14:34:13.236 66359 INFO tempest.lib.common.rest_client [req-0d08ab4d-7520-40b8-9412-8ac7ce6f41cc req-0d08ab4d-7520-40b8-9412-8ac7ce6f41cc ] Request (ImagesMetadataTestJSON:setUpClass): 200 GET http://10.180.1.21/identity/v3/roles 0.055s
2025-11-24 14:34:13.309 66359 INFO tempest.lib.common.rest_client [req-770344e0-8b17-4857-ac4e-52fdf621efda req-770344e0-8b17-4857-ac4e-52fdf621efda ] Request (ImagesMetadataTestJSON:setUpClass): 204 PUT http://10.180.1.21/identity/v3/projects/3a96745b22584497810c6a722e9dd329/users/3cc6d93bdd844e23bc60f608a20e090c/roles/9398be14c9b4490cbfc4194f781fc6ce 0.071s
2025-11-24 14:34:13.312 66359 INFO tempest.lib.common.dynamic_creds [-] Dynamic test user 3cc6d93bdd844e23bc60f608a20e090c is created with scope project and roles: ['member']
2025-11-24 14:34:13.312 66359 INFO tempest.lib.common.dynamic_creds [-] Acquired dynamic creds: credentials: Credentials: {'domain_id': 'default', 'domain_name': 'Default', 'username': 'tempest-ImagesMetadataTestJSON-1315244879-project-member', 'project_domain_id': 'default', 'project_domain_name': 'Default', 'project_id': '3a96745b22584497810c6a722e9dd329', 'project_name': 'tempest-ImagesMetadataTestJSON-1315244879', 'tenant_id': '3a96745b22584497810c6a722e9dd329', 'tenant_name': 'tempest-ImagesMetadataTestJSON-1315244879', 'user_domain_id': 'default', 'user_domain_name': 'Default', 'user_id': '3cc6d93bdd844e23bc60f608a20e090c', 'system': None}, Network: None, Subnet: None, Router: None
2025-11-24 14:34:13.312 66359 INFO tempest.lib.common.dynamic_creds [-] Created isolated network resources for: credentials: Credentials: {'domain_id': 'default', 'domain_name': 'Default', 'username': 'tempest-ImagesMetadataTestJSON-1315244879-project-member', 'project_domain_id': 'default', 'project_domain_name': 'Default', 'project_id': '3a96745b22584497810c6a722e9dd329', 'project_name': 'tempest-ImagesMetadataTestJSON-1315244879', 'tenant_id': '3a96745b22584497810c6a722e9dd329', 'tenant_name': 'tempest-ImagesMetadataTestJSON-1315244879', 'user_domain_id': 'default', 'user_domain_name': 'Default', 'user_id': '3cc6d93bdd844e23bc60f608a20e090c', 'system': None}, Network: None, Subnet: None, Router: None
2025-11-24 14:34:13.411 66359 INFO tempest.lib.common.rest_client [req-67f592e4-850b-409b-ad8f-cbe21d9d5199 req-67f592e4-850b-409b-ad8f-cbe21d9d5199 ] Request (ImagesMetadataTestJSON:setUpClass): 201 POST http://10.180.1.21/identity/v3/auth/tokens 0.096s
2025-11-24 14:34:13.435 66305 INFO tempest.lib.common.rest_client [req-a36eaee6-e875-48ef-841d-e9b3595a121b req-a36eaee6-e875-48ef-841d-e9b3595a121b ] Request (ServicesAdminNegativeTestJSON:tearDownClass): 200 GET http://10.180.1.21/networking/v2.0/security-groups?tenant_id=6b9f7fbbf1084ac7b43a15fa2da2219e&name=default 0.238s
2025-11-24 14:34:13.461 66331 INFO tempest.lib.common.rest_client [req-4e16867d-43a3-4f87-8ba1-c6f1ce33bcda req-4e16867d-43a3-4f87-8ba1-c6f1ce33bcda ] Request (AggregatesAdminNegativeTestJSON:tearDownClass): 200 GET http://10.180.1.21/networking/v2.0/security-groups?tenant_id=a00b507df7304786bab6cbecfe68a3f4&name=default 0.254s
2025-11-24 14:34:13.509 66333 INFO tempest.lib.common.rest_client [req-71f51369-6302-4f09-bc3c-999e990c3de6 req-71f51369-6302-4f09-bc3c-999e990c3de6 ] Request (ServersListShow2100Test:test_list_show_rebuild_update_server_2100): 200 GET http://10.180.1.21/compute/v2.1/servers/84d828fe-5c94-4737-9d83-b2a5b1ee5eed 1.189s
2025-11-24 14:34:13.512 66347 INFO tempest.lib.common.rest_client [req-67cbe49b-672e-4c06-9736-ff54402a7d68 req-67cbe49b-672e-4c06-9736-ff54402a7d68 ] Request (ServersTestFqdnHostnames:test_create_server_with_fqdn_name): 200 GET http://10.180.1.21/compute/v2.1/servers/186c0adc-b3ca-4e3a-91ad-14eae166457f/os-interface 1.037s
2025-11-24 14:34:13.527 66333 INFO tempest.common.waiters [-] State transition "REBUILD/rebuilding" ==> "REBUILD/rebuild_block_device_mapping" after 2 second wait
2025-11-24 14:34:13.611 66301 INFO tempest.lib.common.rest_client [req-8a5b0fc9-82e3-48d4-bf54-739da8116352 req-8a5b0fc9-82e3-48d4-bf54-739da8116352 ] Request (ServerTagsTestJSON:_run_cleanups): 204 DELETE http://10.180.1.21/compute/v2.1/servers/ec514267-5e43-4e93-8517-abbc9e762774/tags 1.124s
2025-11-24 14:34:13.616 66331 INFO tempest.lib.common.rest_client [req-9c56daaf-70dc-4d8b-9038-7f39898d6ae9 req-9c56daaf-70dc-4d8b-9038-7f39898d6ae9 ] Request (AggregatesAdminNegativeTestJSON:tearDownClass): 204 DELETE http://10.180.1.21/networking/v2.0/security-groups/4acf71ed-69df-4dc7-b655-5fd292fe5779 0.154s
2025-11-24 14:34:13.638 66327 INFO tempest.lib.common.rest_client [req-faf2f9cc-3032-4279-a7b5-7b8c042d9c9b req-faf2f9cc-3032-4279-a7b5-7b8c042d9c9b ] Request (DeleteServersAdminTestJSON:tearDownClass): 404 GET http://10.180.1.21/compute/v2.1/servers/d5e2993e-04db-4240-a493-2afa2a969e95 1.119s
2025-11-24 14:34:13.640 66305 INFO tempest.lib.common.rest_client [req-c7a90a19-3c42-45e6-8532-5d65210d6691 req-c7a90a19-3c42-45e6-8532-5d65210d6691 ] Request (ServicesAdminNegativeTestJSON:tearDownClass): 204 DELETE http://10.180.1.21/networking/v2.0/security-groups/7ac72b7e-88af-4493-985e-1bf4fd0029e5 0.205s
2025-11-24 14:34:13.697 66313 INFO tempest.lib.common.rest_client [req-9228e5c5-cbd1-4bd0-9bbc-34d6e3a69f49 req-9228e5c5-cbd1-4bd0-9bbc-34d6e3a69f49 ] Request (AZV2TestJSON:test_get_availability_zone_list_with_non_admin_user): 200 GET http://10.180.1.21/compute/v2.1/os-availability-zone 1.209s
2025-11-24 14:34:13.710 66365 INFO tempest.lib.common.rest_client [req-3d5c3e8d-3bc5-4a98-b2e7-fac69f778e71 req-3d5c3e8d-3bc5-4a98-b2e7-fac69f778e71 ] Request (VolumesSnapshotsTestJSON:_run_cleanups): 202 DELETE http://10.180.1.21/compute/v2.1/os-volumes/ba43751e-44fa-4d3b-81c3-1bffc571a927 1.086s
2025-11-24 14:34:13.720 66355 INFO tempest.lib.common.rest_client [req-3655b39a-89af-47ca-b2f2-e4af8dd3ca28 req-3655b39a-89af-47ca-b2f2-e4af8dd3ca28 ] Request (ServersAdminNegativeTestJSON:_run_cleanups): 202 DELETE http://10.180.1.21/compute/v2.1/flavors/1228681369 0.915s
2025-11-24 14:34:13.792 66331 INFO tempest.lib.common.rest_client [req-a4ab051f-d53b-4ec0-bdd6-68235b61fc0f req-a4ab051f-d53b-4ec0-bdd6-68235b61fc0f ] Request (AggregatesAdminNegativeTestJSON:tearDownClass): 204 DELETE http://10.180.1.21/identity/v3/projects/a00b507df7304786bab6cbecfe68a3f4 0.175s
2025-11-24 14:34:13.792 66331 INFO tempest.lib.common.dynamic_creds [-] Deleting project and security group for project: 54390b390ec74f22b78dced1b4352783
2025-11-24 14:34:13.836 66327 INFO tempest.lib.common.rest_client [req-b3982f55-dcd7-46dc-9c1e-9fe5d8e7c48f req-b3982f55-dcd7-46dc-9c1e-9fe5d8e7c48f ] Request (DeleteServersAdminTestJSON:tearDownClass): 204 DELETE http://10.180.1.21/identity/v3/users/1bde84899ea64e30b64c50ee887b9cbb 0.197s
2025-11-24 14:34:13.963 66305 INFO tempest.lib.common.rest_client [req-d8f31315-acd8-4347-93b1-90eec77cafe7 req-d8f31315-acd8-4347-93b1-90eec77cafe7 ] Request (ServicesAdminNegativeTestJSON:tearDownClass): 204 DELETE http://10.180.1.21/identity/v3/projects/6b9f7fbbf1084ac7b43a15fa2da2219e 0.323s
2025-11-24 14:34:13.964 66305 INFO tempest.lib.common.dynamic_creds [-] Deleting project and security group for project: 63e07f8613f74f24a73627689fc55b24
2025-11-24 14:34:14.057 66313 INFO tempest.lib.common.rest_client [req-36eb6482-0fe9-4028-b7f8-23f0446b5c0d req-36eb6482-0fe9-4028-b7f8-23f0446b5c0d ] Request (AZV2TestJSON:tearDownClass): 204 DELETE http://10.180.1.21/identity/v3/users/79dae0c2561540e5bc10506c14adbfa7 0.356s
2025-11-24 14:34:14.057 66313 INFO tempest.lib.common.dynamic_creds [-] Deleting project and security group for project: 2f904248f9ee4295b0c6341def5b5321
2025-11-24 14:34:14.068 66331 INFO tempest.lib.common.rest_client [req-7cf41970-5876-4d1c-94b4-2772cebcec14 req-7cf41970-5876-4d1c-94b4-2772cebcec14 ] Request (AggregatesAdminNegativeTestJSON:tearDownClass): 200 GET http://10.180.1.21/networking/v2.0/security-groups?tenant_id=54390b390ec74f22b78dced1b4352783&name=default 0.275s
2025-11-24 14:34:14.130 66303 INFO tempest.lib.common.rest_client [req-5e4281b3-ed88-400b-9b70-fb2af0e5b8c6 req-5e4281b3-ed88-400b-9b70-fb2af0e5b8c6 ] Request (ServerDiagnosticsTest:tearDownClass): 200 GET http://10.180.1.21/compute/v2.1/servers/e14d6548-1292-40f2-b3dc-f9d00671eeda 1.233s
2025-11-24 14:34:14.155 66317 INFO tempest.lib.common.rest_client [req-8ef05e64-3b19-49d8-9b30-3475c911411b req-8ef05e64-3b19-49d8-9b30-3475c911411b ] Request (FlavorsAdminTestJSON:_run_cleanups): 202 DELETE http://10.180.1.21/compute/v2.1/flavors/916702262 1.221s
2025-11-24 14:34:14.159 66327 INFO tempest.lib.common.rest_client [req-ba51b299-afb0-4ad4-a6fd-2dccd8a449e3 req-ba51b299-afb0-4ad4-a6fd-2dccd8a449e3 ] Request (DeleteServersAdminTestJSON:tearDownClass): 204 DELETE http://10.180.1.21/identity/v3/users/5f584407f08544fc92e97074aec1fa77 0.322s
2025-11-24 14:34:14.159 66327 INFO tempest.lib.common.dynamic_creds [-] Deleting project and security group for project: 418116d56283440eba3a958ce603da6d
2025-11-24 14:34:14.168 66311 INFO tempest.lib.common.rest_client [req-e40a5fa2-5cfb-470f-87f1-3fdc59d6e909 req-e40a5fa2-5cfb-470f-87f1-3fdc59d6e909 ] Request (ServerActionsV293TestJSON:setUpClass): 200 GET http://10.180.1.21/compute/v2.1/servers/454636a0-cdba-43df-8d83-f930bf8b9344 1.261s
2025-11-24 14:34:14.185 66311 INFO tempest.common.waiters [-] State transition "BUILD/spawning" ==> "ACTIVE/None" after 22 second wait
2025-11-24 14:34:14.211 66323 INFO tempest.lib.common.rest_client [req-42baa31e-cc82-42f7-a745-ec9384a9566a req-42baa31e-cc82-42f7-a745-ec9384a9566a ] Request (VolumesAssistedSnapshotsTest:test_volume_assisted_snapshot_create_delete): 204 DELETE http://10.180.1.21/compute/v2.1/os-assisted-volume-snapshots/None?delete_info=%7B%22volume_id%22%3A+%226b98f078-d00b-4de4-9d62-ddf8256987dc%22%7D 1.256s
2025-11-24 14:34:14.248 66313 INFO tempest.lib.common.rest_client [req-32fcab04-4ed6-4854-a6fc-5c153347a9e2 req-32fcab04-4ed6-4854-a6fc-5c153347a9e2 ] Request (AZV2TestJSON:tearDownClass): 201 POST http://10.180.1.21/identity/v3/auth/tokens 0.191s
2025-11-24 14:34:14.256 66323 INFO tempest.lib.common.rest_client [req-d5fe7983-ab3a-4b3a-9f7d-590604c17e6a req-d5fe7983-ab3a-4b3a-9f7d-590604c17e6a ] Request (VolumesAssistedSnapshotsTest:_run_cleanups): 200 GET http://10.180.1.21/volume/v3/volumes/6b98f078-d00b-4de4-9d62-ddf8256987dc 0.044s
2025-11-24 14:34:14.281 66347 INFO tempest.lib.common.rest_client [req-ade87488-9747-4356-9902-011098801183 req-ade87488-9747-4356-9902-011098801183 ] Request (ServersTestFqdnHostnames:test_create_server_with_fqdn_name): 200 PUT http://10.180.1.21/networking/v2.0/floatingips/12fe0c52-5b84-43f3-b0e3-9c2eb2b07d5e 0.767s
2025-11-24 14:34:14.283 66347 INFO tempest.lib.common.ssh [-] Creating ssh connection to '10.180.180.128:22' as 'cirros' with public key authentication
2025-11-24 14:34:14.286 66327 INFO tempest.lib.common.rest_client [req-3ff8b6ce-3bb8-440d-8e63-4d173a94310a req-3ff8b6ce-3bb8-440d-8e63-4d173a94310a ] Request (DeleteServersAdminTestJSON:tearDownClass): 201 POST http://10.180.1.21/identity/v3/auth/tokens 0.126s
2025-11-24 14:34:14.328 66305 INFO tempest.lib.common.rest_client [req-6b9040c0-a02f-45da-afa4-0f6b046d62d0 req-6b9040c0-a02f-45da-afa4-0f6b046d62d0 ] Request (ServicesAdminNegativeTestJSON:tearDownClass): 200 GET http://10.180.1.21/networking/v2.0/security-groups?tenant_id=63e07f8613f74f24a73627689fc55b24&name=default 0.364s
2025-11-24 14:34:14.411 66359 INFO tempest.lib.common.rest_client [req-469f4eb5-7483-4219-bc09-a8077394de3e req-469f4eb5-7483-4219-bc09-a8077394de3e ] Request (ImagesMetadataTestJSON:setUpClass): 201 POST http://10.180.1.21/image/v2/images 0.998s
2025-11-24 14:34:14.447 66331 INFO tempest.lib.common.rest_client [req-afcce0c7-188c-4bd0-9601-55033cb3078c req-afcce0c7-188c-4bd0-9601-55033cb3078c ] Request (AggregatesAdminNegativeTestJSON:tearDownClass): 204 DELETE http://10.180.1.21/networking/v2.0/security-groups/7e4eddb2-da79-42ac-818a-70637badbba5 0.378s
2025-11-24 14:34:14.503 66309 INFO tempest.lib.common.rest_client [req-f76423eb-9e37-4f08-b468-a47781ddcb41 req-f76423eb-9e37-4f08-b468-a47781ddcb41 ] Request (ImagesOneServerNegativeTestJSON:setUpClass): 200 GET http://10.180.1.21/compute/v2.1/servers/9e54ac6b-da1b-4edf-ae80-7b3782111d7b 1.511s
2025-11-24 14:34:14.587 66331 INFO tempest.lib.common.rest_client [req-3f4636b3-c725-4d17-b9a6-7bdc6b77ddef req-3f4636b3-c725-4d17-b9a6-7bdc6b77ddef ] Request (AggregatesAdminNegativeTestJSON:tearDownClass): 204 DELETE http://10.180.1.21/identity/v3/projects/54390b390ec74f22b78dced1b4352783 0.139s
2025-11-24 14:34:14.683 66349 INFO tempest.lib.common.rest_client [req-752b478a-f1b4-4c93-8446-498edf4ecc34 req-752b478a-f1b4-4c93-8446-498edf4ecc34 ] Request (AttachInterfacesTestJSON:_run_cleanups): 204 DELETE http://10.180.1.21/compute/v2.1/servers/6719dfde-a9b8-4400-8350-8c372ee41f9c 1.618s
2025-11-24 14:34:14.731 66331 INFO tempest.lib.common.rest_client [req-7816d8fa-10c6-4645-9327-1e57e81f69c0 req-7816d8fa-10c6-4645-9327-1e57e81f69c0 ] Request (HypervisorAdminV228Test:setUpClass): 201 POST http://10.180.1.21/identity/v3/auth/tokens 0.142s
2025-11-24 14:34:14.766 66331 INFO tempest.lib.common.rest_client [req-4003d04b-5c39-4dc6-8c8d-a011830e2354 req-4003d04b-5c39-4dc6-8c8d-a011830e2354 ] Request (HypervisorAdminV228Test:setUpClass): 201 POST http://10.180.1.21/identity/v3/auth/tokens 0.031s
2025-11-24 14:34:14.796 66331 INFO tempest.lib.common.rest_client [req-c2f13ef2-3098-4867-a75d-28e60f4f5f68 req-c2f13ef2-3098-4867-a75d-28e60f4f5f68 ] Request (HypervisorAdminV228Test:setUpClass): 200 GET http://10.180.1.21/identity/v3/domains?name=Default 0.030s
2025-11-24 14:34:14.834 66331 INFO tempest.lib.common.rest_client [req-308dbffb-75ce-40db-9477-d44155db166d req-308dbffb-75ce-40db-9477-d44155db166d ] Request (HypervisorAdminV228Test:setUpClass): 201 POST http://10.180.1.21/identity/v3/projects 0.038s
2025-11-24 14:34:14.836 66313 INFO tempest.lib.common.rest_client [req-0373a7a9-6a41-4697-bc65-5953ebeaa2f3 req-0373a7a9-6a41-4697-bc65-5953ebeaa2f3 ] Request (AZV2TestJSON:tearDownClass): 200 GET http://10.180.1.21/networking/v2.0/security-groups?tenant_id=2f904248f9ee4295b0c6341def5b5321&name=default 0.587s
2025-11-24 14:34:14.896 66331 INFO tempest.lib.common.rest_client [req-1a62100f-5872-4875-bed7-9b77ca90e960 req-1a62100f-5872-4875-bed7-9b77ca90e960 ] Request (HypervisorAdminV228Test:setUpClass): 201 POST http://10.180.1.21/identity/v3/users 0.061s
2025-11-24 14:34:14.916 66331 INFO tempest.lib.common.rest_client [req-db2b60b9-1b90-4d81-882d-3d7f860b52e0 req-db2b60b9-1b90-4d81-882d-3d7f860b52e0 ] Request (HypervisorAdminV228Test:setUpClass): 200 GET http://10.180.1.21/identity/v3/roles 0.020s
2025-11-24 14:34:14.947 66331 INFO tempest.lib.common.rest_client [req-06c10df5-44e7-42f6-be37-71af747d76f9 req-06c10df5-44e7-42f6-be37-71af747d76f9 ] Request (HypervisorAdminV228Test:setUpClass): 204 PUT http://10.180.1.21/identity/v3/projects/407181729b144805ba6bbceee098954c/users/8fe5b9ca19f6428195dc802e6e00ba0e/roles/9398be14c9b4490cbfc4194f781fc6ce 0.030s
2025-11-24 14:34:14.947 66331 INFO tempest.lib.common.dynamic_creds [-] Dynamic test user 8fe5b9ca19f6428195dc802e6e00ba0e is created with scope project and roles: ['member']
