2025-11-24 14:35:56.251 66317 INFO tempest.lib.common.rest_client [req-d6153cff-3f5f-47f1-b7d6-6f233ae1cf5d req-d6153cff-3f5f-47f1-b7d6-6f233ae1cf5d ] Request (ServersV294TestFqdnHostnames:setUpClass): 200 GET http://10.180.1.21/compute/v2.1/servers/51ce9bb4-3c28-4d65-af53-98d2601abf64 0.248s
2025-11-24 14:35:56.268 66339 INFO tempest.lib.common.rest_client [req-5fa15d64-edf6-4b7e-a4fb-415f5ad0d78b req-5fa15d64-edf6-4b7e-a4fb-415f5ad0d78b ] Request (SecurityGroupsTestJSON:test_list_security_groups_by_server): 200 GET http://10.180.1.21/compute/v2.1/servers/3513225f-2ec6-4712-b1ba-1e98357a3491 0.221s
2025-11-24 14:35:56.270 66309 INFO tempest.lib.common.rest_client [req-06e94da0-1798-490f-b7de-545f11bc172b req-06e94da0-1798-490f-b7de-545f11bc172b ] Request (ImagesOneServerNegativeTestJSON:_run_cleanups): 404 GET http://10.180.1.21/compute/v2.1/servers/9e54ac6b-da1b-4edf-ae80-7b3782111d7b 0.209s
2025-11-24 14:35:56.342 66343 INFO tempest.lib.common.rest_client [req-6234cffc-c4e0-4f6c-a053-f66d6fe6df29 req-6234cffc-c4e0-4f6c-a053-f66d6fe6df29 ] Request (ServersNegativeTestMultiTenantJSON:setUpClass): 200 GET http://10.180.1.21/compute/v2.1/servers/b90c6a5e-283b-4aa6-911f-2c601dc59f9b 0.243s
2025-11-24 14:35:56.365 66319 INFO tempest.lib.common.rest_client [req-771a261a-7f74-4381-bae1-8083f42de1cd req-771a261a-7f74-4381-bae1-8083f42de1cd ] Request (ListServerFiltersTestJSON:test_list_servers_filtered_by_ip_regex): 200 GET http://10.180.1.21/compute/v2.1/servers/cdd65130-2400-4896-8b28-d87e4d3592bd 0.302s
2025-11-24 14:35:56.396 66353 INFO tempest.lib.common.rest_client [req-b0155a21-343b-4fb4-8146-60983faaa44f req-b0155a21-343b-4fb4-8146-60983faaa44f ] Request (ServerDiskConfigTestJSON:test_resize_server_from_auto_to_manual): 200 GET http://10.180.1.21/compute/v2.1/servers/191c0463-1e14-49af-98a7-90e20cb4ec21 0.290s
2025-11-24 14:35:56.404 66353 INFO tempest.common.waiters [-] State transition "BUILD/scheduling" ==> "BUILD/None" after 37 second wait
2025-11-24 14:35:56.411 66359 INFO tempest.lib.common.rest_client [req-3ed07bf5-6e5f-4f90-a2fd-d8466a5cf2c0 req-3ed07bf5-6e5f-4f90-a2fd-d8466a5cf2c0 ] Request (ListServersNegativeTestJSON:setUpClass): 200 GET http://10.180.1.21/compute/v2.1/servers/6815cb06-e14d-4b3c-bbd0-1fdde6825a08 0.263s
2025-11-24 14:35:56.455 66313 INFO tempest.lib.common.rest_client [req-0aff9ae0-9baf-420b-b76a-54f3f42f9aa9 req-0aff9ae0-9baf-420b-b76a-54f3f42f9aa9 ] Request (ServerMetadataNegativeTestJSON:tearDownClass): 200 GET http://10.180.1.21/compute/v2.1/servers/b90f9a28-4a3e-4e45-a7df-304c7fdcb311 0.281s
2025-11-24 14:35:56.468 66323 INFO tempest.lib.common.rest_client [req-ba57f1c0-b694-49c6-a48b-67c406e501d7 req-ba57f1c0-b694-49c6-a48b-67c406e501d7 ] Request (DeleteServersTestJSON:test_delete_active_server): 200 GET http://10.180.1.21/compute/v2.1/servers/b02eff7e-76b0-4b6e-a392-e821e08b9e44 0.258s
2025-11-24 14:35:56.516 66309 INFO tempest.lib.common.rest_client [req-78ccfa2a-7ee4-428d-b9f5-4ecb6da43878 req-78ccfa2a-7ee4-428d-b9f5-4ecb6da43878 ] Request (ImagesOneServerNegativeTestJSON:_run_cleanups): 200 POST http://10.180.1.21/compute/v2.1/os-keypairs 0.244s
2025-11-24 14:35:56.568 66301 INFO tempest.lib.common.rest_client [req-50d72608-527d-4de4-b517-96d188cf5daf req-50d72608-527d-4de4-b517-96d188cf5daf ] Request (ServersNegativeTestJSON:setUpClass): 200 GET http://10.180.1.21/compute/v2.1/servers/dcf9a6c1-1cbf-4e98-b671-aa1a31998ae5 0.302s
2025-11-24 14:35:56.714 66309 INFO tempest.lib.common.rest_client [req-920515cf-0c0e-4b45-9e87-b6eb546dc9eb req-920515cf-0c0e-4b45-9e87-b6eb546dc9eb ] Request (ImagesOneServerNegativeTestJSON:_run_cleanups): 201 POST http://10.180.1.21/networking/v2.0/security-groups 0.195s
2025-11-24 14:35:56.786 66303 INFO tempest.lib.common.rest_client [req-92f4c8de-da90-4156-8e9d-1aab75645fb1 req-92f4c8de-da90-4156-8e9d-1aab75645fb1 ] Request (ListImageFiltersTestJSON:setUpClass): 200 GET http://10.180.1.21/compute/v2.1/servers/8e3cf4c7-ff1e-432b-9960-8e24f1218b5b 0.473s
2025-11-24 14:35:56.797 66341 INFO tempest.lib.common.rest_client [req-f99b125a-8611-43dd-883f-f389d2ff53bb req-f99b125a-8611-43dd-883f-f389d2ff53bb ] Request (ImagesTestJSON:test_create_server_from_snapshot): 200 GET http://10.180.1.21/compute/v2.1/servers/44aaaf73-885a-4229-8a11-924e5d64915c 0.435s
2025-11-24 14:35:56.865 66305 INFO tempest.lib.common.rest_client [req-a603a849-d606-4b0d-a3d9-a649a38c9522 req-a603a849-d606-4b0d-a3d9-a649a38c9522 ] Request (InstanceActionsTestJSON:tearDownClass): 200 PUT http://10.180.1.21/networking/v2.0/routers/5cd464bf-56b4-4595-b125-48218b3b656c/remove_router_interface 0.784s
2025-11-24 14:35:56.874 66309 INFO tempest.lib.common.rest_client [req-3a9015f5-f2ac-4e99-9ce5-cc66ab388373 req-3a9015f5-f2ac-4e99-9ce5-cc66ab388373 ] Request (ImagesOneServerNegativeTestJSON:_run_cleanups): 201 POST http://10.180.1.21/networking/v2.0/security-group-rules 0.159s
2025-11-24 14:35:56.901 66335 INFO tempest.lib.common.rest_client [req-ee10b76d-70bf-4257-adb2-32202fccba09 req-ee10b76d-70bf-4257-adb2-32202fccba09 ] Request (ServersAdminTestJSON:tearDownClass): 200 GET http://10.180.1.21/compute/v2.1/servers/1f5735d7-44ec-4396-a494-97b7aa0e4cb5 0.391s
2025-11-24 14:35:56.994 66309 INFO tempest.lib.common.rest_client [req-6dc075ec-561c-43bf-b218-2f635306c086 req-6dc075ec-561c-43bf-b218-2f635306c086 ] Request (ImagesOneServerNegativeTestJSON:_run_cleanups): 201 POST http://10.180.1.21/networking/v2.0/security-group-rules 0.120s
2025-11-24 14:35:57.024 66319 INFO tempest.lib.common.rest_client [req-3499c9fc-d01b-491d-97fc-959e649cffac req-3499c9fc-d01b-491d-97fc-959e649cffac ] Request (ListServerFiltersTestJSON:test_list_servers_filtered_by_ip_regex): 200 GET http://10.180.1.21/compute/v2.1/servers/9505d4c0-3b4b-47d6-9d51-6af496104df4 0.652s
2025-11-24 14:35:57.045 66315 INFO tempest.lib.common.rest_client [req-410896e0-9e80-44b5-9d87-e1ab8760f92a req-410896e0-9e80-44b5-9d87-e1ab8760f92a ] Request (ServerActionsTestJSON:test_rebuild_server): 200 GET http://10.180.1.21/compute/v2.1/servers/b1d7c2ff-35a0-45b4-8209-443de4e97762 0.475s
2025-11-24 14:35:57.309 66305 INFO tempest.lib.common.rest_client [req-30ef5a7c-50ab-4eac-ab12-a9347c9c5677 req-30ef5a7c-50ab-4eac-ab12-a9347c9c5677 ] Request (InstanceActionsTestJSON:tearDownClass): 204 DELETE http://10.180.1.21/networking/v2.0/routers/5cd464bf-56b4-4595-b125-48218b3b656c 0.444s
2025-11-24 14:35:57.331 66307 INFO tempest.lib.common.rest_client [req-b2eee03e-8394-4b4a-8c50-f40cd43f810a req-b2eee03e-8394-4b4a-8c50-f40cd43f810a ] Request (ImagesNegativeTestJSON:test_create_image_from_deleted_server): 200 GET http://10.180.1.21/compute/v2.1/servers/b27d28a9-70e3-40fc-ad79-9be40204f4f4 0.529s
2025-11-24 14:35:57.350 66355 INFO tempest.lib.common.rest_client [req-4d456b68-5f20-47b2-8e9a-34260f7663ec req-4d456b68-5f20-47b2-8e9a-34260f7663ec ] Request (TenantUsagesTestJSON:setUpClass): 200 GET http://10.180.1.21/compute/v2.1/servers/c77be28a-93cf-44b8-a71a-57da235175be 0.460s
2025-11-24 14:35:57.451 66305 INFO tempest.lib.common.rest_client [req-756a7736-127f-4a5d-b2c7-c0613cd8aa00 req-756a7736-127f-4a5d-b2c7-c0613cd8aa00 ] Request (InstanceActionsTestJSON:tearDownClass): 204 DELETE http://10.180.1.21/networking/v2.0/subnets/2d7f5419-796c-45de-a16b-187fad08e3d6 0.142s
2025-11-24 14:35:57.478 66309 INFO tempest.lib.common.rest_client [req-f8c12548-e5d5-4b58-86fa-4e69d36849e2 req-f8c12548-e5d5-4b58-86fa-4e69d36849e2 ] Request (ImagesOneServerNegativeTestJSON:_run_cleanups): 201 POST http://10.180.1.21/networking/v2.0/floatingips 0.482s
2025-11-24 14:35:57.489 66331 WARNING tempest.lib.common.ssh [-] Failed to establish authenticated ssh connection to cirros@10.180.180.171 ([Errno None] Unable to connect to port 22 on 10.180.180.171). Number attempts: 3. Retry after 4 seconds.: paramiko.ssh_exception.NoValidConnectionsError: [Errno None] Unable to connect to port 22 on 10.180.180.171
2025-11-24 14:35:57.494 66351 INFO tempest.lib.common.rest_client [req-c9e1695c-253c-40b7-8d21-4bf3ba5c547f req-c9e1695c-253c-40b7-8d21-4bf3ba5c547f ] Request (ServerRescueNegativeTestJSON:setUpClass): 200 GET http://10.180.1.21/compute/v2.1/servers/b3ab7d76-a1fb-4666-a2e0-6e505c3116d6 0.567s
2025-11-24 14:35:57.575 66319 INFO tempest.lib.common.rest_client [req-18d5b85a-975f-41d1-a968-3288643d6852 req-18d5b85a-975f-41d1-a968-3288643d6852 ] Request (ListServerFiltersTestJSON:test_list_servers_filtered_by_ip_regex): 200 GET http://10.180.1.21/compute/v2.1/servers/c475a30f-512e-4552-8f52-6b35b5ea1750 0.543s
2025-11-24 14:35:57.593 66309 INFO tempest.lib.common.rest_client [req-79bb0f9f-5cba-4180-94cf-073b4a250246 req-79bb0f9f-5cba-4180-94cf-073b4a250246 ] Request (ImagesOneServerNegativeTestJSON:_run_cleanups): 201 POST http://10.180.1.21/identity/v3/auth/tokens 0.109s
2025-11-24 14:35:57.594 66309 INFO tempest.lib.common.fixed_network [-] (ImagesOneServerNegativeTestJSON:_run_cleanups) Found network {'id': '3d460019-e7e6-42a0-a006-3fc76423e10c', 'name': 'tempest-ImagesOneServerNegativeTestJSON-2115120856-network', 'tenant_id': '032489af83df4e1cbc9392264db87f55', 'project_id': '032489af83df4e1cbc9392264db87f55', 'admin_state_up': True, 'mtu': 8950, 'status': 'ACTIVE', 'subnets': [], 'shared': False, 'port_security_enabled': True, 'router:external': False, 'provider:network_type': 'vlan', 'provider:physical_network': 'default', 'provider:segmentation_id': 257, 'availability_zone_hints': [], 'availability_zones': [], 'ipv4_address_scope': None, 'ipv6_address_scope': None, 'description': '', 'tags': [], 'created_at': '2025-11-24T14:33:51Z', 'updated_at': '2025-11-24T14:33:51Z', 'revision_number': 1} available for tenant
2025-11-24 14:35:57.676 66337 INFO tempest.lib.common.rest_client [req-8658281f-20ed-491e-a031-ec5f5618ab43 req-8658281f-20ed-491e-a031-ec5f5618ab43 ] Request (FloatingIPsAssociationTestJSON:tearDownClass): 200 GET http://10.180.1.21/compute/v2.1/servers/abe53013-b6c0-4489-a0bb-0d3b5f1eef41 0.559s
2025-11-24 14:35:57.700 66329 INFO tempest.lib.common.rest_client [req-d2a2e722-1e05-42af-9dd5-16f2765eb00c req-d2a2e722-1e05-42af-9dd5-16f2765eb00c ] Request (ServerActionsTestOtherA:test_rebuild_server_in_stop_state): 200 GET http://10.180.1.21/compute/v2.1/servers/ca4f6aed-1eea-436a-9b22-8cc1b35af9f2 0.516s
2025-11-24 14:35:57.804 66305 INFO tempest.lib.common.rest_client [req-c05c8bbb-8566-49b0-962a-36a5783f8b84 req-c05c8bbb-8566-49b0-962a-36a5783f8b84 ] Request (InstanceActionsTestJSON:tearDownClass): 204 DELETE http://10.180.1.21/networking/v2.0/networks/843487a8-c907-4318-bcdc-1c099728a155 0.352s
2025-11-24 14:35:57.822 66347 INFO tempest.lib.common.rest_client [req-18bd01b0-1071-4704-9550-0d8c230446c7 req-18bd01b0-1071-4704-9550-0d8c230446c7 ] Request (ServerActionsTestOtherB:setUpClass): 200 GET http://10.180.1.21/compute/v2.1/servers/29253bf8-816e-4e8f-baf1-c66a9e57254e 0.593s
2025-11-24 14:35:57.838 66327 INFO tempest.lib.common.rest_client [req-af08e2f8-2ce1-436a-8f56-07b45ecd93d9 req-af08e2f8-2ce1-436a-8f56-07b45ecd93d9 ] Request (MigrationsAdminTest:test_list_migrations_in_flavor_resize_situation): 200 GET http://10.180.1.21/compute/v2.1/servers/8665269f-97cf-4734-af7c-aad223e234df 0.631s
2025-11-24 14:35:57.846 66327 INFO tempest.common.waiters [-] State transition "RESIZE/resize_prep" ==> "RESIZE/resize_migrating" after 51 second wait
2025-11-24 14:35:57.897 66317 INFO tempest.lib.common.rest_client [req-cf0939b9-0a44-4aa3-af9a-346a0c603266 req-cf0939b9-0a44-4aa3-af9a-346a0c603266 ] Request (ServersV294TestFqdnHostnames:setUpClass): 200 GET http://10.180.1.21/compute/v2.1/servers/51ce9bb4-3c28-4d65-af53-98d2601abf64 0.633s
2025-11-24 14:35:57.902 66339 INFO tempest.lib.common.rest_client [req-7075ce67-5a26-4fee-8a7a-4c5a8154a640 req-7075ce67-5a26-4fee-8a7a-4c5a8154a640 ] Request (SecurityGroupsTestJSON:test_list_security_groups_by_server): 200 GET http://10.180.1.21/compute/v2.1/servers/3513225f-2ec6-4712-b1ba-1e98357a3491 0.625s
2025-11-24 14:35:57.954 66305 INFO tempest.lib.common.rest_client [req-5f47a2c1-2548-49a8-be88-078cdb4f600f req-5f47a2c1-2548-49a8-be88-078cdb4f600f ] Request (InstanceActionsTestJSON:tearDownClass): 204 DELETE http://10.180.1.21/identity/v3/users/5626073acf544bc58e698060a6602c05 0.149s
2025-11-24 14:35:57.954 66305 INFO tempest.lib.common.dynamic_creds [-] Deleting project and security group for project: 0299792b93da462cb09010ba16c269ae
2025-11-24 14:35:57.956 66343 INFO tempest.lib.common.rest_client [req-4987082e-1763-472b-81f8-718c296c5400 req-4987082e-1763-472b-81f8-718c296c5400 ] Request (ServersNegativeTestMultiTenantJSON:setUpClass): 200 GET http://10.180.1.21/compute/v2.1/servers/b90c6a5e-283b-4aa6-911f-2c601dc59f9b 0.605s
2025-11-24 14:35:57.965 66353 INFO tempest.lib.common.rest_client [req-f6dc5bcd-3994-4359-8ed2-ea49f3da6141 req-f6dc5bcd-3994-4359-8ed2-ea49f3da6141 ] Request (ServerDiskConfigTestJSON:test_resize_server_from_auto_to_manual): 200 GET http://10.180.1.21/compute/v2.1/servers/191c0463-1e14-49af-98a7-90e20cb4ec21 0.560s
2025-11-24 14:35:57.989 66305 INFO tempest.lib.common.rest_client [req-e019fe48-f84b-4f70-ae17-8b7f7e47405d req-e019fe48-f84b-4f70-ae17-8b7f7e47405d ] Request (InstanceActionsTestJSON:tearDownClass): 200 GET http://10.180.1.21/networking/v2.0/security-groups?tenant_id=0299792b93da462cb09010ba16c269ae&name=default 0.034s
2025-11-24 14:35:58.014 66359 INFO tempest.lib.common.rest_client [req-7a88f533-525f-479f-83f9-24d793474822 req-7a88f533-525f-479f-83f9-24d793474822 ] Request (ListServersNegativeTestJSON:setUpClass): 200 GET http://10.180.1.21/compute/v2.1/servers/6815cb06-e14d-4b3c-bbd0-1fdde6825a08 0.596s
2025-11-24 14:35:58.031 66313 INFO tempest.lib.common.rest_client [req-c22d51d6-772d-420e-8fb2-f2bb6635a602 req-c22d51d6-772d-420e-8fb2-f2bb6635a602 ] Request (ServerMetadataNegativeTestJSON:tearDownClass): 200 GET http://10.180.1.21/compute/v2.1/servers/b90f9a28-4a3e-4e45-a7df-304c7fdcb311 0.563s
2025-11-24 14:35:58.083 66305 INFO tempest.lib.common.rest_client [req-461300a6-434b-43b3-a0a7-aa663866eaed req-461300a6-434b-43b3-a0a7-aa663866eaed ] Request (InstanceActionsTestJSON:tearDownClass): 204 DELETE http://10.180.1.21/networking/v2.0/security-groups/f706a4bc-cb3d-42f0-9e3b-9871aac4d673 0.093s
2025-11-24 14:35:58.102 66323 INFO tempest.lib.common.rest_client [req-f8a9b230-9b3d-465a-9520-abc091d12ee4 req-f8a9b230-9b3d-465a-9520-abc091d12ee4 ] Request (DeleteServersTestJSON:test_delete_active_server): 200 GET http://10.180.1.21/compute/v2.1/servers/b02eff7e-76b0-4b6e-a392-e821e08b9e44 0.625s
2025-11-24 14:35:58.120 66301 INFO tempest.lib.common.rest_client [req-38f73b2f-84d9-4997-9461-24f04ec3a64e req-38f73b2f-84d9-4997-9461-24f04ec3a64e ] Request (ServersNegativeTestJSON:setUpClass): 200 GET http://10.180.1.21/compute/v2.1/servers/dcf9a6c1-1cbf-4e98-b671-aa1a31998ae5 0.541s
2025-11-24 14:35:58.206 66305 INFO tempest.lib.common.rest_client [req-3827e9eb-9d8c-4642-bc09-3d79bab9dd06 req-3827e9eb-9d8c-4642-bc09-3d79bab9dd06 ] Request (InstanceActionsTestJSON:tearDownClass): 204 DELETE http://10.180.1.21/identity/v3/projects/0299792b93da462cb09010ba16c269ae 0.122s
2025-11-24 14:35:58.280 66305 INFO tempest.lib.common.rest_client [req-6febe586-1da5-40b3-b737-5115b03c5ba1 req-6febe586-1da5-40b3-b737-5115b03c5ba1 ] Request (VolumesNegativeTest:setUpClass): 201 POST http://10.180.1.21/identity/v3/auth/tokens 0.072s
2025-11-24 14:35:58.312 66305 INFO tempest.lib.common.rest_client [req-260291f4-0c0a-4fe0-a511-476656724135 req-260291f4-0c0a-4fe0-a511-476656724135 ] Request (VolumesNegativeTest:setUpClass): 201 POST http://10.180.1.21/identity/v3/auth/tokens 0.029s
2025-11-24 14:35:58.317 66319 INFO tempest.lib.common.rest_client [req-a950e937-6e38-4329-86c1-96ef7b8f0b42 req-a950e937-6e38-4329-86c1-96ef7b8f0b42 ] Request (ListServerFiltersTestJSON:test_list_servers_filtered_by_ip_regex): 200 GET http://10.180.1.21/compute/v2.1/servers/detail 0.728s
2025-11-24 14:35:58.351 66305 INFO tempest.lib.common.rest_client [req-86cfdd4c-ed29-4a25-8421-ac11ec334170 req-86cfdd4c-ed29-4a25-8421-ac11ec334170 ] Request (VolumesNegativeTest:setUpClass): 200 GET http://10.180.1.21/identity/v3/domains?name=Default 0.039s
2025-11-24 14:35:58.382 66303 INFO tempest.lib.common.rest_client [req-11efebfe-584b-42c9-adc9-69d29030a4a9 req-11efebfe-584b-42c9-adc9-69d29030a4a9 ] Request (ListImageFiltersTestJSON:setUpClass): 200 GET http://10.180.1.21/compute/v2.1/servers/8e3cf4c7-ff1e-432b-9960-8e24f1218b5b 0.585s
2025-11-24 14:35:58.393 66305 INFO tempest.lib.common.rest_client [req-c58a6e89-b754-468d-8732-bd45a143c9ad req-c58a6e89-b754-468d-8732-bd45a143c9ad ] Request (VolumesNegativeTest:setUpClass): 201 POST http://10.180.1.21/identity/v3/projects 0.041s
2025-11-24 14:35:58.435 66341 INFO tempest.lib.common.rest_client [req-58ba6d1d-f284-44eb-bde8-0494cb49eae7 req-58ba6d1d-f284-44eb-bde8-0494cb49eae7 ] Request (ImagesTestJSON:test_create_server_from_snapshot): 200 GET http://10.180.1.21/compute/v2.1/servers/44aaaf73-885a-4229-8a11-924e5d64915c 0.629s
2025-11-24 14:35:58.454 66305 INFO tempest.lib.common.rest_client [req-b95d37dc-41e7-486e-aee1-4c70dda6d08e req-b95d37dc-41e7-486e-aee1-4c70dda6d08e ] Request (VolumesNegativeTest:setUpClass): 201 POST http://10.180.1.21/identity/v3/users 0.060s
2025-11-24 14:35:58.494 66305 INFO tempest.lib.common.rest_client [req-79787abe-7403-4860-bb42-fe265868e5ee req-79787abe-7403-4860-bb42-fe265868e5ee ] Request (VolumesNegativeTest:setUpClass): 200 GET http://10.180.1.21/identity/v3/roles 0.040s
2025-11-24 14:35:58.523 66335 INFO tempest.lib.common.rest_client [req-848178c6-efc6-4ac5-80b2-3358cb494a5e req-848178c6-efc6-4ac5-80b2-3358cb494a5e ] Request (ServersAdminTestJSON:tearDownClass): 200 GET http://10.180.1.21/compute/v2.1/servers/1f5735d7-44ec-4396-a494-97b7aa0e4cb5 0.612s
2025-11-24 14:35:58.535 66305 INFO tempest.lib.common.rest_client [req-42e5c9e5-0ec0-4e34-a919-f53c11734c53 req-42e5c9e5-0ec0-4e34-a919-f53c11734c53 ] Request (VolumesNegativeTest:setUpClass): 204 PUT http://10.180.1.21/identity/v3/projects/541b8e1720574a8b86f5ce717cf9e180/users/58e03edce45d471db4d4941c6c6d2f51/roles/9398be14c9b4490cbfc4194f781fc6ce 0.040s
2025-11-24 14:35:58.535 66305 INFO tempest.lib.common.dynamic_creds [-] Dynamic test user 58e03edce45d471db4d4941c6c6d2f51 is created with scope project and roles: ['member']
2025-11-24 14:35:58.535 66305 INFO tempest.lib.common.dynamic_creds [-] Acquired dynamic creds: credentials: Credentials: {'domain_id': 'default', 'domain_name': 'Default', 'username': 'tempest-VolumesNegativeTest-1043051960-project-member', 'project_domain_id': 'default', 'project_domain_name': 'Default', 'project_id': '541b8e1720574a8b86f5ce717cf9e180', 'project_name': 'tempest-VolumesNegativeTest-1043051960', 'tenant_id': '541b8e1720574a8b86f5ce717cf9e180', 'tenant_name': 'tempest-VolumesNegativeTest-1043051960', 'user_domain_id': 'default', 'user_domain_name': 'Default', 'user_id': '58e03edce45d471db4d4941c6c6d2f51', 'system': None}, Network: None, Subnet: None, Router: None
2025-11-24 14:35:58.536 66305 INFO tempest.lib.common.dynamic_creds [-] Created isolated network resources for: credentials: Credentials: {'domain_id': 'default', 'domain_name': 'Default', 'username': 'tempest-VolumesNegativeTest-1043051960-project-member', 'project_domain_id': 'default', 'project_domain_name': 'Default', 'project_id': '541b8e1720574a8b86f5ce717cf9e180', 'project_name': 'tempest-VolumesNegativeTest-1043051960', 'tenant_id': '541b8e1720574a8b86f5ce717cf9e180', 'tenant_name': 'tempest-VolumesNegativeTest-1043051960', 'user_domain_id': 'default', 'user_domain_name': 'Default', 'user_id': '58e03edce45d471db4d4941c6c6d2f51', 'system': None}, Network: None, Subnet: None, Router: None
2025-11-24 14:35:58.585 66309 INFO tempest.lib.common.rest_client [req-93e1a6ab-83cd-4576-b6de-0b32e83866b2 req-93e1a6ab-83cd-4576-b6de-0b32e83866b2 ] Request (ImagesOneServerNegativeTestJSON:_run_cleanups): 202 POST http://10.180.1.21/compute/v2.1/servers 0.990s
2025-11-24 14:35:58.609 66315 INFO tempest.lib.common.rest_client [req-c8db2052-97e8-4d3a-b564-b043a22e2997 req-c8db2052-97e8-4d3a-b564-b043a22e2997 ] Request (ServerActionsTestJSON:test_rebuild_server): 200 GET http://10.180.1.21/compute/v2.1/servers/b1d7c2ff-35a0-45b4-8209-443de4e97762 0.552s
2025-11-24 14:35:58.620 66305 INFO tempest.lib.common.rest_client [req-d3e289a9-7432-4af0-ba71-0b023f47b776 req-d3e289a9-7432-4af0-ba71-0b023f47b776 ] Request (VolumesNegativeTest:setUpClass): 201 POST http://10.180.1.21/identity/v3/auth/tokens 0.081s
2025-11-24 14:35:58.713 66307 INFO tempest.lib.common.rest_client [req-c0487b7c-50dd-4c69-a6e1-cefe494bbb9d req-c0487b7c-50dd-4c69-a6e1-cefe494bbb9d ] Request (ImagesNegativeTestJSON:test_create_image_from_deleted_server): 200 GET http://10.180.1.21/compute/v2.1/servers/b27d28a9-70e3-40fc-ad79-9be40204f4f4 0.371s
2025-11-24 14:35:58.770 66355 INFO tempest.lib.common.rest_client [req-bd78c78c-b56a-41d7-85ee-e5c6495f0110 req-bd78c78c-b56a-41d7-85ee-e5c6495f0110 ] Request (TenantUsagesTestJSON:setUpClass): 200 GET http://10.180.1.21/compute/v2.1/servers/c77be28a-93cf-44b8-a71a-57da235175be 0.409s
2025-11-24 14:35:58.776 66319 INFO tempest.lib.common.rest_client [req-fcce71b1-048b-4907-8be5-23fecbb78eeb req-fcce71b1-048b-4907-8be5-23fecbb78eeb ] Request (ListServerFiltersTestJSON:test_list_servers_filtered_by_ip_regex): 200 GET http://10.180.1.21/compute/v2.1/servers?ip=192.168.128. 0.445s
2025-11-24 14:35:58.822 66309 INFO tempest.lib.common.rest_client [req-5add9329-07e4-455b-91a6-5dbea4e140b0 req-5add9329-07e4-455b-91a6-5dbea4e140b0 ] Request (ImagesOneServerNegativeTestJSON:_run_cleanups): 200 GET http://10.180.1.21/compute/v2.1/servers/4f4190bf-e00c-4de4-a26d-e7b175d4a82c 0.235s
2025-11-24 14:35:58.837 66351 INFO tempest.lib.common.rest_client [req-3c27a5ae-df77-4435-b686-185a1a3725aa req-3c27a5ae-df77-4435-b686-185a1a3725aa ] Request (ServerRescueNegativeTestJSON:setUpClass): 200 GET http://10.180.1.21/compute/v2.1/servers/b3ab7d76-a1fb-4666-a2e0-6e505c3116d6 0.332s
2025-11-24 14:35:58.891 66337 INFO tempest.lib.common.rest_client [req-294c8b5d-a13c-458e-a711-60190c086ab2 req-294c8b5d-a13c-458e-a711-60190c086ab2 ] Request (FloatingIPsAssociationTestJSON:tearDownClass): 200 GET http://10.180.1.21/compute/v2.1/servers/abe53013-b6c0-4489-a0bb-0d3b5f1eef41 0.205s
2025-11-24 14:35:58.900 66305 INFO tempest.lib.common.rest_client [req-575b8a92-4cac-42cf-89c6-de49ad92ec42 req-575b8a92-4cac-42cf-89c6-de49ad92ec42 ] Request (VolumesNegativeTest:test_create_volume_with_invalid_size): 400 POST http://10.180.1.21/compute/v2.1/os-volumes 0.279s
2025-11-24 14:35:58.939 66329 INFO tempest.lib.common.rest_client [req-9827cd91-27d5-4966-9858-49712b6aab83 req-9827cd91-27d5-4966-9858-49712b6aab83 ] Request (ServerActionsTestOtherA:test_rebuild_server_in_stop_state): 200 GET http://10.180.1.21/compute/v2.1/servers/ca4f6aed-1eea-436a-9b22-8cc1b35af9f2 0.230s
2025-11-24 14:35:58.948 66319 INFO tempest.lib.common.rest_client [req-881cd9f8-8111-42d9-971e-e78fbb2771fa req-881cd9f8-8111-42d9-971e-e78fbb2771fa ] Request (ListServerFiltersTestJSON:test_list_servers_filtered_by_name_regex): 200 GET http://10.180.1.21/compute/v2.1/servers?name=%5E.%2A%5C-instance%5C-%5B0-9%5D%2B%24 0.167s
2025-11-24 14:35:58.990 66347 INFO tempest.lib.common.rest_client [req-93f25081-8d38-45a5-9b7c-c2268a461b5e req-93f25081-8d38-45a5-9b7c-c2268a461b5e ] Request (ServerActionsTestOtherB:setUpClass): 200 GET http://10.180.1.21/compute/v2.1/servers/29253bf8-816e-4e8f-baf1-c66a9e57254e 0.158s
2025-11-24 14:35:58.996 66305 INFO tempest.lib.common.rest_client [req-ec436cff-2dba-4902-842a-4a84156260a9 req-ec436cff-2dba-4902-842a-4a84156260a9 ] Request (VolumesNegativeTest:test_create_volume_with_size_zero): 400 POST http://10.180.1.21/compute/v2.1/os-volumes 0.094s
2025-11-24 14:35:59.042 66339 INFO tempest.lib.common.rest_client [req-047ecd78-291d-47c8-b3e4-32e493417c66 req-047ecd78-291d-47c8-b3e4-32e493417c66 ] Request (SecurityGroupsTestJSON:test_list_security_groups_by_server): 200 GET http://10.180.1.21/compute/v2.1/servers/3513225f-2ec6-4712-b1ba-1e98357a3491 0.132s
2025-11-24 14:35:59.052 66327 INFO tempest.lib.common.rest_client [req-25b96394-06a3-499f-9059-b23141050980 req-25b96394-06a3-499f-9059-b23141050980 ] Request (MigrationsAdminTest:test_list_migrations_in_flavor_resize_situation): 200 GET http://10.180.1.21/compute/v2.1/servers/8665269f-97cf-4734-af7c-aad223e234df 0.206s
2025-11-24 14:35:59.098 66317 INFO tempest.lib.common.rest_client [req-cd42070d-2699-4f79-84b0-beb78b41fe3a req-cd42070d-2699-4f79-84b0-beb78b41fe3a ] Request (ServersV294TestFqdnHostnames:setUpClass): 200 GET http://10.180.1.21/compute/v2.1/servers/51ce9bb4-3c28-4d65-af53-98d2601abf64 0.186s
2025-11-24 14:35:59.100 66319 INFO tempest.lib.common.rest_client [req-fc8f8e05-75aa-4596-9f20-421a1b6ba75d req-fc8f8e05-75aa-4596-9f20-421a1b6ba75d ] Request (ListServerFiltersTestJSON:test_list_servers_filtered_by_name_regex): 200 GET http://10.180.1.21/compute/v2.1/servers?name=%5E.%2A%5C-instance%5C-.%2A%24 0.150s
2025-11-24 14:35:59.153 66343 INFO tempest.lib.common.rest_client [req-20ec1faa-9bd9-441c-9df7-abb3db96a9ee req-20ec1faa-9bd9-441c-9df7-abb3db96a9ee ] Request (ServersNegativeTestMultiTenantJSON:setUpClass): 200 GET http://10.180.1.21/compute/v2.1/servers/b90c6a5e-283b-4aa6-911f-2c601dc59f9b 0.186s
2025-11-24 14:35:59.155 66353 INFO tempest.lib.common.rest_client [req-ded504b7-f87c-48b9-b95f-547a5f9ab009 req-ded504b7-f87c-48b9-b95f-547a5f9ab009 ] Request (ServerDiskConfigTestJSON:test_resize_server_from_auto_to_manual): 200 GET http://10.180.1.21/compute/v2.1/servers/191c0463-1e14-49af-98a7-90e20cb4ec21 0.181s
2025-11-24 14:35:59.161 66305 INFO tempest.lib.common.rest_client [req-6ab9a76c-2410-43e0-a9a6-4b845de48439 req-6ab9a76c-2410-43e0-a9a6-4b845de48439 ] Request (VolumesNegativeTest:test_create_volume_without_passing_size): 400 POST http://10.180.1.21/compute/v2.1/os-volumes 0.163s
2025-11-24 14:35:59.211 66359 INFO tempest.lib.common.rest_client [req-09aa6ac3-e702-40c2-b88a-90d49debee63 req-09aa6ac3-e702-40c2-b88a-90d49debee63 ] Request (ListServersNegativeTestJSON:setUpClass): 200 GET http://10.180.1.21/compute/v2.1/servers/6815cb06-e14d-4b3c-bbd0-1fdde6825a08 0.188s
2025-11-24 14:35:59.219 66359 INFO tempest.common.waiters [-] State transition "BUILD/None" ==> "BUILD/networking" after 56 second wait
2025-11-24 14:35:59.227 66313 INFO tempest.lib.common.rest_client [req-9983816f-361c-4e52-894c-542f9e8a4a64 req-9983816f-361c-4e52-894c-542f9e8a4a64 ] Request (ServerMetadataNegativeTestJSON:tearDownClass): 200 GET http://10.180.1.21/compute/v2.1/servers/b90f9a28-4a3e-4e45-a7df-304c7fdcb311 0.188s
2025-11-24 14:35:59.257 66319 INFO tempest.lib.common.rest_client [req-009e255d-07bb-4be5-9524-8b9badfb916c req-009e255d-07bb-4be5-9524-8b9badfb916c ] Request (ListServerFiltersTestJSON:test_list_servers_filtered_by_name_regex): 200 GET http://10.180.1.21/compute/v2.1/servers?name=1661130753 0.154s
2025-11-24 14:35:59.277 66323 INFO tempest.lib.common.rest_client [req-9d97e511-a68f-41c9-9179-87a9c6b71248 req-9d97e511-a68f-41c9-9179-87a9c6b71248 ] Request (DeleteServersTestJSON:test_delete_active_server): 200 GET http://10.180.1.21/compute/v2.1/servers/b02eff7e-76b0-4b6e-a392-e821e08b9e44 0.167s
2025-11-24 14:35:59.298 66305 INFO tempest.lib.common.rest_client [req-217afc99-8c70-488e-a5cd-2bbea74f4400 req-217afc99-8c70-488e-a5cd-2bbea74f4400 ] Request (VolumesNegativeTest:test_delete_invalid_volume_id): 404 DELETE http://10.180.1.21/compute/v2.1/os-volumes/tempest-invalid-380631221 0.136s
2025-11-24 14:35:59.302 66301 INFO tempest.lib.common.rest_client [req-287cfd20-c774-46f7-87bf-46b2268ac4b8 req-287cfd20-c774-46f7-87bf-46b2268ac4b8 ] Request (ServersNegativeTestJSON:setUpClass): 200 GET http://10.180.1.21/compute/v2.1/servers/dcf9a6c1-1cbf-4e98-b671-aa1a31998ae5 0.174s
2025-11-24 14:35:59.305 66305 INFO tempest.lib.common.rest_client [req-c36c2dbe-f266-4ab9-96e2-e1a4576e1c24 req-c36c2dbe-f266-4ab9-96e2-e1a4576e1c24 ] Request (VolumesNegativeTest:test_delete_volume_without_passing_volume_id): 404 DELETE http://10.180.1.21/compute/v2.1/os-volumes/ 0.005s
2025-11-24 14:35:59.310 66305 INFO tempest.lib.common.rest_client [req-c6b7ebdb-9b0f-4a65-b90b-73a2bd5dcb71 req-c6b7ebdb-9b0f-4a65-b90b-73a2bd5dcb71 ] Request (VolumesNegativeTest:test_get_volume_without_passing_volume_id): 404 GET http://10.180.1.21/compute/v2.1/os-volumes/ 0.004s
2025-11-24 14:35:59.335 66305 INFO tempest.lib.common.rest_client [req-ab399903-a8b8-4d8a-9429-31931617312d req-ab399903-a8b8-4d8a-9429-31931617312d ] Request (VolumesNegativeTest:test_volume_delete_nonexistent_volume_id): 404 DELETE http://10.180.1.21/compute/v2.1/os-volumes/004015cb-7ecc-4bad-814f-4ced001673d9 0.023s
2025-11-24 14:35:59.360 66305 INFO tempest.lib.common.rest_client [req-9b3f918b-bae6-4a00-858c-522b3a24ffb3 req-9b3f918b-bae6-4a00-858c-522b3a24ffb3 ] Request (VolumesNegativeTest:test_volume_get_nonexistent_volume_id): 404 GET http://10.180.1.21/compute/v2.1/os-volumes/d5e81d0f-41bf-466e-86cb-0709a7bbf143 0.024s
2025-11-24 14:35:59.382 66319 INFO tempest.lib.common.rest_client [req-f8dd0893-dda0-411f-8b37-8b5fa99134a9 req-f8dd0893-dda0-411f-8b37-8b5fa99134a9 ] Request (ListServerFiltersTestJSON:test_list_servers_filtered_by_name_wildcard): 200 GET http://10.180.1.21/compute/v2.1/servers?name=-instance 0.122s
2025-11-24 14:35:59.428 66319 INFO tempest.lib.common.rest_client [req-b92daaee-143e-4464-93a6-070fcdc68700 req-b92daaee-143e-4464-93a6-070fcdc68700 ] Request (ListServerFiltersTestJSON:test_list_servers_filtered_by_name_wildcard): 200 GET http://10.180.1.21/compute/v2.1/servers?name=t-ListServerFiltersTestJSON-instance-166113075 0.044s
2025-11-24 14:35:59.443 66303 INFO tempest.lib.common.rest_client [req-1f3efe8f-1416-45cf-9ab9-9496446f048a req-1f3efe8f-1416-45cf-9ab9-9496446f048a ] Request (ListImageFiltersTestJSON:setUpClass): 200 GET http://10.180.1.21/compute/v2.1/servers/8e3cf4c7-ff1e-432b-9960-8e24f1218b5b 0.053s
2025-11-24 14:35:59.477 66305 INFO tempest.lib.common.rest_client [req-756d167a-c247-45ef-a7c4-ae1e5b30d98c req-756d167a-c247-45ef-a7c4-ae1e5b30d98c ] Request (VolumesNegativeTest:tearDownClass): 204 DELETE http://10.180.1.21/identity/v3/users/58e03edce45d471db4d4941c6c6d2f51 0.113s
2025-11-24 14:35:59.478 66305 INFO tempest.lib.common.dynamic_creds [-] Deleting project and security group for project: 541b8e1720574a8b86f5ce717cf9e180
2025-11-24 14:35:59.515 66341 INFO tempest.lib.common.rest_client [req-99ee0e65-19f1-4cdb-a91d-0f87f7401646 req-99ee0e65-19f1-4cdb-a91d-0f87f7401646 ] Request (ImagesTestJSON:test_create_server_from_snapshot): 200 GET http://10.180.1.21/compute/v2.1/servers/44aaaf73-885a-4229-8a11-924e5d64915c 0.071s
2025-11-24 14:35:59.543 66305 INFO tempest.lib.common.rest_client [req-21729f00-5268-4e25-81e1-7776db8a1aea req-21729f00-5268-4e25-81e1-7776db8a1aea ] Request (VolumesNegativeTest:tearDownClass): 201 POST http://10.180.1.21/identity/v3/auth/tokens 0.065s
2025-11-24 14:35:59.543 66319 INFO tempest.lib.common.rest_client [req-991eb365-b223-46ed-bce0-d34fb616d8bf req-991eb365-b223-46ed-bce0-d34fb616d8bf ] Request (ListServerFiltersTestJSON:tearDownClass): 204 DELETE http://10.180.1.21/compute/v2.1/servers/c475a30f-512e-4552-8f52-6b35b5ea1750 0.110s
2025-11-24 14:35:59.729 66305 INFO tempest.lib.common.rest_client [req-4c716d45-512e-43bb-8fcb-a530283c3256 req-4c716d45-512e-43bb-8fcb-a530283c3256 ] Request (VolumesNegativeTest:tearDownClass): 200 GET http://10.180.1.21/networking/v2.0/security-groups?tenant_id=541b8e1720574a8b86f5ce717cf9e180&name=default 0.185s
2025-11-24 14:35:59.737 66335 INFO tempest.lib.common.rest_client [req-92943e53-d8dd-4192-a39b-d7f51df21377 req-92943e53-d8dd-4192-a39b-d7f51df21377 ] Request (ServersAdminTestJSON:tearDownClass): 200 GET http://10.180.1.21/compute/v2.1/servers/1f5735d7-44ec-4396-a494-97b7aa0e4cb5 0.202s
2025-11-24 14:35:59.860 66305 INFO tempest.lib.common.rest_client [req-d8f5e05c-692d-47fc-ac55-e96f77b3ea8b req-d8f5e05c-692d-47fc-ac55-e96f77b3ea8b ] Request (VolumesNegativeTest:tearDownClass): 204 DELETE http://10.180.1.21/networking/v2.0/security-groups/d616d5f8-4abb-46c5-86d0-9af5736cdd26 0.131s
2025-11-24 14:35:59.896 66319 INFO tempest.lib.common.rest_client [req-5c060f9a-db27-453c-93d8-c325da92c297 req-5c060f9a-db27-453c-93d8-c325da92c297 ] Request (ListServerFiltersTestJSON:tearDownClass): 200 GET http://10.180.1.21/compute/v2.1/servers/c475a30f-512e-4552-8f52-6b35b5ea1750 0.353s
2025-11-24 14:35:59.911 66315 INFO tempest.lib.common.rest_client [req-c854472e-f5cc-4ce2-aa86-6d07b294982f req-c854472e-f5cc-4ce2-aa86-6d07b294982f ] Request (ServerActionsTestJSON:test_rebuild_server): 200 GET http://10.180.1.21/compute/v2.1/servers/b1d7c2ff-35a0-45b4-8209-443de4e97762 0.295s
2025-11-24 14:35:59.944 66305 INFO tempest.lib.common.rest_client [req-a267ea65-e446-4076-924f-3efb6dbeefa5 req-a267ea65-e446-4076-924f-3efb6dbeefa5 ] Request (VolumesNegativeTest:tearDownClass): 204 DELETE http://10.180.1.21/identity/v3/projects/541b8e1720574a8b86f5ce717cf9e180 0.083s
2025-11-24 14:35:59.969 66355 INFO tempest.lib.common.rest_client [req-072bde1e-7a11-4d4f-833a-fd445dc39a60 req-072bde1e-7a11-4d4f-833a-fd445dc39a60 ] Request (TenantUsagesTestJSON:setUpClass): 200 GET http://10.180.1.21/compute/v2.1/servers/c77be28a-93cf-44b8-a71a-57da235175be 0.190s
2025-11-24 14:35:59.984 66307 INFO tempest.lib.common.rest_client [req-df213f22-9b7f-45b7-b570-45e4d9c34429 req-df213f22-9b7f-45b7-b570-45e4d9c34429 ] Request (ImagesNegativeTestJSON:test_create_image_from_deleted_server): 200 GET http://10.180.1.21/compute/v2.1/servers/b27d28a9-70e3-40fc-ad79-9be40204f4f4 0.262s
2025-11-24 14:36:00.042 66309 INFO tempest.lib.common.rest_client [req-67678986-e4de-4421-8871-f76c25b321b7 req-67678986-e4de-4421-8871-f76c25b321b7 ] Request (ImagesOneServerNegativeTestJSON:_run_cleanups): 200 GET http://10.180.1.21/compute/v2.1/servers/4f4190bf-e00c-4de4-a26d-e7b175d4a82c 0.210s
2025-11-24 14:36:00.048 66349 WARNING tempest.lib.common.ssh [-] Failed to establish authenticated ssh connection to cirros@10.180.180.229 ([Errno None] Unable to connect to port 22 on 10.180.180.229). Number attempts: 3. Retry after 4 seconds.: paramiko.ssh_exception.NoValidConnectionsError: [Errno None] Unable to connect to port 22 on 10.180.180.229
2025-11-24 14:36:00.056 66351 INFO tempest.lib.common.rest_client [req-2fc4e9c1-1f1a-4a53-ac2a-7f0aeed0ff1e req-2fc4e9c1-1f1a-4a53-ac2a-7f0aeed0ff1e ] Request (ServerRescueNegativeTestJSON:setUpClass): 200 GET http://10.180.1.21/compute/v2.1/servers/b3ab7d76-a1fb-4666-a2e0-6e505c3116d6 0.210s
2025-11-24 14:36:00.108 66337 INFO tempest.lib.common.rest_client [req-a1d62e66-282d-4894-a94a-cde2a25d8307 req-a1d62e66-282d-4894-a94a-cde2a25d8307 ] Request (FloatingIPsAssociationTestJSON:tearDownClass): 200 GET http://10.180.1.21/compute/v2.1/servers/abe53013-b6c0-4489-a0bb-0d3b5f1eef41 0.208s
2025-11-24 14:36:00.116 66337 INFO tempest.common.waiters [-] State transition "ACTIVE/deleting" ==> "DELETED/None" after 4 second wait
2025-11-24 14:36:00.125 66329 INFO tempest.lib.common.rest_client [req-a336b404-bd34-4350-b5cd-7b97818ac7ed req-a336b404-bd34-4350-b5cd-7b97818ac7ed ] Request (ServerActionsTestOtherA:test_rebuild_server_in_stop_state): 200 GET http://10.180.1.21/compute/v2.1/servers/ca4f6aed-1eea-436a-9b22-8cc1b35af9f2 0.178s
2025-11-24 14:36:00.162 66347 INFO tempest.lib.common.rest_client [req-26e75b8d-80f1-4c16-a9e6-64c0158d23c7 req-26e75b8d-80f1-4c16-a9e6-64c0158d23c7 ] Request (ServerActionsTestOtherB:setUpClass): 200 GET http://10.180.1.21/compute/v2.1/servers/29253bf8-816e-4e8f-baf1-c66a9e57254e 0.164s
2025-11-24 14:36:00.173 66339 INFO tempest.lib.common.rest_client [req-8ff5a690-6533-4930-b720-4487c357e208 req-8ff5a690-6533-4930-b720-4487c357e208 ] Request (SecurityGroupsTestJSON:test_list_security_groups_by_server): 200 GET http://10.180.1.21/compute/v2.1/servers/3513225f-2ec6-4712-b1ba-1e98357a3491 0.123s
2025-11-24 14:36:00.249 66317 INFO tempest.lib.common.rest_client [req-cc04af0d-cf10-4734-ad77-d35ef1decfea req-cc04af0d-cf10-4734-ad77-d35ef1decfea ] Request (ServersV294TestFqdnHostnames:setUpClass): 200 GET http://10.180.1.21/compute/v2.1/servers/51ce9bb4-3c28-4d65-af53-98d2601abf64 0.140s
2025-11-24 14:36:00.267 66327 INFO tempest.lib.common.rest_client [req-2524ad66-09d2-4e8e-9a8e-5da1fb5a92ab req-2524ad66-09d2-4e8e-9a8e-5da1fb5a92ab ] Request (MigrationsAdminTest:test_list_migrations_in_flavor_resize_situation): 200 GET http://10.180.1.21/compute/v2.1/servers/8665269f-97cf-4734-af7c-aad223e234df 0.207s
2025-11-24 14:36:00.298 66343 INFO tempest.lib.common.rest_client [req-a8f8b77c-081c-44ed-9507-cf1e689d3764 req-a8f8b77c-081c-44ed-9507-cf1e689d3764 ] Request (ServersNegativeTestMultiTenantJSON:setUpClass): 200 GET http://10.180.1.21/compute/v2.1/servers/b90c6a5e-283b-4aa6-911f-2c601dc59f9b 0.138s
2025-11-24 14:36:00.320 66353 INFO tempest.lib.common.rest_client [req-ff1cc689-02a7-4ddf-9364-7ea0b0059538 req-ff1cc689-02a7-4ddf-9364-7ea0b0059538 ] Request (ServerDiskConfigTestJSON:test_resize_server_from_auto_to_manual): 200 GET http://10.180.1.21/compute/v2.1/servers/191c0463-1e14-49af-98a7-90e20cb4ec21 0.156s
2025-11-24 14:36:00.398 66313 INFO tempest.lib.common.rest_client [req-581dcbcd-8702-4df6-95e2-f168e50f30fc req-581dcbcd-8702-4df6-95e2-f168e50f30fc ] Request (ServerMetadataNegativeTestJSON:tearDownClass): 200 GET http://10.180.1.21/compute/v2.1/servers/b90f9a28-4a3e-4e45-a7df-304c7fdcb311 0.163s
2025-11-24 14:36:00.423 66359 INFO tempest.lib.common.rest_client [req-6dc5c816-bacd-4269-a1d1-f361dcc6d169 req-6dc5c816-bacd-4269-a1d1-f361dcc6d169 ] Request (ListServersNegativeTestJSON:setUpClass): 200 GET http://10.180.1.21/compute/v2.1/servers/6815cb06-e14d-4b3c-bbd0-1fdde6825a08 0.203s
2025-11-24 14:36:00.430 66359 INFO tempest.common.waiters [-] State transition "BUILD/networking" ==> "BUILD/spawning" after 57 second wait
2025-11-24 14:36:00.446 66323 INFO tempest.lib.common.rest_client [req-8c069815-1bc9-47eb-95b3-0f7da5963468 req-8c069815-1bc9-47eb-95b3-0f7da5963468 ] Request (DeleteServersTestJSON:test_delete_active_server): 200 GET http://10.180.1.21/compute/v2.1/servers/b02eff7e-76b0-4b6e-a392-e821e08b9e44 0.160s
2025-11-24 14:36:00.471 66301 INFO tempest.lib.common.rest_client [req-efa2bc5b-eaf3-48c1-b337-6c8eb4eee2b9 req-efa2bc5b-eaf3-48c1-b337-6c8eb4eee2b9 ] Request (ServersNegativeTestJSON:setUpClass): 200 GET http://10.180.1.21/compute/v2.1/servers/dcf9a6c1-1cbf-4e98-b671-aa1a31998ae5 0.161s
2025-11-24 14:36:00.503 66303 INFO tempest.lib.common.rest_client [req-f6dd8697-a4d0-4e18-8cdc-f63ba86219aa req-f6dd8697-a4d0-4e18-8cdc-f63ba86219aa ] Request (ListImageFiltersTestJSON:setUpClass): 200 GET http://10.180.1.21/compute/v2.1/servers/8e3cf4c7-ff1e-432b-9960-8e24f1218b5b 0.050s
2025-11-24 14:36:00.585 66341 INFO tempest.lib.common.rest_client [req-cfb4baa2-1b28-4127-878a-f9289e70f798 req-cfb4baa2-1b28-4127-878a-f9289e70f798 ] Request (ImagesTestJSON:test_create_server_from_snapshot): 200 GET http://10.180.1.21/compute/v2.1/servers/44aaaf73-885a-4229-8a11-924e5d64915c 0.062s
2025-11-24 14:36:00.828 66335 INFO tempest.lib.common.rest_client [req-9e1d1cc1-e6f4-4e6e-84c9-63ef4d496196 req-9e1d1cc1-e6f4-4e6e-84c9-63ef4d496196 ] Request (ServersAdminTestJSON:tearDownClass): 200 GET http://10.180.1.21/compute/v2.1/servers/1f5735d7-44ec-4396-a494-97b7aa0e4cb5 0.082s
2025-11-24 14:36:01.037 66315 INFO tempest.lib.common.rest_client [req-c6a7dd22-2686-493b-8228-47f878afdb45 req-c6a7dd22-2686-493b-8228-47f878afdb45 ] Request (ServerActionsTestJSON:test_rebuild_server): 200 GET http://10.180.1.21/compute/v2.1/servers/b1d7c2ff-35a0-45b4-8209-443de4e97762 0.117s
2025-11-24 14:36:01.065 66319 INFO tempest.lib.common.rest_client [req-1dc69d5f-f847-4306-b63c-c18d21aeb6de req-1dc69d5f-f847-4306-b63c-c18d21aeb6de ] Request (ListServerFiltersTestJSON:tearDownClass): 200 GET http://10.180.1.21/compute/v2.1/servers/c475a30f-512e-4552-8f52-6b35b5ea1750 0.161s
2025-11-24 14:36:01.091 66355 INFO tempest.lib.common.rest_client [req-023a9227-94df-45ad-ad89-9c16e9932f01 req-023a9227-94df-45ad-ad89-9c16e9932f01 ] Request (TenantUsagesTestJSON:setUpClass): 200 GET http://10.180.1.21/compute/v2.1/servers/c77be28a-93cf-44b8-a71a-57da235175be 0.110s
2025-11-24 14:36:01.127 66307 INFO tempest.lib.common.rest_client [req-60204e71-08a5-4249-b42c-1dd02acbd0ef req-60204e71-08a5-4249-b42c-1dd02acbd0ef ] Request (ImagesNegativeTestJSON:test_create_image_from_deleted_server): 200 GET http://10.180.1.21/compute/v2.1/servers/b27d28a9-70e3-40fc-ad79-9be40204f4f4 0.133s
2025-11-24 14:36:01.142 66309 INFO tempest.lib.common.rest_client [req-19ccba36-547e-4b0a-8b36-f62792809b36 req-19ccba36-547e-4b0a-8b36-f62792809b36 ] Request (ImagesOneServerNegativeTestJSON:_run_cleanups): 200 GET http://10.180.1.21/compute/v2.1/servers/4f4190bf-e00c-4de4-a26d-e7b175d4a82c 0.086s
2025-11-24 14:36:01.175 66351 INFO tempest.lib.common.rest_client [req-6779d8ca-5319-4be6-93b8-5cc53e089b1a req-6779d8ca-5319-4be6-93b8-5cc53e089b1a ] Request (ServerRescueNegativeTestJSON:setUpClass): 200 GET http://10.180.1.21/compute/v2.1/servers/b3ab7d76-a1fb-4666-a2e0-6e505c3116d6 0.112s
2025-11-24 14:36:01.202 66337 INFO tempest.lib.common.rest_client [req-ae5e93d8-8858-489d-ae0f-ec412ae37600 req-ae5e93d8-8858-489d-ae0f-ec412ae37600 ] Request (FloatingIPsAssociationTestJSON:tearDownClass): 200 GET http://10.180.1.21/compute/v2.1/servers/abe53013-b6c0-4489-a0bb-0d3b5f1eef41 0.083s
2025-11-24 14:36:01.224 66329 INFO tempest.lib.common.rest_client [req-c6add0fa-79a1-4ddf-b0f9-6c9b6e8922b2 req-c6add0fa-79a1-4ddf-b0f9-6c9b6e8922b2 ] Request (ServerActionsTestOtherA:test_rebuild_server_in_stop_state): 200 GET http://10.180.1.21/compute/v2.1/servers/ca4f6aed-1eea-436a-9b22-8cc1b35af9f2 0.088s
2025-11-24 14:36:01.256 66347 INFO tempest.lib.common.rest_client [req-a79a18bd-4dec-40db-9001-3877c4011107 req-a79a18bd-4dec-40db-9001-3877c4011107 ] Request (ServerActionsTestOtherB:setUpClass): 200 GET http://10.180.1.21/compute/v2.1/servers/29253bf8-816e-4e8f-baf1-c66a9e57254e 0.085s
2025-11-24 14:36:01.268 66339 INFO tempest.lib.common.rest_client [req-30ad73f3-c457-4e0c-ab17-507444eb1157 req-30ad73f3-c457-4e0c-ab17-507444eb1157 ] Request (SecurityGroupsTestJSON:test_list_security_groups_by_server): 200 GET http://10.180.1.21/compute/v2.1/servers/3513225f-2ec6-4712-b1ba-1e98357a3491 0.088s
2025-11-24 14:36:01.322 66317 INFO tempest.lib.common.rest_client [req-07e65cb0-65f0-467c-8090-310c1c6a1fe5 req-07e65cb0-65f0-467c-8090-310c1c6a1fe5 ] Request (ServersV294TestFqdnHostnames:setUpClass): 200 GET http://10.180.1.21/compute/v2.1/servers/51ce9bb4-3c28-4d65-af53-98d2601abf64 0.062s
2025-11-24 14:36:01.369 66343 INFO tempest.lib.common.rest_client [req-da502954-b78a-4905-b5d6-55edcca9fba5 req-da502954-b78a-4905-b5d6-55edcca9fba5 ] Request (ServersNegativeTestMultiTenantJSON:setUpClass): 200 GET http://10.180.1.21/compute/v2.1/servers/b90c6a5e-283b-4aa6-911f-2c601dc59f9b 0.060s
2025-11-24 14:36:01.401 66327 INFO tempest.lib.common.rest_client [req-2a6f69e5-730d-4291-ad6a-2516fab93e2c req-2a6f69e5-730d-4291-ad6a-2516fab93e2c ] Request (MigrationsAdminTest:test_list_migrations_in_flavor_resize_situation): 200 GET http://10.180.1.21/compute/v2.1/servers/8665269f-97cf-4734-af7c-aad223e234df 0.125s
2025-11-24 14:36:01.415 66353 INFO tempest.lib.common.rest_client [req-f390535f-53d8-40ba-8e48-47aeceabcd4a req-f390535f-53d8-40ba-8e48-47aeceabcd4a ] Request (ServerDiskConfigTestJSON:test_resize_server_from_auto_to_manual): 200 GET http://10.180.1.21/compute/v2.1/servers/191c0463-1e14-49af-98a7-90e20cb4ec21 0.085s
2025-11-24 14:36:01.463 66313 INFO tempest.lib.common.rest_client [req-cac6776b-3ed9-4aed-81bc-dfad62ccdf75 req-cac6776b-3ed9-4aed-81bc-dfad62ccdf75 ] Request (ServerMetadataNegativeTestJSON:tearDownClass): 200 GET http://10.180.1.21/compute/v2.1/servers/b90f9a28-4a3e-4e45-a7df-304c7fdcb311 0.056s
2025-11-24 14:36:01.510 66323 INFO tempest.lib.common.rest_client [req-9837bf8d-8e76-4c70-99e0-45a117196e54 req-9837bf8d-8e76-4c70-99e0-45a117196e54 ] Request (DeleteServersTestJSON:test_delete_active_server): 200 GET http://10.180.1.21/compute/v2.1/servers/b02eff7e-76b0-4b6e-a392-e821e08b9e44 0.057s
2025-11-24 14:36:01.522 66359 INFO tempest.lib.common.rest_client [req-d67b8962-41f3-4dda-b609-7e983d86d0be req-d67b8962-41f3-4dda-b609-7e983d86d0be ] Request (ListServersNegativeTestJSON:setUpClass): 200 GET http://10.180.1.21/compute/v2.1/servers/6815cb06-e14d-4b3c-bbd0-1fdde6825a08 0.091s
2025-11-24 14:36:01.560 66301 INFO tempest.lib.common.rest_client [req-d8e36ed4-0ad6-4505-a86d-fb14fee3921b req-d8e36ed4-0ad6-4505-a86d-fb14fee3921b ] Request (ServersNegativeTestJSON:setUpClass): 200 GET http://10.180.1.21/compute/v2.1/servers/dcf9a6c1-1cbf-4e98-b671-aa1a31998ae5 0.081s
2025-11-24 14:36:01.569 66303 INFO tempest.lib.common.rest_client [req-e5558a67-31dd-4df7-b96f-c9c6642f3aae req-e5558a67-31dd-4df7-b96f-c9c6642f3aae ] Request (ListImageFiltersTestJSON:setUpClass): 200 GET http://10.180.1.21/compute/v2.1/servers/8e3cf4c7-ff1e-432b-9960-8e24f1218b5b 0.057s
2025-11-24 14:36:01.661 66341 INFO tempest.lib.common.rest_client [req-e0841b9f-7170-428e-97a6-bd18cba70f0e req-e0841b9f-7170-428e-97a6-bd18cba70f0e ] Request (ImagesTestJSON:test_create_server_from_snapshot): 200 GET http://10.180.1.21/compute/v2.1/servers/44aaaf73-885a-4229-8a11-924e5d64915c 0.067s
2025-11-24 14:36:01.899 66335 INFO tempest.lib.common.rest_client [req-a1a2e6e8-3b1c-497a-9db6-b8e0fb82e6cd req-a1a2e6e8-3b1c-497a-9db6-b8e0fb82e6cd ] Request (ServersAdminTestJSON:tearDownClass): 200 GET http://10.180.1.21/compute/v2.1/servers/1f5735d7-44ec-4396-a494-97b7aa0e4cb5 0.063s
2025-11-24 14:36:02.109 66315 INFO tempest.lib.common.rest_client [req-8f0dbc36-de88-4281-b611-b40248d67326 req-8f0dbc36-de88-4281-b611-b40248d67326 ] Request (ServerActionsTestJSON:test_rebuild_server): 200 GET http://10.180.1.21/compute/v2.1/servers/b1d7c2ff-35a0-45b4-8209-443de4e97762 0.062s
2025-11-24 14:36:02.138 66319 INFO tempest.lib.common.rest_client [req-6c816a87-122c-48fa-a138-e0e86d809312 req-6c816a87-122c-48fa-a138-e0e86d809312 ] Request (ListServerFiltersTestJSON:tearDownClass): 200 GET http://10.180.1.21/compute/v2.1/servers/c475a30f-512e-4552-8f52-6b35b5ea1750 0.064s
2025-11-24 14:36:02.162 66355 INFO tempest.lib.common.rest_client [req-fde4de15-374d-4b93-adac-275ffd7c9eee req-fde4de15-374d-4b93-adac-275ffd7c9eee ] Request (TenantUsagesTestJSON:setUpClass): 200 GET http://10.180.1.21/compute/v2.1/servers/c77be28a-93cf-44b8-a71a-57da235175be 0.057s
2025-11-24 14:36:02.212 66307 INFO tempest.lib.common.rest_client [req-b14ead95-732a-4d07-9ce1-da7c1536c74d req-b14ead95-732a-4d07-9ce1-da7c1536c74d ] Request (ImagesNegativeTestJSON:test_create_image_from_deleted_server): 200 GET http://10.180.1.21/compute/v2.1/servers/b27d28a9-70e3-40fc-ad79-9be40204f4f4 0.077s
2025-11-24 14:36:02.228 66309 INFO tempest.lib.common.rest_client [req-dbc4b62e-414d-4fdd-bc1a-eb70eea1a112 req-dbc4b62e-414d-4fdd-bc1a-eb70eea1a112 ] Request (ImagesOneServerNegativeTestJSON:_run_cleanups): 200 GET http://10.180.1.21/compute/v2.1/servers/4f4190bf-e00c-4de4-a26d-e7b175d4a82c 0.078s
2025-11-24 14:36:02.268 66351 INFO tempest.lib.common.rest_client [req-1783bb0e-055a-46e4-8cb3-1006b9185c9c req-1783bb0e-055a-46e4-8cb3-1006b9185c9c ] Request (ServerRescueNegativeTestJSON:setUpClass): 200 GET http://10.180.1.21/compute/v2.1/servers/b3ab7d76-a1fb-4666-a2e0-6e505c3116d6 0.084s
2025-11-24 14:36:02.296 66337 INFO tempest.lib.common.rest_client [req-748c13b3-fd94-4b92-b18e-2d83b2c21d82 req-748c13b3-fd94-4b92-b18e-2d83b2c21d82 ] Request (FloatingIPsAssociationTestJSON:tearDownClass): 200 GET http://10.180.1.21/compute/v2.1/servers/abe53013-b6c0-4489-a0bb-0d3b5f1eef41 0.080s
2025-11-24 14:36:02.335 66329 INFO tempest.lib.common.rest_client [req-16b973d2-b088-4dd7-b50b-2e57a03e6b21 req-16b973d2-b088-4dd7-b50b-2e57a03e6b21 ] Request (ServerActionsTestOtherA:test_rebuild_server_in_stop_state): 200 GET http://10.180.1.21/compute/v2.1/servers/ca4f6aed-1eea-436a-9b22-8cc1b35af9f2 0.103s
2025-11-24 14:36:02.380 66347 INFO tempest.lib.common.rest_client [req-6ed2edc9-794a-4346-9853-e87abebdd85b req-6ed2edc9-794a-4346-9853-e87abebdd85b ] Request (ServerActionsTestOtherB:setUpClass): 200 GET http://10.180.1.21/compute/v2.1/servers/29253bf8-816e-4e8f-baf1-c66a9e57254e 0.116s
2025-11-24 14:36:02.412 66339 INFO tempest.lib.common.rest_client [req-ee36b0c1-56a3-44dc-9dd8-cf3c88f68273 req-ee36b0c1-56a3-44dc-9dd8-cf3c88f68273 ] Request (SecurityGroupsTestJSON:test_list_security_groups_by_server): 200 GET http://10.180.1.21/compute/v2.1/servers/3513225f-2ec6-4712-b1ba-1e98357a3491 0.133s
2025-11-24 14:36:02.460 66317 INFO tempest.lib.common.rest_client [req-34e29cdb-b117-48d5-b0db-c0cb4dc0d5b0 req-34e29cdb-b117-48d5-b0db-c0cb4dc0d5b0 ] Request (ServersV294TestFqdnHostnames:setUpClass): 200 GET http://10.180.1.21/compute/v2.1/servers/51ce9bb4-3c28-4d65-af53-98d2601abf64 0.126s
2025-11-24 14:36:02.493 66343 INFO tempest.lib.common.rest_client [req-89557e82-7e03-41cb-81e2-0d165535eaca req-89557e82-7e03-41cb-81e2-0d165535eaca ] Request (ServersNegativeTestMultiTenantJSON:setUpClass): 200 GET http://10.180.1.21/compute/v2.1/servers/b90c6a5e-283b-4aa6-911f-2c601dc59f9b 0.116s
2025-11-24 14:36:02.591 66353 INFO tempest.lib.common.rest_client [req-6fde9c9b-fdbe-42f3-83ae-b20c592a5251 req-6fde9c9b-fdbe-42f3-83ae-b20c592a5251 ] Request (ServerDiskConfigTestJSON:test_resize_server_from_auto_to_manual): 200 GET http://10.180.1.21/compute/v2.1/servers/191c0463-1e14-49af-98a7-90e20cb4ec21 0.168s
2025-11-24 14:36:02.668 66327 INFO tempest.lib.common.rest_client [req-aecd003d-ac37-4bf4-b852-fec8113cb438 req-aecd003d-ac37-4bf4-b852-fec8113cb438 ] Request (MigrationsAdminTest:test_list_migrations_in_flavor_resize_situation): 200 GET http://10.180.1.21/compute/v2.1/servers/8665269f-97cf-4734-af7c-aad223e234df 0.258s
