2025-11-24 14:32:36.460 66317 INFO tempest.lib.common.rest_client [req-945797d0-7d1d-40f3-a851-29b78bf02147 req-945797d0-7d1d-40f3-a851-29b78bf02147 ] Request (FlavorsAdminTestJSON:test_create_flavor_verify_entry_in_list_details): 200 POST http://10.180.1.21/compute/v2.1/flavors 5.456s
2025-11-24 14:32:36.489 66311 INFO tempest.lib.common.rest_client [req-a617455b-c4cc-4751-9723-8de257bf21a3 req-a617455b-c4cc-4751-9723-8de257bf21a3 ] Request (HypervisorAdminNegativeUnderV252Test:test_show_servers_with_non_admin_user): 200 GET http://10.180.1.21/compute/v2.1/os-hypervisors 5.457s
2025-11-24 14:32:36.508 66333 INFO tempest.lib.common.rest_client [req-3a428aba-ad11-4390-88a3-e28f418c4db1 req-3a428aba-ad11-4390-88a3-e28f418c4db1 ] Request (QuotaClassesAdmin257Test:test_update_default_quotas): 200 GET http://10.180.1.21/compute/v2.1/os-quota-class-sets/default 5.327s
2025-11-24 14:32:36.512 66315 INFO tempest.lib.common.rest_client [req-0bf14118-b1fc-42db-95f4-aebd483fc1f0 req-0bf14118-b1fc-42db-95f4-aebd483fc1f0 ] Request (ServerActionsTestJSON:setUpClass): 201 POST http://10.180.1.21/networking/v2.0/security-groups 0.162s
2025-11-24 14:32:36.547 66361 INFO tempest.lib.common.rest_client [req-314de5b5-9687-4df4-b41b-680b0916fcec req-314de5b5-9687-4df4-b41b-680b0916fcec ] Request (AttachInterfacesV270Test:test_create_get_list_interfaces): 200 GET http://10.180.1.21/compute/v2.1/servers/fa474b9a-db49-48f0-8f9a-2706c1cded20 5.582s
2025-11-24 14:32:36.556 66353 INFO tempest.lib.common.rest_client [req-4e7c8a36-31e0-4d24-adbc-af46cb85ac21 req-4e7c8a36-31e0-4d24-adbc-af46cb85ac21 ] Request (FlavorsExtraSpecsNegativeTestJSON:test_flavor_non_admin_unset_keys): 200 POST http://10.180.1.21/compute/v2.1/flavors/729580101/os-extra_specs 5.367s
2025-11-24 14:32:36.657 66315 INFO tempest.lib.common.rest_client [req-6af8bde3-fc07-4642-991d-a8d91a2821eb req-6af8bde3-fc07-4642-991d-a8d91a2821eb ] Request (ServerActionsTestJSON:setUpClass): 201 POST http://10.180.1.21/networking/v2.0/security-group-rules 0.145s
2025-11-24 14:32:36.828 66315 INFO tempest.lib.common.rest_client [req-4b5c4120-240d-4e00-9137-d0f7a5a79b7d req-4b5c4120-240d-4e00-9137-d0f7a5a79b7d ] Request (ServerActionsTestJSON:setUpClass): 201 POST http://10.180.1.21/networking/v2.0/security-group-rules 0.171s
2025-11-24 14:32:37.103 66301 INFO tempest.lib.common.rest_client [req-92c828d1-b265-4a80-91d4-4214fc00338f req-92c828d1-b265-4a80-91d4-4214fc00338f ] Request (ServerTagsTestJSON:setUpClass): 201 POST http://10.180.1.21/networking/v2.0/routers 0.816s
2025-11-24 14:32:37.170 66321 INFO tempest.lib.common.rest_client [req-587ff88e-d17b-4799-9403-137030f06eae req-587ff88e-d17b-4799-9403-137030f06eae ] Request (ServersTestBootFromVolume:setUpClass): 200 GET http://10.180.1.21/volume/v3/volumes/a47d4898-a2a8-4387-b059-6886c7fe9c44 0.042s
2025-11-24 14:32:37.255 66315 INFO tempest.lib.common.rest_client [req-8e75cb3d-af9a-4417-b360-8173d65ac216 req-8e75cb3d-af9a-4417-b360-8173d65ac216 ] Request (ServerActionsTestJSON:setUpClass): 201 POST http://10.180.1.21/networking/v2.0/floatingips 0.426s
2025-11-24 14:32:37.303 66315 INFO tempest.lib.common.rest_client [req-d96a3469-dc56-4530-88f0-979a49452130 req-d96a3469-dc56-4530-88f0-979a49452130 ] Request (ServerActionsTestJSON:setUpClass): 201 POST http://10.180.1.21/identity/v3/auth/tokens 0.042s
2025-11-24 14:32:37.304 66315 INFO tempest.lib.common.fixed_network [-] (ServerActionsTestJSON:setUpClass) Found network {'id': 'ff9a0be8-c9cb-4b11-a5be-c8b012564562', 'name': 'tempest-ServerActionsTestJSON-1061326732-network', 'tenant_id': '5e008c0ae9e44a1d89fc1252b3eecd5f', 'project_id': '5e008c0ae9e44a1d89fc1252b3eecd5f', 'admin_state_up': True, 'mtu': 8950, 'status': 'ACTIVE', 'subnets': [], 'shared': False, 'port_security_enabled': True, 'router:external': False, 'provider:network_type': 'vlan', 'provider:physical_network': 'default', 'provider:segmentation_id': 287, 'availability_zone_hints': [], 'availability_zones': [], 'ipv4_address_scope': None, 'ipv6_address_scope': None, 'description': '', 'tags': [], 'created_at': '2025-11-24T14:32:28Z', 'updated_at': '2025-11-24T14:32:28Z', 'revision_number': 1} available for tenant
2025-11-24 14:32:37.689 66323 INFO tempest.lib.common.rest_client [req-e1218f59-da13-48d1-a559-6f918105353c req-e1218f59-da13-48d1-a559-6f918105353c ] Request (VolumesAssistedSnapshotsTest:test_volume_assisted_snapshot_create_delete): 202 POST http://10.180.1.21/compute/v2.1/servers 6.259s
2025-11-24 14:32:37.741 66319 INFO tempest.lib.common.rest_client [req-d950b1ce-5905-4e5b-8599-0fc313178a4c req-d950b1ce-5905-4e5b-8599-0fc313178a4c ] Request (ServersTestJSON:setUpClass): 202 POST http://10.180.1.21/compute/v2.1/servers 6.305s
2025-11-24 14:32:37.928 66351 INFO tempest.lib.common.rest_client [req-0119107e-cb1a-4d73-8eca-56e93068e90c req-0119107e-cb1a-4d73-8eca-56e93068e90c ] Request (SecurityGroupsTestAdminJSON:test_list_security_groups_list_all_tenants_filter): 200 POST http://10.180.1.21/compute/v2.1/os-security-groups 6.092s
2025-11-24 14:32:37.953 66359 INFO tempest.lib.common.rest_client [req-a459102a-f41c-4f1a-8c11-0fd94f0918a7 req-a459102a-f41c-4f1a-8c11-0fd94f0918a7 ] Request (FloatingIPsAssociationNegativeTestJSON:setUpClass): 200 GET http://10.180.1.21/compute/v2.1/servers/09756e81-883c-4c9e-9088-94dc1ba4e429 6.374s
2025-11-24 14:32:37.959 66341 INFO tempest.lib.common.rest_client [req-c00bf1b5-44fb-4e49-b254-ad95932db8d1 req-c00bf1b5-44fb-4e49-b254-ad95932db8d1 ] Request (HostsAdminNegativeTestJSON:test_show_host_detail_with_non_admin_user): 403 GET http://10.180.1.21/compute/v2.1/os-hosts/devstack 5.817s
2025-11-24 14:32:37.960 66339 INFO tempest.lib.common.rest_client [req-d8b0fccc-c0f5-45b5-8822-9145a69dd38f req-d8b0fccc-c0f5-45b5-8822-9145a69dd38f ] Request (FlavorsExtraSpecsTestJSON:test_flavor_non_admin_get_specific_key): 200 POST http://10.180.1.21/compute/v2.1/flavors/1399695047/os-extra_specs 5.839s
2025-11-24 14:32:37.983 66365 INFO tempest.lib.common.rest_client [req-6043017b-37f5-45f7-9d63-90b456169204 req-6043017b-37f5-45f7-9d63-90b456169204 ] Request (HypervisorAdminUnderV252Test:test_search_hypervisor): 200 GET http://10.180.1.21/compute/v2.1/os-hypervisors/domain-c8.fc996f14-c53b-4953-92e3-bdfa48f5cc28/search 5.811s
2025-11-24 14:32:37.999 66325 INFO tempest.lib.common.rest_client [req-0e17f30b-4b00-490b-8c47-2df94157e19e req-0e17f30b-4b00-490b-8c47-2df94157e19e ] Request (ServersWithSpecificFlavorTestJSON:test_verify_created_server_ephemeral_disk): 200 GET http://10.180.1.21/compute/v2.1/flavors/42/os-extra_specs 5.504s
2025-11-24 14:32:38.093 66305 INFO tempest.lib.common.rest_client [req-97a51a92-60fe-4690-9a48-107a5400cada req-97a51a92-60fe-4690-9a48-107a5400cada ] Request (FlavorsAccessNegativeTestJSON:test_add_flavor_access_duplicate): 409 POST http://10.180.1.21/compute/v2.1/flavors/960988299/action 5.726s
2025-11-24 14:32:38.144 66365 INFO tempest.lib.common.rest_client [req-212593a7-6c6a-4450-bbac-71131ec5e7c1 req-212593a7-6c6a-4450-bbac-71131ec5e7c1 ] Request (HypervisorAdminUnderV252Test:tearDownClass): 204 DELETE http://10.180.1.21/identity/v3/users/c237f837e5124b3c93e23264136aec68 0.156s
2025-11-24 14:32:38.149 66301 INFO tempest.lib.common.rest_client [req-df426e89-c3fd-4975-bcdc-0b80f09d1534 req-df426e89-c3fd-4975-bcdc-0b80f09d1534 ] Request (ServerTagsTestJSON:setUpClass): 200 PUT http://10.180.1.21/networking/v2.0/routers/b163e76e-bf08-499d-a606-ce8be4849c35/add_router_interface 1.045s
2025-11-24 14:32:38.149 66301 INFO tempest.lib.common.dynamic_creds [-] Created isolated network resources for: credentials: Credentials: {'domain_id': 'default', 'domain_name': 'Default', 'username': 'tempest-ServerTagsTestJSON-2057985827-project-member', 'project_domain_id': 'default', 'project_domain_name': 'Default', 'project_id': 'd7819684f2c74cfa9cc3e829729ec977', 'project_name': 'tempest-ServerTagsTestJSON-2057985827', 'tenant_id': 'd7819684f2c74cfa9cc3e829729ec977', 'tenant_name': 'tempest-ServerTagsTestJSON-2057985827', 'user_domain_id': 'default', 'user_domain_name': 'Default', 'user_id': 'f07efa79ba40473497dc1a0830d07ebf', 'system': None}, Network: {'id': 'cb52863c-fac3-4732-b019-49208f2f0093', 'name': 'tempest-ServerTagsTestJSON-683627099-network', 'tenant_id': 'd7819684f2c74cfa9cc3e829729ec977', 'project_id': 'd7819684f2c74cfa9cc3e829729ec977', 'admin_state_up': True, 'mtu': 8950, 'status': 'ACTIVE', 'subnets': [], 'shared': False, 'port_security_enabled': True, 'router:external': False, 'provider:network_type': 'vlan', 'provider:physical_network': 'default', 'provider:segmentation_id': 17, 'availability_zone_hints': [], 'availability_zones': [], 'ipv4_address_scope': None, 'ipv6_address_scope': None, 'description': '', 'tags': [], 'created_at': '2025-11-24T14:32:35Z', 'updated_at': '2025-11-24T14:32:35Z', 'revision_number': 1}, Subnet: {'id': '785517d4-5aca-4291-a18d-4cff071aa398', 'name': 'tempest-ServerTagsTestJSON-683627099-subnet', 'tenant_id': 'd7819684f2c74cfa9cc3e829729ec977', 'network_id': 'cb52863c-fac3-4732-b019-49208f2f0093', 'ip_version': 4, 'subnetpool_id': None, 'enable_dhcp': True, 'ipv6_ra_mode': None, 'ipv6_address_mode': None, 'gateway_ip': '192.168.128.1', 'cidr': '192.168.128.0/28', 'allocation_pools': [{'start': '192.168.128.2', 'end': '192.168.128.14'}], 'host_routes': [], 'dns_nameservers': [], 'description': '', 'router:external': False, 'service_types': [], 'tags': [], 'created_at': '2025-11-24T14:32:36Z', 'updated_at': '2025-11-24T14:32:36Z', 'revision_number': 0, 'project_id': 'd7819684f2c74cfa9cc3e829729ec977'}, Router: {'id': 'b163e76e-bf08-499d-a606-ce8be4849c35', 'name': 'tempest-ServerTagsTestJSON-683627099-router', 'tenant_id': 'd7819684f2c74cfa9cc3e829729ec977', 'admin_state_up': True, 'status': 'ACTIVE', 'external_gateway_info': {'network_id': 'd8982e1b-c675-417f-bbdf-1c5cd2827933', 'external_fixed_ips': [{'subnet_id': 'eb88b088-7d58-4ddb-b5f5-775afa87e04c', 'ip_address': '10.180.180.188'}], 'enable_snat': True}, 'description': '', 'availability_zones': [], 'distributed': False, 'ha': False, 'availability_zone_hints': [], 'routes': [], 'flavor_id': None, 'tags': [], 'created_at': '2025-11-24T14:32:36Z', 'updated_at': '2025-11-24T14:32:36Z', 'revision_number': 2, 'project_id': 'd7819684f2c74cfa9cc3e829729ec977'}
2025-11-24 14:32:38.189 66363 INFO tempest.lib.common.rest_client [req-3540a2d2-4e09-4288-bc90-b5f640c8b839 req-3540a2d2-4e09-4288-bc90-b5f640c8b839 ] Request (HypervisorAdminNegativeTestJSON:test_get_hypervisor_uptime_with_non_admin_user): 403 GET http://10.180.1.21/compute/v2.1/os-hypervisors/1/uptime 3.528s
2025-11-24 14:32:38.225 66303 INFO tempest.lib.common.rest_client [req-cb13641a-780e-4cfa-90bf-3d3a7bd3f193 req-cb13641a-780e-4cfa-90bf-3d3a7bd3f193 ] Request (FlavorsAccessTestJSON:_run_cleanups): 200 GET http://10.180.1.21/compute/v2.1/flavors/detail 3.510s
2025-11-24 14:32:38.238 66321 INFO tempest.lib.common.rest_client [req-e37bfb77-e053-4d6c-acf9-b2d692449408 req-e37bfb77-e053-4d6c-acf9-b2d692449408 ] Request (ServersTestBootFromVolume:setUpClass): 200 GET http://10.180.1.21/volume/v3/volumes/a47d4898-a2a8-4387-b059-6886c7fe9c44 0.055s
2025-11-24 14:32:38.285 66301 INFO tempest.lib.common.rest_client [req-41b30085-c131-4163-8e12-f0913eed6cea req-41b30085-c131-4163-8e12-f0913eed6cea ] Request (ServerTagsTestJSON:setUpClass): 201 POST http://10.180.1.21/identity/v3/auth/tokens 0.132s
2025-11-24 14:32:38.314 66365 INFO tempest.lib.common.rest_client [req-cc8751b2-39a2-47d9-83ff-534d2ba21e57 req-cc8751b2-39a2-47d9-83ff-534d2ba21e57 ] Request (HypervisorAdminUnderV252Test:tearDownClass): 204 DELETE http://10.180.1.21/identity/v3/users/70a7a349cb9a479abcd0602058dea08e 0.169s
2025-11-24 14:32:38.314 66365 INFO tempest.lib.common.dynamic_creds [-] Deleting project and security group for project: c8f36660cb5b43149746c838352afecd
2025-11-24 14:32:38.378 66301 INFO tempest.lib.common.rest_client [req-0673e612-cd02-4e56-a4f2-3278a116ff40 req-0673e612-cd02-4e56-a4f2-3278a116ff40 ] Request (ServerTagsTestJSON:setUpClass): 201 POST http://10.180.1.21/identity/v3/auth/tokens 0.087s
2025-11-24 14:32:38.378 66301 INFO tempest.lib.common.fixed_network [-] (ServerTagsTestJSON:setUpClass) Found network {'id': 'cb52863c-fac3-4732-b019-49208f2f0093', 'name': 'tempest-ServerTagsTestJSON-683627099-network', 'tenant_id': 'd7819684f2c74cfa9cc3e829729ec977', 'project_id': 'd7819684f2c74cfa9cc3e829729ec977', 'admin_state_up': True, 'mtu': 8950, 'status': 'ACTIVE', 'subnets': [], 'shared': False, 'port_security_enabled': True, 'router:external': False, 'provider:network_type': 'vlan', 'provider:physical_network': 'default', 'provider:segmentation_id': 17, 'availability_zone_hints': [], 'availability_zones': [], 'ipv4_address_scope': None, 'ipv6_address_scope': None, 'description': '', 'tags': [], 'created_at': '2025-11-24T14:32:35Z', 'updated_at': '2025-11-24T14:32:35Z', 'revision_number': 1} available for tenant
2025-11-24 14:32:38.477 66365 INFO tempest.lib.common.rest_client [req-5342163c-ba5b-4b5b-b863-6a2a58a1a2f6 req-5342163c-ba5b-4b5b-b863-6a2a58a1a2f6 ] Request (HypervisorAdminUnderV252Test:tearDownClass): 201 POST http://10.180.1.21/identity/v3/auth/tokens 0.163s
2025-11-24 14:32:38.723 66365 INFO tempest.lib.common.rest_client [req-4ec242d5-9ac8-49e0-887d-a42a606c09a4 req-4ec242d5-9ac8-49e0-887d-a42a606c09a4 ] Request (HypervisorAdminUnderV252Test:tearDownClass): 200 GET http://10.180.1.21/networking/v2.0/security-groups?tenant_id=c8f36660cb5b43149746c838352afecd&name=default 0.246s
2025-11-24 14:32:38.886 66329 INFO tempest.lib.common.rest_client [req-f009920a-2399-416a-afd7-6e2024b32ea5 req-f009920a-2399-416a-afd7-6e2024b32ea5 ] Request (NetworksTest:test_get_network): 200 GET http://10.180.1.21/compute/v2.1/os-networks 3.918s
2025-11-24 14:32:38.931 66365 INFO tempest.lib.common.rest_client [req-dca6b1d4-15d4-4b2e-8147-16c14ead69cf req-dca6b1d4-15d4-4b2e-8147-16c14ead69cf ] Request (HypervisorAdminUnderV252Test:tearDownClass): 204 DELETE http://10.180.1.21/networking/v2.0/security-groups/2fdc8e5e-600e-48ab-a441-92725b0cbcdd 0.207s
2025-11-24 14:32:38.957 66349 INFO tempest.lib.common.rest_client [req-f3bddd41-d7c2-49a0-abfe-d2be1c1eb447 req-f3bddd41-d7c2-49a0-abfe-d2be1c1eb447 ] Request (AttachInterfacesTestJSON:test_create_list_show_delete_interfaces_by_fixed_ip): 200 GET http://10.180.1.21/compute/v2.1/servers/6719dfde-a9b8-4400-8350-8c372ee41f9c 3.916s
2025-11-24 14:32:38.967 66347 INFO tempest.lib.common.rest_client [req-2e0394f7-9375-4d9c-84df-eed12a378ed3 req-2e0394f7-9375-4d9c-84df-eed12a378ed3 ] Request (FloatingIPDetailsTestJSON:setUpClass): 200 POST http://10.180.1.21/compute/v2.1/os-floating-ips 4.987s
2025-11-24 14:32:39.022 66345 INFO tempest.lib.common.rest_client [req-ab46dcdb-e848-463f-9847-287e26c42563 req-ab46dcdb-e848-463f-9847-287e26c42563 ] Request (ServersAaction247Test:test_create_backup): 200 GET http://10.180.1.21/compute/v2.1/servers/c338a1b0-0d91-44e5-841d-b4b10770fbac 3.722s
2025-11-24 14:32:39.038 66343 INFO tempest.lib.common.rest_client [req-4f68ea74-1ff3-4bfb-85cc-3890bb8b328a req-4f68ea74-1ff3-4bfb-85cc-3890bb8b328a ] Request (ServersAdmin275Test:test_rebuild_update_server_275): 200 GET http://10.180.1.21/compute/v2.1/servers/1e5afc11-0db5-4d36-a29a-b8adf48390a6 3.548s
2025-11-24 14:32:39.038 66365 INFO tempest.lib.common.rest_client [req-f3842c5c-f86e-4e87-b282-c377dfcdb1a3 req-f3842c5c-f86e-4e87-b282-c377dfcdb1a3 ] Request (HypervisorAdminUnderV252Test:tearDownClass): 204 DELETE http://10.180.1.21/identity/v3/projects/c8f36660cb5b43149746c838352afecd 0.107s
2025-11-24 14:32:39.038 66365 INFO tempest.lib.common.dynamic_creds [-] Deleting project and security group for project: 784aca2baa4c465c9c0b5cbe53089565
2025-11-24 14:32:39.048 66343 INFO tempest.common.waiters [-] State transition "BUILD/None" ==> "BUILD/spawning" after 5 second wait
2025-11-24 14:32:39.074 66335 INFO tempest.lib.common.rest_client [req-5e1c1364-3550-4bfa-9c6c-a2bc99c59452 req-5e1c1364-3550-4bfa-9c6c-a2bc99c59452 ] Request (ServersAdminTestJSON:setUpClass): 200 GET http://10.180.1.21/compute/v2.1/servers/725d4c63-025b-405a-a8d7-77fc2275d946 3.376s
2025-11-24 14:32:39.100 66317 INFO tempest.lib.common.rest_client [req-285fc101-1fbf-4ed6-89ac-34a12c28822e req-285fc101-1fbf-4ed6-89ac-34a12c28822e ] Request (FlavorsAdminTestJSON:test_create_flavor_verify_entry_in_list_details): 200 GET http://10.180.1.21/compute/v2.1/flavors/detail 2.636s
2025-11-24 14:32:39.107 66311 INFO tempest.lib.common.rest_client [req-fcb47338-d6d4-4e9b-adfd-dd0a50fcfb5d req-fcb47338-d6d4-4e9b-adfd-dd0a50fcfb5d ] Request (HypervisorAdminNegativeUnderV252Test:test_show_servers_with_non_admin_user): 403 GET http://10.180.1.21/compute/v2.1/os-hypervisors/1/servers 2.617s
2025-11-24 14:32:39.158 66365 INFO tempest.lib.common.rest_client [req-2fc79788-65b9-419b-96d7-242af33798f3 req-2fc79788-65b9-419b-96d7-242af33798f3 ] Request (HypervisorAdminUnderV252Test:tearDownClass): 200 GET http://10.180.1.21/networking/v2.0/security-groups?tenant_id=784aca2baa4c465c9c0b5cbe53089565&name=default 0.118s
2025-11-24 14:32:39.160 66333 INFO tempest.lib.common.rest_client [req-379c279d-a4e5-43e0-8259-c31a21b187e1 req-379c279d-a4e5-43e0-8259-c31a21b187e1 ] Request (QuotaClassesAdmin257Test:_run_cleanups): 200 PUT http://10.180.1.21/compute/v2.1/os-quota-class-sets/default 2.649s
2025-11-24 14:32:39.166 66353 INFO tempest.lib.common.rest_client [req-a3fd4f58-0642-4d19-a170-3c9162f1e292 req-a3fd4f58-0642-4d19-a170-3c9162f1e292 ] Request (FlavorsExtraSpecsNegativeTestJSON:test_flavor_non_admin_unset_keys): 403 DELETE http://10.180.1.21/compute/v2.1/flavors/729580101/os-extra_specs/hw:numa_nodes 2.607s
2025-11-24 14:32:39.264 66365 INFO tempest.lib.common.rest_client [req-da3de53c-e6f6-4414-ac56-8e929979fd13 req-da3de53c-e6f6-4414-ac56-8e929979fd13 ] Request (HypervisorAdminUnderV252Test:tearDownClass): 204 DELETE http://10.180.1.21/networking/v2.0/security-groups/c8812e39-f3eb-4f02-a8bf-974fb36c8ac3 0.106s
2025-11-24 14:32:39.284 66321 INFO tempest.lib.common.rest_client [req-9362c070-b064-4913-a856-fea156ac905c req-9362c070-b064-4913-a856-fea156ac905c ] Request (ServersTestBootFromVolume:setUpClass): 200 GET http://10.180.1.21/volume/v3/volumes/a47d4898-a2a8-4387-b059-6886c7fe9c44 0.038s
2025-11-24 14:32:39.305 66333 INFO tempest.lib.common.rest_client [req-f531cb7d-1187-401c-8c9a-fa136f628f87 req-f531cb7d-1187-401c-8c9a-fa136f628f87 ] Request (QuotaClassesAdmin257Test:tearDownClass): 204 DELETE http://10.180.1.21/identity/v3/users/6058bc5a2fa3491d903674ee9e9a8fa0 0.138s
2025-11-24 14:32:39.344 66327 INFO tempest.lib.common.rest_client [req-9400bf08-10fe-42fd-b6e1-d2d6d0af7a1a req-9400bf08-10fe-42fd-b6e1-d2d6d0af7a1a ] Request (DeleteServersAdminTestJSON:test_admin_delete_servers_of_others): 200 GET http://10.180.1.21/compute/v2.1/servers/d5e2993e-04db-4240-a493-2afa2a969e95 2.650s
2025-11-24 14:32:39.354 66327 INFO tempest.common.waiters [-] State transition "BUILD/spawning" ==> "ACTIVE/None" after 32 second wait
2025-11-24 14:32:39.358 66331 INFO tempest.lib.common.rest_client [req-e57bbbb2-ee7c-48ae-8302-06ef2757faec req-e57bbbb2-ee7c-48ae-8302-06ef2757faec ] Request (AggregatesAdminNegativeTestJSON:_run_cleanups): 200 POST http://10.180.1.21/compute/v2.1/os-aggregates/1/action 2.977s
2025-11-24 14:32:39.360 66313 INFO tempest.lib.common.rest_client [req-5a620fe9-cc26-4e82-994d-399eed376ca5 req-5a620fe9-cc26-4e82-994d-399eed376ca5 ] Request (QuotasAdminTestJSON:test_delete_quota): 200 GET http://10.180.1.21/identity/v3/domains?name=Default 0.111s
2025-11-24 14:32:39.512 66307 INFO tempest.lib.common.rest_client [req-d1e2eeb2-719f-4f4f-bbfb-d884d7b887b6 req-d1e2eeb2-719f-4f4f-bbfb-d884d7b887b6 ] Request (ServerDiagnosticsNegativeTest:test_get_server_diagnostics_by_non_admin): 200 GET http://10.180.1.21/compute/v2.1/servers/7b893801-07b6-4a7a-845e-d4479144e544 2.321s
2025-11-24 14:32:39.519 66365 INFO tempest.lib.common.rest_client [req-daee1b51-bdff-4f4c-b679-d78c17f1fef9 req-daee1b51-bdff-4f4c-b679-d78c17f1fef9 ] Request (HypervisorAdminUnderV252Test:tearDownClass): 204 DELETE http://10.180.1.21/identity/v3/projects/784aca2baa4c465c9c0b5cbe53089565 0.254s
2025-11-24 14:32:39.520 66365 INFO tempest.test [-] raised in TestVolumeSwap.setUpClass. Invoking tearDownClass.
2025-11-24 14:32:39.534 66333 INFO tempest.lib.common.rest_client [req-b6c48c7b-bcd7-433e-80fe-aab2f229d564 req-b6c48c7b-bcd7-433e-80fe-aab2f229d564 ] Request (QuotaClassesAdmin257Test:tearDownClass): 204 DELETE http://10.180.1.21/identity/v3/users/061b88fcadda4f489a2e0d8a22e5bc27 0.226s
2025-11-24 14:32:39.534 66333 INFO tempest.lib.common.dynamic_creds [-] Deleting project and security group for project: 467fe64466d64710b606e5fbec2c3cff
2025-11-24 14:32:39.556 66355 INFO tempest.lib.common.rest_client [req-666a73f6-34da-46b9-aaec-69d5930dda3f req-666a73f6-34da-46b9-aaec-69d5930dda3f ] Request (ServersAdminNegativeTestJSON:setUpClass): 200 GET http://10.180.1.21/compute/v2.1/servers/e745403e-3277-4edb-93ca-16c2a3396ed9 2.345s
2025-11-24 14:32:39.621 66365 INFO tempest.lib.common.rest_client [req-0aa9cb40-e287-4df5-9eee-f247fa05c718 req-0aa9cb40-e287-4df5-9eee-f247fa05c718 ] Request (InstanceActionsV221TestJSON:setUpClass): 201 POST http://10.180.1.21/identity/v3/auth/tokens 0.098s
2025-11-24 14:32:39.641 66337 INFO tempest.lib.common.rest_client [req-24094d06-291b-4239-85e0-990255d421b2 req-24094d06-291b-4239-85e0-990255d421b2 ] Request (ServerDiagnosticsV248Test:test_get_server_diagnostics): 200 GET http://10.180.1.21/compute/v2.1/servers/08bfb94e-3693-45aa-ac2d-3368979d37ab 2.314s
2025-11-24 14:32:39.654 66337 INFO tempest.common.waiters [-] State transition "BUILD/None" ==> "BUILD/spawning" after 10 second wait
2025-11-24 14:32:39.661 66333 INFO tempest.lib.common.rest_client [req-356d419a-3141-4dde-8315-c151446f60f2 req-356d419a-3141-4dde-8315-c151446f60f2 ] Request (QuotaClassesAdmin257Test:tearDownClass): 201 POST http://10.180.1.21/identity/v3/auth/tokens 0.127s
2025-11-24 14:32:39.662 66313 INFO tempest.lib.common.rest_client [req-a2e92abf-328a-47c3-b374-be5217ab3a4c req-a2e92abf-328a-47c3-b374-be5217ab3a4c ] Request (QuotasAdminTestJSON:test_delete_quota): 201 POST http://10.180.1.21/identity/v3/projects 0.301s
2025-11-24 14:32:39.723 66365 INFO tempest.lib.common.rest_client [req-2a78e1bb-70cc-4c01-8ca3-e7f8c5abc29d req-2a78e1bb-70cc-4c01-8ca3-e7f8c5abc29d ] Request (InstanceActionsV221TestJSON:setUpClass): 201 POST http://10.180.1.21/identity/v3/auth/tokens 0.096s
2025-11-24 14:32:39.727 66313 INFO tempest.lib.common.rest_client [req-9d03aa2c-032b-40ae-86d2-b215e4a0d437 req-9d03aa2c-032b-40ae-86d2-b215e4a0d437 ] Request (QuotasAdminTestJSON:test_delete_quota): 200 GET http://10.180.1.21/identity/v3/domains?name=Default 0.064s
2025-11-24 14:32:39.743 66361 INFO tempest.lib.common.rest_client [req-a575eed0-190c-4507-8152-9554bdaee2f3 req-a575eed0-190c-4507-8152-9554bdaee2f3 ] Request (AttachInterfacesV270Test:test_create_get_list_interfaces): 200 GET http://10.180.1.21/compute/v2.1/servers/fa474b9a-db49-48f0-8f9a-2706c1cded20 2.175s
2025-11-24 14:32:39.753 66365 INFO tempest.lib.common.rest_client [req-569a2532-f418-40b1-a7bf-864c48f95d4b req-569a2532-f418-40b1-a7bf-864c48f95d4b ] Request (InstanceActionsV221TestJSON:setUpClass): 200 GET http://10.180.1.21/identity/v3/domains?name=Default 0.029s
2025-11-24 14:32:39.782 66365 INFO tempest.lib.common.rest_client [req-e3b17caa-dc81-4a84-96a3-6eb636f60a01 req-e3b17caa-dc81-4a84-96a3-6eb636f60a01 ] Request (InstanceActionsV221TestJSON:setUpClass): 201 POST http://10.180.1.21/identity/v3/projects 0.029s
2025-11-24 14:32:39.844 66365 INFO tempest.lib.common.rest_client [req-497735c2-8112-441c-8482-af11c6cf9924 req-497735c2-8112-441c-8482-af11c6cf9924 ] Request (InstanceActionsV221TestJSON:setUpClass): 201 POST http://10.180.1.21/identity/v3/users 0.061s
2025-11-24 14:32:39.867 66365 INFO tempest.lib.common.rest_client [req-98d3348d-b374-4113-b98c-51a3215fe577 req-98d3348d-b374-4113-b98c-51a3215fe577 ] Request (InstanceActionsV221TestJSON:setUpClass): 200 GET http://10.180.1.21/identity/v3/roles 0.023s
2025-11-24 14:32:39.890 66333 INFO tempest.lib.common.rest_client [req-862e1155-9b83-4dc4-b599-e42e8e1c7dec req-862e1155-9b83-4dc4-b599-e42e8e1c7dec ] Request (QuotaClassesAdmin257Test:tearDownClass): 200 GET http://10.180.1.21/networking/v2.0/security-groups?tenant_id=467fe64466d64710b606e5fbec2c3cff&name=default 0.228s
2025-11-24 14:32:39.897 66365 INFO tempest.lib.common.rest_client [req-9efad2ea-b182-42fa-993c-866fedfb1cf6 req-9efad2ea-b182-42fa-993c-866fedfb1cf6 ] Request (InstanceActionsV221TestJSON:setUpClass): 204 PUT http://10.180.1.21/identity/v3/projects/008d50e1fa56438ca1a0645dc522a669/users/391e674448094d80a480df05b2782e1d/roles/9398be14c9b4490cbfc4194f781fc6ce 0.030s
2025-11-24 14:32:39.897 66365 INFO tempest.lib.common.dynamic_creds [-] Dynamic test user 391e674448094d80a480df05b2782e1d is created with scope project and roles: ['member']
2025-11-24 14:32:39.898 66365 INFO tempest.lib.common.dynamic_creds [-] Acquired dynamic creds: credentials: Credentials: {'domain_id': 'default', 'domain_name': 'Default', 'username': 'tempest-InstanceActionsV221TestJSON-1819449024-project-member', 'project_domain_id': 'default', 'project_domain_name': 'Default', 'project_id': '008d50e1fa56438ca1a0645dc522a669', 'project_name': 'tempest-InstanceActionsV221TestJSON-1819449024', 'tenant_id': '008d50e1fa56438ca1a0645dc522a669', 'tenant_name': 'tempest-InstanceActionsV221TestJSON-1819449024', 'user_domain_id': 'default', 'user_domain_name': 'Default', 'user_id': '391e674448094d80a480df05b2782e1d', 'system': None}, Network: None, Subnet: None, Router: None
2025-11-24 14:32:39.964 66365 INFO tempest.lib.common.rest_client [req-bae179c4-4e9d-485c-be13-4570ec9dcd19 req-bae179c4-4e9d-485c-be13-4570ec9dcd19 ] Request (InstanceActionsV221TestJSON:setUpClass): 201 POST http://10.180.1.21/identity/v3/auth/tokens 0.066s
2025-11-24 14:32:39.970 66323 INFO tempest.lib.common.rest_client [req-b91eb0d3-7c75-4b88-9b69-333e8858ba31 req-b91eb0d3-7c75-4b88-9b69-333e8858ba31 ] Request (VolumesAssistedSnapshotsTest:test_volume_assisted_snapshot_create_delete): 200 GET http://10.180.1.21/compute/v2.1/servers/fdbd0b96-711e-438b-b7a3-b5a692fae322 2.279s
2025-11-24 14:32:40.049 66333 INFO tempest.lib.common.rest_client [req-e99f4b8b-88a9-419e-bb7e-3750815ed3c2 req-e99f4b8b-88a9-419e-bb7e-3750815ed3c2 ] Request (QuotaClassesAdmin257Test:tearDownClass): 204 DELETE http://10.180.1.21/networking/v2.0/security-groups/5688b812-733b-455e-b9fa-ed814532dab4 0.159s
2025-11-24 14:32:40.151 66333 INFO tempest.lib.common.rest_client [req-f2b4073f-9166-42d5-8eba-0f01477b0b29 req-f2b4073f-9166-42d5-8eba-0f01477b0b29 ] Request (QuotaClassesAdmin257Test:tearDownClass): 204 DELETE http://10.180.1.21/identity/v3/projects/467fe64466d64710b606e5fbec2c3cff 0.101s
2025-11-24 14:32:40.152 66333 INFO tempest.lib.common.dynamic_creds [-] Deleting project and security group for project: 06ddf09358e04a5db3071d655ea71e55
2025-11-24 14:32:40.330 66321 INFO tempest.lib.common.rest_client [req-48823d2e-41d4-4358-aeca-d9ae9513f5b7 req-48823d2e-41d4-4358-aeca-d9ae9513f5b7 ] Request (ServersTestBootFromVolume:setUpClass): 200 GET http://10.180.1.21/volume/v3/volumes/a47d4898-a2a8-4387-b059-6886c7fe9c44 0.035s
2025-11-24 14:32:40.513 66365 INFO tempest.lib.common.rest_client [req-616b530e-db43-484f-8886-21b1da528ccb req-616b530e-db43-484f-8886-21b1da528ccb ] Request (InstanceActionsV221TestJSON:setUpClass): 201 POST http://10.180.1.21/networking/v2.0/networks 0.548s
2025-11-24 14:32:40.554 66319 INFO tempest.lib.common.rest_client [req-75071e83-9f07-4169-8eba-96432475e861 req-75071e83-9f07-4169-8eba-96432475e861 ] Request (ServersTestJSON:setUpClass): 200 GET http://10.180.1.21/compute/v2.1/servers/8c1090dc-a2c5-476a-a296-6323e591cc45 2.811s
2025-11-24 14:32:40.636 66315 INFO tempest.lib.common.rest_client [req-64c6427a-4648-4973-9f8f-0477afb17c2b req-64c6427a-4648-4973-9f8f-0477afb17c2b ] Request (ServerActionsTestJSON:setUpClass): 202 POST http://10.180.1.21/compute/v2.1/servers 3.326s
2025-11-24 14:32:40.651 66341 INFO tempest.lib.common.rest_client [req-fd5858aa-3483-470a-8ddc-d35f7489b04b req-fd5858aa-3483-470a-8ddc-d35f7489b04b ] Request (HostsAdminNegativeTestJSON:test_show_host_detail_with_nonexistent_hostname): 404 GET http://10.180.1.21/compute/v2.1/os-hosts/nonexistent_hostname 2.689s
2025-11-24 14:32:40.675 66339 INFO tempest.lib.common.rest_client [req-97e7013b-1f1b-437d-b1dc-e75ba74706e9 req-97e7013b-1f1b-437d-b1dc-e75ba74706e9 ] Request (FlavorsExtraSpecsTestJSON:test_flavor_non_admin_get_specific_key): 200 GET http://10.180.1.21/compute/v2.1/flavors/1399695047/os-extra_specs/hw:numa_nodes 2.713s
2025-11-24 14:32:40.675 66333 INFO tempest.lib.common.rest_client [req-99dc2d3d-6385-4558-b9b3-15b4b66d8c49 req-99dc2d3d-6385-4558-b9b3-15b4b66d8c49 ] Request (QuotaClassesAdmin257Test:tearDownClass): 200 GET http://10.180.1.21/networking/v2.0/security-groups?tenant_id=06ddf09358e04a5db3071d655ea71e55&name=default 0.521s
2025-11-24 14:32:40.699 66325 INFO tempest.lib.common.rest_client [req-5744ce2f-cb72-48dc-b636-b39563dba438 req-5744ce2f-cb72-48dc-b636-b39563dba438 ] Request (ServersWithSpecificFlavorTestJSON:test_verify_created_server_ephemeral_disk): 200 POST http://10.180.1.21/compute/v2.1/flavors/2093963211/os-extra_specs 2.698s
2025-11-24 14:32:40.877 66305 INFO tempest.lib.common.rest_client [req-0ff61512-28ab-4dbd-b4b6-41bbbf4cdf75 req-0ff61512-28ab-4dbd-b4b6-41bbbf4cdf75 ] Request (FlavorsAccessNegativeTestJSON:_run_cleanups): 200 POST http://10.180.1.21/compute/v2.1/flavors/960988299/action 2.784s
2025-11-24 14:32:40.884 66363 INFO tempest.lib.common.rest_client [req-e18e9a87-9cd2-4c9b-90b9-7b088fdb5d7c req-e18e9a87-9cd2-4c9b-90b9-7b088fdb5d7c ] Request (HypervisorAdminNegativeTestJSON:test_get_nonexistent_hypervisor_uptime): 404 GET http://10.180.1.21/compute/v2.1/os-hypervisors/dbce13a9-2f2e-4350-b997-4e7495a096a9/uptime 2.691s
2025-11-24 14:32:40.910 66365 INFO tempest.lib.common.rest_client [req-0a5e9f58-69ae-4bf4-8576-784a548defd8 req-0a5e9f58-69ae-4bf4-8576-784a548defd8 ] Request (InstanceActionsV221TestJSON:setUpClass): 201 POST http://10.180.1.21/networking/v2.0/subnets 0.397s
2025-11-24 14:32:40.911 66303 INFO tempest.lib.common.rest_client [req-e5b37dbe-a358-4237-8b2b-a11750111816 req-e5b37dbe-a358-4237-8b2b-a11750111816 ] Request (FlavorsAccessTestJSON:test_flavor_access_list_with_private_flavor): 200 POST http://10.180.1.21/compute/v2.1/flavors 2.669s
2025-11-24 14:32:41.099 66333 INFO tempest.lib.common.rest_client [req-9fb6214f-4468-43f1-b890-c559e76d0653 req-9fb6214f-4468-43f1-b890-c559e76d0653 ] Request (QuotaClassesAdmin257Test:tearDownClass): 204 DELETE http://10.180.1.21/networking/v2.0/security-groups/fdeaf87e-3932-44c8-b8f1-d0b89cb45f6a 0.423s
2025-11-24 14:32:41.182 66333 INFO tempest.lib.common.rest_client [req-06de6004-2b9c-41c6-bf6e-d716fb0e86d5 req-06de6004-2b9c-41c6-bf6e-d716fb0e86d5 ] Request (QuotaClassesAdmin257Test:tearDownClass): 204 DELETE http://10.180.1.21/identity/v3/projects/06ddf09358e04a5db3071d655ea71e55 0.082s
2025-11-24 14:32:41.274 66333 INFO tempest.lib.common.rest_client [req-d01f98a9-d49e-4089-8608-6d7ce8d7e428 req-d01f98a9-d49e-4089-8608-6d7ce8d7e428 ] Request (TenantUsagesNegativeTestJSON:setUpClass): 201 POST http://10.180.1.21/identity/v3/auth/tokens 0.091s
2025-11-24 14:32:41.309 66333 INFO tempest.lib.common.rest_client [req-ddc0c3ce-40c6-47b2-8156-b64ff93f69dc req-ddc0c3ce-40c6-47b2-8156-b64ff93f69dc ] Request (TenantUsagesNegativeTestJSON:setUpClass): 201 POST http://10.180.1.21/identity/v3/auth/tokens 0.031s
2025-11-24 14:32:41.335 66333 INFO tempest.lib.common.rest_client [req-c63ca433-f7b1-4942-b2c3-8e9c8a963ccf req-c63ca433-f7b1-4942-b2c3-8e9c8a963ccf ] Request (TenantUsagesNegativeTestJSON:setUpClass): 200 GET http://10.180.1.21/identity/v3/domains?name=Default 0.025s
2025-11-24 14:32:41.364 66333 INFO tempest.lib.common.rest_client [req-7a1f5cf8-2742-4269-a014-2359b7efdf1f req-7a1f5cf8-2742-4269-a014-2359b7efdf1f ] Request (TenantUsagesNegativeTestJSON:setUpClass): 201 POST http://10.180.1.21/identity/v3/projects 0.028s
2025-11-24 14:32:41.368 66321 INFO tempest.lib.common.rest_client [req-16c50cf1-69b9-4b53-9ba6-f699592ac7b7 req-16c50cf1-69b9-4b53-9ba6-f699592ac7b7 ] Request (ServersTestBootFromVolume:setUpClass): 200 GET http://10.180.1.21/volume/v3/volumes/a47d4898-a2a8-4387-b059-6886c7fe9c44 0.031s
2025-11-24 14:32:41.445 66333 INFO tempest.lib.common.rest_client [req-e3bd57eb-f80e-4946-9adb-11d63edb4265 req-e3bd57eb-f80e-4946-9adb-11d63edb4265 ] Request (TenantUsagesNegativeTestJSON:setUpClass): 201 POST http://10.180.1.21/identity/v3/users 0.081s
2025-11-24 14:32:41.473 66333 INFO tempest.lib.common.rest_client [req-d706560f-ecf1-4cd9-9488-7e26bcb7952a req-d706560f-ecf1-4cd9-9488-7e26bcb7952a ] Request (TenantUsagesNegativeTestJSON:setUpClass): 200 GET http://10.180.1.21/identity/v3/roles 0.028s
2025-11-24 14:32:41.503 66333 INFO tempest.lib.common.rest_client [req-78db915d-bdbf-44cb-b767-4fb7c15f99c6 req-78db915d-bdbf-44cb-b767-4fb7c15f99c6 ] Request (TenantUsagesNegativeTestJSON:setUpClass): 204 PUT http://10.180.1.21/identity/v3/projects/30b2b63b94304227bd5f09f609c6a1dd/users/1402eb8c25b74a34a0deb3873893bb09/roles/9398be14c9b4490cbfc4194f781fc6ce 0.029s
2025-11-24 14:32:41.503 66333 INFO tempest.lib.common.dynamic_creds [-] Dynamic test user 1402eb8c25b74a34a0deb3873893bb09 is created with scope project and roles: ['member']
2025-11-24 14:32:41.503 66333 INFO tempest.lib.common.dynamic_creds [-] Acquired dynamic creds: credentials: Credentials: {'domain_id': 'default', 'domain_name': 'Default', 'username': 'tempest-TenantUsagesNegativeTestJSON-11980054-project-member', 'project_domain_id': 'default', 'project_domain_name': 'Default', 'project_id': '30b2b63b94304227bd5f09f609c6a1dd', 'project_name': 'tempest-TenantUsagesNegativeTestJSON-11980054', 'tenant_id': '30b2b63b94304227bd5f09f609c6a1dd', 'tenant_name': 'tempest-TenantUsagesNegativeTestJSON-11980054', 'user_domain_id': 'default', 'user_domain_name': 'Default', 'user_id': '1402eb8c25b74a34a0deb3873893bb09', 'system': None}, Network: None, Subnet: None, Router: None
2025-11-24 14:32:41.503 66333 INFO tempest.lib.common.dynamic_creds [-] Created isolated network resources for: credentials: Credentials: {'domain_id': 'default', 'domain_name': 'Default', 'username': 'tempest-TenantUsagesNegativeTestJSON-11980054-project-member', 'project_domain_id': 'default', 'project_domain_name': 'Default', 'project_id': '30b2b63b94304227bd5f09f609c6a1dd', 'project_name': 'tempest-TenantUsagesNegativeTestJSON-11980054', 'tenant_id': '30b2b63b94304227bd5f09f609c6a1dd', 'tenant_name': 'tempest-TenantUsagesNegativeTestJSON-11980054', 'user_domain_id': 'default', 'user_domain_name': 'Default', 'user_id': '1402eb8c25b74a34a0deb3873893bb09', 'system': None}, Network: None, Subnet: None, Router: None
2025-11-24 14:32:41.617 66333 INFO tempest.lib.common.rest_client [req-06793717-f056-4d5f-b279-97465b49c0e9 req-06793717-f056-4d5f-b279-97465b49c0e9 ] Request (TenantUsagesNegativeTestJSON:setUpClass): 201 POST http://10.180.1.21/identity/v3/auth/tokens 0.111s
2025-11-24 14:32:41.702 66333 INFO tempest.lib.common.rest_client [req-a9afb29d-8663-42cc-925f-90d342ea1fbb req-a9afb29d-8663-42cc-925f-90d342ea1fbb ] Request (TenantUsagesNegativeTestJSON:setUpClass): 201 POST http://10.180.1.21/identity/v3/projects 0.084s
2025-11-24 14:32:41.759 66333 INFO tempest.lib.common.rest_client [req-26ca7140-b393-4c39-b072-d5737cf1ec68 req-26ca7140-b393-4c39-b072-d5737cf1ec68 ] Request (TenantUsagesNegativeTestJSON:setUpClass): 201 POST http://10.180.1.21/identity/v3/users 0.057s
2025-11-24 14:32:41.783 66333 INFO tempest.lib.common.rest_client [req-0aa1c77b-f077-47ad-89f0-49d268c97192 req-0aa1c77b-f077-47ad-89f0-49d268c97192 ] Request (TenantUsagesNegativeTestJSON:setUpClass): 200 GET http://10.180.1.21/identity/v3/roles 0.023s
2025-11-24 14:32:41.817 66333 INFO tempest.lib.common.rest_client [req-8402ae13-d3c3-423a-bb97-f6c7d4335baf req-8402ae13-d3c3-423a-bb97-f6c7d4335baf ] Request (TenantUsagesNegativeTestJSON:setUpClass): 204 PUT http://10.180.1.21/identity/v3/projects/1e8ed717157b4baf9b0bd32377c686a2/users/00ad5711e74c4a53af94406622fbd58b/roles/244e237a94ba436884239798391037ab 0.033s
2025-11-24 14:32:41.882 66333 INFO tempest.lib.common.rest_client [req-b2592192-a3c8-4761-b1d0-88201be448d9 req-b2592192-a3c8-4761-b1d0-88201be448d9 ] Request (TenantUsagesNegativeTestJSON:setUpClass): 200 GET http://10.180.1.21/identity/v3/roles 0.064s
2025-11-24 14:32:41.906 66333 INFO tempest.lib.common.rest_client [req-25573284-9233-48c0-b140-ce88a764bd82 req-25573284-9233-48c0-b140-ce88a764bd82 ] Request (TenantUsagesNegativeTestJSON:setUpClass): 204 PUT http://10.180.1.21/identity/v3/projects/1e8ed717157b4baf9b0bd32377c686a2/users/00ad5711e74c4a53af94406622fbd58b/roles/244e237a94ba436884239798391037ab 0.024s
2025-11-24 14:32:41.906 66333 INFO tempest.lib.common.dynamic_creds [-] Dynamic test user 00ad5711e74c4a53af94406622fbd58b is created with scope project and roles: ['admin']
2025-11-24 14:32:41.906 66333 INFO tempest.lib.common.dynamic_creds [-] Acquired dynamic creds: credentials: Credentials: {'domain_id': 'default', 'domain_name': 'Default', 'username': 'tempest-TenantUsagesNegativeTestJSON-1117677967-project-admin', 'project_domain_id': 'default', 'project_domain_name': 'Default', 'project_id': '1e8ed717157b4baf9b0bd32377c686a2', 'project_name': 'tempest-TenantUsagesNegativeTestJSON-1117677967', 'tenant_id': '1e8ed717157b4baf9b0bd32377c686a2', 'tenant_name': 'tempest-TenantUsagesNegativeTestJSON-1117677967', 'user_domain_id': 'default', 'user_domain_name': 'Default', 'user_id': '00ad5711e74c4a53af94406622fbd58b', 'system': None}, Network: None, Subnet: None, Router: None
2025-11-24 14:32:41.907 66333 INFO tempest.lib.common.dynamic_creds [-] Created isolated network resources for: credentials: Credentials: {'domain_id': 'default', 'domain_name': 'Default', 'username': 'tempest-TenantUsagesNegativeTestJSON-1117677967-project-admin', 'project_domain_id': 'default', 'project_domain_name': 'Default', 'project_id': '1e8ed717157b4baf9b0bd32377c686a2', 'project_name': 'tempest-TenantUsagesNegativeTestJSON-1117677967', 'tenant_id': '1e8ed717157b4baf9b0bd32377c686a2', 'tenant_name': 'tempest-TenantUsagesNegativeTestJSON-1117677967', 'user_domain_id': 'default', 'user_domain_name': 'Default', 'user_id': '00ad5711e74c4a53af94406622fbd58b', 'system': None}, Network: None, Subnet: None, Router: None
2025-11-24 14:32:41.915 66365 INFO tempest.lib.common.rest_client [req-5d91ad39-8996-45b4-8aa8-a0c250a21b8a req-5d91ad39-8996-45b4-8aa8-a0c250a21b8a ] Request (InstanceActionsV221TestJSON:setUpClass): 201 POST http://10.180.1.21/networking/v2.0/routers 1.004s
2025-11-24 14:32:42.004 66333 INFO tempest.lib.common.rest_client [req-92d5343f-f4b2-490d-b9c5-ce3721d8f02d req-92d5343f-f4b2-490d-b9c5-ce3721d8f02d ] Request (TenantUsagesNegativeTestJSON:setUpClass): 201 POST http://10.180.1.21/identity/v3/auth/tokens 0.095s
2025-11-24 14:32:42.433 66321 INFO tempest.lib.common.rest_client [req-59eba361-5ae6-4c1f-8475-53767803ce97 req-59eba361-5ae6-4c1f-8475-53767803ce97 ] Request (ServersTestBootFromVolume:setUpClass): 200 GET http://10.180.1.21/volume/v3/volumes/a47d4898-a2a8-4387-b059-6886c7fe9c44 0.044s
2025-11-24 14:32:42.953 66365 INFO tempest.lib.common.rest_client [req-5421bb3f-5f3a-435f-9ca2-a431c0adfe90 req-5421bb3f-5f3a-435f-9ca2-a431c0adfe90 ] Request (InstanceActionsV221TestJSON:setUpClass): 200 PUT http://10.180.1.21/networking/v2.0/routers/409bc502-4091-4581-96b4-f62860fcd13a/add_router_interface 1.037s
2025-11-24 14:32:42.954 66365 INFO tempest.lib.common.dynamic_creds [-] Created isolated network resources for: credentials: Credentials: {'domain_id': 'default', 'domain_name': 'Default', 'username': 'tempest-InstanceActionsV221TestJSON-1819449024-project-member', 'project_domain_id': 'default', 'project_domain_name': 'Default', 'project_id': '008d50e1fa56438ca1a0645dc522a669', 'project_name': 'tempest-InstanceActionsV221TestJSON-1819449024', 'tenant_id': '008d50e1fa56438ca1a0645dc522a669', 'tenant_name': 'tempest-InstanceActionsV221TestJSON-1819449024', 'user_domain_id': 'default', 'user_domain_name': 'Default', 'user_id': '391e674448094d80a480df05b2782e1d', 'system': None}, Network: {'id': '6a557cfd-9152-462b-9cc5-7c22f8148dca', 'name': 'tempest-InstanceActionsV221TestJSON-815090946-network', 'tenant_id': '008d50e1fa56438ca1a0645dc522a669', 'project_id': '008d50e1fa56438ca1a0645dc522a669', 'admin_state_up': True, 'mtu': 8950, 'status': 'ACTIVE', 'subnets': [], 'shared': False, 'port_security_enabled': True, 'router:external': False, 'provider:network_type': 'vlan', 'provider:physical_network': 'default', 'provider:segmentation_id': 975, 'availability_zone_hints': [], 'availability_zones': [], 'ipv4_address_scope': None, 'ipv6_address_scope': None, 'description': '', 'tags': [], 'created_at': '2025-11-24T14:32:40Z', 'updated_at': '2025-11-24T14:32:40Z', 'revision_number': 1}, Subnet: {'id': '4a2028c9-4b78-454f-be9e-50ac51a64847', 'name': 'tempest-InstanceActionsV221TestJSON-815090946-subnet', 'tenant_id': '008d50e1fa56438ca1a0645dc522a669', 'network_id': '6a557cfd-9152-462b-9cc5-7c22f8148dca', 'ip_version': 4, 'subnetpool_id': None, 'enable_dhcp': True, 'ipv6_ra_mode': None, 'ipv6_address_mode': None, 'gateway_ip': '192.168.128.1', 'cidr': '192.168.128.0/28', 'allocation_pools': [{'start': '192.168.128.2', 'end': '192.168.128.14'}], 'host_routes': [], 'dns_nameservers': [], 'description': '', 'router:external': False, 'service_types': [], 'tags': [], 'created_at': '2025-11-24T14:32:40Z', 'updated_at': '2025-11-24T14:32:40Z', 'revision_number': 0, 'project_id': '008d50e1fa56438ca1a0645dc522a669'}, Router: {'id': '409bc502-4091-4581-96b4-f62860fcd13a', 'name': 'tempest-InstanceActionsV221TestJSON-815090946-router', 'tenant_id': '008d50e1fa56438ca1a0645dc522a669', 'admin_state_up': True, 'status': 'ACTIVE', 'external_gateway_info': {'network_id': 'd8982e1b-c675-417f-bbdf-1c5cd2827933', 'external_fixed_ips': [{'subnet_id': 'eb88b088-7d58-4ddb-b5f5-775afa87e04c', 'ip_address': '10.180.180.144'}], 'enable_snat': True}, 'description': '', 'availability_zones': [], 'distributed': False, 'ha': False, 'availability_zone_hints': [], 'routes': [], 'flavor_id': None, 'tags': [], 'created_at': '2025-11-24T14:32:41Z', 'updated_at': '2025-11-24T14:32:41Z', 'revision_number': 2, 'project_id': '008d50e1fa56438ca1a0645dc522a669'}
2025-11-24 14:32:43.093 66365 INFO tempest.lib.common.rest_client [req-cb174093-34b5-48d8-a69d-6adf1dad7ec5 req-cb174093-34b5-48d8-a69d-6adf1dad7ec5 ] Request (InstanceActionsV221TestJSON:setUpClass): 201 POST http://10.180.1.21/identity/v3/auth/tokens 0.136s
2025-11-24 14:32:43.133 66365 INFO tempest.lib.common.rest_client [req-651e4c2a-c094-4694-bcdc-7b85d9700b66 req-651e4c2a-c094-4694-bcdc-7b85d9700b66 ] Request (InstanceActionsV221TestJSON:test_get_list_deleted_instance_actions): 201 POST http://10.180.1.21/identity/v3/auth/tokens 0.034s
2025-11-24 14:32:43.134 66365 INFO tempest.lib.common.fixed_network [-] (InstanceActionsV221TestJSON:test_get_list_deleted_instance_actions) Found network {'id': '6a557cfd-9152-462b-9cc5-7c22f8148dca', 'name': 'tempest-InstanceActionsV221TestJSON-815090946-network', 'tenant_id': '008d50e1fa56438ca1a0645dc522a669', 'project_id': '008d50e1fa56438ca1a0645dc522a669', 'admin_state_up': True, 'mtu': 8950, 'status': 'ACTIVE', 'subnets': [], 'shared': False, 'port_security_enabled': True, 'router:external': False, 'provider:network_type': 'vlan', 'provider:physical_network': 'default', 'provider:segmentation_id': 975, 'availability_zone_hints': [], 'availability_zones': [], 'ipv4_address_scope': None, 'ipv6_address_scope': None, 'description': '', 'tags': [], 'created_at': '2025-11-24T14:32:40Z', 'updated_at': '2025-11-24T14:32:40Z', 'revision_number': 1} available for tenant
2025-11-24 14:32:43.167 66301 INFO tempest.lib.common.rest_client [req-dab47d70-7058-4739-933e-d8b7daa5c068 req-dab47d70-7058-4739-933e-d8b7daa5c068 ] Request (ServerTagsTestJSON:setUpClass): 202 POST http://10.180.1.21/compute/v2.1/servers 4.788s
2025-11-24 14:32:43.237 66329 INFO tempest.lib.common.rest_client [req-7cb03ec8-dec5-4cc7-8b0b-e24d92afea0f req-7cb03ec8-dec5-4cc7-8b0b-e24d92afea0f ] Request (NetworksTest:test_get_network): 200 GET http://10.180.1.21/compute/v2.1/os-networks/d8982e1b-c675-417f-bbdf-1c5cd2827933 4.350s
2025-11-24 14:32:43.478 66321 INFO tempest.lib.common.rest_client [req-86bb604e-072d-432f-8a6b-d6a68b18ce16 req-86bb604e-072d-432f-8a6b-d6a68b18ce16 ] Request (ServersTestBootFromVolume:setUpClass): 200 GET http://10.180.1.21/volume/v3/volumes/a47d4898-a2a8-4387-b059-6886c7fe9c44 0.033s
2025-11-24 14:32:44.002 66347 INFO tempest.lib.common.rest_client [req-a7e5d0d2-4775-4e80-87cf-27faa02b41d0 req-a7e5d0d2-4775-4e80-87cf-27faa02b41d0 ] Request (FloatingIPDetailsTestJSON:test_get_floating_ip_details): 200 POST http://10.180.1.21/compute/v2.1/os-floating-ips 5.032s
2025-11-24 14:32:44.206 66359 INFO tempest.lib.common.rest_client [req-4ef714b2-1073-4a1d-885f-d0f9abd11bc3 req-4ef714b2-1073-4a1d-885f-d0f9abd11bc3 ] Request (FloatingIPsAssociationNegativeTestJSON:setUpClass): 200 GET http://10.180.1.21/compute/v2.1/servers/09756e81-883c-4c9e-9088-94dc1ba4e429 5.236s
2025-11-24 14:32:44.214 66359 INFO tempest.common.waiters [-] State transition "BUILD/None" ==> "BUILD/spawning" after 14 second wait
2025-11-24 14:32:44.224 66317 INFO tempest.lib.common.rest_client [req-73afdf55-86d1-4e63-8cc0-3f55ebff4633 req-73afdf55-86d1-4e63-8cc0-3f55ebff4633 ] Request (FlavorsAdminTestJSON:_run_cleanups): 202 DELETE http://10.180.1.21/compute/v2.1/flavors/701182758 5.118s
2025-11-24 14:32:44.236 66311 INFO tempest.lib.common.rest_client [req-e50b3750-c9c6-4870-acaf-22d6138decd7 req-e50b3750-c9c6-4870-acaf-22d6138decd7 ] Request (HypervisorAdminNegativeUnderV252Test:test_show_servers_with_nonexistent_hypervisor): 404 GET http://10.180.1.21/compute/v2.1/os-hypervisors/30b2b33e-71e5-4b82-8339-e727ccd35c05/servers 5.127s
2025-11-24 14:32:44.255 66353 INFO tempest.lib.common.rest_client [req-0da04e5b-98de-4e72-9d5f-fb4653a59dbf req-0da04e5b-98de-4e72-9d5f-fb4653a59dbf ] Request (FlavorsExtraSpecsNegativeTestJSON:test_flavor_non_admin_update_specific_key): 200 POST http://10.180.1.21/compute/v2.1/flavors/729580101/os-extra_specs 5.088s
2025-11-24 14:32:44.365 66311 INFO tempest.lib.common.rest_client [req-e06d65c4-0c5b-45af-b64a-a6d78b45ed95 req-e06d65c4-0c5b-45af-b64a-a6d78b45ed95 ] Request (HypervisorAdminNegativeUnderV252Test:tearDownClass): 204 DELETE http://10.180.1.21/identity/v3/users/b8580e6ed139408688502560e95d9a86 0.125s
2025-11-24 14:32:44.518 66321 INFO tempest.lib.common.rest_client [req-4e8a3527-0d04-493f-940f-963a51c488d8 req-4e8a3527-0d04-493f-940f-963a51c488d8 ] Request (ServersTestBootFromVolume:setUpClass): 200 GET http://10.180.1.21/volume/v3/volumes/a47d4898-a2a8-4387-b059-6886c7fe9c44 0.031s
2025-11-24 14:32:44.578 66327 INFO tempest.lib.common.rest_client [req-51958fc0-6b80-4b5e-a698-f7ba6c34b720 req-51958fc0-6b80-4b5e-a698-f7ba6c34b720 ] Request (DeleteServersAdminTestJSON:test_admin_delete_servers_of_others): 204 DELETE http://10.180.1.21/compute/v2.1/servers/d5e2993e-04db-4240-a493-2afa2a969e95 5.222s
2025-11-24 14:32:44.594 66311 INFO tempest.lib.common.rest_client [req-12b7f16c-3020-4644-97a5-5817ab19eec7 req-12b7f16c-3020-4644-97a5-5817ab19eec7 ] Request (HypervisorAdminNegativeUnderV252Test:tearDownClass): 204 DELETE http://10.180.1.21/identity/v3/users/12591421f5824639b651e5fb163bbcca 0.229s
2025-11-24 14:32:44.595 66311 INFO tempest.lib.common.dynamic_creds [-] Deleting project and security group for project: bc1172117f954d87a8a06378bd588a6e
2025-11-24 14:32:44.606 66331 INFO tempest.lib.common.rest_client [req-cd2ac15c-a652-4ead-8d38-75965beea070 req-cd2ac15c-a652-4ead-8d38-75965beea070 ] Request (AggregatesAdminNegativeTestJSON:_run_cleanups): 200 DELETE http://10.180.1.21/compute/v2.1/os-aggregates/1 5.245s
2025-11-24 14:32:44.666 66311 INFO tempest.lib.common.rest_client [req-6a81d3ef-c4cf-4aa8-b412-4579bdd30b55 req-6a81d3ef-c4cf-4aa8-b412-4579bdd30b55 ] Request (HypervisorAdminNegativeUnderV252Test:tearDownClass): 201 POST http://10.180.1.21/identity/v3/auth/tokens 0.070s
2025-11-24 14:32:44.787 66313 INFO tempest.lib.common.rest_client [req-1109da3c-ad2f-4964-bd28-c74649724cfd req-1109da3c-ad2f-4964-bd28-c74649724cfd ] Request (QuotasAdminTestJSON:test_delete_quota): 200 GET http://10.180.1.21/compute/v2.1/os-quota-sets/6203d1562e5c49e2bf0c6cee60a8ce65 5.060s
2025-11-24 14:32:44.866 66311 INFO tempest.lib.common.rest_client [req-3b79ed27-9285-40ce-8aa1-82409ca2b336 req-3b79ed27-9285-40ce-8aa1-82409ca2b336 ] Request (HypervisorAdminNegativeUnderV252Test:tearDownClass): 200 GET http://10.180.1.21/networking/v2.0/security-groups?tenant_id=bc1172117f954d87a8a06378bd588a6e&name=default 0.200s
2025-11-24 14:32:44.931 66349 INFO tempest.lib.common.rest_client [req-489309ed-a406-4402-b76d-267536675ee0 req-489309ed-a406-4402-b76d-267536675ee0 ] Request (AttachInterfacesTestJSON:test_create_list_show_delete_interfaces_by_fixed_ip): 200 GET http://10.180.1.21/compute/v2.1/servers/6719dfde-a9b8-4400-8350-8c372ee41f9c 4.965s
2025-11-24 14:32:45.018 66311 INFO tempest.lib.common.rest_client [req-c14a1be5-e95c-4e15-a745-d50fe8c77969 req-c14a1be5-e95c-4e15-a745-d50fe8c77969 ] Request (HypervisorAdminNegativeUnderV252Test:tearDownClass): 204 DELETE http://10.180.1.21/networking/v2.0/security-groups/340a50b0-ee10-486a-a8e0-a33aa28c7188 0.152s
