2025-11-24 14:34:50.371 66359 INFO tempest.lib.common.dynamic_creds [-] Created isolated network resources for: credentials: Credentials: {'domain_id': 'default', 'domain_name': 'Default', 'username': 'tempest-ListServersNegativeTestJSON-1591552957-project-member', 'project_domain_id': 'default', 'project_domain_name': 'Default', 'project_id': 'c81c81ab476a41d1afd35623db7c3de6', 'project_name': 'tempest-ListServersNegativeTestJSON-1591552957', 'tenant_id': 'c81c81ab476a41d1afd35623db7c3de6', 'tenant_name': 'tempest-ListServersNegativeTestJSON-1591552957', 'user_domain_id': 'default', 'user_domain_name': 'Default', 'user_id': '9daef243bed645a792671d0581b58672', 'system': None}, Network: {'id': '5b8e797f-8abc-4b92-801d-61757d5419be', 'name': 'tempest-ListServersNegativeTestJSON-1711840626-network', 'tenant_id': 'c81c81ab476a41d1afd35623db7c3de6', 'project_id': 'c81c81ab476a41d1afd35623db7c3de6', 'admin_state_up': True, 'mtu': 8950, 'status': 'ACTIVE', 'subnets': [], 'shared': False, 'port_security_enabled': True, 'router:external': False, 'provider:network_type': 'vlan', 'provider:physical_network': 'default', 'provider:segmentation_id': 496, 'availability_zone_hints': [], 'availability_zones': [], 'ipv4_address_scope': None, 'ipv6_address_scope': None, 'description': '', 'tags': [], 'created_at': '2025-11-24T14:34:48Z', 'updated_at': '2025-11-24T14:34:48Z', 'revision_number': 1}, Subnet: {'id': 'dc035379-2776-4839-96aa-be8af118ea39', 'name': 'tempest-ListServersNegativeTestJSON-1711840626-subnet', 'tenant_id': 'c81c81ab476a41d1afd35623db7c3de6', 'network_id': '5b8e797f-8abc-4b92-801d-61757d5419be', 'ip_version': 4, 'subnetpool_id': None, 'enable_dhcp': True, 'ipv6_ra_mode': None, 'ipv6_address_mode': None, 'gateway_ip': '192.168.128.1', 'cidr': '192.168.128.0/28', 'allocation_pools': [{'start': '192.168.128.2', 'end': '192.168.128.14'}], 'host_routes': [], 'dns_nameservers': [], 'description': '', 'router:external': False, 'service_types': [], 'tags': [], 'created_at': '2025-11-24T14:34:48Z', 'updated_at': '2025-11-24T14:34:48Z', 'revision_number': 0, 'project_id': 'c81c81ab476a41d1afd35623db7c3de6'}, Router: {'id': '438125cd-b051-42bf-8ee6-3ddc20910444', 'name': 'tempest-ListServersNegativeTestJSON-1711840626-router', 'tenant_id': 'c81c81ab476a41d1afd35623db7c3de6', 'admin_state_up': True, 'status': 'ACTIVE', 'external_gateway_info': {'network_id': 'd8982e1b-c675-417f-bbdf-1c5cd2827933', 'external_fixed_ips': [{'subnet_id': 'eb88b088-7d58-4ddb-b5f5-775afa87e04c', 'ip_address': '10.180.180.181'}], 'enable_snat': True}, 'description': '', 'availability_zones': [], 'distributed': False, 'ha': False, 'availability_zone_hints': [], 'routes': [], 'flavor_id': None, 'tags': [], 'created_at': '2025-11-24T14:34:48Z', 'updated_at': '2025-11-24T14:34:49Z', 'revision_number': 2, 'project_id': 'c81c81ab476a41d1afd35623db7c3de6'}
2025-11-24 14:34:50.394 66325 INFO tempest.lib.common.rest_client [req-458da183-099a-411e-a5bb-9ff408babf38 req-458da183-099a-411e-a5bb-9ff408babf38 ] Request (ServersWithSpecificFlavorTestJSON:test_verify_created_server_ephemeral_disk): 200 GET http://10.180.1.21/compute/v2.1/servers/6e9372db-eb28-44d1-9f4a-b38847e33b6e 4.607s
2025-11-24 14:34:50.434 66301 INFO tempest.lib.common.rest_client [req-3e3776c4-43d6-47eb-9535-fbc7e59e9655 req-3e3776c4-43d6-47eb-9535-fbc7e59e9655 ] Request (ServersNegativeTestJSON:setUpClass): 201 POST http://10.180.1.21/networking/v2.0/subnets 0.603s
2025-11-24 14:34:50.483 66359 INFO tempest.lib.common.rest_client [req-44b4a837-02c8-4592-8cd2-3acbb4220ff4 req-44b4a837-02c8-4592-8cd2-3acbb4220ff4 ] Request (ListServersNegativeTestJSON:setUpClass): 201 POST http://10.180.1.21/identity/v3/auth/tokens 0.106s
2025-11-24 14:34:50.487 66317 INFO tempest.lib.common.rest_client [req-adca180d-ccd4-4620-90ba-126b6077553a req-adca180d-ccd4-4620-90ba-126b6077553a ] Request (HypervisorAdminTestJSON:tearDownClass): 204 DELETE http://10.180.1.21/networking/v2.0/security-groups/48e953ca-37fa-4e96-af2a-c1478499d24b 0.518s
2025-11-24 14:34:50.517 66319 INFO tempest.lib.common.rest_client [req-92470958-0124-42c9-b328-94789ec1bda6 req-92470958-0124-42c9-b328-94789ec1bda6 ] Request (ListServerFiltersTestJSON:setUpClass): 200 GET http://10.180.1.21/compute/v2.1/servers/c475a30f-512e-4552-8f52-6b35b5ea1750 4.675s
2025-11-24 14:34:50.532 66359 INFO tempest.lib.common.rest_client [req-eba18ab8-b760-43b0-82fe-dd24b5841051 req-eba18ab8-b760-43b0-82fe-dd24b5841051 ] Request (ListServersNegativeTestJSON:setUpClass): 201 POST http://10.180.1.21/identity/v3/auth/tokens 0.045s
2025-11-24 14:34:50.533 66359 INFO tempest.lib.common.fixed_network [-] (ListServersNegativeTestJSON:setUpClass) Found network {'id': '5b8e797f-8abc-4b92-801d-61757d5419be', 'name': 'tempest-ListServersNegativeTestJSON-1711840626-network', 'tenant_id': 'c81c81ab476a41d1afd35623db7c3de6', 'project_id': 'c81c81ab476a41d1afd35623db7c3de6', 'admin_state_up': True, 'mtu': 8950, 'status': 'ACTIVE', 'subnets': [], 'shared': False, 'port_security_enabled': True, 'router:external': False, 'provider:network_type': 'vlan', 'provider:physical_network': 'default', 'provider:segmentation_id': 496, 'availability_zone_hints': [], 'availability_zones': [], 'ipv4_address_scope': None, 'ipv6_address_scope': None, 'description': '', 'tags': [], 'created_at': '2025-11-24T14:34:48Z', 'updated_at': '2025-11-24T14:34:48Z', 'revision_number': 1} available for tenant
2025-11-24 14:34:50.570 66317 INFO tempest.lib.common.rest_client [req-5c31bd21-95d9-4219-9a62-8fce903e3b56 req-5c31bd21-95d9-4219-9a62-8fce903e3b56 ] Request (HypervisorAdminTestJSON:tearDownClass): 204 DELETE http://10.180.1.21/identity/v3/projects/260d1e8c4621490c80cceff6ba2d97e9 0.082s
2025-11-24 14:34:50.644 66317 INFO tempest.lib.common.rest_client [req-1c963de1-d992-4118-9edf-5b20f8356ca9 req-1c963de1-d992-4118-9edf-5b20f8356ca9 ] Request (QuotasSecurityGroupAdminNegativeTest:setUpClass): 201 POST http://10.180.1.21/identity/v3/auth/tokens 0.072s
2025-11-24 14:34:50.699 66317 INFO tempest.lib.common.rest_client [req-8fedb923-3fcc-49f1-b9bd-d1cb3fa63432 req-8fedb923-3fcc-49f1-b9bd-d1cb3fa63432 ] Request (QuotasSecurityGroupAdminNegativeTest:setUpClass): 201 POST http://10.180.1.21/identity/v3/auth/tokens 0.047s
2025-11-24 14:34:50.736 66317 INFO tempest.lib.common.rest_client [req-74b0a457-cad9-4495-861b-43ef2a64c589 req-74b0a457-cad9-4495-861b-43ef2a64c589 ] Request (QuotasSecurityGroupAdminNegativeTest:setUpClass): 200 GET http://10.180.1.21/identity/v3/domains?name=Default 0.037s
2025-11-24 14:34:50.772 66317 INFO tempest.lib.common.rest_client [req-5bde00b4-8838-4101-a588-1db15c34bb00 req-5bde00b4-8838-4101-a588-1db15c34bb00 ] Request (QuotasSecurityGroupAdminNegativeTest:setUpClass): 201 POST http://10.180.1.21/identity/v3/projects 0.035s
2025-11-24 14:34:50.859 66317 INFO tempest.lib.common.rest_client [req-079b6e44-8f4a-4c44-af9c-4cbce57d3a5e req-079b6e44-8f4a-4c44-af9c-4cbce57d3a5e ] Request (QuotasSecurityGroupAdminNegativeTest:setUpClass): 201 POST http://10.180.1.21/identity/v3/users 0.086s
2025-11-24 14:34:50.884 66317 INFO tempest.lib.common.rest_client [req-f1165b93-b591-4255-a53a-ed4affa09b74 req-f1165b93-b591-4255-a53a-ed4affa09b74 ] Request (QuotasSecurityGroupAdminNegativeTest:setUpClass): 200 GET http://10.180.1.21/identity/v3/roles 0.025s
2025-11-24 14:34:50.913 66317 INFO tempest.lib.common.rest_client [req-c21c992c-628c-4bb3-90fe-cbf0e75a94c0 req-c21c992c-628c-4bb3-90fe-cbf0e75a94c0 ] Request (QuotasSecurityGroupAdminNegativeTest:setUpClass): 204 PUT http://10.180.1.21/identity/v3/projects/71594d08a6cf42d69b69d7469f65bcfd/users/56c81070e7794edeb482729d370c310c/roles/9398be14c9b4490cbfc4194f781fc6ce 0.028s
2025-11-24 14:34:50.913 66317 INFO tempest.lib.common.dynamic_creds [-] Dynamic test user 56c81070e7794edeb482729d370c310c is created with scope project and roles: ['member']
2025-11-24 14:34:50.913 66317 INFO tempest.lib.common.dynamic_creds [-] Acquired dynamic creds: credentials: Credentials: {'domain_id': 'default', 'domain_name': 'Default', 'username': 'tempest-QuotasSecurityGroupAdminNegativeTest-1264277128-project-member', 'project_domain_id': 'default', 'project_domain_name': 'Default', 'project_id': '71594d08a6cf42d69b69d7469f65bcfd', 'project_name': 'tempest-QuotasSecurityGroupAdminNegativeTest-1264277128', 'tenant_id': '71594d08a6cf42d69b69d7469f65bcfd', 'tenant_name': 'tempest-QuotasSecurityGroupAdminNegativeTest-1264277128', 'user_domain_id': 'default', 'user_domain_name': 'Default', 'user_id': '56c81070e7794edeb482729d370c310c', 'system': None}, Network: None, Subnet: None, Router: None
2025-11-24 14:34:50.913 66317 INFO tempest.lib.common.dynamic_creds [-] Created isolated network resources for: credentials: Credentials: {'domain_id': 'default', 'domain_name': 'Default', 'username': 'tempest-QuotasSecurityGroupAdminNegativeTest-1264277128-project-member', 'project_domain_id': 'default', 'project_domain_name': 'Default', 'project_id': '71594d08a6cf42d69b69d7469f65bcfd', 'project_name': 'tempest-QuotasSecurityGroupAdminNegativeTest-1264277128', 'tenant_id': '71594d08a6cf42d69b69d7469f65bcfd', 'tenant_name': 'tempest-QuotasSecurityGroupAdminNegativeTest-1264277128', 'user_domain_id': 'default', 'user_domain_name': 'Default', 'user_id': '56c81070e7794edeb482729d370c310c', 'system': None}, Network: None, Subnet: None, Router: None
2025-11-24 14:34:50.956 66315 INFO paramiko.transport [-] Connected (version 2.0, client dropbear_2020.81)
2025-11-24 14:34:50.983 66317 INFO tempest.lib.common.rest_client [req-ef324056-8180-4adc-8a79-de3ee014b080 req-ef324056-8180-4adc-8a79-de3ee014b080 ] Request (QuotasSecurityGroupAdminNegativeTest:setUpClass): 201 POST http://10.180.1.21/identity/v3/auth/tokens 0.067s
2025-11-24 14:34:51.044 66317 INFO tempest.lib.common.rest_client [req-0a99fa1b-b660-4c3e-aaa6-e2debfcf0ad5 req-0a99fa1b-b660-4c3e-aaa6-e2debfcf0ad5 ] Request (QuotasSecurityGroupAdminNegativeTest:setUpClass): 201 POST http://10.180.1.21/identity/v3/projects 0.060s
2025-11-24 14:34:51.078 66315 INFO paramiko.transport [-] Authentication (publickey) successful!
2025-11-24 14:34:51.079 66315 INFO tempest.lib.common.ssh [-] ssh connection to cirros@10.180.180.215 successfully created
2025-11-24 14:34:51.090 66315 INFO tempest.lib.common.ssh [-] Creating ssh connection to '10.180.180.215:22' as 'cirros' with public key authentication
2025-11-24 14:34:51.096 66315 INFO paramiko.transport [-] Connected (version 2.0, client dropbear_2020.81)
2025-11-24 14:34:51.111 66317 INFO tempest.lib.common.rest_client [req-187fb470-346c-498c-8412-593e227042ee req-187fb470-346c-498c-8412-593e227042ee ] Request (QuotasSecurityGroupAdminNegativeTest:setUpClass): 201 POST http://10.180.1.21/identity/v3/users 0.066s
2025-11-24 14:34:51.135 66317 INFO tempest.lib.common.rest_client [req-d5c67991-bd17-46ce-b688-1fc9624e870e req-d5c67991-bd17-46ce-b688-1fc9624e870e ] Request (QuotasSecurityGroupAdminNegativeTest:setUpClass): 200 GET http://10.180.1.21/identity/v3/roles 0.024s
2025-11-24 14:34:51.155 66315 INFO paramiko.transport [-] Authentication (publickey) successful!
2025-11-24 14:34:51.156 66315 INFO tempest.lib.common.ssh [-] ssh connection to cirros@10.180.180.215 successfully created
2025-11-24 14:34:51.161 66317 INFO tempest.lib.common.rest_client [req-12e3e6e6-9d59-49d0-9b78-b89f6bfeb7ca req-12e3e6e6-9d59-49d0-9b78-b89f6bfeb7ca ] Request (QuotasSecurityGroupAdminNegativeTest:setUpClass): 204 PUT http://10.180.1.21/identity/v3/projects/f581f97cea714d9dac883fe4695f2c08/users/fa86f07a0a02455c82d2b0c5753427d2/roles/244e237a94ba436884239798391037ab 0.025s
2025-11-24 14:34:51.212 66317 INFO tempest.lib.common.rest_client [req-d256bcdd-2cf6-4102-91fe-5b1234d169cc req-d256bcdd-2cf6-4102-91fe-5b1234d169cc ] Request (QuotasSecurityGroupAdminNegativeTest:setUpClass): 200 GET http://10.180.1.21/identity/v3/roles 0.051s
2025-11-24 14:34:51.234 66317 INFO tempest.lib.common.rest_client [req-e7ecd56b-cac0-4892-a89c-e6aa272281ba req-e7ecd56b-cac0-4892-a89c-e6aa272281ba ] Request (QuotasSecurityGroupAdminNegativeTest:setUpClass): 204 PUT http://10.180.1.21/identity/v3/projects/f581f97cea714d9dac883fe4695f2c08/users/fa86f07a0a02455c82d2b0c5753427d2/roles/244e237a94ba436884239798391037ab 0.021s
2025-11-24 14:34:51.234 66317 INFO tempest.lib.common.dynamic_creds [-] Dynamic test user fa86f07a0a02455c82d2b0c5753427d2 is created with scope project and roles: ['admin']
2025-11-24 14:34:51.235 66317 INFO tempest.lib.common.dynamic_creds [-] Acquired dynamic creds: credentials: Credentials: {'domain_id': 'default', 'domain_name': 'Default', 'username': 'tempest-QuotasSecurityGroupAdminNegativeTest-571282538-project-admin', 'project_domain_id': 'default', 'project_domain_name': 'Default', 'project_id': 'f581f97cea714d9dac883fe4695f2c08', 'project_name': 'tempest-QuotasSecurityGroupAdminNegativeTest-571282538', 'tenant_id': 'f581f97cea714d9dac883fe4695f2c08', 'tenant_name': 'tempest-QuotasSecurityGroupAdminNegativeTest-571282538', 'user_domain_id': 'default', 'user_domain_name': 'Default', 'user_id': 'fa86f07a0a02455c82d2b0c5753427d2', 'system': None}, Network: None, Subnet: None, Router: None
2025-11-24 14:34:51.235 66317 INFO tempest.lib.common.dynamic_creds [-] Created isolated network resources for: credentials: Credentials: {'domain_id': 'default', 'domain_name': 'Default', 'username': 'tempest-QuotasSecurityGroupAdminNegativeTest-571282538-project-admin', 'project_domain_id': 'default', 'project_domain_name': 'Default', 'project_id': 'f581f97cea714d9dac883fe4695f2c08', 'project_name': 'tempest-QuotasSecurityGroupAdminNegativeTest-571282538', 'tenant_id': 'f581f97cea714d9dac883fe4695f2c08', 'tenant_name': 'tempest-QuotasSecurityGroupAdminNegativeTest-571282538', 'user_domain_id': 'default', 'user_domain_name': 'Default', 'user_id': 'fa86f07a0a02455c82d2b0c5753427d2', 'system': None}, Network: None, Subnet: None, Router: None
2025-11-24 14:34:51.321 66317 INFO tempest.lib.common.rest_client [req-e4ec410b-3259-4f88-9147-f4e11f05295f req-e4ec410b-3259-4f88-9147-f4e11f05295f ] Request (QuotasSecurityGroupAdminNegativeTest:setUpClass): 201 POST http://10.180.1.21/identity/v3/auth/tokens 0.084s
2025-11-24 14:34:51.322 66317 WARNING tempest.lib.common.rest_client [-] Deprecated: "tenant_id" property is deprecated for removal, use "project_id" instead
2025-11-24 14:34:51.439 66317 INFO tempest.lib.common.rest_client [req-e388770b-5304-45bd-b346-d1482eaf3809 req-e388770b-5304-45bd-b346-d1482eaf3809 ] Request (QuotasSecurityGroupAdminNegativeTest:tearDownClass): 204 DELETE http://10.180.1.21/identity/v3/users/56c81070e7794edeb482729d370c310c 0.114s
2025-11-24 14:34:51.570 66317 INFO tempest.lib.common.rest_client [req-3a0de949-42cc-4b19-9559-8f32ddb05bb0 req-3a0de949-42cc-4b19-9559-8f32ddb05bb0 ] Request (QuotasSecurityGroupAdminNegativeTest:tearDownClass): 204 DELETE http://10.180.1.21/identity/v3/users/fa86f07a0a02455c82d2b0c5753427d2 0.130s
2025-11-24 14:34:51.570 66317 INFO tempest.lib.common.dynamic_creds [-] Deleting project and security group for project: 71594d08a6cf42d69b69d7469f65bcfd
2025-11-24 14:34:51.648 66317 INFO tempest.lib.common.rest_client [req-0ae5045f-db20-435a-8b17-d264f9eecf58 req-0ae5045f-db20-435a-8b17-d264f9eecf58 ] Request (QuotasSecurityGroupAdminNegativeTest:tearDownClass): 201 POST http://10.180.1.21/identity/v3/auth/tokens 0.077s
2025-11-24 14:34:51.709 66301 INFO tempest.lib.common.rest_client [req-07beb6b8-11d7-446f-9eb1-2b0d8378d17d req-07beb6b8-11d7-446f-9eb1-2b0d8378d17d ] Request (ServersNegativeTestJSON:setUpClass): 201 POST http://10.180.1.21/networking/v2.0/routers 1.274s
2025-11-24 14:34:51.962 66317 INFO tempest.lib.common.rest_client [req-5b3ef41f-0c5d-4f35-af30-ffe58f00d819 req-5b3ef41f-0c5d-4f35-af30-ffe58f00d819 ] Request (QuotasSecurityGroupAdminNegativeTest:tearDownClass): 200 GET http://10.180.1.21/networking/v2.0/security-groups?tenant_id=71594d08a6cf42d69b69d7469f65bcfd&name=default 0.313s
2025-11-24 14:34:52.082 66305 INFO tempest.lib.common.rest_client [req-3ffbcbfa-ee05-4e71-86db-71836d6488cf req-3ffbcbfa-ee05-4e71-86db-71836d6488cf ] Request (InstanceActionsTestJSON:setUpClass): 200 GET http://10.180.1.21/compute/v2.1/servers/efcafb5b-0abc-41b0-a0c6-19fe2cb2c723 6.183s
2025-11-24 14:34:52.094 66305 INFO tempest.common.waiters [-] State transition "BUILD/None" ==> "BUILD/spawning" after 27 second wait
2025-11-24 14:34:52.226 66317 INFO tempest.lib.common.rest_client [req-1f942e10-7d69-4941-8180-f6195bd4c945 req-1f942e10-7d69-4941-8180-f6195bd4c945 ] Request (QuotasSecurityGroupAdminNegativeTest:tearDownClass): 204 DELETE http://10.180.1.21/networking/v2.0/security-groups/6d5289e2-f0e3-4b70-a841-a04d67db832c 0.264s
2025-11-24 14:34:52.300 66341 INFO tempest.lib.common.rest_client [req-4f1b6100-9b49-44dd-89db-709eac8c30d5 req-4f1b6100-9b49-44dd-89db-709eac8c30d5 ] Request (ImagesTestJSON:test_create_image_from_suspended_server): 200 GET http://10.180.1.21/compute/v2.1/servers/3bf040bd-7739-48de-8aa7-1addf2ac922c 6.258s
2025-11-24 14:34:52.315 66317 INFO tempest.lib.common.rest_client [req-01619e9d-60f7-40b1-a0eb-2082a395e252 req-01619e9d-60f7-40b1-a0eb-2082a395e252 ] Request (QuotasSecurityGroupAdminNegativeTest:tearDownClass): 204 DELETE http://10.180.1.21/identity/v3/projects/71594d08a6cf42d69b69d7469f65bcfd 0.089s
2025-11-24 14:34:52.316 66317 INFO tempest.lib.common.dynamic_creds [-] Deleting project and security group for project: f581f97cea714d9dac883fe4695f2c08
2025-11-24 14:34:52.939 66317 INFO tempest.lib.common.rest_client [req-b2bcbb30-1f36-4da1-b307-bcb30ca29324 req-b2bcbb30-1f36-4da1-b307-bcb30ca29324 ] Request (QuotasSecurityGroupAdminNegativeTest:tearDownClass): 200 GET http://10.180.1.21/networking/v2.0/security-groups?tenant_id=f581f97cea714d9dac883fe4695f2c08&name=default 0.623s
2025-11-24 14:34:52.952 66301 INFO tempest.lib.common.rest_client [req-f1b39e80-c700-4349-88a0-24067d0b4cbd req-f1b39e80-c700-4349-88a0-24067d0b4cbd ] Request (ServersNegativeTestJSON:setUpClass): 200 PUT http://10.180.1.21/networking/v2.0/routers/b65e5e9e-3e47-4392-b0c4-5d649463cd5e/add_router_interface 1.243s
2025-11-24 14:34:52.952 66301 INFO tempest.lib.common.dynamic_creds [-] Created isolated network resources for: credentials: Credentials: {'domain_id': 'default', 'domain_name': 'Default', 'username': 'tempest-ServersNegativeTestJSON-1424653399-project-member', 'project_domain_id': 'default', 'project_domain_name': 'Default', 'project_id': 'f0de3f849d06415a83920595a3c559e1', 'project_name': 'tempest-ServersNegativeTestJSON-1424653399', 'tenant_id': 'f0de3f849d06415a83920595a3c559e1', 'tenant_name': 'tempest-ServersNegativeTestJSON-1424653399', 'user_domain_id': 'default', 'user_domain_name': 'Default', 'user_id': '238399d62e4143b0ae783fe7ce3f35e7', 'system': None}, Network: {'id': '3836b63b-7898-4ff5-bb74-e7d5604843ab', 'name': 'tempest-ServersNegativeTestJSON-1680121736-network', 'tenant_id': 'f0de3f849d06415a83920595a3c559e1', 'project_id': 'f0de3f849d06415a83920595a3c559e1', 'admin_state_up': True, 'mtu': 8950, 'status': 'ACTIVE', 'subnets': [], 'shared': False, 'port_security_enabled': True, 'router:external': False, 'provider:network_type': 'vlan', 'provider:physical_network': 'default', 'provider:segmentation_id': 737, 'availability_zone_hints': [], 'availability_zones': [], 'ipv4_address_scope': None, 'ipv6_address_scope': None, 'description': '', 'tags': [], 'created_at': '2025-11-24T14:34:49Z', 'updated_at': '2025-11-24T14:34:49Z', 'revision_number': 1}, Subnet: {'id': '4433200d-5789-441e-a2fe-4c79257648a0', 'name': 'tempest-ServersNegativeTestJSON-1680121736-subnet', 'tenant_id': 'f0de3f849d06415a83920595a3c559e1', 'network_id': '3836b63b-7898-4ff5-bb74-e7d5604843ab', 'ip_version': 4, 'subnetpool_id': None, 'enable_dhcp': True, 'ipv6_ra_mode': None, 'ipv6_address_mode': None, 'gateway_ip': '192.168.128.1', 'cidr': '192.168.128.0/28', 'allocation_pools': [{'start': '192.168.128.2', 'end': '192.168.128.14'}], 'host_routes': [], 'dns_nameservers': [], 'description': '', 'router:external': False, 'service_types': [], 'tags': [], 'created_at': '2025-11-24T14:34:50Z', 'updated_at': '2025-11-24T14:34:50Z', 'revision_number': 0, 'project_id': 'f0de3f849d06415a83920595a3c559e1'}, Router: {'id': 'b65e5e9e-3e47-4392-b0c4-5d649463cd5e', 'name': 'tempest-ServersNegativeTestJSON-1680121736-router', 'tenant_id': 'f0de3f849d06415a83920595a3c559e1', 'admin_state_up': True, 'status': 'ACTIVE', 'external_gateway_info': {'network_id': 'd8982e1b-c675-417f-bbdf-1c5cd2827933', 'external_fixed_ips': [{'subnet_id': 'eb88b088-7d58-4ddb-b5f5-775afa87e04c', 'ip_address': '10.180.180.167'}], 'enable_snat': True}, 'description': '', 'availability_zones': [], 'distributed': False, 'ha': False, 'availability_zone_hints': [], 'routes': [], 'flavor_id': None, 'tags': [], 'created_at': '2025-11-24T14:34:50Z', 'updated_at': '2025-11-24T14:34:50Z', 'revision_number': 2, 'project_id': 'f0de3f849d06415a83920595a3c559e1'}
2025-11-24 14:34:52.969 66323 INFO tempest.lib.common.rest_client [req-46ddeaad-22b7-4b7b-8b7b-80f90523705a req-46ddeaad-22b7-4b7b-8b7b-80f90523705a ] Request (VolumesAssistedSnapshotsTest:tearDownClass): 200 GET http://10.180.1.21/compute/v2.1/servers/fdbd0b96-711e-438b-b7a3-b5a692fae322 6.746s
2025-11-24 14:34:53.065 66301 INFO tempest.lib.common.rest_client [req-6dbb1348-108e-444f-9754-6da80a7fc171 req-6dbb1348-108e-444f-9754-6da80a7fc171 ] Request (ServersNegativeTestJSON:setUpClass): 201 POST http://10.180.1.21/identity/v3/auth/tokens 0.108s
2025-11-24 14:34:53.097 66301 INFO tempest.lib.common.rest_client [req-584d333a-0ec6-492f-b8a9-6885d21c9ee3 req-584d333a-0ec6-492f-b8a9-6885d21c9ee3 ] Request (ServersNegativeTestJSON:setUpClass): 201 POST http://10.180.1.21/identity/v3/auth/tokens 0.028s
2025-11-24 14:34:53.098 66301 INFO tempest.lib.common.fixed_network [-] (ServersNegativeTestJSON:setUpClass) Found network {'id': '3836b63b-7898-4ff5-bb74-e7d5604843ab', 'name': 'tempest-ServersNegativeTestJSON-1680121736-network', 'tenant_id': 'f0de3f849d06415a83920595a3c559e1', 'project_id': 'f0de3f849d06415a83920595a3c559e1', 'admin_state_up': True, 'mtu': 8950, 'status': 'ACTIVE', 'subnets': [], 'shared': False, 'port_security_enabled': True, 'router:external': False, 'provider:network_type': 'vlan', 'provider:physical_network': 'default', 'provider:segmentation_id': 737, 'availability_zone_hints': [], 'availability_zones': [], 'ipv4_address_scope': None, 'ipv6_address_scope': None, 'description': '', 'tags': [], 'created_at': '2025-11-24T14:34:49Z', 'updated_at': '2025-11-24T14:34:49Z', 'revision_number': 1} available for tenant
2025-11-24 14:34:53.149 66317 INFO tempest.lib.common.rest_client [req-e5021b77-037f-4283-9e06-28758148a8a5 req-e5021b77-037f-4283-9e06-28758148a8a5 ] Request (QuotasSecurityGroupAdminNegativeTest:tearDownClass): 204 DELETE http://10.180.1.21/networking/v2.0/security-groups/6e0bd4fc-c7f9-4a04-85ab-29a7f5b174b2 0.210s
2025-11-24 14:34:53.280 66317 INFO tempest.lib.common.rest_client [req-edbec501-0e7c-4d6b-8476-ce164a3f4f44 req-edbec501-0e7c-4d6b-8476-ce164a3f4f44 ] Request (QuotasSecurityGroupAdminNegativeTest:tearDownClass): 204 DELETE http://10.180.1.21/identity/v3/projects/f581f97cea714d9dac883fe4695f2c08 0.130s
2025-11-24 14:34:53.314 66313 INFO tempest.lib.common.rest_client [req-11bd9626-300b-4cf0-8bfe-2e24f222a9c2 req-11bd9626-300b-4cf0-8bfe-2e24f222a9c2 ] Request (ServerMetadataNegativeTestJSON:setUpClass): 200 GET http://10.180.1.21/compute/v2.1/servers/b90f9a28-4a3e-4e45-a7df-304c7fdcb311 6.738s
2025-11-24 14:34:53.316 66331 INFO tempest.lib.common.rest_client [req-6f93930e-561a-402b-b03f-9323fb107e29 req-6f93930e-561a-402b-b03f-9323fb107e29 ] Request (AttachVolumeShelveTestJSON:test_attach_volume_shelved_or_offload_server): 202 POST http://10.180.1.21/compute/v2.1/servers 7.275s
2025-11-24 14:34:53.330 66313 INFO tempest.common.waiters [-] State transition "BUILD/None" ==> "BUILD/spawning" after 28 second wait
2025-11-24 14:34:53.383 66317 INFO tempest.lib.common.rest_client [req-b6521e9b-eab3-4b2f-a432-89419a7c4d34 req-b6521e9b-eab3-4b2f-a432-89419a7c4d34 ] Request (ServersV294TestFqdnHostnames:setUpClass): 201 POST http://10.180.1.21/identity/v3/auth/tokens 0.101s
2025-11-24 14:34:53.430 66317 INFO tempest.lib.common.rest_client [req-76ea2ec0-cd5a-4387-be58-c98465efebc2 req-76ea2ec0-cd5a-4387-be58-c98465efebc2 ] Request (ServersV294TestFqdnHostnames:setUpClass): 201 POST http://10.180.1.21/identity/v3/auth/tokens 0.041s
2025-11-24 14:34:53.457 66335 INFO tempest.lib.common.rest_client [req-53132480-2e02-4538-9acd-cc61d2e732e4 req-53132480-2e02-4538-9acd-cc61d2e732e4 ] Request (ServersAdminTestJSON:test_list_servers_filter_by_exist_host): 200 GET http://10.180.1.21/compute/v2.1/servers?host=cpu-1&all_tenants=1 6.547s
2025-11-24 14:34:53.471 66317 INFO tempest.lib.common.rest_client [req-5ed437f5-693a-4767-b6a3-531462c2258e req-5ed437f5-693a-4767-b6a3-531462c2258e ] Request (ServersV294TestFqdnHostnames:setUpClass): 200 GET http://10.180.1.21/identity/v3/domains?name=Default 0.036s
2025-11-24 14:34:53.521 66317 INFO tempest.lib.common.rest_client [req-0f536d22-0012-4f3f-b294-1c6a1a6448c6 req-0f536d22-0012-4f3f-b294-1c6a1a6448c6 ] Request (ServersV294TestFqdnHostnames:setUpClass): 201 POST http://10.180.1.21/identity/v3/projects 0.047s
2025-11-24 14:34:53.618 66317 INFO tempest.lib.common.rest_client [req-2394f387-9394-4d89-9928-b1e97f768087 req-2394f387-9394-4d89-9928-b1e97f768087 ] Request (ServersV294TestFqdnHostnames:setUpClass): 201 POST http://10.180.1.21/identity/v3/users 0.096s
2025-11-24 14:34:53.641 66317 INFO tempest.lib.common.rest_client [req-1953fec3-221f-4763-8ae8-d782863b2bc6 req-1953fec3-221f-4763-8ae8-d782863b2bc6 ] Request (ServersV294TestFqdnHostnames:setUpClass): 200 GET http://10.180.1.21/identity/v3/roles 0.023s
2025-11-24 14:34:53.679 66317 INFO tempest.lib.common.rest_client [req-ee775b14-6276-49ba-a535-9f43b2928917 req-ee775b14-6276-49ba-a535-9f43b2928917 ] Request (ServersV294TestFqdnHostnames:setUpClass): 204 PUT http://10.180.1.21/identity/v3/projects/8e102486518842429d2dd8c9e7c04d0f/users/28c898b872434e0da7fd71d0c5ab7297/roles/9398be14c9b4490cbfc4194f781fc6ce 0.037s
2025-11-24 14:34:53.680 66317 INFO tempest.lib.common.dynamic_creds [-] Dynamic test user 28c898b872434e0da7fd71d0c5ab7297 is created with scope project and roles: ['member']
2025-11-24 14:34:53.680 66317 INFO tempest.lib.common.dynamic_creds [-] Acquired dynamic creds: credentials: Credentials: {'domain_id': 'default', 'domain_name': 'Default', 'username': 'tempest-ServersV294TestFqdnHostnames-134123508-project-member', 'project_domain_id': 'default', 'project_domain_name': 'Default', 'project_id': '8e102486518842429d2dd8c9e7c04d0f', 'project_name': 'tempest-ServersV294TestFqdnHostnames-134123508', 'tenant_id': '8e102486518842429d2dd8c9e7c04d0f', 'tenant_name': 'tempest-ServersV294TestFqdnHostnames-134123508', 'user_domain_id': 'default', 'user_domain_name': 'Default', 'user_id': '28c898b872434e0da7fd71d0c5ab7297', 'system': None}, Network: None, Subnet: None, Router: None
2025-11-24 14:34:53.747 66353 INFO tempest.lib.common.rest_client [req-e6fd39bf-fc83-4319-aeb1-ce500b21663b req-e6fd39bf-fc83-4319-aeb1-ce500b21663b ] Request (ServerDiskConfigTestJSON:test_rebuild_server_with_manual_disk_config): 200 GET http://10.180.1.21/compute/v2.1/servers/8e837837-031c-4ef5-9dd3-25274ce06eaa 6.007s
2025-11-24 14:34:53.769 66317 INFO tempest.lib.common.rest_client [req-072a9309-9c81-4961-9d5e-6908b17fe26c req-072a9309-9c81-4961-9d5e-6908b17fe26c ] Request (ServersV294TestFqdnHostnames:setUpClass): 201 POST http://10.180.1.21/identity/v3/auth/tokens 0.089s
2025-11-24 14:34:54.126 66317 INFO tempest.lib.common.rest_client [req-4bc120b1-3e85-47e8-b32d-942bc64072d7 req-4bc120b1-3e85-47e8-b32d-942bc64072d7 ] Request (ServersV294TestFqdnHostnames:setUpClass): 201 POST http://10.180.1.21/networking/v2.0/networks 0.356s
2025-11-24 14:34:54.128 66311 WARNING tempest.lib.common.ssh [-] Failed to establish authenticated ssh connection to cirros@10.180.180.227 ([Errno None] Unable to connect to port 22 on 10.180.180.227). Number attempts: 5. Retry after 6 seconds.: paramiko.ssh_exception.NoValidConnectionsError: [Errno None] Unable to connect to port 22 on 10.180.180.227
2025-11-24 14:34:54.152 66349 INFO tempest.lib.common.rest_client [req-354ef4e7-6f1d-432b-a485-8ebdd2b2b9e0 req-354ef4e7-6f1d-432b-a485-8ebdd2b2b9e0 ] Request (AttachInterfacesTestJSON:test_create_list_show_delete_interfaces_by_network_port): 200 GET http://10.180.1.21/compute/v2.1/servers/b3e41217-c2b8-4567-937a-323ad2bcc419 6.267s
2025-11-24 14:34:54.189 66303 INFO tempest.lib.common.rest_client [req-8b9f7c44-206a-4201-a1a0-0b02107fe6cb req-8b9f7c44-206a-4201-a1a0-0b02107fe6cb ] Request (ListImageFiltersTestJSON:setUpClass): 200 GET http://10.180.1.21/compute/v2.1/images/c4a2c070-7e0c-48bc-b901-e31d2c446d10 6.263s
2025-11-24 14:34:54.408 66317 INFO tempest.lib.common.rest_client [req-da99fbdb-4f65-4f6b-b079-559d1895b603 req-da99fbdb-4f65-4f6b-b079-559d1895b603 ] Request (ServersV294TestFqdnHostnames:setUpClass): 201 POST http://10.180.1.21/networking/v2.0/subnets 0.281s
2025-11-24 14:34:54.566 66307 INFO tempest.lib.common.rest_client [req-aa9a53c8-18ce-4682-a962-d0f0025a0df5 req-aa9a53c8-18ce-4682-a962-d0f0025a0df5 ] Request (ImagesNegativeTestJSON:test_create_image_from_deleted_server): 202 POST http://10.180.1.21/compute/v2.1/servers 7.537s
2025-11-24 14:34:54.634 66309 INFO tempest.lib.common.rest_client [req-be0f6ff9-cb92-4699-afb3-cae1eb2d4cf7 req-be0f6ff9-cb92-4699-afb3-cae1eb2d4cf7 ] Request (ImagesOneServerNegativeTestJSON:test_create_second_image_when_first_image_is_being_saved): 409 POST http://10.180.1.21/compute/v2.1/servers/9e54ac6b-da1b-4edf-ae80-7b3782111d7b/action 5.397s
2025-11-24 14:34:54.682 66303 INFO tempest.lib.common.rest_client [req-5ab4ce7b-3c92-4460-8941-122b2f562cb3 req-5ab4ce7b-3c92-4460-8941-122b2f562cb3 ] Request (ListImageFiltersTestJSON:setUpClass): 201 POST http://10.180.1.21/image/v2/images 0.489s
2025-11-24 14:34:54.974 66329 WARNING tempest.lib.common.ssh [-] Failed to establish authenticated ssh connection to cirros@10.180.180.163 ([Errno None] Unable to connect to port 22 on 10.180.180.163). Number attempts: 5. Retry after 6 seconds.: paramiko.ssh_exception.NoValidConnectionsError: [Errno None] Unable to connect to port 22 on 10.180.180.163
2025-11-24 14:34:55.296 66343 INFO tempest.lib.common.rest_client [req-c9565194-0822-4085-97c6-92cb2c5ba668 req-c9565194-0822-4085-97c6-92cb2c5ba668 ] Request (InstanceActionsNegativeTestJSON:tearDownClass): 200 GET http://10.180.1.21/compute/v2.1/servers/839cfa78-1481-4680-96ec-d24561cc779e 5.995s
2025-11-24 14:34:55.323 66355 INFO tempest.lib.common.rest_client [req-bf8fff05-d1ab-4229-9cf2-9c6613c668f5 req-bf8fff05-d1ab-4229-9cf2-9c6613c668f5 ] Request (ServersAdminNegativeTestJSON:tearDownClass): 404 GET http://10.180.1.21/compute/v2.1/servers/769fd1fe-1002-4f1c-a0ee-4411bef4e266 5.568s
2025-11-24 14:34:55.432 66317 INFO tempest.lib.common.rest_client [req-4bc14035-31c5-457c-a3ac-b88471e730e5 req-4bc14035-31c5-457c-a3ac-b88471e730e5 ] Request (ServersV294TestFqdnHostnames:setUpClass): 201 POST http://10.180.1.21/networking/v2.0/routers 1.023s
2025-11-24 14:34:55.434 66347 INFO tempest.lib.common.rest_client [req-7e34736f-d55e-4a4b-b805-2c0b4dbb1af9 req-7e34736f-d55e-4a4b-b805-2c0b4dbb1af9 ] Request (ServersTestFqdnHostnames:tearDownClass): 204 DELETE http://10.180.1.21/compute/v2.1/servers/186c0adc-b3ca-4e3a-91ad-14eae166457f 5.272s
2025-11-24 14:34:55.532 66351 INFO tempest.lib.common.rest_client [req-23a6e464-2459-4e16-a4f0-d191e227ecb9 req-23a6e464-2459-4e16-a4f0-d191e227ecb9 ] Request (ServerMetadataTestJSON:tearDownClass): 200 GET http://10.180.1.21/compute/v2.1/servers/9104e815-c3a6-4156-9b75-e145f1a17a34 5.074s
2025-11-24 14:34:55.699 66337 INFO tempest.lib.common.rest_client [req-fba31d3f-3b85-4e24-95c5-84f496a0c706 req-fba31d3f-3b85-4e24-95c5-84f496a0c706 ] Request (FloatingIPsAssociationTestJSON:test_associate_already_associated_floating_ip): 202 POST http://10.180.1.21/compute/v2.1/servers/abe53013-b6c0-4489-a0bb-0d3b5f1eef41/action 7.039s
2025-11-24 14:34:55.730 66339 INFO tempest.lib.common.rest_client [req-fce0e7b3-3053-43e7-8369-6ccc9d4c879b req-fce0e7b3-3053-43e7-8369-6ccc9d4c879b ] Request (ServerExternalEventsTest:tearDownClass): 404 GET http://10.180.1.21/compute/v2.1/servers/2a556d78-c712-4337-9b21-2a01d6e532b3 5.159s
2025-11-24 14:34:55.899 66339 INFO tempest.lib.common.rest_client [req-9d9ffb6a-ed18-4470-9759-ddd73463c109 req-9d9ffb6a-ed18-4470-9759-ddd73463c109 ] Request (ServerExternalEventsTest:tearDownClass): 204 DELETE http://10.180.1.21/identity/v3/users/0dfc2977ce144195abef693d33b7a6ab 0.168s
2025-11-24 14:34:55.943 66327 INFO tempest.lib.common.rest_client [req-56112f19-700d-4496-9d81-293429d19aa5 req-56112f19-700d-4496-9d81-293429d19aa5 ] Request (MigrationsAdminTest:test_list_migrations_in_flavor_resize_situation): 200 GET http://10.180.1.21/compute/v2.1/servers/8665269f-97cf-4734-af7c-aad223e234df 5.055s
2025-11-24 14:34:55.955 66327 INFO tempest.common.waiters [-] State transition "BUILD/None" ==> "BUILD/spawning" after 29 second wait
2025-11-24 14:34:56.032 66315 INFO tempest.lib.common.rest_client [req-9d817b32-dfb4-46b5-ac22-5467dbb83997 req-9d817b32-dfb4-46b5-ac22-5467dbb83997 ] Request (ServerActionsTestJSON:test_reboot_server_hard): 202 POST http://10.180.1.21/compute/v2.1/servers/9d8c30eb-4dd2-48ca-bb09-7d30814ed474/action 4.862s
2025-11-24 14:34:56.146 66339 INFO tempest.lib.common.rest_client [req-04266d09-0454-4dac-9081-624b1a21f089 req-04266d09-0454-4dac-9081-624b1a21f089 ] Request (ServerExternalEventsTest:tearDownClass): 204 DELETE http://10.180.1.21/identity/v3/users/83d4af0f7720416eb722ed8170ecd877 0.246s
2025-11-24 14:34:56.177 66333 INFO tempest.lib.common.rest_client [req-a57962c7-b9ca-4f36-99e1-8a27b6ddcaf1 req-a57962c7-b9ca-4f36-99e1-8a27b6ddcaf1 ] Request (ServersListShow2100Test:tearDownClass): 200 GET http://10.180.1.21/compute/v2.1/servers/84d828fe-5c94-4737-9d83-b2a5b1ee5eed 4.875s
2025-11-24 14:34:56.250 66325 INFO tempest.lib.common.rest_client [req-023ddb6f-342b-4379-9b91-757238a82765 req-023ddb6f-342b-4379-9b91-757238a82765 ] Request (ServersWithSpecificFlavorTestJSON:test_verify_created_server_ephemeral_disk): 200 GET http://10.180.1.21/compute/v2.1/servers/6e9372db-eb28-44d1-9f4a-b38847e33b6e 4.845s
2025-11-24 14:34:56.304 66339 INFO tempest.lib.common.rest_client [req-65fe04c0-be56-4768-8cff-f110c870678f req-65fe04c0-be56-4768-8cff-f110c870678f ] Request (ServerExternalEventsTest:tearDownClass): 204 DELETE http://10.180.1.21/identity/v3/users/6baa50a5f0d04ea999b44907c317baee 0.154s
2025-11-24 14:34:56.305 66339 INFO tempest.lib.common.dynamic_creds [-] Deleting project and security group for project: 2d519e780bb84de8902872b5afdfd863
2025-11-24 14:34:56.326 66319 INFO tempest.lib.common.rest_client [req-db6d0e71-c72b-4119-b6c6-597ff4e0aa79 req-db6d0e71-c72b-4119-b6c6-597ff4e0aa79 ] Request (ListServerFiltersTestJSON:setUpClass): 200 GET http://10.180.1.21/compute/v2.1/servers/c475a30f-512e-4552-8f52-6b35b5ea1750 4.799s
2025-11-24 14:34:56.458 66339 INFO tempest.lib.common.rest_client [req-fe8a18fb-0b9f-491c-83f5-f0d821c693c7 req-fe8a18fb-0b9f-491c-83f5-f0d821c693c7 ] Request (ServerExternalEventsTest:tearDownClass): 201 POST http://10.180.1.21/identity/v3/auth/tokens 0.153s
2025-11-24 14:34:56.507 66305 INFO tempest.lib.common.rest_client [req-510af68d-1567-461f-b7fc-2e82d9e009f8 req-510af68d-1567-461f-b7fc-2e82d9e009f8 ] Request (InstanceActionsTestJSON:setUpClass): 200 GET http://10.180.1.21/compute/v2.1/servers/efcafb5b-0abc-41b0-a0c6-19fe2cb2c723 3.412s
2025-11-24 14:34:56.599 66317 INFO tempest.lib.common.rest_client [req-1b56c2e0-965f-453c-a07e-6380fea5a07c req-1b56c2e0-965f-453c-a07e-6380fea5a07c ] Request (ServersV294TestFqdnHostnames:setUpClass): 200 PUT http://10.180.1.21/networking/v2.0/routers/03229b96-84cc-49f8-b97c-d5c7f3dd75db/add_router_interface 1.166s
2025-11-24 14:34:56.599 66317 INFO tempest.lib.common.dynamic_creds [-] Created isolated network resources for: credentials: Credentials: {'domain_id': 'default', 'domain_name': 'Default', 'username': 'tempest-ServersV294TestFqdnHostnames-134123508-project-member', 'project_domain_id': 'default', 'project_domain_name': 'Default', 'project_id': '8e102486518842429d2dd8c9e7c04d0f', 'project_name': 'tempest-ServersV294TestFqdnHostnames-134123508', 'tenant_id': '8e102486518842429d2dd8c9e7c04d0f', 'tenant_name': 'tempest-ServersV294TestFqdnHostnames-134123508', 'user_domain_id': 'default', 'user_domain_name': 'Default', 'user_id': '28c898b872434e0da7fd71d0c5ab7297', 'system': None}, Network: {'id': 'e3e3f96e-8d30-47de-945a-82a0f5a1466a', 'name': 'tempest-ServersV294TestFqdnHostnames-1404601675-network', 'tenant_id': '8e102486518842429d2dd8c9e7c04d0f', 'project_id': '8e102486518842429d2dd8c9e7c04d0f', 'admin_state_up': True, 'mtu': 8950, 'status': 'ACTIVE', 'subnets': [], 'shared': False, 'port_security_enabled': True, 'router:external': False, 'provider:network_type': 'vlan', 'provider:physical_network': 'default', 'provider:segmentation_id': 835, 'availability_zone_hints': [], 'availability_zones': [], 'ipv4_address_scope': None, 'ipv6_address_scope': None, 'description': '', 'tags': [], 'created_at': '2025-11-24T14:34:54Z', 'updated_at': '2025-11-24T14:34:54Z', 'revision_number': 1}, Subnet: {'id': 'f4196d0a-6e14-4390-ab2f-75872028a653', 'name': 'tempest-ServersV294TestFqdnHostnames-1404601675-subnet', 'tenant_id': '8e102486518842429d2dd8c9e7c04d0f', 'network_id': 'e3e3f96e-8d30-47de-945a-82a0f5a1466a', 'ip_version': 4, 'subnetpool_id': None, 'enable_dhcp': True, 'ipv6_ra_mode': None, 'ipv6_address_mode': None, 'gateway_ip': '192.168.128.1', 'cidr': '192.168.128.0/28', 'allocation_pools': [{'start': '192.168.128.2', 'end': '192.168.128.14'}], 'host_routes': [], 'dns_nameservers': [], 'description': '', 'router:external': False, 'service_types': [], 'tags': [], 'created_at': '2025-11-24T14:34:54Z', 'updated_at': '2025-11-24T14:34:54Z', 'revision_number': 0, 'project_id': '8e102486518842429d2dd8c9e7c04d0f'}, Router: {'id': '03229b96-84cc-49f8-b97c-d5c7f3dd75db', 'name': 'tempest-ServersV294TestFqdnHostnames-1404601675-router', 'tenant_id': '8e102486518842429d2dd8c9e7c04d0f', 'admin_state_up': True, 'status': 'ACTIVE', 'external_gateway_info': {'network_id': 'd8982e1b-c675-417f-bbdf-1c5cd2827933', 'external_fixed_ips': [{'subnet_id': 'eb88b088-7d58-4ddb-b5f5-775afa87e04c', 'ip_address': '10.180.180.144'}], 'enable_snat': True}, 'description': '', 'availability_zones': [], 'distributed': False, 'ha': False, 'availability_zone_hints': [], 'routes': [], 'flavor_id': None, 'tags': [], 'created_at': '2025-11-24T14:34:54Z', 'updated_at': '2025-11-24T14:34:54Z', 'revision_number': 2, 'project_id': '8e102486518842429d2dd8c9e7c04d0f'}
2025-11-24 14:34:56.748 66339 INFO tempest.lib.common.rest_client [req-d33ffddf-d386-4c30-996c-c9d4a0702392 req-d33ffddf-d386-4c30-996c-c9d4a0702392 ] Request (ServerExternalEventsTest:tearDownClass): 200 GET http://10.180.1.21/networking/v2.0/security-groups?tenant_id=2d519e780bb84de8902872b5afdfd863&name=default 0.290s
2025-11-24 14:34:56.749 66317 INFO tempest.lib.common.rest_client [req-278b2f78-e33e-4e13-9f74-e6f974dba172 req-278b2f78-e33e-4e13-9f74-e6f974dba172 ] Request (ServersV294TestFqdnHostnames:setUpClass): 201 POST http://10.180.1.21/identity/v3/auth/tokens 0.146s
2025-11-24 14:34:56.861 66339 INFO tempest.lib.common.rest_client [req-60f7fe1e-98c2-4f2c-be10-5dc5f259ef09 req-60f7fe1e-98c2-4f2c-be10-5dc5f259ef09 ] Request (ServerExternalEventsTest:tearDownClass): 204 DELETE http://10.180.1.21/networking/v2.0/security-groups/448a0e04-d79c-400b-8956-90cb16b89d05 0.112s
2025-11-24 14:34:56.938 66339 INFO tempest.lib.common.rest_client [req-eb924f42-d65c-43f8-a19c-80e5fbd0dcee req-eb924f42-d65c-43f8-a19c-80e5fbd0dcee ] Request (ServerExternalEventsTest:tearDownClass): 204 DELETE http://10.180.1.21/identity/v3/projects/2d519e780bb84de8902872b5afdfd863 0.076s
2025-11-24 14:34:56.938 66339 INFO tempest.lib.common.dynamic_creds [-] Deleting project and security group for project: 28eebb4781b24eb19bfe20d5ce800c96
2025-11-24 14:34:56.965 66339 INFO tempest.lib.common.rest_client [req-3131c9e2-7c5f-40bb-97ea-ab978263a45d req-3131c9e2-7c5f-40bb-97ea-ab978263a45d ] Request (ServerExternalEventsTest:tearDownClass): 200 GET http://10.180.1.21/networking/v2.0/security-groups?tenant_id=28eebb4781b24eb19bfe20d5ce800c96&name=default 0.027s
2025-11-24 14:34:56.974 66303 INFO tempest.lib.common.rest_client [req-aff5a675-ad00-4ef1-81e2-536db7927777 req-aff5a675-ad00-4ef1-81e2-536db7927777 ] Request (ListImageFiltersTestJSON:setUpClass): 204 PUT http://10.180.1.21/image/v2/images/784c66a3-40a4-4cfa-b1ed-2a25858e4e9b/file 1.290s
2025-11-24 14:34:57.075 66339 INFO tempest.lib.common.rest_client [req-07225207-6a57-42a1-a855-83341f725e82 req-07225207-6a57-42a1-a855-83341f725e82 ] Request (ServerExternalEventsTest:tearDownClass): 204 DELETE http://10.180.1.21/networking/v2.0/security-groups/27b85908-8ec4-43b9-a75f-406d0e56ea98 0.109s
2025-11-24 14:34:57.213 66339 INFO tempest.lib.common.rest_client [req-2a70f107-6500-44dd-bb98-89545fe80b67 req-2a70f107-6500-44dd-bb98-89545fe80b67 ] Request (ServerExternalEventsTest:tearDownClass): 204 DELETE http://10.180.1.21/identity/v3/projects/28eebb4781b24eb19bfe20d5ce800c96 0.137s
2025-11-24 14:34:57.213 66339 INFO tempest.lib.common.dynamic_creds [-] Deleting project and security group for project: c9975def30a64f159bfe4fc5133a1d03
2025-11-24 14:34:57.352 66339 INFO tempest.lib.common.rest_client [req-8035c4b7-f381-4dcf-9bed-15e7dbe9fa5f req-8035c4b7-f381-4dcf-9bed-15e7dbe9fa5f ] Request (ServerExternalEventsTest:tearDownClass): 200 GET http://10.180.1.21/networking/v2.0/security-groups?tenant_id=c9975def30a64f159bfe4fc5133a1d03&name=default 0.137s
2025-11-24 14:34:57.363 66301 INFO tempest.lib.common.rest_client [req-0264d5c2-4755-4193-8e05-eb27036054ba req-0264d5c2-4755-4193-8e05-eb27036054ba ] Request (ServersNegativeTestJSON:setUpClass): 202 POST http://10.180.1.21/compute/v2.1/servers 4.265s
2025-11-24 14:34:57.418 66359 INFO tempest.lib.common.rest_client [req-280fe8ac-87d9-418d-bb56-093ba684569e req-280fe8ac-87d9-418d-bb56-093ba684569e ] Request (ListServersNegativeTestJSON:setUpClass): 202 POST http://10.180.1.21/compute/v2.1/servers 6.885s
2025-11-24 14:34:57.440 66341 INFO tempest.lib.common.rest_client [req-3a02f3c4-0db4-419f-addc-c18c865b7155 req-3a02f3c4-0db4-419f-addc-c18c865b7155 ] Request (ImagesTestJSON:test_create_image_from_suspended_server): 200 GET http://10.180.1.21/compute/v2.1/servers/3bf040bd-7739-48de-8aa7-1addf2ac922c 4.130s
2025-11-24 14:34:57.501 66331 INFO tempest.lib.common.rest_client [req-9ae4b127-4cc8-4d0b-92fb-b3422ae893c8 req-9ae4b127-4cc8-4d0b-92fb-b3422ae893c8 ] Request (AttachVolumeShelveTestJSON:test_attach_volume_shelved_or_offload_server): 200 GET http://10.180.1.21/compute/v2.1/servers/77832e30-4e8e-42ab-b3ab-959fbeeedb71 4.181s
2025-11-24 14:34:57.504 66335 INFO tempest.lib.common.rest_client [req-0f005fd8-63ec-4106-acd8-66400ebd5fdd req-0f005fd8-63ec-4106-acd8-66400ebd5fdd ] Request (ServersAdminTestJSON:test_list_servers_filter_by_exist_host): 200 GET http://10.180.1.21/compute/v2.1/servers?host=nonexistent_host&all_tenants=1 4.042s
2025-11-24 14:34:57.516 66339 INFO tempest.lib.common.rest_client [req-f4479a5e-cf29-4f13-8f04-a887632b419d req-f4479a5e-cf29-4f13-8f04-a887632b419d ] Request (ServerExternalEventsTest:tearDownClass): 204 DELETE http://10.180.1.21/networking/v2.0/security-groups/9969d960-7480-4e8f-a3bb-88bbf4072ce5 0.164s
2025-11-24 14:34:57.642 66323 INFO tempest.lib.common.rest_client [req-a4a0a683-1263-4a39-a5df-56beb808d0c4 req-a4a0a683-1263-4a39-a5df-56beb808d0c4 ] Request (VolumesAssistedSnapshotsTest:tearDownClass): 200 GET http://10.180.1.21/compute/v2.1/servers/fdbd0b96-711e-438b-b7a3-b5a692fae322 3.663s
2025-11-24 14:34:57.711 66339 INFO tempest.lib.common.rest_client [req-43f93be0-9a80-42af-afda-66ea8b2f8328 req-43f93be0-9a80-42af-afda-66ea8b2f8328 ] Request (ServerExternalEventsTest:tearDownClass): 204 DELETE http://10.180.1.21/identity/v3/projects/c9975def30a64f159bfe4fc5133a1d03 0.195s
2025-11-24 14:34:57.783 66353 INFO tempest.lib.common.rest_client [req-0ded66ae-3bb9-47ac-b065-1d3e792732ac req-0ded66ae-3bb9-47ac-b065-1d3e792732ac ] Request (ServerDiskConfigTestJSON:test_rebuild_server_with_manual_disk_config): 202 POST http://10.180.1.21/compute/v2.1/servers/8e837837-031c-4ef5-9dd3-25274ce06eaa/action 4.025s
2025-11-24 14:34:57.872 66339 INFO tempest.lib.common.rest_client [req-6db95953-5a02-4699-8b7f-e107466018c9 req-6db95953-5a02-4699-8b7f-e107466018c9 ] Request (SecurityGroupsTestJSON:setUpClass): 201 POST http://10.180.1.21/identity/v3/auth/tokens 0.158s
2025-11-24 14:34:57.915 66339 INFO tempest.lib.common.rest_client [req-3f5e7afc-a24d-4b7c-88bb-10e5b87a40f7 req-3f5e7afc-a24d-4b7c-88bb-10e5b87a40f7 ] Request (SecurityGroupsTestJSON:setUpClass): 201 POST http://10.180.1.21/identity/v3/auth/tokens 0.039s
2025-11-24 14:34:57.939 66313 INFO tempest.lib.common.rest_client [req-3c89ac81-6b3f-4e32-99e3-ca700ff6aa2c req-3c89ac81-6b3f-4e32-99e3-ca700ff6aa2c ] Request (ServerMetadataNegativeTestJSON:setUpClass): 200 GET http://10.180.1.21/compute/v2.1/servers/b90f9a28-4a3e-4e45-a7df-304c7fdcb311 3.607s
2025-11-24 14:34:57.949 66339 INFO tempest.lib.common.rest_client [req-54ecfc45-bc6b-4803-b1cf-0bd78bcca6d8 req-54ecfc45-bc6b-4803-b1cf-0bd78bcca6d8 ] Request (SecurityGroupsTestJSON:setUpClass): 200 GET http://10.180.1.21/identity/v3/domains?name=Default 0.034s
2025-11-24 14:34:58.007 66307 INFO tempest.lib.common.rest_client [req-5b0c2f6e-ec2e-4174-b54a-4d4dfe88f382 req-5b0c2f6e-ec2e-4174-b54a-4d4dfe88f382 ] Request (ImagesNegativeTestJSON:test_create_image_from_deleted_server): 200 GET http://10.180.1.21/compute/v2.1/servers/b27d28a9-70e3-40fc-ad79-9be40204f4f4 3.439s
2025-11-24 14:34:58.022 66339 INFO tempest.lib.common.rest_client [req-c6abe46c-690d-4b83-ba24-c84f98f77218 req-c6abe46c-690d-4b83-ba24-c84f98f77218 ] Request (SecurityGroupsTestJSON:setUpClass): 201 POST http://10.180.1.21/identity/v3/projects 0.072s
2025-11-24 14:34:58.105 66309 INFO tempest.lib.common.rest_client [req-9980b4ba-412a-45a1-a146-bc3aa245b22b req-9980b4ba-412a-45a1-a146-bc3aa245b22b ] Request (ImagesOneServerNegativeTestJSON:test_create_second_image_when_first_image_is_being_saved): 204 DELETE http://10.180.1.21/compute/v2.1/images/2a345702-df04-4448-a0ce-c083fdbd5f78 3.470s
2025-11-24 14:34:58.140 66339 INFO tempest.lib.common.rest_client [req-17aa4463-39f3-4204-aee4-7e636bb2bac1 req-17aa4463-39f3-4204-aee4-7e636bb2bac1 ] Request (SecurityGroupsTestJSON:setUpClass): 201 POST http://10.180.1.21/identity/v3/users 0.116s
2025-11-24 14:34:58.164 66349 INFO tempest.lib.common.rest_client [req-05015cb0-5e03-45da-bec6-96e84365d7b1 req-05015cb0-5e03-45da-bec6-96e84365d7b1 ] Request (AttachInterfacesTestJSON:test_create_list_show_delete_interfaces_by_network_port): 200 GET http://10.180.1.21/compute/v2.1/servers/b3e41217-c2b8-4567-937a-323ad2bcc419 3.003s
2025-11-24 14:34:58.181 66339 INFO tempest.lib.common.rest_client [req-cb60cb2d-1ab6-4af9-91af-09f1d6a34ddc req-cb60cb2d-1ab6-4af9-91af-09f1d6a34ddc ] Request (SecurityGroupsTestJSON:setUpClass): 200 GET http://10.180.1.21/identity/v3/roles 0.039s
2025-11-24 14:34:58.236 66339 INFO tempest.lib.common.rest_client [req-15eed41f-6514-4099-a2f4-299654345811 req-15eed41f-6514-4099-a2f4-299654345811 ] Request (SecurityGroupsTestJSON:setUpClass): 204 PUT http://10.180.1.21/identity/v3/projects/7987e28b067b4760b13e3f0af7abeb34/users/76b324376d054db1b4c168141e69d5ad/roles/9398be14c9b4490cbfc4194f781fc6ce 0.054s
2025-11-24 14:34:58.237 66339 INFO tempest.lib.common.dynamic_creds [-] Dynamic test user 76b324376d054db1b4c168141e69d5ad is created with scope project and roles: ['member']
2025-11-24 14:34:58.237 66339 INFO tempest.lib.common.dynamic_creds [-] Acquired dynamic creds: credentials: Credentials: {'domain_id': 'default', 'domain_name': 'Default', 'username': 'tempest-SecurityGroupsTestJSON-302347413-project-member', 'project_domain_id': 'default', 'project_domain_name': 'Default', 'project_id': '7987e28b067b4760b13e3f0af7abeb34', 'project_name': 'tempest-SecurityGroupsTestJSON-302347413', 'tenant_id': '7987e28b067b4760b13e3f0af7abeb34', 'tenant_name': 'tempest-SecurityGroupsTestJSON-302347413', 'user_domain_id': 'default', 'user_domain_name': 'Default', 'user_id': '76b324376d054db1b4c168141e69d5ad', 'system': None}, Network: None, Subnet: None, Router: None
2025-11-24 14:34:58.261 66355 INFO tempest.lib.common.rest_client [req-573b4b19-092b-4b26-9e4d-d3fb6a8f9432 req-573b4b19-092b-4b26-9e4d-d3fb6a8f9432 ] Request (ServersAdminNegativeTestJSON:tearDownClass): 204 DELETE http://10.180.1.21/compute/v2.1/servers/e745403e-3277-4edb-93ca-16c2a3396ed9 2.937s
2025-11-24 14:34:58.317 66347 INFO tempest.lib.common.rest_client [req-64428bd9-097e-44f8-9ec0-bee68ccf0753 req-64428bd9-097e-44f8-9ec0-bee68ccf0753 ] Request (ServersTestFqdnHostnames:tearDownClass): 200 GET http://10.180.1.21/compute/v2.1/servers/186c0adc-b3ca-4e3a-91ad-14eae166457f 2.883s
2025-11-24 14:34:58.334 66339 INFO tempest.lib.common.rest_client [req-0dcc13bb-2077-454e-b3b2-1a7160dbebf1 req-0dcc13bb-2077-454e-b3b2-1a7160dbebf1 ] Request (SecurityGroupsTestJSON:setUpClass): 201 POST http://10.180.1.21/identity/v3/auth/tokens 0.097s
2025-11-24 14:34:58.750 66339 INFO tempest.lib.common.rest_client [req-dc6cf63e-9d00-43aa-8c8e-61200bb109d1 req-dc6cf63e-9d00-43aa-8c8e-61200bb109d1 ] Request (SecurityGroupsTestJSON:setUpClass): 201 POST http://10.180.1.21/networking/v2.0/networks 0.416s
