2025-11-24 14:33:09.121 66347 INFO tempest.lib.common.rest_client [req-1dbfcdaa-cd53-42d7-9cc9-1063524d8899 req-1dbfcdaa-cd53-42d7-9cc9-1063524d8899 ] Request (ListImagesTestJSON:setUpClass): 200 GET http://10.180.1.21/identity/v3/domains?name=Default 0.024s
2025-11-24 14:33:09.128 66311 INFO tempest.lib.common.rest_client [req-7d9d0f15-e822-484e-943f-af742717c11b req-7d9d0f15-e822-484e-943f-af742717c11b ] Request (ServerActionsV293TestJSON:setUpClass): 201 POST http://10.180.1.21/identity/v3/auth/tokens 0.027s
2025-11-24 14:33:09.148 66347 INFO tempest.lib.common.rest_client [req-4db64aba-e97f-42d1-a6ec-f5c8dddb6c73 req-4db64aba-e97f-42d1-a6ec-f5c8dddb6c73 ] Request (ListImagesTestJSON:setUpClass): 201 POST http://10.180.1.21/identity/v3/projects 0.026s
2025-11-24 14:33:09.153 66311 INFO tempest.lib.common.rest_client [req-6925d4ed-35da-404b-93e8-e19065727d71 req-6925d4ed-35da-404b-93e8-e19065727d71 ] Request (ServerActionsV293TestJSON:setUpClass): 200 GET http://10.180.1.21/identity/v3/domains?name=Default 0.025s
2025-11-24 14:33:09.209 66347 INFO tempest.lib.common.rest_client [req-e294cead-bcf9-43ac-91ec-5be7af107b6a req-e294cead-bcf9-43ac-91ec-5be7af107b6a ] Request (ListImagesTestJSON:setUpClass): 201 POST http://10.180.1.21/identity/v3/users 0.060s
2025-11-24 14:33:09.214 66311 INFO tempest.lib.common.rest_client [req-16615368-46e6-4cec-9e1a-0d9c0e296f46 req-16615368-46e6-4cec-9e1a-0d9c0e296f46 ] Request (ServerActionsV293TestJSON:setUpClass): 201 POST http://10.180.1.21/identity/v3/projects 0.060s
2025-11-24 14:33:09.250 66337 INFO tempest.lib.common.rest_client [req-a983a201-459b-4aa0-92ed-671f8cbe100a req-a983a201-459b-4aa0-92ed-671f8cbe100a ] Request (ServerDiagnosticsV248Test:test_get_server_diagnostics): 200 GET http://10.180.1.21/compute/v2.1/servers/08bfb94e-3693-45aa-ac2d-3368979d37ab/diagnostics 8.365s
2025-11-24 14:33:09.277 66347 INFO tempest.lib.common.rest_client [req-3af15f4a-2794-4403-a536-7974c6dbf4e2 req-3af15f4a-2794-4403-a536-7974c6dbf4e2 ] Request (ListImagesTestJSON:setUpClass): 200 GET http://10.180.1.21/identity/v3/roles 0.067s
2025-11-24 14:33:09.294 66311 INFO tempest.lib.common.rest_client [req-9bb5a9ab-7f74-41fb-8578-3f9e1913c7bb req-9bb5a9ab-7f74-41fb-8578-3f9e1913c7bb ] Request (ServerActionsV293TestJSON:setUpClass): 201 POST http://10.180.1.21/identity/v3/users 0.079s
2025-11-24 14:33:09.315 66311 INFO tempest.lib.common.rest_client [req-50c8eafd-c3b1-4889-a7cd-e4ae149ac4ff req-50c8eafd-c3b1-4889-a7cd-e4ae149ac4ff ] Request (ServerActionsV293TestJSON:setUpClass): 200 GET http://10.180.1.21/identity/v3/roles 0.020s
2025-11-24 14:33:09.314 66347 INFO tempest.lib.common.rest_client [req-19bb091c-453b-457b-8658-e61bbf43fc08 req-19bb091c-453b-457b-8658-e61bbf43fc08 ] Request (ListImagesTestJSON:setUpClass): 204 PUT http://10.180.1.21/identity/v3/projects/6b98a2a97e79425091bdb719a9792f1a/users/c9b03f3a03154e26a272de77fda28510/roles/9398be14c9b4490cbfc4194f781fc6ce 0.036s
2025-11-24 14:33:09.315 66347 INFO tempest.lib.common.dynamic_creds [-] Dynamic test user c9b03f3a03154e26a272de77fda28510 is created with scope project and roles: ['member']
2025-11-24 14:33:09.316 66347 INFO tempest.lib.common.dynamic_creds [-] Acquired dynamic creds: credentials: Credentials: {'domain_id': 'default', 'domain_name': 'Default', 'username': 'tempest-ListImagesTestJSON-986930970-project-member', 'project_domain_id': 'default', 'project_domain_name': 'Default', 'project_id': '6b98a2a97e79425091bdb719a9792f1a', 'project_name': 'tempest-ListImagesTestJSON-986930970', 'tenant_id': '6b98a2a97e79425091bdb719a9792f1a', 'tenant_name': 'tempest-ListImagesTestJSON-986930970', 'user_domain_id': 'default', 'user_domain_name': 'Default', 'user_id': 'c9b03f3a03154e26a272de77fda28510', 'system': None}, Network: None, Subnet: None, Router: None
2025-11-24 14:33:09.316 66347 INFO tempest.lib.common.dynamic_creds [-] Created isolated network resources for: credentials: Credentials: {'domain_id': 'default', 'domain_name': 'Default', 'username': 'tempest-ListImagesTestJSON-986930970-project-member', 'project_domain_id': 'default', 'project_domain_name': 'Default', 'project_id': '6b98a2a97e79425091bdb719a9792f1a', 'project_name': 'tempest-ListImagesTestJSON-986930970', 'tenant_id': '6b98a2a97e79425091bdb719a9792f1a', 'tenant_name': 'tempest-ListImagesTestJSON-986930970', 'user_domain_id': 'default', 'user_domain_name': 'Default', 'user_id': 'c9b03f3a03154e26a272de77fda28510', 'system': None}, Network: None, Subnet: None, Router: None
2025-11-24 14:33:09.398 66311 INFO tempest.lib.common.rest_client [req-818231c9-7ea6-46e4-aaf7-bb031a4516ec req-818231c9-7ea6-46e4-aaf7-bb031a4516ec ] Request (ServerActionsV293TestJSON:setUpClass): 204 PUT http://10.180.1.21/identity/v3/projects/ba036fbbcb304b3894d5a250ef3c8658/users/ba6d67579d274c3893397c2a9b3c3710/roles/9398be14c9b4490cbfc4194f781fc6ce 0.083s
2025-11-24 14:33:09.398 66311 INFO tempest.lib.common.dynamic_creds [-] Dynamic test user ba6d67579d274c3893397c2a9b3c3710 is created with scope project and roles: ['member']
2025-11-24 14:33:09.399 66311 INFO tempest.lib.common.dynamic_creds [-] Acquired dynamic creds: credentials: Credentials: {'domain_id': 'default', 'domain_name': 'Default', 'username': 'tempest-ServerActionsV293TestJSON-838257534-project-member', 'project_domain_id': 'default', 'project_domain_name': 'Default', 'project_id': 'ba036fbbcb304b3894d5a250ef3c8658', 'project_name': 'tempest-ServerActionsV293TestJSON-838257534', 'tenant_id': 'ba036fbbcb304b3894d5a250ef3c8658', 'tenant_name': 'tempest-ServerActionsV293TestJSON-838257534', 'user_domain_id': 'default', 'user_domain_name': 'Default', 'user_id': 'ba6d67579d274c3893397c2a9b3c3710', 'system': None}, Network: None, Subnet: None, Router: None
2025-11-24 14:33:09.407 66347 INFO tempest.lib.common.rest_client [req-74f41945-ed76-44ca-8167-3663abaf69d2 req-74f41945-ed76-44ca-8167-3663abaf69d2 ] Request (ListImagesTestJSON:setUpClass): 201 POST http://10.180.1.21/identity/v3/auth/tokens 0.085s
2025-11-24 14:33:09.419 66335 INFO tempest.lib.common.rest_client [req-63f5d124-b8a3-4354-bb46-b889ebf8e7bb req-63f5d124-b8a3-4354-bb46-b889ebf8e7bb ] Request (ServersAdminTestJSON:setUpClass): 200 GET http://10.180.1.21/compute/v2.1/servers/725d4c63-025b-405a-a8d7-77fc2275d946 8.352s
2025-11-24 14:33:09.430 66335 INFO tempest.common.waiters [-] State transition "BUILD/spawning" ==> "ACTIVE/None" after 30 second wait
2025-11-24 14:33:09.445 66307 INFO tempest.lib.common.rest_client [req-e8d7d400-bbde-44af-9cc2-fda2262e411b req-e8d7d400-bbde-44af-9cc2-fda2262e411b ] Request (ServerDiagnosticsNegativeTest:tearDownClass): 404 GET http://10.180.1.21/compute/v2.1/servers/7b893801-07b6-4a7a-845e-d4479144e544 8.372s
2025-11-24 14:33:09.486 66311 INFO tempest.lib.common.rest_client [req-0271e9ba-523f-4a01-b6de-5e7ef3037211 req-0271e9ba-523f-4a01-b6de-5e7ef3037211 ] Request (ServerActionsV293TestJSON:setUpClass): 201 POST http://10.180.1.21/identity/v3/auth/tokens 0.086s
2025-11-24 14:33:09.580 66307 INFO tempest.lib.common.rest_client [req-779cb860-cbd2-41be-a69c-8ec282baa89a req-779cb860-cbd2-41be-a69c-8ec282baa89a ] Request (ServerDiagnosticsNegativeTest:tearDownClass): 204 DELETE http://10.180.1.21/identity/v3/users/1557a0639b1346daaa52e944ac034fe9 0.134s
2025-11-24 14:33:09.709 66307 INFO tempest.lib.common.rest_client [req-a960f514-c1ba-4bd1-b7bc-572df70ff25d req-a960f514-c1ba-4bd1-b7bc-572df70ff25d ] Request (ServerDiagnosticsNegativeTest:tearDownClass): 204 DELETE http://10.180.1.21/identity/v3/users/0747b0d22bb5418db77ebbae594bac0a 0.128s
2025-11-24 14:33:09.709 66307 INFO tempest.lib.common.dynamic_creds [-] Deleting project and security group for project: 1dd93119d4214c53a7fdec6841bab27d
2025-11-24 14:33:09.778 66325 INFO tempest.lib.common.rest_client [req-8f7d4876-a0d0-4e7d-8ce0-22a168e27713 req-8f7d4876-a0d0-4e7d-8ce0-22a168e27713 ] Request (ServersWithSpecificFlavorTestJSON:test_verify_created_server_ephemeral_disk): 200 GET http://10.180.1.21/compute/v2.1/servers/2528529c-79c4-40cb-9512-d0ff52d3ac08 8.512s
2025-11-24 14:33:09.782 66307 INFO tempest.lib.common.rest_client [req-c6254fa0-1f6b-43de-a5af-314027996f05 req-c6254fa0-1f6b-43de-a5af-314027996f05 ] Request (ServerDiagnosticsNegativeTest:tearDownClass): 201 POST http://10.180.1.21/identity/v3/auth/tokens 0.073s
2025-11-24 14:33:09.801 66311 INFO tempest.lib.common.rest_client [req-f6673e24-2f8f-481f-bfad-d1358722f532 req-f6673e24-2f8f-481f-bfad-d1358722f532 ] Request (ServerActionsV293TestJSON:setUpClass): 201 POST http://10.180.1.21/networking/v2.0/networks 0.314s
2025-11-24 14:33:09.849 66303 INFO tempest.lib.common.rest_client [req-c8968364-fc2b-474c-b7c4-3911d92b7617 req-c8968364-fc2b-474c-b7c4-3911d92b7617 ] Request (KeyPairsV210TestJSON:test_admin_manage_keypairs_for_other_users): 201 POST http://10.180.1.21/compute/v2.1/os-keypairs 7.721s
2025-11-24 14:33:09.885 66307 INFO tempest.lib.common.rest_client [req-0f0bbc41-6943-417e-9230-9a7f82e526e2 req-0f0bbc41-6943-417e-9230-9a7f82e526e2 ] Request (ServerDiagnosticsNegativeTest:tearDownClass): 200 GET http://10.180.1.21/networking/v2.0/security-groups?tenant_id=1dd93119d4214c53a7fdec6841bab27d&name=default 0.103s
2025-11-24 14:33:10.014 66307 INFO tempest.lib.common.rest_client [req-3b3c348e-ba15-43ce-bd93-7fc9fbe1aaa0 req-3b3c348e-ba15-43ce-bd93-7fc9fbe1aaa0 ] Request (ServerDiagnosticsNegativeTest:tearDownClass): 204 DELETE http://10.180.1.21/networking/v2.0/security-groups/fec81ce3-7d2a-43a6-b4de-83696a200925 0.128s
2025-11-24 14:33:10.026 66311 INFO tempest.lib.common.rest_client [req-1854af53-3441-4871-bd4d-d1fd652612ca req-1854af53-3441-4871-bd4d-d1fd652612ca ] Request (ServerActionsV293TestJSON:setUpClass): 201 POST http://10.180.1.21/networking/v2.0/subnets 0.224s
2025-11-24 14:33:10.083 66307 INFO tempest.lib.common.rest_client [req-9ec191ef-343b-4012-a51e-a5dfe34547b6 req-9ec191ef-343b-4012-a51e-a5dfe34547b6 ] Request (ServerDiagnosticsNegativeTest:tearDownClass): 204 DELETE http://10.180.1.21/identity/v3/projects/1dd93119d4214c53a7fdec6841bab27d 0.069s
2025-11-24 14:33:10.083 66307 INFO tempest.lib.common.dynamic_creds [-] Deleting project and security group for project: bf98de4e07854793963c7292ecf6a120
2025-11-24 14:33:10.115 66323 INFO tempest.lib.common.rest_client [req-612f739b-c782-42dd-b986-a09415a69783 req-612f739b-c782-42dd-b986-a09415a69783 ] Request (VolumesAssistedSnapshotsTest:test_volume_assisted_snapshot_create_delete): 200 GET http://10.180.1.21/compute/v2.1/servers/fdbd0b96-711e-438b-b7a3-b5a692fae322 7.517s
2025-11-24 14:33:10.122 66323 INFO tempest.common.waiters [-] State transition "BUILD/spawning" ==> "ACTIVE/None" after 31 second wait
2025-11-24 14:33:10.196 66307 INFO tempest.lib.common.rest_client [req-5de05467-2b08-4fe7-8e2d-05d0e861a81f req-5de05467-2b08-4fe7-8e2d-05d0e861a81f ] Request (ServerDiagnosticsNegativeTest:tearDownClass): 200 GET http://10.180.1.21/networking/v2.0/security-groups?tenant_id=bf98de4e07854793963c7292ecf6a120&name=default 0.113s
2025-11-24 14:33:10.333 66307 INFO tempest.lib.common.rest_client [req-ec8c88be-9b17-436e-934f-ab190a2588f3 req-ec8c88be-9b17-436e-934f-ab190a2588f3 ] Request (ServerDiagnosticsNegativeTest:tearDownClass): 204 DELETE http://10.180.1.21/networking/v2.0/security-groups/8daa69a2-626f-4311-bcb8-53166fde39cb 0.136s
2025-11-24 14:33:10.363 66349 INFO tempest.lib.common.rest_client [req-52365593-9b32-49db-b1ad-859a1f1836a5 req-52365593-9b32-49db-b1ad-859a1f1836a5 ] Request (AttachInterfacesTestJSON:test_create_list_show_delete_interfaces_by_fixed_ip): 200 GET http://10.180.1.21/compute/v2.1/servers/6719dfde-a9b8-4400-8350-8c372ee41f9c 7.190s
2025-11-24 14:33:10.375 66349 INFO tempest.lib.common.ssh [-] Creating ssh connection to '10.180.180.238:22' as 'cirros' with public key authentication
2025-11-24 14:33:10.448 66307 INFO tempest.lib.common.rest_client [req-18b229a8-1ffc-4a8f-ad55-d6ffd6e016b8 req-18b229a8-1ffc-4a8f-ad55-d6ffd6e016b8 ] Request (ServerDiagnosticsNegativeTest:tearDownClass): 204 DELETE http://10.180.1.21/identity/v3/projects/bf98de4e07854793963c7292ecf6a120 0.115s
2025-11-24 14:33:10.524 66307 INFO tempest.lib.common.rest_client [req-90f7df3b-8bba-4da2-baf0-ccb2ad86f30f req-90f7df3b-8bba-4da2-baf0-ccb2ad86f30f ] Request (VolumesAdminNegativeTest:setUpClass): 201 POST http://10.180.1.21/identity/v3/auth/tokens 0.073s
2025-11-24 14:33:10.555 66307 INFO tempest.lib.common.rest_client [req-da2f8b8a-709b-4350-aa5e-304918cad8f3 req-da2f8b8a-709b-4350-aa5e-304918cad8f3 ] Request (VolumesAdminNegativeTest:setUpClass): 201 POST http://10.180.1.21/identity/v3/auth/tokens 0.029s
2025-11-24 14:33:10.580 66307 INFO tempest.lib.common.rest_client [req-f4ef061a-aac6-483b-975d-8c46a87e298b req-f4ef061a-aac6-483b-975d-8c46a87e298b ] Request (VolumesAdminNegativeTest:setUpClass): 200 GET http://10.180.1.21/identity/v3/domains?name=Default 0.024s
2025-11-24 14:33:10.606 66307 INFO tempest.lib.common.rest_client [req-129e37ab-5af2-4456-affc-1d9bbce84f73 req-129e37ab-5af2-4456-affc-1d9bbce84f73 ] Request (VolumesAdminNegativeTest:setUpClass): 201 POST http://10.180.1.21/identity/v3/projects 0.026s
2025-11-24 14:33:10.661 66307 INFO tempest.lib.common.rest_client [req-0550ef97-4859-4c5a-a131-0e8b2e202a3d req-0550ef97-4859-4c5a-a131-0e8b2e202a3d ] Request (VolumesAdminNegativeTest:setUpClass): 201 POST http://10.180.1.21/identity/v3/users 0.053s
2025-11-24 14:33:10.684 66307 INFO tempest.lib.common.rest_client [req-b7b18eb7-80b9-4b69-823f-c15ea00deb4b req-b7b18eb7-80b9-4b69-823f-c15ea00deb4b ] Request (VolumesAdminNegativeTest:setUpClass): 200 GET http://10.180.1.21/identity/v3/roles 0.022s
2025-11-24 14:33:10.714 66307 INFO tempest.lib.common.rest_client [req-daa91b8b-fd9a-40eb-b07b-2af46ec22fae req-daa91b8b-fd9a-40eb-b07b-2af46ec22fae ] Request (VolumesAdminNegativeTest:setUpClass): 204 PUT http://10.180.1.21/identity/v3/projects/194b7ef67f3648e59761f93361172167/users/c8c76c4fb7804d1a8b8014afd5319179/roles/9398be14c9b4490cbfc4194f781fc6ce 0.030s
2025-11-24 14:33:10.715 66307 INFO tempest.lib.common.dynamic_creds [-] Dynamic test user c8c76c4fb7804d1a8b8014afd5319179 is created with scope project and roles: ['member']
2025-11-24 14:33:10.715 66307 INFO tempest.lib.common.dynamic_creds [-] Acquired dynamic creds: credentials: Credentials: {'domain_id': 'default', 'domain_name': 'Default', 'username': 'tempest-VolumesAdminNegativeTest-1398229337-project-member', 'project_domain_id': 'default', 'project_domain_name': 'Default', 'project_id': '194b7ef67f3648e59761f93361172167', 'project_name': 'tempest-VolumesAdminNegativeTest-1398229337', 'tenant_id': '194b7ef67f3648e59761f93361172167', 'tenant_name': 'tempest-VolumesAdminNegativeTest-1398229337', 'user_domain_id': 'default', 'user_domain_name': 'Default', 'user_id': 'c8c76c4fb7804d1a8b8014afd5319179', 'system': None}, Network: None, Subnet: None, Router: None
2025-11-24 14:33:10.729 66319 INFO tempest.lib.common.rest_client [req-d90485f7-c96d-48bc-8ec2-0d7583e05330 req-d90485f7-c96d-48bc-8ec2-0d7583e05330 ] Request (ServersTestJSON:setUpClass): 200 GET http://10.180.1.21/compute/v2.1/servers/8c1090dc-a2c5-476a-a296-6323e591cc45 6.186s
2025-11-24 14:33:10.736 66319 INFO tempest.common.waiters [-] State transition "BUILD/spawning" ==> "ACTIVE/None" after 30 second wait
2025-11-24 14:33:10.751 66311 INFO tempest.lib.common.rest_client [req-8b39b6a9-8556-49cb-ad0f-68e58ca46ecc req-8b39b6a9-8556-49cb-ad0f-68e58ca46ecc ] Request (ServerActionsV293TestJSON:setUpClass): 201 POST http://10.180.1.21/networking/v2.0/routers 0.725s
2025-11-24 14:33:10.787 66307 INFO tempest.lib.common.rest_client [req-76ca66c1-0137-454f-868d-ce8e42efbe6c req-76ca66c1-0137-454f-868d-ce8e42efbe6c ] Request (VolumesAdminNegativeTest:setUpClass): 201 POST http://10.180.1.21/identity/v3/auth/tokens 0.071s
2025-11-24 14:33:11.435 66307 INFO tempest.lib.common.rest_client [req-38b4745c-b165-4798-a693-0e285e6ce365 req-38b4745c-b165-4798-a693-0e285e6ce365 ] Request (VolumesAdminNegativeTest:setUpClass): 201 POST http://10.180.1.21/networking/v2.0/networks 0.647s
2025-11-24 14:33:11.564 66311 INFO tempest.lib.common.rest_client [req-93aaaf7f-9a52-4c67-85d9-8803fe5551ce req-93aaaf7f-9a52-4c67-85d9-8803fe5551ce ] Request (ServerActionsV293TestJSON:setUpClass): 200 PUT http://10.180.1.21/networking/v2.0/routers/d3e58fa7-5609-4f95-831b-0d4d6e2fd383/add_router_interface 0.812s
2025-11-24 14:33:11.564 66311 INFO tempest.lib.common.dynamic_creds [-] Created isolated network resources for: credentials: Credentials: {'domain_id': 'default', 'domain_name': 'Default', 'username': 'tempest-ServerActionsV293TestJSON-838257534-project-member', 'project_domain_id': 'default', 'project_domain_name': 'Default', 'project_id': 'ba036fbbcb304b3894d5a250ef3c8658', 'project_name': 'tempest-ServerActionsV293TestJSON-838257534', 'tenant_id': 'ba036fbbcb304b3894d5a250ef3c8658', 'tenant_name': 'tempest-ServerActionsV293TestJSON-838257534', 'user_domain_id': 'default', 'user_domain_name': 'Default', 'user_id': 'ba6d67579d274c3893397c2a9b3c3710', 'system': None}, Network: {'id': 'ff21aa6c-762a-43dc-853a-7373808fa90a', 'name': 'tempest-ServerActionsV293TestJSON-1948240947-network', 'tenant_id': 'ba036fbbcb304b3894d5a250ef3c8658', 'project_id': 'ba036fbbcb304b3894d5a250ef3c8658', 'admin_state_up': True, 'mtu': 8950, 'status': 'ACTIVE', 'subnets': [], 'shared': False, 'port_security_enabled': True, 'router:external': False, 'provider:network_type': 'vlan', 'provider:physical_network': 'default', 'provider:segmentation_id': 248, 'availability_zone_hints': [], 'availability_zones': [], 'ipv4_address_scope': None, 'ipv6_address_scope': None, 'description': '', 'tags': [], 'created_at': '2025-11-24T14:33:09Z', 'updated_at': '2025-11-24T14:33:09Z', 'revision_number': 1}, Subnet: {'id': 'eac025de-023f-488d-9838-e9cf9927478a', 'name': 'tempest-ServerActionsV293TestJSON-1948240947-subnet', 'tenant_id': 'ba036fbbcb304b3894d5a250ef3c8658', 'network_id': 'ff21aa6c-762a-43dc-853a-7373808fa90a', 'ip_version': 4, 'subnetpool_id': None, 'enable_dhcp': True, 'ipv6_ra_mode': None, 'ipv6_address_mode': None, 'gateway_ip': '192.168.128.1', 'cidr': '192.168.128.0/28', 'allocation_pools': [{'start': '192.168.128.2', 'end': '192.168.128.14'}], 'host_routes': [], 'dns_nameservers': [], 'description': '', 'router:external': False, 'service_types': [], 'tags': [], 'created_at': '2025-11-24T14:33:09Z', 'updated_at': '2025-11-24T14:33:09Z', 'revision_number': 0, 'project_id': 'ba036fbbcb304b3894d5a250ef3c8658'}, Router: {'id': 'd3e58fa7-5609-4f95-831b-0d4d6e2fd383', 'name': 'tempest-ServerActionsV293TestJSON-1948240947-router', 'tenant_id': 'ba036fbbcb304b3894d5a250ef3c8658', 'admin_state_up': True, 'status': 'ACTIVE', 'external_gateway_info': {'network_id': 'd8982e1b-c675-417f-bbdf-1c5cd2827933', 'external_fixed_ips': [{'subnet_id': 'eb88b088-7d58-4ddb-b5f5-775afa87e04c', 'ip_address': '10.180.180.176'}], 'enable_snat': True}, 'description': '', 'availability_zones': [], 'distributed': False, 'ha': False, 'availability_zone_hints': [], 'routes': [], 'flavor_id': None, 'tags': [], 'created_at': '2025-11-24T14:33:10Z', 'updated_at': '2025-11-24T14:33:10Z', 'revision_number': 2, 'project_id': 'ba036fbbcb304b3894d5a250ef3c8658'}
2025-11-24 14:33:11.643 66311 INFO tempest.lib.common.rest_client [req-bc4bc4ec-e24a-457b-a93f-fb16a4b6030e req-bc4bc4ec-e24a-457b-a93f-fb16a4b6030e ] Request (ServerActionsV293TestJSON:setUpClass): 201 POST http://10.180.1.21/identity/v3/auth/tokens 0.075s
2025-11-24 14:33:11.715 66307 INFO tempest.lib.common.rest_client [req-9121a1fe-e491-4c5b-8dd8-8a74d06c5608 req-9121a1fe-e491-4c5b-8dd8-8a74d06c5608 ] Request (VolumesAdminNegativeTest:setUpClass): 201 POST http://10.180.1.21/networking/v2.0/subnets 0.279s
2025-11-24 14:33:11.801 66361 INFO tempest.lib.common.rest_client [req-e9f369e5-f6d4-46c3-b6b8-10e0c833b57b req-e9f369e5-f6d4-46c3-b6b8-10e0c833b57b ] Request (AttachInterfacesV270Test:test_create_get_list_interfaces): 400 POST http://10.180.1.21/compute/v2.1/servers/fa474b9a-db49-48f0-8f9a-2706c1cded20/os-interface 10.776s
2025-11-24 14:33:12.517 66307 INFO tempest.lib.common.rest_client [req-bed7f459-f54a-4bfc-ab63-6c2f4e7c4076 req-bed7f459-f54a-4bfc-ab63-6c2f4e7c4076 ] Request (VolumesAdminNegativeTest:setUpClass): 201 POST http://10.180.1.21/networking/v2.0/routers 0.801s
2025-11-24 14:33:13.178 66349 WARNING tempest.lib.common.ssh [-] Failed to establish authenticated ssh connection to cirros@10.180.180.238 ([Errno None] Unable to connect to port 22 on 10.180.180.238). Number attempts: 1. Retry after 2 seconds.: paramiko.ssh_exception.NoValidConnectionsError: [Errno None] Unable to connect to port 22 on 10.180.180.238
2025-11-24 14:33:13.598 66307 INFO tempest.lib.common.rest_client [req-3d21b664-87a3-4ffe-ba6b-db616b9e0afc req-3d21b664-87a3-4ffe-ba6b-db616b9e0afc ] Request (VolumesAdminNegativeTest:setUpClass): 200 PUT http://10.180.1.21/networking/v2.0/routers/b081fa6f-14aa-40ca-b92f-28aebf3f4cae/add_router_interface 1.080s
2025-11-24 14:33:13.598 66307 INFO tempest.lib.common.dynamic_creds [-] Created isolated network resources for: credentials: Credentials: {'domain_id': 'default', 'domain_name': 'Default', 'username': 'tempest-VolumesAdminNegativeTest-1398229337-project-member', 'project_domain_id': 'default', 'project_domain_name': 'Default', 'project_id': '194b7ef67f3648e59761f93361172167', 'project_name': 'tempest-VolumesAdminNegativeTest-1398229337', 'tenant_id': '194b7ef67f3648e59761f93361172167', 'tenant_name': 'tempest-VolumesAdminNegativeTest-1398229337', 'user_domain_id': 'default', 'user_domain_name': 'Default', 'user_id': 'c8c76c4fb7804d1a8b8014afd5319179', 'system': None}, Network: {'id': 'c7934468-460f-47c2-8f17-646d689dce0a', 'name': 'tempest-VolumesAdminNegativeTest-1735546210-network', 'tenant_id': '194b7ef67f3648e59761f93361172167', 'project_id': '194b7ef67f3648e59761f93361172167', 'admin_state_up': True, 'mtu': 8950, 'status': 'ACTIVE', 'subnets': [], 'shared': False, 'port_security_enabled': True, 'router:external': False, 'provider:network_type': 'vlan', 'provider:physical_network': 'default', 'provider:segmentation_id': 24, 'availability_zone_hints': [], 'availability_zones': [], 'ipv4_address_scope': None, 'ipv6_address_scope': None, 'description': '', 'tags': [], 'created_at': '2025-11-24T14:33:11Z', 'updated_at': '2025-11-24T14:33:11Z', 'revision_number': 1}, Subnet: {'id': 'ca7f4e7e-51cd-484e-8e59-d7fffebcb35d', 'name': 'tempest-VolumesAdminNegativeTest-1735546210-subnet', 'tenant_id': '194b7ef67f3648e59761f93361172167', 'network_id': 'c7934468-460f-47c2-8f17-646d689dce0a', 'ip_version': 4, 'subnetpool_id': None, 'enable_dhcp': True, 'ipv6_ra_mode': None, 'ipv6_address_mode': None, 'gateway_ip': '192.168.128.1', 'cidr': '192.168.128.0/28', 'allocation_pools': [{'start': '192.168.128.2', 'end': '192.168.128.14'}], 'host_routes': [], 'dns_nameservers': [], 'description': '', 'router:external': False, 'service_types': [], 'tags': [], 'created_at': '2025-11-24T14:33:11Z', 'updated_at': '2025-11-24T14:33:11Z', 'revision_number': 0, 'project_id': '194b7ef67f3648e59761f93361172167'}, Router: {'id': 'b081fa6f-14aa-40ca-b92f-28aebf3f4cae', 'name': 'tempest-VolumesAdminNegativeTest-1735546210-router', 'tenant_id': '194b7ef67f3648e59761f93361172167', 'admin_state_up': True, 'status': 'ACTIVE', 'external_gateway_info': {'network_id': 'd8982e1b-c675-417f-bbdf-1c5cd2827933', 'external_fixed_ips': [{'subnet_id': 'eb88b088-7d58-4ddb-b5f5-775afa87e04c', 'ip_address': '10.180.180.239'}], 'enable_snat': True}, 'description': '', 'availability_zones': [], 'distributed': False, 'ha': False, 'availability_zone_hints': [], 'routes': [], 'flavor_id': None, 'tags': [], 'created_at': '2025-11-24T14:33:11Z', 'updated_at': '2025-11-24T14:33:12Z', 'revision_number': 2, 'project_id': '194b7ef67f3648e59761f93361172167'}
2025-11-24 14:33:13.718 66307 INFO tempest.lib.common.rest_client [req-5c2142fe-0b7b-46d4-bfb4-64adfb93a3aa req-5c2142fe-0b7b-46d4-bfb4-64adfb93a3aa ] Request (VolumesAdminNegativeTest:setUpClass): 201 POST http://10.180.1.21/identity/v3/auth/tokens 0.115s
2025-11-24 14:33:13.757 66307 INFO tempest.lib.common.rest_client [req-3407c29e-6804-4cd1-bf08-4e651601b9d7 req-3407c29e-6804-4cd1-bf08-4e651601b9d7 ] Request (VolumesAdminNegativeTest:setUpClass): 201 POST http://10.180.1.21/identity/v3/projects 0.038s
2025-11-24 14:33:13.797 66353 INFO tempest.lib.common.rest_client [req-7b63fdfe-4ba0-43f5-bbc5-9fe1093d0d4e req-7b63fdfe-4ba0-43f5-bbc5-9fe1093d0d4e ] Request (ServerDiskConfigTestJSON:test_rebuild_server_with_auto_disk_config): 202 POST http://10.180.1.21/compute/v2.1/servers 8.948s
2025-11-24 14:33:13.802 66359 INFO tempest.lib.common.rest_client [req-3eaf8ea9-c4eb-45f7-a433-84ae0de68650 req-3eaf8ea9-c4eb-45f7-a433-84ae0de68650 ] Request (FloatingIPsAssociationNegativeTestJSON:test_associate_ip_to_server_with_floating_ip): 200 POST http://10.180.1.21/compute/v2.1/os-floating-ips 8.598s
2025-11-24 14:33:13.811 66331 INFO tempest.lib.common.rest_client [req-57c73b2e-9dcb-427b-9b9f-bfd8ee141703 req-57c73b2e-9dcb-427b-9b9f-bfd8ee141703 ] Request (AggregatesAdminNegativeTestJSON:test_aggregate_create_aggregate_name_length_less_than_1): 400 POST http://10.180.1.21/compute/v2.1/os-aggregates 8.313s
2025-11-24 14:33:13.825 66317 INFO tempest.lib.common.rest_client [req-2741ca8b-21af-4282-8a6e-65c39c746a85 req-2741ca8b-21af-4282-8a6e-65c39c746a85 ] Request (FlavorsAdminTestJSON:test_create_flavor_with_uuid_id): 200 POST http://10.180.1.21/compute/v2.1/flavors 8.330s
2025-11-24 14:33:13.832 66307 INFO tempest.lib.common.rest_client [req-3a56a5fe-c93d-4b62-b137-6cee31a9c111 req-3a56a5fe-c93d-4b62-b137-6cee31a9c111 ] Request (VolumesAdminNegativeTest:setUpClass): 201 POST http://10.180.1.21/identity/v3/users 0.075s
2025-11-24 14:33:13.852 66329 INFO tempest.lib.common.rest_client [req-c78de223-8580-4307-be8a-021873ff84fa req-c78de223-8580-4307-be8a-021873ff84fa ] Request (KeyPairsV2TestJSON:test_keypair_create_with_pub_key): 200 POST http://10.180.1.21/compute/v2.1/os-keypairs 8.354s
2025-11-24 14:33:13.867 66307 INFO tempest.lib.common.rest_client [req-f9d66785-73e9-41ad-8cce-6852f3da44a5 req-f9d66785-73e9-41ad-8cce-6852f3da44a5 ] Request (VolumesAdminNegativeTest:setUpClass): 200 GET http://10.180.1.21/identity/v3/roles 0.034s
2025-11-24 14:33:13.919 66307 INFO tempest.lib.common.rest_client [req-353c3de3-f7ee-4f14-b841-89a1114e9abb req-353c3de3-f7ee-4f14-b841-89a1114e9abb ] Request (VolumesAdminNegativeTest:setUpClass): 204 PUT http://10.180.1.21/identity/v3/projects/59075f874b7d42a287131cd56de4c8ae/users/bc2968974af6444eb6f2002223ed98e1/roles/244e237a94ba436884239798391037ab 0.051s
2025-11-24 14:33:13.987 66307 INFO tempest.lib.common.rest_client [req-3fd10ba9-d1d0-4b23-b788-456a60581244 req-3fd10ba9-d1d0-4b23-b788-456a60581244 ] Request (VolumesAdminNegativeTest:setUpClass): 200 GET http://10.180.1.21/identity/v3/roles 0.067s
2025-11-24 14:33:13.989 66355 INFO tempest.lib.common.rest_client [req-adfc057d-8c8e-4e2a-b239-450fa855cc1f req-adfc057d-8c8e-4e2a-b239-450fa855cc1f ] Request (ServersAdminNegativeTestJSON:test_migrate_server_invalid_state): 200 GET http://10.180.1.21/compute/v2.1/servers/769fd1fe-1002-4f1c-a0ee-4411bef4e266 6.658s
2025-11-24 14:33:13.997 66355 INFO tempest.common.waiters [-] State transition "BUILD/None" ==> "BUILD/spawning" after 18 second wait
2025-11-24 14:33:14.021 66307 INFO tempest.lib.common.rest_client [req-62673446-1180-48f7-8983-c0af22accfb1 req-62673446-1180-48f7-8983-c0af22accfb1 ] Request (VolumesAdminNegativeTest:setUpClass): 204 PUT http://10.180.1.21/identity/v3/projects/59075f874b7d42a287131cd56de4c8ae/users/bc2968974af6444eb6f2002223ed98e1/roles/244e237a94ba436884239798391037ab 0.034s
2025-11-24 14:33:14.021 66307 INFO tempest.lib.common.dynamic_creds [-] Dynamic test user bc2968974af6444eb6f2002223ed98e1 is created with scope project and roles: ['admin']
2025-11-24 14:33:14.021 66307 INFO tempest.lib.common.dynamic_creds [-] Acquired dynamic creds: credentials: Credentials: {'domain_id': 'default', 'domain_name': 'Default', 'username': 'tempest-VolumesAdminNegativeTest-293762108-project-admin', 'project_domain_id': 'default', 'project_domain_name': 'Default', 'project_id': '59075f874b7d42a287131cd56de4c8ae', 'project_name': 'tempest-VolumesAdminNegativeTest-293762108', 'tenant_id': '59075f874b7d42a287131cd56de4c8ae', 'tenant_name': 'tempest-VolumesAdminNegativeTest-293762108', 'user_domain_id': 'default', 'user_domain_name': 'Default', 'user_id': 'bc2968974af6444eb6f2002223ed98e1', 'system': None}, Network: None, Subnet: None, Router: None
2025-11-24 14:33:14.293 66307 INFO tempest.lib.common.rest_client [req-f1c12db5-3a7e-49a1-8a7b-bcde0db707b7 req-f1c12db5-3a7e-49a1-8a7b-bcde0db707b7 ] Request (VolumesAdminNegativeTest:setUpClass): 201 POST http://10.180.1.21/networking/v2.0/networks 0.271s
2025-11-24 14:33:14.490 66365 INFO tempest.lib.common.rest_client [req-db4b4e09-94db-446c-bfd9-477a3ad2ab1e req-db4b4e09-94db-446c-bfd9-477a3ad2ab1e ] Request (InstanceActionsV221TestJSON:test_get_list_deleted_instance_actions): 200 GET http://10.180.1.21/compute/v2.1/servers/0e3f0166-bd20-4a15-afe6-53a58efb75de 7.145s
2025-11-24 14:33:14.499 66365 INFO tempest.common.waiters [-] State transition "BUILD/None" ==> "BUILD/spawning" after 24 second wait
2025-11-24 14:33:14.629 66307 INFO tempest.lib.common.rest_client [req-a9cfa84f-f894-445e-b30d-d75b504531a0 req-a9cfa84f-f894-445e-b30d-d75b504531a0 ] Request (VolumesAdminNegativeTest:setUpClass): 201 POST http://10.180.1.21/networking/v2.0/subnets 0.336s
2025-11-24 14:33:14.763 66343 INFO tempest.lib.common.rest_client [req-abd98bdc-3f1f-441a-8a94-deaffac02719 req-abd98bdc-3f1f-441a-8a94-deaffac02719 ] Request (ServersAdmin275Test:test_rebuild_update_server_275): 202 POST http://10.180.1.21/compute/v2.1/servers/1e5afc11-0db5-4d36-a29a-b8adf48390a6/action 7.454s
2025-11-24 14:33:15.385 66307 INFO tempest.lib.common.rest_client [req-5c9f7a45-e152-46ec-a87d-91e1a8de389d req-5c9f7a45-e152-46ec-a87d-91e1a8de389d ] Request (VolumesAdminNegativeTest:setUpClass): 201 POST http://10.180.1.21/networking/v2.0/routers 0.755s
2025-11-24 14:33:15.682 66349 WARNING tempest.lib.common.ssh [-] Failed to establish authenticated ssh connection to cirros@10.180.180.238 ([Errno None] Unable to connect to port 22 on 10.180.180.238). Number attempts: 2. Retry after 3 seconds.: paramiko.ssh_exception.NoValidConnectionsError: [Errno None] Unable to connect to port 22 on 10.180.180.238
2025-11-24 14:33:16.273 66307 INFO tempest.lib.common.rest_client [req-7a8fc28e-2d08-4666-864c-e320db9e62f8 req-7a8fc28e-2d08-4666-864c-e320db9e62f8 ] Request (VolumesAdminNegativeTest:setUpClass): 200 PUT http://10.180.1.21/networking/v2.0/routers/a1b17949-861a-4252-86b3-eb70d831735e/add_router_interface 0.887s
2025-11-24 14:33:16.274 66307 INFO tempest.lib.common.dynamic_creds [-] Created isolated network resources for: credentials: Credentials: {'domain_id': 'default', 'domain_name': 'Default', 'username': 'tempest-VolumesAdminNegativeTest-293762108-project-admin', 'project_domain_id': 'default', 'project_domain_name': 'Default', 'project_id': '59075f874b7d42a287131cd56de4c8ae', 'project_name': 'tempest-VolumesAdminNegativeTest-293762108', 'tenant_id': '59075f874b7d42a287131cd56de4c8ae', 'tenant_name': 'tempest-VolumesAdminNegativeTest-293762108', 'user_domain_id': 'default', 'user_domain_name': 'Default', 'user_id': 'bc2968974af6444eb6f2002223ed98e1', 'system': None}, Network: {'id': '07b30bcb-0417-4baf-bc62-156bb5c43d40', 'name': 'tempest-VolumesAdminNegativeTest-1110233981-network', 'tenant_id': '59075f874b7d42a287131cd56de4c8ae', 'project_id': '59075f874b7d42a287131cd56de4c8ae', 'admin_state_up': True, 'mtu': 8950, 'status': 'ACTIVE', 'subnets': [], 'shared': False, 'port_security_enabled': True, 'router:external': False, 'provider:network_type': 'vlan', 'provider:physical_network': 'default', 'provider:segmentation_id': 939, 'availability_zone_hints': [], 'availability_zones': [], 'ipv4_address_scope': None, 'ipv6_address_scope': None, 'description': '', 'tags': [], 'created_at': '2025-11-24T14:33:14Z', 'updated_at': '2025-11-24T14:33:14Z', 'revision_number': 1}, Subnet: {'id': 'd995af15-6ae8-4226-a4d6-485948709068', 'name': 'tempest-VolumesAdminNegativeTest-1110233981-subnet', 'tenant_id': '59075f874b7d42a287131cd56de4c8ae', 'network_id': '07b30bcb-0417-4baf-bc62-156bb5c43d40', 'ip_version': 4, 'subnetpool_id': None, 'enable_dhcp': True, 'ipv6_ra_mode': None, 'ipv6_address_mode': None, 'gateway_ip': '192.168.128.1', 'cidr': '192.168.128.0/28', 'allocation_pools': [{'start': '192.168.128.2', 'end': '192.168.128.14'}], 'host_routes': [], 'dns_nameservers': [], 'description': '', 'router:external': False, 'service_types': [], 'tags': [], 'created_at': '2025-11-24T14:33:14Z', 'updated_at': '2025-11-24T14:33:14Z', 'revision_number': 0, 'project_id': '59075f874b7d42a287131cd56de4c8ae'}, Router: {'id': 'a1b17949-861a-4252-86b3-eb70d831735e', 'name': 'tempest-VolumesAdminNegativeTest-1110233981-router', 'tenant_id': '59075f874b7d42a287131cd56de4c8ae', 'admin_state_up': True, 'status': 'ACTIVE', 'external_gateway_info': {'network_id': 'd8982e1b-c675-417f-bbdf-1c5cd2827933', 'external_fixed_ips': [{'subnet_id': 'eb88b088-7d58-4ddb-b5f5-775afa87e04c', 'ip_address': '10.180.180.141'}], 'enable_snat': True}, 'description': '', 'availability_zones': [], 'distributed': False, 'ha': False, 'availability_zone_hints': [], 'routes': [], 'flavor_id': None, 'tags': [], 'created_at': '2025-11-24T14:33:14Z', 'updated_at': '2025-11-24T14:33:15Z', 'revision_number': 2, 'project_id': '59075f874b7d42a287131cd56de4c8ae'}
2025-11-24 14:33:16.373 66307 INFO tempest.lib.common.rest_client [req-f9630efe-d387-4e02-924f-0ad6ad0cac20 req-f9630efe-d387-4e02-924f-0ad6ad0cac20 ] Request (VolumesAdminNegativeTest:setUpClass): 201 POST http://10.180.1.21/identity/v3/auth/tokens 0.096s
2025-11-24 14:33:16.469 66307 INFO tempest.lib.common.rest_client [req-6e2523b8-2d61-4c87-8018-390d898548e7 req-6e2523b8-2d61-4c87-8018-390d898548e7 ] Request (VolumesAdminNegativeTest:setUpClass): 201 POST http://10.180.1.21/identity/v3/projects 0.095s
2025-11-24 14:33:16.534 66327 INFO tempest.lib.common.rest_client [req-8f0a09c8-671f-4030-8b5f-200ca3236671 req-8f0a09c8-671f-4030-8b5f-200ca3236671 ] Request (DeleteServersAdminTestJSON:test_delete_server_while_in_error_state): 202 POST http://10.180.1.21/compute/v2.1/servers 9.100s
2025-11-24 14:33:16.544 66341 INFO tempest.lib.common.rest_client [req-d5bc1bea-c890-47e3-a929-77a06694b1a1 req-d5bc1bea-c890-47e3-a929-77a06694b1a1 ] Request (HostsAdminNegativeTestJSON:test_update_nonexistent_host): 404 PUT http://10.180.1.21/compute/v2.1/os-hosts/nonexistent_hostname 8.651s
2025-11-24 14:33:16.575 66307 INFO tempest.lib.common.rest_client [req-aa571594-1b23-4c27-bd7a-ab438713c527 req-aa571594-1b23-4c27-bd7a-ab438713c527 ] Request (VolumesAdminNegativeTest:setUpClass): 201 POST http://10.180.1.21/identity/v3/users 0.105s
2025-11-24 14:33:16.599 66307 INFO tempest.lib.common.rest_client [req-03c628e5-e224-4d5a-98fd-5cbe8eae61b6 req-03c628e5-e224-4d5a-98fd-5cbe8eae61b6 ] Request (VolumesAdminNegativeTest:setUpClass): 200 GET http://10.180.1.21/identity/v3/roles 0.022s
2025-11-24 14:33:16.612 66351 INFO tempest.lib.common.rest_client [req-b456c789-4670-4611-a09d-478f413a4f79 req-b456c789-4670-4611-a09d-478f413a4f79 ] Request (ServerMetadataTestJSON:setUpClass): 202 POST http://10.180.1.21/compute/v2.1/servers 9.247s
2025-11-24 14:33:16.637 66305 INFO tempest.lib.common.rest_client [req-d5dc9329-e526-4ede-b571-da987f55dd5e req-d5dc9329-e526-4ede-b571-da987f55dd5e ] Request (FlavorsAccessNegativeTestJSON:_run_cleanups): 202 DELETE http://10.180.1.21/compute/v2.1/flavors/1664443615 8.600s
2025-11-24 14:33:16.643 66307 INFO tempest.lib.common.rest_client [req-0e0563fe-94ba-4637-aea3-ee0510ca8c23 req-0e0563fe-94ba-4637-aea3-ee0510ca8c23 ] Request (VolumesAdminNegativeTest:setUpClass): 204 PUT http://10.180.1.21/identity/v3/projects/bf3ab9c6af3240dfb4ee8a016195f823/users/8c75e9ed58bc4bf58346fd847ab6db63/roles/3acdac262c294086a6b7fc0dacca06a8 0.043s
2025-11-24 14:33:16.666 66339 INFO tempest.lib.common.rest_client [req-1fc0d16c-c777-408f-a2c6-bb36175bed4a req-1fc0d16c-c777-408f-a2c6-bb36175bed4a ] Request (FlavorsExtraSpecsTestJSON:tearDownClass): 200 GET http://10.180.1.21/compute/v2.1/flavors/detail 8.602s
2025-11-24 14:33:16.674 66341 INFO tempest.lib.common.rest_client [req-6c09efd3-5ea2-4bff-98f1-93110fa393ca req-6c09efd3-5ea2-4bff-98f1-93110fa393ca ] Request (HostsAdminNegativeTestJSON:tearDownClass): 204 DELETE http://10.180.1.21/identity/v3/users/28f26b2c170f4b1983fb59a9498d3627 0.129s
2025-11-24 14:33:16.691 66333 INFO tempest.lib.common.rest_client [req-8aa6bae6-b7ff-4fa0-822b-ce6c802eef6a req-8aa6bae6-b7ff-4fa0-822b-ce6c802eef6a ] Request (ImagesMetadataNegativeTestJSON:test_set_nonexistent_image_metadata_item): 404 PUT http://10.180.1.21/compute/v2.1/images/5ae3ba0d-1ed2-49c7-95ac-6e434eb04d05/metadata/os_distro 8.605s
2025-11-24 14:33:16.779 66307 INFO tempest.lib.common.rest_client [req-cc335be0-1f0e-4bc4-95df-b928e1cc84b4 req-cc335be0-1f0e-4bc4-95df-b928e1cc84b4 ] Request (VolumesAdminNegativeTest:setUpClass): 200 GET http://10.180.1.21/identity/v3/roles 0.136s
2025-11-24 14:33:16.864 66339 INFO tempest.lib.common.rest_client [req-c08750d0-1cfe-44b7-bcc1-36b80be6fb7a req-c08750d0-1cfe-44b7-bcc1-36b80be6fb7a ] Request (FlavorsExtraSpecsTestJSON:tearDownClass): 204 DELETE http://10.180.1.21/identity/v3/users/ebca5bb55b164944a7e5dd4a64d3cc55 0.192s
2025-11-24 14:33:16.885 66341 INFO tempest.lib.common.rest_client [req-d7562cba-10d6-4b69-8b8a-72039c0db4e7 req-d7562cba-10d6-4b69-8b8a-72039c0db4e7 ] Request (HostsAdminNegativeTestJSON:tearDownClass): 204 DELETE http://10.180.1.21/identity/v3/users/4c5cf92954cc427d98330d32049414ff 0.208s
2025-11-24 14:33:16.885 66341 INFO tempest.lib.common.dynamic_creds [-] Deleting project and security group for project: 031ce3bd75cf4a6ebc641d91684bc5d7
2025-11-24 14:33:16.957 66307 INFO tempest.lib.common.rest_client [req-cc8d014d-9418-4a2a-9d9d-df575f8cb820 req-cc8d014d-9418-4a2a-9d9d-df575f8cb820 ] Request (VolumesAdminNegativeTest:setUpClass): 204 PUT http://10.180.1.21/identity/v3/projects/bf3ab9c6af3240dfb4ee8a016195f823/users/8c75e9ed58bc4bf58346fd847ab6db63/roles/244e237a94ba436884239798391037ab 0.177s
2025-11-24 14:33:16.957 66307 INFO tempest.lib.common.dynamic_creds [-] Dynamic test user 8c75e9ed58bc4bf58346fd847ab6db63 is created with scope project and roles: ['service', 'admin']
2025-11-24 14:33:16.957 66307 INFO tempest.lib.common.dynamic_creds [-] Acquired dynamic creds: credentials: Credentials: {'domain_id': 'default', 'domain_name': 'Default', 'username': 'tempest-VolumesAdminNegativeTest-670585353-project', 'project_domain_id': 'default', 'project_domain_name': 'Default', 'project_id': 'bf3ab9c6af3240dfb4ee8a016195f823', 'project_name': 'tempest-VolumesAdminNegativeTest-670585353', 'tenant_id': 'bf3ab9c6af3240dfb4ee8a016195f823', 'tenant_name': 'tempest-VolumesAdminNegativeTest-670585353', 'user_domain_id': 'default', 'user_domain_name': 'Default', 'user_id': '8c75e9ed58bc4bf58346fd847ab6db63', 'system': None}, Network: None, Subnet: None, Router: None
2025-11-24 14:33:17.128 66339 INFO tempest.lib.common.rest_client [req-274db5df-52ae-41e7-8413-5f3e70acede4 req-274db5df-52ae-41e7-8413-5f3e70acede4 ] Request (FlavorsExtraSpecsTestJSON:tearDownClass): 204 DELETE http://10.180.1.21/identity/v3/users/bc9d91e63d9e48968dd4569cda4d3745 0.264s
2025-11-24 14:33:17.129 66339 INFO tempest.lib.common.dynamic_creds [-] Deleting project and security group for project: c342aa142c614568ac7777ae4ec57cfa
2025-11-24 14:33:17.211 66313 INFO tempest.lib.common.rest_client [req-f17c0f09-45dc-4662-a905-9ab4372e0c76 req-f17c0f09-45dc-4662-a905-9ab4372e0c76 ] Request (QuotasAdminTestJSON:test_get_updated_quotas): 200 GET http://10.180.1.21/compute/v2.1/os-quota-sets/5325eeb21173407e81704fb5b602a699?user_id=63a94cc3eb1a412e8ce06c0325740c96 8.942s
2025-11-24 14:33:17.239 66341 INFO tempest.lib.common.rest_client [req-8ee74735-3457-4abd-a4ff-6fbc251ecd2f req-8ee74735-3457-4abd-a4ff-6fbc251ecd2f ] Request (HostsAdminNegativeTestJSON:tearDownClass): 201 POST http://10.180.1.21/identity/v3/auth/tokens 0.353s
2025-11-24 14:33:17.300 66339 INFO tempest.lib.common.rest_client [req-58a8ac21-cf1d-46ab-a58a-51c302e53234 req-58a8ac21-cf1d-46ab-a58a-51c302e53234 ] Request (FlavorsExtraSpecsTestJSON:tearDownClass): 201 POST http://10.180.1.21/identity/v3/auth/tokens 0.171s
2025-11-24 14:33:17.397 66307 INFO tempest.lib.common.rest_client [req-56795c29-1b88-4b37-8fb1-65da5fe1eb71 req-56795c29-1b88-4b37-8fb1-65da5fe1eb71 ] Request (VolumesAdminNegativeTest:setUpClass): 201 POST http://10.180.1.21/networking/v2.0/networks 0.440s
2025-11-24 14:33:17.566 66313 INFO tempest.lib.common.rest_client [req-095186e2-2371-4e70-a8d2-c9b96d766ff5 req-095186e2-2371-4e70-a8d2-c9b96d766ff5 ] Request (QuotasAdminTestJSON:_run_cleanups): 204 DELETE http://10.180.1.21/identity/v3/users/63a94cc3eb1a412e8ce06c0325740c96 0.352s
2025-11-24 14:33:17.660 66345 INFO tempest.lib.common.rest_client [req-dd4d5c32-3bc8-47c0-9797-6f767162b7ac req-dd4d5c32-3bc8-47c0-9797-6f767162b7ac ] Request (ServersAaction247Test:test_create_backup): 202 POST http://10.180.1.21/compute/v2.1/servers/c338a1b0-0d91-44e5-841d-b4b10770fbac/action 9.746s
2025-11-24 14:33:17.728 66313 INFO tempest.lib.common.rest_client [req-20c1229b-c7e2-4b0b-941e-7db734d4110c req-20c1229b-c7e2-4b0b-941e-7db734d4110c ] Request (QuotasAdminTestJSON:_run_cleanups): 204 DELETE http://10.180.1.21/identity/v3/projects/5325eeb21173407e81704fb5b602a699 0.161s
2025-11-24 14:33:17.775 66337 INFO tempest.lib.common.rest_client [req-df9fdc22-3761-411e-9d74-1c9d228d1639 req-df9fdc22-3761-411e-9d74-1c9d228d1639 ] Request (ServerDiagnosticsV248Test:tearDownClass): 204 DELETE http://10.180.1.21/compute/v2.1/servers/08bfb94e-3693-45aa-ac2d-3368979d37ab 8.509s
2025-11-24 14:33:17.825 66341 INFO tempest.lib.common.rest_client [req-bde5a904-d84e-4d65-aa4e-b786eced8f76 req-bde5a904-d84e-4d65-aa4e-b786eced8f76 ] Request (HostsAdminNegativeTestJSON:tearDownClass): 200 GET http://10.180.1.21/networking/v2.0/security-groups?tenant_id=031ce3bd75cf4a6ebc641d91684bc5d7&name=default 0.586s
2025-11-24 14:33:17.961 66347 INFO tempest.lib.common.rest_client [req-ee01ae90-06ed-4eb4-a6ee-9f39e4c6969f req-ee01ae90-06ed-4eb4-a6ee-9f39e4c6969f ] Request (ListImagesTestJSON:test_get_image): 200 GET http://10.180.1.21/compute/v2.1/images/c9660925-5ad2-452a-8e1e-383779297c03 8.552s
2025-11-24 14:33:18.113 66339 INFO tempest.lib.common.rest_client [req-c956ff7a-b675-4bea-adcb-0aa7e3a858b2 req-c956ff7a-b675-4bea-adcb-0aa7e3a858b2 ] Request (FlavorsExtraSpecsTestJSON:tearDownClass): 200 GET http://10.180.1.21/networking/v2.0/security-groups?tenant_id=c342aa142c614568ac7777ae4ec57cfa&name=default 0.813s
2025-11-24 14:33:18.290 66307 INFO tempest.lib.common.rest_client [req-8284d67c-a4c5-4221-8be6-b59f051388a7 req-8284d67c-a4c5-4221-8be6-b59f051388a7 ] Request (VolumesAdminNegativeTest:setUpClass): 201 POST http://10.180.1.21/networking/v2.0/subnets 0.891s
2025-11-24 14:33:18.392 66341 INFO tempest.lib.common.rest_client [req-a2c498c6-7122-4b4b-9978-c2ab64ec240c req-a2c498c6-7122-4b4b-9978-c2ab64ec240c ] Request (HostsAdminNegativeTestJSON:tearDownClass): 204 DELETE http://10.180.1.21/networking/v2.0/security-groups/c5cb51a0-bea8-4d66-ac60-12b231d9b790 0.566s
2025-11-24 14:33:18.442 66301 INFO tempest.lib.common.rest_client [req-933b4a1c-267f-4f8a-9ea7-572e953c9e47 req-933b4a1c-267f-4f8a-9ea7-572e953c9e47 ] Request (ServerTagsTestJSON:setUpClass): 200 GET http://10.180.1.21/compute/v2.1/servers/ec514267-5e43-4e93-8517-abbc9e762774 9.542s
2025-11-24 14:33:18.486 66341 INFO tempest.lib.common.rest_client [req-95e177aa-d6bf-4adf-8ef3-1d5abedbce52 req-95e177aa-d6bf-4adf-8ef3-1d5abedbce52 ] Request (HostsAdminNegativeTestJSON:tearDownClass): 204 DELETE http://10.180.1.21/identity/v3/projects/031ce3bd75cf4a6ebc641d91684bc5d7 0.094s
2025-11-24 14:33:18.486 66341 INFO tempest.lib.common.dynamic_creds [-] Deleting project and security group for project: 9de4b31690c3421db5ba0cd4e4c951c8
2025-11-24 14:33:18.616 66339 INFO tempest.lib.common.rest_client [req-df097857-5822-4e5b-a8b3-0446d1def355 req-df097857-5822-4e5b-a8b3-0446d1def355 ] Request (FlavorsExtraSpecsTestJSON:tearDownClass): 204 DELETE http://10.180.1.21/networking/v2.0/security-groups/7c358c44-2e84-479e-a77d-caca4fd4298b 0.502s
2025-11-24 14:33:18.746 66339 INFO tempest.lib.common.rest_client [req-6026bcf9-30da-43ec-a2be-455802e79c30 req-6026bcf9-30da-43ec-a2be-455802e79c30 ] Request (FlavorsExtraSpecsTestJSON:tearDownClass): 204 DELETE http://10.180.1.21/identity/v3/projects/c342aa142c614568ac7777ae4ec57cfa 0.129s
2025-11-24 14:33:18.746 66339 INFO tempest.lib.common.dynamic_creds [-] Deleting project and security group for project: 44ab39ecfba446349af58482e1ef353f
2025-11-24 14:33:19.152 66341 INFO tempest.lib.common.rest_client [req-62a708c3-6688-495d-9f3e-9eb530d1ce91 req-62a708c3-6688-495d-9f3e-9eb530d1ce91 ] Request (HostsAdminNegativeTestJSON:tearDownClass): 200 GET http://10.180.1.21/networking/v2.0/security-groups?tenant_id=9de4b31690c3421db5ba0cd4e4c951c8&name=default 0.665s
2025-11-24 14:33:19.186 66335 INFO tempest.lib.common.rest_client [req-1aa8b751-0f3b-419a-ac11-b6c7f0fb95d0 req-1aa8b751-0f3b-419a-ac11-b6c7f0fb95d0 ] Request (ServersAdminTestJSON:setUpClass): 200 GET http://10.180.1.21/compute/v2.1/servers/a5e0dd19-f72e-4919-8e14-3758fb0be33a 9.755s
2025-11-24 14:33:19.187 66349 WARNING tempest.lib.common.ssh [-] Failed to establish authenticated ssh connection to cirros@10.180.180.238 ([Errno None] Unable to connect to port 22 on 10.180.180.238). Number attempts: 3. Retry after 4 seconds.: paramiko.ssh_exception.NoValidConnectionsError: [Errno None] Unable to connect to port 22 on 10.180.180.238
2025-11-24 14:33:19.276 66339 INFO tempest.lib.common.rest_client [req-32c6564b-639d-47bc-9849-945304b61ebc req-32c6564b-639d-47bc-9849-945304b61ebc ] Request (FlavorsExtraSpecsTestJSON:tearDownClass): 200 GET http://10.180.1.21/networking/v2.0/security-groups?tenant_id=44ab39ecfba446349af58482e1ef353f&name=default 0.529s
2025-11-24 14:33:19.276 66335 INFO tempest.lib.common.rest_client [req-fe5ec6b5-46d0-4bc1-a84c-6522a17ede1d req-fe5ec6b5-46d0-4bc1-a84c-6522a17ede1d ] Request (ServersAdminTestJSON:test_create_server_with_scheduling_hint): 201 POST http://10.180.1.21/identity/v3/auth/tokens 0.076s
2025-11-24 14:33:19.276 66335 INFO tempest.lib.common.fixed_network [-] (ServersAdminTestJSON:test_create_server_with_scheduling_hint) Found network {'id': '3b069d0c-603b-4f0e-b96f-5f36aefaf6a6', 'name': 'tempest-ServersAdminTestJSON-1540308905-network', 'tenant_id': '9259329c8cf2412ba05556a6de4f229c', 'project_id': '9259329c8cf2412ba05556a6de4f229c', 'admin_state_up': True, 'mtu': 8950, 'status': 'ACTIVE', 'subnets': [], 'shared': False, 'port_security_enabled': True, 'router:external': False, 'provider:network_type': 'vlan', 'provider:physical_network': 'default', 'provider:segmentation_id': 581, 'availability_zone_hints': [], 'availability_zones': [], 'ipv4_address_scope': None, 'ipv6_address_scope': None, 'description': '', 'tags': [], 'created_at': '2025-11-24T14:32:10Z', 'updated_at': '2025-11-24T14:32:10Z', 'revision_number': 1} available for tenant
2025-11-24 14:33:19.330 66307 INFO tempest.lib.common.rest_client [req-244ef3cf-a1b7-4597-a052-85355d99b115 req-244ef3cf-a1b7-4597-a052-85355d99b115 ] Request (VolumesAdminNegativeTest:setUpClass): 201 POST http://10.180.1.21/networking/v2.0/routers 1.040s
2025-11-24 14:33:19.336 66315 INFO tempest.lib.common.rest_client [req-6fe66d80-eb69-4e75-90d7-611e41522cd5 req-6fe66d80-eb69-4e75-90d7-611e41522cd5 ] Request (ServerActionsTestJSON:setUpClass): 200 GET http://10.180.1.21/compute/v2.1/servers/9d8c30eb-4dd2-48ca-bb09-7d30814ed474 9.624s
2025-11-24 14:33:19.344 66315 INFO tempest.common.waiters [-] State transition "BUILD/spawning" ==> "ACTIVE/None" after 33 second wait
2025-11-24 14:33:19.351 66303 INFO tempest.lib.common.rest_client [req-585cca97-55ef-47eb-95c3-08d198aec44d req-585cca97-55ef-47eb-95c3-08d198aec44d ] Request (KeyPairsV210TestJSON:test_admin_manage_keypairs_for_other_users): 200 GET http://10.180.1.21/compute/v2.1/os-keypairs?user_id=8109ddeb5e7249238c2436938ad9207b 9.500s
2025-11-24 14:33:19.445 66341 INFO tempest.lib.common.rest_client [req-3a7d9ef8-9578-4b78-a2e8-828c6d3d1090 req-3a7d9ef8-9578-4b78-a2e8-828c6d3d1090 ] Request (HostsAdminNegativeTestJSON:tearDownClass): 204 DELETE http://10.180.1.21/networking/v2.0/security-groups/b848e483-f1f1-4bd9-80be-73c3045aa674 0.293s
2025-11-24 14:33:19.533 66339 INFO tempest.lib.common.rest_client [req-fd359714-9246-4d9b-8c08-915c5c07d312 req-fd359714-9246-4d9b-8c08-915c5c07d312 ] Request (FlavorsExtraSpecsTestJSON:tearDownClass): 204 DELETE http://10.180.1.21/networking/v2.0/security-groups/d5b16b94-37b0-4969-b15c-a558b83859f5 0.256s
2025-11-24 14:33:19.589 66341 INFO tempest.lib.common.rest_client [req-ab1357d0-1a66-4265-9d32-8eb626fbdd99 req-ab1357d0-1a66-4265-9d32-8eb626fbdd99 ] Request (HostsAdminNegativeTestJSON:tearDownClass): 204 DELETE http://10.180.1.21/identity/v3/projects/9de4b31690c3421db5ba0cd4e4c951c8 0.143s
2025-11-24 14:33:19.590 66341 INFO tempest.test [-] raised in LiveMigrationManagerWorkflowTest.setUpClass. Invoking tearDownClass.
2025-11-24 14:33:19.605 66339 INFO tempest.lib.common.rest_client [req-30136e7b-9d6d-4ebd-90fd-bd1e06d33206 req-30136e7b-9d6d-4ebd-90fd-bd1e06d33206 ] Request (FlavorsExtraSpecsTestJSON:tearDownClass): 204 DELETE http://10.180.1.21/identity/v3/projects/44ab39ecfba446349af58482e1ef353f 0.071s
