2025-11-24 14:33:38.352 66313 INFO tempest.lib.common.rest_client [req-445d44a4-c1f6-4fdb-9d3b-0ea6f95ad3ec req-445d44a4-c1f6-4fdb-9d3b-0ea6f95ad3ec ] Request (QuotasAdminNegativeTest:setUpClass): 201 POST http://10.180.1.21/identity/v3/auth/tokens 0.086s
2025-11-24 14:33:38.372 66347 INFO tempest.lib.common.rest_client [req-86f0ce19-3c1f-42fb-a8e0-ee51305efa1c req-86f0ce19-3c1f-42fb-a8e0-ee51305efa1c ] Request (ServersTestFqdnHostnames:test_create_server_with_fqdn_name): 200 POST http://10.180.1.21/compute/v2.1/os-keypairs 2.981s
2025-11-24 14:33:38.408 66313 INFO tempest.lib.common.rest_client [req-e3e55519-d5c3-4a7e-a6a1-e2ec8983cb21 req-e3e55519-d5c3-4a7e-a6a1-e2ec8983cb21 ] Request (QuotasAdminNegativeTest:setUpClass): 201 POST http://10.180.1.21/identity/v3/auth/tokens 0.051s
2025-11-24 14:33:38.461 66313 INFO tempest.lib.common.rest_client [req-fbe99916-81ac-458a-90d0-31054ea79f1c req-fbe99916-81ac-458a-90d0-31054ea79f1c ] Request (QuotasAdminNegativeTest:setUpClass): 200 GET http://10.180.1.21/identity/v3/domains?name=Default 0.053s
2025-11-24 14:33:38.515 66313 INFO tempest.lib.common.rest_client [req-d74bb7d5-92df-4cf6-8779-ce3bc550fe20 req-d74bb7d5-92df-4cf6-8779-ce3bc550fe20 ] Request (QuotasAdminNegativeTest:setUpClass): 201 POST http://10.180.1.21/identity/v3/projects 0.053s
2025-11-24 14:33:38.640 66313 INFO tempest.lib.common.rest_client [req-7f44fea4-6208-4f55-8ec2-76d2abf7e645 req-7f44fea4-6208-4f55-8ec2-76d2abf7e645 ] Request (QuotasAdminNegativeTest:setUpClass): 201 POST http://10.180.1.21/identity/v3/users 0.124s
2025-11-24 14:33:38.650 66303 INFO tempest.lib.common.rest_client [req-01f6f5be-def6-4af6-bbb0-e5759feb32f2 req-01f6f5be-def6-4af6-bbb0-e5759feb32f2 ] Request (KeyPairsV210TestJSON:tearDownClass): 204 DELETE http://10.180.1.21/networking/v2.0/security-groups/0b522686-3b00-48e0-8bb2-0dc4fbe412e7 0.676s
2025-11-24 14:33:38.693 66313 INFO tempest.lib.common.rest_client [req-10c8aec7-4f83-45b4-a7d1-6560cf749b9d req-10c8aec7-4f83-45b4-a7d1-6560cf749b9d ] Request (QuotasAdminNegativeTest:setUpClass): 200 GET http://10.180.1.21/identity/v3/roles 0.053s
2025-11-24 14:33:38.724 66355 INFO tempest.lib.common.rest_client [req-94e97ef1-e957-41fe-a661-3a2552ada281 req-94e97ef1-e957-41fe-a661-3a2552ada281 ] Request (ServersAdminNegativeTestJSON:test_migrate_server_invalid_state): 200 GET http://10.180.1.21/compute/v2.1/servers/769fd1fe-1002-4f1c-a0ee-4411bef4e266 4.443s
2025-11-24 14:33:38.737 66355 INFO tempest.common.waiters [-] State transition "ACTIVE/suspending" ==> "SUSPENDED/None" after 5 second wait
2025-11-24 14:33:38.760 66313 INFO tempest.lib.common.rest_client [req-ee6ef0e8-e8fb-4047-94c0-c785c2533465 req-ee6ef0e8-e8fb-4047-94c0-c785c2533465 ] Request (QuotasAdminNegativeTest:setUpClass): 204 PUT http://10.180.1.21/identity/v3/projects/32710810b1904f41a52cd796daee5eee/users/72b689f3ef694901884303b7d06a167f/roles/9398be14c9b4490cbfc4194f781fc6ce 0.066s
2025-11-24 14:33:38.760 66313 INFO tempest.lib.common.dynamic_creds [-] Dynamic test user 72b689f3ef694901884303b7d06a167f is created with scope project and roles: ['member']
2025-11-24 14:33:38.760 66313 INFO tempest.lib.common.dynamic_creds [-] Acquired dynamic creds: credentials: Credentials: {'domain_id': 'default', 'domain_name': 'Default', 'username': 'tempest-QuotasAdminNegativeTest-376587713-project-member', 'project_domain_id': 'default', 'project_domain_name': 'Default', 'project_id': '32710810b1904f41a52cd796daee5eee', 'project_name': 'tempest-QuotasAdminNegativeTest-376587713', 'tenant_id': '32710810b1904f41a52cd796daee5eee', 'tenant_name': 'tempest-QuotasAdminNegativeTest-376587713', 'user_domain_id': 'default', 'user_domain_name': 'Default', 'user_id': '72b689f3ef694901884303b7d06a167f', 'system': None}, Network: None, Subnet: None, Router: None
2025-11-24 14:33:38.761 66313 INFO tempest.lib.common.dynamic_creds [-] Created isolated network resources for: credentials: Credentials: {'domain_id': 'default', 'domain_name': 'Default', 'username': 'tempest-QuotasAdminNegativeTest-376587713-project-member', 'project_domain_id': 'default', 'project_domain_name': 'Default', 'project_id': '32710810b1904f41a52cd796daee5eee', 'project_name': 'tempest-QuotasAdminNegativeTest-376587713', 'tenant_id': '32710810b1904f41a52cd796daee5eee', 'tenant_name': 'tempest-QuotasAdminNegativeTest-376587713', 'user_domain_id': 'default', 'user_domain_name': 'Default', 'user_id': '72b689f3ef694901884303b7d06a167f', 'system': None}, Network: None, Subnet: None, Router: None
2025-11-24 14:33:38.810 66325 INFO tempest.lib.common.rest_client [req-b974aaa1-059b-4ad6-9539-9fbc1e29502c req-b974aaa1-059b-4ad6-9539-9fbc1e29502c ] Request (ServersWithSpecificFlavorTestJSON:test_verify_created_server_ephemeral_disk): 200 GET http://10.180.1.21/compute/v2.1/servers/2528529c-79c4-40cb-9512-d0ff52d3ac08/os-interface 3.355s
2025-11-24 14:33:38.852 66303 INFO tempest.lib.common.rest_client [req-52bb72c9-a27b-4630-925b-a58421176479 req-52bb72c9-a27b-4630-925b-a58421176479 ] Request (KeyPairsV210TestJSON:tearDownClass): 204 DELETE http://10.180.1.21/identity/v3/projects/c377b7868c4a4c70a8711ac3de76dd94 0.201s
2025-11-24 14:33:38.853 66303 INFO tempest.test [-] raised in LiveMigrationRemoteConsolesV26Test.setUpClass. Invoking tearDownClass.
2025-11-24 14:33:38.907 66347 INFO tempest.lib.common.rest_client [req-6459d76b-7a9f-43ca-bdc1-82f67466b6cd req-6459d76b-7a9f-43ca-bdc1-82f67466b6cd ] Request (ServersTestFqdnHostnames:test_create_server_with_fqdn_name): 201 POST http://10.180.1.21/networking/v2.0/security-groups 0.533s
2025-11-24 14:33:38.914 66313 INFO tempest.lib.common.rest_client [req-09468930-34af-425b-b593-6f6fc5a0a2b3 req-09468930-34af-425b-b593-6f6fc5a0a2b3 ] Request (QuotasAdminNegativeTest:setUpClass): 201 POST http://10.180.1.21/identity/v3/auth/tokens 0.148s
2025-11-24 14:33:38.954 66303 INFO tempest.lib.common.rest_client [req-8827fbbf-8ab6-40fb-891f-7e310a42a28d req-8827fbbf-8ab6-40fb-891f-7e310a42a28d ] Request (ServerDiagnosticsTest:setUpClass): 201 POST http://10.180.1.21/identity/v3/auth/tokens 0.098s
2025-11-24 14:33:38.990 66303 INFO tempest.lib.common.rest_client [req-75d15ca0-021f-4d44-901a-e93d95d98738 req-75d15ca0-021f-4d44-901a-e93d95d98738 ] Request (ServerDiagnosticsTest:setUpClass): 201 POST http://10.180.1.21/identity/v3/auth/tokens 0.032s
2025-11-24 14:33:39.007 66313 INFO tempest.lib.common.rest_client [req-06005d11-fa1f-4d92-b7b8-0df8b3a2b50e req-06005d11-fa1f-4d92-b7b8-0df8b3a2b50e ] Request (QuotasAdminNegativeTest:setUpClass): 201 POST http://10.180.1.21/identity/v3/projects 0.092s
2025-11-24 14:33:39.011 66349 INFO tempest.lib.common.rest_client [req-82772369-9509-4ce3-8e2d-0091a4c3fc97 req-82772369-9509-4ce3-8e2d-0091a4c3fc97 ] Request (AttachInterfacesTestJSON:test_create_list_show_delete_interfaces_by_fixed_ip): 200 GET http://10.180.1.21/compute/v2.1/servers/6719dfde-a9b8-4400-8350-8c372ee41f9c/os-interface 3.231s
2025-11-24 14:33:39.065 66303 INFO tempest.lib.common.rest_client [req-831dd83f-2f1b-4c4b-86e0-c9fceedaa8d5 req-831dd83f-2f1b-4c4b-86e0-c9fceedaa8d5 ] Request (ServerDiagnosticsTest:setUpClass): 200 GET http://10.180.1.21/identity/v3/domains?name=Default 0.074s
2025-11-24 14:33:39.082 66301 INFO tempest.lib.common.rest_client [req-71747d8a-1049-4530-9c8c-e97a65540f84 req-71747d8a-1049-4530-9c8c-e97a65540f84 ] Request (ServerTagsTestJSON:_run_cleanups): 204 DELETE http://10.180.1.21/compute/v2.1/servers/ec514267-5e43-4e93-8517-abbc9e762774/tags 3.040s
2025-11-24 14:33:39.091 66313 INFO tempest.lib.common.rest_client [req-3157f306-04eb-4a59-965a-cf2b2d9b235e req-3157f306-04eb-4a59-965a-cf2b2d9b235e ] Request (QuotasAdminNegativeTest:setUpClass): 201 POST http://10.180.1.21/identity/v3/users 0.084s
2025-11-24 14:33:39.105 66303 INFO tempest.lib.common.rest_client [req-41a0faaa-37de-424c-860d-eb0310ef1a6b req-41a0faaa-37de-424c-860d-eb0310ef1a6b ] Request (ServerDiagnosticsTest:setUpClass): 201 POST http://10.180.1.21/identity/v3/projects 0.040s
2025-11-24 14:33:39.113 66331 INFO tempest.lib.common.rest_client [req-2d7a6c65-35d5-4a7d-ab28-13581d03d693 req-2d7a6c65-35d5-4a7d-ab28-13581d03d693 ] Request (AggregatesAdminNegativeTestJSON:test_aggregate_delete_as_user): 200 POST http://10.180.1.21/compute/v2.1/os-aggregates 3.042s
2025-11-24 14:33:39.121 66313 INFO tempest.lib.common.rest_client [req-62040ddd-e60a-4f19-8027-278b968e24f1 req-62040ddd-e60a-4f19-8027-278b968e24f1 ] Request (QuotasAdminNegativeTest:setUpClass): 200 GET http://10.180.1.21/identity/v3/roles 0.029s
2025-11-24 14:33:39.137 66347 INFO tempest.lib.common.rest_client [req-7be2f38d-e02f-4ea3-97da-b96e16e9cf4b req-7be2f38d-e02f-4ea3-97da-b96e16e9cf4b ] Request (ServersTestFqdnHostnames:test_create_server_with_fqdn_name): 201 POST http://10.180.1.21/networking/v2.0/security-group-rules 0.230s
2025-11-24 14:33:39.212 66303 INFO tempest.lib.common.rest_client [req-05ded5bc-c510-4945-9634-6e97958f8f85 req-05ded5bc-c510-4945-9634-6e97958f8f85 ] Request (ServerDiagnosticsTest:setUpClass): 201 POST http://10.180.1.21/identity/v3/users 0.106s
2025-11-24 14:33:39.241 66313 INFO tempest.lib.common.rest_client [req-bcfb2392-a6c0-4585-9db8-142d209f96c9 req-bcfb2392-a6c0-4585-9db8-142d209f96c9 ] Request (QuotasAdminNegativeTest:setUpClass): 204 PUT http://10.180.1.21/identity/v3/projects/09655c03916a4a36b4e808d6626bfa01/users/9a601687478f4e589a2e4b7da861e83d/roles/244e237a94ba436884239798391037ab 0.119s
2025-11-24 14:33:39.258 66347 INFO tempest.lib.common.rest_client [req-1de7ba3c-7540-4153-a2d5-4baecbbf8e14 req-1de7ba3c-7540-4153-a2d5-4baecbbf8e14 ] Request (ServersTestFqdnHostnames:test_create_server_with_fqdn_name): 201 POST http://10.180.1.21/networking/v2.0/security-group-rules 0.120s
2025-11-24 14:33:39.295 66303 INFO tempest.lib.common.rest_client [req-af4157c0-2312-40e1-9c03-1319cc51b6d6 req-af4157c0-2312-40e1-9c03-1319cc51b6d6 ] Request (ServerDiagnosticsTest:setUpClass): 200 GET http://10.180.1.21/identity/v3/roles 0.081s
2025-11-24 14:33:39.314 66313 INFO tempest.lib.common.rest_client [req-bee6d549-0f03-4425-bc75-e7571e23e149 req-bee6d549-0f03-4425-bc75-e7571e23e149 ] Request (QuotasAdminNegativeTest:setUpClass): 200 GET http://10.180.1.21/identity/v3/roles 0.071s
2025-11-24 14:33:39.326 66303 INFO tempest.lib.common.rest_client [req-e3c1e4ea-f546-4708-a533-d0ca82c54f64 req-e3c1e4ea-f546-4708-a533-d0ca82c54f64 ] Request (ServerDiagnosticsTest:setUpClass): 204 PUT http://10.180.1.21/identity/v3/projects/c4ba9e29ea33419083ae3f9c035f536d/users/2c7c58e06c6d4c8a83347e1e17c588ae/roles/9398be14c9b4490cbfc4194f781fc6ce 0.030s
2025-11-24 14:33:39.327 66303 INFO tempest.lib.common.dynamic_creds [-] Dynamic test user 2c7c58e06c6d4c8a83347e1e17c588ae is created with scope project and roles: ['member']
2025-11-24 14:33:39.327 66303 INFO tempest.lib.common.dynamic_creds [-] Acquired dynamic creds: credentials: Credentials: {'domain_id': 'default', 'domain_name': 'Default', 'username': 'tempest-ServerDiagnosticsTest-441166188-project-member', 'project_domain_id': 'default', 'project_domain_name': 'Default', 'project_id': 'c4ba9e29ea33419083ae3f9c035f536d', 'project_name': 'tempest-ServerDiagnosticsTest-441166188', 'tenant_id': 'c4ba9e29ea33419083ae3f9c035f536d', 'tenant_name': 'tempest-ServerDiagnosticsTest-441166188', 'user_domain_id': 'default', 'user_domain_name': 'Default', 'user_id': '2c7c58e06c6d4c8a83347e1e17c588ae', 'system': None}, Network: None, Subnet: None, Router: None
2025-11-24 14:33:39.327 66303 INFO tempest.lib.common.dynamic_creds [-] Created isolated network resources for: credentials: Credentials: {'domain_id': 'default', 'domain_name': 'Default', 'username': 'tempest-ServerDiagnosticsTest-441166188-project-member', 'project_domain_id': 'default', 'project_domain_name': 'Default', 'project_id': 'c4ba9e29ea33419083ae3f9c035f536d', 'project_name': 'tempest-ServerDiagnosticsTest-441166188', 'tenant_id': 'c4ba9e29ea33419083ae3f9c035f536d', 'tenant_name': 'tempest-ServerDiagnosticsTest-441166188', 'user_domain_id': 'default', 'user_domain_name': 'Default', 'user_id': '2c7c58e06c6d4c8a83347e1e17c588ae', 'system': None}, Network: None, Subnet: None, Router: None
2025-11-24 14:33:39.333 66317 INFO tempest.lib.common.rest_client [req-cba4e37d-bc7f-4313-851a-cae1c303549d req-cba4e37d-bc7f-4313-851a-cae1c303549d ] Request (FlavorsAdminTestJSON:test_create_list_flavor_without_extra_data): 200 GET http://10.180.1.21/compute/v2.1/flavors/detail 3.242s
2025-11-24 14:33:39.337 66313 INFO tempest.lib.common.rest_client [req-f8c9ce27-debb-41cd-83e1-30b5a43a2173 req-f8c9ce27-debb-41cd-83e1-30b5a43a2173 ] Request (QuotasAdminNegativeTest:setUpClass): 204 PUT http://10.180.1.21/identity/v3/projects/09655c03916a4a36b4e808d6626bfa01/users/9a601687478f4e589a2e4b7da861e83d/roles/244e237a94ba436884239798391037ab 0.022s
2025-11-24 14:33:39.337 66313 INFO tempest.lib.common.dynamic_creds [-] Dynamic test user 9a601687478f4e589a2e4b7da861e83d is created with scope project and roles: ['admin']
2025-11-24 14:33:39.337 66313 INFO tempest.lib.common.dynamic_creds [-] Acquired dynamic creds: credentials: Credentials: {'domain_id': 'default', 'domain_name': 'Default', 'username': 'tempest-QuotasAdminNegativeTest-88346809-project-admin', 'project_domain_id': 'default', 'project_domain_name': 'Default', 'project_id': '09655c03916a4a36b4e808d6626bfa01', 'project_name': 'tempest-QuotasAdminNegativeTest-88346809', 'tenant_id': '09655c03916a4a36b4e808d6626bfa01', 'tenant_name': 'tempest-QuotasAdminNegativeTest-88346809', 'user_domain_id': 'default', 'user_domain_name': 'Default', 'user_id': '9a601687478f4e589a2e4b7da861e83d', 'system': None}, Network: None, Subnet: None, Router: None
2025-11-24 14:33:39.337 66313 INFO tempest.lib.common.dynamic_creds [-] Created isolated network resources for: credentials: Credentials: {'domain_id': 'default', 'domain_name': 'Default', 'username': 'tempest-QuotasAdminNegativeTest-88346809-project-admin', 'project_domain_id': 'default', 'project_domain_name': 'Default', 'project_id': '09655c03916a4a36b4e808d6626bfa01', 'project_name': 'tempest-QuotasAdminNegativeTest-88346809', 'tenant_id': '09655c03916a4a36b4e808d6626bfa01', 'tenant_name': 'tempest-QuotasAdminNegativeTest-88346809', 'user_domain_id': 'default', 'user_domain_name': 'Default', 'user_id': '9a601687478f4e589a2e4b7da861e83d', 'system': None}, Network: None, Subnet: None, Router: None
2025-11-24 14:33:39.361 66339 INFO tempest.lib.common.rest_client [req-6c1c58b0-2e68-457d-a8ae-ee757a4d928b req-6c1c58b0-2e68-457d-a8ae-ee757a4d928b ] Request (FlavorsV255TestJSON:test_crud_flavor): 200 GET http://10.180.1.21/compute/v2.1/flavors/detail 3.247s
2025-11-24 14:33:39.385 66329 INFO tempest.lib.common.rest_client [req-7e73b7f0-24e6-42d6-877f-0a43fe82d9f6 req-7e73b7f0-24e6-42d6-877f-0a43fe82d9f6 ] Request (KeyPairsV2TestJSON:test_keypairs_create_list_delete): 200 GET http://10.180.1.21/compute/v2.1/os-keypairs 3.227s
2025-11-24 14:33:39.392 66311 INFO tempest.lib.common.rest_client [req-f1316bf4-86ad-40dd-b457-8738cb25eeb3 req-f1316bf4-86ad-40dd-b457-8738cb25eeb3 ] Request (ServerActionsV293TestJSON:setUpClass): 200 GET http://10.180.1.21/volume/v3/volumes/baf48700-b4dd-4d06-bacd-9a544aca4704 0.045s
2025-11-24 14:33:39.429 66303 INFO tempest.lib.common.rest_client [req-df8ace9c-0105-4754-b4f4-64db5f226e76 req-df8ace9c-0105-4754-b4f4-64db5f226e76 ] Request (ServerDiagnosticsTest:setUpClass): 201 POST http://10.180.1.21/identity/v3/auth/tokens 0.099s
2025-11-24 14:33:39.457 66313 INFO tempest.lib.common.rest_client [req-96be8c5e-a659-4c50-9a58-6895babd79cb req-96be8c5e-a659-4c50-9a58-6895babd79cb ] Request (QuotasAdminNegativeTest:setUpClass): 201 POST http://10.180.1.21/identity/v3/auth/tokens 0.117s
2025-11-24 14:33:39.479 66323 WARNING tempest.lib.common.ssh [-] Failed to establish authenticated ssh connection to cirros@10.180.180.157 ([Errno None] Unable to connect to port 22 on 10.180.180.157). Number attempts: 4. Retry after 5 seconds.: paramiko.ssh_exception.NoValidConnectionsError: [Errno None] Unable to connect to port 22 on 10.180.180.157
2025-11-24 14:33:39.496 66325 INFO tempest.lib.common.rest_client [req-8959c10e-9b64-43bf-be53-16dcf26448ba req-8959c10e-9b64-43bf-be53-16dcf26448ba ] Request (ServersWithSpecificFlavorTestJSON:test_verify_created_server_ephemeral_disk): 200 PUT http://10.180.1.21/networking/v2.0/floatingips/0fc1fc91-51d3-41bd-b197-42210b3635d4 0.681s
2025-11-24 14:33:39.563 66303 INFO tempest.lib.common.rest_client [req-b502a4a8-138d-4631-80cb-59a14e24f1fc req-b502a4a8-138d-4631-80cb-59a14e24f1fc ] Request (ServerDiagnosticsTest:setUpClass): 201 POST http://10.180.1.21/identity/v3/projects 0.133s
2025-11-24 14:33:39.676 66303 INFO tempest.lib.common.rest_client [req-00b2d9b4-c2aa-480c-a99a-0beb562ff036 req-00b2d9b4-c2aa-480c-a99a-0beb562ff036 ] Request (ServerDiagnosticsTest:setUpClass): 201 POST http://10.180.1.21/identity/v3/users 0.110s
2025-11-24 14:33:39.709 66303 INFO tempest.lib.common.rest_client [req-a5e79f35-4ddb-45ba-9878-9921f8529107 req-a5e79f35-4ddb-45ba-9878-9921f8529107 ] Request (ServerDiagnosticsTest:setUpClass): 200 GET http://10.180.1.21/identity/v3/roles 0.032s
2025-11-24 14:33:39.755 66303 INFO tempest.lib.common.rest_client [req-21137e1e-2ec1-4239-be20-3a01ff280ca7 req-21137e1e-2ec1-4239-be20-3a01ff280ca7 ] Request (ServerDiagnosticsTest:setUpClass): 204 PUT http://10.180.1.21/identity/v3/projects/6a0210f3af7040148c7164e2c0df2b53/users/2d0acd4e658c4626bc8e2edf85831b90/roles/244e237a94ba436884239798391037ab 0.046s
2025-11-24 14:33:39.760 66309 INFO tempest.lib.common.rest_client [req-321d53ca-a380-45b6-a356-f2dcaf3f2875 req-321d53ca-a380-45b6-a356-f2dcaf3f2875 ] Request (QuotasAdminTestV236:test_get_updated_quotas): 200 PUT http://10.180.1.21/compute/v2.1/os-quota-sets/c31c84dab90f4c0bb8e1025687688b62 3.197s
2025-11-24 14:33:39.830 66359 INFO tempest.lib.common.rest_client [req-b27959d3-cd53-4533-afc7-2d09235e0af9 req-b27959d3-cd53-4533-afc7-2d09235e0af9 ] Request (FloatingIPsAssociationNegativeTestJSON:_run_cleanups): 202 DELETE http://10.180.1.21/compute/v2.1/os-floating-ips/f7c357e7-30ea-46c3-935c-b4efaec062f6 4.075s
2025-11-24 14:33:39.842 66347 INFO tempest.lib.common.rest_client [req-aeb343c8-6a03-4c27-ae8d-a3a4c34a5578 req-aeb343c8-6a03-4c27-ae8d-a3a4c34a5578 ] Request (ServersTestFqdnHostnames:test_create_server_with_fqdn_name): 201 POST http://10.180.1.21/networking/v2.0/floatingips 0.582s
2025-11-24 14:33:39.844 66303 INFO tempest.lib.common.rest_client [req-edf42fcc-c789-4852-86e3-57ea8489e90c req-edf42fcc-c789-4852-86e3-57ea8489e90c ] Request (ServerDiagnosticsTest:setUpClass): 200 GET http://10.180.1.21/identity/v3/roles 0.088s
2025-11-24 14:33:39.876 66303 INFO tempest.lib.common.rest_client [req-23e3a239-cf0f-4fe8-94ce-8d7602b75a4b req-23e3a239-cf0f-4fe8-94ce-8d7602b75a4b ] Request (ServerDiagnosticsTest:setUpClass): 204 PUT http://10.180.1.21/identity/v3/projects/6a0210f3af7040148c7164e2c0df2b53/users/2d0acd4e658c4626bc8e2edf85831b90/roles/244e237a94ba436884239798391037ab 0.031s
2025-11-24 14:33:39.876 66303 INFO tempest.lib.common.dynamic_creds [-] Dynamic test user 2d0acd4e658c4626bc8e2edf85831b90 is created with scope project and roles: ['admin']
2025-11-24 14:33:39.876 66303 INFO tempest.lib.common.dynamic_creds [-] Acquired dynamic creds: credentials: Credentials: {'domain_id': 'default', 'domain_name': 'Default', 'username': 'tempest-ServerDiagnosticsTest-2022316074-project-admin', 'project_domain_id': 'default', 'project_domain_name': 'Default', 'project_id': '6a0210f3af7040148c7164e2c0df2b53', 'project_name': 'tempest-ServerDiagnosticsTest-2022316074', 'tenant_id': '6a0210f3af7040148c7164e2c0df2b53', 'tenant_name': 'tempest-ServerDiagnosticsTest-2022316074', 'user_domain_id': 'default', 'user_domain_name': 'Default', 'user_id': '2d0acd4e658c4626bc8e2edf85831b90', 'system': None}, Network: None, Subnet: None, Router: None
2025-11-24 14:33:39.876 66303 INFO tempest.lib.common.dynamic_creds [-] Created isolated network resources for: credentials: Credentials: {'domain_id': 'default', 'domain_name': 'Default', 'username': 'tempest-ServerDiagnosticsTest-2022316074-project-admin', 'project_domain_id': 'default', 'project_domain_name': 'Default', 'project_id': '6a0210f3af7040148c7164e2c0df2b53', 'project_name': 'tempest-ServerDiagnosticsTest-2022316074', 'tenant_id': '6a0210f3af7040148c7164e2c0df2b53', 'tenant_name': 'tempest-ServerDiagnosticsTest-2022316074', 'user_domain_id': 'default', 'user_domain_name': 'Default', 'user_id': '2d0acd4e658c4626bc8e2edf85831b90', 'system': None}, Network: None, Subnet: None, Router: None
2025-11-24 14:33:39.911 66315 WARNING tempest.lib.common.ssh [-] Failed to establish authenticated ssh connection to cirros@10.180.180.215 ([Errno None] Unable to connect to port 22 on 10.180.180.215). Number attempts: 4. Retry after 5 seconds.: paramiko.ssh_exception.NoValidConnectionsError: [Errno None] Unable to connect to port 22 on 10.180.180.215
2025-11-24 14:33:39.934 66341 INFO tempest.lib.common.rest_client [req-0cbd8086-4b22-4242-86c8-c44e652ad194 req-0cbd8086-4b22-4242-86c8-c44e652ad194 ] Request (ImagesTestJSON:test_create_image_from_stopped_server): 200 GET http://10.180.1.21/compute/v2.1/servers/734a2be7-3b01-4578-be80-760e92a9df6f 3.367s
2025-11-24 14:33:39.938 66347 INFO tempest.lib.common.rest_client [req-0d67a512-2f66-46d3-9289-f7e3721c5464 req-0d67a512-2f66-46d3-9289-f7e3721c5464 ] Request (ServersTestFqdnHostnames:test_create_server_with_fqdn_name): 201 POST http://10.180.1.21/identity/v3/auth/tokens 0.088s
2025-11-24 14:33:39.939 66347 INFO tempest.lib.common.fixed_network [-] (ServersTestFqdnHostnames:test_create_server_with_fqdn_name) Found network {'id': '1b732305-6016-4810-a435-2874f8d61372', 'name': 'tempest-ServersTestFqdnHostnames-637160634-network', 'tenant_id': 'a78ee8f35049467ea97b6b22baf92f7a', 'project_id': 'a78ee8f35049467ea97b6b22baf92f7a', 'admin_state_up': True, 'mtu': 8950, 'status': 'ACTIVE', 'subnets': [], 'shared': False, 'port_security_enabled': True, 'router:external': False, 'provider:network_type': 'vlan', 'provider:physical_network': 'default', 'provider:segmentation_id': 550, 'availability_zone_hints': [], 'availability_zones': [], 'ipv4_address_scope': None, 'ipv6_address_scope': None, 'description': '', 'tags': [], 'created_at': '2025-11-24T14:33:32Z', 'updated_at': '2025-11-24T14:33:32Z', 'revision_number': 1} available for tenant
2025-11-24 14:33:39.998 66303 INFO tempest.lib.common.rest_client [req-240be5b0-7f51-44a5-b731-85ddef8097e5 req-240be5b0-7f51-44a5-b731-85ddef8097e5 ] Request (ServerDiagnosticsTest:setUpClass): 201 POST http://10.180.1.21/identity/v3/auth/tokens 0.118s
2025-11-24 14:33:40.074 66303 INFO tempest.lib.common.rest_client [req-501c4f8a-583b-4998-b76c-b75db1622bd8 req-501c4f8a-583b-4998-b76c-b75db1622bd8 ] Request (ServerDiagnosticsTest:test_get_server_diagnostics): 201 POST http://10.180.1.21/identity/v3/auth/tokens 0.069s
2025-11-24 14:33:40.075 66303 INFO tempest.lib.common.fixed_network [-] (ServerDiagnosticsTest:test_get_server_diagnostics) Found network None available for tenant
2025-11-24 14:33:40.075 66353 INFO tempest.lib.common.rest_client [req-6ffeed47-fb7d-42b8-bfd5-7654007d1e92 req-6ffeed47-fb7d-42b8-bfd5-7654007d1e92 ] Request (ServerDiskConfigTestJSON:test_rebuild_server_with_auto_disk_config): 200 GET http://10.180.1.21/compute/v2.1/servers/f0194d55-7d03-4305-9a21-3a1eb4a3efa0 2.986s
2025-11-24 14:33:40.083 66345 INFO tempest.lib.common.rest_client [req-628c3b22-3a2d-4d31-b35e-d9c830f51401 req-628c3b22-3a2d-4d31-b35e-d9c830f51401 ] Request (ServersAaction247Test:tearDownClass): 200 GET http://10.180.1.21/compute/v2.1/servers/c338a1b0-0d91-44e5-841d-b4b10770fbac 2.755s
2025-11-24 14:33:40.087 66353 INFO tempest.common.waiters [-] State transition "BUILD/spawning" ==> "ACTIVE/None" after 18 second wait
2025-11-24 14:33:40.155 66343 INFO tempest.lib.common.rest_client [req-df48c1c9-7e7b-44f3-bcfb-c07155a80c7b req-df48c1c9-7e7b-44f3-bcfb-c07155a80c7b ] Request (ServersAdmin275Test:tearDownClass): 200 GET http://10.180.1.21/compute/v2.1/servers/1e5afc11-0db5-4d36-a29a-b8adf48390a6 2.674s
2025-11-24 14:33:40.166 66343 INFO tempest.common.waiters [-] State transition "ACTIVE/deleting" ==> "DELETED/None" after 4 second wait
2025-11-24 14:33:40.174 66333 INFO tempest.lib.common.rest_client [req-86919fee-16b6-4ff1-bff1-be80bc061e0c req-86919fee-16b6-4ff1-bff1-be80bc061e0c ] Request (ServersListShow2100Test:test_list_show_rebuild_update_server_2100): 200 GET http://10.180.1.21/compute/v2.1/servers/84d828fe-5c94-4737-9d83-b2a5b1ee5eed 2.451s
2025-11-24 14:33:40.299 66305 INFO tempest.lib.common.rest_client [req-97fa60d5-d987-4240-a5b3-b0ad81553df9 req-97fa60d5-d987-4240-a5b3-b0ad81553df9 ] Request (FlavorsAccessNegativeTestJSON:_run_cleanups): 200 POST http://10.180.1.21/compute/v2.1/flavors/2127248914/action 2.569s
2025-11-24 14:33:40.436 66311 INFO tempest.lib.common.rest_client [req-a0fcd917-71ae-4a0d-a006-f2edae54fd97 req-a0fcd917-71ae-4a0d-a006-f2edae54fd97 ] Request (ServerActionsV293TestJSON:setUpClass): 200 GET http://10.180.1.21/volume/v3/volumes/baf48700-b4dd-4d06-bacd-9a544aca4704 0.035s
2025-11-24 14:33:40.467 66351 INFO tempest.lib.common.rest_client [req-77f6f46c-b53c-48d1-b1a8-8fb36854cbe9 req-77f6f46c-b53c-48d1-b1a8-8fb36854cbe9 ] Request (ServerMetadataTestJSON:setUpClass): 200 GET http://10.180.1.21/compute/v2.1/servers/9104e815-c3a6-4156-9b75-e145f1a17a34 2.514s
2025-11-24 14:33:40.475 66351 INFO tempest.common.waiters [-] State transition "BUILD/spawning" ==> "ACTIVE/None" after 15 second wait
2025-11-24 14:33:40.618 66319 WARNING tempest.lib.common.ssh [-] Failed to establish authenticated ssh connection to cirros@10.180.180.129 ([Errno None] Unable to connect to port 22 on 10.180.180.129). Number attempts: 4. Retry after 5 seconds.: paramiko.ssh_exception.NoValidConnectionsError: [Errno None] Unable to connect to port 22 on 10.180.180.129
2025-11-24 14:33:40.650 66327 INFO tempest.lib.common.rest_client [req-a03a2d60-3039-4b17-bb10-88bb2409c640 req-a03a2d60-3039-4b17-bb10-88bb2409c640 ] Request (DeleteServersAdminTestJSON:test_delete_server_while_in_error_state): 200 GET http://10.180.1.21/compute/v2.1/servers/9b4142fa-f283-45d7-be48-81d9eb1ceaee 2.665s
2025-11-24 14:33:40.657 66327 INFO tempest.common.waiters [-] State transition "BUILD/spawning" ==> "ACTIVE/None" after 15 second wait
2025-11-24 14:33:40.761 66337 INFO tempest.lib.common.rest_client [req-1ac0de29-85a5-423c-a5dc-22bab73a243a req-1ac0de29-85a5-423c-a5dc-22bab73a243a ] Request (FloatingIPsAssociationTestJSON:setUpClass): 202 POST http://10.180.1.21/compute/v2.1/servers 2.972s
2025-11-24 14:33:40.791 66335 INFO tempest.lib.common.rest_client [req-a5a420d3-35fb-4b51-85b7-d4cbb29d6120 req-a5a420d3-35fb-4b51-85b7-d4cbb29d6120 ] Request (ServersAdminTestJSON:test_create_server_with_scheduling_hint): 200 GET http://10.180.1.21/compute/v2.1/servers/21fd1316-5d3c-4dfc-bfc5-ecfacc24a723 2.478s
2025-11-24 14:33:40.798 66335 INFO tempest.common.waiters [-] State transition "BUILD/None" ==> "BUILD/spawning" after 9 second wait
2025-11-24 14:33:40.873 66321 INFO tempest.lib.common.rest_client [req-1ce3defd-36a3-4db3-8126-dc0da91d3b5e req-1ce3defd-36a3-4db3-8126-dc0da91d3b5e ] Request (ServersTestBootFromVolume:setUpClass): 200 GET http://10.180.1.21/compute/v2.1/servers/1fac3a26-2f53-429b-9021-eb1cf1ec0eb9 2.557s
2025-11-24 14:33:40.883 66321 INFO tempest.lib.common.ssh [-] Creating ssh connection to '10.180.180.174:22' as 'cirros' with public key authentication
2025-11-24 14:33:40.892 66307 INFO tempest.lib.common.rest_client [req-15efea2b-d989-45a9-b2db-40417c9da267 req-15efea2b-d989-45a9-b2db-40417c9da267 ] Request (VolumesAdminNegativeTest:test_update_attached_volume_with_nonexistent_volume_in_uri): 200 GET http://10.180.1.21/compute/v2.1/servers/73776ada-0631-497f-b05b-f8e52540e7f2 2.243s
2025-11-24 14:33:40.899 66307 INFO tempest.common.waiters [-] State transition "BUILD/None" ==> "BUILD/networking" after 9 second wait
2025-11-24 14:33:40.953 66349 INFO tempest.lib.common.rest_client [req-bcc3422f-3a5f-4da2-b3c5-e0cfac56faea req-bcc3422f-3a5f-4da2-b3c5-e0cfac56faea ] Request (AttachInterfacesTestJSON:test_create_list_show_delete_interfaces_by_fixed_ip): 200 GET http://10.180.1.21/compute/v2.1/servers/6719dfde-a9b8-4400-8350-8c372ee41f9c/os-interface/66c24191-101c-4ff5-b083-c2c9d4b7be4d 1.940s
2025-11-24 14:33:40.959 66355 INFO tempest.lib.common.rest_client [req-25b3dedf-32cf-473d-9faa-919f88006772 req-25b3dedf-32cf-473d-9faa-919f88006772 ] Request (ServersAdminNegativeTestJSON:test_migrate_server_invalid_state): 409 POST http://10.180.1.21/compute/v2.1/servers/769fd1fe-1002-4f1c-a0ee-4411bef4e266/action 2.222s
2025-11-24 14:33:40.963 66331 INFO tempest.lib.common.rest_client [req-3dbcaba5-ab0b-4bf0-8b65-db2cc45c8733 req-3dbcaba5-ab0b-4bf0-8b65-db2cc45c8733 ] Request (AggregatesAdminNegativeTestJSON:test_aggregate_delete_as_user): 403 DELETE http://10.180.1.21/compute/v2.1/os-aggregates/5 1.848s
2025-11-24 14:33:40.973 66301 INFO tempest.lib.common.rest_client [req-5d37a21c-d273-41c3-83ef-7233cc157ede req-5d37a21c-d273-41c3-83ef-7233cc157ede ] Request (ServerTagsTestJSON:test_create_delete_tag): 200 GET http://10.180.1.21/compute/v2.1/servers/ec514267-5e43-4e93-8517-abbc9e762774/tags 1.888s
2025-11-24 14:33:40.998 66317 INFO tempest.lib.common.rest_client [req-db1cc519-bc15-4435-a64c-d2f5a61fe15f req-db1cc519-bc15-4435-a64c-d2f5a61fe15f ] Request (FlavorsAdminTestJSON:_run_cleanups): 202 DELETE http://10.180.1.21/compute/v2.1/flavors/1602021581 1.658s
2025-11-24 14:33:41.021 66339 INFO tempest.lib.common.rest_client [req-0975daab-e909-4498-9443-f562dc35e756 req-0975daab-e909-4498-9443-f562dc35e756 ] Request (FlavorsV255TestJSON:test_crud_flavor): 200 GET http://10.180.1.21/compute/v2.1/flavors 1.650s
2025-11-24 14:33:41.025 66349 INFO tempest.lib.common.rest_client [req-7d150113-adf8-424e-a172-d8752c320a2a req-7d150113-adf8-424e-a172-d8752c320a2a ] Request (AttachInterfacesTestJSON:test_create_list_show_delete_interfaces_by_fixed_ip): 200 GET http://10.180.1.21/networking/v2.0/ports?network_id=c76b54a6-0cc1-4ba7-b868-d50d2e3f2f40 0.069s
2025-11-24 14:33:41.050 66329 INFO tempest.lib.common.rest_client [req-e35beb2c-5df9-42ac-8a0f-a42eea2c6dfc req-e35beb2c-5df9-42ac-8a0f-a42eea2c6dfc ] Request (KeyPairsV2TestJSON:_run_cleanups): 202 DELETE http://10.180.1.21/compute/v2.1/os-keypairs/tempest-KeyPairsV2TestJSON-keypair-2003190803 1.662s
2025-11-24 14:33:41.118 66365 INFO tempest.lib.common.rest_client [req-4fac704f-aa63-44f3-8b7d-4198b0a4ba75 req-4fac704f-aa63-44f3-8b7d-4198b0a4ba75 ] Request (InstanceActionsV221TestJSON:test_get_list_deleted_instance_actions): 200 GET http://10.180.1.21/compute/v2.1/servers/0e3f0166-bd20-4a15-afe6-53a58efb75de 1.941s
2025-11-24 14:33:41.136 66349 INFO tempest.lib.common.rest_client [req-b05f54ed-1c0c-4ee3-81d2-1f1030825011 req-b05f54ed-1c0c-4ee3-81d2-1f1030825011 ] Request (AttachInterfacesTestJSON:test_create_list_show_delete_interfaces_by_fixed_ip): 200 GET http://10.180.1.21/networking/v2.0/subnets/a36964f1-a186-4eb1-b8f5-3f49cde8b1fd 0.110s
2025-11-24 14:33:41.178 66313 INFO tempest.lib.common.rest_client [req-83112651-a7d3-4816-aa58-6529affd2b66 req-83112651-a7d3-4816-aa58-6529affd2b66 ] Request (QuotasAdminNegativeTest:test_create_server_when_cpu_quota_is_full): 200 GET http://10.180.1.21/compute/v2.1/os-quota-sets/32710810b1904f41a52cd796daee5eee 1.719s
2025-11-24 14:33:41.282 66309 INFO tempest.lib.common.rest_client [req-feef4598-a8dd-46dd-92b4-fe396afd7e9d req-feef4598-a8dd-46dd-92b4-fe396afd7e9d ] Request (QuotasAdminTestV236:test_get_updated_quotas): 200 GET http://10.180.1.21/compute/v2.1/os-quota-sets/c31c84dab90f4c0bb8e1025687688b62/detail 1.520s
2025-11-24 14:33:41.287 66359 INFO tempest.lib.common.rest_client [req-bad9622b-8a1c-445a-ba84-2230c57813a3 req-bad9622b-8a1c-445a-ba84-2230c57813a3 ] Request (FloatingIPsAssociationNegativeTestJSON:test_associate_ip_to_server_without_passing_floating_ip): 400 POST http://10.180.1.21/compute/v2.1/servers/09756e81-883c-4c9e-9088-94dc1ba4e429/action 1.455s
2025-11-24 14:33:41.327 66309 INFO tempest.lib.common.rest_client [req-06f3cae8-cbb9-43e8-97c1-7a7a77c8a1e8 req-06f3cae8-cbb9-43e8-97c1-7a7a77c8a1e8 ] Request (QuotasAdminTestV236:test_get_updated_quotas): 200 GET http://10.180.1.21/identity/v3/domains?name=Default 0.041s
2025-11-24 14:33:41.361 66309 INFO tempest.lib.common.rest_client [req-dc27a406-7d69-478a-acf2-59595b48c2b7 req-dc27a406-7d69-478a-acf2-59595b48c2b7 ] Request (QuotasAdminTestV236:test_get_updated_quotas): 201 POST http://10.180.1.21/identity/v3/users 0.031s
2025-11-24 14:33:41.395 66309 INFO tempest.lib.common.rest_client [req-2770c87f-bdf0-4812-9af1-4f4de2889aad req-2770c87f-bdf0-4812-9af1-4f4de2889aad ] Request (QuotasAdminTestV236:test_get_updated_quotas): 200 GET http://10.180.1.21/identity/v3/domains?name=Default 0.034s
2025-11-24 14:33:41.489 66311 INFO tempest.lib.common.rest_client [req-1623d592-0bd9-4c8e-9073-ad1b68fb769d req-1623d592-0bd9-4c8e-9073-ad1b68fb769d ] Request (ServerActionsV293TestJSON:setUpClass): 200 GET http://10.180.1.21/volume/v3/volumes/baf48700-b4dd-4d06-bacd-9a544aca4704 0.042s
2025-11-24 14:33:41.624 66325 INFO tempest.lib.common.rest_client [req-90f33416-8f93-449b-9c05-c01abec287bd req-90f33416-8f93-449b-9c05-c01abec287bd ] Request (ServersWithSpecificFlavorTestJSON:test_verify_created_server_ephemeral_disk): 200 GET http://10.180.1.21/compute/v2.1/servers/2528529c-79c4-40cb-9512-d0ff52d3ac08 2.127s
2025-11-24 14:33:41.633 66325 INFO tempest.lib.common.ssh [-] Creating ssh connection to '10.180.180.132:22' as 'cirros' with public key authentication
2025-11-24 14:33:42.380 66303 INFO tempest.lib.common.rest_client [req-b9aedc38-66e7-4713-bca7-885892e1c4d1 req-b9aedc38-66e7-4713-bca7-885892e1c4d1 ] Request (ServerDiagnosticsTest:test_get_server_diagnostics): 202 POST http://10.180.1.21/compute/v2.1/servers 2.305s
2025-11-24 14:33:42.535 66311 INFO tempest.lib.common.rest_client [req-b3e656be-8647-4ed5-bdaa-ea8c15a71466 req-b3e656be-8647-4ed5-bdaa-ea8c15a71466 ] Request (ServerActionsV293TestJSON:setUpClass): 200 GET http://10.180.1.21/volume/v3/volumes/baf48700-b4dd-4d06-bacd-9a544aca4704 0.036s
2025-11-24 14:33:42.633 66347 INFO tempest.lib.common.rest_client [req-2799c85b-c9f8-4747-a255-cb2aefb9cd8b req-2799c85b-c9f8-4747-a255-cb2aefb9cd8b ] Request (ServersTestFqdnHostnames:test_create_server_with_fqdn_name): 202 POST http://10.180.1.21/compute/v2.1/servers 2.694s
2025-11-24 14:33:42.656 66305 INFO tempest.lib.common.rest_client [req-a56de870-3d75-4226-b590-ee08f3be5a3a req-a56de870-3d75-4226-b590-ee08f3be5a3a ] Request (FlavorsAccessNegativeTestJSON:_run_cleanups): 202 DELETE http://10.180.1.21/compute/v2.1/flavors/2127248914 2.356s
2025-11-24 14:33:42.733 66351 INFO tempest.lib.common.rest_client [req-1dde3826-bfa2-4a71-9507-e7bbb04344d3 req-1dde3826-bfa2-4a71-9507-e7bbb04344d3 ] Request (ServerMetadataTestJSON:setUp): 200 PUT http://10.180.1.21/compute/v2.1/servers/9104e815-c3a6-4156-9b75-e145f1a17a34/metadata 2.256s
2025-11-24 14:33:42.812 66353 INFO tempest.lib.common.rest_client [req-f92094ff-35f9-478d-b37c-cb1a0f1aa562 req-f92094ff-35f9-478d-b37c-cb1a0f1aa562 ] Request (ServerDiskConfigTestJSON:test_rebuild_server_with_auto_disk_config): 200 GET http://10.180.1.21/compute/v2.1/servers/f0194d55-7d03-4305-9a21-3a1eb4a3efa0 2.725s
2025-11-24 14:33:42.830 66327 INFO tempest.lib.common.rest_client [req-2786227e-1a0c-454f-99c4-372661c94272 req-2786227e-1a0c-454f-99c4-372661c94272 ] Request (DeleteServersAdminTestJSON:test_delete_server_while_in_error_state): 202 POST http://10.180.1.21/compute/v2.1/servers/9b4142fa-f283-45d7-be48-81d9eb1ceaee/action 2.172s
2025-11-24 14:33:42.868 66321 WARNING tempest.lib.common.ssh [-] Failed to establish authenticated ssh connection to cirros@10.180.180.174 ([Errno None] Unable to connect to port 22 on 10.180.180.174). Number attempts: 1. Retry after 2 seconds.: paramiko.ssh_exception.NoValidConnectionsError: [Errno None] Unable to connect to port 22 on 10.180.180.174
2025-11-24 14:33:42.884 66337 INFO tempest.lib.common.rest_client [req-2e6fc63e-7417-4455-9ce6-211fb11c6be6 req-2e6fc63e-7417-4455-9ce6-211fb11c6be6 ] Request (FloatingIPsAssociationTestJSON:setUpClass): 200 GET http://10.180.1.21/compute/v2.1/servers/abe53013-b6c0-4489-a0bb-0d3b5f1eef41 2.120s
2025-11-24 14:33:42.889 66355 INFO tempest.lib.common.rest_client [req-df2b0175-da2e-4791-9800-aa69a620012b req-df2b0175-da2e-4791-9800-aa69a620012b ] Request (ServersAdminNegativeTestJSON:test_reset_state_server_invalid_state): 400 POST http://10.180.1.21/compute/v2.1/servers/e745403e-3277-4edb-93ca-16c2a3396ed9/action 1.928s
2025-11-24 14:33:42.912 66331 INFO tempest.lib.common.rest_client [req-2a18460f-8d5e-437d-a652-992864f9f16b req-2a18460f-8d5e-437d-a652-992864f9f16b ] Request (AggregatesAdminNegativeTestJSON:_run_cleanups): 200 DELETE http://10.180.1.21/compute/v2.1/os-aggregates/5 1.948s
2025-11-24 14:33:42.943 66341 INFO tempest.lib.common.rest_client [req-9fa81b65-1c91-484c-a680-7ff772593419 req-9fa81b65-1c91-484c-a680-7ff772593419 ] Request (ImagesTestJSON:test_create_image_from_stopped_server): 200 GET http://10.180.1.21/compute/v2.1/servers/734a2be7-3b01-4578-be80-760e92a9df6f 1.999s
2025-11-24 14:33:42.971 66317 INFO tempest.lib.common.rest_client [req-3447303a-3dc1-4d44-910e-882f7301ab66 req-3447303a-3dc1-4d44-910e-882f7301ab66 ] Request (FlavorsAdminTestJSON:_run_cleanups): 200 GET http://10.180.1.21/compute/v2.1/flavors/detail 1.972s
2025-11-24 14:33:42.971 66301 INFO tempest.lib.common.rest_client [req-a8a2fb0b-1bee-480e-a7a1-f377efab4b56 req-a8a2fb0b-1bee-480e-a7a1-f377efab4b56 ] Request (ServerTagsTestJSON:test_create_delete_tag): 201 PUT http://10.180.1.21/compute/v2.1/servers/ec514267-5e43-4e93-8517-abbc9e762774/tags/tempest-tag-993658510 1.996s
2025-11-24 14:33:42.988 66339 INFO tempest.lib.common.rest_client [req-d0ea65b0-9fc8-416b-9e47-700e875e7687 req-d0ea65b0-9fc8-416b-9e47-700e875e7687 ] Request (FlavorsV255TestJSON:_run_cleanups): 202 DELETE http://10.180.1.21/compute/v2.1/flavors/511466370 1.964s
2025-11-24 14:33:42.998 66329 INFO tempest.lib.common.rest_client [req-a86f2e1c-2277-497c-9e13-7c5bfbec838f req-a86f2e1c-2277-497c-9e13-7c5bfbec838f ] Request (KeyPairsV2TestJSON:_run_cleanups): 202 DELETE http://10.180.1.21/compute/v2.1/os-keypairs/tempest-KeyPairsV2TestJSON-keypair-1845970803 1.948s
2025-11-24 14:33:43.017 66345 INFO tempest.lib.common.rest_client [req-30dbfdf5-1026-4c21-a9ec-c5e393b29b48 req-30dbfdf5-1026-4c21-a9ec-c5e393b29b48 ] Request (ServersAaction247Test:tearDownClass): 404 GET http://10.180.1.21/compute/v2.1/servers/c338a1b0-0d91-44e5-841d-b4b10770fbac 1.915s
2025-11-24 14:33:43.085 66343 INFO tempest.lib.common.rest_client [req-da528887-18d0-44d0-a7b3-530e97c5300c req-da528887-18d0-44d0-a7b3-530e97c5300c ] Request (ServersAdmin275Test:tearDownClass): 200 GET http://10.180.1.21/compute/v2.1/servers/1e5afc11-0db5-4d36-a29a-b8adf48390a6 1.917s
2025-11-24 14:33:43.170 66345 INFO tempest.lib.common.rest_client [req-0254fb93-7fa9-4ccb-8f42-f2964d90361b req-0254fb93-7fa9-4ccb-8f42-f2964d90361b ] Request (ServersAaction247Test:tearDownClass): 204 DELETE http://10.180.1.21/identity/v3/users/0714ec097fcc434f8fe5c4e174f4f97f 0.153s
2025-11-24 14:33:43.170 66345 INFO tempest.lib.common.dynamic_creds [-] Deleting project and security group for project: def9e6a8de7245f2a8397b69bc5218ae
2025-11-24 14:33:43.174 66313 INFO tempest.lib.common.rest_client [req-5fcff709-2372-4e69-9903-f483d78d03f3 req-5fcff709-2372-4e69-9903-f483d78d03f3 ] Request (QuotasAdminNegativeTest:test_create_server_when_cpu_quota_is_full): 200 PUT http://10.180.1.21/compute/v2.1/os-quota-sets/32710810b1904f41a52cd796daee5eee 1.993s
2025-11-24 14:33:43.242 66345 INFO tempest.lib.common.rest_client [req-bab39931-16f8-445f-8bc3-7bfe8f46e821 req-bab39931-16f8-445f-8bc3-7bfe8f46e821 ] Request (ServersAaction247Test:tearDownClass): 201 POST http://10.180.1.21/identity/v3/auth/tokens 0.072s
2025-11-24 14:33:43.244 66333 INFO tempest.lib.common.rest_client [req-0414acc2-cb23-44f8-a374-c941103bf322 req-0414acc2-cb23-44f8-a374-c941103bf322 ] Request (ServersListShow2100Test:test_list_show_rebuild_update_server_2100): 200 GET http://10.180.1.21/compute/v2.1/servers/84d828fe-5c94-4737-9d83-b2a5b1ee5eed 2.051s
2025-11-24 14:33:43.388 66313 INFO tempest.lib.common.rest_client [req-d7021ff3-4954-4179-8c72-e6483fe882f1 req-d7021ff3-4954-4179-8c72-e6483fe882f1 ] Request (QuotasAdminNegativeTest:test_create_server_when_cpu_quota_is_full): 201 POST http://10.180.1.21/identity/v3/auth/tokens 0.205s
2025-11-24 14:33:43.388 66313 INFO tempest.lib.common.fixed_network [-] (QuotasAdminNegativeTest:test_create_server_when_cpu_quota_is_full) Found network None available for tenant
2025-11-24 14:33:43.422 66345 INFO tempest.lib.common.rest_client [req-47b4dd80-0b24-4be9-b13f-9605f9edd943 req-47b4dd80-0b24-4be9-b13f-9605f9edd943 ] Request (ServersAaction247Test:tearDownClass): 200 GET http://10.180.1.21/networking/v2.0/security-groups?tenant_id=def9e6a8de7245f2a8397b69bc5218ae&name=default 0.179s
2025-11-24 14:33:43.512 66359 INFO tempest.lib.common.rest_client [req-fd5cb8a0-79dc-4b55-996a-a0e59abcd1a9 req-fd5cb8a0-79dc-4b55-996a-a0e59abcd1a9 ] Request (FloatingIPsAssociationNegativeTestJSON:test_associate_nonexistent_floating_ip): 404 POST http://10.180.1.21/compute/v2.1/servers/09756e81-883c-4c9e-9088-94dc1ba4e429/action 2.224s
2025-11-24 14:33:43.594 66311 INFO tempest.lib.common.rest_client [req-d34a903e-a789-4f9c-9b9f-f995cce7d0ea req-d34a903e-a789-4f9c-9b9f-f995cce7d0ea ] Request (ServerActionsV293TestJSON:setUpClass): 200 GET http://10.180.1.21/volume/v3/volumes/baf48700-b4dd-4d06-bacd-9a544aca4704 0.050s
2025-11-24 14:33:43.598 66345 INFO tempest.lib.common.rest_client [req-2665d22c-42e0-4e51-b575-df28bf2f99c5 req-2665d22c-42e0-4e51-b575-df28bf2f99c5 ] Request (ServersAaction247Test:tearDownClass): 204 DELETE http://10.180.1.21/networking/v2.0/security-groups/b989aa78-ec7e-41b6-ac03-253395ee6a9d 0.176s
2025-11-24 14:33:43.603 66311 INFO tempest.common.waiters [-] volume baf48700-b4dd-4d06-bacd-9a544aca4704 reached available after waiting for 19.603161 seconds
2025-11-24 14:33:43.686 66345 INFO tempest.lib.common.rest_client [req-3d8aae8c-fc57-4276-bbce-82e26519f01b req-3d8aae8c-fc57-4276-bbce-82e26519f01b ] Request (ServersAaction247Test:tearDownClass): 204 DELETE http://10.180.1.21/identity/v3/projects/def9e6a8de7245f2a8397b69bc5218ae 0.087s
2025-11-24 14:33:43.713 66309 INFO tempest.lib.common.rest_client [req-ac8aeaca-6ad9-4c94-a2a0-911ffefe87fe req-ac8aeaca-6ad9-4c94-a2a0-911ffefe87fe ] Request (QuotasAdminTestV236:test_get_updated_quotas): 200 PUT http://10.180.1.21/compute/v2.1/os-quota-sets/c31c84dab90f4c0bb8e1025687688b62?user_id=c781aa2922304135b1d6db24308b17f5 2.317s
2025-11-24 14:33:43.855 66335 INFO tempest.lib.common.rest_client [req-b6899d6b-c779-4343-97a7-9a00c6a116b0 req-b6899d6b-c779-4343-97a7-9a00c6a116b0 ] Request (ServersAdminTestJSON:test_create_server_with_scheduling_hint): 200 GET http://10.180.1.21/compute/v2.1/servers/21fd1316-5d3c-4dfc-bfc5-ecfacc24a723 2.055s
2025-11-24 14:33:43.949 66307 INFO tempest.lib.common.rest_client [req-46f79ac3-fd13-4f42-aa12-e6ac6bfff158 req-46f79ac3-fd13-4f42-aa12-e6ac6bfff158 ] Request (VolumesAdminNegativeTest:test_update_attached_volume_with_nonexistent_volume_in_uri): 200 GET http://10.180.1.21/compute/v2.1/servers/73776ada-0631-497f-b05b-f8e52540e7f2 2.048s
2025-11-24 14:33:43.956 66307 INFO tempest.common.waiters [-] State transition "BUILD/networking" ==> "BUILD/spawning" after 12 second wait
2025-11-24 14:33:44.006 66365 INFO tempest.lib.common.rest_client [req-732024b8-966f-4715-a293-9a882858a6ab req-732024b8-966f-4715-a293-9a882858a6ab ] Request (InstanceActionsV221TestJSON:test_get_list_deleted_instance_actions): 200 GET http://10.180.1.21/compute/v2.1/servers/0e3f0166-bd20-4a15-afe6-53a58efb75de 1.877s
2025-11-24 14:33:44.058 66303 INFO tempest.lib.common.rest_client [req-72c09400-8477-4cf5-907a-5919bce54cf5 req-72c09400-8477-4cf5-907a-5919bce54cf5 ] Request (ServerDiagnosticsTest:test_get_server_diagnostics): 200 GET http://10.180.1.21/compute/v2.1/servers/e14d6548-1292-40f2-b3dc-f9d00671eeda 1.675s
2025-11-24 14:33:44.111 66347 INFO tempest.lib.common.rest_client [req-9138f8d7-3222-45e4-a5eb-a8e84081338b req-9138f8d7-3222-45e4-a5eb-a8e84081338b ] Request (ServersTestFqdnHostnames:test_create_server_with_fqdn_name): 200 GET http://10.180.1.21/compute/v2.1/servers/186c0adc-b3ca-4e3a-91ad-14eae166457f 1.476s
2025-11-24 14:33:44.133 66305 INFO tempest.lib.common.rest_client [req-b585193d-0e9f-485d-a724-821443101f30 req-b585193d-0e9f-485d-a724-821443101f30 ] Request (FlavorsAccessNegativeTestJSON:_run_cleanups): 200 GET http://10.180.1.21/compute/v2.1/flavors/detail 1.477s
2025-11-24 14:33:44.163 66351 INFO tempest.lib.common.rest_client [req-09da91c6-dd50-4b80-87d7-9bfd5af6274d req-09da91c6-dd50-4b80-87d7-9bfd5af6274d ] Request (ServerMetadataTestJSON:test_delete_server_metadata_item): 204 DELETE http://10.180.1.21/compute/v2.1/servers/9104e815-c3a6-4156-9b75-e145f1a17a34/metadata/key1 1.430s
2025-11-24 14:33:44.310 66353 INFO tempest.lib.common.rest_client [req-5c790f41-e53f-4447-a918-fa7c6a73d8ec req-5c790f41-e53f-4447-a918-fa7c6a73d8ec ] Request (ServerDiskConfigTestJSON:test_rebuild_server_with_auto_disk_config): 202 POST http://10.180.1.21/compute/v2.1/servers/f0194d55-7d03-4305-9a21-3a1eb4a3efa0/action 1.487s
2025-11-24 14:33:44.523 66327 INFO tempest.lib.common.rest_client [req-f0a74d6c-b03d-47fd-9f78-212a11b6003a req-f0a74d6c-b03d-47fd-9f78-212a11b6003a ] Request (DeleteServersAdminTestJSON:test_delete_server_while_in_error_state): 200 GET http://10.180.1.21/compute/v2.1/servers/9b4142fa-f283-45d7-be48-81d9eb1ceaee 1.692s
2025-11-24 14:33:44.528 66355 INFO tempest.lib.common.rest_client [req-456ef6eb-baea-4074-bb03-359896452cb8 req-456ef6eb-baea-4074-bb03-359896452cb8 ] Request (ServersAdminNegativeTestJSON:test_reset_state_server_invalid_type): 400 POST http://10.180.1.21/compute/v2.1/servers/e745403e-3277-4edb-93ca-16c2a3396ed9/action 1.637s
2025-11-24 14:33:44.538 66331 INFO tempest.lib.common.rest_client [req-1eba66a3-818f-44d5-90e6-5e1f45fa6de6 req-1eba66a3-818f-44d5-90e6-5e1f45fa6de6 ] Request (AggregatesAdminNegativeTestJSON:test_aggregate_delete_with_invalid_id): 404 DELETE http://10.180.1.21/compute/v2.1/os-aggregates/-1 1.624s
2025-11-24 14:33:44.556 66301 INFO tempest.lib.common.rest_client [req-2d532c47-690e-40fe-81ef-53b92fdbd657 req-2d532c47-690e-40fe-81ef-53b92fdbd657 ] Request (ServerTagsTestJSON:test_create_delete_tag): 200 GET http://10.180.1.21/compute/v2.1/servers/ec514267-5e43-4e93-8517-abbc9e762774/tags 1.584s
2025-11-24 14:33:44.576 66317 INFO tempest.lib.common.rest_client [req-221791b3-7005-47c3-a3e8-af0493f89914 req-221791b3-7005-47c3-a3e8-af0493f89914 ] Request (FlavorsAdminTestJSON:test_create_server_with_non_public_flavor): 200 POST http://10.180.1.21/compute/v2.1/flavors 1.599s
2025-11-24 14:33:44.601 66339 INFO tempest.lib.common.rest_client [req-c64ab2ce-e4b4-4c15-ae15-0de814830c04 req-c64ab2ce-e4b4-4c15-ae15-0de814830c04 ] Request (FlavorsV255TestJSON:_run_cleanups): 200 GET http://10.180.1.21/compute/v2.1/flavors/detail 1.612s
2025-11-24 14:33:44.618 66329 INFO tempest.lib.common.rest_client [req-9bcf1e18-bfc4-4135-8f4f-fd29ed21acb6 req-9bcf1e18-bfc4-4135-8f4f-fd29ed21acb6 ] Request (KeyPairsV2TestJSON:_run_cleanups): 202 DELETE http://10.180.1.21/compute/v2.1/os-keypairs/tempest-KeyPairsV2TestJSON-keypair-364146084 1.618s
2025-11-24 14:33:44.731 66329 INFO tempest.lib.common.rest_client [req-8d5d388f-c7fb-449a-8b98-d9588fd6e4ff req-8d5d388f-c7fb-449a-8b98-d9588fd6e4ff ] Request (KeyPairsV2TestJSON:tearDownClass): 204 DELETE http://10.180.1.21/identity/v3/users/cfa66b39b75f47919cab86e5ede3e72e 0.110s
2025-11-24 14:33:44.731 66329 INFO tempest.lib.common.dynamic_creds [-] Deleting project and security group for project: 927e21a16b6f407398abc06b38f88a0d
2025-11-24 14:33:44.732 66339 INFO tempest.lib.common.rest_client [req-aafb5edc-c8a3-4253-b574-b5e485061584 req-aafb5edc-c8a3-4253-b574-b5e485061584 ] Request (FlavorsV255TestJSON:tearDownClass): 204 DELETE http://10.180.1.21/identity/v3/users/05cf5491dee5427f958570113051ee53 0.124s
2025-11-24 14:33:44.786 66329 INFO tempest.lib.common.rest_client [req-b701b04f-3bcd-4702-ba05-95ae1598fcdd req-b701b04f-3bcd-4702-ba05-95ae1598fcdd ] Request (KeyPairsV2TestJSON:tearDownClass): 201 POST http://10.180.1.21/identity/v3/auth/tokens 0.054s
2025-11-24 14:33:44.845 66339 INFO tempest.lib.common.rest_client [req-ac2ab5b8-cc68-4aa8-b686-f8abd322634d req-ac2ab5b8-cc68-4aa8-b686-f8abd322634d ] Request (FlavorsV255TestJSON:tearDownClass): 204 DELETE http://10.180.1.21/identity/v3/users/cc558b201ab147d9852f14603bfa3035 0.112s
2025-11-24 14:33:44.845 66339 INFO tempest.lib.common.dynamic_creds [-] Deleting project and security group for project: 748f477ba00d4c738007458ff7f01a10
2025-11-24 14:33:44.904 66339 INFO tempest.lib.common.rest_client [req-85bae3e9-be54-4a7f-a878-c24465ad742a req-85bae3e9-be54-4a7f-a878-c24465ad742a ] Request (FlavorsV255TestJSON:tearDownClass): 201 POST http://10.180.1.21/identity/v3/auth/tokens 0.059s
2025-11-24 14:33:44.986 66323 WARNING tempest.lib.common.ssh [-] Failed to establish authenticated ssh connection to cirros@10.180.180.157 ([Errno None] Unable to connect to port 22 on 10.180.180.157). Number attempts: 5. Retry after 6 seconds.: paramiko.ssh_exception.NoValidConnectionsError: [Errno None] Unable to connect to port 22 on 10.180.180.157
2025-11-24 14:33:45.046 66329 INFO tempest.lib.common.rest_client [req-3fda6b14-4da5-4de9-bc7f-cbc5b8a03402 req-3fda6b14-4da5-4de9-bc7f-cbc5b8a03402 ] Request (KeyPairsV2TestJSON:tearDownClass): 200 GET http://10.180.1.21/networking/v2.0/security-groups?tenant_id=927e21a16b6f407398abc06b38f88a0d&name=default 0.260s
