2025-11-24 14:33:53.383 66321 WARNING tempest.lib.common.ssh [-] Failed to establish authenticated ssh connection to cirros@10.180.180.174 ([Errno None] Unable to connect to port 22 on 10.180.180.174). Number attempts: 4. Retry after 5 seconds.: paramiko.ssh_exception.NoValidConnectionsError: [Errno None] Unable to connect to port 22 on 10.180.180.174
2025-11-24 14:33:53.408 66329 INFO tempest.lib.common.rest_client [req-a7341a95-d5ea-48de-985e-8fb000416190 req-a7341a95-d5ea-48de-985e-8fb000416190 ] Request (ServerActionsTestOtherA:setUpClass): 201 POST http://10.180.1.21/networking/v2.0/floatingips 0.578s
2025-11-24 14:33:53.485 66329 INFO tempest.lib.common.rest_client [req-223dd74e-c1d8-4fd5-9478-4652af08d2f4 req-223dd74e-c1d8-4fd5-9478-4652af08d2f4 ] Request (ServerActionsTestOtherA:setUpClass): 201 POST http://10.180.1.21/identity/v3/auth/tokens 0.074s
2025-11-24 14:33:53.486 66329 INFO tempest.lib.common.fixed_network [-] (ServerActionsTestOtherA:setUpClass) Found network {'id': '8fa0f49a-4d80-4f90-983c-17812d118ad3', 'name': 'tempest-ServerActionsTestOtherA-425828811-network', 'tenant_id': '75cac4afcadf4534bf7ac7ad54ef9a3e', 'project_id': '75cac4afcadf4534bf7ac7ad54ef9a3e', 'admin_state_up': True, 'mtu': 8950, 'status': 'ACTIVE', 'subnets': [], 'shared': False, 'port_security_enabled': True, 'router:external': False, 'provider:network_type': 'vlan', 'provider:physical_network': 'default', 'provider:segmentation_id': 863, 'availability_zone_hints': [], 'availability_zones': [], 'ipv4_address_scope': None, 'ipv6_address_scope': None, 'description': '', 'tags': [], 'created_at': '2025-11-24T14:33:46Z', 'updated_at': '2025-11-24T14:33:46Z', 'revision_number': 1} available for tenant
2025-11-24 14:33:53.537 66333 INFO tempest.lib.common.rest_client [req-ab75cdf4-30f8-4bf4-a159-947b8ef18128 req-ab75cdf4-30f8-4bf4-a159-947b8ef18128 ] Request (ServersListShow2100Test:test_list_show_rebuild_update_server_2100): 200 GET http://10.180.1.21/compute/v2.1/servers/84d828fe-5c94-4737-9d83-b2a5b1ee5eed 2.928s
2025-11-24 14:33:53.552 66333 INFO tempest.common.waiters [-] State transition "BUILD/None" ==> "BUILD/block_device_mapping" after 13 second wait
2025-11-24 14:33:53.606 66341 INFO tempest.lib.common.rest_client [req-c692b0f1-ef17-431e-b279-b262e7dc1cbc req-c692b0f1-ef17-431e-b279-b262e7dc1cbc ] Request (ImagesTestJSON:test_create_image_from_stopped_server): 200 GET http://10.180.1.21/compute/v2.1/servers/734a2be7-3b01-4578-be80-760e92a9df6f 3.199s
2025-11-24 14:33:53.621 66365 INFO tempest.lib.common.rest_client [req-c6735e0e-b964-459c-b8eb-16f31c3830e8 req-c6735e0e-b964-459c-b8eb-16f31c3830e8 ] Request (InstanceActionsV221TestJSON:test_get_list_deleted_instance_actions): 200 GET http://10.180.1.21/compute/v2.1/servers/0e3f0166-bd20-4a15-afe6-53a58efb75de/os-instance-actions 3.004s
2025-11-24 14:33:53.702 66315 INFO tempest.lib.common.rest_client [req-93e00774-e429-40ec-a822-223a38f422a2 req-93e00774-e429-40ec-a822-223a38f422a2 ] Request (ServerActionsTestJSON:test_lock_unlock_server): 202 POST http://10.180.1.21/compute/v2.1/servers/9d8c30eb-4dd2-48ca-bb09-7d30814ed474/action 2.788s
2025-11-24 14:33:53.765 66353 INFO tempest.lib.common.rest_client [req-b2cdae19-0f28-4004-aaec-7ce6d953fb9d req-b2cdae19-0f28-4004-aaec-7ce6d953fb9d ] Request (ServerDiskConfigTestJSON:test_rebuild_server_with_auto_disk_config): 200 GET http://10.180.1.21/compute/v2.1/servers/f0194d55-7d03-4305-9a21-3a1eb4a3efa0 2.996s
2025-11-24 14:33:53.814 66313 INFO tempest.lib.common.rest_client [req-068a7f5d-ece5-4171-9e98-01f85bad8d39 req-068a7f5d-ece5-4171-9e98-01f85bad8d39 ] Request (QuotasAdminNegativeTest:test_create_server_when_instances_quota_is_full): 200 GET http://10.180.1.21/compute/v2.1/os-quota-sets/32710810b1904f41a52cd796daee5eee 2.635s
2025-11-24 14:33:53.827 66343 INFO tempest.lib.common.rest_client [req-830fe583-8f97-4b4f-b9e1-4df3650ab20d req-830fe583-8f97-4b4f-b9e1-4df3650ab20d ] Request (ListImageFiltersNegativeTestJSON:test_get_nonexistent_image): 404 GET http://10.180.1.21/compute/v2.1/images/57d1e6c2-12e5-4076-ba75-a6c89128c0e5 2.617s
2025-11-24 14:33:53.916 66343 INFO tempest.lib.common.rest_client [req-96d35969-cdc0-45a6-b484-d1383919a3c1 req-96d35969-cdc0-45a6-b484-d1383919a3c1 ] Request (ListImageFiltersNegativeTestJSON:tearDownClass): 204 DELETE http://10.180.1.21/identity/v3/users/46c71fda81cb40038366304705ee53fb 0.086s
2025-11-24 14:33:53.916 66343 INFO tempest.lib.common.dynamic_creds [-] Deleting project and security group for project: 2d3c633c4a064c9abc67ea1a165d7961
2025-11-24 14:33:53.980 66335 INFO tempest.lib.common.rest_client [req-592e2b24-6f2b-4f14-a952-329ad8563147 req-592e2b24-6f2b-4f14-a952-329ad8563147 ] Request (ServersAdminTestJSON:test_create_server_with_scheduling_hint): 200 GET http://10.180.1.21/compute/v2.1/servers/21fd1316-5d3c-4dfc-bfc5-ecfacc24a723 2.722s
2025-11-24 14:33:53.982 66343 INFO tempest.lib.common.rest_client [req-28369563-2b1b-4b04-975b-65176036653a req-28369563-2b1b-4b04-975b-65176036653a ] Request (ListImageFiltersNegativeTestJSON:tearDownClass): 201 POST http://10.180.1.21/identity/v3/auth/tokens 0.066s
2025-11-24 14:33:53.987 66335 INFO tempest.common.waiters [-] State transition "BUILD/spawning" ==> "ACTIVE/None" after 22 second wait
2025-11-24 14:33:54.042 66359 INFO tempest.lib.common.rest_client [req-dfb585e7-6c30-480c-ad90-d7e925c1d3c3 req-dfb585e7-6c30-480c-ad90-d7e925c1d3c3 ] Request (FloatingIPsAssociationNegativeTestJSON:tearDownClass): 200 GET http://10.180.1.21/compute/v2.1/servers/09756e81-883c-4c9e-9088-94dc1ba4e429 2.770s
2025-11-24 14:33:54.069 66335 INFO tempest.lib.common.rest_client [req-1aa21379-9272-4c54-bdfb-89314888e04f req-1aa21379-9272-4c54-bdfb-89314888e04f ] Request (ServersAdminTestJSON:test_inject_network_info): 201 POST http://10.180.1.21/identity/v3/auth/tokens 0.073s
2025-11-24 14:33:54.070 66335 INFO tempest.lib.common.fixed_network [-] (ServersAdminTestJSON:test_inject_network_info) Found network {'id': '3b069d0c-603b-4f0e-b96f-5f36aefaf6a6', 'name': 'tempest-ServersAdminTestJSON-1540308905-network', 'tenant_id': '9259329c8cf2412ba05556a6de4f229c', 'project_id': '9259329c8cf2412ba05556a6de4f229c', 'admin_state_up': True, 'mtu': 8950, 'status': 'ACTIVE', 'subnets': [], 'shared': False, 'port_security_enabled': True, 'router:external': False, 'provider:network_type': 'vlan', 'provider:physical_network': 'default', 'provider:segmentation_id': 581, 'availability_zone_hints': [], 'availability_zones': [], 'ipv4_address_scope': None, 'ipv6_address_scope': None, 'description': '', 'tags': [], 'created_at': '2025-11-24T14:32:10Z', 'updated_at': '2025-11-24T14:32:10Z', 'revision_number': 1} available for tenant
2025-11-24 14:33:54.274 66343 INFO tempest.lib.common.rest_client [req-3fa0d96f-1c08-40b2-818b-ff0ff2f7a14c req-3fa0d96f-1c08-40b2-818b-ff0ff2f7a14c ] Request (ListImageFiltersNegativeTestJSON:tearDownClass): 200 GET http://10.180.1.21/networking/v2.0/security-groups?tenant_id=2d3c633c4a064c9abc67ea1a165d7961&name=default 0.291s
2025-11-24 14:33:54.308 66309 INFO tempest.lib.common.rest_client [req-83affca5-26f0-4c18-9564-a97a2a35f39b req-83affca5-26f0-4c18-9564-a97a2a35f39b ] Request (ImagesOneServerNegativeTestJSON:setUpClass): 200 PUT http://10.180.1.21/networking/v2.0/routers/99301a32-9ef7-4dcb-8cb9-c1e1119794e8/add_router_interface 1.593s
2025-11-24 14:33:54.309 66309 INFO tempest.lib.common.dynamic_creds [-] Created isolated network resources for: credentials: Credentials: {'domain_id': 'default', 'domain_name': 'Default', 'username': 'tempest-ImagesOneServerNegativeTestJSON-477600040-project-member', 'project_domain_id': 'default', 'project_domain_name': 'Default', 'project_id': '032489af83df4e1cbc9392264db87f55', 'project_name': 'tempest-ImagesOneServerNegativeTestJSON-477600040', 'tenant_id': '032489af83df4e1cbc9392264db87f55', 'tenant_name': 'tempest-ImagesOneServerNegativeTestJSON-477600040', 'user_domain_id': 'default', 'user_domain_name': 'Default', 'user_id': 'c3163c2de974445098a29f81c89247fb', 'system': None}, Network: {'id': '3d460019-e7e6-42a0-a006-3fc76423e10c', 'name': 'tempest-ImagesOneServerNegativeTestJSON-2115120856-network', 'tenant_id': '032489af83df4e1cbc9392264db87f55', 'project_id': '032489af83df4e1cbc9392264db87f55', 'admin_state_up': True, 'mtu': 8950, 'status': 'ACTIVE', 'subnets': [], 'shared': False, 'port_security_enabled': True, 'router:external': False, 'provider:network_type': 'vlan', 'provider:physical_network': 'default', 'provider:segmentation_id': 257, 'availability_zone_hints': [], 'availability_zones': [], 'ipv4_address_scope': None, 'ipv6_address_scope': None, 'description': '', 'tags': [], 'created_at': '2025-11-24T14:33:51Z', 'updated_at': '2025-11-24T14:33:51Z', 'revision_number': 1}, Subnet: {'id': '7d5d7ef0-7abe-422a-b3e0-2c626c809909', 'name': 'tempest-ImagesOneServerNegativeTestJSON-2115120856-subnet', 'tenant_id': '032489af83df4e1cbc9392264db87f55', 'network_id': '3d460019-e7e6-42a0-a006-3fc76423e10c', 'ip_version': 4, 'subnetpool_id': None, 'enable_dhcp': True, 'ipv6_ra_mode': None, 'ipv6_address_mode': None, 'gateway_ip': '192.168.128.1', 'cidr': '192.168.128.0/28', 'allocation_pools': [{'start': '192.168.128.2', 'end': '192.168.128.14'}], 'host_routes': [], 'dns_nameservers': [], 'description': '', 'router:external': False, 'service_types': [], 'tags': [], 'created_at': '2025-11-24T14:33:51Z', 'updated_at': '2025-11-24T14:33:51Z', 'revision_number': 0, 'project_id': '032489af83df4e1cbc9392264db87f55'}, Router: {'id': '99301a32-9ef7-4dcb-8cb9-c1e1119794e8', 'name': 'tempest-ImagesOneServerNegativeTestJSON-2115120856-router', 'tenant_id': '032489af83df4e1cbc9392264db87f55', 'admin_state_up': True, 'status': 'ACTIVE', 'external_gateway_info': {'network_id': 'd8982e1b-c675-417f-bbdf-1c5cd2827933', 'external_fixed_ips': [{'subnet_id': 'eb88b088-7d58-4ddb-b5f5-775afa87e04c', 'ip_address': '10.180.180.236'}], 'enable_snat': True}, 'description': '', 'availability_zones': [], 'distributed': False, 'ha': False, 'availability_zone_hints': [], 'routes': [], 'flavor_id': None, 'tags': [], 'created_at': '2025-11-24T14:33:51Z', 'updated_at': '2025-11-24T14:33:52Z', 'revision_number': 2, 'project_id': '032489af83df4e1cbc9392264db87f55'}
2025-11-24 14:33:54.394 66309 INFO tempest.lib.common.rest_client [req-7b6da42d-4434-4751-95a7-90ee4d751bc7 req-7b6da42d-4434-4751-95a7-90ee4d751bc7 ] Request (ImagesOneServerNegativeTestJSON:setUpClass): 201 POST http://10.180.1.21/identity/v3/auth/tokens 0.081s
2025-11-24 14:33:54.436 66309 INFO tempest.lib.common.rest_client [req-1a3a873e-5aa4-4a70-b0c2-23016f75d5e5 req-1a3a873e-5aa4-4a70-b0c2-23016f75d5e5 ] Request (ImagesOneServerNegativeTestJSON:setUpClass): 201 POST http://10.180.1.21/identity/v3/auth/tokens 0.038s
2025-11-24 14:33:54.436 66309 INFO tempest.lib.common.fixed_network [-] (ImagesOneServerNegativeTestJSON:setUpClass) Found network {'id': '3d460019-e7e6-42a0-a006-3fc76423e10c', 'name': 'tempest-ImagesOneServerNegativeTestJSON-2115120856-network', 'tenant_id': '032489af83df4e1cbc9392264db87f55', 'project_id': '032489af83df4e1cbc9392264db87f55', 'admin_state_up': True, 'mtu': 8950, 'status': 'ACTIVE', 'subnets': [], 'shared': False, 'port_security_enabled': True, 'router:external': False, 'provider:network_type': 'vlan', 'provider:physical_network': 'default', 'provider:segmentation_id': 257, 'availability_zone_hints': [], 'availability_zones': [], 'ipv4_address_scope': None, 'ipv6_address_scope': None, 'description': '', 'tags': [], 'created_at': '2025-11-24T14:33:51Z', 'updated_at': '2025-11-24T14:33:51Z', 'revision_number': 1} available for tenant
2025-11-24 14:33:54.568 66343 INFO tempest.lib.common.rest_client [req-cc9c7b4a-3e0a-48dd-98ba-845423cd6ea8 req-cc9c7b4a-3e0a-48dd-98ba-845423cd6ea8 ] Request (ListImageFiltersNegativeTestJSON:tearDownClass): 204 DELETE http://10.180.1.21/networking/v2.0/security-groups/0f3f843a-c0de-48d1-9534-fc33711cece9 0.293s
2025-11-24 14:33:54.571 66307 INFO tempest.lib.common.rest_client [req-54b9b2f3-bc5a-41a1-9629-501160c4f4b0 req-54b9b2f3-bc5a-41a1-9629-501160c4f4b0 ] Request (VolumesAdminNegativeTest:test_update_attached_volume_with_nonexistent_volume_in_uri): 200 GET http://10.180.1.21/compute/v2.1/servers/73776ada-0631-497f-b05b-f8e52540e7f2 2.971s
2025-11-24 14:33:54.581 66307 INFO tempest.common.waiters [-] State transition "BUILD/spawning" ==> "ACTIVE/None" after 23 second wait
2025-11-24 14:33:54.601 66319 INFO tempest.lib.common.rest_client [req-d0adbb29-2200-483a-b515-b4c99f6a48df req-d0adbb29-2200-483a-b515-b4c99f6a48df ] Request (ServersTestJSON:test_list_servers_with_detail): 200 GET http://10.180.1.21/compute/v2.1/servers/detail 3.196s
2025-11-24 14:33:54.662 66303 INFO tempest.lib.common.rest_client [req-229e8af2-d8b8-4d60-ac57-ea76e38fb2f1 req-229e8af2-d8b8-4d60-ac57-ea76e38fb2f1 ] Request (ServerDiagnosticsTest:test_get_server_diagnostics): 200 GET http://10.180.1.21/compute/v2.1/servers/e14d6548-1292-40f2-b3dc-f9d00671eeda 2.971s
2025-11-24 14:33:54.667 66347 INFO tempest.lib.common.rest_client [req-df4e4656-3a3b-4b01-9cf6-c0a2c671dd7e req-df4e4656-3a3b-4b01-9cf6-c0a2c671dd7e ] Request (ServersTestFqdnHostnames:test_create_server_with_fqdn_name): 200 GET http://10.180.1.21/compute/v2.1/servers/186c0adc-b3ca-4e3a-91ad-14eae166457f 2.923s
2025-11-24 14:33:54.676 66343 INFO tempest.lib.common.rest_client [req-9b87fdf7-f5c0-4b13-8076-8238e90db93e req-9b87fdf7-f5c0-4b13-8076-8238e90db93e ] Request (ListImageFiltersNegativeTestJSON:tearDownClass): 204 DELETE http://10.180.1.21/identity/v3/projects/2d3c633c4a064c9abc67ea1a165d7961 0.107s
2025-11-24 14:33:54.720 66339 INFO tempest.lib.common.rest_client [req-972f44cf-cf3c-420f-862b-fb87e5d2d835 req-972f44cf-cf3c-420f-862b-fb87e5d2d835 ] Request (ServerExternalEventsTest:test_create_server_external_events): 200 GET http://10.180.1.21/compute/v2.1/servers/2a556d78-c712-4337-9b21-2a01d6e532b3 2.924s
2025-11-24 14:33:54.757 66343 INFO tempest.lib.common.rest_client [req-7787891d-6684-4438-ac30-865f3a93bdd1 req-7787891d-6684-4438-ac30-865f3a93bdd1 ] Request (InstanceActionsNegativeTestJSON:setUpClass): 201 POST http://10.180.1.21/identity/v3/auth/tokens 0.079s
2025-11-24 14:33:54.775 66307 INFO tempest.lib.common.rest_client [req-907b977a-3d8b-4154-99a4-c8dfb61ec611 req-907b977a-3d8b-4154-99a4-c8dfb61ec611 ] Request (VolumesAdminNegativeTest:test_update_attached_volume_with_nonexistent_volume_in_uri): 202 POST http://10.180.1.21/volume/v3/volumes 0.194s
2025-11-24 14:33:54.805 66349 INFO tempest.lib.common.rest_client [req-5ece53fe-5624-4793-b867-246cf6dc1874 req-5ece53fe-5624-4793-b867-246cf6dc1874 ] Request (AttachInterfacesTestJSON:test_create_list_show_delete_interfaces_by_fixed_ip): 200 GET http://10.180.1.21/compute/v2.1/servers/6719dfde-a9b8-4400-8350-8c372ee41f9c/os-interface/30b0f8b4-985a-4e4a-842a-32b6e13872e2 2.448s
2025-11-24 14:33:54.807 66343 INFO tempest.lib.common.rest_client [req-8f1c1532-f391-44da-a426-778d61bcb179 req-8f1c1532-f391-44da-a426-778d61bcb179 ] Request (InstanceActionsNegativeTestJSON:setUpClass): 201 POST http://10.180.1.21/identity/v3/auth/tokens 0.045s
2025-11-24 14:33:54.819 66305 INFO tempest.lib.common.rest_client [req-94403a87-2fcb-4c55-8d29-5794354adbc4 req-94403a87-2fcb-4c55-8d29-5794354adbc4 ] Request (FlavorsAccessNegativeTestJSON:_run_cleanups): 202 DELETE http://10.180.1.21/compute/v2.1/flavors/1541619858 2.385s
2025-11-24 14:33:54.830 66307 INFO tempest.lib.common.rest_client [req-24d0bfa3-4aed-4744-9119-24c0073fd802 req-24d0bfa3-4aed-4744-9119-24c0073fd802 ] Request (VolumesAdminNegativeTest:test_update_attached_volume_with_nonexistent_volume_in_uri): 200 GET http://10.180.1.21/volume/v3/volumes/57da674a-7fe4-4d77-988f-31fef084bbd7 0.048s
2025-11-24 14:33:54.847 66343 INFO tempest.lib.common.rest_client [req-fae2878f-ede1-4c86-b0a5-59dae5f32e5e req-fae2878f-ede1-4c86-b0a5-59dae5f32e5e ] Request (InstanceActionsNegativeTestJSON:setUpClass): 200 GET http://10.180.1.21/identity/v3/domains?name=Default 0.039s
2025-11-24 14:33:54.849 66363 INFO tempest.lib.common.rest_client [req-34b6da6e-6405-4e43-819e-160e757b687a req-34b6da6e-6405-4e43-819e-160e757b687a ] Request (QuotaClassesAdminTestJSON:test_update_default_quotas): 200 PUT http://10.180.1.21/compute/v2.1/os-quota-class-sets/default 2.516s
2025-11-24 14:33:54.872 66331 INFO tempest.lib.common.rest_client [req-e702309d-2617-4ba2-84fa-528dfd6b4070 req-e702309d-2617-4ba2-84fa-528dfd6b4070 ] Request (AggregatesAdminNegativeTestJSON:_run_cleanups): 200 DELETE http://10.180.1.21/compute/v2.1/os-aggregates/6 2.388s
2025-11-24 14:33:54.881 66351 INFO tempest.lib.common.rest_client [req-bf3bf5f0-3dc8-4376-8597-c3f7e32d253b req-bf3bf5f0-3dc8-4376-8597-c3f7e32d253b ] Request (ServerMetadataTestJSON:test_get_server_metadata_item): 200 GET http://10.180.1.21/compute/v2.1/servers/9104e815-c3a6-4156-9b75-e145f1a17a34/metadata/key2 2.404s
2025-11-24 14:33:54.891 66343 INFO tempest.lib.common.rest_client [req-674f99f4-c632-4353-bcff-566b9cb1301a req-674f99f4-c632-4353-bcff-566b9cb1301a ] Request (InstanceActionsNegativeTestJSON:setUpClass): 201 POST http://10.180.1.21/identity/v3/projects 0.043s
2025-11-24 14:33:54.904 66317 INFO tempest.lib.common.rest_client [req-bfc2ecb8-252a-4db2-a932-ffe4f3210afa req-bfc2ecb8-252a-4db2-a932-ffe4f3210afa ] Request (FlavorsAdminTestJSON:_run_cleanups): 200 GET http://10.180.1.21/compute/v2.1/flavors/detail 2.358s
2025-11-24 14:33:54.951 66301 INFO tempest.lib.common.rest_client [req-ffc5b178-95bf-41ad-8556-c17983c8cf46 req-ffc5b178-95bf-41ad-8556-c17983c8cf46 ] Request (ServerTagsTestJSON:_run_cleanups): 204 DELETE http://10.180.1.21/compute/v2.1/servers/ec514267-5e43-4e93-8517-abbc9e762774/tags 2.433s
2025-11-24 14:33:55.014 66311 INFO tempest.lib.common.rest_client [req-ae170d6d-d8eb-432c-ba2b-da407ae79ae3 req-ae170d6d-d8eb-432c-ba2b-da407ae79ae3 ] Request (ServerActionsV293TestJSON:setUpClass): 200 GET http://10.180.1.21/compute/v2.1/servers/454636a0-cdba-43df-8d83-f930bf8b9344 1.776s
2025-11-24 14:33:55.016 66343 INFO tempest.lib.common.rest_client [req-c01d2d3c-bfcf-417a-99bd-eda880fa4338 req-c01d2d3c-bfcf-417a-99bd-eda880fa4338 ] Request (InstanceActionsNegativeTestJSON:setUpClass): 201 POST http://10.180.1.21/identity/v3/users 0.125s
2025-11-24 14:33:55.059 66343 INFO tempest.lib.common.rest_client [req-eed5e983-9657-42cc-9676-3b6965502936 req-eed5e983-9657-42cc-9676-3b6965502936 ] Request (InstanceActionsNegativeTestJSON:setUpClass): 200 GET http://10.180.1.21/identity/v3/roles 0.042s
2025-11-24 14:33:55.069 66365 INFO tempest.lib.common.rest_client [req-5ef3eaef-2896-4d34-8dd8-e06df3800b53 req-5ef3eaef-2896-4d34-8dd8-e06df3800b53 ] Request (InstanceActionsV221TestJSON:tearDownClass): 404 DELETE http://10.180.1.21/compute/v2.1/servers/0e3f0166-bd20-4a15-afe6-53a58efb75de 1.443s
2025-11-24 14:33:55.108 66343 INFO tempest.lib.common.rest_client [req-a807bdb4-d6fc-4c6d-80ac-4661dcab1d43 req-a807bdb4-d6fc-4c6d-80ac-4661dcab1d43 ] Request (InstanceActionsNegativeTestJSON:setUpClass): 204 PUT http://10.180.1.21/identity/v3/projects/fe6a13d503e04a5b941848124883a7f2/users/a8c2a8e77b014329af49a15584589e2f/roles/9398be14c9b4490cbfc4194f781fc6ce 0.049s
2025-11-24 14:33:55.109 66343 INFO tempest.lib.common.dynamic_creds [-] Dynamic test user a8c2a8e77b014329af49a15584589e2f is created with scope project and roles: ['member']
2025-11-24 14:33:55.109 66343 INFO tempest.lib.common.dynamic_creds [-] Acquired dynamic creds: credentials: Credentials: {'domain_id': 'default', 'domain_name': 'Default', 'username': 'tempest-InstanceActionsNegativeTestJSON-727219672-project-member', 'project_domain_id': 'default', 'project_domain_name': 'Default', 'project_id': 'fe6a13d503e04a5b941848124883a7f2', 'project_name': 'tempest-InstanceActionsNegativeTestJSON-727219672', 'tenant_id': 'fe6a13d503e04a5b941848124883a7f2', 'tenant_name': 'tempest-InstanceActionsNegativeTestJSON-727219672', 'user_domain_id': 'default', 'user_domain_name': 'Default', 'user_id': 'a8c2a8e77b014329af49a15584589e2f', 'system': None}, Network: None, Subnet: None, Router: None
2025-11-24 14:33:55.187 66343 INFO tempest.lib.common.rest_client [req-82f51bf5-3b46-4e7b-9ffe-a83b76fd0fde req-82f51bf5-3b46-4e7b-9ffe-a83b76fd0fde ] Request (InstanceActionsNegativeTestJSON:setUpClass): 201 POST http://10.180.1.21/identity/v3/auth/tokens 0.077s
2025-11-24 14:33:55.307 66315 INFO tempest.lib.common.rest_client [req-bf28324a-65bc-4329-9416-a25fb8a4850c req-bf28324a-65bc-4329-9416-a25fb8a4850c ] Request (ServerActionsTestJSON:test_lock_unlock_server): 200 GET http://10.180.1.21/compute/v2.1/servers/9d8c30eb-4dd2-48ca-bb09-7d30814ed474 1.605s
2025-11-24 14:33:55.594 66313 INFO tempest.lib.common.rest_client [req-abec516f-9e98-4f33-b116-2a114c2c39e4 req-abec516f-9e98-4f33-b116-2a114c2c39e4 ] Request (QuotasAdminNegativeTest:test_create_server_when_instances_quota_is_full): 200 PUT http://10.180.1.21/compute/v2.1/os-quota-sets/32710810b1904f41a52cd796daee5eee 1.778s
2025-11-24 14:33:55.664 66343 INFO tempest.lib.common.rest_client [req-7819136b-9759-497f-9e73-e35e06bf1fbb req-7819136b-9759-497f-9e73-e35e06bf1fbb ] Request (InstanceActionsNegativeTestJSON:setUpClass): 201 POST http://10.180.1.21/networking/v2.0/networks 0.476s
2025-11-24 14:33:55.692 66313 INFO tempest.lib.common.rest_client [req-13cf9168-1d55-4f9f-93d2-2fe165c9b46a req-13cf9168-1d55-4f9f-93d2-2fe165c9b46a ] Request (QuotasAdminNegativeTest:test_create_server_when_instances_quota_is_full): 201 POST http://10.180.1.21/identity/v3/auth/tokens 0.093s
2025-11-24 14:33:55.694 66313 INFO tempest.lib.common.fixed_network [-] (QuotasAdminNegativeTest:test_create_server_when_instances_quota_is_full) Found network None available for tenant
2025-11-24 14:33:55.806 66327 INFO tempest.lib.common.rest_client [req-d3cf7b94-8128-4431-be7f-cf4e2fdd53cf req-d3cf7b94-8128-4431-be7f-cf4e2fdd53cf ] Request (DeleteServersAdminTestJSON:test_delete_server_while_in_error_state): 200 GET http://10.180.1.21/compute/v2.1/servers/9b4142fa-f283-45d7-be48-81d9eb1ceaee 1.940s
2025-11-24 14:33:55.813 66327 INFO tempest.common.waiters [-] State transition "ERROR/deleting" ==> "DELETED/None" after 3 second wait
2025-11-24 14:33:55.873 66307 INFO tempest.lib.common.rest_client [req-a640ae97-3eab-46d8-a773-b32130bc3953 req-a640ae97-3eab-46d8-a773-b32130bc3953 ] Request (VolumesAdminNegativeTest:test_update_attached_volume_with_nonexistent_volume_in_uri): 200 GET http://10.180.1.21/volume/v3/volumes/57da674a-7fe4-4d77-988f-31fef084bbd7 0.033s
2025-11-24 14:33:55.881 66307 INFO tempest.common.waiters [-] volume 57da674a-7fe4-4d77-988f-31fef084bbd7 reached available after waiting for 1.881031 seconds
2025-11-24 14:33:55.953 66343 INFO tempest.lib.common.rest_client [req-673a58ed-df23-4430-98cb-d21afa0adaed req-673a58ed-df23-4430-98cb-d21afa0adaed ] Request (InstanceActionsNegativeTestJSON:setUpClass): 201 POST http://10.180.1.21/networking/v2.0/subnets 0.288s
2025-11-24 14:33:56.776 66343 INFO tempest.lib.common.rest_client [req-845fc98e-dca4-4713-a94c-ce2c7203450c req-845fc98e-dca4-4713-a94c-ce2c7203450c ] Request (InstanceActionsNegativeTestJSON:setUpClass): 201 POST http://10.180.1.21/networking/v2.0/routers 0.822s
2025-11-24 14:33:56.877 66337 INFO tempest.lib.common.rest_client [req-f773f194-d9e3-4881-b7f3-7183a7822da3 req-f773f194-d9e3-4881-b7f3-7183a7822da3 ] Request (FloatingIPsAssociationTestJSON:setUpClass): 200 GET http://10.180.1.21/compute/v2.1/servers/abe53013-b6c0-4489-a0bb-0d3b5f1eef41 2.992s
2025-11-24 14:33:56.884 66337 INFO tempest.common.waiters [-] State transition "BUILD/None" ==> "BUILD/spawning" after 14 second wait
2025-11-24 14:33:56.903 66329 INFO tempest.lib.common.rest_client [req-f924cad3-df1b-4ac2-a0c6-bf7a6acea923 req-f924cad3-df1b-4ac2-a0c6-bf7a6acea923 ] Request (ServerActionsTestOtherA:setUpClass): 202 POST http://10.180.1.21/compute/v2.1/servers 3.416s
2025-11-24 14:33:57.650 66335 INFO tempest.lib.common.rest_client [req-6ab0c88d-3ba3-492f-ac1b-624d8cd06de1 req-6ab0c88d-3ba3-492f-ac1b-624d8cd06de1 ] Request (ServersAdminTestJSON:test_inject_network_info): 202 POST http://10.180.1.21/compute/v2.1/servers 3.580s
2025-11-24 14:33:57.751 66309 INFO tempest.lib.common.rest_client [req-745aa814-8ceb-4926-b906-981870e838a3 req-745aa814-8ceb-4926-b906-981870e838a3 ] Request (ImagesOneServerNegativeTestJSON:setUpClass): 202 POST http://10.180.1.21/compute/v2.1/servers 3.314s
2025-11-24 14:33:57.773 66319 INFO tempest.lib.common.rest_client [req-d7341e03-68d0-48df-8244-e0f499bdb5f2 req-d7341e03-68d0-48df-8244-e0f499bdb5f2 ] Request (ServersTestJSON:test_verify_created_server_vcpus): 200 GET http://10.180.1.21/compute/v2.1/flavors/42 3.161s
2025-11-24 14:33:57.778 66319 INFO tempest.lib.common.ssh [-] Creating ssh connection to '10.180.180.129:22' as 'cirros' with public key authentication
2025-11-24 14:33:57.782 66319 INFO paramiko.transport [-] Connected (version 2.0, client dropbear_2020.81)
2025-11-24 14:33:57.849 66343 INFO tempest.lib.common.rest_client [req-a2e081c3-b614-42ef-afc3-a59c3aca7c18 req-a2e081c3-b614-42ef-afc3-a59c3aca7c18 ] Request (InstanceActionsNegativeTestJSON:setUpClass): 200 PUT http://10.180.1.21/networking/v2.0/routers/15df19f7-7aea-4920-b7de-26df2f53b919/add_router_interface 1.073s
2025-11-24 14:33:57.849 66343 INFO tempest.lib.common.dynamic_creds [-] Created isolated network resources for: credentials: Credentials: {'domain_id': 'default', 'domain_name': 'Default', 'username': 'tempest-InstanceActionsNegativeTestJSON-727219672-project-member', 'project_domain_id': 'default', 'project_domain_name': 'Default', 'project_id': 'fe6a13d503e04a5b941848124883a7f2', 'project_name': 'tempest-InstanceActionsNegativeTestJSON-727219672', 'tenant_id': 'fe6a13d503e04a5b941848124883a7f2', 'tenant_name': 'tempest-InstanceActionsNegativeTestJSON-727219672', 'user_domain_id': 'default', 'user_domain_name': 'Default', 'user_id': 'a8c2a8e77b014329af49a15584589e2f', 'system': None}, Network: {'id': '51454473-9678-4cdb-8cfa-9bda37f035c6', 'name': 'tempest-InstanceActionsNegativeTestJSON-431362358-network', 'tenant_id': 'fe6a13d503e04a5b941848124883a7f2', 'project_id': 'fe6a13d503e04a5b941848124883a7f2', 'admin_state_up': True, 'mtu': 8950, 'status': 'ACTIVE', 'subnets': [], 'shared': False, 'port_security_enabled': True, 'router:external': False, 'provider:network_type': 'vlan', 'provider:physical_network': 'default', 'provider:segmentation_id': 561, 'availability_zone_hints': [], 'availability_zones': [], 'ipv4_address_scope': None, 'ipv6_address_scope': None, 'description': '', 'tags': [], 'created_at': '2025-11-24T14:33:55Z', 'updated_at': '2025-11-24T14:33:55Z', 'revision_number': 1}, Subnet: {'id': '4e4f3ff8-d167-4e02-855c-17e66ebe7ef3', 'name': 'tempest-InstanceActionsNegativeTestJSON-431362358-subnet', 'tenant_id': 'fe6a13d503e04a5b941848124883a7f2', 'network_id': '51454473-9678-4cdb-8cfa-9bda37f035c6', 'ip_version': 4, 'subnetpool_id': None, 'enable_dhcp': True, 'ipv6_ra_mode': None, 'ipv6_address_mode': None, 'gateway_ip': '192.168.128.1', 'cidr': '192.168.128.0/28', 'allocation_pools': [{'start': '192.168.128.2', 'end': '192.168.128.14'}], 'host_routes': [], 'dns_nameservers': [], 'description': '', 'router:external': False, 'service_types': [], 'tags': [], 'created_at': '2025-11-24T14:33:55Z', 'updated_at': '2025-11-24T14:33:55Z', 'revision_number': 0, 'project_id': 'fe6a13d503e04a5b941848124883a7f2'}, Router: {'id': '15df19f7-7aea-4920-b7de-26df2f53b919', 'name': 'tempest-InstanceActionsNegativeTestJSON-431362358-router', 'tenant_id': 'fe6a13d503e04a5b941848124883a7f2', 'admin_state_up': True, 'status': 'ACTIVE', 'external_gateway_info': {'network_id': 'd8982e1b-c675-417f-bbdf-1c5cd2827933', 'external_fixed_ips': [{'subnet_id': 'eb88b088-7d58-4ddb-b5f5-775afa87e04c', 'ip_address': '10.180.180.191'}], 'enable_snat': True}, 'description': '', 'availability_zones': [], 'distributed': False, 'ha': False, 'availability_zone_hints': [], 'routes': [], 'flavor_id': None, 'tags': [], 'created_at': '2025-11-24T14:33:56Z', 'updated_at': '2025-11-24T14:33:56Z', 'revision_number': 2, 'project_id': 'fe6a13d503e04a5b941848124883a7f2'}
2025-11-24 14:33:57.873 66325 WARNING tempest.lib.common.ssh [-] Failed to establish authenticated ssh connection to cirros@10.180.180.132 ([Errno None] Unable to connect to port 22 on 10.180.180.132). Number attempts: 3. Retry after 4 seconds.: paramiko.ssh_exception.NoValidConnectionsError: [Errno None] Unable to connect to port 22 on 10.180.180.132
2025-11-24 14:33:57.888 66319 INFO paramiko.transport [-] Authentication (publickey) successful!
2025-11-24 14:33:57.889 66319 INFO tempest.lib.common.ssh [-] ssh connection to cirros@10.180.180.129 successfully created
2025-11-24 14:33:57.907 66333 INFO tempest.lib.common.rest_client [req-e5e3216e-896a-48ad-bb64-d95538f41f49 req-e5e3216e-896a-48ad-bb64-d95538f41f49 ] Request (ServersListShow2100Test:test_list_show_rebuild_update_server_2100): 200 GET http://10.180.1.21/compute/v2.1/servers/84d828fe-5c94-4737-9d83-b2a5b1ee5eed 3.354s
2025-11-24 14:33:57.936 66333 INFO tempest.common.waiters [-] State transition "BUILD/block_device_mapping" ==> "BUILD/spawning" after 17 second wait
2025-11-24 14:33:58.021 66343 INFO tempest.lib.common.rest_client [req-1280917b-42e6-409d-bf66-2b38aed79545 req-1280917b-42e6-409d-bf66-2b38aed79545 ] Request (InstanceActionsNegativeTestJSON:setUpClass): 201 POST http://10.180.1.21/identity/v3/auth/tokens 0.168s
2025-11-24 14:33:58.072 66343 INFO tempest.lib.common.rest_client [req-51e3ee53-ef87-4245-a4b3-f2f1a56bd1f3 req-51e3ee53-ef87-4245-a4b3-f2f1a56bd1f3 ] Request (InstanceActionsNegativeTestJSON:setUpClass): 201 POST http://10.180.1.21/identity/v3/auth/tokens 0.041s
2025-11-24 14:33:58.073 66343 INFO tempest.lib.common.fixed_network [-] (InstanceActionsNegativeTestJSON:setUpClass) Found network {'id': '51454473-9678-4cdb-8cfa-9bda37f035c6', 'name': 'tempest-InstanceActionsNegativeTestJSON-431362358-network', 'tenant_id': 'fe6a13d503e04a5b941848124883a7f2', 'project_id': 'fe6a13d503e04a5b941848124883a7f2', 'admin_state_up': True, 'mtu': 8950, 'status': 'ACTIVE', 'subnets': [], 'shared': False, 'port_security_enabled': True, 'router:external': False, 'provider:network_type': 'vlan', 'provider:physical_network': 'default', 'provider:segmentation_id': 561, 'availability_zone_hints': [], 'availability_zones': [], 'ipv4_address_scope': None, 'ipv6_address_scope': None, 'description': '', 'tags': [], 'created_at': '2025-11-24T14:33:55Z', 'updated_at': '2025-11-24T14:33:55Z', 'revision_number': 1} available for tenant
2025-11-24 14:33:58.171 66341 INFO tempest.lib.common.rest_client [req-89449211-049c-4c30-aabe-c4085ae79f9f req-89449211-049c-4c30-aabe-c4085ae79f9f ] Request (ImagesTestJSON:test_create_image_from_stopped_server): 200 GET http://10.180.1.21/compute/v2.1/servers/734a2be7-3b01-4578-be80-760e92a9df6f 3.551s
2025-11-24 14:33:58.181 66341 INFO tempest.common.waiters [-] State transition "BUILD/spawning" ==> "ACTIVE/None" after 23 second wait
2025-11-24 14:33:58.238 66353 INFO tempest.lib.common.rest_client [req-239561d2-8e5d-43e9-a4ec-5e61c09cbd5a req-239561d2-8e5d-43e9-a4ec-5e61c09cbd5a ] Request (ServerDiskConfigTestJSON:test_rebuild_server_with_auto_disk_config): 200 GET http://10.180.1.21/compute/v2.1/servers/f0194d55-7d03-4305-9a21-3a1eb4a3efa0 3.464s
2025-11-24 14:33:58.246 66353 INFO tempest.common.waiters [-] State transition "REBUILD/rebuild_spawning" ==> "ACTIVE/None" after 9 second wait
2025-11-24 14:33:58.265 66305 INFO tempest.lib.common.rest_client [req-19db4417-c8f3-4a5d-bad5-cfc8aec890ab req-19db4417-c8f3-4a5d-bad5-cfc8aec890ab ] Request (FlavorsAccessNegativeTestJSON:_run_cleanups): 200 GET http://10.180.1.21/compute/v2.1/flavors/detail 3.445s
2025-11-24 14:33:58.283 66363 INFO tempest.lib.common.rest_client [req-b8dc141a-a514-461d-b8da-82b14b0effce req-b8dc141a-a514-461d-b8da-82b14b0effce ] Request (QuotaClassesAdminTestJSON:test_update_default_quotas): 200 GET http://10.180.1.21/compute/v2.1/os-quota-class-sets/default 3.431s
2025-11-24 14:33:58.291 66331 INFO tempest.lib.common.rest_client [req-69b820f7-a9ed-4689-8756-31cbc4f60674 req-69b820f7-a9ed-4689-8756-31cbc4f60674 ] Request (AggregatesAdminNegativeTestJSON:test_aggregate_get_details_with_invalid_id): 404 GET http://10.180.1.21/compute/v2.1/os-aggregates/-1 3.417s
2025-11-24 14:33:58.339 66349 INFO tempest.lib.common.rest_client [req-2ff4b4ec-213b-4fdc-9496-61b1dca8a737 req-2ff4b4ec-213b-4fdc-9496-61b1dca8a737 ] Request (AttachInterfacesTestJSON:test_create_list_show_delete_interfaces_by_fixed_ip): 200 GET http://10.180.1.21/compute/v2.1/servers/6719dfde-a9b8-4400-8350-8c372ee41f9c/os-interface 3.532s
2025-11-24 14:33:58.363 66317 INFO tempest.lib.common.rest_client [req-55498a29-4bb8-413c-b790-d5cd0b5e4080 req-55498a29-4bb8-413c-b790-d5cd0b5e4080 ] Request (FlavorsAdminTestJSON:test_is_public_string_variations): 200 POST http://10.180.1.21/compute/v2.1/flavors 3.451s
2025-11-24 14:33:58.431 66351 INFO tempest.lib.common.rest_client [req-6618e11c-a182-4c5f-978f-daf61a2f73bb req-6618e11c-a182-4c5f-978f-daf61a2f73bb ] Request (ServerMetadataTestJSON:setUp): 200 PUT http://10.180.1.21/compute/v2.1/servers/9104e815-c3a6-4156-9b75-e145f1a17a34/metadata 3.548s
2025-11-24 14:33:58.434 66305 INFO tempest.lib.common.rest_client [req-43df85a7-04aa-4dd2-8378-790de2d3afa9 req-43df85a7-04aa-4dd2-8378-790de2d3afa9 ] Request (FlavorsAccessNegativeTestJSON:tearDownClass): 204 DELETE http://10.180.1.21/identity/v3/users/526d4ecbd2e649008e1903a9fca3527b 0.160s
2025-11-24 14:33:58.437 66301 INFO tempest.lib.common.rest_client [req-11859b3e-e027-4aa6-8521-7260bb0b547f req-11859b3e-e027-4aa6-8521-7260bb0b547f ] Request (ServerTagsTestJSON:test_delete_all_tags): 201 PUT http://10.180.1.21/compute/v2.1/servers/ec514267-5e43-4e93-8517-abbc9e762774/tags/tempest-tag-1830702289 3.483s
2025-11-24 14:33:58.472 66365 INFO tempest.lib.common.rest_client [req-87562d70-6981-419e-a0b6-874599d2f7d4 req-87562d70-6981-419e-a0b6-874599d2f7d4 ] Request (InstanceActionsV221TestJSON:tearDownClass): 404 GET http://10.180.1.21/compute/v2.1/servers/0e3f0166-bd20-4a15-afe6-53a58efb75de 3.403s
2025-11-24 14:33:58.539 66315 INFO tempest.lib.common.rest_client [req-b10365a1-4ce7-444d-a5f7-78b4598630a9 req-b10365a1-4ce7-444d-a5f7-78b4598630a9 ] Request (ServerActionsTestJSON:test_lock_unlock_server): 409 POST http://10.180.1.21/compute/v2.1/servers/9d8c30eb-4dd2-48ca-bb09-7d30814ed474/action 3.223s
2025-11-24 14:33:58.611 66305 INFO tempest.lib.common.rest_client [req-96a72767-cf97-4cc2-8d69-60907327e8f7 req-96a72767-cf97-4cc2-8d69-60907327e8f7 ] Request (FlavorsAccessNegativeTestJSON:tearDownClass): 204 DELETE http://10.180.1.21/identity/v3/users/6acf4ae9278a4b01b4f6ce7b2bd4c5dd 0.177s
2025-11-24 14:33:58.751 66305 INFO tempest.lib.common.rest_client [req-d1d25517-1eae-4796-a5d5-8a70ab285dd3 req-d1d25517-1eae-4796-a5d5-8a70ab285dd3 ] Request (FlavorsAccessNegativeTestJSON:tearDownClass): 204 DELETE http://10.180.1.21/identity/v3/users/59ebb45443bf4dd9aa3d8144e67d906a 0.139s
2025-11-24 14:33:58.751 66305 INFO tempest.lib.common.dynamic_creds [-] Deleting project and security group for project: bf5c0f33e6f94a3d9b5906eeb7a0c6d7
2025-11-24 14:33:58.816 66305 INFO tempest.lib.common.rest_client [req-ba810419-e482-493c-b0e5-2ec75cdba449 req-ba810419-e482-493c-b0e5-2ec75cdba449 ] Request (FlavorsAccessNegativeTestJSON:tearDownClass): 201 POST http://10.180.1.21/identity/v3/auth/tokens 0.064s
2025-11-24 14:33:58.890 66321 WARNING tempest.lib.common.ssh [-] Failed to establish authenticated ssh connection to cirros@10.180.180.174 ([Errno None] Unable to connect to port 22 on 10.180.180.174). Number attempts: 5. Retry after 6 seconds.: paramiko.ssh_exception.NoValidConnectionsError: [Errno None] Unable to connect to port 22 on 10.180.180.174
2025-11-24 14:33:59.005 66323 INFO paramiko.transport [-] Connected (version 2.0, client dropbear_2020.81)
2025-11-24 14:33:59.068 66323 INFO paramiko.transport [-] Authentication (publickey) successful!
2025-11-24 14:33:59.068 66323 INFO tempest.lib.common.ssh [-] ssh connection to cirros@10.180.180.157 successfully created
2025-11-24 14:33:59.391 66365 INFO tempest.lib.common.rest_client [req-4b0f2896-1aeb-4745-95d3-58190cc96127 req-4b0f2896-1aeb-4745-95d3-58190cc96127 ] Request (InstanceActionsV221TestJSON:tearDownClass): 200 PUT http://10.180.1.21/networking/v2.0/routers/409bc502-4091-4581-96b4-f62860fcd13a/remove_router_interface 0.918s
2025-11-24 14:33:59.419 66359 INFO tempest.lib.common.rest_client [req-7d14e995-20a6-4e83-a950-884a44d5daa0 req-7d14e995-20a6-4e83-a950-884a44d5daa0 ] Request (FloatingIPsAssociationNegativeTestJSON:tearDownClass): 200 GET http://10.180.1.21/compute/v2.1/servers/09756e81-883c-4c9e-9088-94dc1ba4e429 4.363s
2025-11-24 14:33:59.429 66359 INFO tempest.common.waiters [-] State transition "ACTIVE/deleting" ==> "DELETED/None" after 5 second wait
2025-11-24 14:33:59.741 66305 INFO tempest.lib.common.rest_client [req-c8aa4d13-a215-4ca7-9189-da1683a6a3b3 req-c8aa4d13-a215-4ca7-9189-da1683a6a3b3 ] Request (FlavorsAccessNegativeTestJSON:tearDownClass): 200 GET http://10.180.1.21/networking/v2.0/security-groups?tenant_id=bf5c0f33e6f94a3d9b5906eeb7a0c6d7&name=default 0.925s
2025-11-24 14:34:00.084 66347 INFO tempest.lib.common.rest_client [req-5fbf4c63-6252-45cf-aee6-291bb5151c2d req-5fbf4c63-6252-45cf-aee6-291bb5151c2d ] Request (ServersTestFqdnHostnames:test_create_server_with_fqdn_name): 200 GET http://10.180.1.21/compute/v2.1/servers/186c0adc-b3ca-4e3a-91ad-14eae166457f 4.402s
2025-11-24 14:34:00.144 66303 INFO tempest.lib.common.rest_client [req-3afcfbf1-7037-4753-b6e1-d1a8d15f69c2 req-3afcfbf1-7037-4753-b6e1-d1a8d15f69c2 ] Request (ServerDiagnosticsTest:test_get_server_diagnostics): 200 GET http://10.180.1.21/compute/v2.1/servers/e14d6548-1292-40f2-b3dc-f9d00671eeda 4.471s
2025-11-24 14:34:00.153 66303 INFO tempest.common.waiters [-] State transition "BUILD/None" ==> "BUILD/spawning" after 16 second wait
2025-11-24 14:34:00.219 66365 INFO tempest.lib.common.rest_client [req-c097419c-9e35-4518-b280-82db470a779c req-c097419c-9e35-4518-b280-82db470a779c ] Request (InstanceActionsV221TestJSON:tearDownClass): 204 DELETE http://10.180.1.21/networking/v2.0/routers/409bc502-4091-4581-96b4-f62860fcd13a 0.828s
2025-11-24 14:34:00.269 66305 INFO tempest.lib.common.rest_client [req-2c84804c-ac7e-4751-ab8d-4e3ea8c8f8f9 req-2c84804c-ac7e-4751-ab8d-4e3ea8c8f8f9 ] Request (FlavorsAccessNegativeTestJSON:tearDownClass): 204 DELETE http://10.180.1.21/networking/v2.0/security-groups/b3efcf89-b50a-4ff5-81f2-82add7f5e649 0.527s
2025-11-24 14:34:00.319 66339 INFO tempest.lib.common.rest_client [req-665fda75-f68b-40c6-a7da-14d2d0b8ff18 req-665fda75-f68b-40c6-a7da-14d2d0b8ff18 ] Request (ServerExternalEventsTest:test_create_server_external_events): 200 GET http://10.180.1.21/compute/v2.1/servers/2a556d78-c712-4337-9b21-2a01d6e532b3 4.590s
2025-11-24 14:34:00.365 66305 INFO tempest.lib.common.rest_client [req-37179259-a667-4bb5-8b8c-792670c43373 req-37179259-a667-4bb5-8b8c-792670c43373 ] Request (FlavorsAccessNegativeTestJSON:tearDownClass): 204 DELETE http://10.180.1.21/identity/v3/projects/bf5c0f33e6f94a3d9b5906eeb7a0c6d7 0.095s
2025-11-24 14:34:00.365 66305 INFO tempest.lib.common.dynamic_creds [-] Deleting project and security group for project: fb17ce852a4e43f0b3c835d23802738b
2025-11-24 14:34:00.455 66365 INFO tempest.lib.common.rest_client [req-3c9fc9b7-2ddd-4533-9459-89df1132699a req-3c9fc9b7-2ddd-4533-9459-89df1132699a ] Request (InstanceActionsV221TestJSON:tearDownClass): 204 DELETE http://10.180.1.21/networking/v2.0/subnets/4a2028c9-4b78-454f-be9e-50ac51a64847 0.235s
2025-11-24 14:34:00.611 66307 INFO tempest.lib.common.rest_client [req-23e0b076-24d7-4990-84e3-8a07c196d465 req-23e0b076-24d7-4990-84e3-8a07c196d465 ] Request (VolumesAdminNegativeTest:test_update_attached_volume_with_nonexistent_volume_in_uri): 404 PUT http://10.180.1.21/compute/v2.1/servers/73776ada-0631-497f-b05b-f8e52540e7f2/os-volume_attachments/59322423-6235-4144-842c-ff8789a5009a 4.730s
2025-11-24 14:34:00.644 66305 INFO tempest.lib.common.rest_client [req-9b5aa08a-39a3-458e-80fa-004d3267f121 req-9b5aa08a-39a3-458e-80fa-004d3267f121 ] Request (FlavorsAccessNegativeTestJSON:tearDownClass): 200 GET http://10.180.1.21/networking/v2.0/security-groups?tenant_id=fb17ce852a4e43f0b3c835d23802738b&name=default 0.278s
2025-11-24 14:34:00.697 66307 INFO tempest.lib.common.rest_client [req-9732e81f-1e66-49ab-9ca9-96decfab690c req-9732e81f-1e66-49ab-9ca9-96decfab690c ] Request (VolumesAdminNegativeTest:tearDownClass): 202 DELETE http://10.180.1.21/volume/v3/volumes/57da674a-7fe4-4d77-988f-31fef084bbd7 0.084s
2025-11-24 14:34:00.743 66307 INFO tempest.lib.common.rest_client [req-50aae066-a2e5-4c57-a75b-51c9261df3a0 req-50aae066-a2e5-4c57-a75b-51c9261df3a0 ] Request (VolumesAdminNegativeTest:tearDownClass): 200 GET http://10.180.1.21/volume/v3/volumes/57da674a-7fe4-4d77-988f-31fef084bbd7 0.046s
2025-11-24 14:34:00.928 66365 INFO tempest.lib.common.rest_client [req-3de8caaf-cd7a-44dc-a460-62caa429457a req-3de8caaf-cd7a-44dc-a460-62caa429457a ] Request (InstanceActionsV221TestJSON:tearDownClass): 204 DELETE http://10.180.1.21/networking/v2.0/networks/6a557cfd-9152-462b-9cc5-7c22f8148dca 0.473s
2025-11-24 14:34:00.979 66311 INFO tempest.lib.common.rest_client [req-2222b1b7-cd91-4c2b-ac61-b2a237ce84d0 req-2222b1b7-cd91-4c2b-ac61-b2a237ce84d0 ] Request (ServerActionsV293TestJSON:setUpClass): 200 GET http://10.180.1.21/compute/v2.1/servers/454636a0-cdba-43df-8d83-f930bf8b9344 4.950s
2025-11-24 14:34:01.012 66313 INFO tempest.lib.common.rest_client [req-d1600dd5-d1c4-4967-8ac9-b46bf91a41c1 req-d1600dd5-d1c4-4967-8ac9-b46bf91a41c1 ] Request (QuotasAdminNegativeTest:test_create_server_when_instances_quota_is_full): 403 POST http://10.180.1.21/compute/v2.1/servers 5.317s
2025-11-24 14:34:01.050 66305 INFO tempest.lib.common.rest_client [req-462be65d-df1a-4764-a3e1-602377d0700c req-462be65d-df1a-4764-a3e1-602377d0700c ] Request (FlavorsAccessNegativeTestJSON:tearDownClass): 204 DELETE http://10.180.1.21/networking/v2.0/security-groups/3252baec-04fc-4483-8e96-7ab69529bd07 0.406s
2025-11-24 14:34:01.075 66327 INFO tempest.lib.common.rest_client [req-d01aa9af-0bee-42e2-803a-908ca5577a7d req-d01aa9af-0bee-42e2-803a-908ca5577a7d ] Request (DeleteServersAdminTestJSON:test_delete_server_while_in_error_state): 200 GET http://10.180.1.21/compute/v2.1/servers/9b4142fa-f283-45d7-be48-81d9eb1ceaee 4.261s
2025-11-24 14:34:01.091 66329 INFO tempest.lib.common.rest_client [req-572b7b98-847b-4fdb-80ef-78f7fd4ee48d req-572b7b98-847b-4fdb-80ef-78f7fd4ee48d ] Request (ServerActionsTestOtherA:setUpClass): 200 GET http://10.180.1.21/compute/v2.1/servers/06223f53-b2b8-4ad9-bd1f-803c05ba7cef 4.186s
2025-11-24 14:34:01.134 66365 INFO tempest.lib.common.rest_client [req-c5ef6696-da98-481a-8d9d-b978cfd273fd req-c5ef6696-da98-481a-8d9d-b978cfd273fd ] Request (InstanceActionsV221TestJSON:tearDownClass): 204 DELETE http://10.180.1.21/identity/v3/users/391e674448094d80a480df05b2782e1d 0.205s
2025-11-24 14:34:01.134 66365 INFO tempest.lib.common.dynamic_creds [-] Deleting project and security group for project: 008d50e1fa56438ca1a0645dc522a669
2025-11-24 14:34:01.174 66365 INFO tempest.lib.common.rest_client [req-283a1d4e-d980-4ace-8194-a24c6acbc8e2 req-283a1d4e-d980-4ace-8194-a24c6acbc8e2 ] Request (InstanceActionsV221TestJSON:tearDownClass): 200 GET http://10.180.1.21/networking/v2.0/security-groups?tenant_id=008d50e1fa56438ca1a0645dc522a669&name=default 0.039s
2025-11-24 14:34:01.221 66305 INFO tempest.lib.common.rest_client [req-86bead0c-8021-4b19-bb1d-669da17581fb req-86bead0c-8021-4b19-bb1d-669da17581fb ] Request (FlavorsAccessNegativeTestJSON:tearDownClass): 204 DELETE http://10.180.1.21/identity/v3/projects/fb17ce852a4e43f0b3c835d23802738b 0.170s
2025-11-24 14:34:01.221 66305 INFO tempest.lib.common.dynamic_creds [-] Deleting project and security group for project: 63633e6514e44842b73d906cf2a51201
2025-11-24 14:34:01.229 66309 INFO tempest.lib.common.rest_client [req-78d1a1ce-7212-4a09-ab80-96453628ebb5 req-78d1a1ce-7212-4a09-ab80-96453628ebb5 ] Request (ImagesOneServerNegativeTestJSON:setUpClass): 200 GET http://10.180.1.21/compute/v2.1/servers/9e54ac6b-da1b-4edf-ae80-7b3782111d7b 3.476s
2025-11-24 14:34:01.241 66335 INFO tempest.lib.common.rest_client [req-bc7d0a6e-dc7b-42f1-937f-bc91d7eee2cf req-bc7d0a6e-dc7b-42f1-937f-bc91d7eee2cf ] Request (ServersAdminTestJSON:test_inject_network_info): 200 GET http://10.180.1.21/compute/v2.1/servers/1f5735d7-44ec-4396-a494-97b7aa0e4cb5 3.588s
2025-11-24 14:34:01.327 66365 INFO tempest.lib.common.rest_client [req-73fc6496-3b01-448b-b0ed-c651cd955f01 req-73fc6496-3b01-448b-b0ed-c651cd955f01 ] Request (InstanceActionsV221TestJSON:tearDownClass): 204 DELETE http://10.180.1.21/networking/v2.0/security-groups/4d778131-5833-4ecf-9479-3c14db301ff2 0.152s
2025-11-24 14:34:01.341 66319 INFO tempest.lib.common.rest_client [req-3993ff06-d3f5-47ee-a2b6-bd627ef6c97b req-3993ff06-d3f5-47ee-a2b6-bd627ef6c97b ] Request (ServersTestJSON:tearDownClass): 204 DELETE http://10.180.1.21/compute/v2.1/servers/8c1090dc-a2c5-476a-a296-6323e591cc45 3.442s
2025-11-24 14:34:01.486 66305 INFO tempest.lib.common.rest_client [req-f61c6d0f-60df-4499-8090-afa2e2e40791 req-f61c6d0f-60df-4499-8090-afa2e2e40791 ] Request (FlavorsAccessNegativeTestJSON:tearDownClass): 200 GET http://10.180.1.21/networking/v2.0/security-groups?tenant_id=63633e6514e44842b73d906cf2a51201&name=default 0.265s
2025-11-24 14:34:01.487 66365 INFO tempest.lib.common.rest_client [req-a29890db-b298-45d1-b38b-3f724ef9f5eb req-a29890db-b298-45d1-b38b-3f724ef9f5eb ] Request (InstanceActionsV221TestJSON:tearDownClass): 204 DELETE http://10.180.1.21/identity/v3/projects/008d50e1fa56438ca1a0645dc522a669 0.160s
2025-11-24 14:34:01.589 66365 INFO tempest.lib.common.rest_client [req-88044989-abee-4e90-bad1-932260273db8 req-88044989-abee-4e90-bad1-932260273db8 ] Request (VolumesSnapshotsTestJSON:setUpClass): 201 POST http://10.180.1.21/identity/v3/auth/tokens 0.100s
2025-11-24 14:34:01.627 66365 INFO tempest.lib.common.rest_client [req-d2b63186-79da-49ab-884a-8119ab8b8dbb req-d2b63186-79da-49ab-884a-8119ab8b8dbb ] Request (VolumesSnapshotsTestJSON:setUpClass): 201 POST http://10.180.1.21/identity/v3/auth/tokens 0.034s
2025-11-24 14:34:01.659 66365 INFO tempest.lib.common.rest_client [req-c139cc38-e6c4-477a-b8d5-a5cded053da8 req-c139cc38-e6c4-477a-b8d5-a5cded053da8 ] Request (VolumesSnapshotsTestJSON:setUpClass): 200 GET http://10.180.1.21/identity/v3/domains?name=Default 0.031s
2025-11-24 14:34:01.694 66365 INFO tempest.lib.common.rest_client [req-cdee71bf-037c-4cb1-9f2d-527bded39590 req-cdee71bf-037c-4cb1-9f2d-527bded39590 ] Request (VolumesSnapshotsTestJSON:setUpClass): 201 POST http://10.180.1.21/identity/v3/projects 0.034s
2025-11-24 14:34:01.772 66365 INFO tempest.lib.common.rest_client [req-5e8c6143-b583-4520-9957-79ded84045bf req-5e8c6143-b583-4520-9957-79ded84045bf ] Request (VolumesSnapshotsTestJSON:setUpClass): 201 POST http://10.180.1.21/identity/v3/users 0.078s
2025-11-24 14:34:01.777 66307 INFO tempest.lib.common.rest_client [req-69f08ae6-ed7e-4a81-8b9b-a43b8b0a1544 req-69f08ae6-ed7e-4a81-8b9b-a43b8b0a1544 ] Request (VolumesAdminNegativeTest:tearDownClass): 404 GET http://10.180.1.21/volume/v3/volumes/57da674a-7fe4-4d77-988f-31fef084bbd7 0.023s
2025-11-24 14:34:01.783 66305 INFO tempest.lib.common.rest_client [req-8b241506-28c8-438e-95da-3fa0082242de req-8b241506-28c8-438e-95da-3fa0082242de ] Request (FlavorsAccessNegativeTestJSON:tearDownClass): 204 DELETE http://10.180.1.21/networking/v2.0/security-groups/1c53e8a9-84fa-4f1e-afe8-c1b557aeeab6 0.295s
2025-11-24 14:34:01.804 66365 INFO tempest.lib.common.rest_client [req-cd45bc8f-06d8-40b1-bb62-a3744aa47d38 req-cd45bc8f-06d8-40b1-bb62-a3744aa47d38 ] Request (VolumesSnapshotsTestJSON:setUpClass): 200 GET http://10.180.1.21/identity/v3/roles 0.031s
2025-11-24 14:34:01.843 66365 INFO tempest.lib.common.rest_client [req-0da668da-284a-4c43-98d9-0edaf99516f9 req-0da668da-284a-4c43-98d9-0edaf99516f9 ] Request (VolumesSnapshotsTestJSON:setUpClass): 204 PUT http://10.180.1.21/identity/v3/projects/5dce8645b787423ab58683847faa12db/users/bd075a35cdc1490fb5577a7569cc22a3/roles/9398be14c9b4490cbfc4194f781fc6ce 0.039s
2025-11-24 14:34:01.844 66365 INFO tempest.lib.common.dynamic_creds [-] Dynamic test user bd075a35cdc1490fb5577a7569cc22a3 is created with scope project and roles: ['member']
2025-11-24 14:34:01.844 66365 INFO tempest.lib.common.dynamic_creds [-] Acquired dynamic creds: credentials: Credentials: {'domain_id': 'default', 'domain_name': 'Default', 'username': 'tempest-VolumesSnapshotsTestJSON-1277153493-project-member', 'project_domain_id': 'default', 'project_domain_name': 'Default', 'project_id': '5dce8645b787423ab58683847faa12db', 'project_name': 'tempest-VolumesSnapshotsTestJSON-1277153493', 'tenant_id': '5dce8645b787423ab58683847faa12db', 'tenant_name': 'tempest-VolumesSnapshotsTestJSON-1277153493', 'user_domain_id': 'default', 'user_domain_name': 'Default', 'user_id': 'bd075a35cdc1490fb5577a7569cc22a3', 'system': None}, Network: None, Subnet: None, Router: None
2025-11-24 14:34:01.844 66365 INFO tempest.lib.common.dynamic_creds [-] Created isolated network resources for: credentials: Credentials: {'domain_id': 'default', 'domain_name': 'Default', 'username': 'tempest-VolumesSnapshotsTestJSON-1277153493-project-member', 'project_domain_id': 'default', 'project_domain_name': 'Default', 'project_id': '5dce8645b787423ab58683847faa12db', 'project_name': 'tempest-VolumesSnapshotsTestJSON-1277153493', 'tenant_id': '5dce8645b787423ab58683847faa12db', 'tenant_name': 'tempest-VolumesSnapshotsTestJSON-1277153493', 'user_domain_id': 'default', 'user_domain_name': 'Default', 'user_id': 'bd075a35cdc1490fb5577a7569cc22a3', 'system': None}, Network: None, Subnet: None, Router: None
