2025-11-24 14:35:49.456 66309 INFO tempest.lib.common.rest_client [req-859351b6-9935-461f-8cd3-c2eb9dc07285 req-859351b6-9935-461f-8cd3-c2eb9dc07285 ] Request (ImagesOneServerNegativeTestJSON:_run_cleanups): 200 GET http://10.180.1.21/compute/v2.1/servers/9e54ac6b-da1b-4edf-ae80-7b3782111d7b 0.140s
2025-11-24 14:35:49.489 66355 INFO tempest.lib.common.rest_client [req-351d311f-68e1-4edc-a7e8-65c78f0dcf30 req-351d311f-68e1-4edc-a7e8-65c78f0dcf30 ] Request (TenantUsagesTestJSON:setUpClass): 201 POST http://10.180.1.21/identity/v3/auth/tokens 0.079s
2025-11-24 14:35:49.515 66347 INFO tempest.lib.common.rest_client [req-d51e2dd7-2e87-472b-9042-70e7a72c67cb req-d51e2dd7-2e87-472b-9042-70e7a72c67cb ] Request (ServerActionsTestOtherB:setUpClass): 200 GET http://10.180.1.21/compute/v2.1/servers/29253bf8-816e-4e8f-baf1-c66a9e57254e 0.197s
2025-11-24 14:35:49.548 66355 INFO tempest.lib.common.rest_client [req-d1c492c5-0c5b-49d6-b01f-9c759b7b7031 req-d1c492c5-0c5b-49d6-b01f-9c759b7b7031 ] Request (TenantUsagesTestJSON:setUpClass): 201 POST http://10.180.1.21/identity/v3/projects 0.057s
2025-11-24 14:35:49.580 66339 INFO tempest.lib.common.rest_client [req-75b5705a-e93b-4222-b477-a6c3df473bc8 req-75b5705a-e93b-4222-b477-a6c3df473bc8 ] Request (SecurityGroupsTestJSON:test_list_security_groups_by_server): 200 GET http://10.180.1.21/compute/v2.1/servers/3513225f-2ec6-4712-b1ba-1e98357a3491 0.211s
2025-11-24 14:35:49.637 66355 INFO tempest.lib.common.rest_client [req-06950436-2d1b-4bf9-bb48-8bb64eb31306 req-06950436-2d1b-4bf9-bb48-8bb64eb31306 ] Request (TenantUsagesTestJSON:setUpClass): 201 POST http://10.180.1.21/identity/v3/users 0.089s
2025-11-24 14:35:49.644 66353 INFO tempest.lib.common.rest_client [req-88b72ff6-3a2b-46e5-a69c-11204a12bc37 req-88b72ff6-3a2b-46e5-a69c-11204a12bc37 ] Request (ServerDiskConfigTestJSON:test_resize_server_from_auto_to_manual): 200 GET http://10.180.1.21/compute/v2.1/servers/191c0463-1e14-49af-98a7-90e20cb4ec21 0.264s
2025-11-24 14:35:49.663 66355 INFO tempest.lib.common.rest_client [req-7cd05b29-e30c-4e8c-bf8f-8d1dac9f24a4 req-7cd05b29-e30c-4e8c-bf8f-8d1dac9f24a4 ] Request (TenantUsagesTestJSON:setUpClass): 200 GET http://10.180.1.21/identity/v3/roles 0.025s
2025-11-24 14:35:49.700 66355 INFO tempest.lib.common.rest_client [req-f3c9ca92-9afe-4b97-8cd7-2d33e546008d req-f3c9ca92-9afe-4b97-8cd7-2d33e546008d ] Request (TenantUsagesTestJSON:setUpClass): 204 PUT http://10.180.1.21/identity/v3/projects/70d83f4e70694c5daca262caca9a8f17/users/8ff9a9852b834e63b6bd1f1685ed275b/roles/244e237a94ba436884239798391037ab 0.037s
2025-11-24 14:35:49.707 66343 INFO tempest.lib.common.rest_client [req-30f03f17-8af5-4451-909f-2aff22461c25 req-30f03f17-8af5-4451-909f-2aff22461c25 ] Request (ServersNegativeTestMultiTenantJSON:setUpClass): 200 GET http://10.180.1.21/compute/v2.1/servers/b90c6a5e-283b-4aa6-911f-2c601dc59f9b 0.241s
2025-11-24 14:35:49.742 66301 INFO tempest.lib.common.rest_client [req-951f7420-b2a1-4b11-b149-3074245e64a6 req-951f7420-b2a1-4b11-b149-3074245e64a6 ] Request (ServersNegativeTestJSON:setUpClass): 202 POST http://10.180.1.21/compute/v2.1/servers 0.465s
2025-11-24 14:35:49.768 66355 INFO tempest.lib.common.rest_client [req-fe9e46ac-2df1-4f1e-a79a-2022f102bd3e req-fe9e46ac-2df1-4f1e-a79a-2022f102bd3e ] Request (TenantUsagesTestJSON:setUpClass): 200 GET http://10.180.1.21/identity/v3/roles 0.067s
2025-11-24 14:35:49.771 66359 INFO tempest.lib.common.rest_client [req-43bfb719-271b-4700-9c7e-c1b843106afb req-43bfb719-271b-4700-9c7e-c1b843106afb ] Request (ListServersNegativeTestJSON:setUpClass): 200 GET http://10.180.1.21/compute/v2.1/servers/6815cb06-e14d-4b3c-bbd0-1fdde6825a08 0.112s
2025-11-24 14:35:49.797 66355 INFO tempest.lib.common.rest_client [req-303be2bc-3556-4a36-a269-a939e03af9ea req-303be2bc-3556-4a36-a269-a939e03af9ea ] Request (TenantUsagesTestJSON:setUpClass): 204 PUT http://10.180.1.21/identity/v3/projects/70d83f4e70694c5daca262caca9a8f17/users/8ff9a9852b834e63b6bd1f1685ed275b/roles/244e237a94ba436884239798391037ab 0.028s
2025-11-24 14:35:49.797 66355 INFO tempest.lib.common.dynamic_creds [-] Dynamic test user 8ff9a9852b834e63b6bd1f1685ed275b is created with scope project and roles: ['admin']
2025-11-24 14:35:49.797 66355 INFO tempest.lib.common.dynamic_creds [-] Acquired dynamic creds: credentials: Credentials: {'domain_id': 'default', 'domain_name': 'Default', 'username': 'tempest-TenantUsagesTestJSON-2123148588-project-admin', 'project_domain_id': 'default', 'project_domain_name': 'Default', 'project_id': '70d83f4e70694c5daca262caca9a8f17', 'project_name': 'tempest-TenantUsagesTestJSON-2123148588', 'tenant_id': '70d83f4e70694c5daca262caca9a8f17', 'tenant_name': 'tempest-TenantUsagesTestJSON-2123148588', 'user_domain_id': 'default', 'user_domain_name': 'Default', 'user_id': '8ff9a9852b834e63b6bd1f1685ed275b', 'system': None}, Network: None, Subnet: None, Router: None
2025-11-24 14:35:49.797 66355 INFO tempest.lib.common.dynamic_creds [-] Created isolated network resources for: credentials: Credentials: {'domain_id': 'default', 'domain_name': 'Default', 'username': 'tempest-TenantUsagesTestJSON-2123148588-project-admin', 'project_domain_id': 'default', 'project_domain_name': 'Default', 'project_id': '70d83f4e70694c5daca262caca9a8f17', 'project_name': 'tempest-TenantUsagesTestJSON-2123148588', 'tenant_id': '70d83f4e70694c5daca262caca9a8f17', 'tenant_name': 'tempest-TenantUsagesTestJSON-2123148588', 'user_domain_id': 'default', 'user_domain_name': 'Default', 'user_id': '8ff9a9852b834e63b6bd1f1685ed275b', 'system': None}, Network: None, Subnet: None, Router: None
2025-11-24 14:35:49.815 66313 INFO tempest.lib.common.rest_client [req-6ca12436-e05d-493f-8c52-780551dea732 req-6ca12436-e05d-493f-8c52-780551dea732 ] Request (ServerMetadataNegativeTestJSON:tearDownClass): 200 GET http://10.180.1.21/compute/v2.1/servers/b90f9a28-4a3e-4e45-a7df-304c7fdcb311 0.140s
2025-11-24 14:35:49.838 66323 INFO tempest.lib.common.rest_client [req-7c79cd9d-1982-4c66-a796-16087fdf19bb req-7c79cd9d-1982-4c66-a796-16087fdf19bb ] Request (DeleteServersTestJSON:test_delete_active_server): 200 GET http://10.180.1.21/compute/v2.1/servers/b02eff7e-76b0-4b6e-a392-e821e08b9e44 0.100s
2025-11-24 14:35:49.852 66301 INFO tempest.lib.common.rest_client [req-1aaf090c-fbef-4e82-8788-35f5e2915d75 req-1aaf090c-fbef-4e82-8788-35f5e2915d75 ] Request (ServersNegativeTestJSON:setUpClass): 200 GET http://10.180.1.21/compute/v2.1/servers/dcf9a6c1-1cbf-4e98-b671-aa1a31998ae5 0.108s
2025-11-24 14:35:49.900 66303 INFO tempest.lib.common.rest_client [req-31159930-0955-4064-a750-733cd77e7216 req-31159930-0955-4064-a750-733cd77e7216 ] Request (ListImageFiltersTestJSON:setUpClass): 200 GET http://10.180.1.21/compute/v2.1/servers/8e3cf4c7-ff1e-432b-9960-8e24f1218b5b 0.152s
2025-11-24 14:35:49.904 66355 INFO tempest.lib.common.rest_client [req-da9f2379-9a16-4c50-87fc-0cfe8366c08d req-da9f2379-9a16-4c50-87fc-0cfe8366c08d ] Request (TenantUsagesTestJSON:setUpClass): 201 POST http://10.180.1.21/identity/v3/auth/tokens 0.104s
2025-11-24 14:35:49.949 66341 INFO tempest.lib.common.rest_client [req-defdb70b-a59a-471c-91b1-332813cde87c req-defdb70b-a59a-471c-91b1-332813cde87c ] Request (ImagesTestJSON:test_create_server_from_snapshot): 200 GET http://10.180.1.21/compute/v2.1/servers/44aaaf73-885a-4229-8a11-924e5d64915c 0.065s
2025-11-24 14:35:49.981 66355 INFO tempest.lib.common.rest_client [req-dfebdcd7-8eba-4f32-8403-2acf892ed96b req-dfebdcd7-8eba-4f32-8403-2acf892ed96b ] Request (TenantUsagesTestJSON:setUpClass): 201 POST http://10.180.1.21/identity/v3/auth/tokens 0.069s
2025-11-24 14:35:49.981 66355 INFO tempest.lib.common.fixed_network [-] (TenantUsagesTestJSON:setUpClass) Found network None available for tenant
2025-11-24 14:35:49.998 66337 INFO tempest.lib.common.rest_client [req-f6dcb31d-edae-4bc2-9003-5bc319043950 req-f6dcb31d-edae-4bc2-9003-5bc319043950 ] Request (FloatingIPsAssociationTestJSON:tearDownClass): 200 GET http://10.180.1.21/compute/v2.1/servers/6aa09d81-833d-4713-85b7-6d4d878cae39 0.100s
2025-11-24 14:35:50.110 66335 INFO tempest.lib.common.rest_client [req-cbdf20d0-2714-4ffd-9ea7-ae910f49b0f7 req-cbdf20d0-2714-4ffd-9ea7-ae910f49b0f7 ] Request (ServersAdminTestJSON:tearDownClass): 200 GET http://10.180.1.21/compute/v2.1/servers/1f5735d7-44ec-4396-a494-97b7aa0e4cb5 0.062s
2025-11-24 14:35:50.179 66315 INFO tempest.lib.common.rest_client [req-1645a414-7f6e-4db2-882e-8e472aac2a7c req-1645a414-7f6e-4db2-882e-8e472aac2a7c ] Request (ServerActionsTestJSON:test_rebuild_server): 200 GET http://10.180.1.21/compute/v2.1/servers/b1d7c2ff-35a0-45b4-8209-443de4e97762 0.057s
2025-11-24 14:35:50.292 66355 INFO tempest.lib.common.rest_client [req-18e69e74-e80a-4d5c-8360-4dfe67430d8c req-18e69e74-e80a-4d5c-8360-4dfe67430d8c ] Request (TenantUsagesTestJSON:setUpClass): 202 POST http://10.180.1.21/compute/v2.1/servers 0.309s
2025-11-24 14:35:50.349 66319 INFO tempest.lib.common.rest_client [req-775840db-6787-4489-80b6-0825aabb5e7b req-775840db-6787-4489-80b6-0825aabb5e7b ] Request (ListServerFiltersTestJSON:test_list_servers_filter_by_shutoff_status): 200 GET http://10.180.1.21/compute/v2.1/servers/cdd65130-2400-4896-8b28-d87e4d3592bd 0.206s
2025-11-24 14:35:50.356 66319 INFO tempest.common.waiters [-] State transition "ACTIVE/powering-off" ==> "SHUTOFF/None" after 3 second wait
2025-11-24 14:35:50.385 66349 WARNING tempest.lib.common.ssh [-] Failed to establish authenticated ssh connection to cirros@10.180.180.229 ([Errno None] Unable to connect to port 22 on 10.180.180.229). Number attempts: 1. Retry after 2 seconds.: paramiko.ssh_exception.NoValidConnectionsError: [Errno None] Unable to connect to port 22 on 10.180.180.229
2025-11-24 14:35:50.417 66307 INFO tempest.lib.common.rest_client [req-e20e2f35-f237-49e1-82eb-31c425bfa4d6 req-e20e2f35-f237-49e1-82eb-31c425bfa4d6 ] Request (ImagesNegativeTestJSON:test_create_image_from_deleted_server): 200 GET http://10.180.1.21/compute/v2.1/servers/b27d28a9-70e3-40fc-ad79-9be40204f4f4 0.147s
2025-11-24 14:35:50.424 66327 INFO tempest.lib.common.rest_client [req-c5127778-dbb8-4065-9ef8-ffbc0bcd76c7 req-c5127778-dbb8-4065-9ef8-ffbc0bcd76c7 ] Request (MigrationsAdminTest:test_list_migrations_in_flavor_resize_situation): 200 GET http://10.180.1.21/compute/v2.1/servers/8665269f-97cf-4734-af7c-aad223e234df 0.156s
2025-11-24 14:35:50.424 66307 INFO tempest.common.waiters [-] State transition "ACTIVE/deleting" ==> "DELETED/None" after 4 second wait
2025-11-24 14:35:50.457 66355 INFO tempest.lib.common.rest_client [req-75ee83de-a3d5-4f0f-bd02-60d20764975f req-75ee83de-a3d5-4f0f-bd02-60d20764975f ] Request (TenantUsagesTestJSON:setUpClass): 200 GET http://10.180.1.21/compute/v2.1/servers/c77be28a-93cf-44b8-a71a-57da235175be 0.159s
2025-11-24 14:35:50.476 66351 INFO tempest.lib.common.rest_client [req-64cf0a27-4b30-4f91-8131-5dd2cfcd808f req-64cf0a27-4b30-4f91-8131-5dd2cfcd808f ] Request (ServerRescueNegativeTestJSON:setUpClass): 200 GET http://10.180.1.21/compute/v2.1/servers/b3ab7d76-a1fb-4666-a2e0-6e505c3116d6 0.159s
2025-11-24 14:35:50.516 66305 INFO tempest.lib.common.rest_client [req-c1f16a1f-e0cf-4d2b-b999-eb677afe8368 req-c1f16a1f-e0cf-4d2b-b999-eb677afe8368 ] Request (InstanceActionsTestJSON:tearDownClass): 200 GET http://10.180.1.21/compute/v2.1/servers/efcafb5b-0abc-41b0-a0c6-19fe2cb2c723 0.192s
2025-11-24 14:35:50.526 66319 INFO tempest.lib.common.rest_client [req-03c22533-67d5-41a2-ba80-d2ead4f9de56 req-03c22533-67d5-41a2-ba80-d2ead4f9de56 ] Request (ListServerFiltersTestJSON:test_list_servers_filter_by_shutoff_status): 200 GET http://10.180.1.21/compute/v2.1/servers?status=shutoff 0.169s
2025-11-24 14:35:50.573 66329 INFO tempest.lib.common.rest_client [req-189e864e-66a8-4e0f-8f79-dd6464b46b22 req-189e864e-66a8-4e0f-8f79-dd6464b46b22 ] Request (ServerActionsTestOtherA:test_rebuild_server_in_stop_state): 200 GET http://10.180.1.21/compute/v2.1/servers/ca4f6aed-1eea-436a-9b22-8cc1b35af9f2 0.206s
2025-11-24 14:35:50.584 66329 INFO tempest.common.waiters [-] State transition "BUILD/scheduling" ==> "BUILD/None" after 34 second wait
2025-11-24 14:35:50.597 66317 INFO tempest.lib.common.rest_client [req-6fa65bfe-8f8b-4771-8d94-7782cbfd7b7d req-6fa65bfe-8f8b-4771-8d94-7782cbfd7b7d ] Request (ServersV294TestFqdnHostnames:setUpClass): 200 GET http://10.180.1.21/compute/v2.1/servers/51ce9bb4-3c28-4d65-af53-98d2601abf64 0.207s
2025-11-24 14:35:50.651 66309 INFO tempest.lib.common.rest_client [req-eb7fde18-b384-43c1-b7aa-c4d619080751 req-eb7fde18-b384-43c1-b7aa-c4d619080751 ] Request (ImagesOneServerNegativeTestJSON:_run_cleanups): 200 GET http://10.180.1.21/compute/v2.1/servers/9e54ac6b-da1b-4edf-ae80-7b3782111d7b 0.186s
2025-11-24 14:35:50.654 66347 INFO tempest.lib.common.rest_client [req-30315fd5-ef70-47f9-b032-cfab3e51c34b req-30315fd5-ef70-47f9-b032-cfab3e51c34b ] Request (ServerActionsTestOtherB:setUpClass): 200 GET http://10.180.1.21/compute/v2.1/servers/29253bf8-816e-4e8f-baf1-c66a9e57254e 0.129s
2025-11-24 14:35:50.714 66339 INFO tempest.lib.common.rest_client [req-54ef8082-6806-40f0-860f-70fa24024b71 req-54ef8082-6806-40f0-860f-70fa24024b71 ] Request (SecurityGroupsTestJSON:test_list_security_groups_by_server): 200 GET http://10.180.1.21/compute/v2.1/servers/3513225f-2ec6-4712-b1ba-1e98357a3491 0.123s
2025-11-24 14:35:50.721 66319 INFO tempest.lib.common.rest_client [req-340f5cec-8cec-4008-b8e9-17233cd63cb2 req-340f5cec-8cec-4008-b8e9-17233cd63cb2 ] Request (ListServerFiltersTestJSON:test_list_servers_filter_by_shutoff_status): 202 POST http://10.180.1.21/compute/v2.1/servers/cdd65130-2400-4896-8b28-d87e4d3592bd/action 0.193s
2025-11-24 14:35:50.777 66343 INFO tempest.lib.common.rest_client [req-0b623476-8f83-44d6-831d-01fb946c228f req-0b623476-8f83-44d6-831d-01fb946c228f ] Request (ServersNegativeTestMultiTenantJSON:setUpClass): 200 GET http://10.180.1.21/compute/v2.1/servers/b90c6a5e-283b-4aa6-911f-2c601dc59f9b 0.061s
2025-11-24 14:35:50.777 66353 INFO tempest.lib.common.rest_client [req-3f797052-92b9-4648-ad01-d4a259fd3dcd req-3f797052-92b9-4648-ad01-d4a259fd3dcd ] Request (ServerDiskConfigTestJSON:test_resize_server_from_auto_to_manual): 200 GET http://10.180.1.21/compute/v2.1/servers/191c0463-1e14-49af-98a7-90e20cb4ec21 0.124s
2025-11-24 14:35:50.844 66359 INFO tempest.lib.common.rest_client [req-a5cabf58-a0bc-4173-acd4-c965816f7b6b req-a5cabf58-a0bc-4173-acd4-c965816f7b6b ] Request (ListServersNegativeTestJSON:setUpClass): 200 GET http://10.180.1.21/compute/v2.1/servers/6815cb06-e14d-4b3c-bbd0-1fdde6825a08 0.059s
2025-11-24 14:35:50.886 66319 INFO tempest.lib.common.rest_client [req-04d2647c-0d91-44d1-af37-a27068e6938b req-04d2647c-0d91-44d1-af37-a27068e6938b ] Request (ListServerFiltersTestJSON:test_list_servers_filter_by_shutoff_status): 200 GET http://10.180.1.21/compute/v2.1/servers/cdd65130-2400-4896-8b28-d87e4d3592bd 0.164s
2025-11-24 14:35:50.897 66331 WARNING tempest.lib.common.ssh [-] Failed to establish authenticated ssh connection to cirros@10.180.180.171 ([Errno None] Unable to connect to port 22 on 10.180.180.171). Number attempts: 2. Retry after 3 seconds.: paramiko.ssh_exception.NoValidConnectionsError: [Errno None] Unable to connect to port 22 on 10.180.180.171
2025-11-24 14:35:50.903 66313 INFO tempest.lib.common.rest_client [req-c0814323-001e-42af-b422-addd35097ab3 req-c0814323-001e-42af-b422-addd35097ab3 ] Request (ServerMetadataNegativeTestJSON:tearDownClass): 200 GET http://10.180.1.21/compute/v2.1/servers/b90f9a28-4a3e-4e45-a7df-304c7fdcb311 0.079s
2025-11-24 14:35:50.936 66323 INFO tempest.lib.common.rest_client [req-5445b8d1-38d8-480b-8483-cf73e267a80e req-5445b8d1-38d8-480b-8483-cf73e267a80e ] Request (DeleteServersTestJSON:test_delete_active_server): 200 GET http://10.180.1.21/compute/v2.1/servers/b02eff7e-76b0-4b6e-a392-e821e08b9e44 0.087s
2025-11-24 14:35:50.952 66301 INFO tempest.lib.common.rest_client [req-7d8b5486-369e-4fbd-84fd-66f77a2bf9d7 req-7d8b5486-369e-4fbd-84fd-66f77a2bf9d7 ] Request (ServersNegativeTestJSON:setUpClass): 200 GET http://10.180.1.21/compute/v2.1/servers/dcf9a6c1-1cbf-4e98-b671-aa1a31998ae5 0.092s
2025-11-24 14:35:50.982 66303 INFO tempest.lib.common.rest_client [req-10b25711-2e15-46a5-a832-3a7537221062 req-10b25711-2e15-46a5-a832-3a7537221062 ] Request (ListImageFiltersTestJSON:setUpClass): 200 GET http://10.180.1.21/compute/v2.1/servers/8e3cf4c7-ff1e-432b-9960-8e24f1218b5b 0.073s
2025-11-24 14:35:51.003 66341 INFO tempest.lib.common.rest_client [req-1ce3928d-ab87-4736-9b7e-f846e845e7e8 req-1ce3928d-ab87-4736-9b7e-f846e845e7e8 ] Request (ImagesTestJSON:test_create_server_from_snapshot): 200 GET http://10.180.1.21/compute/v2.1/servers/44aaaf73-885a-4229-8a11-924e5d64915c 0.047s
2025-11-24 14:35:51.062 66337 INFO tempest.lib.common.rest_client [req-83d33987-4d31-46e6-89be-d25b60902ce2 req-83d33987-4d31-46e6-89be-d25b60902ce2 ] Request (FloatingIPsAssociationTestJSON:tearDownClass): 200 GET http://10.180.1.21/compute/v2.1/servers/6aa09d81-833d-4713-85b7-6d4d878cae39 0.056s
2025-11-24 14:35:51.174 66335 INFO tempest.lib.common.rest_client [req-10b8e653-0789-4aef-b43c-682f08f5273f req-10b8e653-0789-4aef-b43c-682f08f5273f ] Request (ServersAdminTestJSON:tearDownClass): 200 GET http://10.180.1.21/compute/v2.1/servers/1f5735d7-44ec-4396-a494-97b7aa0e4cb5 0.056s
2025-11-24 14:35:51.248 66315 INFO tempest.lib.common.rest_client [req-cc421015-c1de-4e35-8251-bc440de1b91a req-cc421015-c1de-4e35-8251-bc440de1b91a ] Request (ServerActionsTestJSON:test_rebuild_server): 200 GET http://10.180.1.21/compute/v2.1/servers/b1d7c2ff-35a0-45b4-8209-443de4e97762 0.060s
2025-11-24 14:35:51.486 66307 INFO tempest.lib.common.rest_client [req-bcc3b3d6-0d61-488b-a0a6-d6a63900dcc5 req-bcc3b3d6-0d61-488b-a0a6-d6a63900dcc5 ] Request (ImagesNegativeTestJSON:test_create_image_from_deleted_server): 200 GET http://10.180.1.21/compute/v2.1/servers/b27d28a9-70e3-40fc-ad79-9be40204f4f4 0.060s
2025-11-24 14:35:51.526 66327 INFO tempest.lib.common.rest_client [req-3dafd22d-d009-4e70-8a03-eb1316363285 req-3dafd22d-d009-4e70-8a03-eb1316363285 ] Request (MigrationsAdminTest:test_list_migrations_in_flavor_resize_situation): 200 GET http://10.180.1.21/compute/v2.1/servers/8665269f-97cf-4734-af7c-aad223e234df 0.094s
2025-11-24 14:35:51.532 66355 INFO tempest.lib.common.rest_client [req-ea7abb05-7b58-4891-8f6c-72736f1f3737 req-ea7abb05-7b58-4891-8f6c-72736f1f3737 ] Request (TenantUsagesTestJSON:setUpClass): 200 GET http://10.180.1.21/compute/v2.1/servers/c77be28a-93cf-44b8-a71a-57da235175be 0.065s
2025-11-24 14:35:51.576 66351 INFO tempest.lib.common.rest_client [req-5c245e49-fdc4-46b0-8e03-054d4b800be6 req-5c245e49-fdc4-46b0-8e03-054d4b800be6 ] Request (ServerRescueNegativeTestJSON:setUpClass): 200 GET http://10.180.1.21/compute/v2.1/servers/b3ab7d76-a1fb-4666-a2e0-6e505c3116d6 0.091s
2025-11-24 14:35:51.587 66305 INFO tempest.lib.common.rest_client [req-562badc0-378f-4834-bd89-38e0a2370e6f req-562badc0-378f-4834-bd89-38e0a2370e6f ] Request (InstanceActionsTestJSON:tearDownClass): 200 GET http://10.180.1.21/compute/v2.1/servers/efcafb5b-0abc-41b0-a0c6-19fe2cb2c723 0.061s
2025-11-24 14:35:51.639 66329 INFO tempest.lib.common.rest_client [req-87730647-9314-4723-b85d-792d68776da8 req-87730647-9314-4723-b85d-792d68776da8 ] Request (ServerActionsTestOtherA:test_rebuild_server_in_stop_state): 200 GET http://10.180.1.21/compute/v2.1/servers/ca4f6aed-1eea-436a-9b22-8cc1b35af9f2 0.055s
2025-11-24 14:35:51.663 66317 INFO tempest.lib.common.rest_client [req-9e48acf1-5d37-475e-8c1f-dbac81a04ae3 req-9e48acf1-5d37-475e-8c1f-dbac81a04ae3 ] Request (ServersV294TestFqdnHostnames:setUpClass): 200 GET http://10.180.1.21/compute/v2.1/servers/51ce9bb4-3c28-4d65-af53-98d2601abf64 0.054s
2025-11-24 14:35:51.719 66347 INFO tempest.lib.common.rest_client [req-2409984e-8809-4f8d-8705-ec5e66c632d8 req-2409984e-8809-4f8d-8705-ec5e66c632d8 ] Request (ServerActionsTestOtherB:setUpClass): 200 GET http://10.180.1.21/compute/v2.1/servers/29253bf8-816e-4e8f-baf1-c66a9e57254e 0.056s
2025-11-24 14:35:51.721 66309 INFO tempest.lib.common.rest_client [req-728a2ed1-4d0d-4a14-921a-ede2fa849e82 req-728a2ed1-4d0d-4a14-921a-ede2fa849e82 ] Request (ImagesOneServerNegativeTestJSON:_run_cleanups): 200 GET http://10.180.1.21/compute/v2.1/servers/9e54ac6b-da1b-4edf-ae80-7b3782111d7b 0.062s
2025-11-24 14:35:51.778 66339 INFO tempest.lib.common.rest_client [req-71607723-3704-4a4d-a51e-362d028d1ab8 req-71607723-3704-4a4d-a51e-362d028d1ab8 ] Request (SecurityGroupsTestJSON:test_list_security_groups_by_server): 200 GET http://10.180.1.21/compute/v2.1/servers/3513225f-2ec6-4712-b1ba-1e98357a3491 0.054s
2025-11-24 14:35:51.836 66343 INFO tempest.lib.common.rest_client [req-fcbdf205-45ec-4136-a6a4-22ce5a1ca669 req-fcbdf205-45ec-4136-a6a4-22ce5a1ca669 ] Request (ServersNegativeTestMultiTenantJSON:setUpClass): 200 GET http://10.180.1.21/compute/v2.1/servers/b90c6a5e-283b-4aa6-911f-2c601dc59f9b 0.049s
2025-11-24 14:35:51.838 66353 INFO tempest.lib.common.rest_client [req-6e9c4b00-38e8-4b96-b5a2-948ca4f6d7d7 req-6e9c4b00-38e8-4b96-b5a2-948ca4f6d7d7 ] Request (ServerDiskConfigTestJSON:test_resize_server_from_auto_to_manual): 200 GET http://10.180.1.21/compute/v2.1/servers/191c0463-1e14-49af-98a7-90e20cb4ec21 0.052s
2025-11-24 14:35:51.905 66359 INFO tempest.lib.common.rest_client [req-d50b6e5d-e3c3-449d-91e2-f90f48ba2a6d req-d50b6e5d-e3c3-449d-91e2-f90f48ba2a6d ] Request (ListServersNegativeTestJSON:setUpClass): 200 GET http://10.180.1.21/compute/v2.1/servers/6815cb06-e14d-4b3c-bbd0-1fdde6825a08 0.051s
2025-11-24 14:35:51.971 66313 INFO tempest.lib.common.rest_client [req-c782fb7e-d41e-49ac-9cd0-c6c30fecb2ba req-c782fb7e-d41e-49ac-9cd0-c6c30fecb2ba ] Request (ServerMetadataNegativeTestJSON:tearDownClass): 200 GET http://10.180.1.21/compute/v2.1/servers/b90f9a28-4a3e-4e45-a7df-304c7fdcb311 0.058s
2025-11-24 14:35:51.992 66319 INFO tempest.lib.common.rest_client [req-82dcca18-8312-49c3-b8c0-0c2a85302f86 req-82dcca18-8312-49c3-b8c0-0c2a85302f86 ] Request (ListServerFiltersTestJSON:test_list_servers_filter_by_shutoff_status): 200 GET http://10.180.1.21/compute/v2.1/servers/cdd65130-2400-4896-8b28-d87e4d3592bd 0.097s
2025-11-24 14:35:52.026 66323 INFO tempest.lib.common.rest_client [req-60aa2370-2ec3-49eb-ae17-abf6b1575139 req-60aa2370-2ec3-49eb-ae17-abf6b1575139 ] Request (DeleteServersTestJSON:test_delete_active_server): 200 GET http://10.180.1.21/compute/v2.1/servers/b02eff7e-76b0-4b6e-a392-e821e08b9e44 0.082s
2025-11-24 14:35:52.042 66301 INFO tempest.lib.common.rest_client [req-21be4227-3e11-48c9-802d-ddd9f56cfd38 req-21be4227-3e11-48c9-802d-ddd9f56cfd38 ] Request (ServersNegativeTestJSON:setUpClass): 200 GET http://10.180.1.21/compute/v2.1/servers/dcf9a6c1-1cbf-4e98-b671-aa1a31998ae5 0.082s
2025-11-24 14:35:52.048 66311 WARNING tempest.lib.common.ssh [-] Failed to establish authenticated ssh connection to cirros@10.180.180.227 ([Errno None] Unable to connect to port 22 on 10.180.180.227). Number attempts: 10. Retry after 11 seconds.: paramiko.ssh_exception.NoValidConnectionsError: [Errno None] Unable to connect to port 22 on 10.180.180.227
2025-11-24 14:35:52.074 66303 INFO tempest.lib.common.rest_client [req-404bc0c1-806f-4cda-bed9-35bb22dc2f8f req-404bc0c1-806f-4cda-bed9-35bb22dc2f8f ] Request (ListImageFiltersTestJSON:setUpClass): 200 GET http://10.180.1.21/compute/v2.1/servers/8e3cf4c7-ff1e-432b-9960-8e24f1218b5b 0.084s
2025-11-24 14:35:52.091 66341 INFO tempest.lib.common.rest_client [req-b2ee9fc2-62f2-4f74-af12-a57dd81ca992 req-b2ee9fc2-62f2-4f74-af12-a57dd81ca992 ] Request (ImagesTestJSON:test_create_server_from_snapshot): 200 GET http://10.180.1.21/compute/v2.1/servers/44aaaf73-885a-4229-8a11-924e5d64915c 0.081s
2025-11-24 14:35:52.124 66337 INFO tempest.lib.common.rest_client [req-ff96a46a-bbec-4b8c-aad5-c51ae3152bf9 req-ff96a46a-bbec-4b8c-aad5-c51ae3152bf9 ] Request (FloatingIPsAssociationTestJSON:tearDownClass): 200 GET http://10.180.1.21/compute/v2.1/servers/6aa09d81-833d-4713-85b7-6d4d878cae39 0.054s
2025-11-24 14:35:52.239 66335 INFO tempest.lib.common.rest_client [req-de3e2518-2690-45dc-ba3d-66996e53bd1f req-de3e2518-2690-45dc-ba3d-66996e53bd1f ] Request (ServersAdminTestJSON:tearDownClass): 200 GET http://10.180.1.21/compute/v2.1/servers/1f5735d7-44ec-4396-a494-97b7aa0e4cb5 0.057s
2025-11-24 14:35:52.302 66315 INFO tempest.lib.common.rest_client [req-314fec64-92c8-4aae-9e53-50a63a19b2ac req-314fec64-92c8-4aae-9e53-50a63a19b2ac ] Request (ServerActionsTestJSON:test_rebuild_server): 200 GET http://10.180.1.21/compute/v2.1/servers/b1d7c2ff-35a0-45b4-8209-443de4e97762 0.046s
2025-11-24 14:35:52.555 66307 INFO tempest.lib.common.rest_client [req-892fdf05-816d-413d-aa3d-ff154d91dc0e req-892fdf05-816d-413d-aa3d-ff154d91dc0e ] Request (ImagesNegativeTestJSON:test_create_image_from_deleted_server): 200 GET http://10.180.1.21/compute/v2.1/servers/b27d28a9-70e3-40fc-ad79-9be40204f4f4 0.061s
2025-11-24 14:35:52.628 66355 INFO tempest.lib.common.rest_client [req-11dfc869-4381-445b-b623-39a05c1dbab1 req-11dfc869-4381-445b-b623-39a05c1dbab1 ] Request (TenantUsagesTestJSON:setUpClass): 200 GET http://10.180.1.21/compute/v2.1/servers/c77be28a-93cf-44b8-a71a-57da235175be 0.088s
2025-11-24 14:35:52.660 66327 INFO tempest.lib.common.rest_client [req-183ef34e-ea10-4413-934e-067feb00bd25 req-183ef34e-ea10-4413-934e-067feb00bd25 ] Request (MigrationsAdminTest:test_list_migrations_in_flavor_resize_situation): 200 GET http://10.180.1.21/compute/v2.1/servers/8665269f-97cf-4734-af7c-aad223e234df 0.126s
2025-11-24 14:35:52.688 66351 INFO tempest.lib.common.rest_client [req-def39382-6410-4897-a3da-b667404f4b78 req-def39382-6410-4897-a3da-b667404f4b78 ] Request (ServerRescueNegativeTestJSON:setUpClass): 200 GET http://10.180.1.21/compute/v2.1/servers/b3ab7d76-a1fb-4666-a2e0-6e505c3116d6 0.104s
2025-11-24 14:35:52.726 66305 INFO tempest.lib.common.rest_client [req-0bbf6110-ccad-41ce-9861-ea2caaf04076 req-0bbf6110-ccad-41ce-9861-ea2caaf04076 ] Request (InstanceActionsTestJSON:tearDownClass): 200 GET http://10.180.1.21/compute/v2.1/servers/efcafb5b-0abc-41b0-a0c6-19fe2cb2c723 0.131s
2025-11-24 14:35:52.749 66329 INFO tempest.lib.common.rest_client [req-c553f728-3eb0-44eb-a6ba-036aa085298b req-c553f728-3eb0-44eb-a6ba-036aa085298b ] Request (ServerActionsTestOtherA:test_rebuild_server_in_stop_state): 200 GET http://10.180.1.21/compute/v2.1/servers/ca4f6aed-1eea-436a-9b22-8cc1b35af9f2 0.101s
2025-11-24 14:35:52.790 66317 INFO tempest.lib.common.rest_client [req-6bd91915-0210-453b-8cd2-0a4da8215a9e req-6bd91915-0210-453b-8cd2-0a4da8215a9e ] Request (ServersV294TestFqdnHostnames:setUpClass): 200 GET http://10.180.1.21/compute/v2.1/servers/51ce9bb4-3c28-4d65-af53-98d2601abf64 0.116s
2025-11-24 14:35:52.801 66347 INFO tempest.lib.common.rest_client [req-58366fff-30f7-42bb-8dec-9761342e2532 req-58366fff-30f7-42bb-8dec-9761342e2532 ] Request (ServerActionsTestOtherB:setUpClass): 200 GET http://10.180.1.21/compute/v2.1/servers/29253bf8-816e-4e8f-baf1-c66a9e57254e 0.075s
2025-11-24 14:35:52.850 66309 INFO tempest.lib.common.rest_client [req-bcdaf3d1-2276-48ac-b187-b067e361d2e5 req-bcdaf3d1-2276-48ac-b187-b067e361d2e5 ] Request (ImagesOneServerNegativeTestJSON:_run_cleanups): 200 GET http://10.180.1.21/compute/v2.1/servers/9e54ac6b-da1b-4edf-ae80-7b3782111d7b 0.121s
2025-11-24 14:35:52.865 66339 INFO tempest.lib.common.rest_client [req-209c312c-dc87-4fe3-9c80-ef7b5d4cff05 req-209c312c-dc87-4fe3-9c80-ef7b5d4cff05 ] Request (SecurityGroupsTestJSON:test_list_security_groups_by_server): 200 GET http://10.180.1.21/compute/v2.1/servers/3513225f-2ec6-4712-b1ba-1e98357a3491 0.079s
2025-11-24 14:35:52.901 66343 INFO tempest.lib.common.rest_client [req-a88a059a-0b16-4559-9daf-5d984c67fa18 req-a88a059a-0b16-4559-9daf-5d984c67fa18 ] Request (ServersNegativeTestMultiTenantJSON:setUpClass): 200 GET http://10.180.1.21/compute/v2.1/servers/b90c6a5e-283b-4aa6-911f-2c601dc59f9b 0.058s
2025-11-24 14:35:52.920 66353 INFO tempest.lib.common.rest_client [req-8f4af3eb-e182-49e2-a835-23feea0ea629 req-8f4af3eb-e182-49e2-a835-23feea0ea629 ] Request (ServerDiskConfigTestJSON:test_resize_server_from_auto_to_manual): 200 GET http://10.180.1.21/compute/v2.1/servers/191c0463-1e14-49af-98a7-90e20cb4ec21 0.073s
2025-11-24 14:35:52.963 66359 INFO tempest.lib.common.rest_client [req-84ae1fc2-1176-41d4-81ee-f4c58d4b3e14 req-84ae1fc2-1176-41d4-81ee-f4c58d4b3e14 ] Request (ListServersNegativeTestJSON:setUpClass): 200 GET http://10.180.1.21/compute/v2.1/servers/6815cb06-e14d-4b3c-bbd0-1fdde6825a08 0.050s
2025-11-24 14:35:53.036 66313 INFO tempest.lib.common.rest_client [req-888bde69-5eac-4a10-a284-80c6656de0ce req-888bde69-5eac-4a10-a284-80c6656de0ce ] Request (ServerMetadataNegativeTestJSON:tearDownClass): 200 GET http://10.180.1.21/compute/v2.1/servers/b90f9a28-4a3e-4e45-a7df-304c7fdcb311 0.057s
2025-11-24 14:35:53.083 66323 INFO tempest.lib.common.rest_client [req-5f8382a8-8d84-4633-b8d9-031b96b80e17 req-5f8382a8-8d84-4633-b8d9-031b96b80e17 ] Request (DeleteServersTestJSON:test_delete_active_server): 200 GET http://10.180.1.21/compute/v2.1/servers/b02eff7e-76b0-4b6e-a392-e821e08b9e44 0.049s
2025-11-24 14:35:53.096 66319 INFO tempest.lib.common.rest_client [req-6502f1b0-4385-4733-bc0a-458f4735abfe req-6502f1b0-4385-4733-bc0a-458f4735abfe ] Request (ListServerFiltersTestJSON:test_list_servers_filter_by_shutoff_status): 200 GET http://10.180.1.21/compute/v2.1/servers/cdd65130-2400-4896-8b28-d87e4d3592bd 0.093s
2025-11-24 14:35:53.131 66301 INFO tempest.lib.common.rest_client [req-df06849e-d9c2-482e-928c-e01f4c92dc88 req-df06849e-d9c2-482e-928c-e01f4c92dc88 ] Request (ServersNegativeTestJSON:setUpClass): 200 GET http://10.180.1.21/compute/v2.1/servers/dcf9a6c1-1cbf-4e98-b671-aa1a31998ae5 0.081s
2025-11-24 14:35:53.145 66303 INFO tempest.lib.common.rest_client [req-35fd5ed7-f581-4e39-b64f-2c8e62555b95 req-35fd5ed7-f581-4e39-b64f-2c8e62555b95 ] Request (ListImageFiltersTestJSON:setUpClass): 200 GET http://10.180.1.21/compute/v2.1/servers/8e3cf4c7-ff1e-432b-9960-8e24f1218b5b 0.063s
2025-11-24 14:35:53.181 66341 INFO tempest.lib.common.rest_client [req-1ce9a7a1-7707-4fbc-ac17-08e8722a0283 req-1ce9a7a1-7707-4fbc-ac17-08e8722a0283 ] Request (ImagesTestJSON:test_create_server_from_snapshot): 200 GET http://10.180.1.21/compute/v2.1/servers/44aaaf73-885a-4229-8a11-924e5d64915c 0.082s
2025-11-24 14:35:53.200 66337 INFO tempest.lib.common.rest_client [req-32dc9999-8dc3-482d-922f-b9775807a7b7 req-32dc9999-8dc3-482d-922f-b9775807a7b7 ] Request (FloatingIPsAssociationTestJSON:tearDownClass): 200 GET http://10.180.1.21/compute/v2.1/servers/6aa09d81-833d-4713-85b7-6d4d878cae39 0.069s
2025-11-24 14:35:53.300 66335 INFO tempest.lib.common.rest_client [req-55fa6514-484d-4500-ba1c-a3eff3241b73 req-55fa6514-484d-4500-ba1c-a3eff3241b73 ] Request (ServersAdminTestJSON:tearDownClass): 200 GET http://10.180.1.21/compute/v2.1/servers/1f5735d7-44ec-4396-a494-97b7aa0e4cb5 0.053s
2025-11-24 14:35:53.357 66315 INFO tempest.lib.common.rest_client [req-fbb1863b-30e3-425a-93e9-2ea1111cb4e5 req-fbb1863b-30e3-425a-93e9-2ea1111cb4e5 ] Request (ServerActionsTestJSON:test_rebuild_server): 200 GET http://10.180.1.21/compute/v2.1/servers/b1d7c2ff-35a0-45b4-8209-443de4e97762 0.047s
2025-11-24 14:35:53.456 66349 WARNING tempest.lib.common.ssh [-] Failed to establish authenticated ssh connection to cirros@10.180.180.229 ([Errno None] Unable to connect to port 22 on 10.180.180.229). Number attempts: 2. Retry after 3 seconds.: paramiko.ssh_exception.NoValidConnectionsError: [Errno None] Unable to connect to port 22 on 10.180.180.229
2025-11-24 14:35:53.630 66307 INFO tempest.lib.common.rest_client [req-b0ca7f8c-5e21-4445-a825-44f0a82eb13d req-b0ca7f8c-5e21-4445-a825-44f0a82eb13d ] Request (ImagesNegativeTestJSON:test_create_image_from_deleted_server): 200 GET http://10.180.1.21/compute/v2.1/servers/b27d28a9-70e3-40fc-ad79-9be40204f4f4 0.066s
2025-11-24 14:35:53.688 66355 INFO tempest.lib.common.rest_client [req-18b6a6fc-8fd0-4589-b4e6-0378d2423b4d req-18b6a6fc-8fd0-4589-b4e6-0378d2423b4d ] Request (TenantUsagesTestJSON:setUpClass): 200 GET http://10.180.1.21/compute/v2.1/servers/c77be28a-93cf-44b8-a71a-57da235175be 0.052s
2025-11-24 14:35:53.749 66351 INFO tempest.lib.common.rest_client [req-1ed98c18-4678-4216-9be7-6b0c7b903faf req-1ed98c18-4678-4216-9be7-6b0c7b903faf ] Request (ServerRescueNegativeTestJSON:setUpClass): 200 GET http://10.180.1.21/compute/v2.1/servers/b3ab7d76-a1fb-4666-a2e0-6e505c3116d6 0.053s
2025-11-24 14:35:53.803 66305 INFO tempest.lib.common.rest_client [req-00e12ad0-b3dd-4d42-b90e-62e5125157f7 req-00e12ad0-b3dd-4d42-b90e-62e5125157f7 ] Request (InstanceActionsTestJSON:tearDownClass): 200 GET http://10.180.1.21/compute/v2.1/servers/efcafb5b-0abc-41b0-a0c6-19fe2cb2c723 0.069s
2025-11-24 14:35:53.807 66327 INFO tempest.lib.common.rest_client [req-9a054b14-c752-4ce4-aa70-f3aa2cb64afa req-9a054b14-c752-4ce4-aa70-f3aa2cb64afa ] Request (MigrationsAdminTest:test_list_migrations_in_flavor_resize_situation): 200 GET http://10.180.1.21/compute/v2.1/servers/8665269f-97cf-4734-af7c-aad223e234df 0.136s
2025-11-24 14:35:53.850 66329 INFO tempest.lib.common.rest_client [req-7e0ca41a-33b2-47b2-9b62-d170a96e8cf3 req-7e0ca41a-33b2-47b2-9b62-d170a96e8cf3 ] Request (ServerActionsTestOtherA:test_rebuild_server_in_stop_state): 200 GET http://10.180.1.21/compute/v2.1/servers/ca4f6aed-1eea-436a-9b22-8cc1b35af9f2 0.093s
2025-11-24 14:35:53.854 66317 INFO tempest.lib.common.rest_client [req-e1195870-00ba-4625-a053-e46ac2261580 req-e1195870-00ba-4625-a053-e46ac2261580 ] Request (ServersV294TestFqdnHostnames:setUpClass): 200 GET http://10.180.1.21/compute/v2.1/servers/51ce9bb4-3c28-4d65-af53-98d2601abf64 0.052s
2025-11-24 14:35:53.895 66347 INFO tempest.lib.common.rest_client [req-d7a7d26d-d515-4900-9633-1ec76a06b804 req-d7a7d26d-d515-4900-9633-1ec76a06b804 ] Request (ServerActionsTestOtherB:setUpClass): 200 GET http://10.180.1.21/compute/v2.1/servers/29253bf8-816e-4e8f-baf1-c66a9e57254e 0.085s
2025-11-24 14:35:53.911 66309 INFO tempest.lib.common.rest_client [req-d62e61a9-c50b-40a6-87d3-7e56bde92fcc req-d62e61a9-c50b-40a6-87d3-7e56bde92fcc ] Request (ImagesOneServerNegativeTestJSON:_run_cleanups): 200 GET http://10.180.1.21/compute/v2.1/servers/9e54ac6b-da1b-4edf-ae80-7b3782111d7b 0.053s
2025-11-24 14:35:53.944 66339 INFO tempest.lib.common.rest_client [req-d76aa591-88d3-40fe-ad96-392e265c78d4 req-d76aa591-88d3-40fe-ad96-392e265c78d4 ] Request (SecurityGroupsTestJSON:test_list_security_groups_by_server): 200 GET http://10.180.1.21/compute/v2.1/servers/3513225f-2ec6-4712-b1ba-1e98357a3491 0.071s
2025-11-24 14:35:53.962 66343 INFO tempest.lib.common.rest_client [req-6b3f17d4-0a00-45c8-b959-d9c059afee96 req-6b3f17d4-0a00-45c8-b959-d9c059afee96 ] Request (ServersNegativeTestMultiTenantJSON:setUpClass): 200 GET http://10.180.1.21/compute/v2.1/servers/b90c6a5e-283b-4aa6-911f-2c601dc59f9b 0.053s
2025-11-24 14:35:53.992 66353 INFO tempest.lib.common.rest_client [req-9f5c19bb-c163-4f40-bcc8-536a1f8f2e29 req-9f5c19bb-c163-4f40-bcc8-536a1f8f2e29 ] Request (ServerDiskConfigTestJSON:test_resize_server_from_auto_to_manual): 200 GET http://10.180.1.21/compute/v2.1/servers/191c0463-1e14-49af-98a7-90e20cb4ec21 0.064s
2025-11-24 14:35:54.019 66359 INFO tempest.lib.common.rest_client [req-0f2c0767-f3ac-42ec-93b4-19aa832e6729 req-0f2c0767-f3ac-42ec-93b4-19aa832e6729 ] Request (ListServersNegativeTestJSON:setUpClass): 200 GET http://10.180.1.21/compute/v2.1/servers/6815cb06-e14d-4b3c-bbd0-1fdde6825a08 0.048s
2025-11-24 14:35:54.100 66313 INFO tempest.lib.common.rest_client [req-31e6a09d-9212-4e16-8682-be79bff6ddd1 req-31e6a09d-9212-4e16-8682-be79bff6ddd1 ] Request (ServerMetadataNegativeTestJSON:tearDownClass): 200 GET http://10.180.1.21/compute/v2.1/servers/b90f9a28-4a3e-4e45-a7df-304c7fdcb311 0.056s
2025-11-24 14:35:54.144 66323 INFO tempest.lib.common.rest_client [req-cf9969db-f0db-4ebd-a240-6e2895f81bae req-cf9969db-f0db-4ebd-a240-6e2895f81bae ] Request (DeleteServersTestJSON:test_delete_active_server): 200 GET http://10.180.1.21/compute/v2.1/servers/b02eff7e-76b0-4b6e-a392-e821e08b9e44 0.053s
2025-11-24 14:35:54.196 66301 INFO tempest.lib.common.rest_client [req-ff30508b-4f50-4045-b2a5-2add59c0cbf9 req-ff30508b-4f50-4045-b2a5-2add59c0cbf9 ] Request (ServersNegativeTestJSON:setUpClass): 200 GET http://10.180.1.21/compute/v2.1/servers/dcf9a6c1-1cbf-4e98-b671-aa1a31998ae5 0.057s
2025-11-24 14:35:54.231 66319 INFO tempest.lib.common.rest_client [req-043e5c99-6037-4da3-908a-8e3dc47fb29f req-043e5c99-6037-4da3-908a-8e3dc47fb29f ] Request (ListServerFiltersTestJSON:test_list_servers_filter_by_shutoff_status): 200 GET http://10.180.1.21/compute/v2.1/servers/cdd65130-2400-4896-8b28-d87e4d3592bd 0.126s
2025-11-24 14:35:54.245 66303 INFO tempest.lib.common.rest_client [req-806ae894-6bf7-4343-a326-0d4cc4cdf68f req-806ae894-6bf7-4343-a326-0d4cc4cdf68f ] Request (ListImageFiltersTestJSON:setUpClass): 200 GET http://10.180.1.21/compute/v2.1/servers/8e3cf4c7-ff1e-432b-9960-8e24f1218b5b 0.092s
2025-11-24 14:35:54.280 66341 INFO tempest.lib.common.rest_client [req-5a19c958-bd88-4f31-b631-a295c2d95cf0 req-5a19c958-bd88-4f31-b631-a295c2d95cf0 ] Request (ImagesTestJSON:test_create_server_from_snapshot): 200 GET http://10.180.1.21/compute/v2.1/servers/44aaaf73-885a-4229-8a11-924e5d64915c 0.091s
2025-11-24 14:35:54.296 66337 INFO tempest.lib.common.rest_client [req-8e10f46e-d5b9-4d89-8318-800f3eb98c87 req-8e10f46e-d5b9-4d89-8318-800f3eb98c87 ] Request (FloatingIPsAssociationTestJSON:tearDownClass): 200 GET http://10.180.1.21/compute/v2.1/servers/6aa09d81-833d-4713-85b7-6d4d878cae39 0.088s
2025-11-24 14:35:54.370 66335 INFO tempest.lib.common.rest_client [req-ece92543-82e9-44d3-8c87-88a092898b40 req-ece92543-82e9-44d3-8c87-88a092898b40 ] Request (ServersAdminTestJSON:tearDownClass): 200 GET http://10.180.1.21/compute/v2.1/servers/1f5735d7-44ec-4396-a494-97b7aa0e4cb5 0.062s
2025-11-24 14:35:54.419 66315 INFO tempest.lib.common.rest_client [req-5a700b90-c89a-486d-a2b8-2e144d886b8e req-5a700b90-c89a-486d-a2b8-2e144d886b8e ] Request (ServerActionsTestJSON:test_rebuild_server): 200 GET http://10.180.1.21/compute/v2.1/servers/b1d7c2ff-35a0-45b4-8209-443de4e97762 0.055s
2025-11-24 14:35:54.710 66307 INFO tempest.lib.common.rest_client [req-d35e2bfb-43e4-49f4-a9a2-626f7c2935ad req-d35e2bfb-43e4-49f4-a9a2-626f7c2935ad ] Request (ImagesNegativeTestJSON:test_create_image_from_deleted_server): 200 GET http://10.180.1.21/compute/v2.1/servers/b27d28a9-70e3-40fc-ad79-9be40204f4f4 0.072s
2025-11-24 14:35:54.756 66355 INFO tempest.lib.common.rest_client [req-4d760dec-f91b-47fd-8bbf-4b23ecc0ca43 req-4d760dec-f91b-47fd-8bbf-4b23ecc0ca43 ] Request (TenantUsagesTestJSON:setUpClass): 200 GET http://10.180.1.21/compute/v2.1/servers/c77be28a-93cf-44b8-a71a-57da235175be 0.055s
2025-11-24 14:35:54.811 66351 INFO tempest.lib.common.rest_client [req-3d709274-81ef-4ef1-bac6-7c7bac83eb9d req-3d709274-81ef-4ef1-bac6-7c7bac83eb9d ] Request (ServerRescueNegativeTestJSON:setUpClass): 200 GET http://10.180.1.21/compute/v2.1/servers/b3ab7d76-a1fb-4666-a2e0-6e505c3116d6 0.054s
2025-11-24 14:35:54.875 66305 INFO tempest.lib.common.rest_client [req-5f3c685b-c8c9-41db-8dff-147b00c65f20 req-5f3c685b-c8c9-41db-8dff-147b00c65f20 ] Request (InstanceActionsTestJSON:tearDownClass): 200 GET http://10.180.1.21/compute/v2.1/servers/efcafb5b-0abc-41b0-a0c6-19fe2cb2c723 0.064s
2025-11-24 14:35:54.924 66327 INFO tempest.lib.common.rest_client [req-1c7a6c7f-c9ec-451e-a0da-a574e9ce5e26 req-1c7a6c7f-c9ec-451e-a0da-a574e9ce5e26 ] Request (MigrationsAdminTest:test_list_migrations_in_flavor_resize_situation): 200 GET http://10.180.1.21/compute/v2.1/servers/8665269f-97cf-4734-af7c-aad223e234df 0.109s
2025-11-24 14:35:54.931 66329 INFO tempest.lib.common.rest_client [req-7a925c9d-6f2b-4888-8647-2dbb3b43b71a req-7a925c9d-6f2b-4888-8647-2dbb3b43b71a ] Request (ServerActionsTestOtherA:test_rebuild_server_in_stop_state): 200 GET http://10.180.1.21/compute/v2.1/servers/ca4f6aed-1eea-436a-9b22-8cc1b35af9f2 0.074s
2025-11-24 14:35:54.984 66347 INFO tempest.lib.common.rest_client [req-5dcc9a67-baa9-4244-b7f9-c91400f2fbab req-5dcc9a67-baa9-4244-b7f9-c91400f2fbab ] Request (ServerActionsTestOtherB:setUpClass): 200 GET http://10.180.1.21/compute/v2.1/servers/29253bf8-816e-4e8f-baf1-c66a9e57254e 0.081s
2025-11-24 14:35:54.992 66317 INFO tempest.lib.common.rest_client [req-f0e18bb0-086e-43af-82b7-abd3ed9efabe req-f0e18bb0-086e-43af-82b7-abd3ed9efabe ] Request (ServersV294TestFqdnHostnames:setUpClass): 200 GET http://10.180.1.21/compute/v2.1/servers/51ce9bb4-3c28-4d65-af53-98d2601abf64 0.127s
2025-11-24 14:35:55.040 66339 INFO tempest.lib.common.rest_client [req-79ce3e0d-dbef-4ef5-b650-160e624cfe3f req-79ce3e0d-dbef-4ef5-b650-160e624cfe3f ] Request (SecurityGroupsTestJSON:test_list_security_groups_by_server): 200 GET http://10.180.1.21/compute/v2.1/servers/3513225f-2ec6-4712-b1ba-1e98357a3491 0.088s
2025-11-24 14:35:55.048 66309 INFO tempest.lib.common.rest_client [req-58b86746-b0d2-4386-a1b0-bdb4a190ed98 req-58b86746-b0d2-4386-a1b0-bdb4a190ed98 ] Request (ImagesOneServerNegativeTestJSON:_run_cleanups): 200 GET http://10.180.1.21/compute/v2.1/servers/9e54ac6b-da1b-4edf-ae80-7b3782111d7b 0.129s
2025-11-24 14:35:55.091 66343 INFO tempest.lib.common.rest_client [req-62ab9272-3887-46b9-ba71-f6b9f660dec6 req-62ab9272-3887-46b9-ba71-f6b9f660dec6 ] Request (ServersNegativeTestMultiTenantJSON:setUpClass): 200 GET http://10.180.1.21/compute/v2.1/servers/b90c6a5e-283b-4aa6-911f-2c601dc59f9b 0.120s
2025-11-24 14:35:55.098 66353 INFO tempest.lib.common.rest_client [req-e6f26cd2-220c-40b9-90f5-77bd24f51942 req-e6f26cd2-220c-40b9-90f5-77bd24f51942 ] Request (ServerDiskConfigTestJSON:test_resize_server_from_auto_to_manual): 200 GET http://10.180.1.21/compute/v2.1/servers/191c0463-1e14-49af-98a7-90e20cb4ec21 0.099s
2025-11-24 14:35:55.139 66359 INFO tempest.lib.common.rest_client [req-2f540ddd-d332-42d3-8a54-6fd18e7584ed req-2f540ddd-d332-42d3-8a54-6fd18e7584ed ] Request (ListServersNegativeTestJSON:setUpClass): 200 GET http://10.180.1.21/compute/v2.1/servers/6815cb06-e14d-4b3c-bbd0-1fdde6825a08 0.112s
2025-11-24 14:35:55.165 66313 INFO tempest.lib.common.rest_client [req-538abfd7-3530-45b6-b7d0-204728b3c8c8 req-538abfd7-3530-45b6-b7d0-204728b3c8c8 ] Request (ServerMetadataNegativeTestJSON:tearDownClass): 200 GET http://10.180.1.21/compute/v2.1/servers/b90f9a28-4a3e-4e45-a7df-304c7fdcb311 0.057s
2025-11-24 14:35:55.203 66323 INFO tempest.lib.common.rest_client [req-087eb58d-6488-4d34-a400-98bcfb2043c6 req-087eb58d-6488-4d34-a400-98bcfb2043c6 ] Request (DeleteServersTestJSON:test_delete_active_server): 200 GET http://10.180.1.21/compute/v2.1/servers/b02eff7e-76b0-4b6e-a392-e821e08b9e44 0.051s
2025-11-24 14:35:55.258 66301 INFO tempest.lib.common.rest_client [req-5e597a71-3aee-41d7-a081-4b9ae0e18790 req-5e597a71-3aee-41d7-a081-4b9ae0e18790 ] Request (ServersNegativeTestJSON:setUpClass): 200 GET http://10.180.1.21/compute/v2.1/servers/dcf9a6c1-1cbf-4e98-b671-aa1a31998ae5 0.055s
2025-11-24 14:35:55.306 66303 INFO tempest.lib.common.rest_client [req-5442c250-d871-4862-8581-0d5dd669370b req-5442c250-d871-4862-8581-0d5dd669370b ] Request (ListImageFiltersTestJSON:setUpClass): 200 GET http://10.180.1.21/compute/v2.1/servers/8e3cf4c7-ff1e-432b-9960-8e24f1218b5b 0.053s
2025-11-24 14:35:55.328 66319 INFO tempest.lib.common.rest_client [req-5b4c492c-0238-486a-b808-60de2272fa0f req-5b4c492c-0238-486a-b808-60de2272fa0f ] Request (ListServerFiltersTestJSON:test_list_servers_filter_by_shutoff_status): 200 GET http://10.180.1.21/compute/v2.1/servers/cdd65130-2400-4896-8b28-d87e4d3592bd 0.089s
2025-11-24 14:35:55.335 66319 INFO tempest.common.waiters [-] State transition "SHUTOFF/powering-on" ==> "ACTIVE/None" after 5 second wait
2025-11-24 14:35:55.346 66337 INFO tempest.lib.common.rest_client [req-1af6b979-13b3-4d55-ba69-13795855d10a req-1af6b979-13b3-4d55-ba69-13795855d10a ] Request (FloatingIPsAssociationTestJSON:tearDownClass): 404 GET http://10.180.1.21/compute/v2.1/servers/6aa09d81-833d-4713-85b7-6d4d878cae39 0.042s
2025-11-24 14:35:55.353 66341 INFO tempest.lib.common.rest_client [req-5c13fd6e-55ad-4a4e-b4f9-c0c1e217261e req-5c13fd6e-55ad-4a4e-b4f9-c0c1e217261e ] Request (ImagesTestJSON:test_create_server_from_snapshot): 200 GET http://10.180.1.21/compute/v2.1/servers/44aaaf73-885a-4229-8a11-924e5d64915c 0.065s
2025-11-24 14:35:55.354 66319 INFO tempest.lib.common.rest_client [req-d36b3701-1eb9-48a2-931b-acfbaea1be3d req-d36b3701-1eb9-48a2-931b-acfbaea1be3d ] Request (ListServerFiltersTestJSON:test_list_servers_filter_by_zero_limit): 200 GET http://10.180.1.21/compute/v2.1/servers?limit=0 0.018s
2025-11-24 14:35:55.450 66319 INFO tempest.lib.common.rest_client [req-3def5028-b8c1-4eff-b045-ed9b14296be1 req-3def5028-b8c1-4eff-b045-ed9b14296be1 ] Request (ListServerFiltersTestJSON:test_list_servers_filtered_by_ip): 200 GET http://10.180.1.21/compute/v2.1/servers/cdd65130-2400-4896-8b28-d87e4d3592bd 0.092s
2025-11-24 14:35:55.503 66335 INFO tempest.lib.common.rest_client [req-6fe51f1f-75b9-40ac-9ae5-d35a533118af req-6fe51f1f-75b9-40ac-9ae5-d35a533118af ] Request (ServersAdminTestJSON:tearDownClass): 200 GET http://10.180.1.21/compute/v2.1/servers/1f5735d7-44ec-4396-a494-97b7aa0e4cb5 0.121s
2025-11-24 14:35:55.562 66315 INFO tempest.lib.common.rest_client [req-78d68d0d-0b63-4df8-8b82-663d9f850954 req-78d68d0d-0b63-4df8-8b82-663d9f850954 ] Request (ServerActionsTestJSON:test_rebuild_server): 200 GET http://10.180.1.21/compute/v2.1/servers/b1d7c2ff-35a0-45b4-8209-443de4e97762 0.133s
2025-11-24 14:35:55.712 66319 INFO tempest.lib.common.rest_client [req-2c969500-1f19-4903-8faf-054882faf040 req-2c969500-1f19-4903-8faf-054882faf040 ] Request (ListServerFiltersTestJSON:test_list_servers_filtered_by_ip): 200 GET http://10.180.1.21/compute/v2.1/servers/9505d4c0-3b4b-47d6-9d51-6af496104df4 0.252s
2025-11-24 14:35:55.720 66337 INFO tempest.lib.common.rest_client [req-28b2cee5-08b8-4e22-b6e5-9ae13ed6c1cb req-28b2cee5-08b8-4e22-b6e5-9ae13ed6c1cb ] Request (FloatingIPsAssociationTestJSON:tearDownClass): 202 DELETE http://10.180.1.21/compute/v2.1/os-floating-ips/3ace2726-15bc-4d13-8763-5f599c9ea260 0.374s
2025-11-24 14:35:55.794 66307 INFO tempest.lib.common.rest_client [req-2341da43-fa78-45ad-bfa6-9c9e104f5179 req-2341da43-fa78-45ad-bfa6-9c9e104f5179 ] Request (ImagesNegativeTestJSON:test_create_image_from_deleted_server): 200 GET http://10.180.1.21/compute/v2.1/servers/b27d28a9-70e3-40fc-ad79-9be40204f4f4 0.073s
2025-11-24 14:35:55.830 66319 INFO tempest.lib.common.rest_client [req-bc23811d-2012-48df-9bb9-7277865a8212 req-bc23811d-2012-48df-9bb9-7277865a8212 ] Request (ListServerFiltersTestJSON:test_list_servers_filtered_by_ip): 200 GET http://10.180.1.21/compute/v2.1/servers/c475a30f-512e-4552-8f52-6b35b5ea1750 0.110s
2025-11-24 14:35:55.869 66337 INFO tempest.lib.common.rest_client [req-d2f33982-6151-4e31-95c8-4c45b4d8ca55 req-d2f33982-6151-4e31-95c8-4c45b4d8ca55 ] Request (FloatingIPsAssociationTestJSON:tearDownClass): 204 DELETE http://10.180.1.21/compute/v2.1/servers/abe53013-b6c0-4489-a0bb-0d3b5f1eef41 0.148s
2025-11-24 14:35:55.881 66355 INFO tempest.lib.common.rest_client [req-dec65c25-3bc6-4c66-a752-d62b659309d0 req-dec65c25-3bc6-4c66-a752-d62b659309d0 ] Request (TenantUsagesTestJSON:setUpClass): 200 GET http://10.180.1.21/compute/v2.1/servers/c77be28a-93cf-44b8-a71a-57da235175be 0.117s
2025-11-24 14:35:55.919 66351 INFO tempest.lib.common.rest_client [req-ac303a4d-d5da-44fb-b8fc-293ac1c96e74 req-ac303a4d-d5da-44fb-b8fc-293ac1c96e74 ] Request (ServerRescueNegativeTestJSON:setUpClass): 200 GET http://10.180.1.21/compute/v2.1/servers/b3ab7d76-a1fb-4666-a2e0-6e505c3116d6 0.101s
2025-11-24 14:35:56.057 66319 INFO tempest.lib.common.rest_client [req-25caa502-e92f-4d2f-b3d2-6b53795251fa req-25caa502-e92f-4d2f-b3d2-6b53795251fa ] Request (ListServerFiltersTestJSON:test_list_servers_filtered_by_ip): 200 GET http://10.180.1.21/compute/v2.1/servers?ip=192.168.128.13 0.221s
2025-11-24 14:35:56.080 66325 WARNING tempest.lib.common.ssh [-] Failed to establish authenticated ssh connection to cirros@10.180.180.132 ([Errno None] Unable to connect to port 22 on 10.180.180.132). Number attempts: 4. Retry after 5 seconds.: paramiko.ssh_exception.NoValidConnectionsError: [Errno None] Unable to connect to port 22 on 10.180.180.132
2025-11-24 14:35:56.080 66305 INFO tempest.lib.common.rest_client [req-62d93b89-b86a-4c06-9ae4-92da7a883f0d req-62d93b89-b86a-4c06-9ae4-92da7a883f0d ] Request (InstanceActionsTestJSON:tearDownClass): 404 GET http://10.180.1.21/compute/v2.1/servers/efcafb5b-0abc-41b0-a0c6-19fe2cb2c723 0.194s
2025-11-24 14:35:56.107 66337 INFO tempest.lib.common.rest_client [req-46a6ebea-5606-4d2e-86ca-71ce34cd4a62 req-46a6ebea-5606-4d2e-86ca-71ce34cd4a62 ] Request (FloatingIPsAssociationTestJSON:tearDownClass): 200 GET http://10.180.1.21/compute/v2.1/servers/abe53013-b6c0-4489-a0bb-0d3b5f1eef41 0.238s
2025-11-24 14:35:56.171 66329 INFO tempest.lib.common.rest_client [req-fa624bfe-d40f-43ac-b6d9-ec19fb82120e req-fa624bfe-d40f-43ac-b6d9-ec19fb82120e ] Request (ServerActionsTestOtherA:test_rebuild_server_in_stop_state): 200 GET http://10.180.1.21/compute/v2.1/servers/ca4f6aed-1eea-436a-9b22-8cc1b35af9f2 0.233s
2025-11-24 14:35:56.198 66327 INFO tempest.lib.common.rest_client [req-2179693e-b059-44fa-b8db-76be48d19ef5 req-2179693e-b059-44fa-b8db-76be48d19ef5 ] Request (MigrationsAdminTest:test_list_migrations_in_flavor_resize_situation): 200 GET http://10.180.1.21/compute/v2.1/servers/8665269f-97cf-4734-af7c-aad223e234df 0.261s
2025-11-24 14:35:56.219 66347 INFO tempest.lib.common.rest_client [req-6b7ad134-c292-4d2d-8e51-b32f0e4ddb83 req-6b7ad134-c292-4d2d-8e51-b32f0e4ddb83 ] Request (ServerActionsTestOtherB:setUpClass): 200 GET http://10.180.1.21/compute/v2.1/servers/29253bf8-816e-4e8f-baf1-c66a9e57254e 0.229s
