2025-04-17 12:19:55.678 69523 INFO tempest.lib.common.rest_client [req-600f8cc6-3edb-43e6-8916-fb45dc22cc24 req-600f8cc6-3edb-43e6-8916-fb45dc22cc24 ] Request (ServerDiskConfigTestJSON:test_rebuild_server_with_auto_disk_config): 200 GET http://10.180.1.21/compute/v2.1/servers/4da35a64-ce89-4534-9af7-8eb8c1ec10ba 0.263s
2025-04-17 12:19:55.700 69505 INFO tempest.lib.common.rest_client [req-f72e12b3-d758-4ad8-ad80-8553a312ddc6 req-f72e12b3-d758-4ad8-ad80-8553a312ddc6 ] Request (SecurityGroupsTestJSON:test_list_security_groups_by_server): 200 GET http://10.180.1.21/compute/v2.1/servers/11aaee2b-b47e-4078-9674-f46a5f7878ca 0.245s
2025-04-17 12:19:55.755 69563 INFO tempest.lib.common.rest_client [req-dd611841-16c6-4908-aae2-9ba4594ee1ca req-dd611841-16c6-4908-aae2-9ba4594ee1ca ] Request (FloatingIPsAssociationNegativeTestJSON:setUpClass): 200 GET http://10.180.1.21/compute/v2.1/servers/f0454511-5b02-4c32-b630-09215a79f7a7 0.187s
2025-04-17 12:19:55.768 69565 INFO tempest.lib.common.rest_client [req-f353b410-1240-4bbd-b0a0-4ea3e83483b8 req-f353b410-1240-4bbd-b0a0-4ea3e83483b8 ] Request (ServersTestFqdnHostnames:test_create_server_with_fqdn_name): 200 GET http://10.180.1.21/compute/v2.1/servers/334575bf-5847-41d5-85bd-e72f08a80a59 0.249s
2025-04-17 12:19:55.820 69509 INFO tempest.lib.common.rest_client [req-56d4ae1e-8d75-4d8f-bd65-62a054e138ae req-56d4ae1e-8d75-4d8f-bd65-62a054e138ae ] Request (InstanceActionsNegativeTestJSON:setUpClass): 200 GET http://10.180.1.21/compute/v2.1/servers/3bfa20a9-e1b0-447f-8dcf-abb7bceee157 0.209s
2025-04-17 12:19:55.877 69555 INFO tempest.lib.common.rest_client [req-43bd5f5b-4a18-4412-9582-1e3d1e1e1c24 req-43bd5f5b-4a18-4412-9582-1e3d1e1e1c24 ] Request (AttachInterfacesTestJSON:test_create_list_show_delete_interfaces_by_fixed_ip): 200 GET http://10.180.1.21/compute/v2.1/servers/9e87431d-abde-4b1e-93a4-71d34e17308f 0.226s
2025-04-17 12:19:55.886 69543 INFO tempest.lib.common.rest_client [req-17829fcd-e236-439e-bbf1-c1e4b6b0b5f8 req-17829fcd-e236-439e-bbf1-c1e4b6b0b5f8 ] Request (ListServerFiltersTestJSON:setUpClass): 200 GET http://10.180.1.21/compute/v2.1/servers/4005bdf5-3826-4214-9fa6-f794c4f043df 0.277s
2025-04-17 12:19:55.927 69535 INFO tempest.lib.common.rest_client [req-6a21f80c-eaf6-4992-beb4-9da36cd94b5b req-6a21f80c-eaf6-4992-beb4-9da36cd94b5b ] Request (ServersWithSpecificFlavorTestJSON:test_verify_created_server_ephemeral_disk): 200 GET http://10.180.1.21/compute/v2.1/servers/10382ebb-37bc-4d8d-9555-442cb78e0555 0.265s
2025-04-17 12:19:55.956 69547 INFO tempest.lib.common.rest_client [req-156fbd6c-bde3-48e0-89c7-4925d52fbf4e req-156fbd6c-bde3-48e0-89c7-4925d52fbf4e ] Request (ServerDiagnosticsV248Test:test_get_server_diagnostics): 200 GET http://10.180.1.21/compute/v2.1/servers/9c1492ea-f9d4-4a75-bc32-ca3f958ec3f1 0.244s
2025-04-17 12:19:56.058 69545 INFO tempest.lib.common.rest_client [req-3fcba66d-eb72-424a-9b3b-64996b5c92ce req-3fcba66d-eb72-424a-9b3b-64996b5c92ce ] Request (MigrationsAdminTest:test_list_migrations_in_flavor_resize_situation): 200 GET http://10.180.1.21/compute/v2.1/servers/02ec5165-3b99-4d81-a7d9-716e63076cb0 0.234s
2025-04-17 12:19:56.134 69537 INFO tempest.lib.common.rest_client [req-345ccd2a-b58b-4304-9dec-f1c9faa31b98 req-345ccd2a-b58b-4304-9dec-f1c9faa31b98 ] Request (VolumesAssistedSnapshotsTest:test_volume_assisted_snapshot_create_delete): 200 GET http://10.180.1.21/compute/v2.1/servers/7e10b03c-76c8-4ff7-9b66-c578cbe28f2e 0.052s
2025-04-17 12:19:56.181 69533 INFO tempest.lib.common.rest_client [req-986eef54-d514-45a1-88db-09b9aeb01868 req-986eef54-d514-45a1-88db-09b9aeb01868 ] Request (ServerDiagnosticsNegativeTest:test_get_server_diagnostics_by_non_admin): 200 GET http://10.180.1.21/compute/v2.1/servers/1547effe-8061-4aba-8e1f-302617eee198 0.151s
2025-04-17 12:19:56.208 69541 INFO tempest.lib.common.rest_client [req-4c736a66-4330-423a-86dd-3b259a2b1447 req-4c736a66-4330-423a-86dd-3b259a2b1447 ] Request (ServerGroup264TestJSON:setUpClass): 200 PUT http://10.180.1.21:9696/networking/v2.0/routers/a5f7df78-d399-4d38-a7b8-2f69333a01e8/add_router_interface 1.245s
2025-04-17 12:19:56.209 69541 INFO tempest.lib.common.dynamic_creds [-] Created isolated network resources for: credentials: Credentials: {'domain_id': 'default', 'domain_name': 'Default', 'username': 'tempest-ServerGroup264TestJSON-1939180502-project-member', 'project_domain_id': 'default', 'project_domain_name': 'Default', 'project_id': '5fd1ef9c554643cda0b0b8e7e14db372', 'project_name': 'tempest-ServerGroup264TestJSON-1939180502', 'tenant_id': '5fd1ef9c554643cda0b0b8e7e14db372', 'tenant_name': 'tempest-ServerGroup264TestJSON-1939180502', 'user_domain_id': 'default', 'user_domain_name': 'Default', 'user_id': 'c5c6c2b45900455381f2dcd6dc8d3181', 'system': None}, Network: {'id': 'cd24eab4-8de3-41e8-ac9c-11a01ff62d6e', 'name': 'tempest-ServerGroup264TestJSON-1722733359-network', 'tenant_id': '5fd1ef9c554643cda0b0b8e7e14db372', 'admin_state_up': True, 'mtu': 8950, 'status': 'ACTIVE', 'subnets': [], 'shared': False, 'project_id': '5fd1ef9c554643cda0b0b8e7e14db372', 'port_security_enabled': True, 'router:external': False, 'provider:network_type': 'vlan', 'provider:physical_network': 'default', 'provider:segmentation_id': 909, 'availability_zone_hints': [], 'availability_zones': [], 'ipv4_address_scope': None, 'ipv6_address_scope': None, 'description': '', 'tags': [], 'created_at': '2025-04-17T12:19:54Z', 'updated_at': '2025-04-17T12:19:54Z', 'revision_number': 1}, Subnet: {'id': 'b2a4a042-d348-4ce6-86b1-0b668ad3bd6c', 'name': 'tempest-ServerGroup264TestJSON-1722733359-subnet', 'tenant_id': '5fd1ef9c554643cda0b0b8e7e14db372', 'network_id': 'cd24eab4-8de3-41e8-ac9c-11a01ff62d6e', 'ip_version': 4, 'subnetpool_id': None, 'enable_dhcp': True, 'ipv6_ra_mode': None, 'ipv6_address_mode': None, 'gateway_ip': '192.168.128.1', 'cidr': '192.168.128.0/28', 'allocation_pools': [{'start': '192.168.128.2', 'end': '192.168.128.14'}], 'host_routes': [], 'dns_nameservers': [], 'description': '', 'router:external': False, 'service_types': [], 'tags': [], 'created_at': '2025-04-17T12:19:54Z', 'updated_at': '2025-04-17T12:19:54Z', 'revision_number': 0, 'project_id': '5fd1ef9c554643cda0b0b8e7e14db372'}, Router: {'id': 'a5f7df78-d399-4d38-a7b8-2f69333a01e8', 'name': 'tempest-ServerGroup264TestJSON-1722733359-router', 'tenant_id': '5fd1ef9c554643cda0b0b8e7e14db372', 'admin_state_up': True, 'status': 'ACTIVE', 'external_gateway_info': {'network_id': '19fcdd98-e8cb-4972-8b59-25376588c17f', 'external_fixed_ips': [{'subnet_id': 'c5b72741-42da-4d30-8409-ed4e80bcddfb', 'ip_address': '10.180.180.165'}], 'enable_snat': True}, 'description': '', 'availability_zones': [], 'distributed': False, 'ha': False, 'availability_zone_hints': [], 'routes': [], 'flavor_id': None, 'tags': [], 'created_at': '2025-04-17T12:19:54Z', 'updated_at': '2025-04-17T12:19:54Z', 'revision_number': 2, 'project_id': '5fd1ef9c554643cda0b0b8e7e14db372'}
2025-04-17 12:19:56.268 69507 INFO tempest.lib.common.rest_client [req-ca311259-a5da-4abe-ad71-43cdd9845845 req-ca311259-a5da-4abe-ad71-43cdd9845845 ] Request (ServersTestMultiNic:test_verify_duplicate_network_nics): 200 GET http://10.180.1.21/compute/v2.1/servers/31371445-428d-4236-a833-f07122553cfa 0.101s
2025-04-17 12:19:56.281 69553 INFO tempest.lib.common.rest_client [req-f5abbca8-a5be-42ae-86f4-de4ec6ed24ec req-f5abbca8-a5be-42ae-86f4-de4ec6ed24ec ] Request (ServersAdmin275Test:test_rebuild_update_server_275): 200 GET http://10.180.1.21/compute/v2.1/servers/4e6f82f5-9766-46fa-a28a-8f13c5c8fd58 0.062s
2025-04-17 12:19:56.307 69541 INFO tempest.lib.common.rest_client [req-dd05d500-45d5-4d98-8204-28ffeefce3f2 req-dd05d500-45d5-4d98-8204-28ffeefce3f2 ] Request (ServerGroup264TestJSON:setUpClass): 201 POST http://10.180.1.21/identity/v3/auth/tokens 0.094s
2025-04-17 12:19:56.317 69527 INFO tempest.lib.common.rest_client [req-66ee87e3-15fb-4bd6-b914-9b621fa0b0a2 req-66ee87e3-15fb-4bd6-b914-9b621fa0b0a2 ] Request (ServersTestJSON:setUpClass): 200 GET http://10.180.1.21/compute/v2.1/servers/877377d1-2c6c-4e43-b5db-5a4b6ceb99f7 0.059s
2025-04-17 12:19:56.367 69551 INFO tempest.lib.common.rest_client [req-1b03ab01-06d4-4d02-8133-3fb24090a95a req-1b03ab01-06d4-4d02-8133-3fb24090a95a ] Request (AttachVolumeNegativeTest:test_attach_attached_volume_to_different_server): 200 GET http://10.180.1.21/compute/v2.1/servers/81b5e27a-8113-49fc-a845-3160f3bfb030 0.057s
2025-04-17 12:19:56.446 69541 INFO tempest.lib.common.rest_client [req-ba0570c0-7550-4660-bb9d-830052b26f37 req-ba0570c0-7550-4660-bb9d-830052b26f37 ] Request (ServerGroup264TestJSON:test_create_get_server_group): 200 POST http://10.180.1.21/compute/v2.1/os-server-groups 0.138s
2025-04-17 12:19:56.461 69513 INFO tempest.lib.common.rest_client [req-a9d9e643-2050-447c-aea1-901e5f9b6b3c req-a9d9e643-2050-447c-aea1-901e5f9b6b3c ] Request (DeleteServersAdminTestJSON:test_admin_delete_servers_of_others): 200 GET http://10.180.1.21/compute/v2.1/servers/a1095b15-f871-4dd2-9712-330d26ba4143 0.148s
2025-04-17 12:19:56.492 69525 INFO tempest.lib.common.rest_client [req-ffc768c7-769b-44aa-9e5c-a0447bfc2f56 req-ffc768c7-769b-44aa-9e5c-a0447bfc2f56 ] Request (ServersV294TestFqdnHostnames:setUpClass): 200 GET http://10.180.1.21/compute/v2.1/servers/30ba5d34-7069-4cb5-8292-faa20327a662 0.117s
2025-04-17 12:19:56.534 69520 INFO tempest.lib.common.rest_client [req-336686a4-5038-4e85-bce9-ef4921093ada req-336686a4-5038-4e85-bce9-ef4921093ada ] Request (AttachInterfacesUnderV243Test:test_add_remove_fixed_ip): 200 GET http://10.180.1.21/compute/v2.1/servers/4eecd6a7-efe1-42bd-8cb9-6cd6116c1c55 0.110s
2025-04-17 12:19:56.540 69539 INFO tempest.lib.common.rest_client [req-3f24cec5-b990-4947-a80f-f4d855fdb7eb req-3f24cec5-b990-4947-a80f-f4d855fdb7eb ] Request (ServerDiagnosticsTest:test_get_server_diagnostics): 200 GET http://10.180.1.21/compute/v2.1/servers/1724aea2-9fe0-4134-adcc-1a8baf512a80 0.143s
2025-04-17 12:19:56.548 69541 INFO tempest.lib.common.rest_client [req-882a7d28-9f49-4225-b12c-dd6144e619a2 req-882a7d28-9f49-4225-b12c-dd6144e619a2 ] Request (ServerGroup264TestJSON:test_create_get_server_group): 200 GET http://10.180.1.21/compute/v2.1/os-server-groups 0.100s
2025-04-17 12:19:56.584 69529 INFO tempest.lib.common.rest_client [req-6785b63e-02a7-4323-a32d-200b0868ae2a req-6785b63e-02a7-4323-a32d-200b0868ae2a ] Request (TenantUsagesTestJSON:setUpClass): 200 GET http://10.180.1.21/compute/v2.1/servers/588397c9-19ac-4994-8c16-18c77be79411 0.137s
2025-04-17 12:19:56.597 69531 INFO tempest.lib.common.rest_client [req-a6207c61-9bc3-4153-881a-3f74161d7cf5 req-a6207c61-9bc3-4153-881a-3f74161d7cf5 ] Request (ServerExternalEventsTest:test_create_server_external_events): 200 GET http://10.180.1.21/compute/v2.1/servers/4053c7e0-9f0d-4acf-90be-0dab69650838 0.127s
2025-04-17 12:19:56.628 69517 INFO tempest.lib.common.rest_client [req-f5616997-bb0d-455c-ad52-e4493de18060 req-f5616997-bb0d-455c-ad52-e4493de18060 ] Request (ServerMetadataTestJSON:setUpClass): 200 GET http://10.180.1.21/compute/v2.1/servers/8cd8f52e-5df8-4f5b-b59b-5d7fd37d0638 0.126s
2025-04-17 12:19:56.641 69503 INFO tempest.lib.common.rest_client [req-e13d86f0-a60c-4619-92ce-16f8e71986e0 req-e13d86f0-a60c-4619-92ce-16f8e71986e0 ] Request (DeleteServersTestJSON:test_delete_active_server): 200 GET http://10.180.1.21/compute/v2.1/servers/bf04f0eb-5e79-4ddf-a654-24091deb7fbb 0.098s
2025-04-17 12:19:56.641 69541 INFO tempest.lib.common.rest_client [req-ec65ae44-1f3a-4ba6-ba8c-8091efd7a72d req-ec65ae44-1f3a-4ba6-ba8c-8091efd7a72d ] Request (ServerGroup264TestJSON:test_create_get_server_group): 200 GET http://10.180.1.21/compute/v2.1/os-server-groups/29e2742b-7752-4688-a8b1-f646a946e47c 0.092s
2025-04-17 12:19:56.690 69515 INFO tempest.lib.common.rest_client [req-4188a49f-48c5-42d0-85c9-6bdb1e98f55b req-4188a49f-48c5-42d0-85c9-6bdb1e98f55b ] Request (FloatingIPsAssociationTestJSON:setUpClass): 200 GET http://10.180.1.21/compute/v2.1/servers/a7fa6db1-6f80-4f30-84b1-6179b0774889 0.100s
2025-04-17 12:19:56.724 69521 INFO tempest.lib.common.rest_client [req-1b77c88e-3ecf-4e3d-a22a-01fef6599c67 req-1b77c88e-3ecf-4e3d-a22a-01fef6599c67 ] Request (ServerAddressesTestJSON:setUpClass): 200 GET http://10.180.1.21/compute/v2.1/servers/f77adbc9-4a34-438e-8e0c-ddab0d1f4603 0.115s
2025-04-17 12:19:56.734 69511 INFO tempest.lib.common.rest_client [req-ddea6dd9-6f0a-4171-9be8-669c4e695872 req-ddea6dd9-6f0a-4171-9be8-669c4e695872 ] Request (ServerActionsTestJSON:setUpClass): 200 GET http://10.180.1.21/compute/v2.1/servers/1140bb76-ac01-4d31-996b-55e15f547497 0.095s
2025-04-17 12:19:56.750 69541 INFO tempest.lib.common.rest_client [req-83bb5a0c-00ae-430f-8539-f5d215f68e1c req-83bb5a0c-00ae-430f-8539-f5d215f68e1c ] Request (ServerGroup264TestJSON:_run_cleanups): 204 DELETE http://10.180.1.21/compute/v2.1/os-server-groups/29e2742b-7752-4688-a8b1-f646a946e47c 0.106s
2025-04-17 12:19:56.782 69557 INFO tempest.lib.common.rest_client [req-611caef5-115d-44b1-94bc-80d64a0b9f51 req-611caef5-115d-44b1-94bc-80d64a0b9f51 ] Request (ImagesOneServerTestJSON:setUpClass): 200 GET http://10.180.1.21/compute/v2.1/servers/017c5882-2f2e-43e0-947a-6996bbdf73d0 0.120s
2025-04-17 12:19:56.790 69523 INFO tempest.lib.common.rest_client [req-1ed6b1bd-78b3-44cd-9f33-c72859587618 req-1ed6b1bd-78b3-44cd-9f33-c72859587618 ] Request (ServerDiskConfigTestJSON:test_rebuild_server_with_auto_disk_config): 200 GET http://10.180.1.21/compute/v2.1/servers/4da35a64-ce89-4534-9af7-8eb8c1ec10ba 0.104s
2025-04-17 12:19:56.797 69541 INFO tempest.lib.common.rest_client [req-3b050a76-02c1-4688-86e9-44f978babadf req-3b050a76-02c1-4688-86e9-44f978babadf ] Request (ServerGroup264TestJSON:tearDownClass): 404 DELETE http://10.180.1.21/compute/v2.1/os-server-groups/29e2742b-7752-4688-a8b1-f646a946e47c 0.046s
2025-04-17 12:19:56.826 69505 INFO tempest.lib.common.rest_client [req-c6a46d1a-979e-4187-b686-959afd77a866 req-c6a46d1a-979e-4187-b686-959afd77a866 ] Request (SecurityGroupsTestJSON:test_list_security_groups_by_server): 200 GET http://10.180.1.21/compute/v2.1/servers/11aaee2b-b47e-4078-9674-f46a5f7878ca 0.118s
2025-04-17 12:19:56.841 69563 INFO tempest.lib.common.rest_client [req-a93b67fb-1b2b-403e-84ec-fcce50753c28 req-a93b67fb-1b2b-403e-84ec-fcce50753c28 ] Request (FloatingIPsAssociationNegativeTestJSON:setUpClass): 200 GET http://10.180.1.21/compute/v2.1/servers/f0454511-5b02-4c32-b630-09215a79f7a7 0.074s
2025-04-17 12:19:56.892 69509 INFO tempest.lib.common.rest_client [req-0a869ff6-86c2-488c-bcb0-3096e39abfd1 req-0a869ff6-86c2-488c-bcb0-3096e39abfd1 ] Request (InstanceActionsNegativeTestJSON:setUpClass): 200 GET http://10.180.1.21/compute/v2.1/servers/3bfa20a9-e1b0-447f-8dcf-abb7bceee157 0.064s
2025-04-17 12:19:56.950 69565 INFO tempest.lib.common.rest_client [req-3995f0fa-cc31-485a-aec8-502fa01b8914 req-3995f0fa-cc31-485a-aec8-502fa01b8914 ] Request (ServersTestFqdnHostnames:test_create_server_with_fqdn_name): 200 GET http://10.180.1.21/compute/v2.1/servers/334575bf-5847-41d5-85bd-e72f08a80a59 0.173s
2025-04-17 12:19:56.955 69555 INFO tempest.lib.common.rest_client [req-70d29622-8bff-4178-86e1-19a892149c49 req-70d29622-8bff-4178-86e1-19a892149c49 ] Request (AttachInterfacesTestJSON:test_create_list_show_delete_interfaces_by_fixed_ip): 200 GET http://10.180.1.21/compute/v2.1/servers/9e87431d-abde-4b1e-93a4-71d34e17308f 0.069s
2025-04-17 12:19:57.002 69535 INFO tempest.lib.common.rest_client [req-3ebaa377-75c2-4dcd-b57f-d5e3688606cf req-3ebaa377-75c2-4dcd-b57f-d5e3688606cf ] Request (ServersWithSpecificFlavorTestJSON:test_verify_created_server_ephemeral_disk): 200 GET http://10.180.1.21/compute/v2.1/servers/10382ebb-37bc-4d8d-9555-442cb78e0555 0.066s
2025-04-17 12:19:57.046 69543 INFO tempest.lib.common.rest_client [req-4f6317d9-2bdf-4e00-8cf5-9a76ad8aea1d req-4f6317d9-2bdf-4e00-8cf5-9a76ad8aea1d ] Request (ListServerFiltersTestJSON:setUpClass): 200 GET http://10.180.1.21/compute/v2.1/servers/4005bdf5-3826-4214-9fa6-f794c4f043df 0.145s
2025-04-17 12:19:57.059 69547 INFO tempest.lib.common.rest_client [req-8e739206-fa33-4b84-8461-d7db8d9998fb req-8e739206-fa33-4b84-8461-d7db8d9998fb ] Request (ServerDiagnosticsV248Test:test_get_server_diagnostics): 200 GET http://10.180.1.21/compute/v2.1/servers/9c1492ea-f9d4-4a75-bc32-ca3f958ec3f1 0.088s
2025-04-17 12:19:57.154 69545 INFO tempest.lib.common.rest_client [req-93739cc3-25ab-4f4a-ae06-15393e65a44b req-93739cc3-25ab-4f4a-ae06-15393e65a44b ] Request (MigrationsAdminTest:test_list_migrations_in_flavor_resize_situation): 200 GET http://10.180.1.21/compute/v2.1/servers/02ec5165-3b99-4d81-a7d9-716e63076cb0 0.088s
2025-04-17 12:19:57.189 69537 INFO tempest.lib.common.rest_client [req-9cfedfdd-8a6d-4460-a4e3-45c4699209f6 req-9cfedfdd-8a6d-4460-a4e3-45c4699209f6 ] Request (VolumesAssistedSnapshotsTest:test_volume_assisted_snapshot_create_delete): 200 GET http://10.180.1.21/compute/v2.1/servers/7e10b03c-76c8-4ff7-9b66-c578cbe28f2e 0.046s
2025-04-17 12:19:57.275 69533 INFO tempest.lib.common.rest_client [req-f95bd98e-5022-48be-98ca-bb7c81b76556 req-f95bd98e-5022-48be-98ca-bb7c81b76556 ] Request (ServerDiagnosticsNegativeTest:test_get_server_diagnostics_by_non_admin): 200 GET http://10.180.1.21/compute/v2.1/servers/1547effe-8061-4aba-8e1f-302617eee198 0.085s
2025-04-17 12:19:57.346 69553 INFO tempest.lib.common.rest_client [req-6ab84020-2d87-4c74-9e80-87ff0c1dfc7f req-6ab84020-2d87-4c74-9e80-87ff0c1dfc7f ] Request (ServersAdmin275Test:test_rebuild_update_server_275): 200 GET http://10.180.1.21/compute/v2.1/servers/4e6f82f5-9766-46fa-a28a-8f13c5c8fd58 0.054s
2025-04-17 12:19:57.389 69527 INFO tempest.lib.common.rest_client [req-2d8d5aec-8c2f-4e82-8013-92d1d5a9da65 req-2d8d5aec-8c2f-4e82-8013-92d1d5a9da65 ] Request (ServersTestJSON:setUpClass): 200 GET http://10.180.1.21/compute/v2.1/servers/877377d1-2c6c-4e43-b5db-5a4b6ceb99f7 0.064s
2025-04-17 12:19:57.434 69551 INFO tempest.lib.common.rest_client [req-5645b1d0-07cb-4fb9-a9ba-d342b8fa83a3 req-5645b1d0-07cb-4fb9-a9ba-d342b8fa83a3 ] Request (AttachVolumeNegativeTest:test_attach_attached_volume_to_different_server): 200 GET http://10.180.1.21/compute/v2.1/servers/81b5e27a-8113-49fc-a845-3160f3bfb030 0.057s
2025-04-17 12:19:57.557 69513 INFO tempest.lib.common.rest_client [req-4db99833-6eba-4872-9d24-81d3abf7d0ec req-4db99833-6eba-4872-9d24-81d3abf7d0ec ] Request (DeleteServersAdminTestJSON:test_admin_delete_servers_of_others): 200 GET http://10.180.1.21/compute/v2.1/servers/a1095b15-f871-4dd2-9712-330d26ba4143 0.087s
2025-04-17 12:19:57.568 69507 INFO tempest.lib.common.rest_client [req-bea082ba-8cc2-4447-8113-f877ac7c8803 req-bea082ba-8cc2-4447-8113-f877ac7c8803 ] Request (ServersTestMultiNic:test_verify_duplicate_network_nics): 200 GET http://10.180.1.21/compute/v2.1/servers/31371445-428d-4236-a833-f07122553cfa 0.292s
2025-04-17 12:19:57.609 69525 INFO tempest.lib.common.rest_client [req-f6780497-c634-47b1-b595-df149e28305d req-f6780497-c634-47b1-b595-df149e28305d ] Request (ServersV294TestFqdnHostnames:setUpClass): 200 GET http://10.180.1.21/compute/v2.1/servers/30ba5d34-7069-4cb5-8292-faa20327a662 0.105s
2025-04-17 12:19:57.617 69520 INFO tempest.lib.common.rest_client [req-518c99c5-6b7c-4818-9592-13b7fe43e84b req-518c99c5-6b7c-4818-9592-13b7fe43e84b ] Request (AttachInterfacesUnderV243Test:test_add_remove_fixed_ip): 200 GET http://10.180.1.21/compute/v2.1/servers/4eecd6a7-efe1-42bd-8cb9-6cd6116c1c55 0.075s
2025-04-17 12:19:57.674 69529 INFO tempest.lib.common.rest_client [req-830355b4-3de0-4d24-8dc0-a5035a964231 req-830355b4-3de0-4d24-8dc0-a5035a964231 ] Request (TenantUsagesTestJSON:setUpClass): 200 GET http://10.180.1.21/compute/v2.1/servers/588397c9-19ac-4994-8c16-18c77be79411 0.079s
2025-04-17 12:19:57.696 69539 INFO tempest.lib.common.rest_client [req-f88b0db0-92b9-4fc7-ab2b-2713f800621c req-f88b0db0-92b9-4fc7-ab2b-2713f800621c ] Request (ServerDiagnosticsTest:test_get_server_diagnostics): 200 GET http://10.180.1.21/compute/v2.1/servers/1724aea2-9fe0-4134-adcc-1a8baf512a80 0.148s
2025-04-17 12:19:57.723 69531 INFO tempest.lib.common.rest_client [req-6f7f5443-275a-4289-bed8-3a6059d632df req-6f7f5443-275a-4289-bed8-3a6059d632df ] Request (ServerExternalEventsTest:test_create_server_external_events): 200 GET http://10.180.1.21/compute/v2.1/servers/4053c7e0-9f0d-4acf-90be-0dab69650838 0.118s
2025-04-17 12:19:57.729 69541 INFO tempest.lib.common.rest_client [req-e7c318e2-df7b-4e0d-ad0f-34f23132384e req-e7c318e2-df7b-4e0d-ad0f-34f23132384e ] Request (ServerGroup264TestJSON:tearDownClass): 200 PUT http://10.180.1.21:9696/networking/v2.0/routers/a5f7df78-d399-4d38-a7b8-2f69333a01e8/remove_router_interface 0.932s
2025-04-17 12:19:57.754 69517 INFO tempest.lib.common.rest_client [req-16827f4e-cb5f-432d-82ab-bb0e4bd34fcb req-16827f4e-cb5f-432d-82ab-bb0e4bd34fcb ] Request (ServerMetadataTestJSON:setUpClass): 200 GET http://10.180.1.21/compute/v2.1/servers/8cd8f52e-5df8-4f5b-b59b-5d7fd37d0638 0.118s
2025-04-17 12:19:57.779 69503 INFO tempest.lib.common.rest_client [req-1a625d0e-5e0e-43b7-976d-7385919d9bd5 req-1a625d0e-5e0e-43b7-976d-7385919d9bd5 ] Request (DeleteServersTestJSON:test_delete_active_server): 200 GET http://10.180.1.21/compute/v2.1/servers/bf04f0eb-5e79-4ddf-a654-24091deb7fbb 0.130s
2025-04-17 12:19:57.797 69515 INFO tempest.lib.common.rest_client [req-b3e5117d-4435-4e35-a532-e2a4058667aa req-b3e5117d-4435-4e35-a532-e2a4058667aa ] Request (FloatingIPsAssociationTestJSON:setUpClass): 200 GET http://10.180.1.21/compute/v2.1/servers/a7fa6db1-6f80-4f30-84b1-6179b0774889 0.100s
2025-04-17 12:19:57.845 69511 INFO tempest.lib.common.rest_client [req-ee1e4289-8401-4ee1-a5bb-efeb1cb66cec req-ee1e4289-8401-4ee1-a5bb-efeb1cb66cec ] Request (ServerActionsTestJSON:setUpClass): 200 GET http://10.180.1.21/compute/v2.1/servers/1140bb76-ac01-4d31-996b-55e15f547497 0.103s
2025-04-17 12:19:57.891 69521 INFO tempest.lib.common.rest_client [req-dfe26812-4a74-4a6a-ab5e-a2db65bae193 req-dfe26812-4a74-4a6a-ab5e-a2db65bae193 ] Request (ServerAddressesTestJSON:setUpClass): 200 GET http://10.180.1.21/compute/v2.1/servers/f77adbc9-4a34-438e-8e0c-ddab0d1f4603 0.159s
2025-04-17 12:19:57.895 69557 INFO tempest.lib.common.rest_client [req-52594e99-34a3-4bed-9ed5-a30e16c96f25 req-52594e99-34a3-4bed-9ed5-a30e16c96f25 ] Request (ImagesOneServerTestJSON:setUpClass): 200 GET http://10.180.1.21/compute/v2.1/servers/017c5882-2f2e-43e0-947a-6996bbdf73d0 0.105s
2025-04-17 12:19:57.937 69505 INFO tempest.lib.common.rest_client [req-20b24666-ba59-433a-9ca2-944d8b251e31 req-20b24666-ba59-433a-9ca2-944d8b251e31 ] Request (SecurityGroupsTestJSON:test_list_security_groups_by_server): 200 GET http://10.180.1.21/compute/v2.1/servers/11aaee2b-b47e-4078-9674-f46a5f7878ca 0.101s
2025-04-17 12:19:57.947 69523 INFO tempest.lib.common.rest_client [req-d9c2fc61-5605-42e1-9bfe-7695d6c75a80 req-d9c2fc61-5605-42e1-9bfe-7695d6c75a80 ] Request (ServerDiskConfigTestJSON:test_rebuild_server_with_auto_disk_config): 200 GET http://10.180.1.21/compute/v2.1/servers/4da35a64-ce89-4534-9af7-8eb8c1ec10ba 0.150s
2025-04-17 12:19:57.977 69563 INFO tempest.lib.common.rest_client [req-75966c6a-160f-4dd7-8a6a-2b30f0555e56 req-75966c6a-160f-4dd7-8a6a-2b30f0555e56 ] Request (FloatingIPsAssociationNegativeTestJSON:setUpClass): 200 GET http://10.180.1.21/compute/v2.1/servers/f0454511-5b02-4c32-b630-09215a79f7a7 0.127s
2025-04-17 12:19:58.002 69509 INFO tempest.lib.common.rest_client [req-0d05b0b8-7426-4773-8014-b74a376b1fb8 req-0d05b0b8-7426-4773-8014-b74a376b1fb8 ] Request (InstanceActionsNegativeTestJSON:setUpClass): 200 GET http://10.180.1.21/compute/v2.1/servers/3bfa20a9-e1b0-447f-8dcf-abb7bceee157 0.101s
2025-04-17 12:19:58.025 69555 INFO tempest.lib.common.rest_client [req-ea890265-f3e8-482f-9445-fe18b41b76cf req-ea890265-f3e8-482f-9445-fe18b41b76cf ] Request (AttachInterfacesTestJSON:test_create_list_show_delete_interfaces_by_fixed_ip): 200 GET http://10.180.1.21/compute/v2.1/servers/9e87431d-abde-4b1e-93a4-71d34e17308f 0.059s
2025-04-17 12:19:58.073 69535 INFO tempest.lib.common.rest_client [req-efc36e61-1fe9-48b7-a695-df11d5164a38 req-efc36e61-1fe9-48b7-a695-df11d5164a38 ] Request (ServersWithSpecificFlavorTestJSON:test_verify_created_server_ephemeral_disk): 200 GET http://10.180.1.21/compute/v2.1/servers/10382ebb-37bc-4d8d-9555-442cb78e0555 0.062s
2025-04-17 12:19:58.162 69543 INFO tempest.lib.common.rest_client [req-e1e25ee1-116a-4502-a7d8-fc9e2fbc42c4 req-e1e25ee1-116a-4502-a7d8-fc9e2fbc42c4 ] Request (ListServerFiltersTestJSON:setUpClass): 200 GET http://10.180.1.21/compute/v2.1/servers/4005bdf5-3826-4214-9fa6-f794c4f043df 0.107s
2025-04-17 12:19:58.193 69565 INFO tempest.lib.common.rest_client [req-73a77b37-5805-420e-91df-fe34e321e877 req-73a77b37-5805-420e-91df-fe34e321e877 ] Request (ServersTestFqdnHostnames:test_create_server_with_fqdn_name): 200 GET http://10.180.1.21/compute/v2.1/servers/334575bf-5847-41d5-85bd-e72f08a80a59 0.229s
2025-04-17 12:19:58.202 69541 INFO tempest.lib.common.rest_client [req-2af76045-55ef-49c8-bd1f-a185bbc2b16d req-2af76045-55ef-49c8-bd1f-a185bbc2b16d ] Request (ServerGroup264TestJSON:tearDownClass): 204 DELETE http://10.180.1.21:9696/networking/v2.0/routers/a5f7df78-d399-4d38-a7b8-2f69333a01e8 0.472s
2025-04-17 12:19:58.215 69547 INFO tempest.lib.common.rest_client [req-90255c32-2aec-4501-8bcc-cc60536657d3 req-90255c32-2aec-4501-8bcc-cc60536657d3 ] Request (ServerDiagnosticsV248Test:test_get_server_diagnostics): 200 GET http://10.180.1.21/compute/v2.1/servers/9c1492ea-f9d4-4a75-bc32-ca3f958ec3f1 0.146s
2025-04-17 12:19:58.257 69537 INFO tempest.lib.common.rest_client [req-4b5e8bf1-bd8c-42d7-9907-084ed87ea909 req-4b5e8bf1-bd8c-42d7-9907-084ed87ea909 ] Request (VolumesAssistedSnapshotsTest:test_volume_assisted_snapshot_create_delete): 200 GET http://10.180.1.21/compute/v2.1/servers/7e10b03c-76c8-4ff7-9b66-c578cbe28f2e 0.060s
2025-04-17 12:19:58.313 69545 INFO tempest.lib.common.rest_client [req-7aa4ebc0-cf77-47b4-b81b-b1897d9bfa10 req-7aa4ebc0-cf77-47b4-b81b-b1897d9bfa10 ] Request (MigrationsAdminTest:test_list_migrations_in_flavor_resize_situation): 200 GET http://10.180.1.21/compute/v2.1/servers/02ec5165-3b99-4d81-a7d9-716e63076cb0 0.151s
2025-04-17 12:19:58.343 69541 INFO tempest.lib.common.rest_client [req-410014e2-aff2-4115-b7b5-4a06506ab06f req-410014e2-aff2-4115-b7b5-4a06506ab06f ] Request (ServerGroup264TestJSON:tearDownClass): 204 DELETE http://10.180.1.21:9696/networking/v2.0/subnets/b2a4a042-d348-4ce6-86b1-0b668ad3bd6c 0.141s
2025-04-17 12:19:58.366 69533 INFO tempest.lib.common.rest_client [req-1eda59a1-ac2f-4a67-b4dc-06a263c97700 req-1eda59a1-ac2f-4a67-b4dc-06a263c97700 ] Request (ServerDiagnosticsNegativeTest:test_get_server_diagnostics_by_non_admin): 200 GET http://10.180.1.21/compute/v2.1/servers/1547effe-8061-4aba-8e1f-302617eee198 0.083s
2025-04-17 12:19:58.406 69553 INFO tempest.lib.common.rest_client [req-9d430fb8-8c2c-4bf7-8eb3-7e3fc17055f1 req-9d430fb8-8c2c-4bf7-8eb3-7e3fc17055f1 ] Request (ServersAdmin275Test:test_rebuild_update_server_275): 200 GET http://10.180.1.21/compute/v2.1/servers/4e6f82f5-9766-46fa-a28a-8f13c5c8fd58 0.050s
2025-04-17 12:19:58.448 69527 INFO tempest.lib.common.rest_client [req-c0d60f9a-d878-4c67-afa0-d00349f2a1b3 req-c0d60f9a-d878-4c67-afa0-d00349f2a1b3 ] Request (ServersTestJSON:setUpClass): 200 GET http://10.180.1.21/compute/v2.1/servers/877377d1-2c6c-4e43-b5db-5a4b6ceb99f7 0.050s
2025-04-17 12:19:58.492 69551 INFO tempest.lib.common.rest_client [req-7338afbf-375d-440a-8554-5754cf112703 req-7338afbf-375d-440a-8554-5754cf112703 ] Request (AttachVolumeNegativeTest:test_attach_attached_volume_to_different_server): 200 GET http://10.180.1.21/compute/v2.1/servers/81b5e27a-8113-49fc-a845-3160f3bfb030 0.051s
2025-04-17 12:19:58.560 69541 INFO tempest.lib.common.rest_client [req-755ea7a8-c7ef-41ee-b91e-0fffcd0714ff req-755ea7a8-c7ef-41ee-b91e-0fffcd0714ff ] Request (ServerGroup264TestJSON:tearDownClass): 204 DELETE http://10.180.1.21:9696/networking/v2.0/networks/cd24eab4-8de3-41e8-ac9c-11a01ff62d6e 0.216s
2025-04-17 12:19:58.625 69541 INFO tempest.lib.common.rest_client [req-f8d312f6-60cd-492c-a0b8-9aa8a36bbf49 req-f8d312f6-60cd-492c-a0b8-9aa8a36bbf49 ] Request (ServerGroup264TestJSON:tearDownClass): 204 DELETE http://10.180.1.21/identity/v3/users/c5c6c2b45900455381f2dcd6dc8d3181 0.064s
2025-04-17 12:19:58.625 69541 INFO tempest.lib.common.dynamic_creds [-] Deleting project and security group for project: 5fd1ef9c554643cda0b0b8e7e14db372
2025-04-17 12:19:58.658 69541 INFO tempest.lib.common.rest_client [req-89be6722-065b-467e-8d2e-9c7740b53ea7 req-89be6722-065b-467e-8d2e-9c7740b53ea7 ] Request (ServerGroup264TestJSON:tearDownClass): 200 GET http://10.180.1.21:9696/networking/v2.0/security-groups?tenant_id=5fd1ef9c554643cda0b0b8e7e14db372&name=default 0.032s
2025-04-17 12:19:58.660 69513 INFO tempest.lib.common.rest_client [req-f7675ab1-3772-4c9c-a488-aca9590d0a56 req-f7675ab1-3772-4c9c-a488-aca9590d0a56 ] Request (DeleteServersAdminTestJSON:test_admin_delete_servers_of_others): 200 GET http://10.180.1.21/compute/v2.1/servers/a1095b15-f871-4dd2-9712-330d26ba4143 0.096s
2025-04-17 12:19:58.671 69507 INFO tempest.lib.common.rest_client [req-38d379eb-415b-43f7-9ec3-f33278c3721e req-38d379eb-415b-43f7-9ec3-f33278c3721e ] Request (ServersTestMultiNic:test_verify_duplicate_network_nics): 200 GET http://10.180.1.21/compute/v2.1/servers/31371445-428d-4236-a833-f07122553cfa 0.091s
2025-04-17 12:19:58.714 69525 INFO tempest.lib.common.rest_client [req-7c57f8ba-eb7d-429c-bb2c-e7cb53102422 req-7c57f8ba-eb7d-429c-bb2c-e7cb53102422 ] Request (ServersV294TestFqdnHostnames:setUpClass): 200 GET http://10.180.1.21/compute/v2.1/servers/30ba5d34-7069-4cb5-8292-faa20327a662 0.094s
2025-04-17 12:19:58.766 69541 INFO tempest.lib.common.rest_client [req-6e49131b-b2b6-47c9-9f92-d23436c77e06 req-6e49131b-b2b6-47c9-9f92-d23436c77e06 ] Request (ServerGroup264TestJSON:tearDownClass): 204 DELETE http://10.180.1.21:9696/networking/v2.0/security-groups/0be933a2-f4a3-4a1b-a36c-a1368c77d883 0.108s
2025-04-17 12:19:58.768 69529 INFO tempest.lib.common.rest_client [req-a85b292b-e8a7-4cd8-8b3f-8e74fecd9270 req-a85b292b-e8a7-4cd8-8b3f-8e74fecd9270 ] Request (TenantUsagesTestJSON:setUpClass): 200 GET http://10.180.1.21/compute/v2.1/servers/588397c9-19ac-4994-8c16-18c77be79411 0.086s
2025-04-17 12:19:58.884 69539 INFO tempest.lib.common.rest_client [req-f71947dd-155f-480d-8a23-034fd8e68cd5 req-f71947dd-155f-480d-8a23-034fd8e68cd5 ] Request (ServerDiagnosticsTest:test_get_server_diagnostics): 200 GET http://10.180.1.21/compute/v2.1/servers/1724aea2-9fe0-4134-adcc-1a8baf512a80 0.176s
2025-04-17 12:19:58.890 69541 INFO tempest.lib.common.rest_client [req-b70a1157-e7b9-45a9-bac7-c1a8159de186 req-b70a1157-e7b9-45a9-bac7-c1a8159de186 ] Request (ServerGroup264TestJSON:tearDownClass): 204 DELETE http://10.180.1.21/identity/v3/projects/5fd1ef9c554643cda0b0b8e7e14db372 0.123s
2025-04-17 12:19:58.911 69520 INFO tempest.lib.common.rest_client [req-fa0427e6-1928-4a73-85a2-547772bc8d02 req-fa0427e6-1928-4a73-85a2-547772bc8d02 ] Request (AttachInterfacesUnderV243Test:test_add_remove_fixed_ip): 200 GET http://10.180.1.21/compute/v2.1/servers/4eecd6a7-efe1-42bd-8cb9-6cd6116c1c55 0.286s
2025-04-17 12:19:58.927 69531 INFO tempest.lib.common.rest_client [req-b8d508a8-0513-49fe-97e3-004cadedaa29 req-b8d508a8-0513-49fe-97e3-004cadedaa29 ] Request (ServerExternalEventsTest:test_create_server_external_events): 200 GET http://10.180.1.21/compute/v2.1/servers/4053c7e0-9f0d-4acf-90be-0dab69650838 0.195s
2025-04-17 12:19:58.959 69541 INFO tempest.lib.common.rest_client [req-897be4c4-8f04-4ad6-8b12-7ca5c942ac47 req-897be4c4-8f04-4ad6-8b12-7ca5c942ac47 ] Request (ServerTagsTestJSON:setUpClass): 201 POST http://10.180.1.21/identity/v3/auth/tokens 0.067s
2025-04-17 12:19:58.968 69517 INFO tempest.lib.common.rest_client [req-ebbab091-a256-429b-b29f-17021a6ead9a req-ebbab091-a256-429b-b29f-17021a6ead9a ] Request (ServerMetadataTestJSON:setUpClass): 200 GET http://10.180.1.21/compute/v2.1/servers/8cd8f52e-5df8-4f5b-b59b-5d7fd37d0638 0.207s
2025-04-17 12:19:58.975 69503 INFO tempest.lib.common.rest_client [req-5121e450-f4ed-4a95-84e3-e419b743c458 req-5121e450-f4ed-4a95-84e3-e419b743c458 ] Request (DeleteServersTestJSON:test_delete_active_server): 200 GET http://10.180.1.21/compute/v2.1/servers/bf04f0eb-5e79-4ddf-a654-24091deb7fbb 0.187s
2025-04-17 12:19:58.987 69541 INFO tempest.lib.common.rest_client [req-d8f67c31-f2c8-46d9-a31b-0a3fe0a3616d req-d8f67c31-f2c8-46d9-a31b-0a3fe0a3616d ] Request (ServerTagsTestJSON:setUpClass): 201 POST http://10.180.1.21/identity/v3/auth/tokens 0.026s
2025-04-17 12:19:59.015 69541 INFO tempest.lib.common.rest_client [req-95be6183-6fc5-4c09-8642-ceda64b29925 req-95be6183-6fc5-4c09-8642-ceda64b29925 ] Request (ServerTagsTestJSON:setUpClass): 200 GET http://10.180.1.21/identity/v3/domains?name=Default 0.028s
2025-04-17 12:19:59.017 69511 INFO tempest.lib.common.rest_client [req-3f5b4666-9883-45b6-b1c4-d4e72175a285 req-3f5b4666-9883-45b6-b1c4-d4e72175a285 ] Request (ServerActionsTestJSON:setUpClass): 200 GET http://10.180.1.21/compute/v2.1/servers/1140bb76-ac01-4d31-996b-55e15f547497 0.164s
2025-04-17 12:19:59.027 69515 INFO tempest.lib.common.rest_client [req-f6a91cfd-bf3f-4708-af38-17c3037db079 req-f6a91cfd-bf3f-4708-af38-17c3037db079 ] Request (FloatingIPsAssociationTestJSON:setUpClass): 200 GET http://10.180.1.21/compute/v2.1/servers/a7fa6db1-6f80-4f30-84b1-6179b0774889 0.222s
2025-04-17 12:19:59.042 69541 INFO tempest.lib.common.rest_client [req-a6d7199d-bdcc-482a-8838-3719062417dd req-a6d7199d-bdcc-482a-8838-3719062417dd ] Request (ServerTagsTestJSON:setUpClass): 201 POST http://10.180.1.21/identity/v3/projects 0.026s
2025-04-17 12:19:59.072 69557 INFO tempest.lib.common.rest_client [req-885f7e9a-c9ab-4118-810d-3c1679708862 req-885f7e9a-c9ab-4118-810d-3c1679708862 ] Request (ImagesOneServerTestJSON:setUpClass): 200 GET http://10.180.1.21/compute/v2.1/servers/017c5882-2f2e-43e0-947a-6996bbdf73d0 0.168s
2025-04-17 12:19:59.099 69541 INFO tempest.lib.common.rest_client [req-33e78d32-4518-4473-a36c-2f8a6e3dc320 req-33e78d32-4518-4473-a36c-2f8a6e3dc320 ] Request (ServerTagsTestJSON:setUpClass): 201 POST http://10.180.1.21/identity/v3/users 0.056s
2025-04-17 12:19:59.120 69505 INFO tempest.lib.common.rest_client [req-de80b4da-136c-4c50-899a-bec0dec350ff req-de80b4da-136c-4c50-899a-bec0dec350ff ] Request (SecurityGroupsTestJSON:test_list_security_groups_by_server): 200 GET http://10.180.1.21/compute/v2.1/servers/11aaee2b-b47e-4078-9674-f46a5f7878ca 0.176s
2025-04-17 12:19:59.121 69541 INFO tempest.lib.common.rest_client [req-fa379536-689a-4dbd-9045-a3c56c4bb38e req-fa379536-689a-4dbd-9045-a3c56c4bb38e ] Request (ServerTagsTestJSON:setUpClass): 200 GET http://10.180.1.21/identity/v3/roles 0.021s
2025-04-17 12:19:59.123 69521 INFO tempest.lib.common.rest_client [req-ef00aa61-4b96-4055-b896-53737bee4348 req-ef00aa61-4b96-4055-b896-53737bee4348 ] Request (ServerAddressesTestJSON:setUpClass): 200 GET http://10.180.1.21/compute/v2.1/servers/f77adbc9-4a34-438e-8e0c-ddab0d1f4603 0.223s
2025-04-17 12:19:59.151 69541 INFO tempest.lib.common.rest_client [req-ba9d7d71-8d20-48bb-8c6d-5373e5aa1e45 req-ba9d7d71-8d20-48bb-8c6d-5373e5aa1e45 ] Request (ServerTagsTestJSON:setUpClass): 204 PUT http://10.180.1.21/identity/v3/projects/4ad515c4e09a4c10948ddf23862039d9/users/3096162f7e974b7ca64de744d8da94e9/roles/89b12ad877d349d6b54159d52f516991 0.029s
2025-04-17 12:19:59.151 69541 INFO tempest.lib.common.dynamic_creds [-] Dynamic test user 3096162f7e974b7ca64de744d8da94e9 is created with scope project and roles: ['member']
2025-04-17 12:19:59.151 69541 INFO tempest.lib.common.dynamic_creds [-] Acquired dynamic creds: credentials: Credentials: {'domain_id': 'default', 'domain_name': 'Default', 'username': 'tempest-ServerTagsTestJSON-667446649-project-member', 'project_domain_id': 'default', 'project_domain_name': 'Default', 'project_id': '4ad515c4e09a4c10948ddf23862039d9', 'project_name': 'tempest-ServerTagsTestJSON-667446649', 'tenant_id': '4ad515c4e09a4c10948ddf23862039d9', 'tenant_name': 'tempest-ServerTagsTestJSON-667446649', 'user_domain_id': 'default', 'user_domain_name': 'Default', 'user_id': '3096162f7e974b7ca64de744d8da94e9', 'system': None}, Network: None, Subnet: None, Router: None
2025-04-17 12:19:59.165 69523 INFO tempest.lib.common.rest_client [req-0af72cd3-135c-4fda-8dec-2f879f2819d4 req-0af72cd3-135c-4fda-8dec-2f879f2819d4 ] Request (ServerDiskConfigTestJSON:test_rebuild_server_with_auto_disk_config): 200 GET http://10.180.1.21/compute/v2.1/servers/4da35a64-ce89-4534-9af7-8eb8c1ec10ba 0.210s
2025-04-17 12:19:59.167 69563 INFO tempest.lib.common.rest_client [req-08c3a0e5-bd26-44e5-9151-bb15fb1836ba req-08c3a0e5-bd26-44e5-9151-bb15fb1836ba ] Request (FloatingIPsAssociationNegativeTestJSON:setUpClass): 200 GET http://10.180.1.21/compute/v2.1/servers/f0454511-5b02-4c32-b630-09215a79f7a7 0.179s
2025-04-17 12:19:59.202 69541 INFO tempest.lib.common.rest_client [req-ac04cc58-f240-48f3-b54e-1206afc2f639 req-ac04cc58-f240-48f3-b54e-1206afc2f639 ] Request (ServerTagsTestJSON:setUpClass): 201 POST http://10.180.1.21/identity/v3/auth/tokens 0.051s
2025-04-17 12:19:59.206 69509 INFO tempest.lib.common.rest_client [req-f672adc6-2c84-478f-bad2-defc9e947f5b req-f672adc6-2c84-478f-bad2-defc9e947f5b ] Request (InstanceActionsNegativeTestJSON:setUpClass): 200 GET http://10.180.1.21/compute/v2.1/servers/3bfa20a9-e1b0-447f-8dcf-abb7bceee157 0.196s
2025-04-17 12:19:59.210 69555 INFO tempest.lib.common.rest_client [req-622bf07d-2714-4075-a1de-c4839faa0ea9 req-622bf07d-2714-4075-a1de-c4839faa0ea9 ] Request (AttachInterfacesTestJSON:test_create_list_show_delete_interfaces_by_fixed_ip): 200 GET http://10.180.1.21/compute/v2.1/servers/9e87431d-abde-4b1e-93a4-71d34e17308f 0.176s
2025-04-17 12:19:59.256 69535 INFO tempest.lib.common.rest_client [req-f0e510e7-d246-454f-89a1-cc5eabe7e8fb req-f0e510e7-d246-454f-89a1-cc5eabe7e8fb ] Request (ServersWithSpecificFlavorTestJSON:test_verify_created_server_ephemeral_disk): 200 GET http://10.180.1.21/compute/v2.1/servers/10382ebb-37bc-4d8d-9555-442cb78e0555 0.171s
2025-04-17 12:19:59.335 69565 INFO tempest.lib.common.rest_client [req-65da4955-f7ad-485f-a8c3-b0f5c973a970 req-65da4955-f7ad-485f-a8c3-b0f5c973a970 ] Request (ServersTestFqdnHostnames:test_create_server_with_fqdn_name): 200 GET http://10.180.1.21/compute/v2.1/servers/334575bf-5847-41d5-85bd-e72f08a80a59 0.133s
2025-04-17 12:19:59.350 69543 INFO tempest.lib.common.rest_client [req-9921162c-eda6-4f57-a445-a810e8c6cac7 req-9921162c-eda6-4f57-a445-a810e8c6cac7 ] Request (ListServerFiltersTestJSON:setUpClass): 200 GET http://10.180.1.21/compute/v2.1/servers/4005bdf5-3826-4214-9fa6-f794c4f043df 0.176s
2025-04-17 12:19:59.386 69547 INFO tempest.lib.common.rest_client [req-e29d438c-bafe-417f-ac2f-052f238939ee req-e29d438c-bafe-417f-ac2f-052f238939ee ] Request (ServerDiagnosticsV248Test:test_get_server_diagnostics): 200 GET http://10.180.1.21/compute/v2.1/servers/9c1492ea-f9d4-4a75-bc32-ca3f958ec3f1 0.161s
2025-04-17 12:19:59.400 69537 INFO tempest.lib.common.rest_client [req-243c59fd-ca82-4c39-b430-a6c151bac268 req-243c59fd-ca82-4c39-b430-a6c151bac268 ] Request (VolumesAssistedSnapshotsTest:test_volume_assisted_snapshot_create_delete): 200 GET http://10.180.1.21/compute/v2.1/servers/7e10b03c-76c8-4ff7-9b66-c578cbe28f2e 0.136s
2025-04-17 12:19:59.490 69545 INFO tempest.lib.common.rest_client [req-86a7bf18-4a20-4328-be70-4e9a4d6531a9 req-86a7bf18-4a20-4328-be70-4e9a4d6531a9 ] Request (MigrationsAdminTest:test_list_migrations_in_flavor_resize_situation): 200 GET http://10.180.1.21/compute/v2.1/servers/02ec5165-3b99-4d81-a7d9-716e63076cb0 0.169s
2025-04-17 12:19:59.492 69541 INFO tempest.lib.common.rest_client [req-269a2bcd-343a-442c-a070-258906cbf13c req-269a2bcd-343a-442c-a070-258906cbf13c ] Request (ServerTagsTestJSON:setUpClass): 201 POST http://10.180.1.21:9696/networking/v2.0/networks 0.290s
2025-04-17 12:19:59.508 69533 INFO tempest.lib.common.rest_client [req-6a051918-9625-4330-a7e7-5b6525b32915 req-6a051918-9625-4330-a7e7-5b6525b32915 ] Request (ServerDiagnosticsNegativeTest:test_get_server_diagnostics_by_non_admin): 200 GET http://10.180.1.21/compute/v2.1/servers/1547effe-8061-4aba-8e1f-302617eee198 0.134s
2025-04-17 12:19:59.537 69553 INFO tempest.lib.common.rest_client [req-16d6f261-325b-4cba-afaf-2d9266715dd7 req-16d6f261-325b-4cba-afaf-2d9266715dd7 ] Request (ServersAdmin275Test:test_rebuild_update_server_275): 200 GET http://10.180.1.21/compute/v2.1/servers/4e6f82f5-9766-46fa-a28a-8f13c5c8fd58 0.118s
2025-04-17 12:19:59.554 69527 INFO tempest.lib.common.rest_client [req-c58bbfd3-02fc-4d30-811e-9062079ac30a req-c58bbfd3-02fc-4d30-811e-9062079ac30a ] Request (ServersTestJSON:setUpClass): 200 GET http://10.180.1.21/compute/v2.1/servers/877377d1-2c6c-4e43-b5db-5a4b6ceb99f7 0.097s
2025-04-17 12:19:59.575 69551 INFO tempest.lib.common.rest_client [req-c2fb336b-867b-4a59-9ece-9cdbbc099a1b req-c2fb336b-867b-4a59-9ece-9cdbbc099a1b ] Request (AttachVolumeNegativeTest:test_attach_attached_volume_to_different_server): 200 GET http://10.180.1.21/compute/v2.1/servers/81b5e27a-8113-49fc-a845-3160f3bfb030 0.075s
2025-04-17 12:19:59.635 69541 INFO tempest.lib.common.rest_client [req-a0179718-f6e8-4ebc-bedb-a0f55255d97c req-a0179718-f6e8-4ebc-bedb-a0f55255d97c ] Request (ServerTagsTestJSON:setUpClass): 201 POST http://10.180.1.21:9696/networking/v2.0/subnets 0.142s
2025-04-17 12:19:59.789 69507 INFO tempest.lib.common.rest_client [req-1bc8dad6-73ad-4ecb-a8e7-40c0a2443194 req-1bc8dad6-73ad-4ecb-a8e7-40c0a2443194 ] Request (ServersTestMultiNic:test_verify_duplicate_network_nics): 200 GET http://10.180.1.21/compute/v2.1/servers/31371445-428d-4236-a833-f07122553cfa 0.110s
2025-04-17 12:19:59.798 69513 INFO tempest.lib.common.rest_client [req-ed053c29-d1ea-435f-b53c-c54c6126dda8 req-ed053c29-d1ea-435f-b53c-c54c6126dda8 ] Request (DeleteServersAdminTestJSON:test_admin_delete_servers_of_others): 200 GET http://10.180.1.21/compute/v2.1/servers/a1095b15-f871-4dd2-9712-330d26ba4143 0.129s
2025-04-17 12:19:59.844 69529 INFO tempest.lib.common.rest_client [req-acf1a438-011a-42be-8975-3f3c6839bb69 req-acf1a438-011a-42be-8975-3f3c6839bb69 ] Request (TenantUsagesTestJSON:setUpClass): 200 GET http://10.180.1.21/compute/v2.1/servers/588397c9-19ac-4994-8c16-18c77be79411 0.066s
2025-04-17 12:19:59.848 69525 INFO tempest.lib.common.rest_client [req-90324604-7b54-4e62-859c-810b0a17bf18 req-90324604-7b54-4e62-859c-810b0a17bf18 ] Request (ServersV294TestFqdnHostnames:setUpClass): 200 GET http://10.180.1.21/compute/v2.1/servers/30ba5d34-7069-4cb5-8292-faa20327a662 0.122s
2025-04-17 12:19:59.973 69520 INFO tempest.lib.common.rest_client [req-19759ab4-1758-4ed2-89a4-0507b29e1c6c req-19759ab4-1758-4ed2-89a4-0507b29e1c6c ] Request (AttachInterfacesUnderV243Test:test_add_remove_fixed_ip): 200 GET http://10.180.1.21/compute/v2.1/servers/4eecd6a7-efe1-42bd-8cb9-6cd6116c1c55 0.047s
2025-04-17 12:20:00.006 69539 INFO tempest.lib.common.rest_client [req-4a6a5fae-28a0-41b9-95bf-1054c8b1276b req-4a6a5fae-28a0-41b9-95bf-1054c8b1276b ] Request (ServerDiagnosticsTest:test_get_server_diagnostics): 200 GET http://10.180.1.21/compute/v2.1/servers/1724aea2-9fe0-4134-adcc-1a8baf512a80 0.114s
2025-04-17 12:20:00.018 69531 INFO tempest.lib.common.rest_client [req-25376956-ae27-456f-9886-4e2b92de6ada req-25376956-ae27-456f-9886-4e2b92de6ada ] Request (ServerExternalEventsTest:test_create_server_external_events): 200 GET http://10.180.1.21/compute/v2.1/servers/4053c7e0-9f0d-4acf-90be-0dab69650838 0.082s
2025-04-17 12:20:00.056 69517 INFO tempest.lib.common.rest_client [req-10d20f04-d50d-443e-abaa-1fe75caf9c20 req-10d20f04-d50d-443e-abaa-1fe75caf9c20 ] Request (ServerMetadataTestJSON:setUpClass): 200 GET http://10.180.1.21/compute/v2.1/servers/8cd8f52e-5df8-4f5b-b59b-5d7fd37d0638 0.080s
2025-04-17 12:20:00.058 69503 INFO tempest.lib.common.rest_client [req-6de410d0-28bb-4d25-8c92-513a29f2e6d1 req-6de410d0-28bb-4d25-8c92-513a29f2e6d1 ] Request (DeleteServersTestJSON:test_delete_active_server): 200 GET http://10.180.1.21/compute/v2.1/servers/bf04f0eb-5e79-4ddf-a654-24091deb7fbb 0.070s
2025-04-17 12:20:00.098 69515 INFO tempest.lib.common.rest_client [req-f6533c82-edcb-4de7-a702-4c93b8ad9cf6 req-f6533c82-edcb-4de7-a702-4c93b8ad9cf6 ] Request (FloatingIPsAssociationTestJSON:setUpClass): 200 GET http://10.180.1.21/compute/v2.1/servers/a7fa6db1-6f80-4f30-84b1-6179b0774889 0.063s
2025-04-17 12:20:00.112 69511 INFO tempest.lib.common.rest_client [req-552c2f19-4114-4334-82f7-8530910887f8 req-552c2f19-4114-4334-82f7-8530910887f8 ] Request (ServerActionsTestJSON:setUpClass): 200 GET http://10.180.1.21/compute/v2.1/servers/1140bb76-ac01-4d31-996b-55e15f547497 0.086s
2025-04-17 12:20:00.148 69557 INFO tempest.lib.common.rest_client [req-ca3f868a-3fc6-4de3-b4bd-208363316456 req-ca3f868a-3fc6-4de3-b4bd-208363316456 ] Request (ImagesOneServerTestJSON:setUpClass): 200 GET http://10.180.1.21/compute/v2.1/servers/017c5882-2f2e-43e0-947a-6996bbdf73d0 0.065s
2025-04-17 12:20:00.180 69505 INFO tempest.lib.common.rest_client [req-b6841200-b00a-41ef-b052-8c350aaa8683 req-b6841200-b00a-41ef-b052-8c350aaa8683 ] Request (SecurityGroupsTestJSON:test_list_security_groups_by_server): 200 GET http://10.180.1.21/compute/v2.1/servers/11aaee2b-b47e-4078-9674-f46a5f7878ca 0.050s
2025-04-17 12:20:00.232 69523 INFO tempest.lib.common.rest_client [req-4a9fe63e-1890-40d7-86d3-69c98e9e9ea2 req-4a9fe63e-1890-40d7-86d3-69c98e9e9ea2 ] Request (ServerDiskConfigTestJSON:test_rebuild_server_with_auto_disk_config): 200 GET http://10.180.1.21/compute/v2.1/servers/4da35a64-ce89-4534-9af7-8eb8c1ec10ba 0.058s
2025-04-17 12:20:00.263 69521 INFO tempest.lib.common.rest_client [req-cc4ab8ac-a9d8-43dd-95c7-d9c5c6ad176b req-cc4ab8ac-a9d8-43dd-95c7-d9c5c6ad176b ] Request (ServerAddressesTestJSON:setUpClass): 200 GET http://10.180.1.21/compute/v2.1/servers/f77adbc9-4a34-438e-8e0c-ddab0d1f4603 0.130s
2025-04-17 12:20:00.284 69563 INFO tempest.lib.common.rest_client [req-ba51e91b-c298-4211-92d2-cdd51c16e84b req-ba51e91b-c298-4211-92d2-cdd51c16e84b ] Request (FloatingIPsAssociationNegativeTestJSON:setUpClass): 200 GET http://10.180.1.21/compute/v2.1/servers/f0454511-5b02-4c32-b630-09215a79f7a7 0.109s
2025-04-17 12:20:00.309 69509 INFO tempest.lib.common.rest_client [req-9c9404d3-6da4-4e16-8ef7-abd147f683e1 req-9c9404d3-6da4-4e16-8ef7-abd147f683e1 ] Request (InstanceActionsNegativeTestJSON:setUpClass): 200 GET http://10.180.1.21/compute/v2.1/servers/3bfa20a9-e1b0-447f-8dcf-abb7bceee157 0.095s
2025-04-17 12:20:00.336 69555 INFO tempest.lib.common.rest_client [req-f39fd2ac-ca31-450d-bf47-2026e9fa0c26 req-f39fd2ac-ca31-450d-bf47-2026e9fa0c26 ] Request (AttachInterfacesTestJSON:test_create_list_show_delete_interfaces_by_fixed_ip): 200 GET http://10.180.1.21/compute/v2.1/servers/9e87431d-abde-4b1e-93a4-71d34e17308f 0.117s
2025-04-17 12:20:00.347 69535 INFO tempest.lib.common.rest_client [req-9189fc4d-eba5-4ea9-9bf9-328b91eaafc5 req-9189fc4d-eba5-4ea9-9bf9-328b91eaafc5 ] Request (ServersWithSpecificFlavorTestJSON:test_verify_created_server_ephemeral_disk): 200 GET http://10.180.1.21/compute/v2.1/servers/10382ebb-37bc-4d8d-9555-442cb78e0555 0.083s
2025-04-17 12:20:00.483 69543 INFO tempest.lib.common.rest_client [req-41d2724f-3c09-4d49-af4c-671149e018f7 req-41d2724f-3c09-4d49-af4c-671149e018f7 ] Request (ListServerFiltersTestJSON:setUpClass): 200 GET http://10.180.1.21/compute/v2.1/servers/4005bdf5-3826-4214-9fa6-f794c4f043df 0.124s
2025-04-17 12:20:00.529 69547 INFO tempest.lib.common.rest_client [req-e6488ece-40b4-4455-aab2-ef42889fc20c req-e6488ece-40b4-4455-aab2-ef42889fc20c ] Request (ServerDiagnosticsV248Test:test_get_server_diagnostics): 200 GET http://10.180.1.21/compute/v2.1/servers/9c1492ea-f9d4-4a75-bc32-ca3f958ec3f1 0.130s
2025-04-17 12:20:00.560 69541 INFO tempest.lib.common.rest_client [req-25e3f198-55b0-4980-b8d7-8db00e0a87c4 req-25e3f198-55b0-4980-b8d7-8db00e0a87c4 ] Request (ServerTagsTestJSON:setUpClass): 201 POST http://10.180.1.21:9696/networking/v2.0/routers 0.924s
2025-04-17 12:20:00.573 69537 INFO tempest.lib.common.rest_client [req-0774f708-42a2-4295-b9b8-a6508bb1ad76 req-0774f708-42a2-4295-b9b8-a6508bb1ad76 ] Request (VolumesAssistedSnapshotsTest:test_volume_assisted_snapshot_create_delete): 200 GET http://10.180.1.21/compute/v2.1/servers/7e10b03c-76c8-4ff7-9b66-c578cbe28f2e 0.165s
2025-04-17 12:20:00.661 69545 INFO tempest.lib.common.rest_client [req-6c44bea1-82dc-4e33-bc81-500d1236666e req-6c44bea1-82dc-4e33-bc81-500d1236666e ] Request (MigrationsAdminTest:test_list_migrations_in_flavor_resize_situation): 200 GET http://10.180.1.21/compute/v2.1/servers/02ec5165-3b99-4d81-a7d9-716e63076cb0 0.160s
2025-04-17 12:20:00.671 69565 INFO tempest.lib.common.rest_client [req-bc91cd79-3d6f-4cfd-9292-b9c97250f8fd req-bc91cd79-3d6f-4cfd-9292-b9c97250f8fd ] Request (ServersTestFqdnHostnames:test_create_server_with_fqdn_name): 200 GET http://10.180.1.21/compute/v2.1/servers/334575bf-5847-41d5-85bd-e72f08a80a59 0.323s
2025-04-17 12:20:00.728 69553 INFO tempest.lib.common.rest_client [req-c31a909d-148a-4f54-b3d1-4a3dee04f7e4 req-c31a909d-148a-4f54-b3d1-4a3dee04f7e4 ] Request (ServersAdmin275Test:test_rebuild_update_server_275): 200 GET http://10.180.1.21/compute/v2.1/servers/4e6f82f5-9766-46fa-a28a-8f13c5c8fd58 0.177s
2025-04-17 12:20:00.757 69533 INFO tempest.lib.common.rest_client [req-b87b9e33-365f-4116-98b8-dae84e0545c5 req-b87b9e33-365f-4116-98b8-dae84e0545c5 ] Request (ServerDiagnosticsNegativeTest:test_get_server_diagnostics_by_non_admin): 200 GET http://10.180.1.21/compute/v2.1/servers/1547effe-8061-4aba-8e1f-302617eee198 0.240s
2025-04-17 12:20:00.774 69527 INFO tempest.lib.common.rest_client [req-9262d227-c59e-4ce6-9094-f635e559eb61 req-9262d227-c59e-4ce6-9094-f635e559eb61 ] Request (ServersTestJSON:setUpClass): 200 GET http://10.180.1.21/compute/v2.1/servers/877377d1-2c6c-4e43-b5db-5a4b6ceb99f7 0.213s
