2025-04-17 12:17:29.696 69527 INFO tempest.lib.common.rest_client [req-8146a9fc-55d1-4d4c-b64d-7e8e836d07c9 req-8146a9fc-55d1-4d4c-b64d-7e8e836d07c9 ] Request (QuotasSecurityGroupAdminNegativeTest:tearDownClass): 204 DELETE http://10.180.1.21/identity/v3/users/9b4dfce637c4494789142f8eb9f4ce1f 0.130s
2025-04-17 12:17:29.706 69563 INFO tempest.lib.common.rest_client [req-c224846f-35ff-478a-b379-2c440214ba9c req-c224846f-35ff-478a-b379-2c440214ba9c ] Request (FlavorsAdminTestJSON:test_create_flavor_with_none_id): 200 POST http://10.180.1.21/compute/v2.1/flavors 0.903s
2025-04-17 12:17:29.724 69517 INFO tempest.lib.common.rest_client [req-80556043-5297-4022-aba3-ee2801444ea4 req-80556043-5297-4022-aba3-ee2801444ea4 ] Request (AbsoluteLimitsTestJSON:test_absLimits_get): 200 GET http://10.180.1.21/compute/v2.1/limits 1.076s
2025-04-17 12:17:29.743 69503 INFO tempest.lib.common.rest_client [req-ccc73dfc-2b89-4c24-869d-0603785994c6 req-ccc73dfc-2b89-4c24-869d-0603785994c6 ] Request (FlavorsAccessTestJSON:_run_cleanups): 202 DELETE http://10.180.1.21/compute/v2.1/flavors/1356259480 0.932s
2025-04-17 12:17:29.771 69520 INFO tempest.lib.common.rest_client [req-84986885-d246-4a75-9114-431f5ea2e7c8 req-84986885-d246-4a75-9114-431f5ea2e7c8 ] Request (SecurityGroupsTestAdminJSON:setUpClass): 200 GET http://10.180.1.21/identity/v3/roles 0.146s
2025-04-17 12:17:29.785 69521 INFO tempest.lib.common.rest_client [req-0b58a3a6-9089-4eff-9384-ea277557b1e4 req-0b58a3a6-9089-4eff-9384-ea277557b1e4 ] Request (ServerAddressesTestJSON:setUpClass): 200 GET http://10.180.1.21/compute/v2.1/servers/f77adbc9-4a34-438e-8e0c-ddab0d1f4603 0.860s
2025-04-17 12:17:29.797 69505 INFO tempest.lib.common.rest_client [req-26675220-4eec-4e83-b35e-891c0932e2b7 req-26675220-4eec-4e83-b35e-891c0932e2b7 ] Request (SecurityGroupsTestJSON:test_list_security_groups_by_server): 200 GET http://10.180.1.21/compute/v2.1/servers/11aaee2b-b47e-4078-9674-f46a5f7878ca 0.787s
2025-04-17 12:17:29.813 69557 INFO tempest.lib.common.rest_client [req-0a51a285-c54e-4f30-a41a-b9e46d05c59f req-0a51a285-c54e-4f30-a41a-b9e46d05c59f ] Request (HypervisorAdminNegativeTestJSON:tearDownClass): 204 DELETE http://10.180.1.21/identity/v3/projects/1c8d5e79452e4c4880d347c99081772d 0.224s
2025-04-17 12:17:29.844 69511 INFO tempest.lib.common.rest_client [req-3695bd87-a303-4485-a750-b054392a9fad req-3695bd87-a303-4485-a750-b054392a9fad ] Request (ServerActionsTestJSON:setUpClass): 200 GET http://10.180.1.21/compute/v2.1/servers/1140bb76-ac01-4d31-996b-55e15f547497 0.748s
2025-04-17 12:17:29.871 69527 INFO tempest.lib.common.rest_client [req-f5909d29-93cf-4d59-b8ca-86eb80be59ff req-f5909d29-93cf-4d59-b8ca-86eb80be59ff ] Request (QuotasSecurityGroupAdminNegativeTest:tearDownClass): 204 DELETE http://10.180.1.21/identity/v3/users/71f78e4197244ff9a677eb74173aa3fc 0.175s
2025-04-17 12:17:29.872 69527 INFO tempest.lib.common.dynamic_creds [-] Deleting project and security group for project: 3ec1da77cfc049958c3212a50e979f84
2025-04-17 12:17:29.939 69517 INFO tempest.lib.common.rest_client [req-fdb9618b-3fc6-4dee-a0f1-58023a64fb43 req-fdb9618b-3fc6-4dee-a0f1-58023a64fb43 ] Request (AbsoluteLimitsTestJSON:tearDownClass): 204 DELETE http://10.180.1.21/identity/v3/users/9017f997f6dd4bfd9ccd7e8d971f0600 0.206s
2025-04-17 12:17:29.939 69517 INFO tempest.lib.common.dynamic_creds [-] Deleting project and security group for project: e8d6b7d03f6b4da6a50a6f09827bca2e
2025-04-17 12:17:29.969 69520 INFO tempest.lib.common.rest_client [req-05d01ddf-15ef-4981-b7fa-17c701373176 req-05d01ddf-15ef-4981-b7fa-17c701373176 ] Request (SecurityGroupsTestAdminJSON:setUpClass): 204 PUT http://10.180.1.21/identity/v3/projects/12e29c45ba7f401e9811a3ffa9238913/users/2e83dbae0ad043bbb68c58106595ef46/roles/f774a33ab52e46c9927a46b7a5e6c9dd 0.197s
2025-04-17 12:17:30.022 69557 INFO tempest.lib.common.rest_client [req-ac535724-61be-4e4d-bf6f-f5c33578dc2d req-ac535724-61be-4e4d-bf6f-f5c33578dc2d ] Request (ImagesOneServerTestJSON:setUpClass): 201 POST http://10.180.1.21/identity/v3/auth/tokens 0.207s
2025-04-17 12:17:30.045 69527 INFO tempest.lib.common.rest_client [req-b56718fd-28cc-4618-b93f-801ecdc253af req-b56718fd-28cc-4618-b93f-801ecdc253af ] Request (QuotasSecurityGroupAdminNegativeTest:tearDownClass): 201 POST http://10.180.1.21/identity/v3/auth/tokens 0.173s
2025-04-17 12:17:30.070 69517 INFO tempest.lib.common.rest_client [req-b7d719d9-b66e-41a4-9863-af4c37cf3cde req-b7d719d9-b66e-41a4-9863-af4c37cf3cde ] Request (AbsoluteLimitsTestJSON:tearDownClass): 201 POST http://10.180.1.21/identity/v3/auth/tokens 0.131s
2025-04-17 12:17:30.081 69520 INFO tempest.lib.common.rest_client [req-8070fa52-607e-4f97-b49d-0b9a5e25413b req-8070fa52-607e-4f97-b49d-0b9a5e25413b ] Request (SecurityGroupsTestAdminJSON:setUpClass): 200 GET http://10.180.1.21/identity/v3/roles 0.112s
2025-04-17 12:17:30.096 69537 INFO tempest.lib.common.rest_client [req-ef464018-a734-42bf-96ec-768cb2628370 req-ef464018-a734-42bf-96ec-768cb2628370 ] Request (VolumesAssistedSnapshotsTest:test_volume_assisted_snapshot_create_delete): 200 POST http://10.180.1.21/compute/v2.1/os-keypairs 0.961s
2025-04-17 12:17:30.100 69557 INFO tempest.lib.common.rest_client [req-1e0cd075-da0f-488b-84ba-7baaf54bbd3c req-1e0cd075-da0f-488b-84ba-7baaf54bbd3c ] Request (ImagesOneServerTestJSON:setUpClass): 201 POST http://10.180.1.21/identity/v3/auth/tokens 0.073s
2025-04-17 12:17:30.121 69520 INFO tempest.lib.common.rest_client [req-c146c093-eb91-42e0-8984-817bc429fbb0 req-c146c093-eb91-42e0-8984-817bc429fbb0 ] Request (SecurityGroupsTestAdminJSON:setUpClass): 204 PUT http://10.180.1.21/identity/v3/projects/12e29c45ba7f401e9811a3ffa9238913/users/2e83dbae0ad043bbb68c58106595ef46/roles/f774a33ab52e46c9927a46b7a5e6c9dd 0.039s
2025-04-17 12:17:30.121 69520 INFO tempest.lib.common.dynamic_creds [-] Dynamic test user 2e83dbae0ad043bbb68c58106595ef46 is created with scope project and roles: ['admin']
2025-04-17 12:17:30.121 69520 INFO tempest.lib.common.dynamic_creds [-] Acquired dynamic creds: credentials: Credentials: {'domain_id': 'default', 'domain_name': 'Default', 'username': 'tempest-SecurityGroupsTestAdminJSON-1498346092-project-admin', 'project_domain_id': 'default', 'project_domain_name': 'Default', 'project_id': '12e29c45ba7f401e9811a3ffa9238913', 'project_name': 'tempest-SecurityGroupsTestAdminJSON-1498346092', 'tenant_id': '12e29c45ba7f401e9811a3ffa9238913', 'tenant_name': 'tempest-SecurityGroupsTestAdminJSON-1498346092', 'user_domain_id': 'default', 'user_domain_name': 'Default', 'user_id': '2e83dbae0ad043bbb68c58106595ef46', 'system': None}, Network: None, Subnet: None, Router: None
2025-04-17 12:17:30.122 69520 INFO tempest.lib.common.dynamic_creds [-] Created isolated network resources for: credentials: Credentials: {'domain_id': 'default', 'domain_name': 'Default', 'username': 'tempest-SecurityGroupsTestAdminJSON-1498346092-project-admin', 'project_domain_id': 'default', 'project_domain_name': 'Default', 'project_id': '12e29c45ba7f401e9811a3ffa9238913', 'project_name': 'tempest-SecurityGroupsTestAdminJSON-1498346092', 'tenant_id': '12e29c45ba7f401e9811a3ffa9238913', 'tenant_name': 'tempest-SecurityGroupsTestAdminJSON-1498346092', 'user_domain_id': 'default', 'user_domain_name': 'Default', 'user_id': '2e83dbae0ad043bbb68c58106595ef46', 'system': None}, Network: None, Subnet: None, Router: None
2025-04-17 12:17:30.142 69525 INFO tempest.lib.common.rest_client [req-ed00a431-972a-4ee9-9416-f217d3675cfa req-ed00a431-972a-4ee9-9416-f217d3675cfa ] Request (ServersV294TestFqdnHostnames:setUpClass): 201 POST http://10.180.1.21:9696/networking/v2.0/routers 1.247s
2025-04-17 12:17:30.223 69557 INFO tempest.lib.common.rest_client [req-f74a256b-ece6-4050-9f72-0953af0ce273 req-f74a256b-ece6-4050-9f72-0953af0ce273 ] Request (ImagesOneServerTestJSON:setUpClass): 200 GET http://10.180.1.21/identity/v3/domains?name=Default 0.123s
2025-04-17 12:17:30.251 69557 INFO tempest.lib.common.rest_client [req-7d87ecb0-ea8a-43d7-8ebf-252ac423368f req-7d87ecb0-ea8a-43d7-8ebf-252ac423368f ] Request (ImagesOneServerTestJSON:setUpClass): 201 POST http://10.180.1.21/identity/v3/projects 0.027s
2025-04-17 12:17:30.258 69541 INFO tempest.lib.common.rest_client [req-14edd7c7-edf4-4b55-83d8-fb7c3e27f2e8 req-14edd7c7-edf4-4b55-83d8-fb7c3e27f2e8 ] Request (AttachInterfacesV270Test:test_create_get_list_interfaces): 200 GET http://10.180.1.21/compute/v2.1/servers/b9eb341d-bf37-4848-90b0-a774eb382f72 1.108s
2025-04-17 12:17:30.270 69520 INFO tempest.lib.common.rest_client [req-8fd34319-5702-4a84-9998-d7c8117ff4c8 req-8fd34319-5702-4a84-9998-d7c8117ff4c8 ] Request (SecurityGroupsTestAdminJSON:setUpClass): 201 POST http://10.180.1.21/identity/v3/auth/tokens 0.143s
2025-04-17 12:17:30.313 69557 INFO tempest.lib.common.rest_client [req-15b47165-032e-4c25-9f3f-fbaa583876a3 req-15b47165-032e-4c25-9f3f-fbaa583876a3 ] Request (ImagesOneServerTestJSON:setUpClass): 201 POST http://10.180.1.21/identity/v3/users 0.061s
2025-04-17 12:17:30.335 69557 INFO tempest.lib.common.rest_client [req-cfc2f845-d140-4977-8a5d-ffe92f5f605c req-cfc2f845-d140-4977-8a5d-ffe92f5f605c ] Request (ImagesOneServerTestJSON:setUpClass): 200 GET http://10.180.1.21/identity/v3/roles 0.022s
2025-04-17 12:17:30.362 69557 INFO tempest.lib.common.rest_client [req-d6c6f993-09d1-4732-a23a-404ce6b0db0e req-d6c6f993-09d1-4732-a23a-404ce6b0db0e ] Request (ImagesOneServerTestJSON:setUpClass): 204 PUT http://10.180.1.21/identity/v3/projects/e41fc8c893054c869600029fd6a62691/users/9b68acfbcac04e1f9da27203294df679/roles/89b12ad877d349d6b54159d52f516991 0.027s
2025-04-17 12:17:30.362 69557 INFO tempest.lib.common.dynamic_creds [-] Dynamic test user 9b68acfbcac04e1f9da27203294df679 is created with scope project and roles: ['member']
2025-04-17 12:17:30.363 69557 INFO tempest.lib.common.dynamic_creds [-] Acquired dynamic creds: credentials: Credentials: {'domain_id': 'default', 'domain_name': 'Default', 'username': 'tempest-ImagesOneServerTestJSON-2014017566-project-member', 'project_domain_id': 'default', 'project_domain_name': 'Default', 'project_id': 'e41fc8c893054c869600029fd6a62691', 'project_name': 'tempest-ImagesOneServerTestJSON-2014017566', 'tenant_id': 'e41fc8c893054c869600029fd6a62691', 'tenant_name': 'tempest-ImagesOneServerTestJSON-2014017566', 'user_domain_id': 'default', 'user_domain_name': 'Default', 'user_id': '9b68acfbcac04e1f9da27203294df679', 'system': None}, Network: None, Subnet: None, Router: None
2025-04-17 12:17:30.386 69537 INFO tempest.lib.common.rest_client [req-f0a8a5ed-2bff-4e75-b8a1-45627bbdbefc req-f0a8a5ed-2bff-4e75-b8a1-45627bbdbefc ] Request (VolumesAssistedSnapshotsTest:test_volume_assisted_snapshot_create_delete): 201 POST http://10.180.1.21:9696/networking/v2.0/security-groups 0.288s
2025-04-17 12:17:30.411 69529 INFO tempest.lib.common.rest_client [req-39f35640-c190-4224-a594-babc7be75a46 req-39f35640-c190-4224-a594-babc7be75a46 ] Request (ServersAdminNegativeTestJSON:setUpClass): 200 GET http://10.180.1.21/compute/v2.1/servers/16959790-5fdc-4304-b889-45bb6b015c3c 1.118s
2025-04-17 12:17:30.421 69557 INFO tempest.lib.common.rest_client [req-170c6207-712f-4d07-955d-c8fa6f573b8a req-170c6207-712f-4d07-955d-c8fa6f573b8a ] Request (ImagesOneServerTestJSON:setUpClass): 201 POST http://10.180.1.21/identity/v3/auth/tokens 0.058s
2025-04-17 12:17:30.438 69509 INFO tempest.lib.common.rest_client [req-66b97cd9-4a9d-4c0c-92ea-a146866b42b7 req-66b97cd9-4a9d-4c0c-92ea-a146866b42b7 ] Request (HostsAdminTestJSON:test_list_hosts_with_a_blank_zone): 200 GET http://10.180.1.21/compute/v2.1/os-hosts?zone= 1.109s
2025-04-17 12:17:30.439 69549 INFO tempest.lib.common.rest_client [req-204580cf-a412-423d-ada8-15fb5f6c92ab req-204580cf-a412-423d-ada8-15fb5f6c92ab ] Request (QuotasAdminNegativeTest:test_create_server_when_instances_quota_is_full): 403 POST http://10.180.1.21/compute/v2.1/servers 1.269s
2025-04-17 12:17:30.447 69523 INFO tempest.lib.common.rest_client [req-826e0fbc-850d-4b61-a121-2ccad93e5477 req-826e0fbc-850d-4b61-a121-2ccad93e5477 ] Request (HostsAdminNegativeTestJSON:test_update_host_with_invalid_maintenance_mode): 400 PUT http://10.180.1.21/compute/v2.1/os-hosts/devstack 1.090s
2025-04-17 12:17:30.461 69553 INFO tempest.lib.common.rest_client [req-e1f3aad4-9f91-4b9c-85ba-adf15522ee71 req-e1f3aad4-9f91-4b9c-85ba-adf15522ee71 ] Request (FlavorsAccessNegativeTestJSON:_run_cleanups): 200 GET http://10.180.1.21/compute/v2.1/flavors/detail 1.077s
2025-04-17 12:17:30.462 69535 INFO tempest.lib.common.rest_client [req-d9fa731f-8457-4b5b-b549-f08b43ec9406 req-d9fa731f-8457-4b5b-b549-f08b43ec9406 ] Request (ServersWithSpecificFlavorTestJSON:test_verify_created_server_ephemeral_disk): 200 POST http://10.180.1.21/compute/v2.1/flavors/696174085/os-extra_specs 1.112s
2025-04-17 12:17:30.496 69515 INFO tempest.lib.common.rest_client [req-9b30b428-87f8-4066-a929-52a77d22d238 req-9b30b428-87f8-4066-a929-52a77d22d238 ] Request (AggregatesAdminNegativeTestJSON:test_aggregate_add_non_exist_host): 404 POST http://10.180.1.21/compute/v2.1/os-aggregates/3/action 0.807s
2025-04-17 12:17:30.499 69527 INFO tempest.lib.common.rest_client [req-b5382826-03df-459e-bae4-239a43d355fe req-b5382826-03df-459e-bae4-239a43d355fe ] Request (QuotasSecurityGroupAdminNegativeTest:tearDownClass): 200 GET http://10.180.1.21:9696/networking/v2.0/security-groups?tenant_id=3ec1da77cfc049958c3212a50e979f84&name=default 0.454s
2025-04-17 12:17:30.521 69563 INFO tempest.lib.common.rest_client [req-21577b9b-32d8-4ea0-8b42-8fcba600329e req-21577b9b-32d8-4ea0-8b42-8fcba600329e ] Request (FlavorsAdminTestJSON:_run_cleanups): 202 DELETE http://10.180.1.21/compute/v2.1/flavors/45eab50b-d2a9-4238-a9cf-4f631b37e2aa 0.811s
2025-04-17 12:17:30.534 69517 INFO tempest.lib.common.rest_client [req-3f4a1c79-7927-482a-b956-6c3204177d7e req-3f4a1c79-7927-482a-b956-6c3204177d7e ] Request (AbsoluteLimitsTestJSON:tearDownClass): 200 GET http://10.180.1.21:9696/networking/v2.0/security-groups?tenant_id=e8d6b7d03f6b4da6a50a6f09827bca2e&name=default 0.463s
2025-04-17 12:17:30.580 69551 INFO tempest.lib.common.rest_client [req-72b7cd7f-20f3-44b1-a204-6609bcd7d180 req-72b7cd7f-20f3-44b1-a204-6609bcd7d180 ] Request (QuotasTestJSON:test_get_quotas): 200 GET http://10.180.1.21/compute/v2.1/os-quota-sets/67d36cc9143949d387fc9d20ffe4d320 0.971s
2025-04-17 12:17:30.598 69503 INFO tempest.lib.common.rest_client [req-aac103cb-026c-4ff9-b7b2-87daf4229905 req-aac103cb-026c-4ff9-b7b2-87daf4229905 ] Request (FlavorsAccessTestJSON:_run_cleanups): 200 GET http://10.180.1.21/compute/v2.1/flavors/detail 0.855s
2025-04-17 12:17:30.649 69537 INFO tempest.lib.common.rest_client [req-d165de0a-a4a2-4787-8b8a-675de57b4f2d req-d165de0a-a4a2-4787-8b8a-675de57b4f2d ] Request (VolumesAssistedSnapshotsTest:test_volume_assisted_snapshot_create_delete): 201 POST http://10.180.1.21:9696/networking/v2.0/security-group-rules 0.262s
2025-04-17 12:17:30.672 69547 INFO tempest.lib.common.rest_client [req-0511dbc3-f6c8-431b-a34e-823847f1b14e req-0511dbc3-f6c8-431b-a34e-823847f1b14e ] Request (ServerDiagnosticsV248Test:test_get_server_diagnostics): 200 GET http://10.180.1.21/compute/v2.1/servers/9c1492ea-f9d4-4a75-bc32-ca3f958ec3f1 0.490s
2025-04-17 12:17:30.679 69503 INFO tempest.lib.common.rest_client [req-a8c64741-31d0-4446-aef9-ea2b1a24b7cc req-a8c64741-31d0-4446-aef9-ea2b1a24b7cc ] Request (FlavorsAccessTestJSON:tearDownClass): 204 DELETE http://10.180.1.21/identity/v3/users/82f3bf7dc41e4f66aca2cb44383b7425 0.075s
2025-04-17 12:17:30.685 69527 INFO tempest.lib.common.rest_client [req-2e5247db-377f-43ca-a705-9446e4c33f97 req-2e5247db-377f-43ca-a705-9446e4c33f97 ] Request (QuotasSecurityGroupAdminNegativeTest:tearDownClass): 204 DELETE http://10.180.1.21:9696/networking/v2.0/security-groups/c43e02c9-b731-4f60-8339-482e4374e6db 0.184s
2025-04-17 12:17:30.687 69547 INFO tempest.common.waiters [-] State transition "BUILD/None" ==> "BUILD/block_device_mapping" after 12 second wait
2025-04-17 12:17:30.717 69533 INFO tempest.lib.common.rest_client [req-931dd6e2-a3b1-4332-91ab-b21d31f8d420 req-931dd6e2-a3b1-4332-91ab-b21d31f8d420 ] Request (ServerDiagnosticsNegativeTest:test_get_server_diagnostics_by_non_admin): 200 GET http://10.180.1.21/compute/v2.1/servers/1547effe-8061-4aba-8e1f-302617eee198 0.992s
2025-04-17 12:17:30.722 69517 INFO tempest.lib.common.rest_client [req-9c5e7f09-da2d-425f-b834-05ba3f11ff1b req-9c5e7f09-da2d-425f-b834-05ba3f11ff1b ] Request (AbsoluteLimitsTestJSON:tearDownClass): 204 DELETE http://10.180.1.21:9696/networking/v2.0/security-groups/7cc619f0-0e04-4501-86ae-f0f85996558d 0.187s
2025-04-17 12:17:30.808 69527 INFO tempest.lib.common.rest_client [req-05e80f24-b426-431b-b534-b11eb262e552 req-05e80f24-b426-431b-b534-b11eb262e552 ] Request (QuotasSecurityGroupAdminNegativeTest:tearDownClass): 204 DELETE http://10.180.1.21/identity/v3/projects/3ec1da77cfc049958c3212a50e979f84 0.122s
2025-04-17 12:17:30.808 69527 INFO tempest.lib.common.dynamic_creds [-] Deleting project and security group for project: a58202b0e7d240cda8c712d14cda85be
2025-04-17 12:17:30.810 69503 INFO tempest.lib.common.rest_client [req-b6971320-ff98-4ce1-9ca9-48cf7c652212 req-b6971320-ff98-4ce1-9ca9-48cf7c652212 ] Request (FlavorsAccessTestJSON:tearDownClass): 204 DELETE http://10.180.1.21/identity/v3/users/e6b378f714474f10a6b9eb5683a39e86 0.129s
2025-04-17 12:17:30.811 69503 INFO tempest.lib.common.dynamic_creds [-] Deleting project and security group for project: 277f498405c440cbbf9519f9e2c9a763
2025-04-17 12:17:30.823 69537 INFO tempest.lib.common.rest_client [req-0a60d9e1-91a6-41d1-a9e3-3694c980fce6 req-0a60d9e1-91a6-41d1-a9e3-3694c980fce6 ] Request (VolumesAssistedSnapshotsTest:test_volume_assisted_snapshot_create_delete): 201 POST http://10.180.1.21:9696/networking/v2.0/security-group-rules 0.174s
2025-04-17 12:17:30.893 69517 INFO tempest.lib.common.rest_client [req-797aa706-434d-4975-ae6b-16d8ea71e940 req-797aa706-434d-4975-ae6b-16d8ea71e940 ] Request (AbsoluteLimitsTestJSON:tearDownClass): 204 DELETE http://10.180.1.21/identity/v3/projects/e8d6b7d03f6b4da6a50a6f09827bca2e 0.171s
2025-04-17 12:17:30.929 69513 INFO tempest.lib.common.rest_client [req-3dba7213-d0cb-45c6-b8b0-79c3a60660bb req-3dba7213-d0cb-45c6-b8b0-79c3a60660bb ] Request (DeleteServersAdminTestJSON:test_admin_delete_servers_of_others): 200 GET http://10.180.1.21/compute/v2.1/servers/a1095b15-f871-4dd2-9712-330d26ba4143 0.693s
2025-04-17 12:17:30.946 69557 INFO tempest.lib.common.rest_client [req-7c7f5090-c41f-4bc2-830e-820dce2a6b0d req-7c7f5090-c41f-4bc2-830e-820dce2a6b0d ] Request (ImagesOneServerTestJSON:setUpClass): 201 POST http://10.180.1.21:9696/networking/v2.0/networks 0.524s
2025-04-17 12:17:30.950 69503 INFO tempest.lib.common.rest_client [req-db02ab5f-680d-4e6c-b95b-ad82c85e2f83 req-db02ab5f-680d-4e6c-b95b-ad82c85e2f83 ] Request (FlavorsAccessTestJSON:tearDownClass): 201 POST http://10.180.1.21/identity/v3/auth/tokens 0.139s
2025-04-17 12:17:30.960 69517 INFO tempest.lib.common.rest_client [req-41a572eb-c5df-4b2d-a8fb-cdd1c3cd0ff8 req-41a572eb-c5df-4b2d-a8fb-cdd1c3cd0ff8 ] Request (ServerMetadataTestJSON:setUpClass): 201 POST http://10.180.1.21/identity/v3/auth/tokens 0.065s
2025-04-17 12:17:30.986 69517 INFO tempest.lib.common.rest_client [req-19f0b262-947c-4d18-8f73-e54e2fe2425e req-19f0b262-947c-4d18-8f73-e54e2fe2425e ] Request (ServerMetadataTestJSON:setUpClass): 201 POST http://10.180.1.21/identity/v3/auth/tokens 0.024s
2025-04-17 12:17:31.001 69539 INFO tempest.lib.common.rest_client [req-1d101f89-33ea-45de-905d-82482d4eb13a req-1d101f89-33ea-45de-905d-82482d4eb13a ] Request (ServerDiagnosticsTest:test_get_server_diagnostics): 200 GET http://10.180.1.21/compute/v2.1/servers/1724aea2-9fe0-4134-adcc-1a8baf512a80 0.708s
2025-04-17 12:17:31.015 69517 INFO tempest.lib.common.rest_client [req-01d82ae3-c37f-4fe6-ab22-a2355a7effd5 req-01d82ae3-c37f-4fe6-ab22-a2355a7effd5 ] Request (ServerMetadataTestJSON:setUpClass): 200 GET http://10.180.1.21/identity/v3/domains?name=Default 0.028s
2025-04-17 12:17:31.037 69527 INFO tempest.lib.common.rest_client [req-b3c57e48-adf7-409c-82c7-3191d25b5cb2 req-b3c57e48-adf7-409c-82c7-3191d25b5cb2 ] Request (QuotasSecurityGroupAdminNegativeTest:tearDownClass): 200 GET http://10.180.1.21:9696/networking/v2.0/security-groups?tenant_id=a58202b0e7d240cda8c712d14cda85be&name=default 0.229s
2025-04-17 12:17:31.047 69517 INFO tempest.lib.common.rest_client [req-76ff65d7-4c08-4bcb-b31f-6588750fc55d req-76ff65d7-4c08-4bcb-b31f-6588750fc55d ] Request (ServerMetadataTestJSON:setUpClass): 201 POST http://10.180.1.21/identity/v3/projects 0.030s
2025-04-17 12:17:31.066 69543 INFO tempest.lib.common.rest_client [req-92699269-4809-40ef-8baa-40ad0e2a3539 req-92699269-4809-40ef-8baa-40ad0e2a3539 ] Request (ListServerFiltersTestJSON:setUpClass): 200 GET http://10.180.1.21/compute/v2.1/servers/4005bdf5-3826-4214-9fa6-f794c4f043df 0.722s
2025-04-17 12:17:31.105 69517 INFO tempest.lib.common.rest_client [req-31fb389d-461d-45b2-8ed6-eda8f5004207 req-31fb389d-461d-45b2-8ed6-eda8f5004207 ] Request (ServerMetadataTestJSON:setUpClass): 201 POST http://10.180.1.21/identity/v3/users 0.057s
2025-04-17 12:17:31.126 69545 INFO tempest.lib.common.rest_client [req-6bec38d9-4d44-4fcd-b708-1743a01ac1ec req-6bec38d9-4d44-4fcd-b708-1743a01ac1ec ] Request (MigrationsAdminTest:test_list_migrations_in_flavor_resize_situation): 200 GET http://10.180.1.21/compute/v2.1/servers/02ec5165-3b99-4d81-a7d9-716e63076cb0 0.712s
2025-04-17 12:17:31.128 69517 INFO tempest.lib.common.rest_client [req-000d9342-5739-4fa7-91e5-b0cdc7b0b0f9 req-000d9342-5739-4fa7-91e5-b0cdc7b0b0f9 ] Request (ServerMetadataTestJSON:setUpClass): 200 GET http://10.180.1.21/identity/v3/roles 0.023s
2025-04-17 12:17:31.158 69517 INFO tempest.lib.common.rest_client [req-3470dd24-4e3a-4b66-a0e8-e737c158540a req-3470dd24-4e3a-4b66-a0e8-e737c158540a ] Request (ServerMetadataTestJSON:setUpClass): 204 PUT http://10.180.1.21/identity/v3/projects/180624b4fa9d417683d84ab8ecad239f/users/6b4128da1567492f88cf5151a8d49e14/roles/89b12ad877d349d6b54159d52f516991 0.028s
2025-04-17 12:17:31.158 69517 INFO tempest.lib.common.dynamic_creds [-] Dynamic test user 6b4128da1567492f88cf5151a8d49e14 is created with scope project and roles: ['member']
2025-04-17 12:17:31.158 69517 INFO tempest.lib.common.dynamic_creds [-] Acquired dynamic creds: credentials: Credentials: {'domain_id': 'default', 'domain_name': 'Default', 'username': 'tempest-ServerMetadataTestJSON-2111490668-project-member', 'project_domain_id': 'default', 'project_domain_name': 'Default', 'project_id': '180624b4fa9d417683d84ab8ecad239f', 'project_name': 'tempest-ServerMetadataTestJSON-2111490668', 'tenant_id': '180624b4fa9d417683d84ab8ecad239f', 'tenant_name': 'tempest-ServerMetadataTestJSON-2111490668', 'user_domain_id': 'default', 'user_domain_name': 'Default', 'user_id': '6b4128da1567492f88cf5151a8d49e14', 'system': None}, Network: None, Subnet: None, Router: None
2025-04-17 12:17:31.182 69503 INFO tempest.lib.common.rest_client [req-2fb967e4-b982-4854-b11b-b7efae05a092 req-2fb967e4-b982-4854-b11b-b7efae05a092 ] Request (FlavorsAccessTestJSON:tearDownClass): 200 GET http://10.180.1.21:9696/networking/v2.0/security-groups?tenant_id=277f498405c440cbbf9519f9e2c9a763&name=default 0.232s
2025-04-17 12:17:31.217 69517 INFO tempest.lib.common.rest_client [req-21f802b1-4efb-42f4-b330-19666a2e0142 req-21f802b1-4efb-42f4-b330-19666a2e0142 ] Request (ServerMetadataTestJSON:setUpClass): 201 POST http://10.180.1.21/identity/v3/auth/tokens 0.058s
2025-04-17 12:17:31.244 69557 INFO tempest.lib.common.rest_client [req-15aab71e-873a-4fce-82b5-30ce79bac541 req-15aab71e-873a-4fce-82b5-30ce79bac541 ] Request (ImagesOneServerTestJSON:setUpClass): 201 POST http://10.180.1.21:9696/networking/v2.0/subnets 0.297s
2025-04-17 12:17:31.287 69527 INFO tempest.lib.common.rest_client [req-469eae01-d40c-4643-8973-00ed0f328b2b req-469eae01-d40c-4643-8973-00ed0f328b2b ] Request (QuotasSecurityGroupAdminNegativeTest:tearDownClass): 204 DELETE http://10.180.1.21:9696/networking/v2.0/security-groups/4f44fec3-a0f7-4dd2-b5e9-b32d424bfbab 0.249s
2025-04-17 12:17:31.299 69503 INFO tempest.lib.common.rest_client [req-ceb7d14a-fb52-4669-9f91-afc8ad2e4dfc req-ceb7d14a-fb52-4669-9f91-afc8ad2e4dfc ] Request (FlavorsAccessTestJSON:tearDownClass): 204 DELETE http://10.180.1.21:9696/networking/v2.0/security-groups/3b8d7736-f5cf-4fcc-a947-47cc8a44b206 0.116s
2025-04-17 12:17:31.339 69549 INFO tempest.lib.common.rest_client [req-e0ac584f-3868-419b-bac0-b59e8e4d08bd req-e0ac584f-3868-419b-bac0-b59e8e4d08bd ] Request (QuotasAdminNegativeTest:_run_cleanups): 200 PUT http://10.180.1.21/compute/v2.1/os-quota-sets/15ce93555de84667b3fa8d2875c8b6fa 0.899s
2025-04-17 12:17:31.359 69509 INFO tempest.lib.common.rest_client [req-680a1ff8-b67b-49b4-9a26-ec69b2e1b143 req-680a1ff8-b67b-49b4-9a26-ec69b2e1b143 ] Request (HostsAdminTestJSON:test_list_hosts_with_nonexistent_zone): 200 GET http://10.180.1.21/compute/v2.1/os-hosts?zone=xxx 0.919s
2025-04-17 12:17:31.365 69523 INFO tempest.lib.common.rest_client [req-405e30d2-b6b8-4b6d-8bf5-25d663dc5890 req-405e30d2-b6b8-4b6d-8bf5-25d663dc5890 ] Request (HostsAdminNegativeTestJSON:test_update_host_with_invalid_status): 400 PUT http://10.180.1.21/compute/v2.1/os-hosts/devstack 0.915s
2025-04-17 12:17:31.368 69527 INFO tempest.lib.common.rest_client [req-8af3eecd-8f1f-4e99-a7de-8caf09a5161d req-8af3eecd-8f1f-4e99-a7de-8caf09a5161d ] Request (QuotasSecurityGroupAdminNegativeTest:tearDownClass): 204 DELETE http://10.180.1.21/identity/v3/projects/a58202b0e7d240cda8c712d14cda85be 0.080s
2025-04-17 12:17:31.371 69520 INFO tempest.lib.common.rest_client [req-6bc6c074-a357-4251-b4c7-c7d557509fab req-6bc6c074-a357-4251-b4c7-c7d557509fab ] Request (SecurityGroupsTestAdminJSON:test_list_security_groups_list_all_tenants_filter): 200 POST http://10.180.1.21/compute/v2.1/os-security-groups 1.098s
2025-04-17 12:17:31.378 69503 INFO tempest.lib.common.rest_client [req-a4c432e7-171d-4bf1-a1b0-5cd21c063c36 req-a4c432e7-171d-4bf1-a1b0-5cd21c063c36 ] Request (FlavorsAccessTestJSON:tearDownClass): 204 DELETE http://10.180.1.21/identity/v3/projects/277f498405c440cbbf9519f9e2c9a763 0.078s
2025-04-17 12:17:31.378 69503 INFO tempest.lib.common.dynamic_creds [-] Deleting project and security group for project: 04d0a64b13a9486995163830cf0b7e71
2025-04-17 12:17:31.393 69553 INFO tempest.lib.common.rest_client [req-5a677dd3-08d9-4a50-b3d6-2514fce85364 req-5a677dd3-08d9-4a50-b3d6-2514fce85364 ] Request (FlavorsAccessNegativeTestJSON:test_flavor_non_admin_add): 200 POST http://10.180.1.21/compute/v2.1/flavors 0.925s
2025-04-17 12:17:31.409 69535 INFO tempest.lib.common.rest_client [req-fcfb170e-7e2a-45d3-aa0c-7a5fc6894da9 req-fcfb170e-7e2a-45d3-aa0c-7a5fc6894da9 ] Request (ValidationResourcesFixture:setUp): 200 POST http://10.180.1.21/compute/v2.1/os-keypairs 0.944s
2025-04-17 12:17:31.428 69515 INFO tempest.lib.common.rest_client [req-15f33347-cf69-4e8d-a8a1-b466d4b33a9f req-15f33347-cf69-4e8d-a8a1-b466d4b33a9f ] Request (AggregatesAdminNegativeTestJSON:_run_cleanups): 200 DELETE http://10.180.1.21/compute/v2.1/os-aggregates/3 0.932s
2025-04-17 12:17:31.440 69527 INFO tempest.lib.common.rest_client [req-74891ae8-1f92-4cb8-bbc8-a90a5f053b5e req-74891ae8-1f92-4cb8-bbc8-a90a5f053b5e ] Request (SecurityGroupRulesNegativeTestJSON:setUpClass): 201 POST http://10.180.1.21/identity/v3/auth/tokens 0.069s
2025-04-17 12:17:31.444 69563 INFO tempest.lib.common.rest_client [req-8e8b703d-a7b9-4bf0-823b-a5bcc6431fdf req-8e8b703d-a7b9-4bf0-823b-a5bcc6431fdf ] Request (FlavorsAdminTestJSON:_run_cleanups): 200 GET http://10.180.1.21/compute/v2.1/flavors/detail 0.922s
2025-04-17 12:17:31.482 69527 INFO tempest.lib.common.rest_client [req-8dec4e6b-74e9-45ba-b5f1-d6033a4c8fd1 req-8dec4e6b-74e9-45ba-b5f1-d6033a4c8fd1 ] Request (SecurityGroupRulesNegativeTestJSON:setUpClass): 201 POST http://10.180.1.21/identity/v3/auth/tokens 0.040s
2025-04-17 12:17:31.504 69531 INFO tempest.lib.common.rest_client [req-51797dd9-fd7b-4a7e-852f-0f1ef1d8e7ab req-51797dd9-fd7b-4a7e-852f-0f1ef1d8e7ab ] Request (ServerExternalEventsTest:test_create_server_external_events): 200 GET http://10.180.1.21/compute/v2.1/servers/4053c7e0-9f0d-4acf-90be-0dab69650838 1.029s
2025-04-17 12:17:31.507 69527 INFO tempest.lib.common.rest_client [req-c0c264df-5834-411a-bb26-5870a40bf1f5 req-c0c264df-5834-411a-bb26-5870a40bf1f5 ] Request (SecurityGroupRulesNegativeTestJSON:setUpClass): 200 GET http://10.180.1.21/identity/v3/domains?name=Default 0.024s
2025-04-17 12:17:31.540 69527 INFO tempest.lib.common.rest_client [req-bec6d9dd-4ea7-4960-86b1-224d50bce14c req-bec6d9dd-4ea7-4960-86b1-224d50bce14c ] Request (SecurityGroupRulesNegativeTestJSON:setUpClass): 201 POST http://10.180.1.21/identity/v3/projects 0.032s
2025-04-17 12:17:31.596 69527 INFO tempest.lib.common.rest_client [req-d99d3615-b10f-4b74-a91a-61ca6e104beb req-d99d3615-b10f-4b74-a91a-61ca6e104beb ] Request (SecurityGroupRulesNegativeTestJSON:setUpClass): 201 POST http://10.180.1.21/identity/v3/users 0.055s
2025-04-17 12:17:31.617 69527 INFO tempest.lib.common.rest_client [req-d2e70542-a519-4afc-af80-61881323fea8 req-d2e70542-a519-4afc-af80-61881323fea8 ] Request (SecurityGroupRulesNegativeTestJSON:setUpClass): 200 GET http://10.180.1.21/identity/v3/roles 0.020s
2025-04-17 12:17:31.645 69527 INFO tempest.lib.common.rest_client [req-a18338bb-7138-4117-9d61-a18c3515496c req-a18338bb-7138-4117-9d61-a18c3515496c ] Request (SecurityGroupRulesNegativeTestJSON:setUpClass): 204 PUT http://10.180.1.21/identity/v3/projects/2b84dccfe1aa4d49a1a81e19f007269c/users/ebcd4f93dd3b4da4bd4a0dfa9852546c/roles/89b12ad877d349d6b54159d52f516991 0.028s
2025-04-17 12:17:31.645 69527 INFO tempest.lib.common.dynamic_creds [-] Dynamic test user ebcd4f93dd3b4da4bd4a0dfa9852546c is created with scope project and roles: ['member']
2025-04-17 12:17:31.646 69527 INFO tempest.lib.common.dynamic_creds [-] Acquired dynamic creds: credentials: Credentials: {'domain_id': 'default', 'domain_name': 'Default', 'username': 'tempest-SecurityGroupRulesNegativeTestJSON-1810073968-project-member', 'project_domain_id': 'default', 'project_domain_name': 'Default', 'project_id': '2b84dccfe1aa4d49a1a81e19f007269c', 'project_name': 'tempest-SecurityGroupRulesNegativeTestJSON-1810073968', 'tenant_id': '2b84dccfe1aa4d49a1a81e19f007269c', 'tenant_name': 'tempest-SecurityGroupRulesNegativeTestJSON-1810073968', 'user_domain_id': 'default', 'user_domain_name': 'Default', 'user_id': 'ebcd4f93dd3b4da4bd4a0dfa9852546c', 'system': None}, Network: None, Subnet: None, Router: None
2025-04-17 12:17:31.666 69551 INFO tempest.lib.common.rest_client [req-4e784679-1ac4-4e71-9fd1-186e4d60bf25 req-4e784679-1ac4-4e71-9fd1-186e4d60bf25 ] Request (QuotasTestJSON:test_get_quotas): 200 GET http://10.180.1.21/compute/v2.1/os-quota-sets/67d36cc9143949d387fc9d20ffe4d320?user_id=0a0a3902b4b8415cb8bebae3c843e4dd 1.083s
2025-04-17 12:17:31.736 69527 INFO tempest.lib.common.rest_client [req-060bf396-b8e2-413f-83c5-4acbeb91fadb req-060bf396-b8e2-413f-83c5-4acbeb91fadb ] Request (SecurityGroupRulesNegativeTestJSON:setUpClass): 201 POST http://10.180.1.21/identity/v3/auth/tokens 0.090s
2025-04-17 12:17:31.762 69565 INFO tempest.lib.common.rest_client [req-03865eec-5448-4f6d-9548-f57ffe025e11 req-03865eec-5448-4f6d-9548-f57ffe025e11 ] Request (ServersTestFqdnHostnames:test_create_server_with_fqdn_name): 200 GET http://10.180.1.21/compute/v2.1/servers/334575bf-5847-41d5-85bd-e72f08a80a59 1.090s
2025-04-17 12:17:31.825 69555 INFO tempest.lib.common.rest_client [req-640b1f8f-b959-4b62-a976-2cc30d9f25e6 req-640b1f8f-b959-4b62-a976-2cc30d9f25e6 ] Request (QuotasAdminTestV257:test_get_updated_quotas): 200 GET http://10.180.1.21/identity/v3/domains?name=Default 0.142s
2025-04-17 12:17:31.849 69551 INFO tempest.lib.common.rest_client [req-96165bea-5a5d-4580-be67-d0faea506f21 req-96165bea-5a5d-4580-be67-d0faea506f21 ] Request (QuotasTestJSON:tearDownClass): 204 DELETE http://10.180.1.21/identity/v3/users/0a0a3902b4b8415cb8bebae3c843e4dd 0.180s
2025-04-17 12:17:31.849 69551 INFO tempest.lib.common.dynamic_creds [-] Deleting project and security group for project: 67d36cc9143949d387fc9d20ffe4d320
2025-04-17 12:17:31.894 69521 INFO tempest.lib.common.rest_client [req-ab6785e0-855c-4058-a9ca-c21fa366dfb0 req-ab6785e0-855c-4058-a9ca-c21fa366dfb0 ] Request (ServerAddressesTestJSON:setUpClass): 200 GET http://10.180.1.21/compute/v2.1/servers/f77adbc9-4a34-438e-8e0c-ddab0d1f4603 1.096s
2025-04-17 12:17:31.907 69503 INFO tempest.lib.common.rest_client [req-c88a24f8-58c1-4f9c-9697-2938e25d1e66 req-c88a24f8-58c1-4f9c-9697-2938e25d1e66 ] Request (FlavorsAccessTestJSON:tearDownClass): 200 GET http://10.180.1.21:9696/networking/v2.0/security-groups?tenant_id=04d0a64b13a9486995163830cf0b7e71&name=default 0.528s
2025-04-17 12:17:31.919 69555 INFO tempest.lib.common.rest_client [req-41f481a3-e6fd-4f21-893d-09a3d9ffa0b4 req-41f481a3-e6fd-4f21-893d-09a3d9ffa0b4 ] Request (QuotasAdminTestV257:test_get_updated_quotas): 201 POST http://10.180.1.21/identity/v3/projects 0.093s
2025-04-17 12:17:31.925 69537 INFO tempest.lib.common.rest_client [req-88b8d3da-22ab-475b-b641-d911f72eff7d req-88b8d3da-22ab-475b-b641-d911f72eff7d ] Request (VolumesAssistedSnapshotsTest:test_volume_assisted_snapshot_create_delete): 201 POST http://10.180.1.21:9696/networking/v2.0/floatingips 1.101s
2025-04-17 12:17:31.964 69517 INFO tempest.lib.common.rest_client [req-faa491fe-81da-4bca-802f-a80196c4e1e6 req-faa491fe-81da-4bca-802f-a80196c4e1e6 ] Request (ServerMetadataTestJSON:setUpClass): 201 POST http://10.180.1.21:9696/networking/v2.0/networks 0.747s
2025-04-17 12:17:31.973 69505 INFO tempest.lib.common.rest_client [req-12a8c45e-74a1-4730-85b8-32e8f122f221 req-12a8c45e-74a1-4730-85b8-32e8f122f221 ] Request (SecurityGroupsTestJSON:test_list_security_groups_by_server): 200 GET http://10.180.1.21/compute/v2.1/servers/11aaee2b-b47e-4078-9674-f46a5f7878ca 1.162s
2025-04-17 12:17:31.974 69555 INFO tempest.lib.common.rest_client [req-520613a0-4256-4c3e-b280-a138bbebdf2f req-520613a0-4256-4c3e-b280-a138bbebdf2f ] Request (QuotasAdminTestV257:test_get_updated_quotas): 200 GET http://10.180.1.21/identity/v3/domains?name=Default 0.054s
2025-04-17 12:17:31.987 69551 INFO tempest.lib.common.rest_client [req-7ae54a22-0eb4-42f3-8744-c86d02568d76 req-7ae54a22-0eb4-42f3-8744-c86d02568d76 ] Request (QuotasTestJSON:tearDownClass): 201 POST http://10.180.1.21/identity/v3/auth/tokens 0.137s
2025-04-17 12:17:31.997 69535 INFO tempest.lib.common.rest_client [req-45f8538a-7195-4674-bb9e-7643368a670e req-45f8538a-7195-4674-bb9e-7643368a670e ] Request (ValidationResourcesFixture:setUp): 201 POST http://10.180.1.21:9696/networking/v2.0/security-groups 0.586s
2025-04-17 12:17:32.031 69537 INFO tempest.lib.common.rest_client [req-fa139a31-d2cb-4c65-8869-a2ed7fe5cae2 req-fa139a31-d2cb-4c65-8869-a2ed7fe5cae2 ] Request (VolumesAssistedSnapshotsTest:test_volume_assisted_snapshot_create_delete): 201 POST http://10.180.1.21/identity/v3/auth/tokens 0.102s
2025-04-17 12:17:32.032 69537 INFO tempest.lib.common.fixed_network [-] (VolumesAssistedSnapshotsTest:test_volume_assisted_snapshot_create_delete) Found network {'id': 'd0125470-637e-4ef0-a065-2e495f32cdd7', 'name': 'tempest-VolumesAssistedSnapshotsTest-2054414059-network', 'tenant_id': '75bcbc32b59a4099ad4a278f8b64b5f9', 'admin_state_up': True, 'mtu': 8950, 'status': 'ACTIVE', 'subnets': [], 'shared': False, 'project_id': '75bcbc32b59a4099ad4a278f8b64b5f9', 'port_security_enabled': True, 'router:external': False, 'provider:network_type': 'vlan', 'provider:physical_network': 'default', 'provider:segmentation_id': 777, 'availability_zone_hints': [], 'availability_zones': [], 'ipv4_address_scope': None, 'ipv6_address_scope': None, 'description': '', 'tags': [], 'created_at': '2025-04-17T12:17:08Z', 'updated_at': '2025-04-17T12:17:08Z', 'revision_number': 1} available for tenant
2025-04-17 12:17:32.092 69511 INFO tempest.lib.common.rest_client [req-d6fbece6-ddf5-433e-bb01-cc2875f5a01c req-d6fbece6-ddf5-433e-bb01-cc2875f5a01c ] Request (ServerActionsTestJSON:setUpClass): 200 GET http://10.180.1.21/compute/v2.1/servers/1140bb76-ac01-4d31-996b-55e15f547497 1.236s
2025-04-17 12:17:32.094 69507 INFO tempest.lib.common.rest_client [req-1e43dda0-6c95-42bd-bacd-5da42e5095d6 req-1e43dda0-6c95-42bd-bacd-5da42e5095d6 ] Request (ServersTestMultiNic:test_verify_duplicate_network_nics): 200 GET http://10.180.1.21/compute/v2.1/servers/31371445-428d-4236-a833-f07122553cfa 1.530s
2025-04-17 12:17:32.202 69549 INFO tempest.lib.common.rest_client [req-25655ea2-e502-4f83-b56b-d7fa907d8365 req-25655ea2-e502-4f83-b56b-d7fa907d8365 ] Request (QuotasAdminNegativeTest:test_create_server_when_memory_quota_is_full): 200 GET http://10.180.1.21/compute/v2.1/os-quota-sets/15ce93555de84667b3fa8d2875c8b6fa 0.860s
2025-04-17 12:17:32.224 69509 INFO tempest.lib.common.rest_client [req-7314c757-3214-461d-a3b1-0ce024b7f710 req-7314c757-3214-461d-a3b1-0ce024b7f710 ] Request (HostsAdminTestJSON:test_list_hosts_with_zone): 200 GET http://10.180.1.21/compute/v2.1/os-hosts 0.862s
2025-04-17 12:17:32.231 69523 INFO tempest.lib.common.rest_client [req-13cc8c5f-25aa-4f98-8427-7b56da7353cb req-13cc8c5f-25aa-4f98-8427-7b56da7353cb ] Request (HostsAdminNegativeTestJSON:test_update_host_with_non_admin_user): 403 PUT http://10.180.1.21/compute/v2.1/os-hosts/devstack 0.864s
2025-04-17 12:17:32.285 69525 INFO tempest.lib.common.rest_client [req-fc15748c-ad01-42ea-9a8b-0906bfeb502e req-fc15748c-ad01-42ea-9a8b-0906bfeb502e ] Request (ServersV294TestFqdnHostnames:setUpClass): 200 PUT http://10.180.1.21:9696/networking/v2.0/routers/acfcc791-cee4-47a2-8fc0-9e3f3b251c0e/add_router_interface 2.143s
2025-04-17 12:17:32.285 69525 INFO tempest.lib.common.dynamic_creds [-] Created isolated network resources for: credentials: Credentials: {'domain_id': 'default', 'domain_name': 'Default', 'username': 'tempest-ServersV294TestFqdnHostnames-639727780-project-member', 'project_domain_id': 'default', 'project_domain_name': 'Default', 'project_id': 'c60239479e404979953f4914ca7cc886', 'project_name': 'tempest-ServersV294TestFqdnHostnames-639727780', 'tenant_id': 'c60239479e404979953f4914ca7cc886', 'tenant_name': 'tempest-ServersV294TestFqdnHostnames-639727780', 'user_domain_id': 'default', 'user_domain_name': 'Default', 'user_id': 'd4a7b7708ca2484a9ca9fc365da95d12', 'system': None}, Network: {'id': '7f9c1045-4b61-4cff-9f0c-914acc3e9199', 'name': 'tempest-ServersV294TestFqdnHostnames-1876800848-network', 'tenant_id': 'c60239479e404979953f4914ca7cc886', 'admin_state_up': True, 'mtu': 8950, 'status': 'ACTIVE', 'subnets': [], 'shared': False, 'project_id': 'c60239479e404979953f4914ca7cc886', 'port_security_enabled': True, 'router:external': False, 'provider:network_type': 'vlan', 'provider:physical_network': 'default', 'provider:segmentation_id': 388, 'availability_zone_hints': [], 'availability_zones': [], 'ipv4_address_scope': None, 'ipv6_address_scope': None, 'description': '', 'tags': [], 'created_at': '2025-04-17T12:17:28Z', 'updated_at': '2025-04-17T12:17:28Z', 'revision_number': 1}, Subnet: {'id': '18ed04b7-d2f9-4e24-8d17-ccd0c416c91d', 'name': 'tempest-ServersV294TestFqdnHostnames-1876800848-subnet', 'tenant_id': 'c60239479e404979953f4914ca7cc886', 'network_id': '7f9c1045-4b61-4cff-9f0c-914acc3e9199', 'ip_version': 4, 'subnetpool_id': None, 'enable_dhcp': True, 'ipv6_ra_mode': None, 'ipv6_address_mode': None, 'gateway_ip': '192.168.128.1', 'cidr': '192.168.128.0/28', 'allocation_pools': [{'start': '192.168.128.2', 'end': '192.168.128.14'}], 'host_routes': [], 'dns_nameservers': [], 'description': '', 'router:external': False, 'service_types': [], 'tags': [], 'created_at': '2025-04-17T12:17:28Z', 'updated_at': '2025-04-17T12:17:28Z', 'revision_number': 0, 'project_id': 'c60239479e404979953f4914ca7cc886'}, Router: {'id': 'acfcc791-cee4-47a2-8fc0-9e3f3b251c0e', 'name': 'tempest-ServersV294TestFqdnHostnames-1876800848-router', 'tenant_id': 'c60239479e404979953f4914ca7cc886', 'admin_state_up': True, 'status': 'ACTIVE', 'external_gateway_info': {'network_id': '19fcdd98-e8cb-4972-8b59-25376588c17f', 'external_fixed_ips': [{'subnet_id': 'c5b72741-42da-4d30-8409-ed4e80bcddfb', 'ip_address': '10.180.180.138'}], 'enable_snat': True}, 'description': '', 'availability_zones': [], 'distributed': False, 'ha': False, 'availability_zone_hints': [], 'routes': [], 'flavor_id': None, 'tags': [], 'created_at': '2025-04-17T12:17:28Z', 'updated_at': '2025-04-17T12:17:29Z', 'revision_number': 2, 'project_id': 'c60239479e404979953f4914ca7cc886'}
2025-04-17 12:17:32.336 69503 INFO tempest.lib.common.rest_client [req-4c7faa57-106b-4ba2-8b32-4eae512696cd req-4c7faa57-106b-4ba2-8b32-4eae512696cd ] Request (FlavorsAccessTestJSON:tearDownClass): 204 DELETE http://10.180.1.21:9696/networking/v2.0/security-groups/293fa9ea-682e-4a69-afb9-15a2a582cf05 0.429s
2025-04-17 12:17:32.371 69525 INFO tempest.lib.common.rest_client [req-64c8d71a-4777-4917-b63d-d33efae07013 req-64c8d71a-4777-4917-b63d-d33efae07013 ] Request (ServersV294TestFqdnHostnames:setUpClass): 201 POST http://10.180.1.21/identity/v3/auth/tokens 0.080s
2025-04-17 12:17:32.403 69503 INFO tempest.lib.common.rest_client [req-0172326c-eccb-4381-9bc5-1caee55acc3e req-0172326c-eccb-4381-9bc5-1caee55acc3e ] Request (FlavorsAccessTestJSON:tearDownClass): 204 DELETE http://10.180.1.21/identity/v3/projects/04d0a64b13a9486995163830cf0b7e71 0.066s
2025-04-17 12:17:32.421 69541 INFO tempest.lib.common.rest_client [req-b93d3c81-7ddc-46d7-94b9-fd25dc582d50 req-b93d3c81-7ddc-46d7-94b9-fd25dc582d50 ] Request (AttachInterfacesV270Test:test_create_get_list_interfaces): 200 GET http://10.180.1.21/compute/v2.1/servers/b9eb341d-bf37-4848-90b0-a774eb382f72 1.151s
2025-04-17 12:17:32.456 69520 INFO tempest.lib.common.rest_client [req-a9e5bf22-b999-47ca-9c80-2d3a2b8aa12f req-a9e5bf22-b999-47ca-9c80-2d3a2b8aa12f ] Request (SecurityGroupsTestAdminJSON:test_list_security_groups_list_all_tenants_filter): 200 POST http://10.180.1.21/compute/v2.1/os-security-groups 1.082s
2025-04-17 12:17:32.475 69535 INFO tempest.lib.common.rest_client [req-63d585e5-2f1b-4db1-b312-4545b2269d93 req-63d585e5-2f1b-4db1-b312-4545b2269d93 ] Request (ValidationResourcesFixture:setUp): 201 POST http://10.180.1.21:9696/networking/v2.0/security-group-rules 0.478s
2025-04-17 12:17:32.477 69503 INFO tempest.lib.common.rest_client [req-aec0be26-2181-4563-b43b-2d7f50f479f5 req-aec0be26-2181-4563-b43b-2d7f50f479f5 ] Request (NetworksTest:setUpClass): 201 POST http://10.180.1.21/identity/v3/auth/tokens 0.072s
2025-04-17 12:17:32.508 69503 INFO tempest.lib.common.rest_client [req-8eefdf57-7014-46cc-8890-d19c55480c4a req-8eefdf57-7014-46cc-8890-d19c55480c4a ] Request (NetworksTest:setUpClass): 201 POST http://10.180.1.21/identity/v3/auth/tokens 0.029s
2025-04-17 12:17:32.528 69551 INFO tempest.lib.common.rest_client [req-d2a6eab3-e046-49d4-82e1-0ecd780a7bcd req-d2a6eab3-e046-49d4-82e1-0ecd780a7bcd ] Request (QuotasTestJSON:tearDownClass): 200 GET http://10.180.1.21:9696/networking/v2.0/security-groups?tenant_id=67d36cc9143949d387fc9d20ffe4d320&name=default 0.541s
2025-04-17 12:17:32.531 69503 INFO tempest.lib.common.rest_client [req-d4243934-259e-4259-93b0-72be59919402 req-d4243934-259e-4259-93b0-72be59919402 ] Request (NetworksTest:setUpClass): 200 GET http://10.180.1.21/identity/v3/domains?name=Default 0.022s
2025-04-17 12:17:32.536 69553 INFO tempest.lib.common.rest_client [req-2d645b61-a5ff-442d-88a6-db88d1c09d67 req-2d645b61-a5ff-442d-88a6-db88d1c09d67 ] Request (FlavorsAccessNegativeTestJSON:test_flavor_non_admin_add): 403 POST http://10.180.1.21/compute/v2.1/flavors/327276563/action 1.141s
2025-04-17 12:17:32.543 69515 INFO tempest.lib.common.rest_client [req-b8cc9893-836f-4938-ac81-07f253ec36e4 req-b8cc9893-836f-4938-ac81-07f253ec36e4 ] Request (AggregatesAdminNegativeTestJSON:test_aggregate_create_aggregate_name_length_exceeds_255): 400 POST http://10.180.1.21/compute/v2.1/os-aggregates 1.113s
2025-04-17 12:17:32.560 69563 INFO tempest.lib.common.rest_client [req-7ca03980-1f93-4775-ade9-11393304d04f req-7ca03980-1f93-4775-ade9-11393304d04f ] Request (FlavorsAdminTestJSON:test_create_flavor_with_uuid_id): 200 POST http://10.180.1.21/compute/v2.1/flavors 1.109s
2025-04-17 12:17:32.574 69503 INFO tempest.lib.common.rest_client [req-608bef33-fca2-4230-a57b-4443c960f061 req-608bef33-fca2-4230-a57b-4443c960f061 ] Request (NetworksTest:setUpClass): 201 POST http://10.180.1.21/identity/v3/projects 0.041s
2025-04-17 12:17:32.628 69503 INFO tempest.lib.common.rest_client [req-ddd1aea5-f504-4d76-89b8-04310be66f51 req-ddd1aea5-f504-4d76-89b8-04310be66f51 ] Request (NetworksTest:setUpClass): 201 POST http://10.180.1.21/identity/v3/users 0.054s
2025-04-17 12:17:32.639 69547 INFO tempest.lib.common.rest_client [req-b2abe314-0998-4a5b-ae34-c63303740890 req-b2abe314-0998-4a5b-ae34-c63303740890 ] Request (ServerDiagnosticsV248Test:test_get_server_diagnostics): 200 GET http://10.180.1.21/compute/v2.1/servers/9c1492ea-f9d4-4a75-bc32-ca3f958ec3f1 0.952s
2025-04-17 12:17:32.649 69503 INFO tempest.lib.common.rest_client [req-591b07f9-07f8-4f44-a132-ffeff1c0fd19 req-591b07f9-07f8-4f44-a132-ffeff1c0fd19 ] Request (NetworksTest:setUpClass): 200 GET http://10.180.1.21/identity/v3/roles 0.021s
2025-04-17 12:17:32.656 69547 INFO tempest.common.waiters [-] State transition "BUILD/block_device_mapping" ==> "BUILD/spawning" after 14 second wait
2025-04-17 12:17:32.657 69529 INFO tempest.lib.common.rest_client [req-e6153f8c-f2b4-4ff2-8661-cfc4bf13ccb1 req-e6153f8c-f2b4-4ff2-8661-cfc4bf13ccb1 ] Request (ServersAdminNegativeTestJSON:setUpClass): 200 GET http://10.180.1.21/compute/v2.1/servers/16959790-5fdc-4304-b889-45bb6b015c3c 1.234s
2025-04-17 12:17:32.685 69503 INFO tempest.lib.common.rest_client [req-9df2a75d-eae5-4fea-bcd6-e89709a5c87c req-9df2a75d-eae5-4fea-bcd6-e89709a5c87c ] Request (NetworksTest:setUpClass): 204 PUT http://10.180.1.21/identity/v3/projects/97daff105e734ecca86cd4d8a5986adb/users/2072b6e2fee24a19af8ad3200f260cc4/roles/89b12ad877d349d6b54159d52f516991 0.035s
2025-04-17 12:17:32.685 69503 INFO tempest.lib.common.dynamic_creds [-] Dynamic test user 2072b6e2fee24a19af8ad3200f260cc4 is created with scope project and roles: ['member']
2025-04-17 12:17:32.685 69503 INFO tempest.lib.common.dynamic_creds [-] Acquired dynamic creds: credentials: Credentials: {'domain_id': 'default', 'domain_name': 'Default', 'username': 'tempest-NetworksTest-1403009233-project-member', 'project_domain_id': 'default', 'project_domain_name': 'Default', 'project_id': '97daff105e734ecca86cd4d8a5986adb', 'project_name': 'tempest-NetworksTest-1403009233', 'tenant_id': '97daff105e734ecca86cd4d8a5986adb', 'tenant_name': 'tempest-NetworksTest-1403009233', 'user_domain_id': 'default', 'user_domain_name': 'Default', 'user_id': '2072b6e2fee24a19af8ad3200f260cc4', 'system': None}, Network: None, Subnet: None, Router: None
2025-04-17 12:17:32.685 69503 INFO tempest.lib.common.dynamic_creds [-] Created isolated network resources for: credentials: Credentials: {'domain_id': 'default', 'domain_name': 'Default', 'username': 'tempest-NetworksTest-1403009233-project-member', 'project_domain_id': 'default', 'project_domain_name': 'Default', 'project_id': '97daff105e734ecca86cd4d8a5986adb', 'project_name': 'tempest-NetworksTest-1403009233', 'tenant_id': '97daff105e734ecca86cd4d8a5986adb', 'tenant_name': 'tempest-NetworksTest-1403009233', 'user_domain_id': 'default', 'user_domain_name': 'Default', 'user_id': '2072b6e2fee24a19af8ad3200f260cc4', 'system': None}, Network: None, Subnet: None, Router: None
2025-04-17 12:17:32.690 69527 INFO tempest.lib.common.rest_client [req-00e6c0ec-b5b9-48a6-99bb-422740cc37e6 req-00e6c0ec-b5b9-48a6-99bb-422740cc37e6 ] Request (SecurityGroupRulesNegativeTestJSON:setUpClass): 201 POST http://10.180.1.21:9696/networking/v2.0/networks 0.953s
2025-04-17 12:17:32.734 69517 INFO tempest.lib.common.rest_client [req-aa949410-814c-4b0e-9155-decb26a09632 req-aa949410-814c-4b0e-9155-decb26a09632 ] Request (ServerMetadataTestJSON:setUpClass): 201 POST http://10.180.1.21:9696/networking/v2.0/subnets 0.769s
2025-04-17 12:17:32.762 69535 INFO tempest.lib.common.rest_client [req-58259f5b-1cdc-47a3-a536-9e7a70b319c4 req-58259f5b-1cdc-47a3-a536-9e7a70b319c4 ] Request (ValidationResourcesFixture:setUp): 201 POST http://10.180.1.21:9696/networking/v2.0/security-group-rules 0.286s
2025-04-17 12:17:32.784 69503 INFO tempest.lib.common.rest_client [req-e7417c5b-801a-477a-87ad-a81169101957 req-e7417c5b-801a-477a-87ad-a81169101957 ] Request (NetworksTest:setUpClass): 201 POST http://10.180.1.21/identity/v3/auth/tokens 0.094s
2025-04-17 12:17:32.854 69503 INFO tempest.lib.common.rest_client [req-78beb34b-d929-4878-aec4-e12e257ebedc req-78beb34b-d929-4878-aec4-e12e257ebedc ] Request (NetworksTest:setUpClass): 201 POST http://10.180.1.21/identity/v3/projects 0.069s
2025-04-17 12:17:32.891 69513 INFO tempest.lib.common.rest_client [req-ecac2aae-e208-44b5-9cee-2c95834979cc req-ecac2aae-e208-44b5-9cee-2c95834979cc ] Request (DeleteServersAdminTestJSON:test_admin_delete_servers_of_others): 200 GET http://10.180.1.21/compute/v2.1/servers/a1095b15-f871-4dd2-9712-330d26ba4143 0.951s
2025-04-17 12:17:32.919 69503 INFO tempest.lib.common.rest_client [req-5f879706-40bd-4567-87ee-9078b97d2791 req-5f879706-40bd-4567-87ee-9078b97d2791 ] Request (NetworksTest:setUpClass): 201 POST http://10.180.1.21/identity/v3/users 0.065s
2025-04-17 12:17:32.944 69503 INFO tempest.lib.common.rest_client [req-e31fc80c-8a4d-44a7-b81d-b7df63db5734 req-e31fc80c-8a4d-44a7-b81d-b7df63db5734 ] Request (NetworksTest:setUpClass): 200 GET http://10.180.1.21/identity/v3/roles 0.024s
