2025-04-17 12:17:14.125 69537 INFO tempest.lib.common.rest_client [req-841dc12f-0b7c-4850-83e6-fffa48c0aee8 req-841dc12f-0b7c-4850-83e6-fffa48c0aee8 ] Request (VolumesAssistedSnapshotsTest:setUpClass): 201 POST http://10.180.1.21/identity/v3/users 0.655s
2025-04-17 12:17:14.172 69513 INFO tempest.lib.common.rest_client [req-9e144f6e-75e0-47ff-b928-f06ebdc49707 req-9e144f6e-75e0-47ff-b928-f06ebdc49707 ] Request (DeleteServersAdminTestJSON:test_admin_delete_servers_of_others): 201 POST http://10.180.1.21/identity/v3/auth/tokens 0.525s
2025-04-17 12:17:14.172 69513 INFO tempest.lib.common.fixed_network [-] (DeleteServersAdminTestJSON:test_admin_delete_servers_of_others) Found network None available for tenant
2025-04-17 12:17:14.188 69545 INFO tempest.lib.common.rest_client [req-e5940baa-22a0-48d5-af73-f65088d46730 req-e5940baa-22a0-48d5-af73-f65088d46730 ] Request (InstanceUsageAuditLogNegativeTestJSON:tearDownClass): 204 DELETE http://10.180.1.21/identity/v3/projects/2899079d1da94cb4b6ae16fcd79f7aaa 0.487s
2025-04-17 12:17:14.189 69545 INFO tempest.lib.common.dynamic_creds [-] Deleting project and security group for project: d743c494e96d4edcacc0e22017c74a1d
2025-04-17 12:17:14.257 69553 INFO tempest.lib.common.rest_client [req-6875a8eb-c3e0-49fa-a929-80fc8f0de49e req-6875a8eb-c3e0-49fa-a929-80fc8f0de49e ] Request (FlavorsAccessNegativeTestJSON:setUpClass): 201 POST http://10.180.1.21/identity/v3/projects 0.503s
2025-04-17 12:17:14.281 69545 INFO tempest.lib.common.rest_client [req-5aff753b-18bd-4b7e-b4a3-80ba2cade6db req-5aff753b-18bd-4b7e-b4a3-80ba2cade6db ] Request (InstanceUsageAuditLogNegativeTestJSON:tearDownClass): 200 GET http://10.180.1.21:9696/networking/v2.0/security-groups?tenant_id=d743c494e96d4edcacc0e22017c74a1d&name=default 0.091s
2025-04-17 12:17:14.347 69525 INFO tempest.lib.common.rest_client [req-c73e52c2-0475-4b56-b5d3-d552734d6c01 req-c73e52c2-0475-4b56-b5d3-d552734d6c01 ] Request (ImagesDeleteNegativeTestJSON:setUpClass): 200 GET http://10.180.1.21/identity/v3/roles 0.511s
2025-04-17 12:17:14.373 69521 INFO tempest.lib.common.rest_client [req-cbab5050-70c0-404a-aaf6-7a40e321eda7 req-cbab5050-70c0-404a-aaf6-7a40e321eda7 ] Request (ServerAddressesTestJSON:setUpClass): 201 POST http://10.180.1.21/identity/v3/auth/tokens 0.511s
2025-04-17 12:17:14.376 69535 INFO tempest.lib.common.rest_client [req-4e6c7edd-a9c8-44ed-9481-ee407094367f req-4e6c7edd-a9c8-44ed-9481-ee407094367f ] Request (ServersWithSpecificFlavorTestJSON:setUpClass): 200 GET http://10.180.1.21/identity/v3/roles 0.449s
2025-04-17 12:17:14.385 69539 INFO tempest.lib.common.rest_client [req-70f37726-44aa-4bf8-9772-e0486f64db96 req-70f37726-44aa-4bf8-9772-e0486f64db96 ] Request (HypervisorAdminV228Test:test_get_list_hypervisor_details): 200 GET http://10.180.1.21/compute/v2.1/os-hypervisors 1.846s
2025-04-17 12:17:14.389 69545 INFO tempest.lib.common.rest_client [req-26e428d7-3b45-4b21-bb73-20f4f1311b5b req-26e428d7-3b45-4b21-bb73-20f4f1311b5b ] Request (InstanceUsageAuditLogNegativeTestJSON:tearDownClass): 204 DELETE http://10.180.1.21:9696/networking/v2.0/security-groups/a4fab38d-de96-4457-9750-2526c9a654c2 0.108s
2025-04-17 12:17:14.397 69511 INFO tempest.lib.common.rest_client [req-f153b1de-4573-4a5a-b4b4-be7afd53173f req-f153b1de-4573-4a5a-b4b4-be7afd53173f ] Request (ServerActionsTestJSON:setUpClass): 200 GET http://10.180.1.21/identity/v3/roles 0.411s
2025-04-17 12:17:14.417 69505 INFO tempest.lib.common.rest_client [req-1fdae0c8-4e4c-4845-b458-d513938e1582 req-1fdae0c8-4e4c-4845-b458-d513938e1582 ] Request (SecurityGroupsTestJSON:setUpClass): 201 POST http://10.180.1.21/identity/v3/auth/tokens 0.357s
2025-04-17 12:17:14.420 69547 INFO tempest.lib.common.rest_client [req-0f093bb8-935d-472d-803f-335c34df3a69 req-0f093bb8-935d-472d-803f-335c34df3a69 ] Request (ServerDiagnosticsV248Test:test_get_server_diagnostics): 201 POST http://10.180.1.21/identity/v3/auth/tokens 0.487s
2025-04-17 12:17:14.420 69547 INFO tempest.lib.common.fixed_network [-] (ServerDiagnosticsV248Test:test_get_server_diagnostics) Found network None available for tenant
2025-04-17 12:17:14.437 69537 INFO tempest.lib.common.rest_client [req-e26045f8-42e6-4280-ba5d-ab1bbc2460bd req-e26045f8-42e6-4280-ba5d-ab1bbc2460bd ] Request (VolumesAssistedSnapshotsTest:setUpClass): 200 GET http://10.180.1.21/identity/v3/roles 0.311s
2025-04-17 12:17:14.444 69553 INFO tempest.lib.common.rest_client [req-2c1f9b86-56f0-4aeb-8b4a-1f2de34434c2 req-2c1f9b86-56f0-4aeb-8b4a-1f2de34434c2 ] Request (FlavorsAccessNegativeTestJSON:setUpClass): 201 POST http://10.180.1.21/identity/v3/users 0.186s
2025-04-17 12:17:14.457 69525 INFO tempest.lib.common.rest_client [req-766cae7a-2de4-4712-945e-8093dd73b9e1 req-766cae7a-2de4-4712-945e-8093dd73b9e1 ] Request (ImagesDeleteNegativeTestJSON:setUpClass): 204 PUT http://10.180.1.21/identity/v3/projects/3d96a2d4e67240569019f0a880eec04d/users/c438690f7bf74aef929f7a87322b8d13/roles/89b12ad877d349d6b54159d52f516991 0.109s
2025-04-17 12:17:14.457 69525 INFO tempest.lib.common.dynamic_creds [-] Dynamic test user c438690f7bf74aef929f7a87322b8d13 is created with scope project and roles: ['member']
2025-04-17 12:17:14.458 69525 INFO tempest.lib.common.dynamic_creds [-] Acquired dynamic creds: credentials: Credentials: {'domain_id': 'default', 'domain_name': 'Default', 'username': 'tempest-ImagesDeleteNegativeTestJSON-1751633165-project-member', 'project_domain_id': 'default', 'project_domain_name': 'Default', 'project_id': '3d96a2d4e67240569019f0a880eec04d', 'project_name': 'tempest-ImagesDeleteNegativeTestJSON-1751633165', 'tenant_id': '3d96a2d4e67240569019f0a880eec04d', 'tenant_name': 'tempest-ImagesDeleteNegativeTestJSON-1751633165', 'user_domain_id': 'default', 'user_domain_name': 'Default', 'user_id': 'c438690f7bf74aef929f7a87322b8d13', 'system': None}, Network: None, Subnet: None, Router: None
2025-04-17 12:17:14.458 69525 INFO tempest.lib.common.dynamic_creds [-] Created isolated network resources for: credentials: Credentials: {'domain_id': 'default', 'domain_name': 'Default', 'username': 'tempest-ImagesDeleteNegativeTestJSON-1751633165-project-member', 'project_domain_id': 'default', 'project_domain_name': 'Default', 'project_id': '3d96a2d4e67240569019f0a880eec04d', 'project_name': 'tempest-ImagesDeleteNegativeTestJSON-1751633165', 'tenant_id': '3d96a2d4e67240569019f0a880eec04d', 'tenant_name': 'tempest-ImagesDeleteNegativeTestJSON-1751633165', 'user_domain_id': 'default', 'user_domain_name': 'Default', 'user_id': 'c438690f7bf74aef929f7a87322b8d13', 'system': None}, Network: None, Subnet: None, Router: None
2025-04-17 12:17:14.463 69521 INFO tempest.lib.common.rest_client [req-6c27e2d0-b8c1-473a-bb92-fc8b58c1ca52 req-6c27e2d0-b8c1-473a-bb92-fc8b58c1ca52 ] Request (ServerAddressesTestJSON:setUpClass): 200 GET http://10.180.1.21/identity/v3/domains?name=Default 0.089s
2025-04-17 12:17:14.510 69535 INFO tempest.lib.common.rest_client [req-56d1a097-f35c-4dea-a150-c5dd5e3b7133 req-56d1a097-f35c-4dea-a150-c5dd5e3b7133 ] Request (ServersWithSpecificFlavorTestJSON:setUpClass): 204 PUT http://10.180.1.21/identity/v3/projects/69c794f067e340a993114062cd7f8de0/users/d13e263bfa6544ba93e2fc2b28e2ecdb/roles/f774a33ab52e46c9927a46b7a5e6c9dd 0.133s
2025-04-17 12:17:14.510 69535 INFO tempest.lib.common.dynamic_creds [-] Dynamic test user d13e263bfa6544ba93e2fc2b28e2ecdb is created with scope project and roles: ['admin']
2025-04-17 12:17:14.511 69535 INFO tempest.lib.common.dynamic_creds [-] Acquired dynamic creds: credentials: Credentials: {'domain_id': 'default', 'domain_name': 'Default', 'username': 'tempest-ServersWithSpecificFlavorTestJSON-513062151-project-admin', 'project_domain_id': 'default', 'project_domain_name': 'Default', 'project_id': '69c794f067e340a993114062cd7f8de0', 'project_name': 'tempest-ServersWithSpecificFlavorTestJSON-513062151', 'tenant_id': '69c794f067e340a993114062cd7f8de0', 'tenant_name': 'tempest-ServersWithSpecificFlavorTestJSON-513062151', 'user_domain_id': 'default', 'user_domain_name': 'Default', 'user_id': 'd13e263bfa6544ba93e2fc2b28e2ecdb', 'system': None}, Network: None, Subnet: None, Router: None
2025-04-17 12:17:14.560 69563 INFO tempest.lib.common.rest_client [req-08cca233-88f9-43cd-a3d3-dffe1ad5b27c req-08cca233-88f9-43cd-a3d3-dffe1ad5b27c ] Request (FlavorsAdminTestJSON:test_create_flavor_using_string_ram): 200 POST http://10.180.1.21/compute/v2.1/flavors 1.962s
2025-04-17 12:17:14.565 69511 INFO tempest.lib.common.rest_client [req-67f34746-f764-46d5-aa99-3dbfa208332a req-67f34746-f764-46d5-aa99-3dbfa208332a ] Request (ServerActionsTestJSON:setUpClass): 204 PUT http://10.180.1.21/identity/v3/projects/63729a6ac22d4ace9674400b9434cebc/users/2c084958982e4e53ab2c14dd1e690e23/roles/89b12ad877d349d6b54159d52f516991 0.168s
2025-04-17 12:17:14.566 69511 INFO tempest.lib.common.dynamic_creds [-] Dynamic test user 2c084958982e4e53ab2c14dd1e690e23 is created with scope project and roles: ['member']
2025-04-17 12:17:14.566 69511 INFO tempest.lib.common.dynamic_creds [-] Acquired dynamic creds: credentials: Credentials: {'domain_id': 'default', 'domain_name': 'Default', 'username': 'tempest-ServerActionsTestJSON-1367138755-project-member', 'project_domain_id': 'default', 'project_domain_name': 'Default', 'project_id': '63729a6ac22d4ace9674400b9434cebc', 'project_name': 'tempest-ServerActionsTestJSON-1367138755', 'tenant_id': '63729a6ac22d4ace9674400b9434cebc', 'tenant_name': 'tempest-ServerActionsTestJSON-1367138755', 'user_domain_id': 'default', 'user_domain_name': 'Default', 'user_id': '2c084958982e4e53ab2c14dd1e690e23', 'system': None}, Network: None, Subnet: None, Router: None
2025-04-17 12:17:14.573 69527 INFO tempest.lib.common.rest_client [req-5c0f73c0-46e4-403c-8554-b8a69ea88461 req-5c0f73c0-46e4-403c-8554-b8a69ea88461 ] Request (InstanceUsageAuditLogTestJSON:test_list_instance_usage_audit_logs): 200 GET http://10.180.1.21/compute/v2.1/os-instance_usage_audit_log 1.850s
2025-04-17 12:17:14.605 69545 INFO tempest.lib.common.rest_client [req-9a37f155-6b66-468c-a968-e74071a22d0c req-9a37f155-6b66-468c-a968-e74071a22d0c ] Request (InstanceUsageAuditLogNegativeTestJSON:tearDownClass): 204 DELETE http://10.180.1.21/identity/v3/projects/d743c494e96d4edcacc0e22017c74a1d 0.215s
2025-04-17 12:17:14.696 69553 INFO tempest.lib.common.rest_client [req-5dc93952-6f7e-48a5-8995-eeb3b3b0903d req-5dc93952-6f7e-48a5-8995-eeb3b3b0903d ] Request (FlavorsAccessNegativeTestJSON:setUpClass): 200 GET http://10.180.1.21/identity/v3/roles 0.252s
2025-04-17 12:17:14.727 69537 INFO tempest.lib.common.rest_client [req-0037825a-b4cb-4b05-a412-fe36a5aab638 req-0037825a-b4cb-4b05-a412-fe36a5aab638 ] Request (VolumesAssistedSnapshotsTest:setUpClass): 204 PUT http://10.180.1.21/identity/v3/projects/cc0508e485114bd4a79f2b38066a03d6/users/99cde208fabe45558b38c92100ee48ad/roles/f774a33ab52e46c9927a46b7a5e6c9dd 0.288s
2025-04-17 12:17:14.732 69541 INFO tempest.lib.common.rest_client [req-3af633bd-5c5b-4f86-8004-d21e0309bd6a req-3af633bd-5c5b-4f86-8004-d21e0309bd6a ] Request (AttachInterfacesV270Test:test_create_get_list_interfaces): 202 POST http://10.180.1.21/compute/v2.1/servers 2.421s
2025-04-17 12:17:14.788 69525 INFO tempest.lib.common.rest_client [req-f2d79e9e-c12b-4957-bfdc-d59d52006764 req-f2d79e9e-c12b-4957-bfdc-d59d52006764 ] Request (ImagesDeleteNegativeTestJSON:setUpClass): 201 POST http://10.180.1.21/identity/v3/auth/tokens 0.327s
2025-04-17 12:17:14.799 69521 INFO tempest.lib.common.rest_client [req-b8b47684-ff78-46ab-9a92-bb5f5a4b1c1e req-b8b47684-ff78-46ab-9a92-bb5f5a4b1c1e ] Request (ServerAddressesTestJSON:setUpClass): 201 POST http://10.180.1.21/identity/v3/projects 0.335s
2025-04-17 12:17:14.849 69535 INFO tempest.lib.common.rest_client [req-0ed037c3-45b0-4970-bd98-aaaa6b2352d5 req-0ed037c3-45b0-4970-bd98-aaaa6b2352d5 ] Request (ServersWithSpecificFlavorTestJSON:setUpClass): 201 POST http://10.180.1.21:9696/networking/v2.0/networks 0.338s
2025-04-17 12:17:14.855 69511 INFO tempest.lib.common.rest_client [req-76ae1500-a763-451b-84fc-f392a0340704 req-76ae1500-a763-451b-84fc-f392a0340704 ] Request (ServerActionsTestJSON:setUpClass): 201 POST http://10.180.1.21/identity/v3/auth/tokens 0.288s
2025-04-17 12:17:14.907 69527 INFO tempest.lib.common.rest_client [req-e3d3a73e-94fb-404a-8f13-e969eea5bc8f req-e3d3a73e-94fb-404a-8f13-e969eea5bc8f ] Request (InstanceUsageAuditLogTestJSON:tearDownClass): 204 DELETE http://10.180.1.21/identity/v3/users/818eec3b2f5e41b999f73e92e1a31c7b 0.331s
2025-04-17 12:17:14.960 69545 INFO tempest.lib.common.rest_client [req-0dc5ee8a-648c-43fa-9373-2ea225c2ab5b req-0dc5ee8a-648c-43fa-9373-2ea225c2ab5b ] Request (MigrationsAdminTest:setUpClass): 201 POST http://10.180.1.21/identity/v3/auth/tokens 0.354s
2025-04-17 12:17:14.984 69557 INFO tempest.lib.common.rest_client [req-c47d9395-3634-4a8d-81df-a56cfcae47b7 req-c47d9395-3634-4a8d-81df-a56cfcae47b7 ] Request (HypervisorAdminNegativeTestJSON:test_get_hypervisor_list_details_with_non_admin_user): 403 GET http://10.180.1.21/compute/v2.1/os-hypervisors/detail 2.164s
2025-04-17 12:17:15.004 69553 INFO tempest.lib.common.rest_client [req-e14c9367-ab50-4773-b9da-cd0334982312 req-e14c9367-ab50-4773-b9da-cd0334982312 ] Request (FlavorsAccessNegativeTestJSON:setUpClass): 204 PUT http://10.180.1.21/identity/v3/projects/3a30a421bbe64fdd85741a14d33b0ea1/users/82e4243b1b6e4a30b0b5de9c51576b9d/roles/89b12ad877d349d6b54159d52f516991 0.307s
2025-04-17 12:17:15.004 69553 INFO tempest.lib.common.dynamic_creds [-] Dynamic test user 82e4243b1b6e4a30b0b5de9c51576b9d is created with scope project and roles: ['member']
2025-04-17 12:17:15.004 69553 INFO tempest.lib.common.dynamic_creds [-] Acquired dynamic creds: credentials: Credentials: {'domain_id': 'default', 'domain_name': 'Default', 'username': 'tempest-FlavorsAccessNegativeTestJSON-243839949-project-member', 'project_domain_id': 'default', 'project_domain_name': 'Default', 'project_id': '3a30a421bbe64fdd85741a14d33b0ea1', 'project_name': 'tempest-FlavorsAccessNegativeTestJSON-243839949', 'tenant_id': '3a30a421bbe64fdd85741a14d33b0ea1', 'tenant_name': 'tempest-FlavorsAccessNegativeTestJSON-243839949', 'user_domain_id': 'default', 'user_domain_name': 'Default', 'user_id': '82e4243b1b6e4a30b0b5de9c51576b9d', 'system': None}, Network: None, Subnet: None, Router: None
2025-04-17 12:17:15.004 69553 INFO tempest.lib.common.dynamic_creds [-] Created isolated network resources for: credentials: Credentials: {'domain_id': 'default', 'domain_name': 'Default', 'username': 'tempest-FlavorsAccessNegativeTestJSON-243839949-project-member', 'project_domain_id': 'default', 'project_domain_name': 'Default', 'project_id': '3a30a421bbe64fdd85741a14d33b0ea1', 'project_name': 'tempest-FlavorsAccessNegativeTestJSON-243839949', 'tenant_id': '3a30a421bbe64fdd85741a14d33b0ea1', 'tenant_name': 'tempest-FlavorsAccessNegativeTestJSON-243839949', 'user_domain_id': 'default', 'user_domain_name': 'Default', 'user_id': '82e4243b1b6e4a30b0b5de9c51576b9d', 'system': None}, Network: None, Subnet: None, Router: None
2025-04-17 12:17:15.008 69537 INFO tempest.lib.common.rest_client [req-717ae3bf-7f79-48c3-89c5-68aa9c92664f req-717ae3bf-7f79-48c3-89c5-68aa9c92664f ] Request (VolumesAssistedSnapshotsTest:setUpClass): 200 GET http://10.180.1.21/identity/v3/roles 0.281s
2025-04-17 12:17:15.063 69505 INFO tempest.lib.common.rest_client [req-d28be6d2-ce5f-41fa-8b51-84dcf8710446 req-d28be6d2-ce5f-41fa-8b51-84dcf8710446 ] Request (SecurityGroupsTestJSON:setUpClass): 201 POST http://10.180.1.21:9696/networking/v2.0/networks 0.646s
2025-04-17 12:17:15.064 69521 INFO tempest.lib.common.rest_client [req-c5e3fb32-aa8d-46dc-ad13-a783df921bb4 req-c5e3fb32-aa8d-46dc-ad13-a783df921bb4 ] Request (ServerAddressesTestJSON:setUpClass): 201 POST http://10.180.1.21/identity/v3/users 0.265s
2025-04-17 12:17:15.104 69535 INFO tempest.lib.common.rest_client [req-751a4487-12fd-44e2-97e2-ef6117666ace req-751a4487-12fd-44e2-97e2-ef6117666ace ] Request (ServersWithSpecificFlavorTestJSON:setUpClass): 201 POST http://10.180.1.21:9696/networking/v2.0/subnets 0.254s
2025-04-17 12:17:15.126 69531 INFO tempest.lib.common.rest_client [req-78a8648b-fb42-41c2-b08a-f60f28cc4d85 req-78a8648b-fb42-41c2-b08a-f60f28cc4d85 ] Request (HypervisorAdminTestJSON:test_get_hypervisor_list): 200 GET http://10.180.1.21/compute/v2.1/os-hypervisors 2.214s
2025-04-17 12:17:15.136 69527 INFO tempest.lib.common.rest_client [req-127a28ba-eff7-4b62-bdb7-60316e48c20e req-127a28ba-eff7-4b62-bdb7-60316e48c20e ] Request (InstanceUsageAuditLogTestJSON:tearDownClass): 204 DELETE http://10.180.1.21/identity/v3/users/2f3dba594503490ea9b85bb921dd5ad0 0.228s
2025-04-17 12:17:15.137 69527 INFO tempest.lib.common.dynamic_creds [-] Deleting project and security group for project: 4b5172fb901846c589ac4e99eb60d6cf
2025-04-17 12:17:15.176 69545 INFO tempest.lib.common.rest_client [req-396d1cf3-2a20-47fc-af3b-b97a7d12e24d req-396d1cf3-2a20-47fc-af3b-b97a7d12e24d ] Request (MigrationsAdminTest:setUpClass): 201 POST http://10.180.1.21/identity/v3/auth/tokens 0.213s
2025-04-17 12:17:15.241 69537 INFO tempest.lib.common.rest_client [req-f5c5736d-ee3d-499f-bb60-cf8aee5ec674 req-f5c5736d-ee3d-499f-bb60-cf8aee5ec674 ] Request (VolumesAssistedSnapshotsTest:setUpClass): 204 PUT http://10.180.1.21/identity/v3/projects/cc0508e485114bd4a79f2b38066a03d6/users/99cde208fabe45558b38c92100ee48ad/roles/f774a33ab52e46c9927a46b7a5e6c9dd 0.232s
2025-04-17 12:17:15.241 69537 INFO tempest.lib.common.dynamic_creds [-] Dynamic test user 99cde208fabe45558b38c92100ee48ad is created with scope project and roles: ['admin']
2025-04-17 12:17:15.241 69537 INFO tempest.lib.common.dynamic_creds [-] Acquired dynamic creds: credentials: Credentials: {'domain_id': 'default', 'domain_name': 'Default', 'username': 'tempest-VolumesAssistedSnapshotsTest-961275862-project-admin', 'project_domain_id': 'default', 'project_domain_name': 'Default', 'project_id': 'cc0508e485114bd4a79f2b38066a03d6', 'project_name': 'tempest-VolumesAssistedSnapshotsTest-961275862', 'tenant_id': 'cc0508e485114bd4a79f2b38066a03d6', 'tenant_name': 'tempest-VolumesAssistedSnapshotsTest-961275862', 'user_domain_id': 'default', 'user_domain_name': 'Default', 'user_id': '99cde208fabe45558b38c92100ee48ad', 'system': None}, Network: None, Subnet: None, Router: None
2025-04-17 12:17:15.260 69553 INFO tempest.lib.common.rest_client [req-396a5af9-3375-4507-b061-8b6843ec58b9 req-396a5af9-3375-4507-b061-8b6843ec58b9 ] Request (FlavorsAccessNegativeTestJSON:setUpClass): 201 POST http://10.180.1.21/identity/v3/auth/tokens 0.253s
2025-04-17 12:17:15.260 69553 WARNING tempest.lib.common.rest_client [-] Deprecated: "tenant_id" property is deprecated for removal, use "project_id" instead
2025-04-17 12:17:15.279 69520 INFO tempest.lib.common.rest_client [req-96eaed25-ebaf-4c5e-97c8-b1693e2d0289 req-96eaed25-ebaf-4c5e-97c8-b1693e2d0289 ] Request (KeyPairsV210TestJSON:test_admin_manage_keypairs_for_other_users): 201 POST http://10.180.1.21/compute/v2.1/os-keypairs 2.200s
2025-04-17 12:17:15.298 69521 INFO tempest.lib.common.rest_client [req-ef0ee5f0-b200-4158-bb0c-9bacd2df4f39 req-ef0ee5f0-b200-4158-bb0c-9bacd2df4f39 ] Request (ServerAddressesTestJSON:setUpClass): 200 GET http://10.180.1.21/identity/v3/roles 0.233s
2025-04-17 12:17:15.323 69527 INFO tempest.lib.common.rest_client [req-961a1686-7366-4e6a-89b2-96c96d68b183 req-961a1686-7366-4e6a-89b2-96c96d68b183 ] Request (InstanceUsageAuditLogTestJSON:tearDownClass): 201 POST http://10.180.1.21/identity/v3/auth/tokens 0.186s
2025-04-17 12:17:15.346 69545 INFO tempest.lib.common.rest_client [req-38a7600b-0eaf-46db-b1a0-6607b96c13fe req-38a7600b-0eaf-46db-b1a0-6607b96c13fe ] Request (MigrationsAdminTest:setUpClass): 200 GET http://10.180.1.21/identity/v3/domains?name=Default 0.170s
2025-04-17 12:17:15.386 69521 INFO tempest.lib.common.rest_client [req-67bf7348-7b8b-4fa6-ab87-57d02f94ee8a req-67bf7348-7b8b-4fa6-ab87-57d02f94ee8a ] Request (ServerAddressesTestJSON:setUpClass): 204 PUT http://10.180.1.21/identity/v3/projects/6db23ffa3ffb41438fe2c702f6692ead/users/8e34ba3ddda941df98e49f0fa209ad2e/roles/89b12ad877d349d6b54159d52f516991 0.087s
2025-04-17 12:17:15.387 69521 INFO tempest.lib.common.dynamic_creds [-] Dynamic test user 8e34ba3ddda941df98e49f0fa209ad2e is created with scope project and roles: ['member']
2025-04-17 12:17:15.387 69521 INFO tempest.lib.common.dynamic_creds [-] Acquired dynamic creds: credentials: Credentials: {'domain_id': 'default', 'domain_name': 'Default', 'username': 'tempest-ServerAddressesTestJSON-335475544-project-member', 'project_domain_id': 'default', 'project_domain_name': 'Default', 'project_id': '6db23ffa3ffb41438fe2c702f6692ead', 'project_name': 'tempest-ServerAddressesTestJSON-335475544', 'tenant_id': '6db23ffa3ffb41438fe2c702f6692ead', 'tenant_name': 'tempest-ServerAddressesTestJSON-335475544', 'user_domain_id': 'default', 'user_domain_name': 'Default', 'user_id': '8e34ba3ddda941df98e49f0fa209ad2e', 'system': None}, Network: None, Subnet: None, Router: None
2025-04-17 12:17:15.388 69523 INFO tempest.lib.common.rest_client [req-af303b00-490f-431a-9d64-a85d5acc34d0 req-af303b00-490f-431a-9d64-a85d5acc34d0 ] Request (HostsAdminNegativeTestJSON:setUpClass): 200 GET http://10.180.1.21/compute/v2.1/os-hosts 2.003s
2025-04-17 12:17:15.412 69505 INFO tempest.lib.common.rest_client [req-4209e4ca-6267-4960-a2dd-e501de5edc24 req-4209e4ca-6267-4960-a2dd-e501de5edc24 ] Request (SecurityGroupsTestJSON:setUpClass): 201 POST http://10.180.1.21:9696/networking/v2.0/subnets 0.348s
2025-04-17 12:17:15.427 69561 INFO tempest.lib.common.rest_client [req-6f6aab2f-fcd0-4c34-9095-d56c4d22e595 req-6f6aab2f-fcd0-4c34-9095-d56c4d22e595 ] Request (AZAdminV2TestJSON:test_get_availability_zone_list): 200 GET http://10.180.1.21/compute/v2.1/os-availability-zone 1.962s
2025-04-17 12:17:15.452 69545 INFO tempest.lib.common.rest_client [req-eb54deab-46dd-4971-922d-2028fb883fbc req-eb54deab-46dd-4971-922d-2028fb883fbc ] Request (MigrationsAdminTest:setUpClass): 201 POST http://10.180.1.21/identity/v3/projects 0.105s
2025-04-17 12:17:15.508 69511 INFO tempest.lib.common.rest_client [req-cc1bf9f3-7af5-4ff6-8bab-679363800f34 req-cc1bf9f3-7af5-4ff6-8bab-679363800f34 ] Request (ServerActionsTestJSON:setUpClass): 201 POST http://10.180.1.21:9696/networking/v2.0/networks 0.653s
2025-04-17 12:17:15.514 69521 INFO tempest.lib.common.rest_client [req-70ee3c3c-d881-4d5d-a527-7808436ebff3 req-70ee3c3c-d881-4d5d-a527-7808436ebff3 ] Request (ServerAddressesTestJSON:setUpClass): 201 POST http://10.180.1.21/identity/v3/auth/tokens 0.127s
2025-04-17 12:17:15.561 69545 INFO tempest.lib.common.rest_client [req-1499fee2-8dcf-4004-ad71-62765f848594 req-1499fee2-8dcf-4004-ad71-62765f848594 ] Request (MigrationsAdminTest:setUpClass): 201 POST http://10.180.1.21/identity/v3/users 0.108s
2025-04-17 12:17:15.561 69551 INFO tempest.lib.common.rest_client [req-b4e9b023-f4a5-463f-b25c-7fc972694a1e req-b4e9b023-f4a5-463f-b25c-7fc972694a1e ] Request (ServicesAdminTestJSON:test_get_service_by_host_name): 200 GET http://10.180.1.21/compute/v2.1/os-services 2.024s
2025-04-17 12:17:15.582 69509 INFO tempest.lib.common.rest_client [req-6748e7d2-afa5-4a74-9375-a1d76fdb1165 req-6748e7d2-afa5-4a74-9375-a1d76fdb1165 ] Request (FlavorsV255TestJSON:test_crud_flavor): 200 GET http://10.180.1.21/compute/v2.1/flavors/1673831170 1.997s
2025-04-17 12:17:15.605 69555 INFO tempest.lib.common.rest_client [req-1efb8fb2-c84e-49be-ac33-af16ab1d4edf req-1efb8fb2-c84e-49be-ac33-af16ab1d4edf ] Request (FlavorMetadataValidation:_run_cleanups): 202 DELETE http://10.180.1.21/compute/v2.1/flavors/65486950 1.898s
2025-04-17 12:17:15.627 69545 INFO tempest.lib.common.rest_client [req-8bc1d2c1-c9f7-42ab-a3df-08134351a879 req-8bc1d2c1-c9f7-42ab-a3df-08134351a879 ] Request (MigrationsAdminTest:setUpClass): 200 GET http://10.180.1.21/identity/v3/roles 0.065s
2025-04-17 12:17:15.665 69545 INFO tempest.lib.common.rest_client [req-6268560d-9552-401b-99a1-2ae0238b7ddd req-6268560d-9552-401b-99a1-2ae0238b7ddd ] Request (MigrationsAdminTest:setUpClass): 204 PUT http://10.180.1.21/identity/v3/projects/e0570eff5d5d42b1b041803f2ae43c5e/users/6da7fbd7520f410985f286cc73723095/roles/89b12ad877d349d6b54159d52f516991 0.036s
2025-04-17 12:17:15.665 69545 INFO tempest.lib.common.dynamic_creds [-] Dynamic test user 6da7fbd7520f410985f286cc73723095 is created with scope project and roles: ['member']
2025-04-17 12:17:15.665 69545 INFO tempest.lib.common.dynamic_creds [-] Acquired dynamic creds: credentials: Credentials: {'domain_id': 'default', 'domain_name': 'Default', 'username': 'tempest-MigrationsAdminTest-483302050-project-member', 'project_domain_id': 'default', 'project_domain_name': 'Default', 'project_id': 'e0570eff5d5d42b1b041803f2ae43c5e', 'project_name': 'tempest-MigrationsAdminTest-483302050', 'tenant_id': 'e0570eff5d5d42b1b041803f2ae43c5e', 'tenant_name': 'tempest-MigrationsAdminTest-483302050', 'user_domain_id': 'default', 'user_domain_name': 'Default', 'user_id': '6da7fbd7520f410985f286cc73723095', 'system': None}, Network: None, Subnet: None, Router: None
2025-04-17 12:17:15.665 69545 INFO tempest.lib.common.dynamic_creds [-] Created isolated network resources for: credentials: Credentials: {'domain_id': 'default', 'domain_name': 'Default', 'username': 'tempest-MigrationsAdminTest-483302050-project-member', 'project_domain_id': 'default', 'project_domain_name': 'Default', 'project_id': 'e0570eff5d5d42b1b041803f2ae43c5e', 'project_name': 'tempest-MigrationsAdminTest-483302050', 'tenant_id': 'e0570eff5d5d42b1b041803f2ae43c5e', 'tenant_name': 'tempest-MigrationsAdminTest-483302050', 'user_domain_id': 'default', 'user_domain_name': 'Default', 'user_id': '6da7fbd7520f410985f286cc73723095', 'system': None}, Network: None, Subnet: None, Router: None
2025-04-17 12:17:15.670 69565 INFO tempest.lib.common.rest_client [req-e59ff83b-3d0e-4a72-82e6-16c27f4d69e5 req-e59ff83b-3d0e-4a72-82e6-16c27f4d69e5 ] Request (ServersTestFqdnHostnames:test_create_server_with_fqdn_name): 200 POST http://10.180.1.21/compute/v2.1/os-keypairs 2.031s
2025-04-17 12:17:15.706 69517 INFO tempest.lib.common.rest_client [req-9857f81f-0234-4036-bb96-4876a0e0bcc3 req-9857f81f-0234-4036-bb96-4876a0e0bcc3 ] Request (ServicesAdminNegativeTestJSON:test_get_service_by_invalid_params): 200 GET http://10.180.1.21/compute/v2.1/os-services 1.952s
2025-04-17 12:17:15.736 69537 INFO tempest.lib.common.rest_client [req-d16e33fe-55f2-4955-886c-c8c67029c01b req-d16e33fe-55f2-4955-886c-c8c67029c01b ] Request (VolumesAssistedSnapshotsTest:setUpClass): 201 POST http://10.180.1.21:9696/networking/v2.0/networks 0.494s
2025-04-17 12:17:15.752 69527 INFO tempest.lib.common.rest_client [req-e960a279-73e6-47b3-81ab-c159f6a58e44 req-e960a279-73e6-47b3-81ab-c159f6a58e44 ] Request (InstanceUsageAuditLogTestJSON:tearDownClass): 200 GET http://10.180.1.21:9696/networking/v2.0/security-groups?tenant_id=4b5172fb901846c589ac4e99eb60d6cf&name=default 0.428s
2025-04-17 12:17:15.759 69545 INFO tempest.lib.common.rest_client [req-fac987d3-3279-49d2-9bbd-230c905635cf req-fac987d3-3279-49d2-9bbd-230c905635cf ] Request (MigrationsAdminTest:setUpClass): 201 POST http://10.180.1.21/identity/v3/auth/tokens 0.087s
2025-04-17 12:17:15.800 69549 INFO tempest.lib.common.rest_client [req-d421989e-8a23-4112-89b3-9af36616cc11 req-d421989e-8a23-4112-89b3-9af36616cc11 ] Request (AZAdminNegativeTestJSON:test_get_availability_zone_list_detail_with_non_admin_user): 403 GET http://10.180.1.21/compute/v2.1/os-availability-zone/detail 1.965s
2025-04-17 12:17:15.839 69545 INFO tempest.lib.common.rest_client [req-e3898f97-d565-4e33-81fa-d097da192272 req-e3898f97-d565-4e33-81fa-d097da192272 ] Request (MigrationsAdminTest:setUpClass): 201 POST http://10.180.1.21/identity/v3/projects 0.079s
2025-04-17 12:17:15.875 69515 INFO tempest.lib.common.rest_client [req-e3e82024-d4f7-4d71-be26-96446564d352 req-e3e82024-d4f7-4d71-be26-96446564d352 ] Request (AggregatesAdminNegativeTestJSON:setUpClass): 200 GET http://10.180.1.21/compute/v2.1/os-services?binary=nova-compute 1.977s
2025-04-17 12:17:15.902 69545 INFO tempest.lib.common.rest_client [req-4b3b78f0-74d4-43f8-8dbf-6003f7217f3f req-4b3b78f0-74d4-43f8-8dbf-6003f7217f3f ] Request (MigrationsAdminTest:setUpClass): 201 POST http://10.180.1.21/identity/v3/users 0.062s
2025-04-17 12:17:15.943 69549 INFO tempest.lib.common.rest_client [req-2930d535-7911-4256-a8fa-b6ce34cb0a85 req-2930d535-7911-4256-a8fa-b6ce34cb0a85 ] Request (AZAdminNegativeTestJSON:tearDownClass): 204 DELETE http://10.180.1.21/identity/v3/users/d81340ce513945ba9e3f0d17b950149c 0.137s
2025-04-17 12:17:15.973 69507 INFO tempest.lib.common.rest_client [req-93644448-4015-4a93-8e7b-b36c91c9e87a req-93644448-4015-4a93-8e7b-b36c91c9e87a ] Request (ServersTestMultiNic:test_verify_duplicate_network_nics): 200 GET http://10.180.1.21/compute/v2.1/servers/31371445-428d-4236-a833-f07122553cfa 2.186s
2025-04-17 12:17:15.984 69507 INFO tempest.common.waiters [-] State transition "BUILD/None" ==> "BUILD/block_device_mapping" after 5 second wait
2025-04-17 12:17:16.005 69545 INFO tempest.lib.common.rest_client [req-26bb0ac2-a13b-4f2f-82e3-61d3fa8f556e req-26bb0ac2-a13b-4f2f-82e3-61d3fa8f556e ] Request (MigrationsAdminTest:setUpClass): 200 GET http://10.180.1.21/identity/v3/roles 0.102s
2025-04-17 12:17:16.012 69565 INFO tempest.lib.common.rest_client [req-82dd5793-560b-4da2-b61f-f20b9b871f96 req-82dd5793-560b-4da2-b61f-f20b9b871f96 ] Request (ServersTestFqdnHostnames:test_create_server_with_fqdn_name): 201 POST http://10.180.1.21:9696/networking/v2.0/security-groups 0.339s
2025-04-17 12:17:16.030 69503 INFO tempest.lib.common.rest_client [req-7fb2d0d7-a0ed-464b-9071-0d7c72a5a8ec req-7fb2d0d7-a0ed-464b-9071-0d7c72a5a8ec ] Request (FlavorsAccessTestJSON:test_flavor_access_add_remove): 200 POST http://10.180.1.21/compute/v2.1/flavors 2.026s
2025-04-17 12:17:16.062 69511 INFO tempest.lib.common.rest_client [req-0675068d-2626-4b16-b0c0-63146b6f3117 req-0675068d-2626-4b16-b0c0-63146b6f3117 ] Request (ServerActionsTestJSON:setUpClass): 201 POST http://10.180.1.21:9696/networking/v2.0/subnets 0.553s
2025-04-17 12:17:16.066 69549 INFO tempest.lib.common.rest_client [req-7b209204-8530-49fb-bc60-6610b8ca780e req-7b209204-8530-49fb-bc60-6610b8ca780e ] Request (AZAdminNegativeTestJSON:tearDownClass): 204 DELETE http://10.180.1.21/identity/v3/users/d03a4831d2884620ba97acabe58c0e51 0.121s
2025-04-17 12:17:16.066 69549 INFO tempest.lib.common.dynamic_creds [-] Deleting project and security group for project: 81c92a87a87444379967df427f3e9217
2025-04-17 12:17:16.101 69527 INFO tempest.lib.common.rest_client [req-08916ba4-a165-44fc-853d-4138c68c8d60 req-08916ba4-a165-44fc-853d-4138c68c8d60 ] Request (InstanceUsageAuditLogTestJSON:tearDownClass): 204 DELETE http://10.180.1.21:9696/networking/v2.0/security-groups/bcbd4a2f-6c8e-43ea-b664-681159894225 0.349s
2025-04-17 12:17:16.123 69545 INFO tempest.lib.common.rest_client [req-43b97d75-15be-4ef6-b065-066e3c7d77bd req-43b97d75-15be-4ef6-b065-066e3c7d77bd ] Request (MigrationsAdminTest:setUpClass): 204 PUT http://10.180.1.21/identity/v3/projects/a87149e6e35e47b0a268c68477ead8dc/users/0e6ef3a921f64adcb9405fec88863947/roles/f774a33ab52e46c9927a46b7a5e6c9dd 0.118s
2025-04-17 12:17:16.185 69549 INFO tempest.lib.common.rest_client [req-74d1389a-dbf7-426a-94ec-b9a744597040 req-74d1389a-dbf7-426a-94ec-b9a744597040 ] Request (AZAdminNegativeTestJSON:tearDownClass): 201 POST http://10.180.1.21/identity/v3/auth/tokens 0.119s
2025-04-17 12:17:16.195 69545 INFO tempest.lib.common.rest_client [req-f6ad5906-9471-44a1-9446-8f0133091238 req-f6ad5906-9471-44a1-9446-8f0133091238 ] Request (MigrationsAdminTest:setUpClass): 200 GET http://10.180.1.21/identity/v3/roles 0.072s
2025-04-17 12:17:16.213 69559 INFO tempest.lib.common.rest_client [req-d2f3a44b-bafa-4261-96a9-c0cf05b58719 req-d2f3a44b-bafa-4261-96a9-c0cf05b58719 ] Request (HypervisorAdminUnderV252Test:test_get_hypervisor_show_servers): 200 GET http://10.180.1.21/compute/v2.1/os-hypervisors 2.144s
2025-04-17 12:17:16.217 69545 INFO tempest.lib.common.rest_client [req-51089964-efea-4e6e-bff6-db7b9634ad44 req-51089964-efea-4e6e-bff6-db7b9634ad44 ] Request (MigrationsAdminTest:setUpClass): 204 PUT http://10.180.1.21/identity/v3/projects/a87149e6e35e47b0a268c68477ead8dc/users/0e6ef3a921f64adcb9405fec88863947/roles/f774a33ab52e46c9927a46b7a5e6c9dd 0.021s
2025-04-17 12:17:16.217 69545 INFO tempest.lib.common.dynamic_creds [-] Dynamic test user 0e6ef3a921f64adcb9405fec88863947 is created with scope project and roles: ['admin']
2025-04-17 12:17:16.218 69545 INFO tempest.lib.common.dynamic_creds [-] Acquired dynamic creds: credentials: Credentials: {'domain_id': 'default', 'domain_name': 'Default', 'username': 'tempest-MigrationsAdminTest-1196219168-project-admin', 'project_domain_id': 'default', 'project_domain_name': 'Default', 'project_id': 'a87149e6e35e47b0a268c68477ead8dc', 'project_name': 'tempest-MigrationsAdminTest-1196219168', 'tenant_id': 'a87149e6e35e47b0a268c68477ead8dc', 'tenant_name': 'tempest-MigrationsAdminTest-1196219168', 'user_domain_id': 'default', 'user_domain_name': 'Default', 'user_id': '0e6ef3a921f64adcb9405fec88863947', 'system': None}, Network: None, Subnet: None, Router: None
2025-04-17 12:17:16.218 69545 INFO tempest.lib.common.dynamic_creds [-] Created isolated network resources for: credentials: Credentials: {'domain_id': 'default', 'domain_name': 'Default', 'username': 'tempest-MigrationsAdminTest-1196219168-project-admin', 'project_domain_id': 'default', 'project_domain_name': 'Default', 'project_id': 'a87149e6e35e47b0a268c68477ead8dc', 'project_name': 'tempest-MigrationsAdminTest-1196219168', 'tenant_id': 'a87149e6e35e47b0a268c68477ead8dc', 'tenant_name': 'tempest-MigrationsAdminTest-1196219168', 'user_domain_id': 'default', 'user_domain_name': 'Default', 'user_id': '0e6ef3a921f64adcb9405fec88863947', 'system': None}, Network: None, Subnet: None, Router: None
2025-04-17 12:17:16.250 69527 INFO tempest.lib.common.rest_client [req-26acf9b6-8dc4-4f14-a591-629d793fa77d req-26acf9b6-8dc4-4f14-a591-629d793fa77d ] Request (InstanceUsageAuditLogTestJSON:tearDownClass): 204 DELETE http://10.180.1.21/identity/v3/projects/4b5172fb901846c589ac4e99eb60d6cf 0.148s
2025-04-17 12:17:16.251 69527 INFO tempest.lib.common.dynamic_creds [-] Deleting project and security group for project: 7298f110caed4eb0a9fbc4527e5b7fac
2025-04-17 12:17:16.289 69565 INFO tempest.lib.common.rest_client [req-fd50c93c-54eb-455a-94c3-5b899db79c41 req-fd50c93c-54eb-455a-94c3-5b899db79c41 ] Request (ServersTestFqdnHostnames:test_create_server_with_fqdn_name): 201 POST http://10.180.1.21:9696/networking/v2.0/security-group-rules 0.277s
2025-04-17 12:17:16.328 69545 INFO tempest.lib.common.rest_client [req-b3415493-da30-4bf6-aa4b-3c156814abdb req-b3415493-da30-4bf6-aa4b-3c156814abdb ] Request (MigrationsAdminTest:setUpClass): 201 POST http://10.180.1.21/identity/v3/auth/tokens 0.107s
2025-04-17 12:17:16.340 69537 INFO tempest.lib.common.rest_client [req-30bb86a5-9baf-40e2-8a82-d1cc8daa0166 req-30bb86a5-9baf-40e2-8a82-d1cc8daa0166 ] Request (VolumesAssistedSnapshotsTest:setUpClass): 201 POST http://10.180.1.21:9696/networking/v2.0/subnets 0.603s
2025-04-17 12:17:16.440 69533 INFO tempest.lib.common.rest_client [req-c19d7464-9765-4215-841b-b906bd67f9a0 req-c19d7464-9765-4215-841b-b906bd67f9a0 ] Request (ServerDiagnosticsNegativeTest:test_get_server_diagnostics_by_non_admin): 202 POST http://10.180.1.21/compute/v2.1/servers 2.407s
2025-04-17 12:17:16.537 69521 INFO tempest.lib.common.rest_client [req-f732c759-cd14-4946-934a-8902b41f429e req-f732c759-cd14-4946-934a-8902b41f429e ] Request (ServerAddressesTestJSON:setUpClass): 201 POST http://10.180.1.21:9696/networking/v2.0/networks 1.022s
2025-04-17 12:17:16.801 69527 INFO tempest.lib.common.rest_client [req-a66743f0-86be-4d3e-9fa2-9809d09819b3 req-a66743f0-86be-4d3e-9fa2-9809d09819b3 ] Request (InstanceUsageAuditLogTestJSON:tearDownClass): 200 GET http://10.180.1.21:9696/networking/v2.0/security-groups?tenant_id=7298f110caed4eb0a9fbc4527e5b7fac&name=default 0.549s
2025-04-17 12:17:16.823 69565 INFO tempest.lib.common.rest_client [req-01d04eea-89b2-45da-8ca2-ee6c2906a8a1 req-01d04eea-89b2-45da-8ca2-ee6c2906a8a1 ] Request (ServersTestFqdnHostnames:test_create_server_with_fqdn_name): 201 POST http://10.180.1.21:9696/networking/v2.0/security-group-rules 0.533s
2025-04-17 12:17:16.883 69549 INFO tempest.lib.common.rest_client [req-72a7903e-0cb6-419c-9ec9-3ab39ebd731b req-72a7903e-0cb6-419c-9ec9-3ab39ebd731b ] Request (AZAdminNegativeTestJSON:tearDownClass): 200 GET http://10.180.1.21:9696/networking/v2.0/security-groups?tenant_id=81c92a87a87444379967df427f3e9217&name=default 0.698s
2025-04-17 12:17:16.995 69513 INFO tempest.lib.common.rest_client [req-3c7ba846-6156-4d7e-ba72-9fe7e714e4d0 req-3c7ba846-6156-4d7e-ba72-9fe7e714e4d0 ] Request (DeleteServersAdminTestJSON:test_admin_delete_servers_of_others): 202 POST http://10.180.1.21/compute/v2.1/servers 2.822s
2025-04-17 12:17:17.016 69539 INFO tempest.lib.common.rest_client [req-a2457dfc-61b4-4ce2-91f4-c2f9c69c9cd6 req-a2457dfc-61b4-4ce2-91f4-c2f9c69c9cd6 ] Request (HypervisorAdminV228Test:test_get_list_hypervisor_details): 200 GET http://10.180.1.21/compute/v2.1/os-hypervisors/1 2.627s
2025-04-17 12:17:17.111 69539 INFO tempest.lib.common.rest_client [req-d293439f-1356-447e-be03-36e7f69ae9b2 req-d293439f-1356-447e-be03-36e7f69ae9b2 ] Request (HypervisorAdminV228Test:tearDownClass): 204 DELETE http://10.180.1.21/identity/v3/users/129710170b7d4c01aad527a2d9ecc6e9 0.086s
2025-04-17 12:17:17.136 69549 INFO tempest.lib.common.rest_client [req-d19d3f6e-c6ac-4de5-b57a-3e294a82dad8 req-d19d3f6e-c6ac-4de5-b57a-3e294a82dad8 ] Request (AZAdminNegativeTestJSON:tearDownClass): 204 DELETE http://10.180.1.21:9696/networking/v2.0/security-groups/94b7474d-7145-4705-9a41-27c08f1923f4 0.252s
2025-04-17 12:17:17.140 69527 INFO tempest.lib.common.rest_client [req-5c9fc275-d633-4fc9-95fb-ebc4cbfad5de req-5c9fc275-d633-4fc9-95fb-ebc4cbfad5de ] Request (InstanceUsageAuditLogTestJSON:tearDownClass): 204 DELETE http://10.180.1.21:9696/networking/v2.0/security-groups/40ad5e82-f1e0-43e2-9eea-9be0dccf913d 0.339s
2025-04-17 12:17:17.175 69543 INFO tempest.lib.common.rest_client [req-2ece4020-6d4e-4309-b217-d3ffcb40027b req-2ece4020-6d4e-4309-b217-d3ffcb40027b ] Request (ListServerFiltersTestJSON:setUpClass): 202 POST http://10.180.1.21/compute/v2.1/servers 3.058s
2025-04-17 12:17:17.197 69563 INFO tempest.lib.common.rest_client [req-00c30f55-a72c-43d7-92c1-70a8ae11b06e req-00c30f55-a72c-43d7-92c1-70a8ae11b06e ] Request (FlavorsAdminTestJSON:_run_cleanups): 202 DELETE http://10.180.1.21/compute/v2.1/flavors/526448450 2.633s
2025-04-17 12:17:17.222 69547 INFO tempest.lib.common.rest_client [req-4f0f0e61-cd6f-439f-8354-32041599d0d9 req-4f0f0e61-cd6f-439f-8354-32041599d0d9 ] Request (ServerDiagnosticsV248Test:test_get_server_diagnostics): 202 POST http://10.180.1.21/compute/v2.1/servers 2.800s
2025-04-17 12:17:17.242 69539 INFO tempest.lib.common.rest_client [req-b5b0f10e-382f-407d-8357-490e8e6086a5 req-b5b0f10e-382f-407d-8357-490e8e6086a5 ] Request (HypervisorAdminV228Test:tearDownClass): 204 DELETE http://10.180.1.21/identity/v3/users/9ece4c43d7284c81892cf3d440b82808 0.130s
2025-04-17 12:17:17.243 69539 INFO tempest.lib.common.dynamic_creds [-] Deleting project and security group for project: 577069bf982744e995214893bf19a3c2
2025-04-17 12:17:17.272 69549 INFO tempest.lib.common.rest_client [req-02ad70d4-380c-4819-8120-16b31bf6742a req-02ad70d4-380c-4819-8120-16b31bf6742a ] Request (AZAdminNegativeTestJSON:tearDownClass): 204 DELETE http://10.180.1.21/identity/v3/projects/81c92a87a87444379967df427f3e9217 0.135s
2025-04-17 12:17:17.273 69549 INFO tempest.lib.common.dynamic_creds [-] Deleting project and security group for project: 1ec3dbafd8d343f1ad71d1a4ce1dfd01
2025-04-17 12:17:17.334 69543 INFO tempest.lib.common.rest_client [req-66be6578-c5ce-470a-ad39-4313fbce9487 req-66be6578-c5ce-470a-ad39-4313fbce9487 ] Request (ListServerFiltersTestJSON:setUpClass): 201 POST http://10.180.1.21/identity/v3/auth/tokens 0.148s
2025-04-17 12:17:17.334 69543 INFO tempest.lib.common.fixed_network [-] (ListServerFiltersTestJSON:setUpClass) Found network {'id': '837c7e24-f338-490b-b079-d3f5c5c24469', 'name': 'tempest-ListServerFiltersTestJSON-1645086170-network', 'tenant_id': 'f3fada40ad194197be6741a998d2c1de', 'admin_state_up': True, 'mtu': 8950, 'status': 'ACTIVE', 'subnets': [], 'shared': False, 'project_id': 'f3fada40ad194197be6741a998d2c1de', 'port_security_enabled': True, 'router:external': False, 'provider:network_type': 'vlan', 'provider:physical_network': 'default', 'provider:segmentation_id': 895, 'availability_zone_hints': [], 'availability_zones': [], 'ipv4_address_scope': None, 'ipv6_address_scope': None, 'description': '', 'tags': [], 'created_at': '2025-04-17T12:17:05Z', 'updated_at': '2025-04-17T12:17:05Z', 'revision_number': 1} available for tenant
2025-04-17 12:17:17.335 69541 INFO tempest.lib.common.rest_client [req-bdc982b6-a93d-4689-8139-f8ec0c31eb83 req-bdc982b6-a93d-4689-8139-f8ec0c31eb83 ] Request (AttachInterfacesV270Test:test_create_get_list_interfaces): 200 GET http://10.180.1.21/compute/v2.1/servers/b9eb341d-bf37-4848-90b0-a774eb382f72 2.601s
2025-04-17 12:17:17.348 69521 INFO tempest.lib.common.rest_client [req-6fc9343c-efba-4cb3-9a7a-8f5fe0845cc1 req-6fc9343c-efba-4cb3-9a7a-8f5fe0845cc1 ] Request (ServerAddressesTestJSON:setUpClass): 201 POST http://10.180.1.21:9696/networking/v2.0/subnets 0.809s
2025-04-17 12:17:17.365 69527 INFO tempest.lib.common.rest_client [req-a15d3364-f20f-433d-afb3-3440c9ef5d16 req-a15d3364-f20f-433d-afb3-3440c9ef5d16 ] Request (InstanceUsageAuditLogTestJSON:tearDownClass): 204 DELETE http://10.180.1.21/identity/v3/projects/7298f110caed4eb0a9fbc4527e5b7fac 0.223s
2025-04-17 12:17:17.368 69535 INFO tempest.lib.common.rest_client [req-7ccb96c6-5943-4eec-ac21-08a793dd3684 req-7ccb96c6-5943-4eec-ac21-08a793dd3684 ] Request (ServersWithSpecificFlavorTestJSON:setUpClass): 201 POST http://10.180.1.21:9696/networking/v2.0/routers 2.263s
2025-04-17 12:17:17.430 69539 INFO tempest.lib.common.rest_client [req-81759940-a1b6-4d33-b675-23decb1241d3 req-81759940-a1b6-4d33-b675-23decb1241d3 ] Request (HypervisorAdminV228Test:tearDownClass): 201 POST http://10.180.1.21/identity/v3/auth/tokens 0.187s
2025-04-17 12:17:17.452 69527 INFO tempest.lib.common.rest_client [req-dcf2cbfe-2f1f-45fe-978d-140e0726bffa req-dcf2cbfe-2f1f-45fe-978d-140e0726bffa ] Request (QuotaClassesAdminTestJSON:setUpClass): 201 POST http://10.180.1.21/identity/v3/auth/tokens 0.085s
2025-04-17 12:17:17.480 69527 INFO tempest.lib.common.rest_client [req-86ac3fec-9413-4f47-a936-51d464a41f5d req-86ac3fec-9413-4f47-a936-51d464a41f5d ] Request (QuotaClassesAdminTestJSON:setUpClass): 201 POST http://10.180.1.21/identity/v3/auth/tokens 0.026s
2025-04-17 12:17:17.482 69525 INFO tempest.lib.common.rest_client [req-88acb2c3-bcc5-4c27-96d6-63ba705f1677 req-88acb2c3-bcc5-4c27-96d6-63ba705f1677 ] Request (ImagesDeleteNegativeTestJSON:test_delete_image_blank_id): 404 DELETE http://10.180.1.21/compute/v2.1/images/ 2.693s
2025-04-17 12:17:17.508 69527 INFO tempest.lib.common.rest_client [req-5c8fd347-effb-4e31-a32b-81a3228b81b3 req-5c8fd347-effb-4e31-a32b-81a3228b81b3 ] Request (QuotaClassesAdminTestJSON:setUpClass): 200 GET http://10.180.1.21/identity/v3/domains?name=Default 0.028s
2025-04-17 12:17:17.553 69527 INFO tempest.lib.common.rest_client [req-084702ea-b10b-4f78-b71b-dece66aff543 req-084702ea-b10b-4f78-b71b-dece66aff543 ] Request (QuotaClassesAdminTestJSON:setUpClass): 201 POST http://10.180.1.21/identity/v3/projects 0.044s
2025-04-17 12:17:17.585 69557 INFO tempest.lib.common.rest_client [req-2c32eeab-87b0-41bb-84c9-eea91c16a6d9 req-2c32eeab-87b0-41bb-84c9-eea91c16a6d9 ] Request (HypervisorAdminNegativeTestJSON:test_get_hypervisor_list_with_non_admin_user): 403 GET http://10.180.1.21/compute/v2.1/os-hypervisors 2.594s
2025-04-17 12:17:17.605 69549 INFO tempest.lib.common.rest_client [req-d83af5c1-f446-4a30-9c62-e068e140d769 req-d83af5c1-f446-4a30-9c62-e068e140d769 ] Request (AZAdminNegativeTestJSON:tearDownClass): 200 GET http://10.180.1.21:9696/networking/v2.0/security-groups?tenant_id=1ec3dbafd8d343f1ad71d1a4ce1dfd01&name=default 0.332s
2025-04-17 12:17:17.607 69531 INFO tempest.lib.common.rest_client [req-ed85aa61-e211-49f9-a041-ca27f8cd6950 req-ed85aa61-e211-49f9-a041-ca27f8cd6950 ] Request (HypervisorAdminTestJSON:test_get_hypervisor_list_details): 200 GET http://10.180.1.21/compute/v2.1/os-hypervisors/detail 2.475s
2025-04-17 12:17:17.633 69527 INFO tempest.lib.common.rest_client [req-fb587cd0-7518-46f9-83a2-d58554c91972 req-fb587cd0-7518-46f9-83a2-d58554c91972 ] Request (QuotaClassesAdminTestJSON:setUpClass): 201 POST http://10.180.1.21/identity/v3/users 0.080s
2025-04-17 12:17:17.657 69527 INFO tempest.lib.common.rest_client [req-af398c30-81e8-4e54-98d9-ab2e8b08d5ea req-af398c30-81e8-4e54-98d9-ab2e8b08d5ea ] Request (QuotaClassesAdminTestJSON:setUpClass): 200 GET http://10.180.1.21/identity/v3/roles 0.023s
2025-04-17 12:17:17.685 69527 INFO tempest.lib.common.rest_client [req-dad1e4a4-e8b1-4e9e-afdc-10f2ccb88e54 req-dad1e4a4-e8b1-4e9e-afdc-10f2ccb88e54 ] Request (QuotaClassesAdminTestJSON:setUpClass): 204 PUT http://10.180.1.21/identity/v3/projects/ebbc15e453c04313ae918ef21a6ce3eb/users/239e79f0c8624b44b83c3cd7537f4c01/roles/89b12ad877d349d6b54159d52f516991 0.027s
2025-04-17 12:17:17.686 69527 INFO tempest.lib.common.dynamic_creds [-] Dynamic test user 239e79f0c8624b44b83c3cd7537f4c01 is created with scope project and roles: ['member']
2025-04-17 12:17:17.686 69527 INFO tempest.lib.common.dynamic_creds [-] Acquired dynamic creds: credentials: Credentials: {'domain_id': 'default', 'domain_name': 'Default', 'username': 'tempest-QuotaClassesAdminTestJSON-554365653-project-member', 'project_domain_id': 'default', 'project_domain_name': 'Default', 'project_id': 'ebbc15e453c04313ae918ef21a6ce3eb', 'project_name': 'tempest-QuotaClassesAdminTestJSON-554365653', 'tenant_id': 'ebbc15e453c04313ae918ef21a6ce3eb', 'tenant_name': 'tempest-QuotaClassesAdminTestJSON-554365653', 'user_domain_id': 'default', 'user_domain_name': 'Default', 'user_id': '239e79f0c8624b44b83c3cd7537f4c01', 'system': None}, Network: None, Subnet: None, Router: None
2025-04-17 12:17:17.686 69527 INFO tempest.lib.common.dynamic_creds [-] Created isolated network resources for: credentials: Credentials: {'domain_id': 'default', 'domain_name': 'Default', 'username': 'tempest-QuotaClassesAdminTestJSON-554365653-project-member', 'project_domain_id': 'default', 'project_domain_name': 'Default', 'project_id': 'ebbc15e453c04313ae918ef21a6ce3eb', 'project_name': 'tempest-QuotaClassesAdminTestJSON-554365653', 'tenant_id': 'ebbc15e453c04313ae918ef21a6ce3eb', 'tenant_name': 'tempest-QuotaClassesAdminTestJSON-554365653', 'user_domain_id': 'default', 'user_domain_name': 'Default', 'user_id': '239e79f0c8624b44b83c3cd7537f4c01', 'system': None}, Network: None, Subnet: None, Router: None
2025-04-17 12:17:17.725 69553 INFO tempest.lib.common.rest_client [req-c19d222c-f178-4a31-9a52-9d35c41366a9 req-c19d222c-f178-4a31-9a52-9d35c41366a9 ] Request (FlavorsAccessNegativeTestJSON:test_add_flavor_access_duplicate): 200 POST http://10.180.1.21/compute/v2.1/flavors 2.464s
2025-04-17 12:17:17.768 69520 INFO tempest.lib.common.rest_client [req-2f47b025-2fca-426c-a6e0-5e50f6657b53 req-2f47b025-2fca-426c-a6e0-5e50f6657b53 ] Request (KeyPairsV210TestJSON:test_admin_manage_keypairs_for_other_users): 201 POST http://10.180.1.21/compute/v2.1/os-keypairs 2.487s
2025-04-17 12:17:17.770 69527 INFO tempest.lib.common.rest_client [req-8ebc46a2-9a52-41a8-b0e2-343c31a1217e req-8ebc46a2-9a52-41a8-b0e2-343c31a1217e ] Request (QuotaClassesAdminTestJSON:setUpClass): 201 POST http://10.180.1.21/identity/v3/auth/tokens 0.079s
2025-04-17 12:17:17.819 69529 INFO tempest.lib.common.rest_client [req-717c519b-58e5-4393-87d0-ff364c946ef8 req-717c519b-58e5-4393-87d0-ff364c946ef8 ] Request (ServersAdminNegativeTestJSON:setUpClass): 200 GET http://10.180.1.21/compute/v2.1/servers/16959790-5fdc-4304-b889-45bb6b015c3c 3.020s
2025-04-17 12:17:17.837 69549 INFO tempest.lib.common.rest_client [req-aa889cdd-38b4-4b3d-9cda-c148674d7017 req-aa889cdd-38b4-4b3d-9cda-c148674d7017 ] Request (AZAdminNegativeTestJSON:tearDownClass): 204 DELETE http://10.180.1.21:9696/networking/v2.0/security-groups/5ac46de3-a182-4b1b-8a71-3432c0b6cbb7 0.231s
2025-04-17 12:17:17.843 69561 INFO tempest.lib.common.rest_client [req-78525cab-5aa8-4088-b96c-2b74fd4d93de req-78525cab-5aa8-4088-b96c-2b74fd4d93de ] Request (AZAdminV2TestJSON:test_get_availability_zone_list_detail): 200 GET http://10.180.1.21/compute/v2.1/os-availability-zone/detail 2.403s
2025-04-17 12:17:17.868 69551 INFO tempest.lib.common.rest_client [req-b411e451-3bd1-4ba9-95fb-a08ba58d0a1a req-b411e451-3bd1-4ba9-95fb-a08ba58d0a1a ] Request (ServicesAdminTestJSON:test_get_service_by_host_name): 200 GET http://10.180.1.21/compute/v2.1/os-services?host=devstack 2.301s
2025-04-17 12:17:17.871 69527 INFO tempest.lib.common.rest_client [req-1f89a2b3-4ef9-4a82-a696-3afde8ea9c5c req-1f89a2b3-4ef9-4a82-a696-3afde8ea9c5c ] Request (QuotaClassesAdminTestJSON:setUpClass): 201 POST http://10.180.1.21/identity/v3/projects 0.100s
2025-04-17 12:17:17.886 69523 INFO tempest.lib.common.rest_client [req-3f7315f5-bc4d-43ae-8821-03b4ee34e12a req-3f7315f5-bc4d-43ae-8821-03b4ee34e12a ] Request (HostsAdminNegativeTestJSON:test_list_hosts_with_non_admin_user): 403 GET http://10.180.1.21/compute/v2.1/os-hosts 2.497s
2025-04-17 12:17:17.914 69509 INFO tempest.lib.common.rest_client [req-c28cd15a-984f-436b-af4c-248823368b16 req-c28cd15a-984f-436b-af4c-248823368b16 ] Request (FlavorsV255TestJSON:test_crud_flavor): 200 PUT http://10.180.1.21/compute/v2.1/flavors/1673831170 2.328s
