2025-04-17 12:17:48.846 69553 INFO tempest.lib.common.dynamic_creds [-] Created isolated network resources for: credentials: Credentials: {'domain_id': 'default', 'domain_name': 'Default', 'username': 'tempest-ServersAdmin275Test-2002803998-project-member', 'project_domain_id': 'default', 'project_domain_name': 'Default', 'project_id': '2a85bf0287b2483d84162a1113df8a90', 'project_name': 'tempest-ServersAdmin275Test-2002803998', 'tenant_id': '2a85bf0287b2483d84162a1113df8a90', 'tenant_name': 'tempest-ServersAdmin275Test-2002803998', 'user_domain_id': 'default', 'user_domain_name': 'Default', 'user_id': 'c39d7deeb18548ae858d0015b3738375', 'system': None}, Network: None, Subnet: None, Router: None
2025-04-17 12:17:48.862 69523 INFO tempest.lib.common.rest_client [req-97c56f9a-1484-4767-8b6e-b7f6233b2231 req-97c56f9a-1484-4767-8b6e-b7f6233b2231 ] Request (SecurityGroupsNegativeTestJSON:test_delete_the_default_security_group): 200 GET http://10.180.1.21/compute/v2.1/os-security-groups 0.439s
2025-04-17 12:17:48.913 69551 INFO tempest.lib.common.rest_client [req-7d4d865c-32ad-4f7b-af39-f9e585716f24 req-7d4d865c-32ad-4f7b-af39-f9e585716f24 ] Request (AttachVolumeNegativeTest:test_attach_attached_volume_to_different_server): 200 GET http://10.180.1.21/compute/v2.1/servers/81b5e27a-8113-49fc-a845-3160f3bfb030 0.486s
2025-04-17 12:17:48.915 69553 INFO tempest.lib.common.rest_client [req-688af913-a671-4852-b610-1858cd24e82b req-688af913-a671-4852-b610-1858cd24e82b ] Request (ServersAdmin275Test:setUpClass): 201 POST http://10.180.1.21/identity/v3/auth/tokens 0.066s
2025-04-17 12:17:48.970 69531 INFO tempest.lib.common.rest_client [req-ec622f4b-c41f-460d-a012-dfb77c96cb25 req-ec622f4b-c41f-460d-a012-dfb77c96cb25 ] Request (ServerExternalEventsTest:test_create_server_external_events): 200 GET http://10.180.1.21/compute/v2.1/servers/4053c7e0-9f0d-4acf-90be-0dab69650838 0.483s
2025-04-17 12:17:48.977 69553 INFO tempest.lib.common.rest_client [req-2b19e58a-5c83-4b3f-890e-9cdca9adcf4a req-2b19e58a-5c83-4b3f-890e-9cdca9adcf4a ] Request (ServersAdmin275Test:setUpClass): 201 POST http://10.180.1.21/identity/v3/projects 0.061s
2025-04-17 12:17:49.038 69553 INFO tempest.lib.common.rest_client [req-d34295f6-0f7b-4639-af67-508c047d391b req-d34295f6-0f7b-4639-af67-508c047d391b ] Request (ServersAdmin275Test:setUpClass): 201 POST http://10.180.1.21/identity/v3/users 0.060s
2025-04-17 12:17:49.053 69543 INFO tempest.lib.common.rest_client [req-c6d80dc0-d757-4ea9-adc1-8a806b210140 req-c6d80dc0-d757-4ea9-adc1-8a806b210140 ] Request (ListServerFiltersTestJSON:setUpClass): 200 GET http://10.180.1.21/compute/v2.1/servers/4005bdf5-3826-4214-9fa6-f794c4f043df 0.671s
2025-04-17 12:17:49.059 69553 INFO tempest.lib.common.rest_client [req-0e0b1c00-2831-44f0-b4bf-72bf68ea1c72 req-0e0b1c00-2831-44f0-b4bf-72bf68ea1c72 ] Request (ServersAdmin275Test:setUpClass): 200 GET http://10.180.1.21/identity/v3/roles 0.021s
2025-04-17 12:17:49.087 69553 INFO tempest.lib.common.rest_client [req-19d57201-6ff9-40df-8a6a-e33967057725 req-19d57201-6ff9-40df-8a6a-e33967057725 ] Request (ServersAdmin275Test:setUpClass): 204 PUT http://10.180.1.21/identity/v3/projects/f4199e8189bf4ac69f5a3547d36013a4/users/ffa89cabbc3d4a9ca7e3d09707657dc3/roles/f774a33ab52e46c9927a46b7a5e6c9dd 0.028s
2025-04-17 12:17:49.093 69527 INFO tempest.lib.common.rest_client [req-03146fe3-c345-4426-901f-b8447a5f1f2b req-03146fe3-c345-4426-901f-b8447a5f1f2b ] Request (SecurityGroupRulesNegativeTestJSON:test_create_security_group_rule_with_invalid_to_port): 400 POST http://10.180.1.21/compute/v2.1/os-security-group-rules 0.427s
2025-04-17 12:17:49.111 69563 INFO tempest.lib.common.rest_client [req-b5b8be32-f971-482b-be93-690c22246197 req-b5b8be32-f971-482b-be93-690c22246197 ] Request (FlavorsAdminTestJSON:test_is_public_string_variations): 200 GET http://10.180.1.21/compute/v2.1/flavors/detail?is_public=0 0.444s
2025-04-17 12:17:49.134 69503 INFO tempest.lib.common.rest_client [req-f8a03d1c-9c97-405e-a382-0548006de795 req-f8a03d1c-9c97-405e-a382-0548006de795 ] Request (QuotasAdminTestJSON:test_get_updated_quotas): 200 PUT http://10.180.1.21/compute/v2.1/os-quota-sets/b199dc814d2c41df9f22a7bf2b552e51 0.634s
2025-04-17 12:17:49.140 69515 INFO tempest.lib.common.rest_client [req-c1639940-ef6a-4a77-afad-928d0f2b5955 req-c1639940-ef6a-4a77-afad-928d0f2b5955 ] Request (AggregatesAdminNegativeTestJSON:test_aggregate_remove_host_as_user): 403 POST http://10.180.1.21/compute/v2.1/os-aggregates/7/action 0.371s
2025-04-17 12:17:49.154 69553 INFO tempest.lib.common.rest_client [req-42eec927-f0f0-4653-b2cf-e94633bf188d req-42eec927-f0f0-4653-b2cf-e94633bf188d ] Request (ServersAdmin275Test:setUpClass): 200 GET http://10.180.1.21/identity/v3/roles 0.066s
2025-04-17 12:17:49.172 69521 INFO tempest.lib.common.rest_client [req-a77ff59a-82f1-4fe0-a134-2cd2fc9743fd req-a77ff59a-82f1-4fe0-a134-2cd2fc9743fd ] Request (ServerAddressesTestJSON:setUpClass): 200 GET http://10.180.1.21/compute/v2.1/servers/f77adbc9-4a34-438e-8e0c-ddab0d1f4603 0.427s
2025-04-17 12:17:49.177 69553 INFO tempest.lib.common.rest_client [req-57b9a4af-75b1-4f86-b145-d5d29e94a6f2 req-57b9a4af-75b1-4f86-b145-d5d29e94a6f2 ] Request (ServersAdmin275Test:setUpClass): 204 PUT http://10.180.1.21/identity/v3/projects/f4199e8189bf4ac69f5a3547d36013a4/users/ffa89cabbc3d4a9ca7e3d09707657dc3/roles/f774a33ab52e46c9927a46b7a5e6c9dd 0.021s
2025-04-17 12:17:49.177 69553 INFO tempest.lib.common.dynamic_creds [-] Dynamic test user ffa89cabbc3d4a9ca7e3d09707657dc3 is created with scope project and roles: ['admin']
2025-04-17 12:17:49.177 69553 INFO tempest.lib.common.dynamic_creds [-] Acquired dynamic creds: credentials: Credentials: {'domain_id': 'default', 'domain_name': 'Default', 'username': 'tempest-ServersAdmin275Test-51810569-project-admin', 'project_domain_id': 'default', 'project_domain_name': 'Default', 'project_id': 'f4199e8189bf4ac69f5a3547d36013a4', 'project_name': 'tempest-ServersAdmin275Test-51810569', 'tenant_id': 'f4199e8189bf4ac69f5a3547d36013a4', 'tenant_name': 'tempest-ServersAdmin275Test-51810569', 'user_domain_id': 'default', 'user_domain_name': 'Default', 'user_id': 'ffa89cabbc3d4a9ca7e3d09707657dc3', 'system': None}, Network: None, Subnet: None, Router: None
2025-04-17 12:17:49.178 69553 INFO tempest.lib.common.dynamic_creds [-] Created isolated network resources for: credentials: Credentials: {'domain_id': 'default', 'domain_name': 'Default', 'username': 'tempest-ServersAdmin275Test-51810569-project-admin', 'project_domain_id': 'default', 'project_domain_name': 'Default', 'project_id': 'f4199e8189bf4ac69f5a3547d36013a4', 'project_name': 'tempest-ServersAdmin275Test-51810569', 'tenant_id': 'f4199e8189bf4ac69f5a3547d36013a4', 'tenant_name': 'tempest-ServersAdmin275Test-51810569', 'user_domain_id': 'default', 'user_domain_name': 'Default', 'user_id': 'ffa89cabbc3d4a9ca7e3d09707657dc3', 'system': None}, Network: None, Subnet: None, Router: None
2025-04-17 12:17:49.199 69565 INFO tempest.lib.common.rest_client [req-49ced7b3-8118-4196-bb92-489d64a93e29 req-49ced7b3-8118-4196-bb92-489d64a93e29 ] Request (ServersTestFqdnHostnames:test_create_server_with_fqdn_name): 200 GET http://10.180.1.21/compute/v2.1/servers/334575bf-5847-41d5-85bd-e72f08a80a59 0.392s
2025-04-17 12:17:49.273 69523 INFO tempest.lib.common.rest_client [req-f16ac604-0870-4f14-89ee-413f8c208cdb req-f16ac604-0870-4f14-89ee-413f8c208cdb ] Request (SecurityGroupsNegativeTestJSON:test_delete_the_default_security_group): 400 DELETE http://10.180.1.21/compute/v2.1/os-security-groups/7c108a4e-3c5b-46b4-9c78-7bf935b1a008 0.408s
2025-04-17 12:17:49.274 69553 INFO tempest.lib.common.rest_client [req-bb0a9d03-22fe-40c3-bb8c-0d4176eec3dd req-bb0a9d03-22fe-40c3-bb8c-0d4176eec3dd ] Request (ServersAdmin275Test:setUpClass): 201 POST http://10.180.1.21/identity/v3/auth/tokens 0.093s
2025-04-17 12:17:49.327 69557 INFO tempest.lib.common.rest_client [req-a7a1c794-4bb8-4a3c-9f6a-02cae719d35c req-a7a1c794-4bb8-4a3c-9f6a-02cae719d35c ] Request (ImagesOneServerTestJSON:setUpClass): 200 GET http://10.180.1.21/compute/v2.1/servers/017c5882-2f2e-43e0-947a-6996bbdf73d0 0.378s
2025-04-17 12:17:49.337 69545 INFO tempest.lib.common.rest_client [req-3ee70966-8b22-4cfe-80c3-7c916cafff85 req-3ee70966-8b22-4cfe-80c3-7c916cafff85 ] Request (MigrationsAdminTest:test_list_migrations_in_flavor_resize_situation): 200 GET http://10.180.1.21/compute/v2.1/servers/02ec5165-3b99-4d81-a7d9-716e63076cb0 0.453s
2025-04-17 12:17:49.338 69553 INFO tempest.lib.common.rest_client [req-0b02b8ae-b57f-4ee4-aa0c-7736f8c59d2d req-0b02b8ae-b57f-4ee4-aa0c-7736f8c59d2d ] Request (ServersAdmin275Test:test_rebuild_update_server_275): 201 POST http://10.180.1.21/identity/v3/auth/tokens 0.057s
2025-04-17 12:17:49.338 69553 INFO tempest.lib.common.fixed_network [-] (ServersAdmin275Test:test_rebuild_update_server_275) Found network None available for tenant
2025-04-17 12:17:49.378 69505 INFO tempest.lib.common.rest_client [req-c571be08-cf32-4a8f-b0e1-8d7b22768b4f req-c571be08-cf32-4a8f-b0e1-8d7b22768b4f ] Request (SecurityGroupsTestJSON:test_list_security_groups_by_server): 200 GET http://10.180.1.21/compute/v2.1/servers/11aaee2b-b47e-4078-9674-f46a5f7878ca 0.373s
2025-04-17 12:17:49.380 69511 INFO tempest.lib.common.rest_client [req-cd4d34dd-c46f-4629-9f10-cf978f82eaea req-cd4d34dd-c46f-4629-9f10-cf978f82eaea ] Request (ServerActionsTestJSON:setUpClass): 200 GET http://10.180.1.21/compute/v2.1/servers/1140bb76-ac01-4d31-996b-55e15f547497 0.345s
2025-04-17 12:17:49.428 69555 INFO tempest.lib.common.rest_client [req-d540ef02-ead4-4a23-b13d-5793c0c36a56 req-d540ef02-ead4-4a23-b13d-5793c0c36a56 ] Request (AttachInterfacesTestJSON:test_create_list_show_delete_interfaces_by_fixed_ip): 200 GET http://10.180.1.21/compute/v2.1/servers/9e87431d-abde-4b1e-93a4-71d34e17308f 0.345s
2025-04-17 12:17:49.440 69525 INFO tempest.lib.common.rest_client [req-a294fc2e-272a-4d75-905c-08e3cb0a28bc req-a294fc2e-272a-4d75-905c-08e3cb0a28bc ] Request (ServersV294TestFqdnHostnames:setUpClass): 200 GET http://10.180.1.21/compute/v2.1/servers/30ba5d34-7069-4cb5-8292-faa20327a662 0.371s
2025-04-17 12:17:49.448 69527 INFO tempest.lib.common.rest_client [req-d3c6a8b6-216e-4b37-a1a6-eae9f94f23f6 req-d3c6a8b6-216e-4b37-a1a6-eae9f94f23f6 ] Request (SecurityGroupRulesNegativeTestJSON:test_create_security_group_rule_with_non_existent_id): 404 POST http://10.180.1.21/compute/v2.1/os-security-group-rules 0.353s
2025-04-17 12:17:49.454 69563 INFO tempest.lib.common.rest_client [req-3881b6a7-c440-4a5e-a725-2bb91403d824 req-3881b6a7-c440-4a5e-a725-2bb91403d824 ] Request (FlavorsAdminTestJSON:test_is_public_string_variations): 200 GET http://10.180.1.21/compute/v2.1/flavors/detail?is_public=t 0.339s
2025-04-17 12:17:49.505 69547 INFO tempest.lib.common.rest_client [req-4e8c2bd6-5e1c-4b01-b59f-7e7053af2308 req-4e8c2bd6-5e1c-4b01-b59f-7e7053af2308 ] Request (ServerDiagnosticsV248Test:test_get_server_diagnostics): 200 GET http://10.180.1.21/compute/v2.1/servers/9c1492ea-f9d4-4a75-bc32-ca3f958ec3f1 0.378s
2025-04-17 12:17:49.583 69515 INFO tempest.lib.common.rest_client [req-52c31d6a-10a3-45fe-96f9-42820db9acc3 req-52c31d6a-10a3-45fe-96f9-42820db9acc3 ] Request (AggregatesAdminNegativeTestJSON:_run_cleanups): 200 POST http://10.180.1.21/compute/v2.1/os-aggregates/7/action 0.441s
2025-04-17 12:17:49.588 69503 INFO tempest.lib.common.rest_client [req-dbb92ee7-a842-497c-af8f-137007ac5c88 req-dbb92ee7-a842-497c-af8f-137007ac5c88 ] Request (QuotasAdminTestJSON:test_get_updated_quotas): 200 GET http://10.180.1.21/compute/v2.1/os-quota-sets/b199dc814d2c41df9f22a7bf2b552e51/detail 0.448s
2025-04-17 12:17:49.624 69503 INFO tempest.lib.common.rest_client [req-3ba4b746-b672-4d43-89fa-06e717c2706f req-3ba4b746-b672-4d43-89fa-06e717c2706f ] Request (QuotasAdminTestJSON:test_get_updated_quotas): 200 GET http://10.180.1.21/identity/v3/domains?name=Default 0.029s
2025-04-17 12:17:49.625 69509 INFO tempest.lib.common.rest_client [req-135dc425-95cd-4a26-956a-57a1c20bc7ea req-135dc425-95cd-4a26-956a-57a1c20bc7ea ] Request (InstanceActionsNegativeTestJSON:setUpClass): 200 GET http://10.180.1.21/compute/v2.1/servers/3bfa20a9-e1b0-447f-8dcf-abb7bceee157 0.456s
2025-04-17 12:17:49.643 69523 INFO tempest.lib.common.rest_client [req-2c01dc8a-4d29-4882-96c0-12019d7fca08 req-2c01dc8a-4d29-4882-96c0-12019d7fca08 ] Request (SecurityGroupsNegativeTestJSON:test_security_group_get_nonexistent_group): 404 GET http://10.180.1.21/compute/v2.1/os-security-groups/f1de2081-f5fc-4b31-82c9-e75ab0aa7a48 0.366s
2025-04-17 12:17:49.647 69503 INFO tempest.lib.common.rest_client [req-0c7bcdba-5c38-43f5-9b51-11063b5bdf1e req-0c7bcdba-5c38-43f5-9b51-11063b5bdf1e ] Request (QuotasAdminTestJSON:test_get_updated_quotas): 201 POST http://10.180.1.21/identity/v3/users 0.022s
2025-04-17 12:17:49.669 69503 INFO tempest.lib.common.rest_client [req-c1c91b07-0a82-4d4a-86cb-3134d6c68cd3 req-c1c91b07-0a82-4d4a-86cb-3134d6c68cd3 ] Request (QuotasAdminTestJSON:test_get_updated_quotas): 200 GET http://10.180.1.21/identity/v3/domains?name=Default 0.022s
2025-04-17 12:17:49.692 69541 INFO tempest.lib.common.rest_client [req-e77b7868-3e6f-4bc2-bc3d-b12d8928e55f req-e77b7868-3e6f-4bc2-bc3d-b12d8928e55f ] Request (AttachInterfacesV270Test:test_create_get_list_interfaces): 200 GET http://10.180.1.21/compute/v2.1/servers/b9eb341d-bf37-4848-90b0-a774eb382f72 0.469s
2025-04-17 12:17:49.698 69535 INFO tempest.lib.common.rest_client [req-82630852-79dc-4a34-bfc4-0b9e953f44ac req-82630852-79dc-4a34-bfc4-0b9e953f44ac ] Request (ServersWithSpecificFlavorTestJSON:test_verify_created_server_ephemeral_disk): 200 GET http://10.180.1.21/compute/v2.1/servers/10382ebb-37bc-4d8d-9555-442cb78e0555 0.410s
2025-04-17 12:17:49.752 69537 INFO tempest.lib.common.rest_client [req-edff2068-c03f-4fb0-b51c-2201de86755b req-edff2068-c03f-4fb0-b51c-2201de86755b ] Request (VolumesAssistedSnapshotsTest:test_volume_assisted_snapshot_create_delete): 200 GET http://10.180.1.21/compute/v2.1/servers/7e10b03c-76c8-4ff7-9b66-c578cbe28f2e 0.331s
2025-04-17 12:17:49.808 69520 INFO tempest.lib.common.rest_client [req-50940266-c950-4e15-8a71-7e4f4a408c7b req-50940266-c950-4e15-8a71-7e4f4a408c7b ] Request (AttachInterfacesUnderV243Test:setUpClass): 200 PUT http://10.180.1.21:9696/networking/v2.0/routers/ba3550a1-866c-4436-a4a4-5e33499b1d13/add_router_interface 1.160s
2025-04-17 12:17:49.808 69520 INFO tempest.lib.common.dynamic_creds [-] Created isolated network resources for: credentials: Credentials: {'domain_id': 'default', 'domain_name': 'Default', 'username': 'tempest-AttachInterfacesUnderV243Test-1792428759-project-member', 'project_domain_id': 'default', 'project_domain_name': 'Default', 'project_id': '142f7cddf2f14c9e985efa3fe727dbb8', 'project_name': 'tempest-AttachInterfacesUnderV243Test-1792428759', 'tenant_id': '142f7cddf2f14c9e985efa3fe727dbb8', 'tenant_name': 'tempest-AttachInterfacesUnderV243Test-1792428759', 'user_domain_id': 'default', 'user_domain_name': 'Default', 'user_id': '2e8c07c78a5941eeb3874280f673ec7a', 'system': None}, Network: {'id': 'f28d71d6-3255-4f6b-a0ac-4ac8c65ba223', 'name': 'tempest-AttachInterfacesUnderV243Test-483631507-network', 'tenant_id': '142f7cddf2f14c9e985efa3fe727dbb8', 'admin_state_up': True, 'mtu': 8950, 'status': 'ACTIVE', 'subnets': [], 'shared': False, 'project_id': '142f7cddf2f14c9e985efa3fe727dbb8', 'port_security_enabled': True, 'router:external': False, 'provider:network_type': 'vlan', 'provider:physical_network': 'default', 'provider:segmentation_id': 178, 'availability_zone_hints': [], 'availability_zones': [], 'ipv4_address_scope': None, 'ipv6_address_scope': None, 'description': '', 'tags': [], 'created_at': '2025-04-17T12:17:47Z', 'updated_at': '2025-04-17T12:17:47Z', 'revision_number': 1}, Subnet: {'id': '6ad7de12-ff14-4ed9-aa4e-bb8fa4db3031', 'name': 'tempest-AttachInterfacesUnderV243Test-483631507-subnet', 'tenant_id': '142f7cddf2f14c9e985efa3fe727dbb8', 'network_id': 'f28d71d6-3255-4f6b-a0ac-4ac8c65ba223', 'ip_version': 4, 'subnetpool_id': None, 'enable_dhcp': True, 'ipv6_ra_mode': None, 'ipv6_address_mode': None, 'gateway_ip': '192.168.128.1', 'cidr': '192.168.128.0/28', 'allocation_pools': [{'start': '192.168.128.2', 'end': '192.168.128.14'}], 'host_routes': [], 'dns_nameservers': [], 'description': '', 'router:external': False, 'service_types': [], 'tags': [], 'created_at': '2025-04-17T12:17:47Z', 'updated_at': '2025-04-17T12:17:47Z', 'revision_number': 0, 'project_id': '142f7cddf2f14c9e985efa3fe727dbb8'}, Router: {'id': 'ba3550a1-866c-4436-a4a4-5e33499b1d13', 'name': 'tempest-AttachInterfacesUnderV243Test-483631507-router', 'tenant_id': '142f7cddf2f14c9e985efa3fe727dbb8', 'admin_state_up': True, 'status': 'ACTIVE', 'external_gateway_info': {'network_id': '19fcdd98-e8cb-4972-8b59-25376588c17f', 'external_fixed_ips': [{'subnet_id': 'c5b72741-42da-4d30-8409-ed4e80bcddfb', 'ip_address': '10.180.180.149'}], 'enable_snat': True}, 'description': '', 'availability_zones': [], 'distributed': False, 'ha': False, 'availability_zone_hints': [], 'routes': [], 'flavor_id': None, 'tags': [], 'created_at': '2025-04-17T12:17:47Z', 'updated_at': '2025-04-17T12:17:48Z', 'revision_number': 2, 'project_id': '142f7cddf2f14c9e985efa3fe727dbb8'}
2025-04-17 12:17:49.838 69553 INFO tempest.lib.common.rest_client [req-ac0b5017-2849-49f5-82b6-9c90191368d3 req-ac0b5017-2849-49f5-82b6-9c90191368d3 ] Request (ServersAdmin275Test:test_rebuild_update_server_275): 202 POST http://10.180.1.21/compute/v2.1/servers 0.499s
2025-04-17 12:17:49.857 69527 INFO tempest.lib.common.rest_client [req-19eb349b-eb4f-4cac-a879-fdce175f0b14 req-19eb349b-eb4f-4cac-a879-fdce175f0b14 ] Request (SecurityGroupRulesNegativeTestJSON:test_delete_security_group_rule_with_non_existent_id): 404 DELETE http://10.180.1.21/compute/v2.1/os-security-group-rules/3676fbbf-61b9-4a26-b98a-77f754091cb9 0.408s
2025-04-17 12:17:49.871 69563 INFO tempest.lib.common.rest_client [req-d0e30c94-7580-4f22-a8b2-dfd6cc92239b req-d0e30c94-7580-4f22-a8b2-dfd6cc92239b ] Request (FlavorsAdminTestJSON:test_is_public_string_variations): 200 GET http://10.180.1.21/compute/v2.1/flavors/detail?is_public=true 0.412s
2025-04-17 12:17:49.893 69520 INFO tempest.lib.common.rest_client [req-99a38d48-1a15-426e-a7a1-bbd919f78e8b req-99a38d48-1a15-426e-a7a1-bbd919f78e8b ] Request (AttachInterfacesUnderV243Test:setUpClass): 201 POST http://10.180.1.21/identity/v3/auth/tokens 0.082s
2025-04-17 12:17:49.919 69507 INFO tempest.lib.common.rest_client [req-7625c1c7-ebc8-4dea-b8ff-db454e516b49 req-7625c1c7-ebc8-4dea-b8ff-db454e516b49 ] Request (ServersTestMultiNic:test_verify_duplicate_network_nics): 200 GET http://10.180.1.21/compute/v2.1/servers/31371445-428d-4236-a833-f07122553cfa 0.481s
2025-04-17 12:17:49.966 69529 INFO tempest.lib.common.rest_client [req-3194d2c3-8d9e-4e6f-92fa-87d20948f141 req-3194d2c3-8d9e-4e6f-92fa-87d20948f141 ] Request (ServersAdminNegativeTestJSON:setUpClass): 200 GET http://10.180.1.21/compute/v2.1/servers/16959790-5fdc-4304-b889-45bb6b015c3c 0.448s
2025-04-17 12:17:50.004 69533 INFO tempest.lib.common.rest_client [req-3636cf59-a93f-4610-b2b3-803daca645bc req-3636cf59-a93f-4610-b2b3-803daca645bc ] Request (ServerDiagnosticsNegativeTest:test_get_server_diagnostics_by_non_admin): 200 GET http://10.180.1.21/compute/v2.1/servers/1547effe-8061-4aba-8e1f-302617eee198 0.452s
2025-04-17 12:17:50.010 69539 INFO tempest.lib.common.rest_client [req-1816d200-a335-4188-a450-1d4d3cf44b26 req-1816d200-a335-4188-a450-1d4d3cf44b26 ] Request (ServerDiagnosticsTest:test_get_server_diagnostics): 200 GET http://10.180.1.21/compute/v2.1/servers/1724aea2-9fe0-4134-adcc-1a8baf512a80 0.441s
2025-04-17 12:17:50.022 69515 INFO tempest.lib.common.rest_client [req-a94b3d5d-7591-4faa-bb6e-30d34089c1a0 req-a94b3d5d-7591-4faa-bb6e-30d34089c1a0 ] Request (AggregatesAdminNegativeTestJSON:_run_cleanups): 200 DELETE http://10.180.1.21/compute/v2.1/os-aggregates/7 0.437s
2025-04-17 12:17:50.027 69523 INFO tempest.lib.common.rest_client [req-b27b80ac-dc51-4687-92d9-e1ad6812d48a req-b27b80ac-dc51-4687-92d9-e1ad6812d48a ] Request (SecurityGroupsNegativeTestJSON:test_update_non_existent_security_group): 404 PUT http://10.180.1.21/compute/v2.1/os-security-groups/d01aa403-e1de-4a41-8215-9d55b5529a6f 0.382s
2025-04-17 12:17:50.114 69503 INFO tempest.lib.common.rest_client [req-3ec845b9-6fc4-4a81-adfe-8a6b7cc62710 req-3ec845b9-6fc4-4a81-adfe-8a6b7cc62710 ] Request (QuotasAdminTestJSON:test_get_updated_quotas): 200 PUT http://10.180.1.21/compute/v2.1/os-quota-sets/b199dc814d2c41df9f22a7bf2b552e51?user_id=174f0de1b70549009e098ab3eecc7532 0.444s
2025-04-17 12:17:50.132 69513 INFO tempest.lib.common.rest_client [req-f1eee00b-ff1a-4317-8be3-5086792c532b req-f1eee00b-ff1a-4317-8be3-5086792c532b ] Request (DeleteServersAdminTestJSON:test_admin_delete_servers_of_others): 200 GET http://10.180.1.21/compute/v2.1/servers/a1095b15-f871-4dd2-9712-330d26ba4143 0.470s
2025-04-17 12:17:50.166 69517 INFO tempest.lib.common.rest_client [req-36e35b60-0645-4782-a126-14c4e46144dc req-36e35b60-0645-4782-a126-14c4e46144dc ] Request (ServerMetadataTestJSON:setUpClass): 200 GET http://10.180.1.21/compute/v2.1/servers/8cd8f52e-5df8-4f5b-b59b-5d7fd37d0638 0.431s
2025-04-17 12:17:50.191 69553 INFO tempest.lib.common.rest_client [req-d7cfe650-6cc7-438d-a498-b7035c1bf7e2 req-d7cfe650-6cc7-438d-a498-b7035c1bf7e2 ] Request (ServersAdmin275Test:test_rebuild_update_server_275): 200 PUT http://10.180.1.21/compute/v2.1/servers/4e6f82f5-9766-46fa-a28a-8f13c5c8fd58 0.351s
2025-04-17 12:17:50.207 69563 INFO tempest.lib.common.rest_client [req-90af8a5b-6fc8-466e-abce-6cc1e8b59297 req-90af8a5b-6fc8-466e-abce-6cc1e8b59297 ] Request (FlavorsAdminTestJSON:test_is_public_string_variations): 200 GET http://10.180.1.21/compute/v2.1/flavors/detail?is_public=yes 0.330s
2025-04-17 12:17:50.261 69527 INFO tempest.lib.common.rest_client [req-f9801faa-6094-420d-8651-648ecf7c5f7e req-f9801faa-6094-420d-8651-648ecf7c5f7e ] Request (SecurityGroupRulesNegativeTestJSON:tearDownClass): 202 DELETE http://10.180.1.21/compute/v2.1/os-security-groups/d2fabb60-bd1f-4dc4-b1e9-7099c6078acd 0.401s
2025-04-17 12:17:50.267 69520 INFO tempest.lib.common.rest_client [req-717f09aa-feb5-40f8-a56c-5b2dbd789fb9 req-717f09aa-feb5-40f8-a56c-5b2dbd789fb9 ] Request (ValidationResourcesFixture:setUp): 200 POST http://10.180.1.21/compute/v2.1/os-keypairs 0.372s
2025-04-17 12:17:50.311 69551 INFO tempest.lib.common.rest_client [req-798dee68-fdaf-4834-b63f-22a424b7ad60 req-798dee68-fdaf-4834-b63f-22a424b7ad60 ] Request (AttachVolumeNegativeTest:test_attach_attached_volume_to_different_server): 200 GET http://10.180.1.21/compute/v2.1/servers/81b5e27a-8113-49fc-a845-3160f3bfb030 0.382s
2025-04-17 12:17:50.328 69515 INFO tempest.lib.common.rest_client [req-2c291968-0c66-48ed-a841-73eab5beb51a req-2c291968-0c66-48ed-a841-73eab5beb51a ] Request (AggregatesAdminNegativeTestJSON:test_aggregate_remove_nonexistent_host): 200 POST http://10.180.1.21/compute/v2.1/os-aggregates 0.304s
2025-04-17 12:17:50.392 69531 INFO tempest.lib.common.rest_client [req-9635e6c7-efee-4f6c-9d1b-c4000b4ebc10 req-9635e6c7-efee-4f6c-9d1b-c4000b4ebc10 ] Request (ServerExternalEventsTest:test_create_server_external_events): 200 GET http://10.180.1.21/compute/v2.1/servers/4053c7e0-9f0d-4acf-90be-0dab69650838 0.412s
2025-04-17 12:17:50.405 69520 INFO tempest.lib.common.rest_client [req-7333ba39-a4bc-4e88-8620-de62c34c81fd req-7333ba39-a4bc-4e88-8620-de62c34c81fd ] Request (ValidationResourcesFixture:setUp): 201 POST http://10.180.1.21:9696/networking/v2.0/security-groups 0.136s
2025-04-17 12:17:50.436 69503 INFO tempest.lib.common.rest_client [req-a6518b8c-541f-4a37-b7dd-466cd0352523 req-a6518b8c-541f-4a37-b7dd-466cd0352523 ] Request (QuotasAdminTestJSON:test_get_updated_quotas): 200 GET http://10.180.1.21/compute/v2.1/os-quota-sets/b199dc814d2c41df9f22a7bf2b552e51?user_id=174f0de1b70549009e098ab3eecc7532 0.320s
2025-04-17 12:17:50.451 69543 INFO tempest.lib.common.rest_client [req-b94e82c4-4e52-4ffc-9015-f33d09dda0f8 req-b94e82c4-4e52-4ffc-9015-f33d09dda0f8 ] Request (ListServerFiltersTestJSON:setUpClass): 200 GET http://10.180.1.21/compute/v2.1/servers/4005bdf5-3826-4214-9fa6-f794c4f043df 0.389s
2025-04-17 12:17:50.491 69521 INFO tempest.lib.common.rest_client [req-5fa0f698-c711-4f44-b3c9-2e15a7fbc982 req-5fa0f698-c711-4f44-b3c9-2e15a7fbc982 ] Request (ServerAddressesTestJSON:setUpClass): 200 GET http://10.180.1.21/compute/v2.1/servers/f77adbc9-4a34-438e-8e0c-ddab0d1f4603 0.311s
2025-04-17 12:17:50.517 69553 INFO tempest.lib.common.rest_client [req-8013b204-5f98-49b8-b50b-a79fc7790a88 req-8013b204-5f98-49b8-b50b-a79fc7790a88 ] Request (ServersAdmin275Test:test_rebuild_update_server_275): 200 GET http://10.180.1.21/compute/v2.1/servers/4e6f82f5-9766-46fa-a28a-8f13c5c8fd58 0.315s
2025-04-17 12:17:50.524 69520 INFO tempest.lib.common.rest_client [req-6b281676-0ca7-4f52-bc8f-389295c99a32 req-6b281676-0ca7-4f52-bc8f-389295c99a32 ] Request (ValidationResourcesFixture:setUp): 201 POST http://10.180.1.21:9696/networking/v2.0/security-group-rules 0.118s
2025-04-17 12:17:50.534 69563 INFO tempest.lib.common.rest_client [req-930c9dd3-e22b-40b4-9bde-16f7a4f9205f req-930c9dd3-e22b-40b4-9bde-16f7a4f9205f ] Request (FlavorsAdminTestJSON:test_is_public_string_variations): 200 GET http://10.180.1.21/compute/v2.1/flavors/detail?is_public=1 0.321s
2025-04-17 12:17:50.547 69503 INFO tempest.lib.common.rest_client [req-d719ce62-fe69-4f5a-a4d5-dc85d8e91508 req-d719ce62-fe69-4f5a-a4d5-dc85d8e91508 ] Request (QuotasAdminTestJSON:_run_cleanups): 204 DELETE http://10.180.1.21/identity/v3/users/174f0de1b70549009e098ab3eecc7532 0.108s
2025-04-17 12:17:50.551 69565 INFO tempest.lib.common.rest_client [req-71b27187-2f76-4b01-b173-380956cdf93e req-71b27187-2f76-4b01-b173-380956cdf93e ] Request (ServersTestFqdnHostnames:test_create_server_with_fqdn_name): 200 GET http://10.180.1.21/compute/v2.1/servers/334575bf-5847-41d5-85bd-e72f08a80a59 0.342s
2025-04-17 12:17:50.588 69515 INFO tempest.lib.common.rest_client [req-6f11d182-f9d2-4b3a-81d3-8ac4658559cb req-6f11d182-f9d2-4b3a-81d3-8ac4658559cb ] Request (AggregatesAdminNegativeTestJSON:test_aggregate_remove_nonexistent_host): 404 POST http://10.180.1.21/compute/v2.1/os-aggregates/8/action 0.258s
2025-04-17 12:17:50.640 69557 INFO tempest.lib.common.rest_client [req-ce259cd1-bbea-448c-a6ea-c0a350e058cc req-ce259cd1-bbea-448c-a6ea-c0a350e058cc ] Request (ImagesOneServerTestJSON:setUpClass): 200 GET http://10.180.1.21/compute/v2.1/servers/017c5882-2f2e-43e0-947a-6996bbdf73d0 0.304s
2025-04-17 12:17:50.649 69520 INFO tempest.lib.common.rest_client [req-373afba6-3c0f-442f-8650-b95cb9937a77 req-373afba6-3c0f-442f-8650-b95cb9937a77 ] Request (ValidationResourcesFixture:setUp): 201 POST http://10.180.1.21:9696/networking/v2.0/security-group-rules 0.125s
2025-04-17 12:17:50.664 69503 INFO tempest.lib.common.rest_client [req-4e5ccb3b-c718-4962-a800-5ea8c2084d21 req-4e5ccb3b-c718-4962-a800-5ea8c2084d21 ] Request (QuotasAdminTestJSON:_run_cleanups): 204 DELETE http://10.180.1.21/identity/v3/projects/b199dc814d2c41df9f22a7bf2b552e51 0.116s
2025-04-17 12:17:50.671 69527 INFO tempest.lib.common.rest_client [req-da29a4ad-9edc-46f5-a773-c069bd10fe10 req-da29a4ad-9edc-46f5-a773-c069bd10fe10 ] Request (SecurityGroupRulesNegativeTestJSON:tearDownClass): 202 DELETE http://10.180.1.21/compute/v2.1/os-security-groups/c0ca4b97-fc2a-421a-a590-a2e9deff2252 0.410s
2025-04-17 12:17:50.735 69511 INFO tempest.lib.common.rest_client [req-a635867f-5523-487b-8195-25974113a602 req-a635867f-5523-487b-8195-25974113a602 ] Request (ServerActionsTestJSON:setUpClass): 200 GET http://10.180.1.21/compute/v2.1/servers/1140bb76-ac01-4d31-996b-55e15f547497 0.345s
2025-04-17 12:17:50.767 69545 INFO tempest.lib.common.rest_client [req-73a0d99e-8032-49ca-b493-75f7b0443e99 req-73a0d99e-8032-49ca-b493-75f7b0443e99 ] Request (MigrationsAdminTest:test_list_migrations_in_flavor_resize_situation): 200 GET http://10.180.1.21/compute/v2.1/servers/02ec5165-3b99-4d81-a7d9-716e63076cb0 0.422s
2025-04-17 12:17:50.806 69505 INFO tempest.lib.common.rest_client [req-e2fe8c8d-f2c6-48b2-b645-62e7c541633f req-e2fe8c8d-f2c6-48b2-b645-62e7c541633f ] Request (SecurityGroupsTestJSON:test_list_security_groups_by_server): 200 GET http://10.180.1.21/compute/v2.1/servers/11aaee2b-b47e-4078-9674-f46a5f7878ca 0.416s
2025-04-17 12:17:50.830 69555 INFO tempest.lib.common.rest_client [req-5dbc9775-e03e-450f-868f-f66b7e828203 req-5dbc9775-e03e-450f-868f-f66b7e828203 ] Request (AttachInterfacesTestJSON:test_create_list_show_delete_interfaces_by_fixed_ip): 200 GET http://10.180.1.21/compute/v2.1/servers/9e87431d-abde-4b1e-93a4-71d34e17308f 0.391s
2025-04-17 12:17:50.866 69525 INFO tempest.lib.common.rest_client [req-b17ce076-b261-4b44-a05d-8a6a4330f4db req-b17ce076-b261-4b44-a05d-8a6a4330f4db ] Request (ServersV294TestFqdnHostnames:setUpClass): 200 GET http://10.180.1.21/compute/v2.1/servers/30ba5d34-7069-4cb5-8292-faa20327a662 0.406s
2025-04-17 12:17:50.881 69563 INFO tempest.lib.common.rest_client [req-aff00845-8937-41db-9cee-679e9ddf9a4a req-aff00845-8937-41db-9cee-679e9ddf9a4a ] Request (FlavorsAdminTestJSON:_run_cleanups): 202 DELETE http://10.180.1.21/compute/v2.1/flavors/297118749 0.341s
2025-04-17 12:17:50.893 69547 INFO tempest.lib.common.rest_client [req-6a48b0a9-2eed-4423-9c8c-8439541e9483 req-6a48b0a9-2eed-4423-9c8c-8439541e9483 ] Request (ServerDiagnosticsV248Test:test_get_server_diagnostics): 200 GET http://10.180.1.21/compute/v2.1/servers/9c1492ea-f9d4-4a75-bc32-ca3f958ec3f1 0.376s
2025-04-17 12:17:50.907 69515 INFO tempest.lib.common.rest_client [req-d31233ac-697b-4b2d-a930-6a14b5ba9e3d req-d31233ac-697b-4b2d-a930-6a14b5ba9e3d ] Request (AggregatesAdminNegativeTestJSON:_run_cleanups): 200 DELETE http://10.180.1.21/compute/v2.1/os-aggregates/8 0.319s
2025-04-17 12:17:50.962 69509 INFO tempest.lib.common.rest_client [req-ca3b4084-8213-49c4-bdaa-4ce1e36502fa req-ca3b4084-8213-49c4-bdaa-4ce1e36502fa ] Request (InstanceActionsNegativeTestJSON:setUpClass): 200 GET http://10.180.1.21/compute/v2.1/servers/3bfa20a9-e1b0-447f-8dcf-abb7bceee157 0.330s
2025-04-17 12:17:51.043 69515 INFO tempest.lib.common.rest_client [req-841e97cd-1be7-46c4-b100-40bf3862a75e req-841e97cd-1be7-46c4-b100-40bf3862a75e ] Request (AggregatesAdminNegativeTestJSON:tearDownClass): 204 DELETE http://10.180.1.21/identity/v3/users/8b116196ceea4281b60d8ec206deef81 0.134s
2025-04-17 12:17:51.066 69503 INFO tempest.lib.common.rest_client [req-a9bd3b73-9f8c-4f4c-b127-dc7187d3996f req-a9bd3b73-9f8c-4f4c-b127-dc7187d3996f ] Request (QuotasAdminTestJSON:test_update_all_quota_resources_for_tenant): 200 GET http://10.180.1.21/compute/v2.1/os-quota-sets/765e51cb00084c499d576197d573bab3/defaults 0.401s
2025-04-17 12:17:51.087 69523 INFO tempest.lib.common.rest_client [req-cfa22bae-4a6b-4688-b7d6-a9ba549f124c req-cfa22bae-4a6b-4688-b7d6-a9ba549f124c ] Request (SecurityGroupsNegativeTestJSON:tearDownClass): 200 PUT http://10.180.1.21:9696/networking/v2.0/routers/ee3dfa6a-3cc3-44ce-9ff6-7f3c3f5f26dc/remove_router_interface 1.057s
2025-04-17 12:17:51.104 69520 INFO tempest.lib.common.rest_client [req-e074cf78-af03-485d-973f-96fb8607f3d0 req-e074cf78-af03-485d-973f-96fb8607f3d0 ] Request (ValidationResourcesFixture:setUp): 201 POST http://10.180.1.21:9696/networking/v2.0/floatingips 0.454s
2025-04-17 12:17:51.129 69527 INFO tempest.lib.common.rest_client [req-441c6878-c70a-4a5a-bd43-fdc9a3a4f189 req-441c6878-c70a-4a5a-bd43-fdc9a3a4f189 ] Request (SecurityGroupRulesNegativeTestJSON:tearDownClass): 202 DELETE http://10.180.1.21/compute/v2.1/os-security-groups/7b0cde96-9c6c-405f-aaf8-2efd541517e0 0.457s
2025-04-17 12:17:51.156 69515 INFO tempest.lib.common.rest_client [req-33e1d9b9-cb0b-4a36-bc47-80d899620ebb req-33e1d9b9-cb0b-4a36-bc47-80d899620ebb ] Request (AggregatesAdminNegativeTestJSON:tearDownClass): 204 DELETE http://10.180.1.21/identity/v3/users/1096c8c3f06c4583b9fc165c67d2b4ae 0.113s
2025-04-17 12:17:51.156 69515 INFO tempest.lib.common.dynamic_creds [-] Deleting project and security group for project: 9424cfe5987349e1bf4fad8e4a48134a
2025-04-17 12:17:51.185 69520 INFO tempest.lib.common.rest_client [req-428c0d46-baac-44f8-a6a9-3c10029e94ec req-428c0d46-baac-44f8-a6a9-3c10029e94ec ] Request (AttachInterfacesUnderV243Test:test_add_remove_fixed_ip): 201 POST http://10.180.1.21/identity/v3/auth/tokens 0.077s
2025-04-17 12:17:51.185 69520 INFO tempest.lib.common.fixed_network [-] (AttachInterfacesUnderV243Test:test_add_remove_fixed_ip) Found network {'id': 'f28d71d6-3255-4f6b-a0ac-4ac8c65ba223', 'name': 'tempest-AttachInterfacesUnderV243Test-483631507-network', 'tenant_id': '142f7cddf2f14c9e985efa3fe727dbb8', 'admin_state_up': True, 'mtu': 8950, 'status': 'ACTIVE', 'subnets': [], 'shared': False, 'project_id': '142f7cddf2f14c9e985efa3fe727dbb8', 'port_security_enabled': True, 'router:external': False, 'provider:network_type': 'vlan', 'provider:physical_network': 'default', 'provider:segmentation_id': 178, 'availability_zone_hints': [], 'availability_zones': [], 'ipv4_address_scope': None, 'ipv6_address_scope': None, 'description': '', 'tags': [], 'created_at': '2025-04-17T12:17:47Z', 'updated_at': '2025-04-17T12:17:47Z', 'revision_number': 1} available for tenant
2025-04-17 12:17:51.186 69541 INFO tempest.lib.common.rest_client [req-4b0f5bac-4d6f-47db-80e5-049bb8810cc5 req-4b0f5bac-4d6f-47db-80e5-049bb8810cc5 ] Request (AttachInterfacesV270Test:test_create_get_list_interfaces): 200 GET http://10.180.1.21/compute/v2.1/servers/b9eb341d-bf37-4848-90b0-a774eb382f72 0.483s
2025-04-17 12:17:51.192 69535 INFO tempest.lib.common.rest_client [req-20465679-80dd-454a-b3b5-c90277f3d4d9 req-20465679-80dd-454a-b3b5-c90277f3d4d9 ] Request (ServersWithSpecificFlavorTestJSON:test_verify_created_server_ephemeral_disk): 200 GET http://10.180.1.21/compute/v2.1/servers/10382ebb-37bc-4d8d-9555-442cb78e0555 0.483s
2025-04-17 12:17:51.208 69563 INFO tempest.lib.common.rest_client [req-58a1ce9c-3218-4408-983f-926fe9cb297d req-58a1ce9c-3218-4408-983f-926fe9cb297d ] Request (FlavorsAdminTestJSON:_run_cleanups): 200 GET http://10.180.1.21/compute/v2.1/flavors/detail 0.327s
2025-04-17 12:17:51.221 69515 INFO tempest.lib.common.rest_client [req-607e1715-86d2-4882-9c22-8717b5306cc6 req-607e1715-86d2-4882-9c22-8717b5306cc6 ] Request (AggregatesAdminNegativeTestJSON:tearDownClass): 201 POST http://10.180.1.21/identity/v3/auth/tokens 0.064s
2025-04-17 12:17:51.264 69537 INFO tempest.lib.common.rest_client [req-22b84ea5-906a-4fca-9ff3-28b8ee074066 req-22b84ea5-906a-4fca-9ff3-28b8ee074066 ] Request (VolumesAssistedSnapshotsTest:test_volume_assisted_snapshot_create_delete): 200 GET http://10.180.1.21/compute/v2.1/servers/7e10b03c-76c8-4ff7-9b66-c578cbe28f2e 0.503s
2025-04-17 12:17:51.380 69529 INFO tempest.lib.common.rest_client [req-efa1c694-010e-46be-8cca-1fc777aab248 req-efa1c694-010e-46be-8cca-1fc777aab248 ] Request (ServersAdminNegativeTestJSON:setUpClass): 200 GET http://10.180.1.21/compute/v2.1/servers/16959790-5fdc-4304-b889-45bb6b015c3c 0.406s
2025-04-17 12:17:51.515 69515 INFO tempest.lib.common.rest_client [req-04400977-3b4e-44e7-9e31-6f8d859b517d req-04400977-3b4e-44e7-9e31-6f8d859b517d ] Request (AggregatesAdminNegativeTestJSON:tearDownClass): 200 GET http://10.180.1.21:9696/networking/v2.0/security-groups?tenant_id=9424cfe5987349e1bf4fad8e4a48134a&name=default 0.294s
2025-04-17 12:17:51.518 69533 INFO tempest.lib.common.rest_client [req-b449a15e-6888-4d43-b983-fc10625f3db3 req-b449a15e-6888-4d43-b983-fc10625f3db3 ] Request (ServerDiagnosticsNegativeTest:test_get_server_diagnostics_by_non_admin): 200 GET http://10.180.1.21/compute/v2.1/servers/1547effe-8061-4aba-8e1f-302617eee198 0.507s
2025-04-17 12:17:51.556 69507 INFO tempest.lib.common.rest_client [req-4dac4a50-4637-443c-a6b4-3e0d0c1628c9 req-4dac4a50-4637-443c-a6b4-3e0d0c1628c9 ] Request (ServersTestMultiNic:test_verify_duplicate_network_nics): 200 GET http://10.180.1.21/compute/v2.1/servers/31371445-428d-4236-a833-f07122553cfa 0.629s
2025-04-17 12:17:51.556 69523 INFO tempest.lib.common.rest_client [req-278025c2-cc03-479b-8dea-116172e6bab8 req-278025c2-cc03-479b-8dea-116172e6bab8 ] Request (SecurityGroupsNegativeTestJSON:tearDownClass): 204 DELETE http://10.180.1.21:9696/networking/v2.0/routers/ee3dfa6a-3cc3-44ce-9ff6-7f3c3f5f26dc 0.468s
2025-04-17 12:17:51.566 69539 INFO tempest.lib.common.rest_client [req-d42efe32-b2d4-45fc-9e86-9754666ef2d0 req-d42efe32-b2d4-45fc-9e86-9754666ef2d0 ] Request (ServerDiagnosticsTest:test_get_server_diagnostics): 200 GET http://10.180.1.21/compute/v2.1/servers/1724aea2-9fe0-4134-adcc-1a8baf512a80 0.548s
2025-04-17 12:17:51.628 69515 INFO tempest.lib.common.rest_client [req-8ad9d5a6-499a-42cd-aaa6-c17a0c52a384 req-8ad9d5a6-499a-42cd-aaa6-c17a0c52a384 ] Request (AggregatesAdminNegativeTestJSON:tearDownClass): 204 DELETE http://10.180.1.21:9696/networking/v2.0/security-groups/cc9ac0ec-9d6c-46b2-8056-34500e3a69c6 0.113s
2025-04-17 12:17:51.644 69523 INFO tempest.lib.common.rest_client [req-a1f9cade-16b9-47b7-9ff8-bd2bb093163b req-a1f9cade-16b9-47b7-9ff8-bd2bb093163b ] Request (SecurityGroupsNegativeTestJSON:tearDownClass): 204 DELETE http://10.180.1.21:9696/networking/v2.0/subnets/f47450b7-61e1-4116-996d-dd3e9478cfbb 0.087s
2025-04-17 12:17:51.676 69527 INFO tempest.lib.common.rest_client [req-0fdf89d9-811f-4478-ad2e-56ea1727d6be req-0fdf89d9-811f-4478-ad2e-56ea1727d6be ] Request (SecurityGroupRulesNegativeTestJSON:tearDownClass): 202 DELETE http://10.180.1.21/compute/v2.1/os-security-groups/a06a2726-bde7-4a66-9c15-55f856b7f30e 0.547s
2025-04-17 12:17:51.717 69515 INFO tempest.lib.common.rest_client [req-fb3a304d-453e-46ce-b8f9-acde3a3e1ef9 req-fb3a304d-453e-46ce-b8f9-acde3a3e1ef9 ] Request (AggregatesAdminNegativeTestJSON:tearDownClass): 204 DELETE http://10.180.1.21/identity/v3/projects/9424cfe5987349e1bf4fad8e4a48134a 0.089s
2025-04-17 12:17:51.718 69515 INFO tempest.lib.common.dynamic_creds [-] Deleting project and security group for project: 98a9e4d531904dcdb5823fe5e23fbfc8
2025-04-17 12:17:51.823 69513 INFO tempest.lib.common.rest_client [req-2b87a027-1971-4aaf-b393-ca192d6d4d85 req-2b87a027-1971-4aaf-b393-ca192d6d4d85 ] Request (DeleteServersAdminTestJSON:test_admin_delete_servers_of_others): 200 GET http://10.180.1.21/compute/v2.1/servers/a1095b15-f871-4dd2-9712-330d26ba4143 0.677s
2025-04-17 12:17:51.833 69523 INFO tempest.lib.common.rest_client [req-f582d2f9-884a-4829-bd66-ae2ca6e2f574 req-f582d2f9-884a-4829-bd66-ae2ca6e2f574 ] Request (SecurityGroupsNegativeTestJSON:tearDownClass): 204 DELETE http://10.180.1.21:9696/networking/v2.0/networks/753b54eb-5a67-463f-bde4-09ff2f095685 0.189s
2025-04-17 12:17:51.874 69515 INFO tempest.lib.common.rest_client [req-fd4ee7ae-e48d-4d67-ba87-636f93e4efd7 req-fd4ee7ae-e48d-4d67-ba87-636f93e4efd7 ] Request (AggregatesAdminNegativeTestJSON:tearDownClass): 200 GET http://10.180.1.21:9696/networking/v2.0/security-groups?tenant_id=98a9e4d531904dcdb5823fe5e23fbfc8&name=default 0.156s
2025-04-17 12:17:51.878 69503 INFO tempest.lib.common.rest_client [req-ca0a7819-a43a-4890-b17f-6e24dd9e752b req-ca0a7819-a43a-4890-b17f-6e24dd9e752b ] Request (QuotasAdminTestJSON:test_update_all_quota_resources_for_tenant): 200 PUT http://10.180.1.21/compute/v2.1/os-quota-sets/765e51cb00084c499d576197d573bab3 0.809s
2025-04-17 12:17:51.889 69517 INFO tempest.lib.common.rest_client [req-132e9400-9453-409b-bbf7-247cee0cb0ed req-132e9400-9453-409b-bbf7-247cee0cb0ed ] Request (ServerMetadataTestJSON:setUpClass): 200 GET http://10.180.1.21/compute/v2.1/servers/8cd8f52e-5df8-4f5b-b59b-5d7fd37d0638 0.714s
2025-04-17 12:17:51.911 69563 INFO tempest.lib.common.rest_client [req-ced3be7f-c30e-4758-885c-0e344b2102d5 req-ced3be7f-c30e-4758-885c-0e344b2102d5 ] Request (FlavorsAdminTestJSON:_run_cleanups): 202 DELETE http://10.180.1.21/compute/v2.1/flavors/1488338372 0.696s
2025-04-17 12:17:51.963 69551 INFO tempest.lib.common.rest_client [req-a6089047-b785-4b45-a9ed-3d36a979479b req-a6089047-b785-4b45-a9ed-3d36a979479b ] Request (AttachVolumeNegativeTest:test_attach_attached_volume_to_different_server): 200 GET http://10.180.1.21/compute/v2.1/servers/81b5e27a-8113-49fc-a845-3160f3bfb030 0.642s
2025-04-17 12:17:51.973 69523 INFO tempest.lib.common.rest_client [req-3756bc7e-2334-403a-bdac-56c18c7709ae req-3756bc7e-2334-403a-bdac-56c18c7709ae ] Request (SecurityGroupsNegativeTestJSON:tearDownClass): 204 DELETE http://10.180.1.21/identity/v3/users/ed65d2a36cb147c7a7de5e56ecf70971 0.139s
2025-04-17 12:17:51.973 69523 INFO tempest.lib.common.dynamic_creds [-] Deleting project and security group for project: e12040ded609470b9093b14a56562adb
2025-04-17 12:17:52.003 69515 INFO tempest.lib.common.rest_client [req-a52346ab-8b6c-46ee-9973-b405bc85e125 req-a52346ab-8b6c-46ee-9973-b405bc85e125 ] Request (AggregatesAdminNegativeTestJSON:tearDownClass): 204 DELETE http://10.180.1.21:9696/networking/v2.0/security-groups/058d73a4-b11f-4ccf-be07-a59a5620691a 0.129s
2025-04-17 12:17:52.011 69523 INFO tempest.lib.common.rest_client [req-f3a262f7-1511-4d29-b0fc-58de481790ba req-f3a262f7-1511-4d29-b0fc-58de481790ba ] Request (SecurityGroupsNegativeTestJSON:tearDownClass): 200 GET http://10.180.1.21:9696/networking/v2.0/security-groups?tenant_id=e12040ded609470b9093b14a56562adb&name=default 0.038s
2025-04-17 12:17:52.012 69531 INFO tempest.lib.common.rest_client [req-173e02b5-4b51-4bd1-90dd-4234d5fc2586 req-173e02b5-4b51-4bd1-90dd-4234d5fc2586 ] Request (ServerExternalEventsTest:test_create_server_external_events): 200 GET http://10.180.1.21/compute/v2.1/servers/4053c7e0-9f0d-4acf-90be-0dab69650838 0.606s
2025-04-17 12:17:52.097 69515 INFO tempest.lib.common.rest_client [req-b1460487-86ce-4ee2-b482-0343e75f36e1 req-b1460487-86ce-4ee2-b482-0343e75f36e1 ] Request (AggregatesAdminNegativeTestJSON:tearDownClass): 204 DELETE http://10.180.1.21/identity/v3/projects/98a9e4d531904dcdb5823fe5e23fbfc8 0.093s
2025-04-17 12:17:52.121 69543 INFO tempest.lib.common.rest_client [req-d25639e9-9f6f-4ffa-9a88-10b6be6896ad req-d25639e9-9f6f-4ffa-9a88-10b6be6896ad ] Request (ListServerFiltersTestJSON:setUpClass): 200 GET http://10.180.1.21/compute/v2.1/servers/4005bdf5-3826-4214-9fa6-f794c4f043df 0.655s
2025-04-17 12:17:52.124 69523 INFO tempest.lib.common.rest_client [req-769f3785-0f56-4a84-9005-15138316a252 req-769f3785-0f56-4a84-9005-15138316a252 ] Request (SecurityGroupsNegativeTestJSON:tearDownClass): 204 DELETE http://10.180.1.21:9696/networking/v2.0/security-groups/7c108a4e-3c5b-46b4-9c78-7bf935b1a008 0.112s
2025-04-17 12:17:52.159 69515 INFO tempest.lib.common.rest_client [req-406a5b48-75bb-4418-8638-38f753d69fdb req-406a5b48-75bb-4418-8638-38f753d69fdb ] Request (ServicesAdminNegativeV253TestJSON:setUpClass): 201 POST http://10.180.1.21/identity/v3/auth/tokens 0.060s
2025-04-17 12:17:52.168 69521 INFO tempest.lib.common.rest_client [req-2c6e98f0-fe82-40fc-8f7b-15b0b2c81fce req-2c6e98f0-fe82-40fc-8f7b-15b0b2c81fce ] Request (ServerAddressesTestJSON:setUpClass): 200 GET http://10.180.1.21/compute/v2.1/servers/f77adbc9-4a34-438e-8e0c-ddab0d1f4603 0.668s
2025-04-17 12:17:52.187 69515 INFO tempest.lib.common.rest_client [req-77006fca-1def-42ac-9325-55f2878652ef req-77006fca-1def-42ac-9325-55f2878652ef ] Request (ServicesAdminNegativeV253TestJSON:setUpClass): 201 POST http://10.180.1.21/identity/v3/auth/tokens 0.024s
2025-04-17 12:17:52.210 69523 INFO tempest.lib.common.rest_client [req-112b227d-42d5-4513-a011-8ff5dda3b1ca req-112b227d-42d5-4513-a011-8ff5dda3b1ca ] Request (SecurityGroupsNegativeTestJSON:tearDownClass): 204 DELETE http://10.180.1.21/identity/v3/projects/e12040ded609470b9093b14a56562adb 0.085s
2025-04-17 12:17:52.217 69553 INFO tempest.lib.common.rest_client [req-11d0d736-2a6b-4252-ba87-81fe4503b818 req-11d0d736-2a6b-4252-ba87-81fe4503b818 ] Request (ServersAdmin275Test:test_rebuild_update_server_275): 200 GET http://10.180.1.21/compute/v2.1/servers/4e6f82f5-9766-46fa-a28a-8f13c5c8fd58 0.687s
2025-04-17 12:17:52.228 69520 INFO tempest.lib.common.rest_client [req-e18e8e61-821e-4faa-86c1-8fe94fbe2f05 req-e18e8e61-821e-4faa-86c1-8fe94fbe2f05 ] Request (AttachInterfacesUnderV243Test:test_add_remove_fixed_ip): 202 POST http://10.180.1.21/compute/v2.1/servers 1.042s
2025-04-17 12:17:52.237 69523 INFO tempest.lib.common.rest_client [req-e65fe4f0-3be5-4a17-8510-149bd937b964 req-e65fe4f0-3be5-4a17-8510-149bd937b964 ] Request (ServerDiskConfigTestJSON:setUpClass): 201 POST http://10.180.1.21/identity/v3/auth/tokens 0.025s
2025-04-17 12:17:52.243 69515 INFO tempest.lib.common.rest_client [req-06b039c5-d545-4a18-99eb-668930e8ed0f req-06b039c5-d545-4a18-99eb-668930e8ed0f ] Request (ServicesAdminNegativeV253TestJSON:setUpClass): 200 GET http://10.180.1.21/identity/v3/domains?name=Default 0.055s
2025-04-17 12:17:52.267 69565 INFO tempest.lib.common.rest_client [req-d4c836a2-6919-4ea4-a120-0decc8ae062c req-d4c836a2-6919-4ea4-a120-0decc8ae062c ] Request (ServersTestFqdnHostnames:test_create_server_with_fqdn_name): 200 GET http://10.180.1.21/compute/v2.1/servers/334575bf-5847-41d5-85bd-e72f08a80a59 0.706s
2025-04-17 12:17:52.278 69523 INFO tempest.lib.common.rest_client [req-49fb35e6-ea75-4194-833d-4080a99bfe25 req-49fb35e6-ea75-4194-833d-4080a99bfe25 ] Request (ServerDiskConfigTestJSON:setUpClass): 201 POST http://10.180.1.21/identity/v3/auth/tokens 0.038s
2025-04-17 12:17:52.279 69557 INFO tempest.lib.common.rest_client [req-6eeb332a-425f-4f34-ac02-894acf24d4de req-6eeb332a-425f-4f34-ac02-894acf24d4de ] Request (ImagesOneServerTestJSON:setUpClass): 200 GET http://10.180.1.21/compute/v2.1/servers/017c5882-2f2e-43e0-947a-6996bbdf73d0 0.625s
2025-04-17 12:17:52.286 69515 INFO tempest.lib.common.rest_client [req-0138de1b-924f-48b0-90af-931dec7504ae req-0138de1b-924f-48b0-90af-931dec7504ae ] Request (ServicesAdminNegativeV253TestJSON:setUpClass): 201 POST http://10.180.1.21/identity/v3/projects 0.043s
2025-04-17 12:17:52.322 69511 INFO tempest.lib.common.rest_client [req-9199c577-acc5-4556-a46f-70610a713a13 req-9199c577-acc5-4556-a46f-70610a713a13 ] Request (ServerActionsTestJSON:setUpClass): 200 GET http://10.180.1.21/compute/v2.1/servers/1140bb76-ac01-4d31-996b-55e15f547497 0.579s
2025-04-17 12:17:52.331 69523 INFO tempest.lib.common.rest_client [req-b4c3e9d4-c17f-4014-b12e-eea40dcd98f4 req-b4c3e9d4-c17f-4014-b12e-eea40dcd98f4 ] Request (ServerDiskConfigTestJSON:setUpClass): 200 GET http://10.180.1.21/identity/v3/domains?name=Default 0.053s
2025-04-17 12:17:52.345 69515 INFO tempest.lib.common.rest_client [req-df86b65a-375f-4958-be8d-e07f29bd6f75 req-df86b65a-375f-4958-be8d-e07f29bd6f75 ] Request (ServicesAdminNegativeV253TestJSON:setUpClass): 201 POST http://10.180.1.21/identity/v3/users 0.058s
2025-04-17 12:17:52.359 69527 INFO tempest.lib.common.rest_client [req-fe1630ac-d8fb-41dd-973d-d23b76531d82 req-fe1630ac-d8fb-41dd-973d-d23b76531d82 ] Request (SecurityGroupRulesNegativeTestJSON:tearDownClass): 202 DELETE http://10.180.1.21/compute/v2.1/os-security-groups/9539d1d2-4342-475b-ba61-1e1ad22a30ac 0.682s
2025-04-17 12:17:52.365 69523 INFO tempest.lib.common.rest_client [req-ad478579-6643-458c-a787-f3c0680c7749 req-ad478579-6643-458c-a787-f3c0680c7749 ] Request (ServerDiskConfigTestJSON:setUpClass): 201 POST http://10.180.1.21/identity/v3/projects 0.031s
2025-04-17 12:17:52.415 69545 INFO tempest.lib.common.rest_client [req-b8b5819d-4754-4fc0-86a3-c0255858a112 req-b8b5819d-4754-4fc0-86a3-c0255858a112 ] Request (MigrationsAdminTest:test_list_migrations_in_flavor_resize_situation): 200 GET http://10.180.1.21/compute/v2.1/servers/02ec5165-3b99-4d81-a7d9-716e63076cb0 0.639s
2025-04-17 12:17:52.421 69523 INFO tempest.lib.common.rest_client [req-9d234309-35a7-4947-8f26-3e3345815282 req-9d234309-35a7-4947-8f26-3e3345815282 ] Request (ServerDiskConfigTestJSON:setUpClass): 201 POST http://10.180.1.21/identity/v3/users 0.055s
2025-04-17 12:17:52.429 69505 INFO tempest.lib.common.rest_client [req-d4480a48-dd0e-4419-b98b-45f71772dc11 req-d4480a48-dd0e-4419-b98b-45f71772dc11 ] Request (SecurityGroupsTestJSON:test_list_security_groups_by_server): 200 GET http://10.180.1.21/compute/v2.1/servers/11aaee2b-b47e-4078-9674-f46a5f7878ca 0.612s
2025-04-17 12:17:52.441 69523 INFO tempest.lib.common.rest_client [req-ea5d5d68-8434-449a-b48a-79404798958f req-ea5d5d68-8434-449a-b48a-79404798958f ] Request (ServerDiskConfigTestJSON:setUpClass): 200 GET http://10.180.1.21/identity/v3/roles 0.019s
2025-04-17 12:17:52.467 69555 INFO tempest.lib.common.rest_client [req-e259491c-533d-469b-b6eb-6fe453c5bd94 req-e259491c-533d-469b-b6eb-6fe453c5bd94 ] Request (AttachInterfacesTestJSON:test_create_list_show_delete_interfaces_by_fixed_ip): 200 GET http://10.180.1.21/compute/v2.1/servers/9e87431d-abde-4b1e-93a4-71d34e17308f 0.626s
2025-04-17 12:17:52.471 69523 INFO tempest.lib.common.rest_client [req-ed5b2111-78e2-4dc1-9da6-357d66cc7d70 req-ed5b2111-78e2-4dc1-9da6-357d66cc7d70 ] Request (ServerDiskConfigTestJSON:setUpClass): 204 PUT http://10.180.1.21/identity/v3/projects/1b10a196d0654c479f190fc16463d71e/users/82676d52930a46aca37a4f718e25da7a/roles/89b12ad877d349d6b54159d52f516991 0.029s
2025-04-17 12:17:52.471 69523 INFO tempest.lib.common.dynamic_creds [-] Dynamic test user 82676d52930a46aca37a4f718e25da7a is created with scope project and roles: ['member']
2025-04-17 12:17:52.471 69523 INFO tempest.lib.common.dynamic_creds [-] Acquired dynamic creds: credentials: Credentials: {'domain_id': 'default', 'domain_name': 'Default', 'username': 'tempest-ServerDiskConfigTestJSON-1952933683-project-member', 'project_domain_id': 'default', 'project_domain_name': 'Default', 'project_id': '1b10a196d0654c479f190fc16463d71e', 'project_name': 'tempest-ServerDiskConfigTestJSON-1952933683', 'tenant_id': '1b10a196d0654c479f190fc16463d71e', 'tenant_name': 'tempest-ServerDiskConfigTestJSON-1952933683', 'user_domain_id': 'default', 'user_domain_name': 'Default', 'user_id': '82676d52930a46aca37a4f718e25da7a', 'system': None}, Network: None, Subnet: None, Router: None
