2025-04-17 12:18:14.650 69529 INFO tempest.lib.common.dynamic_creds [-] Deleting project and security group for project: ca9300e057e345c183dcf36fdc2d752f
2025-04-17 12:18:14.673 69517 INFO tempest.lib.common.rest_client [req-fbbd0d9a-5842-4ab7-9165-9bb35a770e8f req-fbbd0d9a-5842-4ab7-9165-9bb35a770e8f ] Request (ServerMetadataTestJSON:setUpClass): 200 GET http://10.180.1.21/compute/v2.1/servers/8cd8f52e-5df8-4f5b-b59b-5d7fd37d0638 0.045s
2025-04-17 12:18:14.688 69529 INFO tempest.lib.common.rest_client [req-8d226329-d38a-422b-a46a-2636020a2990 req-8d226329-d38a-422b-a46a-2636020a2990 ] Request (ServersAdminNegativeTestJSON:tearDownClass): 200 GET http://10.180.1.21:9696/networking/v2.0/security-groups?tenant_id=ca9300e057e345c183dcf36fdc2d752f&name=default 0.037s
2025-04-17 12:18:14.755 69533 INFO tempest.lib.common.rest_client [req-e6df8c7b-6fe2-458f-85fe-f2ecf70b1ec4 req-e6df8c7b-6fe2-458f-85fe-f2ecf70b1ec4 ] Request (ServerDiagnosticsNegativeTest:test_get_server_diagnostics_by_non_admin): 200 GET http://10.180.1.21/compute/v2.1/servers/1547effe-8061-4aba-8e1f-302617eee198 0.127s
2025-04-17 12:18:14.756 69529 INFO tempest.lib.common.rest_client [req-f158081c-1cd7-4f7c-876b-e6a41b479285 req-f158081c-1cd7-4f7c-876b-e6a41b479285 ] Request (ServersAdminNegativeTestJSON:tearDownClass): 204 DELETE http://10.180.1.21:9696/networking/v2.0/security-groups/5ee903d2-7280-4dc6-9cca-52806a9452ef 0.068s
2025-04-17 12:18:14.842 69529 INFO tempest.lib.common.rest_client [req-03edd1d1-6ff0-41b5-96ce-c2829b6e98fb req-03edd1d1-6ff0-41b5-96ce-c2829b6e98fb ] Request (ServersAdminNegativeTestJSON:tearDownClass): 204 DELETE http://10.180.1.21/identity/v3/projects/ca9300e057e345c183dcf36fdc2d752f 0.085s
2025-04-17 12:18:14.874 69551 INFO tempest.lib.common.rest_client [req-dfe24052-fa0a-45ad-8747-bf25b822e9db req-dfe24052-fa0a-45ad-8747-bf25b822e9db ] Request (AttachVolumeNegativeTest:test_attach_attached_volume_to_different_server): 200 GET http://10.180.1.21/compute/v2.1/servers/81b5e27a-8113-49fc-a845-3160f3bfb030 0.046s
2025-04-17 12:18:14.889 69545 INFO tempest.lib.common.rest_client [req-fbc07616-cd69-44e6-9f0d-e099f776c903 req-fbc07616-cd69-44e6-9f0d-e099f776c903 ] Request (MigrationsAdminTest:test_list_migrations_in_flavor_resize_situation): 200 GET http://10.180.1.21/compute/v2.1/servers/02ec5165-3b99-4d81-a7d9-716e63076cb0 0.098s
2025-04-17 12:18:14.904 69529 INFO tempest.lib.common.rest_client [req-73b94714-dafc-4f76-9828-eeeb3644147b req-73b94714-dafc-4f76-9828-eeeb3644147b ] Request (TenantUsagesTestJSON:setUpClass): 201 POST http://10.180.1.21/identity/v3/auth/tokens 0.054s
2025-04-17 12:18:14.930 69529 INFO tempest.lib.common.rest_client [req-9ab53cbd-7895-40a1-99f6-bb473f093662 req-9ab53cbd-7895-40a1-99f6-bb473f093662 ] Request (TenantUsagesTestJSON:setUpClass): 201 POST http://10.180.1.21/identity/v3/auth/tokens 0.023s
2025-04-17 12:18:14.951 69529 INFO tempest.lib.common.rest_client [req-f13be331-c51f-4a03-9f04-28a16a0a39cb req-f13be331-c51f-4a03-9f04-28a16a0a39cb ] Request (TenantUsagesTestJSON:setUpClass): 200 GET http://10.180.1.21/identity/v3/domains?name=Default 0.021s
2025-04-17 12:18:14.960 69521 INFO tempest.lib.common.rest_client [req-e9e92d63-d7da-4ff1-8973-711e403dbcc7 req-e9e92d63-d7da-4ff1-8973-711e403dbcc7 ] Request (ServerAddressesTestJSON:setUpClass): 200 GET http://10.180.1.21/compute/v2.1/servers/f77adbc9-4a34-438e-8e0c-ddab0d1f4603 0.044s
2025-04-17 12:18:14.975 69529 INFO tempest.lib.common.rest_client [req-e22de513-8c95-416f-ba79-daf79ad2967f req-e22de513-8c95-416f-ba79-daf79ad2967f ] Request (TenantUsagesTestJSON:setUpClass): 201 POST http://10.180.1.21/identity/v3/projects 0.024s
2025-04-17 12:18:15.015 69531 INFO tempest.lib.common.rest_client [req-b57324b3-c52a-4ff0-9057-9ea79f392d76 req-b57324b3-c52a-4ff0-9057-9ea79f392d76 ] Request (ServerExternalEventsTest:test_create_server_external_events): 200 GET http://10.180.1.21/compute/v2.1/servers/4053c7e0-9f0d-4acf-90be-0dab69650838 0.045s
2025-04-17 12:18:15.028 69529 INFO tempest.lib.common.rest_client [req-78bbc354-e99e-45bd-ab5a-f53a47be73bf req-78bbc354-e99e-45bd-ab5a-f53a47be73bf ] Request (TenantUsagesTestJSON:setUpClass): 201 POST http://10.180.1.21/identity/v3/users 0.052s
2025-04-17 12:18:15.048 69529 INFO tempest.lib.common.rest_client [req-b66b4811-181b-4106-a2c4-5d0b1679d534 req-b66b4811-181b-4106-a2c4-5d0b1679d534 ] Request (TenantUsagesTestJSON:setUpClass): 200 GET http://10.180.1.21/identity/v3/roles 0.019s
2025-04-17 12:18:15.069 69529 INFO tempest.lib.common.rest_client [req-5983f69a-90f0-4604-9a21-7c761eb46754 req-5983f69a-90f0-4604-9a21-7c761eb46754 ] Request (TenantUsagesTestJSON:setUpClass): 204 PUT http://10.180.1.21/identity/v3/projects/5c2cfc3fbbf448b89a54bef591a147aa/users/56e937a3119e4e959fb17c2a2ddbc4b2/roles/89b12ad877d349d6b54159d52f516991 0.021s
2025-04-17 12:18:15.069 69529 INFO tempest.lib.common.dynamic_creds [-] Dynamic test user 56e937a3119e4e959fb17c2a2ddbc4b2 is created with scope project and roles: ['member']
2025-04-17 12:18:15.069 69529 INFO tempest.lib.common.dynamic_creds [-] Acquired dynamic creds: credentials: Credentials: {'domain_id': 'default', 'domain_name': 'Default', 'username': 'tempest-TenantUsagesTestJSON-1708237157-project-member', 'project_domain_id': 'default', 'project_domain_name': 'Default', 'project_id': '5c2cfc3fbbf448b89a54bef591a147aa', 'project_name': 'tempest-TenantUsagesTestJSON-1708237157', 'tenant_id': '5c2cfc3fbbf448b89a54bef591a147aa', 'tenant_name': 'tempest-TenantUsagesTestJSON-1708237157', 'user_domain_id': 'default', 'user_domain_name': 'Default', 'user_id': '56e937a3119e4e959fb17c2a2ddbc4b2', 'system': None}, Network: None, Subnet: None, Router: None
2025-04-17 12:18:15.070 69529 INFO tempest.lib.common.dynamic_creds [-] Created isolated network resources for: credentials: Credentials: {'domain_id': 'default', 'domain_name': 'Default', 'username': 'tempest-TenantUsagesTestJSON-1708237157-project-member', 'project_domain_id': 'default', 'project_domain_name': 'Default', 'project_id': '5c2cfc3fbbf448b89a54bef591a147aa', 'project_name': 'tempest-TenantUsagesTestJSON-1708237157', 'tenant_id': '5c2cfc3fbbf448b89a54bef591a147aa', 'tenant_name': 'tempest-TenantUsagesTestJSON-1708237157', 'user_domain_id': 'default', 'user_domain_name': 'Default', 'user_id': '56e937a3119e4e959fb17c2a2ddbc4b2', 'system': None}, Network: None, Subnet: None, Router: None
2025-04-17 12:18:15.131 69529 INFO tempest.lib.common.rest_client [req-0ede5108-65a5-4b50-a7e9-47f35d7b7fe9 req-0ede5108-65a5-4b50-a7e9-47f35d7b7fe9 ] Request (TenantUsagesTestJSON:setUpClass): 201 POST http://10.180.1.21/identity/v3/auth/tokens 0.058s
2025-04-17 12:18:15.140 69515 INFO tempest.lib.common.rest_client [req-d5370d6c-abe9-43ed-9e5e-c8122eb09fab req-d5370d6c-abe9-43ed-9e5e-c8122eb09fab ] Request (FloatingIPsAssociationTestJSON:setUpClass): 200 GET http://10.180.1.21/compute/v2.1/servers/a7fa6db1-6f80-4f30-84b1-6179b0774889 0.047s
2025-04-17 12:18:15.180 69541 INFO tempest.lib.common.rest_client [req-2acb8481-0e5f-42d0-948b-8df646827b56 req-2acb8481-0e5f-42d0-948b-8df646827b56 ] Request (AttachInterfacesV270Test:test_create_get_list_interfaces): 200 GET http://10.180.1.21/compute/v2.1/servers/b9eb341d-bf37-4848-90b0-a774eb382f72 0.113s
2025-04-17 12:18:15.185 69529 INFO tempest.lib.common.rest_client [req-c51e5a5c-840a-427b-9149-f8d824b3cb98 req-c51e5a5c-840a-427b-9149-f8d824b3cb98 ] Request (TenantUsagesTestJSON:setUpClass): 201 POST http://10.180.1.21/identity/v3/projects 0.053s
2025-04-17 12:18:15.196 69503 INFO tempest.lib.common.rest_client [req-027ee48e-14c2-4d88-83ba-d8ba0a0eabd4 req-027ee48e-14c2-4d88-83ba-d8ba0a0eabd4 ] Request (DeleteServersTestJSON:test_delete_active_server): 200 GET http://10.180.1.21/compute/v2.1/servers/bf04f0eb-5e79-4ddf-a654-24091deb7fbb 0.045s
2025-04-17 12:18:15.245 69529 INFO tempest.lib.common.rest_client [req-21bcc4cc-9f83-45fd-8eb4-e48a04b335b4 req-21bcc4cc-9f83-45fd-8eb4-e48a04b335b4 ] Request (TenantUsagesTestJSON:setUpClass): 201 POST http://10.180.1.21/identity/v3/users 0.059s
2025-04-17 12:18:15.251 69557 INFO tempest.lib.common.rest_client [req-168bd944-33e7-40f0-91e9-0ce118f89732 req-168bd944-33e7-40f0-91e9-0ce118f89732 ] Request (ImagesOneServerTestJSON:setUpClass): 200 GET http://10.180.1.21/compute/v2.1/servers/017c5882-2f2e-43e0-947a-6996bbdf73d0 0.051s
2025-04-17 12:18:15.271 69529 INFO tempest.lib.common.rest_client [req-ba7860bb-1389-4c20-80bc-d7b05cf63f1e req-ba7860bb-1389-4c20-80bc-d7b05cf63f1e ] Request (TenantUsagesTestJSON:setUpClass): 200 GET http://10.180.1.21/identity/v3/roles 0.026s
2025-04-17 12:18:15.276 69513 INFO tempest.lib.common.rest_client [req-77a932af-9159-433f-b979-8cde45933c20 req-77a932af-9159-433f-b979-8cde45933c20 ] Request (DeleteServersAdminTestJSON:test_admin_delete_servers_of_others): 200 GET http://10.180.1.21/compute/v2.1/servers/a1095b15-f871-4dd2-9712-330d26ba4143 0.124s
2025-04-17 12:18:15.295 69529 INFO tempest.lib.common.rest_client [req-56987480-6860-44f4-a55a-309fa5f56ea9 req-56987480-6860-44f4-a55a-309fa5f56ea9 ] Request (TenantUsagesTestJSON:setUpClass): 204 PUT http://10.180.1.21/identity/v3/projects/3b992bfa528241f293b741c65fbc3a5d/users/34ad0ea1b9e44c35b46fcc50ff565dd9/roles/f774a33ab52e46c9927a46b7a5e6c9dd 0.023s
2025-04-17 12:18:15.314 69553 INFO tempest.lib.common.rest_client [req-025d4f13-46e2-440c-8902-35319f2b38b2 req-025d4f13-46e2-440c-8902-35319f2b38b2 ] Request (ServersAdmin275Test:test_rebuild_update_server_275): 200 GET http://10.180.1.21/compute/v2.1/servers/4e6f82f5-9766-46fa-a28a-8f13c5c8fd58 0.112s
2025-04-17 12:18:15.334 69565 INFO tempest.lib.common.rest_client [req-52097595-a5de-414b-b44f-0d173e54282f req-52097595-a5de-414b-b44f-0d173e54282f ] Request (ServersTestFqdnHostnames:test_create_server_with_fqdn_name): 200 GET http://10.180.1.21/compute/v2.1/servers/334575bf-5847-41d5-85bd-e72f08a80a59 0.089s
2025-04-17 12:18:15.358 69529 INFO tempest.lib.common.rest_client [req-2ac1bc4c-0071-44b0-8124-a96e976e1af9 req-2ac1bc4c-0071-44b0-8124-a96e976e1af9 ] Request (TenantUsagesTestJSON:setUpClass): 200 GET http://10.180.1.21/identity/v3/roles 0.062s
2025-04-17 12:18:15.364 69511 INFO tempest.lib.common.rest_client [req-9cc406a2-e4f0-4547-8b4f-cc83a3ee4faf req-9cc406a2-e4f0-4547-8b4f-cc83a3ee4faf ] Request (ServerActionsTestJSON:setUpClass): 200 GET http://10.180.1.21/compute/v2.1/servers/1140bb76-ac01-4d31-996b-55e15f547497 0.117s
2025-04-17 12:18:15.378 69529 INFO tempest.lib.common.rest_client [req-d35f4a92-8309-461d-af06-e7bdce02ddff req-d35f4a92-8309-461d-af06-e7bdce02ddff ] Request (TenantUsagesTestJSON:setUpClass): 204 PUT http://10.180.1.21/identity/v3/projects/3b992bfa528241f293b741c65fbc3a5d/users/34ad0ea1b9e44c35b46fcc50ff565dd9/roles/f774a33ab52e46c9927a46b7a5e6c9dd 0.020s
2025-04-17 12:18:15.379 69529 INFO tempest.lib.common.dynamic_creds [-] Dynamic test user 34ad0ea1b9e44c35b46fcc50ff565dd9 is created with scope project and roles: ['admin']
2025-04-17 12:18:15.379 69529 INFO tempest.lib.common.dynamic_creds [-] Acquired dynamic creds: credentials: Credentials: {'domain_id': 'default', 'domain_name': 'Default', 'username': 'tempest-TenantUsagesTestJSON-776242842-project-admin', 'project_domain_id': 'default', 'project_domain_name': 'Default', 'project_id': '3b992bfa528241f293b741c65fbc3a5d', 'project_name': 'tempest-TenantUsagesTestJSON-776242842', 'tenant_id': '3b992bfa528241f293b741c65fbc3a5d', 'tenant_name': 'tempest-TenantUsagesTestJSON-776242842', 'user_domain_id': 'default', 'user_domain_name': 'Default', 'user_id': '34ad0ea1b9e44c35b46fcc50ff565dd9', 'system': None}, Network: None, Subnet: None, Router: None
2025-04-17 12:18:15.379 69529 INFO tempest.lib.common.dynamic_creds [-] Created isolated network resources for: credentials: Credentials: {'domain_id': 'default', 'domain_name': 'Default', 'username': 'tempest-TenantUsagesTestJSON-776242842-project-admin', 'project_domain_id': 'default', 'project_domain_name': 'Default', 'project_id': '3b992bfa528241f293b741c65fbc3a5d', 'project_name': 'tempest-TenantUsagesTestJSON-776242842', 'tenant_id': '3b992bfa528241f293b741c65fbc3a5d', 'tenant_name': 'tempest-TenantUsagesTestJSON-776242842', 'user_domain_id': 'default', 'user_domain_name': 'Default', 'user_id': '34ad0ea1b9e44c35b46fcc50ff565dd9', 'system': None}, Network: None, Subnet: None, Router: None
2025-04-17 12:18:15.392 69523 INFO tempest.lib.common.rest_client [req-7d567c0d-10c7-45cc-b2c5-2b51181fc073 req-7d567c0d-10c7-45cc-b2c5-2b51181fc073 ] Request (ServerDiskConfigTestJSON:test_rebuild_server_with_auto_disk_config): 200 GET http://10.180.1.21/compute/v2.1/servers/4da35a64-ce89-4534-9af7-8eb8c1ec10ba 0.099s
2025-04-17 12:18:15.418 69505 INFO tempest.lib.common.rest_client [req-7a23d237-3488-4950-ac96-4aa285db67ee req-7a23d237-3488-4950-ac96-4aa285db67ee ] Request (SecurityGroupsTestJSON:test_list_security_groups_by_server): 200 GET http://10.180.1.21/compute/v2.1/servers/11aaee2b-b47e-4078-9674-f46a5f7878ca 0.123s
2025-04-17 12:18:15.441 69555 INFO tempest.lib.common.rest_client [req-7ebf72f9-7b5c-4db1-a347-17ab9bcd97f8 req-7ebf72f9-7b5c-4db1-a347-17ab9bcd97f8 ] Request (AttachInterfacesTestJSON:test_create_list_show_delete_interfaces_by_fixed_ip): 200 GET http://10.180.1.21/compute/v2.1/servers/9e87431d-abde-4b1e-93a4-71d34e17308f 0.103s
2025-04-17 12:18:15.452 69529 INFO tempest.lib.common.rest_client [req-d1983967-bd1c-45ed-830c-df44d4c41793 req-d1983967-bd1c-45ed-830c-df44d4c41793 ] Request (TenantUsagesTestJSON:setUpClass): 201 POST http://10.180.1.21/identity/v3/auth/tokens 0.070s
2025-04-17 12:18:15.470 69509 INFO tempest.lib.common.rest_client [req-f7ad683c-6624-4505-8b91-e381468224bb req-f7ad683c-6624-4505-8b91-e381468224bb ] Request (InstanceActionsNegativeTestJSON:setUpClass): 200 GET http://10.180.1.21/compute/v2.1/servers/3bfa20a9-e1b0-447f-8dcf-abb7bceee157 0.088s
2025-04-17 12:18:15.505 69529 INFO tempest.lib.common.rest_client [req-04d23dc1-fd1c-4eed-8f67-42a6465602c4 req-04d23dc1-fd1c-4eed-8f67-42a6465602c4 ] Request (TenantUsagesTestJSON:setUpClass): 201 POST http://10.180.1.21/identity/v3/auth/tokens 0.048s
2025-04-17 12:18:15.506 69529 INFO tempest.lib.common.fixed_network [-] (TenantUsagesTestJSON:setUpClass) Found network None available for tenant
2025-04-17 12:18:15.524 69535 INFO tempest.lib.common.rest_client [req-5d8219af-0c6f-4e33-b42e-f6173666f682 req-5d8219af-0c6f-4e33-b42e-f6173666f682 ] Request (ServersWithSpecificFlavorTestJSON:test_verify_created_server_ephemeral_disk): 200 GET http://10.180.1.21/compute/v2.1/servers/10382ebb-37bc-4d8d-9555-442cb78e0555 0.097s
2025-04-17 12:18:15.532 69507 INFO tempest.lib.common.rest_client [req-7d1c6792-af0b-442e-ab42-9f6172c29e3f req-7d1c6792-af0b-442e-ab42-9f6172c29e3f ] Request (ServersTestMultiNic:test_verify_duplicate_network_nics): 200 GET http://10.180.1.21/compute/v2.1/servers/31371445-428d-4236-a833-f07122553cfa 0.147s
2025-04-17 12:18:15.572 69525 INFO tempest.lib.common.rest_client [req-f3bd78bd-58cf-4141-a6fa-c6cf5883f9db req-f3bd78bd-58cf-4141-a6fa-c6cf5883f9db ] Request (ServersV294TestFqdnHostnames:setUpClass): 200 GET http://10.180.1.21/compute/v2.1/servers/30ba5d34-7069-4cb5-8292-faa20327a662 0.140s
2025-04-17 12:18:15.582 69547 INFO tempest.lib.common.rest_client [req-6778bf95-4794-4d47-a016-9dfd05ef464e req-6778bf95-4794-4d47-a016-9dfd05ef464e ] Request (ServerDiagnosticsV248Test:test_get_server_diagnostics): 200 GET http://10.180.1.21/compute/v2.1/servers/9c1492ea-f9d4-4a75-bc32-ca3f958ec3f1 0.112s
2025-04-17 12:18:15.619 69563 INFO tempest.lib.common.rest_client [req-2db0ac65-3426-4612-b140-9205c99043d5 req-2db0ac65-3426-4612-b140-9205c99043d5 ] Request (FloatingIPsAssociationNegativeTestJSON:setUpClass): 200 GET http://10.180.1.21/compute/v2.1/servers/f0454511-5b02-4c32-b630-09215a79f7a7 0.146s
2025-04-17 12:18:15.665 69537 INFO tempest.lib.common.rest_client [req-d784e791-bdf0-4b7c-9f09-8777db7d8920 req-d784e791-bdf0-4b7c-9f09-8777db7d8920 ] Request (VolumesAssistedSnapshotsTest:test_volume_assisted_snapshot_create_delete): 200 GET http://10.180.1.21/compute/v2.1/servers/7e10b03c-76c8-4ff7-9b66-c578cbe28f2e 0.151s
2025-04-17 12:18:15.721 69527 INFO tempest.lib.common.rest_client [req-cccf158a-2731-4a7c-9949-a9d6b817c886 req-cccf158a-2731-4a7c-9949-a9d6b817c886 ] Request (ServersTestJSON:setUpClass): 200 GET http://10.180.1.21/compute/v2.1/servers/877377d1-2c6c-4e43-b5db-5a4b6ceb99f7 0.199s
2025-04-17 12:18:15.780 69520 INFO tempest.lib.common.rest_client [req-503e4d3d-143e-404d-bb3e-f47d12b404f0 req-503e4d3d-143e-404d-bb3e-f47d12b404f0 ] Request (AttachInterfacesUnderV243Test:test_add_remove_fixed_ip): 200 GET http://10.180.1.21/compute/v2.1/servers/4eecd6a7-efe1-42bd-8cb9-6cd6116c1c55 0.219s
2025-04-17 12:18:15.821 69529 INFO tempest.lib.common.rest_client [req-9070ddb7-33cc-419f-b1f5-fb092a6efd08 req-9070ddb7-33cc-419f-b1f5-fb092a6efd08 ] Request (TenantUsagesTestJSON:setUpClass): 202 POST http://10.180.1.21/compute/v2.1/servers 0.315s
2025-04-17 12:18:15.825 69539 INFO tempest.lib.common.rest_client [req-b80258bd-49d9-41e5-bc69-176fb51d77f9 req-b80258bd-49d9-41e5-bc69-176fb51d77f9 ] Request (ServerDiagnosticsTest:test_get_server_diagnostics): 200 GET http://10.180.1.21/compute/v2.1/servers/1724aea2-9fe0-4134-adcc-1a8baf512a80 0.259s
2025-04-17 12:18:15.869 69517 INFO tempest.lib.common.rest_client [req-717e6123-ee23-42d5-97a0-0ee3e3e404ce req-717e6123-ee23-42d5-97a0-0ee3e3e404ce ] Request (ServerMetadataTestJSON:setUpClass): 200 GET http://10.180.1.21/compute/v2.1/servers/8cd8f52e-5df8-4f5b-b59b-5d7fd37d0638 0.188s
2025-04-17 12:18:15.916 69543 INFO tempest.lib.common.rest_client [req-58479300-cde5-4780-8e65-2eb0474d7d32 req-58479300-cde5-4780-8e65-2eb0474d7d32 ] Request (ListServerFiltersTestJSON:setUpClass): 200 GET http://10.180.1.21/compute/v2.1/servers/4005bdf5-3826-4214-9fa6-f794c4f043df 0.271s
2025-04-17 12:18:15.946 69529 INFO tempest.lib.common.rest_client [req-2418c412-29e4-434a-860c-3e1d2451f15c req-2418c412-29e4-434a-860c-3e1d2451f15c ] Request (TenantUsagesTestJSON:setUpClass): 200 GET http://10.180.1.21/compute/v2.1/servers/588397c9-19ac-4994-8c16-18c77be79411 0.123s
2025-04-17 12:18:15.955 69533 INFO tempest.lib.common.rest_client [req-1aa5da33-9995-4255-831f-d8b1b58b7fa1 req-1aa5da33-9995-4255-831f-d8b1b58b7fa1 ] Request (ServerDiagnosticsNegativeTest:test_get_server_diagnostics_by_non_admin): 200 GET http://10.180.1.21/compute/v2.1/servers/1547effe-8061-4aba-8e1f-302617eee198 0.191s
2025-04-17 12:18:15.987 69551 INFO tempest.lib.common.rest_client [req-2cbf3760-898f-469f-b701-ab6612faef32 req-2cbf3760-898f-469f-b701-ab6612faef32 ] Request (AttachVolumeNegativeTest:test_attach_attached_volume_to_different_server): 200 GET http://10.180.1.21/compute/v2.1/servers/81b5e27a-8113-49fc-a845-3160f3bfb030 0.106s
2025-04-17 12:18:16.025 69521 INFO tempest.lib.common.rest_client [req-75b26741-7d37-4c12-9635-1252b91515a2 req-75b26741-7d37-4c12-9635-1252b91515a2 ] Request (ServerAddressesTestJSON:setUpClass): 200 GET http://10.180.1.21/compute/v2.1/servers/f77adbc9-4a34-438e-8e0c-ddab0d1f4603 0.056s
2025-04-17 12:18:16.029 69545 INFO tempest.lib.common.rest_client [req-93c6d18e-b8b9-4a99-9657-8f61264e6b43 req-93c6d18e-b8b9-4a99-9657-8f61264e6b43 ] Request (MigrationsAdminTest:test_list_migrations_in_flavor_resize_situation): 200 GET http://10.180.1.21/compute/v2.1/servers/02ec5165-3b99-4d81-a7d9-716e63076cb0 0.132s
2025-04-17 12:18:16.063 69531 INFO tempest.lib.common.rest_client [req-566b8dc4-3d3d-4a1a-bd3c-a194cc055a3d req-566b8dc4-3d3d-4a1a-bd3c-a194cc055a3d ] Request (ServerExternalEventsTest:test_create_server_external_events): 200 GET http://10.180.1.21/compute/v2.1/servers/4053c7e0-9f0d-4acf-90be-0dab69650838 0.040s
2025-04-17 12:18:16.192 69515 INFO tempest.lib.common.rest_client [req-22151feb-7105-4499-9d9c-69399159575d req-22151feb-7105-4499-9d9c-69399159575d ] Request (FloatingIPsAssociationTestJSON:setUpClass): 200 GET http://10.180.1.21/compute/v2.1/servers/a7fa6db1-6f80-4f30-84b1-6179b0774889 0.044s
2025-04-17 12:18:16.249 69503 INFO tempest.lib.common.rest_client [req-ea546bf3-b6dc-4cce-af05-eade5f5b2620 req-ea546bf3-b6dc-4cce-af05-eade5f5b2620 ] Request (DeleteServersTestJSON:test_delete_active_server): 200 GET http://10.180.1.21/compute/v2.1/servers/bf04f0eb-5e79-4ddf-a654-24091deb7fbb 0.045s
2025-04-17 12:18:16.278 69541 INFO tempest.lib.common.rest_client [req-6b01b474-230a-4e28-b021-1524585801f8 req-6b01b474-230a-4e28-b021-1524585801f8 ] Request (AttachInterfacesV270Test:test_create_get_list_interfaces): 200 GET http://10.180.1.21/compute/v2.1/servers/b9eb341d-bf37-4848-90b0-a774eb382f72 0.088s
2025-04-17 12:18:16.302 69557 INFO tempest.lib.common.rest_client [req-b0ab38ec-f898-4910-89c8-884e67872190 req-b0ab38ec-f898-4910-89c8-884e67872190 ] Request (ImagesOneServerTestJSON:setUpClass): 200 GET http://10.180.1.21/compute/v2.1/servers/017c5882-2f2e-43e0-947a-6996bbdf73d0 0.043s
2025-04-17 12:18:16.365 69513 INFO tempest.lib.common.rest_client [req-f9bb6ce0-205f-43d2-8292-ce22c8f83c37 req-f9bb6ce0-205f-43d2-8292-ce22c8f83c37 ] Request (DeleteServersAdminTestJSON:test_admin_delete_servers_of_others): 200 GET http://10.180.1.21/compute/v2.1/servers/a1095b15-f871-4dd2-9712-330d26ba4143 0.078s
2025-04-17 12:18:16.382 69553 INFO tempest.lib.common.rest_client [req-7e51f585-0cf8-4bfa-85ac-37f48385276f req-7e51f585-0cf8-4bfa-85ac-37f48385276f ] Request (ServersAdmin275Test:test_rebuild_update_server_275): 200 GET http://10.180.1.21/compute/v2.1/servers/4e6f82f5-9766-46fa-a28a-8f13c5c8fd58 0.053s
2025-04-17 12:18:16.407 69565 INFO tempest.lib.common.rest_client [req-a8212012-10ba-4d07-8538-e83fffa94fd4 req-a8212012-10ba-4d07-8538-e83fffa94fd4 ] Request (ServersTestFqdnHostnames:test_create_server_with_fqdn_name): 200 GET http://10.180.1.21/compute/v2.1/servers/334575bf-5847-41d5-85bd-e72f08a80a59 0.061s
2025-04-17 12:18:16.423 69511 INFO tempest.lib.common.rest_client [req-1fba779a-7731-42a9-b65d-993eb51c3035 req-1fba779a-7731-42a9-b65d-993eb51c3035 ] Request (ServerActionsTestJSON:setUpClass): 200 GET http://10.180.1.21/compute/v2.1/servers/1140bb76-ac01-4d31-996b-55e15f547497 0.050s
2025-04-17 12:18:16.446 69523 INFO tempest.lib.common.rest_client [req-1068166a-bbb1-45f8-9f28-651bbb849dd6 req-1068166a-bbb1-45f8-9f28-651bbb849dd6 ] Request (ServerDiskConfigTestJSON:test_rebuild_server_with_auto_disk_config): 200 GET http://10.180.1.21/compute/v2.1/servers/4da35a64-ce89-4534-9af7-8eb8c1ec10ba 0.047s
2025-04-17 12:18:16.469 69505 INFO tempest.lib.common.rest_client [req-d0638b00-0368-4319-b7f2-91a413669f53 req-d0638b00-0368-4319-b7f2-91a413669f53 ] Request (SecurityGroupsTestJSON:test_list_security_groups_by_server): 200 GET http://10.180.1.21/compute/v2.1/servers/11aaee2b-b47e-4078-9674-f46a5f7878ca 0.042s
2025-04-17 12:18:16.492 69555 INFO tempest.lib.common.rest_client [req-dc1d95b8-63c0-4eb5-8cf0-ad38ef2a7d98 req-dc1d95b8-63c0-4eb5-8cf0-ad38ef2a7d98 ] Request (AttachInterfacesTestJSON:test_create_list_show_delete_interfaces_by_fixed_ip): 200 GET http://10.180.1.21/compute/v2.1/servers/9e87431d-abde-4b1e-93a4-71d34e17308f 0.043s
2025-04-17 12:18:16.522 69509 INFO tempest.lib.common.rest_client [req-c06a256f-8e4f-4539-b78a-8f0f7a1e6509 req-c06a256f-8e4f-4539-b78a-8f0f7a1e6509 ] Request (InstanceActionsNegativeTestJSON:setUpClass): 200 GET http://10.180.1.21/compute/v2.1/servers/3bfa20a9-e1b0-447f-8dcf-abb7bceee157 0.042s
2025-04-17 12:18:16.573 69535 INFO tempest.lib.common.rest_client [req-5d8daabd-17b3-43f4-8272-dceafd9d82aa req-5d8daabd-17b3-43f4-8272-dceafd9d82aa ] Request (ServersWithSpecificFlavorTestJSON:test_verify_created_server_ephemeral_disk): 200 GET http://10.180.1.21/compute/v2.1/servers/10382ebb-37bc-4d8d-9555-442cb78e0555 0.041s
2025-04-17 12:18:16.623 69507 INFO tempest.lib.common.rest_client [req-dec13f19-f8ae-4142-a9eb-17fea92188a2 req-dec13f19-f8ae-4142-a9eb-17fea92188a2 ] Request (ServersTestMultiNic:test_verify_duplicate_network_nics): 200 GET http://10.180.1.21/compute/v2.1/servers/31371445-428d-4236-a833-f07122553cfa 0.084s
2025-04-17 12:18:16.631 69525 INFO tempest.lib.common.rest_client [req-f91a4804-ee3b-4f9e-abdb-ed0cda4e19fd req-f91a4804-ee3b-4f9e-abdb-ed0cda4e19fd ] Request (ServersV294TestFqdnHostnames:setUpClass): 200 GET http://10.180.1.21/compute/v2.1/servers/30ba5d34-7069-4cb5-8292-faa20327a662 0.046s
2025-04-17 12:18:16.667 69547 INFO tempest.lib.common.rest_client [req-4a1d107d-a555-4553-8be8-20e6809280d9 req-4a1d107d-a555-4553-8be8-20e6809280d9 ] Request (ServerDiagnosticsV248Test:test_get_server_diagnostics): 200 GET http://10.180.1.21/compute/v2.1/servers/9c1492ea-f9d4-4a75-bc32-ca3f958ec3f1 0.076s
2025-04-17 12:18:16.670 69563 INFO tempest.lib.common.rest_client [req-095fe2ed-243a-4973-a816-94cfcd05a2bf req-095fe2ed-243a-4973-a816-94cfcd05a2bf ] Request (FloatingIPsAssociationNegativeTestJSON:setUpClass): 200 GET http://10.180.1.21/compute/v2.1/servers/f0454511-5b02-4c32-b630-09215a79f7a7 0.043s
2025-04-17 12:18:16.717 69537 INFO tempest.lib.common.rest_client [req-9ba87f41-e203-4b7a-833e-dc3902d8f8e1 req-9ba87f41-e203-4b7a-833e-dc3902d8f8e1 ] Request (VolumesAssistedSnapshotsTest:test_volume_assisted_snapshot_create_delete): 200 GET http://10.180.1.21/compute/v2.1/servers/7e10b03c-76c8-4ff7-9b66-c578cbe28f2e 0.044s
2025-04-17 12:18:16.775 69527 INFO tempest.lib.common.rest_client [req-ff156d1c-9fc2-4ecf-b2f2-4c802438ea3b req-ff156d1c-9fc2-4ecf-b2f2-4c802438ea3b ] Request (ServersTestJSON:setUpClass): 200 GET http://10.180.1.21/compute/v2.1/servers/877377d1-2c6c-4e43-b5db-5a4b6ceb99f7 0.046s
2025-04-17 12:18:16.834 69520 INFO tempest.lib.common.rest_client [req-fe33d610-41f0-4f0f-acaf-f8069ea4a3a4 req-fe33d610-41f0-4f0f-acaf-f8069ea4a3a4 ] Request (AttachInterfacesUnderV243Test:test_add_remove_fixed_ip): 200 GET http://10.180.1.21/compute/v2.1/servers/4eecd6a7-efe1-42bd-8cb9-6cd6116c1c55 0.045s
2025-04-17 12:18:16.877 69539 INFO tempest.lib.common.rest_client [req-4a09c5d8-df99-4682-93a5-f5faf4fdf601 req-4a09c5d8-df99-4682-93a5-f5faf4fdf601 ] Request (ServerDiagnosticsTest:test_get_server_diagnostics): 200 GET http://10.180.1.21/compute/v2.1/servers/1724aea2-9fe0-4134-adcc-1a8baf512a80 0.044s
2025-04-17 12:18:16.920 69517 INFO tempest.lib.common.rest_client [req-d3cb874f-7325-453f-bbcb-c87f95b661bb req-d3cb874f-7325-453f-bbcb-c87f95b661bb ] Request (ServerMetadataTestJSON:setUpClass): 200 GET http://10.180.1.21/compute/v2.1/servers/8cd8f52e-5df8-4f5b-b59b-5d7fd37d0638 0.043s
2025-04-17 12:18:16.997 69529 INFO tempest.lib.common.rest_client [req-5beeb102-50b9-4233-bcfb-0f9cbb6fb15f req-5beeb102-50b9-4233-bcfb-0f9cbb6fb15f ] Request (TenantUsagesTestJSON:setUpClass): 200 GET http://10.180.1.21/compute/v2.1/servers/588397c9-19ac-4994-8c16-18c77be79411 0.043s
2025-04-17 12:18:17.020 69543 INFO tempest.lib.common.rest_client [req-135a256c-33ad-48c8-8c5b-1c030ef9111d req-135a256c-33ad-48c8-8c5b-1c030ef9111d ] Request (ListServerFiltersTestJSON:setUpClass): 200 GET http://10.180.1.21/compute/v2.1/servers/4005bdf5-3826-4214-9fa6-f794c4f043df 0.096s
2025-04-17 12:18:17.061 69551 INFO tempest.lib.common.rest_client [req-9f00a792-d982-46f8-b332-e84380656d65 req-9f00a792-d982-46f8-b332-e84380656d65 ] Request (AttachVolumeNegativeTest:test_attach_attached_volume_to_different_server): 200 GET http://10.180.1.21/compute/v2.1/servers/81b5e27a-8113-49fc-a845-3160f3bfb030 0.066s
2025-04-17 12:18:17.077 69533 INFO tempest.lib.common.rest_client [req-d1fd502d-b8c4-44c3-8179-ab00fd55aa66 req-d1fd502d-b8c4-44c3-8179-ab00fd55aa66 ] Request (ServerDiagnosticsNegativeTest:test_get_server_diagnostics_by_non_admin): 200 GET http://10.180.1.21/compute/v2.1/servers/1547effe-8061-4aba-8e1f-302617eee198 0.114s
2025-04-17 12:18:17.100 69521 INFO tempest.lib.common.rest_client [req-51f9fde2-5fe5-4eff-9ec5-155f785a0904 req-51f9fde2-5fe5-4eff-9ec5-155f785a0904 ] Request (ServerAddressesTestJSON:setUpClass): 200 GET http://10.180.1.21/compute/v2.1/servers/f77adbc9-4a34-438e-8e0c-ddab0d1f4603 0.067s
2025-04-17 12:18:17.140 69531 INFO tempest.lib.common.rest_client [req-e6088ae5-7042-4b40-80d4-f0d67043a97c req-e6088ae5-7042-4b40-80d4-f0d67043a97c ] Request (ServerExternalEventsTest:test_create_server_external_events): 200 GET http://10.180.1.21/compute/v2.1/servers/4053c7e0-9f0d-4acf-90be-0dab69650838 0.069s
2025-04-17 12:18:17.155 69545 INFO tempest.lib.common.rest_client [req-be23c5f1-9c70-41d8-95d4-f154e249f8bb req-be23c5f1-9c70-41d8-95d4-f154e249f8bb ] Request (MigrationsAdminTest:test_list_migrations_in_flavor_resize_situation): 200 GET http://10.180.1.21/compute/v2.1/servers/02ec5165-3b99-4d81-a7d9-716e63076cb0 0.118s
2025-04-17 12:18:17.246 69515 INFO tempest.lib.common.rest_client [req-e5c8712e-a8fe-407d-bed9-04b6805ca26e req-e5c8712e-a8fe-407d-bed9-04b6805ca26e ] Request (FloatingIPsAssociationTestJSON:setUpClass): 200 GET http://10.180.1.21/compute/v2.1/servers/a7fa6db1-6f80-4f30-84b1-6179b0774889 0.045s
2025-04-17 12:18:17.305 69503 INFO tempest.lib.common.rest_client [req-6d76929a-66fa-45bc-a8c6-54cd2c7da991 req-6d76929a-66fa-45bc-a8c6-54cd2c7da991 ] Request (DeleteServersTestJSON:test_delete_active_server): 200 GET http://10.180.1.21/compute/v2.1/servers/bf04f0eb-5e79-4ddf-a654-24091deb7fbb 0.048s
2025-04-17 12:18:17.356 69557 INFO tempest.lib.common.rest_client [req-bd59b53e-f2c6-4bfe-b418-4aec79718fbc req-bd59b53e-f2c6-4bfe-b418-4aec79718fbc ] Request (ImagesOneServerTestJSON:setUpClass): 200 GET http://10.180.1.21/compute/v2.1/servers/017c5882-2f2e-43e0-947a-6996bbdf73d0 0.045s
2025-04-17 12:18:17.401 69541 INFO tempest.lib.common.rest_client [req-f4956e06-b24f-430a-ab1e-97256f026ef3 req-f4956e06-b24f-430a-ab1e-97256f026ef3 ] Request (AttachInterfacesV270Test:test_create_get_list_interfaces): 200 GET http://10.180.1.21/compute/v2.1/servers/b9eb341d-bf37-4848-90b0-a774eb382f72 0.113s
2025-04-17 12:18:17.450 69553 INFO tempest.lib.common.rest_client [req-c2fffad5-1b99-412f-b7a4-f53be2f5129e req-c2fffad5-1b99-412f-b7a4-f53be2f5129e ] Request (ServersAdmin275Test:test_rebuild_update_server_275): 200 GET http://10.180.1.21/compute/v2.1/servers/4e6f82f5-9766-46fa-a28a-8f13c5c8fd58 0.057s
2025-04-17 12:18:17.454 69513 INFO tempest.lib.common.rest_client [req-58c2d8a5-6016-4f2b-99d0-f90b7d464e92 req-58c2d8a5-6016-4f2b-99d0-f90b7d464e92 ] Request (DeleteServersAdminTestJSON:test_admin_delete_servers_of_others): 200 GET http://10.180.1.21/compute/v2.1/servers/a1095b15-f871-4dd2-9712-330d26ba4143 0.082s
2025-04-17 12:18:17.496 69511 INFO tempest.lib.common.rest_client [req-a296d400-f945-4b4a-b808-081463db84ca req-a296d400-f945-4b4a-b808-081463db84ca ] Request (ServerActionsTestJSON:setUpClass): 200 GET http://10.180.1.21/compute/v2.1/servers/1140bb76-ac01-4d31-996b-55e15f547497 0.066s
2025-04-17 12:18:17.502 69565 INFO tempest.lib.common.rest_client [req-65177b8b-8e06-42a3-b61d-10cc670dcd02 req-65177b8b-8e06-42a3-b61d-10cc670dcd02 ] Request (ServersTestFqdnHostnames:test_create_server_with_fqdn_name): 200 GET http://10.180.1.21/compute/v2.1/servers/334575bf-5847-41d5-85bd-e72f08a80a59 0.087s
2025-04-17 12:18:17.509 69565 INFO tempest.common.waiters [-] State transition "BUILD/None" ==> "BUILD/networking" after 55 second wait
2025-04-17 12:18:17.537 69523 INFO tempest.lib.common.rest_client [req-bbe5574f-e552-4902-8b5c-0f0e2a3d1ed4 req-bbe5574f-e552-4902-8b5c-0f0e2a3d1ed4 ] Request (ServerDiskConfigTestJSON:test_rebuild_server_with_auto_disk_config): 200 GET http://10.180.1.21/compute/v2.1/servers/4da35a64-ce89-4534-9af7-8eb8c1ec10ba 0.084s
2025-04-17 12:18:17.549 69505 INFO tempest.lib.common.rest_client [req-7fe552e8-bdb2-4a8a-acf4-c27d04fc0ff6 req-7fe552e8-bdb2-4a8a-acf4-c27d04fc0ff6 ] Request (SecurityGroupsTestJSON:test_list_security_groups_by_server): 200 GET http://10.180.1.21/compute/v2.1/servers/11aaee2b-b47e-4078-9674-f46a5f7878ca 0.068s
2025-04-17 12:18:17.581 69555 INFO tempest.lib.common.rest_client [req-b456105b-b76b-4d64-a76f-838c1b6b2ab9 req-b456105b-b76b-4d64-a76f-838c1b6b2ab9 ] Request (AttachInterfacesTestJSON:test_create_list_show_delete_interfaces_by_fixed_ip): 200 GET http://10.180.1.21/compute/v2.1/servers/9e87431d-abde-4b1e-93a4-71d34e17308f 0.078s
2025-04-17 12:18:17.592 69509 INFO tempest.lib.common.rest_client [req-dcdbf1a7-a5e5-421e-aaa1-d7128024f8ed req-dcdbf1a7-a5e5-421e-aaa1-d7128024f8ed ] Request (InstanceActionsNegativeTestJSON:setUpClass): 200 GET http://10.180.1.21/compute/v2.1/servers/3bfa20a9-e1b0-447f-8dcf-abb7bceee157 0.062s
2025-04-17 12:18:17.623 69535 INFO tempest.lib.common.rest_client [req-fb1b5182-2e3d-403f-a886-6659c5847262 req-fb1b5182-2e3d-403f-a886-6659c5847262 ] Request (ServersWithSpecificFlavorTestJSON:test_verify_created_server_ephemeral_disk): 200 GET http://10.180.1.21/compute/v2.1/servers/10382ebb-37bc-4d8d-9555-442cb78e0555 0.043s
2025-04-17 12:18:17.691 69525 INFO tempest.lib.common.rest_client [req-b1391cdb-2962-44e0-878e-e92f96aea393 req-b1391cdb-2962-44e0-878e-e92f96aea393 ] Request (ServersV294TestFqdnHostnames:setUpClass): 200 GET http://10.180.1.21/compute/v2.1/servers/30ba5d34-7069-4cb5-8292-faa20327a662 0.051s
2025-04-17 12:18:17.747 69547 INFO tempest.lib.common.rest_client [req-b75baf34-7380-40f7-bd49-1bf7c2d955e5 req-b75baf34-7380-40f7-bd49-1bf7c2d955e5 ] Request (ServerDiagnosticsV248Test:test_get_server_diagnostics): 200 GET http://10.180.1.21/compute/v2.1/servers/9c1492ea-f9d4-4a75-bc32-ca3f958ec3f1 0.069s
2025-04-17 12:18:17.783 69563 INFO tempest.lib.common.rest_client [req-28ac7af5-d93b-4769-8140-f401f37c1259 req-28ac7af5-d93b-4769-8140-f401f37c1259 ] Request (FloatingIPsAssociationNegativeTestJSON:setUpClass): 200 GET http://10.180.1.21/compute/v2.1/servers/f0454511-5b02-4c32-b630-09215a79f7a7 0.105s
2025-04-17 12:18:17.825 69537 INFO tempest.lib.common.rest_client [req-9d13b9cc-4829-4626-baee-defb87d2a344 req-9d13b9cc-4829-4626-baee-defb87d2a344 ] Request (VolumesAssistedSnapshotsTest:test_volume_assisted_snapshot_create_delete): 200 GET http://10.180.1.21/compute/v2.1/servers/7e10b03c-76c8-4ff7-9b66-c578cbe28f2e 0.101s
2025-04-17 12:18:17.839 69507 INFO tempest.lib.common.rest_client [req-3b541dec-51bc-4b26-a00b-20444dc37a69 req-3b541dec-51bc-4b26-a00b-20444dc37a69 ] Request (ServersTestMultiNic:test_verify_duplicate_network_nics): 200 GET http://10.180.1.21/compute/v2.1/servers/31371445-428d-4236-a833-f07122553cfa 0.208s
2025-04-17 12:18:17.870 69527 INFO tempest.lib.common.rest_client [req-666d11fd-a3f5-41c4-9bb3-e61ae579374c req-666d11fd-a3f5-41c4-9bb3-e61ae579374c ] Request (ServersTestJSON:setUpClass): 200 GET http://10.180.1.21/compute/v2.1/servers/877377d1-2c6c-4e43-b5db-5a4b6ceb99f7 0.088s
2025-04-17 12:18:17.887 69520 INFO tempest.lib.common.rest_client [req-24fcc17b-0aff-4f95-b56b-f8fcdfe0dae0 req-24fcc17b-0aff-4f95-b56b-f8fcdfe0dae0 ] Request (AttachInterfacesUnderV243Test:test_add_remove_fixed_ip): 200 GET http://10.180.1.21/compute/v2.1/servers/4eecd6a7-efe1-42bd-8cb9-6cd6116c1c55 0.046s
2025-04-17 12:18:17.929 69539 INFO tempest.lib.common.rest_client [req-0ed2a75c-08b6-48dd-9084-647f6c950ec7 req-0ed2a75c-08b6-48dd-9084-647f6c950ec7 ] Request (ServerDiagnosticsTest:test_get_server_diagnostics): 200 GET http://10.180.1.21/compute/v2.1/servers/1724aea2-9fe0-4134-adcc-1a8baf512a80 0.045s
2025-04-17 12:18:17.976 69517 INFO tempest.lib.common.rest_client [req-4120ed89-7d10-430e-ba61-22647abc4e8b req-4120ed89-7d10-430e-ba61-22647abc4e8b ] Request (ServerMetadataTestJSON:setUpClass): 200 GET http://10.180.1.21/compute/v2.1/servers/8cd8f52e-5df8-4f5b-b59b-5d7fd37d0638 0.049s
2025-04-17 12:18:18.055 69529 INFO tempest.lib.common.rest_client [req-02c091ed-e98f-42f3-8232-8791041befe1 req-02c091ed-e98f-42f3-8232-8791041befe1 ] Request (TenantUsagesTestJSON:setUpClass): 200 GET http://10.180.1.21/compute/v2.1/servers/588397c9-19ac-4994-8c16-18c77be79411 0.051s
2025-04-17 12:18:18.113 69551 INFO tempest.lib.common.rest_client [req-c30b8058-76aa-4ed7-8c25-fcb12e87a264 req-c30b8058-76aa-4ed7-8c25-fcb12e87a264 ] Request (AttachVolumeNegativeTest:test_attach_attached_volume_to_different_server): 200 GET http://10.180.1.21/compute/v2.1/servers/81b5e27a-8113-49fc-a845-3160f3bfb030 0.045s
2025-04-17 12:18:18.137 69543 INFO tempest.lib.common.rest_client [req-f63f63af-c449-4fe3-b9b7-ee1bbe1dce6f req-f63f63af-c449-4fe3-b9b7-ee1bbe1dce6f ] Request (ListServerFiltersTestJSON:setUpClass): 200 GET http://10.180.1.21/compute/v2.1/servers/4005bdf5-3826-4214-9fa6-f794c4f043df 0.109s
2025-04-17 12:18:18.177 69521 INFO tempest.lib.common.rest_client [req-1d3f589c-8a9b-4f27-b51f-3a5a871a2828 req-1d3f589c-8a9b-4f27-b51f-3a5a871a2828 ] Request (ServerAddressesTestJSON:setUpClass): 200 GET http://10.180.1.21/compute/v2.1/servers/f77adbc9-4a34-438e-8e0c-ddab0d1f4603 0.070s
2025-04-17 12:18:18.195 69533 INFO tempest.lib.common.rest_client [req-3cfae7e6-719f-4a2c-9479-c93cbcb66e64 req-3cfae7e6-719f-4a2c-9479-c93cbcb66e64 ] Request (ServerDiagnosticsNegativeTest:test_get_server_diagnostics_by_non_admin): 200 GET http://10.180.1.21/compute/v2.1/servers/1547effe-8061-4aba-8e1f-302617eee198 0.110s
2025-04-17 12:18:18.224 69531 INFO tempest.lib.common.rest_client [req-3568242f-b845-47df-9355-cb94a1db95a7 req-3568242f-b845-47df-9355-cb94a1db95a7 ] Request (ServerExternalEventsTest:test_create_server_external_events): 200 GET http://10.180.1.21/compute/v2.1/servers/4053c7e0-9f0d-4acf-90be-0dab69650838 0.076s
2025-04-17 12:18:18.277 69545 INFO tempest.lib.common.rest_client [req-f7d2944f-40ca-4f5f-bf3d-b31b3b62b17a req-f7d2944f-40ca-4f5f-bf3d-b31b3b62b17a ] Request (MigrationsAdminTest:test_list_migrations_in_flavor_resize_situation): 200 GET http://10.180.1.21/compute/v2.1/servers/02ec5165-3b99-4d81-a7d9-716e63076cb0 0.115s
2025-04-17 12:18:18.301 69515 INFO tempest.lib.common.rest_client [req-3abda2d3-b398-4350-8d26-baf7ffe7cefd req-3abda2d3-b398-4350-8d26-baf7ffe7cefd ] Request (FloatingIPsAssociationTestJSON:setUpClass): 200 GET http://10.180.1.21/compute/v2.1/servers/a7fa6db1-6f80-4f30-84b1-6179b0774889 0.047s
2025-04-17 12:18:18.356 69503 INFO tempest.lib.common.rest_client [req-567f7c16-b69e-4786-9c78-f092eb298bb4 req-567f7c16-b69e-4786-9c78-f092eb298bb4 ] Request (DeleteServersTestJSON:test_delete_active_server): 200 GET http://10.180.1.21/compute/v2.1/servers/bf04f0eb-5e79-4ddf-a654-24091deb7fbb 0.043s
2025-04-17 12:18:18.407 69557 INFO tempest.lib.common.rest_client [req-57080ddb-8ac0-42ef-9043-3f59cce16cae req-57080ddb-8ac0-42ef-9043-3f59cce16cae ] Request (ImagesOneServerTestJSON:setUpClass): 200 GET http://10.180.1.21/compute/v2.1/servers/017c5882-2f2e-43e0-947a-6996bbdf73d0 0.044s
2025-04-17 12:18:18.513 69553 INFO tempest.lib.common.rest_client [req-92040c91-9b71-4bf2-8be2-1a856749fc91 req-92040c91-9b71-4bf2-8be2-1a856749fc91 ] Request (ServersAdmin275Test:test_rebuild_update_server_275): 200 GET http://10.180.1.21/compute/v2.1/servers/4e6f82f5-9766-46fa-a28a-8f13c5c8fd58 0.052s
2025-04-17 12:18:18.522 69541 INFO tempest.lib.common.rest_client [req-71b2e631-926a-456c-b53e-6d7799fd70cb req-71b2e631-926a-456c-b53e-6d7799fd70cb ] Request (AttachInterfacesV270Test:test_create_get_list_interfaces): 200 GET http://10.180.1.21/compute/v2.1/servers/b9eb341d-bf37-4848-90b0-a774eb382f72 0.111s
2025-04-17 12:18:18.566 69511 INFO tempest.lib.common.rest_client [req-73bfe671-3da8-4f1e-a340-00ba8c656752 req-73bfe671-3da8-4f1e-a340-00ba8c656752 ] Request (ServerActionsTestJSON:setUpClass): 200 GET http://10.180.1.21/compute/v2.1/servers/1140bb76-ac01-4d31-996b-55e15f547497 0.060s
2025-04-17 12:18:18.598 69513 INFO tempest.lib.common.rest_client [req-663e60d8-921d-4f98-842c-7a2d6530f3c1 req-663e60d8-921d-4f98-842c-7a2d6530f3c1 ] Request (DeleteServersAdminTestJSON:test_admin_delete_servers_of_others): 200 GET http://10.180.1.21/compute/v2.1/servers/a1095b15-f871-4dd2-9712-330d26ba4143 0.133s
2025-04-17 12:18:18.642 69523 INFO tempest.lib.common.rest_client [req-143d424d-b800-449f-b953-fef4c55d29f4 req-143d424d-b800-449f-b953-fef4c55d29f4 ] Request (ServerDiskConfigTestJSON:test_rebuild_server_with_auto_disk_config): 200 GET http://10.180.1.21/compute/v2.1/servers/4da35a64-ce89-4534-9af7-8eb8c1ec10ba 0.097s
2025-04-17 12:18:18.674 69565 INFO tempest.lib.common.rest_client [req-2e424f15-e2ae-4fde-8195-5e3786420e65 req-2e424f15-e2ae-4fde-8195-5e3786420e65 ] Request (ServersTestFqdnHostnames:test_create_server_with_fqdn_name): 200 GET http://10.180.1.21/compute/v2.1/servers/334575bf-5847-41d5-85bd-e72f08a80a59 0.164s
2025-04-17 12:18:18.681 69565 INFO tempest.common.waiters [-] State transition "BUILD/networking" ==> "BUILD/spawning" after 56 second wait
2025-04-17 12:18:18.683 69505 INFO tempest.lib.common.rest_client [req-5c9609b5-7647-4b4c-8187-fceefe5ae237 req-5c9609b5-7647-4b4c-8187-fceefe5ae237 ] Request (SecurityGroupsTestJSON:test_list_security_groups_by_server): 200 GET http://10.180.1.21/compute/v2.1/servers/11aaee2b-b47e-4078-9674-f46a5f7878ca 0.126s
2025-04-17 12:18:18.720 69555 INFO tempest.lib.common.rest_client [req-e82eb256-cc11-44a9-bd7f-d7c68ed6117d req-e82eb256-cc11-44a9-bd7f-d7c68ed6117d ] Request (AttachInterfacesTestJSON:test_create_list_show_delete_interfaces_by_fixed_ip): 200 GET http://10.180.1.21/compute/v2.1/servers/9e87431d-abde-4b1e-93a4-71d34e17308f 0.130s
2025-04-17 12:18:18.724 69509 INFO tempest.lib.common.rest_client [req-fd657e91-06e0-4d4e-b42b-81d6c5bb0c31 req-fd657e91-06e0-4d4e-b42b-81d6c5bb0c31 ] Request (InstanceActionsNegativeTestJSON:setUpClass): 200 GET http://10.180.1.21/compute/v2.1/servers/3bfa20a9-e1b0-447f-8dcf-abb7bceee157 0.123s
2025-04-17 12:18:18.764 69535 INFO tempest.lib.common.rest_client [req-f59e5752-5c9d-4b80-b1ef-dcb9449f6bdc req-f59e5752-5c9d-4b80-b1ef-dcb9449f6bdc ] Request (ServersWithSpecificFlavorTestJSON:test_verify_created_server_ephemeral_disk): 200 GET http://10.180.1.21/compute/v2.1/servers/10382ebb-37bc-4d8d-9555-442cb78e0555 0.133s
2025-04-17 12:18:18.769 69525 INFO tempest.lib.common.rest_client [req-12b78d1f-2b9d-4e92-8a25-375e5a7b6649 req-12b78d1f-2b9d-4e92-8a25-375e5a7b6649 ] Request (ServersV294TestFqdnHostnames:setUpClass): 200 GET http://10.180.1.21/compute/v2.1/servers/30ba5d34-7069-4cb5-8292-faa20327a662 0.068s
2025-04-17 12:18:18.818 69547 INFO tempest.lib.common.rest_client [req-a73ffb6f-634f-4c36-9cb8-bf5334c47141 req-a73ffb6f-634f-4c36-9cb8-bf5334c47141 ] Request (ServerDiagnosticsV248Test:test_get_server_diagnostics): 200 GET http://10.180.1.21/compute/v2.1/servers/9c1492ea-f9d4-4a75-bc32-ca3f958ec3f1 0.062s
2025-04-17 12:18:18.852 69563 INFO tempest.lib.common.rest_client [req-0a583c83-294c-4809-b51f-6b6d8f82cbcb req-0a583c83-294c-4809-b51f-6b6d8f82cbcb ] Request (FloatingIPsAssociationNegativeTestJSON:setUpClass): 200 GET http://10.180.1.21/compute/v2.1/servers/f0454511-5b02-4c32-b630-09215a79f7a7 0.057s
2025-04-17 12:18:18.878 69537 INFO tempest.lib.common.rest_client [req-173539f8-0b08-4b77-b62a-3d765a2d8eb7 req-173539f8-0b08-4b77-b62a-3d765a2d8eb7 ] Request (VolumesAssistedSnapshotsTest:test_volume_assisted_snapshot_create_delete): 200 GET http://10.180.1.21/compute/v2.1/servers/7e10b03c-76c8-4ff7-9b66-c578cbe28f2e 0.046s
2025-04-17 12:18:18.922 69527 INFO tempest.lib.common.rest_client [req-83466684-e787-4420-aeac-8425d97d25c7 req-83466684-e787-4420-aeac-8425d97d25c7 ] Request (ServersTestJSON:setUpClass): 200 GET http://10.180.1.21/compute/v2.1/servers/877377d1-2c6c-4e43-b5db-5a4b6ceb99f7 0.043s
2025-04-17 12:18:18.950 69507 INFO tempest.lib.common.rest_client [req-e0993451-bf74-454b-b529-c6f1609fa32e req-e0993451-bf74-454b-b529-c6f1609fa32e ] Request (ServersTestMultiNic:test_verify_duplicate_network_nics): 200 GET http://10.180.1.21/compute/v2.1/servers/31371445-428d-4236-a833-f07122553cfa 0.099s
2025-04-17 12:18:18.961 69520 INFO tempest.lib.common.rest_client [req-d427ae6b-053f-44ea-9199-ffe64d82d98f req-d427ae6b-053f-44ea-9199-ffe64d82d98f ] Request (AttachInterfacesUnderV243Test:test_add_remove_fixed_ip): 200 GET http://10.180.1.21/compute/v2.1/servers/4eecd6a7-efe1-42bd-8cb9-6cd6116c1c55 0.067s
2025-04-17 12:18:18.988 69539 INFO tempest.lib.common.rest_client [req-ce00103d-e248-4cdb-845a-e25b7adfd2d5 req-ce00103d-e248-4cdb-845a-e25b7adfd2d5 ] Request (ServerDiagnosticsTest:test_get_server_diagnostics): 200 GET http://10.180.1.21/compute/v2.1/servers/1724aea2-9fe0-4134-adcc-1a8baf512a80 0.051s
2025-04-17 12:18:19.024 69517 INFO tempest.lib.common.rest_client [req-e516dc55-5991-48e9-8558-d91588ad4006 req-e516dc55-5991-48e9-8558-d91588ad4006 ] Request (ServerMetadataTestJSON:setUpClass): 200 GET http://10.180.1.21/compute/v2.1/servers/8cd8f52e-5df8-4f5b-b59b-5d7fd37d0638 0.040s
2025-04-17 12:18:19.183 69551 INFO tempest.lib.common.rest_client [req-dc0347c4-4f75-4523-8fb3-3bb6768dcb3f req-dc0347c4-4f75-4523-8fb3-3bb6768dcb3f ] Request (AttachVolumeNegativeTest:test_attach_attached_volume_to_different_server): 200 GET http://10.180.1.21/compute/v2.1/servers/81b5e27a-8113-49fc-a845-3160f3bfb030 0.062s
2025-04-17 12:18:19.289 69529 INFO tempest.lib.common.rest_client [req-c3ada2ce-da06-4ade-9ec4-f283b884dd14 req-c3ada2ce-da06-4ade-9ec4-f283b884dd14 ] Request (TenantUsagesTestJSON:setUpClass): 200 GET http://10.180.1.21/compute/v2.1/servers/588397c9-19ac-4994-8c16-18c77be79411 0.222s
2025-04-17 12:18:19.304 69543 INFO tempest.lib.common.rest_client [req-42c35425-fff9-4560-83c0-10dd2eae9453 req-42c35425-fff9-4560-83c0-10dd2eae9453 ] Request (ListServerFiltersTestJSON:setUpClass): 200 GET http://10.180.1.21/compute/v2.1/servers/4005bdf5-3826-4214-9fa6-f794c4f043df 0.159s
2025-04-17 12:18:19.337 69521 INFO tempest.lib.common.rest_client [req-a32ed827-b95d-4739-b6ed-90691bb92b73 req-a32ed827-b95d-4739-b6ed-90691bb92b73 ] Request (ServerAddressesTestJSON:setUpClass): 200 GET http://10.180.1.21/compute/v2.1/servers/f77adbc9-4a34-438e-8e0c-ddab0d1f4603 0.151s
2025-04-17 12:18:19.374 69531 INFO tempest.lib.common.rest_client [req-706df711-fc8f-4df7-a339-86d4a5dd8d19 req-706df711-fc8f-4df7-a339-86d4a5dd8d19 ] Request (ServerExternalEventsTest:test_create_server_external_events): 200 GET http://10.180.1.21/compute/v2.1/servers/4053c7e0-9f0d-4acf-90be-0dab69650838 0.139s
2025-04-17 12:18:19.408 69533 INFO tempest.lib.common.rest_client [req-c3484d09-807d-4924-9da8-78ff317a0e68 req-c3484d09-807d-4924-9da8-78ff317a0e68 ] Request (ServerDiagnosticsNegativeTest:test_get_server_diagnostics_by_non_admin): 200 GET http://10.180.1.21/compute/v2.1/servers/1547effe-8061-4aba-8e1f-302617eee198 0.204s
2025-04-17 12:18:19.448 69515 INFO tempest.lib.common.rest_client [req-9ece17f1-01c6-4f6e-bf53-f43b0fc08d8b req-9ece17f1-01c6-4f6e-bf53-f43b0fc08d8b ] Request (FloatingIPsAssociationTestJSON:setUpClass): 200 GET http://10.180.1.21/compute/v2.1/servers/a7fa6db1-6f80-4f30-84b1-6179b0774889 0.139s
2025-04-17 12:18:19.450 69545 INFO tempest.lib.common.rest_client [req-95b65402-d203-444b-afb9-8279cc0bdafd req-95b65402-d203-444b-afb9-8279cc0bdafd ] Request (MigrationsAdminTest:test_list_migrations_in_flavor_resize_situation): 200 GET http://10.180.1.21/compute/v2.1/servers/02ec5165-3b99-4d81-a7d9-716e63076cb0 0.166s
2025-04-17 12:18:19.487 69503 INFO tempest.lib.common.rest_client [req-3dd26e1d-8d3c-4211-a1bf-fb68217b05d3 req-3dd26e1d-8d3c-4211-a1bf-fb68217b05d3 ] Request (DeleteServersTestJSON:test_delete_active_server): 200 GET http://10.180.1.21/compute/v2.1/servers/bf04f0eb-5e79-4ddf-a654-24091deb7fbb 0.123s
2025-04-17 12:18:19.490 69557 INFO tempest.lib.common.rest_client [req-23a45e27-8a4d-4d56-9422-4fc7dc0ac9e5 req-23a45e27-8a4d-4d56-9422-4fc7dc0ac9e5 ] Request (ImagesOneServerTestJSON:setUpClass): 200 GET http://10.180.1.21/compute/v2.1/servers/017c5882-2f2e-43e0-947a-6996bbdf73d0 0.076s
2025-04-17 12:18:19.617 69541 INFO tempest.lib.common.rest_client [req-25b79f13-6626-407a-94e1-cba5a1a265e0 req-25b79f13-6626-407a-94e1-cba5a1a265e0 ] Request (AttachInterfacesV270Test:test_create_get_list_interfaces): 200 GET http://10.180.1.21/compute/v2.1/servers/b9eb341d-bf37-4848-90b0-a774eb382f72 0.085s
2025-04-17 12:18:19.657 69511 INFO tempest.lib.common.rest_client [req-f77a6f8a-ca22-4d21-aedf-34fc3595edf3 req-f77a6f8a-ca22-4d21-aedf-34fc3595edf3 ] Request (ServerActionsTestJSON:setUpClass): 200 GET http://10.180.1.21/compute/v2.1/servers/1140bb76-ac01-4d31-996b-55e15f547497 0.083s
2025-04-17 12:18:19.737 69513 INFO tempest.lib.common.rest_client [req-42a20f91-bdf7-46f7-878a-8c48bc815c1b req-42a20f91-bdf7-46f7-878a-8c48bc815c1b ] Request (DeleteServersAdminTestJSON:test_admin_delete_servers_of_others): 200 GET http://10.180.1.21/compute/v2.1/servers/a1095b15-f871-4dd2-9712-330d26ba4143 0.131s
2025-04-17 12:18:19.737 69553 INFO tempest.lib.common.rest_client [req-25de6363-091f-4406-bdc3-a3b554b25923 req-25de6363-091f-4406-bdc3-a3b554b25923 ] Request (ServersAdmin275Test:test_rebuild_update_server_275): 200 GET http://10.180.1.21/compute/v2.1/servers/4e6f82f5-9766-46fa-a28a-8f13c5c8fd58 0.214s
2025-04-17 12:18:19.788 69523 INFO tempest.lib.common.rest_client [req-ebcf6658-2e68-4fea-909a-fe0c245a78cf req-ebcf6658-2e68-4fea-909a-fe0c245a78cf ] Request (ServerDiskConfigTestJSON:test_rebuild_server_with_auto_disk_config): 200 GET http://10.180.1.21/compute/v2.1/servers/4da35a64-ce89-4534-9af7-8eb8c1ec10ba 0.138s
2025-04-17 12:18:19.830 69505 INFO tempest.lib.common.rest_client [req-36546960-23bc-4eb4-bfef-8c41c139b96a req-36546960-23bc-4eb4-bfef-8c41c139b96a ] Request (SecurityGroupsTestJSON:test_list_security_groups_by_server): 200 GET http://10.180.1.21/compute/v2.1/servers/11aaee2b-b47e-4078-9674-f46a5f7878ca 0.140s
2025-04-17 12:18:19.833 69565 INFO tempest.lib.common.rest_client [req-e73f4703-cf34-4b5d-8cdb-455c7c8b2a16 req-e73f4703-cf34-4b5d-8cdb-455c7c8b2a16 ] Request (ServersTestFqdnHostnames:test_create_server_with_fqdn_name): 200 GET http://10.180.1.21/compute/v2.1/servers/334575bf-5847-41d5-85bd-e72f08a80a59 0.151s
