2024-10-26 05:54:56.631 63830 INFO tempest.lib.common.rest_client [req-5da539fc-dd43-45ff-88ab-c529407451ca req-5da539fc-dd43-45ff-88ab-c529407451ca ] Request (ListServerFiltersTestJSON:tearDownClass): 204 DELETE http://10.180.1.21:9696/networking/v2.0/subnets/11978951-e430-4ac5-9f84-c132d839325b 0.261s
2024-10-26 05:54:56.697 63840 INFO tempest.lib.common.rest_client [req-56285e0b-69f5-4bc8-a0db-d16c1434c6c2 req-56285e0b-69f5-4bc8-a0db-d16c1434c6c2 ] Request (SecurityGroupRulesTestJSON:test_security_group_rules_list): 200 POST http://10.180.1.21/compute/v2.1/os-security-group-rules 0.867s
2024-10-26 05:54:56.783 63858 INFO tempest.lib.common.rest_client [req-309259be-56ab-4215-b6bc-6c8e34d8e1f2 req-309259be-56ab-4215-b6bc-6c8e34d8e1f2 ] Request (ServerActionsV293TestJSON:setUpClass): 200 GET http://10.180.1.21/volume/v3/volumes/77315b59-7256-438d-8da2-509a6992c47d 0.039s
2024-10-26 05:54:57.081 63834 INFO tempest.lib.common.rest_client [req-dc3fd5b0-ecb1-434c-b606-d2c088b2a145 req-dc3fd5b0-ecb1-434c-b606-d2c088b2a145 ] Request (ServerRescueNegativeTestJSON:setUpClass): 202 POST http://10.180.1.21/compute/v2.1/servers 1.427s
2024-10-26 05:54:57.092 63848 INFO tempest.lib.common.rest_client [req-1ba3d6c7-cada-41e7-bb61-7957ba5b5af2 req-1ba3d6c7-cada-41e7-bb61-7957ba5b5af2 ] Request (FlavorsV2TestJSON:test_list_flavors_detailed_filter_by_min_ram): 200 GET http://10.180.1.21/compute/v2.1/flavors/42 1.067s
2024-10-26 05:54:57.137 63830 INFO tempest.lib.common.rest_client [req-904d4da3-9d13-4806-850a-9e8c63ac44a2 req-904d4da3-9d13-4806-850a-9e8c63ac44a2 ] Request (ListServerFiltersTestJSON:tearDownClass): 204 DELETE http://10.180.1.21:9696/networking/v2.0/networks/e955d881-e1e3-440a-a2f6-8bd5e0a48c04 0.506s
2024-10-26 05:54:57.179 63867 INFO tempest.lib.common.rest_client [req-cb99b440-c1d0-439f-986a-2ec2d5bba9eb req-cb99b440-c1d0-439f-986a-2ec2d5bba9eb ] Request (ServersTestManualDisk:setUpClass): 200 GET http://10.180.1.21/compute/v2.1/servers/c98de831-5d54-4a30-8414-9973b693c125 1.075s
2024-10-26 05:54:57.265 63874 INFO tempest.lib.common.rest_client [req-0c31b685-38b5-4342-bd83-0e32496a8fd9 req-0c31b685-38b5-4342-bd83-0e32496a8fd9 ] Request (ServersTestBootFromVolume:setUpClass): 200 GET http://10.180.1.21/compute/v2.1/servers/83204968-ba8d-4e40-9f3b-d6d427fc5bb5 1.105s
2024-10-26 05:54:57.307 63830 INFO tempest.lib.common.rest_client [req-f9918236-0b59-46e9-a176-38f8bd2e86bc req-f9918236-0b59-46e9-a176-38f8bd2e86bc ] Request (ListServerFiltersTestJSON:tearDownClass): 204 DELETE http://10.180.1.21/identity/v3/users/11f69140e45743e1bd026f9a339d8657 0.169s
2024-10-26 05:54:57.307 63830 INFO tempest.lib.common.dynamic_creds [-] Deleting project and security group for project: 9349407b79b3418a81536c91cb87c815
2024-10-26 05:54:57.330 63890 INFO tempest.lib.common.rest_client [req-1d585d24-a180-4a23-b102-473edc905c7f req-1d585d24-a180-4a23-b102-473edc905c7f ] Request (SecurityGroupsTestJSON:test_list_security_groups_by_server): 200 GET http://10.180.1.21/compute/v2.1/servers/81b0b694-b9fb-4416-8751-7f1e24e96869 1.005s
2024-10-26 05:54:57.334 63836 INFO tempest.lib.common.rest_client [req-52a2f03f-e84a-403d-a71a-07bf9286cf50 req-52a2f03f-e84a-403d-a71a-07bf9286cf50 ] Request (VolumesNegativeTest:test_get_volume_without_passing_volume_id): 404 GET http://10.180.1.21/compute/v2.1/os-volumes/ 0.959s
2024-10-26 05:54:57.363 63830 INFO tempest.lib.common.rest_client [req-45b52a43-e2a6-4944-b925-78b6f5e06374 req-45b52a43-e2a6-4944-b925-78b6f5e06374 ] Request (ListServerFiltersTestJSON:tearDownClass): 200 GET http://10.180.1.21:9696/networking/v2.0/security-groups?tenant_id=9349407b79b3418a81536c91cb87c815&name=default 0.055s
2024-10-26 05:54:57.435 63854 INFO tempest.lib.common.rest_client [req-245bcff3-d3d5-41c9-aef1-f6273358d51b req-245bcff3-d3d5-41c9-aef1-f6273358d51b ] Request (InstanceActionsNegativeTestJSON:setUpClass): 201 POST http://10.180.1.21:9696/networking/v2.0/routers 1.354s
2024-10-26 05:54:57.499 63868 INFO tempest.lib.common.rest_client [req-bb99deb7-6c0e-4304-8a41-7c3cb89249f8 req-bb99deb7-6c0e-4304-8a41-7c3cb89249f8 ] Request (FloatingIPDetailsTestJSON:_run_cleanups): 202 DELETE http://10.180.1.21/compute/v2.1/os-floating-ips/5cfd500d-9ec5-4f63-a00d-2a36663bfede 1.496s
2024-10-26 05:54:57.524 63830 INFO tempest.lib.common.rest_client [req-7ed0ad30-9aef-4aa1-b7e1-abd1f2878b44 req-7ed0ad30-9aef-4aa1-b7e1-abd1f2878b44 ] Request (ListServerFiltersTestJSON:tearDownClass): 204 DELETE http://10.180.1.21:9696/networking/v2.0/security-groups/ff6399aa-51de-4bd4-97e7-02f26fd7ebfa 0.161s
2024-10-26 05:54:57.562 63888 INFO tempest.lib.common.rest_client [req-a9e8cf01-9cea-411d-befa-91b60fffea8d req-a9e8cf01-9cea-411d-befa-91b60fffea8d ] Request (VolumesAssistedSnapshotsTest:test_volume_assisted_snapshot_create_delete): 200 GET http://10.180.1.21/compute/v2.1/servers/4869e3e4-48bb-446f-a15e-3a53bae1bc9b 0.961s
2024-10-26 05:54:57.625 63852 INFO tempest.lib.common.rest_client [req-0aaf324d-c1f1-4592-aff4-5d826f38bbd2 req-0aaf324d-c1f1-4592-aff4-5d826f38bbd2 ] Request (ServerAddressesTestJSON:setUpClass): 200 GET http://10.180.1.21/compute/v2.1/servers/40449f7d-3a21-487a-a778-43ccd7b23949 0.982s
2024-10-26 05:54:57.634 63830 INFO tempest.lib.common.rest_client [req-b9118ac6-6383-4cc0-8cd5-08bc9b24604e req-b9118ac6-6383-4cc0-8cd5-08bc9b24604e ] Request (ListServerFiltersTestJSON:tearDownClass): 204 DELETE http://10.180.1.21/identity/v3/projects/9349407b79b3418a81536c91cb87c815 0.109s
2024-10-26 05:54:57.671 63840 INFO tempest.lib.common.rest_client [req-d41e3b6f-1ac4-493c-94da-4819da974afe req-d41e3b6f-1ac4-493c-94da-4819da974afe ] Request (SecurityGroupRulesTestJSON:test_security_group_rules_list): 200 GET http://10.180.1.21/compute/v2.1/os-security-groups/2244cfc4-0d27-421a-bd9f-2939e5a53566 0.972s
2024-10-26 05:54:57.713 63830 INFO tempest.lib.common.rest_client [req-e9254972-afd8-4be0-94f8-47e3093bc0f9 req-e9254972-afd8-4be0-94f8-47e3093bc0f9 ] Request (ServerRescueTestJSONUnderV235:setUpClass): 201 POST http://10.180.1.21/identity/v3/auth/tokens 0.075s
2024-10-26 05:54:57.745 63842 INFO tempest.lib.common.rest_client [req-1febfeea-6edf-4816-a3b7-96171367d76c req-1febfeea-6edf-4816-a3b7-96171367d76c ] Request (ServersWithSpecificFlavorTestJSON:test_verify_created_server_ephemeral_disk): 200 GET http://10.180.1.21/compute/v2.1/servers/c6d88cbe-488b-490b-a37c-51a311276dfe 0.929s
2024-10-26 05:54:57.755 63842 INFO tempest.common.waiters [-] State transition "BUILD/networking" ==> "BUILD/spawning" after 40 second wait
2024-10-26 05:54:57.764 63830 INFO tempest.lib.common.rest_client [req-191e1bea-2215-4690-a8ef-542083e887e8 req-191e1bea-2215-4690-a8ef-542083e887e8 ] Request (ServerRescueTestJSONUnderV235:setUpClass): 201 POST http://10.180.1.21/identity/v3/auth/tokens 0.048s
2024-10-26 05:54:57.795 63830 INFO tempest.lib.common.rest_client [req-092bf058-835a-4ff2-9c55-6bd90eb8d0d4 req-092bf058-835a-4ff2-9c55-6bd90eb8d0d4 ] Request (ServerRescueTestJSONUnderV235:setUpClass): 200 GET http://10.180.1.21/identity/v3/domains?name=Default 0.031s
2024-10-26 05:54:57.827 63832 INFO tempest.lib.common.rest_client [req-abea1b5b-fb03-4287-9981-2a651fbf4257 req-abea1b5b-fb03-4287-9981-2a651fbf4257 ] Request (ServerDiagnosticsV248Test:test_get_server_diagnostics): 200 GET http://10.180.1.21/compute/v2.1/servers/65e7ceb8-2b6a-4d36-b698-6e15a4f17f2e 0.932s
2024-10-26 05:54:57.833 63858 INFO tempest.lib.common.rest_client [req-4292f29b-c831-4abf-9719-928b5f739df5 req-4292f29b-c831-4abf-9719-928b5f739df5 ] Request (ServerActionsV293TestJSON:setUpClass): 200 GET http://10.180.1.21/volume/v3/volumes/77315b59-7256-438d-8da2-509a6992c47d 0.040s
2024-10-26 05:54:57.838 63830 INFO tempest.lib.common.rest_client [req-9332864e-2e82-48a8-81d3-2444a7db5259 req-9332864e-2e82-48a8-81d3-2444a7db5259 ] Request (ServerRescueTestJSONUnderV235:setUpClass): 201 POST http://10.180.1.21/identity/v3/projects 0.041s
2024-10-26 05:54:57.887 63886 INFO tempest.lib.common.rest_client [req-5093e56e-f9de-4746-a432-205ec2d1a4c3 req-5093e56e-f9de-4746-a432-205ec2d1a4c3 ] Request (ServerDiagnosticsTest:test_get_server_diagnostics): 200 GET http://10.180.1.21/compute/v2.1/servers/6d586ded-7e1a-426f-9a26-eebcc3b3b9a1 0.943s
2024-10-26 05:54:57.899 63886 INFO tempest.common.waiters [-] State transition "BUILD/None" ==> "BUILD/networking" after 39 second wait
2024-10-26 05:54:57.902 63830 INFO tempest.lib.common.rest_client [req-8ec3b56d-a162-43e9-945e-d3e388324558 req-8ec3b56d-a162-43e9-945e-d3e388324558 ] Request (ServerRescueTestJSONUnderV235:setUpClass): 201 POST http://10.180.1.21/identity/v3/users 0.064s
2024-10-26 05:54:57.924 63830 INFO tempest.lib.common.rest_client [req-74ee158b-aded-4cb4-aa85-b5db8eb6c1b6 req-74ee158b-aded-4cb4-aa85-b5db8eb6c1b6 ] Request (ServerRescueTestJSONUnderV235:setUpClass): 200 GET http://10.180.1.21/identity/v3/roles 0.021s
2024-10-26 05:54:57.949 63830 INFO tempest.lib.common.rest_client [req-8ebea31b-78e3-4771-af9a-42b813ba0cb1 req-8ebea31b-78e3-4771-af9a-42b813ba0cb1 ] Request (ServerRescueTestJSONUnderV235:setUpClass): 204 PUT http://10.180.1.21/identity/v3/projects/81a35066eae04b09817eecd0f0b651e0/users/1f77880e5be14e78a390da1096ef1159/roles/9d1647b32833457a9bdf96f43e09da20 0.025s
2024-10-26 05:54:57.949 63830 INFO tempest.lib.common.dynamic_creds [-] Dynamic test user 1f77880e5be14e78a390da1096ef1159 is created with scope project and roles: ['member']
2024-10-26 05:54:57.950 63830 INFO tempest.lib.common.dynamic_creds [-] Acquired dynamic creds: credentials: Credentials: {'domain_id': 'default', 'domain_name': 'Default', 'username': 'tempest-ServerRescueTestJSONUnderV235-2060756734-project-member', 'project_domain_id': 'default', 'project_domain_name': 'Default', 'project_id': '81a35066eae04b09817eecd0f0b651e0', 'project_name': 'tempest-ServerRescueTestJSONUnderV235-2060756734', 'tenant_id': '81a35066eae04b09817eecd0f0b651e0', 'tenant_name': 'tempest-ServerRescueTestJSONUnderV235-2060756734', 'user_domain_id': 'default', 'user_domain_name': 'Default', 'user_id': '1f77880e5be14e78a390da1096ef1159', 'system': None}, Network: None, Subnet: None, Router: None
2024-10-26 05:54:57.959 63850 INFO tempest.lib.common.rest_client [req-14bc4cfc-a28b-4f9d-bb86-fb2749c0ecf4 req-14bc4cfc-a28b-4f9d-bb86-fb2749c0ecf4 ] Request (ServersTestFqdnHostnames:test_create_server_with_fqdn_name): 200 GET http://10.180.1.21/compute/v2.1/servers/6bf23f6a-6727-448f-80d9-fe954addd49e 0.963s
2024-10-26 05:54:58.005 63830 INFO tempest.lib.common.rest_client [req-9c9cb1c5-8733-47c5-b968-35591d5a3c87 req-9c9cb1c5-8733-47c5-b968-35591d5a3c87 ] Request (ServerRescueTestJSONUnderV235:setUpClass): 201 POST http://10.180.1.21/identity/v3/auth/tokens 0.055s
2024-10-26 05:54:58.018 63878 INFO tempest.lib.common.rest_client [req-714d4d29-330b-4506-b6a7-ab110b8d4f00 req-714d4d29-330b-4506-b6a7-ab110b8d4f00 ] Request (ServerActionsTestOtherA:setUpClass): 200 GET http://10.180.1.21/compute/v2.1/servers/6192c09e-64e7-4eb3-968e-922247892ca2 0.936s
2024-10-26 05:54:58.082 63834 INFO tempest.lib.common.rest_client [req-1d4a28a5-d8a2-4a13-b594-04b7b35f6a02 req-1d4a28a5-d8a2-4a13-b594-04b7b35f6a02 ] Request (ServerRescueNegativeTestJSON:setUpClass): 200 GET http://10.180.1.21/compute/v2.1/servers/70595430-6ab6-49d4-b8fe-131bd44de838 1.000s
2024-10-26 05:54:58.145 63870 INFO tempest.lib.common.rest_client [req-0406cee3-3168-429c-9918-809f29066756 req-0406cee3-3168-429c-9918-809f29066756 ] Request (ServerActionsTestOtherB:setUpClass): 200 GET http://10.180.1.21/compute/v2.1/servers/1205d83c-163f-41a4-ab32-a5a706763b33 1.059s
2024-10-26 05:54:58.157 63834 INFO tempest.lib.common.rest_client [req-c3f9a546-d2db-4006-be58-df384e36d763 req-c3f9a546-d2db-4006-be58-df384e36d763 ] Request (ServerRescueNegativeTestJSON:setUpClass): 201 POST http://10.180.1.21/identity/v3/auth/tokens 0.060s
2024-10-26 05:54:58.157 63834 INFO tempest.lib.common.fixed_network [-] (ServerRescueNegativeTestJSON:setUpClass) Found network {'id': '6029bbf0-5969-4364-bed3-1bb943065db4', 'name': 'tempest-ServerRescueNegativeTestJSON-1606265035-network', 'tenant_id': 'd0d237a61ccd4912be381c4c4902fa6e', 'admin_state_up': True, 'mtu': 8950, 'status': 'ACTIVE', 'subnets': [], 'shared': False, 'project_id': 'd0d237a61ccd4912be381c4c4902fa6e', 'port_security_enabled': True, 'router:external': False, 'provider:network_type': 'vlan', 'provider:physical_network': 'default', 'provider:segmentation_id': 362, 'is_default': False, 'availability_zone_hints': [], 'availability_zones': [], 'ipv4_address_scope': None, 'ipv6_address_scope': None, 'description': '', 'tags': [], 'created_at': '2024-10-26T05:54:51Z', 'updated_at': '2024-10-26T05:54:51Z', 'revision_number': 1} available for tenant
2024-10-26 05:54:58.168 63848 INFO tempest.lib.common.rest_client [req-cbb3f9d3-a93b-4440-8030-099d7c597509 req-cbb3f9d3-a93b-4440-8030-099d7c597509 ] Request (FlavorsV2TestJSON:test_list_flavors_detailed_filter_by_min_ram): 200 GET http://10.180.1.21/compute/v2.1/flavors/detail?minRam=193 1.073s
2024-10-26 05:54:58.243 63882 INFO tempest.lib.common.rest_client [req-9e9f76cb-ec10-490e-b3d8-310669b4fee2 req-9e9f76cb-ec10-490e-b3d8-310669b4fee2 ] Request (AttachVolumeTestJSON:test_attach_detach_volume): 200 GET http://10.180.1.21/compute/v2.1/servers/3cab4088-8ab9-4a1c-b84f-5c9e5813fdff 1.104s
2024-10-26 05:54:58.296 63862 INFO tempest.lib.common.rest_client [req-749dc3e2-3d4e-4144-bd8f-237850c54697 req-749dc3e2-3d4e-4144-bd8f-237850c54697 ] Request (ServersTestJSON:test_create_server_specify_multibyte_character_name): 200 GET http://10.180.1.21/compute/v2.1/servers/6462167e-ae83-4d73-bfb2-ec7024e56a07 1.149s
2024-10-26 05:54:58.360 63856 INFO tempest.lib.common.rest_client [req-70ec2406-bc6e-46df-ba89-ef61ea90917b req-70ec2406-bc6e-46df-ba89-ef61ea90917b ] Request (ServersAdminTestJSON:setUpClass): 200 GET http://10.180.1.21/compute/v2.1/servers/9140518f-aae7-403d-acdd-8f8d80fc8552 1.159s
2024-10-26 05:54:58.393 63830 INFO tempest.lib.common.rest_client [req-4bdc98e5-b472-4552-8879-524e315de098 req-4bdc98e5-b472-4552-8879-524e315de098 ] Request (ServerRescueTestJSONUnderV235:setUpClass): 201 POST http://10.180.1.21:9696/networking/v2.0/networks 0.388s
2024-10-26 05:54:58.416 63838 INFO tempest.lib.common.rest_client [req-3301dcc1-ce7e-4c95-bc8c-70e07dd7c148 req-3301dcc1-ce7e-4c95-bc8c-70e07dd7c148 ] Request (ServerDiagnosticsNegativeTest:test_get_server_diagnostics_by_non_admin): 200 GET http://10.180.1.21/compute/v2.1/servers/43bcc8c6-0fd5-467b-9e11-3b788cf04236 1.201s
2024-10-26 05:54:58.486 63846 INFO tempest.lib.common.rest_client [req-715e5463-711d-4d91-9a4c-1d62321bcd7f req-715e5463-711d-4d91-9a4c-1d62321bcd7f ] Request (ServersV294TestFqdnHostnames:setUpClass): 200 GET http://10.180.1.21/compute/v2.1/servers/aa57c935-efea-4d95-9fda-65fa9106c90e 1.211s
2024-10-26 05:54:58.559 63893 INFO tempest.lib.common.rest_client [req-36173532-77d0-495f-aa56-f9c2de0501a6 req-36173532-77d0-495f-aa56-f9c2de0501a6 ] Request (ServersAdmin275Test:test_rebuild_update_server_275): 200 GET http://10.180.1.21/compute/v2.1/servers/7044b799-74ed-4711-9b53-08f8a8ddbb78 1.274s
2024-10-26 05:54:58.622 63880 INFO tempest.lib.common.rest_client [req-2bafb308-c3bd-4dea-a0e8-0b93179e5f7f req-2bafb308-c3bd-4dea-a0e8-0b93179e5f7f ] Request (ServerMetadataTestJSON:setUpClass): 200 GET http://10.180.1.21/compute/v2.1/servers/0dbcfda1-a081-4299-a117-3a1974e2510c 1.290s
2024-10-26 05:54:58.645 63836 INFO tempest.lib.common.rest_client [req-a069b365-1105-44d5-a063-c7018163c509 req-a069b365-1105-44d5-a063-c7018163c509 ] Request (VolumesNegativeTest:test_volume_delete_nonexistent_volume_id): 404 DELETE http://10.180.1.21/compute/v2.1/os-volumes/25bc9b6b-2bcd-4083-abec-8655a4531cdc 1.310s
2024-10-26 05:54:58.673 63830 INFO tempest.lib.common.rest_client [req-e4259e26-d0c0-4863-83f2-8f6d2b54b924 req-e4259e26-d0c0-4863-83f2-8f6d2b54b924 ] Request (ServerRescueTestJSONUnderV235:setUpClass): 201 POST http://10.180.1.21:9696/networking/v2.0/subnets 0.279s
2024-10-26 05:54:58.707 63876 INFO tempest.lib.common.rest_client [req-0b424a46-071f-48df-b728-6473840abc9e req-0b424a46-071f-48df-b728-6473840abc9e ] Request (DeleteServersAdminTestJSON:test_delete_server_while_in_error_state): 200 GET http://10.180.1.21/compute/v2.1/servers/d46033b4-b3d5-494c-b25c-106475fe4409 1.348s
2024-10-26 05:54:58.771 63885 INFO tempest.lib.common.rest_client [req-30f47e21-c485-48d0-857e-af2293ca7e2f req-30f47e21-c485-48d0-857e-af2293ca7e2f ] Request (ServerDiskConfigTestJSON:test_rebuild_server_with_auto_disk_config): 200 GET http://10.180.1.21/compute/v2.1/servers/bb3a0a79-ef74-4fb0-a286-91b1b92df751 1.383s
2024-10-26 05:54:58.829 63864 INFO tempest.lib.common.rest_client [req-4544e189-8f65-4b72-a13b-8635989f86e5 req-4544e189-8f65-4b72-a13b-8635989f86e5 ] Request (ImagesTestJSON:test_create_image_from_suspended_server): 200 GET http://10.180.1.21/compute/v2.1/servers/04de495d-8896-4c6d-a059-9a80477e3b07 1.375s
2024-10-26 05:54:58.878 63858 INFO tempest.lib.common.rest_client [req-7c115b4a-c24b-4c4d-8b74-cd8e3ed12225 req-7c115b4a-c24b-4c4d-8b74-cd8e3ed12225 ] Request (ServerActionsV293TestJSON:setUpClass): 200 GET http://10.180.1.21/volume/v3/volumes/77315b59-7256-438d-8da2-509a6992c47d 0.035s
2024-10-26 05:54:58.995 63868 INFO tempest.lib.common.rest_client [req-2c6d432b-26aa-4b24-97af-ea6e4118bb39 req-2c6d432b-26aa-4b24-97af-ea6e4118bb39 ] Request (FloatingIPDetailsTestJSON:test_list_floating_ips): 200 GET http://10.180.1.21/compute/v2.1/os-floating-ips 1.494s
2024-10-26 05:54:59.124 63854 INFO tempest.lib.common.rest_client [req-08bab85b-b858-4ce7-8695-2669f2e798cf req-08bab85b-b858-4ce7-8695-2669f2e798cf ] Request (InstanceActionsNegativeTestJSON:setUpClass): 200 PUT http://10.180.1.21:9696/networking/v2.0/routers/b3d6f961-5d07-482a-b7e2-85fd9497d495/add_router_interface 1.688s
2024-10-26 05:54:59.124 63854 INFO tempest.lib.common.dynamic_creds [-] Created isolated network resources for: credentials: Credentials: {'domain_id': 'default', 'domain_name': 'Default', 'username': 'tempest-InstanceActionsNegativeTestJSON-1962430984-project-member', 'project_domain_id': 'default', 'project_domain_name': 'Default', 'project_id': '1c5be52fd255496d8526fe4a8b8b6b6e', 'project_name': 'tempest-InstanceActionsNegativeTestJSON-1962430984', 'tenant_id': '1c5be52fd255496d8526fe4a8b8b6b6e', 'tenant_name': 'tempest-InstanceActionsNegativeTestJSON-1962430984', 'user_domain_id': 'default', 'user_domain_name': 'Default', 'user_id': '4dd6b364c50e467783235ed574aa4dae', 'system': None}, Network: {'id': '87762af7-91c1-4b00-8733-a6630734fd1b', 'name': 'tempest-InstanceActionsNegativeTestJSON-1360219637-network', 'tenant_id': '1c5be52fd255496d8526fe4a8b8b6b6e', 'admin_state_up': True, 'mtu': 8950, 'status': 'ACTIVE', 'subnets': [], 'shared': False, 'project_id': '1c5be52fd255496d8526fe4a8b8b6b6e', 'port_security_enabled': True, 'router:external': False, 'provider:network_type': 'vlan', 'provider:physical_network': 'default', 'provider:segmentation_id': 622, 'is_default': False, 'availability_zone_hints': [], 'availability_zones': [], 'ipv4_address_scope': None, 'ipv6_address_scope': None, 'description': '', 'tags': [], 'created_at': '2024-10-26T05:54:55Z', 'updated_at': '2024-10-26T05:54:55Z', 'revision_number': 1}, Subnet: {'id': 'ab882767-142f-4e99-954d-0791a77da736', 'name': 'tempest-InstanceActionsNegativeTestJSON-1360219637-subnet', 'tenant_id': '1c5be52fd255496d8526fe4a8b8b6b6e', 'network_id': '87762af7-91c1-4b00-8733-a6630734fd1b', 'ip_version': 4, 'subnetpool_id': None, 'enable_dhcp': True, 'ipv6_ra_mode': None, 'ipv6_address_mode': None, 'gateway_ip': '192.168.128.1', 'cidr': '192.168.128.0/28', 'allocation_pools': [{'start': '192.168.128.2', 'end': '192.168.128.14'}], 'host_routes': [], 'dns_nameservers': [], 'description': '', 'router:external': False, 'service_types': [], 'tags': [], 'created_at': '2024-10-26T05:54:55Z', 'updated_at': '2024-10-26T05:54:55Z', 'revision_number': 0, 'project_id': '1c5be52fd255496d8526fe4a8b8b6b6e'}, Router: {'id': 'b3d6f961-5d07-482a-b7e2-85fd9497d495', 'name': 'tempest-InstanceActionsNegativeTestJSON-1360219637-router', 'tenant_id': '1c5be52fd255496d8526fe4a8b8b6b6e', 'admin_state_up': True, 'status': 'ACTIVE', 'external_gateway_info': {'network_id': '999ad9bc-e09b-4538-99ad-78828ed5a517', 'external_fixed_ips': [{'subnet_id': '220b1458-a9a5-45a0-838b-11c6efe97486', 'ip_address': '10.180.180.244'}], 'enable_snat': True}, 'description': '', 'availability_zones': [], 'distributed': False, 'ha': False, 'availability_zone_hints': [], 'routes': [], 'flavor_id': None, 'tags': [], 'created_at': '2024-10-26T05:54:56Z', 'updated_at': '2024-10-26T05:54:56Z', 'revision_number': 2, 'project_id': '1c5be52fd255496d8526fe4a8b8b6b6e'}
2024-10-26 05:54:59.189 63840 INFO tempest.lib.common.rest_client [req-bc5f2087-a1fa-444a-a4e3-a3ecbbead7fc req-bc5f2087-a1fa-444a-a4e3-a3ecbbead7fc ] Request (SecurityGroupRulesTestJSON:_run_cleanups): 202 DELETE http://10.180.1.21/compute/v2.1/os-security-group-rules/215f1631-44c9-4d0d-bf0a-fd11ff969d7f 1.516s
2024-10-26 05:54:59.214 63854 INFO tempest.lib.common.rest_client [req-8db2dc39-0fde-4b5d-be7d-70ccd7ebb906 req-8db2dc39-0fde-4b5d-be7d-70ccd7ebb906 ] Request (InstanceActionsNegativeTestJSON:setUpClass): 201 POST http://10.180.1.21/identity/v3/auth/tokens 0.084s
2024-10-26 05:54:59.252 63854 INFO tempest.lib.common.rest_client [req-b1ed31b0-87ec-4a27-8455-923038cf603f req-b1ed31b0-87ec-4a27-8455-923038cf603f ] Request (InstanceActionsNegativeTestJSON:setUpClass): 201 POST http://10.180.1.21/identity/v3/auth/tokens 0.034s
2024-10-26 05:54:59.253 63854 INFO tempest.lib.common.fixed_network [-] (InstanceActionsNegativeTestJSON:setUpClass) Found network {'id': '87762af7-91c1-4b00-8733-a6630734fd1b', 'name': 'tempest-InstanceActionsNegativeTestJSON-1360219637-network', 'tenant_id': '1c5be52fd255496d8526fe4a8b8b6b6e', 'admin_state_up': True, 'mtu': 8950, 'status': 'ACTIVE', 'subnets': [], 'shared': False, 'project_id': '1c5be52fd255496d8526fe4a8b8b6b6e', 'port_security_enabled': True, 'router:external': False, 'provider:network_type': 'vlan', 'provider:physical_network': 'default', 'provider:segmentation_id': 622, 'is_default': False, 'availability_zone_hints': [], 'availability_zones': [], 'ipv4_address_scope': None, 'ipv6_address_scope': None, 'description': '', 'tags': [], 'created_at': '2024-10-26T05:54:55Z', 'updated_at': '2024-10-26T05:54:55Z', 'revision_number': 1} available for tenant
2024-10-26 05:54:59.637 63834 INFO tempest.lib.common.rest_client [req-b2e90023-2436-4478-a151-1cfa993cc668 req-b2e90023-2436-4478-a151-1cfa993cc668 ] Request (ServerRescueNegativeTestJSON:setUpClass): 202 POST http://10.180.1.21/compute/v2.1/servers 1.479s
2024-10-26 05:54:59.654 63848 INFO tempest.lib.common.rest_client [req-e7151eeb-8548-42b3-bdfc-11ac87b5ffea req-e7151eeb-8548-42b3-bdfc-11ac87b5ffea ] Request (FlavorsV2TestJSON:test_list_flavors_detailed_limit_results): 200 GET http://10.180.1.21/compute/v2.1/flavors/detail?limit=1 1.479s
2024-10-26 05:54:59.707 63867 INFO tempest.lib.common.rest_client [req-3b2910e8-3396-4941-8f10-724be729baa9 req-3b2910e8-3396-4941-8f10-724be729baa9 ] Request (ServersTestManualDisk:setUpClass): 200 GET http://10.180.1.21/compute/v2.1/servers/c98de831-5d54-4a30-8414-9973b693c125 1.518s
2024-10-26 05:54:59.768 63874 INFO tempest.lib.common.rest_client [req-41530708-644e-4cec-9d3c-1710089b1ef1 req-41530708-644e-4cec-9d3c-1710089b1ef1 ] Request (ServersTestBootFromVolume:setUpClass): 200 GET http://10.180.1.21/compute/v2.1/servers/83204968-ba8d-4e40-9f3b-d6d427fc5bb5 1.493s
2024-10-26 05:54:59.833 63890 INFO tempest.lib.common.rest_client [req-302a56c3-9581-4b85-9139-9ed00b701f9a req-302a56c3-9581-4b85-9139-9ed00b701f9a ] Request (SecurityGroupsTestJSON:test_list_security_groups_by_server): 200 GET http://10.180.1.21/compute/v2.1/servers/81b0b694-b9fb-4416-8751-7f1e24e96869 1.490s
2024-10-26 05:54:59.884 63888 INFO tempest.lib.common.rest_client [req-ae6d430a-b88b-412f-bdf5-82086d2a8a1a req-ae6d430a-b88b-412f-bdf5-82086d2a8a1a ] Request (VolumesAssistedSnapshotsTest:test_volume_assisted_snapshot_create_delete): 200 GET http://10.180.1.21/compute/v2.1/servers/4869e3e4-48bb-446f-a15e-3a53bae1bc9b 1.308s
2024-10-26 05:54:59.915 63858 INFO tempest.lib.common.rest_client [req-0dcdc6de-926c-42fc-b248-8a22b07e56fa req-0dcdc6de-926c-42fc-b248-8a22b07e56fa ] Request (ServerActionsV293TestJSON:setUpClass): 200 GET http://10.180.1.21/volume/v3/volumes/77315b59-7256-438d-8da2-509a6992c47d 0.026s
2024-10-26 05:54:59.931 63852 INFO tempest.lib.common.rest_client [req-1919133f-f8e9-4d1b-9d57-aefd2efd987e req-1919133f-f8e9-4d1b-9d57-aefd2efd987e ] Request (ServerAddressesTestJSON:setUpClass): 200 GET http://10.180.1.21/compute/v2.1/servers/40449f7d-3a21-487a-a778-43ccd7b23949 1.298s
2024-10-26 05:54:59.962 63836 INFO tempest.lib.common.rest_client [req-bc4855a8-8d0f-4876-bc86-273b7db0201c req-bc4855a8-8d0f-4876-bc86-273b7db0201c ] Request (VolumesNegativeTest:test_volume_get_nonexistent_volume_id): 404 GET http://10.180.1.21/compute/v2.1/os-volumes/87a9c234-99b8-4892-86ad-2c6223e43742 1.314s
2024-10-26 05:55:00.001 63830 INFO tempest.lib.common.rest_client [req-12589f75-380a-4653-ac2d-094618609106 req-12589f75-380a-4653-ac2d-094618609106 ] Request (ServerRescueTestJSONUnderV235:setUpClass): 201 POST http://10.180.1.21:9696/networking/v2.0/routers 1.327s
2024-10-26 05:55:00.054 63842 INFO tempest.lib.common.rest_client [req-d64258a2-7e1a-44ae-b29d-880828d3dd26 req-d64258a2-7e1a-44ae-b29d-880828d3dd26 ] Request (ServersWithSpecificFlavorTestJSON:test_verify_created_server_ephemeral_disk): 200 GET http://10.180.1.21/compute/v2.1/servers/c6d88cbe-488b-490b-a37c-51a311276dfe 1.297s
2024-10-26 05:55:00.077 63836 INFO tempest.lib.common.rest_client [req-dd998a25-95ac-40ee-8ac9-4d6d2e5008ef req-dd998a25-95ac-40ee-8ac9-4d6d2e5008ef ] Request (VolumesNegativeTest:tearDownClass): 204 DELETE http://10.180.1.21/identity/v3/users/f9f0d6ea09a7429aae68e9806d069a3f 0.109s
2024-10-26 05:55:00.077 63836 INFO tempest.lib.common.dynamic_creds [-] Deleting project and security group for project: 54668a3815a9454cb15f38a6d9cd2d6c
2024-10-26 05:55:00.113 63832 INFO tempest.lib.common.rest_client [req-9c174db8-e3f5-4c6a-a41f-3747e5ca62b4 req-9c174db8-e3f5-4c6a-a41f-3747e5ca62b4 ] Request (ServerDiagnosticsV248Test:test_get_server_diagnostics): 200 GET http://10.180.1.21/compute/v2.1/servers/65e7ceb8-2b6a-4d36-b698-6e15a4f17f2e 1.277s
2024-10-26 05:55:00.145 63836 INFO tempest.lib.common.rest_client [req-62710039-2d05-447c-9a61-b7cea5cfe4f0 req-62710039-2d05-447c-9a61-b7cea5cfe4f0 ] Request (VolumesNegativeTest:tearDownClass): 201 POST http://10.180.1.21/identity/v3/auth/tokens 0.067s
2024-10-26 05:55:00.169 63886 INFO tempest.lib.common.rest_client [req-a7e2a0a4-70c3-4a31-8d46-0478da5a0d54 req-a7e2a0a4-70c3-4a31-8d46-0478da5a0d54 ] Request (ServerDiagnosticsTest:test_get_server_diagnostics): 200 GET http://10.180.1.21/compute/v2.1/servers/6d586ded-7e1a-426f-9a26-eebcc3b3b9a1 1.269s
2024-10-26 05:55:00.179 63886 INFO tempest.common.waiters [-] State transition "BUILD/networking" ==> "BUILD/spawning" after 42 second wait
2024-10-26 05:55:00.218 63844 INFO tempest.lib.common.rest_client [req-48cf1ec4-2d67-4778-afd7-01b7e1cdcc82 req-48cf1ec4-2d67-4778-afd7-01b7e1cdcc82 ] Request (SecurityGroupsTestAdminJSON:test_list_security_groups_list_all_tenants_filter): 200 GET http://10.180.1.21/compute/v2.1/os-security-groups?all_tenants=true 3.683s
2024-10-26 05:55:00.403 63850 INFO tempest.lib.common.rest_client [req-d7145c09-aa6b-4cd1-8baa-b66711d18d0f req-d7145c09-aa6b-4cd1-8baa-b66711d18d0f ] Request (ServersTestFqdnHostnames:test_create_server_with_fqdn_name): 200 GET http://10.180.1.21/compute/v2.1/servers/6bf23f6a-6727-448f-80d9-fe954addd49e 1.434s
2024-10-26 05:55:00.458 63836 INFO tempest.lib.common.rest_client [req-584ad698-3ee0-4aa8-917f-f4d8c43a1e46 req-584ad698-3ee0-4aa8-917f-f4d8c43a1e46 ] Request (VolumesNegativeTest:tearDownClass): 200 GET http://10.180.1.21:9696/networking/v2.0/security-groups?tenant_id=54668a3815a9454cb15f38a6d9cd2d6c&name=default 0.313s
2024-10-26 05:55:00.475 63878 INFO tempest.lib.common.rest_client [req-8c9147c0-29cb-4576-b5a3-60bb32937ab1 req-8c9147c0-29cb-4576-b5a3-60bb32937ab1 ] Request (ServerActionsTestOtherA:setUpClass): 200 GET http://10.180.1.21/compute/v2.1/servers/6192c09e-64e7-4eb3-968e-922247892ca2 1.451s
2024-10-26 05:55:00.541 63870 INFO tempest.lib.common.rest_client [req-b9e2d6be-3ccb-48bd-8e0c-391da84f35ab req-b9e2d6be-3ccb-48bd-8e0c-391da84f35ab ] Request (ServerActionsTestOtherB:setUpClass): 200 GET http://10.180.1.21/compute/v2.1/servers/1205d83c-163f-41a4-ab32-a5a706763b33 1.385s
2024-10-26 05:55:00.620 63836 INFO tempest.lib.common.rest_client [req-8ac9e023-bfd3-4aa8-afc2-0424e203271d req-8ac9e023-bfd3-4aa8-afc2-0424e203271d ] Request (VolumesNegativeTest:tearDownClass): 204 DELETE http://10.180.1.21:9696/networking/v2.0/security-groups/deefe204-4900-4a4f-83f8-f08e077b58b2 0.162s
2024-10-26 05:55:00.695 63836 INFO tempest.lib.common.rest_client [req-b7df5f15-beb8-4289-9a4f-a37d32b470e3 req-b7df5f15-beb8-4289-9a4f-a37d32b470e3 ] Request (VolumesNegativeTest:tearDownClass): 204 DELETE http://10.180.1.21/identity/v3/projects/54668a3815a9454cb15f38a6d9cd2d6c 0.074s
2024-10-26 05:55:00.709 63868 INFO tempest.lib.common.rest_client [req-85d73d7f-b15e-4837-a029-d7d63f29d9e9 req-85d73d7f-b15e-4837-a029-d7d63f29d9e9 ] Request (FloatingIPDetailsTestJSON:tearDownClass): 202 DELETE http://10.180.1.21/compute/v2.1/os-floating-ips/8c6352f2-ae7f-495a-83c5-ae06278ab515 1.711s
2024-10-26 05:55:00.766 63840 INFO tempest.lib.common.rest_client [req-f2774694-e51d-44c2-8d06-a3802dc83477 req-f2774694-e51d-44c2-8d06-a3802dc83477 ] Request (SecurityGroupRulesTestJSON:tearDownClass): 202 DELETE http://10.180.1.21/compute/v2.1/os-security-groups/2244cfc4-0d27-421a-bd9f-2939e5a53566 1.575s
2024-10-26 05:55:00.771 63882 INFO tempest.lib.common.rest_client [req-a60a9a3c-2e1e-439d-b0ed-af3a0d6e1ac5 req-a60a9a3c-2e1e-439d-b0ed-af3a0d6e1ac5 ] Request (AttachVolumeTestJSON:test_attach_detach_volume): 200 GET http://10.180.1.21/compute/v2.1/servers/3cab4088-8ab9-4a1c-b84f-5c9e5813fdff 1.519s
2024-10-26 05:55:00.821 63862 INFO tempest.lib.common.rest_client [req-6710fdd2-3489-4268-8419-77cc32180d9a req-6710fdd2-3489-4268-8419-77cc32180d9a ] Request (ServersTestJSON:test_create_server_specify_multibyte_character_name): 200 GET http://10.180.1.21/compute/v2.1/servers/6462167e-ae83-4d73-bfb2-ec7024e56a07 1.512s
2024-10-26 05:55:00.867 63856 INFO tempest.lib.common.rest_client [req-4cc2756b-f38d-4e4f-b669-3342b268e469 req-4cc2756b-f38d-4e4f-b669-3342b268e469 ] Request (ServersAdminTestJSON:setUpClass): 200 GET http://10.180.1.21/compute/v2.1/servers/9140518f-aae7-403d-acdd-8f8d80fc8552 1.500s
2024-10-26 05:55:00.912 63838 INFO tempest.lib.common.rest_client [req-7c30819a-f580-40b7-beb1-205af24f9f84 req-7c30819a-f580-40b7-beb1-205af24f9f84 ] Request (ServerDiagnosticsNegativeTest:test_get_server_diagnostics_by_non_admin): 200 GET http://10.180.1.21/compute/v2.1/servers/43bcc8c6-0fd5-467b-9e11-3b788cf04236 1.488s
2024-10-26 05:55:00.960 63858 INFO tempest.lib.common.rest_client [req-330a188c-94f1-452e-bb3d-81014b5bcfcd req-330a188c-94f1-452e-bb3d-81014b5bcfcd ] Request (ServerActionsV293TestJSON:setUpClass): 200 GET http://10.180.1.21/volume/v3/volumes/77315b59-7256-438d-8da2-509a6992c47d 0.037s
2024-10-26 05:55:00.979 63846 INFO tempest.lib.common.rest_client [req-1be341ef-aa50-432e-a646-e0bd6d1c3419 req-1be341ef-aa50-432e-a646-e0bd6d1c3419 ] Request (ServersV294TestFqdnHostnames:setUpClass): 200 GET http://10.180.1.21/compute/v2.1/servers/aa57c935-efea-4d95-9fda-65fa9106c90e 1.480s
2024-10-26 05:55:01.045 63893 INFO tempest.lib.common.rest_client [req-5a5a12b3-2533-4ec9-96e9-1c88a2cf7608 req-5a5a12b3-2533-4ec9-96e9-1c88a2cf7608 ] Request (ServersAdmin275Test:test_rebuild_update_server_275): 200 GET http://10.180.1.21/compute/v2.1/servers/7044b799-74ed-4711-9b53-08f8a8ddbb78 1.474s
2024-10-26 05:55:01.093 63880 INFO tempest.lib.common.rest_client [req-d0da17da-e855-48aa-b028-e3cf5bd14e61 req-d0da17da-e855-48aa-b028-e3cf5bd14e61 ] Request (ServerMetadataTestJSON:setUpClass): 200 GET http://10.180.1.21/compute/v2.1/servers/0dbcfda1-a081-4299-a117-3a1974e2510c 1.464s
2024-10-26 05:55:01.142 63834 INFO tempest.lib.common.rest_client [req-ff5842e8-857c-498b-ad2c-fb4d7adbefc5 req-ff5842e8-857c-498b-ad2c-fb4d7adbefc5 ] Request (ServerRescueNegativeTestJSON:setUpClass): 200 GET http://10.180.1.21/compute/v2.1/servers/006d2ab8-e38b-4b69-b3b2-115c39e44218 1.503s
2024-10-26 05:55:01.150 63848 INFO tempest.lib.common.rest_client [req-6f59d2ef-c2cb-4111-b414-f4875999836e req-6f59d2ef-c2cb-4111-b414-f4875999836e ] Request (FlavorsV2TestJSON:test_list_flavors_detailed_using_marker): 200 GET http://10.180.1.21/compute/v2.1/flavors/42 1.491s
2024-10-26 05:55:01.204 63876 INFO tempest.lib.common.rest_client [req-5dcec345-0827-407d-bd05-d77b0ac34567 req-5dcec345-0827-407d-bd05-d77b0ac34567 ] Request (DeleteServersAdminTestJSON:test_delete_server_while_in_error_state): 200 GET http://10.180.1.21/compute/v2.1/servers/d46033b4-b3d5-494c-b25c-106475fe4409 1.480s
2024-10-26 05:55:01.278 63885 INFO tempest.lib.common.rest_client [req-96938fc6-fc69-433b-ba64-cb8b2564a527 req-96938fc6-fc69-433b-ba64-cb8b2564a527 ] Request (ServerDiskConfigTestJSON:test_rebuild_server_with_auto_disk_config): 200 GET http://10.180.1.21/compute/v2.1/servers/bb3a0a79-ef74-4fb0-a286-91b1b92df751 1.499s
2024-10-26 05:55:01.341 63864 INFO tempest.lib.common.rest_client [req-ebbf6d13-4cfa-4615-b800-47b8fab87eb4 req-ebbf6d13-4cfa-4615-b800-47b8fab87eb4 ] Request (ImagesTestJSON:test_create_image_from_suspended_server): 200 GET http://10.180.1.21/compute/v2.1/servers/04de495d-8896-4c6d-a059-9a80477e3b07 1.504s
2024-10-26 05:55:01.375 63854 INFO tempest.lib.common.rest_client [req-862ee91a-0ef4-4c59-91e3-93f3ad0026a4 req-862ee91a-0ef4-4c59-91e3-93f3ad0026a4 ] Request (InstanceActionsNegativeTestJSON:setUpClass): 202 POST http://10.180.1.21/compute/v2.1/servers 2.122s
2024-10-26 05:55:01.453 63830 INFO tempest.lib.common.rest_client [req-1221a724-1935-4e31-ae20-088cfa020b1b req-1221a724-1935-4e31-ae20-088cfa020b1b ] Request (ServerRescueTestJSONUnderV235:setUpClass): 200 PUT http://10.180.1.21:9696/networking/v2.0/routers/86b6bf1c-f286-4a10-a455-2ee07e8b9aa3/add_router_interface 1.450s
2024-10-26 05:55:01.453 63844 INFO tempest.lib.common.rest_client [req-9acb750c-a113-46bf-a202-a359dcece549 req-9acb750c-a113-46bf-a202-a359dcece549 ] Request (SecurityGroupsTestAdminJSON:test_list_security_groups_list_all_tenants_filter): 200 GET http://10.180.1.21/compute/v2.1/os-security-groups?all_tenants=true 1.222s
2024-10-26 05:55:01.453 63830 INFO tempest.lib.common.dynamic_creds [-] Created isolated network resources for: credentials: Credentials: {'domain_id': 'default', 'domain_name': 'Default', 'username': 'tempest-ServerRescueTestJSONUnderV235-2060756734-project-member', 'project_domain_id': 'default', 'project_domain_name': 'Default', 'project_id': '81a35066eae04b09817eecd0f0b651e0', 'project_name': 'tempest-ServerRescueTestJSONUnderV235-2060756734', 'tenant_id': '81a35066eae04b09817eecd0f0b651e0', 'tenant_name': 'tempest-ServerRescueTestJSONUnderV235-2060756734', 'user_domain_id': 'default', 'user_domain_name': 'Default', 'user_id': '1f77880e5be14e78a390da1096ef1159', 'system': None}, Network: {'id': '08a6b2d9-bc06-481e-865e-6f5e1b55a773', 'name': 'tempest-ServerRescueTestJSONUnderV235-1097547203-network', 'tenant_id': '81a35066eae04b09817eecd0f0b651e0', 'admin_state_up': True, 'mtu': 8950, 'status': 'ACTIVE', 'subnets': [], 'shared': False, 'project_id': '81a35066eae04b09817eecd0f0b651e0', 'port_security_enabled': True, 'router:external': False, 'provider:network_type': 'vlan', 'provider:physical_network': 'default', 'provider:segmentation_id': 368, 'is_default': False, 'availability_zone_hints': [], 'availability_zones': [], 'ipv4_address_scope': None, 'ipv6_address_scope': None, 'description': '', 'tags': [], 'created_at': '2024-10-26T05:54:58Z', 'updated_at': '2024-10-26T05:54:58Z', 'revision_number': 1}, Subnet: {'id': '44e8d7e1-e672-41b6-9ffc-3bfa2814c5a0', 'name': 'tempest-ServerRescueTestJSONUnderV235-1097547203-subnet', 'tenant_id': '81a35066eae04b09817eecd0f0b651e0', 'network_id': '08a6b2d9-bc06-481e-865e-6f5e1b55a773', 'ip_version': 4, 'subnetpool_id': None, 'enable_dhcp': False, 'ipv6_ra_mode': None, 'ipv6_address_mode': None, 'gateway_ip': '192.168.128.1', 'cidr': '192.168.128.0/28', 'allocation_pools': [{'start': '192.168.128.2', 'end': '192.168.128.14'}], 'host_routes': [], 'dns_nameservers': [], 'description': '', 'router:external': False, 'service_types': [], 'tags': [], 'created_at': '2024-10-26T05:54:58Z', 'updated_at': '2024-10-26T05:54:58Z', 'revision_number': 0, 'project_id': '81a35066eae04b09817eecd0f0b651e0'}, Router: {'id': '86b6bf1c-f286-4a10-a455-2ee07e8b9aa3', 'name': 'tempest-ServerRescueTestJSONUnderV235-1097547203-router', 'tenant_id': '81a35066eae04b09817eecd0f0b651e0', 'admin_state_up': True, 'status': 'ACTIVE', 'external_gateway_info': {'network_id': '999ad9bc-e09b-4538-99ad-78828ed5a517', 'external_fixed_ips': [{'subnet_id': '220b1458-a9a5-45a0-838b-11c6efe97486', 'ip_address': '10.180.180.218'}], 'enable_snat': True}, 'description': '', 'availability_zones': [], 'distributed': False, 'ha': False, 'availability_zone_hints': [], 'routes': [], 'flavor_id': None, 'tags': [], 'created_at': '2024-10-26T05:54:58Z', 'updated_at': '2024-10-26T05:54:59Z', 'revision_number': 2, 'project_id': '81a35066eae04b09817eecd0f0b651e0'}
2024-10-26 05:55:01.522 63867 INFO tempest.lib.common.rest_client [req-b69668c5-fb71-4cc2-aa2f-c34fb08dd92b req-b69668c5-fb71-4cc2-aa2f-c34fb08dd92b ] Request (ServersTestManualDisk:setUpClass): 200 GET http://10.180.1.21/compute/v2.1/servers/c98de831-5d54-4a30-8414-9973b693c125 0.802s
2024-10-26 05:55:01.541 63840 INFO tempest.lib.common.rest_client [req-51c699f0-9f20-4d2e-8a3b-67ce16ad0d93 req-51c699f0-9f20-4d2e-8a3b-67ce16ad0d93 ] Request (SecurityGroupRulesTestJSON:tearDownClass): 404 DELETE http://10.180.1.21/compute/v2.1/os-security-groups/6c39fff4-0df7-42ac-94e0-6db67561b2fd 0.774s
2024-10-26 05:55:01.574 63830 INFO tempest.lib.common.rest_client [req-f7f18296-356e-432b-b93b-edefe2e346f0 req-f7f18296-356e-432b-b93b-edefe2e346f0 ] Request (ServerRescueTestJSONUnderV235:setUpClass): 201 POST http://10.180.1.21/identity/v3/auth/tokens 0.116s
2024-10-26 05:55:01.595 63874 INFO tempest.lib.common.rest_client [req-1972b24d-1885-49d4-be2a-d94cc05ff0ec req-1972b24d-1885-49d4-be2a-d94cc05ff0ec ] Request (ServersTestBootFromVolume:setUpClass): 200 GET http://10.180.1.21/compute/v2.1/servers/83204968-ba8d-4e40-9f3b-d6d427fc5bb5 0.818s
2024-10-26 05:55:01.611 63830 INFO tempest.lib.common.rest_client [req-9442cca1-9960-48bf-aa1c-d6c93498c881 req-9442cca1-9960-48bf-aa1c-d6c93498c881 ] Request (ServerRescueTestJSONUnderV235:setUpClass): 201 POST http://10.180.1.21/identity/v3/auth/tokens 0.033s
2024-10-26 05:55:01.612 63830 INFO tempest.lib.common.fixed_network [-] (ServerRescueTestJSONUnderV235:setUpClass) Found network {'id': '08a6b2d9-bc06-481e-865e-6f5e1b55a773', 'name': 'tempest-ServerRescueTestJSONUnderV235-1097547203-network', 'tenant_id': '81a35066eae04b09817eecd0f0b651e0', 'admin_state_up': True, 'mtu': 8950, 'status': 'ACTIVE', 'subnets': [], 'shared': False, 'project_id': '81a35066eae04b09817eecd0f0b651e0', 'port_security_enabled': True, 'router:external': False, 'provider:network_type': 'vlan', 'provider:physical_network': 'default', 'provider:segmentation_id': 368, 'is_default': False, 'availability_zone_hints': [], 'availability_zones': [], 'ipv4_address_scope': None, 'ipv6_address_scope': None, 'description': '', 'tags': [], 'created_at': '2024-10-26T05:54:58Z', 'updated_at': '2024-10-26T05:54:58Z', 'revision_number': 1} available for tenant
2024-10-26 05:55:01.636 63890 INFO tempest.lib.common.rest_client [req-e67d7ac0-f243-4e4c-947d-ed3ed3ec8e57 req-e67d7ac0-f243-4e4c-947d-ed3ed3ec8e57 ] Request (SecurityGroupsTestJSON:test_list_security_groups_by_server): 200 GET http://10.180.1.21/compute/v2.1/servers/81b0b694-b9fb-4416-8751-7f1e24e96869 0.795s
2024-10-26 05:55:01.679 63888 INFO tempest.lib.common.rest_client [req-ed096b3a-c21a-41f7-83ce-ed0cd3d743c5 req-ed096b3a-c21a-41f7-83ce-ed0cd3d743c5 ] Request (VolumesAssistedSnapshotsTest:test_volume_assisted_snapshot_create_delete): 200 GET http://10.180.1.21/compute/v2.1/servers/4869e3e4-48bb-446f-a15e-3a53bae1bc9b 0.787s
2024-10-26 05:55:01.722 63852 INFO tempest.lib.common.rest_client [req-96c3478c-1916-41d8-bc4b-999dc28f972d req-96c3478c-1916-41d8-bc4b-999dc28f972d ] Request (ServerAddressesTestJSON:setUpClass): 200 GET http://10.180.1.21/compute/v2.1/servers/40449f7d-3a21-487a-a778-43ccd7b23949 0.780s
2024-10-26 05:55:01.737 63868 INFO tempest.lib.common.rest_client [req-d503f70f-9c64-474e-8dc6-02792a55d4a3 req-d503f70f-9c64-474e-8dc6-02792a55d4a3 ] Request (FloatingIPDetailsTestJSON:tearDownClass): 202 DELETE http://10.180.1.21/compute/v2.1/os-floating-ips/789febcd-c00c-483e-b924-481555e07db4 1.028s
2024-10-26 05:55:01.778 63842 INFO tempest.lib.common.rest_client [req-4998a740-1538-4766-bc74-7d662fa51658 req-4998a740-1538-4766-bc74-7d662fa51658 ] Request (ServersWithSpecificFlavorTestJSON:test_verify_created_server_ephemeral_disk): 200 GET http://10.180.1.21/compute/v2.1/servers/c6d88cbe-488b-490b-a37c-51a311276dfe 0.711s
2024-10-26 05:55:01.801 63832 INFO tempest.lib.common.rest_client [req-6b686e3a-6527-4b6c-ae64-efbc035d7739 req-6b686e3a-6527-4b6c-ae64-efbc035d7739 ] Request (ServerDiagnosticsV248Test:test_get_server_diagnostics): 200 GET http://10.180.1.21/compute/v2.1/servers/65e7ceb8-2b6a-4d36-b698-6e15a4f17f2e 0.677s
2024-10-26 05:55:01.807 63848 INFO tempest.lib.common.rest_client [req-72576562-90a6-4a9a-bd34-ebf840f4ccc2 req-72576562-90a6-4a9a-bd34-ebf840f4ccc2 ] Request (FlavorsV2TestJSON:test_list_flavors_detailed_using_marker): 200 GET http://10.180.1.21/compute/v2.1/flavors/detail?marker=42 0.652s
2024-10-26 05:55:01.845 63854 INFO tempest.lib.common.rest_client [req-8be627c0-b87f-4103-be9c-9337d38556c0 req-8be627c0-b87f-4103-be9c-9337d38556c0 ] Request (InstanceActionsNegativeTestJSON:setUpClass): 200 GET http://10.180.1.21/compute/v2.1/servers/eddf892e-9706-4d33-8241-f8df6c29dee4 0.468s
2024-10-26 05:55:01.849 63886 INFO tempest.lib.common.rest_client [req-8cff644d-7a47-430a-8ae1-12c811ffe0b7 req-8cff644d-7a47-430a-8ae1-12c811ffe0b7 ] Request (ServerDiagnosticsTest:test_get_server_diagnostics): 200 GET http://10.180.1.21/compute/v2.1/servers/6d586ded-7e1a-426f-9a26-eebcc3b3b9a1 0.668s
2024-10-26 05:55:01.890 63850 INFO tempest.lib.common.rest_client [req-39b1640a-b74a-4c8e-8ac3-17d89a9b4fc7 req-39b1640a-b74a-4c8e-8ac3-17d89a9b4fc7 ] Request (ServersTestFqdnHostnames:test_create_server_with_fqdn_name): 200 GET http://10.180.1.21/compute/v2.1/servers/6bf23f6a-6727-448f-80d9-fe954addd49e 0.477s
2024-10-26 05:55:01.937 63844 INFO tempest.lib.common.rest_client [req-f5fd6615-fd9d-4bda-a385-57f3f4640f76 req-f5fd6615-fd9d-4bda-a385-57f3f4640f76 ] Request (SecurityGroupsTestAdminJSON:_run_cleanups): 202 DELETE http://10.180.1.21/compute/v2.1/os-security-groups/590692bc-8cc5-4404-8870-207df9262a06 0.481s
2024-10-26 05:55:01.943 63878 INFO tempest.lib.common.rest_client [req-d3ca3d04-8dc2-4fa8-b107-f5b780021b71 req-d3ca3d04-8dc2-4fa8-b107-f5b780021b71 ] Request (ServerActionsTestOtherA:setUpClass): 200 GET http://10.180.1.21/compute/v2.1/servers/6192c09e-64e7-4eb3-968e-922247892ca2 0.455s
2024-10-26 05:55:01.994 63870 INFO tempest.lib.common.rest_client [req-d0722437-1a90-4d29-8ecc-85a392b6c712 req-d0722437-1a90-4d29-8ecc-85a392b6c712 ] Request (ServerActionsTestOtherB:setUpClass): 200 GET http://10.180.1.21/compute/v2.1/servers/1205d83c-163f-41a4-ab32-a5a706763b33 0.443s
2024-10-26 05:55:02.009 63858 INFO tempest.lib.common.rest_client [req-94a864e8-f459-4dad-9f8e-c96f7fbd047c req-94a864e8-f459-4dad-9f8e-c96f7fbd047c ] Request (ServerActionsV293TestJSON:setUpClass): 200 GET http://10.180.1.21/volume/v3/volumes/77315b59-7256-438d-8da2-509a6992c47d 0.037s
2024-10-26 05:55:02.035 63840 INFO tempest.lib.common.rest_client [req-88bd1620-2231-45ea-8bc8-a79cd2bd11ad req-88bd1620-2231-45ea-8bc8-a79cd2bd11ad ] Request (SecurityGroupRulesTestJSON:tearDownClass): 202 DELETE http://10.180.1.21/compute/v2.1/os-security-groups/fd896925-8dca-4a0f-9941-2315dc1ab541 0.493s
2024-10-26 05:55:02.348 63830 INFO tempest.lib.common.rest_client [req-86806993-73e3-45bd-b234-0f2e0ce21829 req-86806993-73e3-45bd-b234-0f2e0ce21829 ] Request (ServerRescueTestJSONUnderV235:setUpClass): 202 POST http://10.180.1.21/compute/v2.1/servers 0.736s
2024-10-26 05:55:02.421 63868 INFO tempest.lib.common.rest_client [req-ca0d011f-9345-449a-8001-9681b814735f req-ca0d011f-9345-449a-8001-9681b814735f ] Request (FloatingIPDetailsTestJSON:tearDownClass): 202 DELETE http://10.180.1.21/compute/v2.1/os-floating-ips/9d0e015a-34d1-4b23-9ad7-81a2d1063910 0.683s
2024-10-26 05:55:02.430 63882 INFO tempest.lib.common.rest_client [req-1b9bf88d-d305-4e5f-8541-b7c2fee1cbb2 req-1b9bf88d-d305-4e5f-8541-b7c2fee1cbb2 ] Request (AttachVolumeTestJSON:test_attach_detach_volume): 200 GET http://10.180.1.21/compute/v2.1/servers/3cab4088-8ab9-4a1c-b84f-5c9e5813fdff 0.653s
2024-10-26 05:55:02.438 63848 INFO tempest.lib.common.rest_client [req-285ad13b-9a1e-4531-89ca-edb871ccc841 req-285ad13b-9a1e-4531-89ca-edb871ccc841 ] Request (FlavorsV2TestJSON:test_list_flavors_filter_by_min_disk): 200 GET http://10.180.1.21/compute/v2.1/flavors/42 0.625s
2024-10-26 05:55:02.484 63862 INFO tempest.lib.common.rest_client [req-47456c7a-7558-4844-826a-9e5e94cba2b3 req-47456c7a-7558-4844-826a-9e5e94cba2b3 ] Request (ServersTestJSON:test_create_server_specify_multibyte_character_name): 200 GET http://10.180.1.21/compute/v2.1/servers/6462167e-ae83-4d73-bfb2-ec7024e56a07 0.654s
2024-10-26 05:55:02.516 63856 INFO tempest.lib.common.rest_client [req-aadd54da-178d-4744-b0fa-5b4e87addb0c req-aadd54da-178d-4744-b0fa-5b4e87addb0c ] Request (ServersAdminTestJSON:setUpClass): 200 GET http://10.180.1.21/compute/v2.1/servers/9140518f-aae7-403d-acdd-8f8d80fc8552 0.639s
2024-10-26 05:55:02.541 63838 INFO tempest.lib.common.rest_client [req-94e4d7f7-9972-46d6-a483-96d52b2d516b req-94e4d7f7-9972-46d6-a483-96d52b2d516b ] Request (ServerDiagnosticsNegativeTest:test_get_server_diagnostics_by_non_admin): 200 GET http://10.180.1.21/compute/v2.1/servers/43bcc8c6-0fd5-467b-9e11-3b788cf04236 0.621s
2024-10-26 05:55:02.549 63838 INFO tempest.common.waiters [-] State transition "BUILD/spawning" ==> "BUILD/scheduling" after 46 second wait
2024-10-26 05:55:02.618 63846 INFO tempest.lib.common.rest_client [req-11aea8c2-1f8b-4c77-8739-daf9243ee504 req-11aea8c2-1f8b-4c77-8739-daf9243ee504 ] Request (ServersV294TestFqdnHostnames:setUpClass): 200 GET http://10.180.1.21/compute/v2.1/servers/aa57c935-efea-4d95-9fda-65fa9106c90e 0.621s
2024-10-26 05:55:02.728 63844 INFO tempest.lib.common.rest_client [req-b5a16676-a9a5-493f-80d3-cb4c394fe493 req-b5a16676-a9a5-493f-80d3-cb4c394fe493 ] Request (SecurityGroupsTestAdminJSON:_run_cleanups): 202 DELETE http://10.180.1.21/compute/v2.1/os-security-groups/a6bfd987-2b43-4269-8a99-715597f99e90 0.790s
2024-10-26 05:55:02.729 63840 INFO tempest.lib.common.rest_client [req-26b9865f-bf9c-4f43-87e5-fb8222cc6b07 req-26b9865f-bf9c-4f43-87e5-fb8222cc6b07 ] Request (SecurityGroupRulesTestJSON:tearDownClass): 202 DELETE http://10.180.1.21/compute/v2.1/os-security-groups/b5412b1d-883e-432b-8e7e-ea18c7551ea7 0.694s
2024-10-26 05:55:02.793 63880 INFO tempest.lib.common.rest_client [req-d90d8c0e-7e2a-4f90-8329-8f6e1de3a7c6 req-d90d8c0e-7e2a-4f90-8329-8f6e1de3a7c6 ] Request (ServerMetadataTestJSON:setUpClass): 200 GET http://10.180.1.21/compute/v2.1/servers/0dbcfda1-a081-4299-a117-3a1974e2510c 0.688s
2024-10-26 05:55:02.811 63893 INFO tempest.lib.common.rest_client [req-c1f809a8-f734-4a86-903e-709aa5f43c30 req-c1f809a8-f734-4a86-903e-709aa5f43c30 ] Request (ServersAdmin275Test:test_rebuild_update_server_275): 200 GET http://10.180.1.21/compute/v2.1/servers/7044b799-74ed-4711-9b53-08f8a8ddbb78 0.755s
2024-10-26 05:55:02.858 63834 INFO tempest.lib.common.rest_client [req-c672b20e-9bce-4acf-9cdc-e35e8da7ee27 req-c672b20e-9bce-4acf-9cdc-e35e8da7ee27 ] Request (ServerRescueNegativeTestJSON:setUpClass): 200 GET http://10.180.1.21/compute/v2.1/servers/006d2ab8-e38b-4b69-b3b2-115c39e44218 0.708s
2024-10-26 05:55:02.881 63876 INFO tempest.lib.common.rest_client [req-a9357c55-923d-4e43-a6af-c1f661e5d086 req-a9357c55-923d-4e43-a6af-c1f661e5d086 ] Request (DeleteServersAdminTestJSON:test_delete_server_while_in_error_state): 200 GET http://10.180.1.21/compute/v2.1/servers/d46033b4-b3d5-494c-b25c-106475fe4409 0.665s
2024-10-26 05:55:02.942 63864 INFO tempest.lib.common.rest_client [req-b36c61aa-e1c0-4431-ad03-ca4d43dd6910 req-b36c61aa-e1c0-4431-ad03-ca4d43dd6910 ] Request (ImagesTestJSON:test_create_image_from_suspended_server): 200 GET http://10.180.1.21/compute/v2.1/servers/04de495d-8896-4c6d-a059-9a80477e3b07 0.594s
2024-10-26 05:55:02.991 63830 INFO tempest.lib.common.rest_client [req-1d1beabf-d92a-47c8-af42-142a5cba27ec req-1d1beabf-d92a-47c8-af42-142a5cba27ec ] Request (ServerRescueTestJSONUnderV235:setUpClass): 200 GET http://10.180.1.21/compute/v2.1/servers/c99cbfae-db59-4b84-b8ab-09b84ebe4623 0.641s
2024-10-26 05:55:02.992 63885 INFO tempest.lib.common.rest_client [req-a4adb3f2-2afd-4825-be7b-644a8e1b8802 req-a4adb3f2-2afd-4825-be7b-644a8e1b8802 ] Request (ServerDiskConfigTestJSON:test_rebuild_server_with_auto_disk_config): 200 GET http://10.180.1.21/compute/v2.1/servers/bb3a0a79-ef74-4fb0-a286-91b1b92df751 0.705s
2024-10-26 05:55:02.998 63885 INFO tempest.common.waiters [-] State transition "BUILD/None" ==> "BUILD/block_device_mapping" after 38 second wait
