2024-10-26 05:54:38.577 63860 INFO tempest.lib.common.rest_client [req-72d80687-828b-468d-9bc9-d4e2d7298bb9 req-72d80687-828b-468d-9bc9-d4e2d7298bb9 ] Request (ImagesMetadataTestJSON:tearDownClass): 204 DELETE http://10.180.1.21/identity/v3/users/45bbabd55c554a4ab9f58a185f58e632 0.084s
2024-10-26 05:54:38.577 63860 INFO tempest.lib.common.dynamic_creds [-] Deleting project and security group for project: 9861f1dd32cd43c59c444e43c9f1ce27
2024-10-26 05:54:38.587 63885 INFO tempest.lib.common.rest_client [req-bf28e18a-55c7-477d-883f-60d0c859a379 req-bf28e18a-55c7-477d-883f-60d0c859a379 ] Request (ServerDiskConfigTestJSON:test_rebuild_server_with_auto_disk_config): 200 GET http://10.180.1.21/compute/v2.1/servers/bb3a0a79-ef74-4fb0-a286-91b1b92df751 0.903s
2024-10-26 05:54:38.599 63858 INFO tempest.lib.common.rest_client [req-feafb1b3-b9d1-4ef9-b4f9-4e6a83f28561 req-feafb1b3-b9d1-4ef9-b4f9-4e6a83f28561 ] Request (MultipleCreateNegativeTestJSON:test_max_count_less_than_one): 400 POST http://10.180.1.21/compute/v2.1/servers 0.826s
2024-10-26 05:54:38.599 63844 INFO tempest.lib.common.rest_client [req-8d297e65-4e4e-4a02-b594-6ca1a48db5f8 req-8d297e65-4e4e-4a02-b594-6ca1a48db5f8 ] Request (FlavorsAdminTestJSON:_run_cleanups): 202 DELETE http://10.180.1.21/compute/v2.1/flavors/436655344 0.837s
2024-10-26 05:54:38.653 63860 INFO tempest.lib.common.rest_client [req-2bc6b3e5-d3e2-4f13-9269-e7fdbe1206ba req-2bc6b3e5-d3e2-4f13-9269-e7fdbe1206ba ] Request (ImagesMetadataTestJSON:tearDownClass): 201 POST http://10.180.1.21/identity/v3/auth/tokens 0.076s
2024-10-26 05:54:38.662 63878 INFO tempest.lib.common.rest_client [req-188b777e-c2c1-4109-9ab2-d58e97c1687c req-188b777e-c2c1-4109-9ab2-d58e97c1687c ] Request (ServerActionsTestOtherA:setUpClass): 201 POST http://10.180.1.21:9696/networking/v2.0/security-group-rules 0.285s
2024-10-26 05:54:38.684 63890 INFO tempest.lib.common.rest_client [req-880bdc0d-9846-4a0d-b766-1e91cf39ca1e req-880bdc0d-9846-4a0d-b766-1e91cf39ca1e ] Request (SecurityGroupsTestJSON:test_list_security_groups_by_server): 200 GET http://10.180.1.21/compute/v2.1/servers/81b0b694-b9fb-4416-8751-7f1e24e96869 0.784s
2024-10-26 05:54:38.704 63852 INFO tempest.lib.common.rest_client [req-77c32f91-9ebe-45e2-a94b-056bf77028c3 req-77c32f91-9ebe-45e2-a94b-056bf77028c3 ] Request (QuotasAdminTestV257:_run_cleanups): 204 DELETE http://10.180.1.21/identity/v3/users/359979282123489cbce8174a5b96b154 0.133s
2024-10-26 05:54:38.717 63858 INFO tempest.lib.common.rest_client [req-6b2aabc1-6588-4a58-b71d-4e614e5f8e0b req-6b2aabc1-6588-4a58-b71d-4e614e5f8e0b ] Request (MultipleCreateNegativeTestJSON:test_max_count_non_integer): 201 POST http://10.180.1.21/identity/v3/auth/tokens 0.114s
2024-10-26 05:54:38.718 63858 INFO tempest.lib.common.fixed_network [-] (MultipleCreateNegativeTestJSON:test_max_count_non_integer) Found network None available for tenant
2024-10-26 05:54:38.723 63867 INFO tempest.lib.common.rest_client [req-41887745-d48b-46e2-b218-8193348cdc88 req-41887745-d48b-46e2-b218-8193348cdc88 ] Request (ServersTestManualDisk:setUpClass): 200 GET http://10.180.1.21/compute/v2.1/servers/c98de831-5d54-4a30-8414-9973b693c125 0.907s
2024-10-26 05:54:38.762 63888 INFO tempest.lib.common.rest_client [req-f78ccc9e-3cb5-4f94-aef1-9d215d69b05a req-f78ccc9e-3cb5-4f94-aef1-9d215d69b05a ] Request (VolumesAssistedSnapshotsTest:test_volume_assisted_snapshot_create_delete): 200 GET http://10.180.1.21/compute/v2.1/servers/4869e3e4-48bb-446f-a15e-3a53bae1bc9b 0.812s
2024-10-26 05:54:38.765 63870 INFO tempest.lib.common.rest_client [req-7de7d50a-1a5a-4f68-ae50-42fe72236aee req-7de7d50a-1a5a-4f68-ae50-42fe72236aee ] Request (ServerActionsTestOtherB:setUpClass): 201 POST http://10.180.1.21:9696/networking/v2.0/security-group-rules 0.305s
2024-10-26 05:54:38.793 63872 INFO tempest.lib.common.rest_client [req-d51db016-f4d7-478f-aed2-ec68bc5050e1 req-d51db016-f4d7-478f-aed2-ec68bc5050e1 ] Request (SecurityGroupsNegativeTestJSON:tearDownClass): 200 PUT http://10.180.1.21:9696/networking/v2.0/routers/dfcfc4eb-21f5-4d16-b9d6-dc9435e2c426/remove_router_interface 2.741s
2024-10-26 05:54:38.820 63868 INFO tempest.lib.common.rest_client [req-da841aaf-28b5-4df8-a804-7f4bd4e9574a req-da841aaf-28b5-4df8-a804-7f4bd4e9574a ] Request (AggregatesAdminNegativeTestJSON:tearDownClass): 200 GET http://10.180.1.21:9696/networking/v2.0/security-groups?tenant_id=60c101eb85e6454ab13d0f800a29458e&name=default 0.459s
2024-10-26 05:54:38.842 63832 INFO tempest.lib.common.rest_client [req-9f6bba69-419e-4314-9f54-65cd4e36c62c req-9f6bba69-419e-4314-9f54-65cd4e36c62c ] Request (ServerDiagnosticsV248Test:test_get_server_diagnostics): 200 GET http://10.180.1.21/compute/v2.1/servers/65e7ceb8-2b6a-4d36-b698-6e15a4f17f2e 0.821s
2024-10-26 05:54:38.846 63852 INFO tempest.lib.common.rest_client [req-6cf12975-acad-4501-8d59-cf0258d66577 req-6cf12975-acad-4501-8d59-cf0258d66577 ] Request (QuotasAdminTestV257:_run_cleanups): 204 DELETE http://10.180.1.21/identity/v3/projects/6392f3874a34449aa23bea4cf5a3f92f 0.141s
2024-10-26 05:54:38.919 63842 INFO tempest.lib.common.rest_client [req-2f09955b-52df-45b4-bfb2-a8b08ed8ffae req-2f09955b-52df-45b4-bfb2-a8b08ed8ffae ] Request (ServersWithSpecificFlavorTestJSON:test_verify_created_server_ephemeral_disk): 200 GET http://10.180.1.21/compute/v2.1/servers/c6d88cbe-488b-490b-a37c-51a311276dfe 0.851s
2024-10-26 05:54:38.950 63848 INFO tempest.lib.common.rest_client [req-33ec9d24-d8d0-4a5e-8358-465676ace535 req-33ec9d24-d8d0-4a5e-8358-465676ace535 ] Request (ServicesAdminNegativeV253TestJSON:test_disable_log_reason_with_invalid_service_id): 404 PUT http://10.180.1.21/compute/v2.1/os-services/2999dfce-ecc4-47c3-b4f6-a9ebac9f308b 0.941s
2024-10-26 05:54:38.966 63852 INFO tempest.lib.common.rest_client [req-c5997a51-81c7-475f-b935-e9c86b60acce req-c5997a51-81c7-475f-b935-e9c86b60acce ] Request (QuotasAdminTestV257:tearDownClass): 204 DELETE http://10.180.1.21/identity/v3/users/a491c9ee6cd64cc0bf8cee13b426ca61 0.116s
2024-10-26 05:54:38.985 63886 INFO tempest.lib.common.rest_client [req-d1a589b5-e78e-4449-8021-9cd60ea2ad4b req-d1a589b5-e78e-4449-8021-9cd60ea2ad4b ] Request (ServerDiagnosticsTest:test_get_server_diagnostics): 200 GET http://10.180.1.21/compute/v2.1/servers/6d586ded-7e1a-426f-9a26-eebcc3b3b9a1 0.840s
2024-10-26 05:54:39.039 63830 INFO tempest.lib.common.rest_client [req-f5854f95-8c37-41ed-b746-fdd18ac6aa66 req-f5854f95-8c37-41ed-b746-fdd18ac6aa66 ] Request (ListServerFiltersTestJSON:setUpClass): 200 GET http://10.180.1.21/compute/v2.1/servers/70709096-265f-4531-8946-51029ebbb998 0.890s
2024-10-26 05:54:39.062 63882 INFO tempest.lib.common.rest_client [req-a25d9dc8-a542-4819-bb62-eb79ce6e526e req-a25d9dc8-a542-4819-bb62-eb79ce6e526e ] Request (AttachVolumeTestJSON:setUpClass): 201 POST http://10.180.1.21:9696/networking/v2.0/subnets 0.568s
2024-10-26 05:54:39.063 63852 INFO tempest.lib.common.rest_client [req-2e40f23c-63bf-4403-b363-f1b08e8c5adb req-2e40f23c-63bf-4403-b363-f1b08e8c5adb ] Request (QuotasAdminTestV257:tearDownClass): 204 DELETE http://10.180.1.21/identity/v3/users/720c2c7aa50c4e30b7a8c332f016f4b1 0.097s
2024-10-26 05:54:39.064 63852 INFO tempest.lib.common.dynamic_creds [-] Deleting project and security group for project: 45af870c813247b1b7c36649bbe3bf12
2024-10-26 05:54:39.066 63870 INFO tempest.lib.common.rest_client [req-c39c37f5-0cea-4fad-a2a7-6e0029f98a3f req-c39c37f5-0cea-4fad-a2a7-6e0029f98a3f ] Request (ServerActionsTestOtherB:setUpClass): 201 POST http://10.180.1.21:9696/networking/v2.0/security-group-rules 0.300s
2024-10-26 05:54:39.093 63860 INFO tempest.lib.common.rest_client [req-4a037627-3563-40f8-b911-3e6c09c1233e req-4a037627-3563-40f8-b911-3e6c09c1233e ] Request (ImagesMetadataTestJSON:tearDownClass): 200 GET http://10.180.1.21:9696/networking/v2.0/security-groups?tenant_id=9861f1dd32cd43c59c444e43c9f1ce27&name=default 0.439s
2024-10-26 05:54:39.098 63868 INFO tempest.lib.common.rest_client [req-16c59c9e-ac67-45df-bb1a-91dae844dd56 req-16c59c9e-ac67-45df-bb1a-91dae844dd56 ] Request (AggregatesAdminNegativeTestJSON:tearDownClass): 204 DELETE http://10.180.1.21:9696/networking/v2.0/security-groups/a130f20c-5d7d-4101-97e2-5ccc1317e7ba 0.277s
2024-10-26 05:54:39.128 63852 INFO tempest.lib.common.rest_client [req-13d2e3d2-08de-49a5-a20a-260011c777a8 req-13d2e3d2-08de-49a5-a20a-260011c777a8 ] Request (QuotasAdminTestV257:tearDownClass): 201 POST http://10.180.1.21/identity/v3/auth/tokens 0.064s
2024-10-26 05:54:39.201 63868 INFO tempest.lib.common.rest_client [req-cf9018cf-3a56-4059-bc77-787e8fb27b26 req-cf9018cf-3a56-4059-bc77-787e8fb27b26 ] Request (AggregatesAdminNegativeTestJSON:tearDownClass): 204 DELETE http://10.180.1.21/identity/v3/projects/60c101eb85e6454ab13d0f800a29458e 0.102s
2024-10-26 05:54:39.201 63868 INFO tempest.lib.common.dynamic_creds [-] Deleting project and security group for project: fca14e29e7314263aed4cdc0a20d2e80
2024-10-26 05:54:39.254 63850 INFO tempest.lib.common.rest_client [req-d19ec320-174a-4ab4-a172-3f7ed5fc985b req-d19ec320-174a-4ab4-a172-3f7ed5fc985b ] Request (ServersTestFqdnHostnames:test_create_server_with_fqdn_name): 200 POST http://10.180.1.21/compute/v2.1/os-keypairs 0.954s
2024-10-26 05:54:39.303 63874 INFO tempest.lib.common.rest_client [req-b9b32d8c-6147-473f-8e71-9d3a74c7fe6c req-b9b32d8c-6147-473f-8e71-9d3a74c7fe6c ] Request (ServersTestBootFromVolume:setUpClass): 200 GET http://10.180.1.21/volume/v3/volumes/d9498ead-0475-49b3-87f2-16cdfb41c5af 0.043s
2024-10-26 05:54:39.333 63836 INFO tempest.lib.common.rest_client [req-2d71686e-425c-4818-b0e4-3f4cbd6bae34 req-2d71686e-425c-4818-b0e4-3f4cbd6bae34 ] Request (VolumesTestJSON:test_volume_list): 200 GET http://10.180.1.21/compute/v2.1/os-volumes 1.030s
2024-10-26 05:54:39.491 63834 INFO tempest.lib.common.rest_client [req-8ff35e5e-9843-4f58-b5c3-ce423f2bd541 req-8ff35e5e-9843-4f58-b5c3-ce423f2bd541 ] Request (SecurityGroupRulesNegativeTestJSON:tearDownClass): 202 DELETE http://10.180.1.21/compute/v2.1/os-security-groups/52fb3e1b-ea0e-4a80-af59-041d11aa8485 1.209s
2024-10-26 05:54:39.524 63860 INFO tempest.lib.common.rest_client [req-6d4918a6-6532-40a0-acec-39d3228dfb0d req-6d4918a6-6532-40a0-acec-39d3228dfb0d ] Request (ImagesMetadataTestJSON:tearDownClass): 204 DELETE http://10.180.1.21:9696/networking/v2.0/security-groups/c5d60af3-9f88-4e76-b819-4d31577ec16c 0.430s
2024-10-26 05:54:39.590 63864 INFO tempest.lib.common.rest_client [req-bc613ba6-eb0c-43b9-b6a4-94a781a87ea9 req-bc613ba6-eb0c-43b9-b6a4-94a781a87ea9 ] Request (ImagesTestJSON:test_create_image_from_stopped_server): 200 GET http://10.180.1.21/compute/v2.1/servers/fe213cbb-4bed-487c-9d89-2c6b101b8956 0.995s
2024-10-26 05:54:39.601 63860 INFO tempest.lib.common.rest_client [req-8e341743-eb1d-4876-8f40-445fe157f5b5 req-8e341743-eb1d-4876-8f40-445fe157f5b5 ] Request (ImagesMetadataTestJSON:tearDownClass): 204 DELETE http://10.180.1.21/identity/v3/projects/9861f1dd32cd43c59c444e43c9f1ce27 0.075s
2024-10-26 05:54:39.609 63844 INFO tempest.lib.common.rest_client [req-79340d41-82ac-48e7-9aa4-eb1daa802de2 req-79340d41-82ac-48e7-9aa4-eb1daa802de2 ] Request (FlavorsAdminTestJSON:_run_cleanups): 200 GET http://10.180.1.21/compute/v2.1/flavors/detail 1.009s
2024-10-26 05:54:39.672 63856 INFO tempest.lib.common.rest_client [req-4e7b8c7b-5a63-48e3-9fc4-fe5c0bcc5bef req-4e7b8c7b-5a63-48e3-9fc4-fe5c0bcc5bef ] Request (ServersAdminTestJSON:setUpClass): 200 GET http://10.180.1.21/compute/v2.1/servers/9140518f-aae7-403d-acdd-8f8d80fc8552 1.004s
2024-10-26 05:54:39.673 63860 INFO tempest.lib.common.rest_client [req-4b1da1c0-1ca1-44d2-b864-cd819283c606 req-4b1da1c0-1ca1-44d2-b864-cd819283c606 ] Request (ListImageFiltersNegativeTestJSON:setUpClass): 201 POST http://10.180.1.21/identity/v3/auth/tokens 0.070s
2024-10-26 05:54:39.678 63858 INFO tempest.lib.common.rest_client [req-d74ae6fd-e0c2-4d1e-aaa7-d93610e7b2e7 req-d74ae6fd-e0c2-4d1e-aaa7-d93610e7b2e7 ] Request (MultipleCreateNegativeTestJSON:test_max_count_non_integer): 400 POST http://10.180.1.21/compute/v2.1/servers 0.959s
2024-10-26 05:54:39.696 63868 INFO tempest.lib.common.rest_client [req-62f86530-bb33-4439-84c9-b8112fa720b7 req-62f86530-bb33-4439-84c9-b8112fa720b7 ] Request (AggregatesAdminNegativeTestJSON:tearDownClass): 200 GET http://10.180.1.21:9696/networking/v2.0/security-groups?tenant_id=fca14e29e7314263aed4cdc0a20d2e80&name=default 0.495s
2024-10-26 05:54:39.720 63860 INFO tempest.lib.common.rest_client [req-8267a6df-3399-48c6-b130-77683365d973 req-8267a6df-3399-48c6-b130-77683365d973 ] Request (ListImageFiltersNegativeTestJSON:setUpClass): 201 POST http://10.180.1.21/identity/v3/auth/tokens 0.044s
2024-10-26 05:54:39.746 63860 INFO tempest.lib.common.rest_client [req-baa9e720-4a5a-4356-93bc-4aae7b01f0a4 req-baa9e720-4a5a-4356-93bc-4aae7b01f0a4 ] Request (ListImageFiltersNegativeTestJSON:setUpClass): 200 GET http://10.180.1.21/identity/v3/domains?name=Default 0.025s
2024-10-26 05:54:39.751 63858 INFO tempest.lib.common.rest_client [req-25ce7384-b38e-44c2-8bd6-08ac9dcede8c req-25ce7384-b38e-44c2-8bd6-08ac9dcede8c ] Request (MultipleCreateNegativeTestJSON:test_min_count_less_than_one): 201 POST http://10.180.1.21/identity/v3/auth/tokens 0.069s
2024-10-26 05:54:39.752 63858 INFO tempest.lib.common.fixed_network [-] (MultipleCreateNegativeTestJSON:test_min_count_less_than_one) Found network None available for tenant
2024-10-26 05:54:39.760 63838 INFO tempest.lib.common.rest_client [req-81bea349-8d8f-4a5a-b5df-6d254270a4bc req-81bea349-8d8f-4a5a-b5df-6d254270a4bc ] Request (ServerDiagnosticsNegativeTest:test_get_server_diagnostics_by_non_admin): 200 GET http://10.180.1.21/compute/v2.1/servers/43bcc8c6-0fd5-467b-9e11-3b788cf04236 0.939s
2024-10-26 05:54:39.769 63838 INFO tempest.common.waiters [-] State transition "BUILD/None" ==> "BUILD/networking" after 23 second wait
2024-10-26 05:54:39.789 63848 INFO tempest.lib.common.rest_client [req-6138a9a9-c6b4-44dd-be44-f9be3b290a13 req-6138a9a9-c6b4-44dd-be44-f9be3b290a13 ] Request (ServicesAdminNegativeV253TestJSON:test_disable_service_with_invalid_service_id): 404 PUT http://10.180.1.21/compute/v2.1/os-services/2999dfce-ecc4-47c3-b4f6-a9ebac9f308b 0.837s
2024-10-26 05:54:39.792 63860 INFO tempest.lib.common.rest_client [req-96d60b9f-4bb2-4f9a-a714-faf88f49a3d3 req-96d60b9f-4bb2-4f9a-a714-faf88f49a3d3 ] Request (ListImageFiltersNegativeTestJSON:setUpClass): 201 POST http://10.180.1.21/identity/v3/projects 0.045s
2024-10-26 05:54:39.831 63850 INFO tempest.lib.common.rest_client [req-e26fce9a-49b9-4886-a25f-540dae66b77b req-e26fce9a-49b9-4886-a25f-540dae66b77b ] Request (ServersTestFqdnHostnames:test_create_server_with_fqdn_name): 201 POST http://10.180.1.21:9696/networking/v2.0/security-groups 0.575s
2024-10-26 05:54:39.839 63852 INFO tempest.lib.common.rest_client [req-0b4edf6a-8cca-439f-b903-31c3f5c6b24c req-0b4edf6a-8cca-439f-b903-31c3f5c6b24c ] Request (QuotasAdminTestV257:tearDownClass): 200 GET http://10.180.1.21:9696/networking/v2.0/security-groups?tenant_id=45af870c813247b1b7c36649bbe3bf12&name=default 0.711s
2024-10-26 05:54:39.885 63880 INFO tempest.lib.common.rest_client [req-5d276acb-febd-4723-b91c-9e31374b0703 req-5d276acb-febd-4723-b91c-9e31374b0703 ] Request (ServerMetadataTestJSON:setUpClass): 200 GET http://10.180.1.21/compute/v2.1/servers/0dbcfda1-a081-4299-a117-3a1974e2510c 0.625s
2024-10-26 05:54:39.892 63860 INFO tempest.lib.common.rest_client [req-458c1cdb-7ef1-4545-a15e-3b781b512ac0 req-458c1cdb-7ef1-4545-a15e-3b781b512ac0 ] Request (ListImageFiltersNegativeTestJSON:setUpClass): 201 POST http://10.180.1.21/identity/v3/users 0.099s
2024-10-26 05:54:39.919 63860 INFO tempest.lib.common.rest_client [req-d962a54b-d36e-40bc-971a-d02089bb85fd req-d962a54b-d36e-40bc-971a-d02089bb85fd ] Request (ListImageFiltersNegativeTestJSON:setUpClass): 200 GET http://10.180.1.21/identity/v3/roles 0.026s
2024-10-26 05:54:39.955 63836 INFO tempest.lib.common.rest_client [req-fa9a08fc-13e9-48ca-8b5d-3555f6ccb122 req-fa9a08fc-13e9-48ca-8b5d-3555f6ccb122 ] Request (VolumesTestJSON:test_volume_list_param_limit): 200 GET http://10.180.1.21/compute/v2.1/os-volumes?limit=2 0.616s
2024-10-26 05:54:39.962 63860 INFO tempest.lib.common.rest_client [req-41a0b5d3-4fa7-4bd8-bbd2-2564df9187db req-41a0b5d3-4fa7-4bd8-bbd2-2564df9187db ] Request (ListImageFiltersNegativeTestJSON:setUpClass): 204 PUT http://10.180.1.21/identity/v3/projects/e598f63151e34eb9aaec8995f65a4bfa/users/1fa4482308914a0e852f09f009e88ae9/roles/9d1647b32833457a9bdf96f43e09da20 0.043s
2024-10-26 05:54:39.962 63860 INFO tempest.lib.common.dynamic_creds [-] Dynamic test user 1fa4482308914a0e852f09f009e88ae9 is created with scope project and roles: ['member']
2024-10-26 05:54:39.963 63860 INFO tempest.lib.common.dynamic_creds [-] Acquired dynamic creds: credentials: Credentials: {'domain_id': 'default', 'domain_name': 'Default', 'username': 'tempest-ListImageFiltersNegativeTestJSON-1773457036-project-member', 'project_domain_id': 'default', 'project_domain_name': 'Default', 'project_id': 'e598f63151e34eb9aaec8995f65a4bfa', 'project_name': 'tempest-ListImageFiltersNegativeTestJSON-1773457036', 'tenant_id': 'e598f63151e34eb9aaec8995f65a4bfa', 'tenant_name': 'tempest-ListImageFiltersNegativeTestJSON-1773457036', 'user_domain_id': 'default', 'user_domain_name': 'Default', 'user_id': '1fa4482308914a0e852f09f009e88ae9', 'system': None}, Network: None, Subnet: None, Router: None
2024-10-26 05:54:39.964 63860 INFO tempest.lib.common.dynamic_creds [-] Created isolated network resources for: credentials: Credentials: {'domain_id': 'default', 'domain_name': 'Default', 'username': 'tempest-ListImageFiltersNegativeTestJSON-1773457036-project-member', 'project_domain_id': 'default', 'project_domain_name': 'Default', 'project_id': 'e598f63151e34eb9aaec8995f65a4bfa', 'project_name': 'tempest-ListImageFiltersNegativeTestJSON-1773457036', 'tenant_id': 'e598f63151e34eb9aaec8995f65a4bfa', 'tenant_name': 'tempest-ListImageFiltersNegativeTestJSON-1773457036', 'user_domain_id': 'default', 'user_domain_name': 'Default', 'user_id': '1fa4482308914a0e852f09f009e88ae9', 'system': None}, Network: None, Subnet: None, Router: None
2024-10-26 05:54:40.046 63868 INFO tempest.lib.common.rest_client [req-425aa39e-312a-4aa7-b9db-9521dffd2280 req-425aa39e-312a-4aa7-b9db-9521dffd2280 ] Request (AggregatesAdminNegativeTestJSON:tearDownClass): 204 DELETE http://10.180.1.21:9696/networking/v2.0/security-groups/bb925c38-ba5d-4b4c-b589-56a58b7f0038 0.349s
2024-10-26 05:54:40.071 63860 INFO tempest.lib.common.rest_client [req-72a5bc38-50f2-40fb-90f0-c6a8e974b09a req-72a5bc38-50f2-40fb-90f0-c6a8e974b09a ] Request (ListImageFiltersNegativeTestJSON:setUpClass): 201 POST http://10.180.1.21/identity/v3/auth/tokens 0.101s
2024-10-26 05:54:40.083 63840 INFO tempest.lib.common.rest_client [req-ad38f674-168f-4f24-a0e1-1b82cc343f43 req-ad38f674-168f-4f24-a0e1-1b82cc343f43 ] Request (SecurityGroupRulesTestJSON:test_security_group_rules_create): 200 POST http://10.180.1.21/compute/v2.1/os-security-groups 1.707s
2024-10-26 05:54:40.098 63846 INFO tempest.lib.common.rest_client [req-07ccf1a5-17a3-4c9a-9d84-89e66b3722a1 req-07ccf1a5-17a3-4c9a-9d84-89e66b3722a1 ] Request (ServersV294TestFqdnHostnames:setUpClass): 200 GET http://10.180.1.21/compute/v2.1/servers/aa57c935-efea-4d95-9fda-65fa9106c90e 0.721s
2024-10-26 05:54:40.190 63868 INFO tempest.lib.common.rest_client [req-dc8ee0ce-b7b4-46a2-a5df-9984e630034e req-dc8ee0ce-b7b4-46a2-a5df-9984e630034e ] Request (AggregatesAdminNegativeTestJSON:tearDownClass): 204 DELETE http://10.180.1.21/identity/v3/projects/fca14e29e7314263aed4cdc0a20d2e80 0.142s
2024-10-26 05:54:40.212 63854 INFO tempest.lib.common.rest_client [req-40e2c82f-ce03-4f67-8005-fe817df78aea req-40e2c82f-ce03-4f67-8005-fe817df78aea ] Request (ServersAdminNegativeTestJSON:setUpClass): 200 GET http://10.180.1.21/compute/v2.1/servers/d7b23c8e-77bf-41f9-8b72-98bc660ed4c6 0.755s
2024-10-26 05:54:40.220 63893 INFO tempest.lib.common.rest_client [req-cab3f22c-8b0f-4707-bd36-3e6dd53ae9f6 req-cab3f22c-8b0f-4707-bd36-3e6dd53ae9f6 ] Request (ServersAdmin275Test:test_rebuild_update_server_275): 200 GET http://10.180.1.21/compute/v2.1/servers/7044b799-74ed-4711-9b53-08f8a8ddbb78 0.816s
2024-10-26 05:54:40.273 63868 INFO tempest.lib.common.rest_client [req-34b0305a-fbb6-4b40-86fe-a18844e73b08 req-34b0305a-fbb6-4b40-86fe-a18844e73b08 ] Request (FloatingIPDetailsTestJSON:setUpClass): 201 POST http://10.180.1.21/identity/v3/auth/tokens 0.081s
2024-10-26 05:54:40.281 63872 INFO tempest.lib.common.rest_client [req-dde27305-e2d2-4e62-a4a3-2161e45486cc req-dde27305-e2d2-4e62-a4a3-2161e45486cc ] Request (SecurityGroupsNegativeTestJSON:tearDownClass): 204 DELETE http://10.180.1.21:9696/networking/v2.0/routers/dfcfc4eb-21f5-4d16-b9d6-dc9435e2c426 1.487s
2024-10-26 05:54:40.284 63850 INFO tempest.lib.common.rest_client [req-98bf0fae-e7e5-4a26-b4b1-bfb59a02a34a req-98bf0fae-e7e5-4a26-b4b1-bfb59a02a34a ] Request (ServersTestFqdnHostnames:test_create_server_with_fqdn_name): 201 POST http://10.180.1.21:9696/networking/v2.0/security-group-rules 0.452s
2024-10-26 05:54:40.305 63868 INFO tempest.lib.common.rest_client [req-eb45be83-ed93-469d-ab82-f71415afbf23 req-eb45be83-ed93-469d-ab82-f71415afbf23 ] Request (FloatingIPDetailsTestJSON:setUpClass): 201 POST http://10.180.1.21/identity/v3/auth/tokens 0.029s
2024-10-26 05:54:40.312 63876 INFO tempest.lib.common.rest_client [req-da80a04d-4d02-4af7-8946-14de8db28153 req-da80a04d-4d02-4af7-8946-14de8db28153 ] Request (DeleteServersAdminTestJSON:test_delete_server_while_in_error_state): 200 GET http://10.180.1.21/compute/v2.1/servers/d46033b4-b3d5-494c-b25c-106475fe4409 0.799s
2024-10-26 05:54:40.327 63878 INFO tempest.lib.common.rest_client [req-5cbaff70-e950-4944-a9e3-161b0f36e143 req-5cbaff70-e950-4944-a9e3-161b0f36e143 ] Request (ServerActionsTestOtherA:setUpClass): 201 POST http://10.180.1.21:9696/networking/v2.0/floatingips 1.664s
2024-10-26 05:54:40.338 63868 INFO tempest.lib.common.rest_client [req-970e4b09-d3b1-4469-9061-ccd179001ed5 req-970e4b09-d3b1-4469-9061-ccd179001ed5 ] Request (FloatingIPDetailsTestJSON:setUpClass): 200 GET http://10.180.1.21/identity/v3/domains?name=Default 0.033s
2024-10-26 05:54:40.356 63874 INFO tempest.lib.common.rest_client [req-bcddd7b5-cffc-4de8-b420-ffde3254995b req-bcddd7b5-cffc-4de8-b420-ffde3254995b ] Request (ServersTestBootFromVolume:setUpClass): 200 GET http://10.180.1.21/volume/v3/volumes/d9498ead-0475-49b3-87f2-16cdfb41c5af 0.043s
2024-10-26 05:54:40.376 63868 INFO tempest.lib.common.rest_client [req-08d9da88-9c5e-4b32-802e-964673cefd4f req-08d9da88-9c5e-4b32-802e-964673cefd4f ] Request (FloatingIPDetailsTestJSON:setUpClass): 201 POST http://10.180.1.21/identity/v3/projects 0.037s
2024-10-26 05:54:40.391 63852 INFO tempest.lib.common.rest_client [req-67cdf526-0733-421f-bad6-30135be6b288 req-67cdf526-0733-421f-bad6-30135be6b288 ] Request (QuotasAdminTestV257:tearDownClass): 204 DELETE http://10.180.1.21:9696/networking/v2.0/security-groups/5cdbc30a-edeb-4a1f-a01d-df8f7fcad32f 0.551s
2024-10-26 05:54:40.394 63885 INFO tempest.lib.common.rest_client [req-cecf7112-70a9-4d66-9594-d2fc77c4c9bc req-cecf7112-70a9-4d66-9594-d2fc77c4c9bc ] Request (ServerDiskConfigTestJSON:test_rebuild_server_with_auto_disk_config): 200 GET http://10.180.1.21/compute/v2.1/servers/bb3a0a79-ef74-4fb0-a286-91b1b92df751 0.793s
2024-10-26 05:54:40.401 63878 INFO tempest.lib.common.rest_client [req-519e258f-7779-4675-9fec-2b1c7c2ef52f req-519e258f-7779-4675-9fec-2b1c7c2ef52f ] Request (ServerActionsTestOtherA:setUpClass): 201 POST http://10.180.1.21/identity/v3/auth/tokens 0.071s
2024-10-26 05:54:40.402 63878 INFO tempest.lib.common.fixed_network [-] (ServerActionsTestOtherA:setUpClass) Found network {'id': 'bf8b8c44-a929-416e-9fe4-44c15ed532e7', 'name': 'tempest-ServerActionsTestOtherA-1391493225-network', 'tenant_id': '9169fb1c5a2d4f4aa7f2ea07dda28996', 'admin_state_up': True, 'mtu': 8950, 'status': 'ACTIVE', 'subnets': [], 'shared': False, 'project_id': '9169fb1c5a2d4f4aa7f2ea07dda28996', 'port_security_enabled': True, 'router:external': False, 'provider:network_type': 'vlan', 'provider:physical_network': 'default', 'provider:segmentation_id': 616, 'is_default': False, 'availability_zone_hints': [], 'availability_zones': [], 'ipv4_address_scope': None, 'ipv6_address_scope': None, 'description': '', 'tags': [], 'created_at': '2024-10-26T05:54:30Z', 'updated_at': '2024-10-26T05:54:31Z', 'revision_number': 1} available for tenant
2024-10-26 05:54:40.410 63844 INFO tempest.lib.common.rest_client [req-4359edab-76ad-453b-977c-5390a78babe7 req-4359edab-76ad-453b-977c-5390a78babe7 ] Request (FlavorsAdminTestJSON:test_list_non_public_flavor): 200 POST http://10.180.1.21/compute/v2.1/flavors 0.796s
2024-10-26 05:54:40.434 63868 INFO tempest.lib.common.rest_client [req-c3a51a69-1df5-4054-9ea9-def27c2bd5ed req-c3a51a69-1df5-4054-9ea9-def27c2bd5ed ] Request (FloatingIPDetailsTestJSON:setUpClass): 201 POST http://10.180.1.21/identity/v3/users 0.058s
2024-10-26 05:54:40.477 63890 INFO tempest.lib.common.rest_client [req-8996b491-4aa5-41e7-87c9-d009881fed87 req-8996b491-4aa5-41e7-87c9-d009881fed87 ] Request (SecurityGroupsTestJSON:test_list_security_groups_by_server): 200 GET http://10.180.1.21/compute/v2.1/servers/81b0b694-b9fb-4416-8751-7f1e24e96869 0.780s
2024-10-26 05:54:40.483 63868 INFO tempest.lib.common.rest_client [req-3109fa97-c8eb-4408-8a82-38b40a4c75c2 req-3109fa97-c8eb-4408-8a82-38b40a4c75c2 ] Request (FloatingIPDetailsTestJSON:setUpClass): 200 GET http://10.180.1.21/identity/v3/roles 0.048s
2024-10-26 05:54:40.483 63852 INFO tempest.lib.common.rest_client [req-64b656f0-1607-488f-a310-52f7c77280e9 req-64b656f0-1607-488f-a310-52f7c77280e9 ] Request (QuotasAdminTestV257:tearDownClass): 204 DELETE http://10.180.1.21/identity/v3/projects/45af870c813247b1b7c36649bbe3bf12 0.092s
2024-10-26 05:54:40.483 63852 INFO tempest.lib.common.dynamic_creds [-] Deleting project and security group for project: 0dd37c2fe41747e2bbd67a6c916605c2
2024-10-26 05:54:40.495 63870 INFO tempest.lib.common.rest_client [req-b82b7e2f-881e-4c3b-acde-0f1351604f23 req-b82b7e2f-881e-4c3b-acde-0f1351604f23 ] Request (ServerActionsTestOtherB:setUpClass): 201 POST http://10.180.1.21:9696/networking/v2.0/floatingips 1.428s
2024-10-26 05:54:40.519 63868 INFO tempest.lib.common.rest_client [req-08855253-8784-421a-bda7-ff66133eb460 req-08855253-8784-421a-bda7-ff66133eb460 ] Request (FloatingIPDetailsTestJSON:setUpClass): 204 PUT http://10.180.1.21/identity/v3/projects/b1f3c6d6028c40d78c7d4bf9ae647608/users/8d97498ade574242b872ff72705dcdbf/roles/9d1647b32833457a9bdf96f43e09da20 0.035s
2024-10-26 05:54:40.519 63868 INFO tempest.lib.common.dynamic_creds [-] Dynamic test user 8d97498ade574242b872ff72705dcdbf is created with scope project and roles: ['member']
2024-10-26 05:54:40.519 63868 INFO tempest.lib.common.dynamic_creds [-] Acquired dynamic creds: credentials: Credentials: {'domain_id': 'default', 'domain_name': 'Default', 'username': 'tempest-FloatingIPDetailsTestJSON-1527905066-project-member', 'project_domain_id': 'default', 'project_domain_name': 'Default', 'project_id': 'b1f3c6d6028c40d78c7d4bf9ae647608', 'project_name': 'tempest-FloatingIPDetailsTestJSON-1527905066', 'tenant_id': 'b1f3c6d6028c40d78c7d4bf9ae647608', 'tenant_name': 'tempest-FloatingIPDetailsTestJSON-1527905066', 'user_domain_id': 'default', 'user_domain_name': 'Default', 'user_id': '8d97498ade574242b872ff72705dcdbf', 'system': None}, Network: None, Subnet: None, Router: None
2024-10-26 05:54:40.530 63867 INFO tempest.lib.common.rest_client [req-7d763f26-84e7-4c85-ac81-7995a1551f68 req-7d763f26-84e7-4c85-ac81-7995a1551f68 ] Request (ServersTestManualDisk:setUpClass): 200 GET http://10.180.1.21/compute/v2.1/servers/c98de831-5d54-4a30-8414-9973b693c125 0.800s
2024-10-26 05:54:40.538 63858 INFO tempest.lib.common.rest_client [req-7c96e12d-fbff-4c0e-886d-0a6f313b1af2 req-7c96e12d-fbff-4c0e-886d-0a6f313b1af2 ] Request (MultipleCreateNegativeTestJSON:test_min_count_less_than_one): 400 POST http://10.180.1.21/compute/v2.1/servers 0.785s
2024-10-26 05:54:40.579 63870 INFO tempest.lib.common.rest_client [req-13828c4c-8336-42bc-b4fc-22c2e9c81d5c req-13828c4c-8336-42bc-b4fc-22c2e9c81d5c ] Request (ServerActionsTestOtherB:setUpClass): 201 POST http://10.180.1.21/identity/v3/auth/tokens 0.078s
2024-10-26 05:54:40.580 63870 INFO tempest.lib.common.fixed_network [-] (ServerActionsTestOtherB:setUpClass) Found network {'id': '529ed610-49c5-41d7-b73c-ea8973bcffee', 'name': 'tempest-ServerActionsTestOtherB-999424942-network', 'tenant_id': '48721d7ae07d4cb69b3497892e3306c0', 'admin_state_up': True, 'mtu': 8950, 'status': 'ACTIVE', 'subnets': [], 'shared': False, 'project_id': '48721d7ae07d4cb69b3497892e3306c0', 'port_security_enabled': True, 'router:external': False, 'provider:network_type': 'vlan', 'provider:physical_network': 'default', 'provider:segmentation_id': 309, 'is_default': False, 'availability_zone_hints': [], 'availability_zones': [], 'ipv4_address_scope': None, 'ipv6_address_scope': None, 'description': '', 'tags': [], 'created_at': '2024-10-26T05:54:31Z', 'updated_at': '2024-10-26T05:54:31Z', 'revision_number': 1} available for tenant
2024-10-26 05:54:40.605 63868 INFO tempest.lib.common.rest_client [req-3afdd74f-a903-4f33-8d35-eb171b3acee6 req-3afdd74f-a903-4f33-8d35-eb171b3acee6 ] Request (FloatingIPDetailsTestJSON:setUpClass): 201 POST http://10.180.1.21/identity/v3/auth/tokens 0.085s
2024-10-26 05:54:40.639 63858 INFO tempest.lib.common.rest_client [req-dc7d3667-8698-4de2-b380-dcac2410aa56 req-dc7d3667-8698-4de2-b380-dcac2410aa56 ] Request (MultipleCreateNegativeTestJSON:test_min_count_non_integer): 201 POST http://10.180.1.21/identity/v3/auth/tokens 0.093s
2024-10-26 05:54:40.639 63858 INFO tempest.lib.common.fixed_network [-] (MultipleCreateNegativeTestJSON:test_min_count_non_integer) Found network None available for tenant
2024-10-26 05:54:40.761 63834 INFO tempest.lib.common.rest_client [req-750a8ae1-8323-4f5f-a2fb-e93a40586228 req-750a8ae1-8323-4f5f-a2fb-e93a40586228 ] Request (SecurityGroupRulesNegativeTestJSON:tearDownClass): 202 DELETE http://10.180.1.21/compute/v2.1/os-security-groups/0146203d-93ff-4d26-b647-7828c728fb83 1.270s
2024-10-26 05:54:40.784 63888 INFO tempest.lib.common.rest_client [req-956f7d57-ef1f-42b4-b4a2-51679e684f64 req-956f7d57-ef1f-42b4-b4a2-51679e684f64 ] Request (VolumesAssistedSnapshotsTest:test_volume_assisted_snapshot_create_delete): 200 GET http://10.180.1.21/compute/v2.1/servers/4869e3e4-48bb-446f-a15e-3a53bae1bc9b 1.007s
2024-10-26 05:54:40.790 63848 INFO tempest.lib.common.rest_client [req-71b0cab6-6346-486c-86d5-b076d8b780c7 req-71b0cab6-6346-486c-86d5-b076d8b780c7 ] Request (ServicesAdminNegativeV253TestJSON:test_enable_service_with_invalid_service_id): 404 PUT http://10.180.1.21/compute/v2.1/os-services/2999dfce-ecc4-47c3-b4f6-a9ebac9f308b 1.000s
2024-10-26 05:54:40.793 63852 INFO tempest.lib.common.rest_client [req-42c6876b-7561-44a0-b0aa-2458accb09dc req-42c6876b-7561-44a0-b0aa-2458accb09dc ] Request (QuotasAdminTestV257:tearDownClass): 200 GET http://10.180.1.21:9696/networking/v2.0/security-groups?tenant_id=0dd37c2fe41747e2bbd67a6c916605c2&name=default 0.310s
2024-10-26 05:54:40.814 63850 INFO tempest.lib.common.rest_client [req-d93abedd-48dc-4dfa-86a1-12af0788f5e7 req-d93abedd-48dc-4dfa-86a1-12af0788f5e7 ] Request (ServersTestFqdnHostnames:test_create_server_with_fqdn_name): 201 POST http://10.180.1.21:9696/networking/v2.0/security-group-rules 0.530s
2024-10-26 05:54:40.822 63872 INFO tempest.lib.common.rest_client [req-e7736d3a-ecc8-4bb1-acea-0f1f6e30232c req-e7736d3a-ecc8-4bb1-acea-0f1f6e30232c ] Request (SecurityGroupsNegativeTestJSON:tearDownClass): 204 DELETE http://10.180.1.21:9696/networking/v2.0/subnets/b0c8dea8-02b0-4908-9a0d-39d739f42e07 0.540s
2024-10-26 05:54:40.880 63842 INFO tempest.lib.common.rest_client [req-8a0c49c1-6eb1-42bf-8ef4-55cf7c762eaf req-8a0c49c1-6eb1-42bf-8ef4-55cf7c762eaf ] Request (ServersWithSpecificFlavorTestJSON:test_verify_created_server_ephemeral_disk): 200 GET http://10.180.1.21/compute/v2.1/servers/c6d88cbe-488b-490b-a37c-51a311276dfe 0.954s
2024-10-26 05:54:40.895 63832 INFO tempest.lib.common.rest_client [req-df3f35fd-c116-4772-8b6d-720d03649e29 req-df3f35fd-c116-4772-8b6d-720d03649e29 ] Request (ServerDiagnosticsV248Test:test_get_server_diagnostics): 200 GET http://10.180.1.21/compute/v2.1/servers/65e7ceb8-2b6a-4d36-b698-6e15a4f17f2e 1.041s
2024-10-26 05:54:40.944 63836 INFO tempest.lib.common.rest_client [req-acb82f87-f636-4c15-b09e-9b7993d73bc6 req-acb82f87-f636-4c15-b09e-9b7993d73bc6 ] Request (VolumesTestJSON:test_volume_list_param_offset_and_limit): 200 GET http://10.180.1.21/compute/v2.1/os-volumes 0.983s
2024-10-26 05:54:41.017 63886 INFO tempest.lib.common.rest_client [req-bf47e3bc-17c7-4a0e-9555-bf79acdc4083 req-bf47e3bc-17c7-4a0e-9555-bf79acdc4083 ] Request (ServerDiagnosticsTest:test_get_server_diagnostics): 200 GET http://10.180.1.21/compute/v2.1/servers/6d586ded-7e1a-426f-9a26-eebcc3b3b9a1 1.023s
2024-10-26 05:54:41.047 63830 INFO tempest.lib.common.rest_client [req-3abef5b6-aedc-411b-9c30-273a8fa22b26 req-3abef5b6-aedc-411b-9c30-273a8fa22b26 ] Request (ListServerFiltersTestJSON:setUpClass): 200 GET http://10.180.1.21/compute/v2.1/servers/70709096-265f-4531-8946-51029ebbb998 1.001s
2024-10-26 05:54:41.087 63852 INFO tempest.lib.common.rest_client [req-d0e9c549-2d3c-41b8-b46b-32c90037f897 req-d0e9c549-2d3c-41b8-b46b-32c90037f897 ] Request (QuotasAdminTestV257:tearDownClass): 204 DELETE http://10.180.1.21:9696/networking/v2.0/security-groups/809b0152-7e8f-45c4-9f51-46e871fe4868 0.293s
2024-10-26 05:54:41.096 63872 INFO tempest.lib.common.rest_client [req-281058fc-de00-40dc-95db-2d7310f8ca78 req-281058fc-de00-40dc-95db-2d7310f8ca78 ] Request (SecurityGroupsNegativeTestJSON:tearDownClass): 204 DELETE http://10.180.1.21:9696/networking/v2.0/networks/8a0b49a4-3f8b-4c3a-81ab-b57ab3ed8169 0.273s
2024-10-26 05:54:41.200 63860 INFO tempest.lib.common.rest_client [req-50c26112-b668-4a8a-902c-491e53d7655d req-50c26112-b668-4a8a-902c-491e53d7655d ] Request (ListImageFiltersNegativeTestJSON:test_get_nonexistent_image): 404 GET http://10.180.1.21/compute/v2.1/images/42782b7b-aa2d-4591-837a-112109b67e21 1.127s
2024-10-26 05:54:41.219 63852 INFO tempest.lib.common.rest_client [req-8bcf0c38-3468-4552-8b91-66cf0db2d706 req-8bcf0c38-3468-4552-8b91-66cf0db2d706 ] Request (QuotasAdminTestV257:tearDownClass): 204 DELETE http://10.180.1.21/identity/v3/projects/0dd37c2fe41747e2bbd67a6c916605c2 0.132s
2024-10-26 05:54:41.353 63872 INFO tempest.lib.common.rest_client [req-dd444aa3-804a-4d6e-a181-11fa5e55fcee req-dd444aa3-804a-4d6e-a181-11fa5e55fcee ] Request (SecurityGroupsNegativeTestJSON:tearDownClass): 204 DELETE http://10.180.1.21/identity/v3/users/7525544844ba47a5ba52377583120675 0.255s
2024-10-26 05:54:41.353 63872 INFO tempest.lib.common.dynamic_creds [-] Deleting project and security group for project: d5a3d0aa2eca46f08e19782064ac804e
2024-10-26 05:54:41.388 63860 INFO tempest.lib.common.rest_client [req-1dc374d4-5deb-49a1-8bce-df252747453a req-1dc374d4-5deb-49a1-8bce-df252747453a ] Request (ListImageFiltersNegativeTestJSON:tearDownClass): 204 DELETE http://10.180.1.21/identity/v3/users/1fa4482308914a0e852f09f009e88ae9 0.187s
2024-10-26 05:54:41.389 63860 INFO tempest.lib.common.dynamic_creds [-] Deleting project and security group for project: e598f63151e34eb9aaec8995f65a4bfa
2024-10-26 05:54:41.397 63874 INFO tempest.lib.common.rest_client [req-623cf06f-1662-4d3c-8ce6-c370decc5ce2 req-623cf06f-1662-4d3c-8ce6-c370decc5ce2 ] Request (ServersTestBootFromVolume:setUpClass): 200 GET http://10.180.1.21/volume/v3/volumes/d9498ead-0475-49b3-87f2-16cdfb41c5af 0.032s
2024-10-26 05:54:41.418 63872 INFO tempest.lib.common.rest_client [req-c78bf673-775d-4b80-ae2d-1497df2bdbda req-c78bf673-775d-4b80-ae2d-1497df2bdbda ] Request (SecurityGroupsNegativeTestJSON:tearDownClass): 200 GET http://10.180.1.21:9696/networking/v2.0/security-groups?tenant_id=d5a3d0aa2eca46f08e19782064ac804e&name=default 0.065s
2024-10-26 05:54:41.433 63852 INFO tempest.lib.common.rest_client [req-2608fa37-a821-4118-b18a-66e98a5ef7ff req-2608fa37-a821-4118-b18a-66e98a5ef7ff ] Request (ServerAddressesTestJSON:setUpClass): 201 POST http://10.180.1.21/identity/v3/auth/tokens 0.210s
2024-10-26 05:54:41.446 63860 INFO tempest.lib.common.rest_client [req-3d21cff1-53bb-4656-bd42-b38f7db2db2e req-3d21cff1-53bb-4656-bd42-b38f7db2db2e ] Request (ListImageFiltersNegativeTestJSON:tearDownClass): 201 POST http://10.180.1.21/identity/v3/auth/tokens 0.057s
2024-10-26 05:54:41.473 63852 INFO tempest.lib.common.rest_client [req-930bd646-df11-4886-b32a-5e4823bba7d0 req-930bd646-df11-4886-b32a-5e4823bba7d0 ] Request (ServerAddressesTestJSON:setUpClass): 201 POST http://10.180.1.21/identity/v3/auth/tokens 0.037s
2024-10-26 05:54:41.500 63852 INFO tempest.lib.common.rest_client [req-0dda7990-3411-40e0-8cec-bdd5c01e37fe req-0dda7990-3411-40e0-8cec-bdd5c01e37fe ] Request (ServerAddressesTestJSON:setUpClass): 200 GET http://10.180.1.21/identity/v3/domains?name=Default 0.026s
2024-10-26 05:54:41.538 63852 INFO tempest.lib.common.rest_client [req-05bd1dd0-bc4f-48f8-811c-e8decf5a9546 req-05bd1dd0-bc4f-48f8-811c-e8decf5a9546 ] Request (ServerAddressesTestJSON:setUpClass): 201 POST http://10.180.1.21/identity/v3/projects 0.037s
2024-10-26 05:54:41.607 63852 INFO tempest.lib.common.rest_client [req-a7fce092-56fa-4cdc-b28e-fd8ecfa980ea req-a7fce092-56fa-4cdc-b28e-fd8ecfa980ea ] Request (ServerAddressesTestJSON:setUpClass): 201 POST http://10.180.1.21/identity/v3/users 0.069s
2024-10-26 05:54:41.612 63868 INFO tempest.lib.common.rest_client [req-c1bad489-6ff1-432e-84e3-1f330188bdc4 req-c1bad489-6ff1-432e-84e3-1f330188bdc4 ] Request (FloatingIPDetailsTestJSON:setUpClass): 201 POST http://10.180.1.21:9696/networking/v2.0/networks 1.007s
2024-10-26 05:54:41.626 63852 INFO tempest.lib.common.rest_client [req-9190f503-1865-4f27-b62d-473221923a85 req-9190f503-1865-4f27-b62d-473221923a85 ] Request (ServerAddressesTestJSON:setUpClass): 200 GET http://10.180.1.21/identity/v3/roles 0.018s
2024-10-26 05:54:41.657 63840 INFO tempest.lib.common.rest_client [req-15d9e266-e88e-4880-a7ca-992f67b40f91 req-15d9e266-e88e-4880-a7ca-992f67b40f91 ] Request (SecurityGroupRulesTestJSON:test_security_group_rules_create): 200 POST http://10.180.1.21/compute/v2.1/os-security-group-rules 1.571s
2024-10-26 05:54:41.664 63852 INFO tempest.lib.common.rest_client [req-e406ef8b-e3a8-49ca-9219-195f56e03222 req-e406ef8b-e3a8-49ca-9219-195f56e03222 ] Request (ServerAddressesTestJSON:setUpClass): 204 PUT http://10.180.1.21/identity/v3/projects/a61073725653448197793ad2ddaf86e2/users/7bc29b5ff2c64d32b13d79094cc44edd/roles/9d1647b32833457a9bdf96f43e09da20 0.038s
2024-10-26 05:54:41.664 63852 INFO tempest.lib.common.dynamic_creds [-] Dynamic test user 7bc29b5ff2c64d32b13d79094cc44edd is created with scope project and roles: ['member']
2024-10-26 05:54:41.664 63852 INFO tempest.lib.common.dynamic_creds [-] Acquired dynamic creds: credentials: Credentials: {'domain_id': 'default', 'domain_name': 'Default', 'username': 'tempest-ServerAddressesTestJSON-1531298909-project-member', 'project_domain_id': 'default', 'project_domain_name': 'Default', 'project_id': 'a61073725653448197793ad2ddaf86e2', 'project_name': 'tempest-ServerAddressesTestJSON-1531298909', 'tenant_id': 'a61073725653448197793ad2ddaf86e2', 'tenant_name': 'tempest-ServerAddressesTestJSON-1531298909', 'user_domain_id': 'default', 'user_domain_name': 'Default', 'user_id': '7bc29b5ff2c64d32b13d79094cc44edd', 'system': None}, Network: None, Subnet: None, Router: None
2024-10-26 05:54:41.675 63844 INFO tempest.lib.common.rest_client [req-33112ce4-b257-44e1-8dff-fea18b15254b req-33112ce4-b257-44e1-8dff-fea18b15254b ] Request (FlavorsAdminTestJSON:test_list_non_public_flavor): 200 GET http://10.180.1.21/compute/v2.1/flavors/detail 1.262s
2024-10-26 05:54:41.741 63852 INFO tempest.lib.common.rest_client [req-195b773b-19fa-44bf-918f-e5abe9cad473 req-195b773b-19fa-44bf-918f-e5abe9cad473 ] Request (ServerAddressesTestJSON:setUpClass): 201 POST http://10.180.1.21/identity/v3/auth/tokens 0.076s
2024-10-26 05:54:41.774 63872 INFO tempest.lib.common.rest_client [req-389556b8-8666-4ab5-9600-2ece982375c7 req-389556b8-8666-4ab5-9600-2ece982375c7 ] Request (SecurityGroupsNegativeTestJSON:tearDownClass): 204 DELETE http://10.180.1.21:9696/networking/v2.0/security-groups/f7d3e2c8-9c27-4062-8826-27d5f532d9d0 0.355s
2024-10-26 05:54:41.844 63882 INFO tempest.lib.common.rest_client [req-7e6a7937-1e77-43fe-b439-fb1c4f41f100 req-7e6a7937-1e77-43fe-b439-fb1c4f41f100 ] Request (AttachVolumeTestJSON:setUpClass): 201 POST http://10.180.1.21:9696/networking/v2.0/routers 2.781s
2024-10-26 05:54:41.857 63872 INFO tempest.lib.common.rest_client [req-6cd3da02-e64b-4866-9225-2fa4676f51e9 req-6cd3da02-e64b-4866-9225-2fa4676f51e9 ] Request (SecurityGroupsNegativeTestJSON:tearDownClass): 204 DELETE http://10.180.1.21/identity/v3/projects/d5a3d0aa2eca46f08e19782064ac804e 0.083s
2024-10-26 05:54:41.916 63860 INFO tempest.lib.common.rest_client [req-1f93c999-4abe-4647-9a3f-1328620dc9c1 req-1f93c999-4abe-4647-9a3f-1328620dc9c1 ] Request (ListImageFiltersNegativeTestJSON:tearDownClass): 200 GET http://10.180.1.21:9696/networking/v2.0/security-groups?tenant_id=e598f63151e34eb9aaec8995f65a4bfa&name=default 0.469s
2024-10-26 05:54:42.049 63850 INFO tempest.lib.common.rest_client [req-47ebd542-8893-4c7f-aa7a-e3f40f54e967 req-47ebd542-8893-4c7f-aa7a-e3f40f54e967 ] Request (ServersTestFqdnHostnames:test_create_server_with_fqdn_name): 201 POST http://10.180.1.21:9696/networking/v2.0/floatingips 1.233s
2024-10-26 05:54:42.102 63862 INFO tempest.lib.common.rest_client [req-5e661585-6798-48e2-9e35-50281a5cf78f req-5e661585-6798-48e2-9e35-50281a5cf78f ] Request (ServersTestJSON:setUpClass): 200 PUT http://10.180.1.21:9696/networking/v2.0/routers/d10b4d19-1167-4afa-9849-48839e2517dd/add_router_interface 3.642s
2024-10-26 05:54:42.102 63862 INFO tempest.lib.common.dynamic_creds [-] Created isolated network resources for: credentials: Credentials: {'domain_id': 'default', 'domain_name': 'Default', 'username': 'tempest-ServersTestJSON-1122993187-project-member', 'project_domain_id': 'default', 'project_domain_name': 'Default', 'project_id': '3101ac6769714328b1b7e2c5f371bccc', 'project_name': 'tempest-ServersTestJSON-1122993187', 'tenant_id': '3101ac6769714328b1b7e2c5f371bccc', 'tenant_name': 'tempest-ServersTestJSON-1122993187', 'user_domain_id': 'default', 'user_domain_name': 'Default', 'user_id': '3bb930b4d1534f3ea3abde038aa60100', 'system': None}, Network: {'id': 'aca8be2a-21d8-4636-8216-f46c0892ddc8', 'name': 'tempest-ServersTestJSON-848574930-network', 'tenant_id': '3101ac6769714328b1b7e2c5f371bccc', 'admin_state_up': True, 'mtu': 8950, 'status': 'ACTIVE', 'subnets': [], 'shared': False, 'project_id': '3101ac6769714328b1b7e2c5f371bccc', 'port_security_enabled': True, 'router:external': False, 'provider:network_type': 'vlan', 'provider:physical_network': 'default', 'provider:segmentation_id': 71, 'is_default': False, 'availability_zone_hints': [], 'availability_zones': [], 'ipv4_address_scope': None, 'ipv6_address_scope': None, 'description': '', 'tags': [], 'created_at': '2024-10-26T05:54:36Z', 'updated_at': '2024-10-26T05:54:36Z', 'revision_number': 1}, Subnet: {'id': '3db4c3a4-9701-4a71-a969-d6d0557424e1', 'name': 'tempest-ServersTestJSON-848574930-subnet', 'tenant_id': '3101ac6769714328b1b7e2c5f371bccc', 'network_id': 'aca8be2a-21d8-4636-8216-f46c0892ddc8', 'ip_version': 4, 'subnetpool_id': None, 'enable_dhcp': True, 'ipv6_ra_mode': None, 'ipv6_address_mode': None, 'gateway_ip': '192.168.128.1', 'cidr': '192.168.128.0/28', 'allocation_pools': [{'start': '192.168.128.2', 'end': '192.168.128.14'}], 'host_routes': [], 'dns_nameservers': [], 'description': '', 'router:external': False, 'service_types': [], 'tags': [], 'created_at': '2024-10-26T05:54:37Z', 'updated_at': '2024-10-26T05:54:37Z', 'revision_number': 0, 'project_id': '3101ac6769714328b1b7e2c5f371bccc'}, Router: {'id': 'd10b4d19-1167-4afa-9849-48839e2517dd', 'name': 'tempest-ServersTestJSON-848574930-router', 'tenant_id': '3101ac6769714328b1b7e2c5f371bccc', 'admin_state_up': True, 'status': 'ACTIVE', 'external_gateway_info': {'network_id': '999ad9bc-e09b-4538-99ad-78828ed5a517', 'external_fixed_ips': [{'subnet_id': '220b1458-a9a5-45a0-838b-11c6efe97486', 'ip_address': '10.180.180.197'}], 'enable_snat': True}, 'description': '', 'availability_zones': [], 'distributed': False, 'ha': False, 'availability_zone_hints': [], 'routes': [], 'flavor_id': None, 'tags': [], 'created_at': '2024-10-26T05:54:37Z', 'updated_at': '2024-10-26T05:54:37Z', 'revision_number': 2, 'project_id': '3101ac6769714328b1b7e2c5f371bccc'}
2024-10-26 05:54:42.122 63850 INFO tempest.lib.common.rest_client [req-c45f7b11-8657-47f0-8d03-002bff004b9b req-c45f7b11-8657-47f0-8d03-002bff004b9b ] Request (ServersTestFqdnHostnames:test_create_server_with_fqdn_name): 201 POST http://10.180.1.21/identity/v3/auth/tokens 0.067s
2024-10-26 05:54:42.123 63850 INFO tempest.lib.common.fixed_network [-] (ServersTestFqdnHostnames:test_create_server_with_fqdn_name) Found network {'id': 'bc5b0e37-642d-4fc5-bbff-118afd0d9ef5', 'name': 'tempest-ServersTestFqdnHostnames-1226355694-network', 'tenant_id': '105e0b4e28494bcb9b8048c6d74c7a60', 'admin_state_up': True, 'mtu': 8950, 'status': 'ACTIVE', 'subnets': [], 'shared': False, 'project_id': '105e0b4e28494bcb9b8048c6d74c7a60', 'port_security_enabled': True, 'router:external': False, 'provider:network_type': 'vlan', 'provider:physical_network': 'default', 'provider:segmentation_id': 594, 'is_default': False, 'availability_zone_hints': [], 'availability_zones': [], 'ipv4_address_scope': None, 'ipv6_address_scope': None, 'description': '', 'tags': [], 'created_at': '2024-10-26T05:54:31Z', 'updated_at': '2024-10-26T05:54:31Z', 'revision_number': 1} available for tenant
2024-10-26 05:54:42.263 63860 INFO tempest.lib.common.rest_client [req-fdcc684c-d539-4f99-b911-769cc5ddaac1 req-fdcc684c-d539-4f99-b911-769cc5ddaac1 ] Request (ListImageFiltersNegativeTestJSON:tearDownClass): 204 DELETE http://10.180.1.21:9696/networking/v2.0/security-groups/bb2bbd4c-4a26-43bc-bf39-d9908bbc4b40 0.347s
2024-10-26 05:54:42.292 63862 INFO tempest.lib.common.rest_client [req-942f770d-b731-41eb-86f1-f72388c999fa req-942f770d-b731-41eb-86f1-f72388c999fa ] Request (ServersTestJSON:setUpClass): 201 POST http://10.180.1.21/identity/v3/auth/tokens 0.172s
2024-10-26 05:54:42.308 63868 INFO tempest.lib.common.rest_client [req-b64ee43b-5f0d-4609-a889-04c7b49d5d32 req-b64ee43b-5f0d-4609-a889-04c7b49d5d32 ] Request (FloatingIPDetailsTestJSON:setUpClass): 201 POST http://10.180.1.21:9696/networking/v2.0/subnets 0.693s
2024-10-26 05:54:42.322 63878 INFO tempest.lib.common.rest_client [req-ef688244-4c1e-48ff-be6e-d6e18fb704c1 req-ef688244-4c1e-48ff-be6e-d6e18fb704c1 ] Request (ServerActionsTestOtherA:setUpClass): 202 POST http://10.180.1.21/compute/v2.1/servers 1.919s
2024-10-26 05:54:42.367 63860 INFO tempest.lib.common.rest_client [req-973121db-9de7-4450-a4cf-bfba8e92aee4 req-973121db-9de7-4450-a4cf-bfba8e92aee4 ] Request (ListImageFiltersNegativeTestJSON:tearDownClass): 204 DELETE http://10.180.1.21/identity/v3/projects/e598f63151e34eb9aaec8995f65a4bfa 0.104s
2024-10-26 05:54:42.390 63862 INFO tempest.lib.common.rest_client [req-1d89e449-ae7a-42ce-b89e-ac7a9a740090 req-1d89e449-ae7a-42ce-b89e-ac7a9a740090 ] Request (ServersTestJSON:setUpClass): 200 GET http://10.180.1.21/identity/v3/projects/3101ac6769714328b1b7e2c5f371bccc 0.097s
2024-10-26 05:54:42.390 63862 INFO tempest.lib.common.dynamic_creds [-] Using the existing project 3101ac6769714328b1b7e2c5f371bccc for scope project and roles: ['reader']
2024-10-26 05:54:42.404 63860 INFO tempest.lib.common.rest_client [req-b7c9cc0a-a75d-4868-9fd0-cdc80ba3b196 req-b7c9cc0a-a75d-4868-9fd0-cdc80ba3b196 ] Request (AZV2TestJSON:setUpClass): 201 POST http://10.180.1.21/identity/v3/auth/tokens 0.034s
2024-10-26 05:54:42.424 63864 INFO tempest.lib.common.rest_client [req-f4769256-3eab-47dc-aaa4-10a9adfe16fc req-f4769256-3eab-47dc-aaa4-10a9adfe16fc ] Request (ImagesTestJSON:test_create_image_from_stopped_server): 200 GET http://10.180.1.21/compute/v2.1/servers/fe213cbb-4bed-487c-9d89-2c6b101b8956 1.819s
2024-10-26 05:54:42.427 63862 INFO tempest.lib.common.rest_client [req-a6adefa8-9a4b-4bf3-a92e-84ad9a8b1597 req-a6adefa8-9a4b-4bf3-a92e-84ad9a8b1597 ] Request (ServersTestJSON:setUpClass): 201 POST http://10.180.1.21/identity/v3/users 0.037s
2024-10-26 05:54:42.431 63858 INFO tempest.lib.common.rest_client [req-d7290fba-b66a-4db4-aefc-c25e9b6ed850 req-d7290fba-b66a-4db4-aefc-c25e9b6ed850 ] Request (MultipleCreateNegativeTestJSON:test_min_count_non_integer): 400 POST http://10.180.1.21/compute/v2.1/servers 1.787s
2024-10-26 05:54:42.437 63864 INFO tempest.common.waiters [-] State transition "BUILD/spawning" ==> "ERROR/None" after 41 second wait
2024-10-26 05:54:42.449 63874 INFO tempest.lib.common.rest_client [req-ee8a8429-e1dc-4333-acc9-aa850cf34c3e req-ee8a8429-e1dc-4333-acc9-aa850cf34c3e ] Request (ServersTestBootFromVolume:setUpClass): 200 GET http://10.180.1.21/volume/v3/volumes/d9498ead-0475-49b3-87f2-16cdfb41c5af 0.041s
2024-10-26 05:54:42.459 63860 INFO tempest.lib.common.rest_client [req-6aff4cf5-99d3-4a4c-b3dd-00e8faab82c6 req-6aff4cf5-99d3-4a4c-b3dd-00e8faab82c6 ] Request (AZV2TestJSON:setUpClass): 201 POST http://10.180.1.21/identity/v3/auth/tokens 0.053s
2024-10-26 05:54:42.462 63862 INFO tempest.lib.common.rest_client [req-dcc0e234-5a1e-48d4-9778-eeae7d3f82e7 req-dcc0e234-5a1e-48d4-9778-eeae7d3f82e7 ] Request (ServersTestJSON:setUpClass): 200 GET http://10.180.1.21/identity/v3/roles 0.034s
