2025-01-02 16:12:49.526 67529 INFO tempest.lib.common.rest_client [req-9468b234-1961-4241-8d2f-16d220137b95 req-9468b234-1961-4241-8d2f-16d220137b95 ] Request (FloatingIPsAssociationTestJSON:tearDownClass): 200 GET http://10.180.1.21/compute/v2.1/servers/9abfee9e-396c-46ac-ad65-3d48e08ee213 0.080s
2025-01-02 16:12:49.575 67553 INFO tempest.lib.common.rest_client [req-16c49e49-e01a-4504-b691-1c670129df47 req-16c49e49-e01a-4504-b691-1c670129df47 ] Request (ImagesTestJSON:test_create_image_from_suspended_server): 200 GET http://10.180.1.21/compute/v2.1/servers/4efe8e51-4f71-4bf1-910f-7ff505fb1047 0.080s
2025-01-02 16:12:49.600 67537 INFO tempest.lib.common.rest_client [req-9fca09a7-4670-4161-a726-1e3825563b83 req-9fca09a7-4670-4161-a726-1e3825563b83 ] Request (ServerTagsTestJSON:tearDownClass): 204 DELETE http://10.180.1.21:9696/networking/v2.0/routers/f3e8431f-1437-4b80-9097-cf4f95bf636d 0.577s
2025-01-02 16:12:49.604 67561 INFO tempest.lib.common.rest_client [req-aecab253-6ea3-4740-9fe8-1129252a0acb req-aecab253-6ea3-4740-9fe8-1129252a0acb ] Request (ServerRescueTestJSON:setUpClass): 200 GET http://10.180.1.21/compute/v2.1/servers/dc955fbb-7f6c-40fa-9d8d-4c5f240f5ff7 0.063s
2025-01-02 16:12:49.635 67511 INFO tempest.lib.common.rest_client [req-4c4eedfc-4ba9-4848-8b7c-9365d4ac125d req-4c4eedfc-4ba9-4848-8b7c-9365d4ac125d ] Request (ServerMetadataTestJSON:setUpClass): 200 GET http://10.180.1.21/compute/v2.1/servers/ab043a5f-6552-4749-b348-c445500833e9 0.093s
2025-01-02 16:12:49.699 67523 INFO tempest.lib.common.rest_client [req-bed50574-4cd5-4dd6-9ae3-a218a70b6097 req-bed50574-4cd5-4dd6-9ae3-a218a70b6097 ] Request (SecurityGroupsTestJSON:test_list_security_groups_by_server): 200 GET http://10.180.1.21/compute/v2.1/servers/702ce12e-199d-4d42-b04b-8d51720ab130 0.072s
2025-01-02 16:12:49.770 67555 INFO tempest.lib.common.rest_client [req-077655c2-3957-4fdb-8603-e4158b81cb8e req-077655c2-3957-4fdb-8603-e4158b81cb8e ] Request (ServerActionsTestOtherB:setUpClass): 200 GET http://10.180.1.21/compute/v2.1/servers/1fb88ff1-16ee-4ff0-bba1-518e2caca53a 0.061s
2025-01-02 16:12:49.783 67541 WARNING tempest.lib.common.ssh [-] Failed to establish authenticated ssh connection to cirros@10.180.180.236 ([Errno None] Unable to connect to port 22 on 10.180.180.236). Number attempts: 1. Retry after 2 seconds.: paramiko.ssh_exception.NoValidConnectionsError: [Errno None] Unable to connect to port 22 on 10.180.180.236
2025-01-02 16:12:49.831 67537 INFO tempest.lib.common.rest_client [req-0f8d910a-a4d8-465b-85e4-ced25c8a77f6 req-0f8d910a-a4d8-465b-85e4-ced25c8a77f6 ] Request (ServerTagsTestJSON:tearDownClass): 204 DELETE http://10.180.1.21:9696/networking/v2.0/subnets/402262af-3a20-4005-9571-7ffd9c40ad50 0.230s
2025-01-02 16:12:49.835 67509 INFO tempest.lib.common.rest_client [req-59abb148-c33f-4c98-b336-774d0488a4ff req-59abb148-c33f-4c98-b336-774d0488a4ff ] Request (ServersAdmin275Test:test_rebuild_update_server_275): 200 GET http://10.180.1.21/compute/v2.1/servers/26e58564-2322-4da9-a5b5-ddb38804c12d 0.075s
2025-01-02 16:12:49.847 67533 INFO tempest.lib.common.rest_client [req-a9c3f67c-c31b-4720-aa7a-407e90d1a9a7 req-a9c3f67c-c31b-4720-aa7a-407e90d1a9a7 ] Request (MigrationsAdminTest:test_list_migrations_in_flavor_resize_situation): 200 GET http://10.180.1.21/compute/v2.1/servers/d24ed5c9-c491-4b61-831e-1a6aa1bf824a 0.146s
2025-01-02 16:12:49.955 67531 INFO tempest.lib.common.rest_client [req-9d54ffcc-a078-40a2-a122-9cdba485b494 req-9d54ffcc-a078-40a2-a122-9cdba485b494 ] Request (InstanceActionsTestJSON:setUpClass): 200 GET http://10.180.1.21/compute/v2.1/servers/d2a31f3f-ec90-45df-81ee-9587f848bd11 0.069s
2025-01-02 16:12:49.974 67559 WARNING tempest.lib.common.ssh [-] Failed to establish authenticated ssh connection to cirros@10.180.180.190 ([Errno None] Unable to connect to port 22 on 10.180.180.190). Number attempts: 9. Retry after 10 seconds.: paramiko.ssh_exception.NoValidConnectionsError: [Errno None] Unable to connect to port 22 on 10.180.180.190
2025-01-02 16:12:49.978 67539 WARNING tempest.lib.common.ssh [-] Failed to establish authenticated ssh connection to cirros@10.180.180.152 ([Errno None] Unable to connect to port 22 on 10.180.180.152). Number attempts: 1. Retry after 2 seconds.: paramiko.ssh_exception.NoValidConnectionsError: [Errno None] Unable to connect to port 22 on 10.180.180.152
2025-01-02 16:12:50.038 67517 INFO tempest.lib.common.rest_client [req-67dc9f23-e096-4c1b-8d43-43ffe5cffe0a req-67dc9f23-e096-4c1b-8d43-43ffe5cffe0a ] Request (ServersAdminTestJSON:test_create_server_with_scheduling_hint): 200 GET http://10.180.1.21/compute/v2.1/servers/23b8daf3-8909-4f22-907d-f1506bd26903 0.066s
2025-01-02 16:12:50.073 67565 INFO tempest.lib.common.rest_client [req-4af76cf2-17c8-455d-b26c-39e084d09240 req-4af76cf2-17c8-455d-b26c-39e084d09240 ] Request (FloatingIPsAssociationNegativeTestJSON:tearDownClass): 404 GET http://10.180.1.21/compute/v2.1/servers/ac7b09d4-f0d0-4e83-bac9-66018c5a7be5 0.054s
2025-01-02 16:12:50.143 67513 INFO tempest.lib.common.rest_client [req-0aedccfd-a612-47fc-bedf-a03c47bdac22 req-0aedccfd-a612-47fc-bedf-a03c47bdac22 ] Request (ServersTestBootFromVolume:setUpClass): 200 GET http://10.180.1.21/compute/v2.1/servers/eaa02240-7761-4c99-9d47-89b312fa298d 0.191s
2025-01-02 16:12:50.150 67567 INFO tempest.lib.common.rest_client [req-aed1bc39-3f0f-4cb1-9843-dece07ac585f req-aed1bc39-3f0f-4cb1-9843-dece07ac585f ] Request (ServerActionsTestJSON:setUpClass): 200 GET http://10.180.1.21/compute/v2.1/servers/5df59502-1988-42f4-b006-3caf0ee1db2b 0.109s
2025-01-02 16:12:50.170 67537 INFO tempest.lib.common.rest_client [req-854347f1-a303-4e6c-8586-5ac8300ca045 req-854347f1-a303-4e6c-8586-5ac8300ca045 ] Request (ServerTagsTestJSON:tearDownClass): 204 DELETE http://10.180.1.21:9696/networking/v2.0/networks/92396815-27f7-4b57-a45e-6705d6840e31 0.339s
2025-01-02 16:12:50.234 67557 INFO tempest.lib.common.rest_client [req-e3843b44-ca43-4785-8e24-f7e3141cb4d2 req-e3843b44-ca43-4785-8e24-f7e3141cb4d2 ] Request (ServerShowV247Test:test_update_rebuild_list_server): 200 GET http://10.180.1.21/compute/v2.1/servers/d84dc9ee-33f5-4c61-83fe-45d1b5843928 0.118s
2025-01-02 16:12:50.276 67551 INFO tempest.lib.common.rest_client [req-b6ce5a03-7249-4092-9b21-0ec7ac404f97 req-b6ce5a03-7249-4092-9b21-0ec7ac404f97 ] Request (DeleteServersAdminTestJSON:test_delete_server_while_in_error_state): 200 GET http://10.180.1.21/compute/v2.1/servers/901c53f8-b256-4858-ba26-99f3403c3686 0.078s
2025-01-02 16:12:50.280 67527 INFO tempest.lib.common.rest_client [req-235b1c37-b96a-496e-9172-4b3f6d760104 req-235b1c37-b96a-496e-9172-4b3f6d760104 ] Request (ImagesOneServerTestJSON:test_create_image_specify_multibyte_character_image_name): 200 GET http://10.180.1.21/compute/v2.1/images/0abd4bc2-cf76-4d06-ba05-db977f7443e4 0.039s
2025-01-02 16:12:50.301 67537 INFO tempest.lib.common.rest_client [req-103e8886-afda-45ef-9808-8fabe21e45ba req-103e8886-afda-45ef-9808-8fabe21e45ba ] Request (ServerTagsTestJSON:tearDownClass): 204 DELETE http://10.180.1.21/identity/v3/users/2f994860401c4d858ba75518e576b0f6 0.131s
2025-01-02 16:12:50.301 67537 INFO tempest.lib.common.dynamic_creds [-] Deleting project and security group for project: 4c9861e0544540c59b21b805bf11ef14
2025-01-02 16:12:50.329 67537 INFO tempest.lib.common.rest_client [req-32d21797-b009-4a72-99f5-9e638a271043 req-32d21797-b009-4a72-99f5-9e638a271043 ] Request (ServerTagsTestJSON:tearDownClass): 200 GET http://10.180.1.21:9696/networking/v2.0/security-groups?tenant_id=4c9861e0544540c59b21b805bf11ef14&name=default 0.026s
2025-01-02 16:12:50.352 67521 INFO tempest.lib.common.rest_client [req-3632b7ec-89d2-496e-98a7-651d338224da req-3632b7ec-89d2-496e-98a7-651d338224da ] Request (DeleteServersTestJSON:test_delete_active_server): 200 GET http://10.180.1.21/compute/v2.1/servers/df943ef4-9bec-47fd-930a-359c9bd711de 0.058s
2025-01-02 16:12:50.425 67563 INFO tempest.lib.common.rest_client [req-88340327-769e-457f-934d-f4bdd5525414 req-88340327-769e-457f-934d-f4bdd5525414 ] Request (ServerDiskConfigTestJSON:test_rebuild_server_with_auto_disk_config): 200 GET http://10.180.1.21/compute/v2.1/servers/a1d61d79-ed9c-40c3-a214-07e82102ba28 0.074s
2025-01-02 16:12:50.564 67537 INFO tempest.lib.common.rest_client [req-dba980ff-7713-4344-8640-0d00c97970ab req-dba980ff-7713-4344-8640-0d00c97970ab ] Request (ServerTagsTestJSON:tearDownClass): 204 DELETE http://10.180.1.21:9696/networking/v2.0/security-groups/79654ff4-6409-4794-915e-bc10d88f3dc3 0.234s
2025-01-02 16:12:50.593 67549 INFO tempest.lib.common.rest_client [req-9e4e3c7e-c269-4dac-8758-8fb4d4f54b5f req-9e4e3c7e-c269-4dac-8758-8fb4d4f54b5f ] Request (ListImageFiltersTestJSON:setUpClass): 200 GET http://10.180.1.21/compute/v2.1/servers/9ba644af-f7f8-4402-9794-48655b705e93 0.147s
2025-01-02 16:12:50.665 67529 INFO tempest.lib.common.rest_client [req-fdb3be55-f3ab-438b-bd52-a5b51d616754 req-fdb3be55-f3ab-438b-bd52-a5b51d616754 ] Request (FloatingIPsAssociationTestJSON:tearDownClass): 200 GET http://10.180.1.21/compute/v2.1/servers/9abfee9e-396c-46ac-ad65-3d48e08ee213 0.131s
2025-01-02 16:12:50.680 67537 INFO tempest.lib.common.rest_client [req-92588610-37ef-4543-8bc4-afc4b17186a3 req-92588610-37ef-4543-8bc4-afc4b17186a3 ] Request (ServerTagsTestJSON:tearDownClass): 204 DELETE http://10.180.1.21/identity/v3/projects/4c9861e0544540c59b21b805bf11ef14 0.116s
2025-01-02 16:12:50.681 67537 INFO tempest.test [-] raised in ComputeNetworksTest.setUpClass. Invoking tearDownClass.
2025-01-02 16:12:50.719 67553 INFO tempest.lib.common.rest_client [req-b7ac7e68-8ee4-4b60-a36c-cc86be28229d req-b7ac7e68-8ee4-4b60-a36c-cc86be28229d ] Request (ImagesTestJSON:test_create_image_from_suspended_server): 200 GET http://10.180.1.21/compute/v2.1/servers/4efe8e51-4f71-4bf1-910f-7ff505fb1047 0.133s
2025-01-02 16:12:50.755 67537 INFO tempest.lib.common.rest_client [req-a27cb5a3-47d7-4e01-859f-7aad8e009e89 req-a27cb5a3-47d7-4e01-859f-7aad8e009e89 ] Request (AttachVolumeTestJSON:setUpClass): 201 POST http://10.180.1.21/identity/v3/auth/tokens 0.073s
2025-01-02 16:12:50.770 67525 INFO tempest.lib.common.rest_client [req-380786c3-2a8b-4faf-bdce-71f43b8815f0 req-380786c3-2a8b-4faf-bdce-71f43b8815f0 ] Request (ImagesOneServerNegativeTestJSON:setUpClass): 200 GET http://10.180.1.21/compute/v2.1/servers/c7749e91-cafd-4f16-ac2b-a024cb57ce7d 0.284s
2025-01-02 16:12:50.778 67525 INFO tempest.common.waiters [-] State transition "BUILD/None" ==> "BUILD/block_device_mapping" after 49 second wait
2025-01-02 16:12:50.783 67561 INFO tempest.lib.common.rest_client [req-ff362575-b29e-40ad-a887-f77a3a936299 req-ff362575-b29e-40ad-a887-f77a3a936299 ] Request (ServerRescueTestJSON:setUpClass): 200 GET http://10.180.1.21/compute/v2.1/servers/dc955fbb-7f6c-40fa-9d8d-4c5f240f5ff7 0.168s
2025-01-02 16:12:50.799 67537 INFO tempest.lib.common.rest_client [req-89ba71e6-b136-4a8a-8fbe-516dbf3a720d req-89ba71e6-b136-4a8a-8fbe-516dbf3a720d ] Request (AttachVolumeTestJSON:setUpClass): 201 POST http://10.180.1.21/identity/v3/auth/tokens 0.041s
2025-01-02 16:12:50.834 67537 INFO tempest.lib.common.rest_client [req-c11c00af-579a-43a6-a905-d43da7ede1a4 req-c11c00af-579a-43a6-a905-d43da7ede1a4 ] Request (AttachVolumeTestJSON:setUpClass): 200 GET http://10.180.1.21/identity/v3/domains?name=Default 0.034s
2025-01-02 16:12:50.843 67511 INFO tempest.lib.common.rest_client [req-2679eb54-0148-4550-98fa-bee800649974 req-2679eb54-0148-4550-98fa-bee800649974 ] Request (ServerMetadataTestJSON:setUpClass): 200 GET http://10.180.1.21/compute/v2.1/servers/ab043a5f-6552-4749-b348-c445500833e9 0.199s
2025-01-02 16:12:50.853 67523 INFO tempest.lib.common.rest_client [req-4c329769-d302-4e27-8697-2f235a91943a req-4c329769-d302-4e27-8697-2f235a91943a ] Request (SecurityGroupsTestJSON:test_list_security_groups_by_server): 200 GET http://10.180.1.21/compute/v2.1/servers/702ce12e-199d-4d42-b04b-8d51720ab130 0.143s
2025-01-02 16:12:50.879 67537 INFO tempest.lib.common.rest_client [req-7d8d7ee1-7ea3-4314-995c-2e98d6895604 req-7d8d7ee1-7ea3-4314-995c-2e98d6895604 ] Request (AttachVolumeTestJSON:setUpClass): 201 POST http://10.180.1.21/identity/v3/projects 0.044s
2025-01-02 16:12:50.934 67509 INFO tempest.lib.common.rest_client [req-cda8e8f3-b9f1-47a0-ab8b-81a2018bfbbc req-cda8e8f3-b9f1-47a0-ab8b-81a2018bfbbc ] Request (ServersAdmin275Test:test_rebuild_update_server_275): 200 GET http://10.180.1.21/compute/v2.1/servers/26e58564-2322-4da9-a5b5-ddb38804c12d 0.081s
2025-01-02 16:12:50.937 67555 INFO tempest.lib.common.rest_client [req-c34a9619-a8ed-462d-9556-f6c04cc21fca req-c34a9619-a8ed-462d-9556-f6c04cc21fca ] Request (ServerActionsTestOtherB:setUpClass): 200 GET http://10.180.1.21/compute/v2.1/servers/1fb88ff1-16ee-4ff0-bba1-518e2caca53a 0.151s
2025-01-02 16:12:50.962 67537 INFO tempest.lib.common.rest_client [req-126f37e4-8f51-45f1-a5da-8c124d17886e req-126f37e4-8f51-45f1-a5da-8c124d17886e ] Request (AttachVolumeTestJSON:setUpClass): 201 POST http://10.180.1.21/identity/v3/users 0.082s
2025-01-02 16:12:51.005 67537 INFO tempest.lib.common.rest_client [req-555d598a-1dda-4625-8d05-704b5661bda8 req-555d598a-1dda-4625-8d05-704b5661bda8 ] Request (AttachVolumeTestJSON:setUpClass): 200 GET http://10.180.1.21/identity/v3/roles 0.043s
2025-01-02 16:12:51.067 67531 INFO tempest.lib.common.rest_client [req-38cf2a00-f22b-4030-a7d7-a802f9c0f821 req-38cf2a00-f22b-4030-a7d7-a802f9c0f821 ] Request (InstanceActionsTestJSON:setUpClass): 200 GET http://10.180.1.21/compute/v2.1/servers/d2a31f3f-ec90-45df-81ee-9587f848bd11 0.104s
2025-01-02 16:12:51.070 67537 INFO tempest.lib.common.rest_client [req-0507424f-25fe-46b1-b7bf-ddf21f164d23 req-0507424f-25fe-46b1-b7bf-ddf21f164d23 ] Request (AttachVolumeTestJSON:setUpClass): 204 PUT http://10.180.1.21/identity/v3/projects/62cc4825c73e4e898d5c8fe662853cf4/users/0bf2f38443d64479989e86bf3a8375f0/roles/36a2746edbf44d0aa06fa5a08396b8c2 0.064s
2025-01-02 16:12:51.070 67537 INFO tempest.lib.common.dynamic_creds [-] Dynamic test user 0bf2f38443d64479989e86bf3a8375f0 is created with scope project and roles: ['member']
2025-01-02 16:12:51.071 67537 INFO tempest.lib.common.dynamic_creds [-] Acquired dynamic creds: credentials: Credentials: {'domain_id': 'default', 'domain_name': 'Default', 'username': 'tempest-AttachVolumeTestJSON-391801661-project-member', 'project_domain_id': 'default', 'project_domain_name': 'Default', 'project_id': '62cc4825c73e4e898d5c8fe662853cf4', 'project_name': 'tempest-AttachVolumeTestJSON-391801661', 'tenant_id': '62cc4825c73e4e898d5c8fe662853cf4', 'tenant_name': 'tempest-AttachVolumeTestJSON-391801661', 'user_domain_id': 'default', 'user_domain_name': 'Default', 'user_id': '0bf2f38443d64479989e86bf3a8375f0', 'system': None}, Network: None, Subnet: None, Router: None
2025-01-02 16:12:51.113 67533 INFO tempest.lib.common.rest_client [req-3a176d77-bd95-4358-8ca2-1c2f73006f81 req-3a176d77-bd95-4358-8ca2-1c2f73006f81 ] Request (MigrationsAdminTest:test_list_migrations_in_flavor_resize_situation): 200 GET http://10.180.1.21/compute/v2.1/servers/d24ed5c9-c491-4b61-831e-1a6aa1bf824a 0.257s
2025-01-02 16:12:51.151 67537 INFO tempest.lib.common.rest_client [req-1cb6b6ac-0702-402c-a5cb-78a2793980f6 req-1cb6b6ac-0702-402c-a5cb-78a2793980f6 ] Request (AttachVolumeTestJSON:setUpClass): 201 POST http://10.180.1.21/identity/v3/auth/tokens 0.080s
2025-01-02 16:12:51.155 67517 INFO tempest.lib.common.rest_client [req-989be779-12ee-469e-a1f6-d9d1f0fe37e9 req-989be779-12ee-469e-a1f6-d9d1f0fe37e9 ] Request (ServersAdminTestJSON:test_create_server_with_scheduling_hint): 200 GET http://10.180.1.21/compute/v2.1/servers/23b8daf3-8909-4f22-907d-f1506bd26903 0.104s
2025-01-02 16:12:51.234 67567 INFO tempest.lib.common.rest_client [req-19c9d64e-9066-4124-a41d-1a3bf4b02e14 req-19c9d64e-9066-4124-a41d-1a3bf4b02e14 ] Request (ServerActionsTestJSON:setUpClass): 200 GET http://10.180.1.21/compute/v2.1/servers/5df59502-1988-42f4-b006-3caf0ee1db2b 0.071s
2025-01-02 16:12:51.314 67557 INFO tempest.lib.common.rest_client [req-70a7dd06-dbaf-4556-8341-003a61f78e5b req-70a7dd06-dbaf-4556-8341-003a61f78e5b ] Request (ServerShowV247Test:test_update_rebuild_list_server): 200 GET http://10.180.1.21/compute/v2.1/servers/d84dc9ee-33f5-4c61-83fe-45d1b5843928 0.069s
2025-01-02 16:12:51.346 67527 INFO tempest.lib.common.rest_client [req-631bfd98-2b89-4b95-9bbd-bd48434da6a8 req-631bfd98-2b89-4b95-9bbd-bd48434da6a8 ] Request (ImagesOneServerTestJSON:test_create_image_specify_multibyte_character_image_name): 200 GET http://10.180.1.21/compute/v2.1/images/0abd4bc2-cf76-4d06-ba05-db977f7443e4 0.062s
2025-01-02 16:12:51.416 67551 INFO tempest.lib.common.rest_client [req-9205ac50-1e27-4b48-8ad4-d8a08e58104d req-9205ac50-1e27-4b48-8ad4-d8a08e58104d ] Request (DeleteServersAdminTestJSON:test_delete_server_while_in_error_state): 200 GET http://10.180.1.21/compute/v2.1/servers/901c53f8-b256-4858-ba26-99f3403c3686 0.131s
2025-01-02 16:12:51.425 67513 INFO tempest.lib.common.rest_client [req-6eb3d716-42dc-4f4f-9c87-33c4daeae2f1 req-6eb3d716-42dc-4f4f-9c87-33c4daeae2f1 ] Request (ServersTestBootFromVolume:setUpClass): 200 GET http://10.180.1.21/compute/v2.1/servers/eaa02240-7761-4c99-9d47-89b312fa298d 0.274s
2025-01-02 16:12:51.430 67565 INFO tempest.lib.common.rest_client [req-55c52d50-22cb-4e18-91ed-4ca240841911 req-55c52d50-22cb-4e18-91ed-4ca240841911 ] Request (FloatingIPsAssociationNegativeTestJSON:tearDownClass): 200 PUT http://10.180.1.21:9696/networking/v2.0/routers/ed4eeeda-321a-46a5-b0a2-4120c6465317/remove_router_interface 1.356s
2025-01-02 16:12:51.431 67513 INFO tempest.common.waiters [-] State transition "BUILD/block_device_mapping" ==> "BUILD/spawning" after 51 second wait
2025-01-02 16:12:51.483 67521 INFO tempest.lib.common.rest_client [req-0c9bff3b-a29f-4397-b59c-38973e705ac1 req-0c9bff3b-a29f-4397-b59c-38973e705ac1 ] Request (DeleteServersTestJSON:test_delete_active_server): 200 GET http://10.180.1.21/compute/v2.1/servers/df943ef4-9bec-47fd-930a-359c9bd711de 0.124s
2025-01-02 16:12:51.493 67521 INFO tempest.common.waiters [-] State transition "ACTIVE/deleting" ==> "DELETED/None" after 5 second wait
2025-01-02 16:12:51.508 67563 INFO tempest.lib.common.rest_client [req-3ac95bde-c280-4335-8d9b-d012c6bef889 req-3ac95bde-c280-4335-8d9b-d012c6bef889 ] Request (ServerDiskConfigTestJSON:test_rebuild_server_with_auto_disk_config): 200 GET http://10.180.1.21/compute/v2.1/servers/a1d61d79-ed9c-40c3-a214-07e82102ba28 0.076s
2025-01-02 16:12:51.604 67537 INFO tempest.lib.common.rest_client [req-1a46f11a-90cc-4c2e-a2dd-fa3e5202db8c req-1a46f11a-90cc-4c2e-a2dd-fa3e5202db8c ] Request (AttachVolumeTestJSON:setUpClass): 201 POST http://10.180.1.21:9696/networking/v2.0/networks 0.453s
2025-01-02 16:12:51.749 67529 INFO tempest.lib.common.rest_client [req-918d824f-982c-4fcf-a500-4178e0fbf6c0 req-918d824f-982c-4fcf-a500-4178e0fbf6c0 ] Request (FloatingIPsAssociationTestJSON:tearDownClass): 200 GET http://10.180.1.21/compute/v2.1/servers/9abfee9e-396c-46ac-ad65-3d48e08ee213 0.075s
2025-01-02 16:12:51.784 67549 INFO tempest.lib.common.rest_client [req-3d4c512c-2c86-4dbc-8aad-7967b4e59539 req-3d4c512c-2c86-4dbc-8aad-7967b4e59539 ] Request (ListImageFiltersTestJSON:setUpClass): 200 GET http://10.180.1.21/compute/v2.1/servers/9ba644af-f7f8-4402-9794-48655b705e93 0.183s
2025-01-02 16:12:51.791 67549 INFO tempest.common.waiters [-] State transition "ACTIVE/image_uploading" ==> "ACTIVE/None" after 3 second wait
2025-01-02 16:12:51.805 67553 INFO tempest.lib.common.rest_client [req-1af10939-ddd8-458d-99c4-e3c3279cd46c req-1af10939-ddd8-458d-99c4-e3c3279cd46c ] Request (ImagesTestJSON:test_create_image_from_suspended_server): 200 GET http://10.180.1.21/compute/v2.1/servers/4efe8e51-4f71-4bf1-910f-7ff505fb1047 0.076s
2025-01-02 16:12:51.855 67537 INFO tempest.lib.common.rest_client [req-a5611389-30c7-488e-a7b6-a8c7a8220f08 req-a5611389-30c7-488e-a7b6-a8c7a8220f08 ] Request (AttachVolumeTestJSON:setUpClass): 201 POST http://10.180.1.21:9696/networking/v2.0/subnets 0.251s
2025-01-02 16:12:51.888 67565 INFO tempest.lib.common.rest_client [req-40bbcecb-d0d1-4a42-828b-0a1bcc2b5326 req-40bbcecb-d0d1-4a42-828b-0a1bcc2b5326 ] Request (FloatingIPsAssociationNegativeTestJSON:tearDownClass): 204 DELETE http://10.180.1.21:9696/networking/v2.0/routers/ed4eeeda-321a-46a5-b0a2-4120c6465317 0.457s
2025-01-02 16:12:51.926 67525 INFO tempest.lib.common.rest_client [req-f80714d7-3256-4ae4-a9b8-d5c042427bb8 req-f80714d7-3256-4ae4-a9b8-d5c042427bb8 ] Request (ImagesOneServerNegativeTestJSON:setUpClass): 200 GET http://10.180.1.21/compute/v2.1/servers/c7749e91-cafd-4f16-ac2b-a024cb57ce7d 0.146s
2025-01-02 16:12:51.933 67525 INFO tempest.common.waiters [-] State transition "BUILD/block_device_mapping" ==> "BUILD/spawning" after 50 second wait
2025-01-02 16:12:52.002 67561 INFO tempest.lib.common.rest_client [req-776fac3a-0e5b-47fb-b7af-b425905cc635 req-776fac3a-0e5b-47fb-b7af-b425905cc635 ] Request (ServerRescueTestJSON:setUpClass): 200 GET http://10.180.1.21/compute/v2.1/servers/dc955fbb-7f6c-40fa-9d8d-4c5f240f5ff7 0.208s
2025-01-02 16:12:52.026 67565 INFO tempest.lib.common.rest_client [req-443d0457-c8d1-4714-a190-383b398c9dcd req-443d0457-c8d1-4714-a190-383b398c9dcd ] Request (FloatingIPsAssociationNegativeTestJSON:tearDownClass): 204 DELETE http://10.180.1.21:9696/networking/v2.0/subnets/fefc2d6c-a37c-4604-b368-5a3376eefe89 0.137s
2025-01-02 16:12:52.075 67511 INFO tempest.lib.common.rest_client [req-ca5ba942-e45b-4103-8b9c-d880bae715b1 req-ca5ba942-e45b-4103-8b9c-d880bae715b1 ] Request (ServerMetadataTestJSON:setUpClass): 200 GET http://10.180.1.21/compute/v2.1/servers/ab043a5f-6552-4749-b348-c445500833e9 0.223s
2025-01-02 16:12:52.142 67523 INFO tempest.lib.common.rest_client [req-844d0a49-ca96-441c-8b71-c6c2cf918a55 req-844d0a49-ca96-441c-8b71-c6c2cf918a55 ] Request (SecurityGroupsTestJSON:test_list_security_groups_by_server): 200 GET http://10.180.1.21/compute/v2.1/servers/702ce12e-199d-4d42-b04b-8d51720ab130 0.279s
2025-01-02 16:12:52.214 67509 INFO tempest.lib.common.rest_client [req-c3e6fcfb-b3a5-44df-acc2-6881995c05c1 req-c3e6fcfb-b3a5-44df-acc2-6881995c05c1 ] Request (ServersAdmin275Test:test_rebuild_update_server_275): 200 GET http://10.180.1.21/compute/v2.1/servers/26e58564-2322-4da9-a5b5-ddb38804c12d 0.263s
2025-01-02 16:12:52.284 67555 INFO tempest.lib.common.rest_client [req-08a32065-a5ee-4078-9f23-018c24d04779 req-08a32065-a5ee-4078-9f23-018c24d04779 ] Request (ServerActionsTestOtherB:setUpClass): 200 GET http://10.180.1.21/compute/v2.1/servers/1fb88ff1-16ee-4ff0-bba1-518e2caca53a 0.327s
2025-01-02 16:12:52.342 67543 WARNING tempest.lib.common.ssh [-] Failed to establish authenticated ssh connection to cirros@10.180.180.143 ([Errno None] Unable to connect to port 22 on 10.180.180.143). Number attempts: 4. Retry after 5 seconds.: paramiko.ssh_exception.NoValidConnectionsError: [Errno None] Unable to connect to port 22 on 10.180.180.143
2025-01-02 16:12:52.347 67549 INFO tempest.lib.common.rest_client [req-3594b1f4-d069-4707-8621-7aaf50f80f33 req-3594b1f4-d069-4707-8621-7aaf50f80f33 ] Request (ListImageFiltersTestJSON:setUpClass): 202 POST http://10.180.1.21/compute/v2.1/servers/2d4bd888-b055-4254-8841-f6d8d8c94900/action 0.554s
2025-01-02 16:12:52.353 67531 INFO tempest.lib.common.rest_client [req-49118f2f-2c7d-4077-9763-080be075c3cc req-49118f2f-2c7d-4077-9763-080be075c3cc ] Request (InstanceActionsTestJSON:setUpClass): 200 GET http://10.180.1.21/compute/v2.1/servers/d2a31f3f-ec90-45df-81ee-9587f848bd11 0.270s
2025-01-02 16:12:52.422 67517 INFO tempest.lib.common.rest_client [req-daf433c7-f2e2-4f9d-91a0-0a671a27bcd5 req-daf433c7-f2e2-4f9d-91a0-0a671a27bcd5 ] Request (ServersAdminTestJSON:test_create_server_with_scheduling_hint): 200 GET http://10.180.1.21/compute/v2.1/servers/23b8daf3-8909-4f22-907d-f1506bd26903 0.259s
2025-01-02 16:12:52.430 67517 INFO tempest.common.waiters [-] State transition "BUILD/None" ==> "BUILD/networking" after 49 second wait
2025-01-02 16:12:52.484 67533 INFO tempest.lib.common.rest_client [req-10620799-33c1-4e8f-adde-49deae4d6ed0 req-10620799-33c1-4e8f-adde-49deae4d6ed0 ] Request (MigrationsAdminTest:test_list_migrations_in_flavor_resize_situation): 200 GET http://10.180.1.21/compute/v2.1/servers/d24ed5c9-c491-4b61-831e-1a6aa1bf824a 0.364s
2025-01-02 16:12:52.487 67567 INFO tempest.lib.common.rest_client [req-ed628cf8-2e25-43ff-8e66-1ec28828de6c req-ed628cf8-2e25-43ff-8e66-1ec28828de6c ] Request (ServerActionsTestJSON:setUpClass): 200 GET http://10.180.1.21/compute/v2.1/servers/5df59502-1988-42f4-b006-3caf0ee1db2b 0.244s
2025-01-02 16:12:52.523 67549 INFO tempest.lib.common.rest_client [req-2d68cc0f-664a-4325-8baa-b332af7d65b3 req-2d68cc0f-664a-4325-8baa-b332af7d65b3 ] Request (ListImageFiltersTestJSON:setUpClass): 200 GET http://10.180.1.21/compute/v2.1/images/9cdd33a7-0dff-44a9-b4eb-06a1b660015b 0.175s
2025-01-02 16:12:52.556 67527 INFO tempest.lib.common.rest_client [req-720360cd-f8b4-447b-a39a-c6f0cf379b6d req-720360cd-f8b4-447b-a39a-c6f0cf379b6d ] Request (ImagesOneServerTestJSON:test_create_image_specify_multibyte_character_image_name): 200 GET http://10.180.1.21/compute/v2.1/images/0abd4bc2-cf76-4d06-ba05-db977f7443e4 0.206s
2025-01-02 16:12:52.566 67557 INFO tempest.lib.common.rest_client [req-cf09ba59-3e5e-40bd-b65e-b71928dadcb5 req-cf09ba59-3e5e-40bd-b65e-b71928dadcb5 ] Request (ServerShowV247Test:test_update_rebuild_list_server): 200 GET http://10.180.1.21/compute/v2.1/servers/d84dc9ee-33f5-4c61-83fe-45d1b5843928 0.242s
2025-01-02 16:12:52.600 67565 INFO tempest.lib.common.rest_client [req-8742a1ce-c609-45ce-abd6-07da380e4637 req-8742a1ce-c609-45ce-abd6-07da380e4637 ] Request (FloatingIPsAssociationNegativeTestJSON:tearDownClass): 204 DELETE http://10.180.1.21:9696/networking/v2.0/networks/02e0279e-a3eb-4969-b355-fe6f188018c0 0.574s
2025-01-02 16:12:52.614 67551 INFO tempest.lib.common.rest_client [req-86ac9ed5-e6e6-4114-82b8-873d9fae2ddf req-86ac9ed5-e6e6-4114-82b8-873d9fae2ddf ] Request (DeleteServersAdminTestJSON:test_delete_server_while_in_error_state): 200 GET http://10.180.1.21/compute/v2.1/servers/901c53f8-b256-4858-ba26-99f3403c3686 0.184s
2025-01-02 16:12:52.640 67547 WARNING tempest.lib.common.ssh [-] Failed to establish authenticated ssh connection to cirros@10.180.180.246 ([Errno None] Unable to connect to port 22 on 10.180.180.246). Number attempts: 9. Retry after 10 seconds.: paramiko.ssh_exception.NoValidConnectionsError: [Errno None] Unable to connect to port 22 on 10.180.180.246
2025-01-02 16:12:52.679 67521 INFO tempest.lib.common.rest_client [req-af819739-cc33-4897-8452-08bb61d60197 req-af819739-cc33-4897-8452-08bb61d60197 ] Request (DeleteServersTestJSON:test_delete_active_server): 200 GET http://10.180.1.21/compute/v2.1/servers/df943ef4-9bec-47fd-930a-359c9bd711de 0.185s
2025-01-02 16:12:52.693 67565 INFO tempest.lib.common.rest_client [req-61aab569-2ff2-4ae5-a119-89924189a7ac req-61aab569-2ff2-4ae5-a119-89924189a7ac ] Request (FloatingIPsAssociationNegativeTestJSON:tearDownClass): 204 DELETE http://10.180.1.21/identity/v3/users/b7fe3dd264a34c01badf7ce801419fdd 0.092s
2025-01-02 16:12:52.693 67565 INFO tempest.lib.common.dynamic_creds [-] Deleting project and security group for project: 09a442ace35d4c718977dec5864c9409
2025-01-02 16:12:52.703 67513 INFO tempest.lib.common.rest_client [req-fe74a0fc-564c-4ac3-b5c4-154be6176b40 req-fe74a0fc-564c-4ac3-b5c4-154be6176b40 ] Request (ServersTestBootFromVolume:setUpClass): 200 GET http://10.180.1.21/compute/v2.1/servers/eaa02240-7761-4c99-9d47-89b312fa298d 0.271s
2025-01-02 16:12:52.750 67563 INFO tempest.lib.common.rest_client [req-834ccc65-be8c-4c0e-a005-ce5dab593648 req-834ccc65-be8c-4c0e-a005-ce5dab593648 ] Request (ServerDiskConfigTestJSON:test_rebuild_server_with_auto_disk_config): 200 GET http://10.180.1.21/compute/v2.1/servers/a1d61d79-ed9c-40c3-a214-07e82102ba28 0.234s
2025-01-02 16:12:52.768 67565 INFO tempest.lib.common.rest_client [req-36ea82fe-c825-4f5d-8ece-62455921bc5b req-36ea82fe-c825-4f5d-8ece-62455921bc5b ] Request (FloatingIPsAssociationNegativeTestJSON:tearDownClass): 200 GET http://10.180.1.21:9696/networking/v2.0/security-groups?tenant_id=09a442ace35d4c718977dec5864c9409&name=default 0.074s
2025-01-02 16:12:52.827 67529 INFO tempest.lib.common.rest_client [req-a647adc2-62f6-44c3-a250-c3f08126c993 req-a647adc2-62f6-44c3-a250-c3f08126c993 ] Request (FloatingIPsAssociationTestJSON:tearDownClass): 200 GET http://10.180.1.21/compute/v2.1/servers/9abfee9e-396c-46ac-ad65-3d48e08ee213 0.071s
2025-01-02 16:12:52.854 67541 WARNING tempest.lib.common.ssh [-] Failed to establish authenticated ssh connection to cirros@10.180.180.236 ([Errno None] Unable to connect to port 22 on 10.180.180.236). Number attempts: 2. Retry after 3 seconds.: paramiko.ssh_exception.NoValidConnectionsError: [Errno None] Unable to connect to port 22 on 10.180.180.236
2025-01-02 16:12:52.878 67553 INFO tempest.lib.common.rest_client [req-46daa726-05b4-46dd-9a77-e89ec22ee191 req-46daa726-05b4-46dd-9a77-e89ec22ee191 ] Request (ImagesTestJSON:test_create_image_from_suspended_server): 200 GET http://10.180.1.21/compute/v2.1/servers/4efe8e51-4f71-4bf1-910f-7ff505fb1047 0.064s
2025-01-02 16:12:53.046 67539 WARNING tempest.lib.common.ssh [-] Failed to establish authenticated ssh connection to cirros@10.180.180.152 ([Errno None] Unable to connect to port 22 on 10.180.180.152). Number attempts: 2. Retry after 3 seconds.: paramiko.ssh_exception.NoValidConnectionsError: [Errno None] Unable to connect to port 22 on 10.180.180.152
2025-01-02 16:12:53.086 67561 INFO tempest.lib.common.rest_client [req-83f2805e-3330-47d0-9e5e-2f4770e02716 req-83f2805e-3330-47d0-9e5e-2f4770e02716 ] Request (ServerRescueTestJSON:setUpClass): 200 GET http://10.180.1.21/compute/v2.1/servers/dc955fbb-7f6c-40fa-9d8d-4c5f240f5ff7 0.073s
2025-01-02 16:12:53.148 67511 INFO tempest.lib.common.rest_client [req-c46f07af-e18e-42f3-a96e-3e33b4d1917f req-c46f07af-e18e-42f3-a96e-3e33b4d1917f ] Request (ServerMetadataTestJSON:setUpClass): 200 GET http://10.180.1.21/compute/v2.1/servers/ab043a5f-6552-4749-b348-c445500833e9 0.063s
2025-01-02 16:12:53.217 67523 INFO tempest.lib.common.rest_client [req-316777f0-28eb-4b8c-b9b0-1e926f0fe1d7 req-316777f0-28eb-4b8c-b9b0-1e926f0fe1d7 ] Request (SecurityGroupsTestJSON:test_list_security_groups_by_server): 200 GET http://10.180.1.21/compute/v2.1/servers/702ce12e-199d-4d42-b04b-8d51720ab130 0.066s
2025-01-02 16:12:53.228 67565 INFO tempest.lib.common.rest_client [req-dba236cb-9193-4a86-8c1e-5ab0f76d473e req-dba236cb-9193-4a86-8c1e-5ab0f76d473e ] Request (FloatingIPsAssociationNegativeTestJSON:tearDownClass): 204 DELETE http://10.180.1.21:9696/networking/v2.0/security-groups/fd7c1ec5-d095-4af6-9f7a-2c7217f89879 0.459s
2025-01-02 16:12:53.247 67525 INFO tempest.lib.common.rest_client [req-a44e431f-d070-4176-af88-4ac4ed106504 req-a44e431f-d070-4176-af88-4ac4ed106504 ] Request (ImagesOneServerNegativeTestJSON:setUpClass): 200 GET http://10.180.1.21/compute/v2.1/servers/c7749e91-cafd-4f16-ac2b-a024cb57ce7d 0.310s
2025-01-02 16:12:53.313 67509 INFO tempest.lib.common.rest_client [req-963b3042-8a05-433e-a938-3062572016d5 req-963b3042-8a05-433e-a938-3062572016d5 ] Request (ServersAdmin275Test:test_rebuild_update_server_275): 200 GET http://10.180.1.21/compute/v2.1/servers/26e58564-2322-4da9-a5b5-ddb38804c12d 0.090s
2025-01-02 16:12:53.365 67565 INFO tempest.lib.common.rest_client [req-2e1ab78b-20e1-4032-ae62-d714f4ee4621 req-2e1ab78b-20e1-4032-ae62-d714f4ee4621 ] Request (FloatingIPsAssociationNegativeTestJSON:tearDownClass): 204 DELETE http://10.180.1.21/identity/v3/projects/09a442ace35d4c718977dec5864c9409 0.137s
2025-01-02 16:12:53.371 67537 INFO tempest.lib.common.rest_client [req-47d26039-b580-4641-8dac-be6bf647a2a0 req-47d26039-b580-4641-8dac-be6bf647a2a0 ] Request (AttachVolumeTestJSON:setUpClass): 201 POST http://10.180.1.21:9696/networking/v2.0/routers 1.515s
2025-01-02 16:12:53.379 67555 INFO tempest.lib.common.rest_client [req-1ce7ec49-3279-4a16-80d8-4f67d953c9fc req-1ce7ec49-3279-4a16-80d8-4f67d953c9fc ] Request (ServerActionsTestOtherB:setUpClass): 200 GET http://10.180.1.21/compute/v2.1/servers/1fb88ff1-16ee-4ff0-bba1-518e2caca53a 0.087s
2025-01-02 16:12:53.436 67531 INFO tempest.lib.common.rest_client [req-c147194c-a81f-43bc-aa8a-465e4017641a req-c147194c-a81f-43bc-aa8a-465e4017641a ] Request (InstanceActionsTestJSON:setUpClass): 200 GET http://10.180.1.21/compute/v2.1/servers/d2a31f3f-ec90-45df-81ee-9587f848bd11 0.075s
2025-01-02 16:12:53.449 67565 INFO tempest.lib.common.rest_client [req-720fdf0b-9591-4208-b51d-3afe08315cfb req-720fdf0b-9591-4208-b51d-3afe08315cfb ] Request (SecurityGroupRulesNegativeTestJSON:setUpClass): 201 POST http://10.180.1.21/identity/v3/auth/tokens 0.082s
2025-01-02 16:12:53.494 67565 INFO tempest.lib.common.rest_client [req-c3b28fd3-1262-4d03-80ac-6b27efe3a497 req-c3b28fd3-1262-4d03-80ac-6b27efe3a497 ] Request (SecurityGroupRulesNegativeTestJSON:setUpClass): 201 POST http://10.180.1.21/identity/v3/auth/tokens 0.041s
2025-01-02 16:12:53.523 67565 INFO tempest.lib.common.rest_client [req-93f5eb39-9270-4024-a7f4-32ebd76794fb req-93f5eb39-9270-4024-a7f4-32ebd76794fb ] Request (SecurityGroupRulesNegativeTestJSON:setUpClass): 200 GET http://10.180.1.21/identity/v3/domains?name=Default 0.028s
2025-01-02 16:12:53.562 67565 INFO tempest.lib.common.rest_client [req-6152a776-e749-43b8-8226-256bcdaaf95c req-6152a776-e749-43b8-8226-256bcdaaf95c ] Request (SecurityGroupRulesNegativeTestJSON:setUpClass): 201 POST http://10.180.1.21/identity/v3/projects 0.038s
2025-01-02 16:12:53.578 67517 INFO tempest.lib.common.rest_client [req-0d648c4e-4a50-423a-9871-6a83397b8e9f req-0d648c4e-4a50-423a-9871-6a83397b8e9f ] Request (ServersAdminTestJSON:test_create_server_with_scheduling_hint): 200 GET http://10.180.1.21/compute/v2.1/servers/23b8daf3-8909-4f22-907d-f1506bd26903 0.147s
2025-01-02 16:12:53.588 67517 INFO tempest.common.waiters [-] State transition "BUILD/networking" ==> "BUILD/block_device_mapping" after 50 second wait
2025-01-02 16:12:53.623 67565 INFO tempest.lib.common.rest_client [req-af10b933-b7a4-4502-be22-873daa4eaf2e req-af10b933-b7a4-4502-be22-873daa4eaf2e ] Request (SecurityGroupRulesNegativeTestJSON:setUpClass): 201 POST http://10.180.1.21/identity/v3/users 0.060s
2025-01-02 16:12:53.634 67567 INFO tempest.lib.common.rest_client [req-1cf0422e-e28d-4295-9c36-dfd4b6612e9f req-1cf0422e-e28d-4295-9c36-dfd4b6612e9f ] Request (ServerActionsTestJSON:setUpClass): 200 GET http://10.180.1.21/compute/v2.1/servers/5df59502-1988-42f4-b006-3caf0ee1db2b 0.139s
2025-01-02 16:12:53.648 67533 INFO tempest.lib.common.rest_client [req-e5941eca-61ab-4a46-aec5-122b281997cc req-e5941eca-61ab-4a46-aec5-122b281997cc ] Request (MigrationsAdminTest:test_list_migrations_in_flavor_resize_situation): 200 GET http://10.180.1.21/compute/v2.1/servers/d24ed5c9-c491-4b61-831e-1a6aa1bf824a 0.156s
2025-01-02 16:12:53.651 67565 INFO tempest.lib.common.rest_client [req-9b2d00ab-1fb1-43e8-a0a5-b4391f291352 req-9b2d00ab-1fb1-43e8-a0a5-b4391f291352 ] Request (SecurityGroupRulesNegativeTestJSON:setUpClass): 200 GET http://10.180.1.21/identity/v3/roles 0.028s
2025-01-02 16:12:53.687 67565 INFO tempest.lib.common.rest_client [req-9f3549e2-71c2-4fa2-b3c0-1a0728a858a0 req-9f3549e2-71c2-4fa2-b3c0-1a0728a858a0 ] Request (SecurityGroupRulesNegativeTestJSON:setUpClass): 204 PUT http://10.180.1.21/identity/v3/projects/d13f83e676324f6a853a84279474cf8a/users/89d8237921274235b386de1d3b9ce08b/roles/36a2746edbf44d0aa06fa5a08396b8c2 0.036s
2025-01-02 16:12:53.687 67549 INFO tempest.lib.common.rest_client [req-c87e50dc-5a14-4188-b507-c67c35912964 req-c87e50dc-5a14-4188-b507-c67c35912964 ] Request (ListImageFiltersTestJSON:setUpClass): 200 GET http://10.180.1.21/compute/v2.1/images/9cdd33a7-0dff-44a9-b4eb-06a1b660015b 0.159s
2025-01-02 16:12:53.688 67565 INFO tempest.lib.common.dynamic_creds [-] Dynamic test user 89d8237921274235b386de1d3b9ce08b is created with scope project and roles: ['member']
2025-01-02 16:12:53.688 67565 INFO tempest.lib.common.dynamic_creds [-] Acquired dynamic creds: credentials: Credentials: {'domain_id': 'default', 'domain_name': 'Default', 'username': 'tempest-SecurityGroupRulesNegativeTestJSON-1346878170-project-member', 'project_domain_id': 'default', 'project_domain_name': 'Default', 'project_id': 'd13f83e676324f6a853a84279474cf8a', 'project_name': 'tempest-SecurityGroupRulesNegativeTestJSON-1346878170', 'tenant_id': 'd13f83e676324f6a853a84279474cf8a', 'tenant_name': 'tempest-SecurityGroupRulesNegativeTestJSON-1346878170', 'user_domain_id': 'default', 'user_domain_name': 'Default', 'user_id': '89d8237921274235b386de1d3b9ce08b', 'system': None}, Network: None, Subnet: None, Router: None
2025-01-02 16:12:53.693 67527 INFO tempest.lib.common.rest_client [req-eba1decc-2dfe-4893-910c-6f8e564f7bfa req-eba1decc-2dfe-4893-910c-6f8e564f7bfa ] Request (ImagesOneServerTestJSON:test_create_image_specify_multibyte_character_image_name): 200 GET http://10.180.1.21/compute/v2.1/images/0abd4bc2-cf76-4d06-ba05-db977f7443e4 0.132s
2025-01-02 16:12:53.756 67557 INFO tempest.lib.common.rest_client [req-dba7b14c-3120-467f-8d92-abf9a431d831 req-dba7b14c-3120-467f-8d92-abf9a431d831 ] Request (ServerShowV247Test:test_update_rebuild_list_server): 200 GET http://10.180.1.21/compute/v2.1/servers/d84dc9ee-33f5-4c61-83fe-45d1b5843928 0.179s
2025-01-02 16:12:53.771 67565 INFO tempest.lib.common.rest_client [req-a5e8e6a6-df1e-4062-8b74-0b77ae250281 req-a5e8e6a6-df1e-4062-8b74-0b77ae250281 ] Request (SecurityGroupRulesNegativeTestJSON:setUpClass): 201 POST http://10.180.1.21/identity/v3/auth/tokens 0.083s
2025-01-02 16:12:53.790 67551 INFO tempest.lib.common.rest_client [req-9cee087a-400c-4de8-a351-9b905bcd8e70 req-9cee087a-400c-4de8-a351-9b905bcd8e70 ] Request (DeleteServersAdminTestJSON:test_delete_server_while_in_error_state): 200 GET http://10.180.1.21/compute/v2.1/servers/901c53f8-b256-4858-ba26-99f3403c3686 0.167s
2025-01-02 16:12:53.819 67521 INFO tempest.lib.common.rest_client [req-5ce990a5-ba63-409c-a5cd-78f5d845c870 req-5ce990a5-ba63-409c-a5cd-78f5d845c870 ] Request (DeleteServersTestJSON:test_delete_active_server): 200 GET http://10.180.1.21/compute/v2.1/servers/df943ef4-9bec-47fd-930a-359c9bd711de 0.128s
2025-01-02 16:12:53.880 67563 INFO tempest.lib.common.rest_client [req-40d5b3e4-e340-41ad-82d0-d53624a4ef42 req-40d5b3e4-e340-41ad-82d0-d53624a4ef42 ] Request (ServerDiskConfigTestJSON:test_rebuild_server_with_auto_disk_config): 200 GET http://10.180.1.21/compute/v2.1/servers/a1d61d79-ed9c-40c3-a214-07e82102ba28 0.123s
2025-01-02 16:12:53.949 67529 INFO tempest.lib.common.rest_client [req-4c15d078-f18f-4fdd-8f1e-f2ec7a06108e req-4c15d078-f18f-4fdd-8f1e-f2ec7a06108e ] Request (FloatingIPsAssociationTestJSON:tearDownClass): 200 GET http://10.180.1.21/compute/v2.1/servers/9abfee9e-396c-46ac-ad65-3d48e08ee213 0.111s
2025-01-02 16:12:54.017 67553 INFO tempest.lib.common.rest_client [req-00e7426d-112b-4b51-b2b7-a97c21bc143f req-00e7426d-112b-4b51-b2b7-a97c21bc143f ] Request (ImagesTestJSON:test_create_image_from_suspended_server): 200 GET http://10.180.1.21/compute/v2.1/servers/4efe8e51-4f71-4bf1-910f-7ff505fb1047 0.130s
2025-01-02 16:12:54.104 67565 INFO tempest.lib.common.rest_client [req-e9c690f1-db7e-4a9d-a213-7f420cd5b1b4 req-e9c690f1-db7e-4a9d-a213-7f420cd5b1b4 ] Request (SecurityGroupRulesNegativeTestJSON:setUpClass): 201 POST http://10.180.1.21:9696/networking/v2.0/networks 0.333s
2025-01-02 16:12:54.138 67513 INFO tempest.lib.common.rest_client [req-dbe0f212-6611-4c64-9437-fcfa693974e0 req-dbe0f212-6611-4c64-9437-fcfa693974e0 ] Request (ServersTestBootFromVolume:setUpClass): 200 GET http://10.180.1.21/compute/v2.1/servers/eaa02240-7761-4c99-9d47-89b312fa298d 0.425s
2025-01-02 16:12:54.172 67561 INFO tempest.lib.common.rest_client [req-59ab52d7-e7a4-4902-bf3b-246adaa4e346 req-59ab52d7-e7a4-4902-bf3b-246adaa4e346 ] Request (ServerRescueTestJSON:setUpClass): 200 GET http://10.180.1.21/compute/v2.1/servers/dc955fbb-7f6c-40fa-9d8d-4c5f240f5ff7 0.078s
2025-01-02 16:12:54.220 67511 INFO tempest.lib.common.rest_client [req-700bc20b-7e42-48c7-82bc-0ead5d3d1864 req-700bc20b-7e42-48c7-82bc-0ead5d3d1864 ] Request (ServerMetadataTestJSON:setUpClass): 200 GET http://10.180.1.21/compute/v2.1/servers/ab043a5f-6552-4749-b348-c445500833e9 0.059s
2025-01-02 16:12:54.290 67523 INFO tempest.lib.common.rest_client [req-9c5f437d-657a-48a2-a901-3ec1497911fb req-9c5f437d-657a-48a2-a901-3ec1497911fb ] Request (SecurityGroupsTestJSON:test_list_security_groups_by_server): 200 GET http://10.180.1.21/compute/v2.1/servers/702ce12e-199d-4d42-b04b-8d51720ab130 0.057s
2025-01-02 16:12:54.310 67565 INFO tempest.lib.common.rest_client [req-00ffce0b-ef9b-4b3f-8df2-c38a3c40dd6e req-00ffce0b-ef9b-4b3f-8df2-c38a3c40dd6e ] Request (SecurityGroupRulesNegativeTestJSON:setUpClass): 201 POST http://10.180.1.21:9696/networking/v2.0/subnets 0.204s
2025-01-02 16:12:54.393 67509 INFO tempest.lib.common.rest_client [req-9ad5f1ec-fc06-4ab6-921c-85219b0bd931 req-9ad5f1ec-fc06-4ab6-921c-85219b0bd931 ] Request (ServersAdmin275Test:test_rebuild_update_server_275): 200 GET http://10.180.1.21/compute/v2.1/servers/26e58564-2322-4da9-a5b5-ddb38804c12d 0.065s
2025-01-02 16:12:54.452 67555 INFO tempest.lib.common.rest_client [req-330815b0-cb89-41af-aec8-7fe84dba6848 req-330815b0-cb89-41af-aec8-7fe84dba6848 ] Request (ServerActionsTestOtherB:setUpClass): 200 GET http://10.180.1.21/compute/v2.1/servers/1fb88ff1-16ee-4ff0-bba1-518e2caca53a 0.064s
2025-01-02 16:12:54.474 67525 INFO tempest.lib.common.rest_client [req-60fcc2cf-6712-40ee-8e0b-16b8b6258101 req-60fcc2cf-6712-40ee-8e0b-16b8b6258101 ] Request (ImagesOneServerNegativeTestJSON:setUpClass): 200 GET http://10.180.1.21/compute/v2.1/servers/c7749e91-cafd-4f16-ac2b-a024cb57ce7d 0.214s
2025-01-02 16:12:54.507 67531 INFO tempest.lib.common.rest_client [req-72591cd1-af78-42ef-a7bd-23ad70118589 req-72591cd1-af78-42ef-a7bd-23ad70118589 ] Request (InstanceActionsTestJSON:setUpClass): 200 GET http://10.180.1.21/compute/v2.1/servers/d2a31f3f-ec90-45df-81ee-9587f848bd11 0.064s
2025-01-02 16:12:54.739 67567 INFO tempest.lib.common.rest_client [req-783fe77b-7938-43ba-8898-13c146cb0e9e req-783fe77b-7938-43ba-8898-13c146cb0e9e ] Request (ServerActionsTestJSON:setUpClass): 200 GET http://10.180.1.21/compute/v2.1/servers/5df59502-1988-42f4-b006-3caf0ee1db2b 0.094s
2025-01-02 16:12:54.877 67517 INFO tempest.lib.common.rest_client [req-49c9f5c4-e7cc-437c-bdd7-c13e4dd587cf req-49c9f5c4-e7cc-437c-bdd7-c13e4dd587cf ] Request (ServersAdminTestJSON:test_create_server_with_scheduling_hint): 200 GET http://10.180.1.21/compute/v2.1/servers/23b8daf3-8909-4f22-907d-f1506bd26903 0.287s
2025-01-02 16:12:54.883 67517 INFO tempest.common.waiters [-] State transition "BUILD/block_device_mapping" ==> "BUILD/spawning" after 51 second wait
2025-01-02 16:12:54.914 67549 INFO tempest.lib.common.rest_client [req-357869d6-e9bb-441c-86ff-e73d4dc12cbc req-357869d6-e9bb-441c-86ff-e73d4dc12cbc ] Request (ListImageFiltersTestJSON:setUpClass): 200 GET http://10.180.1.21/compute/v2.1/images/9cdd33a7-0dff-44a9-b4eb-06a1b660015b 0.223s
2025-01-02 16:12:54.927 67533 INFO tempest.lib.common.rest_client [req-25390e32-b237-400b-b671-0e1808c7c62a req-25390e32-b237-400b-b671-0e1808c7c62a ] Request (MigrationsAdminTest:test_list_migrations_in_flavor_resize_situation): 200 GET http://10.180.1.21/compute/v2.1/servers/d24ed5c9-c491-4b61-831e-1a6aa1bf824a 0.271s
2025-01-02 16:12:54.957 67537 INFO tempest.lib.common.rest_client [req-5c95e8da-ccbb-4468-99be-6ebb093c16dc req-5c95e8da-ccbb-4468-99be-6ebb093c16dc ] Request (AttachVolumeTestJSON:setUpClass): 200 PUT http://10.180.1.21:9696/networking/v2.0/routers/85b6b072-48cc-4342-a3cb-a35872584ac8/add_router_interface 1.585s
2025-01-02 16:12:54.957 67537 INFO tempest.lib.common.dynamic_creds [-] Created isolated network resources for: credentials: Credentials: {'domain_id': 'default', 'domain_name': 'Default', 'username': 'tempest-AttachVolumeTestJSON-391801661-project-member', 'project_domain_id': 'default', 'project_domain_name': 'Default', 'project_id': '62cc4825c73e4e898d5c8fe662853cf4', 'project_name': 'tempest-AttachVolumeTestJSON-391801661', 'tenant_id': '62cc4825c73e4e898d5c8fe662853cf4', 'tenant_name': 'tempest-AttachVolumeTestJSON-391801661', 'user_domain_id': 'default', 'user_domain_name': 'Default', 'user_id': '0bf2f38443d64479989e86bf3a8375f0', 'system': None}, Network: {'id': 'ecb7859d-426d-40f9-98e5-81e8e9f25be8', 'name': 'tempest-AttachVolumeTestJSON-372583269-network', 'tenant_id': '62cc4825c73e4e898d5c8fe662853cf4', 'admin_state_up': True, 'mtu': 8950, 'status': 'ACTIVE', 'subnets': [], 'shared': False, 'project_id': '62cc4825c73e4e898d5c8fe662853cf4', 'port_security_enabled': True, 'router:external': False, 'provider:network_type': 'vlan', 'provider:physical_network': 'default', 'provider:segmentation_id': 25, 'availability_zone_hints': [], 'availability_zones': [], 'ipv4_address_scope': None, 'ipv6_address_scope': None, 'description': '', 'tags': [], 'created_at': '2025-01-02T16:12:51Z', 'updated_at': '2025-01-02T16:12:51Z', 'revision_number': 1}, Subnet: {'id': 'cf6c3216-8417-49e4-a417-9d88fc0bda04', 'name': 'tempest-AttachVolumeTestJSON-372583269-subnet', 'tenant_id': '62cc4825c73e4e898d5c8fe662853cf4', 'network_id': 'ecb7859d-426d-40f9-98e5-81e8e9f25be8', 'ip_version': 4, 'subnetpool_id': None, 'enable_dhcp': True, 'ipv6_ra_mode': None, 'ipv6_address_mode': None, 'gateway_ip': '192.168.128.1', 'cidr': '192.168.128.0/28', 'allocation_pools': [{'start': '192.168.128.2', 'end': '192.168.128.14'}], 'host_routes': [], 'dns_nameservers': [], 'description': '', 'router:external': False, 'service_types': [], 'tags': [], 'created_at': '2025-01-02T16:12:51Z', 'updated_at': '2025-01-02T16:12:51Z', 'revision_number': 0, 'project_id': '62cc4825c73e4e898d5c8fe662853cf4'}, Router: {'id': '85b6b072-48cc-4342-a3cb-a35872584ac8', 'name': 'tempest-AttachVolumeTestJSON-372583269-router', 'tenant_id': '62cc4825c73e4e898d5c8fe662853cf4', 'admin_state_up': True, 'status': 'ACTIVE', 'external_gateway_info': {'network_id': '74b9c82e-ee43-4964-80bd-ac9b49214bbb', 'external_fixed_ips': [{'subnet_id': '84868bad-3a56-482a-9cb8-6e8ccbf4d371', 'ip_address': '10.180.180.150'}], 'enable_snat': True}, 'description': '', 'availability_zones': [], 'distributed': False, 'ha': False, 'availability_zone_hints': [], 'routes': [], 'flavor_id': None, 'tags': [], 'created_at': '2025-01-02T16:12:51Z', 'updated_at': '2025-01-02T16:12:52Z', 'revision_number': 2, 'project_id': '62cc4825c73e4e898d5c8fe662853cf4'}
2025-01-02 16:12:54.967 67527 INFO tempest.lib.common.rest_client [req-4c6b4d8e-8a88-4291-b00f-1a7f4df5ae4b req-4c6b4d8e-8a88-4291-b00f-1a7f4df5ae4b ] Request (ImagesOneServerTestJSON:test_create_image_specify_multibyte_character_image_name): 200 GET http://10.180.1.21/compute/v2.1/images/0abd4bc2-cf76-4d06-ba05-db977f7443e4 0.270s
2025-01-02 16:12:55.012 67557 INFO tempest.lib.common.rest_client [req-6d09bbc1-37af-436e-a245-e5c7b79e7113 req-6d09bbc1-37af-436e-a245-e5c7b79e7113 ] Request (ServerShowV247Test:test_update_rebuild_list_server): 200 GET http://10.180.1.21/compute/v2.1/servers/d84dc9ee-33f5-4c61-83fe-45d1b5843928 0.246s
2025-01-02 16:12:55.068 67551 INFO tempest.lib.common.rest_client [req-d6292ce1-2dac-481f-b6b6-b94073a96ad0 req-d6292ce1-2dac-481f-b6b6-b94073a96ad0 ] Request (DeleteServersAdminTestJSON:test_delete_server_while_in_error_state): 200 GET http://10.180.1.21/compute/v2.1/servers/901c53f8-b256-4858-ba26-99f3403c3686 0.271s
2025-01-02 16:12:55.092 67537 INFO tempest.lib.common.rest_client [req-b089ecef-0bfa-44ae-bc3b-adfb482f6bf8 req-b089ecef-0bfa-44ae-bc3b-adfb482f6bf8 ] Request (AttachVolumeTestJSON:setUpClass): 201 POST http://10.180.1.21/identity/v3/auth/tokens 0.130s
2025-01-02 16:12:55.094 67569 WARNING tempest.lib.common.ssh [-] Failed to establish authenticated ssh connection to cirros@10.180.180.181 ([Errno None] Unable to connect to port 22 on 10.180.180.181). Number attempts: 6. Retry after 7 seconds.: paramiko.ssh_exception.NoValidConnectionsError: [Errno None] Unable to connect to port 22 on 10.180.180.181
2025-01-02 16:12:55.101 67521 INFO tempest.lib.common.rest_client [req-99fe319c-e541-4b61-8f21-26640b6453e5 req-99fe319c-e541-4b61-8f21-26640b6453e5 ] Request (DeleteServersTestJSON:test_delete_active_server): 200 GET http://10.180.1.21/compute/v2.1/servers/df943ef4-9bec-47fd-930a-359c9bd711de 0.271s
2025-01-02 16:12:55.139 67563 INFO tempest.lib.common.rest_client [req-60ae4281-b65f-4634-8802-9a42b5dd6cc9 req-60ae4281-b65f-4634-8802-9a42b5dd6cc9 ] Request (ServerDiskConfigTestJSON:test_rebuild_server_with_auto_disk_config): 200 GET http://10.180.1.21/compute/v2.1/servers/a1d61d79-ed9c-40c3-a214-07e82102ba28 0.252s
2025-01-02 16:12:55.170 67529 INFO tempest.lib.common.rest_client [req-d877a9e6-f90a-4354-83cf-72531e86841c req-d877a9e6-f90a-4354-83cf-72531e86841c ] Request (FloatingIPsAssociationTestJSON:tearDownClass): 200 GET http://10.180.1.21/compute/v2.1/servers/9abfee9e-396c-46ac-ad65-3d48e08ee213 0.212s
2025-01-02 16:12:55.217 67553 INFO tempest.lib.common.rest_client [req-646df4f5-ab60-47a1-a054-5a8f7536963c req-646df4f5-ab60-47a1-a054-5a8f7536963c ] Request (ImagesTestJSON:test_create_image_from_suspended_server): 200 GET http://10.180.1.21/compute/v2.1/servers/4efe8e51-4f71-4bf1-910f-7ff505fb1047 0.185s
2025-01-02 16:12:55.313 67537 INFO tempest.lib.common.rest_client [req-8c4f9b68-acc1-400a-9ec0-c6cc1bffccef req-8c4f9b68-acc1-400a-9ec0-c6cc1bffccef ] Request (ValidationResourcesFixture:setUp): 200 POST http://10.180.1.21/compute/v2.1/os-keypairs 0.218s
2025-01-02 16:12:55.337 67513 INFO tempest.lib.common.rest_client [req-d21778c9-2f27-4a53-ab17-85a061b1b324 req-d21778c9-2f27-4a53-ab17-85a061b1b324 ] Request (ServersTestBootFromVolume:setUpClass): 200 GET http://10.180.1.21/compute/v2.1/servers/eaa02240-7761-4c99-9d47-89b312fa298d 0.191s
