2025-01-02 16:11:42.750 67509 INFO tempest.lib.common.rest_client [req-1af85434-f433-481d-b6e9-8c85b8364870 req-1af85434-f433-481d-b6e9-8c85b8364870 ] Request (ServerDiagnosticsNegativeTest:tearDownClass): 200 GET http://10.180.1.21/compute/v2.1/servers/f8297a48-bbdb-4ee8-855d-e6d885569412 1.370s
2025-01-02 16:11:42.753 67539 INFO tempest.lib.common.rest_client [req-1ca06ee7-4629-4638-9103-e4c9e4e86f69 req-1ca06ee7-4629-4638-9103-e4c9e4e86f69 ] Request (ServerActionsTestOtherA:setUpClass): 201 POST http://10.180.1.21:9696/networking/v2.0/networks 0.548s
2025-01-02 16:11:42.804 67515 INFO tempest.lib.common.rest_client [req-fe7a39f3-6d56-4de4-8c76-5bfd43b307fa req-fe7a39f3-6d56-4de4-8c76-5bfd43b307fa ] Request (FlavorsV2NegativeTest:tearDownClass): 204 DELETE http://10.180.1.21/identity/v3/users/2de2f85d0ad6402e97c6658f7a916da2 0.126s
2025-01-02 16:11:42.804 67515 INFO tempest.lib.common.dynamic_creds [-] Deleting project and security group for project: 7b482e64d27d42c0ad6d5533a38d0604
2025-01-02 16:11:42.838 67559 WARNING tempest.lib.common.ssh [-] Failed to establish authenticated ssh connection to cirros@10.180.180.190 ([Errno None] Unable to connect to port 22 on 10.180.180.190). Number attempts: 2. Retry after 3 seconds.: paramiko.ssh_exception.NoValidConnectionsError: [Errno None] Unable to connect to port 22 on 10.180.180.190
2025-01-02 16:11:42.856 67517 INFO tempest.lib.common.rest_client [req-d97f674c-62af-4fbc-b8fd-18ea0de9149d req-d97f674c-62af-4fbc-b8fd-18ea0de9149d ] Request (ServersAdminTestJSON:setUpClass): 200 GET http://10.180.1.21/compute/v2.1/servers/268ea42d-a322-4682-bbe8-4830a5ee0ddb 1.645s
2025-01-02 16:11:42.863 67517 INFO tempest.common.waiters [-] State transition "BUILD/None" ==> "BUILD/spawning" after 8 second wait
2025-01-02 16:11:42.885 67515 INFO tempest.lib.common.rest_client [req-d65d660f-2317-46aa-8503-00292427ab23 req-d65d660f-2317-46aa-8503-00292427ab23 ] Request (FlavorsV2NegativeTest:tearDownClass): 201 POST http://10.180.1.21/identity/v3/auth/tokens 0.080s
2025-01-02 16:11:42.924 67513 INFO tempest.lib.common.rest_client [req-12b4661f-de4e-4b17-86e3-7aa80908ec67 req-12b4661f-de4e-4b17-86e3-7aa80908ec67 ] Request (ServersTestBootFromVolume:setUpClass): 200 GET http://10.180.1.21/volume/v3/volumes/02af692f-7834-4357-97ea-e637e0ff6f94 0.031s
2025-01-02 16:11:42.966 67567 INFO tempest.lib.common.rest_client [req-e435364d-a457-4635-9940-c78894ef6a99 req-e435364d-a457-4635-9940-c78894ef6a99 ] Request (FloatingIPDetailsTestJSON:test_list_floating_ips): 200 GET http://10.180.1.21/compute/v2.1/os-floating-ips 1.290s
2025-01-02 16:11:43.185 67531 INFO tempest.lib.common.rest_client [req-dbfbcd9b-cfe6-42ca-9d13-f4ce1b4069f0 req-dbfbcd9b-cfe6-42ca-9d13-f4ce1b4069f0 ] Request (ServerExternalEventsTest:tearDownClass): 200 GET http://10.180.1.21/compute/v2.1/servers/be575c77-01c9-4cdd-b310-5022e712a449 1.166s
2025-01-02 16:11:43.191 67521 INFO tempest.lib.common.rest_client [req-48a04301-f3cb-4852-8a47-8722eb77af3c req-48a04301-f3cb-4852-8a47-8722eb77af3c ] Request (ImagesNegativeTestJSON:test_create_image_from_invalid_server): 404 POST http://10.180.1.21/compute/v2.1/servers/tempest-invalid-1643991834/action 1.149s
2025-01-02 16:11:43.206 67539 INFO tempest.lib.common.rest_client [req-0a3877a5-0c6b-42fc-8e17-5e53fd75a4d1 req-0a3877a5-0c6b-42fc-8e17-5e53fd75a4d1 ] Request (ServerActionsTestOtherA:setUpClass): 201 POST http://10.180.1.21:9696/networking/v2.0/subnets 0.450s
2025-01-02 16:11:43.234 67515 INFO tempest.lib.common.rest_client [req-d62c0065-e1a1-46c1-bf9c-bbeec9d36df9 req-d62c0065-e1a1-46c1-bf9c-bbeec9d36df9 ] Request (FlavorsV2NegativeTest:tearDownClass): 200 GET http://10.180.1.21:9696/networking/v2.0/security-groups?tenant_id=7b482e64d27d42c0ad6d5533a38d0604&name=default 0.349s
2025-01-02 16:11:43.332 67529 INFO tempest.lib.common.rest_client [req-813cd3db-bf8f-48f0-b1ef-f41b8e65112f req-813cd3db-bf8f-48f0-b1ef-f41b8e65112f ] Request (FloatingIPsAssociationTestJSON:test_associate_already_associated_floating_ip): 202 POST http://10.180.1.21/compute/v2.1/servers 1.741s
2025-01-02 16:11:43.351 67511 INFO tempest.lib.common.rest_client [req-5051d42f-6677-45df-8a7a-2e194dc44e06 req-5051d42f-6677-45df-8a7a-2e194dc44e06 ] Request (FlavorsAccessNegativeTestJSON:test_remove_flavor_access_not_found): 200 POST http://10.180.1.21/compute/v2.1/flavors 1.272s
2025-01-02 16:11:43.373 67555 INFO tempest.lib.common.rest_client [req-a2bf5d5e-8e86-4e01-bc1c-a454c172a008 req-a2bf5d5e-8e86-4e01-bc1c-a454c172a008 ] Request (ServicesAdminNegativeV253TestJSON:test_get_service_with_valid_service_and_invalid_host): 200 GET http://10.180.1.21/compute/v2.1/os-services?host=xxx&binary=nova-scheduler 1.213s
2025-01-02 16:11:43.389 67561 INFO tempest.lib.common.rest_client [req-bbbb66a1-f571-49c4-bdd2-0e62f22fe8be req-bbbb66a1-f571-49c4-bdd2-0e62f22fe8be ] Request (AggregatesAdminNegativeTestJSON:test_aggregate_delete_with_invalid_id): 404 DELETE http://10.180.1.21/compute/v2.1/os-aggregates/-1 1.090s
2025-01-02 16:11:43.403 67563 INFO tempest.lib.common.rest_client [req-6e53ab85-39ca-4f72-9d08-5b4d4c1dfcbe req-6e53ab85-39ca-4f72-9d08-5b4d4c1dfcbe ] Request (FlavorsAdminTestJSON:test_create_server_with_non_public_flavor): 400 POST http://10.180.1.21/compute/v2.1/servers 1.088s
2025-01-02 16:11:43.414 67525 INFO tempest.lib.common.rest_client [req-a5fdbd9c-de8a-4859-8b29-e2d78ec242b0 req-a5fdbd9c-de8a-4859-8b29-e2d78ec242b0 ] Request (QuotasAdminTestJSON:test_get_updated_quotas): 200 PUT http://10.180.1.21/compute/v2.1/os-quota-sets/d9ea7f2778184b5e9fa24cb1d781cf55 1.336s
2025-01-02 16:11:43.443 67515 INFO tempest.lib.common.rest_client [req-f404a95f-7f8a-4ef6-852c-9a806aabb081 req-f404a95f-7f8a-4ef6-852c-9a806aabb081 ] Request (FlavorsV2NegativeTest:tearDownClass): 204 DELETE http://10.180.1.21:9696/networking/v2.0/security-groups/a61e7dc2-bef0-4452-807b-9c49f6ec336a 0.209s
2025-01-02 16:11:43.499 67541 INFO tempest.lib.common.rest_client [req-bd0e1e70-a85e-442f-a87b-123dc995ea8c req-bd0e1e70-a85e-442f-a87b-123dc995ea8c ] Request (ServersTestJSON:setUpClass): 200 POST http://10.180.1.21/compute/v2.1/os-keypairs 1.090s
2025-01-02 16:11:43.549 67515 INFO tempest.lib.common.rest_client [req-8db1fc9e-5331-49bf-a31b-f16caedadfb1 req-8db1fc9e-5331-49bf-a31b-f16caedadfb1 ] Request (FlavorsV2NegativeTest:tearDownClass): 204 DELETE http://10.180.1.21/identity/v3/projects/7b482e64d27d42c0ad6d5533a38d0604 0.105s
2025-01-02 16:11:43.593 67519 INFO tempest.lib.common.rest_client [req-ef33d139-c143-4cf2-89ab-2290dd5ff348 req-ef33d139-c143-4cf2-89ab-2290dd5ff348 ] Request (ServersWithSpecificFlavorTestJSON:test_verify_created_server_ephemeral_disk): 200 GET http://10.180.1.21/compute/v2.1/servers/0354eec1-62db-4d03-90f0-3fc33c3f2fda/os-interface 0.916s
2025-01-02 16:11:43.628 67515 INFO tempest.lib.common.rest_client [req-326a6e9f-8f62-4285-b691-f24ab047366d req-326a6e9f-8f62-4285-b691-f24ab047366d ] Request (ServerGroup264TestJSON:setUpClass): 201 POST http://10.180.1.21/identity/v3/auth/tokens 0.077s
2025-01-02 16:11:43.667 67515 INFO tempest.lib.common.rest_client [req-59c4dd18-9259-475a-a3cf-dbbac146a67b req-59c4dd18-9259-475a-a3cf-dbbac146a67b ] Request (ServerGroup264TestJSON:setUpClass): 201 POST http://10.180.1.21/identity/v3/auth/tokens 0.036s
2025-01-02 16:11:43.668 67565 INFO tempest.lib.common.rest_client [req-ecab84e8-3998-4666-ae1b-4168f3f9ac7e req-ecab84e8-3998-4666-ae1b-4168f3f9ac7e ] Request (FloatingIPsAssociationNegativeTestJSON:setUpClass): 200 GET http://10.180.1.21/compute/v2.1/servers/ac7b09d4-f0d0-4e83-bac9-66018c5a7be5 0.908s
2025-01-02 16:11:43.695 67515 INFO tempest.lib.common.rest_client [req-83211e1c-e643-467e-948e-6781b8a7d79b req-83211e1c-e643-467e-948e-6781b8a7d79b ] Request (ServerGroup264TestJSON:setUpClass): 200 GET http://10.180.1.21/identity/v3/domains?name=Default 0.028s
2025-01-02 16:11:43.722 67569 INFO tempest.lib.common.rest_client [req-294d48cc-9fd7-4ce2-977b-fada685f71ef req-294d48cc-9fd7-4ce2-977b-fada685f71ef ] Request (AttachInterfacesTestJSON:test_create_list_show_delete_interfaces_by_fixed_ip): 200 GET http://10.180.1.21/compute/v2.1/servers/b3e5ec90-5fdd-49db-bef5-196a1e6c0555 0.882s
2025-01-02 16:11:43.733 67515 INFO tempest.lib.common.rest_client [req-e02cb1b9-19d9-45b3-848c-9f90f76184fa req-e02cb1b9-19d9-45b3-848c-9f90f76184fa ] Request (ServerGroup264TestJSON:setUpClass): 201 POST http://10.180.1.21/identity/v3/projects 0.037s
2025-01-02 16:11:43.793 67515 INFO tempest.lib.common.rest_client [req-d9c646d1-222c-442c-973e-1c85a63deae4 req-d9c646d1-222c-442c-973e-1c85a63deae4 ] Request (ServerGroup264TestJSON:setUpClass): 201 POST http://10.180.1.21/identity/v3/users 0.059s
2025-01-02 16:11:43.817 67515 INFO tempest.lib.common.rest_client [req-203ccdd9-e47b-47c9-83ce-cdf4c7558531 req-203ccdd9-e47b-47c9-83ce-cdf4c7558531 ] Request (ServerGroup264TestJSON:setUpClass): 200 GET http://10.180.1.21/identity/v3/roles 0.024s
2025-01-02 16:11:43.851 67515 INFO tempest.lib.common.rest_client [req-4d10bab3-c232-48e4-b813-eb470251ce97 req-4d10bab3-c232-48e4-b813-eb470251ce97 ] Request (ServerGroup264TestJSON:setUpClass): 204 PUT http://10.180.1.21/identity/v3/projects/c63dd90325554137a0ed4e02a3fa9ba4/users/03b872623a2d4ba08b053b76d1d95ee2/roles/36a2746edbf44d0aa06fa5a08396b8c2 0.033s
2025-01-02 16:11:43.852 67515 INFO tempest.lib.common.dynamic_creds [-] Dynamic test user 03b872623a2d4ba08b053b76d1d95ee2 is created with scope project and roles: ['member']
2025-01-02 16:11:43.852 67515 INFO tempest.lib.common.dynamic_creds [-] Acquired dynamic creds: credentials: Credentials: {'domain_id': 'default', 'domain_name': 'Default', 'username': 'tempest-ServerGroup264TestJSON-781393713-project-member', 'project_domain_id': 'default', 'project_domain_name': 'Default', 'project_id': 'c63dd90325554137a0ed4e02a3fa9ba4', 'project_name': 'tempest-ServerGroup264TestJSON-781393713', 'tenant_id': 'c63dd90325554137a0ed4e02a3fa9ba4', 'tenant_name': 'tempest-ServerGroup264TestJSON-781393713', 'user_domain_id': 'default', 'user_domain_name': 'Default', 'user_id': '03b872623a2d4ba08b053b76d1d95ee2', 'system': None}, Network: None, Subnet: None, Router: None
2025-01-02 16:11:43.898 67541 INFO tempest.lib.common.rest_client [req-fc7125aa-093a-41a6-9edd-30fe4e53bc08 req-fc7125aa-093a-41a6-9edd-30fe4e53bc08 ] Request (ServersTestJSON:setUpClass): 201 POST http://10.180.1.21:9696/networking/v2.0/security-groups 0.396s
2025-01-02 16:11:43.930 67515 INFO tempest.lib.common.rest_client [req-ea55abf5-b6e1-4f54-adeb-9667369d064b req-ea55abf5-b6e1-4f54-adeb-9667369d064b ] Request (ServerGroup264TestJSON:setUpClass): 201 POST http://10.180.1.21/identity/v3/auth/tokens 0.078s
2025-01-02 16:11:43.940 67533 INFO tempest.lib.common.rest_client [req-b1174281-4c09-4d2f-84d9-b5810493651e req-b1174281-4c09-4d2f-84d9-b5810493651e ] Request (MigrationsAdminTest:test_list_migrations_in_flavor_resize_situation): 200 GET http://10.180.1.21/compute/v2.1/servers/d24ed5c9-c491-4b61-831e-1a6aa1bf824a 1.193s
2025-01-02 16:11:43.973 67513 INFO tempest.lib.common.rest_client [req-bc935dd9-f868-42d0-bab3-94fe4f7ad559 req-bc935dd9-f868-42d0-bab3-94fe4f7ad559 ] Request (ServersTestBootFromVolume:setUpClass): 200 GET http://10.180.1.21/volume/v3/volumes/02af692f-7834-4357-97ea-e637e0ff6f94 0.038s
2025-01-02 16:11:44.048 67523 INFO tempest.lib.common.rest_client [req-bbe3540a-227d-4ec7-906c-38fb91a6e717 req-bbe3540a-227d-4ec7-906c-38fb91a6e717 ] Request (ServerDiagnosticsV248Test:tearDownClass): 200 GET http://10.180.1.21/compute/v2.1/servers/91771789-4d40-44e3-80fb-eb5157ebff7e 0.903s
2025-01-02 16:11:44.058 67521 INFO tempest.lib.common.rest_client [req-14ab6fb3-2986-4c77-b5f3-0e5ccb20f7e7 req-14ab6fb3-2986-4c77-b5f3-0e5ccb20f7e7 ] Request (ImagesNegativeTestJSON:test_create_image_specify_uuid_35_characters_or_less): 404 POST http://10.180.1.21/compute/v2.1/servers/aaaaaaaaaaaaaaaaaaaaaaaaaaaaaaaaaaa/action 0.865s
2025-01-02 16:11:44.184 67527 INFO tempest.lib.common.rest_client [req-eddb38e1-2420-4dac-8c34-5708221e9d05 req-eddb38e1-2420-4dac-8c34-5708221e9d05 ] Request (ImagesOneServerTestJSON:setUpClass): 200 GET http://10.180.1.21/compute/v2.1/servers/5a045b48-b38e-4454-9dbd-941a76d9cbdb 0.963s
2025-01-02 16:11:44.217 67551 INFO tempest.lib.common.rest_client [req-762a18e3-a6d2-49bc-a8cf-a02e5609b797 req-762a18e3-a6d2-49bc-a8cf-a02e5609b797 ] Request (DeleteServersAdminTestJSON:test_admin_delete_servers_of_others): 404 GET http://10.180.1.21/compute/v2.1/servers/6b9550c2-9857-4cba-8107-d56df08b240d 0.935s
2025-01-02 16:11:44.283 67541 INFO tempest.lib.common.rest_client [req-7dd9bcba-7905-42f0-be9f-8d26e6cca4f3 req-7dd9bcba-7905-42f0-be9f-8d26e6cca4f3 ] Request (ServersTestJSON:setUpClass): 201 POST http://10.180.1.21:9696/networking/v2.0/security-group-rules 0.384s
2025-01-02 16:11:44.302 67529 INFO tempest.lib.common.rest_client [req-c0949210-95e3-45bd-b34c-b698703eab8e req-c0949210-95e3-45bd-b34c-b698703eab8e ] Request (FloatingIPsAssociationTestJSON:test_associate_already_associated_floating_ip): 200 GET http://10.180.1.21/compute/v2.1/servers/9abfee9e-396c-46ac-ad65-3d48e08ee213 0.968s
2025-01-02 16:11:44.312 67551 INFO tempest.lib.common.rest_client [req-1f0ff0bc-5a8d-42ee-8ded-86631a5f5686 req-1f0ff0bc-5a8d-42ee-8ded-86631a5f5686 ] Request (DeleteServersAdminTestJSON:test_delete_server_while_in_error_state): 201 POST http://10.180.1.21/identity/v3/auth/tokens 0.083s
2025-01-02 16:11:44.312 67551 INFO tempest.lib.common.fixed_network [-] (DeleteServersAdminTestJSON:test_delete_server_while_in_error_state) Found network None available for tenant
2025-01-02 16:11:44.431 67511 INFO tempest.lib.common.rest_client [req-576f224e-63b3-4256-8b84-bd322704d1f1 req-576f224e-63b3-4256-8b84-bd322704d1f1 ] Request (FlavorsAccessNegativeTestJSON:test_remove_flavor_access_not_found): 404 POST http://10.180.1.21/compute/v2.1/flavors/545659231/action 1.078s
2025-01-02 16:11:44.546 67541 INFO tempest.lib.common.rest_client [req-4c4ccd4b-d5fc-4390-8088-e8e18c8f608a req-4c4ccd4b-d5fc-4390-8088-e8e18c8f608a ] Request (ServersTestJSON:setUpClass): 201 POST http://10.180.1.21:9696/networking/v2.0/security-group-rules 0.263s
2025-01-02 16:11:44.740 67537 INFO tempest.lib.common.rest_client [req-2dc04832-7e16-42fc-be51-0e994e9cd871 req-2dc04832-7e16-42fc-be51-0e994e9cd871 ] Request (ServerTagsTestJSON:setUpClass): 200 GET http://10.180.1.21/compute/v2.1/servers/bd01f2de-9477-4948-a437-8986b71d45ba 1.382s
2025-01-02 16:11:44.841 67555 INFO tempest.lib.common.rest_client [req-53dd10cf-fb7f-4b40-a158-20d5cd49450a req-53dd10cf-fb7f-4b40-a158-20d5cd49450a ] Request (ServicesAdminNegativeV253TestJSON:test_list_services_with_non_admin_user): 403 GET http://10.180.1.21/compute/v2.1/os-services 1.466s
2025-01-02 16:11:44.867 67567 INFO tempest.lib.common.rest_client [req-b81ff09d-e657-4727-866e-ce0071ee38d7 req-b81ff09d-e657-4727-866e-ce0071ee38d7 ] Request (FloatingIPDetailsTestJSON:tearDownClass): 202 DELETE http://10.180.1.21/compute/v2.1/os-floating-ips/662da1c5-fd18-43e8-9053-d1d3d496ab85 1.896s
2025-01-02 16:11:44.899 67561 INFO tempest.lib.common.rest_client [req-f5cd9016-f265-4240-9619-c4d3c310fd9d req-f5cd9016-f265-4240-9619-c4d3c310fd9d ] Request (AggregatesAdminNegativeTestJSON:test_aggregate_get_details_as_user): 200 POST http://10.180.1.21/compute/v2.1/os-aggregates 1.508s
2025-01-02 16:11:44.918 67563 INFO tempest.lib.common.rest_client [req-05a61776-eda8-4e06-9cb3-86f33d4d9fc0 req-05a61776-eda8-4e06-9cb3-86f33d4d9fc0 ] Request (FlavorsAdminTestJSON:_run_cleanups): 202 DELETE http://10.180.1.21/compute/v2.1/flavors/402246582 1.514s
2025-01-02 16:11:44.920 67553 INFO tempest.lib.common.rest_client [req-c9206257-2aaa-4ffd-9bd6-72218f05c252 req-c9206257-2aaa-4ffd-9bd6-72218f05c252 ] Request (ImagesTestJSON:test_create_image_from_stopped_server): 200 GET http://10.180.1.21/compute/v2.1/servers/dd16daca-5449-43fa-a8ee-4f3b894a4c66 1.532s
2025-01-02 16:11:44.970 67515 INFO tempest.lib.common.rest_client [req-80faf25d-661e-4d30-b069-a184d303d55a req-80faf25d-661e-4d30-b069-a184d303d55a ] Request (ServerGroup264TestJSON:setUpClass): 201 POST http://10.180.1.21:9696/networking/v2.0/networks 1.039s
2025-01-02 16:11:44.980 67555 INFO tempest.lib.common.rest_client [req-173edacf-6fdf-4ae0-855b-02701c3f3054 req-173edacf-6fdf-4ae0-855b-02701c3f3054 ] Request (ServicesAdminNegativeV253TestJSON:tearDownClass): 204 DELETE http://10.180.1.21/identity/v3/users/773d7fdfe0c44fe5b0d4ef2ba65a433c 0.137s
2025-01-02 16:11:45.008 67557 INFO tempest.lib.common.rest_client [req-9e5782e3-298c-4b21-9bd1-8e745ffd4e63 req-9e5782e3-298c-4b21-9bd1-8e745ffd4e63 ] Request (ServerPasswordTestJSON:setUpClass): 200 GET http://10.180.1.21/compute/v2.1/servers/f4071a28-a992-4805-af62-d21c1494538a 1.599s
2025-01-02 16:11:45.040 67513 INFO tempest.lib.common.rest_client [req-e15edfce-7373-45be-bc0d-96958d7a8be3 req-e15edfce-7373-45be-bc0d-96958d7a8be3 ] Request (ServersTestBootFromVolume:setUpClass): 200 GET http://10.180.1.21/volume/v3/volumes/02af692f-7834-4357-97ea-e637e0ff6f94 0.058s
2025-01-02 16:11:45.062 67539 INFO tempest.lib.common.rest_client [req-57b9aa34-c0da-40f6-8943-edbfca38010c req-57b9aa34-c0da-40f6-8943-edbfca38010c ] Request (ServerActionsTestOtherA:setUpClass): 201 POST http://10.180.1.21:9696/networking/v2.0/routers 1.856s
2025-01-02 16:11:45.082 67543 INFO tempest.lib.common.rest_client [req-57117d20-80e2-4bde-a42f-d3380ae69389 req-57117d20-80e2-4bde-a42f-d3380ae69389 ] Request (AttachVolumeNegativeTest:test_attach_attached_volume_to_different_server): 200 GET http://10.180.1.21/compute/v2.1/servers/9448072f-484d-4136-a6a7-01794d97f2ee 1.620s
2025-01-02 16:11:45.121 67555 INFO tempest.lib.common.rest_client [req-0e7700f9-00e5-4126-959d-9440f0f3df5a req-0e7700f9-00e5-4126-959d-9440f0f3df5a ] Request (ServicesAdminNegativeV253TestJSON:tearDownClass): 204 DELETE http://10.180.1.21/identity/v3/users/ca40e19947d740dcbdbd031e05b22523 0.140s
2025-01-02 16:11:45.121 67555 INFO tempest.lib.common.dynamic_creds [-] Deleting project and security group for project: 393657a9408f48d3aa1e61986f151d5f
2025-01-02 16:11:45.150 67549 INFO tempest.lib.common.rest_client [req-759b9495-d317-4c27-8fca-0cf428282566 req-759b9495-d317-4c27-8fca-0cf428282566 ] Request (ListImageFiltersTestJSON:setUpClass): 200 GET http://10.180.1.21/compute/v2.1/servers/2d4bd888-b055-4254-8841-f6d8d8c94900 1.481s
2025-01-02 16:11:45.166 67525 INFO tempest.lib.common.rest_client [req-8c418224-6f68-43e4-864d-b325a9f6ee02 req-8c418224-6f68-43e4-864d-b325a9f6ee02 ] Request (QuotasAdminTestJSON:test_get_updated_quotas): 200 GET http://10.180.1.21/compute/v2.1/os-quota-sets/d9ea7f2778184b5e9fa24cb1d781cf55/detail 1.749s
2025-01-02 16:11:45.197 67555 INFO tempest.lib.common.rest_client [req-8e332ae2-cd4a-47de-b78d-c1cf58b20dc3 req-8e332ae2-cd4a-47de-b78d-c1cf58b20dc3 ] Request (ServicesAdminNegativeV253TestJSON:tearDownClass): 201 POST http://10.180.1.21/identity/v3/auth/tokens 0.075s
2025-01-02 16:11:45.220 67509 INFO tempest.lib.common.rest_client [req-81f2b58d-3b35-4355-b63a-db0f072096c9 req-81f2b58d-3b35-4355-b63a-db0f072096c9 ] Request (ServerDiagnosticsNegativeTest:tearDownClass): 200 GET http://10.180.1.21/compute/v2.1/servers/f8297a48-bbdb-4ee8-855d-e6d885569412 1.461s
2025-01-02 16:11:45.225 67521 INFO tempest.lib.common.rest_client [req-78c86221-1130-4144-99bd-a69c413ef2e0 req-78c86221-1130-4144-99bd-a69c413ef2e0 ] Request (ImagesNegativeTestJSON:test_create_image_specify_uuid_37_characters_or_more): 404 POST http://10.180.1.21/compute/v2.1/servers/aaaaaaaaaaaaaaaaaaaaaaaaaaaaaaaaaaaaa/action 1.166s
2025-01-02 16:11:45.230 67509 INFO tempest.common.waiters [-] State transition "ACTIVE/deleting" ==> "DELETED/None" after 5 second wait
2025-01-02 16:11:45.237 67525 INFO tempest.lib.common.rest_client [req-78c48fa8-afd0-41a6-b056-27e8087be8ae req-78c48fa8-afd0-41a6-b056-27e8087be8ae ] Request (QuotasAdminTestJSON:test_get_updated_quotas): 200 GET http://10.180.1.21/identity/v3/domains?name=Default 0.065s
2025-01-02 16:11:45.261 67525 INFO tempest.lib.common.rest_client [req-6ea66620-2d1d-46b4-bd71-1fb8588b9ef4 req-6ea66620-2d1d-46b4-bd71-1fb8588b9ef4 ] Request (QuotasAdminTestJSON:test_get_updated_quotas): 201 POST http://10.180.1.21/identity/v3/users 0.023s
2025-01-02 16:11:45.274 67531 INFO tempest.lib.common.rest_client [req-339f489c-8946-44bc-91e2-570c3b18e0e4 req-339f489c-8946-44bc-91e2-570c3b18e0e4 ] Request (ServerExternalEventsTest:tearDownClass): 200 GET http://10.180.1.21/compute/v2.1/servers/be575c77-01c9-4cdd-b310-5022e712a449 1.077s
2025-01-02 16:11:45.288 67525 INFO tempest.lib.common.rest_client [req-23ba47b0-5b54-4298-b16e-b656dbd11c88 req-23ba47b0-5b54-4298-b16e-b656dbd11c88 ] Request (QuotasAdminTestJSON:test_get_updated_quotas): 200 GET http://10.180.1.21/identity/v3/domains?name=Default 0.026s
2025-01-02 16:11:45.363 67519 INFO tempest.lib.common.rest_client [req-d1a86afc-6357-41e6-87ba-a2234b695622 req-d1a86afc-6357-41e6-87ba-a2234b695622 ] Request (ServersWithSpecificFlavorTestJSON:test_verify_created_server_ephemeral_disk): 200 PUT http://10.180.1.21:9696/networking/v2.0/floatingips/d2211cb3-d9ba-4bca-9614-202d38a80252 1.768s
2025-01-02 16:11:45.473 67555 INFO tempest.lib.common.rest_client [req-f629e217-eef8-4c11-8bb5-7d27c06b15f1 req-f629e217-eef8-4c11-8bb5-7d27c06b15f1 ] Request (ServicesAdminNegativeV253TestJSON:tearDownClass): 200 GET http://10.180.1.21:9696/networking/v2.0/security-groups?tenant_id=393657a9408f48d3aa1e61986f151d5f&name=default 0.275s
2025-01-02 16:11:45.534 67547 WARNING tempest.lib.common.ssh [-] Failed to establish authenticated ssh connection to cirros@10.180.180.246 ([Errno None] Unable to connect to port 22 on 10.180.180.246). Number attempts: 1. Retry after 2 seconds.: paramiko.ssh_exception.NoValidConnectionsError: [Errno None] Unable to connect to port 22 on 10.180.180.246
2025-01-02 16:11:45.582 67551 INFO tempest.lib.common.rest_client [req-18eff5c0-e1a5-4122-904d-43a655fee350 req-18eff5c0-e1a5-4122-904d-43a655fee350 ] Request (DeleteServersAdminTestJSON:test_delete_server_while_in_error_state): 202 POST http://10.180.1.21/compute/v2.1/servers 1.269s
2025-01-02 16:11:45.599 67511 INFO tempest.lib.common.rest_client [req-94a094d2-362b-4d69-995e-94fd5aceb4d1 req-94a094d2-362b-4d69-995e-94fd5aceb4d1 ] Request (FlavorsAccessNegativeTestJSON:_run_cleanups): 202 DELETE http://10.180.1.21/compute/v2.1/flavors/545659231 1.167s
2025-01-02 16:11:45.628 67517 INFO tempest.lib.common.rest_client [req-355c9dd2-b7db-479a-92b7-2463e5c41c6a req-355c9dd2-b7db-479a-92b7-2463e5c41c6a ] Request (ServersAdminTestJSON:setUpClass): 200 GET http://10.180.1.21/compute/v2.1/servers/268ea42d-a322-4682-bbe8-4830a5ee0ddb 1.764s
2025-01-02 16:11:45.668 67565 INFO tempest.lib.common.rest_client [req-acae775d-bc25-41ec-a6e4-c1b8b241a6db req-acae775d-bc25-41ec-a6e4-c1b8b241a6db ] Request (FloatingIPsAssociationNegativeTestJSON:setUpClass): 200 GET http://10.180.1.21/compute/v2.1/servers/ac7b09d4-f0d0-4e83-bac9-66018c5a7be5 0.992s
2025-01-02 16:11:45.671 67555 INFO tempest.lib.common.rest_client [req-62a68538-59aa-47df-88f3-d5ebf3a766ce req-62a68538-59aa-47df-88f3-d5ebf3a766ce ] Request (ServicesAdminNegativeV253TestJSON:tearDownClass): 204 DELETE http://10.180.1.21:9696/networking/v2.0/security-groups/ba7dabdc-808f-435f-9f30-2829e3db2c99 0.198s
2025-01-02 16:11:45.674 67565 INFO tempest.common.waiters [-] State transition "BUILD/None" ==> "BUILD/networking" after 10 second wait
2025-01-02 16:11:45.706 67569 INFO tempest.lib.common.rest_client [req-b97576a4-d8e1-4947-883c-90e5d2706e22 req-b97576a4-d8e1-4947-883c-90e5d2706e22 ] Request (AttachInterfacesTestJSON:test_create_list_show_delete_interfaces_by_fixed_ip): 200 GET http://10.180.1.21/compute/v2.1/servers/b3e5ec90-5fdd-49db-bef5-196a1e6c0555 0.973s
2025-01-02 16:11:45.718 67561 INFO tempest.lib.common.rest_client [req-3e4f051d-3e14-4f7d-bfda-595efc144e7c req-3e4f051d-3e14-4f7d-bfda-595efc144e7c ] Request (AggregatesAdminNegativeTestJSON:test_aggregate_get_details_as_user): 403 GET http://10.180.1.21/compute/v2.1/os-aggregates/6 0.817s
2025-01-02 16:11:45.742 67563 INFO tempest.lib.common.rest_client [req-d00d15c2-4e0a-4aab-8cf2-3f4e535d16c5 req-d00d15c2-4e0a-4aab-8cf2-3f4e535d16c5 ] Request (FlavorsAdminTestJSON:_run_cleanups): 200 GET http://10.180.1.21/compute/v2.1/flavors/detail 0.822s
2025-01-02 16:11:45.755 67555 INFO tempest.lib.common.rest_client [req-c02d2e9b-3721-4a14-8d4a-cb966da77745 req-c02d2e9b-3721-4a14-8d4a-cb966da77745 ] Request (ServicesAdminNegativeV253TestJSON:tearDownClass): 204 DELETE http://10.180.1.21/identity/v3/projects/393657a9408f48d3aa1e61986f151d5f 0.083s
2025-01-02 16:11:45.756 67555 INFO tempest.lib.common.dynamic_creds [-] Deleting project and security group for project: 514242a5d34346db84a3ba42bfe82425
2025-01-02 16:11:45.820 67515 INFO tempest.lib.common.rest_client [req-da47db3f-497c-4eca-8e08-c60d3f744227 req-da47db3f-497c-4eca-8e08-c60d3f744227 ] Request (ServerGroup264TestJSON:setUpClass): 201 POST http://10.180.1.21:9696/networking/v2.0/subnets 0.849s
2025-01-02 16:11:45.964 67533 INFO tempest.lib.common.rest_client [req-3b5fb1e8-d9bc-43dd-a69a-fc6b9b83432b req-3b5fb1e8-d9bc-43dd-a69a-fc6b9b83432b ] Request (MigrationsAdminTest:test_list_migrations_in_flavor_resize_situation): 200 GET http://10.180.1.21/compute/v2.1/servers/d24ed5c9-c491-4b61-831e-1a6aa1bf824a 1.013s
2025-01-02 16:11:46.024 67555 INFO tempest.lib.common.rest_client [req-26de155c-3c04-418a-836c-a30a98ea6afd req-26de155c-3c04-418a-836c-a30a98ea6afd ] Request (ServicesAdminNegativeV253TestJSON:tearDownClass): 200 GET http://10.180.1.21:9696/networking/v2.0/security-groups?tenant_id=514242a5d34346db84a3ba42bfe82425&name=default 0.268s
2025-01-02 16:11:46.056 67541 INFO tempest.lib.common.rest_client [req-1aa53aa6-b13e-4e17-bce1-67bee029e5fa req-1aa53aa6-b13e-4e17-bce1-67bee029e5fa ] Request (ServersTestJSON:setUpClass): 201 POST http://10.180.1.21:9696/networking/v2.0/floatingips 1.508s
2025-01-02 16:11:46.061 67523 INFO tempest.lib.common.rest_client [req-15020b08-414c-4a4f-93ec-1b80309b9bc8 req-15020b08-414c-4a4f-93ec-1b80309b9bc8 ] Request (ServerDiagnosticsV248Test:tearDownClass): 200 GET http://10.180.1.21/compute/v2.1/servers/91771789-4d40-44e3-80fb-eb5157ebff7e 1.000s
2025-01-02 16:11:46.073 67523 INFO tempest.common.waiters [-] State transition "ACTIVE/deleting" ==> "DELETED/None" after 4 second wait
2025-01-02 16:11:46.090 67513 INFO tempest.lib.common.rest_client [req-3414831e-6a05-4994-a36e-6dc0922d176d req-3414831e-6a05-4994-a36e-6dc0922d176d ] Request (ServersTestBootFromVolume:setUpClass): 200 GET http://10.180.1.21/volume/v3/volumes/02af692f-7834-4357-97ea-e637e0ff6f94 0.043s
2025-01-02 16:11:46.148 67527 INFO tempest.lib.common.rest_client [req-9109371f-151b-4c8b-b16e-74eca51e7f8b req-9109371f-151b-4c8b-b16e-74eca51e7f8b ] Request (ImagesOneServerTestJSON:setUpClass): 200 GET http://10.180.1.21/compute/v2.1/servers/5a045b48-b38e-4454-9dbd-941a76d9cbdb 0.951s
2025-01-02 16:11:46.162 67541 INFO tempest.lib.common.rest_client [req-3f159cb2-12a9-4955-b0c0-22231429e730 req-3f159cb2-12a9-4955-b0c0-22231429e730 ] Request (ServersTestJSON:setUpClass): 201 POST http://10.180.1.21/identity/v3/auth/tokens 0.098s
2025-01-02 16:11:46.163 67541 INFO tempest.lib.common.fixed_network [-] (ServersTestJSON:setUpClass) Found network {'id': 'e01a2976-5557-4f78-986d-9ef8f20fc254', 'name': 'tempest-ServersTestJSON-1595368324-network', 'tenant_id': '82be25454c984bb2944b599dcdf89a1d', 'admin_state_up': True, 'mtu': 8950, 'status': 'ACTIVE', 'subnets': [], 'shared': False, 'project_id': '82be25454c984bb2944b599dcdf89a1d', 'port_security_enabled': True, 'router:external': False, 'provider:network_type': 'vlan', 'provider:physical_network': 'default', 'provider:segmentation_id': 399, 'availability_zone_hints': [], 'availability_zones': [], 'ipv4_address_scope': None, 'ipv6_address_scope': None, 'description': '', 'tags': [], 'created_at': '2025-01-02T16:11:38Z', 'updated_at': '2025-01-02T16:11:38Z', 'revision_number': 1} available for tenant
2025-01-02 16:11:46.178 67521 INFO tempest.lib.common.rest_client [req-62a61825-cec9-4405-9ee3-8a0225a742d9 req-62a61825-cec9-4405-9ee3-8a0225a742d9 ] Request (ImagesNegativeTestJSON:tearDownClass): 404 DELETE http://10.180.1.21/compute/v2.1/servers/74b91bb8-70e5-40ba-8143-00df428def98 0.951s
2025-01-02 16:11:46.251 67555 INFO tempest.lib.common.rest_client [req-26d73460-4f36-4d99-aa3f-b3f7dc9a754b req-26d73460-4f36-4d99-aa3f-b3f7dc9a754b ] Request (ServicesAdminNegativeV253TestJSON:tearDownClass): 204 DELETE http://10.180.1.21:9696/networking/v2.0/security-groups/90b9905d-d348-4820-bbf9-d206d32ed4e7 0.227s
2025-01-02 16:11:46.367 67525 INFO tempest.lib.common.rest_client [req-2107c500-8562-4c48-9468-533ceb0624a3 req-2107c500-8562-4c48-9468-533ceb0624a3 ] Request (QuotasAdminTestJSON:test_get_updated_quotas): 200 PUT http://10.180.1.21/compute/v2.1/os-quota-sets/d9ea7f2778184b5e9fa24cb1d781cf55?user_id=99f0557a7e3f45479d2a79d2633c8b12 1.079s
2025-01-02 16:11:46.392 67555 INFO tempest.lib.common.rest_client [req-5d43e740-effc-4ab2-b4f1-206e29d8fca2 req-5d43e740-effc-4ab2-b4f1-206e29d8fca2 ] Request (ServicesAdminNegativeV253TestJSON:tearDownClass): 204 DELETE http://10.180.1.21/identity/v3/projects/514242a5d34346db84a3ba42bfe82425 0.140s
2025-01-02 16:11:46.427 67529 INFO tempest.lib.common.rest_client [req-22f0d17e-b130-42c1-88ae-76270475f0e5 req-22f0d17e-b130-42c1-88ae-76270475f0e5 ] Request (FloatingIPsAssociationTestJSON:test_associate_already_associated_floating_ip): 200 GET http://10.180.1.21/compute/v2.1/servers/9abfee9e-396c-46ac-ad65-3d48e08ee213 1.115s
2025-01-02 16:11:46.463 67555 INFO tempest.lib.common.rest_client [req-4a1f8a9f-71b8-4767-8139-d01a145ab78d req-4a1f8a9f-71b8-4767-8139-d01a145ab78d ] Request (TenantUsagesNegativeTestJSON:setUpClass): 201 POST http://10.180.1.21/identity/v3/auth/tokens 0.069s
2025-01-02 16:11:46.501 67555 INFO tempest.lib.common.rest_client [req-ef6c761a-3792-4a35-8f95-05bf32cf446b req-ef6c761a-3792-4a35-8f95-05bf32cf446b ] Request (TenantUsagesNegativeTestJSON:setUpClass): 201 POST http://10.180.1.21/identity/v3/auth/tokens 0.036s
2025-01-02 16:11:46.510 67567 INFO tempest.lib.common.rest_client [req-b8a7adcb-11b0-403f-beb2-71eda738a305 req-b8a7adcb-11b0-403f-beb2-71eda738a305 ] Request (FloatingIPDetailsTestJSON:tearDownClass): 202 DELETE http://10.180.1.21/compute/v2.1/os-floating-ips/f0f0da0c-3d6c-4a12-9604-187e5e12e45f 1.643s
2025-01-02 16:11:46.543 67555 INFO tempest.lib.common.rest_client [req-c9c2a327-4f50-430d-a585-5fac3c6aedca req-c9c2a327-4f50-430d-a585-5fac3c6aedca ] Request (TenantUsagesNegativeTestJSON:setUpClass): 200 GET http://10.180.1.21/identity/v3/domains?name=Default 0.042s
2025-01-02 16:11:46.577 67555 INFO tempest.lib.common.rest_client [req-c60c2725-f1f1-4729-ab32-4c739ad823fd req-c60c2725-f1f1-4729-ab32-4c739ad823fd ] Request (TenantUsagesNegativeTestJSON:setUpClass): 201 POST http://10.180.1.21/identity/v3/projects 0.034s
2025-01-02 16:11:46.581 67519 INFO tempest.lib.common.rest_client [req-752fae50-846d-45b1-8823-d6cef3c42857 req-752fae50-846d-45b1-8823-d6cef3c42857 ] Request (ServersWithSpecificFlavorTestJSON:test_verify_created_server_ephemeral_disk): 200 GET http://10.180.1.21/compute/v2.1/servers/0354eec1-62db-4d03-90f0-3fc33c3f2fda 1.217s
2025-01-02 16:11:46.590 67519 INFO tempest.lib.common.ssh [-] Creating ssh connection to '10.180.180.146:22' as 'cirros' with public key authentication
2025-01-02 16:11:46.620 67511 INFO tempest.lib.common.rest_client [req-583348f2-b19d-415a-84a4-22dcc3d35034 req-583348f2-b19d-415a-84a4-22dcc3d35034 ] Request (FlavorsAccessNegativeTestJSON:_run_cleanups): 200 GET http://10.180.1.21/compute/v2.1/flavors/detail 1.020s
2025-01-02 16:11:46.649 67561 INFO tempest.lib.common.rest_client [req-12629a4c-4c75-4f95-9d96-d3e3b8f7a8b3 req-12629a4c-4c75-4f95-9d96-d3e3b8f7a8b3 ] Request (AggregatesAdminNegativeTestJSON:_run_cleanups): 200 DELETE http://10.180.1.21/compute/v2.1/os-aggregates/6 0.927s
2025-01-02 16:11:46.654 67551 INFO tempest.lib.common.rest_client [req-422e8af2-e443-4aa5-b7db-7138cbb86bf4 req-422e8af2-e443-4aa5-b7db-7138cbb86bf4 ] Request (DeleteServersAdminTestJSON:test_delete_server_while_in_error_state): 200 GET http://10.180.1.21/compute/v2.1/servers/901c53f8-b256-4858-ba26-99f3403c3686 1.070s
2025-01-02 16:11:46.659 67555 INFO tempest.lib.common.rest_client [req-9956ed80-36da-46bf-8815-03f2f53dd0d7 req-9956ed80-36da-46bf-8815-03f2f53dd0d7 ] Request (TenantUsagesNegativeTestJSON:setUpClass): 201 POST http://10.180.1.21/identity/v3/users 0.081s
2025-01-02 16:11:46.680 67563 INFO tempest.lib.common.rest_client [req-d7278be5-abe2-4164-b10d-d9f4214337ce req-d7278be5-abe2-4164-b10d-d9f4214337ce ] Request (FlavorsAdminTestJSON:test_is_public_string_variations): 200 POST http://10.180.1.21/compute/v2.1/flavors 0.929s
2025-01-02 16:11:46.683 67555 INFO tempest.lib.common.rest_client [req-9fddf087-eba7-4e5b-a8c0-1a1deeeb6f32 req-9fddf087-eba7-4e5b-a8c0-1a1deeeb6f32 ] Request (TenantUsagesNegativeTestJSON:setUpClass): 200 GET http://10.180.1.21/identity/v3/roles 0.023s
2025-01-02 16:11:46.729 67555 INFO tempest.lib.common.rest_client [req-73650e5f-1e8f-4fb7-a6fd-8d2e14bb5f37 req-73650e5f-1e8f-4fb7-a6fd-8d2e14bb5f37 ] Request (TenantUsagesNegativeTestJSON:setUpClass): 204 PUT http://10.180.1.21/identity/v3/projects/25058efc2bed409aa51a6e1bba7a8b99/users/0c8cb559dc2946aaab4f11f0a726c917/roles/36a2746edbf44d0aa06fa5a08396b8c2 0.046s
2025-01-02 16:11:46.730 67555 INFO tempest.lib.common.dynamic_creds [-] Dynamic test user 0c8cb559dc2946aaab4f11f0a726c917 is created with scope project and roles: ['member']
2025-01-02 16:11:46.730 67555 INFO tempest.lib.common.dynamic_creds [-] Acquired dynamic creds: credentials: Credentials: {'domain_id': 'default', 'domain_name': 'Default', 'username': 'tempest-TenantUsagesNegativeTestJSON-844521079-project-member', 'project_domain_id': 'default', 'project_domain_name': 'Default', 'project_id': '25058efc2bed409aa51a6e1bba7a8b99', 'project_name': 'tempest-TenantUsagesNegativeTestJSON-844521079', 'tenant_id': '25058efc2bed409aa51a6e1bba7a8b99', 'tenant_name': 'tempest-TenantUsagesNegativeTestJSON-844521079', 'user_domain_id': 'default', 'user_domain_name': 'Default', 'user_id': '0c8cb559dc2946aaab4f11f0a726c917', 'system': None}, Network: None, Subnet: None, Router: None
2025-01-02 16:11:46.730 67555 INFO tempest.lib.common.dynamic_creds [-] Created isolated network resources for: credentials: Credentials: {'domain_id': 'default', 'domain_name': 'Default', 'username': 'tempest-TenantUsagesNegativeTestJSON-844521079-project-member', 'project_domain_id': 'default', 'project_domain_name': 'Default', 'project_id': '25058efc2bed409aa51a6e1bba7a8b99', 'project_name': 'tempest-TenantUsagesNegativeTestJSON-844521079', 'tenant_id': '25058efc2bed409aa51a6e1bba7a8b99', 'tenant_name': 'tempest-TenantUsagesNegativeTestJSON-844521079', 'user_domain_id': 'default', 'user_domain_name': 'Default', 'user_id': '0c8cb559dc2946aaab4f11f0a726c917', 'system': None}, Network: None, Subnet: None, Router: None
2025-01-02 16:11:46.768 67553 INFO tempest.lib.common.rest_client [req-8f82ba14-0f59-45cd-a568-44d81e89b0df req-8f82ba14-0f59-45cd-a568-44d81e89b0df ] Request (ImagesTestJSON:test_create_image_from_stopped_server): 200 GET http://10.180.1.21/compute/v2.1/servers/dd16daca-5449-43fa-a8ee-4f3b894a4c66 0.830s
2025-01-02 16:11:46.794 67511 INFO tempest.lib.common.rest_client [req-255f5f81-2bcc-4dc8-9842-066f9a142800 req-255f5f81-2bcc-4dc8-9842-066f9a142800 ] Request (FlavorsAccessNegativeTestJSON:tearDownClass): 204 DELETE http://10.180.1.21/identity/v3/users/4093d3661bd1452fa9b7b4def5c7f2db 0.167s
2025-01-02 16:11:46.860 67557 INFO tempest.lib.common.rest_client [req-90f30d3f-b1d9-4c31-9b66-5377d9e4c228 req-90f30d3f-b1d9-4c31-9b66-5377d9e4c228 ] Request (ServerPasswordTestJSON:setUpClass): 200 GET http://10.180.1.21/compute/v2.1/servers/f4071a28-a992-4805-af62-d21c1494538a 0.834s
2025-01-02 16:11:46.870 67555 INFO tempest.lib.common.rest_client [req-c3269667-61ab-4ad5-a5cb-e182c5bf2e69 req-c3269667-61ab-4ad5-a5cb-e182c5bf2e69 ] Request (TenantUsagesNegativeTestJSON:setUpClass): 201 POST http://10.180.1.21/identity/v3/auth/tokens 0.136s
2025-01-02 16:11:46.900 67537 INFO tempest.lib.common.rest_client [req-4d90d4b8-33ed-495d-8f9c-266d30009b40 req-4d90d4b8-33ed-495d-8f9c-266d30009b40 ] Request (ServerTagsTestJSON:setUpClass): 200 GET http://10.180.1.21/compute/v2.1/servers/bd01f2de-9477-4948-a437-8986b71d45ba 1.152s
2025-01-02 16:11:46.930 67511 INFO tempest.lib.common.rest_client [req-b86a013f-7165-41fb-9141-bc50a2fcce1d req-b86a013f-7165-41fb-9141-bc50a2fcce1d ] Request (FlavorsAccessNegativeTestJSON:tearDownClass): 204 DELETE http://10.180.1.21/identity/v3/users/d4163f375ca447778667a8848ed9f75f 0.135s
2025-01-02 16:11:46.962 67543 INFO tempest.lib.common.rest_client [req-ca5e7846-3fba-4638-8b1e-4702fe4d4776 req-ca5e7846-3fba-4638-8b1e-4702fe4d4776 ] Request (AttachVolumeNegativeTest:test_attach_attached_volume_to_different_server): 200 GET http://10.180.1.21/compute/v2.1/servers/9448072f-484d-4136-a6a7-01794d97f2ee 0.868s
2025-01-02 16:11:46.974 67555 INFO tempest.lib.common.rest_client [req-5f6c792f-c81f-4fcb-a223-8fcd11a07efc req-5f6c792f-c81f-4fcb-a223-8fcd11a07efc ] Request (TenantUsagesNegativeTestJSON:setUpClass): 201 POST http://10.180.1.21/identity/v3/projects 0.104s
2025-01-02 16:11:46.975 67543 INFO tempest.common.waiters [-] State transition "BUILD/scheduling" ==> "BUILD/None" after 7 second wait
2025-01-02 16:11:46.991 67539 INFO tempest.lib.common.rest_client [req-cdf43d62-201d-43a1-97b2-f5d0afeecf78 req-cdf43d62-201d-43a1-97b2-f5d0afeecf78 ] Request (ServerActionsTestOtherA:setUpClass): 200 PUT http://10.180.1.21:9696/networking/v2.0/routers/8abfaaec-9e31-404e-9930-79beb8b4b78f/add_router_interface 1.929s
2025-01-02 16:11:46.992 67539 INFO tempest.lib.common.dynamic_creds [-] Created isolated network resources for: credentials: Credentials: {'domain_id': 'default', 'domain_name': 'Default', 'username': 'tempest-ServerActionsTestOtherA-431085301-project-member', 'project_domain_id': 'default', 'project_domain_name': 'Default', 'project_id': '1875db467d23483ebfd4374612d40d76', 'project_name': 'tempest-ServerActionsTestOtherA-431085301', 'tenant_id': '1875db467d23483ebfd4374612d40d76', 'tenant_name': 'tempest-ServerActionsTestOtherA-431085301', 'user_domain_id': 'default', 'user_domain_name': 'Default', 'user_id': '1fc0e639b132447eb7f29ac435da7300', 'system': None}, Network: {'id': '9ab0aae8-72dd-4e58-9e0c-56d613b7148d', 'name': 'tempest-ServerActionsTestOtherA-2091899161-network', 'tenant_id': '1875db467d23483ebfd4374612d40d76', 'admin_state_up': True, 'mtu': 8950, 'status': 'ACTIVE', 'subnets': [], 'shared': False, 'project_id': '1875db467d23483ebfd4374612d40d76', 'port_security_enabled': True, 'router:external': False, 'provider:network_type': 'vlan', 'provider:physical_network': 'default', 'provider:segmentation_id': 680, 'availability_zone_hints': [], 'availability_zones': [], 'ipv4_address_scope': None, 'ipv6_address_scope': None, 'description': '', 'tags': [], 'created_at': '2025-01-02T16:11:42Z', 'updated_at': '2025-01-02T16:11:42Z', 'revision_number': 1}, Subnet: {'id': 'fbd7cbc0-d0a8-4b75-8c78-b03dfbc7dea6', 'name': 'tempest-ServerActionsTestOtherA-2091899161-subnet', 'tenant_id': '1875db467d23483ebfd4374612d40d76', 'network_id': '9ab0aae8-72dd-4e58-9e0c-56d613b7148d', 'ip_version': 4, 'subnetpool_id': None, 'enable_dhcp': True, 'ipv6_ra_mode': None, 'ipv6_address_mode': None, 'gateway_ip': '192.168.128.1', 'cidr': '192.168.128.0/28', 'allocation_pools': [{'start': '192.168.128.2', 'end': '192.168.128.14'}], 'host_routes': [], 'dns_nameservers': [], 'description': '', 'router:external': False, 'service_types': [], 'tags': [], 'created_at': '2025-01-02T16:11:42Z', 'updated_at': '2025-01-02T16:11:42Z', 'revision_number': 0, 'project_id': '1875db467d23483ebfd4374612d40d76'}, Router: {'id': '8abfaaec-9e31-404e-9930-79beb8b4b78f', 'name': 'tempest-ServerActionsTestOtherA-2091899161-router', 'tenant_id': '1875db467d23483ebfd4374612d40d76', 'admin_state_up': True, 'status': 'ACTIVE', 'external_gateway_info': {'network_id': '74b9c82e-ee43-4964-80bd-ac9b49214bbb', 'external_fixed_ips': [{'subnet_id': '84868bad-3a56-482a-9cb8-6e8ccbf4d371', 'ip_address': '10.180.180.133'}], 'enable_snat': True}, 'description': '', 'availability_zones': [], 'distributed': False, 'ha': False, 'availability_zone_hints': [], 'routes': [], 'flavor_id': None, 'tags': [], 'created_at': '2025-01-02T16:11:43Z', 'updated_at': '2025-01-02T16:11:43Z', 'revision_number': 2, 'project_id': '1875db467d23483ebfd4374612d40d76'}
2025-01-02 16:11:47.050 67549 INFO tempest.lib.common.rest_client [req-55f2f2f2-7560-4f37-959b-e11789ec8cbb req-55f2f2f2-7560-4f37-959b-e11789ec8cbb ] Request (ListImageFiltersTestJSON:setUpClass): 200 GET http://10.180.1.21/compute/v2.1/servers/2d4bd888-b055-4254-8841-f6d8d8c94900 0.886s
2025-01-02 16:11:47.078 67521 INFO tempest.lib.common.rest_client [req-2032a36a-dca1-4515-809a-25e0bef0bd84 req-2032a36a-dca1-4515-809a-25e0bef0bd84 ] Request (ImagesNegativeTestJSON:tearDownClass): 404 GET http://10.180.1.21/compute/v2.1/servers/74b91bb8-70e5-40ba-8143-00df428def98 0.898s
2025-01-02 16:11:47.087 67555 INFO tempest.lib.common.rest_client [req-708e0f5e-635c-4ac0-ad97-9edd87a24f51 req-708e0f5e-635c-4ac0-ad97-9edd87a24f51 ] Request (TenantUsagesNegativeTestJSON:setUpClass): 201 POST http://10.180.1.21/identity/v3/users 0.112s
2025-01-02 16:11:47.145 67513 INFO tempest.lib.common.rest_client [req-eb1161b3-eb72-46bf-a85b-529a4dd87772 req-eb1161b3-eb72-46bf-a85b-529a4dd87772 ] Request (ServersTestBootFromVolume:setUpClass): 200 GET http://10.180.1.21/volume/v3/volumes/02af692f-7834-4357-97ea-e637e0ff6f94 0.045s
2025-01-02 16:11:47.194 67509 INFO tempest.lib.common.rest_client [req-adca0eb4-8b10-4c6e-8512-4b5274301a00 req-adca0eb4-8b10-4c6e-8512-4b5274301a00 ] Request (ServerDiagnosticsNegativeTest:tearDownClass): 200 GET http://10.180.1.21/compute/v2.1/servers/f8297a48-bbdb-4ee8-855d-e6d885569412 0.960s
2025-01-02 16:11:47.203 67539 INFO tempest.lib.common.rest_client [req-4eb5cd6e-dfc1-4e1e-8215-304bb87d42d8 req-4eb5cd6e-dfc1-4e1e-8215-304bb87d42d8 ] Request (ServerActionsTestOtherA:setUpClass): 201 POST http://10.180.1.21/identity/v3/auth/tokens 0.205s
2025-01-02 16:11:47.204 67511 INFO tempest.lib.common.rest_client [req-712aee3b-338b-4bf6-bb1e-c112761f035e req-712aee3b-338b-4bf6-bb1e-c112761f035e ] Request (FlavorsAccessNegativeTestJSON:tearDownClass): 204 DELETE http://10.180.1.21/identity/v3/users/c03432e8badf43aaaf2b745c6c68da51 0.271s
2025-01-02 16:11:47.204 67511 INFO tempest.lib.common.dynamic_creds [-] Deleting project and security group for project: 4150586a6fc94c448f57a0ce3881946a
2025-01-02 16:11:47.277 67531 INFO tempest.lib.common.rest_client [req-b1c457b3-68c7-4203-bdb7-29736121c060 req-b1c457b3-68c7-4203-bdb7-29736121c060 ] Request (ServerExternalEventsTest:tearDownClass): 200 GET http://10.180.1.21/compute/v2.1/servers/be575c77-01c9-4cdd-b310-5022e712a449 0.994s
2025-01-02 16:11:47.279 67511 INFO tempest.lib.common.rest_client [req-0c732c13-5d98-47e3-bc2a-041aecc69562 req-0c732c13-5d98-47e3-bc2a-041aecc69562 ] Request (FlavorsAccessNegativeTestJSON:tearDownClass): 201 POST http://10.180.1.21/identity/v3/auth/tokens 0.074s
2025-01-02 16:11:47.286 67531 INFO tempest.common.waiters [-] State transition "ACTIVE/deleting" ==> "DELETED/None" after 4 second wait
2025-01-02 16:11:47.295 67555 INFO tempest.lib.common.rest_client [req-2f908657-d7ec-4b44-8c64-37fcbf836c4a req-2f908657-d7ec-4b44-8c64-37fcbf836c4a ] Request (TenantUsagesNegativeTestJSON:setUpClass): 200 GET http://10.180.1.21/identity/v3/roles 0.208s
2025-01-02 16:11:47.383 67555 INFO tempest.lib.common.rest_client [req-fea1ebc5-8b43-4d2e-9e7f-c9c60f9b5c50 req-fea1ebc5-8b43-4d2e-9e7f-c9c60f9b5c50 ] Request (TenantUsagesNegativeTestJSON:setUpClass): 204 PUT http://10.180.1.21/identity/v3/projects/db002ceab77e43ef9f8191ba553938f5/users/5529d7ad36f84d559808bae06fa2c981/roles/7f59e5450e0f42d582a15dd359724845 0.087s
2025-01-02 16:11:47.452 67555 INFO tempest.lib.common.rest_client [req-6c747ae6-e29f-4e43-8c52-e86af381471c req-6c747ae6-e29f-4e43-8c52-e86af381471c ] Request (TenantUsagesNegativeTestJSON:setUpClass): 200 GET http://10.180.1.21/identity/v3/roles 0.069s
2025-01-02 16:11:47.469 67525 INFO tempest.lib.common.rest_client [req-ba1b1133-a260-4723-b347-7098b08945bb req-ba1b1133-a260-4723-b347-7098b08945bb ] Request (QuotasAdminTestJSON:test_get_updated_quotas): 200 GET http://10.180.1.21/compute/v2.1/os-quota-sets/d9ea7f2778184b5e9fa24cb1d781cf55?user_id=99f0557a7e3f45479d2a79d2633c8b12 1.100s
2025-01-02 16:11:47.473 67555 INFO tempest.lib.common.rest_client [req-0537be6c-dcd1-4c84-a3bb-e7891245ec19 req-0537be6c-dcd1-4c84-a3bb-e7891245ec19 ] Request (TenantUsagesNegativeTestJSON:setUpClass): 204 PUT http://10.180.1.21/identity/v3/projects/db002ceab77e43ef9f8191ba553938f5/users/5529d7ad36f84d559808bae06fa2c981/roles/7f59e5450e0f42d582a15dd359724845 0.020s
2025-01-02 16:11:47.473 67555 INFO tempest.lib.common.dynamic_creds [-] Dynamic test user 5529d7ad36f84d559808bae06fa2c981 is created with scope project and roles: ['admin']
2025-01-02 16:11:47.474 67555 INFO tempest.lib.common.dynamic_creds [-] Acquired dynamic creds: credentials: Credentials: {'domain_id': 'default', 'domain_name': 'Default', 'username': 'tempest-TenantUsagesNegativeTestJSON-302157745-project-admin', 'project_domain_id': 'default', 'project_domain_name': 'Default', 'project_id': 'db002ceab77e43ef9f8191ba553938f5', 'project_name': 'tempest-TenantUsagesNegativeTestJSON-302157745', 'tenant_id': 'db002ceab77e43ef9f8191ba553938f5', 'tenant_name': 'tempest-TenantUsagesNegativeTestJSON-302157745', 'user_domain_id': 'default', 'user_domain_name': 'Default', 'user_id': '5529d7ad36f84d559808bae06fa2c981', 'system': None}, Network: None, Subnet: None, Router: None
2025-01-02 16:11:47.474 67555 INFO tempest.lib.common.dynamic_creds [-] Created isolated network resources for: credentials: Credentials: {'domain_id': 'default', 'domain_name': 'Default', 'username': 'tempest-TenantUsagesNegativeTestJSON-302157745-project-admin', 'project_domain_id': 'default', 'project_domain_name': 'Default', 'project_id': 'db002ceab77e43ef9f8191ba553938f5', 'project_name': 'tempest-TenantUsagesNegativeTestJSON-302157745', 'tenant_id': 'db002ceab77e43ef9f8191ba553938f5', 'tenant_name': 'tempest-TenantUsagesNegativeTestJSON-302157745', 'user_domain_id': 'default', 'user_domain_name': 'Default', 'user_id': '5529d7ad36f84d559808bae06fa2c981', 'system': None}, Network: None, Subnet: None, Router: None
2025-01-02 16:11:47.573 67555 INFO tempest.lib.common.rest_client [req-539ce325-52d0-41a3-a211-cd1f6e1061cb req-539ce325-52d0-41a3-a211-cd1f6e1061cb ] Request (TenantUsagesNegativeTestJSON:setUpClass): 201 POST http://10.180.1.21/identity/v3/auth/tokens 0.095s
2025-01-02 16:11:47.577 67511 INFO tempest.lib.common.rest_client [req-44963606-108c-4330-af62-d4579846cacf req-44963606-108c-4330-af62-d4579846cacf ] Request (FlavorsAccessNegativeTestJSON:tearDownClass): 200 GET http://10.180.1.21:9696/networking/v2.0/security-groups?tenant_id=4150586a6fc94c448f57a0ce3881946a&name=default 0.298s
2025-01-02 16:11:47.583 67525 INFO tempest.lib.common.rest_client [req-99f70c9a-fdff-4101-8f34-2db333cb68f1 req-99f70c9a-fdff-4101-8f34-2db333cb68f1 ] Request (QuotasAdminTestJSON:_run_cleanups): 204 DELETE http://10.180.1.21/identity/v3/users/99f0557a7e3f45479d2a79d2633c8b12 0.112s
2025-01-02 16:11:47.693 67525 INFO tempest.lib.common.rest_client [req-ae6d0318-cfe2-4a7e-821a-3e7614d5f6a3 req-ae6d0318-cfe2-4a7e-821a-3e7614d5f6a3 ] Request (QuotasAdminTestJSON:_run_cleanups): 204 DELETE http://10.180.1.21/identity/v3/projects/d9ea7f2778184b5e9fa24cb1d781cf55 0.109s
2025-01-02 16:11:47.838 67511 INFO tempest.lib.common.rest_client [req-9fa23ff6-8638-4632-a828-ac5549f663c8 req-9fa23ff6-8638-4632-a828-ac5549f663c8 ] Request (FlavorsAccessNegativeTestJSON:tearDownClass): 204 DELETE http://10.180.1.21:9696/networking/v2.0/security-groups/e672ce81-846b-47fe-9a9d-17666799d93d 0.260s
2025-01-02 16:11:47.981 67511 INFO tempest.lib.common.rest_client [req-06189f4c-b811-448e-99f3-188d43b486d7 req-06189f4c-b811-448e-99f3-188d43b486d7 ] Request (FlavorsAccessNegativeTestJSON:tearDownClass): 204 DELETE http://10.180.1.21/identity/v3/projects/4150586a6fc94c448f57a0ce3881946a 0.143s
2025-01-02 16:11:47.981 67511 INFO tempest.lib.common.dynamic_creds [-] Deleting project and security group for project: f57ec9c4e5f44080a7cd0f76b20e201c
2025-01-02 16:11:48.143 67515 INFO tempest.lib.common.rest_client [req-01384029-e370-4c6e-a1a5-fcebef6b02e4 req-01384029-e370-4c6e-a1a5-fcebef6b02e4 ] Request (ServerGroup264TestJSON:setUpClass): 201 POST http://10.180.1.21:9696/networking/v2.0/routers 2.322s
2025-01-02 16:11:48.146 67567 INFO tempest.lib.common.rest_client [req-35f110f3-f8f7-4ca2-911b-be295896580d req-35f110f3-f8f7-4ca2-911b-be295896580d ] Request (FloatingIPDetailsTestJSON:tearDownClass): 202 DELETE http://10.180.1.21/compute/v2.1/os-floating-ips/9fa9be13-5fd2-409b-acaa-1166c9fe9471 1.634s
2025-01-02 16:11:48.175 67541 INFO tempest.lib.common.rest_client [req-f2c2824d-558d-42c7-8be8-9e25d19623d2 req-f2c2824d-558d-42c7-8be8-9e25d19623d2 ] Request (ServersTestJSON:setUpClass): 202 POST http://10.180.1.21/compute/v2.1/servers 2.011s
2025-01-02 16:11:48.191 67561 INFO tempest.lib.common.rest_client [req-43e0c9e6-eaa7-4244-93ed-be973afeb285 req-43e0c9e6-eaa7-4244-93ed-be973afeb285 ] Request (AggregatesAdminNegativeTestJSON:test_aggregate_get_details_with_invalid_id): 404 GET http://10.180.1.21/compute/v2.1/os-aggregates/-1 1.540s
