2025-01-02 16:11:52.322 67525 INFO tempest.lib.common.rest_client [req-d417b2ee-498f-4262-84ad-c82efaf230b3 req-d417b2ee-498f-4262-84ad-c82efaf230b3 ] Request (ImagesOneServerNegativeTestJSON:setUpClass): 200 GET http://10.180.1.21/identity/v3/domains?name=Default 0.094s
2025-01-02 16:11:52.350 67555 INFO tempest.lib.common.rest_client [req-506bdbf0-d108-4cec-826e-10b8f62eabb6 req-506bdbf0-d108-4cec-826e-10b8f62eabb6 ] Request (ServerActionsTestOtherB:setUpClass): 201 POST http://10.180.1.21/identity/v3/users 0.088s
2025-01-02 16:11:52.353 67525 INFO tempest.lib.common.rest_client [req-09bca51b-baa3-4179-97ca-ababc90e1910 req-09bca51b-baa3-4179-97ca-ababc90e1910 ] Request (ImagesOneServerNegativeTestJSON:setUpClass): 201 POST http://10.180.1.21/identity/v3/projects 0.030s
2025-01-02 16:11:52.375 67511 INFO tempest.lib.common.rest_client [req-87fa8f9a-9382-4b20-9fd5-817be28a73c5 req-87fa8f9a-9382-4b20-9fd5-817be28a73c5 ] Request (QuotasAdminNegativeTest:test_create_server_when_cpu_quota_is_full): 200 PUT http://10.180.1.21/compute/v2.1/os-quota-sets/e0e03fbef4c34c71861333786b6119d1 0.838s
2025-01-02 16:11:52.397 67567 INFO tempest.lib.common.rest_client [req-e1b7af4f-c6b6-4904-b977-a2c0b599c519 req-e1b7af4f-c6b6-4904-b977-a2c0b599c519 ] Request (FloatingIPDetailsTestJSON:tearDownClass): 204 DELETE http://10.180.1.21:9696/networking/v2.0/routers/f50cd472-332b-48aa-8593-2ae26a280e76 0.952s
2025-01-02 16:11:52.408 67555 INFO tempest.lib.common.rest_client [req-5a0fa958-e39f-4441-bd6d-245ff58409ff req-5a0fa958-e39f-4441-bd6d-245ff58409ff ] Request (ServerActionsTestOtherB:setUpClass): 200 GET http://10.180.1.21/identity/v3/roles 0.056s
2025-01-02 16:11:52.415 67561 INFO tempest.lib.common.rest_client [req-4d7dcf11-9bc9-4562-92a0-e05099c362b1 req-4d7dcf11-9bc9-4562-92a0-e05099c362b1 ] Request (AggregatesAdminNegativeTestJSON:_run_cleanups): 200 DELETE http://10.180.1.21/compute/v2.1/os-aggregates/7 0.591s
2025-01-02 16:11:52.424 67525 INFO tempest.lib.common.rest_client [req-2c5a91aa-ec09-4e49-b9ef-7334431965fd req-2c5a91aa-ec09-4e49-b9ef-7334431965fd ] Request (ImagesOneServerNegativeTestJSON:setUpClass): 201 POST http://10.180.1.21/identity/v3/users 0.070s
2025-01-02 16:11:52.450 67563 INFO tempest.lib.common.rest_client [req-2b365187-0905-49b6-a508-8f7ef1b67aaf req-2b365187-0905-49b6-a508-8f7ef1b67aaf ] Request (FlavorsAdminTestJSON:test_is_public_string_variations): 200 GET http://10.180.1.21/compute/v2.1/flavors/detail?is_public=true 0.593s
2025-01-02 16:11:52.455 67513 INFO tempest.lib.common.rest_client [req-fc5cd567-d936-4c61-9b36-71dfea3a8862 req-fc5cd567-d936-4c61-9b36-71dfea3a8862 ] Request (ServersTestBootFromVolume:setUpClass): 200 GET http://10.180.1.21/volume/v3/volumes/02af692f-7834-4357-97ea-e637e0ff6f94 0.060s
2025-01-02 16:11:52.460 67511 INFO tempest.lib.common.rest_client [req-dd56f07c-0a48-4157-b276-31bb00d54771 req-dd56f07c-0a48-4157-b276-31bb00d54771 ] Request (QuotasAdminNegativeTest:test_create_server_when_cpu_quota_is_full): 201 POST http://10.180.1.21/identity/v3/auth/tokens 0.078s
2025-01-02 16:11:52.462 67511 INFO tempest.lib.common.fixed_network [-] (QuotasAdminNegativeTest:test_create_server_when_cpu_quota_is_full) Found network None available for tenant
2025-01-02 16:11:52.475 67525 INFO tempest.lib.common.rest_client [req-c0008f7a-557c-4418-aa12-d2bf3c0fa3c1 req-c0008f7a-557c-4418-aa12-d2bf3c0fa3c1 ] Request (ImagesOneServerNegativeTestJSON:setUpClass): 200 GET http://10.180.1.21/identity/v3/roles 0.050s
2025-01-02 16:11:52.485 67555 INFO tempest.lib.common.rest_client [req-200fe430-be16-4a90-bd44-2491c3f64ada req-200fe430-be16-4a90-bd44-2491c3f64ada ] Request (ServerActionsTestOtherB:setUpClass): 204 PUT http://10.180.1.21/identity/v3/projects/95f87cbdf82c440982db2993856cea3b/users/531ac15665264f3eb2d8258b9479c83d/roles/36a2746edbf44d0aa06fa5a08396b8c2 0.076s
2025-01-02 16:11:52.485 67555 INFO tempest.lib.common.dynamic_creds [-] Dynamic test user 531ac15665264f3eb2d8258b9479c83d is created with scope project and roles: ['member']
2025-01-02 16:11:52.485 67555 INFO tempest.lib.common.dynamic_creds [-] Acquired dynamic creds: credentials: Credentials: {'domain_id': 'default', 'domain_name': 'Default', 'username': 'tempest-ServerActionsTestOtherB-907645648-project-member', 'project_domain_id': 'default', 'project_domain_name': 'Default', 'project_id': '95f87cbdf82c440982db2993856cea3b', 'project_name': 'tempest-ServerActionsTestOtherB-907645648', 'tenant_id': '95f87cbdf82c440982db2993856cea3b', 'tenant_name': 'tempest-ServerActionsTestOtherB-907645648', 'user_domain_id': 'default', 'user_domain_name': 'Default', 'user_id': '531ac15665264f3eb2d8258b9479c83d', 'system': None}, Network: None, Subnet: None, Router: None
2025-01-02 16:11:52.500 67525 INFO tempest.lib.common.rest_client [req-e5b2d7fc-5cdd-4c8f-99b6-f62d408d7c1b req-e5b2d7fc-5cdd-4c8f-99b6-f62d408d7c1b ] Request (ImagesOneServerNegativeTestJSON:setUpClass): 204 PUT http://10.180.1.21/identity/v3/projects/b56a852dd271483b8650cc53dc4c0b39/users/8cdae7c38bd6478bbcc836b917e08993/roles/36a2746edbf44d0aa06fa5a08396b8c2 0.025s
2025-01-02 16:11:52.501 67525 INFO tempest.lib.common.dynamic_creds [-] Dynamic test user 8cdae7c38bd6478bbcc836b917e08993 is created with scope project and roles: ['member']
2025-01-02 16:11:52.501 67525 INFO tempest.lib.common.dynamic_creds [-] Acquired dynamic creds: credentials: Credentials: {'domain_id': 'default', 'domain_name': 'Default', 'username': 'tempest-ImagesOneServerNegativeTestJSON-1636457130-project-member', 'project_domain_id': 'default', 'project_domain_name': 'Default', 'project_id': 'b56a852dd271483b8650cc53dc4c0b39', 'project_name': 'tempest-ImagesOneServerNegativeTestJSON-1636457130', 'tenant_id': 'b56a852dd271483b8650cc53dc4c0b39', 'tenant_name': 'tempest-ImagesOneServerNegativeTestJSON-1636457130', 'user_domain_id': 'default', 'user_domain_name': 'Default', 'user_id': '8cdae7c38bd6478bbcc836b917e08993', 'system': None}, Network: None, Subnet: None, Router: None
2025-01-02 16:11:52.555 67555 INFO tempest.lib.common.rest_client [req-cbdfec97-decc-48d0-aa61-f567fac32a60 req-cbdfec97-decc-48d0-aa61-f567fac32a60 ] Request (ServerActionsTestOtherB:setUpClass): 201 POST http://10.180.1.21/identity/v3/auth/tokens 0.070s
2025-01-02 16:11:52.563 67525 INFO tempest.lib.common.rest_client [req-4cdb5834-1b96-4ac2-88ed-81264220e6bf req-4cdb5834-1b96-4ac2-88ed-81264220e6bf ] Request (ImagesOneServerNegativeTestJSON:setUpClass): 201 POST http://10.180.1.21/identity/v3/auth/tokens 0.061s
2025-01-02 16:11:52.603 67567 INFO tempest.lib.common.rest_client [req-cbbd2960-4c9b-4b55-beb3-aa0ccde04aa4 req-cbbd2960-4c9b-4b55-beb3-aa0ccde04aa4 ] Request (FloatingIPDetailsTestJSON:tearDownClass): 204 DELETE http://10.180.1.21:9696/networking/v2.0/subnets/6bf4799d-742e-4b61-818c-78646fcc4961 0.206s
2025-01-02 16:11:52.738 67539 INFO tempest.lib.common.rest_client [req-b9812b35-6f6d-4034-8efb-bf3418119456 req-b9812b35-6f6d-4034-8efb-bf3418119456 ] Request (ServerActionsTestOtherA:setUpClass): 202 POST http://10.180.1.21/compute/v2.1/servers 0.926s
2025-01-02 16:11:52.758 67519 WARNING tempest.lib.common.ssh [-] Failed to establish authenticated ssh connection to cirros@10.180.180.146 ([Errno None] Unable to connect to port 22 on 10.180.180.146). Number attempts: 2. Retry after 3 seconds.: paramiko.ssh_exception.NoValidConnectionsError: [Errno None] Unable to connect to port 22 on 10.180.180.146
2025-01-02 16:11:52.802 67557 INFO tempest.lib.common.rest_client [req-f292551f-0b37-4277-89cc-2bea324cde17 req-f292551f-0b37-4277-89cc-2bea324cde17 ] Request (ServerPasswordTestJSON:setUpClass): 200 GET http://10.180.1.21/compute/v2.1/servers/f4071a28-a992-4805-af62-d21c1494538a 0.796s
2025-01-02 16:11:52.888 67543 INFO tempest.lib.common.rest_client [req-f4e3632e-0651-4400-b520-ef6ba4f5db49 req-f4e3632e-0651-4400-b520-ef6ba4f5db49 ] Request (AttachVolumeNegativeTest:test_attach_attached_volume_to_different_server): 200 GET http://10.180.1.21/compute/v2.1/servers/9448072f-484d-4136-a6a7-01794d97f2ee 0.786s
2025-01-02 16:11:53.021 67551 INFO tempest.lib.common.rest_client [req-e9afccbf-a190-4dbb-b38c-d772ae71618f req-e9afccbf-a190-4dbb-b38c-d772ae71618f ] Request (DeleteServersAdminTestJSON:test_delete_server_while_in_error_state): 200 GET http://10.180.1.21/compute/v2.1/servers/901c53f8-b256-4858-ba26-99f3403c3686 1.013s
2025-01-02 16:11:53.052 67521 INFO tempest.lib.common.rest_client [req-47ae488a-aade-45d3-8d2c-0828dbb0a8bb req-47ae488a-aade-45d3-8d2c-0828dbb0a8bb ] Request (DeleteServersTestJSON:setUpClass): 201 POST http://10.180.1.21:9696/networking/v2.0/routers 1.222s
2025-01-02 16:11:53.185 67533 INFO tempest.lib.common.rest_client [req-60fb463c-2404-4390-9e6d-2c33d88a6512 req-60fb463c-2404-4390-9e6d-2c33d88a6512 ] Request (MigrationsAdminTest:test_list_migrations_in_flavor_resize_situation): 202 POST http://10.180.1.21/compute/v2.1/servers/d24ed5c9-c491-4b61-831e-1a6aa1bf824a/action 1.009s
2025-01-02 16:11:53.269 67537 INFO tempest.lib.common.rest_client [req-cf9fee2a-bf44-439e-9d7c-896f95ae0214 req-cf9fee2a-bf44-439e-9d7c-896f95ae0214 ] Request (ServerTagsTestJSON:setUpClass): 200 GET http://10.180.1.21/compute/v2.1/servers/bd01f2de-9477-4948-a437-8986b71d45ba 1.075s
2025-01-02 16:11:53.281 67537 INFO tempest.common.waiters [-] State transition "BUILD/spawning" ==> "ACTIVE/None" after 22 second wait
2025-01-02 16:11:53.377 67549 INFO tempest.lib.common.rest_client [req-3f009fa8-16db-48a4-8f91-fe7215492fb5 req-3f009fa8-16db-48a4-8f91-fe7215492fb5 ] Request (ListImageFiltersTestJSON:setUpClass): 200 GET http://10.180.1.21/compute/v2.1/servers/2d4bd888-b055-4254-8841-f6d8d8c94900 1.176s
2025-01-02 16:11:53.385 67549 INFO tempest.common.waiters [-] State transition "BUILD/scheduling" ==> "BUILD/None" after 13 second wait
2025-01-02 16:11:53.402 67555 INFO tempest.lib.common.rest_client [req-50352001-07f4-4716-acb1-f1ecf56fbc2a req-50352001-07f4-4716-acb1-f1ecf56fbc2a ] Request (ServerActionsTestOtherB:setUpClass): 201 POST http://10.180.1.21:9696/networking/v2.0/networks 0.846s
2025-01-02 16:11:53.406 67515 INFO tempest.lib.common.rest_client [req-ea2423f8-9728-41ff-9586-ba59847a5d35 req-ea2423f8-9728-41ff-9586-ba59847a5d35 ] Request (ServerGroup264TestJSON:test_create_get_server_group): 200 POST http://10.180.1.21/compute/v2.1/os-server-groups 1.209s
2025-01-02 16:11:53.415 67525 INFO tempest.lib.common.rest_client [req-6e56991f-5fed-4b2b-be22-93f04bd66ea8 req-6e56991f-5fed-4b2b-be22-93f04bd66ea8 ] Request (ImagesOneServerNegativeTestJSON:setUpClass): 201 POST http://10.180.1.21:9696/networking/v2.0/networks 0.851s
2025-01-02 16:11:53.464 67541 INFO tempest.lib.common.rest_client [req-e26d22e6-1072-43e3-a603-653398080f97 req-e26d22e6-1072-43e3-a603-653398080f97 ] Request (ServersTestJSON:setUpClass): 200 GET http://10.180.1.21/compute/v2.1/servers/330aa829-1075-45f0-ba31-e65f584d018a 1.186s
2025-01-02 16:11:53.488 67509 INFO tempest.lib.common.rest_client [req-9d79fc23-fefc-44a2-a54f-3053f08b0494 req-9d79fc23-fefc-44a2-a54f-3053f08b0494 ] Request (ServerDiagnosticsNegativeTest:tearDownClass): 200 GET http://10.180.1.21/compute/v2.1/servers/f8297a48-bbdb-4ee8-855d-e6d885569412 1.175s
2025-01-02 16:11:53.504 67513 INFO tempest.lib.common.rest_client [req-47519752-35f7-4814-a440-ed100fa38e97 req-47519752-35f7-4814-a440-ed100fa38e97 ] Request (ServersTestBootFromVolume:setUpClass): 200 GET http://10.180.1.21/volume/v3/volumes/02af692f-7834-4357-97ea-e637e0ff6f94 0.038s
2025-01-02 16:11:53.511 67561 INFO tempest.lib.common.rest_client [req-10411476-423b-4bd4-86a7-240cbbe40f79 req-10411476-423b-4bd4-86a7-240cbbe40f79 ] Request (AggregatesAdminNegativeTestJSON:test_aggregate_remove_nonexistent_host): 200 POST http://10.180.1.21/compute/v2.1/os-aggregates 1.090s
2025-01-02 16:11:53.545 67563 INFO tempest.lib.common.rest_client [req-e710451d-4e31-44ac-94a4-85e0b7dd2787 req-e710451d-4e31-44ac-94a4-85e0b7dd2787 ] Request (FlavorsAdminTestJSON:test_is_public_string_variations): 200 GET http://10.180.1.21/compute/v2.1/flavors/detail?is_public=yes 1.086s
2025-01-02 16:11:53.568 67531 INFO tempest.lib.common.rest_client [req-ae8047ef-abd6-4b97-a2fd-b29759be833c req-ae8047ef-abd6-4b97-a2fd-b29759be833c ] Request (ServerExternalEventsTest:tearDownClass): 200 GET http://10.180.1.21/compute/v2.1/servers/be575c77-01c9-4cdd-b310-5022e712a449 1.212s
2025-01-02 16:11:53.581 67567 INFO tempest.lib.common.rest_client [req-8ddf2172-08fe-49f8-84bb-61b6542b1768 req-8ddf2172-08fe-49f8-84bb-61b6542b1768 ] Request (FloatingIPDetailsTestJSON:tearDownClass): 204 DELETE http://10.180.1.21:9696/networking/v2.0/networks/4a0e39ef-5e19-4931-a6f0-f6f2de2586d8 0.977s
2025-01-02 16:11:53.637 67569 INFO tempest.lib.common.rest_client [req-9ae15e9f-4509-4afb-91c4-7df48ef168b3 req-9ae15e9f-4509-4afb-91c4-7df48ef168b3 ] Request (AttachInterfacesTestJSON:test_create_list_show_delete_interfaces_by_fixed_ip): 200 GET http://10.180.1.21/compute/v2.1/servers/b3e5ec90-5fdd-49db-bef5-196a1e6c0555 1.017s
2025-01-02 16:11:53.686 67567 INFO tempest.lib.common.rest_client [req-539b910c-76c8-4844-9bf3-1025e1fe9715 req-539b910c-76c8-4844-9bf3-1025e1fe9715 ] Request (FloatingIPDetailsTestJSON:tearDownClass): 204 DELETE http://10.180.1.21/identity/v3/users/4410abba2e014311a9302239fa157314 0.105s
2025-01-02 16:11:53.687 67567 INFO tempest.lib.common.dynamic_creds [-] Deleting project and security group for project: 4f57ba1a1e4045af94c631c52cb98a10
2025-01-02 16:11:53.720 67523 INFO tempest.lib.common.rest_client [req-c9b3a976-f76c-4bb1-972e-437bc2546344 req-c9b3a976-f76c-4bb1-972e-437bc2546344 ] Request (ServerDiagnosticsV248Test:tearDownClass): 200 GET http://10.180.1.21/compute/v2.1/servers/91771789-4d40-44e3-80fb-eb5157ebff7e 1.010s
2025-01-02 16:11:53.723 67555 INFO tempest.lib.common.rest_client [req-caf3867d-a2ea-4981-b09a-5fb2b73d747f req-caf3867d-a2ea-4981-b09a-5fb2b73d747f ] Request (ServerActionsTestOtherB:setUpClass): 201 POST http://10.180.1.21:9696/networking/v2.0/subnets 0.321s
2025-01-02 16:11:53.772 67567 INFO tempest.lib.common.rest_client [req-83f42265-b974-415f-ad57-2b8cfa99dad6 req-83f42265-b974-415f-ad57-2b8cfa99dad6 ] Request (FloatingIPDetailsTestJSON:tearDownClass): 200 GET http://10.180.1.21:9696/networking/v2.0/security-groups?tenant_id=4f57ba1a1e4045af94c631c52cb98a10&name=default 0.084s
2025-01-02 16:11:53.808 67539 INFO tempest.lib.common.rest_client [req-6ee2877e-f7a9-49a1-9315-774fd4e5e5ba req-6ee2877e-f7a9-49a1-9315-774fd4e5e5ba ] Request (ServerActionsTestOtherA:setUpClass): 200 GET http://10.180.1.21/compute/v2.1/servers/a5fd4f7f-e411-4aec-9b98-c4d456673588 1.069s
2025-01-02 16:11:53.813 67525 INFO tempest.lib.common.rest_client [req-c7d8c28d-b61e-4943-93bf-feb3cefc7c09 req-c7d8c28d-b61e-4943-93bf-feb3cefc7c09 ] Request (ImagesOneServerNegativeTestJSON:setUpClass): 201 POST http://10.180.1.21:9696/networking/v2.0/subnets 0.397s
2025-01-02 16:11:53.826 67511 INFO tempest.lib.common.rest_client [req-d938122c-41e2-418b-99ed-71c92bf79815 req-d938122c-41e2-418b-99ed-71c92bf79815 ] Request (QuotasAdminNegativeTest:test_create_server_when_cpu_quota_is_full): 403 POST http://10.180.1.21/compute/v2.1/servers 1.363s
2025-01-02 16:11:53.894 67527 INFO tempest.lib.common.rest_client [req-2acad05f-c337-4c4f-98c4-d6b8d8863915 req-2acad05f-c337-4c4f-98c4-d6b8d8863915 ] Request (ImagesOneServerTestJSON:setUpClass): 200 GET http://10.180.1.21/compute/v2.1/servers/5a045b48-b38e-4454-9dbd-941a76d9cbdb 0.961s
2025-01-02 16:11:53.946 67529 INFO tempest.lib.common.rest_client [req-d71971cf-3638-49a3-a40d-fa3e069fc9a3 req-d71971cf-3638-49a3-a40d-fa3e069fc9a3 ] Request (FloatingIPsAssociationTestJSON:test_associate_already_associated_floating_ip): 200 GET http://10.180.1.21/compute/v2.1/servers/9abfee9e-396c-46ac-ad65-3d48e08ee213 0.926s
2025-01-02 16:11:53.954 67529 INFO tempest.common.waiters [-] State transition "BUILD/scheduling" ==> "BUILD/None" after 9 second wait
2025-01-02 16:11:53.974 67567 INFO tempest.lib.common.rest_client [req-aebfbe7b-4237-409b-a05c-d31e2b9cbbb5 req-aebfbe7b-4237-409b-a05c-d31e2b9cbbb5 ] Request (FloatingIPDetailsTestJSON:tearDownClass): 204 DELETE http://10.180.1.21:9696/networking/v2.0/security-groups/8b623391-5a9a-46f6-8f72-9f0edd697c7d 0.202s
2025-01-02 16:11:54.146 67567 INFO tempest.lib.common.rest_client [req-91f31769-609d-4d45-b8e7-082d027c6bd5 req-91f31769-609d-4d45-b8e7-082d027c6bd5 ] Request (FloatingIPDetailsTestJSON:tearDownClass): 204 DELETE http://10.180.1.21/identity/v3/projects/4f57ba1a1e4045af94c631c52cb98a10 0.172s
2025-01-02 16:11:54.153 67517 INFO tempest.lib.common.rest_client [req-01532381-4f61-4a13-a962-8f0d2a271bf3 req-01532381-4f61-4a13-a962-8f0d2a271bf3 ] Request (ServersAdminTestJSON:setUpClass): 200 GET http://10.180.1.21/compute/v2.1/servers/268ea42d-a322-4682-bbe8-4830a5ee0ddb 1.271s
2025-01-02 16:11:54.182 67565 INFO tempest.lib.common.rest_client [req-9fdd2b15-ab62-4ac1-aea0-37c3acb976e4 req-9fdd2b15-ab62-4ac1-aea0-37c3acb976e4 ] Request (FloatingIPsAssociationNegativeTestJSON:setUpClass): 200 GET http://10.180.1.21/compute/v2.1/servers/ac7b09d4-f0d0-4e83-bac9-66018c5a7be5 1.050s
2025-01-02 16:11:54.241 67553 INFO tempest.lib.common.rest_client [req-f3a1f56f-6dac-45e2-bbb8-25e1a6f47150 req-f3a1f56f-6dac-45e2-bbb8-25e1a6f47150 ] Request (ImagesTestJSON:test_create_image_from_stopped_server): 200 GET http://10.180.1.21/compute/v2.1/servers/dd16daca-5449-43fa-a8ee-4f3b894a4c66 0.998s
2025-01-02 16:11:54.307 67567 INFO tempest.lib.common.rest_client [req-c415bc09-961d-4a7e-b793-257a53c0ce0e req-c415bc09-961d-4a7e-b793-257a53c0ce0e ] Request (ServerActionsTestJSON:setUpClass): 201 POST http://10.180.1.21/identity/v3/auth/tokens 0.156s
2025-01-02 16:11:54.351 67567 INFO tempest.lib.common.rest_client [req-60b42588-4ec7-4458-9cea-4db741e5385f req-60b42588-4ec7-4458-9cea-4db741e5385f ] Request (ServerActionsTestJSON:setUpClass): 201 POST http://10.180.1.21/identity/v3/auth/tokens 0.041s
2025-01-02 16:11:54.369 67537 INFO tempest.lib.common.rest_client [req-c1efc729-487d-49df-a3c0-4d0b4f34902e req-c1efc729-487d-49df-a3c0-4d0b4f34902e ] Request (ServerTagsTestJSON:test_check_tag_existence): 201 PUT http://10.180.1.21/compute/v2.1/servers/bd01f2de-9477-4948-a437-8986b71d45ba/tags/tempest-tag-208319430 1.086s
2025-01-02 16:11:54.389 67567 INFO tempest.lib.common.rest_client [req-56ed9764-03f9-40cc-a328-fe5f2d50ab85 req-56ed9764-03f9-40cc-a328-fe5f2d50ab85 ] Request (ServerActionsTestJSON:setUpClass): 200 GET http://10.180.1.21/identity/v3/domains?name=Default 0.037s
2025-01-02 16:11:54.390 67515 INFO tempest.lib.common.rest_client [req-35799784-9070-490f-bc30-12e3e942c431 req-35799784-9070-490f-bc30-12e3e942c431 ] Request (ServerGroup264TestJSON:test_create_get_server_group): 200 GET http://10.180.1.21/compute/v2.1/os-server-groups 0.982s
2025-01-02 16:11:54.417 67533 INFO tempest.lib.common.rest_client [req-a23a3768-4df8-4d89-bb0b-5ad04d8bd82b req-a23a3768-4df8-4d89-bb0b-5ad04d8bd82b ] Request (MigrationsAdminTest:test_list_migrations_in_flavor_resize_situation): 200 GET http://10.180.1.21/compute/v2.1/servers/d24ed5c9-c491-4b61-831e-1a6aa1bf824a 1.231s
2025-01-02 16:11:54.418 67561 INFO tempest.lib.common.rest_client [req-4f714215-da69-4972-8c29-6daedef4d2ab req-4f714215-da69-4972-8c29-6daedef4d2ab ] Request (AggregatesAdminNegativeTestJSON:test_aggregate_remove_nonexistent_host): 404 POST http://10.180.1.21/compute/v2.1/os-aggregates/8/action 0.904s
2025-01-02 16:11:54.444 67567 INFO tempest.lib.common.rest_client [req-208c1f40-8377-4548-ba75-279a7322f79a req-208c1f40-8377-4548-ba75-279a7322f79a ] Request (ServerActionsTestJSON:setUpClass): 201 POST http://10.180.1.21/identity/v3/projects 0.054s
2025-01-02 16:11:54.460 67563 INFO tempest.lib.common.rest_client [req-98a4c656-d762-4d2c-95e5-c08695ee6cca req-98a4c656-d762-4d2c-95e5-c08695ee6cca ] Request (FlavorsAdminTestJSON:test_is_public_string_variations): 200 GET http://10.180.1.21/compute/v2.1/flavors/detail?is_public=1 0.910s
2025-01-02 16:11:54.522 67567 INFO tempest.lib.common.rest_client [req-ab97f9b6-5560-4bb3-aefa-0ad39b801699 req-ab97f9b6-5560-4bb3-aefa-0ad39b801699 ] Request (ServerActionsTestJSON:setUpClass): 201 POST http://10.180.1.21/identity/v3/users 0.078s
2025-01-02 16:11:54.553 67513 INFO tempest.lib.common.rest_client [req-0259ed9e-724f-4b11-bae5-aa707f510644 req-0259ed9e-724f-4b11-bae5-aa707f510644 ] Request (ServersTestBootFromVolume:setUpClass): 200 GET http://10.180.1.21/volume/v3/volumes/02af692f-7834-4357-97ea-e637e0ff6f94 0.042s
2025-01-02 16:11:54.554 67567 INFO tempest.lib.common.rest_client [req-f3f6b388-ae0a-46ce-a78c-abc70540dfe2 req-f3f6b388-ae0a-46ce-a78c-abc70540dfe2 ] Request (ServerActionsTestJSON:setUpClass): 200 GET http://10.180.1.21/identity/v3/roles 0.031s
2025-01-02 16:11:54.589 67567 INFO tempest.lib.common.rest_client [req-db9919fd-8f68-4013-b6ac-7c5637a1a485 req-db9919fd-8f68-4013-b6ac-7c5637a1a485 ] Request (ServerActionsTestJSON:setUpClass): 204 PUT http://10.180.1.21/identity/v3/projects/0f6fe03302ec4f4180b3c867e8173b60/users/1434db744f6d49cfac8fa45a31649da6/roles/36a2746edbf44d0aa06fa5a08396b8c2 0.034s
2025-01-02 16:11:54.589 67567 INFO tempest.lib.common.dynamic_creds [-] Dynamic test user 1434db744f6d49cfac8fa45a31649da6 is created with scope project and roles: ['member']
2025-01-02 16:11:54.589 67567 INFO tempest.lib.common.dynamic_creds [-] Acquired dynamic creds: credentials: Credentials: {'domain_id': 'default', 'domain_name': 'Default', 'username': 'tempest-ServerActionsTestJSON-507480500-project-member', 'project_domain_id': 'default', 'project_domain_name': 'Default', 'project_id': '0f6fe03302ec4f4180b3c867e8173b60', 'project_name': 'tempest-ServerActionsTestJSON-507480500', 'tenant_id': '0f6fe03302ec4f4180b3c867e8173b60', 'tenant_name': 'tempest-ServerActionsTestJSON-507480500', 'user_domain_id': 'default', 'user_domain_name': 'Default', 'user_id': '1434db744f6d49cfac8fa45a31649da6', 'system': None}, Network: None, Subnet: None, Router: None
2025-01-02 16:11:54.651 67567 INFO tempest.lib.common.rest_client [req-b92e3ed1-a3b6-471c-88c3-3972627669a8 req-b92e3ed1-a3b6-471c-88c3-3972627669a8 ] Request (ServerActionsTestJSON:setUpClass): 201 POST http://10.180.1.21/identity/v3/auth/tokens 0.062s
2025-01-02 16:11:54.687 67511 INFO tempest.lib.common.rest_client [req-04b458b5-7a01-44ed-b67d-47791ed31edf req-04b458b5-7a01-44ed-b67d-47791ed31edf ] Request (QuotasAdminNegativeTest:_run_cleanups): 200 PUT http://10.180.1.21/compute/v2.1/os-quota-sets/e0e03fbef4c34c71861333786b6119d1 0.860s
2025-01-02 16:11:54.764 67543 INFO tempest.lib.common.rest_client [req-82b06347-2823-4231-acce-73d9681ead59 req-82b06347-2823-4231-acce-73d9681ead59 ] Request (AttachVolumeNegativeTest:test_attach_attached_volume_to_different_server): 200 GET http://10.180.1.21/compute/v2.1/servers/9448072f-484d-4136-a6a7-01794d97f2ee 0.864s
2025-01-02 16:11:54.834 67557 INFO tempest.lib.common.rest_client [req-4a7e8c2f-e371-495c-bd5b-38b535d3e3d1 req-4a7e8c2f-e371-495c-bd5b-38b535d3e3d1 ] Request (ServerPasswordTestJSON:setUpClass): 200 GET http://10.180.1.21/compute/v2.1/servers/f4071a28-a992-4805-af62-d21c1494538a 1.023s
2025-01-02 16:11:54.859 67551 INFO tempest.lib.common.rest_client [req-667eafb4-0fd2-414a-a8fd-553ef30adc7d req-667eafb4-0fd2-414a-a8fd-553ef30adc7d ] Request (DeleteServersAdminTestJSON:test_delete_server_while_in_error_state): 200 GET http://10.180.1.21/compute/v2.1/servers/901c53f8-b256-4858-ba26-99f3403c3686 0.826s
2025-01-02 16:11:54.868 67537 INFO tempest.lib.common.rest_client [req-198308ac-4ee8-4155-95f3-ad5e36b23c86 req-198308ac-4ee8-4155-95f3-ad5e36b23c86 ] Request (ServerTagsTestJSON:test_check_tag_existence): 204 GET http://10.180.1.21/compute/v2.1/servers/bd01f2de-9477-4948-a437-8986b71d45ba/tags/tempest-tag-208319430 0.498s
2025-01-02 16:11:54.889 67515 INFO tempest.lib.common.rest_client [req-ea694539-a87f-474f-926d-202bda61b582 req-ea694539-a87f-474f-926d-202bda61b582 ] Request (ServerGroup264TestJSON:test_create_get_server_group): 200 GET http://10.180.1.21/compute/v2.1/os-server-groups/e1d21f4c-5f65-48fb-9e9e-9296817f7f27 0.496s
2025-01-02 16:11:54.915 67561 INFO tempest.lib.common.rest_client [req-1c88473d-146d-4853-aa8e-dfa41bc1e018 req-1c88473d-146d-4853-aa8e-dfa41bc1e018 ] Request (AggregatesAdminNegativeTestJSON:_run_cleanups): 200 DELETE http://10.180.1.21/compute/v2.1/os-aggregates/8 0.496s
2025-01-02 16:11:54.947 67563 INFO tempest.lib.common.rest_client [req-d22bf96d-0531-4eb1-b914-d98ec21059a8 req-d22bf96d-0531-4eb1-b914-d98ec21059a8 ] Request (FlavorsAdminTestJSON:_run_cleanups): 202 DELETE http://10.180.1.21/compute/v2.1/flavors/1525601430 0.482s
2025-01-02 16:11:54.957 67549 INFO tempest.lib.common.rest_client [req-6271154f-76da-4911-8412-7f376d86cd7d req-6271154f-76da-4911-8412-7f376d86cd7d ] Request (ListImageFiltersTestJSON:setUpClass): 200 GET http://10.180.1.21/compute/v2.1/servers/2d4bd888-b055-4254-8841-f6d8d8c94900 0.569s
2025-01-02 16:11:55.035 67561 INFO tempest.lib.common.rest_client [req-eba1d371-e90f-4252-9bd3-749bcc770d32 req-eba1d371-e90f-4252-9bd3-749bcc770d32 ] Request (AggregatesAdminNegativeTestJSON:tearDownClass): 204 DELETE http://10.180.1.21/identity/v3/users/6ff3adf6e2974ebd9ed708b2cebfb11b 0.115s
2025-01-02 16:11:55.045 67541 INFO tempest.lib.common.rest_client [req-9dfc287e-5418-4e2a-9d9c-2227c4b2d2dc req-9dfc287e-5418-4e2a-9d9c-2227c4b2d2dc ] Request (ServersTestJSON:setUpClass): 200 GET http://10.180.1.21/compute/v2.1/servers/330aa829-1075-45f0-ba31-e65f584d018a 0.572s
2025-01-02 16:11:55.080 67509 INFO tempest.lib.common.rest_client [req-cf491129-6546-4611-8b60-2edf57fa3f93 req-cf491129-6546-4611-8b60-2edf57fa3f93 ] Request (ServerDiagnosticsNegativeTest:tearDownClass): 200 GET http://10.180.1.21/compute/v2.1/servers/f8297a48-bbdb-4ee8-855d-e6d885569412 0.585s
2025-01-02 16:11:55.123 67531 INFO tempest.lib.common.rest_client [req-bb8e5041-e275-4bd3-9f01-ca3570f14cbe req-bb8e5041-e275-4bd3-9f01-ca3570f14cbe ] Request (ServerExternalEventsTest:tearDownClass): 200 GET http://10.180.1.21/compute/v2.1/servers/be575c77-01c9-4cdd-b310-5022e712a449 0.546s
2025-01-02 16:11:55.150 67561 INFO tempest.lib.common.rest_client [req-25b098be-f6df-423e-ac3e-128e7195a4e3 req-25b098be-f6df-423e-ac3e-128e7195a4e3 ] Request (AggregatesAdminNegativeTestJSON:tearDownClass): 204 DELETE http://10.180.1.21/identity/v3/users/da48f05aba894daab33e88cd3e94c117 0.114s
2025-01-02 16:11:55.150 67561 INFO tempest.lib.common.dynamic_creds [-] Deleting project and security group for project: 82ee303e411847cfbb0a192a919d625d
2025-01-02 16:11:55.172 67569 INFO tempest.lib.common.rest_client [req-05f27544-91f3-4ea3-af89-7b94f46153ac req-05f27544-91f3-4ea3-af89-7b94f46153ac ] Request (AttachInterfacesTestJSON:test_create_list_show_delete_interfaces_by_fixed_ip): 200 GET http://10.180.1.21/compute/v2.1/servers/b3e5ec90-5fdd-49db-bef5-196a1e6c0555 0.526s
2025-01-02 16:11:55.190 67547 WARNING tempest.lib.common.ssh [-] Failed to establish authenticated ssh connection to cirros@10.180.180.246 ([Errno None] Unable to connect to port 22 on 10.180.180.246). Number attempts: 3. Retry after 4 seconds.: paramiko.ssh_exception.NoValidConnectionsError: [Errno None] Unable to connect to port 22 on 10.180.180.246
2025-01-02 16:11:55.226 67561 INFO tempest.lib.common.rest_client [req-37372e16-2270-45a6-9c2e-0e6fe56bfcfc req-37372e16-2270-45a6-9c2e-0e6fe56bfcfc ] Request (AggregatesAdminNegativeTestJSON:tearDownClass): 201 POST http://10.180.1.21/identity/v3/auth/tokens 0.076s
2025-01-02 16:11:55.278 67523 INFO tempest.lib.common.rest_client [req-066428db-1ea5-4e02-8dcc-aeeb8b844921 req-066428db-1ea5-4e02-8dcc-aeeb8b844921 ] Request (ServerDiagnosticsV248Test:tearDownClass): 200 GET http://10.180.1.21/compute/v2.1/servers/91771789-4d40-44e3-80fb-eb5157ebff7e 0.548s
2025-01-02 16:11:55.286 67555 INFO tempest.lib.common.rest_client [req-ef89e337-ca0f-4b77-845a-b2e127387f59 req-ef89e337-ca0f-4b77-845a-b2e127387f59 ] Request (ServerActionsTestOtherB:setUpClass): 201 POST http://10.180.1.21:9696/networking/v2.0/routers 1.563s
2025-01-02 16:11:55.332 67511 INFO tempest.lib.common.rest_client [req-8cccbdda-bd4a-4cd7-b77e-394e66655f21 req-8cccbdda-bd4a-4cd7-b77e-394e66655f21 ] Request (QuotasAdminNegativeTest:test_create_server_when_instances_quota_is_full): 200 GET http://10.180.1.21/compute/v2.1/os-quota-sets/e0e03fbef4c34c71861333786b6119d1 0.641s
2025-01-02 16:11:55.385 67539 INFO tempest.lib.common.rest_client [req-468fb584-ccf5-408f-b141-6e9d2102acff req-468fb584-ccf5-408f-b141-6e9d2102acff ] Request (ServerActionsTestOtherA:setUpClass): 200 GET http://10.180.1.21/compute/v2.1/servers/a5fd4f7f-e411-4aec-9b98-c4d456673588 0.565s
2025-01-02 16:11:55.396 67537 INFO tempest.lib.common.rest_client [req-40822aea-863a-4d34-ab9f-c45e09b5c04b req-40822aea-863a-4d34-ab9f-c45e09b5c04b ] Request (ServerTagsTestJSON:_run_cleanups): 204 DELETE http://10.180.1.21/compute/v2.1/servers/bd01f2de-9477-4948-a437-8986b71d45ba/tags 0.527s
2025-01-02 16:11:55.429 67515 INFO tempest.lib.common.rest_client [req-0cfd2b02-c74d-43a6-b8ef-cd5a5cc70bca req-0cfd2b02-c74d-43a6-b8ef-cd5a5cc70bca ] Request (ServerGroup264TestJSON:_run_cleanups): 204 DELETE http://10.180.1.21/compute/v2.1/os-server-groups/e1d21f4c-5f65-48fb-9e9e-9296817f7f27 0.535s
2025-01-02 16:11:55.454 67563 INFO tempest.lib.common.rest_client [req-d9cf3f60-176e-4503-88df-5068f3feca8f req-d9cf3f60-176e-4503-88df-5068f3feca8f ] Request (FlavorsAdminTestJSON:_run_cleanups): 200 GET http://10.180.1.21/compute/v2.1/flavors/detail 0.506s
2025-01-02 16:11:55.461 67527 INFO tempest.lib.common.rest_client [req-0c9880d3-c4af-4c57-9817-5a9bd3b62bca req-0c9880d3-c4af-4c57-9817-5a9bd3b62bca ] Request (ImagesOneServerTestJSON:setUpClass): 200 GET http://10.180.1.21/compute/v2.1/servers/5a045b48-b38e-4454-9dbd-941a76d9cbdb 0.553s
2025-01-02 16:11:55.479 67521 INFO tempest.lib.common.rest_client [req-70ed7ea3-6f96-45b3-b2a1-22c7222cc695 req-70ed7ea3-6f96-45b3-b2a1-22c7222cc695 ] Request (DeleteServersTestJSON:setUpClass): 200 PUT http://10.180.1.21:9696/networking/v2.0/routers/e97fefbf-d736-4a8d-804b-71c4f2c10dff/add_router_interface 2.426s
2025-01-02 16:11:55.479 67521 INFO tempest.lib.common.dynamic_creds [-] Created isolated network resources for: credentials: Credentials: {'domain_id': 'default', 'domain_name': 'Default', 'username': 'tempest-DeleteServersTestJSON-1346170347-project-member', 'project_domain_id': 'default', 'project_domain_name': 'Default', 'project_id': 'c607e2b7950a4d58bd6ca0fc14b4d11d', 'project_name': 'tempest-DeleteServersTestJSON-1346170347', 'tenant_id': 'c607e2b7950a4d58bd6ca0fc14b4d11d', 'tenant_name': 'tempest-DeleteServersTestJSON-1346170347', 'user_domain_id': 'default', 'user_domain_name': 'Default', 'user_id': '24135e8f13e3467e8089ea2f6d05232a', 'system': None}, Network: {'id': '15d379d1-8dad-4b3b-9906-1845eca593dd', 'name': 'tempest-DeleteServersTestJSON-1424245405-network', 'tenant_id': 'c607e2b7950a4d58bd6ca0fc14b4d11d', 'admin_state_up': True, 'mtu': 8950, 'status': 'ACTIVE', 'subnets': [], 'shared': False, 'project_id': 'c607e2b7950a4d58bd6ca0fc14b4d11d', 'port_security_enabled': True, 'router:external': False, 'provider:network_type': 'vlan', 'provider:physical_network': 'default', 'provider:segmentation_id': 838, 'availability_zone_hints': [], 'availability_zones': [], 'ipv4_address_scope': None, 'ipv6_address_scope': None, 'description': '', 'tags': [], 'created_at': '2025-01-02T16:11:51Z', 'updated_at': '2025-01-02T16:11:51Z', 'revision_number': 1}, Subnet: {'id': '6e78b8ed-8649-4b22-b0c4-faa3403598c4', 'name': 'tempest-DeleteServersTestJSON-1424245405-subnet', 'tenant_id': 'c607e2b7950a4d58bd6ca0fc14b4d11d', 'network_id': '15d379d1-8dad-4b3b-9906-1845eca593dd', 'ip_version': 4, 'subnetpool_id': None, 'enable_dhcp': True, 'ipv6_ra_mode': None, 'ipv6_address_mode': None, 'gateway_ip': '192.168.128.1', 'cidr': '192.168.128.0/28', 'allocation_pools': [{'start': '192.168.128.2', 'end': '192.168.128.14'}], 'host_routes': [], 'dns_nameservers': [], 'description': '', 'router:external': False, 'service_types': [], 'tags': [], 'created_at': '2025-01-02T16:11:51Z', 'updated_at': '2025-01-02T16:11:51Z', 'revision_number': 0, 'project_id': 'c607e2b7950a4d58bd6ca0fc14b4d11d'}, Router: {'id': 'e97fefbf-d736-4a8d-804b-71c4f2c10dff', 'name': 'tempest-DeleteServersTestJSON-1424245405-router', 'tenant_id': 'c607e2b7950a4d58bd6ca0fc14b4d11d', 'admin_state_up': True, 'status': 'ACTIVE', 'external_gateway_info': {'network_id': '74b9c82e-ee43-4964-80bd-ac9b49214bbb', 'external_fixed_ips': [{'subnet_id': '84868bad-3a56-482a-9cb8-6e8ccbf4d371', 'ip_address': '10.180.180.200'}], 'enable_snat': True}, 'description': '', 'availability_zones': [], 'distributed': False, 'ha': False, 'availability_zone_hints': [], 'routes': [], 'flavor_id': None, 'tags': [], 'created_at': '2025-01-02T16:11:51Z', 'updated_at': '2025-01-02T16:11:52Z', 'revision_number': 2, 'project_id': 'c607e2b7950a4d58bd6ca0fc14b4d11d'}
2025-01-02 16:11:55.490 67567 INFO tempest.lib.common.rest_client [req-83996111-4cb1-4e64-87a0-2dd953c35df6 req-83996111-4cb1-4e64-87a0-2dd953c35df6 ] Request (ServerActionsTestJSON:setUpClass): 201 POST http://10.180.1.21:9696/networking/v2.0/networks 0.838s
2025-01-02 16:11:55.505 67561 INFO tempest.lib.common.rest_client [req-8cfdceeb-2715-4892-9945-c66a835bb8c3 req-8cfdceeb-2715-4892-9945-c66a835bb8c3 ] Request (AggregatesAdminNegativeTestJSON:tearDownClass): 200 GET http://10.180.1.21:9696/networking/v2.0/security-groups?tenant_id=82ee303e411847cfbb0a192a919d625d&name=default 0.278s
2025-01-02 16:11:55.530 67529 INFO tempest.lib.common.rest_client [req-674eb3da-1b45-4a0d-83b1-ddcb843d6ec2 req-674eb3da-1b45-4a0d-83b1-ddcb843d6ec2 ] Request (FloatingIPsAssociationTestJSON:test_associate_already_associated_floating_ip): 200 GET http://10.180.1.21/compute/v2.1/servers/9abfee9e-396c-46ac-ad65-3d48e08ee213 0.573s
2025-01-02 16:11:55.583 67521 INFO tempest.lib.common.rest_client [req-a4977b03-d03a-4b36-ad13-29fb7103078d req-a4977b03-d03a-4b36-ad13-29fb7103078d ] Request (DeleteServersTestJSON:setUpClass): 201 POST http://10.180.1.21/identity/v3/auth/tokens 0.101s
2025-01-02 16:11:55.600 67513 INFO tempest.lib.common.rest_client [req-38ddbe65-8c9f-48ca-83ed-92ab5d019e9b req-38ddbe65-8c9f-48ca-83ed-92ab5d019e9b ] Request (ServersTestBootFromVolume:setUpClass): 200 GET http://10.180.1.21/volume/v3/volumes/02af692f-7834-4357-97ea-e637e0ff6f94 0.039s
2025-01-02 16:11:55.621 67521 INFO tempest.lib.common.rest_client [req-1d6b7423-d57a-47be-a852-742e486c2152 req-1d6b7423-d57a-47be-a852-742e486c2152 ] Request (DeleteServersTestJSON:test_delete_active_server): 201 POST http://10.180.1.21/identity/v3/auth/tokens 0.033s
2025-01-02 16:11:55.622 67521 INFO tempest.lib.common.fixed_network [-] (DeleteServersTestJSON:test_delete_active_server) Found network {'id': '15d379d1-8dad-4b3b-9906-1845eca593dd', 'name': 'tempest-DeleteServersTestJSON-1424245405-network', 'tenant_id': 'c607e2b7950a4d58bd6ca0fc14b4d11d', 'admin_state_up': True, 'mtu': 8950, 'status': 'ACTIVE', 'subnets': [], 'shared': False, 'project_id': 'c607e2b7950a4d58bd6ca0fc14b4d11d', 'port_security_enabled': True, 'router:external': False, 'provider:network_type': 'vlan', 'provider:physical_network': 'default', 'provider:segmentation_id': 838, 'availability_zone_hints': [], 'availability_zones': [], 'ipv4_address_scope': None, 'ipv6_address_scope': None, 'description': '', 'tags': [], 'created_at': '2025-01-02T16:11:51Z', 'updated_at': '2025-01-02T16:11:51Z', 'revision_number': 1} available for tenant
2025-01-02 16:11:55.655 67517 INFO tempest.lib.common.rest_client [req-88d2181f-8d99-4aa9-90d3-b2fc1b194669 req-88d2181f-8d99-4aa9-90d3-b2fc1b194669 ] Request (ServersAdminTestJSON:setUpClass): 200 GET http://10.180.1.21/compute/v2.1/servers/268ea42d-a322-4682-bbe8-4830a5ee0ddb 0.493s
2025-01-02 16:11:55.711 67553 INFO tempest.lib.common.rest_client [req-953f8553-def7-43c5-8398-48187d64146c req-953f8553-def7-43c5-8398-48187d64146c ] Request (ImagesTestJSON:test_create_image_from_stopped_server): 200 GET http://10.180.1.21/compute/v2.1/servers/dd16daca-5449-43fa-a8ee-4f3b894a4c66 0.455s
2025-01-02 16:11:55.741 67525 INFO tempest.lib.common.rest_client [req-fd098f01-78b7-4287-9f4f-e620d32f2c04 req-fd098f01-78b7-4287-9f4f-e620d32f2c04 ] Request (ImagesOneServerNegativeTestJSON:setUpClass): 201 POST http://10.180.1.21:9696/networking/v2.0/routers 1.927s
2025-01-02 16:11:55.767 67561 INFO tempest.lib.common.rest_client [req-2b420b55-d377-4b53-9089-78490e077cc7 req-2b420b55-d377-4b53-9089-78490e077cc7 ] Request (AggregatesAdminNegativeTestJSON:tearDownClass): 204 DELETE http://10.180.1.21:9696/networking/v2.0/security-groups/616ffdb7-7822-47ba-b824-6c5d77ad843e 0.261s
2025-01-02 16:11:55.803 67565 INFO tempest.lib.common.rest_client [req-8a537e1b-d469-4134-8463-dd59f58397e1 req-8a537e1b-d469-4134-8463-dd59f58397e1 ] Request (FloatingIPsAssociationNegativeTestJSON:setUpClass): 200 GET http://10.180.1.21/compute/v2.1/servers/ac7b09d4-f0d0-4e83-bac9-66018c5a7be5 0.611s
2025-01-02 16:11:55.838 67537 INFO tempest.lib.common.rest_client [req-20d0e093-36eb-4911-b738-6315bae58d91 req-20d0e093-36eb-4911-b738-6315bae58d91 ] Request (ServerTagsTestJSON:test_create_delete_tag): 200 GET http://10.180.1.21/compute/v2.1/servers/bd01f2de-9477-4948-a437-8986b71d45ba/tags 0.441s
2025-01-02 16:11:55.858 67511 INFO tempest.lib.common.rest_client [req-065d4e6b-8a88-40bd-b058-2da9ad858025 req-065d4e6b-8a88-40bd-b058-2da9ad858025 ] Request (QuotasAdminNegativeTest:test_create_server_when_instances_quota_is_full): 200 PUT http://10.180.1.21/compute/v2.1/os-quota-sets/e0e03fbef4c34c71861333786b6119d1 0.524s
2025-01-02 16:11:55.866 67515 INFO tempest.lib.common.rest_client [req-1969547c-7fcb-4939-983e-7043a3f53f5d req-1969547c-7fcb-4939-983e-7043a3f53f5d ] Request (ServerGroup264TestJSON:tearDownClass): 404 DELETE http://10.180.1.21/compute/v2.1/os-server-groups/e1d21f4c-5f65-48fb-9e9e-9296817f7f27 0.436s
2025-01-02 16:11:55.899 67563 INFO tempest.lib.common.rest_client [req-f9280f40-45a6-4592-9986-8d25797aa698 req-f9280f40-45a6-4592-9986-8d25797aa698 ] Request (FlavorsAdminTestJSON:_run_cleanups): 202 DELETE http://10.180.1.21/compute/v2.1/flavors/1777441320 0.439s
2025-01-02 16:11:55.899 67561 INFO tempest.lib.common.rest_client [req-d6b7a118-daa8-4dbd-a066-e079ce572a58 req-d6b7a118-daa8-4dbd-a066-e079ce572a58 ] Request (AggregatesAdminNegativeTestJSON:tearDownClass): 204 DELETE http://10.180.1.21/identity/v3/projects/82ee303e411847cfbb0a192a919d625d 0.132s
2025-01-02 16:11:55.900 67561 INFO tempest.lib.common.dynamic_creds [-] Deleting project and security group for project: 34f1230557d54da2be19f6a5766f6396
2025-01-02 16:11:55.926 67567 INFO tempest.lib.common.rest_client [req-5ade1afd-7017-4b2d-ae6d-c0895b2e8b02 req-5ade1afd-7017-4b2d-ae6d-c0895b2e8b02 ] Request (ServerActionsTestJSON:setUpClass): 201 POST http://10.180.1.21:9696/networking/v2.0/subnets 0.435s
2025-01-02 16:11:55.929 67511 INFO tempest.lib.common.rest_client [req-38de63ad-cd73-4739-8609-9f5cc98986f9 req-38de63ad-cd73-4739-8609-9f5cc98986f9 ] Request (QuotasAdminNegativeTest:test_create_server_when_instances_quota_is_full): 201 POST http://10.180.1.21/identity/v3/auth/tokens 0.063s
2025-01-02 16:11:55.930 67511 INFO tempest.lib.common.fixed_network [-] (QuotasAdminNegativeTest:test_create_server_when_instances_quota_is_full) Found network None available for tenant
2025-01-02 16:11:56.340 67533 INFO tempest.lib.common.rest_client [req-81f91701-b8ec-44a3-916f-16042b01b6a9 req-81f91701-b8ec-44a3-916f-16042b01b6a9 ] Request (MigrationsAdminTest:test_list_migrations_in_flavor_resize_situation): 200 GET http://10.180.1.21/compute/v2.1/servers/d24ed5c9-c491-4b61-831e-1a6aa1bf824a 0.913s
2025-01-02 16:11:56.352 67561 INFO tempest.lib.common.rest_client [req-ae855557-2c79-4932-bd3e-bca01202f250 req-ae855557-2c79-4932-bd3e-bca01202f250 ] Request (AggregatesAdminNegativeTestJSON:tearDownClass): 200 GET http://10.180.1.21:9696/networking/v2.0/security-groups?tenant_id=34f1230557d54da2be19f6a5766f6396&name=default 0.451s
2025-01-02 16:11:56.439 67543 INFO tempest.lib.common.rest_client [req-d77c35bb-b5de-4f7c-99dc-088b213459c3 req-d77c35bb-b5de-4f7c-99dc-088b213459c3 ] Request (AttachVolumeNegativeTest:test_attach_attached_volume_to_different_server): 200 GET http://10.180.1.21/compute/v2.1/servers/9448072f-484d-4136-a6a7-01794d97f2ee 0.663s
2025-01-02 16:11:56.541 67537 INFO tempest.lib.common.rest_client [req-822254ac-8caa-493e-b477-877b47e07035 req-822254ac-8caa-493e-b477-877b47e07035 ] Request (ServerTagsTestJSON:test_create_delete_tag): 201 PUT http://10.180.1.21/compute/v2.1/servers/bd01f2de-9477-4948-a437-8986b71d45ba/tags/tempest-tag-1703249857 0.701s
2025-01-02 16:11:56.647 67513 INFO tempest.lib.common.rest_client [req-54f54e93-6685-4bfc-958e-8820022b2833 req-54f54e93-6685-4bfc-958e-8820022b2833 ] Request (ServersTestBootFromVolume:setUpClass): 200 GET http://10.180.1.21/volume/v3/volumes/02af692f-7834-4357-97ea-e637e0ff6f94 0.037s
2025-01-02 16:11:56.793 67561 INFO tempest.lib.common.rest_client [req-8d58a098-17fb-4b81-b133-2e45d87681fd req-8d58a098-17fb-4b81-b133-2e45d87681fd ] Request (AggregatesAdminNegativeTestJSON:tearDownClass): 204 DELETE http://10.180.1.21:9696/networking/v2.0/security-groups/7724982e-f1db-4547-b005-643f2fd5053a 0.440s
2025-01-02 16:11:56.830 67557 INFO tempest.lib.common.rest_client [req-db02c208-438d-46eb-b3c3-56431c0a22d5 req-db02c208-438d-46eb-b3c3-56431c0a22d5 ] Request (ServerPasswordTestJSON:setUpClass): 200 GET http://10.180.1.21/compute/v2.1/servers/f4071a28-a992-4805-af62-d21c1494538a 0.984s
2025-01-02 16:11:56.918 67551 INFO tempest.lib.common.rest_client [req-b6202ca7-08de-4dd8-9673-718f9a5ab334 req-b6202ca7-08de-4dd8-9673-718f9a5ab334 ] Request (DeleteServersAdminTestJSON:test_delete_server_while_in_error_state): 200 GET http://10.180.1.21/compute/v2.1/servers/901c53f8-b256-4858-ba26-99f3403c3686 1.044s
2025-01-02 16:11:56.949 67563 INFO tempest.lib.common.rest_client [req-5563e757-f499-4cb2-8114-060d322b870e req-5563e757-f499-4cb2-8114-060d322b870e ] Request (FlavorsAdminTestJSON:_run_cleanups): 200 GET http://10.180.1.21/compute/v2.1/flavors/detail 1.050s
2025-01-02 16:11:56.970 67561 INFO tempest.lib.common.rest_client [req-d0576126-a060-4453-86e5-823bdbb00951 req-d0576126-a060-4453-86e5-823bdbb00951 ] Request (AggregatesAdminNegativeTestJSON:tearDownClass): 204 DELETE http://10.180.1.21/identity/v3/projects/34f1230557d54da2be19f6a5766f6396 0.176s
2025-01-02 16:11:57.047 67559 WARNING tempest.lib.common.ssh [-] Failed to establish authenticated ssh connection to cirros@10.180.180.190 ([Errno None] Unable to connect to port 22 on 10.180.180.190). Number attempts: 4. Retry after 5 seconds.: paramiko.ssh_exception.NoValidConnectionsError: [Errno None] Unable to connect to port 22 on 10.180.180.190
2025-01-02 16:11:57.054 67521 INFO tempest.lib.common.rest_client [req-f56e4186-2ed6-4c68-9570-0e72e956495a req-f56e4186-2ed6-4c68-9570-0e72e956495a ] Request (DeleteServersTestJSON:test_delete_active_server): 202 POST http://10.180.1.21/compute/v2.1/servers 1.432s
2025-01-02 16:11:57.107 67561 INFO tempest.lib.common.rest_client [req-1a140f70-8db0-4574-a90a-4c7fcc96e2fa req-1a140f70-8db0-4574-a90a-4c7fcc96e2fa ] Request (QuotasAdminTestV257:setUpClass): 201 POST http://10.180.1.21/identity/v3/auth/tokens 0.136s
2025-01-02 16:11:57.164 67561 INFO tempest.lib.common.rest_client [req-6c848eed-3645-4d17-9e0d-156a963e35f2 req-6c848eed-3645-4d17-9e0d-156a963e35f2 ] Request (QuotasAdminTestV257:setUpClass): 201 POST http://10.180.1.21/identity/v3/auth/tokens 0.053s
2025-01-02 16:11:57.188 67549 INFO tempest.lib.common.rest_client [req-3af505c8-fb4c-459c-8dc0-c0609360afa1 req-3af505c8-fb4c-459c-8dc0-c0609360afa1 ] Request (ListImageFiltersTestJSON:setUpClass): 200 GET http://10.180.1.21/compute/v2.1/servers/2d4bd888-b055-4254-8841-f6d8d8c94900 1.218s
2025-01-02 16:11:57.208 67561 INFO tempest.lib.common.rest_client [req-c107b54f-e686-4031-bd04-1a69560e6047 req-c107b54f-e686-4031-bd04-1a69560e6047 ] Request (QuotasAdminTestV257:setUpClass): 200 GET http://10.180.1.21/identity/v3/domains?name=Default 0.043s
2025-01-02 16:11:57.236 67511 INFO tempest.lib.common.rest_client [req-47d06931-535a-4122-8a4a-cb9a4fb5c9d1 req-47d06931-535a-4122-8a4a-cb9a4fb5c9d1 ] Request (QuotasAdminNegativeTest:test_create_server_when_instances_quota_is_full): 403 POST http://10.180.1.21/compute/v2.1/servers 1.305s
2025-01-02 16:11:57.247 67561 INFO tempest.lib.common.rest_client [req-b1e6df65-2834-4ccc-9068-6f2c976bff6d req-b1e6df65-2834-4ccc-9068-6f2c976bff6d ] Request (QuotasAdminTestV257:setUpClass): 201 POST http://10.180.1.21/identity/v3/projects 0.039s
2025-01-02 16:11:57.283 67541 INFO tempest.lib.common.rest_client [req-7b82cc68-3e36-4092-9754-18785122eabe req-7b82cc68-3e36-4092-9754-18785122eabe ] Request (ServersTestJSON:setUpClass): 200 GET http://10.180.1.21/compute/v2.1/servers/330aa829-1075-45f0-ba31-e65f584d018a 1.231s
2025-01-02 16:11:57.305 67509 INFO tempest.lib.common.rest_client [req-b3af77cb-1caa-4679-a4d8-c892b11a413c req-b3af77cb-1caa-4679-a4d8-c892b11a413c ] Request (ServerDiagnosticsNegativeTest:tearDownClass): 200 GET http://10.180.1.21/compute/v2.1/servers/f8297a48-bbdb-4ee8-855d-e6d885569412 1.216s
2025-01-02 16:11:57.310 67561 INFO tempest.lib.common.rest_client [req-c6d54352-9b28-406a-849a-5f13f905fb11 req-c6d54352-9b28-406a-849a-5f13f905fb11 ] Request (QuotasAdminTestV257:setUpClass): 201 POST http://10.180.1.21/identity/v3/users 0.061s
2025-01-02 16:11:57.340 67561 INFO tempest.lib.common.rest_client [req-0f8f5285-78bc-4e51-b28e-6ac89121d1c4 req-0f8f5285-78bc-4e51-b28e-6ac89121d1c4 ] Request (QuotasAdminTestV257:setUpClass): 200 GET http://10.180.1.21/identity/v3/roles 0.029s
2025-01-02 16:11:57.371 67569 INFO tempest.lib.common.rest_client [req-3c62b6be-8f16-4583-aae2-abee890a1e19 req-3c62b6be-8f16-4583-aae2-abee890a1e19 ] Request (AttachInterfacesTestJSON:test_create_list_show_delete_interfaces_by_fixed_ip): 200 GET http://10.180.1.21/compute/v2.1/servers/b3e5ec90-5fdd-49db-bef5-196a1e6c0555 1.191s
2025-01-02 16:11:57.372 67561 INFO tempest.lib.common.rest_client [req-33e55092-4946-4a8b-a748-ee29bdd1e8c6 req-33e55092-4946-4a8b-a748-ee29bdd1e8c6 ] Request (QuotasAdminTestV257:setUpClass): 204 PUT http://10.180.1.21/identity/v3/projects/d8961a45bd2c4311bef636e73da40c74/users/acaf0958a21646f8809b7d68877e818e/roles/36a2746edbf44d0aa06fa5a08396b8c2 0.031s
2025-01-02 16:11:57.372 67561 INFO tempest.lib.common.dynamic_creds [-] Dynamic test user acaf0958a21646f8809b7d68877e818e is created with scope project and roles: ['member']
2025-01-02 16:11:57.373 67561 INFO tempest.lib.common.dynamic_creds [-] Acquired dynamic creds: credentials: Credentials: {'domain_id': 'default', 'domain_name': 'Default', 'username': 'tempest-QuotasAdminTestV257-1595659818-project-member', 'project_domain_id': 'default', 'project_domain_name': 'Default', 'project_id': 'd8961a45bd2c4311bef636e73da40c74', 'project_name': 'tempest-QuotasAdminTestV257-1595659818', 'tenant_id': 'd8961a45bd2c4311bef636e73da40c74', 'tenant_name': 'tempest-QuotasAdminTestV257-1595659818', 'user_domain_id': 'default', 'user_domain_name': 'Default', 'user_id': 'acaf0958a21646f8809b7d68877e818e', 'system': None}, Network: None, Subnet: None, Router: None
2025-01-02 16:11:57.373 67561 INFO tempest.lib.common.dynamic_creds [-] Created isolated network resources for: credentials: Credentials: {'domain_id': 'default', 'domain_name': 'Default', 'username': 'tempest-QuotasAdminTestV257-1595659818-project-member', 'project_domain_id': 'default', 'project_domain_name': 'Default', 'project_id': 'd8961a45bd2c4311bef636e73da40c74', 'project_name': 'tempest-QuotasAdminTestV257-1595659818', 'tenant_id': 'd8961a45bd2c4311bef636e73da40c74', 'tenant_name': 'tempest-QuotasAdminTestV257-1595659818', 'user_domain_id': 'default', 'user_domain_name': 'Default', 'user_id': 'acaf0958a21646f8809b7d68877e818e', 'system': None}, Network: None, Subnet: None, Router: None
2025-01-02 16:11:57.465 67523 INFO tempest.lib.common.rest_client [req-58ad7768-ce7e-47ac-942f-9d1641129e15 req-58ad7768-ce7e-47ac-942f-9d1641129e15 ] Request (ServerDiagnosticsV248Test:tearDownClass): 200 GET http://10.180.1.21/compute/v2.1/servers/91771789-4d40-44e3-80fb-eb5157ebff7e 1.174s
2025-01-02 16:11:57.476 67561 INFO tempest.lib.common.rest_client [req-ad2f126f-9f17-4995-99c8-ee84e647d144 req-ad2f126f-9f17-4995-99c8-ee84e647d144 ] Request (QuotasAdminTestV257:setUpClass): 201 POST http://10.180.1.21/identity/v3/auth/tokens 0.098s
2025-01-02 16:11:57.484 67515 INFO tempest.lib.common.rest_client [req-8931ea50-2063-474a-82bd-53e5662d4daf req-8931ea50-2063-474a-82bd-53e5662d4daf ] Request (ServerGroup264TestJSON:tearDownClass): 200 PUT http://10.180.1.21:9696/networking/v2.0/routers/2818a1ac-594a-4c7e-bd15-8748ea3a46ed/remove_router_interface 1.616s
2025-01-02 16:11:57.528 67539 INFO tempest.lib.common.rest_client [req-d34df820-6b10-48a1-ba78-d7aeaac18c38 req-d34df820-6b10-48a1-ba78-d7aeaac18c38 ] Request (ServerActionsTestOtherA:setUpClass): 200 GET http://10.180.1.21/compute/v2.1/servers/a5fd4f7f-e411-4aec-9b98-c4d456673588 1.134s
2025-01-02 16:11:57.576 67561 INFO tempest.lib.common.rest_client [req-410a59bb-1f79-4782-b126-e19f4bdcc005 req-410a59bb-1f79-4782-b126-e19f4bdcc005 ] Request (QuotasAdminTestV257:setUpClass): 201 POST http://10.180.1.21/identity/v3/projects 0.099s
2025-01-02 16:11:57.597 67527 INFO tempest.lib.common.rest_client [req-db6490ba-b7ab-468c-980e-f2486b37cdd2 req-db6490ba-b7ab-468c-980e-f2486b37cdd2 ] Request (ImagesOneServerTestJSON:setUpClass): 200 GET http://10.180.1.21/compute/v2.1/servers/5a045b48-b38e-4454-9dbd-941a76d9cbdb 1.127s
