2025-01-02 16:13:36.924 67527 INFO tempest.lib.common.rest_client [req-fc0ad82b-e4ac-486d-861a-ba6b135703d6 req-fc0ad82b-e4ac-486d-861a-ba6b135703d6 ] Request (KeyPairsNegativeTestJSON:tearDownClass): 201 POST http://10.180.1.21/identity/v3/auth/tokens 0.059s
2025-01-02 16:13:36.930 67563 INFO tempest.common.waiters [-] State transition "BUILD/scheduling" ==> "BUILD/None" after 8 second wait
2025-01-02 16:13:36.977 67521 INFO tempest.lib.common.rest_client [req-1af4a1e5-9ac1-4816-864a-b81913bbae74 req-1af4a1e5-9ac1-4816-864a-b81913bbae74 ] Request (DeleteServersTestJSON:test_delete_server_while_in_attached_volume): 200 GET http://10.180.1.21/compute/v2.1/servers/7766e4d8-8f42-4b38-92e1-168f9c44af89 0.054s
2025-01-02 16:13:37.068 67537 INFO tempest.lib.common.rest_client [req-2fef1889-d66a-4521-ae61-9afe69a04a0d req-2fef1889-d66a-4521-ae61-9afe69a04a0d ] Request (AttachVolumeTestJSON:test_attach_detach_volume): 200 GET http://10.180.1.21/compute/v2.1/servers/c40b92b4-5e25-4f49-a261-5fb444cbcba0 0.070s
2025-01-02 16:13:37.094 67527 INFO tempest.lib.common.rest_client [req-4b3f1e8d-8a27-4dfa-8488-7e0fa3ae1a42 req-4b3f1e8d-8a27-4dfa-8488-7e0fa3ae1a42 ] Request (KeyPairsNegativeTestJSON:tearDownClass): 200 GET http://10.180.1.21:9696/networking/v2.0/security-groups?tenant_id=9ecd44c0850c429bb4336cfc53dd5a39&name=default 0.169s
2025-01-02 16:13:37.147 67555 WARNING tempest.lib.common.ssh [-] Failed to establish authenticated ssh connection to cirros@10.180.180.138 ([Errno None] Unable to connect to port 22 on 10.180.180.138). Number attempts: 5. Retry after 6 seconds.: paramiko.ssh_exception.NoValidConnectionsError: [Errno None] Unable to connect to port 22 on 10.180.180.138
2025-01-02 16:13:37.184 67527 INFO tempest.lib.common.rest_client [req-2e25ee14-08fe-4def-a863-42111da2a726 req-2e25ee14-08fe-4def-a863-42111da2a726 ] Request (KeyPairsNegativeTestJSON:tearDownClass): 204 DELETE http://10.180.1.21:9696/networking/v2.0/security-groups/5fa631aa-3a15-46c8-a399-37e263a7ff1f 0.090s
2025-01-02 16:13:37.207 67509 INFO tempest.lib.common.rest_client [req-f04299d0-d5e6-4db1-9c6c-71b02b657114 req-f04299d0-d5e6-4db1-9c6c-71b02b657114 ] Request (ServersAdmin275Test:_run_cleanups): 200 GET http://10.180.1.21/compute/v2.1/servers/26e58564-2322-4da9-a5b5-ddb38804c12d 0.080s
2025-01-02 16:13:37.259 67527 INFO tempest.lib.common.rest_client [req-f96c8bbd-4647-4d19-b9e2-a74986dc268b req-f96c8bbd-4647-4d19-b9e2-a74986dc268b ] Request (KeyPairsNegativeTestJSON:tearDownClass): 204 DELETE http://10.180.1.21/identity/v3/projects/9ecd44c0850c429bb4336cfc53dd5a39 0.074s
2025-01-02 16:13:37.260 67527 INFO tempest.test [-] raised in AttachVolumeMultiAttachTest.setUpClass. Invoking tearDownClass.
2025-01-02 16:13:37.318 67511 INFO tempest.lib.common.rest_client [req-069b7026-43aa-46f8-9986-91cf20e6336d req-069b7026-43aa-46f8-9986-91cf20e6336d ] Request (ServerMetadataTestJSON:tearDownClass): 200 GET http://10.180.1.21/compute/v2.1/servers/ab043a5f-6552-4749-b348-c445500833e9 0.066s
2025-01-02 16:13:37.371 67551 INFO tempest.lib.common.rest_client [req-4735c180-2726-4bf2-b2ba-6644ef27ff34 req-4735c180-2726-4bf2-b2ba-6644ef27ff34 ] Request (AttachInterfacesV270Test:test_create_get_list_interfaces): 200 GET http://10.180.1.21/compute/v2.1/servers/0a9d1808-bed4-418d-9613-c1988ecc7560 0.054s
2025-01-02 16:13:37.428 67547 INFO tempest.lib.common.rest_client [req-02106d16-85c5-484c-9f7a-59b99ce468c0 req-02106d16-85c5-484c-9f7a-59b99ce468c0 ] Request (VolumesAssistedSnapshotsTest:test_volume_assisted_snapshot_create_delete): 200 GET http://10.180.1.21/volume/v3/volumes/448e0066-839f-4c0a-9f7b-cde7953fb2d9 0.043s
2025-01-02 16:13:37.431 67557 INFO tempest.lib.common.rest_client [req-c5a31129-d149-42fa-8af5-10f7278170d8 req-c5a31129-d149-42fa-8af5-10f7278170d8 ] Request (ServerShowV247Test:test_update_rebuild_list_server): 200 GET http://10.180.1.21/compute/v2.1/servers/d84dc9ee-33f5-4c61-83fe-45d1b5843928 0.112s
2025-01-02 16:13:37.434 67547 INFO tempest.common.waiters [-] Attachment 2c1368b5-f704-4afd-8156-f4969be7e1f7 created for volume 448e0066-839f-4c0a-9f7b-cde7953fb2d9 to server 80fcf873-50b3-4c5a-a5b5-e7515e66fb59 after waiting for 8.434681 seconds
2025-01-02 16:13:37.454 67523 INFO tempest.lib.common.rest_client [req-3c74ff55-ebf6-4828-9c80-6c650fadeca9 req-3c74ff55-ebf6-4828-9c80-6c650fadeca9 ] Request (SecurityGroupsTestJSON:test_list_security_groups_by_server): 200 GET http://10.180.1.21/compute/v2.1/servers/702ce12e-199d-4d42-b04b-8d51720ab130 0.199s
2025-01-02 16:13:37.461 67547 INFO tempest.lib.common.rest_client [req-92fd601b-b6c2-481c-9a64-d357a53fcd3f req-92fd601b-b6c2-481c-9a64-d357a53fcd3f ] Request (VolumesAssistedSnapshotsTest:test_volume_assisted_snapshot_create_delete): 200 GET http://10.180.1.21/volume/v3/volumes/448e0066-839f-4c0a-9f7b-cde7953fb2d9 0.027s
2025-01-02 16:13:37.467 67547 INFO tempest.common.waiters [-] volume 448e0066-839f-4c0a-9f7b-cde7953fb2d9 reached in-use after waiting for 0.467791 seconds
2025-01-02 16:13:37.486 67517 INFO tempest.lib.common.rest_client [req-e6202267-855d-4df2-8bdc-673cf5e65377 req-e6202267-855d-4df2-8bdc-673cf5e65377 ] Request (ServersAdminTestJSON:test_inject_network_info): 200 GET http://10.180.1.21/compute/v2.1/servers/b77f150d-8379-4b8b-a1f5-f3825c2e03cd 0.115s
2025-01-02 16:13:37.594 67567 WARNING tempest.lib.common.ssh [-] Failed to establish authenticated ssh connection to cirros@10.180.180.227 ([Errno None] Unable to connect to port 22 on 10.180.180.227). Number attempts: 5. Retry after 6 seconds.: paramiko.ssh_exception.NoValidConnectionsError: [Errno None] Unable to connect to port 22 on 10.180.180.227
2025-01-02 16:13:37.667 67547 INFO tempest.lib.common.rest_client [req-bffe5161-66f0-48ae-94f7-6fa8d6011799 req-bffe5161-66f0-48ae-94f7-6fa8d6011799 ] Request (VolumesAssistedSnapshotsTest:test_volume_assisted_snapshot_create_delete): 200 POST http://10.180.1.21/compute/v2.1/os-assisted-volume-snapshots 0.199s
2025-01-02 16:13:37.751 67529 INFO tempest.lib.common.rest_client [req-f310d255-6402-46fe-a885-34964cefe963 req-f310d255-6402-46fe-a885-34964cefe963 ] Request (FloatingIPsAssociationTestJSON:tearDownClass): 200 GET http://10.180.1.21/compute/v2.1/servers/b5074673-55c8-45c0-8291-605308200960 0.299s
2025-01-02 16:13:37.766 67531 INFO tempest.lib.common.rest_client [req-42b4d063-43e9-46c4-8fc8-f90e5e9c2174 req-42b4d063-43e9-46c4-8fc8-f90e5e9c2174 ] Request (InstanceActionsTestJSON:test_list_instance_actions): 200 GET http://10.180.1.21/compute/v2.1/servers/d2a31f3f-ec90-45df-81ee-9587f848bd11 0.254s
2025-01-02 16:13:37.773 67531 INFO tempest.common.waiters [-] State transition "HARD_REBOOT/rebooting_hard" ==> "HARD_REBOOT/reboot_pending_hard" after 3 second wait
2025-01-02 16:13:37.817 67533 INFO tempest.lib.common.rest_client [req-35d6e235-3fbe-4d9a-b51a-a184c8bd9685 req-35d6e235-3fbe-4d9a-b51a-a184c8bd9685 ] Request (MigrationsAdminTest:test_resize_server_revert_deleted_flavor): 200 GET http://10.180.1.21/compute/v2.1/servers/b752ac74-3a09-4f06-98c1-5ef08afa76d1 0.258s
2025-01-02 16:13:37.828 67549 INFO tempest.lib.common.rest_client [req-f4afb486-7d19-4bc0-9125-b8c3de895eec req-f4afb486-7d19-4bc0-9125-b8c3de895eec ] Request (ListImageFiltersTestJSON:tearDownClass): 200 GET http://10.180.1.21/compute/v2.1/servers/2d4bd888-b055-4254-8841-f6d8d8c94900 0.214s
2025-01-02 16:13:37.846 67547 INFO tempest.lib.common.rest_client [req-33c6632b-21bf-49d7-a70e-6901695996ed req-33c6632b-21bf-49d7-a70e-6901695996ed ] Request (VolumesAssistedSnapshotsTest:test_volume_assisted_snapshot_create_delete): 204 DELETE http://10.180.1.21/compute/v2.1/os-assisted-volume-snapshots/None?delete_info=%7B%22volume_id%22%3A+%22448e0066-839f-4c0a-9f7b-cde7953fb2d9%22%7D 0.178s
2025-01-02 16:13:37.878 67519 INFO tempest.lib.common.rest_client [req-760ecf19-fe23-4dd5-b567-676f70716158 req-760ecf19-fe23-4dd5-b567-676f70716158 ] Request (ServersWithSpecificFlavorTestJSON:test_verify_created_server_ephemeral_disk): 200 GET http://10.180.1.21/compute/v2.1/servers/1a021e57-522f-4fe1-a015-f2f7a529fdcc 0.242s
2025-01-02 16:13:37.887 67547 INFO tempest.lib.common.rest_client [req-2cd965c9-c2a0-40dd-ac14-16799aa74a66 req-2cd965c9-c2a0-40dd-ac14-16799aa74a66 ] Request (VolumesAssistedSnapshotsTest:_run_cleanups): 200 GET http://10.180.1.21/volume/v3/volumes/448e0066-839f-4c0a-9f7b-cde7953fb2d9 0.041s
2025-01-02 16:13:37.911 67525 INFO tempest.lib.common.rest_client [req-4a2ef9c5-5fbe-44ab-8b8f-3e64edebb682 req-4a2ef9c5-5fbe-44ab-8b8f-3e64edebb682 ] Request (ImagesOneServerNegativeTestJSON:_run_cleanups): 200 GET http://10.180.1.21/compute/v2.1/servers/c7749e91-cafd-4f16-ac2b-a024cb57ce7d 0.166s
2025-01-02 16:13:37.934 67553 INFO tempest.lib.common.rest_client [req-8e85a4b8-eed0-4a98-83f9-6ca2fcec8857 req-8e85a4b8-eed0-4a98-83f9-6ca2fcec8857 ] Request (ImagesTestJSON:test_create_image_from_suspended_server): 200 GET http://10.180.1.21/compute/v2.1/servers/4efe8e51-4f71-4bf1-910f-7ff505fb1047 0.076s
2025-01-02 16:13:37.941 67553 INFO tempest.common.waiters [-] State transition "BUILD/None" ==> "BUILD/block_device_mapping" after 53 second wait
2025-01-02 16:13:38.024 67561 INFO tempest.lib.common.rest_client [req-da622164-c747-4da4-a912-01baf80fc55c req-da622164-c747-4da4-a912-01baf80fc55c ] Request (ServerRescueTestJSON:setUpClass): 200 GET http://10.180.1.21/compute/v2.1/servers/dc955fbb-7f6c-40fa-9d8d-4c5f240f5ff7 0.143s
2025-01-02 16:13:38.031 67561 INFO tempest.common.waiters [-] State transition "ACTIVE/rescuing" ==> "RESCUE/None" after 11 second wait
2025-01-02 16:13:38.084 67563 INFO tempest.lib.common.rest_client [req-7c495dbe-7c74-47ee-b899-748e6f46edc0 req-7c495dbe-7c74-47ee-b899-748e6f46edc0 ] Request (ServerDiskConfigTestJSON:test_rebuild_server_with_manual_disk_config): 200 GET http://10.180.1.21/compute/v2.1/servers/d8a8e3df-5351-4c4c-89d9-f2a2ef81bc64 0.153s
2025-01-02 16:13:38.107 67561 INFO tempest.lib.common.rest_client [req-dd62834c-72d4-4048-9080-f388b7de63c4 req-dd62834c-72d4-4048-9080-f388b7de63c4 ] Request (ServerRescueTestJSON:test_rescue_unrescue_instance): 201 POST http://10.180.1.21/identity/v3/auth/tokens 0.073s
2025-01-02 16:13:38.108 67561 INFO tempest.lib.common.fixed_network [-] (ServerRescueTestJSON:test_rescue_unrescue_instance) Found network {'id': 'e6331a2f-fed5-42c6-8b75-1ba3a962d927', 'name': 'tempest-ServerRescueTestJSON-548928076-network', 'tenant_id': '3472c6e347a44cc79dbf58a3392ede72', 'admin_state_up': True, 'mtu': 8950, 'status': 'ACTIVE', 'subnets': [], 'shared': False, 'project_id': '3472c6e347a44cc79dbf58a3392ede72', 'port_security_enabled': True, 'router:external': False, 'provider:network_type': 'vlan', 'provider:physical_network': 'default', 'provider:segmentation_id': 639, 'availability_zone_hints': [], 'availability_zones': [], 'ipv4_address_scope': None, 'ipv6_address_scope': None, 'description': '', 'tags': [], 'created_at': '2025-01-02T16:12:15Z', 'updated_at': '2025-01-02T16:12:15Z', 'revision_number': 1} available for tenant
2025-01-02 16:13:38.112 67547 INFO tempest.lib.common.rest_client [req-b3ccb741-2969-4bcf-925b-682505049bda req-b3ccb741-2969-4bcf-925b-682505049bda ] Request (VolumesAssistedSnapshotsTest:_run_cleanups): 202 DELETE http://10.180.1.21/compute/v2.1/servers/80fcf873-50b3-4c5a-a5b5-e7515e66fb59/os-volume_attachments/448e0066-839f-4c0a-9f7b-cde7953fb2d9 0.218s
2025-01-02 16:13:38.149 67521 INFO tempest.lib.common.rest_client [req-1db8fc64-bffb-46c4-b9f6-59b800b38761 req-1db8fc64-bffb-46c4-b9f6-59b800b38761 ] Request (DeleteServersTestJSON:test_delete_server_while_in_attached_volume): 200 GET http://10.180.1.21/compute/v2.1/servers/7766e4d8-8f42-4b38-92e1-168f9c44af89 0.164s
2025-01-02 16:13:38.170 67537 INFO tempest.lib.common.rest_client [req-7b9995ce-df22-4115-b78c-98ee19a406b9 req-7b9995ce-df22-4115-b78c-98ee19a406b9 ] Request (AttachVolumeTestJSON:test_attach_detach_volume): 200 GET http://10.180.1.21/compute/v2.1/servers/c40b92b4-5e25-4f49-a261-5fb444cbcba0 0.094s
2025-01-02 16:13:38.197 67547 INFO tempest.lib.common.rest_client [req-1666fe63-a9f8-4718-926b-49982c59d70b req-1666fe63-a9f8-4718-926b-49982c59d70b ] Request (VolumesAssistedSnapshotsTest:_run_cleanups): 200 GET http://10.180.1.21/compute/v2.1/servers/80fcf873-50b3-4c5a-a5b5-e7515e66fb59/os-volume_attachments 0.085s
2025-01-02 16:13:38.281 67509 INFO tempest.lib.common.rest_client [req-657614f3-3cc8-4f5f-9832-609ca1de3bb1 req-657614f3-3cc8-4f5f-9832-609ca1de3bb1 ] Request (ServersAdmin275Test:_run_cleanups): 200 GET http://10.180.1.21/compute/v2.1/servers/26e58564-2322-4da9-a5b5-ddb38804c12d 0.064s
2025-01-02 16:13:38.390 67569 WARNING tempest.lib.common.ssh [-] Failed to establish authenticated ssh connection to cirros@10.180.180.181 ([Errno None] Unable to connect to port 22 on 10.180.180.181). Number attempts: 10. Retry after 11 seconds.: paramiko.ssh_exception.NoValidConnectionsError: [Errno None] Unable to connect to port 22 on 10.180.180.181
2025-01-02 16:13:38.392 67511 INFO tempest.lib.common.rest_client [req-6829bccf-f638-4fed-92c2-d604b007ba8e req-6829bccf-f638-4fed-92c2-d604b007ba8e ] Request (ServerMetadataTestJSON:tearDownClass): 200 GET http://10.180.1.21/compute/v2.1/servers/ab043a5f-6552-4749-b348-c445500833e9 0.066s
2025-01-02 16:13:38.417 67561 INFO tempest.lib.common.rest_client [req-5716809b-e840-47f7-b2bf-72702fbec083 req-5716809b-e840-47f7-b2bf-72702fbec083 ] Request (ServerRescueTestJSON:test_rescue_unrescue_instance): 202 POST http://10.180.1.21/compute/v2.1/servers 0.309s
2025-01-02 16:13:38.442 67551 INFO tempest.lib.common.rest_client [req-a7baca28-f87c-4605-b934-16f6fc719a18 req-a7baca28-f87c-4605-b934-16f6fc719a18 ] Request (AttachInterfacesV270Test:test_create_get_list_interfaces): 200 GET http://10.180.1.21/compute/v2.1/servers/0a9d1808-bed4-418d-9613-c1988ecc7560 0.056s
2025-01-02 16:13:38.455 67561 INFO tempest.lib.common.rest_client [req-7bfb4b1e-33a2-41bc-b1c8-80460b9d2d4b req-7bfb4b1e-33a2-41bc-b1c8-80460b9d2d4b ] Request (ServerRescueTestJSON:test_rescue_unrescue_instance): 200 GET http://10.180.1.21/compute/v2.1/servers/bae77b57-fd9c-4bea-ae8d-0e021f4259f5 0.036s
2025-01-02 16:13:38.492 67557 INFO tempest.lib.common.rest_client [req-8eeb1d94-2331-4dde-90f6-c8f54659ce1f req-8eeb1d94-2331-4dde-90f6-c8f54659ce1f ] Request (ServerShowV247Test:test_update_rebuild_list_server): 200 GET http://10.180.1.21/compute/v2.1/servers/d84dc9ee-33f5-4c61-83fe-45d1b5843928 0.052s
2025-01-02 16:13:38.551 67517 INFO tempest.lib.common.rest_client [req-152ac30b-2f87-4688-b9de-51861b424ef2 req-152ac30b-2f87-4688-b9de-51861b424ef2 ] Request (ServersAdminTestJSON:test_inject_network_info): 200 GET http://10.180.1.21/compute/v2.1/servers/b77f150d-8379-4b8b-a1f5-f3825c2e03cd 0.057s
2025-01-02 16:13:38.599 67523 INFO tempest.lib.common.rest_client [req-0f9ebe4b-cc9f-4707-b9b0-12a0405c693b req-0f9ebe4b-cc9f-4707-b9b0-12a0405c693b ] Request (SecurityGroupsTestJSON:test_list_security_groups_by_server): 200 GET http://10.180.1.21/compute/v2.1/servers/702ce12e-199d-4d42-b04b-8d51720ab130 0.137s
2025-01-02 16:13:38.605 67523 INFO tempest.common.waiters [-] State transition "BUILD/spawning" ==> "ACTIVE/None" after 62 second wait
2025-01-02 16:13:38.814 67529 INFO tempest.lib.common.rest_client [req-d761f870-ca32-43fe-8b92-bf9a1db02ef0 req-d761f870-ca32-43fe-8b92-bf9a1db02ef0 ] Request (FloatingIPsAssociationTestJSON:tearDownClass): 200 GET http://10.180.1.21/compute/v2.1/servers/b5074673-55c8-45c0-8291-605308200960 0.055s
2025-01-02 16:13:38.924 67523 INFO tempest.lib.common.rest_client [req-4786cce6-78e9-4984-bc0b-1ed4a5729661 req-4786cce6-78e9-4984-bc0b-1ed4a5729661 ] Request (SecurityGroupsTestJSON:test_list_security_groups_by_server): 202 POST http://10.180.1.21/compute/v2.1/servers/702ce12e-199d-4d42-b04b-8d51720ab130/action 0.318s
2025-01-02 16:13:38.956 67531 INFO tempest.lib.common.rest_client [req-87cc2542-c980-4234-a050-4266a758e0ba req-87cc2542-c980-4234-a050-4266a758e0ba ] Request (InstanceActionsTestJSON:test_list_instance_actions): 200 GET http://10.180.1.21/compute/v2.1/servers/d2a31f3f-ec90-45df-81ee-9587f848bd11 0.182s
2025-01-02 16:13:38.966 67531 INFO tempest.common.waiters [-] State transition "HARD_REBOOT/reboot_pending_hard" ==> "HARD_REBOOT/reboot_started_hard" after 4 second wait
2025-01-02 16:13:38.973 67533 INFO tempest.lib.common.rest_client [req-7952d592-e636-405c-916c-93186b206504 req-7952d592-e636-405c-916c-93186b206504 ] Request (MigrationsAdminTest:test_resize_server_revert_deleted_flavor): 200 GET http://10.180.1.21/compute/v2.1/servers/b752ac74-3a09-4f06-98c1-5ef08afa76d1 0.142s
2025-01-02 16:13:39.019 67519 INFO tempest.lib.common.rest_client [req-a4cf6aaa-0a7e-4db3-b911-63d940834ddd req-a4cf6aaa-0a7e-4db3-b911-63d940834ddd ] Request (ServersWithSpecificFlavorTestJSON:test_verify_created_server_ephemeral_disk): 200 GET http://10.180.1.21/compute/v2.1/servers/1a021e57-522f-4fe1-a015-f2f7a529fdcc 0.132s
2025-01-02 16:13:39.029 67549 INFO tempest.lib.common.rest_client [req-dc77a115-3492-4bb9-a6e5-d98805eda058 req-dc77a115-3492-4bb9-a6e5-d98805eda058 ] Request (ListImageFiltersTestJSON:tearDownClass): 200 GET http://10.180.1.21/compute/v2.1/servers/2d4bd888-b055-4254-8841-f6d8d8c94900 0.189s
2025-01-02 16:13:39.086 67525 INFO tempest.lib.common.rest_client [req-e510730b-3028-440e-8107-39daf5def7b8 req-e510730b-3028-440e-8107-39daf5def7b8 ] Request (ImagesOneServerNegativeTestJSON:_run_cleanups): 200 GET http://10.180.1.21/compute/v2.1/servers/c7749e91-cafd-4f16-ac2b-a024cb57ce7d 0.166s
2025-01-02 16:13:39.220 67553 INFO tempest.lib.common.rest_client [req-2e6d403d-0538-4256-af40-a4fd177b411d req-2e6d403d-0538-4256-af40-a4fd177b411d ] Request (ImagesTestJSON:test_create_image_from_suspended_server): 200 GET http://10.180.1.21/compute/v2.1/servers/4efe8e51-4f71-4bf1-910f-7ff505fb1047 0.279s
2025-01-02 16:13:39.226 67553 INFO tempest.common.waiters [-] State transition "BUILD/block_device_mapping" ==> "BUILD/spawning" after 55 second wait
2025-01-02 16:13:39.267 67563 INFO tempest.lib.common.rest_client [req-814d2fd9-6a31-48a0-b505-11e811e21890 req-814d2fd9-6a31-48a0-b505-11e811e21890 ] Request (ServerDiskConfigTestJSON:test_rebuild_server_with_manual_disk_config): 200 GET http://10.180.1.21/compute/v2.1/servers/d8a8e3df-5351-4c4c-89d9-f2a2ef81bc64 0.174s
2025-01-02 16:13:39.291 67513 INFO paramiko.transport [-] Connected (version 2.0, client dropbear_2020.81)
2025-01-02 16:13:39.314 67521 INFO tempest.lib.common.rest_client [req-91e6e9c2-d0d3-49bb-905c-9158bc8fb8e8 req-91e6e9c2-d0d3-49bb-905c-9158bc8fb8e8 ] Request (DeleteServersTestJSON:test_delete_server_while_in_attached_volume): 200 GET http://10.180.1.21/compute/v2.1/servers/7766e4d8-8f42-4b38-92e1-168f9c44af89 0.158s
2025-01-02 16:13:39.389 67537 INFO tempest.lib.common.rest_client [req-13737f7f-6b31-4eba-83aa-bd2f5883d7dc req-13737f7f-6b31-4eba-83aa-bd2f5883d7dc ] Request (AttachVolumeTestJSON:test_attach_detach_volume): 200 GET http://10.180.1.21/compute/v2.1/servers/c40b92b4-5e25-4f49-a261-5fb444cbcba0 0.212s
2025-01-02 16:13:39.397 67513 INFO paramiko.transport [-] Authentication (publickey) successful!
2025-01-02 16:13:39.398 67513 INFO tempest.lib.common.ssh [-] ssh connection to cirros@10.180.180.169 successfully created
2025-01-02 16:13:39.406 67523 INFO tempest.lib.common.rest_client [req-477c584b-bd53-450c-aa3c-5e5ca1c75169 req-477c584b-bd53-450c-aa3c-5e5ca1c75169 ] Request (SecurityGroupsTestJSON:test_list_security_groups_by_server): 202 POST http://10.180.1.21/compute/v2.1/servers/702ce12e-199d-4d42-b04b-8d51720ab130/action 0.482s
2025-01-02 16:13:39.416 67547 INFO tempest.lib.common.rest_client [req-b9d2d81a-0078-4805-b93e-f2713211bbdc req-b9d2d81a-0078-4805-b93e-f2713211bbdc ] Request (VolumesAssistedSnapshotsTest:_run_cleanups): 200 GET http://10.180.1.21/compute/v2.1/servers/80fcf873-50b3-4c5a-a5b5-e7515e66fb59/os-volume_attachments 0.217s
2025-01-02 16:13:39.466 67509 INFO tempest.lib.common.rest_client [req-2b2614df-aa5a-44e9-ab1c-aff76240d851 req-2b2614df-aa5a-44e9-ab1c-aff76240d851 ] Request (ServersAdmin275Test:_run_cleanups): 200 GET http://10.180.1.21/compute/v2.1/servers/26e58564-2322-4da9-a5b5-ddb38804c12d 0.177s
2025-01-02 16:13:39.479 67511 INFO tempest.lib.common.rest_client [req-63c4a57b-a339-4d5f-ad76-462fa988ca6d req-63c4a57b-a339-4d5f-ad76-462fa988ca6d ] Request (ServerMetadataTestJSON:tearDownClass): 200 GET http://10.180.1.21/compute/v2.1/servers/ab043a5f-6552-4749-b348-c445500833e9 0.079s
2025-01-02 16:13:39.629 67523 INFO tempest.lib.common.rest_client [req-264d8a19-d36e-4256-9cdf-ed67b22466b8 req-264d8a19-d36e-4256-9cdf-ed67b22466b8 ] Request (SecurityGroupsTestJSON:test_list_security_groups_by_server): 200 GET http://10.180.1.21/compute/v2.1/servers/702ce12e-199d-4d42-b04b-8d51720ab130/os-security-groups 0.222s
2025-01-02 16:13:39.706 67551 INFO tempest.lib.common.rest_client [req-1f804715-e38f-4298-94df-4e024ecefa80 req-1f804715-e38f-4298-94df-4e024ecefa80 ] Request (AttachInterfacesV270Test:test_create_get_list_interfaces): 200 GET http://10.180.1.21/compute/v2.1/servers/0a9d1808-bed4-418d-9613-c1988ecc7560 0.256s
2025-01-02 16:13:39.768 67561 INFO tempest.lib.common.rest_client [req-b16e3af3-8633-4ca0-8dd2-e13d4c10216a req-b16e3af3-8633-4ca0-8dd2-e13d4c10216a ] Request (ServerRescueTestJSON:test_rescue_unrescue_instance): 200 GET http://10.180.1.21/compute/v2.1/servers/bae77b57-fd9c-4bea-ae8d-0e021f4259f5 0.305s
2025-01-02 16:13:39.776 67561 INFO tempest.common.waiters [-] State transition "BUILD/scheduling" ==> "BUILD/None" after 1 second wait
2025-01-02 16:13:39.820 67513 INFO tempest.lib.common.rest_client [req-127c753b-db14-448b-9f21-d8b47533d121 req-127c753b-db14-448b-9f21-d8b47533d121 ] Request (ServersTestBootFromVolume:test_list_servers): 200 GET http://10.180.1.21/compute/v2.1/servers 0.413s
2025-01-02 16:13:39.836 67557 INFO tempest.lib.common.rest_client [req-c802145d-6812-42e6-8752-80ddfca78dbf req-c802145d-6812-42e6-8752-80ddfca78dbf ] Request (ServerShowV247Test:test_update_rebuild_list_server): 200 GET http://10.180.1.21/compute/v2.1/servers/d84dc9ee-33f5-4c61-83fe-45d1b5843928 0.335s
2025-01-02 16:13:39.845 67557 INFO tempest.common.waiters [-] State transition "BUILD/spawning" ==> "ACTIVE/None" after 56 second wait
2025-01-02 16:13:39.870 67517 INFO tempest.lib.common.rest_client [req-feec7984-a2f6-4d7c-b38c-bf887f531bcb req-feec7984-a2f6-4d7c-b38c-bf887f531bcb ] Request (ServersAdminTestJSON:test_inject_network_info): 200 GET http://10.180.1.21/compute/v2.1/servers/b77f150d-8379-4b8b-a1f5-f3825c2e03cd 0.311s
2025-01-02 16:13:39.929 67529 INFO tempest.lib.common.rest_client [req-4b2bb5b3-fd5d-480e-91d9-e9276dc9a805 req-4b2bb5b3-fd5d-480e-91d9-e9276dc9a805 ] Request (FloatingIPsAssociationTestJSON:tearDownClass): 200 GET http://10.180.1.21/compute/v2.1/servers/b5074673-55c8-45c0-8291-605308200960 0.107s
2025-01-02 16:13:40.042 67523 INFO tempest.lib.common.rest_client [req-64df2855-3038-48a9-b299-3494eeb906c0 req-64df2855-3038-48a9-b299-3494eeb906c0 ] Request (SecurityGroupsTestJSON:test_security_group_create_get_delete): 200 POST http://10.180.1.21/compute/v2.1/os-security-groups 0.402s
2025-01-02 16:13:40.187 67513 INFO tempest.lib.common.rest_client [req-9344a479-b5ed-408a-ab25-fb39ca3d006d req-9344a479-b5ed-408a-ab25-fb39ca3d006d ] Request (ServersTestBootFromVolume:test_list_servers_with_detail): 200 GET http://10.180.1.21/compute/v2.1/servers/detail 0.361s
2025-01-02 16:13:40.230 67557 INFO tempest.lib.common.rest_client [req-909b429c-f0d7-4c98-88bd-0f800019e89d req-909b429c-f0d7-4c98-88bd-0f800019e89d ] Request (ServerShowV247Test:test_update_rebuild_list_server): 202 POST http://10.180.1.21/compute/v2.1/servers/d84dc9ee-33f5-4c61-83fe-45d1b5843928/action 0.384s
2025-01-02 16:13:40.290 67533 INFO tempest.lib.common.rest_client [req-d1715b37-99c2-451a-b9e2-40b56be86a75 req-d1715b37-99c2-451a-b9e2-40b56be86a75 ] Request (MigrationsAdminTest:test_resize_server_revert_deleted_flavor): 200 GET http://10.180.1.21/compute/v2.1/servers/b752ac74-3a09-4f06-98c1-5ef08afa76d1 0.309s
2025-01-02 16:13:40.310 67531 INFO tempest.lib.common.rest_client [req-ae9eea38-db5a-4d89-9a01-fbf345e948f2 req-ae9eea38-db5a-4d89-9a01-fbf345e948f2 ] Request (InstanceActionsTestJSON:test_list_instance_actions): 200 GET http://10.180.1.21/compute/v2.1/servers/d2a31f3f-ec90-45df-81ee-9587f848bd11 0.342s
2025-01-02 16:13:40.318 67531 INFO tempest.common.waiters [-] State transition "HARD_REBOOT/reboot_started_hard" ==> "ACTIVE/None" after 6 second wait
2025-01-02 16:13:40.352 67519 INFO tempest.lib.common.rest_client [req-d65dd568-e8a8-4d46-8174-3a902898b3d7 req-d65dd568-e8a8-4d46-8174-3a902898b3d7 ] Request (ServersWithSpecificFlavorTestJSON:test_verify_created_server_ephemeral_disk): 200 GET http://10.180.1.21/compute/v2.1/servers/1a021e57-522f-4fe1-a015-f2f7a529fdcc 0.321s
2025-01-02 16:13:40.377 67549 INFO tempest.lib.common.rest_client [req-efc1daaa-61c2-463c-ab3f-faf0a64a9c8a req-efc1daaa-61c2-463c-ab3f-faf0a64a9c8a ] Request (ListImageFiltersTestJSON:tearDownClass): 200 GET http://10.180.1.21/compute/v2.1/servers/2d4bd888-b055-4254-8841-f6d8d8c94900 0.339s
2025-01-02 16:13:40.394 67523 INFO tempest.lib.common.rest_client [req-c084c2de-f81e-4ba9-8685-73101df2cb46 req-c084c2de-f81e-4ba9-8685-73101df2cb46 ] Request (SecurityGroupsTestJSON:test_security_group_create_get_delete): 200 GET http://10.180.1.21/compute/v2.1/os-security-groups/4fac00cd-e6c6-477f-97a9-f2e101fefdf6 0.349s
2025-01-02 16:13:40.421 67513 INFO tempest.lib.common.rest_client [req-e91a8937-ecde-416a-bd4e-d6d05dbf0cf5 req-e91a8937-ecde-416a-bd4e-d6d05dbf0cf5 ] Request (ServersTestBootFromVolume:test_verify_created_server_vcpus): 200 GET http://10.180.1.21/compute/v2.1/flavors/42 0.224s
2025-01-02 16:13:40.423 67513 INFO tempest.lib.common.ssh [-] Creating ssh connection to '10.180.180.169:22' as 'cirros' with public key authentication
2025-01-02 16:13:40.427 67513 INFO paramiko.transport [-] Connected (version 2.0, client dropbear_2020.81)
2025-01-02 16:13:40.449 67525 INFO tempest.lib.common.rest_client [req-d39c35ad-ddfc-4188-947b-07246125444a req-d39c35ad-ddfc-4188-947b-07246125444a ] Request (ImagesOneServerNegativeTestJSON:_run_cleanups): 200 GET http://10.180.1.21/compute/v2.1/servers/c7749e91-cafd-4f16-ac2b-a024cb57ce7d 0.354s
2025-01-02 16:13:40.507 67557 INFO tempest.lib.common.rest_client [req-e3040d88-4e49-48d1-abfd-c4cba1133db3 req-e3040d88-4e49-48d1-abfd-c4cba1133db3 ] Request (ServerShowV247Test:test_update_rebuild_list_server): 200 GET http://10.180.1.21/compute/v2.1/servers/d84dc9ee-33f5-4c61-83fe-45d1b5843928 0.269s
2025-01-02 16:13:40.530 67513 INFO paramiko.transport [-] Authentication (publickey) successful!
2025-01-02 16:13:40.530 67513 INFO tempest.lib.common.ssh [-] ssh connection to cirros@10.180.180.169 successfully created
2025-01-02 16:13:40.535 67553 INFO tempest.lib.common.rest_client [req-35b8d539-0711-485a-992b-d757e69ab7b0 req-35b8d539-0711-485a-992b-d757e69ab7b0 ] Request (ImagesTestJSON:test_create_image_from_suspended_server): 200 GET http://10.180.1.21/compute/v2.1/servers/4efe8e51-4f71-4bf1-910f-7ff505fb1047 0.308s
2025-01-02 16:13:40.557 67563 INFO tempest.lib.common.rest_client [req-7e63b750-f7e3-4a06-b7f5-ca71728a97c1 req-7e63b750-f7e3-4a06-b7f5-ca71728a97c1 ] Request (ServerDiskConfigTestJSON:test_rebuild_server_with_manual_disk_config): 200 GET http://10.180.1.21/compute/v2.1/servers/d8a8e3df-5351-4c4c-89d9-f2a2ef81bc64 0.283s
2025-01-02 16:13:40.574 67531 INFO tempest.lib.common.rest_client [req-ad1edfc2-6694-419e-a465-e16bb288a764 req-ad1edfc2-6694-419e-a465-e16bb288a764 ] Request (InstanceActionsTestJSON:test_list_instance_actions): 200 GET http://10.180.1.21/compute/v2.1/servers/d2a31f3f-ec90-45df-81ee-9587f848bd11/os-instance-actions 0.256s
2025-01-02 16:13:40.605 67521 INFO tempest.lib.common.rest_client [req-11a1c914-8b33-40d1-8ba3-e63e9c575bca req-11a1c914-8b33-40d1-8ba3-e63e9c575bca ] Request (DeleteServersTestJSON:test_delete_server_while_in_attached_volume): 200 GET http://10.180.1.21/compute/v2.1/servers/7766e4d8-8f42-4b38-92e1-168f9c44af89 0.284s
2025-01-02 16:13:40.726 67537 INFO tempest.lib.common.rest_client [req-b4464ce9-01e4-4d31-8b67-925b9b10298a req-b4464ce9-01e4-4d31-8b67-925b9b10298a ] Request (AttachVolumeTestJSON:test_attach_detach_volume): 200 GET http://10.180.1.21/compute/v2.1/servers/c40b92b4-5e25-4f49-a261-5fb444cbcba0 0.328s
2025-01-02 16:13:40.732 67537 INFO tempest.common.waiters [-] State transition "BUILD/None" ==> "BUILD/block_device_mapping" after 43 second wait
2025-01-02 16:13:40.747 67523 INFO tempest.lib.common.rest_client [req-4225d09e-5f57-43ed-9f18-b6df0a7decdc req-4225d09e-5f57-43ed-9f18-b6df0a7decdc ] Request (SecurityGroupsTestJSON:test_security_group_create_get_delete): 202 DELETE http://10.180.1.21/compute/v2.1/os-security-groups/4fac00cd-e6c6-477f-97a9-f2e101fefdf6 0.350s
2025-01-02 16:13:40.749 67541 WARNING tempest.lib.common.ssh [-] Failed to establish authenticated ssh connection to cirros@10.180.180.236 ([Errno None] Unable to connect to port 22 on 10.180.180.236). Number attempts: 8. Retry after 9 seconds.: paramiko.ssh_exception.NoValidConnectionsError: [Errno None] Unable to connect to port 22 on 10.180.180.236
2025-01-02 16:13:40.756 67547 INFO tempest.lib.common.rest_client [req-8dc0af3a-d324-41ab-a8e6-0bbc9f1a4a4f req-8dc0af3a-d324-41ab-a8e6-0bbc9f1a4a4f ] Request (VolumesAssistedSnapshotsTest:_run_cleanups): 200 GET http://10.180.1.21/compute/v2.1/servers/80fcf873-50b3-4c5a-a5b5-e7515e66fb59/os-volume_attachments 0.338s
2025-01-02 16:13:40.806 67509 INFO tempest.lib.common.rest_client [req-7a94b69b-8075-4bf8-a0b9-a3f919b4af32 req-7a94b69b-8075-4bf8-a0b9-a3f919b4af32 ] Request (ServersAdmin275Test:_run_cleanups): 200 GET http://10.180.1.21/compute/v2.1/servers/26e58564-2322-4da9-a5b5-ddb38804c12d 0.326s
2025-01-02 16:13:40.820 67509 INFO tempest.common.waiters [-] State transition "REBUILD/rebuild_spawning" ==> "ACTIVE/None" after 10 second wait
2025-01-02 16:13:40.837 67511 INFO tempest.lib.common.rest_client [req-1a7a0cbc-3905-4dc3-8037-782621d7d644 req-1a7a0cbc-3905-4dc3-8037-782621d7d644 ] Request (ServerMetadataTestJSON:tearDownClass): 200 GET http://10.180.1.21/compute/v2.1/servers/ab043a5f-6552-4749-b348-c445500833e9 0.351s
2025-01-02 16:13:40.885 67513 INFO tempest.lib.common.rest_client [req-b81e88b0-6036-47b0-bd40-408a4ef13e66 req-b81e88b0-6036-47b0-bd40-408a4ef13e66 ] Request (ServersTestBootFromVolume:tearDownClass): 204 DELETE http://10.180.1.21/compute/v2.1/servers/eaa02240-7761-4c99-9d47-89b312fa298d 0.345s
2025-01-02 16:13:40.908 67531 INFO tempest.lib.common.rest_client [req-a460d6e4-c73f-42d9-994d-8cb688f47ba6 req-a460d6e4-c73f-42d9-994d-8cb688f47ba6 ] Request (InstanceActionsTestJSON:tearDownClass): 204 DELETE http://10.180.1.21/compute/v2.1/servers/d2a31f3f-ec90-45df-81ee-9587f848bd11 0.328s
2025-01-02 16:13:40.927 67523 INFO tempest.lib.common.rest_client [req-99a09ff3-a079-4a7a-8616-6aaefb265aba req-99a09ff3-a079-4a7a-8616-6aaefb265aba ] Request (SecurityGroupsTestJSON:test_security_group_create_get_delete): 404 GET http://10.180.1.21/compute/v2.1/os-security-groups/4fac00cd-e6c6-477f-97a9-f2e101fefdf6 0.178s
2025-01-02 16:13:40.942 67551 INFO tempest.lib.common.rest_client [req-1cacbc16-d580-4b93-ba76-c8bea6413c93 req-1cacbc16-d580-4b93-ba76-c8bea6413c93 ] Request (AttachInterfacesV270Test:test_create_get_list_interfaces): 200 GET http://10.180.1.21/compute/v2.1/servers/0a9d1808-bed4-418d-9613-c1988ecc7560 0.226s
2025-01-02 16:13:40.976 67561 INFO tempest.lib.common.rest_client [req-0e595638-fa93-478d-98ab-2a9fcb16f8b1 req-0e595638-fa93-478d-98ab-2a9fcb16f8b1 ] Request (ServerRescueTestJSON:test_rescue_unrescue_instance): 200 GET http://10.180.1.21/compute/v2.1/servers/bae77b57-fd9c-4bea-ae8d-0e021f4259f5 0.199s
2025-01-02 16:13:41.010 67509 INFO tempest.lib.common.rest_client [req-cb34daec-ad4c-45b1-a1b9-350e29cea6ff req-cb34daec-ad4c-45b1-a1b9-350e29cea6ff ] Request (ServersAdmin275Test:tearDownClass): 204 DELETE http://10.180.1.21/compute/v2.1/servers/26e58564-2322-4da9-a5b5-ddb38804c12d 0.186s
2025-01-02 16:13:41.037 67517 INFO tempest.lib.common.rest_client [req-2fc3c3d4-b3a9-40eb-b6d8-96ec620818b7 req-2fc3c3d4-b3a9-40eb-b6d8-96ec620818b7 ] Request (ServersAdminTestJSON:test_inject_network_info): 200 GET http://10.180.1.21/compute/v2.1/servers/b77f150d-8379-4b8b-a1f5-f3825c2e03cd 0.161s
2025-01-02 16:13:41.160 67513 INFO tempest.lib.common.rest_client [req-6d5c91cd-9ed1-4f11-9655-a1f4a749ae0a req-6d5c91cd-9ed1-4f11-9655-a1f4a749ae0a ] Request (ServersTestBootFromVolume:tearDownClass): 200 GET http://10.180.1.21/compute/v2.1/servers/eaa02240-7761-4c99-9d47-89b312fa298d 0.274s
2025-01-02 16:13:41.182 67531 INFO tempest.lib.common.rest_client [req-cce8a0ce-1e84-44b7-b9d1-7de9a8a1d40a req-cce8a0ce-1e84-44b7-b9d1-7de9a8a1d40a ] Request (InstanceActionsTestJSON:tearDownClass): 200 GET http://10.180.1.21/compute/v2.1/servers/d2a31f3f-ec90-45df-81ee-9587f848bd11 0.274s
2025-01-02 16:13:41.250 67529 INFO tempest.lib.common.rest_client [req-00f07b36-bd72-47c1-9a79-243832dc4030 req-00f07b36-bd72-47c1-9a79-243832dc4030 ] Request (FloatingIPsAssociationTestJSON:tearDownClass): 200 GET http://10.180.1.21/compute/v2.1/servers/b5074673-55c8-45c0-8291-605308200960 0.311s
2025-01-02 16:13:41.272 67523 INFO tempest.lib.common.rest_client [req-86de7727-233a-4ed4-8c68-b63af38d06a5 req-86de7727-233a-4ed4-8c68-b63af38d06a5 ] Request (SecurityGroupsTestJSON:test_security_groups_create_list_delete): 200 POST http://10.180.1.21/compute/v2.1/os-security-groups 0.344s
2025-01-02 16:13:41.303 67509 INFO tempest.lib.common.rest_client [req-3d3f887c-a07d-4495-9068-73b288f8d819 req-3d3f887c-a07d-4495-9068-73b288f8d819 ] Request (ServersAdmin275Test:tearDownClass): 200 GET http://10.180.1.21/compute/v2.1/servers/26e58564-2322-4da9-a5b5-ddb38804c12d 0.293s
2025-01-02 16:13:41.346 67533 INFO tempest.lib.common.rest_client [req-63c00f45-f1b5-490f-85ca-7053507b355e req-63c00f45-f1b5-490f-85ca-7053507b355e ] Request (MigrationsAdminTest:test_resize_server_revert_deleted_flavor): 200 GET http://10.180.1.21/compute/v2.1/servers/b752ac74-3a09-4f06-98c1-5ef08afa76d1 0.047s
2025-01-02 16:13:41.386 67523 INFO tempest.lib.common.rest_client [req-b753f499-8bc1-48c5-975d-d268eaa4f76c req-b753f499-8bc1-48c5-975d-d268eaa4f76c ] Request (SecurityGroupsTestJSON:test_security_groups_create_list_delete): 200 POST http://10.180.1.21/compute/v2.1/os-security-groups 0.111s
2025-01-02 16:13:41.408 67519 INFO tempest.lib.common.rest_client [req-e96fcfc6-dc4d-47a4-8578-5370e9a401b0 req-e96fcfc6-dc4d-47a4-8578-5370e9a401b0 ] Request (ServersWithSpecificFlavorTestJSON:test_verify_created_server_ephemeral_disk): 200 GET http://10.180.1.21/compute/v2.1/servers/1a021e57-522f-4fe1-a015-f2f7a529fdcc 0.045s
2025-01-02 16:13:41.449 67539 WARNING tempest.lib.common.ssh [-] Failed to establish authenticated ssh connection to cirros@10.180.180.152 ([Errno None] Unable to connect to port 22 on 10.180.180.152). Number attempts: 8. Retry after 9 seconds.: paramiko.ssh_exception.NoValidConnectionsError: [Errno None] Unable to connect to port 22 on 10.180.180.152
2025-01-02 16:13:41.460 67549 INFO tempest.lib.common.rest_client [req-ad16f7be-0760-470f-8b96-c2d9b35ca1b4 req-ad16f7be-0760-470f-8b96-c2d9b35ca1b4 ] Request (ListImageFiltersTestJSON:tearDownClass): 200 GET http://10.180.1.21/compute/v2.1/servers/2d4bd888-b055-4254-8841-f6d8d8c94900 0.071s
2025-01-02 16:13:41.487 67523 INFO tempest.lib.common.rest_client [req-a8c41d2d-88fa-4c2f-a789-7b072e228e7c req-a8c41d2d-88fa-4c2f-a789-7b072e228e7c ] Request (SecurityGroupsTestJSON:test_security_groups_create_list_delete): 200 POST http://10.180.1.21/compute/v2.1/os-security-groups 0.098s
2025-01-02 16:13:41.514 67525 INFO tempest.lib.common.rest_client [req-9482566d-35db-4aaf-8963-d5dc0af9c4f7 req-9482566d-35db-4aaf-8963-d5dc0af9c4f7 ] Request (ImagesOneServerNegativeTestJSON:_run_cleanups): 200 GET http://10.180.1.21/compute/v2.1/servers/c7749e91-cafd-4f16-ac2b-a024cb57ce7d 0.055s
2025-01-02 16:13:41.566 67557 INFO tempest.lib.common.rest_client [req-373a0e7c-f666-40cd-a4d8-be949926a94f req-373a0e7c-f666-40cd-a4d8-be949926a94f ] Request (ServerShowV247Test:test_update_rebuild_list_server): 200 GET http://10.180.1.21/compute/v2.1/servers/d84dc9ee-33f5-4c61-83fe-45d1b5843928 0.050s
2025-01-02 16:13:41.584 67523 INFO tempest.lib.common.rest_client [req-7e111d76-540f-43fd-9f14-96e357e2c192 req-7e111d76-540f-43fd-9f14-96e357e2c192 ] Request (SecurityGroupsTestJSON:test_security_groups_create_list_delete): 200 GET http://10.180.1.21/compute/v2.1/os-security-groups 0.094s
2025-01-02 16:13:41.629 67563 INFO tempest.lib.common.rest_client [req-c050599e-70f4-49ee-8f62-4b5ea7f7bd6e req-c050599e-70f4-49ee-8f62-4b5ea7f7bd6e ] Request (ServerDiskConfigTestJSON:test_rebuild_server_with_manual_disk_config): 200 GET http://10.180.1.21/compute/v2.1/servers/d8a8e3df-5351-4c4c-89d9-f2a2ef81bc64 0.061s
2025-01-02 16:13:41.693 67553 INFO tempest.lib.common.rest_client [req-9ba3fe71-d012-4cde-942a-b0ae7ce050e5 req-9ba3fe71-d012-4cde-942a-b0ae7ce050e5 ] Request (ImagesTestJSON:test_create_image_from_suspended_server): 200 GET http://10.180.1.21/compute/v2.1/servers/4efe8e51-4f71-4bf1-910f-7ff505fb1047 0.151s
2025-01-02 16:13:41.742 67523 INFO tempest.lib.common.rest_client [req-0beff852-43ab-4268-9591-6f32893da769 req-0beff852-43ab-4268-9591-6f32893da769 ] Request (SecurityGroupsTestJSON:test_security_groups_create_list_delete): 202 DELETE http://10.180.1.21/compute/v2.1/os-security-groups/03d571d3-de2e-4aab-abb0-1a3890da32f6 0.153s
2025-01-02 16:13:41.742 67521 INFO tempest.lib.common.rest_client [req-59383b17-c0f3-4e70-bef0-45ac10fcb6b9 req-59383b17-c0f3-4e70-bef0-45ac10fcb6b9 ] Request (DeleteServersTestJSON:test_delete_server_while_in_attached_volume): 200 GET http://10.180.1.21/compute/v2.1/servers/7766e4d8-8f42-4b38-92e1-168f9c44af89 0.129s
2025-01-02 16:13:41.763 67523 INFO tempest.lib.common.rest_client [req-d3d32f58-0087-4b47-a124-af351b9e23ae req-d3d32f58-0087-4b47-a124-af351b9e23ae ] Request (SecurityGroupsTestJSON:test_security_groups_create_list_delete): 404 GET http://10.180.1.21/compute/v2.1/os-security-groups/03d571d3-de2e-4aab-abb0-1a3890da32f6 0.021s
2025-01-02 16:13:41.791 67547 INFO tempest.lib.common.rest_client [req-df256457-6ab7-4825-904c-0c1184fcd12c req-df256457-6ab7-4825-904c-0c1184fcd12c ] Request (VolumesAssistedSnapshotsTest:_run_cleanups): 200 GET http://10.180.1.21/compute/v2.1/servers/80fcf873-50b3-4c5a-a5b5-e7515e66fb59/os-volume_attachments 0.033s
2025-01-02 16:13:41.819 67547 INFO tempest.lib.common.rest_client [req-d86bc05c-ed4d-4c96-b3ea-991e3c8a2571 req-d86bc05c-ed4d-4c96-b3ea-991e3c8a2571 ] Request (VolumesAssistedSnapshotsTest:_run_cleanups): 200 GET http://10.180.1.21/volume/v3/volumes/448e0066-839f-4c0a-9f7b-cde7953fb2d9 0.027s
2025-01-02 16:13:41.825 67547 INFO tempest.common.waiters [-] volume 448e0066-839f-4c0a-9f7b-cde7953fb2d9 reached available after waiting for 0.825810 seconds
2025-01-02 16:13:41.869 67547 INFO tempest.lib.common.rest_client [req-bedb854b-d77a-484c-b3ae-148938a9b3fc req-bedb854b-d77a-484c-b3ae-148938a9b3fc ] Request (VolumesAssistedSnapshotsTest:_run_cleanups): 202 DELETE http://10.180.1.21/volume/v3/volumes/448e0066-839f-4c0a-9f7b-cde7953fb2d9 0.043s
2025-01-02 16:13:41.875 67537 INFO tempest.lib.common.rest_client [req-ca261aec-c671-4795-a1fd-8ae5c66dd019 req-ca261aec-c671-4795-a1fd-8ae5c66dd019 ] Request (AttachVolumeTestJSON:test_attach_detach_volume): 200 GET http://10.180.1.21/compute/v2.1/servers/c40b92b4-5e25-4f49-a261-5fb444cbcba0 0.142s
2025-01-02 16:13:41.881 67537 INFO tempest.common.waiters [-] State transition "BUILD/block_device_mapping" ==> "BUILD/spawning" after 44 second wait
2025-01-02 16:13:41.892 67523 INFO tempest.lib.common.rest_client [req-293a1728-dbce-4454-bf8e-2824a283b6e2 req-293a1728-dbce-4454-bf8e-2824a283b6e2 ] Request (SecurityGroupsTestJSON:test_security_groups_create_list_delete): 202 DELETE http://10.180.1.21/compute/v2.1/os-security-groups/003da7c4-7c2b-458f-bfec-8427489cec9e 0.128s
2025-01-02 16:13:41.894 67547 INFO tempest.lib.common.rest_client [req-e07e8a3b-df65-4699-a12b-8017840910c3 req-e07e8a3b-df65-4699-a12b-8017840910c3 ] Request (VolumesAssistedSnapshotsTest:_run_cleanups): 200 GET http://10.180.1.21/volume/v3/volumes/448e0066-839f-4c0a-9f7b-cde7953fb2d9 0.024s
2025-01-02 16:13:41.924 67523 INFO tempest.lib.common.rest_client [req-d0316be0-da0b-44e1-bce9-84b8c9d70170 req-d0316be0-da0b-44e1-bce9-84b8c9d70170 ] Request (SecurityGroupsTestJSON:test_security_groups_create_list_delete): 404 GET http://10.180.1.21/compute/v2.1/os-security-groups/003da7c4-7c2b-458f-bfec-8427489cec9e 0.032s
2025-01-02 16:13:41.959 67511 INFO tempest.lib.common.rest_client [req-b94ef0a9-9695-4a5d-98c2-783516e881c5 req-b94ef0a9-9695-4a5d-98c2-783516e881c5 ] Request (ServerMetadataTestJSON:tearDownClass): 200 GET http://10.180.1.21/compute/v2.1/servers/ab043a5f-6552-4749-b348-c445500833e9 0.115s
2025-01-02 16:13:42.022 67551 INFO tempest.lib.common.rest_client [req-3bcae4ab-ce0e-4284-b61b-c61cf5bdf14a req-3bcae4ab-ce0e-4284-b61b-c61cf5bdf14a ] Request (AttachInterfacesV270Test:test_create_get_list_interfaces): 200 GET http://10.180.1.21/compute/v2.1/servers/0a9d1808-bed4-418d-9613-c1988ecc7560 0.071s
2025-01-02 16:13:42.043 67523 INFO tempest.lib.common.rest_client [req-66d67e61-3261-4ce0-b074-83c35e772d96 req-66d67e61-3261-4ce0-b074-83c35e772d96 ] Request (SecurityGroupsTestJSON:test_security_groups_create_list_delete): 202 DELETE http://10.180.1.21/compute/v2.1/os-security-groups/2c033b77-0957-4030-8c49-c697280bf466 0.118s
2025-01-02 16:13:42.065 67523 INFO tempest.lib.common.rest_client [req-2c8f052f-4ca0-440c-87e8-b9a55dfb4409 req-2c8f052f-4ca0-440c-87e8-b9a55dfb4409 ] Request (SecurityGroupsTestJSON:test_security_groups_create_list_delete): 404 GET http://10.180.1.21/compute/v2.1/os-security-groups/2c033b77-0957-4030-8c49-c697280bf466 0.021s
2025-01-02 16:13:42.086 67561 INFO tempest.lib.common.rest_client [req-bf42f5ab-b4aa-4bc2-8c62-cef906118a46 req-bf42f5ab-b4aa-4bc2-8c62-cef906118a46 ] Request (ServerRescueTestJSON:test_rescue_unrescue_instance): 200 GET http://10.180.1.21/compute/v2.1/servers/bae77b57-fd9c-4bea-ae8d-0e021f4259f5 0.102s
2025-01-02 16:13:42.131 67517 INFO tempest.lib.common.rest_client [req-9b713fd4-25d6-43ab-ba65-fa5e5313cf6a req-9b713fd4-25d6-43ab-ba65-fa5e5313cf6a ] Request (ServersAdminTestJSON:test_inject_network_info): 200 GET http://10.180.1.21/compute/v2.1/servers/b77f150d-8379-4b8b-a1f5-f3825c2e03cd 0.084s
2025-01-02 16:13:42.181 67543 WARNING tempest.lib.common.ssh [-] Failed to establish authenticated ssh connection to cirros@10.180.180.143 ([Errno None] Unable to connect to port 22 on 10.180.180.143). Number attempts: 9. Retry after 10 seconds.: paramiko.ssh_exception.NoValidConnectionsError: [Errno None] Unable to connect to port 22 on 10.180.180.143
2025-01-02 16:13:42.219 67523 INFO tempest.lib.common.rest_client [req-6b1d661b-7cf8-4d52-aef4-20337dba9432 req-6b1d661b-7cf8-4d52-aef4-20337dba9432 ] Request (SecurityGroupsTestJSON:test_security_groups_create_list_delete): 200 GET http://10.180.1.21/compute/v2.1/os-security-groups 0.153s
2025-01-02 16:13:42.338 67513 INFO tempest.lib.common.rest_client [req-a98acfe2-afc7-4468-a968-44b8f7d238e6 req-a98acfe2-afc7-4468-a968-44b8f7d238e6 ] Request (ServersTestBootFromVolume:tearDownClass): 200 GET http://10.180.1.21/compute/v2.1/servers/eaa02240-7761-4c99-9d47-89b312fa298d 0.169s
2025-01-02 16:13:42.382 67531 INFO tempest.lib.common.rest_client [req-ecc329ca-54d0-44a3-9abd-8b70fe7e4d48 req-ecc329ca-54d0-44a3-9abd-8b70fe7e4d48 ] Request (InstanceActionsTestJSON:tearDownClass): 200 GET http://10.180.1.21/compute/v2.1/servers/d2a31f3f-ec90-45df-81ee-9587f848bd11 0.191s
2025-01-02 16:13:42.412 67529 INFO tempest.lib.common.rest_client [req-7678176c-95a7-4f53-80d4-488f8c5e5a1f req-7678176c-95a7-4f53-80d4-488f8c5e5a1f ] Request (FloatingIPsAssociationTestJSON:tearDownClass): 404 GET http://10.180.1.21/compute/v2.1/servers/b5074673-55c8-45c0-8291-605308200960 0.154s
2025-01-02 16:13:42.478 67509 INFO tempest.lib.common.rest_client [req-5ddbc3f9-75fb-4ed6-9f56-8ee433f5246c req-5ddbc3f9-75fb-4ed6-9f56-8ee433f5246c ] Request (ServersAdmin275Test:tearDownClass): 200 GET http://10.180.1.21/compute/v2.1/servers/26e58564-2322-4da9-a5b5-ddb38804c12d 0.162s
2025-01-02 16:13:42.501 67523 INFO tempest.lib.common.rest_client [req-4ff46e23-58f3-46de-b21c-55f1a1233129 req-4ff46e23-58f3-46de-b21c-55f1a1233129 ] Request (SecurityGroupsTestJSON:test_server_security_groups): 200 POST http://10.180.1.21/compute/v2.1/os-security-groups 0.277s
2025-01-02 16:13:42.533 67533 INFO tempest.lib.common.rest_client [req-6d29ccc9-e511-4307-b017-c764e00f8cb4 req-6d29ccc9-e511-4307-b017-c764e00f8cb4 ] Request (MigrationsAdminTest:test_resize_server_revert_deleted_flavor): 200 GET http://10.180.1.21/compute/v2.1/servers/b752ac74-3a09-4f06-98c1-5ef08afa76d1 0.180s
2025-01-02 16:13:42.560 67519 INFO tempest.lib.common.rest_client [req-246696e3-7799-4358-b686-2bf6b8e7ca25 req-246696e3-7799-4358-b686-2bf6b8e7ca25 ] Request (ServersWithSpecificFlavorTestJSON:test_verify_created_server_ephemeral_disk): 200 GET http://10.180.1.21/compute/v2.1/servers/1a021e57-522f-4fe1-a015-f2f7a529fdcc 0.145s
2025-01-02 16:13:42.617 67549 INFO tempest.lib.common.rest_client [req-aabcabbf-61d9-46a7-85fa-2b3cf411319b req-aabcabbf-61d9-46a7-85fa-2b3cf411319b ] Request (ListImageFiltersTestJSON:tearDownClass): 200 GET http://10.180.1.21/compute/v2.1/servers/2d4bd888-b055-4254-8841-f6d8d8c94900 0.151s
2025-01-02 16:13:42.688 67525 INFO tempest.lib.common.rest_client [req-41519a9d-bdf3-496e-9574-2d1682550fd3 req-41519a9d-bdf3-496e-9574-2d1682550fd3 ] Request (ImagesOneServerNegativeTestJSON:_run_cleanups): 200 GET http://10.180.1.21/compute/v2.1/servers/c7749e91-cafd-4f16-ac2b-a024cb57ce7d 0.167s
2025-01-02 16:13:42.704 67523 INFO tempest.lib.common.rest_client [req-70b00519-db7e-479c-85d4-876d3aab13b8 req-70b00519-db7e-479c-85d4-876d3aab13b8 ] Request (SecurityGroupsTestJSON:test_server_security_groups): 200 POST http://10.180.1.21/compute/v2.1/os-security-groups 0.199s
2025-01-02 16:13:42.757 67557 INFO tempest.lib.common.rest_client [req-ec92dfde-7214-450f-8edd-f5dfc8469e06 req-ec92dfde-7214-450f-8edd-f5dfc8469e06 ] Request (ServerShowV247Test:test_update_rebuild_list_server): 200 GET http://10.180.1.21/compute/v2.1/servers/d84dc9ee-33f5-4c61-83fe-45d1b5843928 0.179s
2025-01-02 16:13:42.768 67563 INFO tempest.lib.common.rest_client [req-59cfae2f-6f33-45cf-91ff-e0067b916335 req-59cfae2f-6f33-45cf-91ff-e0067b916335 ] Request (ServerDiskConfigTestJSON:test_rebuild_server_with_manual_disk_config): 200 GET http://10.180.1.21/compute/v2.1/servers/d8a8e3df-5351-4c4c-89d9-f2a2ef81bc64 0.132s
2025-01-02 16:13:42.772 67523 INFO tempest.lib.common.rest_client [req-ec4b2e30-9ef4-4015-b036-58bedf4b95bb req-ec4b2e30-9ef4-4015-b036-58bedf4b95bb ] Request (SecurityGroupsTestJSON:test_server_security_groups): 201 POST http://10.180.1.21/identity/v3/auth/tokens 0.059s
2025-01-02 16:13:42.772 67523 INFO tempest.lib.common.fixed_network [-] (SecurityGroupsTestJSON:test_server_security_groups) Found network {'id': '7b7ff002-0cc6-420e-961a-83a916e70ad8', 'name': 'tempest-SecurityGroupsTestJSON-1295086950-network', 'tenant_id': '0d73459417de4ed7a0fc7977ae510647', 'admin_state_up': True, 'mtu': 8950, 'status': 'ACTIVE', 'subnets': [], 'shared': False, 'project_id': '0d73459417de4ed7a0fc7977ae510647', 'port_security_enabled': True, 'router:external': False, 'provider:network_type': 'vlan', 'provider:physical_network': 'default', 'provider:segmentation_id': 19, 'availability_zone_hints': [], 'availability_zones': [], 'ipv4_address_scope': None, 'ipv6_address_scope': None, 'description': '', 'tags': [], 'created_at': '2025-01-02T16:12:28Z', 'updated_at': '2025-01-02T16:12:28Z', 'revision_number': 1} available for tenant
2025-01-02 16:13:42.814 67521 INFO tempest.lib.common.rest_client [req-6c74af1e-af28-4166-91ba-e4e8eefdd0f8 req-6c74af1e-af28-4166-91ba-e4e8eefdd0f8 ] Request (DeleteServersTestJSON:test_delete_server_while_in_attached_volume): 200 GET http://10.180.1.21/compute/v2.1/servers/7766e4d8-8f42-4b38-92e1-168f9c44af89 0.062s
2025-01-02 16:13:42.880 67553 INFO tempest.lib.common.rest_client [req-01c9c2a1-6e91-43fd-adce-250e332ddbd3 req-01c9c2a1-6e91-43fd-adce-250e332ddbd3 ] Request (ImagesTestJSON:test_create_image_from_suspended_server): 200 GET http://10.180.1.21/compute/v2.1/servers/4efe8e51-4f71-4bf1-910f-7ff505fb1047 0.179s
2025-01-02 16:13:42.937 67547 INFO tempest.lib.common.rest_client [req-dc8765fb-c580-49e8-a149-446c3e5b7a67 req-dc8765fb-c580-49e8-a149-446c3e5b7a67 ] Request (VolumesAssistedSnapshotsTest:_run_cleanups): 200 GET http://10.180.1.21/volume/v3/volumes/448e0066-839f-4c0a-9f7b-cde7953fb2d9 0.035s
2025-01-02 16:13:43.021 67537 INFO tempest.lib.common.rest_client [req-6f706ecb-0299-4997-ad65-4c7f3d3fdedb req-6f706ecb-0299-4997-ad65-4c7f3d3fdedb ] Request (AttachVolumeTestJSON:test_attach_detach_volume): 200 GET http://10.180.1.21/compute/v2.1/servers/c40b92b4-5e25-4f49-a261-5fb444cbcba0 0.139s
2025-01-02 16:13:43.106 67511 INFO tempest.lib.common.rest_client [req-a0d9d573-2d4f-4ca9-a653-d201752687ce req-a0d9d573-2d4f-4ca9-a653-d201752687ce ] Request (ServerMetadataTestJSON:tearDownClass): 200 GET http://10.180.1.21/compute/v2.1/servers/ab043a5f-6552-4749-b348-c445500833e9 0.136s
2025-01-02 16:13:43.176 67551 INFO tempest.lib.common.rest_client [req-16f7e9b2-1063-4823-b840-c3e9f2ced940 req-16f7e9b2-1063-4823-b840-c3e9f2ced940 ] Request (AttachInterfacesV270Test:test_create_get_list_interfaces): 200 GET http://10.180.1.21/compute/v2.1/servers/0a9d1808-bed4-418d-9613-c1988ecc7560 0.139s
