2025-01-02 16:12:41.855 67551 INFO tempest.lib.common.rest_client [req-66e7a46d-d7d9-469f-b193-deb03a8f89c1 req-66e7a46d-d7d9-469f-b193-deb03a8f89c1 ] Request (DeleteServersAdminTestJSON:test_delete_server_while_in_error_state): 200 GET http://10.180.1.21/compute/v2.1/servers/901c53f8-b256-4858-ba26-99f3403c3686 0.475s
2025-01-02 16:12:41.966 67533 INFO tempest.lib.common.rest_client [req-22a732c4-b10c-4737-b79d-4023063e3e09 req-22a732c4-b10c-4737-b79d-4023063e3e09 ] Request (MigrationsAdminTest:test_list_migrations_in_flavor_resize_situation): 200 GET http://10.180.1.21/compute/v2.1/servers/d24ed5c9-c491-4b61-831e-1a6aa1bf824a 0.522s
2025-01-02 16:12:42.001 67549 INFO tempest.lib.common.rest_client [req-168aedaf-bd23-4d8f-99a5-62640f38dd0e req-168aedaf-bd23-4d8f-99a5-62640f38dd0e ] Request (ListImageFiltersTestJSON:setUpClass): 200 GET http://10.180.1.21/compute/v2.1/images/0bc94ead-48d6-4a5e-9b25-2ce10933f4a9 0.519s
2025-01-02 16:12:42.119 67557 INFO tempest.lib.common.rest_client [req-425ad9a9-780b-4b19-a35d-8b87318cfd7a req-425ad9a9-780b-4b19-a35d-8b87318cfd7a ] Request (ServerShowV247Test:test_update_rebuild_list_server): 202 POST http://10.180.1.21/compute/v2.1/servers 0.551s
2025-01-02 16:12:42.138 67527 INFO tempest.lib.common.rest_client [req-6ad1d28a-53a1-42cd-85a0-bc4dbc5bf468 req-6ad1d28a-53a1-42cd-85a0-bc4dbc5bf468 ] Request (ImagesOneServerTestJSON:test_create_delete_image): 404 GET http://10.180.1.21/compute/v2.1/images/bf66f3fc-b2f6-4243-a6af-adeb71943a8b 0.506s
2025-01-02 16:12:42.172 67529 INFO tempest.lib.common.rest_client [req-a90ef9e5-9472-4181-b9c4-6624207aa48e req-a90ef9e5-9472-4181-b9c4-6624207aa48e ] Request (FloatingIPsAssociationTestJSON:test_associate_disassociate_floating_ip): 202 POST http://10.180.1.21/compute/v2.1/servers/b5074673-55c8-45c0-8291-605308200960/action 1.590s
2025-01-02 16:12:42.203 67563 INFO tempest.lib.common.rest_client [req-b32f9fde-264b-4ff6-9d67-b8b1df187ad3 req-b32f9fde-264b-4ff6-9d67-b8b1df187ad3 ] Request (ServerDiskConfigTestJSON:test_rebuild_server_with_auto_disk_config): 200 GET http://10.180.1.21/compute/v2.1/servers/a1d61d79-ed9c-40c3-a214-07e82102ba28 0.567s
2025-01-02 16:12:42.228 67511 INFO tempest.lib.common.rest_client [req-8d7d0999-6f41-405f-a770-4ebab9b7e528 req-8d7d0999-6f41-405f-a770-4ebab9b7e528 ] Request (ServerMetadataTestJSON:setUpClass): 200 GET http://10.180.1.21/compute/v2.1/servers/ab043a5f-6552-4749-b348-c445500833e9 0.541s
2025-01-02 16:12:42.277 67553 INFO tempest.lib.common.rest_client [req-6ada15a9-c230-4af2-bca0-0bf844f89968 req-6ada15a9-c230-4af2-bca0-0bf844f89968 ] Request (ImagesTestJSON:_run_cleanups): 204 DELETE http://10.180.1.21/compute/v2.1/servers/dd16daca-5449-43fa-a8ee-4f3b894a4c66 0.544s
2025-01-02 16:12:42.280 67525 INFO tempest.lib.common.rest_client [req-ae0273ac-49a5-4cab-a5cc-4063b96f20fa req-ae0273ac-49a5-4cab-a5cc-4063b96f20fa ] Request (ImagesOneServerNegativeTestJSON:setUpClass): 200 GET http://10.180.1.21/compute/v2.1/servers/c7749e91-cafd-4f16-ac2b-a024cb57ce7d 0.542s
2025-01-02 16:12:42.353 67553 INFO tempest.lib.common.rest_client [req-2819c9ae-ff72-412a-8bec-018dcce9ce52 req-2819c9ae-ff72-412a-8bec-018dcce9ce52 ] Request (ImagesTestJSON:test_create_image_from_suspended_server): 201 POST http://10.180.1.21/identity/v3/auth/tokens 0.071s
2025-01-02 16:12:42.354 67553 INFO tempest.lib.common.fixed_network [-] (ImagesTestJSON:test_create_image_from_suspended_server) Found network {'id': 'e311eb72-f1db-4e50-85f0-14ff761b45e8', 'name': 'tempest-ImagesTestJSON-603593223-network', 'tenant_id': '3ac0ab322f1a49baa6f02c8974402edc', 'admin_state_up': True, 'mtu': 8950, 'status': 'ACTIVE', 'subnets': [], 'shared': False, 'project_id': '3ac0ab322f1a49baa6f02c8974402edc', 'port_security_enabled': True, 'router:external': False, 'provider:network_type': 'vlan', 'provider:physical_network': 'default', 'provider:segmentation_id': 512, 'availability_zone_hints': [], 'availability_zones': [], 'ipv4_address_scope': None, 'ipv6_address_scope': None, 'description': '', 'tags': [], 'created_at': '2025-01-02T16:11:27Z', 'updated_at': '2025-01-02T16:11:27Z', 'revision_number': 1} available for tenant
2025-01-02 16:12:42.356 67551 INFO tempest.lib.common.rest_client [req-d21697f5-ab61-42ea-bf53-82d94abfb14d req-d21697f5-ab61-42ea-bf53-82d94abfb14d ] Request (DeleteServersAdminTestJSON:test_delete_server_while_in_error_state): 204 DELETE http://10.180.1.21/compute/v2.1/servers/901c53f8-b256-4858-ba26-99f3403c3686 0.495s
2025-01-02 16:12:42.387 67541 INFO tempest.lib.common.rest_client [req-f0cb0907-3234-4fbd-bd77-31e214ddfac2 req-f0cb0907-3234-4fbd-bd77-31e214ddfac2 ] Request (ServersTestJSON:setUpClass): 200 GET http://10.180.1.21/compute/v2.1/servers/330aa829-1075-45f0-ba31-e65f584d018a 0.530s
2025-01-02 16:12:42.426 67537 INFO tempest.lib.common.rest_client [req-06bfa9ad-0095-4a21-afb4-fc75523345ba req-06bfa9ad-0095-4a21-afb4-fc75523345ba ] Request (ServerTagsTestJSON:tearDownClass): 200 GET http://10.180.1.21/compute/v2.1/servers/bd01f2de-9477-4948-a437-8986b71d45ba 0.506s
2025-01-02 16:12:42.436 67561 INFO tempest.lib.common.rest_client [req-713b2ba0-fd90-4608-8813-97d3077323ca req-713b2ba0-fd90-4608-8813-97d3077323ca ] Request (ServerRescueTestJSON:setUpClass): 200 GET http://10.180.1.21/compute/v2.1/servers/dc955fbb-7f6c-40fa-9d8d-4c5f240f5ff7 0.475s
2025-01-02 16:12:42.470 67523 INFO tempest.lib.common.rest_client [req-19b3484a-27cd-47e5-8193-c2df8484481f req-19b3484a-27cd-47e5-8193-c2df8484481f ] Request (SecurityGroupsTestJSON:test_list_security_groups_by_server): 200 GET http://10.180.1.21/compute/v2.1/servers/702ce12e-199d-4d42-b04b-8d51720ab130 0.499s
2025-01-02 16:12:42.512 67555 INFO tempest.lib.common.rest_client [req-a2e10d26-3cf6-4779-96d2-b8116f22bf22 req-a2e10d26-3cf6-4779-96d2-b8116f22bf22 ] Request (ServerActionsTestOtherB:setUpClass): 200 GET http://10.180.1.21/compute/v2.1/servers/1fb88ff1-16ee-4ff0-bba1-518e2caca53a 0.492s
2025-01-02 16:12:42.530 67509 INFO tempest.lib.common.rest_client [req-425bbdaa-8a6c-4fe4-946d-e8574664e675 req-425bbdaa-8a6c-4fe4-946d-e8574664e675 ] Request (ServersAdmin275Test:test_rebuild_update_server_275): 200 GET http://10.180.1.21/compute/v2.1/servers/26e58564-2322-4da9-a5b5-ddb38804c12d 0.456s
2025-01-02 16:12:42.539 67557 INFO tempest.lib.common.rest_client [req-65d6cbc5-6250-4f4b-bef8-45c406440630 req-65d6cbc5-6250-4f4b-bef8-45c406440630 ] Request (ServerShowV247Test:test_update_rebuild_list_server): 200 PUT http://10.180.1.21/compute/v2.1/servers/d84dc9ee-33f5-4c61-83fe-45d1b5843928 0.418s
2025-01-02 16:12:42.574 67513 INFO tempest.lib.common.rest_client [req-9b616a56-f69e-40ff-a8b1-fb30a8c4889d req-9b616a56-f69e-40ff-a8b1-fb30a8c4889d ] Request (ServersTestBootFromVolume:setUpClass): 200 GET http://10.180.1.21/compute/v2.1/servers/eaa02240-7761-4c99-9d47-89b312fa298d 0.452s
2025-01-02 16:12:42.638 67521 INFO tempest.lib.common.rest_client [req-5b6190d9-66e3-46d8-abe3-45832ff33fb1 req-5b6190d9-66e3-46d8-abe3-45832ff33fb1 ] Request (DeleteServersTestJSON:test_delete_active_server): 200 GET http://10.180.1.21/compute/v2.1/servers/df943ef4-9bec-47fd-930a-359c9bd711de 0.512s
2025-01-02 16:12:42.689 67531 INFO tempest.lib.common.rest_client [req-e559c33a-5a0d-4a50-a697-e1b4ad8d0271 req-e559c33a-5a0d-4a50-a697-e1b4ad8d0271 ] Request (InstanceActionsTestJSON:setUpClass): 200 GET http://10.180.1.21/compute/v2.1/servers/d2a31f3f-ec90-45df-81ee-9587f848bd11 0.518s
2025-01-02 16:12:42.780 67529 INFO tempest.lib.common.rest_client [req-b30338b6-d6c1-4898-9111-c9e888ac9740 req-b30338b6-d6c1-4898-9111-c9e888ac9740 ] Request (FloatingIPsAssociationTestJSON:test_associate_disassociate_floating_ip): 200 GET http://10.180.1.21/compute/v2.1/os-floating-ips/556432ba-ed97-4f99-a0d9-5464beab0c56 0.608s
2025-01-02 16:12:42.844 67565 INFO tempest.lib.common.rest_client [req-a78b379d-089e-4536-a6c3-626a629acdea req-a78b379d-089e-4536-a6c3-626a629acdea ] Request (FloatingIPsAssociationNegativeTestJSON:tearDownClass): 200 GET http://10.180.1.21/compute/v2.1/servers/ac7b09d4-f0d0-4e83-bac9-66018c5a7be5 0.657s
2025-01-02 16:12:42.900 67517 INFO tempest.lib.common.rest_client [req-1b79590e-9444-4742-b21d-9f790dd1cfbe req-1b79590e-9444-4742-b21d-9f790dd1cfbe ] Request (ServersAdminTestJSON:test_create_server_with_scheduling_hint): 200 GET http://10.180.1.21/compute/v2.1/servers/23b8daf3-8909-4f22-907d-f1506bd26903 0.684s
2025-01-02 16:12:42.960 67567 INFO tempest.lib.common.rest_client [req-7f308f36-0ce0-4de8-b9d7-396971653ab4 req-7f308f36-0ce0-4de8-b9d7-396971653ab4 ] Request (ServerActionsTestJSON:setUpClass): 200 GET http://10.180.1.21/compute/v2.1/servers/5df59502-1988-42f4-b006-3caf0ee1db2b 0.721s
2025-01-02 16:12:43.050 67527 INFO tempest.lib.common.rest_client [req-db3378ab-b643-425e-bb91-91a1921e17bc req-db3378ab-b643-425e-bb91-91a1921e17bc ] Request (ImagesOneServerTestJSON:test_create_image_specify_multibyte_character_image_name): 202 POST http://10.180.1.21/compute/v2.1/servers/5a045b48-b38e-4454-9dbd-941a76d9cbdb/action 0.911s
2025-01-02 16:12:43.126 67547 WARNING tempest.lib.common.ssh [-] Failed to establish authenticated ssh connection to cirros@10.180.180.246 ([Errno None] Unable to connect to port 22 on 10.180.180.246). Number attempts: 8. Retry after 9 seconds.: paramiko.ssh_exception.NoValidConnectionsError: [Errno None] Unable to connect to port 22 on 10.180.180.246
2025-01-02 16:12:43.132 67539 INFO tempest.lib.common.rest_client [req-7fe9e62c-c8ab-43c8-b0e0-7619bf018dd6 req-7fe9e62c-c8ab-43c8-b0e0-7619bf018dd6 ] Request (ServerActionsTestOtherA:setUpClass): 200 GET http://10.180.1.21/compute/v2.1/servers/a5fd4f7f-e411-4aec-9b98-c4d456673588 0.803s
2025-01-02 16:12:43.279 67551 INFO tempest.lib.common.rest_client [req-8cc9ade0-53ba-4316-946e-f12c4e44cc65 req-8cc9ade0-53ba-4316-946e-f12c4e44cc65 ] Request (DeleteServersAdminTestJSON:test_delete_server_while_in_error_state): 200 GET http://10.180.1.21/compute/v2.1/servers/901c53f8-b256-4858-ba26-99f3403c3686 0.923s
2025-01-02 16:12:43.331 67557 INFO tempest.lib.common.rest_client [req-5fbcbbed-ec35-483b-b86a-debc2e0de90c req-5fbcbbed-ec35-483b-b86a-debc2e0de90c ] Request (ServerShowV247Test:test_update_rebuild_list_server): 200 GET http://10.180.1.21/compute/v2.1/servers/d84dc9ee-33f5-4c61-83fe-45d1b5843928 0.787s
2025-01-02 16:12:43.395 67553 INFO tempest.lib.common.rest_client [req-3f5667b7-79f6-41fc-91bf-bde587f2e910 req-3f5667b7-79f6-41fc-91bf-bde587f2e910 ] Request (ImagesTestJSON:test_create_image_from_suspended_server): 202 POST http://10.180.1.21/compute/v2.1/servers 1.040s
2025-01-02 16:12:43.531 67533 INFO tempest.lib.common.rest_client [req-c540955f-a4db-47e1-b172-b60cef687c20 req-c540955f-a4db-47e1-b172-b60cef687c20 ] Request (MigrationsAdminTest:test_list_migrations_in_flavor_resize_situation): 200 GET http://10.180.1.21/compute/v2.1/servers/d24ed5c9-c491-4b61-831e-1a6aa1bf824a 0.558s
2025-01-02 16:12:43.566 67549 INFO tempest.lib.common.rest_client [req-9a21f16b-33d6-41dc-b5f2-b6383809892c req-9a21f16b-33d6-41dc-b5f2-b6383809892c ] Request (ListImageFiltersTestJSON:setUpClass): 200 GET http://10.180.1.21/compute/v2.1/images/0bc94ead-48d6-4a5e-9b25-2ce10933f4a9 0.561s
2025-01-02 16:12:43.605 67527 INFO tempest.lib.common.rest_client [req-531d8db8-0494-4652-96dc-5672a74b8b60 req-531d8db8-0494-4652-96dc-5672a74b8b60 ] Request (ImagesOneServerTestJSON:test_create_image_specify_multibyte_character_image_name): 200 GET http://10.180.1.21/compute/v2.1/images/0abd4bc2-cf76-4d06-ba05-db977f7443e4 0.554s
2025-01-02 16:12:43.652 67563 INFO tempest.lib.common.rest_client [req-17f0745c-5f02-493e-a975-90dbb94065cd req-17f0745c-5f02-493e-a975-90dbb94065cd ] Request (ServerDiskConfigTestJSON:test_rebuild_server_with_auto_disk_config): 200 GET http://10.180.1.21/compute/v2.1/servers/a1d61d79-ed9c-40c3-a214-07e82102ba28 0.442s
2025-01-02 16:12:43.703 67511 INFO tempest.lib.common.rest_client [req-484ba16c-5fe8-4075-ab34-3fe1f30e9afb req-484ba16c-5fe8-4075-ab34-3fe1f30e9afb ] Request (ServerMetadataTestJSON:setUpClass): 200 GET http://10.180.1.21/compute/v2.1/servers/ab043a5f-6552-4749-b348-c445500833e9 0.468s
2025-01-02 16:12:43.792 67525 INFO tempest.lib.common.rest_client [req-8b3a2eda-55e2-4bf5-9849-0e3fd0a89f67 req-8b3a2eda-55e2-4bf5-9849-0e3fd0a89f67 ] Request (ImagesOneServerNegativeTestJSON:setUpClass): 200 GET http://10.180.1.21/compute/v2.1/servers/c7749e91-cafd-4f16-ac2b-a024cb57ce7d 0.502s
2025-01-02 16:12:43.995 67541 INFO tempest.lib.common.rest_client [req-afda17f9-0e53-4cd7-89d0-0d9ace1a439a req-afda17f9-0e53-4cd7-89d0-0d9ace1a439a ] Request (ServersTestJSON:setUpClass): 200 GET http://10.180.1.21/compute/v2.1/servers/330aa829-1075-45f0-ba31-e65f584d018a 0.600s
2025-01-02 16:12:44.003 67541 INFO tempest.common.waiters [-] State transition "BUILD/spawning" ==> "ACTIVE/None" after 55 second wait
2025-01-02 16:12:44.044 67553 INFO tempest.lib.common.rest_client [req-fbf99f84-5d65-476b-a2ee-34d709d9b341 req-fbf99f84-5d65-476b-a2ee-34d709d9b341 ] Request (ImagesTestJSON:test_create_image_from_suspended_server): 200 GET http://10.180.1.21/compute/v2.1/servers/4efe8e51-4f71-4bf1-910f-7ff505fb1047 0.648s
2025-01-02 16:12:44.114 67537 INFO tempest.lib.common.rest_client [req-f84568e9-62d2-4027-8cd8-0f8f7c5eb4b7 req-f84568e9-62d2-4027-8cd8-0f8f7c5eb4b7 ] Request (ServerTagsTestJSON:tearDownClass): 200 GET http://10.180.1.21/compute/v2.1/servers/bd01f2de-9477-4948-a437-8986b71d45ba 0.679s
2025-01-02 16:12:44.165 67561 INFO tempest.lib.common.rest_client [req-b8f0d990-ba6f-4c97-9fbd-b936fa94491e req-b8f0d990-ba6f-4c97-9fbd-b936fa94491e ] Request (ServerRescueTestJSON:setUpClass): 200 GET http://10.180.1.21/compute/v2.1/servers/dc955fbb-7f6c-40fa-9d8d-4c5f240f5ff7 0.721s
2025-01-02 16:12:44.212 67523 INFO tempest.lib.common.rest_client [req-1f41e154-2f10-4a13-adfe-36a1f2247e29 req-1f41e154-2f10-4a13-adfe-36a1f2247e29 ] Request (SecurityGroupsTestJSON:test_list_security_groups_by_server): 200 GET http://10.180.1.21/compute/v2.1/servers/702ce12e-199d-4d42-b04b-8d51720ab130 0.734s
2025-01-02 16:12:44.262 67555 INFO tempest.lib.common.rest_client [req-c567deaf-1171-4845-b73f-8603bb4bfb38 req-c567deaf-1171-4845-b73f-8603bb4bfb38 ] Request (ServerActionsTestOtherB:setUpClass): 200 GET http://10.180.1.21/compute/v2.1/servers/1fb88ff1-16ee-4ff0-bba1-518e2caca53a 0.742s
2025-01-02 16:12:44.321 67509 INFO tempest.lib.common.rest_client [req-f02fee55-b133-4c81-a68f-9fa0c2558260 req-f02fee55-b133-4c81-a68f-9fa0c2558260 ] Request (ServersAdmin275Test:test_rebuild_update_server_275): 200 GET http://10.180.1.21/compute/v2.1/servers/26e58564-2322-4da9-a5b5-ddb38804c12d 0.777s
2025-01-02 16:12:44.381 67513 INFO tempest.lib.common.rest_client [req-65013db3-67ac-410d-a578-b4772bcc354c req-65013db3-67ac-410d-a578-b4772bcc354c ] Request (ServersTestBootFromVolume:setUpClass): 200 GET http://10.180.1.21/compute/v2.1/servers/eaa02240-7761-4c99-9d47-89b312fa298d 0.801s
2025-01-02 16:12:44.496 67529 INFO tempest.lib.common.rest_client [req-764b4e47-20f9-4bf7-bc8a-2fba3a26ae5d req-764b4e47-20f9-4bf7-bc8a-2fba3a26ae5d ] Request (FloatingIPsAssociationTestJSON:test_associate_disassociate_floating_ip): 202 POST http://10.180.1.21/compute/v2.1/servers/b5074673-55c8-45c0-8291-605308200960/action 1.714s
2025-01-02 16:12:44.514 67521 INFO tempest.lib.common.rest_client [req-1de06592-5832-46f1-886c-5b5378710416 req-1de06592-5832-46f1-886c-5b5378710416 ] Request (DeleteServersTestJSON:test_delete_active_server): 200 GET http://10.180.1.21/compute/v2.1/servers/df943ef4-9bec-47fd-930a-359c9bd711de 0.869s
2025-01-02 16:12:44.547 67531 INFO tempest.lib.common.rest_client [req-6c66cefa-ff36-4bd6-b83e-11f9eb1a3a22 req-6c66cefa-ff36-4bd6-b83e-11f9eb1a3a22 ] Request (InstanceActionsTestJSON:setUpClass): 200 GET http://10.180.1.21/compute/v2.1/servers/d2a31f3f-ec90-45df-81ee-9587f848bd11 0.851s
2025-01-02 16:12:44.582 67565 INFO tempest.lib.common.rest_client [req-ff7a1bba-33bd-4e43-8e9f-fe02b95afe78 req-ff7a1bba-33bd-4e43-8e9f-fe02b95afe78 ] Request (FloatingIPsAssociationNegativeTestJSON:tearDownClass): 200 GET http://10.180.1.21/compute/v2.1/servers/ac7b09d4-f0d0-4e83-bac9-66018c5a7be5 0.728s
2025-01-02 16:12:44.603 67517 INFO tempest.lib.common.rest_client [req-c3b279c1-32ea-4dd0-bba0-d56e7814a02e req-c3b279c1-32ea-4dd0-bba0-d56e7814a02e ] Request (ServersAdminTestJSON:test_create_server_with_scheduling_hint): 200 GET http://10.180.1.21/compute/v2.1/servers/23b8daf3-8909-4f22-907d-f1506bd26903 0.695s
2025-01-02 16:12:44.645 67567 INFO tempest.lib.common.rest_client [req-7d9358a4-4daa-42f9-bae4-89ec9321395e req-7d9358a4-4daa-42f9-bae4-89ec9321395e ] Request (ServerActionsTestJSON:setUpClass): 200 GET http://10.180.1.21/compute/v2.1/servers/5df59502-1988-42f4-b006-3caf0ee1db2b 0.677s
2025-01-02 16:12:44.694 67541 INFO tempest.lib.common.rest_client [req-90b42974-9a70-4225-b978-779a8228f4f2 req-90b42974-9a70-4225-b978-779a8228f4f2 ] Request (ServersTestJSON:setUpClass): 200 GET http://10.180.1.21/compute/v2.1/servers/330aa829-1075-45f0-ba31-e65f584d018a/os-interface 0.690s
2025-01-02 16:12:44.728 67543 WARNING tempest.lib.common.ssh [-] Failed to establish authenticated ssh connection to cirros@10.180.180.143 ([Errno None] Unable to connect to port 22 on 10.180.180.143). Number attempts: 3. Retry after 4 seconds.: paramiko.ssh_exception.NoValidConnectionsError: [Errno None] Unable to connect to port 22 on 10.180.180.143
2025-01-02 16:12:44.774 67539 INFO tempest.lib.common.rest_client [req-feb89ba9-2d1c-461c-916e-eef646ca962e req-feb89ba9-2d1c-461c-916e-eef646ca962e ] Request (ServerActionsTestOtherA:setUpClass): 200 GET http://10.180.1.21/compute/v2.1/servers/a5fd4f7f-e411-4aec-9b98-c4d456673588 0.634s
2025-01-02 16:12:44.782 67539 INFO tempest.common.waiters [-] State transition "BUILD/spawning" ==> "ACTIVE/None" after 51 second wait
2025-01-02 16:12:44.828 67557 INFO tempest.lib.common.rest_client [req-c72f25c8-06df-46b0-8c8d-58b6e996bab3 req-c72f25c8-06df-46b0-8c8d-58b6e996bab3 ] Request (ServerShowV247Test:test_update_rebuild_list_server): 200 GET http://10.180.1.21/compute/v2.1/servers/d84dc9ee-33f5-4c61-83fe-45d1b5843928 0.484s
2025-01-02 16:12:44.856 67551 INFO tempest.lib.common.rest_client [req-b54700b8-cd49-449a-b3d9-ca6df9d29f4f req-b54700b8-cd49-449a-b3d9-ca6df9d29f4f ] Request (DeleteServersAdminTestJSON:test_delete_server_while_in_error_state): 200 GET http://10.180.1.21/compute/v2.1/servers/901c53f8-b256-4858-ba26-99f3403c3686 0.567s
2025-01-02 16:12:44.909 67529 INFO tempest.lib.common.rest_client [req-b85d087b-85ce-4bd1-a681-4c62e71b7f31 req-b85d087b-85ce-4bd1-a681-4c62e71b7f31 ] Request (FloatingIPsAssociationTestJSON:tearDownClass): 204 DELETE http://10.180.1.21/compute/v2.1/servers/9abfee9e-396c-46ac-ad65-3d48e08ee213 0.412s
2025-01-02 16:12:44.952 67549 INFO tempest.lib.common.rest_client [req-d3b69d07-0adf-4f1e-8f51-80b8bd23c05f req-d3b69d07-0adf-4f1e-8f51-80b8bd23c05f ] Request (ListImageFiltersTestJSON:setUpClass): 200 GET http://10.180.1.21/compute/v2.1/images/0bc94ead-48d6-4a5e-9b25-2ce10933f4a9 0.382s
2025-01-02 16:12:44.985 67527 INFO tempest.lib.common.rest_client [req-0cb16374-bfe7-4d7b-8a57-914961fb798e req-0cb16374-bfe7-4d7b-8a57-914961fb798e ] Request (ImagesOneServerTestJSON:test_create_image_specify_multibyte_character_image_name): 200 GET http://10.180.1.21/compute/v2.1/images/0abd4bc2-cf76-4d06-ba05-db977f7443e4 0.376s
2025-01-02 16:12:45.017 67533 INFO tempest.lib.common.rest_client [req-0977bf88-81db-480f-8d0e-1b4a4598b735 req-0977bf88-81db-480f-8d0e-1b4a4598b735 ] Request (MigrationsAdminTest:test_list_migrations_in_flavor_resize_situation): 200 GET http://10.180.1.21/compute/v2.1/servers/d24ed5c9-c491-4b61-831e-1a6aa1bf824a 0.478s
2025-01-02 16:12:45.059 67563 INFO tempest.lib.common.rest_client [req-bfb0bc93-2e6b-4d15-8660-544e1f07f31c req-bfb0bc93-2e6b-4d15-8660-544e1f07f31c ] Request (ServerDiskConfigTestJSON:test_rebuild_server_with_auto_disk_config): 200 GET http://10.180.1.21/compute/v2.1/servers/a1d61d79-ed9c-40c3-a214-07e82102ba28 0.399s
2025-01-02 16:12:45.076 67511 INFO tempest.lib.common.rest_client [req-18f1a54f-c8e6-458e-9184-940f0a1896e9 req-18f1a54f-c8e6-458e-9184-940f0a1896e9 ] Request (ServerMetadataTestJSON:setUpClass): 200 GET http://10.180.1.21/compute/v2.1/servers/ab043a5f-6552-4749-b348-c445500833e9 0.363s
2025-01-02 16:12:45.133 67539 INFO tempest.lib.common.rest_client [req-268356df-87ad-431e-b774-73069d1668e7 req-268356df-87ad-431e-b774-73069d1668e7 ] Request (ServerActionsTestOtherA:setUpClass): 200 GET http://10.180.1.21/compute/v2.1/servers/a5fd4f7f-e411-4aec-9b98-c4d456673588/os-interface 0.351s
2025-01-02 16:12:45.134 67525 INFO tempest.lib.common.rest_client [req-b9bc35fd-581b-4bde-b4b6-443dda8cce46 req-b9bc35fd-581b-4bde-b4b6-443dda8cce46 ] Request (ImagesOneServerNegativeTestJSON:setUpClass): 200 GET http://10.180.1.21/compute/v2.1/servers/c7749e91-cafd-4f16-ac2b-a024cb57ce7d 0.334s
2025-01-02 16:12:45.205 67529 INFO tempest.lib.common.rest_client [req-d3e49b6d-27e1-43a5-8739-2050d3563021 req-d3e49b6d-27e1-43a5-8739-2050d3563021 ] Request (FloatingIPsAssociationTestJSON:tearDownClass): 200 GET http://10.180.1.21/compute/v2.1/servers/9abfee9e-396c-46ac-ad65-3d48e08ee213 0.295s
2025-01-02 16:12:45.210 67553 INFO tempest.lib.common.rest_client [req-7723e574-4980-461b-afa1-e4a92b115a12 req-7723e574-4980-461b-afa1-e4a92b115a12 ] Request (ImagesTestJSON:test_create_image_from_suspended_server): 200 GET http://10.180.1.21/compute/v2.1/servers/4efe8e51-4f71-4bf1-910f-7ff505fb1047 0.158s
2025-01-02 16:12:45.282 67537 INFO tempest.lib.common.rest_client [req-9b8e7d8d-6856-43ba-acac-3a4c5af53530 req-9b8e7d8d-6856-43ba-acac-3a4c5af53530 ] Request (ServerTagsTestJSON:tearDownClass): 200 GET http://10.180.1.21/compute/v2.1/servers/bd01f2de-9477-4948-a437-8986b71d45ba 0.160s
2025-01-02 16:12:45.299 67561 INFO tempest.lib.common.rest_client [req-e8997d9c-4478-4bff-8abe-c380ebc8ccec req-e8997d9c-4478-4bff-8abe-c380ebc8ccec ] Request (ServerRescueTestJSON:setUpClass): 200 GET http://10.180.1.21/compute/v2.1/servers/dc955fbb-7f6c-40fa-9d8d-4c5f240f5ff7 0.122s
2025-01-02 16:12:45.338 67523 INFO tempest.lib.common.rest_client [req-86b25c5b-fb0a-497f-ac44-86a9b1f2126a req-86b25c5b-fb0a-497f-ac44-86a9b1f2126a ] Request (SecurityGroupsTestJSON:test_list_security_groups_by_server): 200 GET http://10.180.1.21/compute/v2.1/servers/702ce12e-199d-4d42-b04b-8d51720ab130 0.118s
2025-01-02 16:12:45.359 67555 INFO tempest.lib.common.rest_client [req-f8b77934-97b8-4bb9-b9ee-79dc3c66929d req-f8b77934-97b8-4bb9-b9ee-79dc3c66929d ] Request (ServerActionsTestOtherB:setUpClass): 200 GET http://10.180.1.21/compute/v2.1/servers/1fb88ff1-16ee-4ff0-bba1-518e2caca53a 0.089s
2025-01-02 16:12:45.420 67509 INFO tempest.lib.common.rest_client [req-a1826f80-de1b-489f-9d33-171dc5bcc804 req-a1826f80-de1b-489f-9d33-171dc5bcc804 ] Request (ServersAdmin275Test:test_rebuild_update_server_275): 200 GET http://10.180.1.21/compute/v2.1/servers/26e58564-2322-4da9-a5b5-ddb38804c12d 0.088s
2025-01-02 16:12:45.433 67509 INFO tempest.common.waiters [-] State transition "BUILD/scheduling" ==> "BUILD/None" after 32 second wait
2025-01-02 16:12:45.466 67513 INFO tempest.lib.common.rest_client [req-5c9521dc-ce8e-49d0-92d3-b1a2cfffc8c0 req-5c9521dc-ce8e-49d0-92d3-b1a2cfffc8c0 ] Request (ServersTestBootFromVolume:setUpClass): 200 GET http://10.180.1.21/compute/v2.1/servers/eaa02240-7761-4c99-9d47-89b312fa298d 0.077s
2025-01-02 16:12:45.494 67569 WARNING tempest.lib.common.ssh [-] Failed to establish authenticated ssh connection to cirros@10.180.180.181 ([Errno None] Unable to connect to port 22 on 10.180.180.181). Number attempts: 5. Retry after 6 seconds.: paramiko.ssh_exception.NoValidConnectionsError: [Errno None] Unable to connect to port 22 on 10.180.180.181
2025-01-02 16:12:45.525 67541 INFO tempest.lib.common.rest_client [req-4d775c01-d431-4911-bb1a-df23d14d3e84 req-4d775c01-d431-4911-bb1a-df23d14d3e84 ] Request (ServersTestJSON:setUpClass): 200 PUT http://10.180.1.21:9696/networking/v2.0/floatingips/0122b474-1000-4cc2-bf38-c6ac3fc241b9 0.829s
2025-01-02 16:12:45.627 67521 INFO tempest.lib.common.rest_client [req-11a8ccde-9ac4-4818-bce6-77138df83d7e req-11a8ccde-9ac4-4818-bce6-77138df83d7e ] Request (DeleteServersTestJSON:test_delete_active_server): 200 GET http://10.180.1.21/compute/v2.1/servers/df943ef4-9bec-47fd-930a-359c9bd711de 0.104s
2025-01-02 16:12:45.683 67541 INFO tempest.lib.common.rest_client [req-7fc14548-9096-410d-bd49-5eb923882aef req-7fc14548-9096-410d-bd49-5eb923882aef ] Request (ServersTestJSON:setUpClass): 200 GET http://10.180.1.21/compute/v2.1/servers/330aa829-1075-45f0-ba31-e65f584d018a 0.157s
2025-01-02 16:12:45.684 67531 INFO tempest.lib.common.rest_client [req-a6bbe681-c5d0-4543-bf22-b8991fb62619 req-a6bbe681-c5d0-4543-bf22-b8991fb62619 ] Request (InstanceActionsTestJSON:setUpClass): 200 GET http://10.180.1.21/compute/v2.1/servers/d2a31f3f-ec90-45df-81ee-9587f848bd11 0.129s
2025-01-02 16:12:45.691 67541 INFO tempest.lib.common.ssh [-] Creating ssh connection to '10.180.180.236:22' as 'cirros' with public key authentication
2025-01-02 16:12:45.744 67517 INFO tempest.lib.common.rest_client [req-f8a52a6f-5422-4598-b125-3ce014b3eace req-f8a52a6f-5422-4598-b125-3ce014b3eace ] Request (ServersAdminTestJSON:test_create_server_with_scheduling_hint): 200 GET http://10.180.1.21/compute/v2.1/servers/23b8daf3-8909-4f22-907d-f1506bd26903 0.133s
2025-01-02 16:12:45.758 67565 INFO tempest.lib.common.rest_client [req-32bed07a-e364-45e7-b9d6-b95480c532d0 req-32bed07a-e364-45e7-b9d6-b95480c532d0 ] Request (FloatingIPsAssociationNegativeTestJSON:tearDownClass): 200 GET http://10.180.1.21/compute/v2.1/servers/ac7b09d4-f0d0-4e83-bac9-66018c5a7be5 0.169s
2025-01-02 16:12:45.798 67567 INFO tempest.lib.common.rest_client [req-f4dfea0f-4686-415c-846d-f41d74ce12dd req-f4dfea0f-4686-415c-846d-f41d74ce12dd ] Request (ServerActionsTestJSON:setUpClass): 200 GET http://10.180.1.21/compute/v2.1/servers/5df59502-1988-42f4-b006-3caf0ee1db2b 0.143s
2025-01-02 16:12:45.858 67539 INFO tempest.lib.common.rest_client [req-9bd0df16-35c4-4c94-9e72-56dc957bdddf req-9bd0df16-35c4-4c94-9e72-56dc957bdddf ] Request (ServerActionsTestOtherA:setUpClass): 200 PUT http://10.180.1.21:9696/networking/v2.0/floatingips/49197d3c-db5b-47f7-a31b-61ce72a09c29 0.721s
2025-01-02 16:12:45.859 67539 INFO tempest.lib.common.ssh [-] Creating ssh connection to '10.180.180.152:22' as 'cirros' with public key authentication
2025-01-02 16:12:45.897 67557 INFO tempest.lib.common.rest_client [req-a6f78f97-571d-4021-877c-5f10b8256c1b req-a6f78f97-571d-4021-877c-5f10b8256c1b ] Request (ServerShowV247Test:test_update_rebuild_list_server): 200 GET http://10.180.1.21/compute/v2.1/servers/d84dc9ee-33f5-4c61-83fe-45d1b5843928 0.060s
2025-01-02 16:12:45.927 67551 INFO tempest.lib.common.rest_client [req-bc384e2b-3a18-47e2-92c3-714a57610a44 req-bc384e2b-3a18-47e2-92c3-714a57610a44 ] Request (DeleteServersAdminTestJSON:test_delete_server_while_in_error_state): 200 GET http://10.180.1.21/compute/v2.1/servers/901c53f8-b256-4858-ba26-99f3403c3686 0.063s
2025-01-02 16:12:46.002 67549 INFO tempest.lib.common.rest_client [req-a77e1df7-0052-4cd9-9267-094924fee889 req-a77e1df7-0052-4cd9-9267-094924fee889 ] Request (ListImageFiltersTestJSON:setUpClass): 200 GET http://10.180.1.21/compute/v2.1/images/0bc94ead-48d6-4a5e-9b25-2ce10933f4a9 0.046s
2025-01-02 16:12:46.033 67527 INFO tempest.lib.common.rest_client [req-bb1b7dcf-7cca-4858-9372-155617644fe9 req-bb1b7dcf-7cca-4858-9372-155617644fe9 ] Request (ImagesOneServerTestJSON:test_create_image_specify_multibyte_character_image_name): 200 GET http://10.180.1.21/compute/v2.1/images/0abd4bc2-cf76-4d06-ba05-db977f7443e4 0.042s
2025-01-02 16:12:46.144 67563 INFO tempest.lib.common.rest_client [req-acf6d9af-00ef-4de5-b8a2-69f73d33201a req-acf6d9af-00ef-4de5-b8a2-69f73d33201a ] Request (ServerDiskConfigTestJSON:test_rebuild_server_with_auto_disk_config): 200 GET http://10.180.1.21/compute/v2.1/servers/a1d61d79-ed9c-40c3-a214-07e82102ba28 0.075s
2025-01-02 16:12:46.188 67533 INFO tempest.lib.common.rest_client [req-a40ef2be-40db-43b3-98f4-4127be0989fc req-a40ef2be-40db-43b3-98f4-4127be0989fc ] Request (MigrationsAdminTest:test_list_migrations_in_flavor_resize_situation): 200 GET http://10.180.1.21/compute/v2.1/servers/d24ed5c9-c491-4b61-831e-1a6aa1bf824a 0.162s
2025-01-02 16:12:46.199 67511 INFO tempest.lib.common.rest_client [req-810b532a-be29-4208-94af-abb05b647f9f req-810b532a-be29-4208-94af-abb05b647f9f ] Request (ServerMetadataTestJSON:setUpClass): 200 GET http://10.180.1.21/compute/v2.1/servers/ab043a5f-6552-4749-b348-c445500833e9 0.112s
2025-01-02 16:12:46.238 67525 INFO tempest.lib.common.rest_client [req-9f037f5d-8696-49cc-9584-df50a9bfb924 req-9f037f5d-8696-49cc-9584-df50a9bfb924 ] Request (ImagesOneServerNegativeTestJSON:setUpClass): 200 GET http://10.180.1.21/compute/v2.1/servers/c7749e91-cafd-4f16-ac2b-a024cb57ce7d 0.091s
2025-01-02 16:12:46.274 67529 INFO tempest.lib.common.rest_client [req-df2ec090-aca7-45b0-89cc-e7907104f027 req-df2ec090-aca7-45b0-89cc-e7907104f027 ] Request (FloatingIPsAssociationTestJSON:tearDownClass): 200 GET http://10.180.1.21/compute/v2.1/servers/9abfee9e-396c-46ac-ad65-3d48e08ee213 0.057s
2025-01-02 16:12:46.295 67553 INFO tempest.lib.common.rest_client [req-98e99968-7d1f-4919-8d50-3e0e552eabf9 req-98e99968-7d1f-4919-8d50-3e0e552eabf9 ] Request (ImagesTestJSON:test_create_image_from_suspended_server): 200 GET http://10.180.1.21/compute/v2.1/servers/4efe8e51-4f71-4bf1-910f-7ff505fb1047 0.073s
2025-01-02 16:12:46.357 67561 INFO tempest.lib.common.rest_client [req-d7278280-479d-433c-8545-d7a3351c2a71 req-d7278280-479d-433c-8545-d7a3351c2a71 ] Request (ServerRescueTestJSON:setUpClass): 200 GET http://10.180.1.21/compute/v2.1/servers/dc955fbb-7f6c-40fa-9d8d-4c5f240f5ff7 0.050s
2025-01-02 16:12:46.364 67537 INFO tempest.lib.common.rest_client [req-31eaf42d-8a68-47c1-9b1a-a2a6a65a983b req-31eaf42d-8a68-47c1-9b1a-a2a6a65a983b ] Request (ServerTagsTestJSON:tearDownClass): 200 GET http://10.180.1.21/compute/v2.1/servers/bd01f2de-9477-4948-a437-8986b71d45ba 0.064s
2025-01-02 16:12:46.366 67561 INFO tempest.common.waiters [-] State transition "BUILD/scheduling" ==> "BUILD/None" after 26 second wait
2025-01-02 16:12:46.407 67523 INFO tempest.lib.common.rest_client [req-28496f42-e6b0-4f58-bde0-0ea2b5ef5e5a req-28496f42-e6b0-4f58-bde0-0ea2b5ef5e5a ] Request (SecurityGroupsTestJSON:test_list_security_groups_by_server): 200 GET http://10.180.1.21/compute/v2.1/servers/702ce12e-199d-4d42-b04b-8d51720ab130 0.062s
2025-01-02 16:12:46.425 67555 INFO tempest.lib.common.rest_client [req-0241654a-4b14-4110-8c13-09c2eaffe54f req-0241654a-4b14-4110-8c13-09c2eaffe54f ] Request (ServerActionsTestOtherB:setUpClass): 200 GET http://10.180.1.21/compute/v2.1/servers/1fb88ff1-16ee-4ff0-bba1-518e2caca53a 0.057s
2025-01-02 16:12:46.496 67509 INFO tempest.lib.common.rest_client [req-628b3518-4fb6-4c8a-9598-48f597783ea9 req-628b3518-4fb6-4c8a-9598-48f597783ea9 ] Request (ServersAdmin275Test:test_rebuild_update_server_275): 200 GET http://10.180.1.21/compute/v2.1/servers/26e58564-2322-4da9-a5b5-ddb38804c12d 0.061s
2025-01-02 16:12:46.534 67513 INFO tempest.lib.common.rest_client [req-9564c45b-d939-4e91-98c3-47f7306b4083 req-9564c45b-d939-4e91-98c3-47f7306b4083 ] Request (ServersTestBootFromVolume:setUpClass): 200 GET http://10.180.1.21/compute/v2.1/servers/eaa02240-7761-4c99-9d47-89b312fa298d 0.060s
2025-01-02 16:12:46.745 67531 INFO tempest.lib.common.rest_client [req-9653b696-4832-4191-83c6-6e81b86fdee1 req-9653b696-4832-4191-83c6-6e81b86fdee1 ] Request (InstanceActionsTestJSON:setUpClass): 200 GET http://10.180.1.21/compute/v2.1/servers/d2a31f3f-ec90-45df-81ee-9587f848bd11 0.052s
2025-01-02 16:12:46.766 67521 INFO tempest.lib.common.rest_client [req-0b3ccf94-e1a4-495b-9869-64500e3a0a57 req-0b3ccf94-e1a4-495b-9869-64500e3a0a57 ] Request (DeleteServersTestJSON:test_delete_active_server): 200 GET http://10.180.1.21/compute/v2.1/servers/df943ef4-9bec-47fd-930a-359c9bd711de 0.131s
2025-01-02 16:12:46.772 67521 INFO tempest.common.waiters [-] State transition "BUILD/spawning" ==> "ACTIVE/None" after 48 second wait
2025-01-02 16:12:46.812 67517 INFO tempest.lib.common.rest_client [req-e3b26fca-ba91-4815-b709-fae39eaea677 req-e3b26fca-ba91-4815-b709-fae39eaea677 ] Request (ServersAdminTestJSON:test_create_server_with_scheduling_hint): 200 GET http://10.180.1.21/compute/v2.1/servers/23b8daf3-8909-4f22-907d-f1506bd26903 0.060s
2025-01-02 16:12:46.832 67565 INFO tempest.lib.common.rest_client [req-ad3d8494-ee5d-4b64-8a4e-13ec9b7e63b4 req-ad3d8494-ee5d-4b64-8a4e-13ec9b7e63b4 ] Request (FloatingIPsAssociationNegativeTestJSON:tearDownClass): 200 GET http://10.180.1.21/compute/v2.1/servers/ac7b09d4-f0d0-4e83-bac9-66018c5a7be5 0.067s
2025-01-02 16:12:46.885 67567 INFO tempest.lib.common.rest_client [req-f5aa333c-a698-4207-a6fb-c9c3a8e060b6 req-f5aa333c-a698-4207-a6fb-c9c3a8e060b6 ] Request (ServerActionsTestJSON:setUpClass): 200 GET http://10.180.1.21/compute/v2.1/servers/5df59502-1988-42f4-b006-3caf0ee1db2b 0.080s
2025-01-02 16:12:46.887 67521 INFO tempest.lib.common.rest_client [req-8c8e8ec1-4cbe-49c3-a4a9-62f357384da0 req-8c8e8ec1-4cbe-49c3-a4a9-62f357384da0 ] Request (DeleteServersTestJSON:test_delete_active_server): 204 DELETE http://10.180.1.21/compute/v2.1/servers/df943ef4-9bec-47fd-930a-359c9bd711de 0.114s
2025-01-02 16:12:46.966 67557 INFO tempest.lib.common.rest_client [req-1b1bad64-2810-4f7b-be35-523c6f068742 req-1b1bad64-2810-4f7b-be35-523c6f068742 ] Request (ServerShowV247Test:test_update_rebuild_list_server): 200 GET http://10.180.1.21/compute/v2.1/servers/d84dc9ee-33f5-4c61-83fe-45d1b5843928 0.059s
2025-01-02 16:12:46.992 67521 INFO tempest.lib.common.rest_client [req-3b1d698a-defe-4ed6-b52b-c1bad417add9 req-3b1d698a-defe-4ed6-b52b-c1bad417add9 ] Request (DeleteServersTestJSON:test_delete_active_server): 200 GET http://10.180.1.21/compute/v2.1/servers/df943ef4-9bec-47fd-930a-359c9bd711de 0.105s
2025-01-02 16:12:47.022 67551 INFO tempest.lib.common.rest_client [req-a56ab348-9171-4ef9-bcbc-dd0b321d732c req-a56ab348-9171-4ef9-bcbc-dd0b321d732c ] Request (DeleteServersAdminTestJSON:test_delete_server_while_in_error_state): 200 GET http://10.180.1.21/compute/v2.1/servers/901c53f8-b256-4858-ba26-99f3403c3686 0.087s
2025-01-02 16:12:47.029 67551 INFO tempest.common.waiters [-] State transition "ERROR/deleting" ==> "DELETED/None" after 4 second wait
2025-01-02 16:12:47.042 67549 INFO tempest.lib.common.rest_client [req-6594bec8-1a05-4917-9776-a53b0b29ee50 req-6594bec8-1a05-4917-9776-a53b0b29ee50 ] Request (ListImageFiltersTestJSON:setUpClass): 200 GET http://10.180.1.21/compute/v2.1/images/0bc94ead-48d6-4a5e-9b25-2ce10933f4a9 0.035s
2025-01-02 16:12:47.071 67527 INFO tempest.lib.common.rest_client [req-9237a677-2c31-4d54-a482-77c3fe4ae0a8 req-9237a677-2c31-4d54-a482-77c3fe4ae0a8 ] Request (ImagesOneServerTestJSON:test_create_image_specify_multibyte_character_image_name): 200 GET http://10.180.1.21/compute/v2.1/images/0abd4bc2-cf76-4d06-ba05-db977f7443e4 0.033s
2025-01-02 16:12:47.208 67563 INFO tempest.lib.common.rest_client [req-2f459ae2-3bb3-4318-9993-3abe899f1021 req-2f459ae2-3bb3-4318-9993-3abe899f1021 ] Request (ServerDiskConfigTestJSON:test_rebuild_server_with_auto_disk_config): 200 GET http://10.180.1.21/compute/v2.1/servers/a1d61d79-ed9c-40c3-a214-07e82102ba28 0.056s
2025-01-02 16:12:47.256 67511 INFO tempest.lib.common.rest_client [req-34b34003-58d9-4c6b-8076-6e8d916d1746 req-34b34003-58d9-4c6b-8076-6e8d916d1746 ] Request (ServerMetadataTestJSON:setUpClass): 200 GET http://10.180.1.21/compute/v2.1/servers/ab043a5f-6552-4749-b348-c445500833e9 0.050s
2025-01-02 16:12:47.286 67519 WARNING tempest.lib.common.ssh [-] Failed to establish authenticated ssh connection to cirros@10.180.180.146 ([Errno None] Unable to connect to port 22 on 10.180.180.146). Number attempts: 8. Retry after 9 seconds.: paramiko.ssh_exception.NoValidConnectionsError: [Errno None] Unable to connect to port 22 on 10.180.180.146
2025-01-02 16:12:47.303 67525 INFO tempest.lib.common.rest_client [req-8c28933a-d116-4236-ab7f-044abca3965a req-8c28933a-d116-4236-ab7f-044abca3965a ] Request (ImagesOneServerNegativeTestJSON:setUpClass): 200 GET http://10.180.1.21/compute/v2.1/servers/c7749e91-cafd-4f16-ac2b-a024cb57ce7d 0.058s
2025-01-02 16:12:47.364 67529 INFO tempest.lib.common.rest_client [req-1916b288-d152-48c7-b387-dad5d8334c69 req-1916b288-d152-48c7-b387-dad5d8334c69 ] Request (FloatingIPsAssociationTestJSON:tearDownClass): 200 GET http://10.180.1.21/compute/v2.1/servers/9abfee9e-396c-46ac-ad65-3d48e08ee213 0.084s
2025-01-02 16:12:47.421 67553 INFO tempest.lib.common.rest_client [req-f364263d-e7f7-4528-b14e-e0d4e21ed978 req-f364263d-e7f7-4528-b14e-e0d4e21ed978 ] Request (ImagesTestJSON:test_create_image_from_suspended_server): 200 GET http://10.180.1.21/compute/v2.1/servers/4efe8e51-4f71-4bf1-910f-7ff505fb1047 0.118s
2025-01-02 16:12:47.469 67561 INFO tempest.lib.common.rest_client [req-3dddc686-bcf9-4bf9-a18d-b3bbb343db43 req-3dddc686-bcf9-4bf9-a18d-b3bbb343db43 ] Request (ServerRescueTestJSON:setUpClass): 200 GET http://10.180.1.21/compute/v2.1/servers/dc955fbb-7f6c-40fa-9d8d-4c5f240f5ff7 0.102s
2025-01-02 16:12:47.489 67537 INFO tempest.lib.common.rest_client [req-bdffec17-e42a-499f-bb10-d63e79c2cbbb req-bdffec17-e42a-499f-bb10-d63e79c2cbbb ] Request (ServerTagsTestJSON:tearDownClass): 404 GET http://10.180.1.21/compute/v2.1/servers/bd01f2de-9477-4948-a437-8986b71d45ba 0.116s
2025-01-02 16:12:47.541 67533 INFO tempest.lib.common.rest_client [req-11e12275-cc17-43c8-a409-00464dd48f1c req-11e12275-cc17-43c8-a409-00464dd48f1c ] Request (MigrationsAdminTest:test_list_migrations_in_flavor_resize_situation): 200 GET http://10.180.1.21/compute/v2.1/servers/d24ed5c9-c491-4b61-831e-1a6aa1bf824a 0.343s
2025-01-02 16:12:47.551 67523 INFO tempest.lib.common.rest_client [req-2bab903a-f606-40cc-8caf-60a6c09b1963 req-2bab903a-f606-40cc-8caf-60a6c09b1963 ] Request (SecurityGroupsTestJSON:test_list_security_groups_by_server): 200 GET http://10.180.1.21/compute/v2.1/servers/702ce12e-199d-4d42-b04b-8d51720ab130 0.135s
2025-01-02 16:12:47.616 67555 INFO tempest.lib.common.rest_client [req-ea202d38-e735-47df-ba50-ba859b3cb05f req-ea202d38-e735-47df-ba50-ba859b3cb05f ] Request (ServerActionsTestOtherB:setUpClass): 200 GET http://10.180.1.21/compute/v2.1/servers/1fb88ff1-16ee-4ff0-bba1-518e2caca53a 0.183s
2025-01-02 16:12:47.648 67509 INFO tempest.lib.common.rest_client [req-ad9863ff-322f-43ed-bad7-37c9e7a59438 req-ad9863ff-322f-43ed-bad7-37c9e7a59438 ] Request (ServersAdmin275Test:test_rebuild_update_server_275): 200 GET http://10.180.1.21/compute/v2.1/servers/26e58564-2322-4da9-a5b5-ddb38804c12d 0.142s
2025-01-02 16:12:47.678 67513 INFO tempest.lib.common.rest_client [req-9aeff147-c9bc-4a6b-9f59-b4b45c6a8f89 req-9aeff147-c9bc-4a6b-9f59-b4b45c6a8f89 ] Request (ServersTestBootFromVolume:setUpClass): 200 GET http://10.180.1.21/compute/v2.1/servers/eaa02240-7761-4c99-9d47-89b312fa298d 0.137s
2025-01-02 16:12:47.688 67513 INFO tempest.common.waiters [-] State transition "BUILD/None" ==> "BUILD/networking" after 47 second wait
2025-01-02 16:12:47.818 67531 INFO tempest.lib.common.rest_client [req-ff1281f3-1dcc-4b30-be16-038d364fbe2c req-ff1281f3-1dcc-4b30-be16-038d364fbe2c ] Request (InstanceActionsTestJSON:setUpClass): 200 GET http://10.180.1.21/compute/v2.1/servers/d2a31f3f-ec90-45df-81ee-9587f848bd11 0.066s
2025-01-02 16:12:47.830 67531 INFO tempest.common.waiters [-] State transition "BUILD/scheduling" ==> "BUILD/None" after 26 second wait
2025-01-02 16:12:47.901 67517 INFO tempest.lib.common.rest_client [req-ad55d07f-b1d0-492c-8d1a-f88cc9cd00d5 req-ad55d07f-b1d0-492c-8d1a-f88cc9cd00d5 ] Request (ServersAdminTestJSON:test_create_server_with_scheduling_hint): 200 GET http://10.180.1.21/compute/v2.1/servers/23b8daf3-8909-4f22-907d-f1506bd26903 0.081s
2025-01-02 16:12:47.917 67565 INFO tempest.lib.common.rest_client [req-b30517e7-01a6-4946-915a-47183aec7219 req-b30517e7-01a6-4946-915a-47183aec7219 ] Request (FloatingIPsAssociationNegativeTestJSON:tearDownClass): 200 GET http://10.180.1.21/compute/v2.1/servers/ac7b09d4-f0d0-4e83-bac9-66018c5a7be5 0.077s
2025-01-02 16:12:47.967 67567 INFO tempest.lib.common.rest_client [req-bf470f01-e8be-4b2c-99ef-613c3ff617a8 req-bf470f01-e8be-4b2c-99ef-613c3ff617a8 ] Request (ServerActionsTestJSON:setUpClass): 200 GET http://10.180.1.21/compute/v2.1/servers/5df59502-1988-42f4-b006-3caf0ee1db2b 0.074s
2025-01-02 16:12:48.043 67557 INFO tempest.lib.common.rest_client [req-67c84f10-db2c-499b-b51c-741e4f14091b req-67c84f10-db2c-499b-b51c-741e4f14091b ] Request (ServerShowV247Test:test_update_rebuild_list_server): 200 GET http://10.180.1.21/compute/v2.1/servers/d84dc9ee-33f5-4c61-83fe-45d1b5843928 0.068s
2025-01-02 16:12:48.103 67551 INFO tempest.lib.common.rest_client [req-9da0d4f0-f540-47ba-ac82-288a34249e50 req-9da0d4f0-f540-47ba-ac82-288a34249e50 ] Request (DeleteServersAdminTestJSON:test_delete_server_while_in_error_state): 200 GET http://10.180.1.21/compute/v2.1/servers/901c53f8-b256-4858-ba26-99f3403c3686 0.074s
2025-01-02 16:12:48.152 67549 INFO tempest.lib.common.rest_client [req-afc8c9de-40db-411d-84f0-f8a68017495e req-afc8c9de-40db-411d-84f0-f8a68017495e ] Request (ListImageFiltersTestJSON:setUpClass): 200 GET http://10.180.1.21/compute/v2.1/images/0bc94ead-48d6-4a5e-9b25-2ce10933f4a9 0.107s
2025-01-02 16:12:48.174 67521 INFO tempest.lib.common.rest_client [req-65f82aa7-3b01-4cfe-8e48-50b39e1b65cf req-65f82aa7-3b01-4cfe-8e48-50b39e1b65cf ] Request (DeleteServersTestJSON:test_delete_active_server): 200 GET http://10.180.1.21/compute/v2.1/servers/df943ef4-9bec-47fd-930a-359c9bd711de 0.173s
2025-01-02 16:12:48.193 67527 INFO tempest.lib.common.rest_client [req-d31a356a-e250-4658-ad2f-a3c5d978881b req-d31a356a-e250-4658-ad2f-a3c5d978881b ] Request (ImagesOneServerTestJSON:test_create_image_specify_multibyte_character_image_name): 200 GET http://10.180.1.21/compute/v2.1/images/0abd4bc2-cf76-4d06-ba05-db977f7443e4 0.119s
2025-01-02 16:12:48.204 67549 INFO tempest.lib.common.rest_client [req-fbbe20ac-c35f-4212-b26d-2479ec08ba9c req-fbbe20ac-c35f-4212-b26d-2479ec08ba9c ] Request (ListImageFiltersTestJSON:setUpClass): 200 GET http://10.180.1.21/compute/v2.1/images/0bc94ead-48d6-4a5e-9b25-2ce10933f4a9 0.048s
2025-01-02 16:12:48.274 67563 INFO tempest.lib.common.rest_client [req-d6a17576-3093-4adf-a2ff-6e4008ddce0a req-d6a17576-3093-4adf-a2ff-6e4008ddce0a ] Request (ServerDiskConfigTestJSON:test_rebuild_server_with_auto_disk_config): 200 GET http://10.180.1.21/compute/v2.1/servers/a1d61d79-ed9c-40c3-a214-07e82102ba28 0.058s
2025-01-02 16:12:48.319 67549 INFO tempest.lib.common.rest_client [req-764fcbf6-a80a-4c95-b1df-9217485551f7 req-764fcbf6-a80a-4c95-b1df-9217485551f7 ] Request (ListImageFiltersTestJSON:setUpClass): 200 GET http://10.180.1.21/compute/v2.1/servers/9ba644af-f7f8-4402-9794-48655b705e93 0.112s
2025-01-02 16:12:48.372 67525 INFO tempest.lib.common.rest_client [req-17bebab2-e88b-46c3-9d79-1bb615d206b3 req-17bebab2-e88b-46c3-9d79-1bb615d206b3 ] Request (ImagesOneServerNegativeTestJSON:setUpClass): 200 GET http://10.180.1.21/compute/v2.1/servers/c7749e91-cafd-4f16-ac2b-a024cb57ce7d 0.062s
2025-01-02 16:12:48.438 67529 INFO tempest.lib.common.rest_client [req-d7de06e5-d633-4307-9261-c5453fe43dc2 req-d7de06e5-d633-4307-9261-c5453fe43dc2 ] Request (FloatingIPsAssociationTestJSON:tearDownClass): 200 GET http://10.180.1.21/compute/v2.1/servers/9abfee9e-396c-46ac-ad65-3d48e08ee213 0.062s
2025-01-02 16:12:48.485 67553 INFO tempest.lib.common.rest_client [req-63084695-956b-4828-9d2b-0b6ef45a4023 req-63084695-956b-4828-9d2b-0b6ef45a4023 ] Request (ImagesTestJSON:test_create_image_from_suspended_server): 200 GET http://10.180.1.21/compute/v2.1/servers/4efe8e51-4f71-4bf1-910f-7ff505fb1047 0.056s
2025-01-02 16:12:48.534 67561 INFO tempest.lib.common.rest_client [req-3f16e2bd-b90f-423c-8cd5-665b7ec280af req-3f16e2bd-b90f-423c-8cd5-665b7ec280af ] Request (ServerRescueTestJSON:setUpClass): 200 GET http://10.180.1.21/compute/v2.1/servers/dc955fbb-7f6c-40fa-9d8d-4c5f240f5ff7 0.057s
2025-01-02 16:12:48.534 67511 INFO tempest.lib.common.rest_client [req-a6921a64-6031-4684-861f-fb4d48a86191 req-a6921a64-6031-4684-861f-fb4d48a86191 ] Request (ServerMetadataTestJSON:setUpClass): 200 GET http://10.180.1.21/compute/v2.1/servers/ab043a5f-6552-4749-b348-c445500833e9 0.270s
2025-01-02 16:12:48.618 67523 INFO tempest.lib.common.rest_client [req-028204c4-a12b-4a67-81d0-0ed14a23f6e3 req-028204c4-a12b-4a67-81d0-0ed14a23f6e3 ] Request (SecurityGroupsTestJSON:test_list_security_groups_by_server): 200 GET http://10.180.1.21/compute/v2.1/servers/702ce12e-199d-4d42-b04b-8d51720ab130 0.061s
2025-01-02 16:12:48.692 67533 INFO tempest.lib.common.rest_client [req-151569c8-d67e-46f1-9629-52b700cae855 req-151569c8-d67e-46f1-9629-52b700cae855 ] Request (MigrationsAdminTest:test_list_migrations_in_flavor_resize_situation): 200 GET http://10.180.1.21/compute/v2.1/servers/d24ed5c9-c491-4b61-831e-1a6aa1bf824a 0.141s
2025-01-02 16:12:48.697 67555 INFO tempest.lib.common.rest_client [req-4777c720-181e-4ad8-b491-8054cb1de2b6 req-4777c720-181e-4ad8-b491-8054cb1de2b6 ] Request (ServerActionsTestOtherB:setUpClass): 200 GET http://10.180.1.21/compute/v2.1/servers/1fb88ff1-16ee-4ff0-bba1-518e2caca53a 0.063s
2025-01-02 16:12:48.750 67509 INFO tempest.lib.common.rest_client [req-95d8c993-1393-4279-a184-bf6d4805df62 req-95d8c993-1393-4279-a184-bf6d4805df62 ] Request (ServersAdmin275Test:test_rebuild_update_server_275): 200 GET http://10.180.1.21/compute/v2.1/servers/26e58564-2322-4da9-a5b5-ddb38804c12d 0.093s
2025-01-02 16:12:48.879 67531 INFO tempest.lib.common.rest_client [req-85cb8587-bd18-4a57-a7a9-b2784c94fc37 req-85cb8587-bd18-4a57-a7a9-b2784c94fc37 ] Request (InstanceActionsTestJSON:setUpClass): 200 GET http://10.180.1.21/compute/v2.1/servers/d2a31f3f-ec90-45df-81ee-9587f848bd11 0.046s
2025-01-02 16:12:48.945 67513 INFO tempest.lib.common.rest_client [req-dee9e355-7d27-4433-b3b2-370b74c2f62f req-dee9e355-7d27-4433-b3b2-370b74c2f62f ] Request (ServersTestBootFromVolume:setUpClass): 200 GET http://10.180.1.21/compute/v2.1/servers/eaa02240-7761-4c99-9d47-89b312fa298d 0.255s
2025-01-02 16:12:48.951 67513 INFO tempest.common.waiters [-] State transition "BUILD/networking" ==> "BUILD/block_device_mapping" after 48 second wait
2025-01-02 16:12:48.965 67517 INFO tempest.lib.common.rest_client [req-638e7e51-2dd4-407c-920b-16812c08d3b0 req-638e7e51-2dd4-407c-920b-16812c08d3b0 ] Request (ServersAdminTestJSON:test_create_server_with_scheduling_hint): 200 GET http://10.180.1.21/compute/v2.1/servers/23b8daf3-8909-4f22-907d-f1506bd26903 0.052s
2025-01-02 16:12:49.010 67565 INFO tempest.lib.common.rest_client [req-cd058d7c-8a30-4da8-a2be-12b21c7d197b req-cd058d7c-8a30-4da8-a2be-12b21c7d197b ] Request (FloatingIPsAssociationNegativeTestJSON:tearDownClass): 200 GET http://10.180.1.21/compute/v2.1/servers/ac7b09d4-f0d0-4e83-bac9-66018c5a7be5 0.086s
2025-01-02 16:12:49.023 67537 INFO tempest.lib.common.rest_client [req-e6cc9202-bda2-4f6c-9462-cf6ab5f4f36d req-e6cc9202-bda2-4f6c-9462-cf6ab5f4f36d ] Request (ServerTagsTestJSON:tearDownClass): 200 PUT http://10.180.1.21:9696/networking/v2.0/routers/f3e8431f-1437-4b80-9097-cf4f95bf636d/remove_router_interface 1.533s
2025-01-02 16:12:49.034 67567 INFO tempest.lib.common.rest_client [req-5984a2b1-e286-48b3-95f2-6552b0f257f1 req-5984a2b1-e286-48b3-95f2-6552b0f257f1 ] Request (ServerActionsTestJSON:setUpClass): 200 GET http://10.180.1.21/compute/v2.1/servers/5df59502-1988-42f4-b006-3caf0ee1db2b 0.059s
2025-01-02 16:12:49.108 67557 INFO tempest.lib.common.rest_client [req-051d6b04-11e0-4dc2-b28c-520a232263ca req-051d6b04-11e0-4dc2-b28c-520a232263ca ] Request (ServerShowV247Test:test_update_rebuild_list_server): 200 GET http://10.180.1.21/compute/v2.1/servers/d84dc9ee-33f5-4c61-83fe-45d1b5843928 0.056s
2025-01-02 16:12:49.191 67551 INFO tempest.lib.common.rest_client [req-4fe07181-4ede-4e31-ae75-1f461241f5cb req-4fe07181-4ede-4e31-ae75-1f461241f5cb ] Request (DeleteServersAdminTestJSON:test_delete_server_while_in_error_state): 200 GET http://10.180.1.21/compute/v2.1/servers/901c53f8-b256-4858-ba26-99f3403c3686 0.079s
2025-01-02 16:12:49.238 67527 INFO tempest.lib.common.rest_client [req-3dc132e3-bbf6-4989-9034-c2e93612b68b req-3dc132e3-bbf6-4989-9034-c2e93612b68b ] Request (ImagesOneServerTestJSON:test_create_image_specify_multibyte_character_image_name): 200 GET http://10.180.1.21/compute/v2.1/images/0abd4bc2-cf76-4d06-ba05-db977f7443e4 0.041s
2025-01-02 16:12:49.286 67521 INFO tempest.lib.common.rest_client [req-68fef5a4-abe2-4f1f-9e97-96e1faa9c73a req-68fef5a4-abe2-4f1f-9e97-96e1faa9c73a ] Request (DeleteServersTestJSON:test_delete_active_server): 200 GET http://10.180.1.21/compute/v2.1/servers/df943ef4-9bec-47fd-930a-359c9bd711de 0.104s
2025-01-02 16:12:49.339 67563 INFO tempest.lib.common.rest_client [req-4c34e415-7895-429f-bc2e-18de2802b74a req-4c34e415-7895-429f-bc2e-18de2802b74a ] Request (ServerDiskConfigTestJSON:test_rebuild_server_with_auto_disk_config): 200 GET http://10.180.1.21/compute/v2.1/servers/a1d61d79-ed9c-40c3-a214-07e82102ba28 0.058s
2025-01-02 16:12:49.432 67549 INFO tempest.lib.common.rest_client [req-8e9a6c44-14c3-4cd4-9563-a7a231465f8f req-8e9a6c44-14c3-4cd4-9563-a7a231465f8f ] Request (ListImageFiltersTestJSON:setUpClass): 200 GET http://10.180.1.21/compute/v2.1/servers/9ba644af-f7f8-4402-9794-48655b705e93 0.105s
2025-01-02 16:12:49.479 67525 INFO tempest.lib.common.rest_client [req-abd9f67f-17b6-43ea-931e-2488b748eec9 req-abd9f67f-17b6-43ea-931e-2488b748eec9 ] Request (ImagesOneServerNegativeTestJSON:setUpClass): 200 GET http://10.180.1.21/compute/v2.1/servers/c7749e91-cafd-4f16-ac2b-a024cb57ce7d 0.097s
