2025-01-02 16:14:02.552 67555 INFO tempest.lib.common.rest_client [req-bd207168-ddd4-48a5-aec0-b1fae0672886 req-bd207168-ddd4-48a5-aec0-b1fae0672886 ] Request (ServerActionsTestOtherB:test_create_backup): 200 GET http://10.180.1.21/image/v2/images/50e6c9e7-cd81-4f0b-b1fe-9b2390ddb3e5 0.014s
2025-01-02 16:14:02.619 67569 INFO tempest.lib.common.rest_client [req-8e458c63-eb2f-4fa0-9164-72a9baa9d888 req-8e458c63-eb2f-4fa0-9164-72a9baa9d888 ] Request (AttachInterfacesTestJSON:test_create_list_show_delete_interfaces_by_fixed_ip): 200 GET http://10.180.1.21/compute/v2.1/servers/b3e5ec90-5fdd-49db-bef5-196a1e6c0555/os-interface 0.126s
2025-01-02 16:14:02.670 67517 INFO tempest.lib.common.rest_client [req-080c7674-1a40-4ecc-b9f3-ba34bdd37c44 req-080c7674-1a40-4ecc-b9f3-ba34bdd37c44 ] Request (ServersAdminTestJSON:test_rebuild_server_in_error_state): 200 GET http://10.180.1.21/compute/v2.1/servers/20d0fbce-fec7-4b2d-aaa2-af09a6ffa287 0.137s
2025-01-02 16:14:02.683 67569 INFO tempest.lib.common.rest_client [req-611f5cd6-353b-4f73-91f2-1d899ae60e1b req-611f5cd6-353b-4f73-91f2-1d899ae60e1b ] Request (AttachInterfacesTestJSON:test_create_list_show_delete_interfaces_by_fixed_ip): 200 GET http://10.180.1.21/compute/v2.1/servers/b3e5ec90-5fdd-49db-bef5-196a1e6c0555/os-interface/0df820a9-960a-46a4-82ee-2959b79eb51f 0.061s
2025-01-02 16:14:02.724 67549 INFO tempest.lib.common.rest_client [req-4c0c6565-5a55-428d-ad57-bba441733f15 req-4c0c6565-5a55-428d-ad57-bba441733f15 ] Request (ListImageFiltersTestJSON:tearDownClass): 200 GET http://10.180.1.21/compute/v2.1/servers/2d4bd888-b055-4254-8841-f6d8d8c94900 0.084s
2025-01-02 16:14:02.748 67561 INFO tempest.lib.common.rest_client [req-7fbef384-c1f3-47b4-a255-f3f118a0a78f req-7fbef384-c1f3-47b4-a255-f3f118a0a78f ] Request (ServerRescueTestJSON:test_rescue_unrescue_instance): 200 GET http://10.180.1.21/compute/v2.1/servers/bae77b57-fd9c-4bea-ae8d-0e021f4259f5 0.062s
2025-01-02 16:14:02.761 67569 INFO tempest.lib.common.rest_client [req-83b7985e-ecab-4a1f-abd8-c20a5b5b42b0 req-83b7985e-ecab-4a1f-abd8-c20a5b5b42b0 ] Request (AttachInterfacesTestJSON:test_create_list_show_delete_interfaces_by_fixed_ip): 200 GET http://10.180.1.21:9696/networking/v2.0/ports?network_id=a57bbfba-fc96-4609-99e7-58ca6aa77bfa 0.076s
2025-01-02 16:14:02.789 67569 INFO tempest.lib.common.rest_client [req-a72ccb33-71d2-46d0-b1ef-6bfc03b21f4e req-a72ccb33-71d2-46d0-b1ef-6bfc03b21f4e ] Request (AttachInterfacesTestJSON:test_create_list_show_delete_interfaces_by_fixed_ip): 200 GET http://10.180.1.21:9696/networking/v2.0/subnets/2ff18a6c-13de-45e4-9ec7-a1a3354feea6 0.027s
2025-01-02 16:14:02.827 67567 INFO tempest.lib.common.rest_client [req-cd994f0c-f5ea-4905-a6e2-354892179733 req-cd994f0c-f5ea-4905-a6e2-354892179733 ] Request (ServerActionsTestJSON:test_lock_unlock_server): 200 GET http://10.180.1.21/compute/v2.1/servers/5df59502-1988-42f4-b006-3caf0ee1db2b 0.100s
2025-01-02 16:14:02.919 67533 INFO tempest.lib.common.rest_client [req-0c2ce7ab-1d3f-46ff-a6b4-9a6b23e98043 req-0c2ce7ab-1d3f-46ff-a6b4-9a6b23e98043 ] Request (MigrationsAdminTest:test_resize_server_revert_deleted_flavor): 200 GET http://10.180.1.21/compute/v2.1/servers/b752ac74-3a09-4f06-98c1-5ef08afa76d1 0.107s
2025-01-02 16:14:03.060 67551 INFO tempest.lib.common.rest_client [req-b923f11d-7ce6-4bf8-bb8a-f3c9dc0663da req-b923f11d-7ce6-4bf8-bb8a-f3c9dc0663da ] Request (AttachInterfacesV270Test:test_create_get_list_interfaces): 200 GET http://10.180.1.21/compute/v2.1/servers/0a9d1808-bed4-418d-9613-c1988ecc7560 0.063s
2025-01-02 16:14:03.123 67563 INFO tempest.lib.common.rest_client [req-eaa7fbc4-9395-4c0b-9343-74125427c6d9 req-eaa7fbc4-9395-4c0b-9343-74125427c6d9 ] Request (ServerDiskConfigTestJSON:test_rebuild_server_with_manual_disk_config): 200 GET http://10.180.1.21/compute/v2.1/servers/d8a8e3df-5351-4c4c-89d9-f2a2ef81bc64 0.080s
2025-01-02 16:14:03.190 67523 INFO tempest.lib.common.rest_client [req-06bf3e95-30a6-4c45-99b1-b2e766314c32 req-06bf3e95-30a6-4c45-99b1-b2e766314c32 ] Request (SecurityGroupsTestJSON:test_server_security_groups): 200 GET http://10.180.1.21/compute/v2.1/servers/9aca18a2-12cb-4ef1-97c7-a95b5745a0d8 0.090s
2025-01-02 16:14:03.229 67553 INFO tempest.lib.common.rest_client [req-3c064460-2c62-405a-8719-cdf1a0b91adf req-3c064460-2c62-405a-8719-cdf1a0b91adf ] Request (ImagesTestJSON:test_create_image_from_suspended_server): 200 GET http://10.180.1.21/compute/v2.1/images/55cbbab6-4adc-4aef-bd76-c16d7e99e3e9 0.088s
2025-01-02 16:14:03.335 67519 INFO tempest.lib.common.rest_client [req-8452d1ee-a2e0-461f-9b03-18d2fdc75e42 req-8452d1ee-a2e0-461f-9b03-18d2fdc75e42 ] Request (ServersWithSpecificFlavorTestJSON:test_verify_created_server_ephemeral_disk): 200 GET http://10.180.1.21/compute/v2.1/servers/1a021e57-522f-4fe1-a015-f2f7a529fdcc 0.163s
2025-01-02 16:14:03.389 67539 INFO tempest.lib.common.rest_client [req-b7f59b2e-ccf1-4bb4-8fa2-b5ef133f805b req-b7f59b2e-ccf1-4bb4-8fa2-b5ef133f805b ] Request (ServerActionsTestOtherA:test_rebuild_server_in_stop_state): 200 GET http://10.180.1.21/compute/v2.1/servers/5a735439-3c06-4c6a-9344-ae03bdd34c41 0.167s
2025-01-02 16:14:03.440 67531 INFO tempest.lib.common.rest_client [req-ac73eecb-7a9d-4355-a951-ecfbea55e19e req-ac73eecb-7a9d-4355-a951-ecfbea55e19e ] Request (InstanceActionsTestJSON:tearDownClass): 200 GET http://10.180.1.21/compute/v2.1/servers/d2a31f3f-ec90-45df-81ee-9587f848bd11 0.188s
2025-01-02 16:14:03.489 67547 INFO tempest.lib.common.rest_client [req-78e2c3d1-ab1d-4088-aa14-c85d805daf36 req-78e2c3d1-ab1d-4088-aa14-c85d805daf36 ] Request (VolumesAssistedSnapshotsTest:tearDownClass): 200 GET http://10.180.1.21/compute/v2.1/servers/80fcf873-50b3-4c5a-a5b5-e7515e66fb59 0.208s
2025-01-02 16:14:03.544 67513 INFO tempest.lib.common.rest_client [req-0ada874a-9a29-47a2-a7d1-2b2f07d571a7 req-0ada874a-9a29-47a2-a7d1-2b2f07d571a7 ] Request (ServersTestBootFromVolume:tearDownClass): 200 GET http://10.180.1.21/compute/v2.1/servers/eaa02240-7761-4c99-9d47-89b312fa298d 0.230s
2025-01-02 16:14:03.565 67555 INFO tempest.lib.common.rest_client [req-03a4902a-b048-49f7-9ca0-12644340a68d req-03a4902a-b048-49f7-9ca0-12644340a68d ] Request (ServerActionsTestOtherB:test_create_backup): 200 GET http://10.180.1.21/image/v2/images/50e6c9e7-cd81-4f0b-b1fe-9b2390ddb3e5 0.012s
2025-01-02 16:14:03.598 67557 INFO tempest.lib.common.rest_client [req-ef69c1fc-044a-42f4-96f4-9059487ab1ab req-ef69c1fc-044a-42f4-96f4-9059487ab1ab ] Request (ServerShowV247Test:tearDownClass): 200 GET http://10.180.1.21/compute/v2.1/servers/d84dc9ee-33f5-4c61-83fe-45d1b5843928 0.252s
2025-01-02 16:14:03.651 67541 INFO tempest.lib.common.rest_client [req-67f9c75d-66ff-4696-8829-bd7e10fcd828 req-67f9c75d-66ff-4696-8829-bd7e10fcd828 ] Request (ServersTestJSON:tearDownClass): 200 GET http://10.180.1.21/compute/v2.1/servers/330aa829-1075-45f0-ba31-e65f584d018a 0.256s
2025-01-02 16:14:03.699 67525 INFO tempest.lib.common.rest_client [req-33c03b1b-ff43-45bf-9ff0-f0f6769f196d req-33c03b1b-ff43-45bf-9ff0-f0f6769f196d ] Request (ImagesOneServerNegativeTestJSON:_run_cleanups): 200 GET http://10.180.1.21/compute/v2.1/servers/49633818-63e4-42da-b1f2-0b24c10106e7 0.292s
2025-01-02 16:14:03.755 67509 INFO tempest.lib.common.rest_client [req-942e1daf-f246-42e7-8d41-ee9887f54591 req-942e1daf-f246-42e7-8d41-ee9887f54591 ] Request (ServersAdmin275Test:tearDownClass): 200 GET http://10.180.1.21/compute/v2.1/servers/26e58564-2322-4da9-a5b5-ddb38804c12d 0.297s
2025-01-02 16:14:03.806 67521 INFO tempest.lib.common.rest_client [req-761ced12-f719-44cd-8158-275d7ab1df5c req-761ced12-f719-44cd-8158-275d7ab1df5c ] Request (DeleteServersTestJSON:test_delete_server_while_in_attached_volume): 200 GET http://10.180.1.21/compute/v2.1/servers/7766e4d8-8f42-4b38-92e1-168f9c44af89 0.307s
2025-01-02 16:14:03.813 67521 INFO tempest.common.waiters [-] State transition "BUILD/None" ==> "BUILD/networking" after 40 second wait
2025-01-02 16:14:03.858 67529 INFO tempest.lib.common.rest_client [req-eb681e96-a838-4f87-b997-46a81c099b74 req-eb681e96-a838-4f87-b997-46a81c099b74 ] Request (ServersTestMultiNic:test_verify_duplicate_network_nics): 200 GET http://10.180.1.21/compute/v2.1/servers/724bd8e0-7481-4f39-a99e-232d339b2a67 0.308s
2025-01-02 16:14:03.983 67517 INFO tempest.lib.common.rest_client [req-43c70a54-b516-4db8-92fd-cfdba99f7c5a req-43c70a54-b516-4db8-92fd-cfdba99f7c5a ] Request (ServersAdminTestJSON:test_rebuild_server_in_error_state): 200 GET http://10.180.1.21/compute/v2.1/servers/20d0fbce-fec7-4b2d-aaa2-af09a6ffa287 0.306s
2025-01-02 16:14:04.045 67549 INFO tempest.lib.common.rest_client [req-d84fbcb7-c3cd-4e9c-80de-3f1816693cf1 req-d84fbcb7-c3cd-4e9c-80de-3f1816693cf1 ] Request (ListImageFiltersTestJSON:tearDownClass): 200 GET http://10.180.1.21/compute/v2.1/servers/2d4bd888-b055-4254-8841-f6d8d8c94900 0.314s
2025-01-02 16:14:04.096 67561 INFO tempest.lib.common.rest_client [req-f6d2ffc6-e8f2-4b5d-83d4-3cf5b6b512ac req-f6d2ffc6-e8f2-4b5d-83d4-3cf5b6b512ac ] Request (ServerRescueTestJSON:test_rescue_unrescue_instance): 200 GET http://10.180.1.21/compute/v2.1/servers/bae77b57-fd9c-4bea-ae8d-0e021f4259f5 0.341s
2025-01-02 16:14:04.213 67567 INFO tempest.lib.common.rest_client [req-389c93a6-8c51-450a-8102-deb25eef48cc req-389c93a6-8c51-450a-8102-deb25eef48cc ] Request (ServerActionsTestJSON:test_lock_unlock_server): 200 GET http://10.180.1.21/compute/v2.1/servers/5df59502-1988-42f4-b006-3caf0ee1db2b 0.379s
2025-01-02 16:14:04.214 67543 WARNING tempest.lib.common.ssh [-] Failed to establish authenticated ssh connection to cirros@10.180.180.143 ([Errno None] Unable to connect to port 22 on 10.180.180.143). Number attempts: 11. Retry after 12 seconds.: paramiko.ssh_exception.NoValidConnectionsError: [Errno None] Unable to connect to port 22 on 10.180.180.143
2025-01-02 16:14:04.232 67567 INFO tempest.common.waiters [-] State transition "ACTIVE/powering-off" ==> "SHUTOFF/None" after 3 second wait
2025-01-02 16:14:04.371 67533 INFO tempest.lib.common.rest_client [req-48ee97ff-9ab0-4523-b155-786834d915c4 req-48ee97ff-9ab0-4523-b155-786834d915c4 ] Request (MigrationsAdminTest:test_resize_server_revert_deleted_flavor): 200 GET http://10.180.1.21/compute/v2.1/servers/b752ac74-3a09-4f06-98c1-5ef08afa76d1 0.444s
2025-01-02 16:14:04.429 67551 INFO tempest.lib.common.rest_client [req-e5f0b678-8e5e-48c7-bcf1-e9bbe5536d54 req-e5f0b678-8e5e-48c7-bcf1-e9bbe5536d54 ] Request (AttachInterfacesV270Test:test_create_get_list_interfaces): 200 GET http://10.180.1.21/compute/v2.1/servers/0a9d1808-bed4-418d-9613-c1988ecc7560 0.350s
2025-01-02 16:14:04.476 67563 INFO tempest.lib.common.rest_client [req-3ee9970a-a1ff-4cc4-90bc-8f27380babb7 req-3ee9970a-a1ff-4cc4-90bc-8f27380babb7 ] Request (ServerDiskConfigTestJSON:test_rebuild_server_with_manual_disk_config): 200 GET http://10.180.1.21/compute/v2.1/servers/d8a8e3df-5351-4c4c-89d9-f2a2ef81bc64 0.345s
2025-01-02 16:14:04.536 67523 INFO tempest.lib.common.rest_client [req-5aecb943-23e6-4b54-a588-9e40c074770e req-5aecb943-23e6-4b54-a588-9e40c074770e ] Request (SecurityGroupsTestJSON:test_server_security_groups): 200 GET http://10.180.1.21/compute/v2.1/servers/9aca18a2-12cb-4ef1-97c7-a95b5745a0d8 0.338s
2025-01-02 16:14:04.583 67555 INFO tempest.lib.common.rest_client [req-5d542b72-536c-49a0-a202-ccab36bfd211 req-5d542b72-536c-49a0-a202-ccab36bfd211 ] Request (ServerActionsTestOtherB:test_create_backup): 200 GET http://10.180.1.21/image/v2/images/50e6c9e7-cd81-4f0b-b1fe-9b2390ddb3e5 0.016s
2025-01-02 16:14:04.587 67567 INFO tempest.lib.common.rest_client [req-c946e0c0-3c18-4764-a159-e4ec82edb6cc req-c946e0c0-3c18-4764-a159-e4ec82edb6cc ] Request (ServerActionsTestJSON:test_lock_unlock_server): 202 POST http://10.180.1.21/compute/v2.1/servers/5df59502-1988-42f4-b006-3caf0ee1db2b/action 0.354s
2025-01-02 16:14:04.619 67553 INFO tempest.lib.common.rest_client [req-a732f0bd-8dda-49aa-be86-36d55b709305 req-a732f0bd-8dda-49aa-be86-36d55b709305 ] Request (ImagesTestJSON:test_create_image_from_suspended_server): 200 GET http://10.180.1.21/compute/v2.1/images/55cbbab6-4adc-4aef-bd76-c16d7e99e3e9 0.385s
2025-01-02 16:14:04.756 67519 INFO tempest.lib.common.rest_client [req-994158a6-fa33-4486-b132-b3fc7a1ddbbe req-994158a6-fa33-4486-b132-b3fc7a1ddbbe ] Request (ServersWithSpecificFlavorTestJSON:test_verify_created_server_ephemeral_disk): 200 GET http://10.180.1.21/compute/v2.1/servers/1a021e57-522f-4fe1-a015-f2f7a529fdcc 0.413s
2025-01-02 16:14:04.814 67539 INFO tempest.lib.common.rest_client [req-821fc368-df99-4ed3-bbb6-92f858908659 req-821fc368-df99-4ed3-bbb6-92f858908659 ] Request (ServerActionsTestOtherA:test_rebuild_server_in_stop_state): 200 GET http://10.180.1.21/compute/v2.1/servers/5a735439-3c06-4c6a-9344-ae03bdd34c41 0.418s
2025-01-02 16:14:04.882 67531 INFO tempest.lib.common.rest_client [req-d9dcc49f-a518-4f0e-9faa-3d2c9045aeb1 req-d9dcc49f-a518-4f0e-9faa-3d2c9045aeb1 ] Request (InstanceActionsTestJSON:tearDownClass): 200 GET http://10.180.1.21/compute/v2.1/servers/d2a31f3f-ec90-45df-81ee-9587f848bd11 0.434s
2025-01-02 16:14:05.203 67547 INFO tempest.lib.common.rest_client [req-9d1d94cd-52fd-49ec-b206-3ef660ca2762 req-9d1d94cd-52fd-49ec-b206-3ef660ca2762 ] Request (VolumesAssistedSnapshotsTest:tearDownClass): 200 GET http://10.180.1.21/compute/v2.1/servers/80fcf873-50b3-4c5a-a5b5-e7515e66fb59 0.706s
2025-01-02 16:14:05.272 67513 INFO tempest.lib.common.rest_client [req-bd14ec8a-ebe1-47bd-94d8-f3b07b5bc7c5 req-bd14ec8a-ebe1-47bd-94d8-f3b07b5bc7c5 ] Request (ServersTestBootFromVolume:tearDownClass): 200 GET http://10.180.1.21/compute/v2.1/servers/eaa02240-7761-4c99-9d47-89b312fa298d 0.721s
2025-01-02 16:14:05.383 67567 INFO tempest.lib.common.rest_client [req-81fe3ea5-5312-49f1-9377-db58ac7a8736 req-81fe3ea5-5312-49f1-9377-db58ac7a8736 ] Request (ServerActionsTestJSON:test_lock_unlock_server): 200 GET http://10.180.1.21/compute/v2.1/servers/5df59502-1988-42f4-b006-3caf0ee1db2b 0.795s
2025-01-02 16:14:05.444 67557 INFO tempest.lib.common.rest_client [req-628cdfd5-2572-41a5-94e9-da8c333c14fb req-628cdfd5-2572-41a5-94e9-da8c333c14fb ] Request (ServerShowV247Test:tearDownClass): 200 GET http://10.180.1.21/compute/v2.1/servers/d84dc9ee-33f5-4c61-83fe-45d1b5843928 0.836s
2025-01-02 16:14:05.502 67541 INFO tempest.lib.common.rest_client [req-4d924e5d-0965-4450-9608-b0df9910653e req-4d924e5d-0965-4450-9608-b0df9910653e ] Request (ServersTestJSON:tearDownClass): 200 GET http://10.180.1.21/compute/v2.1/servers/330aa829-1075-45f0-ba31-e65f584d018a 0.842s
2025-01-02 16:14:05.551 67525 INFO tempest.lib.common.rest_client [req-ec8d5acd-9f3b-4b9b-a8ff-0b722910976f req-ec8d5acd-9f3b-4b9b-a8ff-0b722910976f ] Request (ImagesOneServerNegativeTestJSON:_run_cleanups): 200 GET http://10.180.1.21/compute/v2.1/servers/49633818-63e4-42da-b1f2-0b24c10106e7 0.845s
2025-01-02 16:14:05.600 67555 INFO tempest.lib.common.rest_client [req-a5005b7c-77a3-4600-a0ff-b506dc0d1049 req-a5005b7c-77a3-4600-a0ff-b506dc0d1049 ] Request (ServerActionsTestOtherB:test_create_backup): 200 GET http://10.180.1.21/image/v2/images/50e6c9e7-cd81-4f0b-b1fe-9b2390ddb3e5 0.015s
2025-01-02 16:14:05.614 67509 INFO tempest.lib.common.rest_client [req-83cd7c69-ed52-4ad2-b3fc-2a6b5c0d8111 req-83cd7c69-ed52-4ad2-b3fc-2a6b5c0d8111 ] Request (ServersAdmin275Test:tearDownClass): 200 GET http://10.180.1.21/compute/v2.1/servers/26e58564-2322-4da9-a5b5-ddb38804c12d 0.850s
2025-01-02 16:14:05.735 67521 INFO tempest.lib.common.rest_client [req-f82e8a39-0498-4494-8af6-b9a2b8f84bb4 req-f82e8a39-0498-4494-8af6-b9a2b8f84bb4 ] Request (DeleteServersTestJSON:test_delete_server_while_in_attached_volume): 200 GET http://10.180.1.21/compute/v2.1/servers/7766e4d8-8f42-4b38-92e1-168f9c44af89 0.921s
2025-01-02 16:14:05.742 67521 INFO tempest.common.waiters [-] State transition "BUILD/networking" ==> "BUILD/spawning" after 42 second wait
2025-01-02 16:14:05.784 67529 INFO tempest.lib.common.rest_client [req-3dc23f97-10bf-4593-807b-1f7cee644be0 req-3dc23f97-10bf-4593-807b-1f7cee644be0 ] Request (ServersTestMultiNic:test_verify_duplicate_network_nics): 200 GET http://10.180.1.21/compute/v2.1/servers/724bd8e0-7481-4f39-a99e-232d339b2a67 0.919s
2025-01-02 16:14:05.901 67517 INFO tempest.lib.common.rest_client [req-1d46a9ba-fb74-4a73-bbeb-46faf50e02e3 req-1d46a9ba-fb74-4a73-bbeb-46faf50e02e3 ] Request (ServersAdminTestJSON:test_rebuild_server_in_error_state): 200 GET http://10.180.1.21/compute/v2.1/servers/20d0fbce-fec7-4b2d-aaa2-af09a6ffa287 0.909s
2025-01-02 16:14:05.921 67549 INFO tempest.lib.common.rest_client [req-e8a87c67-f4ce-41c6-9f22-0ff54f163cb4 req-e8a87c67-f4ce-41c6-9f22-0ff54f163cb4 ] Request (ListImageFiltersTestJSON:tearDownClass): 404 GET http://10.180.1.21/compute/v2.1/servers/2d4bd888-b055-4254-8841-f6d8d8c94900 0.867s
2025-01-02 16:14:05.969 67561 INFO tempest.lib.common.rest_client [req-76fd1b78-a468-40d0-9c2b-499ed5faa484 req-76fd1b78-a468-40d0-9c2b-499ed5faa484 ] Request (ServerRescueTestJSON:test_rescue_unrescue_instance): 200 GET http://10.180.1.21/compute/v2.1/servers/bae77b57-fd9c-4bea-ae8d-0e021f4259f5 0.866s
2025-01-02 16:14:06.061 67533 INFO tempest.lib.common.rest_client [req-818c5166-280b-45cc-be9f-f718eb1d8730 req-818c5166-280b-45cc-be9f-f718eb1d8730 ] Request (MigrationsAdminTest:test_resize_server_revert_deleted_flavor): 200 GET http://10.180.1.21/compute/v2.1/servers/b752ac74-3a09-4f06-98c1-5ef08afa76d1 0.681s
2025-01-02 16:14:06.113 67551 INFO tempest.lib.common.rest_client [req-8b5e97b7-81ef-43b3-9bc2-11c6f7948f4e req-8b5e97b7-81ef-43b3-9bc2-11c6f7948f4e ] Request (AttachInterfacesV270Test:test_create_get_list_interfaces): 200 GET http://10.180.1.21/compute/v2.1/servers/0a9d1808-bed4-418d-9613-c1988ecc7560 0.675s
2025-01-02 16:14:06.170 67563 INFO tempest.lib.common.rest_client [req-94278627-ec23-49df-a31f-1230158b861c req-94278627-ec23-49df-a31f-1230158b861c ] Request (ServerDiskConfigTestJSON:test_rebuild_server_with_manual_disk_config): 200 GET http://10.180.1.21/compute/v2.1/servers/d8a8e3df-5351-4c4c-89d9-f2a2ef81bc64 0.686s
2025-01-02 16:14:06.215 67523 INFO tempest.lib.common.rest_client [req-8fc9d3b8-f3de-41af-8d2f-9b4401bbf9e7 req-8fc9d3b8-f3de-41af-8d2f-9b4401bbf9e7 ] Request (SecurityGroupsTestJSON:test_server_security_groups): 200 GET http://10.180.1.21/compute/v2.1/servers/9aca18a2-12cb-4ef1-97c7-a95b5745a0d8 0.671s
2025-01-02 16:14:06.244 67553 INFO tempest.lib.common.rest_client [req-22cad87c-2535-4cf6-85f3-8ff8354bbee5 req-22cad87c-2535-4cf6-85f3-8ff8354bbee5 ] Request (ImagesTestJSON:test_create_image_from_suspended_server): 200 GET http://10.180.1.21/compute/v2.1/images/55cbbab6-4adc-4aef-bd76-c16d7e99e3e9 0.621s
2025-01-02 16:14:06.424 67519 INFO tempest.lib.common.rest_client [req-a6a4c69a-d94d-4ed1-b652-42de4122740c req-a6a4c69a-d94d-4ed1-b652-42de4122740c ] Request (ServersWithSpecificFlavorTestJSON:test_verify_created_server_ephemeral_disk): 200 GET http://10.180.1.21/compute/v2.1/servers/1a021e57-522f-4fe1-a015-f2f7a529fdcc 0.656s
2025-01-02 16:14:06.490 67539 INFO tempest.lib.common.rest_client [req-e6a36dda-766b-493d-aba0-031a162980be req-e6a36dda-766b-493d-aba0-031a162980be ] Request (ServerActionsTestOtherA:test_rebuild_server_in_stop_state): 200 GET http://10.180.1.21/compute/v2.1/servers/5a735439-3c06-4c6a-9344-ae03bdd34c41 0.663s
2025-01-02 16:14:06.557 67531 INFO tempest.lib.common.rest_client [req-210295e4-9240-4ec1-b98a-eefec5fcf0bc req-210295e4-9240-4ec1-b98a-eefec5fcf0bc ] Request (InstanceActionsTestJSON:tearDownClass): 200 GET http://10.180.1.21/compute/v2.1/servers/d2a31f3f-ec90-45df-81ee-9587f848bd11 0.668s
2025-01-02 16:14:06.615 67555 INFO tempest.lib.common.rest_client [req-08ca45c9-1ae3-4ad1-96c2-8e923e1284c4 req-08ca45c9-1ae3-4ad1-96c2-8e923e1284c4 ] Request (ServerActionsTestOtherB:test_create_backup): 200 GET http://10.180.1.21/image/v2/images/50e6c9e7-cd81-4f0b-b1fe-9b2390ddb3e5 0.014s
2025-01-02 16:14:06.632 67549 INFO tempest.lib.common.rest_client [req-d59f94a8-5a81-49cd-821f-0a5cfd49267a req-d59f94a8-5a81-49cd-821f-0a5cfd49267a ] Request (ListImageFiltersTestJSON:tearDownClass): 204 DELETE http://10.180.1.21/compute/v2.1/servers/9ba644af-f7f8-4402-9794-48655b705e93 0.711s
2025-01-02 16:14:06.706 67547 INFO tempest.lib.common.rest_client [req-e3095022-dfe4-4499-a2df-2556c2736434 req-e3095022-dfe4-4499-a2df-2556c2736434 ] Request (VolumesAssistedSnapshotsTest:tearDownClass): 200 GET http://10.180.1.21/compute/v2.1/servers/80fcf873-50b3-4c5a-a5b5-e7515e66fb59 0.494s
2025-01-02 16:14:06.772 67513 INFO tempest.lib.common.rest_client [req-9349a59a-7ea3-4f62-9b3f-16992a4f6502 req-9349a59a-7ea3-4f62-9b3f-16992a4f6502 ] Request (ServersTestBootFromVolume:tearDownClass): 200 GET http://10.180.1.21/compute/v2.1/servers/eaa02240-7761-4c99-9d47-89b312fa298d 0.492s
2025-01-02 16:14:06.916 67567 INFO tempest.lib.common.rest_client [req-76e045a9-a2f3-4f84-9ece-6e2c82e86599 req-76e045a9-a2f3-4f84-9ece-6e2c82e86599 ] Request (ServerActionsTestJSON:test_lock_unlock_server): 200 GET http://10.180.1.21/compute/v2.1/servers/5df59502-1988-42f4-b006-3caf0ee1db2b 0.526s
2025-01-02 16:14:06.984 67557 INFO tempest.lib.common.rest_client [req-718dedcc-0d6f-4165-818e-fcdd95efb603 req-718dedcc-0d6f-4165-818e-fcdd95efb603 ] Request (ServerShowV247Test:tearDownClass): 200 GET http://10.180.1.21/compute/v2.1/servers/d84dc9ee-33f5-4c61-83fe-45d1b5843928 0.531s
2025-01-02 16:14:07.055 67541 INFO tempest.lib.common.rest_client [req-3185a4f2-25f2-4a04-b04e-c5fc4cc31f1c req-3185a4f2-25f2-4a04-b04e-c5fc4cc31f1c ] Request (ServersTestJSON:tearDownClass): 200 GET http://10.180.1.21/compute/v2.1/servers/330aa829-1075-45f0-ba31-e65f584d018a 0.546s
2025-01-02 16:14:07.151 67525 INFO tempest.lib.common.rest_client [req-2e99fd15-6cd4-4b5d-890a-c59e2a8d52fe req-2e99fd15-6cd4-4b5d-890a-c59e2a8d52fe ] Request (ImagesOneServerNegativeTestJSON:_run_cleanups): 200 GET http://10.180.1.21/compute/v2.1/servers/49633818-63e4-42da-b1f2-0b24c10106e7 0.591s
2025-01-02 16:14:07.224 67509 INFO tempest.lib.common.rest_client [req-935baa5c-c0e4-460f-9761-8df251cf6083 req-935baa5c-c0e4-460f-9761-8df251cf6083 ] Request (ServersAdmin275Test:tearDownClass): 200 GET http://10.180.1.21/compute/v2.1/servers/26e58564-2322-4da9-a5b5-ddb38804c12d 0.601s
2025-01-02 16:14:07.359 67549 INFO tempest.lib.common.rest_client [req-f60193ff-16eb-44db-ab98-7b244c42664f req-f60193ff-16eb-44db-ab98-7b244c42664f ] Request (ListImageFiltersTestJSON:tearDownClass): 200 GET http://10.180.1.21/compute/v2.1/servers/9ba644af-f7f8-4402-9794-48655b705e93 0.726s
2025-01-02 16:14:07.465 67521 INFO tempest.lib.common.rest_client [req-b496a2a1-94da-4c8f-b65b-317c77638298 req-b496a2a1-94da-4c8f-b65b-317c77638298 ] Request (DeleteServersTestJSON:test_delete_server_while_in_attached_volume): 200 GET http://10.180.1.21/compute/v2.1/servers/7766e4d8-8f42-4b38-92e1-168f9c44af89 0.722s
2025-01-02 16:14:07.527 67529 INFO tempest.lib.common.rest_client [req-8ffbaf71-3d1c-402f-879c-7d688a6bab4e req-8ffbaf71-3d1c-402f-879c-7d688a6bab4e ] Request (ServersTestMultiNic:test_verify_duplicate_network_nics): 200 GET http://10.180.1.21/compute/v2.1/servers/724bd8e0-7481-4f39-a99e-232d339b2a67 0.735s
2025-01-02 16:14:07.635 67517 INFO tempest.lib.common.rest_client [req-8691fc85-58be-4e65-a712-8c9ab3ac8260 req-8691fc85-58be-4e65-a712-8c9ab3ac8260 ] Request (ServersAdminTestJSON:test_rebuild_server_in_error_state): 200 GET http://10.180.1.21/compute/v2.1/servers/20d0fbce-fec7-4b2d-aaa2-af09a6ffa287 0.727s
2025-01-02 16:14:07.643 67517 INFO tempest.common.waiters [-] State transition "REBUILD/rebuilding" ==> "REBUILD/rebuild_spawning" after 5 second wait
2025-01-02 16:14:07.689 67561 INFO tempest.lib.common.rest_client [req-7dc7657e-ddb1-4a3f-a10d-30588b502a64 req-7dc7657e-ddb1-4a3f-a10d-30588b502a64 ] Request (ServerRescueTestJSON:test_rescue_unrescue_instance): 200 GET http://10.180.1.21/compute/v2.1/servers/bae77b57-fd9c-4bea-ae8d-0e021f4259f5 0.712s
2025-01-02 16:14:07.810 67533 INFO tempest.lib.common.rest_client [req-7ebf85e9-f5c3-4864-91e6-e86af214e8ef req-7ebf85e9-f5c3-4864-91e6-e86af214e8ef ] Request (MigrationsAdminTest:test_resize_server_revert_deleted_flavor): 200 GET http://10.180.1.21/compute/v2.1/servers/b752ac74-3a09-4f06-98c1-5ef08afa76d1 0.742s
2025-01-02 16:14:07.875 67551 INFO tempest.lib.common.rest_client [req-497d4ed9-1f52-4e90-9400-d322dd1bb4b6 req-497d4ed9-1f52-4e90-9400-d322dd1bb4b6 ] Request (AttachInterfacesV270Test:test_create_get_list_interfaces): 200 GET http://10.180.1.21/compute/v2.1/servers/0a9d1808-bed4-418d-9613-c1988ecc7560 0.754s
2025-01-02 16:14:07.929 67563 INFO tempest.lib.common.rest_client [req-ed96941b-a3ab-409c-9259-64203ab1198c req-ed96941b-a3ab-409c-9259-64203ab1198c ] Request (ServerDiskConfigTestJSON:test_rebuild_server_with_manual_disk_config): 200 GET http://10.180.1.21/compute/v2.1/servers/d8a8e3df-5351-4c4c-89d9-f2a2ef81bc64 0.752s
2025-01-02 16:14:07.981 67523 INFO tempest.lib.common.rest_client [req-3e7f1002-ca05-45a1-b9e2-db51777656f1 req-3e7f1002-ca05-45a1-b9e2-db51777656f1 ] Request (SecurityGroupsTestJSON:test_server_security_groups): 200 GET http://10.180.1.21/compute/v2.1/servers/9aca18a2-12cb-4ef1-97c7-a95b5745a0d8 0.759s
2025-01-02 16:14:08.433 67555 INFO tempest.lib.common.rest_client [req-b6f0fc19-4a98-4210-83ef-2402cebd1a52 req-b6f0fc19-4a98-4210-83ef-2402cebd1a52 ] Request (ServerActionsTestOtherB:test_create_backup): 200 GET http://10.180.1.21/image/v2/images/50e6c9e7-cd81-4f0b-b1fe-9b2390ddb3e5 0.817s
2025-01-02 16:14:08.460 67553 INFO tempest.lib.common.rest_client [req-cae062f4-bee6-4b31-a05e-52cda47310e8 req-cae062f4-bee6-4b31-a05e-52cda47310e8 ] Request (ImagesTestJSON:test_create_image_from_suspended_server): 200 GET http://10.180.1.21/compute/v2.1/images/55cbbab6-4adc-4aef-bd76-c16d7e99e3e9 1.211s
2025-01-02 16:14:08.601 67519 INFO tempest.lib.common.rest_client [req-a5fb4cfb-5168-47fb-9ae4-68beea17fee2 req-a5fb4cfb-5168-47fb-9ae4-68beea17fee2 ] Request (ServersWithSpecificFlavorTestJSON:test_verify_created_server_ephemeral_disk): 200 GET http://10.180.1.21/compute/v2.1/servers/1a021e57-522f-4fe1-a015-f2f7a529fdcc 1.170s
2025-01-02 16:14:08.650 67539 INFO tempest.lib.common.rest_client [req-04f1f506-39eb-455c-b0f1-0ecc419457b4 req-04f1f506-39eb-455c-b0f1-0ecc419457b4 ] Request (ServerActionsTestOtherA:test_rebuild_server_in_stop_state): 200 GET http://10.180.1.21/compute/v2.1/servers/5a735439-3c06-4c6a-9344-ae03bdd34c41 1.152s
2025-01-02 16:14:08.708 67531 INFO tempest.lib.common.rest_client [req-d9f623d9-8d9a-4025-84ae-802851bd0888 req-d9f623d9-8d9a-4025-84ae-802851bd0888 ] Request (InstanceActionsTestJSON:tearDownClass): 200 GET http://10.180.1.21/compute/v2.1/servers/d2a31f3f-ec90-45df-81ee-9587f848bd11 1.143s
2025-01-02 16:14:08.771 67547 INFO tempest.lib.common.rest_client [req-d65b789e-0904-4426-b999-391f67b8ddf3 req-d65b789e-0904-4426-b999-391f67b8ddf3 ] Request (VolumesAssistedSnapshotsTest:tearDownClass): 200 GET http://10.180.1.21/compute/v2.1/servers/80fcf873-50b3-4c5a-a5b5-e7515e66fb59 1.057s
2025-01-02 16:14:08.822 67537 WARNING tempest.lib.common.ssh [-] Failed to establish authenticated ssh connection to cirros@10.180.180.172 ([Errno None] Unable to connect to port 22 on 10.180.180.172). Number attempts: 3. Retry after 4 seconds.: paramiko.ssh_exception.NoValidConnectionsError: [Errno None] Unable to connect to port 22 on 10.180.180.172
2025-01-02 16:14:08.841 67513 INFO tempest.lib.common.rest_client [req-4adb52ae-3750-4d5c-be69-e41887c6571a req-4adb52ae-3750-4d5c-be69-e41887c6571a ] Request (ServersTestBootFromVolume:tearDownClass): 200 GET http://10.180.1.21/compute/v2.1/servers/eaa02240-7761-4c99-9d47-89b312fa298d 1.061s
2025-01-02 16:14:08.981 67567 INFO tempest.lib.common.rest_client [req-62702952-482d-47af-9590-b7a8c0880fe8 req-62702952-482d-47af-9590-b7a8c0880fe8 ] Request (ServerActionsTestJSON:test_lock_unlock_server): 200 GET http://10.180.1.21/compute/v2.1/servers/5df59502-1988-42f4-b006-3caf0ee1db2b 1.057s
2025-01-02 16:14:09.046 67557 INFO tempest.lib.common.rest_client [req-6e35e727-7fdd-49ab-af7f-e75650a8b196 req-6e35e727-7fdd-49ab-af7f-e75650a8b196 ] Request (ServerShowV247Test:tearDownClass): 200 GET http://10.180.1.21/compute/v2.1/servers/d84dc9ee-33f5-4c61-83fe-45d1b5843928 1.052s
2025-01-02 16:14:09.113 67541 INFO tempest.lib.common.rest_client [req-78a243da-059c-4ad9-971a-43ad884f91b6 req-78a243da-059c-4ad9-971a-43ad884f91b6 ] Request (ServersTestJSON:tearDownClass): 200 GET http://10.180.1.21/compute/v2.1/servers/330aa829-1075-45f0-ba31-e65f584d018a 1.050s
2025-01-02 16:14:09.199 67525 INFO tempest.lib.common.rest_client [req-b3217327-ae02-4d6c-9784-d48921f47be3 req-b3217327-ae02-4d6c-9784-d48921f47be3 ] Request (ImagesOneServerNegativeTestJSON:_run_cleanups): 200 GET http://10.180.1.21/compute/v2.1/servers/49633818-63e4-42da-b1f2-0b24c10106e7 1.033s
2025-01-02 16:14:09.281 67509 INFO tempest.lib.common.rest_client [req-c3656ee1-efc7-4f75-b9a8-5faab923b688 req-c3656ee1-efc7-4f75-b9a8-5faab923b688 ] Request (ServersAdmin275Test:tearDownClass): 200 GET http://10.180.1.21/compute/v2.1/servers/26e58564-2322-4da9-a5b5-ddb38804c12d 1.045s
2025-01-02 16:14:09.375 67549 INFO tempest.lib.common.rest_client [req-9a718acf-9c5d-4c76-8a82-4a4abd2de995 req-9a718acf-9c5d-4c76-8a82-4a4abd2de995 ] Request (ListImageFiltersTestJSON:tearDownClass): 200 GET http://10.180.1.21/compute/v2.1/servers/9ba644af-f7f8-4402-9794-48655b705e93 1.008s
2025-01-02 16:14:09.427 67553 INFO tempest.lib.common.rest_client [req-2fc68d21-740b-4e19-ade9-00d0f7019ecf req-2fc68d21-740b-4e19-ade9-00d0f7019ecf ] Request (ImagesTestJSON:test_create_image_from_suspended_server): 200 GET http://10.180.1.21/compute/v2.1/images/55cbbab6-4adc-4aef-bd76-c16d7e99e3e9 0.964s
2025-01-02 16:14:09.457 67553 INFO tempest.lib.common.rest_client [req-a7309a95-380d-4574-b707-97ce8fc28750 req-a7309a95-380d-4574-b707-97ce8fc28750 ] Request (ImagesTestJSON:test_create_image_from_suspended_server): 200 GET http://10.180.1.21/image/v2/images/55cbbab6-4adc-4aef-bd76-c16d7e99e3e9/tasks 0.027s
2025-01-02 16:14:09.468 67555 INFO tempest.lib.common.rest_client [req-6197f61c-1ec4-4ead-ace7-81650da82878 req-6197f61c-1ec4-4ead-ace7-81650da82878 ] Request (ServerActionsTestOtherB:test_create_backup): 200 GET http://10.180.1.21/image/v2/images/50e6c9e7-cd81-4f0b-b1fe-9b2390ddb3e5 0.032s
2025-01-02 16:14:09.565 67521 INFO tempest.lib.common.rest_client [req-3303d35d-126a-484d-be0a-53a6e417f2bd req-3303d35d-126a-484d-be0a-53a6e417f2bd ] Request (DeleteServersTestJSON:test_delete_server_while_in_attached_volume): 200 GET http://10.180.1.21/compute/v2.1/servers/7766e4d8-8f42-4b38-92e1-168f9c44af89 1.092s
2025-01-02 16:14:09.622 67529 INFO tempest.lib.common.rest_client [req-c1675c2d-22bb-41f4-b013-6db2dccb6aba req-c1675c2d-22bb-41f4-b013-6db2dccb6aba ] Request (ServersTestMultiNic:test_verify_duplicate_network_nics): 200 GET http://10.180.1.21/compute/v2.1/servers/724bd8e0-7481-4f39-a99e-232d339b2a67 1.088s
2025-01-02 16:14:09.740 67517 INFO tempest.lib.common.rest_client [req-80ead3bc-e30a-43e4-94d5-a4c3df8d2538 req-80ead3bc-e30a-43e4-94d5-a4c3df8d2538 ] Request (ServersAdminTestJSON:test_rebuild_server_in_error_state): 200 GET http://10.180.1.21/compute/v2.1/servers/20d0fbce-fec7-4b2d-aaa2-af09a6ffa287 1.095s
2025-01-02 16:14:09.782 67561 INFO tempest.lib.common.rest_client [req-4dade943-e4c7-4f4b-b9ad-073d92820bc4 req-4dade943-e4c7-4f4b-b9ad-073d92820bc4 ] Request (ServerRescueTestJSON:test_rescue_unrescue_instance): 200 GET http://10.180.1.21/compute/v2.1/servers/bae77b57-fd9c-4bea-ae8d-0e021f4259f5 1.086s
2025-01-02 16:14:09.902 67533 INFO tempest.lib.common.rest_client [req-30922b47-272c-4d25-b59a-a5a2fcaa18c4 req-30922b47-272c-4d25-b59a-a5a2fcaa18c4 ] Request (MigrationsAdminTest:test_resize_server_revert_deleted_flavor): 200 GET http://10.180.1.21/compute/v2.1/servers/b752ac74-3a09-4f06-98c1-5ef08afa76d1 1.084s
2025-01-02 16:14:10.050 67551 INFO tempest.lib.common.rest_client [req-8bd2602a-d8e2-45d8-8009-6d12736fbe71 req-8bd2602a-d8e2-45d8-8009-6d12736fbe71 ] Request (AttachInterfacesV270Test:test_create_get_list_interfaces): 200 GET http://10.180.1.21/compute/v2.1/servers/0a9d1808-bed4-418d-9613-c1988ecc7560 1.161s
2025-01-02 16:14:10.063 67551 INFO tempest.common.waiters [-] State transition "BUILD/None" ==> "BUILD/spawning" after 45 second wait
2025-01-02 16:14:10.117 67563 INFO tempest.lib.common.rest_client [req-ae323fae-4fc0-4ac9-930c-de2c2ceb661d req-ae323fae-4fc0-4ac9-930c-de2c2ceb661d ] Request (ServerDiskConfigTestJSON:test_rebuild_server_with_manual_disk_config): 200 GET http://10.180.1.21/compute/v2.1/servers/d8a8e3df-5351-4c4c-89d9-f2a2ef81bc64 1.180s
2025-01-02 16:14:10.187 67523 INFO tempest.lib.common.rest_client [req-3b01ee55-cab9-4b20-aa80-e65d354554d7 req-3b01ee55-cab9-4b20-aa80-e65d354554d7 ] Request (SecurityGroupsTestJSON:test_server_security_groups): 200 GET http://10.180.1.21/compute/v2.1/servers/9aca18a2-12cb-4ef1-97c7-a95b5745a0d8 1.198s
2025-01-02 16:14:10.339 67553 INFO tempest.lib.common.rest_client [req-963074a3-6c0e-4951-bcd3-d94018a86a0d req-963074a3-6c0e-4951-bcd3-d94018a86a0d ] Request (ImagesTestJSON:_run_cleanups): 204 DELETE http://10.180.1.21/compute/v2.1/images/55cbbab6-4adc-4aef-bd76-c16d7e99e3e9 0.881s
2025-01-02 16:14:10.458 67519 INFO tempest.lib.common.rest_client [req-4a71cce0-dabb-4b38-8ca2-ffbc8b32412d req-4a71cce0-dabb-4b38-8ca2-ffbc8b32412d ] Request (ServersWithSpecificFlavorTestJSON:test_verify_created_server_ephemeral_disk): 200 GET http://10.180.1.21/compute/v2.1/servers/1a021e57-522f-4fe1-a015-f2f7a529fdcc 0.850s
2025-01-02 16:14:10.464 67519 INFO tempest.common.waiters [-] State transition "BUILD/spawning" ==> "ACTIVE/None" after 51 second wait
2025-01-02 16:14:10.482 67555 INFO tempest.lib.common.rest_client [req-53ff3109-3dce-45d4-9c84-8b00e8ee81a3 req-53ff3109-3dce-45d4-9c84-8b00e8ee81a3 ] Request (ServerActionsTestOtherB:test_create_backup): 200 GET http://10.180.1.21/image/v2/images/50e6c9e7-cd81-4f0b-b1fe-9b2390ddb3e5 0.013s
2025-01-02 16:14:10.507 67539 INFO tempest.lib.common.rest_client [req-b66b8858-78cd-433d-892f-0f9bfc4f2314 req-b66b8858-78cd-433d-892f-0f9bfc4f2314 ] Request (ServerActionsTestOtherA:test_rebuild_server_in_stop_state): 200 GET http://10.180.1.21/compute/v2.1/servers/5a735439-3c06-4c6a-9344-ae03bdd34c41 0.848s
2025-01-02 16:14:10.563 67531 INFO tempest.lib.common.rest_client [req-c46d8ef2-8442-4759-85df-195c3d8e8ba0 req-c46d8ef2-8442-4759-85df-195c3d8e8ba0 ] Request (InstanceActionsTestJSON:tearDownClass): 200 GET http://10.180.1.21/compute/v2.1/servers/d2a31f3f-ec90-45df-81ee-9587f848bd11 0.847s
2025-01-02 16:14:10.623 67547 INFO tempest.lib.common.rest_client [req-f32d48d0-1297-4d8a-a7ef-912afa73aa55 req-f32d48d0-1297-4d8a-a7ef-912afa73aa55 ] Request (VolumesAssistedSnapshotsTest:tearDownClass): 200 GET http://10.180.1.21/compute/v2.1/servers/80fcf873-50b3-4c5a-a5b5-e7515e66fb59 0.844s
2025-01-02 16:14:10.682 67513 INFO tempest.lib.common.rest_client [req-d1c6c1d0-301b-45d3-8042-3316e90528ab req-d1c6c1d0-301b-45d3-8042-3316e90528ab ] Request (ServersTestBootFromVolume:tearDownClass): 200 GET http://10.180.1.21/compute/v2.1/servers/eaa02240-7761-4c99-9d47-89b312fa298d 0.834s
2025-01-02 16:14:10.812 67567 INFO tempest.lib.common.rest_client [req-05a4e52b-6989-453f-97f1-ddcdb5325964 req-05a4e52b-6989-453f-97f1-ddcdb5325964 ] Request (ServerActionsTestJSON:test_lock_unlock_server): 200 GET http://10.180.1.21/compute/v2.1/servers/5df59502-1988-42f4-b006-3caf0ee1db2b 0.823s
2025-01-02 16:14:10.819 67567 INFO tempest.common.waiters [-] State transition "SHUTOFF/powering-on" ==> "ACTIVE/None" after 5 second wait
2025-01-02 16:14:10.875 67557 INFO tempest.lib.common.rest_client [req-3ae4e9f7-378c-4b23-90a8-55d506807813 req-3ae4e9f7-378c-4b23-90a8-55d506807813 ] Request (ServerShowV247Test:tearDownClass): 200 GET http://10.180.1.21/compute/v2.1/servers/d84dc9ee-33f5-4c61-83fe-45d1b5843928 0.820s
2025-01-02 16:14:10.945 67541 INFO tempest.lib.common.rest_client [req-4151bd89-ddf8-4933-a158-78ff5d84e9a8 req-4151bd89-ddf8-4933-a158-78ff5d84e9a8 ] Request (ServersTestJSON:tearDownClass): 200 GET http://10.180.1.21/compute/v2.1/servers/330aa829-1075-45f0-ba31-e65f584d018a 0.820s
2025-01-02 16:14:11.004 67525 INFO tempest.lib.common.rest_client [req-ee527840-cbb7-44bd-8621-843a061b797c req-ee527840-cbb7-44bd-8621-843a061b797c ] Request (ImagesOneServerNegativeTestJSON:_run_cleanups): 200 GET http://10.180.1.21/compute/v2.1/servers/49633818-63e4-42da-b1f2-0b24c10106e7 0.796s
2025-01-02 16:14:11.068 67509 INFO tempest.lib.common.rest_client [req-7edd1a43-d7a7-4846-919b-a675219e81f4 req-7edd1a43-d7a7-4846-919b-a675219e81f4 ] Request (ServersAdmin275Test:tearDownClass): 200 GET http://10.180.1.21/compute/v2.1/servers/26e58564-2322-4da9-a5b5-ddb38804c12d 0.774s
2025-01-02 16:14:11.140 67553 INFO tempest.lib.common.rest_client [req-d7499bfb-b009-496d-9972-7bbbd6759557 req-d7499bfb-b009-496d-9972-7bbbd6759557 ] Request (ImagesTestJSON:_run_cleanups): 204 DELETE http://10.180.1.21/compute/v2.1/servers/4efe8e51-4f71-4bf1-910f-7ff505fb1047 0.800s
2025-01-02 16:14:11.201 67549 INFO tempest.lib.common.rest_client [req-94c14f0d-3940-46d6-9740-37f39671718f req-94c14f0d-3940-46d6-9740-37f39671718f ] Request (ListImageFiltersTestJSON:tearDownClass): 200 GET http://10.180.1.21/compute/v2.1/servers/9ba644af-f7f8-4402-9794-48655b705e93 0.816s
2025-01-02 16:14:11.207 67549 INFO tempest.common.waiters [-] State transition "ACTIVE/deleting" ==> "DELETED/None" after 4 second wait
2025-01-02 16:14:11.209 67553 INFO tempest.lib.common.rest_client [req-03c61d3b-e0a7-4caf-8946-0e7379395d58 req-03c61d3b-e0a7-4caf-8946-0e7379395d58 ] Request (ImagesTestJSON:test_create_server_from_snapshot): 201 POST http://10.180.1.21/identity/v3/auth/tokens 0.063s
2025-01-02 16:14:11.209 67553 INFO tempest.lib.common.fixed_network [-] (ImagesTestJSON:test_create_server_from_snapshot) Found network {'id': 'e311eb72-f1db-4e50-85f0-14ff761b45e8', 'name': 'tempest-ImagesTestJSON-603593223-network', 'tenant_id': '3ac0ab322f1a49baa6f02c8974402edc', 'admin_state_up': True, 'mtu': 8950, 'status': 'ACTIVE', 'subnets': [], 'shared': False, 'project_id': '3ac0ab322f1a49baa6f02c8974402edc', 'port_security_enabled': True, 'router:external': False, 'provider:network_type': 'vlan', 'provider:physical_network': 'default', 'provider:segmentation_id': 512, 'availability_zone_hints': [], 'availability_zones': [], 'ipv4_address_scope': None, 'ipv6_address_scope': None, 'description': '', 'tags': [], 'created_at': '2025-01-02T16:11:27Z', 'updated_at': '2025-01-02T16:11:27Z', 'revision_number': 1} available for tenant
2025-01-02 16:14:11.273 67519 INFO tempest.lib.common.rest_client [req-edfdfb52-0f37-4660-8c0f-97dc1003a326 req-edfdfb52-0f37-4660-8c0f-97dc1003a326 ] Request (ServersWithSpecificFlavorTestJSON:test_verify_created_server_ephemeral_disk): 200 GET http://10.180.1.21/compute/v2.1/servers/1a021e57-522f-4fe1-a015-f2f7a529fdcc/os-interface 0.808s
2025-01-02 16:14:11.484 67521 INFO tempest.lib.common.rest_client [req-02dfe71d-4d64-4903-8527-66e391463a9d req-02dfe71d-4d64-4903-8527-66e391463a9d ] Request (DeleteServersTestJSON:test_delete_server_while_in_attached_volume): 200 GET http://10.180.1.21/compute/v2.1/servers/7766e4d8-8f42-4b38-92e1-168f9c44af89 0.901s
2025-01-02 16:14:11.502 67555 INFO tempest.lib.common.rest_client [req-4d6ca4c4-63e8-4277-b884-299d258f66d4 req-4d6ca4c4-63e8-4277-b884-299d258f66d4 ] Request (ServerActionsTestOtherB:test_create_backup): 200 GET http://10.180.1.21/image/v2/images/50e6c9e7-cd81-4f0b-b1fe-9b2390ddb3e5 0.019s
2025-01-02 16:14:11.557 67529 INFO tempest.lib.common.rest_client [req-3fe24666-169c-4fdf-b677-1e80f0232ddf req-3fe24666-169c-4fdf-b677-1e80f0232ddf ] Request (ServersTestMultiNic:test_verify_duplicate_network_nics): 200 GET http://10.180.1.21/compute/v2.1/servers/724bd8e0-7481-4f39-a99e-232d339b2a67 0.928s
2025-01-02 16:14:11.705 67517 INFO tempest.lib.common.rest_client [req-d7177a6a-8b9c-47f5-b54a-74a4c7c83264 req-d7177a6a-8b9c-47f5-b54a-74a4c7c83264 ] Request (ServersAdminTestJSON:test_rebuild_server_in_error_state): 200 GET http://10.180.1.21/compute/v2.1/servers/20d0fbce-fec7-4b2d-aaa2-af09a6ffa287 0.954s
2025-01-02 16:14:11.780 67561 INFO tempest.lib.common.rest_client [req-dcf81699-396d-40ce-8943-429b702e36de req-dcf81699-396d-40ce-8943-429b702e36de ] Request (ServerRescueTestJSON:test_rescue_unrescue_instance): 200 GET http://10.180.1.21/compute/v2.1/servers/bae77b57-fd9c-4bea-ae8d-0e021f4259f5 0.991s
2025-01-02 16:14:11.923 67567 INFO tempest.lib.common.rest_client [req-7ac6cebc-7fed-4cc5-9877-1793ce2b774c req-7ac6cebc-7fed-4cc5-9877-1793ce2b774c ] Request (ServerActionsTestJSON:tearDown): 200 GET http://10.180.1.21/compute/v2.1/servers/5df59502-1988-42f4-b006-3caf0ee1db2b 1.104s
2025-01-02 16:14:11.925 67519 INFO tempest.lib.common.rest_client [req-51432212-80b9-43f2-aadd-f4ec6a69e9d8 req-51432212-80b9-43f2-aadd-f4ec6a69e9d8 ] Request (ServersWithSpecificFlavorTestJSON:test_verify_created_server_ephemeral_disk): 200 PUT http://10.180.1.21:9696/networking/v2.0/floatingips/d2211cb3-d9ba-4bca-9614-202d38a80252 0.650s
2025-01-02 16:14:11.985 67569 INFO tempest.lib.common.rest_client [req-e26c60d1-a592-4d3a-9442-d2f5215c07b6 req-e26c60d1-a592-4d3a-9442-d2f5215c07b6 ] Request (AttachInterfacesTestJSON:test_create_list_show_delete_interfaces_by_fixed_ip): 200 POST http://10.180.1.21/compute/v2.1/servers/b3e5ec90-5fdd-49db-bef5-196a1e6c0555/os-interface 9.195s
2025-01-02 16:14:12.100 67533 INFO tempest.lib.common.rest_client [req-e18dbd86-715b-479e-8d1c-da7ccafd70d6 req-e18dbd86-715b-479e-8d1c-da7ccafd70d6 ] Request (MigrationsAdminTest:test_resize_server_revert_deleted_flavor): 200 GET http://10.180.1.21/compute/v2.1/servers/b752ac74-3a09-4f06-98c1-5ef08afa76d1 1.188s
2025-01-02 16:14:12.186 67551 INFO tempest.lib.common.rest_client [req-a7167c3f-51ee-4cc0-8c23-35f7403e8e48 req-a7167c3f-51ee-4cc0-8c23-35f7403e8e48 ] Request (AttachInterfacesV270Test:test_create_get_list_interfaces): 200 GET http://10.180.1.21/compute/v2.1/servers/0a9d1808-bed4-418d-9613-c1988ecc7560 1.123s
2025-01-02 16:14:12.237 67523 INFO tempest.lib.common.rest_client [req-fa4a10f4-d477-4ccc-9fe9-ceb2dbb0fdfa req-fa4a10f4-d477-4ccc-9fe9-ceb2dbb0fdfa ] Request (SecurityGroupsTestJSON:test_server_security_groups): 200 GET http://10.180.1.21/compute/v2.1/servers/9aca18a2-12cb-4ef1-97c7-a95b5745a0d8 1.042s
2025-01-02 16:14:12.325 67563 INFO tempest.lib.common.rest_client [req-64cac19e-99f7-4e82-b6d1-3a6358f749e9 req-64cac19e-99f7-4e82-b6d1-3a6358f749e9 ] Request (ServerDiskConfigTestJSON:test_rebuild_server_with_manual_disk_config): 200 GET http://10.180.1.21/compute/v2.1/servers/d8a8e3df-5351-4c4c-89d9-f2a2ef81bc64 1.201s
2025-01-02 16:14:12.331 67563 INFO tempest.common.waiters [-] State transition "BUILD/None" ==> "BUILD/block_device_mapping" after 44 second wait
2025-01-02 16:14:12.407 67539 INFO tempest.lib.common.rest_client [req-a56d3485-deab-4faf-b731-ad3555edbd25 req-a56d3485-deab-4faf-b731-ad3555edbd25 ] Request (ServerActionsTestOtherA:test_rebuild_server_in_stop_state): 200 GET http://10.180.1.21/compute/v2.1/servers/5a735439-3c06-4c6a-9344-ae03bdd34c41 0.892s
2025-01-02 16:14:12.475 67531 INFO tempest.lib.common.rest_client [req-a18332a8-879d-417e-99e2-5c9538e60c90 req-a18332a8-879d-417e-99e2-5c9538e60c90 ] Request (InstanceActionsTestJSON:tearDownClass): 200 GET http://10.180.1.21/compute/v2.1/servers/d2a31f3f-ec90-45df-81ee-9587f848bd11 0.906s
2025-01-02 16:14:12.521 67555 INFO tempest.lib.common.rest_client [req-7009dc28-6d2f-486d-9889-d9bf52d187af req-7009dc28-6d2f-486d-9889-d9bf52d187af ] Request (ServerActionsTestOtherB:test_create_backup): 200 GET http://10.180.1.21/image/v2/images/50e6c9e7-cd81-4f0b-b1fe-9b2390ddb3e5 0.017s
2025-01-02 16:14:12.558 67547 INFO tempest.lib.common.rest_client [req-2e16bcd8-d134-4c69-92e1-b6343684b066 req-2e16bcd8-d134-4c69-92e1-b6343684b066 ] Request (VolumesAssistedSnapshotsTest:tearDownClass): 200 GET http://10.180.1.21/compute/v2.1/servers/80fcf873-50b3-4c5a-a5b5-e7515e66fb59 0.928s
2025-01-02 16:14:12.620 67553 INFO tempest.lib.common.rest_client [req-72b17914-a98b-4009-aa2f-87151a46786c req-72b17914-a98b-4009-aa2f-87151a46786c ] Request (ImagesTestJSON:test_create_server_from_snapshot): 202 POST http://10.180.1.21/compute/v2.1/servers 1.410s
2025-01-02 16:14:12.646 67513 INFO tempest.lib.common.rest_client [req-5af7013d-5865-475f-93e0-d5100ce1e2ea req-5af7013d-5865-475f-93e0-d5100ce1e2ea ] Request (ServersTestBootFromVolume:tearDownClass): 200 GET http://10.180.1.21/compute/v2.1/servers/eaa02240-7761-4c99-9d47-89b312fa298d 0.952s
2025-01-02 16:14:12.686 67557 INFO tempest.lib.common.rest_client [req-41e9f811-6ae5-4f81-86e1-1502afaced26 req-41e9f811-6ae5-4f81-86e1-1502afaced26 ] Request (ServerShowV247Test:tearDownClass): 200 GET http://10.180.1.21/compute/v2.1/servers/d84dc9ee-33f5-4c61-83fe-45d1b5843928 0.798s
2025-01-02 16:14:12.754 67519 INFO tempest.lib.common.rest_client [req-3cc8babd-c78d-4ac7-8556-63e0fc5b41ff req-3cc8babd-c78d-4ac7-8556-63e0fc5b41ff ] Request (ServersWithSpecificFlavorTestJSON:test_verify_created_server_ephemeral_disk): 200 GET http://10.180.1.21/compute/v2.1/servers/1a021e57-522f-4fe1-a015-f2f7a529fdcc 0.829s
2025-01-02 16:14:12.762 67519 INFO tempest.lib.common.ssh [-] Creating ssh connection to '10.180.180.146:22' as 'cirros' with public key authentication
2025-01-02 16:14:12.769 67567 INFO tempest.lib.common.rest_client [req-6e2a8db1-33df-4841-81cc-ffe6e9e36eec req-6e2a8db1-33df-4841-81cc-ffe6e9e36eec ] Request (ServerActionsTestJSON:_run_cleanups): 202 POST http://10.180.1.21/compute/v2.1/servers/5df59502-1988-42f4-b006-3caf0ee1db2b/action 0.839s
2025-01-02 16:14:12.820 67541 INFO tempest.lib.common.rest_client [req-c6362c6f-4ebe-4a32-a04b-29a81c0ab962 req-c6362c6f-4ebe-4a32-a04b-29a81c0ab962 ] Request (ServersTestJSON:tearDownClass): 200 GET http://10.180.1.21/compute/v2.1/servers/330aa829-1075-45f0-ba31-e65f584d018a 0.865s
2025-01-02 16:14:12.831 67569 INFO tempest.lib.common.rest_client [req-575fa050-9909-4d9e-813a-c3b0f0842284 req-575fa050-9909-4d9e-813a-c3b0f0842284 ] Request (AttachInterfacesTestJSON:test_create_list_show_delete_interfaces_by_fixed_ip): 200 GET http://10.180.1.21/compute/v2.1/servers/b3e5ec90-5fdd-49db-bef5-196a1e6c0555/os-interface/f630b207-8be8-4741-99be-9394e0e230a3 0.844s
2025-01-02 16:14:12.876 67525 INFO tempest.lib.common.rest_client [req-1e5da31a-b65c-47d0-a165-8bdfab7f6718 req-1e5da31a-b65c-47d0-a165-8bdfab7f6718 ] Request (ImagesOneServerNegativeTestJSON:_run_cleanups): 200 GET http://10.180.1.21/compute/v2.1/servers/49633818-63e4-42da-b1f2-0b24c10106e7 0.864s
2025-01-02 16:14:12.897 67509 INFO tempest.lib.common.rest_client [req-e0d9c576-a9b0-4b5d-a250-99a802a38710 req-e0d9c576-a9b0-4b5d-a250-99a802a38710 ] Request (ServersAdmin275Test:tearDownClass): 200 GET http://10.180.1.21/compute/v2.1/servers/26e58564-2322-4da9-a5b5-ddb38804c12d 0.820s
2025-01-02 16:14:12.947 67549 INFO tempest.lib.common.rest_client [req-310ff6a2-cd7e-4c88-a1cd-ec3d3ac20fbe req-310ff6a2-cd7e-4c88-a1cd-ec3d3ac20fbe ] Request (ListImageFiltersTestJSON:tearDownClass): 200 GET http://10.180.1.21/compute/v2.1/servers/9ba644af-f7f8-4402-9794-48655b705e93 0.740s
2025-01-02 16:14:13.013 67529 INFO tempest.lib.common.rest_client [req-babdb414-4f64-41ee-bb61-6defd8d8eca9 req-babdb414-4f64-41ee-bb61-6defd8d8eca9 ] Request (ServersTestMultiNic:test_verify_duplicate_network_nics): 200 GET http://10.180.1.21/compute/v2.1/servers/724bd8e0-7481-4f39-a99e-232d339b2a67 0.446s
2025-01-02 16:14:13.062 67553 INFO tempest.lib.common.rest_client [req-722eb63e-f697-4705-95a3-9a6936192bb1 req-722eb63e-f697-4705-95a3-9a6936192bb1 ] Request (ImagesTestJSON:test_create_server_from_snapshot): 200 GET http://10.180.1.21/compute/v2.1/servers/d428c087-f64d-48c1-9d12-d021e02b7a14 0.439s
2025-01-02 16:14:13.066 67521 INFO tempest.lib.common.rest_client [req-99a84c93-7198-43ea-921d-eb676436b46a req-99a84c93-7198-43ea-921d-eb676436b46a ] Request (DeleteServersTestJSON:test_delete_server_while_in_attached_volume): 200 GET http://10.180.1.21/compute/v2.1/servers/7766e4d8-8f42-4b38-92e1-168f9c44af89 0.572s
2025-01-02 16:14:13.234 67517 INFO tempest.lib.common.rest_client [req-a0b6dd5b-8a49-4bdb-85ed-1f7d76e08c04 req-a0b6dd5b-8a49-4bdb-85ed-1f7d76e08c04 ] Request (ServersAdminTestJSON:test_rebuild_server_in_error_state): 200 GET http://10.180.1.21/compute/v2.1/servers/20d0fbce-fec7-4b2d-aaa2-af09a6ffa287 0.514s
2025-01-02 16:14:13.288 67561 INFO tempest.lib.common.rest_client [req-ac5e25b8-3fed-4b11-a7bc-7c9af7566eb5 req-ac5e25b8-3fed-4b11-a7bc-7c9af7566eb5 ] Request (ServerRescueTestJSON:test_rescue_unrescue_instance): 200 GET http://10.180.1.21/compute/v2.1/servers/bae77b57-fd9c-4bea-ae8d-0e021f4259f5 0.501s
2025-01-02 16:14:13.290 67567 INFO tempest.lib.common.rest_client [req-6b09930a-c13a-40cf-9de8-79bb5d067d6d req-6b09930a-c13a-40cf-9de8-79bb5d067d6d ] Request (ServerActionsTestJSON:setUp): 200 GET http://10.180.1.21/compute/v2.1/servers/5df59502-1988-42f4-b006-3caf0ee1db2b 0.520s
2025-01-02 16:14:13.410 67569 INFO tempest.lib.common.rest_client [req-f3fb83b6-925d-4285-9905-255a2e9cd97a req-f3fb83b6-925d-4285-9905-255a2e9cd97a ] Request (AttachInterfacesTestJSON:test_create_list_show_delete_interfaces_by_fixed_ip): 200 GET http://10.180.1.21/compute/v2.1/servers/b3e5ec90-5fdd-49db-bef5-196a1e6c0555/os-interface 0.577s
2025-01-02 16:14:13.457 67533 INFO tempest.lib.common.rest_client [req-0d6b3dd8-d323-445a-9472-fb70e8385c53 req-0d6b3dd8-d323-445a-9472-fb70e8385c53 ] Request (MigrationsAdminTest:test_resize_server_revert_deleted_flavor): 200 GET http://10.180.1.21/compute/v2.1/servers/b752ac74-3a09-4f06-98c1-5ef08afa76d1 0.346s
2025-01-02 16:14:13.510 67523 INFO tempest.lib.common.rest_client [req-6b846240-8f86-400b-b522-35713294097a req-6b846240-8f86-400b-b522-35713294097a ] Request (SecurityGroupsTestJSON:test_server_security_groups): 200 GET http://10.180.1.21/compute/v2.1/servers/9aca18a2-12cb-4ef1-97c7-a95b5745a0d8 0.262s
