2025-01-02 16:11:05.433 67529 INFO tempest.lib.common.dynamic_creds [-] Acquired dynamic creds: credentials: Credentials: {'domain_id': 'default', 'domain_name': 'Default', 'username': 'tempest-FloatingIPsAssociationTestJSON-1786642055-project-member', 'project_domain_id': 'default', 'project_domain_name': 'Default', 'project_id': 'bda593a43ae74a03bb24a9b7eb1e793f', 'project_name': 'tempest-FloatingIPsAssociationTestJSON-1786642055', 'tenant_id': 'bda593a43ae74a03bb24a9b7eb1e793f', 'tenant_name': 'tempest-FloatingIPsAssociationTestJSON-1786642055', 'user_domain_id': 'default', 'user_domain_name': 'Default', 'user_id': 'a1dfaef9448e4942bd28ee9907850a7e', 'system': None}, Network: None, Subnet: None, Router: None
2025-01-02 16:11:05.445 67517 INFO tempest.lib.common.rest_client [req-d20dc56c-09c9-420b-b460-5fb11ee3a04c req-d20dc56c-09c9-420b-b460-5fb11ee3a04c ] Request (HypervisorAdminTestJSON:tearDownClass): 204 DELETE http://10.180.1.21/identity/v3/projects/9fec9c6c53714be39952049ee35bab7a 0.288s
2025-01-02 16:11:05.445 67517 INFO tempest.lib.common.dynamic_creds [-] Deleting project and security group for project: 156a013d45fe403498718b108a1e3548
2025-01-02 16:11:05.483 67537 INFO tempest.lib.common.rest_client [req-6f350cf8-db22-45d0-9124-ad378a9b7250 req-6f350cf8-db22-45d0-9124-ad378a9b7250 ] Request (NetworksTest:setUpClass): 200 GET http://10.180.1.21/identity/v3/roles 0.260s
2025-01-02 16:11:05.527 67569 INFO tempest.lib.common.rest_client [req-2ff8e199-67e6-4498-8f94-d502ebc272a5 req-2ff8e199-67e6-4498-8f94-d502ebc272a5 ] Request (InstanceUsageAuditLogNegativeTestJSON:tearDownClass): 204 DELETE http://10.180.1.21/identity/v3/users/193885a77fe743d4baae1f4d85021b11 0.171s
2025-01-02 16:11:05.528 67569 INFO tempest.lib.common.dynamic_creds [-] Deleting project and security group for project: 16606b1d50c143aa962a955a307f2001
2025-01-02 16:11:05.533 67517 INFO tempest.lib.common.rest_client [req-38e014b0-6833-4413-967c-1414338882cd req-38e014b0-6833-4413-967c-1414338882cd ] Request (HypervisorAdminTestJSON:tearDownClass): 200 GET http://10.180.1.21:9696/networking/v2.0/security-groups?tenant_id=156a013d45fe403498718b108a1e3548&name=default 0.087s
2025-01-02 16:11:05.539 67557 INFO tempest.lib.common.rest_client [req-0169511d-fbda-472f-9314-869ede98adb2 req-0169511d-fbda-472f-9314-869ede98adb2 ] Request (HypervisorAdminV253TestBase:tearDownClass): 204 DELETE http://10.180.1.21:9696/networking/v2.0/security-groups/43a90782-a0f4-42c1-ae58-677013e61ab2 0.194s
2025-01-02 16:11:05.610 67545 INFO tempest.lib.common.rest_client [req-ce5952f4-8c83-4f99-b8fc-e94334a521e1 req-ce5952f4-8c83-4f99-b8fc-e94334a521e1 ] Request (HypervisorAdminV228Test:tearDownClass): 204 DELETE http://10.180.1.21/identity/v3/projects/f99f03a82375473d820bc6ed779664ac 0.193s
2025-01-02 16:11:05.611 67545 INFO tempest.test [-] raised in LiveMigrationNegativeTest.setUpClass. Invoking tearDownClass.
2025-01-02 16:11:05.618 67517 INFO tempest.lib.common.rest_client [req-04205717-97c2-4127-92df-356afade703e req-04205717-97c2-4127-92df-356afade703e ] Request (HypervisorAdminTestJSON:tearDownClass): 204 DELETE http://10.180.1.21:9696/networking/v2.0/security-groups/b6594225-c1ba-4ba7-8e29-4c2c5874db70 0.085s
2025-01-02 16:11:05.632 67513 INFO tempest.lib.common.rest_client [req-8d8a4b60-b10a-44b1-9bbf-63b12dca167c req-8d8a4b60-b10a-44b1-9bbf-63b12dca167c ] Request (HypervisorAdminNegativeTestJSON:test_get_hypervisor_uptime_with_non_admin_user): 200 GET http://10.180.1.21/compute/v2.1/os-hypervisors 2.058s
2025-01-02 16:11:05.647 67567 INFO tempest.lib.common.rest_client [req-46de4655-3001-4332-969b-6cd19c9ff45b req-46de4655-3001-4332-969b-6cd19c9ff45b ] Request (QuotaClassesAdmin257Test:test_update_default_quotas): 200 GET http://10.180.1.21/compute/v2.1/os-quota-class-sets/default 2.008s
2025-01-02 16:11:05.650 67529 INFO tempest.lib.common.rest_client [req-e63cc39c-a6c6-4ec9-b001-69a4d549df18 req-e63cc39c-a6c6-4ec9-b001-69a4d549df18 ] Request (FloatingIPsAssociationTestJSON:setUpClass): 201 POST http://10.180.1.21/identity/v3/auth/tokens 0.217s
2025-01-02 16:11:05.683 67537 INFO tempest.lib.common.rest_client [req-cd77669d-de53-4636-b7fe-0ee7ced576df req-cd77669d-de53-4636-b7fe-0ee7ced576df ] Request (NetworksTest:setUpClass): 204 PUT http://10.180.1.21/identity/v3/projects/a30de8b3b7344952a1f10eb35404f5b8/users/b02b0bffc6bd4114a224ae08d2d60ab0/roles/36a2746edbf44d0aa06fa5a08396b8c2 0.200s
2025-01-02 16:11:05.683 67537 INFO tempest.lib.common.dynamic_creds [-] Dynamic test user b02b0bffc6bd4114a224ae08d2d60ab0 is created with scope project and roles: ['member']
2025-01-02 16:11:05.684 67537 INFO tempest.lib.common.dynamic_creds [-] Acquired dynamic creds: credentials: Credentials: {'domain_id': 'default', 'domain_name': 'Default', 'username': 'tempest-NetworksTest-1000584890-project-member', 'project_domain_id': 'default', 'project_domain_name': 'Default', 'project_id': 'a30de8b3b7344952a1f10eb35404f5b8', 'project_name': 'tempest-NetworksTest-1000584890', 'tenant_id': 'a30de8b3b7344952a1f10eb35404f5b8', 'tenant_name': 'tempest-NetworksTest-1000584890', 'user_domain_id': 'default', 'user_domain_name': 'Default', 'user_id': 'b02b0bffc6bd4114a224ae08d2d60ab0', 'system': None}, Network: None, Subnet: None, Router: None
2025-01-02 16:11:05.684 67537 INFO tempest.lib.common.dynamic_creds [-] Created isolated network resources for: credentials: Credentials: {'domain_id': 'default', 'domain_name': 'Default', 'username': 'tempest-NetworksTest-1000584890-project-member', 'project_domain_id': 'default', 'project_domain_name': 'Default', 'project_id': 'a30de8b3b7344952a1f10eb35404f5b8', 'project_name': 'tempest-NetworksTest-1000584890', 'tenant_id': 'a30de8b3b7344952a1f10eb35404f5b8', 'tenant_name': 'tempest-NetworksTest-1000584890', 'user_domain_id': 'default', 'user_domain_name': 'Default', 'user_id': 'b02b0bffc6bd4114a224ae08d2d60ab0', 'system': None}, Network: None, Subnet: None, Router: None
2025-01-02 16:11:05.716 67569 INFO tempest.lib.common.rest_client [req-02126b62-730c-401f-89f1-dfc96f87f483 req-02126b62-730c-401f-89f1-dfc96f87f483 ] Request (InstanceUsageAuditLogNegativeTestJSON:tearDownClass): 201 POST http://10.180.1.21/identity/v3/auth/tokens 0.188s
2025-01-02 16:11:05.764 67557 INFO tempest.lib.common.rest_client [req-13f21ded-0c9b-4124-9bf3-8e54a753bda2 req-13f21ded-0c9b-4124-9bf3-8e54a753bda2 ] Request (HypervisorAdminV253TestBase:tearDownClass): 204 DELETE http://10.180.1.21/identity/v3/projects/076f2b1035c8413e96e1c5648608f7cc 0.224s
2025-01-02 16:11:05.764 67557 INFO tempest.lib.common.dynamic_creds [-] Deleting project and security group for project: ed1663b0b94641f7965a066bfe96ea37
2025-01-02 16:11:05.766 67517 INFO tempest.lib.common.rest_client [req-fcb27b3f-3b01-4410-b8df-adbc375032fe req-fcb27b3f-3b01-4410-b8df-adbc375032fe ] Request (HypervisorAdminTestJSON:tearDownClass): 204 DELETE http://10.180.1.21/identity/v3/projects/156a013d45fe403498718b108a1e3548 0.147s
2025-01-02 16:11:05.820 67545 INFO tempest.lib.common.rest_client [req-1eb6c765-4701-4c11-b64b-97fb6f8911be req-1eb6c765-4701-4c11-b64b-97fb6f8911be ] Request (ImagesDeleteNegativeTestJSON:setUpClass): 201 POST http://10.180.1.21/identity/v3/auth/tokens 0.200s
2025-01-02 16:11:05.878 67557 INFO tempest.lib.common.rest_client [req-a1a697c2-b81b-4d9c-ac0a-fddd961ebe43 req-a1a697c2-b81b-4d9c-ac0a-fddd961ebe43 ] Request (HypervisorAdminV253TestBase:tearDownClass): 200 GET http://10.180.1.21:9696/networking/v2.0/security-groups?tenant_id=ed1663b0b94641f7965a066bfe96ea37&name=default 0.113s
2025-01-02 16:11:05.926 67537 INFO tempest.lib.common.rest_client [req-7e0790f5-225d-4fe4-a313-525477b2cb73 req-7e0790f5-225d-4fe4-a313-525477b2cb73 ] Request (NetworksTest:setUpClass): 201 POST http://10.180.1.21/identity/v3/auth/tokens 0.237s
2025-01-02 16:11:05.962 67517 INFO tempest.lib.common.rest_client [req-33c07b86-8629-48d6-93f0-244fc17b5d9b req-33c07b86-8629-48d6-93f0-244fc17b5d9b ] Request (ServersAdminTestJSON:setUpClass): 201 POST http://10.180.1.21/identity/v3/auth/tokens 0.193s
2025-01-02 16:11:05.994 67545 INFO tempest.lib.common.rest_client [req-d3bcce67-076b-4506-9edf-896ecf02d46e req-d3bcce67-076b-4506-9edf-896ecf02d46e ] Request (ImagesDeleteNegativeTestJSON:setUpClass): 201 POST http://10.180.1.21/identity/v3/auth/tokens 0.172s
2025-01-02 16:11:06.004 67561 INFO tempest.lib.common.rest_client [req-9912ed28-58cc-42ca-8c48-beb3888cdbd1 req-9912ed28-58cc-42ca-8c48-beb3888cdbd1 ] Request (AggregatesAdminNegativeTestJSON:test_aggregate_add_existent_host): 200 POST http://10.180.1.21/compute/v2.1/os-aggregates/1/action 2.453s
2025-01-02 16:11:06.032 67537 INFO tempest.lib.common.rest_client [req-be2066fc-e75e-4229-a207-5bf3ddfca211 req-be2066fc-e75e-4229-a207-5bf3ddfca211 ] Request (NetworksTest:setUpClass): 201 POST http://10.180.1.21/identity/v3/projects 0.104s
2025-01-02 16:11:06.040 67535 INFO tempest.lib.common.rest_client [req-11241949-957d-44f1-851f-f2d6ca950797 req-11241949-957d-44f1-851f-f2d6ca950797 ] Request (FlavorsV261TestJSON:test_crud_flavor): 200 GET http://10.180.1.21/compute/v2.1/flavors/detail 2.036s
2025-01-02 16:11:06.056 67557 INFO tempest.lib.common.rest_client [req-f2454e1b-019b-4090-9875-196c473b0023 req-f2454e1b-019b-4090-9875-196c473b0023 ] Request (HypervisorAdminV253TestBase:tearDownClass): 204 DELETE http://10.180.1.21:9696/networking/v2.0/security-groups/1d3228fd-6e20-4e7f-8bd5-a50102cd72fa 0.177s
2025-01-02 16:11:06.066 67533 INFO tempest.lib.common.rest_client [req-a7dcae63-9cf0-48d8-ab4a-b6e6b7e5e38e req-a7dcae63-9cf0-48d8-ab4a-b6e6b7e5e38e ] Request (FlavorsAccessTestJSON:test_flavor_access_add_remove): 200 POST http://10.180.1.21/compute/v2.1/flavors/1378849457/action 2.093s
2025-01-02 16:11:06.108 67517 INFO tempest.lib.common.rest_client [req-d51ab523-83ac-4998-b294-75cfa2ad4a59 req-d51ab523-83ac-4998-b294-75cfa2ad4a59 ] Request (ServersAdminTestJSON:setUpClass): 201 POST http://10.180.1.21/identity/v3/auth/tokens 0.143s
2025-01-02 16:11:06.108 67569 INFO tempest.lib.common.rest_client [req-3da527ab-3a18-4f6a-a4a2-70b3062937b8 req-3da527ab-3a18-4f6a-a4a2-70b3062937b8 ] Request (InstanceUsageAuditLogNegativeTestJSON:tearDownClass): 200 GET http://10.180.1.21:9696/networking/v2.0/security-groups?tenant_id=16606b1d50c143aa962a955a307f2001&name=default 0.391s
2025-01-02 16:11:06.128 67545 INFO tempest.lib.common.rest_client [req-35782b80-c9ba-40db-b98c-60a7de8e9c66 req-35782b80-c9ba-40db-b98c-60a7de8e9c66 ] Request (ImagesDeleteNegativeTestJSON:setUpClass): 200 GET http://10.180.1.21/identity/v3/domains?name=Default 0.133s
2025-01-02 16:11:06.144 67529 INFO tempest.lib.common.rest_client [req-c90e57e3-e53b-4929-b479-5c54ea48034b req-c90e57e3-e53b-4929-b479-5c54ea48034b ] Request (FloatingIPsAssociationTestJSON:setUpClass): 201 POST http://10.180.1.21:9696/networking/v2.0/networks 0.493s
2025-01-02 16:11:06.144 67531 INFO tempest.lib.common.rest_client [req-b394931c-ad30-443b-b279-f03d31fb51d3 req-b394931c-ad30-443b-b279-f03d31fb51d3 ] Request (ServerExternalEventsTest:test_create_server_external_events): 200 GET http://10.180.1.21/compute/v2.1/servers/be575c77-01c9-4cdd-b310-5022e712a449 1.957s
2025-01-02 16:11:06.157 67537 INFO tempest.lib.common.rest_client [req-209b784e-4421-4132-9e4f-1a1c2894c397 req-209b784e-4421-4132-9e4f-1a1c2894c397 ] Request (NetworksTest:setUpClass): 201 POST http://10.180.1.21/identity/v3/users 0.124s
2025-01-02 16:11:06.165 67547 INFO tempest.lib.common.rest_client [req-20a83d6b-8580-4729-9988-ee9cbc189660 req-20a83d6b-8580-4729-9988-ee9cbc189660 ] Request (VolumesAssistedSnapshotsTest:setUpClass): 201 POST http://10.180.1.21:9696/networking/v2.0/routers 1.451s
2025-01-02 16:11:06.170 67515 INFO tempest.lib.common.rest_client [req-64f369c2-6fd4-4caa-a0b8-f6462afb6da0 req-64f369c2-6fd4-4caa-a0b8-f6462afb6da0 ] Request (FlavorsExtraSpecsNegativeTestJSON:test_flavor_non_admin_unset_keys): 200 POST http://10.180.1.21/compute/v2.1/flavors/1572727941/os-extra_specs 1.976s
2025-01-02 16:11:06.207 67517 INFO tempest.lib.common.rest_client [req-dfe26725-87ed-466f-b4f0-814cfb6afafd req-dfe26725-87ed-466f-b4f0-814cfb6afafd ] Request (ServersAdminTestJSON:setUpClass): 200 GET http://10.180.1.21/identity/v3/domains?name=Default 0.099s
2025-01-02 16:11:06.218 67543 INFO tempest.lib.common.rest_client [req-42397999-ede2-4577-aa38-86ea92ae1df6 req-42397999-ede2-4577-aa38-86ea92ae1df6 ] Request (SecurityGroupsNegativeTestJSON:test_delete_nonexistent_security_group): 404 DELETE http://10.180.1.21/compute/v2.1/os-security-groups/25e56181-5f2e-44f0-bd60-a23aa65e88c8 2.064s
2025-01-02 16:11:06.222 67557 INFO tempest.lib.common.rest_client [req-8209b02f-fd55-49cf-876a-b44e368a11eb req-8209b02f-fd55-49cf-876a-b44e368a11eb ] Request (HypervisorAdminV253TestBase:tearDownClass): 204 DELETE http://10.180.1.21/identity/v3/projects/ed1663b0b94641f7965a066bfe96ea37 0.166s
2025-01-02 16:11:06.246 67563 INFO tempest.lib.common.rest_client [req-826541ea-0bcb-4c91-9380-cbc7c439e84c req-826541ea-0bcb-4c91-9380-cbc7c439e84c ] Request (FlavorsAdminTestJSON:test_create_flavor_verify_entry_in_list_details): 200 POST http://10.180.1.21/compute/v2.1/flavors 1.759s
2025-01-02 16:11:06.262 67569 INFO tempest.lib.common.rest_client [req-43b32a11-8771-41e4-9978-0933077a213d req-43b32a11-8771-41e4-9978-0933077a213d ] Request (InstanceUsageAuditLogNegativeTestJSON:tearDownClass): 204 DELETE http://10.180.1.21:9696/networking/v2.0/security-groups/ea6fd6bb-3bf2-45cd-8d37-d68cfbf93091 0.153s
2025-01-02 16:11:06.304 67551 INFO tempest.lib.common.rest_client [req-ac5960ec-a191-4d08-8bea-b80a7bcdbdf8 req-ac5960ec-a191-4d08-8bea-b80a7bcdbdf8 ] Request (DeleteServersAdminTestJSON:test_admin_delete_servers_of_others): 200 GET http://10.180.1.21/compute/v2.1/servers/6b9550c2-9857-4cba-8107-d56df08b240d 1.631s
2025-01-02 16:11:06.307 67545 INFO tempest.lib.common.rest_client [req-109dacaf-a5cd-4927-b807-75e66224fceb req-109dacaf-a5cd-4927-b807-75e66224fceb ] Request (ImagesDeleteNegativeTestJSON:setUpClass): 201 POST http://10.180.1.21/identity/v3/projects 0.179s
2025-01-02 16:11:06.371 67537 INFO tempest.lib.common.rest_client [req-40d50d51-0827-48e7-8cf2-3278ff5f0529 req-40d50d51-0827-48e7-8cf2-3278ff5f0529 ] Request (NetworksTest:setUpClass): 200 GET http://10.180.1.21/identity/v3/roles 0.213s
2025-01-02 16:11:06.373 67559 INFO tempest.lib.common.rest_client [req-2861389c-5527-439a-99f1-d688ee00e43f req-2861389c-5527-439a-99f1-d688ee00e43f ] Request (AttachInterfacesUnderV243Test:test_add_remove_fixed_ip): 200 GET http://10.180.1.21/compute/v2.1/servers/f75180cd-28fc-4489-84a5-0009f43fbe92 1.654s
2025-01-02 16:11:06.411 67517 INFO tempest.lib.common.rest_client [req-78d54230-b384-49c5-bf96-4801bd52d367 req-78d54230-b384-49c5-bf96-4801bd52d367 ] Request (ServersAdminTestJSON:setUpClass): 201 POST http://10.180.1.21/identity/v3/projects 0.203s
2025-01-02 16:11:06.415 67529 INFO tempest.lib.common.rest_client [req-2d263b62-9cd5-4b62-a19e-c6f1cc6c4753 req-2d263b62-9cd5-4b62-a19e-c6f1cc6c4753 ] Request (FloatingIPsAssociationTestJSON:setUpClass): 201 POST http://10.180.1.21:9696/networking/v2.0/subnets 0.271s
2025-01-02 16:11:06.430 67519 INFO tempest.lib.common.rest_client [req-a006011b-1f52-400f-ad8d-34eebe9300fe req-a006011b-1f52-400f-ad8d-34eebe9300fe ] Request (ServersWithSpecificFlavorTestJSON:test_verify_created_server_ephemeral_disk): 200 POST http://10.180.1.21/compute/v2.1/flavors 1.975s
2025-01-02 16:11:06.446 67525 INFO tempest.lib.common.rest_client [req-2f567500-e821-4ac8-b986-9d32f6bb8368 req-2f567500-e821-4ac8-b986-9d32f6bb8368 ] Request (HostsAdminNegativeTestJSON:test_reboot_nonexistent_host): 404 GET http://10.180.1.21/compute/v2.1/os-hosts/nonexistent_hostname/reboot 1.708s
2025-01-02 16:11:06.463 67557 INFO tempest.lib.common.rest_client [req-8563f0ba-5ccb-4933-a87a-8e1ce5ead4f0 req-8563f0ba-5ccb-4933-a87a-8e1ce5ead4f0 ] Request (ServicesAdminNegativeTestJSON:setUpClass): 201 POST http://10.180.1.21/identity/v3/auth/tokens 0.239s
2025-01-02 16:11:06.484 67539 INFO tempest.lib.common.rest_client [req-1d675768-0e62-4322-b81e-7425398018f8 req-1d675768-0e62-4322-b81e-7425398018f8 ] Request (KeyPairsV210TestJSON:test_admin_manage_keypairs_for_other_users): 201 POST http://10.180.1.21/compute/v2.1/os-keypairs 1.723s
2025-01-02 16:11:06.486 67545 INFO tempest.lib.common.rest_client [req-b316e8d8-dace-44c2-8199-8d344a489c9d req-b316e8d8-dace-44c2-8199-8d344a489c9d ] Request (ImagesDeleteNegativeTestJSON:setUpClass): 201 POST http://10.180.1.21/identity/v3/users 0.178s
2025-01-02 16:11:06.515 67569 INFO tempest.lib.common.rest_client [req-9f928388-6eb2-446d-8316-3960567b5b0f req-9f928388-6eb2-446d-8316-3960567b5b0f ] Request (InstanceUsageAuditLogNegativeTestJSON:tearDownClass): 204 DELETE http://10.180.1.21/identity/v3/projects/16606b1d50c143aa962a955a307f2001 0.252s
2025-01-02 16:11:06.515 67569 INFO tempest.lib.common.dynamic_creds [-] Deleting project and security group for project: dce6c52bcaf34c98822146dfc3f163bb
2025-01-02 16:11:06.548 67537 INFO tempest.lib.common.rest_client [req-1602cf17-6999-484d-af08-e92d853a1e53 req-1602cf17-6999-484d-af08-e92d853a1e53 ] Request (NetworksTest:setUpClass): 204 PUT http://10.180.1.21/identity/v3/projects/bb31023f09c94463b15bc618bd379dc8/users/451cea5b8af54217b3bdd611992b6058/roles/7f59e5450e0f42d582a15dd359724845 0.176s
2025-01-02 16:11:06.600 67557 INFO tempest.lib.common.rest_client [req-b39a81fe-026f-4e59-8bc6-09e122428095 req-b39a81fe-026f-4e59-8bc6-09e122428095 ] Request (ServicesAdminNegativeTestJSON:setUpClass): 201 POST http://10.180.1.21/identity/v3/auth/tokens 0.134s
2025-01-02 16:11:06.613 67569 INFO tempest.lib.common.rest_client [req-2973571f-7250-41f8-b592-0b567bcfad35 req-2973571f-7250-41f8-b592-0b567bcfad35 ] Request (InstanceUsageAuditLogNegativeTestJSON:tearDownClass): 200 GET http://10.180.1.21:9696/networking/v2.0/security-groups?tenant_id=dce6c52bcaf34c98822146dfc3f163bb&name=default 0.098s
2025-01-02 16:11:06.614 67517 INFO tempest.lib.common.rest_client [req-2052bd85-8012-4723-8352-7526d3fb8df4 req-2052bd85-8012-4723-8352-7526d3fb8df4 ] Request (ServersAdminTestJSON:setUpClass): 201 POST http://10.180.1.21/identity/v3/users 0.202s
2025-01-02 16:11:06.624 67545 INFO tempest.lib.common.rest_client [req-8dec878c-51c7-4037-b9ba-d1c5339ab812 req-8dec878c-51c7-4037-b9ba-d1c5339ab812 ] Request (ImagesDeleteNegativeTestJSON:setUpClass): 200 GET http://10.180.1.21/identity/v3/roles 0.137s
2025-01-02 16:11:06.642 67541 INFO tempest.lib.common.rest_client [req-30f8ddc0-33c8-44a8-9366-9ba8fc5451cf req-30f8ddc0-33c8-44a8-9366-9ba8fc5451cf ] Request (ImagesMetadataTestJSON:test_delete_image_metadata_item): 204 DELETE http://10.180.1.21/compute/v2.1/images/9d0f286e-2594-4065-814a-2a0f741fbd05/metadata/os_version 1.768s
2025-01-02 16:11:06.649 67537 INFO tempest.lib.common.rest_client [req-287bc1c0-d024-4384-b2b3-1ec51ed2a506 req-287bc1c0-d024-4384-b2b3-1ec51ed2a506 ] Request (NetworksTest:setUpClass): 200 GET http://10.180.1.21/identity/v3/roles 0.101s
2025-01-02 16:11:06.678 67557 INFO tempest.lib.common.rest_client [req-e804c3ab-2676-4910-ab8b-d9c29ae9e936 req-e804c3ab-2676-4910-ab8b-d9c29ae9e936 ] Request (ServicesAdminNegativeTestJSON:setUpClass): 200 GET http://10.180.1.21/identity/v3/domains?name=Default 0.077s
2025-01-02 16:11:06.693 67517 INFO tempest.lib.common.rest_client [req-1e5095a2-2ac8-4da9-9875-a77fbedb2902 req-1e5095a2-2ac8-4da9-9875-a77fbedb2902 ] Request (ServersAdminTestJSON:setUpClass): 200 GET http://10.180.1.21/identity/v3/roles 0.079s
2025-01-02 16:11:06.701 67569 INFO tempest.lib.common.rest_client [req-8b2168fe-f928-4682-9a25-65567661f78c req-8b2168fe-f928-4682-9a25-65567661f78c ] Request (InstanceUsageAuditLogNegativeTestJSON:tearDownClass): 204 DELETE http://10.180.1.21:9696/networking/v2.0/security-groups/38fea239-772e-41a8-a001-7d48ed81d438 0.087s
2025-01-02 16:11:06.717 67545 INFO tempest.lib.common.rest_client [req-63df4655-4128-4c32-9bd7-173f5f989840 req-63df4655-4128-4c32-9bd7-173f5f989840 ] Request (ImagesDeleteNegativeTestJSON:setUpClass): 204 PUT http://10.180.1.21/identity/v3/projects/9998b79d086d4ffb88d56007b44de783/users/97009dc2e53246579f439d709ff623f3/roles/36a2746edbf44d0aa06fa5a08396b8c2 0.092s
2025-01-02 16:11:06.717 67545 INFO tempest.lib.common.dynamic_creds [-] Dynamic test user 97009dc2e53246579f439d709ff623f3 is created with scope project and roles: ['member']
2025-01-02 16:11:06.717 67545 INFO tempest.lib.common.dynamic_creds [-] Acquired dynamic creds: credentials: Credentials: {'domain_id': 'default', 'domain_name': 'Default', 'username': 'tempest-ImagesDeleteNegativeTestJSON-893534683-project-member', 'project_domain_id': 'default', 'project_domain_name': 'Default', 'project_id': '9998b79d086d4ffb88d56007b44de783', 'project_name': 'tempest-ImagesDeleteNegativeTestJSON-893534683', 'tenant_id': '9998b79d086d4ffb88d56007b44de783', 'tenant_name': 'tempest-ImagesDeleteNegativeTestJSON-893534683', 'user_domain_id': 'default', 'user_domain_name': 'Default', 'user_id': '97009dc2e53246579f439d709ff623f3', 'system': None}, Network: None, Subnet: None, Router: None
2025-01-02 16:11:06.718 67545 INFO tempest.lib.common.dynamic_creds [-] Created isolated network resources for: credentials: Credentials: {'domain_id': 'default', 'domain_name': 'Default', 'username': 'tempest-ImagesDeleteNegativeTestJSON-893534683-project-member', 'project_domain_id': 'default', 'project_domain_name': 'Default', 'project_id': '9998b79d086d4ffb88d56007b44de783', 'project_name': 'tempest-ImagesDeleteNegativeTestJSON-893534683', 'tenant_id': '9998b79d086d4ffb88d56007b44de783', 'tenant_name': 'tempest-ImagesDeleteNegativeTestJSON-893534683', 'user_domain_id': 'default', 'user_domain_name': 'Default', 'user_id': '97009dc2e53246579f439d709ff623f3', 'system': None}, Network: None, Subnet: None, Router: None
2025-01-02 16:11:06.782 67511 INFO tempest.lib.common.rest_client [req-b846e62b-96fd-4aa9-b83a-a4f732856aac req-b846e62b-96fd-4aa9-b83a-a4f732856aac ] Request (FlavorsAccessNegativeTestJSON:test_add_flavor_access_duplicate): 409 POST http://10.180.1.21/compute/v2.1/flavors/2060467774/action 2.052s
2025-01-02 16:11:06.804 67549 INFO tempest.lib.common.rest_client [req-42d24f8c-a187-4ae4-a1c5-e039f21918a3 req-42d24f8c-a187-4ae4-a1c5-e039f21918a3 ] Request (HypervisorAdminUnderV252Test:test_search_hypervisor): 200 GET http://10.180.1.21/compute/v2.1/os-hypervisors/domain-c8.fc996f14-c53b-4953-92e3-bdfa48f5cc28/search 1.691s
2025-01-02 16:11:06.833 67553 INFO tempest.lib.common.rest_client [req-62a35802-fdf2-4ba9-90f4-71ab20d05467 req-62a35802-fdf2-4ba9-90f4-71ab20d05467 ] Request (FlavorsExtraSpecsTestJSON:test_flavor_non_admin_get_specific_key): 200 POST http://10.180.1.21/compute/v2.1/flavors/1440653865/os-extra_specs 1.405s
2025-01-02 16:11:06.835 67537 INFO tempest.lib.common.rest_client [req-976e7313-a1c7-4cf9-802c-2ad4caeb3710 req-976e7313-a1c7-4cf9-802c-2ad4caeb3710 ] Request (NetworksTest:setUpClass): 204 PUT http://10.180.1.21/identity/v3/projects/bb31023f09c94463b15bc618bd379dc8/users/451cea5b8af54217b3bdd611992b6058/roles/7f59e5450e0f42d582a15dd359724845 0.185s
2025-01-02 16:11:06.835 67537 INFO tempest.lib.common.dynamic_creds [-] Dynamic test user 451cea5b8af54217b3bdd611992b6058 is created with scope project and roles: ['admin']
2025-01-02 16:11:06.835 67537 INFO tempest.lib.common.dynamic_creds [-] Acquired dynamic creds: credentials: Credentials: {'domain_id': 'default', 'domain_name': 'Default', 'username': 'tempest-NetworksTest-1159003852-project-admin', 'project_domain_id': 'default', 'project_domain_name': 'Default', 'project_id': 'bb31023f09c94463b15bc618bd379dc8', 'project_name': 'tempest-NetworksTest-1159003852', 'tenant_id': 'bb31023f09c94463b15bc618bd379dc8', 'tenant_name': 'tempest-NetworksTest-1159003852', 'user_domain_id': 'default', 'user_domain_name': 'Default', 'user_id': '451cea5b8af54217b3bdd611992b6058', 'system': None}, Network: None, Subnet: None, Router: None
2025-01-02 16:11:06.835 67537 INFO tempest.lib.common.dynamic_creds [-] Created isolated network resources for: credentials: Credentials: {'domain_id': 'default', 'domain_name': 'Default', 'username': 'tempest-NetworksTest-1159003852-project-admin', 'project_domain_id': 'default', 'project_domain_name': 'Default', 'project_id': 'bb31023f09c94463b15bc618bd379dc8', 'project_name': 'tempest-NetworksTest-1159003852', 'tenant_id': 'bb31023f09c94463b15bc618bd379dc8', 'tenant_name': 'tempest-NetworksTest-1159003852', 'user_domain_id': 'default', 'user_domain_name': 'Default', 'user_id': '451cea5b8af54217b3bdd611992b6058', 'system': None}, Network: None, Subnet: None, Router: None
2025-01-02 16:11:06.837 67557 INFO tempest.lib.common.rest_client [req-d9aacf5c-f2ce-4cbb-95dc-d96437d5abb1 req-d9aacf5c-f2ce-4cbb-95dc-d96437d5abb1 ] Request (ServicesAdminNegativeTestJSON:setUpClass): 201 POST http://10.180.1.21/identity/v3/projects 0.159s
2025-01-02 16:11:06.841 67513 INFO tempest.lib.common.rest_client [req-9445bd95-b249-4375-b526-05224779a12a req-9445bd95-b249-4375-b526-05224779a12a ] Request (HypervisorAdminNegativeTestJSON:test_get_hypervisor_uptime_with_non_admin_user): 403 GET http://10.180.1.21/compute/v2.1/os-hypervisors/1/uptime 1.207s
2025-01-02 16:11:06.881 67567 INFO tempest.lib.common.rest_client [req-2fd4ab22-12bf-4c7f-9fd1-f928e187dffe req-2fd4ab22-12bf-4c7f-9fd1-f928e187dffe ] Request (QuotaClassesAdmin257Test:_run_cleanups): 200 PUT http://10.180.1.21/compute/v2.1/os-quota-class-sets/default 1.232s
2025-01-02 16:11:06.923 67517 INFO tempest.lib.common.rest_client [req-1c551fa0-0212-4ab3-970b-1f7ec23430f8 req-1c551fa0-0212-4ab3-970b-1f7ec23430f8 ] Request (ServersAdminTestJSON:setUpClass): 204 PUT http://10.180.1.21/identity/v3/projects/7d787e4678a64fe1b1ce37c04bdd61d2/users/89c063d3f11c4d4ca23780410f87f208/roles/36a2746edbf44d0aa06fa5a08396b8c2 0.229s
2025-01-02 16:11:06.924 67517 INFO tempest.lib.common.dynamic_creds [-] Dynamic test user 89c063d3f11c4d4ca23780410f87f208 is created with scope project and roles: ['member']
2025-01-02 16:11:06.924 67517 INFO tempest.lib.common.dynamic_creds [-] Acquired dynamic creds: credentials: Credentials: {'domain_id': 'default', 'domain_name': 'Default', 'username': 'tempest-ServersAdminTestJSON-806238968-project-member', 'project_domain_id': 'default', 'project_domain_name': 'Default', 'project_id': '7d787e4678a64fe1b1ce37c04bdd61d2', 'project_name': 'tempest-ServersAdminTestJSON-806238968', 'tenant_id': '7d787e4678a64fe1b1ce37c04bdd61d2', 'tenant_name': 'tempest-ServersAdminTestJSON-806238968', 'user_domain_id': 'default', 'user_domain_name': 'Default', 'user_id': '89c063d3f11c4d4ca23780410f87f208', 'system': None}, Network: None, Subnet: None, Router: None
2025-01-02 16:11:06.954 67569 INFO tempest.lib.common.rest_client [req-706f29e7-1787-4cea-b913-e0a51da35b2a req-706f29e7-1787-4cea-b913-e0a51da35b2a ] Request (InstanceUsageAuditLogNegativeTestJSON:tearDownClass): 204 DELETE http://10.180.1.21/identity/v3/projects/dce6c52bcaf34c98822146dfc3f163bb 0.252s
2025-01-02 16:11:07.010 67545 INFO tempest.lib.common.rest_client [req-07bcc7f9-9238-4a80-b758-fb69cd5dedbe req-07bcc7f9-9238-4a80-b758-fb69cd5dedbe ] Request (ImagesDeleteNegativeTestJSON:setUpClass): 201 POST http://10.180.1.21/identity/v3/auth/tokens 0.289s
2025-01-02 16:11:07.038 67557 INFO tempest.lib.common.rest_client [req-a300f1ea-1da8-422b-b6d7-9b3f6d52b1af req-a300f1ea-1da8-422b-b6d7-9b3f6d52b1af ] Request (ServicesAdminNegativeTestJSON:setUpClass): 201 POST http://10.180.1.21/identity/v3/users 0.200s
2025-01-02 16:11:07.046 67521 INFO tempest.lib.common.rest_client [req-c2a0644a-4b36-44ac-ab81-aec6280a1f72 req-c2a0644a-4b36-44ac-ab81-aec6280a1f72 ] Request (ImagesNegativeTestJSON:test_create_image_from_deleted_server): 200 GET http://10.180.1.21/compute/v2.1/servers/74b91bb8-70e5-40ba-8143-00df428def98 1.076s
2025-01-02 16:11:07.057 67521 INFO tempest.common.waiters [-] State transition "BUILD/networking" ==> "BUILD/spawning" after 5 second wait
2025-01-02 16:11:07.062 67549 INFO tempest.lib.common.rest_client [req-c561a59a-25ec-4f76-84c5-681114f63042 req-c561a59a-25ec-4f76-84c5-681114f63042 ] Request (HypervisorAdminUnderV252Test:tearDownClass): 204 DELETE http://10.180.1.21/identity/v3/users/66ad8866247643b4a250338735ebf2a8 0.254s
2025-01-02 16:11:07.093 67561 INFO tempest.lib.common.rest_client [req-50cb53c3-1778-4c22-a93f-ad865a1ecae7 req-50cb53c3-1778-4c22-a93f-ad865a1ecae7 ] Request (AggregatesAdminNegativeTestJSON:test_aggregate_add_existent_host): 409 POST http://10.180.1.21/compute/v2.1/os-aggregates/1/action 1.087s
2025-01-02 16:11:07.114 67537 INFO tempest.lib.common.rest_client [req-9b260d14-7d12-4d89-aed6-3a32c44a352b req-9b260d14-7d12-4d89-aed6-3a32c44a352b ] Request (NetworksTest:setUpClass): 201 POST http://10.180.1.21/identity/v3/auth/tokens 0.274s
2025-01-02 16:11:07.117 67517 INFO tempest.lib.common.rest_client [req-1c5c4806-543d-4cef-b633-90de497834d5 req-1c5c4806-543d-4cef-b633-90de497834d5 ] Request (ServersAdminTestJSON:setUpClass): 201 POST http://10.180.1.21/identity/v3/auth/tokens 0.193s
2025-01-02 16:11:07.146 67509 INFO tempest.lib.common.rest_client [req-c23e61e4-c990-4def-be71-a2dda6c24a3b req-c23e61e4-c990-4def-be71-a2dda6c24a3b ] Request (ServerDiagnosticsNegativeTest:test_get_server_diagnostics_by_non_admin): 200 GET http://10.180.1.21/compute/v2.1/servers/f8297a48-bbdb-4ee8-855d-e6d885569412 1.106s
2025-01-02 16:11:07.169 67535 INFO tempest.lib.common.rest_client [req-211ee3b2-e385-4c8c-9cd9-92d5048c6272 req-211ee3b2-e385-4c8c-9cd9-92d5048c6272 ] Request (FlavorsV261TestJSON:test_crud_flavor): 200 GET http://10.180.1.21/compute/v2.1/flavors 1.122s
2025-01-02 16:11:07.179 67567 INFO tempest.lib.common.rest_client [req-603542de-5538-4601-aaad-43549a069b35 req-603542de-5538-4601-aaad-43549a069b35 ] Request (QuotaClassesAdmin257Test:tearDownClass): 204 DELETE http://10.180.1.21/identity/v3/users/45358366946d4142b4ef8d3a41e483de 0.238s
2025-01-02 16:11:07.195 67533 INFO tempest.lib.common.rest_client [req-9d920844-64cb-4e3f-87bf-1eac07b080e9 req-9d920844-64cb-4e3f-87bf-1eac07b080e9 ] Request (FlavorsAccessTestJSON:test_flavor_access_add_remove): 200 GET http://10.180.1.21/compute/v2.1/flavors/detail 1.127s
2025-01-02 16:11:07.202 67515 INFO tempest.lib.common.rest_client [req-7913e340-96e5-4925-95c1-8d1d6bc3ee7b req-7913e340-96e5-4925-95c1-8d1d6bc3ee7b ] Request (FlavorsExtraSpecsNegativeTestJSON:test_flavor_non_admin_unset_keys): 403 DELETE http://10.180.1.21/compute/v2.1/flavors/1572727941/os-extra_specs/hw:numa_nodes 1.031s
2025-01-02 16:11:07.209 67543 INFO tempest.lib.common.rest_client [req-2bc84b60-1496-48d1-a249-60994ae38301 req-2bc84b60-1496-48d1-a249-60994ae38301 ] Request (SecurityGroupsNegativeTestJSON:test_delete_security_group_without_passing_id): 404 DELETE http://10.180.1.21/compute/v2.1/os-security-groups/ 0.988s
2025-01-02 16:11:07.213 67565 INFO tempest.lib.common.rest_client [req-b66de7f5-6268-4274-914f-c73d1c0d134d req-b66de7f5-6268-4274-914f-c73d1c0d134d ] Request (QuotasAdminTestV236:test_get_updated_quotas): 200 GET http://10.180.1.21/identity/v3/domains?name=Default 0.286s
2025-01-02 16:11:07.242 67569 INFO tempest.lib.common.rest_client [req-46be5491-a431-4b76-abb3-b9dd0e156fa7 req-46be5491-a431-4b76-abb3-b9dd0e156fa7 ] Request (ImagesMetadataNegativeTestJSON:setUpClass): 201 POST http://10.180.1.21/identity/v3/auth/tokens 0.286s
2025-01-02 16:11:07.263 67523 INFO tempest.lib.common.rest_client [req-1187a18e-034c-40d9-8a7d-0de77d0c8eeb req-1187a18e-034c-40d9-8a7d-0de77d0c8eeb ] Request (ServerDiagnosticsV248Test:test_get_server_diagnostics): 200 GET http://10.180.1.21/compute/v2.1/servers/91771789-4d40-44e3-80fb-eb5157ebff7e 1.029s
2025-01-02 16:11:07.276 67523 INFO tempest.common.waiters [-] State transition "BUILD/None" ==> "BUILD/networking" after 5 second wait
2025-01-02 16:11:07.282 67557 INFO tempest.lib.common.rest_client [req-afec5293-b1b4-4dba-a612-d901846dcb2c req-afec5293-b1b4-4dba-a612-d901846dcb2c ] Request (ServicesAdminNegativeTestJSON:setUpClass): 200 GET http://10.180.1.21/identity/v3/roles 0.244s
2025-01-02 16:11:07.291 67563 INFO tempest.lib.common.rest_client [req-12dc09fd-2039-4ca4-b80f-244fc30bdbde req-12dc09fd-2039-4ca4-b80f-244fc30bdbde ] Request (FlavorsAdminTestJSON:test_create_flavor_verify_entry_in_list_details): 200 GET http://10.180.1.21/compute/v2.1/flavors/detail 1.043s
2025-01-02 16:11:07.306 67527 INFO tempest.lib.common.rest_client [req-96807239-f043-457a-9b2d-27c9309e1733 req-96807239-f043-457a-9b2d-27c9309e1733 ] Request (SecurityGroupsTestAdminJSON:test_list_security_groups_list_all_tenants_filter): 200 POST http://10.180.1.21/compute/v2.1/os-security-groups 2.222s
2025-01-02 16:11:07.312 67549 INFO tempest.lib.common.rest_client [req-7cc72529-4dcd-42a9-8ac5-3cf7bb500923 req-7cc72529-4dcd-42a9-8ac5-3cf7bb500923 ] Request (HypervisorAdminUnderV252Test:tearDownClass): 204 DELETE http://10.180.1.21/identity/v3/users/e555bd7890aa490b9fb583f22e58701f 0.249s
2025-01-02 16:11:07.312 67549 INFO tempest.lib.common.dynamic_creds [-] Deleting project and security group for project: a7d548ccc57b49e9ac5b695717567f29
2025-01-02 16:11:07.313 67519 INFO tempest.lib.common.rest_client [req-3861a99e-babd-41bd-b688-c964c2b57bba req-3861a99e-babd-41bd-b688-c964c2b57bba ] Request (ServersWithSpecificFlavorTestJSON:test_verify_created_server_ephemeral_disk): 200 GET http://10.180.1.21/compute/v2.1/flavors/42/os-extra_specs 0.879s
2025-01-02 16:11:07.317 67525 INFO tempest.lib.common.rest_client [req-5b50c7a1-5738-40c7-8a07-94d2d46b66e2 req-5b50c7a1-5738-40c7-8a07-94d2d46b66e2 ] Request (HostsAdminNegativeTestJSON:test_show_host_detail_with_non_admin_user): 403 GET http://10.180.1.21/compute/v2.1/os-hosts/devstack 0.869s
2025-01-02 16:11:07.328 67539 INFO tempest.lib.common.rest_client [req-94d2be65-5ddd-4200-b9ec-0afc7461f017 req-94d2be65-5ddd-4200-b9ec-0afc7461f017 ] Request (KeyPairsV210TestJSON:test_admin_manage_keypairs_for_other_users): 200 GET http://10.180.1.21/compute/v2.1/os-keypairs?user_id=36b65ed32db94803930ffe8519351768 0.840s
2025-01-02 16:11:07.359 67541 INFO tempest.lib.common.rest_client [req-d36f238f-622b-460c-8a0f-c3daa3304fb9 req-d36f238f-622b-460c-8a0f-c3daa3304fb9 ] Request (ImagesMetadataTestJSON:test_delete_image_metadata_item): 200 GET http://10.180.1.21/compute/v2.1/images/9d0f286e-2594-4065-814a-2a0f741fbd05/metadata 0.716s
2025-01-02 16:11:07.374 67553 INFO tempest.lib.common.rest_client [req-8a889100-f949-461f-963f-1a070b0dac1a req-8a889100-f949-461f-963f-1a070b0dac1a ] Request (FlavorsExtraSpecsTestJSON:test_flavor_non_admin_get_specific_key): 200 GET http://10.180.1.21/compute/v2.1/flavors/1440653865/os-extra_specs/hw:numa_nodes 0.540s
2025-01-02 16:11:07.383 67513 INFO tempest.lib.common.rest_client [req-4c55d783-e41d-4e3a-afac-67c59242aee9 req-4c55d783-e41d-4e3a-afac-67c59242aee9 ] Request (HypervisorAdminNegativeTestJSON:test_get_nonexistent_hypervisor_uptime): 404 GET http://10.180.1.21/compute/v2.1/os-hypervisors/90058c35-b6d6-4784-87fc-7c24ec95d518/uptime 0.541s
2025-01-02 16:11:07.424 67567 INFO tempest.lib.common.rest_client [req-44cbfc34-8848-4251-92d1-c7c5b7461917 req-44cbfc34-8848-4251-92d1-c7c5b7461917 ] Request (QuotaClassesAdmin257Test:tearDownClass): 204 DELETE http://10.180.1.21/identity/v3/users/bca7a85147924586984fd84391f8da48 0.244s
2025-01-02 16:11:07.424 67567 INFO tempest.lib.common.dynamic_creds [-] Deleting project and security group for project: 98952f46cd664acfa3e83537486f8f2d
2025-01-02 16:11:07.478 67565 INFO tempest.lib.common.rest_client [req-7c45ddcd-99e9-4431-879b-54bf3aacea3e req-7c45ddcd-99e9-4431-879b-54bf3aacea3e ] Request (QuotasAdminTestV236:test_get_updated_quotas): 201 POST http://10.180.1.21/identity/v3/projects 0.264s
2025-01-02 16:11:07.479 67569 INFO tempest.lib.common.rest_client [req-98b2c626-0f04-4536-9a70-c0c0db7a1f5f req-98b2c626-0f04-4536-9a70-c0c0db7a1f5f ] Request (ImagesMetadataNegativeTestJSON:setUpClass): 201 POST http://10.180.1.21/identity/v3/auth/tokens 0.235s
2025-01-02 16:11:07.536 67557 INFO tempest.lib.common.rest_client [req-9643b9be-e9a1-4a0f-b337-518a0ee13e33 req-9643b9be-e9a1-4a0f-b337-518a0ee13e33 ] Request (ServicesAdminNegativeTestJSON:setUpClass): 204 PUT http://10.180.1.21/identity/v3/projects/06446647e9994ffea8f5593fac6e0dde/users/55db44f9842441038de47ddd4def05f3/roles/36a2746edbf44d0aa06fa5a08396b8c2 0.253s
2025-01-02 16:11:07.537 67557 INFO tempest.lib.common.dynamic_creds [-] Dynamic test user 55db44f9842441038de47ddd4def05f3 is created with scope project and roles: ['member']
2025-01-02 16:11:07.537 67557 INFO tempest.lib.common.dynamic_creds [-] Acquired dynamic creds: credentials: Credentials: {'domain_id': 'default', 'domain_name': 'Default', 'username': 'tempest-ServicesAdminNegativeTestJSON-1045025995-project-member', 'project_domain_id': 'default', 'project_domain_name': 'Default', 'project_id': '06446647e9994ffea8f5593fac6e0dde', 'project_name': 'tempest-ServicesAdminNegativeTestJSON-1045025995', 'tenant_id': '06446647e9994ffea8f5593fac6e0dde', 'tenant_name': 'tempest-ServicesAdminNegativeTestJSON-1045025995', 'user_domain_id': 'default', 'user_domain_name': 'Default', 'user_id': '55db44f9842441038de47ddd4def05f3', 'system': None}, Network: None, Subnet: None, Router: None
2025-01-02 16:11:07.537 67557 INFO tempest.lib.common.dynamic_creds [-] Created isolated network resources for: credentials: Credentials: {'domain_id': 'default', 'domain_name': 'Default', 'username': 'tempest-ServicesAdminNegativeTestJSON-1045025995-project-member', 'project_domain_id': 'default', 'project_domain_name': 'Default', 'project_id': '06446647e9994ffea8f5593fac6e0dde', 'project_name': 'tempest-ServicesAdminNegativeTestJSON-1045025995', 'tenant_id': '06446647e9994ffea8f5593fac6e0dde', 'tenant_name': 'tempest-ServicesAdminNegativeTestJSON-1045025995', 'user_domain_id': 'default', 'user_domain_name': 'Default', 'user_id': '55db44f9842441038de47ddd4def05f3', 'system': None}, Network: None, Subnet: None, Router: None
2025-01-02 16:11:07.543 67549 INFO tempest.lib.common.rest_client [req-8ace4a41-973c-4c72-950c-d14707b60293 req-8ace4a41-973c-4c72-950c-d14707b60293 ] Request (HypervisorAdminUnderV252Test:tearDownClass): 201 POST http://10.180.1.21/identity/v3/auth/tokens 0.231s
2025-01-02 16:11:07.598 67517 INFO tempest.lib.common.rest_client [req-e212c58c-151c-4502-9820-ad5a7a3b623b req-e212c58c-151c-4502-9820-ad5a7a3b623b ] Request (ServersAdminTestJSON:setUpClass): 201 POST http://10.180.1.21:9696/networking/v2.0/networks 0.480s
2025-01-02 16:11:07.614 67567 INFO tempest.lib.common.rest_client [req-970c9a51-c2cd-465f-95e3-8a6351f49a65 req-970c9a51-c2cd-465f-95e3-8a6351f49a65 ] Request (QuotaClassesAdmin257Test:tearDownClass): 201 POST http://10.180.1.21/identity/v3/auth/tokens 0.190s
2025-01-02 16:11:07.629 67545 INFO tempest.lib.common.rest_client [req-cc5302e9-b153-4158-9b7b-c5fdfd288e85 req-cc5302e9-b153-4158-9b7b-c5fdfd288e85 ] Request (ImagesDeleteNegativeTestJSON:test_delete_image_blank_id): 404 DELETE http://10.180.1.21/compute/v2.1/images/ 0.617s
2025-01-02 16:11:07.655 67569 INFO tempest.lib.common.rest_client [req-2ca1584b-a1f6-4815-be05-182b800b1c52 req-2ca1584b-a1f6-4815-be05-182b800b1c52 ] Request (ImagesMetadataNegativeTestJSON:setUpClass): 200 GET http://10.180.1.21/identity/v3/domains?name=Default 0.175s
2025-01-02 16:11:07.678 67565 INFO tempest.lib.common.rest_client [req-e5b6a2a7-423d-453d-9504-a7fbf08da880 req-e5b6a2a7-423d-453d-9504-a7fbf08da880 ] Request (QuotasAdminTestV236:test_get_updated_quotas): 200 GET http://10.180.1.21/identity/v3/domains?name=Default 0.200s
2025-01-02 16:11:07.737 67511 INFO tempest.lib.common.rest_client [req-1e216fd4-9c3e-426a-8473-10949a6c1aff req-1e216fd4-9c3e-426a-8473-10949a6c1aff ] Request (FlavorsAccessNegativeTestJSON:_run_cleanups): 200 POST http://10.180.1.21/compute/v2.1/flavors/2060467774/action 0.954s
2025-01-02 16:11:07.745 67557 INFO tempest.lib.common.rest_client [req-d353d260-58eb-4a2b-9052-cac18d744841 req-d353d260-58eb-4a2b-9052-cac18d744841 ] Request (ServicesAdminNegativeTestJSON:setUpClass): 201 POST http://10.180.1.21/identity/v3/auth/tokens 0.205s
2025-01-02 16:11:07.768 67517 INFO tempest.lib.common.rest_client [req-a9bb30db-c324-489d-ab7c-5ee010c5e2e5 req-a9bb30db-c324-489d-ab7c-5ee010c5e2e5 ] Request (ServersAdminTestJSON:setUpClass): 201 POST http://10.180.1.21:9696/networking/v2.0/subnets 0.169s
2025-01-02 16:11:07.788 67569 INFO tempest.lib.common.rest_client [req-e438d2f9-299d-4917-a884-a65e4cf7b68a req-e438d2f9-299d-4917-a884-a65e4cf7b68a ] Request (ImagesMetadataNegativeTestJSON:setUpClass): 201 POST http://10.180.1.21/identity/v3/projects 0.133s
2025-01-02 16:11:07.841 67557 INFO tempest.lib.common.rest_client [req-78eda0da-6018-42c1-84e4-201ea6f84a7c req-78eda0da-6018-42c1-84e4-201ea6f84a7c ] Request (ServicesAdminNegativeTestJSON:setUpClass): 201 POST http://10.180.1.21/identity/v3/projects 0.096s
2025-01-02 16:11:07.899 67569 INFO tempest.lib.common.rest_client [req-c9878148-4829-4b49-9df2-d6a962a75f07 req-c9878148-4829-4b49-9df2-d6a962a75f07 ] Request (ImagesMetadataNegativeTestJSON:setUpClass): 201 POST http://10.180.1.21/identity/v3/users 0.110s
2025-01-02 16:11:07.904 67557 INFO tempest.lib.common.rest_client [req-fe651520-a319-4204-9fbb-299a2a0f58d0 req-fe651520-a319-4204-9fbb-299a2a0f58d0 ] Request (ServicesAdminNegativeTestJSON:setUpClass): 201 POST http://10.180.1.21/identity/v3/users 0.062s
2025-01-02 16:11:07.927 67569 INFO tempest.lib.common.rest_client [req-8837b59e-a196-44c6-afd1-e32e7f9d2230 req-8837b59e-a196-44c6-afd1-e32e7f9d2230 ] Request (ImagesMetadataNegativeTestJSON:setUpClass): 200 GET http://10.180.1.21/identity/v3/roles 0.026s
2025-01-02 16:11:07.944 67557 INFO tempest.lib.common.rest_client [req-3371a8a5-125e-4eb3-891f-e1c4268d21b1 req-3371a8a5-125e-4eb3-891f-e1c4268d21b1 ] Request (ServicesAdminNegativeTestJSON:setUpClass): 200 GET http://10.180.1.21/identity/v3/roles 0.039s
2025-01-02 16:11:07.972 67569 INFO tempest.lib.common.rest_client [req-c99e7afe-eb57-45ec-a3c3-a40f36f95a87 req-c99e7afe-eb57-45ec-a3c3-a40f36f95a87 ] Request (ImagesMetadataNegativeTestJSON:setUpClass): 204 PUT http://10.180.1.21/identity/v3/projects/ac9fec3371de43abae953dbec19f3058/users/976c3baf61b64b4e8803c8483254fede/roles/36a2746edbf44d0aa06fa5a08396b8c2 0.044s
2025-01-02 16:11:07.972 67569 INFO tempest.lib.common.dynamic_creds [-] Dynamic test user 976c3baf61b64b4e8803c8483254fede is created with scope project and roles: ['member']
2025-01-02 16:11:07.972 67569 INFO tempest.lib.common.dynamic_creds [-] Acquired dynamic creds: credentials: Credentials: {'domain_id': 'default', 'domain_name': 'Default', 'username': 'tempest-ImagesMetadataNegativeTestJSON-1879098694-project-member', 'project_domain_id': 'default', 'project_domain_name': 'Default', 'project_id': 'ac9fec3371de43abae953dbec19f3058', 'project_name': 'tempest-ImagesMetadataNegativeTestJSON-1879098694', 'tenant_id': 'ac9fec3371de43abae953dbec19f3058', 'tenant_name': 'tempest-ImagesMetadataNegativeTestJSON-1879098694', 'user_domain_id': 'default', 'user_domain_name': 'Default', 'user_id': '976c3baf61b64b4e8803c8483254fede', 'system': None}, Network: None, Subnet: None, Router: None
2025-01-02 16:11:07.972 67569 INFO tempest.lib.common.dynamic_creds [-] Created isolated network resources for: credentials: Credentials: {'domain_id': 'default', 'domain_name': 'Default', 'username': 'tempest-ImagesMetadataNegativeTestJSON-1879098694-project-member', 'project_domain_id': 'default', 'project_domain_name': 'Default', 'project_id': 'ac9fec3371de43abae953dbec19f3058', 'project_name': 'tempest-ImagesMetadataNegativeTestJSON-1879098694', 'tenant_id': 'ac9fec3371de43abae953dbec19f3058', 'tenant_name': 'tempest-ImagesMetadataNegativeTestJSON-1879098694', 'user_domain_id': 'default', 'user_domain_name': 'Default', 'user_id': '976c3baf61b64b4e8803c8483254fede', 'system': None}, Network: None, Subnet: None, Router: None
2025-01-02 16:11:07.982 67537 INFO tempest.lib.common.rest_client [req-4f72a6f3-ffa9-40bb-b437-3bed4735ea6a req-4f72a6f3-ffa9-40bb-b437-3bed4735ea6a ] Request (NetworksTest:test_get_network): 200 GET http://10.180.1.21/compute/v2.1/os-networks 0.867s
2025-01-02 16:11:08.026 67557 INFO tempest.lib.common.rest_client [req-5e8737d9-ca83-4daa-a446-158025fc9e22 req-5e8737d9-ca83-4daa-a446-158025fc9e22 ] Request (ServicesAdminNegativeTestJSON:setUpClass): 204 PUT http://10.180.1.21/identity/v3/projects/63f4e8b420824ec6954fdf19c9d815d1/users/c0811c86346d4af390846520119bb9b9/roles/7f59e5450e0f42d582a15dd359724845 0.081s
2025-01-02 16:11:08.043 67569 INFO tempest.lib.common.rest_client [req-be4d057a-2b77-422e-b33b-fbd64639389e req-be4d057a-2b77-422e-b33b-fbd64639389e ] Request (ImagesMetadataNegativeTestJSON:setUpClass): 201 POST http://10.180.1.21/identity/v3/auth/tokens 0.068s
2025-01-02 16:11:08.046 67531 INFO tempest.lib.common.rest_client [req-d9a0e405-f602-4e4d-933a-446ff7e627eb req-d9a0e405-f602-4e4d-933a-446ff7e627eb ] Request (ServerExternalEventsTest:test_create_server_external_events): 200 GET http://10.180.1.21/compute/v2.1/servers/be575c77-01c9-4cdd-b310-5022e712a449 0.892s
2025-01-02 16:11:08.063 67567 INFO tempest.lib.common.rest_client [req-f197fe12-e4f0-4f82-b8ca-60ad575ed5ee req-f197fe12-e4f0-4f82-b8ca-60ad575ed5ee ] Request (QuotaClassesAdmin257Test:tearDownClass): 200 GET http://10.180.1.21:9696/networking/v2.0/security-groups?tenant_id=98952f46cd664acfa3e83537486f8f2d&name=default 0.449s
2025-01-02 16:11:08.064 67535 INFO tempest.lib.common.rest_client [req-f4bc2d6d-c722-408c-99fa-0dc648bb505e req-f4bc2d6d-c722-408c-99fa-0dc648bb505e ] Request (FlavorsV261TestJSON:_run_cleanups): 202 DELETE http://10.180.1.21/compute/v2.1/flavors/1121886424 0.891s
2025-01-02 16:11:08.067 67549 INFO tempest.lib.common.rest_client [req-f3235346-0c18-4234-bee3-bbb79383598d req-f3235346-0c18-4234-bee3-bbb79383598d ] Request (HypervisorAdminUnderV252Test:tearDownClass): 200 GET http://10.180.1.21:9696/networking/v2.0/security-groups?tenant_id=a7d548ccc57b49e9ac5b695717567f29&name=default 0.524s
2025-01-02 16:11:08.084 67515 INFO tempest.lib.common.rest_client [req-526dbc97-d749-4e29-b62e-a077ca3c0c43 req-526dbc97-d749-4e29-b62e-a077ca3c0c43 ] Request (FlavorsExtraSpecsNegativeTestJSON:test_flavor_non_admin_update_specific_key): 200 POST http://10.180.1.21/compute/v2.1/flavors/1572727941/os-extra_specs 0.881s
2025-01-02 16:11:08.096 67533 INFO tempest.lib.common.rest_client [req-79d7571b-1f12-486f-9186-8984491fd271 req-79d7571b-1f12-486f-9186-8984491fd271 ] Request (FlavorsAccessTestJSON:_run_cleanups): 202 DELETE http://10.180.1.21/compute/v2.1/flavors/1378849457 0.891s
2025-01-02 16:11:08.098 67557 INFO tempest.lib.common.rest_client [req-28c428dd-287a-4b03-a228-6ac8a162cb12 req-28c428dd-287a-4b03-a228-6ac8a162cb12 ] Request (ServicesAdminNegativeTestJSON:setUpClass): 200 GET http://10.180.1.21/identity/v3/roles 0.072s
2025-01-02 16:11:08.117 67557 INFO tempest.lib.common.rest_client [req-e1c37ddc-0126-437e-a869-47079d8521ac req-e1c37ddc-0126-437e-a869-47079d8521ac ] Request (ServicesAdminNegativeTestJSON:setUpClass): 204 PUT http://10.180.1.21/identity/v3/projects/63f4e8b420824ec6954fdf19c9d815d1/users/c0811c86346d4af390846520119bb9b9/roles/7f59e5450e0f42d582a15dd359724845 0.018s
2025-01-02 16:11:08.118 67557 INFO tempest.lib.common.dynamic_creds [-] Dynamic test user c0811c86346d4af390846520119bb9b9 is created with scope project and roles: ['admin']
2025-01-02 16:11:08.118 67557 INFO tempest.lib.common.dynamic_creds [-] Acquired dynamic creds: credentials: Credentials: {'domain_id': 'default', 'domain_name': 'Default', 'username': 'tempest-ServicesAdminNegativeTestJSON-574385911-project-admin', 'project_domain_id': 'default', 'project_domain_name': 'Default', 'project_id': '63f4e8b420824ec6954fdf19c9d815d1', 'project_name': 'tempest-ServicesAdminNegativeTestJSON-574385911', 'tenant_id': '63f4e8b420824ec6954fdf19c9d815d1', 'tenant_name': 'tempest-ServicesAdminNegativeTestJSON-574385911', 'user_domain_id': 'default', 'user_domain_name': 'Default', 'user_id': 'c0811c86346d4af390846520119bb9b9', 'system': None}, Network: None, Subnet: None, Router: None
2025-01-02 16:11:08.118 67557 INFO tempest.lib.common.dynamic_creds [-] Created isolated network resources for: credentials: Credentials: {'domain_id': 'default', 'domain_name': 'Default', 'username': 'tempest-ServicesAdminNegativeTestJSON-574385911-project-admin', 'project_domain_id': 'default', 'project_domain_name': 'Default', 'project_id': '63f4e8b420824ec6954fdf19c9d815d1', 'project_name': 'tempest-ServicesAdminNegativeTestJSON-574385911', 'tenant_id': '63f4e8b420824ec6954fdf19c9d815d1', 'tenant_name': 'tempest-ServicesAdminNegativeTestJSON-574385911', 'user_domain_id': 'default', 'user_domain_name': 'Default', 'user_id': 'c0811c86346d4af390846520119bb9b9', 'system': None}, Network: None, Subnet: None, Router: None
2025-01-02 16:11:08.194 67557 INFO tempest.lib.common.rest_client [req-ab0ba2c8-537f-43bf-84ad-fddb442bb207 req-ab0ba2c8-537f-43bf-84ad-fddb442bb207 ] Request (ServicesAdminNegativeTestJSON:setUpClass): 201 POST http://10.180.1.21/identity/v3/auth/tokens 0.071s
2025-01-02 16:11:08.196 67561 INFO tempest.lib.common.rest_client [req-166c889a-3e3d-4e36-9824-7e440ce308e9 req-166c889a-3e3d-4e36-9824-7e440ce308e9 ] Request (AggregatesAdminNegativeTestJSON:_run_cleanups): 200 POST http://10.180.1.21/compute/v2.1/os-aggregates/1/action 1.102s
2025-01-02 16:11:08.214 67563 INFO tempest.lib.common.rest_client [req-9e6d1947-8dcf-47cb-ab8c-520bba02d948 req-9e6d1947-8dcf-47cb-ab8c-520bba02d948 ] Request (FlavorsAdminTestJSON:_run_cleanups): 202 DELETE http://10.180.1.21/compute/v2.1/flavors/688058814 0.915s
2025-01-02 16:11:08.241 67529 INFO tempest.lib.common.rest_client [req-c89c3a98-7e37-493c-bd2f-46b2c81ef40b req-c89c3a98-7e37-493c-bd2f-46b2c81ef40b ] Request (FloatingIPsAssociationTestJSON:setUpClass): 201 POST http://10.180.1.21:9696/networking/v2.0/routers 1.825s
