2024-08-08 23:55:02.199 61513 INFO tempest.lib.common.rest_client [req-bc3e0379-5c23-444d-87af-80b18d2f8073 req-bc3e0379-5c23-444d-87af-80b18d2f8073 ] Request (ValidationResourcesFixture:setUp): 201 POST http://10.180.1.21:9696/networking/v2.0/security-groups 0.283s
2024-08-08 23:55:02.209 61535 INFO tempest.lib.common.rest_client [req-ac21f46e-9c1b-4ffa-bb92-49ecd6bc6d30 req-ac21f46e-9c1b-4ffa-bb92-49ecd6bc6d30 ] Request (FlavorsAdminTestJSON:test_create_flavor_with_int_id): 200 POST http://10.180.1.21/compute/v2.1/flavors 2.920s
2024-08-08 23:55:02.341 61542 INFO tempest.lib.common.rest_client [req-26d95c50-a0c8-4cc5-9ab2-04395a46cc3f req-26d95c50-a0c8-4cc5-9ab2-04395a46cc3f ] Request (MigrationsAdminTest:test_list_migrations_in_flavor_resize_situation): 200 GET http://10.180.1.21/compute/v2.1/servers/25692eab-bf65-47de-8863-48e203714c55 3.000s
2024-08-08 23:55:02.345 61549 INFO tempest.lib.common.rest_client [req-351e92e0-1f2c-46e7-9016-ae3d65bf4103 req-351e92e0-1f2c-46e7-9016-ae3d65bf4103 ] Request (HostsAdminTestJSON:tearDownClass): 204 DELETE http://10.180.1.21/identity/v3/users/1942afe612aa49ae95aeae1f617ad865 0.157s
2024-08-08 23:55:02.353 61513 INFO tempest.lib.common.rest_client [req-aa9984e3-07f3-4308-99b3-1c36a530185c req-aa9984e3-07f3-4308-99b3-1c36a530185c ] Request (ValidationResourcesFixture:setUp): 201 POST http://10.180.1.21:9696/networking/v2.0/security-group-rules 0.153s
2024-08-08 23:55:02.419 61505 INFO tempest.lib.common.rest_client [req-cd44a620-b2eb-4b85-889f-802953cd7a33 req-cd44a620-b2eb-4b85-889f-802953cd7a33 ] Request (TenantUsagesTestJSON:setUpClass): 200 GET http://10.180.1.21/compute/v2.1/servers/140d64e9-ca6d-4788-8d43-7aa792e69240 2.982s
2024-08-08 23:55:02.425 61505 INFO tempest.common.waiters [-] State transition "BUILD/networking" ==> "BUILD/spawning" after 12 second wait
2024-08-08 23:55:02.480 61549 INFO tempest.lib.common.rest_client [req-4ef243aa-2047-4c3d-8a78-ebccdbb65fbc req-4ef243aa-2047-4c3d-8a78-ebccdbb65fbc ] Request (HostsAdminTestJSON:tearDownClass): 204 DELETE http://10.180.1.21/identity/v3/users/cf31c5a17e164333a3bd6d80223afac7 0.135s
2024-08-08 23:55:02.480 61549 INFO tempest.lib.common.dynamic_creds [-] Deleting project and security group for project: 42eae5c1668849468093cc37832dda6f
2024-08-08 23:55:02.524 61513 INFO tempest.lib.common.rest_client [req-1c656c5b-4d69-4a94-8a71-9bd0b88cc7bd req-1c656c5b-4d69-4a94-8a71-9bd0b88cc7bd ] Request (ValidationResourcesFixture:setUp): 201 POST http://10.180.1.21:9696/networking/v2.0/security-group-rules 0.171s
2024-08-08 23:55:02.525 61552 INFO tempest.lib.common.rest_client [req-5f104310-d546-4e35-8441-ba5a6f873b30 req-5f104310-d546-4e35-8441-ba5a6f873b30 ] Request (ServerDiagnosticsV248Test:test_get_server_diagnostics): 200 GET http://10.180.1.21/compute/v2.1/servers/96dfa195-6131-4851-bbf7-b8fa8855b52c 2.979s
2024-08-08 23:55:02.546 61557 INFO tempest.lib.common.rest_client [req-416efb34-8d46-465d-b18c-e039fffe2a92 req-416efb34-8d46-465d-b18c-e039fffe2a92 ] Request (KeyPairsV2TestJSON:_run_cleanups): 202 DELETE http://10.180.1.21/compute/v2.1/os-keypairs/tempest-keypair-532741123 2.911s
2024-08-08 23:55:02.554 61549 INFO tempest.lib.common.rest_client [req-2bc559e8-4bd3-4cfe-9a63-333e28b2dff2 req-2bc559e8-4bd3-4cfe-9a63-333e28b2dff2 ] Request (HostsAdminTestJSON:tearDownClass): 201 POST http://10.180.1.21/identity/v3/auth/tokens 0.074s
2024-08-08 23:55:02.564 61533 INFO tempest.lib.common.rest_client [req-6eef1101-bae6-424f-90b9-52ea50e276ea req-6eef1101-bae6-424f-90b9-52ea50e276ea ] Request (FlavorsAccessTestJSON:test_flavor_access_list_with_private_flavor): 200 POST http://10.180.1.21/compute/v2.1/flavors 2.906s
2024-08-08 23:55:02.576 61515 INFO tempest.lib.common.rest_client [req-d8f1c03a-2406-4d19-97f0-f2bbe1b0fbc1 req-d8f1c03a-2406-4d19-97f0-f2bbe1b0fbc1 ] Request (FlavorsAccessNegativeTestJSON:test_flavor_access_list_with_public_flavor): 200 POST http://10.180.1.21/compute/v2.1/flavors 2.804s
2024-08-08 23:55:02.827 61549 INFO tempest.lib.common.rest_client [req-f89c537f-fdfb-4c9e-bce6-fd0c76c052cf req-f89c537f-fdfb-4c9e-bce6-fd0c76c052cf ] Request (HostsAdminTestJSON:tearDownClass): 200 GET http://10.180.1.21:9696/networking/v2.0/security-groups?tenant_id=42eae5c1668849468093cc37832dda6f&name=default 0.272s
2024-08-08 23:55:02.852 61550 INFO tempest.lib.common.rest_client [req-a8437e70-8cbc-4a32-a895-baca56d60544 req-a8437e70-8cbc-4a32-a895-baca56d60544 ] Request (ImagesOneServerTestJSON:setUpClass): 200 GET http://10.180.1.21/compute/v2.1/servers/47972586-e9ab-4cf9-b229-a013fe76867f 2.993s
2024-08-08 23:55:02.858 61550 INFO tempest.common.waiters [-] State transition "BUILD/None" ==> "BUILD/spawning" after 4 second wait
2024-08-08 23:55:02.980 61531 INFO tempest.lib.common.rest_client [req-8ded4eb9-b2c4-4709-bd26-eac49ec283cb req-8ded4eb9-b2c4-4709-bd26-eac49ec283cb ] Request (QuotasAdminTestJSON:test_get_updated_quotas): 200 GET http://10.180.1.21/compute/v2.1/os-quota-sets/88567e903e9a4691ac4c3961e37aa2cd/detail 3.036s
2024-08-08 23:55:03.005 61531 INFO tempest.lib.common.rest_client [req-92b2e38d-1718-4836-913f-b3d20c76d334 req-92b2e38d-1718-4836-913f-b3d20c76d334 ] Request (QuotasAdminTestJSON:test_get_updated_quotas): 200 GET http://10.180.1.21/identity/v3/domains?name=Default 0.020s
2024-08-08 23:55:03.034 61531 INFO tempest.lib.common.rest_client [req-0cb2aa33-f505-4a0c-9bf5-9fb2b31f6a32 req-0cb2aa33-f505-4a0c-9bf5-9fb2b31f6a32 ] Request (QuotasAdminTestJSON:test_get_updated_quotas): 201 POST http://10.180.1.21/identity/v3/users 0.028s
2024-08-08 23:55:03.057 61513 INFO tempest.lib.common.rest_client [req-0a4eca88-9d30-4256-b3e3-1397bf887bdc req-0a4eca88-9d30-4256-b3e3-1397bf887bdc ] Request (ValidationResourcesFixture:setUp): 201 POST http://10.180.1.21:9696/networking/v2.0/floatingips 0.532s
2024-08-08 23:55:03.061 61531 INFO tempest.lib.common.rest_client [req-506fb997-db37-4604-9726-0f8fd3ae7e34 req-506fb997-db37-4604-9726-0f8fd3ae7e34 ] Request (QuotasAdminTestJSON:test_get_updated_quotas): 200 GET http://10.180.1.21/identity/v3/domains?name=Default 0.026s
2024-08-08 23:55:03.084 61538 INFO tempest.lib.common.rest_client [req-de37da9e-5faa-411e-969d-137c340e053e req-de37da9e-5faa-411e-969d-137c340e053e ] Request (ServerActionsV293TestJSON:setUpClass): 200 GET http://10.180.1.21/volume/v3/4dbcf893da65412fb00eb9e497d082f8/volumes/5ed9501e-a4cf-42ba-9333-7f52172bd32c 0.026s
2024-08-08 23:55:03.130 61513 INFO tempest.lib.common.rest_client [req-637c02f6-cbfc-44c2-8712-3d9c564db641 req-637c02f6-cbfc-44c2-8712-3d9c564db641 ] Request (ServersWithSpecificFlavorTestJSON:test_verify_created_server_ephemeral_disk): 201 POST http://10.180.1.21/identity/v3/auth/tokens 0.065s
2024-08-08 23:55:03.130 61513 INFO tempest.lib.common.fixed_network [-] (ServersWithSpecificFlavorTestJSON:test_verify_created_server_ephemeral_disk) Found network {'id': '9e776d29-bcfd-4580-9c3e-a95bc07f31c1', 'name': 'tempest-ServersWithSpecificFlavorTestJSON-42707713-network', 'tenant_id': '0f70a919c9c34b909944f0f90ae8f977', 'admin_state_up': True, 'mtu': 8950, 'status': 'ACTIVE', 'subnets': [], 'shared': False, 'project_id': '0f70a919c9c34b909944f0f90ae8f977', 'port_security_enabled': True, 'router:external': False, 'provider:network_type': 'vlan', 'provider:physical_network': 'default', 'provider:segmentation_id': 63, 'is_default': False, 'availability_zone_hints': [], 'availability_zones': [], 'ipv4_address_scope': None, 'ipv6_address_scope': None, 'description': '', 'tags': [], 'created_at': '2024-08-08T23:54:30Z', 'updated_at': '2024-08-08T23:54:30Z', 'revision_number': 1} available for tenant
2024-08-08 23:55:03.155 61549 INFO tempest.lib.common.rest_client [req-0658a19b-72c5-4c67-8db6-5812167e7a78 req-0658a19b-72c5-4c67-8db6-5812167e7a78 ] Request (HostsAdminTestJSON:tearDownClass): 204 DELETE http://10.180.1.21:9696/networking/v2.0/security-groups/ff4de82d-1e13-4d67-ae74-92d6ba5a2201 0.328s
2024-08-08 23:55:03.240 61549 INFO tempest.lib.common.rest_client [req-a726f9a5-517d-44fc-97ba-4315bebbcd8b req-a726f9a5-517d-44fc-97ba-4315bebbcd8b ] Request (HostsAdminTestJSON:tearDownClass): 204 DELETE http://10.180.1.21/identity/v3/projects/42eae5c1668849468093cc37832dda6f 0.084s
2024-08-08 23:55:03.240 61549 INFO tempest.lib.common.dynamic_creds [-] Deleting project and security group for project: a2c30148b1664ee9b17fb89561168622
2024-08-08 23:55:03.358 61549 INFO tempest.lib.common.rest_client [req-0741d3b0-053b-41ef-9dfe-d1471e26c2fe req-0741d3b0-053b-41ef-9dfe-d1471e26c2fe ] Request (HostsAdminTestJSON:tearDownClass): 200 GET http://10.180.1.21:9696/networking/v2.0/security-groups?tenant_id=a2c30148b1664ee9b17fb89561168622&name=default 0.117s
2024-08-08 23:55:03.425 61527 INFO tempest.lib.common.rest_client [req-62cb8b46-b4fb-45d1-815a-402682cafd1e req-62cb8b46-b4fb-45d1-815a-402682cafd1e ] Request (SecurityGroupsTestAdminJSON:test_list_security_groups_list_all_tenants_filter): 200 GET http://10.180.1.21/compute/v2.1/os-security-groups?all_tenants=true 10.925s
2024-08-08 23:55:03.446 61521 INFO tempest.lib.common.rest_client [req-f0513928-eabd-4bee-a13b-c280f9d5f526 req-f0513928-eabd-4bee-a13b-c280f9d5f526 ] Request (InstanceActionsV221TestJSON:test_get_list_deleted_instance_actions): 202 POST http://10.180.1.21/compute/v2.1/servers 3.388s
2024-08-08 23:55:03.502 61512 INFO tempest.lib.common.rest_client [req-62d1f447-0b2c-4a82-84a9-ea7f3e89b430 req-62d1f447-0b2c-4a82-84a9-ea7f3e89b430 ] Request (FloatingIPsAssociationNegativeTestJSON:setUpClass): 200 GET http://10.180.1.21/compute/v2.1/servers/52998f1c-771e-4e8d-b7f7-929a1961262a 2.814s
2024-08-08 23:55:03.510 61510 INFO tempest.lib.common.rest_client [req-3b09adcc-c6aa-4826-9006-d5d4edd913e9 req-3b09adcc-c6aa-4826-9006-d5d4edd913e9 ] Request (InstanceActionsNegativeTestJSON:setUpClass): 200 GET http://10.180.1.21/compute/v2.1/servers/8f16eb3b-049b-4d6f-8d5c-cd96018ad6d3 3.325s
2024-08-08 23:55:03.518 61510 INFO tempest.common.waiters [-] State transition "BUILD/None" ==> "BUILD/networking" after 4 second wait
2024-08-08 23:55:03.600 61508 INFO tempest.lib.common.rest_client [req-0b09de3f-b2cc-420b-8ac4-f7c591c8de62 req-0b09de3f-b2cc-420b-8ac4-f7c591c8de62 ] Request (SecurityGroupsTestJSON:test_list_security_groups_by_server): 200 GET http://10.180.1.21/compute/v2.1/servers/426ba769-ed3e-460e-8d20-e844b76ae641 2.849s
2024-08-08 23:55:03.642 61549 INFO tempest.lib.common.rest_client [req-4cb9cead-527f-4f53-aa1e-658f11ddda79 req-4cb9cead-527f-4f53-aa1e-658f11ddda79 ] Request (HostsAdminTestJSON:tearDownClass): 204 DELETE http://10.180.1.21:9696/networking/v2.0/security-groups/e7bc9cca-62aa-498d-be11-d7fa4c288198 0.283s
2024-08-08 23:55:03.667 61499 INFO tempest.lib.common.rest_client [req-ffb7adaa-81b3-4fb2-8205-9d502643b859 req-ffb7adaa-81b3-4fb2-8205-9d502643b859 ] Request (DeleteServersAdminTestJSON:test_admin_delete_servers_of_others): 200 GET http://10.180.1.21/compute/v2.1/servers/a963f18b-a8d3-48a8-8a95-23e2c36b9281 2.838s
2024-08-08 23:55:03.714 61541 INFO tempest.lib.common.rest_client [req-38917ba7-4a2e-44c6-a9e3-545bfb47eda9 req-38917ba7-4a2e-44c6-a9e3-545bfb47eda9 ] Request (ComputeTenantNetworksTest:test_list_show_tenant_networks): 200 GET http://10.180.1.21/compute/v2.1/os-tenant-networks/bccb5fb8-0a88-4f9d-94e3-d97052d3ef14 2.673s
2024-08-08 23:55:03.715 61523 INFO tempest.lib.common.rest_client [req-a1ab1774-718e-4248-8b09-31a08f90514a req-a1ab1774-718e-4248-8b09-31a08f90514a ] Request (ImagesMetadataTestJSON:setUp): 200 PUT http://10.180.1.21/compute/v2.1/images/260bdc28-5ac1-4c18-a03c-f93472b50258/metadata 2.975s
2024-08-08 23:55:03.741 61549 INFO tempest.lib.common.rest_client [req-75ee125c-9944-45cf-85fe-35c9a95f61be req-75ee125c-9944-45cf-85fe-35c9a95f61be ] Request (HostsAdminTestJSON:tearDownClass): 204 DELETE http://10.180.1.21/identity/v3/projects/a2c30148b1664ee9b17fb89561168622 0.099s
2024-08-08 23:55:03.770 61493 INFO tempest.lib.common.rest_client [req-146f14e2-6efd-49d4-a725-9667cb855d39 req-146f14e2-6efd-49d4-a725-9667cb855d39 ] Request (ServersAdminTestJSON:setUpClass): 200 GET http://10.180.1.21/compute/v2.1/servers/aaf40fd4-3e55-4aa0-8d33-5ccc7dd4e3d1 2.414s
2024-08-08 23:55:03.791 61525 INFO tempest.lib.common.rest_client [req-b5ed6c6d-8042-4d77-afb4-695a4d8090bb req-b5ed6c6d-8042-4d77-afb4-695a4d8090bb ] Request (HypervisorAdminUnderV252Test:test_search_hypervisor): 200 GET http://10.180.1.21/compute/v2.1/os-hypervisors 2.391s
2024-08-08 23:55:03.798 61549 INFO tempest.lib.common.rest_client [req-aa46f811-4db9-47e0-aa99-f5cd8a4d5613 req-aa46f811-4db9-47e0-aa99-f5cd8a4d5613 ] Request (ServerDiskConfigTestJSON:setUpClass): 201 POST http://10.180.1.21/identity/v3/auth/tokens 0.055s
2024-08-08 23:55:03.825 61549 INFO tempest.lib.common.rest_client [req-f9fd6e69-04e3-40eb-804f-cc70b36e378e req-f9fd6e69-04e3-40eb-804f-cc70b36e378e ] Request (ServerDiskConfigTestJSON:setUpClass): 201 POST http://10.180.1.21/identity/v3/auth/tokens 0.025s
2024-08-08 23:55:03.845 61549 INFO tempest.lib.common.rest_client [req-90b9ff7d-f531-48a1-b901-8a8828866a60 req-90b9ff7d-f531-48a1-b901-8a8828866a60 ] Request (ServerDiskConfigTestJSON:setUpClass): 200 GET http://10.180.1.21/identity/v3/domains?name=Default 0.019s
2024-08-08 23:55:03.864 61555 INFO tempest.lib.common.rest_client [req-8a7fa17f-b135-4fab-819c-b85a518ebf39 req-8a7fa17f-b135-4fab-819c-b85a518ebf39 ] Request (ServerDiagnosticsNegativeTest:test_get_server_diagnostics_by_non_admin): 200 GET http://10.180.1.21/compute/v2.1/servers/abaee9f0-113b-47b1-8364-3361e85a9aff 2.168s
2024-08-08 23:55:03.868 61549 INFO tempest.lib.common.rest_client [req-37f6cd77-4b21-4d8c-aeb1-1c26e85c6534 req-37f6cd77-4b21-4d8c-aeb1-1c26e85c6534 ] Request (ServerDiskConfigTestJSON:setUpClass): 201 POST http://10.180.1.21/identity/v3/projects 0.023s
2024-08-08 23:55:03.915 61501 INFO tempest.lib.common.rest_client [req-ec250ead-bdcd-45e6-98ff-18eed213a170 req-ec250ead-bdcd-45e6-98ff-18eed213a170 ] Request (ServerGroupTestJSON:setUp): 200 POST http://10.180.1.21/compute/v2.1/os-server-groups 2.606s
2024-08-08 23:55:03.916 61529 INFO tempest.lib.common.rest_client [req-540aab26-5688-4db1-a63d-7117b3040003 req-540aab26-5688-4db1-a63d-7117b3040003 ] Request (SecurityGroupRulesNegativeTestJSON:test_create_security_group_rule_duplicate): 400 POST http://10.180.1.21/compute/v2.1/os-security-group-rules 2.038s
2024-08-08 23:55:03.927 61549 INFO tempest.lib.common.rest_client [req-09c20029-319f-4a0b-90db-95c5af88da47 req-09c20029-319f-4a0b-90db-95c5af88da47 ] Request (ServerDiskConfigTestJSON:setUpClass): 201 POST http://10.180.1.21/identity/v3/users 0.059s
2024-08-08 23:55:03.946 61549 INFO tempest.lib.common.rest_client [req-899d9c67-4a29-43b9-bc4d-017c80984499 req-899d9c67-4a29-43b9-bc4d-017c80984499 ] Request (ServerDiskConfigTestJSON:setUpClass): 200 GET http://10.180.1.21/identity/v3/roles 0.018s
2024-08-08 23:55:03.986 61549 INFO tempest.lib.common.rest_client [req-44744bac-b84a-4c8c-9166-04a5bd07ef5a req-44744bac-b84a-4c8c-9166-04a5bd07ef5a ] Request (ServerDiskConfigTestJSON:setUpClass): 204 PUT http://10.180.1.21/identity/v3/projects/2f2fb75427194b0ba7e6bd52c9e04237/users/bd6bded82e134f6ba14f889237c1013e/roles/9e41efe1a9ee46e5b70e760c5a98224e 0.040s
2024-08-08 23:55:03.986 61549 INFO tempest.lib.common.dynamic_creds [-] Dynamic test user bd6bded82e134f6ba14f889237c1013e is created with scope project and roles: ['member']
2024-08-08 23:55:03.987 61549 INFO tempest.lib.common.dynamic_creds [-] Acquired dynamic creds: credentials: Credentials: {'domain_id': 'default', 'domain_name': 'Default', 'username': 'tempest-ServerDiskConfigTestJSON-737994980-project-member', 'project_domain_id': 'default', 'project_domain_name': 'Default', 'project_id': '2f2fb75427194b0ba7e6bd52c9e04237', 'project_name': 'tempest-ServerDiskConfigTestJSON-737994980', 'tenant_id': '2f2fb75427194b0ba7e6bd52c9e04237', 'tenant_name': 'tempest-ServerDiskConfigTestJSON-737994980', 'user_domain_id': 'default', 'user_domain_name': 'Default', 'user_id': 'bd6bded82e134f6ba14f889237c1013e', 'system': None}, Network: None, Subnet: None, Router: None
2024-08-08 23:55:03.992 61495 INFO tempest.lib.common.rest_client [req-5b404fe6-a6f6-4455-b972-dcc725d6eb61 req-5b404fe6-a6f6-4455-b972-dcc725d6eb61 ] Request (ServerDiagnosticsTest:test_get_server_diagnostics): 200 GET http://10.180.1.21/compute/v2.1/servers/96b81f62-ecdd-4eae-b713-dc07d2086ffa 2.079s
2024-08-08 23:55:03.997 61541 INFO tempest.lib.common.rest_client [req-724d1b7a-27e9-4814-97af-4a1b935bdad1 req-724d1b7a-27e9-4814-97af-4a1b935bdad1 ] Request (ComputeTenantNetworksTest:tearDownClass): 204 DELETE http://10.180.1.21:9696/networking/v2.0/networks/bccb5fb8-0a88-4f9d-94e3-d97052d3ef14 0.281s
2024-08-08 23:55:04.038 61549 INFO tempest.lib.common.rest_client [req-9b957298-00f3-485c-a87a-a515dc8a9b41 req-9b957298-00f3-485c-a87a-a515dc8a9b41 ] Request (ServerDiskConfigTestJSON:setUpClass): 201 POST http://10.180.1.21/identity/v3/auth/tokens 0.051s
2024-08-08 23:55:04.096 61547 INFO tempest.lib.common.rest_client [req-9e06dc50-a4c4-4093-986c-7b54a0a481eb req-9e06dc50-a4c4-4093-986c-7b54a0a481eb ] Request (QuotasAdminNegativeTest:_run_cleanups): 200 PUT http://10.180.1.21/compute/v2.1/os-quota-sets/434e28bb0ea54805b2a6fca7fa86be63 1.970s
2024-08-08 23:55:04.119 61517 INFO tempest.lib.common.rest_client [req-4d199d06-ef15-4a57-8f66-9f90f7294935 req-4d199d06-ef15-4a57-8f66-9f90f7294935 ] Request (AggregatesAdminNegativeTestJSON:test_aggregate_add_non_exist_host): 404 POST http://10.180.1.21/compute/v2.1/os-aggregates/3/action 1.969s
2024-08-08 23:55:04.120 61538 INFO tempest.lib.common.rest_client [req-765b3018-d85c-4e77-93b0-ecf288a4270a req-765b3018-d85c-4e77-93b0-ecf288a4270a ] Request (ServerActionsV293TestJSON:setUpClass): 200 GET http://10.180.1.21/volume/v3/4dbcf893da65412fb00eb9e497d082f8/volumes/5ed9501e-a4cf-42ba-9333-7f52172bd32c 0.029s
2024-08-08 23:55:04.130 61544 INFO tempest.lib.common.rest_client [req-24df71ba-4aa0-4ef7-bce5-2a7c86e9a0f8 req-24df71ba-4aa0-4ef7-bce5-2a7c86e9a0f8 ] Request (HypervisorAdminNegativeTestJSON:test_show_nonexistent_hypervisor): 404 GET http://10.180.1.21/compute/v2.1/os-hypervisors/7883172e-e5bb-4a16-8ef6-ee9035ae43d0 1.937s
2024-08-08 23:55:04.136 61541 INFO tempest.lib.common.rest_client [req-c721d5e5-08a9-4da6-b9f6-64ab81a25bf0 req-c721d5e5-08a9-4da6-b9f6-64ab81a25bf0 ] Request (ComputeTenantNetworksTest:tearDownClass): 204 DELETE http://10.180.1.21/identity/v3/users/b0700ba4141044e795947f412146f204 0.138s
2024-08-08 23:55:04.136 61541 INFO tempest.lib.common.dynamic_creds [-] Deleting project and security group for project: e5193a90c40c435cbe8c3d56574cf30d
2024-08-08 23:55:04.146 61535 INFO tempest.lib.common.rest_client [req-6be8ebb7-ff5c-4560-b4d3-a6e55ffe0d84 req-6be8ebb7-ff5c-4560-b4d3-a6e55ffe0d84 ] Request (FlavorsAdminTestJSON:_run_cleanups): 202 DELETE http://10.180.1.21/compute/v2.1/flavors/1528586812 1.934s
2024-08-08 23:55:04.155 61503 INFO tempest.lib.common.rest_client [req-ceb9aeaa-8b69-475e-9911-8267f56e0bf9 req-ceb9aeaa-8b69-475e-9911-8267f56e0bf9 ] Request (VolumesAssistedSnapshotsTest:test_volume_assisted_snapshot_create_delete): 200 POST http://10.180.1.21/compute/v2.1/os-keypairs 2.012s
2024-08-08 23:55:04.172 61557 INFO tempest.lib.common.rest_client [req-f83ad18f-b32c-4b8e-a7e5-d0356be856df req-f83ad18f-b32c-4b8e-a7e5-d0356be856df ] Request (KeyPairsV2TestJSON:test_keypair_create_delete): 200 POST http://10.180.1.21/compute/v2.1/os-keypairs 1.625s
2024-08-08 23:55:04.179 61533 INFO tempest.lib.common.rest_client [req-debb6616-f4a7-4d34-a8e2-271794c9357a req-debb6616-f4a7-4d34-a8e2-271794c9357a ] Request (FlavorsAccessTestJSON:test_flavor_access_list_with_private_flavor): 200 GET http://10.180.1.21/compute/v2.1/flavors/1637612302/os-flavor-access 1.613s
2024-08-08 23:55:04.183 61515 INFO tempest.lib.common.rest_client [req-ebfd6857-f32e-40b2-9e77-7cc2e241887f req-ebfd6857-f32e-40b2-9e77-7cc2e241887f ] Request (FlavorsAccessNegativeTestJSON:test_flavor_access_list_with_public_flavor): 404 GET http://10.180.1.21/compute/v2.1/flavors/1804597424/os-flavor-access 1.605s
2024-08-08 23:55:04.207 61541 INFO tempest.lib.common.rest_client [req-62e03ed3-6faf-4b26-abc0-b56bda357237 req-62e03ed3-6faf-4b26-abc0-b56bda357237 ] Request (ComputeTenantNetworksTest:tearDownClass): 200 GET http://10.180.1.21:9696/networking/v2.0/security-groups?tenant_id=e5193a90c40c435cbe8c3d56574cf30d&name=default 0.070s
2024-08-08 23:55:04.273 61544 INFO tempest.lib.common.rest_client [req-47e68668-4d33-4903-94ba-a9b14b2ec059 req-47e68668-4d33-4903-94ba-a9b14b2ec059 ] Request (HypervisorAdminNegativeTestJSON:tearDownClass): 204 DELETE http://10.180.1.21/identity/v3/users/32d9a4d36a6b46bf9b9c80b7c2df3fc2 0.142s
2024-08-08 23:55:04.374 61544 INFO tempest.lib.common.rest_client [req-e21dc590-8121-436f-bcbe-ca373994a9b5 req-e21dc590-8121-436f-bcbe-ca373994a9b5 ] Request (HypervisorAdminNegativeTestJSON:tearDownClass): 204 DELETE http://10.180.1.21/identity/v3/users/b3116abc568c41178487af96e33e696e 0.101s
2024-08-08 23:55:04.374 61544 INFO tempest.lib.common.dynamic_creds [-] Deleting project and security group for project: e20ac13796bb4dfdb07d187935157fca
2024-08-08 23:55:04.429 61531 INFO tempest.lib.common.rest_client [req-ba197ea5-cc75-4f56-b2c1-e1bbc0c5a709 req-ba197ea5-cc75-4f56-b2c1-e1bbc0c5a709 ] Request (QuotasAdminTestJSON:test_get_updated_quotas): 200 PUT http://10.180.1.21/compute/v2.1/os-quota-sets/88567e903e9a4691ac4c3961e37aa2cd?user_id=7364c9acd8674dea8ceaf252d9462625 1.368s
2024-08-08 23:55:04.446 61544 INFO tempest.lib.common.rest_client [req-0650c86d-a39d-4a70-b880-ecbe26216899 req-0650c86d-a39d-4a70-b880-ecbe26216899 ] Request (HypervisorAdminNegativeTestJSON:tearDownClass): 201 POST http://10.180.1.21/identity/v3/auth/tokens 0.071s
2024-08-08 23:55:04.503 61542 INFO tempest.lib.common.rest_client [req-eba88eca-a400-4927-9c09-198f0443ed95 req-eba88eca-a400-4927-9c09-198f0443ed95 ] Request (MigrationsAdminTest:test_list_migrations_in_flavor_resize_situation): 200 GET http://10.180.1.21/compute/v2.1/servers/25692eab-bf65-47de-8863-48e203714c55 1.154s
2024-08-08 23:55:04.540 61503 INFO tempest.lib.common.rest_client [req-ae55db39-0332-432e-b965-72598570ca1f req-ae55db39-0332-432e-b965-72598570ca1f ] Request (VolumesAssistedSnapshotsTest:test_volume_assisted_snapshot_create_delete): 201 POST http://10.180.1.21:9696/networking/v2.0/security-groups 0.383s
2024-08-08 23:55:04.580 61541 INFO tempest.lib.common.rest_client [req-4213a40a-9dfc-4ccf-a96d-864f45367f71 req-4213a40a-9dfc-4ccf-a96d-864f45367f71 ] Request (ComputeTenantNetworksTest:tearDownClass): 204 DELETE http://10.180.1.21:9696/networking/v2.0/security-groups/d215a8c3-0ff0-4a04-95cb-9e8cde900738 0.373s
2024-08-08 23:55:04.581 61505 INFO tempest.lib.common.rest_client [req-2bdfe904-8eb5-49f8-942b-8cda6e36244c req-2bdfe904-8eb5-49f8-942b-8cda6e36244c ] Request (TenantUsagesTestJSON:setUpClass): 200 GET http://10.180.1.21/compute/v2.1/servers/140d64e9-ca6d-4788-8d43-7aa792e69240 1.154s
2024-08-08 23:55:04.664 61541 INFO tempest.lib.common.rest_client [req-a16d1d26-abd2-49d0-9990-19fad75929de req-a16d1d26-abd2-49d0-9990-19fad75929de ] Request (ComputeTenantNetworksTest:tearDownClass): 204 DELETE http://10.180.1.21/identity/v3/projects/e5193a90c40c435cbe8c3d56574cf30d 0.083s
2024-08-08 23:55:04.665 61541 INFO tempest.test [-] raised in AttachVolumeMultiAttachTest.setUpClass. Invoking tearDownClass.
2024-08-08 23:55:04.668 61549 INFO tempest.lib.common.rest_client [req-079e1763-909c-4e43-bd43-7e7b73b6a579 req-079e1763-909c-4e43-bd43-7e7b73b6a579 ] Request (ServerDiskConfigTestJSON:setUpClass): 201 POST http://10.180.1.21:9696/networking/v2.0/networks 0.629s
2024-08-08 23:55:04.803 61544 INFO tempest.lib.common.rest_client [req-a3bcd68b-f204-4065-a489-6abb923fd7f2 req-a3bcd68b-f204-4065-a489-6abb923fd7f2 ] Request (HypervisorAdminNegativeTestJSON:tearDownClass): 200 GET http://10.180.1.21:9696/networking/v2.0/security-groups?tenant_id=e20ac13796bb4dfdb07d187935157fca&name=default 0.357s
2024-08-08 23:55:04.859 61503 INFO tempest.lib.common.rest_client [req-fbefee45-7a02-4326-8ac2-c700ec78ebc1 req-fbefee45-7a02-4326-8ac2-c700ec78ebc1 ] Request (VolumesAssistedSnapshotsTest:test_volume_assisted_snapshot_create_delete): 201 POST http://10.180.1.21:9696/networking/v2.0/security-group-rules 0.319s
2024-08-08 23:55:04.884 61513 INFO tempest.lib.common.rest_client [req-5a859351-4998-4b10-aa13-a7224aadff1c req-5a859351-4998-4b10-aa13-a7224aadff1c ] Request (ServersWithSpecificFlavorTestJSON:test_verify_created_server_ephemeral_disk): 202 POST http://10.180.1.21/compute/v2.1/servers 1.753s
2024-08-08 23:55:04.940 61549 INFO tempest.lib.common.rest_client [req-f1832c1a-7ddd-4ead-a73d-447dea80dbcd req-f1832c1a-7ddd-4ead-a73d-447dea80dbcd ] Request (ServerDiskConfigTestJSON:setUpClass): 201 POST http://10.180.1.21:9696/networking/v2.0/subnets 0.271s
2024-08-08 23:55:04.946 61527 INFO tempest.lib.common.rest_client [req-622d5848-da26-4637-87f6-5f07be1299e7 req-622d5848-da26-4637-87f6-5f07be1299e7 ] Request (SecurityGroupsTestAdminJSON:test_list_security_groups_list_all_tenants_filter): 200 GET http://10.180.1.21/compute/v2.1/os-security-groups?all_tenants=true 1.513s
2024-08-08 23:55:04.974 61521 INFO tempest.lib.common.rest_client [req-28b07500-aecd-4a32-be3e-2908ea44ba74 req-28b07500-aecd-4a32-be3e-2908ea44ba74 ] Request (InstanceActionsV221TestJSON:test_get_list_deleted_instance_actions): 200 GET http://10.180.1.21/compute/v2.1/servers/49d41343-b29d-4b20-a8eb-d982499e733c 1.526s
2024-08-08 23:55:04.985 61544 INFO tempest.lib.common.rest_client [req-f00a7b0d-46c7-4c1d-a557-d6bd9cd99806 req-f00a7b0d-46c7-4c1d-a557-d6bd9cd99806 ] Request (HypervisorAdminNegativeTestJSON:tearDownClass): 204 DELETE http://10.180.1.21:9696/networking/v2.0/security-groups/f48486ae-608d-4851-995a-f8db2a4f7ee9 0.181s
2024-08-08 23:55:05.047 61503 INFO tempest.lib.common.rest_client [req-af628e79-bfeb-4c91-ac05-cfc2de2a7c34 req-af628e79-bfeb-4c91-ac05-cfc2de2a7c34 ] Request (VolumesAssistedSnapshotsTest:test_volume_assisted_snapshot_create_delete): 201 POST http://10.180.1.21:9696/networking/v2.0/security-group-rules 0.187s
2024-08-08 23:55:05.070 61552 INFO tempest.lib.common.rest_client [req-61941576-99dc-43fa-8014-c33f1f06747b req-61941576-99dc-43fa-8014-c33f1f06747b ] Request (ServerDiagnosticsV248Test:test_get_server_diagnostics): 200 GET http://10.180.1.21/compute/v2.1/servers/96dfa195-6131-4851-bbf7-b8fa8855b52c 1.536s
2024-08-08 23:55:05.095 61544 INFO tempest.lib.common.rest_client [req-3174a5bb-f560-4733-8d04-9b93fc05bf3e req-3174a5bb-f560-4733-8d04-9b93fc05bf3e ] Request (HypervisorAdminNegativeTestJSON:tearDownClass): 204 DELETE http://10.180.1.21/identity/v3/projects/e20ac13796bb4dfdb07d187935157fca 0.110s
2024-08-08 23:55:05.096 61544 INFO tempest.lib.common.dynamic_creds [-] Deleting project and security group for project: b57ed5e9e77e4012a873d77de3329e55
2024-08-08 23:55:05.098 61525 INFO tempest.lib.common.rest_client [req-7056e1c7-6e73-4283-a157-2d351aef9c00 req-7056e1c7-6e73-4283-a157-2d351aef9c00 ] Request (HypervisorAdminUnderV252Test:test_search_hypervisor): 200 GET http://10.180.1.21/compute/v2.1/os-hypervisors/domain-c8.fc996f14-c53b-4953-92e3-bdfa48f5cc28/search 1.305s
2024-08-08 23:55:05.155 61538 INFO tempest.lib.common.rest_client [req-b46dea6b-7f90-47d1-b473-0f565e4566d0 req-b46dea6b-7f90-47d1-b473-0f565e4566d0 ] Request (ServerActionsV293TestJSON:setUpClass): 200 GET http://10.180.1.21/volume/v3/4dbcf893da65412fb00eb9e497d082f8/volumes/5ed9501e-a4cf-42ba-9333-7f52172bd32c 0.027s
2024-08-08 23:55:05.162 61538 INFO tempest.common.waiters [-] volume 5ed9501e-a4cf-42ba-9333-7f52172bd32c reached available after waiting for 19.161393 seconds
2024-08-08 23:55:05.185 61523 INFO tempest.lib.common.rest_client [req-c52aad42-567b-4917-abce-73f8831eddb0 req-c52aad42-567b-4917-abce-73f8831eddb0 ] Request (ImagesMetadataTestJSON:test_delete_image_metadata_item): 204 DELETE http://10.180.1.21/compute/v2.1/images/260bdc28-5ac1-4c18-a03c-f93472b50258/metadata/os_version 1.470s
2024-08-08 23:55:05.208 61525 INFO tempest.lib.common.rest_client [req-8d0de122-082f-4bcc-8865-606c62e27a33 req-8d0de122-082f-4bcc-8865-606c62e27a33 ] Request (HypervisorAdminUnderV252Test:tearDownClass): 204 DELETE http://10.180.1.21/identity/v3/users/bd4d89eee8b04ae9baa68e8d3a1af403 0.106s
2024-08-08 23:55:05.281 61550 INFO tempest.lib.common.rest_client [req-e34eb122-c952-43b7-91b1-011cc9c4f41d req-e34eb122-c952-43b7-91b1-011cc9c4f41d ] Request (ImagesOneServerTestJSON:setUpClass): 200 GET http://10.180.1.21/compute/v2.1/servers/47972586-e9ab-4cf9-b229-a013fe76867f 1.422s
2024-08-08 23:55:05.291 61525 INFO tempest.lib.common.rest_client [req-de04eb25-b269-4c76-ad1f-9f8441057039 req-de04eb25-b269-4c76-ad1f-9f8441057039 ] Request (HypervisorAdminUnderV252Test:tearDownClass): 204 DELETE http://10.180.1.21/identity/v3/users/30864c888a404be3a80b814b7a59b16d 0.083s
2024-08-08 23:55:05.291 61525 INFO tempest.lib.common.dynamic_creds [-] Deleting project and security group for project: a5fb95a44d0f48769eac06a0770791ad
2024-08-08 23:55:05.340 61501 INFO tempest.lib.common.rest_client [req-e58a7c1c-da84-4c97-bfe2-86f93ccf16cb req-e58a7c1c-da84-4c97-bfe2-86f93ccf16cb ] Request (ServerGroupTestJSON:test_create_delete_multiple_server_groups_with_same_name_policy): 200 POST http://10.180.1.21/compute/v2.1/os-server-groups 1.423s
2024-08-08 23:55:05.347 61525 INFO tempest.lib.common.rest_client [req-67c9b5c1-047d-472a-85cf-e2d36007743a req-67c9b5c1-047d-472a-85cf-e2d36007743a ] Request (HypervisorAdminUnderV252Test:tearDownClass): 201 POST http://10.180.1.21/identity/v3/auth/tokens 0.056s
2024-08-08 23:55:05.429 61529 INFO tempest.lib.common.rest_client [req-332356d2-deef-4771-b116-a11cbdb4adbd req-332356d2-deef-4771-b116-a11cbdb4adbd ] Request (SecurityGroupRulesNegativeTestJSON:_run_cleanups): 202 DELETE http://10.180.1.21/compute/v2.1/os-security-group-rules/17b86469-e5cb-4eb9-9eda-76872f25dca2 1.512s
2024-08-08 23:55:05.453 61544 INFO tempest.lib.common.rest_client [req-bd0327a9-37f9-409c-b9b9-7b4dad5eba82 req-bd0327a9-37f9-409c-b9b9-7b4dad5eba82 ] Request (HypervisorAdminNegativeTestJSON:tearDownClass): 200 GET http://10.180.1.21:9696/networking/v2.0/security-groups?tenant_id=b57ed5e9e77e4012a873d77de3329e55&name=default 0.357s
2024-08-08 23:55:05.466 61517 INFO tempest.lib.common.rest_client [req-839f40ac-6230-43c3-8a9e-8cee7ad6465a req-839f40ac-6230-43c3-8a9e-8cee7ad6465a ] Request (AggregatesAdminNegativeTestJSON:_run_cleanups): 200 DELETE http://10.180.1.21/compute/v2.1/os-aggregates/3 1.346s
2024-08-08 23:55:05.468 61547 INFO tempest.lib.common.rest_client [req-14310220-7048-4716-8444-bfa5fcd666cc req-14310220-7048-4716-8444-bfa5fcd666cc ] Request (QuotasAdminNegativeTest:test_create_server_when_memory_quota_is_full): 200 GET http://10.180.1.21/compute/v2.1/os-quota-sets/434e28bb0ea54805b2a6fca7fa86be63 1.370s
2024-08-08 23:55:05.490 61535 INFO tempest.lib.common.rest_client [req-43b5c2af-1ee9-47fe-92fd-f1100607e7e5 req-43b5c2af-1ee9-47fe-92fd-f1100607e7e5 ] Request (FlavorsAdminTestJSON:_run_cleanups): 200 GET http://10.180.1.21/compute/v2.1/flavors/detail 1.344s
2024-08-08 23:55:05.502 61557 INFO tempest.lib.common.rest_client [req-698cc06e-dcb7-4712-8f5a-6064fb688779 req-698cc06e-dcb7-4712-8f5a-6064fb688779 ] Request (KeyPairsV2TestJSON:_run_cleanups): 202 DELETE http://10.180.1.21/compute/v2.1/os-keypairs/tempest-keypair-1955438320 1.328s
2024-08-08 23:55:05.508 61533 INFO tempest.lib.common.rest_client [req-36bf3d0f-1c62-4421-bd06-771ef5917c8e req-36bf3d0f-1c62-4421-bd06-771ef5917c8e ] Request (FlavorsAccessTestJSON:_run_cleanups): 202 DELETE http://10.180.1.21/compute/v2.1/flavors/1637612302 1.327s
2024-08-08 23:55:05.524 61515 INFO tempest.lib.common.rest_client [req-caec7e09-a2eb-4bb8-93f3-8a22f80b929e req-caec7e09-a2eb-4bb8-93f3-8a22f80b929e ] Request (FlavorsAccessNegativeTestJSON:_run_cleanups): 202 DELETE http://10.180.1.21/compute/v2.1/flavors/1804597424 1.340s
2024-08-08 23:55:05.613 61531 INFO tempest.lib.common.rest_client [req-a3aab115-8e8a-4804-8139-3c2edb88499a req-a3aab115-8e8a-4804-8139-3c2edb88499a ] Request (QuotasAdminTestJSON:test_get_updated_quotas): 200 GET http://10.180.1.21/compute/v2.1/os-quota-sets/88567e903e9a4691ac4c3961e37aa2cd?user_id=7364c9acd8674dea8ceaf252d9462625 1.182s
2024-08-08 23:55:05.634 61512 INFO tempest.lib.common.rest_client [req-a3a4ed55-ca07-4803-9b49-be247bf41ce6 req-a3a4ed55-ca07-4803-9b49-be247bf41ce6 ] Request (FloatingIPsAssociationNegativeTestJSON:setUpClass): 200 GET http://10.180.1.21/compute/v2.1/servers/52998f1c-771e-4e8d-b7f7-929a1961262a 1.124s
2024-08-08 23:55:05.659 61525 INFO tempest.lib.common.rest_client [req-b24b39df-12fc-4c25-9106-60a1b502dc96 req-b24b39df-12fc-4c25-9106-60a1b502dc96 ] Request (HypervisorAdminUnderV252Test:tearDownClass): 200 GET http://10.180.1.21:9696/networking/v2.0/security-groups?tenant_id=a5fb95a44d0f48769eac06a0770791ad&name=default 0.312s
2024-08-08 23:55:05.677 61531 INFO tempest.lib.common.rest_client [req-31cfff31-5697-48d6-9682-305a834ddf88 req-31cfff31-5697-48d6-9682-305a834ddf88 ] Request (QuotasAdminTestJSON:_run_cleanups): 204 DELETE http://10.180.1.21/identity/v3/users/7364c9acd8674dea8ceaf252d9462625 0.062s
2024-08-08 23:55:05.693 61544 INFO tempest.lib.common.rest_client [req-24d8fc32-ba8e-4596-8d52-9d80541fd3ba req-24d8fc32-ba8e-4596-8d52-9d80541fd3ba ] Request (HypervisorAdminNegativeTestJSON:tearDownClass): 204 DELETE http://10.180.1.21:9696/networking/v2.0/security-groups/ccb4d150-9c61-4431-b6a7-cf620c60a425 0.239s
2024-08-08 23:55:05.697 61508 INFO tempest.lib.common.rest_client [req-85b74c47-6e9e-4326-a9e5-8e23350ee34c req-85b74c47-6e9e-4326-a9e5-8e23350ee34c ] Request (SecurityGroupsTestJSON:test_list_security_groups_by_server): 200 GET http://10.180.1.21/compute/v2.1/servers/426ba769-ed3e-460e-8d20-e844b76ae641 1.089s
2024-08-08 23:55:05.765 61499 INFO tempest.lib.common.rest_client [req-d1334cdc-a5c1-4427-9596-da7b606cdeac req-d1334cdc-a5c1-4427-9596-da7b606cdeac ] Request (DeleteServersAdminTestJSON:test_admin_delete_servers_of_others): 200 GET http://10.180.1.21/compute/v2.1/servers/a963f18b-a8d3-48a8-8a95-23e2c36b9281 1.084s
2024-08-08 23:55:05.789 61531 INFO tempest.lib.common.rest_client [req-610061f6-4f51-4fa9-bf85-4f8b63d25a92 req-610061f6-4f51-4fa9-bf85-4f8b63d25a92 ] Request (QuotasAdminTestJSON:_run_cleanups): 204 DELETE http://10.180.1.21/identity/v3/projects/88567e903e9a4691ac4c3961e37aa2cd 0.111s
2024-08-08 23:55:05.796 61544 INFO tempest.lib.common.rest_client [req-f7533b5a-29fe-470b-bc80-9b1183460193 req-f7533b5a-29fe-470b-bc80-9b1183460193 ] Request (HypervisorAdminNegativeTestJSON:tearDownClass): 204 DELETE http://10.180.1.21/identity/v3/projects/b57ed5e9e77e4012a873d77de3329e55 0.103s
2024-08-08 23:55:05.797 61544 INFO tempest.test [-] raised in LiveAutoBlockMigrationV225Test.setUpClass. Invoking tearDownClass.
2024-08-08 23:55:05.838 61493 INFO tempest.lib.common.rest_client [req-813a3c9f-e2cf-4ca1-84d4-c3422bdd4458 req-813a3c9f-e2cf-4ca1-84d4-c3422bdd4458 ] Request (ServersAdminTestJSON:setUpClass): 200 GET http://10.180.1.21/compute/v2.1/servers/aaf40fd4-3e55-4aa0-8d33-5ccc7dd4e3d1 1.061s
2024-08-08 23:55:05.863 61525 INFO tempest.lib.common.rest_client [req-64ed63e9-e2f8-4ede-8b42-56cdfda33861 req-64ed63e9-e2f8-4ede-8b42-56cdfda33861 ] Request (HypervisorAdminUnderV252Test:tearDownClass): 204 DELETE http://10.180.1.21:9696/networking/v2.0/security-groups/d677a6c0-f195-4aee-bfd4-e1fa34d590af 0.203s
2024-08-08 23:55:05.878 61544 INFO tempest.lib.common.rest_client [req-109eecf5-6e13-4c94-b572-b2b627cb2543 req-109eecf5-6e13-4c94-b572-b2b627cb2543 ] Request (NetworksTest:setUpClass): 201 POST http://10.180.1.21/identity/v3/auth/tokens 0.079s
2024-08-08 23:55:05.912 61555 INFO tempest.lib.common.rest_client [req-d9f3aafb-40b8-4675-955a-81b5b505fcd1 req-d9f3aafb-40b8-4675-955a-81b5b505fcd1 ] Request (ServerDiagnosticsNegativeTest:test_get_server_diagnostics_by_non_admin): 200 GET http://10.180.1.21/compute/v2.1/servers/abaee9f0-113b-47b1-8364-3361e85a9aff 1.040s
2024-08-08 23:55:05.917 61544 INFO tempest.lib.common.rest_client [req-6ba7df84-dddd-4b9b-b9fe-565c764aaa87 req-6ba7df84-dddd-4b9b-b9fe-565c764aaa87 ] Request (NetworksTest:setUpClass): 201 POST http://10.180.1.21/identity/v3/auth/tokens 0.036s
2024-08-08 23:55:05.937 61544 INFO tempest.lib.common.rest_client [req-a5b2ced2-55ac-421c-9503-f0ce6eec8828 req-a5b2ced2-55ac-421c-9503-f0ce6eec8828 ] Request (NetworksTest:setUpClass): 200 GET http://10.180.1.21/identity/v3/domains?name=Default 0.019s
2024-08-08 23:55:05.954 61525 INFO tempest.lib.common.rest_client [req-9387f18f-ca5d-40cf-861e-b2acb47413ff req-9387f18f-ca5d-40cf-861e-b2acb47413ff ] Request (HypervisorAdminUnderV252Test:tearDownClass): 204 DELETE http://10.180.1.21/identity/v3/projects/a5fb95a44d0f48769eac06a0770791ad 0.090s
2024-08-08 23:55:05.954 61525 INFO tempest.lib.common.dynamic_creds [-] Deleting project and security group for project: 43959d11ed7f4136a86fb42e4a32d2e5
2024-08-08 23:55:05.975 61513 INFO tempest.lib.common.rest_client [req-c7cc29a9-0d04-4b0f-8493-4fdcd775f2d2 req-c7cc29a9-0d04-4b0f-8493-4fdcd775f2d2 ] Request (ServersWithSpecificFlavorTestJSON:test_verify_created_server_ephemeral_disk): 200 GET http://10.180.1.21/compute/v2.1/servers/79f06adc-9894-4691-b25c-13780c01937c 1.089s
2024-08-08 23:55:05.996 61544 INFO tempest.lib.common.rest_client [req-5a256be9-20fd-47ec-bbdb-de3db54befc1 req-5a256be9-20fd-47ec-bbdb-de3db54befc1 ] Request (NetworksTest:setUpClass): 201 POST http://10.180.1.21/identity/v3/projects 0.058s
2024-08-08 23:55:06.034 61510 INFO tempest.lib.common.rest_client [req-bbd230ed-84ee-4ea7-b3ac-e5a917f11027 req-bbd230ed-84ee-4ea7-b3ac-e5a917f11027 ] Request (InstanceActionsNegativeTestJSON:setUpClass): 200 GET http://10.180.1.21/compute/v2.1/servers/8f16eb3b-049b-4d6f-8d5c-cd96018ad6d3 1.515s
2024-08-08 23:55:06.040 61510 INFO tempest.common.waiters [-] State transition "BUILD/networking" ==> "BUILD/spawning" after 7 second wait
2024-08-08 23:55:06.069 61544 INFO tempest.lib.common.rest_client [req-64e37360-21a2-424f-9ac1-ef9cece2d195 req-64e37360-21a2-424f-9ac1-ef9cece2d195 ] Request (NetworksTest:setUpClass): 201 POST http://10.180.1.21/identity/v3/users 0.073s
2024-08-08 23:55:06.071 61503 INFO tempest.lib.common.rest_client [req-e6427b71-4560-4bcd-bb6b-d8659377ddcb req-e6427b71-4560-4bcd-bb6b-d8659377ddcb ] Request (VolumesAssistedSnapshotsTest:test_volume_assisted_snapshot_create_delete): 201 POST http://10.180.1.21:9696/networking/v2.0/floatingips 1.023s
2024-08-08 23:55:06.091 61495 INFO tempest.lib.common.rest_client [req-ce1a723a-d0cc-41ea-bb16-36c241d86e79 req-ce1a723a-d0cc-41ea-bb16-36c241d86e79 ] Request (ServerDiagnosticsTest:test_get_server_diagnostics): 200 GET http://10.180.1.21/compute/v2.1/servers/96b81f62-ecdd-4eae-b713-dc07d2086ffa 1.090s
2024-08-08 23:55:06.096 61544 INFO tempest.lib.common.rest_client [req-549309b0-5fa9-4354-af9b-4550af92078a req-549309b0-5fa9-4354-af9b-4550af92078a ] Request (NetworksTest:setUpClass): 200 GET http://10.180.1.21/identity/v3/roles 0.026s
2024-08-08 23:55:06.135 61544 INFO tempest.lib.common.rest_client [req-b9fb8ac2-8d60-46ce-b5fc-8a7ee7f9fcd2 req-b9fb8ac2-8d60-46ce-b5fc-8a7ee7f9fcd2 ] Request (NetworksTest:setUpClass): 204 PUT http://10.180.1.21/identity/v3/projects/664b89cfaf4b4cca967c4d25b07a3305/users/434be072c0bd4ba19ad07d430ef7381d/roles/9e41efe1a9ee46e5b70e760c5a98224e 0.039s
2024-08-08 23:55:06.136 61544 INFO tempest.lib.common.dynamic_creds [-] Dynamic test user 434be072c0bd4ba19ad07d430ef7381d is created with scope project and roles: ['member']
2024-08-08 23:55:06.136 61544 INFO tempest.lib.common.dynamic_creds [-] Acquired dynamic creds: credentials: Credentials: {'domain_id': 'default', 'domain_name': 'Default', 'username': 'tempest-NetworksTest-1804356624-project-member', 'project_domain_id': 'default', 'project_domain_name': 'Default', 'project_id': '664b89cfaf4b4cca967c4d25b07a3305', 'project_name': 'tempest-NetworksTest-1804356624', 'tenant_id': '664b89cfaf4b4cca967c4d25b07a3305', 'tenant_name': 'tempest-NetworksTest-1804356624', 'user_domain_id': 'default', 'user_domain_name': 'Default', 'user_id': '434be072c0bd4ba19ad07d430ef7381d', 'system': None}, Network: None, Subnet: None, Router: None
2024-08-08 23:55:06.136 61544 INFO tempest.lib.common.dynamic_creds [-] Created isolated network resources for: credentials: Credentials: {'domain_id': 'default', 'domain_name': 'Default', 'username': 'tempest-NetworksTest-1804356624-project-member', 'project_domain_id': 'default', 'project_domain_name': 'Default', 'project_id': '664b89cfaf4b4cca967c4d25b07a3305', 'project_name': 'tempest-NetworksTest-1804356624', 'tenant_id': '664b89cfaf4b4cca967c4d25b07a3305', 'tenant_name': 'tempest-NetworksTest-1804356624', 'user_domain_id': 'default', 'user_domain_name': 'Default', 'user_id': '434be072c0bd4ba19ad07d430ef7381d', 'system': None}, Network: None, Subnet: None, Router: None
2024-08-08 23:55:06.187 61503 INFO tempest.lib.common.rest_client [req-56b6f786-3455-418e-a014-7ff69e609880 req-56b6f786-3455-418e-a014-7ff69e609880 ] Request (VolumesAssistedSnapshotsTest:test_volume_assisted_snapshot_create_delete): 201 POST http://10.180.1.21/identity/v3/auth/tokens 0.070s
2024-08-08 23:55:06.187 61503 INFO tempest.lib.common.fixed_network [-] (VolumesAssistedSnapshotsTest:test_volume_assisted_snapshot_create_delete) Found network {'id': '61bd9dc7-c592-49cb-a9de-e70a5b8e312e', 'name': 'tempest-VolumesAssistedSnapshotsTest-1119345542-network', 'tenant_id': 'd6a38727505e4d7faf588ecbcf005a98', 'admin_state_up': True, 'mtu': 8950, 'status': 'ACTIVE', 'subnets': [], 'shared': False, 'project_id': 'd6a38727505e4d7faf588ecbcf005a98', 'port_security_enabled': True, 'router:external': False, 'provider:network_type': 'vlan', 'provider:physical_network': 'default', 'provider:segmentation_id': 144, 'is_default': False, 'availability_zone_hints': [], 'availability_zones': [], 'ipv4_address_scope': None, 'ipv6_address_scope': None, 'description': '', 'tags': [], 'created_at': '2024-08-08T23:54:37Z', 'updated_at': '2024-08-08T23:54:37Z', 'revision_number': 1} available for tenant
2024-08-08 23:55:06.212 61525 INFO tempest.lib.common.rest_client [req-e8acdd12-05a9-497d-a1fb-422ada03fee0 req-e8acdd12-05a9-497d-a1fb-422ada03fee0 ] Request (HypervisorAdminUnderV252Test:tearDownClass): 200 GET http://10.180.1.21:9696/networking/v2.0/security-groups?tenant_id=43959d11ed7f4136a86fb42e4a32d2e5&name=default 0.257s
2024-08-08 23:55:06.271 61527 INFO tempest.lib.common.rest_client [req-a8a60e86-2e69-4223-9387-56eedfddb643 req-a8a60e86-2e69-4223-9387-56eedfddb643 ] Request (SecurityGroupsTestAdminJSON:_run_cleanups): 202 DELETE http://10.180.1.21/compute/v2.1/os-security-groups/a184ebaa-dbee-4da1-b215-200feb7d6a4e 1.322s
2024-08-08 23:55:06.278 61544 INFO tempest.lib.common.rest_client [req-aa180658-a408-4464-9379-0a502d5216ac req-aa180658-a408-4464-9379-0a502d5216ac ] Request (NetworksTest:setUpClass): 201 POST http://10.180.1.21/identity/v3/auth/tokens 0.097s
2024-08-08 23:55:06.312 61523 INFO tempest.lib.common.rest_client [req-4b40c501-9bf1-485a-b837-7e0d31a556d5 req-4b40c501-9bf1-485a-b837-7e0d31a556d5 ] Request (ImagesMetadataTestJSON:test_delete_image_metadata_item): 200 GET http://10.180.1.21/compute/v2.1/images/260bdc28-5ac1-4c18-a03c-f93472b50258/metadata 1.127s
2024-08-08 23:55:06.355 61544 INFO tempest.lib.common.rest_client [req-b706d45d-95c8-42ee-93e5-5ecc5e5d5048 req-b706d45d-95c8-42ee-93e5-5ecc5e5d5048 ] Request (NetworksTest:setUpClass): 201 POST http://10.180.1.21/identity/v3/projects 0.076s
2024-08-08 23:55:06.375 61549 INFO tempest.lib.common.rest_client [req-77713c2f-2aa0-4957-b0f5-c96826f82621 req-77713c2f-2aa0-4957-b0f5-c96826f82621 ] Request (ServerDiskConfigTestJSON:setUpClass): 201 POST http://10.180.1.21:9696/networking/v2.0/routers 1.435s
2024-08-08 23:55:06.396 61501 INFO tempest.lib.common.rest_client [req-34284cbf-3a08-4ae9-9567-5108ac6b23ad req-34284cbf-3a08-4ae9-9567-5108ac6b23ad ] Request (ServerGroupTestJSON:test_create_delete_multiple_server_groups_with_same_name_policy): 200 POST http://10.180.1.21/compute/v2.1/os-server-groups 1.054s
2024-08-08 23:55:06.419 61525 INFO tempest.lib.common.rest_client [req-f1c4cd4a-a324-4c23-92ff-c408a1e60982 req-f1c4cd4a-a324-4c23-92ff-c408a1e60982 ] Request (HypervisorAdminUnderV252Test:tearDownClass): 204 DELETE http://10.180.1.21:9696/networking/v2.0/security-groups/467f6239-d142-4df9-8dde-2a7d258c840a 0.207s
2024-08-08 23:55:06.455 61544 INFO tempest.lib.common.rest_client [req-a5ba29f0-ee96-43c5-a1eb-669324648354 req-a5ba29f0-ee96-43c5-a1eb-669324648354 ] Request (NetworksTest:setUpClass): 201 POST http://10.180.1.21/identity/v3/users 0.099s
2024-08-08 23:55:06.475 61544 INFO tempest.lib.common.rest_client [req-4642a7cd-853a-4ab9-9b04-bddf19f196f4 req-4642a7cd-853a-4ab9-9b04-bddf19f196f4 ] Request (NetworksTest:setUpClass): 200 GET http://10.180.1.21/identity/v3/roles 0.019s
2024-08-08 23:55:06.512 61544 INFO tempest.lib.common.rest_client [req-0a77f6a7-ad94-4ddd-9442-a89390f5a329 req-0a77f6a7-ad94-4ddd-9442-a89390f5a329 ] Request (NetworksTest:setUpClass): 204 PUT http://10.180.1.21/identity/v3/projects/7b33ccada74549658f008df5d3f225e2/users/cbad78bf6fff42f7bced01a23fbf2670/roles/0a2df99608a14cf0aed4e6a15a5fff91 0.037s
2024-08-08 23:55:06.529 61525 INFO tempest.lib.common.rest_client [req-7c305e7d-60d4-4911-ae7c-ae8b8d60d142 req-7c305e7d-60d4-4911-ae7c-ae8b8d60d142 ] Request (HypervisorAdminUnderV252Test:tearDownClass): 204 DELETE http://10.180.1.21/identity/v3/projects/43959d11ed7f4136a86fb42e4a32d2e5 0.109s
2024-08-08 23:55:06.570 61525 INFO tempest.lib.common.rest_client [req-fce9fe3e-c5a1-461f-98d4-7b6f8aeb67a9 req-fce9fe3e-c5a1-461f-98d4-7b6f8aeb67a9 ] Request (ServersAdmin275Test:setUpClass): 201 POST http://10.180.1.21/identity/v3/auth/tokens 0.040s
2024-08-08 23:55:06.587 61544 INFO tempest.lib.common.rest_client [req-bf169fbe-2e7e-4dc6-865d-8d25dba5950d req-bf169fbe-2e7e-4dc6-865d-8d25dba5950d ] Request (NetworksTest:setUpClass): 200 GET http://10.180.1.21/identity/v3/roles 0.074s
2024-08-08 23:55:06.596 61529 INFO tempest.lib.common.rest_client [req-91c0f2e1-c1ed-4b1b-bb0a-82b655e1c8c8 req-91c0f2e1-c1ed-4b1b-bb0a-82b655e1c8c8 ] Request (SecurityGroupRulesNegativeTestJSON:test_create_security_group_rule_with_invalid_from_port): 200 POST http://10.180.1.21/compute/v2.1/os-security-groups 1.165s
2024-08-08 23:55:06.601 61517 INFO tempest.lib.common.rest_client [req-762a727f-efb0-4484-9c8f-e5f710e0a231 req-762a727f-efb0-4484-9c8f-e5f710e0a231 ] Request (AggregatesAdminNegativeTestJSON:test_aggregate_create_aggregate_name_length_exceeds_255): 400 POST http://10.180.1.21/compute/v2.1/os-aggregates 1.134s
2024-08-08 23:55:06.614 61525 INFO tempest.lib.common.rest_client [req-35572c8c-ffa7-4e93-8376-4e9539a3a98d req-35572c8c-ffa7-4e93-8376-4e9539a3a98d ] Request (ServersAdmin275Test:setUpClass): 201 POST http://10.180.1.21/identity/v3/auth/tokens 0.041s
2024-08-08 23:55:06.629 61544 INFO tempest.lib.common.rest_client [req-02a8f5a6-fabb-416c-b1b5-22867ce24fe7 req-02a8f5a6-fabb-416c-b1b5-22867ce24fe7 ] Request (NetworksTest:setUpClass): 204 PUT http://10.180.1.21/identity/v3/projects/7b33ccada74549658f008df5d3f225e2/users/cbad78bf6fff42f7bced01a23fbf2670/roles/0a2df99608a14cf0aed4e6a15a5fff91 0.041s
2024-08-08 23:55:06.630 61544 INFO tempest.lib.common.dynamic_creds [-] Dynamic test user cbad78bf6fff42f7bced01a23fbf2670 is created with scope project and roles: ['admin']
2024-08-08 23:55:06.630 61544 INFO tempest.lib.common.dynamic_creds [-] Acquired dynamic creds: credentials: Credentials: {'domain_id': 'default', 'domain_name': 'Default', 'username': 'tempest-NetworksTest-645490389-project-admin', 'project_domain_id': 'default', 'project_domain_name': 'Default', 'project_id': '7b33ccada74549658f008df5d3f225e2', 'project_name': 'tempest-NetworksTest-645490389', 'tenant_id': '7b33ccada74549658f008df5d3f225e2', 'tenant_name': 'tempest-NetworksTest-645490389', 'user_domain_id': 'default', 'user_domain_name': 'Default', 'user_id': 'cbad78bf6fff42f7bced01a23fbf2670', 'system': None}, Network: None, Subnet: None, Router: None
2024-08-08 23:55:06.630 61544 INFO tempest.lib.common.dynamic_creds [-] Created isolated network resources for: credentials: Credentials: {'domain_id': 'default', 'domain_name': 'Default', 'username': 'tempest-NetworksTest-645490389-project-admin', 'project_domain_id': 'default', 'project_domain_name': 'Default', 'project_id': '7b33ccada74549658f008df5d3f225e2', 'project_name': 'tempest-NetworksTest-645490389', 'tenant_id': '7b33ccada74549658f008df5d3f225e2', 'tenant_name': 'tempest-NetworksTest-645490389', 'user_domain_id': 'default', 'user_domain_name': 'Default', 'user_id': 'cbad78bf6fff42f7bced01a23fbf2670', 'system': None}, Network: None, Subnet: None, Router: None
2024-08-08 23:55:06.672 61525 INFO tempest.lib.common.rest_client [req-acb247de-9e94-4559-b7f8-0c29df44e080 req-acb247de-9e94-4559-b7f8-0c29df44e080 ] Request (ServersAdmin275Test:setUpClass): 200 GET http://10.180.1.21/identity/v3/domains?name=Default 0.058s
2024-08-08 23:55:06.724 61538 INFO tempest.lib.common.rest_client [req-601b55f6-fc33-491b-b629-2238bb096d75 req-601b55f6-fc33-491b-b629-2238bb096d75 ] Request (ServerActionsV293TestJSON:setUpClass): 202 POST http://10.180.1.21/compute/v2.1/servers 1.561s
2024-08-08 23:55:06.739 61525 INFO tempest.lib.common.rest_client [req-218fe3b1-7c04-4cd6-9152-a941e38b54bf req-218fe3b1-7c04-4cd6-9152-a941e38b54bf ] Request (ServersAdmin275Test:setUpClass): 201 POST http://10.180.1.21/identity/v3/projects 0.066s
2024-08-08 23:55:06.744 61535 INFO tempest.lib.common.rest_client [req-792de12b-866e-40e8-8947-e72f47dc7838 req-792de12b-866e-40e8-8947-e72f47dc7838 ] Request (FlavorsAdminTestJSON:test_create_flavor_with_none_id): 200 POST http://10.180.1.21/compute/v2.1/flavors 1.243s
