2024-08-08 23:57:07.942 61555 INFO tempest.lib.common.rest_client [req-83cc89b1-de5f-429a-9bca-ad15e34c9d67 req-83cc89b1-de5f-429a-9bca-ad15e34c9d67 ] Request (ServersTestJSON:setUpClass): 200 GET http://10.180.1.21/compute/v2.1/servers/552fdf5e-80da-4513-bbcd-e2f4906b0334 0.048s
2024-08-08 23:57:07.981 61505 INFO tempest.lib.common.rest_client [req-3b95f2a3-4904-4907-8296-f1f841f769d5 req-3b95f2a3-4904-4907-8296-f1f841f769d5 ] Request (ImagesTestJSON:test_create_image_from_stopped_server): 200 GET http://10.180.1.21/compute/v2.1/servers/90f635b4-1f58-4409-980c-fcd475601a73 0.042s
2024-08-08 23:57:08.028 61495 INFO tempest.lib.common.rest_client [req-b7c900be-7cf0-4fad-9e96-f3f06c68020f req-b7c900be-7cf0-4fad-9e96-f3f06c68020f ] Request (ImagesNegativeTestJSON:test_create_image_from_deleted_server): 200 GET http://10.180.1.21/compute/v2.1/servers/c367c08c-c563-4bf8-92d3-c50e226f874e 0.045s
2024-08-08 23:57:08.076 61523 INFO tempest.lib.common.rest_client [req-6255c7c6-e95c-427e-9073-14641367715a req-6255c7c6-e95c-427e-9073-14641367715a ] Request (ServerActionsTestJSON:setUpClass): 200 GET http://10.180.1.21/compute/v2.1/servers/4ffb4451-cfc2-4b8f-9a82-1d7e9638c169 0.044s
2024-08-08 23:57:08.113 61529 INFO tempest.lib.common.rest_client [req-fcc7db0a-4dd9-4e7d-9b43-c945e388c5f1 req-fcc7db0a-4dd9-4e7d-9b43-c945e388c5f1 ] Request (ServersTestMultiNic:test_verify_duplicate_network_nics): 200 GET http://10.180.1.21/compute/v2.1/servers/f2883464-8cd4-44fd-b901-3922452d467c 0.042s
2024-08-08 23:57:08.180 61493 INFO tempest.lib.common.rest_client [req-5044a414-ceb6-4bdb-9a43-f21c621ff3c1 req-5044a414-ceb6-4bdb-9a43-f21c621ff3c1 ] Request (ServersAdminNegativeTestJSON:setUpClass): 200 GET http://10.180.1.21/compute/v2.1/servers/84b66b90-332e-49ff-98e4-07cf2cd68f9c 0.045s
2024-08-08 23:57:08.180 61527 INFO tempest.lib.common.rest_client [req-6f271ef9-b58d-4acb-b0cf-cb651c0531ae req-6f271ef9-b58d-4acb-b0cf-cb651c0531ae ] Request (ServerActionsTestOtherA:setUpClass): 200 GET http://10.180.1.21/compute/v2.1/servers/5c7e8343-d53f-4f6a-91e6-d2fec1fd627c 0.042s
2024-08-08 23:57:08.221 61542 INFO tempest.lib.common.rest_client [req-26d44b96-32c7-4411-bfc7-9def1548b54c req-26d44b96-32c7-4411-bfc7-9def1548b54c ] Request (MigrationsAdminTest:test_resize_server_revert_deleted_flavor): 200 GET http://10.180.1.21/compute/v2.1/servers/e09e4052-e1d6-43b5-8463-73b08840d1fd 0.041s
2024-08-08 23:57:08.257 61519 INFO tempest.lib.common.rest_client [req-61cb6c48-854e-47f3-9b80-f51a3a50e0bc req-61cb6c48-854e-47f3-9b80-f51a3a50e0bc ] Request (AttachInterfacesV270Test:test_create_get_list_interfaces): 200 GET http://10.180.1.21/compute/v2.1/servers/20ce0153-33b2-4007-b107-8c02d47e671e 0.048s
2024-08-08 23:57:08.291 61538 INFO tempest.lib.common.rest_client [req-5957ea40-064e-4f40-8261-dd5fb56cc0e6 req-5957ea40-064e-4f40-8261-dd5fb56cc0e6 ] Request (ServersAaction247Test:test_create_backup): 200 GET http://10.180.1.21/compute/v2.1/servers/aabed1d5-d431-4f38-abb1-8d63970b2037 0.047s
2024-08-08 23:57:08.297 61535 INFO tempest.lib.common.rest_client [req-f24f8a22-699b-4b9f-afd5-94facdc3c61d req-f24f8a22-699b-4b9f-afd5-94facdc3c61d ] Request (ServerExternalEventsTest:test_create_server_external_events): 200 GET http://10.180.1.21/compute/v2.1/servers/c580cb5a-1515-4b11-9e72-a0c557112fb2 0.050s
2024-08-08 23:57:08.335 61512 INFO tempest.lib.common.rest_client [req-46f8e0c3-4235-4415-8b01-db9bb986e636 req-46f8e0c3-4235-4415-8b01-db9bb986e636 ] Request (ListServerFiltersTestJSON:setUpClass): 200 GET http://10.180.1.21/compute/v2.1/servers/b1864b10-8940-46c5-b3eb-4d1acad62fa8 0.044s
2024-08-08 23:57:08.350 61549 INFO tempest.lib.common.rest_client [req-84795000-20f4-4139-b783-54edbe96994c req-84795000-20f4-4139-b783-54edbe96994c ] Request (ServerDiskConfigTestJSON:test_rebuild_server_with_manual_disk_config): 200 GET http://10.180.1.21/compute/v2.1/servers/7028ccbf-a734-4ba1-9c8b-7ec062ad2637 0.046s
2024-08-08 23:57:08.377 61499 INFO tempest.lib.common.rest_client [req-8cb9e58b-33d4-4a8f-92ee-bb7a88b47df1 req-8cb9e58b-33d4-4a8f-92ee-bb7a88b47df1 ] Request (DeleteServersAdminTestJSON:test_delete_server_while_in_error_state): 200 GET http://10.180.1.21/compute/v2.1/servers/11591556-3b1f-40d4-8e94-ed65d5177836 0.044s
2024-08-08 23:57:08.390 61497 INFO tempest.lib.common.rest_client [req-f43258d2-4dd7-49a2-8f4f-c67410b27695 req-f43258d2-4dd7-49a2-8f4f-c67410b27695 ] Request (DeleteServersTestJSON:test_delete_active_server): 200 GET http://10.180.1.21/compute/v2.1/servers/7c16bd18-9ab6-4c61-a058-eacc9b9de401 0.046s
2024-08-08 23:57:08.650 61533 INFO tempest.lib.common.rest_client [req-c6dbb919-5d2a-49f1-a583-fadc19eea70e req-c6dbb919-5d2a-49f1-a583-fadc19eea70e ] Request (VolumesAdminNegativeTest:test_update_attached_volume_with_nonexistent_volume_in_uri): 200 GET http://10.180.1.21/compute/v2.1/servers/0a0a1c88-3150-4082-b406-8ea3def4eb83 0.043s
2024-08-08 23:57:08.704 61547 INFO tempest.lib.common.rest_client [req-b44d2256-d053-4efb-aa4e-f02c9e55a6dc req-b44d2256-d053-4efb-aa4e-f02c9e55a6dc ] Request (AttachVolumeTestJSON:test_attach_detach_volume): 200 GET http://10.180.1.21/compute/v2.1/servers/d437a28e-19d2-4e88-8621-95b034228230 0.048s
2024-08-08 23:57:08.745 61550 INFO tempest.lib.common.rest_client [req-dad9f3dd-1a90-4a08-833f-37c4d4518f3b req-dad9f3dd-1a90-4a08-833f-37c4d4518f3b ] Request (ServersNegativeTestJSON:setUpClass): 200 GET http://10.180.1.21/compute/v2.1/servers/fffc2789-c50c-496e-9015-b73ae8404961 0.046s
2024-08-08 23:57:08.788 61510 INFO tempest.lib.common.rest_client [req-942cecf8-f003-450c-9f66-aafa0951e298 req-942cecf8-f003-450c-9f66-aafa0951e298 ] Request (AttachVolumeShelveTestJSON:test_attach_volume_shelved_or_offload_server): 200 GET http://10.180.1.21/compute/v2.1/servers/d5cd6264-fa52-499a-802a-f9602d9d5f3f 0.047s
2024-08-08 23:57:08.807 61544 INFO tempest.lib.common.rest_client [req-f08b2541-9587-4a22-be24-41cf412e5b68 req-f08b2541-9587-4a22-be24-41cf412e5b68 ] Request (ServersNegativeTestMultiTenantJSON:setUpClass): 200 GET http://10.180.1.21/compute/v2.1/servers/da53612c-d9de-4d99-917b-6838854f1ead 0.046s
2024-08-08 23:57:08.831 61521 INFO tempest.lib.common.rest_client [req-49d2c9bb-d37b-4152-9e1a-e40c6877beda req-49d2c9bb-d37b-4152-9e1a-e40c6877beda ] Request (MultipleCreateTestJSON:test_multiple_create): 200 GET http://10.180.1.21/compute/v2.1/servers/e0417d43-3285-40a0-b412-5f72db99bffa 0.050s
2024-08-08 23:57:08.849 61501 INFO tempest.lib.common.rest_client [req-29bb75a3-ff25-49f8-8a17-115eeec1b0ef req-29bb75a3-ff25-49f8-8a17-115eeec1b0ef ] Request (ServerMetadataTestJSON:setUpClass): 200 GET http://10.180.1.21/compute/v2.1/servers/b8f4a648-016d-4ac1-8dd5-94d6de8407cc 0.049s
2024-08-08 23:57:08.875 61513 INFO tempest.lib.common.rest_client [req-5124913a-fc41-4ff0-914e-ef83579251bd req-5124913a-fc41-4ff0-914e-ef83579251bd ] Request (ListServersNegativeTestJSON:setUpClass): 200 GET http://10.180.1.21/compute/v2.1/servers/1a25609a-65fc-48f5-9d89-4fd00a9d0552 0.049s
2024-08-08 23:57:08.890 61531 INFO tempest.lib.common.rest_client [req-00ce686e-b240-468c-a61c-325aaf9bc471 req-00ce686e-b240-468c-a61c-325aaf9bc471 ] Request (AttachVolumeNegativeTest:test_attach_attached_volume_to_different_server): 200 GET http://10.180.1.21/compute/v2.1/servers/896e5ed8-aa25-4d8f-a727-8e5ccd5195bb 0.052s
2024-08-08 23:57:08.948 61552 INFO tempest.lib.common.rest_client [req-c1df1f69-90d4-47de-a196-f4184d50da21 req-c1df1f69-90d4-47de-a196-f4184d50da21 ] Request (AttachInterfacesTestJSON:test_create_list_show_delete_interfaces_by_fixed_ip): 200 GET http://10.180.1.21/compute/v2.1/servers/c2108984-5c6c-4fdd-8040-6f21d2ce3b26 0.039s
2024-08-08 23:57:08.952 61508 INFO tempest.lib.common.rest_client [req-4d9c9014-4fca-476c-8e81-7ddf4fcbf64f req-4d9c9014-4fca-476c-8e81-7ddf4fcbf64f ] Request (SecurityGroupsTestJSON:test_server_security_groups): 200 GET http://10.180.1.21/compute/v2.1/servers/a4cbf973-0d33-4423-903a-a3fd6e8b880b 0.045s
2024-08-08 23:57:08.988 61555 INFO tempest.lib.common.rest_client [req-a4caf47c-a2a7-4486-9480-e8a00f230643 req-a4caf47c-a2a7-4486-9480-e8a00f230643 ] Request (ServersTestJSON:setUpClass): 200 GET http://10.180.1.21/compute/v2.1/servers/552fdf5e-80da-4513-bbcd-e2f4906b0334 0.039s
2024-08-08 23:57:09.032 61505 INFO tempest.lib.common.rest_client [req-17adad60-68a4-45ea-a212-b4a6e5e01659 req-17adad60-68a4-45ea-a212-b4a6e5e01659 ] Request (ImagesTestJSON:test_create_image_from_stopped_server): 200 GET http://10.180.1.21/compute/v2.1/servers/90f635b4-1f58-4409-980c-fcd475601a73 0.044s
2024-08-08 23:57:09.078 61495 INFO tempest.lib.common.rest_client [req-bffaaeb8-e3f9-4d84-bc95-c9d609c14784 req-bffaaeb8-e3f9-4d84-bc95-c9d609c14784 ] Request (ImagesNegativeTestJSON:test_create_image_from_deleted_server): 200 GET http://10.180.1.21/compute/v2.1/servers/c367c08c-c563-4bf8-92d3-c50e226f874e 0.043s
2024-08-08 23:57:09.126 61523 INFO tempest.lib.common.rest_client [req-b45a298c-047f-47a1-b0a8-c8159284a8d5 req-b45a298c-047f-47a1-b0a8-c8159284a8d5 ] Request (ServerActionsTestJSON:setUpClass): 200 GET http://10.180.1.21/compute/v2.1/servers/4ffb4451-cfc2-4b8f-9a82-1d7e9638c169 0.043s
2024-08-08 23:57:09.166 61529 INFO tempest.lib.common.rest_client [req-32f1e24a-5123-455d-9825-e51fb213f0cc req-32f1e24a-5123-455d-9825-e51fb213f0cc ] Request (ServersTestMultiNic:test_verify_duplicate_network_nics): 200 GET http://10.180.1.21/compute/v2.1/servers/f2883464-8cd4-44fd-b901-3922452d467c 0.045s
2024-08-08 23:57:09.230 61527 INFO tempest.lib.common.rest_client [req-7577c5c8-4494-440a-ae0e-afd7fbc786ed req-7577c5c8-4494-440a-ae0e-afd7fbc786ed ] Request (ServerActionsTestOtherA:setUpClass): 200 GET http://10.180.1.21/compute/v2.1/servers/5c7e8343-d53f-4f6a-91e6-d2fec1fd627c 0.042s
2024-08-08 23:57:09.231 61493 INFO tempest.lib.common.rest_client [req-27350811-665d-4fad-9ad1-90d617e620d9 req-27350811-665d-4fad-9ad1-90d617e620d9 ] Request (ServersAdminNegativeTestJSON:setUpClass): 200 GET http://10.180.1.21/compute/v2.1/servers/84b66b90-332e-49ff-98e4-07cf2cd68f9c 0.044s
2024-08-08 23:57:09.271 61542 INFO tempest.lib.common.rest_client [req-f0c868a6-406d-4ad2-8090-c8e2b1230265 req-f0c868a6-406d-4ad2-8090-c8e2b1230265 ] Request (MigrationsAdminTest:test_resize_server_revert_deleted_flavor): 200 GET http://10.180.1.21/compute/v2.1/servers/e09e4052-e1d6-43b5-8463-73b08840d1fd 0.043s
2024-08-08 23:57:09.313 61519 INFO tempest.lib.common.rest_client [req-b189aa0e-4841-4861-a82b-859e41561cd9 req-b189aa0e-4841-4861-a82b-859e41561cd9 ] Request (AttachInterfacesV270Test:test_create_get_list_interfaces): 200 GET http://10.180.1.21/compute/v2.1/servers/20ce0153-33b2-4007-b107-8c02d47e671e 0.048s
2024-08-08 23:57:09.346 61538 INFO tempest.lib.common.rest_client [req-392895a2-7739-4ede-ae18-0299805d41d4 req-392895a2-7739-4ede-ae18-0299805d41d4 ] Request (ServersAaction247Test:test_create_backup): 200 GET http://10.180.1.21/compute/v2.1/servers/aabed1d5-d431-4f38-abb1-8d63970b2037 0.046s
2024-08-08 23:57:09.355 61535 INFO tempest.lib.common.rest_client [req-0a29a524-fd5e-4d67-aa3f-8e907c95ec70 req-0a29a524-fd5e-4d67-aa3f-8e907c95ec70 ] Request (ServerExternalEventsTest:test_create_server_external_events): 200 GET http://10.180.1.21/compute/v2.1/servers/c580cb5a-1515-4b11-9e72-a0c557112fb2 0.051s
2024-08-08 23:57:09.385 61512 INFO tempest.lib.common.rest_client [req-f765fbca-0b2a-44cb-931f-a338055aa743 req-f765fbca-0b2a-44cb-931f-a338055aa743 ] Request (ListServerFiltersTestJSON:setUpClass): 200 GET http://10.180.1.21/compute/v2.1/servers/b1864b10-8940-46c5-b3eb-4d1acad62fa8 0.043s
2024-08-08 23:57:09.407 61549 INFO tempest.lib.common.rest_client [req-90251f3f-0944-436e-9a9c-2272afd9ee49 req-90251f3f-0944-436e-9a9c-2272afd9ee49 ] Request (ServerDiskConfigTestJSON:test_rebuild_server_with_manual_disk_config): 200 GET http://10.180.1.21/compute/v2.1/servers/7028ccbf-a734-4ba1-9c8b-7ec062ad2637 0.050s
2024-08-08 23:57:09.427 61499 INFO tempest.lib.common.rest_client [req-961607e5-f05f-442b-97fb-968d80c6cb45 req-961607e5-f05f-442b-97fb-968d80c6cb45 ] Request (DeleteServersAdminTestJSON:test_delete_server_while_in_error_state): 200 GET http://10.180.1.21/compute/v2.1/servers/11591556-3b1f-40d4-8e94-ed65d5177836 0.044s
2024-08-08 23:57:09.454 61497 INFO tempest.lib.common.rest_client [req-e7ef0979-7075-48e4-b7e5-4508aef06d3b req-e7ef0979-7075-48e4-b7e5-4508aef06d3b ] Request (DeleteServersTestJSON:test_delete_active_server): 200 GET http://10.180.1.21/compute/v2.1/servers/7c16bd18-9ab6-4c61-a058-eacc9b9de401 0.057s
2024-08-08 23:57:09.732 61533 INFO tempest.lib.common.rest_client [req-e40ffd97-4c39-4921-b751-d6886ada68a1 req-e40ffd97-4c39-4921-b751-d6886ada68a1 ] Request (VolumesAdminNegativeTest:test_update_attached_volume_with_nonexistent_volume_in_uri): 200 GET http://10.180.1.21/compute/v2.1/servers/0a0a1c88-3150-4082-b406-8ea3def4eb83 0.075s
2024-08-08 23:57:09.778 61547 INFO tempest.lib.common.rest_client [req-54c751f0-8bde-4517-a3e1-52a7f5680cec req-54c751f0-8bde-4517-a3e1-52a7f5680cec ] Request (AttachVolumeTestJSON:test_attach_detach_volume): 200 GET http://10.180.1.21/compute/v2.1/servers/d437a28e-19d2-4e88-8621-95b034228230 0.067s
2024-08-08 23:57:09.799 61550 INFO tempest.lib.common.rest_client [req-dc1e8c86-d970-48c9-9a68-3afc0ff34807 req-dc1e8c86-d970-48c9-9a68-3afc0ff34807 ] Request (ServersNegativeTestJSON:setUpClass): 200 GET http://10.180.1.21/compute/v2.1/servers/fffc2789-c50c-496e-9015-b73ae8404961 0.047s
2024-08-08 23:57:09.842 61510 INFO tempest.lib.common.rest_client [req-d8e1ca90-848f-48ff-ab33-d6ec9d00638f req-d8e1ca90-848f-48ff-ab33-d6ec9d00638f ] Request (AttachVolumeShelveTestJSON:test_attach_volume_shelved_or_offload_server): 200 GET http://10.180.1.21/compute/v2.1/servers/d5cd6264-fa52-499a-802a-f9602d9d5f3f 0.046s
2024-08-08 23:57:09.857 61544 INFO tempest.lib.common.rest_client [req-a5c32619-992d-4bbd-947e-662374c08813 req-a5c32619-992d-4bbd-947e-662374c08813 ] Request (ServersNegativeTestMultiTenantJSON:setUpClass): 200 GET http://10.180.1.21/compute/v2.1/servers/da53612c-d9de-4d99-917b-6838854f1ead 0.044s
2024-08-08 23:57:09.884 61521 INFO tempest.lib.common.rest_client [req-707bfe3d-42ef-4d93-ba70-9429ee0bc640 req-707bfe3d-42ef-4d93-ba70-9429ee0bc640 ] Request (MultipleCreateTestJSON:test_multiple_create): 200 GET http://10.180.1.21/compute/v2.1/servers/e0417d43-3285-40a0-b412-5f72db99bffa 0.045s
2024-08-08 23:57:09.911 61501 INFO tempest.lib.common.rest_client [req-25484229-2c75-405e-91ad-5c222ba4819d req-25484229-2c75-405e-91ad-5c222ba4819d ] Request (ServerMetadataTestJSON:setUpClass): 200 GET http://10.180.1.21/compute/v2.1/servers/b8f4a648-016d-4ac1-8dd5-94d6de8407cc 0.055s
2024-08-08 23:57:09.935 61513 INFO tempest.lib.common.rest_client [req-c8fd5f5a-cc86-409b-b11c-ed828b136a1d req-c8fd5f5a-cc86-409b-b11c-ed828b136a1d ] Request (ListServersNegativeTestJSON:setUpClass): 200 GET http://10.180.1.21/compute/v2.1/servers/1a25609a-65fc-48f5-9d89-4fd00a9d0552 0.054s
2024-08-08 23:57:09.954 61531 INFO tempest.lib.common.rest_client [req-db8ad7ee-5edf-4004-81a5-3b69476a96c1 req-db8ad7ee-5edf-4004-81a5-3b69476a96c1 ] Request (AttachVolumeNegativeTest:test_attach_attached_volume_to_different_server): 200 GET http://10.180.1.21/compute/v2.1/servers/896e5ed8-aa25-4d8f-a727-8e5ccd5195bb 0.057s
2024-08-08 23:57:09.998 61552 INFO tempest.lib.common.rest_client [req-a43a3d5e-07fc-4fc7-abde-e221201127c1 req-a43a3d5e-07fc-4fc7-abde-e221201127c1 ] Request (AttachInterfacesTestJSON:test_create_list_show_delete_interfaces_by_fixed_ip): 200 GET http://10.180.1.21/compute/v2.1/servers/c2108984-5c6c-4fdd-8040-6f21d2ce3b26 0.042s
2024-08-08 23:57:10.001 61508 INFO tempest.lib.common.rest_client [req-a3a38c70-40aa-4f83-a449-0b025ccef748 req-a3a38c70-40aa-4f83-a449-0b025ccef748 ] Request (SecurityGroupsTestJSON:test_server_security_groups): 200 GET http://10.180.1.21/compute/v2.1/servers/a4cbf973-0d33-4423-903a-a3fd6e8b880b 0.042s
2024-08-08 23:57:10.039 61555 INFO tempest.lib.common.rest_client [req-75dbdd19-af83-4c50-8aca-63d8ed4657d6 req-75dbdd19-af83-4c50-8aca-63d8ed4657d6 ] Request (ServersTestJSON:setUpClass): 200 GET http://10.180.1.21/compute/v2.1/servers/552fdf5e-80da-4513-bbcd-e2f4906b0334 0.044s
2024-08-08 23:57:10.083 61505 INFO tempest.lib.common.rest_client [req-76f597f6-bb06-424d-96b7-e22cd46e9384 req-76f597f6-bb06-424d-96b7-e22cd46e9384 ] Request (ImagesTestJSON:test_create_image_from_stopped_server): 200 GET http://10.180.1.21/compute/v2.1/servers/90f635b4-1f58-4409-980c-fcd475601a73 0.044s
2024-08-08 23:57:10.148 61495 INFO tempest.lib.common.rest_client [req-47e1142e-129f-4c72-a676-2a59816f48b1 req-47e1142e-129f-4c72-a676-2a59816f48b1 ] Request (ImagesNegativeTestJSON:test_create_image_from_deleted_server): 200 GET http://10.180.1.21/compute/v2.1/servers/c367c08c-c563-4bf8-92d3-c50e226f874e 0.063s
2024-08-08 23:57:10.191 61523 INFO tempest.lib.common.rest_client [req-78ac2488-6be9-48d5-a17c-1380a9de3e50 req-78ac2488-6be9-48d5-a17c-1380a9de3e50 ] Request (ServerActionsTestJSON:setUpClass): 200 GET http://10.180.1.21/compute/v2.1/servers/4ffb4451-cfc2-4b8f-9a82-1d7e9638c169 0.057s
2024-08-08 23:57:10.217 61529 INFO tempest.lib.common.rest_client [req-f8d9e4b3-9ac3-43db-8474-400de517b96b req-f8d9e4b3-9ac3-43db-8474-400de517b96b ] Request (ServersTestMultiNic:test_verify_duplicate_network_nics): 200 GET http://10.180.1.21/compute/v2.1/servers/f2883464-8cd4-44fd-b901-3922452d467c 0.044s
2024-08-08 23:57:10.281 61527 INFO tempest.lib.common.rest_client [req-5ad8e40e-3fe6-41da-b66c-ad9dd40f9f0f req-5ad8e40e-3fe6-41da-b66c-ad9dd40f9f0f ] Request (ServerActionsTestOtherA:setUpClass): 200 GET http://10.180.1.21/compute/v2.1/servers/5c7e8343-d53f-4f6a-91e6-d2fec1fd627c 0.044s
2024-08-08 23:57:10.282 61493 INFO tempest.lib.common.rest_client [req-a8e5ad27-c147-483c-84d4-b1aa07d9d27d req-a8e5ad27-c147-483c-84d4-b1aa07d9d27d ] Request (ServersAdminNegativeTestJSON:setUpClass): 200 GET http://10.180.1.21/compute/v2.1/servers/84b66b90-332e-49ff-98e4-07cf2cd68f9c 0.045s
2024-08-08 23:57:10.330 61542 INFO tempest.lib.common.rest_client [req-4b56d47a-8197-4f8e-bcb0-9b97ebbb278a req-4b56d47a-8197-4f8e-bcb0-9b97ebbb278a ] Request (MigrationsAdminTest:test_resize_server_revert_deleted_flavor): 200 GET http://10.180.1.21/compute/v2.1/servers/e09e4052-e1d6-43b5-8463-73b08840d1fd 0.051s
2024-08-08 23:57:10.391 61519 INFO tempest.lib.common.rest_client [req-70d225fa-0c2d-4b45-a4c6-6d397bb50dfa req-70d225fa-0c2d-4b45-a4c6-6d397bb50dfa ] Request (AttachInterfacesV270Test:test_create_get_list_interfaces): 200 GET http://10.180.1.21/compute/v2.1/servers/20ce0153-33b2-4007-b107-8c02d47e671e 0.070s
2024-08-08 23:57:10.415 61538 INFO tempest.lib.common.rest_client [req-ffc65a16-921b-4dc8-83e5-54858afb8a5c req-ffc65a16-921b-4dc8-83e5-54858afb8a5c ] Request (ServersAaction247Test:test_create_backup): 200 GET http://10.180.1.21/compute/v2.1/servers/aabed1d5-d431-4f38-abb1-8d63970b2037 0.060s
2024-08-08 23:57:10.435 61535 INFO tempest.lib.common.rest_client [req-d7cbde5b-740d-4da3-8cb1-32bdda6c73c3 req-d7cbde5b-740d-4da3-8cb1-32bdda6c73c3 ] Request (ServerExternalEventsTest:test_create_server_external_events): 200 GET http://10.180.1.21/compute/v2.1/servers/c580cb5a-1515-4b11-9e72-a0c557112fb2 0.073s
2024-08-08 23:57:10.467 61512 INFO tempest.lib.common.rest_client [req-0e0c2a78-b81e-4d51-8e61-871b8af8add7 req-0e0c2a78-b81e-4d51-8e61-871b8af8add7 ] Request (ListServerFiltersTestJSON:setUpClass): 200 GET http://10.180.1.21/compute/v2.1/servers/b1864b10-8940-46c5-b3eb-4d1acad62fa8 0.075s
2024-08-08 23:57:10.478 61549 INFO tempest.lib.common.rest_client [req-a06f5229-8a15-45a4-9666-1d5df202890f req-a06f5229-8a15-45a4-9666-1d5df202890f ] Request (ServerDiskConfigTestJSON:test_rebuild_server_with_manual_disk_config): 200 GET http://10.180.1.21/compute/v2.1/servers/7028ccbf-a734-4ba1-9c8b-7ec062ad2637 0.063s
2024-08-08 23:57:10.517 61499 INFO tempest.lib.common.rest_client [req-08b980c5-10f3-4efb-9740-2f6175dd1857 req-08b980c5-10f3-4efb-9740-2f6175dd1857 ] Request (DeleteServersAdminTestJSON:test_delete_server_while_in_error_state): 200 GET http://10.180.1.21/compute/v2.1/servers/11591556-3b1f-40d4-8e94-ed65d5177836 0.082s
2024-08-08 23:57:10.528 61497 INFO tempest.lib.common.rest_client [req-ac1d2422-81f8-41ba-85c5-27155430f655 req-ac1d2422-81f8-41ba-85c5-27155430f655 ] Request (DeleteServersTestJSON:test_delete_active_server): 200 GET http://10.180.1.21/compute/v2.1/servers/7c16bd18-9ab6-4c61-a058-eacc9b9de401 0.067s
2024-08-08 23:57:10.784 61533 INFO tempest.lib.common.rest_client [req-a4f460be-8f83-4ab7-ae21-6725a766c5f4 req-a4f460be-8f83-4ab7-ae21-6725a766c5f4 ] Request (VolumesAdminNegativeTest:test_update_attached_volume_with_nonexistent_volume_in_uri): 200 GET http://10.180.1.21/compute/v2.1/servers/0a0a1c88-3150-4082-b406-8ea3def4eb83 0.045s
2024-08-08 23:57:10.831 61547 INFO tempest.lib.common.rest_client [req-36bc692a-c9cf-4d69-9a53-b8db66eabb0a req-36bc692a-c9cf-4d69-9a53-b8db66eabb0a ] Request (AttachVolumeTestJSON:test_attach_detach_volume): 200 GET http://10.180.1.21/compute/v2.1/servers/d437a28e-19d2-4e88-8621-95b034228230 0.045s
2024-08-08 23:57:10.852 61550 INFO tempest.lib.common.rest_client [req-feca5e57-f8fd-46c0-bccc-36e56942887b req-feca5e57-f8fd-46c0-bccc-36e56942887b ] Request (ServersNegativeTestJSON:setUpClass): 200 GET http://10.180.1.21/compute/v2.1/servers/fffc2789-c50c-496e-9015-b73ae8404961 0.047s
2024-08-08 23:57:10.903 61510 INFO tempest.lib.common.rest_client [req-d1a1722a-ec42-4fa6-a015-42364e5d8cb4 req-d1a1722a-ec42-4fa6-a015-42364e5d8cb4 ] Request (AttachVolumeShelveTestJSON:test_attach_volume_shelved_or_offload_server): 200 GET http://10.180.1.21/compute/v2.1/servers/d5cd6264-fa52-499a-802a-f9602d9d5f3f 0.054s
2024-08-08 23:57:10.907 61544 INFO tempest.lib.common.rest_client [req-2f4214a5-c10e-421d-a826-32547f5f6b8c req-2f4214a5-c10e-421d-a826-32547f5f6b8c ] Request (ServersNegativeTestMultiTenantJSON:setUpClass): 200 GET http://10.180.1.21/compute/v2.1/servers/da53612c-d9de-4d99-917b-6838854f1ead 0.044s
2024-08-08 23:57:10.947 61521 INFO tempest.lib.common.rest_client [req-d2eb46d5-8bf5-4c67-bf38-e54e740f6e68 req-d2eb46d5-8bf5-4c67-bf38-e54e740f6e68 ] Request (MultipleCreateTestJSON:test_multiple_create): 200 GET http://10.180.1.21/compute/v2.1/servers/e0417d43-3285-40a0-b412-5f72db99bffa 0.056s
2024-08-08 23:57:10.959 61501 INFO tempest.lib.common.rest_client [req-6825174a-45c3-4cec-a3d0-557d64f9760e req-6825174a-45c3-4cec-a3d0-557d64f9760e ] Request (ServerMetadataTestJSON:setUpClass): 200 GET http://10.180.1.21/compute/v2.1/servers/b8f4a648-016d-4ac1-8dd5-94d6de8407cc 0.042s
2024-08-08 23:57:10.996 61513 INFO tempest.lib.common.rest_client [req-124dd8fa-20af-4a92-9b33-06f71ee0e1b0 req-124dd8fa-20af-4a92-9b33-06f71ee0e1b0 ] Request (ListServersNegativeTestJSON:setUpClass): 200 GET http://10.180.1.21/compute/v2.1/servers/1a25609a-65fc-48f5-9d89-4fd00a9d0552 0.054s
2024-08-08 23:57:11.005 61531 INFO tempest.lib.common.rest_client [req-8f2f6c80-a0ac-428d-b5a6-727aa5684e26 req-8f2f6c80-a0ac-428d-b5a6-727aa5684e26 ] Request (AttachVolumeNegativeTest:test_attach_attached_volume_to_different_server): 200 GET http://10.180.1.21/compute/v2.1/servers/896e5ed8-aa25-4d8f-a727-8e5ccd5195bb 0.042s
2024-08-08 23:57:11.050 61552 INFO tempest.lib.common.rest_client [req-e9441997-d37b-4836-bfb5-b0e274359936 req-e9441997-d37b-4836-bfb5-b0e274359936 ] Request (AttachInterfacesTestJSON:test_create_list_show_delete_interfaces_by_fixed_ip): 200 GET http://10.180.1.21/compute/v2.1/servers/c2108984-5c6c-4fdd-8040-6f21d2ce3b26 0.045s
2024-08-08 23:57:11.059 61508 INFO tempest.lib.common.rest_client [req-e9d96d0d-7629-480d-ba92-39504228fd4a req-e9d96d0d-7629-480d-ba92-39504228fd4a ] Request (SecurityGroupsTestJSON:test_server_security_groups): 200 GET http://10.180.1.21/compute/v2.1/servers/a4cbf973-0d33-4423-903a-a3fd6e8b880b 0.050s
2024-08-08 23:57:11.090 61555 INFO tempest.lib.common.rest_client [req-b9671083-98f8-49e0-a59d-fca72bbcf500 req-b9671083-98f8-49e0-a59d-fca72bbcf500 ] Request (ServersTestJSON:setUpClass): 200 GET http://10.180.1.21/compute/v2.1/servers/552fdf5e-80da-4513-bbcd-e2f4906b0334 0.045s
2024-08-08 23:57:11.137 61505 INFO tempest.lib.common.rest_client [req-d271b512-0b26-43a2-97fe-b223475e0612 req-d271b512-0b26-43a2-97fe-b223475e0612 ] Request (ImagesTestJSON:test_create_image_from_stopped_server): 200 GET http://10.180.1.21/compute/v2.1/servers/90f635b4-1f58-4409-980c-fcd475601a73 0.048s
2024-08-08 23:57:11.201 61495 INFO tempest.lib.common.rest_client [req-2ba5fb4e-1c73-4d12-b456-bdc6cc2a1827 req-2ba5fb4e-1c73-4d12-b456-bdc6cc2a1827 ] Request (ImagesNegativeTestJSON:test_create_image_from_deleted_server): 200 GET http://10.180.1.21/compute/v2.1/servers/c367c08c-c563-4bf8-92d3-c50e226f874e 0.045s
2024-08-08 23:57:11.243 61523 INFO tempest.lib.common.rest_client [req-c5001588-031e-47a7-a8d4-9b5b0cbb295d req-c5001588-031e-47a7-a8d4-9b5b0cbb295d ] Request (ServerActionsTestJSON:setUpClass): 200 GET http://10.180.1.21/compute/v2.1/servers/4ffb4451-cfc2-4b8f-9a82-1d7e9638c169 0.046s
2024-08-08 23:57:11.268 61529 INFO tempest.lib.common.rest_client [req-50a50e90-e913-443a-8b78-92aa6b43f683 req-50a50e90-e913-443a-8b78-92aa6b43f683 ] Request (ServersTestMultiNic:test_verify_duplicate_network_nics): 200 GET http://10.180.1.21/compute/v2.1/servers/f2883464-8cd4-44fd-b901-3922452d467c 0.044s
2024-08-08 23:57:11.336 61527 INFO tempest.lib.common.rest_client [req-6980a83d-6c80-43ce-af9c-dc2ad69b4b7d req-6980a83d-6c80-43ce-af9c-dc2ad69b4b7d ] Request (ServerActionsTestOtherA:setUpClass): 200 GET http://10.180.1.21/compute/v2.1/servers/5c7e8343-d53f-4f6a-91e6-d2fec1fd627c 0.045s
2024-08-08 23:57:11.339 61493 INFO tempest.lib.common.rest_client [req-0b101e72-f447-4599-95a1-d3447b51164f req-0b101e72-f447-4599-95a1-d3447b51164f ] Request (ServersAdminNegativeTestJSON:setUpClass): 200 GET http://10.180.1.21/compute/v2.1/servers/84b66b90-332e-49ff-98e4-07cf2cd68f9c 0.044s
2024-08-08 23:57:11.379 61542 INFO tempest.lib.common.rest_client [req-9ec45b1c-2338-48ea-a04b-41b0af3d2103 req-9ec45b1c-2338-48ea-a04b-41b0af3d2103 ] Request (MigrationsAdminTest:test_resize_server_revert_deleted_flavor): 200 GET http://10.180.1.21/compute/v2.1/servers/e09e4052-e1d6-43b5-8463-73b08840d1fd 0.042s
2024-08-08 23:57:11.448 61519 INFO tempest.lib.common.rest_client [req-9411e6aa-41db-4f87-b971-da803e1412a1 req-9411e6aa-41db-4f87-b971-da803e1412a1 ] Request (AttachInterfacesV270Test:test_create_get_list_interfaces): 200 GET http://10.180.1.21/compute/v2.1/servers/20ce0153-33b2-4007-b107-8c02d47e671e 0.047s
2024-08-08 23:57:11.471 61538 INFO tempest.lib.common.rest_client [req-df295447-c1d8-4fe9-849e-024fc50d8f80 req-df295447-c1d8-4fe9-849e-024fc50d8f80 ] Request (ServersAaction247Test:test_create_backup): 200 GET http://10.180.1.21/compute/v2.1/servers/aabed1d5-d431-4f38-abb1-8d63970b2037 0.047s
2024-08-08 23:57:11.490 61535 INFO tempest.lib.common.rest_client [req-61bcad0f-e4c8-4b7c-8c54-af95d86430fc req-61bcad0f-e4c8-4b7c-8c54-af95d86430fc ] Request (ServerExternalEventsTest:test_create_server_external_events): 200 GET http://10.180.1.21/compute/v2.1/servers/c580cb5a-1515-4b11-9e72-a0c557112fb2 0.047s
2024-08-08 23:57:11.521 61512 INFO tempest.lib.common.rest_client [req-bc681aef-4edb-4555-bffb-0d1e05526e20 req-bc681aef-4edb-4555-bffb-0d1e05526e20 ] Request (ListServerFiltersTestJSON:setUpClass): 200 GET http://10.180.1.21/compute/v2.1/servers/b1864b10-8940-46c5-b3eb-4d1acad62fa8 0.048s
2024-08-08 23:57:11.532 61549 INFO tempest.lib.common.rest_client [req-3d763d92-2312-4980-b9d5-eb12d15e93b9 req-3d763d92-2312-4980-b9d5-eb12d15e93b9 ] Request (ServerDiskConfigTestJSON:test_rebuild_server_with_manual_disk_config): 200 GET http://10.180.1.21/compute/v2.1/servers/7028ccbf-a734-4ba1-9c8b-7ec062ad2637 0.047s
2024-08-08 23:57:11.570 61499 INFO tempest.lib.common.rest_client [req-5d5427e1-938c-40d0-9bee-84c717ce61f7 req-5d5427e1-938c-40d0-9bee-84c717ce61f7 ] Request (DeleteServersAdminTestJSON:test_delete_server_while_in_error_state): 200 GET http://10.180.1.21/compute/v2.1/servers/11591556-3b1f-40d4-8e94-ed65d5177836 0.043s
2024-08-08 23:57:11.582 61497 INFO tempest.lib.common.rest_client [req-d9a9e588-735a-40b1-9848-42d8dca9f51f req-d9a9e588-735a-40b1-9848-42d8dca9f51f ] Request (DeleteServersTestJSON:test_delete_active_server): 200 GET http://10.180.1.21/compute/v2.1/servers/7c16bd18-9ab6-4c61-a058-eacc9b9de401 0.043s
2024-08-08 23:57:11.834 61533 INFO tempest.lib.common.rest_client [req-119c8389-baa9-4bbe-bae1-4227a5288cf7 req-119c8389-baa9-4bbe-bae1-4227a5288cf7 ] Request (VolumesAdminNegativeTest:test_update_attached_volume_with_nonexistent_volume_in_uri): 200 GET http://10.180.1.21/compute/v2.1/servers/0a0a1c88-3150-4082-b406-8ea3def4eb83 0.043s
2024-08-08 23:57:11.888 61547 INFO tempest.lib.common.rest_client [req-5a3e3ac2-537e-47e8-82bd-49758dedd2f4 req-5a3e3ac2-537e-47e8-82bd-49758dedd2f4 ] Request (AttachVolumeTestJSON:test_attach_detach_volume): 200 GET http://10.180.1.21/compute/v2.1/servers/d437a28e-19d2-4e88-8621-95b034228230 0.050s
2024-08-08 23:57:11.912 61550 INFO tempest.lib.common.rest_client [req-2f324e76-f108-486f-8b00-47ee8632c7bc req-2f324e76-f108-486f-8b00-47ee8632c7bc ] Request (ServersNegativeTestJSON:setUpClass): 200 GET http://10.180.1.21/compute/v2.1/servers/fffc2789-c50c-496e-9015-b73ae8404961 0.052s
2024-08-08 23:57:11.961 61510 INFO tempest.lib.common.rest_client [req-859f2a28-f21f-435e-8e08-9a90c4d40388 req-859f2a28-f21f-435e-8e08-9a90c4d40388 ] Request (AttachVolumeShelveTestJSON:test_attach_volume_shelved_or_offload_server): 200 GET http://10.180.1.21/compute/v2.1/servers/d5cd6264-fa52-499a-802a-f9602d9d5f3f 0.050s
2024-08-08 23:57:11.961 61544 INFO tempest.lib.common.rest_client [req-e591e836-ed4c-456b-89fc-4d8b1153510d req-e591e836-ed4c-456b-89fc-4d8b1153510d ] Request (ServersNegativeTestMultiTenantJSON:setUpClass): 200 GET http://10.180.1.21/compute/v2.1/servers/da53612c-d9de-4d99-917b-6838854f1ead 0.048s
2024-08-08 23:57:12.006 61521 INFO tempest.lib.common.rest_client [req-e6736629-0d8c-470f-9451-d35fcf0bec2b req-e6736629-0d8c-470f-9451-d35fcf0bec2b ] Request (MultipleCreateTestJSON:test_multiple_create): 200 GET http://10.180.1.21/compute/v2.1/servers/e0417d43-3285-40a0-b412-5f72db99bffa 0.053s
2024-08-08 23:57:12.009 61501 INFO tempest.lib.common.rest_client [req-817dd4db-c6d5-41c7-be81-957bf05e9ae8 req-817dd4db-c6d5-41c7-be81-957bf05e9ae8 ] Request (ServerMetadataTestJSON:setUpClass): 200 GET http://10.180.1.21/compute/v2.1/servers/b8f4a648-016d-4ac1-8dd5-94d6de8407cc 0.043s
2024-08-08 23:57:12.052 61513 INFO tempest.lib.common.rest_client [req-8e9c2c62-c215-4458-afd2-3c46cbc6270b req-8e9c2c62-c215-4458-afd2-3c46cbc6270b ] Request (ListServersNegativeTestJSON:setUpClass): 200 GET http://10.180.1.21/compute/v2.1/servers/1a25609a-65fc-48f5-9d89-4fd00a9d0552 0.049s
2024-08-08 23:57:12.055 61531 INFO tempest.lib.common.rest_client [req-dea15db7-ddf5-4e94-b6d7-f35a839f42cc req-dea15db7-ddf5-4e94-b6d7-f35a839f42cc ] Request (AttachVolumeNegativeTest:test_attach_attached_volume_to_different_server): 200 GET http://10.180.1.21/compute/v2.1/servers/896e5ed8-aa25-4d8f-a727-8e5ccd5195bb 0.042s
2024-08-08 23:57:12.109 61508 INFO tempest.lib.common.rest_client [req-655c157d-9e6d-4856-a392-599bd9175ccf req-655c157d-9e6d-4856-a392-599bd9175ccf ] Request (SecurityGroupsTestJSON:test_server_security_groups): 200 GET http://10.180.1.21/compute/v2.1/servers/a4cbf973-0d33-4423-903a-a3fd6e8b880b 0.043s
2024-08-08 23:57:12.113 61552 INFO tempest.lib.common.rest_client [req-95df9218-681f-479e-90f3-94e34c0de851 req-95df9218-681f-479e-90f3-94e34c0de851 ] Request (AttachInterfacesTestJSON:test_create_list_show_delete_interfaces_by_fixed_ip): 200 GET http://10.180.1.21/compute/v2.1/servers/c2108984-5c6c-4fdd-8040-6f21d2ce3b26 0.056s
2024-08-08 23:57:12.147 61555 INFO tempest.lib.common.rest_client [req-6815bb1d-bbfc-469f-8059-b35af522ffc3 req-6815bb1d-bbfc-469f-8059-b35af522ffc3 ] Request (ServersTestJSON:setUpClass): 200 GET http://10.180.1.21/compute/v2.1/servers/552fdf5e-80da-4513-bbcd-e2f4906b0334 0.050s
2024-08-08 23:57:12.188 61505 INFO tempest.lib.common.rest_client [req-8cb86c3f-b7a3-4fe7-8376-98fa95247638 req-8cb86c3f-b7a3-4fe7-8376-98fa95247638 ] Request (ImagesTestJSON:test_create_image_from_stopped_server): 200 GET http://10.180.1.21/compute/v2.1/servers/90f635b4-1f58-4409-980c-fcd475601a73 0.043s
2024-08-08 23:57:12.256 61495 INFO tempest.lib.common.rest_client [req-e9b27119-a6b7-4c36-bdc5-7d17e452117f req-e9b27119-a6b7-4c36-bdc5-7d17e452117f ] Request (ImagesNegativeTestJSON:test_create_image_from_deleted_server): 200 GET http://10.180.1.21/compute/v2.1/servers/c367c08c-c563-4bf8-92d3-c50e226f874e 0.048s
2024-08-08 23:57:12.297 61523 INFO tempest.lib.common.rest_client [req-332819ac-3bc8-4a60-b973-396527062c90 req-332819ac-3bc8-4a60-b973-396527062c90 ] Request (ServerActionsTestJSON:setUpClass): 200 GET http://10.180.1.21/compute/v2.1/servers/4ffb4451-cfc2-4b8f-9a82-1d7e9638c169 0.048s
2024-08-08 23:57:12.332 61529 INFO tempest.lib.common.rest_client [req-87da08d0-fbc9-4e24-b1f7-a1529aa96e18 req-87da08d0-fbc9-4e24-b1f7-a1529aa96e18 ] Request (ServersTestMultiNic:test_verify_duplicate_network_nics): 200 GET http://10.180.1.21/compute/v2.1/servers/f2883464-8cd4-44fd-b901-3922452d467c 0.057s
2024-08-08 23:57:12.389 61527 INFO tempest.lib.common.rest_client [req-36ad3815-e6b8-4927-b07d-6db3fe85c00c req-36ad3815-e6b8-4927-b07d-6db3fe85c00c ] Request (ServerActionsTestOtherA:setUpClass): 200 GET http://10.180.1.21/compute/v2.1/servers/5c7e8343-d53f-4f6a-91e6-d2fec1fd627c 0.045s
2024-08-08 23:57:12.396 61493 INFO tempest.lib.common.rest_client [req-f5abc846-5b94-4593-aa03-0c4fba81bbdb req-f5abc846-5b94-4593-aa03-0c4fba81bbdb ] Request (ServersAdminNegativeTestJSON:setUpClass): 200 GET http://10.180.1.21/compute/v2.1/servers/84b66b90-332e-49ff-98e4-07cf2cd68f9c 0.048s
2024-08-08 23:57:12.433 61542 INFO tempest.lib.common.rest_client [req-6042571e-a3f5-454e-8c78-8535595df74e req-6042571e-a3f5-454e-8c78-8535595df74e ] Request (MigrationsAdminTest:test_resize_server_revert_deleted_flavor): 200 GET http://10.180.1.21/compute/v2.1/servers/e09e4052-e1d6-43b5-8463-73b08840d1fd 0.046s
2024-08-08 23:57:12.503 61519 INFO tempest.lib.common.rest_client [req-8e9b7b2c-3006-46b9-b664-d8210b73b238 req-8e9b7b2c-3006-46b9-b664-d8210b73b238 ] Request (AttachInterfacesV270Test:test_create_get_list_interfaces): 200 GET http://10.180.1.21/compute/v2.1/servers/20ce0153-33b2-4007-b107-8c02d47e671e 0.047s
2024-08-08 23:57:12.528 61538 INFO tempest.lib.common.rest_client [req-e414d012-06fb-431a-a879-52ce4b1b951c req-e414d012-06fb-431a-a879-52ce4b1b951c ] Request (ServersAaction247Test:test_create_backup): 200 GET http://10.180.1.21/compute/v2.1/servers/aabed1d5-d431-4f38-abb1-8d63970b2037 0.049s
2024-08-08 23:57:12.555 61535 INFO tempest.lib.common.rest_client [req-3bb2dca5-0026-4c8c-80cb-0aa9000d4c80 req-3bb2dca5-0026-4c8c-80cb-0aa9000d4c80 ] Request (ServerExternalEventsTest:test_create_server_external_events): 200 GET http://10.180.1.21/compute/v2.1/servers/c580cb5a-1515-4b11-9e72-a0c557112fb2 0.058s
2024-08-08 23:57:12.573 61512 INFO tempest.lib.common.rest_client [req-9cbe2a45-8a92-4b36-bfe1-8ce28e44f9f3 req-9cbe2a45-8a92-4b36-bfe1-8ce28e44f9f3 ] Request (ListServerFiltersTestJSON:setUpClass): 200 GET http://10.180.1.21/compute/v2.1/servers/b1864b10-8940-46c5-b3eb-4d1acad62fa8 0.045s
2024-08-08 23:57:12.600 61549 INFO tempest.lib.common.rest_client [req-6c02afa1-9034-418a-8daa-1918a591ed68 req-6c02afa1-9034-418a-8daa-1918a591ed68 ] Request (ServerDiskConfigTestJSON:test_rebuild_server_with_manual_disk_config): 200 GET http://10.180.1.21/compute/v2.1/servers/7028ccbf-a734-4ba1-9c8b-7ec062ad2637 0.060s
2024-08-08 23:57:12.624 61499 INFO tempest.lib.common.rest_client [req-fef6e6dd-0539-4169-af09-60259ea0047d req-fef6e6dd-0539-4169-af09-60259ea0047d ] Request (DeleteServersAdminTestJSON:test_delete_server_while_in_error_state): 200 GET http://10.180.1.21/compute/v2.1/servers/11591556-3b1f-40d4-8e94-ed65d5177836 0.047s
2024-08-08 23:57:12.630 61499 INFO tempest.common.waiters [-] State transition "BUILD/spawning" ==> "BUILD/scheduling" after 106 second wait
2024-08-08 23:57:12.644 61497 INFO tempest.lib.common.rest_client [req-577cef2b-426b-4f9d-a28d-9746861c5d8a req-577cef2b-426b-4f9d-a28d-9746861c5d8a ] Request (DeleteServersTestJSON:test_delete_active_server): 200 GET http://10.180.1.21/compute/v2.1/servers/7c16bd18-9ab6-4c61-a058-eacc9b9de401 0.055s
2024-08-08 23:57:12.887 61533 INFO tempest.lib.common.rest_client [req-f76f979e-e4b9-496c-83b1-849a070b4661 req-f76f979e-e4b9-496c-83b1-849a070b4661 ] Request (VolumesAdminNegativeTest:test_update_attached_volume_with_nonexistent_volume_in_uri): 200 GET http://10.180.1.21/compute/v2.1/servers/0a0a1c88-3150-4082-b406-8ea3def4eb83 0.046s
2024-08-08 23:57:12.943 61547 INFO tempest.lib.common.rest_client [req-2b067f44-a9e4-401e-a51d-26113fe89427 req-2b067f44-a9e4-401e-a51d-26113fe89427 ] Request (AttachVolumeTestJSON:test_attach_detach_volume): 200 GET http://10.180.1.21/compute/v2.1/servers/d437a28e-19d2-4e88-8621-95b034228230 0.048s
2024-08-08 23:57:12.968 61550 INFO tempest.lib.common.rest_client [req-ed23f421-ccdc-4b07-af55-7dbb6d5ab857 req-ed23f421-ccdc-4b07-af55-7dbb6d5ab857 ] Request (ServersNegativeTestJSON:setUpClass): 200 GET http://10.180.1.21/compute/v2.1/servers/fffc2789-c50c-496e-9015-b73ae8404961 0.048s
2024-08-08 23:57:13.013 61510 INFO tempest.lib.common.rest_client [req-3f798bfd-2f68-4151-a8ba-58ba5d0be1cf req-3f798bfd-2f68-4151-a8ba-58ba5d0be1cf ] Request (AttachVolumeShelveTestJSON:test_attach_volume_shelved_or_offload_server): 200 GET http://10.180.1.21/compute/v2.1/servers/d5cd6264-fa52-499a-802a-f9602d9d5f3f 0.044s
2024-08-08 23:57:13.013 61544 INFO tempest.lib.common.rest_client [req-93974b6b-301d-4151-8fb0-30d8d96c3311 req-93974b6b-301d-4151-8fb0-30d8d96c3311 ] Request (ServersNegativeTestMultiTenantJSON:setUpClass): 200 GET http://10.180.1.21/compute/v2.1/servers/da53612c-d9de-4d99-917b-6838854f1ead 0.044s
2024-08-08 23:57:13.056 61521 INFO tempest.lib.common.rest_client [req-da844cd2-4516-4b43-9071-67ad68bb49cf req-da844cd2-4516-4b43-9071-67ad68bb49cf ] Request (MultipleCreateTestJSON:test_multiple_create): 200 GET http://10.180.1.21/compute/v2.1/servers/e0417d43-3285-40a0-b412-5f72db99bffa 0.043s
2024-08-08 23:57:13.058 61501 INFO tempest.lib.common.rest_client [req-7ef7003a-71b5-4255-9d92-822b42988f12 req-7ef7003a-71b5-4255-9d92-822b42988f12 ] Request (ServerMetadataTestJSON:setUpClass): 200 GET http://10.180.1.21/compute/v2.1/servers/b8f4a648-016d-4ac1-8dd5-94d6de8407cc 0.042s
2024-08-08 23:57:13.105 61513 INFO tempest.lib.common.rest_client [req-7afe04e7-a910-4fe4-b8fc-6bcb508f8e81 req-7afe04e7-a910-4fe4-b8fc-6bcb508f8e81 ] Request (ListServersNegativeTestJSON:setUpClass): 200 GET http://10.180.1.21/compute/v2.1/servers/1a25609a-65fc-48f5-9d89-4fd00a9d0552 0.044s
2024-08-08 23:57:13.106 61531 INFO tempest.lib.common.rest_client [req-3d0ee87c-14ae-4aef-8553-972fb9e56100 req-3d0ee87c-14ae-4aef-8553-972fb9e56100 ] Request (AttachVolumeNegativeTest:test_attach_attached_volume_to_different_server): 200 GET http://10.180.1.21/compute/v2.1/servers/896e5ed8-aa25-4d8f-a727-8e5ccd5195bb 0.044s
2024-08-08 23:57:13.160 61508 INFO tempest.lib.common.rest_client [req-afd234bd-96b9-4a8c-b2b2-a57e8473cc65 req-afd234bd-96b9-4a8c-b2b2-a57e8473cc65 ] Request (SecurityGroupsTestJSON:test_server_security_groups): 200 GET http://10.180.1.21/compute/v2.1/servers/a4cbf973-0d33-4423-903a-a3fd6e8b880b 0.044s
2024-08-08 23:57:13.164 61552 INFO tempest.lib.common.rest_client [req-a7af9862-c13d-48ed-ac93-337d5cc82654 req-a7af9862-c13d-48ed-ac93-337d5cc82654 ] Request (AttachInterfacesTestJSON:test_create_list_show_delete_interfaces_by_fixed_ip): 200 GET http://10.180.1.21/compute/v2.1/servers/c2108984-5c6c-4fdd-8040-6f21d2ce3b26 0.044s
2024-08-08 23:57:13.203 61555 INFO tempest.lib.common.rest_client [req-adca7885-7a61-48c1-b4ec-056010e432da req-adca7885-7a61-48c1-b4ec-056010e432da ] Request (ServersTestJSON:setUpClass): 200 GET http://10.180.1.21/compute/v2.1/servers/552fdf5e-80da-4513-bbcd-e2f4906b0334 0.048s
2024-08-08 23:57:13.241 61505 INFO tempest.lib.common.rest_client [req-310dd635-f0b4-49c0-b986-25821977346c req-310dd635-f0b4-49c0-b986-25821977346c ] Request (ImagesTestJSON:test_create_image_from_stopped_server): 200 GET http://10.180.1.21/compute/v2.1/servers/90f635b4-1f58-4409-980c-fcd475601a73 0.046s
2024-08-08 23:57:13.305 61495 INFO tempest.lib.common.rest_client [req-eab7bb25-cb23-49c5-9378-e56f7236b183 req-eab7bb25-cb23-49c5-9378-e56f7236b183 ] Request (ImagesNegativeTestJSON:test_create_image_from_deleted_server): 200 GET http://10.180.1.21/compute/v2.1/servers/c367c08c-c563-4bf8-92d3-c50e226f874e 0.042s
2024-08-08 23:57:13.348 61523 INFO tempest.lib.common.rest_client [req-0635fbc6-861c-4b80-86e4-4f29f53f8143 req-0635fbc6-861c-4b80-86e4-4f29f53f8143 ] Request (ServerActionsTestJSON:setUpClass): 200 GET http://10.180.1.21/compute/v2.1/servers/4ffb4451-cfc2-4b8f-9a82-1d7e9638c169 0.044s
2024-08-08 23:57:13.385 61529 INFO tempest.lib.common.rest_client [req-4110f6b1-82e2-4612-8153-45bf15518e54 req-4110f6b1-82e2-4612-8153-45bf15518e54 ] Request (ServersTestMultiNic:test_verify_duplicate_network_nics): 200 GET http://10.180.1.21/compute/v2.1/servers/f2883464-8cd4-44fd-b901-3922452d467c 0.044s
2024-08-08 23:57:13.442 61527 INFO tempest.lib.common.rest_client [req-b7a47fa4-02fb-4619-b6e6-015aff8df3b4 req-b7a47fa4-02fb-4619-b6e6-015aff8df3b4 ] Request (ServerActionsTestOtherA:setUpClass): 200 GET http://10.180.1.21/compute/v2.1/servers/5c7e8343-d53f-4f6a-91e6-d2fec1fd627c 0.046s
2024-08-08 23:57:13.448 61493 INFO tempest.lib.common.rest_client [req-d92ca83f-f839-40d7-8338-6dc5ee4f1081 req-d92ca83f-f839-40d7-8338-6dc5ee4f1081 ] Request (ServersAdminNegativeTestJSON:setUpClass): 200 GET http://10.180.1.21/compute/v2.1/servers/84b66b90-332e-49ff-98e4-07cf2cd68f9c 0.045s
2024-08-08 23:57:13.481 61542 INFO tempest.lib.common.rest_client [req-7304264d-e4c0-4f91-8454-f27aed1a4518 req-7304264d-e4c0-4f91-8454-f27aed1a4518 ] Request (MigrationsAdminTest:test_resize_server_revert_deleted_flavor): 200 GET http://10.180.1.21/compute/v2.1/servers/e09e4052-e1d6-43b5-8463-73b08840d1fd 0.041s
2024-08-08 23:57:13.562 61519 INFO tempest.lib.common.rest_client [req-3d5e48df-00d6-4a2f-bddb-53c83ff524aa req-3d5e48df-00d6-4a2f-bddb-53c83ff524aa ] Request (AttachInterfacesV270Test:test_create_get_list_interfaces): 200 GET http://10.180.1.21/compute/v2.1/servers/20ce0153-33b2-4007-b107-8c02d47e671e 0.049s
2024-08-08 23:57:13.584 61538 INFO tempest.lib.common.rest_client [req-9dd83aef-dec5-440c-b753-35aa7cf5debb req-9dd83aef-dec5-440c-b753-35aa7cf5debb ] Request (ServersAaction247Test:test_create_backup): 200 GET http://10.180.1.21/compute/v2.1/servers/aabed1d5-d431-4f38-abb1-8d63970b2037 0.047s
2024-08-08 23:57:13.603 61535 INFO tempest.lib.common.rest_client [req-8ae4c76f-c7df-4412-9782-08a09c704dbf req-8ae4c76f-c7df-4412-9782-08a09c704dbf ] Request (ServerExternalEventsTest:test_create_server_external_events): 200 GET http://10.180.1.21/compute/v2.1/servers/c580cb5a-1515-4b11-9e72-a0c557112fb2 0.041s
2024-08-08 23:57:13.625 61512 INFO tempest.lib.common.rest_client [req-88f5b960-ce2d-410c-8b28-a7ddda78ad28 req-88f5b960-ce2d-410c-8b28-a7ddda78ad28 ] Request (ListServerFiltersTestJSON:setUpClass): 200 GET http://10.180.1.21/compute/v2.1/servers/b1864b10-8940-46c5-b3eb-4d1acad62fa8 0.044s
2024-08-08 23:57:13.648 61549 INFO tempest.lib.common.rest_client [req-ae03d0b6-cce0-4065-9560-9b1e80fcd3d1 req-ae03d0b6-cce0-4065-9560-9b1e80fcd3d1 ] Request (ServerDiskConfigTestJSON:test_rebuild_server_with_manual_disk_config): 200 GET http://10.180.1.21/compute/v2.1/servers/7028ccbf-a734-4ba1-9c8b-7ec062ad2637 0.042s
2024-08-08 23:57:13.679 61499 INFO tempest.lib.common.rest_client [req-3254aeaa-0e65-48a9-8ea8-ba74c5264392 req-3254aeaa-0e65-48a9-8ea8-ba74c5264392 ] Request (DeleteServersAdminTestJSON:test_delete_server_while_in_error_state): 200 GET http://10.180.1.21/compute/v2.1/servers/11591556-3b1f-40d4-8e94-ed65d5177836 0.047s
2024-08-08 23:57:13.684 61499 INFO tempest.common.waiters [-] State transition "BUILD/scheduling" ==> "ERROR/None" after 107 second wait
2024-08-08 23:57:13.700 61497 INFO tempest.lib.common.rest_client [req-268e8716-4490-4e69-b2e3-3a26bfab2af6 req-268e8716-4490-4e69-b2e3-3a26bfab2af6 ] Request (DeleteServersTestJSON:test_delete_active_server): 200 GET http://10.180.1.21/compute/v2.1/servers/7c16bd18-9ab6-4c61-a058-eacc9b9de401 0.044s
2024-08-08 23:57:13.841 61499 INFO tempest.lib.common.rest_client [req-844fd78d-984a-4095-b525-51dfae8a3ff7 req-844fd78d-984a-4095-b525-51dfae8a3ff7 ] Request (DeleteServersAdminTestJSON:test_delete_server_while_in_error_state): 204 DELETE http://10.180.1.21/compute/v2.1/servers/11591556-3b1f-40d4-8e94-ed65d5177836 0.156s
2024-08-08 23:57:13.865 61499 INFO tempest.lib.common.rest_client [req-a4f6dc20-86c6-467c-af1f-07eee9e84e2f req-a4f6dc20-86c6-467c-af1f-07eee9e84e2f ] Request (DeleteServersAdminTestJSON:test_delete_server_while_in_error_state): 404 GET http://10.180.1.21/compute/v2.1/servers/11591556-3b1f-40d4-8e94-ed65d5177836 0.023s
2024-08-08 23:57:13.944 61533 INFO tempest.lib.common.rest_client [req-c5752c8e-36a5-4ae5-bb8b-bf2c6443f6f7 req-c5752c8e-36a5-4ae5-bb8b-bf2c6443f6f7 ] Request (VolumesAdminNegativeTest:test_update_attached_volume_with_nonexistent_volume_in_uri): 200 GET http://10.180.1.21/compute/v2.1/servers/0a0a1c88-3150-4082-b406-8ea3def4eb83 0.050s
2024-08-08 23:57:13.965 61499 INFO tempest.lib.common.rest_client [req-887c0f8a-e6e0-4e35-8639-79ec601b351a req-887c0f8a-e6e0-4e35-8639-79ec601b351a ] Request (DeleteServersAdminTestJSON:tearDownClass): 204 DELETE http://10.180.1.21/identity/v3/users/6d43a1e4d4fd45deacb691112bffdeae 0.098s
2024-08-08 23:57:13.998 61547 INFO tempest.lib.common.rest_client [req-8a0b3dba-17bf-4b4b-8ff0-83bde80a0eb2 req-8a0b3dba-17bf-4b4b-8ff0-83bde80a0eb2 ] Request (AttachVolumeTestJSON:test_attach_detach_volume): 200 GET http://10.180.1.21/compute/v2.1/servers/d437a28e-19d2-4e88-8621-95b034228230 0.049s
2024-08-08 23:57:14.023 61550 INFO tempest.lib.common.rest_client [req-1df65320-5899-49a7-b1ba-c68861912792 req-1df65320-5899-49a7-b1ba-c68861912792 ] Request (ServersNegativeTestJSON:setUpClass): 200 GET http://10.180.1.21/compute/v2.1/servers/fffc2789-c50c-496e-9015-b73ae8404961 0.048s
2024-08-08 23:57:14.028 61550 INFO tempest.common.waiters [-] State transition "BUILD/scheduling" ==> "BUILD/None" after 82 second wait
2024-08-08 23:57:14.044 61499 INFO tempest.lib.common.rest_client [req-b20acbf4-fb64-4330-bf5a-f9d55fe1b8d1 req-b20acbf4-fb64-4330-bf5a-f9d55fe1b8d1 ] Request (DeleteServersAdminTestJSON:tearDownClass): 204 DELETE http://10.180.1.21/identity/v3/users/f4787742a8654907a36c32d003f3fd18 0.078s
2024-08-08 23:57:14.044 61499 INFO tempest.lib.common.dynamic_creds [-] Deleting project and security group for project: f33b799dad99448298f2d03d837f187c
2024-08-08 23:57:14.066 61544 INFO tempest.lib.common.rest_client [req-26aed8b0-d84e-4da1-98cb-1382e386b5e8 req-26aed8b0-d84e-4da1-98cb-1382e386b5e8 ] Request (ServersNegativeTestMultiTenantJSON:setUpClass): 200 GET http://10.180.1.21/compute/v2.1/servers/da53612c-d9de-4d99-917b-6838854f1ead 0.046s
2024-08-08 23:57:14.075 61510 INFO tempest.lib.common.rest_client [req-d60aea56-5a88-4c60-a732-71dad796c0ad req-d60aea56-5a88-4c60-a732-71dad796c0ad ] Request (AttachVolumeShelveTestJSON:test_attach_volume_shelved_or_offload_server): 200 GET http://10.180.1.21/compute/v2.1/servers/d5cd6264-fa52-499a-802a-f9602d9d5f3f 0.054s
2024-08-08 23:57:14.099 61499 INFO tempest.lib.common.rest_client [req-f7dec34e-9de3-452a-9883-cda8bf470c06 req-f7dec34e-9de3-452a-9883-cda8bf470c06 ] Request (DeleteServersAdminTestJSON:tearDownClass): 201 POST http://10.180.1.21/identity/v3/auth/tokens 0.054s
2024-08-08 23:57:14.110 61521 INFO tempest.lib.common.rest_client [req-a41020c1-dbd6-473f-a5e1-6d4bbcfac4a1 req-a41020c1-dbd6-473f-a5e1-6d4bbcfac4a1 ] Request (MultipleCreateTestJSON:test_multiple_create): 200 GET http://10.180.1.21/compute/v2.1/servers/e0417d43-3285-40a0-b412-5f72db99bffa 0.047s
2024-08-08 23:57:14.124 61501 INFO tempest.lib.common.rest_client [req-f2e1aade-867f-4898-8b61-e6ec848f48f5 req-f2e1aade-867f-4898-8b61-e6ec848f48f5 ] Request (ServerMetadataTestJSON:setUpClass): 200 GET http://10.180.1.21/compute/v2.1/servers/b8f4a648-016d-4ac1-8dd5-94d6de8407cc 0.059s
2024-08-08 23:57:14.160 61513 INFO tempest.lib.common.rest_client [req-4f891127-5dc5-4335-9c03-7ff37e50953c req-4f891127-5dc5-4335-9c03-7ff37e50953c ] Request (ListServersNegativeTestJSON:setUpClass): 200 GET http://10.180.1.21/compute/v2.1/servers/1a25609a-65fc-48f5-9d89-4fd00a9d0552 0.048s
2024-08-08 23:57:14.182 61531 INFO tempest.lib.common.rest_client [req-a5ce68d9-6571-40bb-8640-2a1dc56b6aaf req-a5ce68d9-6571-40bb-8640-2a1dc56b6aaf ] Request (AttachVolumeNegativeTest:test_attach_attached_volume_to_different_server): 200 GET http://10.180.1.21/compute/v2.1/servers/896e5ed8-aa25-4d8f-a727-8e5ccd5195bb 0.069s
2024-08-08 23:57:14.215 61508 INFO tempest.lib.common.rest_client [req-9b2177e4-9123-46db-9206-5f39c0c313ba req-9b2177e4-9123-46db-9206-5f39c0c313ba ] Request (SecurityGroupsTestJSON:test_server_security_groups): 200 GET http://10.180.1.21/compute/v2.1/servers/a4cbf973-0d33-4423-903a-a3fd6e8b880b 0.048s
2024-08-08 23:57:14.238 61552 INFO tempest.lib.common.rest_client [req-8b135646-04f6-406c-9365-c2d06a6ca960 req-8b135646-04f6-406c-9365-c2d06a6ca960 ] Request (AttachInterfacesTestJSON:test_create_list_show_delete_interfaces_by_fixed_ip): 200 GET http://10.180.1.21/compute/v2.1/servers/c2108984-5c6c-4fdd-8040-6f21d2ce3b26 0.067s
