2024-08-08 23:55:33.552 61535 INFO tempest.lib.common.rest_client [req-6e95c791-48a4-4848-9b6e-686e3a740351 req-6e95c791-48a4-4848-9b6e-686e3a740351 ] Request (FlavorsAdminTestJSON:test_list_non_public_flavor): 200 GET http://10.180.1.21/compute/v2.1/flavors/detail 0.724s
2024-08-08 23:55:33.625 61510 INFO tempest.lib.common.rest_client [req-f739a9cf-372a-4020-bc6f-2749111187de req-f739a9cf-372a-4020-bc6f-2749111187de ] Request (InstanceActionsNegativeTestJSON:setUpClass): 200 GET http://10.180.1.21/compute/v2.1/servers/8f16eb3b-049b-4d6f-8d5c-cd96018ad6d3 0.806s
2024-08-08 23:55:33.631 61510 INFO tempest.common.waiters [-] State transition "BUILD/spawning" ==> "ERROR/None" after 34 second wait
2024-08-08 23:55:33.633 61555 INFO tempest.lib.common.rest_client [req-81b3ef31-84f1-42d8-bdb9-9202129a13a2 req-81b3ef31-84f1-42d8-bdb9-9202129a13a2 ] Request (ServerDiagnosticsNegativeTest:test_get_server_diagnostics_by_non_admin): 200 GET http://10.180.1.21/compute/v2.1/servers/abaee9f0-113b-47b1-8364-3361e85a9aff 0.748s
2024-08-08 23:55:33.650 61517 INFO tempest.lib.common.rest_client [req-47428fb2-a3e2-42b6-9d30-9e6eb818fe73 req-47428fb2-a3e2-42b6-9d30-9e6eb818fe73 ] Request (FlavorsExtraSpecsTestJSON:test_flavor_non_admin_get_specific_key): 200 GET http://10.180.1.21/compute/v2.1/flavors/103947776/os-extra_specs/hw:numa_nodes 0.664s
2024-08-08 23:55:33.658 61550 INFO tempest.lib.common.rest_client [req-f311c7c4-1c2e-4f42-9faf-b822b7dd4829 req-f311c7c4-1c2e-4f42-9faf-b822b7dd4829 ] Request (ImagesOneServerTestJSON:tearDownClass): 200 PUT http://10.180.1.21:9696/networking/v2.0/routers/ce737b52-9be2-448d-a710-b15594c9bcda/remove_router_interface 0.941s
2024-08-08 23:55:33.661 61542 INFO tempest.lib.common.rest_client [req-13491f55-f341-46d8-a248-7cec282749fe req-13491f55-f341-46d8-a248-7cec282749fe ] Request (MigrationsAdminTest:test_resize_server_revert_deleted_flavor): 200 POST http://10.180.1.21/compute/v2.1/flavors/e3d364c1-67bb-489b-b68f-ad33c2052b2e/os-extra_specs 0.754s
2024-08-08 23:55:33.664 61515 INFO tempest.lib.common.rest_client [req-f5afb1b8-efc7-41f3-b64a-545227f3a829 req-f5afb1b8-efc7-41f3-b64a-545227f3a829 ] Request (FlavorsExtraSpecsNegativeTestJSON:tearDownClass): 202 DELETE http://10.180.1.21/compute/v2.1/flavors/1846966856 0.672s
2024-08-08 23:55:33.672 61519 INFO tempest.lib.common.rest_client [req-82ddc218-2f98-4f00-80a1-3c3109797855 req-82ddc218-2f98-4f00-80a1-3c3109797855 ] Request (KeyPairsNegativeTestJSON:test_create_keypair_with_long_keynames): 400 POST http://10.180.1.21/compute/v2.1/os-keypairs 0.647s
2024-08-08 23:55:33.733 61533 INFO tempest.lib.common.rest_client [req-9ffd3d8b-d564-4cc7-8f3c-9e892bf70f9e req-9ffd3d8b-d564-4cc7-8f3c-9e892bf70f9e ] Request (VolumesAdminNegativeTest:test_update_attached_volume_with_nonexistent_volume_in_body): 200 GET http://10.180.1.21/compute/v2.1/servers/bbf3e6e9-74c9-4e6b-88e7-93db7486f889 0.691s
2024-08-08 23:55:33.745 61542 INFO tempest.lib.common.rest_client [req-fb5b0b61-3a2f-43e7-bc84-1901c53efd22 req-fb5b0b61-3a2f-43e7-bc84-1901c53efd22 ] Request (MigrationsAdminTest:test_resize_server_revert_deleted_flavor): 201 POST http://10.180.1.21/identity/v3/auth/tokens 0.078s
2024-08-08 23:55:33.745 61542 INFO tempest.lib.common.fixed_network [-] (MigrationsAdminTest:test_resize_server_revert_deleted_flavor) Found network None available for tenant
2024-08-08 23:55:33.762 61549 INFO tempest.lib.common.rest_client [req-39eed7db-7d87-4c14-ad2e-dd81e6faa394 req-39eed7db-7d87-4c14-ad2e-dd81e6faa394 ] Request (ServerDiskConfigTestJSON:test_rebuild_server_with_auto_disk_config): 200 GET http://10.180.1.21/compute/v2.1/servers/12a21a3a-b330-4861-bc1b-925c9c74b047 0.755s
2024-08-08 23:55:33.768 61549 INFO tempest.common.waiters [-] State transition "BUILD/scheduling" ==> "BUILD/None" after 24 second wait
2024-08-08 23:55:33.785 61497 INFO tempest.lib.common.rest_client [req-10a690be-9236-4981-9868-784378ca445f req-10a690be-9236-4981-9868-784378ca445f ] Request (DeleteServersTestJSON:setUpClass): 201 POST http://10.180.1.21:9696/networking/v2.0/routers 1.393s
2024-08-08 23:55:33.867 61544 INFO tempest.lib.common.rest_client [req-96edaecb-7dc1-402b-a2d5-ad498aa92df5 req-96edaecb-7dc1-402b-a2d5-ad498aa92df5 ] Request (ServersNegativeTestMultiTenantJSON:setUpClass): 200 GET http://10.180.1.21/compute/v2.1/servers/da53612c-d9de-4d99-917b-6838854f1ead 0.757s
2024-08-08 23:55:33.891 61529 INFO tempest.lib.common.rest_client [req-5de989e6-09f4-44d7-99f6-9ed3304a65b1 req-5de989e6-09f4-44d7-99f6-9ed3304a65b1 ] Request (SecurityGroupsNegativeTestJSON:test_delete_the_default_security_group): 400 DELETE http://10.180.1.21/compute/v2.1/os-security-groups/579aefb5-da24-44f9-82e6-5122004a12ba 0.848s
2024-08-08 23:55:33.941 61527 INFO tempest.lib.common.rest_client [req-8d644839-d582-42aa-a6c5-82863bb4c052 req-8d644839-d582-42aa-a6c5-82863bb4c052 ] Request (FloatingIPsAssociationTestJSON:setUpClass): 200 GET http://10.180.1.21/compute/v2.1/servers/8247920f-2bcb-4130-b46b-e606a145f5d3 0.530s
2024-08-08 23:55:34.017 61513 INFO tempest.lib.common.rest_client [req-dcfc7aa0-8c49-4593-bdc2-1601ddf43146 req-dcfc7aa0-8c49-4593-bdc2-1601ddf43146 ] Request (ServersWithSpecificFlavorTestJSON:test_verify_created_server_ephemeral_disk): 200 GET http://10.180.1.21/compute/v2.1/servers/79f06adc-9894-4691-b25c-13780c01937c 0.602s
2024-08-08 23:55:34.171 61508 INFO tempest.lib.common.rest_client [req-675168ba-fc3e-4611-81dc-02a3f0304678 req-675168ba-fc3e-4611-81dc-02a3f0304678 ] Request (SecurityGroupsTestJSON:test_server_security_groups): 200 POST http://10.180.1.21/compute/v2.1/os-security-groups 0.727s
2024-08-08 23:55:34.184 61495 INFO tempest.lib.common.rest_client [req-b6e5fd80-f60d-446b-8cc6-eb77326c6859 req-b6e5fd80-f60d-446b-8cc6-eb77326c6859 ] Request (ImagesDeleteNegativeTestJSON:test_delete_image_with_id_over_character_limit): 404 DELETE http://10.180.1.21/compute/v2.1/images/279a29c7-bbe9-4df7-af3d-049c15e86fd31 0.715s
2024-08-08 23:55:34.314 61557 INFO tempest.lib.common.rest_client [req-a42c6225-40e9-45e4-a641-cc8591c97766 req-a42c6225-40e9-45e4-a641-cc8591c97766 ] Request (ServerTagsTestJSON:setUpClass): 200 GET http://10.180.1.21/compute/v2.1/servers/a86a6c94-db8c-4042-b28a-454671b946c5 0.777s
2024-08-08 23:55:34.333 61535 INFO tempest.lib.common.rest_client [req-c6e2ddd3-0932-491b-a161-a9dc005a6987 req-c6e2ddd3-0932-491b-a161-a9dc005a6987 ] Request (FlavorsAdminTestJSON:test_list_non_public_flavor): 200 GET http://10.180.1.21/compute/v2.1/flavors/detail 0.776s
2024-08-08 23:55:34.390 61499 INFO tempest.lib.common.rest_client [req-b2f30949-ecad-4802-b42a-63765521d4f8 req-b2f30949-ecad-4802-b42a-63765521d4f8 ] Request (DeleteServersAdminTestJSON:test_delete_server_while_in_error_state): 200 GET http://10.180.1.21/compute/v2.1/servers/11591556-3b1f-40d4-8e94-ed65d5177836 0.799s
2024-08-08 23:55:34.446 61503 INFO tempest.lib.common.rest_client [req-74125f03-237f-4bf9-af31-aa41a8187615 req-74125f03-237f-4bf9-af31-aa41a8187615 ] Request (VolumesAssistedSnapshotsTest:test_volume_assisted_snapshot_create_delete): 200 GET http://10.180.1.21/compute/v2.1/servers/4eb67529-f39f-4797-819a-460cb8428fc0 0.845s
2024-08-08 23:55:34.689 61510 INFO tempest.lib.common.rest_client [req-9f7266ab-60ed-4d25-b54b-1215633cb1a5 req-9f7266ab-60ed-4d25-b54b-1215633cb1a5 ] Request (InstanceActionsNegativeTestJSON:setUpClass): 204 DELETE http://10.180.1.21/compute/v2.1/servers/8f16eb3b-049b-4d6f-8d5c-cd96018ad6d3 1.057s
2024-08-08 23:55:34.707 61517 INFO tempest.lib.common.rest_client [req-d51be908-3c06-4317-a498-4a60a3ea6b0f req-d51be908-3c06-4317-a498-4a60a3ea6b0f ] Request (FlavorsExtraSpecsTestJSON:test_flavor_set_get_update_show_unset_keys): 200 POST http://10.180.1.21/compute/v2.1/flavors/103947776/os-extra_specs 1.053s
2024-08-08 23:55:34.724 61515 INFO tempest.lib.common.rest_client [req-5944a684-314e-4e71-b88f-34e4fc4ddacb req-5944a684-314e-4e71-b88f-34e4fc4ddacb ] Request (FlavorsExtraSpecsNegativeTestJSON:tearDownClass): 200 GET http://10.180.1.21/compute/v2.1/flavors/detail 1.060s
2024-08-08 23:55:34.780 61505 INFO tempest.lib.common.rest_client [req-fef35424-779f-478b-866f-8331e25a1fe3 req-fef35424-779f-478b-866f-8331e25a1fe3 ] Request (FloatingIPDetailsTestJSON:setUpClass): 200 POST http://10.180.1.21/compute/v2.1/os-floating-ips 1.503s
2024-08-08 23:55:34.810 61501 INFO tempest.lib.common.rest_client [req-7228c355-2a92-49e8-b97b-91483260f57e req-7228c355-2a92-49e8-b97b-91483260f57e ] Request (ServerGroupTestJSON:test_create_server_with_scheduler_hint_group): 200 GET http://10.180.1.21/compute/v2.1/servers/d0124899-c4e5-4768-8c2d-de73790e2ab2 1.141s
2024-08-08 23:55:34.833 61519 INFO tempest.lib.common.rest_client [req-593e2c41-b9ed-4ad8-95f4-a695ffa887e8 req-593e2c41-b9ed-4ad8-95f4-a695ffa887e8 ] Request (KeyPairsNegativeTestJSON:test_keypair_create_with_invalid_pub_key): 400 POST http://10.180.1.21/compute/v2.1/os-keypairs 1.159s
2024-08-08 23:55:34.844 61515 INFO tempest.lib.common.rest_client [req-6a83f3da-04a3-453d-a1e4-0aa16fac9cd0 req-6a83f3da-04a3-453d-a1e4-0aa16fac9cd0 ] Request (FlavorsExtraSpecsNegativeTestJSON:tearDownClass): 204 DELETE http://10.180.1.21/identity/v3/users/5702f56b007f4d1bb32a881d37b515ad 0.113s
2024-08-08 23:55:34.887 61531 INFO tempest.lib.common.rest_client [req-5740d4f5-7631-4c53-885a-00ff21cc5945 req-5740d4f5-7631-4c53-885a-00ff21cc5945 ] Request (ServersV294TestFqdnHostnames:setUpClass): 200 GET http://10.180.1.21/compute/v2.1/servers/34077b2f-3a18-492b-a5d2-a510ef18243e 1.204s
2024-08-08 23:55:34.959 61515 INFO tempest.lib.common.rest_client [req-3d3951c8-fe46-4731-bb13-7646709780d5 req-3d3951c8-fe46-4731-bb13-7646709780d5 ] Request (FlavorsExtraSpecsNegativeTestJSON:tearDownClass): 204 DELETE http://10.180.1.21/identity/v3/users/ffa6e1bae5f84d4582eef8b5aad8d33f 0.114s
2024-08-08 23:55:34.959 61521 INFO tempest.lib.common.rest_client [req-79eecf30-2ef6-4fb1-aef0-750037d7b3b9 req-79eecf30-2ef6-4fb1-aef0-750037d7b3b9 ] Request (InstanceActionsV221TestJSON:test_get_list_deleted_instance_actions): 200 GET http://10.180.1.21/compute/v2.1/servers/49d41343-b29d-4b20-a8eb-d982499e733c 1.175s
2024-08-08 23:55:34.960 61515 INFO tempest.lib.common.dynamic_creds [-] Deleting project and security group for project: dbd5039f7b304e5280f85700fee632ba
2024-08-08 23:55:34.984 61550 INFO tempest.lib.common.rest_client [req-0ae41556-28e5-42b0-9122-151e6c33c163 req-0ae41556-28e5-42b0-9122-151e6c33c163 ] Request (ImagesOneServerTestJSON:tearDownClass): 204 DELETE http://10.180.1.21:9696/networking/v2.0/routers/ce737b52-9be2-448d-a710-b15594c9bcda 1.325s
2024-08-08 23:55:34.989 61529 INFO tempest.lib.common.rest_client [req-95fe5a7b-589b-447d-9ca8-a9b49e295db0 req-95fe5a7b-589b-447d-9ca8-a9b49e295db0 ] Request (SecurityGroupsNegativeTestJSON:test_security_group_get_nonexistent_group): 404 GET http://10.180.1.21/compute/v2.1/os-security-groups/027d5f6b-627d-4a02-bb0a-29eb6a924e01 1.095s
2024-08-08 23:55:35.025 61515 INFO tempest.lib.common.rest_client [req-a2592768-99eb-4917-a810-1ae625d0a9b3 req-a2592768-99eb-4917-a810-1ae625d0a9b3 ] Request (FlavorsExtraSpecsNegativeTestJSON:tearDownClass): 201 POST http://10.180.1.21/identity/v3/auth/tokens 0.065s
2024-08-08 23:55:35.085 61525 INFO tempest.lib.common.rest_client [req-d8fb4ae8-93af-4a69-9047-5c84c68b3e18 req-d8fb4ae8-93af-4a69-9047-5c84c68b3e18 ] Request (ServersAdmin275Test:test_rebuild_update_server_275): 200 GET http://10.180.1.21/compute/v2.1/servers/4ff59576-c94c-4fc3-8667-297d532db008 1.180s
2024-08-08 23:55:35.146 61550 INFO tempest.lib.common.rest_client [req-ef2e9719-7e0d-406d-b7fa-5370689cdd7f req-ef2e9719-7e0d-406d-b7fa-5370689cdd7f ] Request (ImagesOneServerTestJSON:tearDownClass): 204 DELETE http://10.180.1.21:9696/networking/v2.0/subnets/c4e03b67-cbac-4354-a83f-2aa93670d4f3 0.162s
2024-08-08 23:55:35.166 61547 INFO tempest.lib.common.rest_client [req-8ebc259f-d1fc-40f9-a11f-71284b0a2164 req-8ebc259f-d1fc-40f9-a11f-71284b0a2164 ] Request (AttachVolumeTestJSON:test_attach_detach_volume): 200 GET http://10.180.1.21/compute/v2.1/servers/d437a28e-19d2-4e88-8621-95b034228230 1.193s
2024-08-08 23:55:35.218 61542 INFO tempest.lib.common.rest_client [req-2fdd9dc6-8d6e-4e0c-b0cc-dd9f82eb8e96 req-2fdd9dc6-8d6e-4e0c-b0cc-dd9f82eb8e96 ] Request (MigrationsAdminTest:test_resize_server_revert_deleted_flavor): 202 POST http://10.180.1.21/compute/v2.1/servers 1.472s
2024-08-08 23:55:35.255 61538 INFO tempest.lib.common.rest_client [req-3c968d47-9d5a-4fcc-9bca-2e20ba556704 req-3c968d47-9d5a-4fcc-9bca-2e20ba556704 ] Request (ServerActionsV293TestJSON:setUpClass): 200 GET http://10.180.1.21/compute/v2.1/servers/d3956602-5107-4392-abdf-f3b2b5266ca8 1.125s
2024-08-08 23:55:35.279 61495 INFO tempest.lib.common.rest_client [req-16bd5d85-73e5-4978-82d7-0f00433c84e2 req-16bd5d85-73e5-4978-82d7-0f00433c84e2 ] Request (ImagesDeleteNegativeTestJSON:test_delete_image_with_invalid_image_id): 404 DELETE http://10.180.1.21/compute/v2.1/images/tempest-invalid-750895523 1.094s
2024-08-08 23:55:35.305 61535 INFO tempest.lib.common.rest_client [req-fab5ff0a-d2c8-42ef-a081-2f07099458b9 req-fab5ff0a-d2c8-42ef-a081-2f07099458b9 ] Request (FlavorsAdminTestJSON:_run_cleanups): 202 DELETE http://10.180.1.21/compute/v2.1/flavors/225965149 0.967s
2024-08-08 23:55:35.382 61493 INFO tempest.lib.common.rest_client [req-18717847-2fd0-464d-a6e1-640ddf215ea9 req-18717847-2fd0-464d-a6e1-640ddf215ea9 ] Request (ServersAdminTestJSON:setUpClass): 200 GET http://10.180.1.21/compute/v2.1/servers/aaf40fd4-3e55-4aa0-8d33-5ccc7dd4e3d1 1.005s
2024-08-08 23:55:35.407 61515 INFO tempest.lib.common.rest_client [req-e43dac21-6772-4cb9-8f84-60a88b0f154e req-e43dac21-6772-4cb9-8f84-60a88b0f154e ] Request (FlavorsExtraSpecsNegativeTestJSON:tearDownClass): 200 GET http://10.180.1.21:9696/networking/v2.0/security-groups?tenant_id=dbd5039f7b304e5280f85700fee632ba&name=default 0.381s
2024-08-08 23:55:35.464 61523 INFO tempest.lib.common.rest_client [req-eb16363d-8d90-4e59-9e9b-a88a4ff6729b req-eb16363d-8d90-4e59-9e9b-a88a4ff6729b ] Request (ServerActionsTestJSON:setUpClass): 200 GET http://10.180.1.21/compute/v2.1/servers/4ffb4451-cfc2-4b8f-9a82-1d7e9638c169 1.025s
2024-08-08 23:55:35.540 61512 INFO tempest.lib.common.rest_client [req-76a64739-5e58-48a9-b5ad-8b8aebcd4baa req-76a64739-5e58-48a9-b5ad-8b8aebcd4baa ] Request (FloatingIPsAssociationNegativeTestJSON:setUpClass): 200 GET http://10.180.1.21/compute/v2.1/servers/52998f1c-771e-4e8d-b7f7-929a1961262a 1.001s
2024-08-08 23:55:35.550 61508 INFO tempest.lib.common.rest_client [req-87cca78c-03db-43db-9856-c25a62c1782d req-87cca78c-03db-43db-9856-c25a62c1782d ] Request (SecurityGroupsTestJSON:test_server_security_groups): 200 POST http://10.180.1.21/compute/v2.1/os-security-groups 1.377s
2024-08-08 23:55:35.598 61510 INFO tempest.lib.common.rest_client [req-ed77463c-42c6-45fe-8e7e-dcbd45ffb896 req-ed77463c-42c6-45fe-8e7e-dcbd45ffb896 ] Request (InstanceActionsNegativeTestJSON:setUpClass): 404 GET http://10.180.1.21/compute/v2.1/servers/8f16eb3b-049b-4d6f-8d5c-cd96018ad6d3 0.909s
2024-08-08 23:55:35.599 61510 INFO tempest.test [-] raised in InstanceActionsNegativeTestJSON.setUpClass. Invoking tearDownClass.
2024-08-08 23:55:35.615 61517 INFO tempest.lib.common.rest_client [req-1c41c49f-1bd3-4f83-a4f5-9a8883a0d2f7 req-1c41c49f-1bd3-4f83-a4f5-9a8883a0d2f7 ] Request (FlavorsExtraSpecsTestJSON:test_flavor_set_get_update_show_unset_keys): 200 GET http://10.180.1.21/compute/v2.1/flavors/103947776/os-extra_specs 0.908s
2024-08-08 23:55:35.653 61555 INFO tempest.lib.common.rest_client [req-2dc87ca9-a555-48f5-9eb1-c2d843306a7a req-2dc87ca9-a555-48f5-9eb1-c2d843306a7a ] Request (ServerDiagnosticsNegativeTest:test_get_server_diagnostics_by_non_admin): 200 GET http://10.180.1.21/compute/v2.1/servers/abaee9f0-113b-47b1-8364-3361e85a9aff 1.012s
2024-08-08 23:55:35.656 61515 INFO tempest.lib.common.rest_client [req-3a39e1ac-a239-4b16-9b3c-979c45d279c7 req-3a39e1ac-a239-4b16-9b3c-979c45d279c7 ] Request (FlavorsExtraSpecsNegativeTestJSON:tearDownClass): 204 DELETE http://10.180.1.21:9696/networking/v2.0/security-groups/393f1128-3269-4104-8fb1-0e861a24072a 0.249s
2024-08-08 23:55:35.687 61508 INFO tempest.lib.common.rest_client [req-6fa0b13b-02be-44c1-bdb1-73e10275197a req-6fa0b13b-02be-44c1-bdb1-73e10275197a ] Request (SecurityGroupsTestJSON:test_server_security_groups): 201 POST http://10.180.1.21/identity/v3/auth/tokens 0.077s
2024-08-08 23:55:35.687 61508 INFO tempest.lib.common.fixed_network [-] (SecurityGroupsTestJSON:test_server_security_groups) Found network {'id': '56aa4e62-58f2-4ca2-a823-7095d9e8c982', 'name': 'tempest-SecurityGroupsTestJSON-1924004798-network', 'tenant_id': 'bd671d4ed6944ef397fa020baf05f398', 'admin_state_up': True, 'mtu': 8950, 'status': 'ACTIVE', 'subnets': [], 'shared': False, 'project_id': 'bd671d4ed6944ef397fa020baf05f398', 'port_security_enabled': True, 'router:external': False, 'provider:network_type': 'vlan', 'provider:physical_network': 'default', 'provider:segmentation_id': 939, 'is_default': False, 'availability_zone_hints': [], 'availability_zones': [], 'ipv4_address_scope': None, 'ipv6_address_scope': None, 'description': '', 'tags': [], 'created_at': '2024-08-08T23:54:33Z', 'updated_at': '2024-08-08T23:54:33Z', 'revision_number': 1} available for tenant
2024-08-08 23:55:35.697 61533 INFO tempest.lib.common.rest_client [req-fec121ef-9da9-45d9-b74d-e82dc3eb1532 req-fec121ef-9da9-45d9-b74d-e82dc3eb1532 ] Request (VolumesAdminNegativeTest:test_update_attached_volume_with_nonexistent_volume_in_body): 200 GET http://10.180.1.21/compute/v2.1/servers/bbf3e6e9-74c9-4e6b-88e7-93db7486f889 0.957s
2024-08-08 23:55:35.727 61515 INFO tempest.lib.common.rest_client [req-1fde0ec0-f0f3-4de4-93df-3c114254110d req-1fde0ec0-f0f3-4de4-93df-3c114254110d ] Request (FlavorsExtraSpecsNegativeTestJSON:tearDownClass): 204 DELETE http://10.180.1.21/identity/v3/projects/dbd5039f7b304e5280f85700fee632ba 0.070s
2024-08-08 23:55:35.727 61515 INFO tempest.lib.common.dynamic_creds [-] Deleting project and security group for project: bbe0bf0e826d479f9070e7b8a3b6acf2
2024-08-08 23:55:35.761 61549 INFO tempest.lib.common.rest_client [req-9ea0d380-1bc2-4094-8060-9a8cd01d78e1 req-9ea0d380-1bc2-4094-8060-9a8cd01d78e1 ] Request (ServerDiskConfigTestJSON:test_rebuild_server_with_auto_disk_config): 200 GET http://10.180.1.21/compute/v2.1/servers/12a21a3a-b330-4861-bc1b-925c9c74b047 0.991s
2024-08-08 23:55:35.779 61519 INFO tempest.lib.common.rest_client [req-f0153aad-b6e4-43d1-98d6-b4ab3715a3b2 req-f0153aad-b6e4-43d1-98d6-b4ab3715a3b2 ] Request (KeyPairsNegativeTestJSON:test_keypair_delete_nonexistent_key): 404 DELETE http://10.180.1.21/compute/v2.1/os-keypairs/tempest-keypair-non-existent-663228729 0.944s
2024-08-08 23:55:35.868 61544 INFO tempest.lib.common.rest_client [req-e5aab792-8f5d-4918-8461-9fa2c6690240 req-e5aab792-8f5d-4918-8461-9fa2c6690240 ] Request (ServersNegativeTestMultiTenantJSON:setUpClass): 200 GET http://10.180.1.21/compute/v2.1/servers/da53612c-d9de-4d99-917b-6838854f1ead 0.995s
2024-08-08 23:55:35.909 61519 INFO tempest.lib.common.rest_client [req-a357cfe3-e5d8-4288-bf7b-409735774cb6 req-a357cfe3-e5d8-4288-bf7b-409735774cb6 ] Request (KeyPairsNegativeTestJSON:tearDownClass): 204 DELETE http://10.180.1.21/identity/v3/users/18c3932f0cd24741886d40b49fc261f5 0.128s
2024-08-08 23:55:35.910 61519 INFO tempest.lib.common.dynamic_creds [-] Deleting project and security group for project: f2d31bc7a4be4f5abb9cf86c15bf6494
2024-08-08 23:55:35.921 61550 INFO tempest.lib.common.rest_client [req-d79d6948-4536-4dfc-b1f2-3b5abb85e479 req-d79d6948-4536-4dfc-b1f2-3b5abb85e479 ] Request (ImagesOneServerTestJSON:tearDownClass): 204 DELETE http://10.180.1.21:9696/networking/v2.0/networks/1f97d81d-12c8-4fd0-820a-3e78e0e429ef 0.774s
2024-08-08 23:55:35.960 61515 INFO tempest.lib.common.rest_client [req-1f1815d5-6d17-4c5b-a675-ba1ef4335cf5 req-1f1815d5-6d17-4c5b-a675-ba1ef4335cf5 ] Request (FlavorsExtraSpecsNegativeTestJSON:tearDownClass): 200 GET http://10.180.1.21:9696/networking/v2.0/security-groups?tenant_id=bbe0bf0e826d479f9070e7b8a3b6acf2&name=default 0.233s
2024-08-08 23:55:35.975 61519 INFO tempest.lib.common.rest_client [req-03773914-2bb1-4cf1-b3b5-0849565cd099 req-03773914-2bb1-4cf1-b3b5-0849565cd099 ] Request (KeyPairsNegativeTestJSON:tearDownClass): 201 POST http://10.180.1.21/identity/v3/auth/tokens 0.065s
2024-08-08 23:55:35.985 61527 INFO tempest.lib.common.rest_client [req-3bf48fdf-42a4-4a43-aaa2-fd0e5588b534 req-3bf48fdf-42a4-4a43-aaa2-fd0e5588b534 ] Request (FloatingIPsAssociationTestJSON:setUpClass): 200 GET http://10.180.1.21/compute/v2.1/servers/8247920f-2bcb-4130-b46b-e606a145f5d3 1.037s
2024-08-08 23:55:36.027 61529 INFO tempest.lib.common.rest_client [req-3a4f3ee6-9b55-435e-9c48-f80421ad4b1e req-3a4f3ee6-9b55-435e-9c48-f80421ad4b1e ] Request (SecurityGroupsNegativeTestJSON:test_update_non_existent_security_group): 404 PUT http://10.180.1.21/compute/v2.1/os-security-groups/eb5b217d-6e2e-4e6f-a455-207ca6e6e3b4 1.036s
2024-08-08 23:55:36.048 61550 INFO tempest.lib.common.rest_client [req-b53bc449-d192-4b2e-a6e1-efd5c69608e7 req-b53bc449-d192-4b2e-a6e1-efd5c69608e7 ] Request (ImagesOneServerTestJSON:tearDownClass): 204 DELETE http://10.180.1.21/identity/v3/users/1247afec96f7436cbd59fae9be1eaac1 0.127s
2024-08-08 23:55:36.049 61550 INFO tempest.lib.common.dynamic_creds [-] Deleting project and security group for project: 25bfb25f51ef4a42bd3aeb8e827d78c1
2024-08-08 23:55:36.111 61513 INFO tempest.lib.common.rest_client [req-70f34981-e623-4316-9abc-3b4b8d2a38ba req-70f34981-e623-4316-9abc-3b4b8d2a38ba ] Request (ServersWithSpecificFlavorTestJSON:test_verify_created_server_ephemeral_disk): 200 GET http://10.180.1.21/compute/v2.1/servers/79f06adc-9894-4691-b25c-13780c01937c 1.087s
2024-08-08 23:55:36.178 61497 INFO tempest.lib.common.rest_client [req-5c00943a-3fab-4866-896d-233ffc2c1274 req-5c00943a-3fab-4866-896d-233ffc2c1274 ] Request (DeleteServersTestJSON:setUpClass): 200 PUT http://10.180.1.21:9696/networking/v2.0/routers/9be22a7c-94fb-469b-ae8b-f3dbc7e063e4/add_router_interface 2.392s
2024-08-08 23:55:36.179 61497 INFO tempest.lib.common.dynamic_creds [-] Created isolated network resources for: credentials: Credentials: {'domain_id': 'default', 'domain_name': 'Default', 'username': 'tempest-DeleteServersTestJSON-1033897223-project-member', 'project_domain_id': 'default', 'project_domain_name': 'Default', 'project_id': 'fe2c89e247f6425aacaf3460a0ee04dd', 'project_name': 'tempest-DeleteServersTestJSON-1033897223', 'tenant_id': 'fe2c89e247f6425aacaf3460a0ee04dd', 'tenant_name': 'tempest-DeleteServersTestJSON-1033897223', 'user_domain_id': 'default', 'user_domain_name': 'Default', 'user_id': 'a6bdb9f402494da3b82bd9cd290d6201', 'system': None}, Network: {'id': '1d424d39-41bf-4b1f-a3a2-3543e2d71ebd', 'name': 'tempest-DeleteServersTestJSON-1850740785-network', 'tenant_id': 'fe2c89e247f6425aacaf3460a0ee04dd', 'admin_state_up': True, 'mtu': 8950, 'status': 'ACTIVE', 'subnets': [], 'shared': False, 'project_id': 'fe2c89e247f6425aacaf3460a0ee04dd', 'port_security_enabled': True, 'router:external': False, 'provider:network_type': 'vlan', 'provider:physical_network': 'default', 'provider:segmentation_id': 308, 'is_default': False, 'availability_zone_hints': [], 'availability_zones': [], 'ipv4_address_scope': None, 'ipv6_address_scope': None, 'description': '', 'tags': [], 'created_at': '2024-08-08T23:55:31Z', 'updated_at': '2024-08-08T23:55:31Z', 'revision_number': 1}, Subnet: {'id': 'bc506c2b-a80a-4eca-a54a-3993c69e2229', 'name': 'tempest-DeleteServersTestJSON-1850740785-subnet', 'tenant_id': 'fe2c89e247f6425aacaf3460a0ee04dd', 'network_id': '1d424d39-41bf-4b1f-a3a2-3543e2d71ebd', 'ip_version': 4, 'subnetpool_id': None, 'enable_dhcp': True, 'ipv6_ra_mode': None, 'ipv6_address_mode': None, 'gateway_ip': '192.168.128.1', 'cidr': '192.168.128.0/28', 'allocation_pools': [{'start': '192.168.128.2', 'end': '192.168.128.14'}], 'host_routes': [], 'dns_nameservers': [], 'description': '', 'router:external': False, 'service_types': [], 'tags': [], 'created_at': '2024-08-08T23:55:32Z', 'updated_at': '2024-08-08T23:55:32Z', 'revision_number': 0, 'project_id': 'fe2c89e247f6425aacaf3460a0ee04dd'}, Router: {'id': '9be22a7c-94fb-469b-ae8b-f3dbc7e063e4', 'name': 'tempest-DeleteServersTestJSON-1850740785-router', 'tenant_id': 'fe2c89e247f6425aacaf3460a0ee04dd', 'admin_state_up': True, 'status': 'ACTIVE', 'external_gateway_info': {'network_id': '1466f382-c842-412e-a955-772897209c27', 'external_fixed_ips': [{'subnet_id': 'a7665026-ab60-471b-a6fe-1b03be0fe7ef', 'ip_address': '10.180.180.132'}], 'enable_snat': True}, 'description': '', 'availability_zones': [], 'distributed': False, 'ha': False, 'availability_zone_hints': [], 'routes': [], 'flavor_id': None, 'tags': [], 'created_at': '2024-08-08T23:55:32Z', 'updated_at': '2024-08-08T23:55:33Z', 'revision_number': 2, 'project_id': 'fe2c89e247f6425aacaf3460a0ee04dd'}
2024-08-08 23:55:36.191 61550 INFO tempest.lib.common.rest_client [req-1e194e4e-e2dc-4479-b712-ad53fbefae14 req-1e194e4e-e2dc-4479-b712-ad53fbefae14 ] Request (ImagesOneServerTestJSON:tearDownClass): 200 GET http://10.180.1.21:9696/networking/v2.0/security-groups?tenant_id=25bfb25f51ef4a42bd3aeb8e827d78c1&name=default 0.142s
2024-08-08 23:55:36.191 61542 INFO tempest.lib.common.rest_client [req-c902921c-42b1-476d-a2dc-ab3ca62e6b98 req-c902921c-42b1-476d-a2dc-ab3ca62e6b98 ] Request (MigrationsAdminTest:test_resize_server_revert_deleted_flavor): 200 GET http://10.180.1.21/compute/v2.1/servers/e09e4052-e1d6-43b5-8463-73b08840d1fd 0.971s
2024-08-08 23:55:36.210 61495 INFO tempest.lib.common.rest_client [req-452ebbe3-fcc8-4505-9792-b1f799c77dbf req-452ebbe3-fcc8-4505-9792-b1f799c77dbf ] Request (ImagesDeleteNegativeTestJSON:test_delete_non_existent_image): 404 DELETE http://10.180.1.21/compute/v2.1/images/586b836d-e254-4061-8424-9b833bdb0bd3 0.929s
2024-08-08 23:55:36.225 61535 INFO tempest.lib.common.rest_client [req-35484ff4-29f0-4f4c-8f8f-d7710dce1dc2 req-35484ff4-29f0-4f4c-8f8f-d7710dce1dc2 ] Request (FlavorsAdminTestJSON:_run_cleanups): 200 GET http://10.180.1.21/compute/v2.1/flavors/detail 0.920s
2024-08-08 23:55:36.288 61495 INFO tempest.lib.common.rest_client [req-858011a9-a00a-4b68-a2c7-e42527288305 req-858011a9-a00a-4b68-a2c7-e42527288305 ] Request (ImagesDeleteNegativeTestJSON:tearDownClass): 204 DELETE http://10.180.1.21/identity/v3/users/27e6243e46614dffafa7fc52e3afa9ea 0.077s
2024-08-08 23:55:36.288 61495 INFO tempest.lib.common.dynamic_creds [-] Deleting project and security group for project: 7e4781e43b8a41089ed9a05409b447ed
2024-08-08 23:55:36.297 61497 INFO tempest.lib.common.rest_client [req-77b538a9-2a6f-43be-ae71-4df88db8d7c6 req-77b538a9-2a6f-43be-ae71-4df88db8d7c6 ] Request (DeleteServersTestJSON:setUpClass): 201 POST http://10.180.1.21/identity/v3/auth/tokens 0.114s
2024-08-08 23:55:36.349 61495 INFO tempest.lib.common.rest_client [req-568e2000-30d3-442a-9e74-4d984c1aa044 req-568e2000-30d3-442a-9e74-4d984c1aa044 ] Request (ImagesDeleteNegativeTestJSON:tearDownClass): 201 POST http://10.180.1.21/identity/v3/auth/tokens 0.060s
2024-08-08 23:55:36.364 61497 INFO tempest.lib.common.rest_client [req-2ac0beda-88c7-4dfc-958d-900810b3dc08 req-2ac0beda-88c7-4dfc-958d-900810b3dc08 ] Request (DeleteServersTestJSON:test_delete_active_server): 201 POST http://10.180.1.21/identity/v3/auth/tokens 0.063s
2024-08-08 23:55:36.364 61497 INFO tempest.lib.common.fixed_network [-] (DeleteServersTestJSON:test_delete_active_server) Found network {'id': '1d424d39-41bf-4b1f-a3a2-3543e2d71ebd', 'name': 'tempest-DeleteServersTestJSON-1850740785-network', 'tenant_id': 'fe2c89e247f6425aacaf3460a0ee04dd', 'admin_state_up': True, 'mtu': 8950, 'status': 'ACTIVE', 'subnets': [], 'shared': False, 'project_id': 'fe2c89e247f6425aacaf3460a0ee04dd', 'port_security_enabled': True, 'router:external': False, 'provider:network_type': 'vlan', 'provider:physical_network': 'default', 'provider:segmentation_id': 308, 'is_default': False, 'availability_zone_hints': [], 'availability_zones': [], 'ipv4_address_scope': None, 'ipv6_address_scope': None, 'description': '', 'tags': [], 'created_at': '2024-08-08T23:55:31Z', 'updated_at': '2024-08-08T23:55:31Z', 'revision_number': 1} available for tenant
2024-08-08 23:55:36.399 61515 INFO tempest.lib.common.rest_client [req-ee9a0c64-6574-4070-8c33-2e0b6ccde62a req-ee9a0c64-6574-4070-8c33-2e0b6ccde62a ] Request (FlavorsExtraSpecsNegativeTestJSON:tearDownClass): 204 DELETE http://10.180.1.21:9696/networking/v2.0/security-groups/684e99bd-1518-4f32-a27c-f162ba4fac70 0.438s
2024-08-08 23:55:36.444 61557 INFO tempest.lib.common.rest_client [req-e945aaab-bd8b-4062-bf7d-6eb8183e74e6 req-e945aaab-bd8b-4062-bf7d-6eb8183e74e6 ] Request (ServerTagsTestJSON:setUpClass): 200 GET http://10.180.1.21/compute/v2.1/servers/a86a6c94-db8c-4042-b28a-454671b946c5 1.121s
2024-08-08 23:55:36.456 61515 INFO tempest.lib.common.rest_client [req-63516dbb-80d2-42f5-b06d-e2d3f3751b99 req-63516dbb-80d2-42f5-b06d-e2d3f3751b99 ] Request (FlavorsExtraSpecsNegativeTestJSON:tearDownClass): 204 DELETE http://10.180.1.21/identity/v3/projects/bbe0bf0e826d479f9070e7b8a3b6acf2 0.056s
2024-08-08 23:55:36.515 61515 INFO tempest.lib.common.rest_client [req-5074eb86-583b-4d28-a3ae-01995c1b9468 req-5074eb86-583b-4d28-a3ae-01995c1b9468 ] Request (HypervisorAdminTestJSON:setUpClass): 201 POST http://10.180.1.21/identity/v3/auth/tokens 0.057s
2024-08-08 23:55:36.530 61499 INFO tempest.lib.common.rest_client [req-6d80a3be-910d-4ddd-a19f-1e27601eb782 req-6d80a3be-910d-4ddd-a19f-1e27601eb782 ] Request (DeleteServersAdminTestJSON:test_delete_server_while_in_error_state): 200 GET http://10.180.1.21/compute/v2.1/servers/11591556-3b1f-40d4-8e94-ed65d5177836 1.126s
2024-08-08 23:55:36.548 61515 INFO tempest.lib.common.rest_client [req-d27d0710-5515-4845-82c0-5fb78b6dc6c9 req-d27d0710-5515-4845-82c0-5fb78b6dc6c9 ] Request (HypervisorAdminTestJSON:setUpClass): 201 POST http://10.180.1.21/identity/v3/auth/tokens 0.031s
2024-08-08 23:55:36.571 61515 INFO tempest.lib.common.rest_client [req-1e518e0e-8a12-42fb-8747-82a241c505e2 req-1e518e0e-8a12-42fb-8747-82a241c505e2 ] Request (HypervisorAdminTestJSON:setUpClass): 200 GET http://10.180.1.21/identity/v3/domains?name=Default 0.022s
2024-08-08 23:55:36.598 61515 INFO tempest.lib.common.rest_client [req-e2d2dffb-8943-421d-8ed7-4699783f3892 req-e2d2dffb-8943-421d-8ed7-4699783f3892 ] Request (HypervisorAdminTestJSON:setUpClass): 201 POST http://10.180.1.21/identity/v3/projects 0.027s
2024-08-08 23:55:36.617 61503 INFO tempest.lib.common.rest_client [req-ee5242b4-392e-4213-b2fb-98479219cd71 req-ee5242b4-392e-4213-b2fb-98479219cd71 ] Request (VolumesAssistedSnapshotsTest:test_volume_assisted_snapshot_create_delete): 200 GET http://10.180.1.21/compute/v2.1/servers/4eb67529-f39f-4797-819a-460cb8428fc0 1.164s
2024-08-08 23:55:36.644 61517 INFO tempest.lib.common.rest_client [req-42197bb4-85a2-4c05-9157-85cb5576e69d req-42197bb4-85a2-4c05-9157-85cb5576e69d ] Request (FlavorsExtraSpecsTestJSON:test_flavor_set_get_update_show_unset_keys): 200 PUT http://10.180.1.21/compute/v2.1/flavors/103947776/os-extra_specs/hw:numa_nodes 1.027s
2024-08-08 23:55:36.644 61550 INFO tempest.lib.common.rest_client [req-a2f0759b-60f5-46b8-a09f-46be3ab2eb67 req-a2f0759b-60f5-46b8-a09f-46be3ab2eb67 ] Request (ImagesOneServerTestJSON:tearDownClass): 204 DELETE http://10.180.1.21:9696/networking/v2.0/security-groups/a3ef6950-3ee4-4a74-b015-d5f59f6b6017 0.453s
2024-08-08 23:55:36.667 61515 INFO tempest.lib.common.rest_client [req-090318b8-549d-491a-964f-fa04e9de8533 req-090318b8-549d-491a-964f-fa04e9de8533 ] Request (HypervisorAdminTestJSON:setUpClass): 201 POST http://10.180.1.21/identity/v3/users 0.068s
2024-08-08 23:55:36.688 61515 INFO tempest.lib.common.rest_client [req-a6984ea2-ef07-4db4-9c56-e3bb96f3c964 req-a6984ea2-ef07-4db4-9c56-e3bb96f3c964 ] Request (HypervisorAdminTestJSON:setUpClass): 200 GET http://10.180.1.21/identity/v3/roles 0.020s
2024-08-08 23:55:36.717 61550 INFO tempest.lib.common.rest_client [req-cc554a9e-f7d8-4116-b5fe-ad9b0320b03b req-cc554a9e-f7d8-4116-b5fe-ad9b0320b03b ] Request (ImagesOneServerTestJSON:tearDownClass): 204 DELETE http://10.180.1.21/identity/v3/projects/25bfb25f51ef4a42bd3aeb8e827d78c1 0.072s
2024-08-08 23:55:36.750 61515 INFO tempest.lib.common.rest_client [req-7316d60a-e26e-4c58-97fa-7adae0f48556 req-7316d60a-e26e-4c58-97fa-7adae0f48556 ] Request (HypervisorAdminTestJSON:setUpClass): 204 PUT http://10.180.1.21/identity/v3/projects/c4a89d59e747482fad095c4e5930fa30/users/822ed621d8c94a70ac34285d05aa1886/roles/9e41efe1a9ee46e5b70e760c5a98224e 0.061s
2024-08-08 23:55:36.750 61515 INFO tempest.lib.common.dynamic_creds [-] Dynamic test user 822ed621d8c94a70ac34285d05aa1886 is created with scope project and roles: ['member']
2024-08-08 23:55:36.750 61515 INFO tempest.lib.common.dynamic_creds [-] Acquired dynamic creds: credentials: Credentials: {'domain_id': 'default', 'domain_name': 'Default', 'username': 'tempest-HypervisorAdminTestJSON-705566298-project-member', 'project_domain_id': 'default', 'project_domain_name': 'Default', 'project_id': 'c4a89d59e747482fad095c4e5930fa30', 'project_name': 'tempest-HypervisorAdminTestJSON-705566298', 'tenant_id': 'c4a89d59e747482fad095c4e5930fa30', 'tenant_name': 'tempest-HypervisorAdminTestJSON-705566298', 'user_domain_id': 'default', 'user_domain_name': 'Default', 'user_id': '822ed621d8c94a70ac34285d05aa1886', 'system': None}, Network: None, Subnet: None, Router: None
2024-08-08 23:55:36.750 61515 INFO tempest.lib.common.dynamic_creds [-] Created isolated network resources for: credentials: Credentials: {'domain_id': 'default', 'domain_name': 'Default', 'username': 'tempest-HypervisorAdminTestJSON-705566298-project-member', 'project_domain_id': 'default', 'project_domain_name': 'Default', 'project_id': 'c4a89d59e747482fad095c4e5930fa30', 'project_name': 'tempest-HypervisorAdminTestJSON-705566298', 'tenant_id': 'c4a89d59e747482fad095c4e5930fa30', 'tenant_name': 'tempest-HypervisorAdminTestJSON-705566298', 'user_domain_id': 'default', 'user_domain_name': 'Default', 'user_id': '822ed621d8c94a70ac34285d05aa1886', 'system': None}, Network: None, Subnet: None, Router: None
2024-08-08 23:55:36.769 61495 INFO tempest.lib.common.rest_client [req-cec03792-69c5-4e94-9d6e-21ceae1081e3 req-cec03792-69c5-4e94-9d6e-21ceae1081e3 ] Request (ImagesDeleteNegativeTestJSON:tearDownClass): 200 GET http://10.180.1.21:9696/networking/v2.0/security-groups?tenant_id=7e4781e43b8a41089ed9a05409b447ed&name=default 0.419s
2024-08-08 23:55:36.803 61550 INFO tempest.lib.common.rest_client [req-ba36a2a6-75d7-41fd-b380-94c920d4b5b1 req-ba36a2a6-75d7-41fd-b380-94c920d4b5b1 ] Request (ListImageFiltersNegativeTestJSON:setUpClass): 201 POST http://10.180.1.21/identity/v3/auth/tokens 0.083s
2024-08-08 23:55:36.822 61515 INFO tempest.lib.common.rest_client [req-24fecdc1-f6b9-4fa4-8855-97888eff76d4 req-24fecdc1-f6b9-4fa4-8855-97888eff76d4 ] Request (HypervisorAdminTestJSON:setUpClass): 201 POST http://10.180.1.21/identity/v3/auth/tokens 0.068s
2024-08-08 23:55:36.842 61550 INFO tempest.lib.common.rest_client [req-0f4d70a0-55cc-4514-ae4a-90d184715d42 req-0f4d70a0-55cc-4514-ae4a-90d184715d42 ] Request (ListImageFiltersNegativeTestJSON:setUpClass): 201 POST http://10.180.1.21/identity/v3/auth/tokens 0.036s
2024-08-08 23:55:36.865 61550 INFO tempest.lib.common.rest_client [req-205af13c-923f-437e-8c12-727cc2eddef8 req-205af13c-923f-437e-8c12-727cc2eddef8 ] Request (ListImageFiltersNegativeTestJSON:setUpClass): 200 GET http://10.180.1.21/identity/v3/domains?name=Default 0.023s
2024-08-08 23:55:36.868 61515 INFO tempest.lib.common.rest_client [req-c9ec1462-c62b-4a37-abef-7b4b3891f256 req-c9ec1462-c62b-4a37-abef-7b4b3891f256 ] Request (HypervisorAdminTestJSON:setUpClass): 201 POST http://10.180.1.21/identity/v3/projects 0.046s
2024-08-08 23:55:36.916 61519 INFO tempest.lib.common.rest_client [req-7225cee3-2258-4398-ad5b-6953d152bd7b req-7225cee3-2258-4398-ad5b-6953d152bd7b ] Request (KeyPairsNegativeTestJSON:tearDownClass): 200 GET http://10.180.1.21:9696/networking/v2.0/security-groups?tenant_id=f2d31bc7a4be4f5abb9cf86c15bf6494&name=default 0.940s
2024-08-08 23:55:36.921 61550 INFO tempest.lib.common.rest_client [req-b6405ef5-e8e1-4381-a9ef-38825f47860c req-b6405ef5-e8e1-4381-a9ef-38825f47860c ] Request (ListImageFiltersNegativeTestJSON:setUpClass): 201 POST http://10.180.1.21/identity/v3/projects 0.055s
2024-08-08 23:55:36.934 61515 INFO tempest.lib.common.rest_client [req-8fea3a4f-d8aa-49fb-aac4-452de0ccbee8 req-8fea3a4f-d8aa-49fb-aac4-452de0ccbee8 ] Request (HypervisorAdminTestJSON:setUpClass): 201 POST http://10.180.1.21/identity/v3/users 0.065s
2024-08-08 23:55:36.977 61550 INFO tempest.lib.common.rest_client [req-78740639-aee5-4b90-a9c4-1a1c9fb8946f req-78740639-aee5-4b90-a9c4-1a1c9fb8946f ] Request (ListImageFiltersNegativeTestJSON:setUpClass): 201 POST http://10.180.1.21/identity/v3/users 0.055s
2024-08-08 23:55:36.980 61515 INFO tempest.lib.common.rest_client [req-c1652eb7-fc6f-45e1-90a2-9cc5322eed5c req-c1652eb7-fc6f-45e1-90a2-9cc5322eed5c ] Request (HypervisorAdminTestJSON:setUpClass): 200 GET http://10.180.1.21/identity/v3/roles 0.045s
2024-08-08 23:55:36.988 61505 INFO tempest.lib.common.rest_client [req-0cf8d482-9a8e-460f-972f-8eda364eb7c4 req-0cf8d482-9a8e-460f-972f-8eda364eb7c4 ] Request (FloatingIPDetailsTestJSON:setUpClass): 200 POST http://10.180.1.21/compute/v2.1/os-floating-ips 2.206s
2024-08-08 23:55:36.998 61550 INFO tempest.lib.common.rest_client [req-8d19dc7a-d210-4dd0-9e67-e10d3cc0e04e req-8d19dc7a-d210-4dd0-9e67-e10d3cc0e04e ] Request (ListImageFiltersNegativeTestJSON:setUpClass): 200 GET http://10.180.1.21/identity/v3/roles 0.020s
2024-08-08 23:55:37.006 61515 INFO tempest.lib.common.rest_client [req-57608a5f-169f-4f15-b5b4-8fd6b90a2236 req-57608a5f-169f-4f15-b5b4-8fd6b90a2236 ] Request (HypervisorAdminTestJSON:setUpClass): 204 PUT http://10.180.1.21/identity/v3/projects/cfa769885d3246fd9eec0819b67538f7/users/a1c0ed2f002b4bde8b71f2aaf333c6f4/roles/0a2df99608a14cf0aed4e6a15a5fff91 0.026s
2024-08-08 23:55:37.047 61515 INFO tempest.lib.common.rest_client [req-2bd0662d-2211-489d-a167-dec5e7cadff2 req-2bd0662d-2211-489d-a167-dec5e7cadff2 ] Request (HypervisorAdminTestJSON:setUpClass): 200 GET http://10.180.1.21/identity/v3/roles 0.041s
2024-08-08 23:55:37.050 61550 INFO tempest.lib.common.rest_client [req-4e7bcbed-8da4-42d8-a59d-e7b1824c5627 req-4e7bcbed-8da4-42d8-a59d-e7b1824c5627 ] Request (ListImageFiltersNegativeTestJSON:setUpClass): 204 PUT http://10.180.1.21/identity/v3/projects/95182c35bb14417699b508e24ad5d2a3/users/d4a74b22a48e4e549218e7157d3e07ce/roles/9e41efe1a9ee46e5b70e760c5a98224e 0.052s
2024-08-08 23:55:37.050 61550 INFO tempest.lib.common.dynamic_creds [-] Dynamic test user d4a74b22a48e4e549218e7157d3e07ce is created with scope project and roles: ['member']
2024-08-08 23:55:37.051 61550 INFO tempest.lib.common.dynamic_creds [-] Acquired dynamic creds: credentials: Credentials: {'domain_id': 'default', 'domain_name': 'Default', 'username': 'tempest-ListImageFiltersNegativeTestJSON-1690369908-project-member', 'project_domain_id': 'default', 'project_domain_name': 'Default', 'project_id': '95182c35bb14417699b508e24ad5d2a3', 'project_name': 'tempest-ListImageFiltersNegativeTestJSON-1690369908', 'tenant_id': '95182c35bb14417699b508e24ad5d2a3', 'tenant_name': 'tempest-ListImageFiltersNegativeTestJSON-1690369908', 'user_domain_id': 'default', 'user_domain_name': 'Default', 'user_id': 'd4a74b22a48e4e549218e7157d3e07ce', 'system': None}, Network: None, Subnet: None, Router: None
2024-08-08 23:55:37.051 61550 INFO tempest.lib.common.dynamic_creds [-] Created isolated network resources for: credentials: Credentials: {'domain_id': 'default', 'domain_name': 'Default', 'username': 'tempest-ListImageFiltersNegativeTestJSON-1690369908-project-member', 'project_domain_id': 'default', 'project_domain_name': 'Default', 'project_id': '95182c35bb14417699b508e24ad5d2a3', 'project_name': 'tempest-ListImageFiltersNegativeTestJSON-1690369908', 'tenant_id': '95182c35bb14417699b508e24ad5d2a3', 'tenant_name': 'tempest-ListImageFiltersNegativeTestJSON-1690369908', 'user_domain_id': 'default', 'user_domain_name': 'Default', 'user_id': 'd4a74b22a48e4e549218e7157d3e07ce', 'system': None}, Network: None, Subnet: None, Router: None
2024-08-08 23:55:37.076 61501 INFO tempest.lib.common.rest_client [req-678a97da-2c2c-45d7-9955-16faac0cd16c req-678a97da-2c2c-45d7-9955-16faac0cd16c ] Request (ServerGroupTestJSON:test_create_server_with_scheduler_hint_group): 200 GET http://10.180.1.21/compute/v2.1/servers/d0124899-c4e5-4768-8c2d-de73790e2ab2 1.259s
2024-08-08 23:55:37.097 61515 INFO tempest.lib.common.rest_client [req-034b5149-7c30-4880-ad97-fb1375053765 req-034b5149-7c30-4880-ad97-fb1375053765 ] Request (HypervisorAdminTestJSON:setUpClass): 204 PUT http://10.180.1.21/identity/v3/projects/cfa769885d3246fd9eec0819b67538f7/users/a1c0ed2f002b4bde8b71f2aaf333c6f4/roles/0a2df99608a14cf0aed4e6a15a5fff91 0.049s
2024-08-08 23:55:37.097 61515 INFO tempest.lib.common.dynamic_creds [-] Dynamic test user a1c0ed2f002b4bde8b71f2aaf333c6f4 is created with scope project and roles: ['admin']
2024-08-08 23:55:37.097 61515 INFO tempest.lib.common.dynamic_creds [-] Acquired dynamic creds: credentials: Credentials: {'domain_id': 'default', 'domain_name': 'Default', 'username': 'tempest-HypervisorAdminTestJSON-768094764-project-admin', 'project_domain_id': 'default', 'project_domain_name': 'Default', 'project_id': 'cfa769885d3246fd9eec0819b67538f7', 'project_name': 'tempest-HypervisorAdminTestJSON-768094764', 'tenant_id': 'cfa769885d3246fd9eec0819b67538f7', 'tenant_name': 'tempest-HypervisorAdminTestJSON-768094764', 'user_domain_id': 'default', 'user_domain_name': 'Default', 'user_id': 'a1c0ed2f002b4bde8b71f2aaf333c6f4', 'system': None}, Network: None, Subnet: None, Router: None
2024-08-08 23:55:37.097 61515 INFO tempest.lib.common.dynamic_creds [-] Created isolated network resources for: credentials: Credentials: {'domain_id': 'default', 'domain_name': 'Default', 'username': 'tempest-HypervisorAdminTestJSON-768094764-project-admin', 'project_domain_id': 'default', 'project_domain_name': 'Default', 'project_id': 'cfa769885d3246fd9eec0819b67538f7', 'project_name': 'tempest-HypervisorAdminTestJSON-768094764', 'tenant_id': 'cfa769885d3246fd9eec0819b67538f7', 'tenant_name': 'tempest-HypervisorAdminTestJSON-768094764', 'user_domain_id': 'default', 'user_domain_name': 'Default', 'user_id': 'a1c0ed2f002b4bde8b71f2aaf333c6f4', 'system': None}, Network: None, Subnet: None, Router: None
2024-08-08 23:55:37.116 61550 INFO tempest.lib.common.rest_client [req-29324385-12b9-45bd-b9ea-ffdd8ae6056b req-29324385-12b9-45bd-b9ea-ffdd8ae6056b ] Request (ListImageFiltersNegativeTestJSON:setUpClass): 201 POST http://10.180.1.21/identity/v3/auth/tokens 0.063s
2024-08-08 23:55:37.174 61515 INFO tempest.lib.common.rest_client [req-85008442-2265-4779-a590-e8ac88355e1f req-85008442-2265-4779-a590-e8ac88355e1f ] Request (HypervisorAdminTestJSON:setUpClass): 201 POST http://10.180.1.21/identity/v3/auth/tokens 0.073s
2024-08-08 23:55:37.179 61495 INFO tempest.lib.common.rest_client [req-d7bcaed3-0cf5-43e7-9e33-b667bcfdb25a req-d7bcaed3-0cf5-43e7-9e33-b667bcfdb25a ] Request (ImagesDeleteNegativeTestJSON:tearDownClass): 204 DELETE http://10.180.1.21:9696/networking/v2.0/security-groups/25021bd1-804c-440b-b838-1d3709f76fc4 0.409s
2024-08-08 23:55:37.268 61519 INFO tempest.lib.common.rest_client [req-e84ab8f9-ddbb-48b5-9f17-7a2b4511f610 req-e84ab8f9-ddbb-48b5-9f17-7a2b4511f610 ] Request (KeyPairsNegativeTestJSON:tearDownClass): 204 DELETE http://10.180.1.21:9696/networking/v2.0/security-groups/00c40818-40b7-4758-b911-af858a81342e 0.352s
2024-08-08 23:55:37.307 61531 INFO tempest.lib.common.rest_client [req-cb866418-35dc-4280-988b-439b2a2a0dca req-cb866418-35dc-4280-988b-439b2a2a0dca ] Request (ServersV294TestFqdnHostnames:setUpClass): 200 GET http://10.180.1.21/compute/v2.1/servers/34077b2f-3a18-492b-a5d2-a510ef18243e 1.411s
2024-08-08 23:55:37.314 61495 INFO tempest.lib.common.rest_client [req-d9758b9f-bbfb-41cb-8d47-f3716708e4aa req-d9758b9f-bbfb-41cb-8d47-f3716708e4aa ] Request (ImagesDeleteNegativeTestJSON:tearDownClass): 204 DELETE http://10.180.1.21/identity/v3/projects/7e4781e43b8a41089ed9a05409b447ed 0.135s
2024-08-08 23:55:37.353 61508 INFO tempest.lib.common.rest_client [req-314df197-f7ad-4d1c-9449-9e38af352618 req-314df197-f7ad-4d1c-9449-9e38af352618 ] Request (SecurityGroupsTestJSON:test_server_security_groups): 202 POST http://10.180.1.21/compute/v2.1/servers 1.665s
2024-08-08 23:55:37.356 61495 INFO tempest.lib.common.rest_client [req-9dd83af5-4c1a-4d03-aaf7-78b756dfe368 req-9dd83af5-4c1a-4d03-aaf7-78b756dfe368 ] Request (ImagesNegativeTestJSON:setUpClass): 201 POST http://10.180.1.21/identity/v3/auth/tokens 0.040s
2024-08-08 23:55:37.383 61521 INFO tempest.lib.common.rest_client [req-bc9421f8-d79e-4835-a82f-1fc285f18548 req-bc9421f8-d79e-4835-a82f-1fc285f18548 ] Request (InstanceActionsV221TestJSON:test_get_list_deleted_instance_actions): 200 GET http://10.180.1.21/compute/v2.1/servers/49d41343-b29d-4b20-a8eb-d982499e733c 1.410s
2024-08-08 23:55:37.388 61510 INFO tempest.lib.common.rest_client [req-557a846b-f229-4b92-8129-18c92de2e9fc req-557a846b-f229-4b92-8129-18c92de2e9fc ] Request (InstanceActionsNegativeTestJSON:tearDownClass): 200 PUT http://10.180.1.21:9696/networking/v2.0/routers/adcbbdfb-8729-4e14-b3c2-fc4e174fdcab/remove_router_interface 1.789s
2024-08-08 23:55:37.400 61519 INFO tempest.lib.common.rest_client [req-8f52611f-ef76-46c2-a916-fac1932af6da req-8f52611f-ef76-46c2-a916-fac1932af6da ] Request (KeyPairsNegativeTestJSON:tearDownClass): 204 DELETE http://10.180.1.21/identity/v3/projects/f2d31bc7a4be4f5abb9cf86c15bf6494 0.131s
2024-08-08 23:55:37.424 61525 INFO tempest.lib.common.rest_client [req-adb7a60c-15a3-4568-9fcc-728a49a74f85 req-adb7a60c-15a3-4568-9fcc-728a49a74f85 ] Request (ServersAdmin275Test:test_rebuild_update_server_275): 200 GET http://10.180.1.21/compute/v2.1/servers/4ff59576-c94c-4fc3-8667-297d532db008 1.326s
2024-08-08 23:55:37.429 61495 INFO tempest.lib.common.rest_client [req-0e0ca3b2-5375-4261-bc51-977031731eb4 req-0e0ca3b2-5375-4261-bc51-977031731eb4 ] Request (ImagesNegativeTestJSON:setUpClass): 201 POST http://10.180.1.21/identity/v3/auth/tokens 0.070s
2024-08-08 23:55:37.448 61495 INFO tempest.lib.common.rest_client [req-005594d5-580e-452f-b26e-20ab3709834a req-005594d5-580e-452f-b26e-20ab3709834a ] Request (ImagesNegativeTestJSON:setUpClass): 200 GET http://10.180.1.21/identity/v3/domains?name=Default 0.019s
2024-08-08 23:55:37.454 61535 INFO tempest.lib.common.rest_client [req-f703399d-c8bc-4f39-8169-59388d202bd9 req-f703399d-c8bc-4f39-8169-59388d202bd9 ] Request (FlavorsAdminTestJSON:test_list_public_flavor_with_other_user): 200 POST http://10.180.1.21/compute/v2.1/flavors 1.216s
2024-08-08 23:55:37.454 61519 INFO tempest.lib.common.rest_client [req-233b9b2b-5efc-49eb-a1c7-4477e2623f2f req-233b9b2b-5efc-49eb-a1c7-4477e2623f2f ] Request (AttachInterfacesV270Test:setUpClass): 201 POST http://10.180.1.21/identity/v3/auth/tokens 0.052s
2024-08-08 23:55:37.483 61495 INFO tempest.lib.common.rest_client [req-7c1f7a36-737c-457b-8b6d-4e36be14a481 req-7c1f7a36-737c-457b-8b6d-4e36be14a481 ] Request (ImagesNegativeTestJSON:setUpClass): 201 POST http://10.180.1.21/identity/v3/projects 0.034s
2024-08-08 23:55:37.509 61547 INFO tempest.lib.common.rest_client [req-39e48a7f-1513-424f-8bc4-912477efe6e7 req-39e48a7f-1513-424f-8bc4-912477efe6e7 ] Request (AttachVolumeTestJSON:test_attach_detach_volume): 200 GET http://10.180.1.21/compute/v2.1/servers/d437a28e-19d2-4e88-8621-95b034228230 1.336s
2024-08-08 23:55:37.535 61519 INFO tempest.lib.common.rest_client [req-dc94556c-9575-4021-94a9-3b73d1df1721 req-dc94556c-9575-4021-94a9-3b73d1df1721 ] Request (AttachInterfacesV270Test:setUpClass): 201 POST http://10.180.1.21/identity/v3/auth/tokens 0.078s
2024-08-08 23:55:37.554 61538 INFO tempest.lib.common.rest_client [req-c20cce67-af31-4805-b74d-3c0a97ba8529 req-c20cce67-af31-4805-b74d-3c0a97ba8529 ] Request (ServerActionsV293TestJSON:setUpClass): 200 GET http://10.180.1.21/compute/v2.1/servers/d3956602-5107-4392-abdf-f3b2b5266ca8 1.281s
2024-08-08 23:55:37.566 61495 INFO tempest.lib.common.rest_client [req-ed496480-201f-4763-9821-7e700ae19ba1 req-ed496480-201f-4763-9821-7e700ae19ba1 ] Request (ImagesNegativeTestJSON:setUpClass): 201 POST http://10.180.1.21/identity/v3/users 0.082s
2024-08-08 23:55:37.589 61519 INFO tempest.lib.common.rest_client [req-da2b6a7d-0c54-4299-8de6-f8e0196b78fc req-da2b6a7d-0c54-4299-8de6-f8e0196b78fc ] Request (AttachInterfacesV270Test:setUpClass): 200 GET http://10.180.1.21/identity/v3/domains?name=Default 0.053s
2024-08-08 23:55:37.604 61495 INFO tempest.lib.common.rest_client [req-2bfa1987-d0cb-4966-9c52-2536e5787fd4 req-2bfa1987-d0cb-4966-9c52-2536e5787fd4 ] Request (ImagesNegativeTestJSON:setUpClass): 200 GET http://10.180.1.21/identity/v3/roles 0.038s
2024-08-08 23:55:37.616 61493 INFO tempest.lib.common.rest_client [req-fe9bff87-ea61-432f-a1e6-6a5358814144 req-fe9bff87-ea61-432f-a1e6-6a5358814144 ] Request (ServersAdminTestJSON:setUpClass): 200 GET http://10.180.1.21/compute/v2.1/servers/aaf40fd4-3e55-4aa0-8d33-5ccc7dd4e3d1 1.226s
2024-08-08 23:55:37.635 61519 INFO tempest.lib.common.rest_client [req-c797640c-c74d-44a3-8a74-8e732bba8fb9 req-c797640c-c74d-44a3-8a74-8e732bba8fb9 ] Request (AttachInterfacesV270Test:setUpClass): 201 POST http://10.180.1.21/identity/v3/projects 0.046s
2024-08-08 23:55:37.651 61495 INFO tempest.lib.common.rest_client [req-cf42d75b-5770-4c8b-8c0e-4b8d0f332934 req-cf42d75b-5770-4c8b-8c0e-4b8d0f332934 ] Request (ImagesNegativeTestJSON:setUpClass): 204 PUT http://10.180.1.21/identity/v3/projects/99adb45c79874ad7a1d918a2805ba29c/users/ebaa9675e2da4c92b285191812b11a05/roles/9e41efe1a9ee46e5b70e760c5a98224e 0.046s
