2024-08-08 23:55:26.916 61519 INFO tempest.lib.common.rest_client [req-35f65e85-ae26-4069-8787-af0150a478cd req-35f65e85-ae26-4069-8787-af0150a478cd ] Request (KeyPairsNegativeTestJSON:setUpClass): 201 POST http://10.180.1.21/identity/v3/projects 0.037s
2024-08-08 23:55:26.948 61495 INFO tempest.lib.common.rest_client [req-80516989-a4c7-4034-8fde-f721479f1448 req-80516989-a4c7-4034-8fde-f721479f1448 ] Request (ServerDiagnosticsTest:test_get_server_diagnostics): 200 GET http://10.180.1.21/compute/v2.1/servers/96b81f62-ecdd-4eae-b713-dc07d2086ffa 1.211s
2024-08-08 23:55:26.956 61495 INFO tempest.common.waiters [-] State transition "BUILD/spawning" ==> "ERROR/None" after 37 second wait
2024-08-08 23:55:26.970 61517 INFO tempest.lib.common.rest_client [req-a6434860-6881-4dee-90cc-b383949f26ba req-a6434860-6881-4dee-90cc-b383949f26ba ] Request (AggregatesAdminNegativeTestJSON:_run_cleanups): 200 DELETE http://10.180.1.21/compute/v2.1/os-aggregates/8 1.093s
2024-08-08 23:55:26.982 61529 INFO tempest.lib.common.rest_client [req-7380029d-48f0-458b-93a2-15b9db29fe1a req-7380029d-48f0-458b-93a2-15b9db29fe1a ] Request (SecurityGroupRulesNegativeTestJSON:tearDownClass): 204 DELETE http://10.180.1.21:9696/networking/v2.0/security-groups/d732ca8d-544a-4b8c-8a8c-9e6e5ab8e0a4 0.431s
2024-08-08 23:55:27.008 61547 INFO tempest.lib.common.rest_client [req-f7206d07-d993-48b6-8235-170c8522b298 req-f7206d07-d993-48b6-8235-170c8522b298 ] Request (ValidationResourcesFixture:setUp): 201 POST http://10.180.1.21:9696/networking/v2.0/floatingips 1.931s
2024-08-08 23:55:27.018 61519 INFO tempest.lib.common.rest_client [req-411c9d64-7c6b-427b-9aca-f266bcb5beaf req-411c9d64-7c6b-427b-9aca-f266bcb5beaf ] Request (KeyPairsNegativeTestJSON:setUpClass): 201 POST http://10.180.1.21/identity/v3/users 0.101s
2024-08-08 23:55:27.038 61531 INFO tempest.lib.common.rest_client [req-47209b87-5fc0-44f3-baeb-8f1e261eb25f req-47209b87-5fc0-44f3-baeb-8f1e261eb25f ] Request (ServersV294TestFqdnHostnames:setUpClass): 200 GET http://10.180.1.21/compute/v2.1/servers/34077b2f-3a18-492b-a5d2-a510ef18243e 0.962s
2024-08-08 23:55:27.051 61535 INFO tempest.lib.common.rest_client [req-e34f7c99-b2a7-47e7-8a6a-e6c66de0ab9f req-e34f7c99-b2a7-47e7-8a6a-e6c66de0ab9f ] Request (FlavorsAdminTestJSON:test_is_public_string_variations): 200 GET http://10.180.1.21/compute/v2.1/flavors/detail?is_public=true 0.961s
2024-08-08 23:55:27.092 61497 INFO tempest.lib.common.rest_client [req-749a105c-3ba7-48b7-93c1-a9acdd8522d7 req-749a105c-3ba7-48b7-93c1-a9acdd8522d7 ] Request (ServicesAdminTestJSON:tearDownClass): 200 GET http://10.180.1.21:9696/networking/v2.0/security-groups?tenant_id=2b1524024f914bb7b0dca10a5c9ef39c&name=default 0.385s
2024-08-08 23:55:27.096 61523 INFO tempest.lib.common.rest_client [req-47c09b1c-6448-4667-9ccf-4627a272269c req-47c09b1c-6448-4667-9ccf-4627a272269c ] Request (ServerActionsTestJSON:setUpClass): 200 PUT http://10.180.1.21:9696/networking/v2.0/routers/5fad0b23-9ed6-4099-8495-431e2d5b5662/add_router_interface 3.218s
2024-08-08 23:55:27.096 61523 INFO tempest.lib.common.dynamic_creds [-] Created isolated network resources for: credentials: Credentials: {'domain_id': 'default', 'domain_name': 'Default', 'username': 'tempest-ServerActionsTestJSON-1810959540-project-member', 'project_domain_id': 'default', 'project_domain_name': 'Default', 'project_id': '0fe1ef8fc5bb4f258dcf870b85f52fb3', 'project_name': 'tempest-ServerActionsTestJSON-1810959540', 'tenant_id': '0fe1ef8fc5bb4f258dcf870b85f52fb3', 'tenant_name': 'tempest-ServerActionsTestJSON-1810959540', 'user_domain_id': 'default', 'user_domain_name': 'Default', 'user_id': '4d4f6b1684f34ae294bab459623dd323', 'system': None}, Network: {'id': '039642c0-803a-4476-8bb8-54cfc89a7bf4', 'name': 'tempest-ServerActionsTestJSON-1955136211-network', 'tenant_id': '0fe1ef8fc5bb4f258dcf870b85f52fb3', 'admin_state_up': True, 'mtu': 8950, 'status': 'ACTIVE', 'subnets': [], 'shared': False, 'project_id': '0fe1ef8fc5bb4f258dcf870b85f52fb3', 'port_security_enabled': True, 'router:external': False, 'provider:network_type': 'vlan', 'provider:physical_network': 'default', 'provider:segmentation_id': 646, 'is_default': False, 'availability_zone_hints': [], 'availability_zones': [], 'ipv4_address_scope': None, 'ipv6_address_scope': None, 'description': '', 'tags': [], 'created_at': '2024-08-08T23:55:19Z', 'updated_at': '2024-08-08T23:55:20Z', 'revision_number': 1}, Subnet: {'id': '96b3a431-9ca8-4e1b-9d1c-4c1674ff6602', 'name': 'tempest-ServerActionsTestJSON-1955136211-subnet', 'tenant_id': '0fe1ef8fc5bb4f258dcf870b85f52fb3', 'network_id': '039642c0-803a-4476-8bb8-54cfc89a7bf4', 'ip_version': 4, 'subnetpool_id': None, 'enable_dhcp': True, 'ipv6_ra_mode': None, 'ipv6_address_mode': None, 'gateway_ip': '192.168.128.1', 'cidr': '192.168.128.0/28', 'allocation_pools': [{'start': '192.168.128.2', 'end': '192.168.128.14'}], 'host_routes': [], 'dns_nameservers': [], 'description': '', 'router:external': False, 'service_types': [], 'tags': [], 'created_at': '2024-08-08T23:55:20Z', 'updated_at': '2024-08-08T23:55:20Z', 'revision_number': 0, 'project_id': '0fe1ef8fc5bb4f258dcf870b85f52fb3'}, Router: {'id': '5fad0b23-9ed6-4099-8495-431e2d5b5662', 'name': 'tempest-ServerActionsTestJSON-1955136211-router', 'tenant_id': '0fe1ef8fc5bb4f258dcf870b85f52fb3', 'admin_state_up': True, 'status': 'ACTIVE', 'external_gateway_info': {'network_id': '1466f382-c842-412e-a955-772897209c27', 'external_fixed_ips': [{'subnet_id': 'a7665026-ab60-471b-a6fe-1b03be0fe7ef', 'ip_address': '10.180.180.186'}], 'enable_snat': True}, 'description': '', 'availability_zones': [], 'distributed': False, 'ha': False, 'availability_zone_hints': [], 'routes': [], 'flavor_id': None, 'tags': [], 'created_at': '2024-08-08T23:55:21Z', 'updated_at': '2024-08-08T23:55:23Z', 'revision_number': 2, 'project_id': '0fe1ef8fc5bb4f258dcf870b85f52fb3'}
2024-08-08 23:55:27.111 61529 INFO tempest.lib.common.rest_client [req-b81fd874-af4d-4e01-9d8f-520ad84f8492 req-b81fd874-af4d-4e01-9d8f-520ad84f8492 ] Request (SecurityGroupRulesNegativeTestJSON:tearDownClass): 204 DELETE http://10.180.1.21/identity/v3/projects/160b5aae968749c7a28b8ae7a8177ffa 0.128s
2024-08-08 23:55:27.114 61542 INFO tempest.lib.common.rest_client [req-877ac8b3-a102-4d23-88e1-9328a4fa2e6a req-877ac8b3-a102-4d23-88e1-9328a4fa2e6a ] Request (MigrationsAdminTest:test_list_migrations_in_flavor_resize_situation): 200 GET http://10.180.1.21/compute/v2.1/servers/25692eab-bf65-47de-8863-48e203714c55 0.849s
2024-08-08 23:55:27.139 61517 INFO tempest.lib.common.rest_client [req-a596d9a1-44eb-449a-adae-fa0e1fd3b2b6 req-a596d9a1-44eb-449a-adae-fa0e1fd3b2b6 ] Request (AggregatesAdminNegativeTestJSON:tearDownClass): 204 DELETE http://10.180.1.21/identity/v3/users/d295922571bf4e01a6acc9c804961a02 0.167s
2024-08-08 23:55:27.164 61547 INFO tempest.lib.common.rest_client [req-dfb7c149-3388-4a37-bf3a-74e78269bbe2 req-dfb7c149-3388-4a37-bf3a-74e78269bbe2 ] Request (AttachVolumeTestJSON:test_attach_detach_volume): 201 POST http://10.180.1.21/identity/v3/auth/tokens 0.152s
2024-08-08 23:55:27.165 61547 INFO tempest.lib.common.fixed_network [-] (AttachVolumeTestJSON:test_attach_detach_volume) Found network {'id': 'ed87ac30-422d-4d06-9979-2fea0bd96381', 'name': 'tempest-AttachVolumeTestJSON-290276907-network', 'tenant_id': '9a631b07045648099a98026d4aa6127d', 'admin_state_up': True, 'mtu': 8950, 'status': 'ACTIVE', 'subnets': [], 'shared': False, 'project_id': '9a631b07045648099a98026d4aa6127d', 'port_security_enabled': True, 'router:external': False, 'provider:network_type': 'vlan', 'provider:physical_network': 'default', 'provider:segmentation_id': 345, 'is_default': False, 'availability_zone_hints': [], 'availability_zones': [], 'ipv4_address_scope': None, 'ipv6_address_scope': None, 'description': '', 'tags': [], 'created_at': '2024-08-08T23:55:16Z', 'updated_at': '2024-08-08T23:55:16Z', 'revision_number': 1} available for tenant
2024-08-08 23:55:27.203 61519 INFO tempest.lib.common.rest_client [req-8a1f4f3c-e443-485e-bcc1-f9a3401d4162 req-8a1f4f3c-e443-485e-bcc1-f9a3401d4162 ] Request (KeyPairsNegativeTestJSON:setUpClass): 200 GET http://10.180.1.21/identity/v3/roles 0.185s
2024-08-08 23:55:27.228 61523 INFO tempest.lib.common.rest_client [req-cdbc996e-b06b-44cb-b42f-1f8fa54454d2 req-cdbc996e-b06b-44cb-b42f-1f8fa54454d2 ] Request (ServerActionsTestJSON:setUpClass): 201 POST http://10.180.1.21/identity/v3/auth/tokens 0.128s
2024-08-08 23:55:27.238 61529 INFO tempest.lib.common.rest_client [req-ed48311c-b4bf-4d64-a85d-55d93446e953 req-ed48311c-b4bf-4d64-a85d-55d93446e953 ] Request (SecurityGroupsNegativeTestJSON:setUpClass): 201 POST http://10.180.1.21/identity/v3/auth/tokens 0.126s
2024-08-08 23:55:27.239 61544 INFO tempest.lib.common.rest_client [req-59341665-dfc2-4e56-af39-40e4e30bff7f req-59341665-dfc2-4e56-af39-40e4e30bff7f ] Request (ServersNegativeTestMultiTenantJSON:setUpClass): 200 PUT http://10.180.1.21:9696/networking/v2.0/routers/545f814a-e6a5-444e-b0fa-779e20adbebe/add_router_interface 3.479s
2024-08-08 23:55:27.239 61544 INFO tempest.lib.common.dynamic_creds [-] Created isolated network resources for: credentials: Credentials: {'domain_id': 'default', 'domain_name': 'Default', 'username': 'tempest-ServersNegativeTestMultiTenantJSON-1272559575-project-member', 'project_domain_id': 'default', 'project_domain_name': 'Default', 'project_id': '9fdfaab665d6493e953a0f076ac94c32', 'project_name': 'tempest-ServersNegativeTestMultiTenantJSON-1272559575', 'tenant_id': '9fdfaab665d6493e953a0f076ac94c32', 'tenant_name': 'tempest-ServersNegativeTestMultiTenantJSON-1272559575', 'user_domain_id': 'default', 'user_domain_name': 'Default', 'user_id': '71a29801a1e84c3faf42b060659280b5', 'system': None}, Network: {'id': '1b991c31-4d27-476b-92ae-90cabe93fefc', 'name': 'tempest-ServersNegativeTestMultiTenantJSON-566845492-network', 'tenant_id': '9fdfaab665d6493e953a0f076ac94c32', 'admin_state_up': True, 'mtu': 8950, 'status': 'ACTIVE', 'subnets': [], 'shared': False, 'project_id': '9fdfaab665d6493e953a0f076ac94c32', 'port_security_enabled': True, 'router:external': False, 'provider:network_type': 'vlan', 'provider:physical_network': 'default', 'provider:segmentation_id': 684, 'is_default': False, 'availability_zone_hints': [], 'availability_zones': [], 'ipv4_address_scope': None, 'ipv6_address_scope': None, 'description': '', 'tags': [], 'created_at': '2024-08-08T23:55:20Z', 'updated_at': '2024-08-08T23:55:20Z', 'revision_number': 1}, Subnet: {'id': '2fe35316-30f9-418b-96fe-14104c61ffef', 'name': 'tempest-ServersNegativeTestMultiTenantJSON-566845492-subnet', 'tenant_id': '9fdfaab665d6493e953a0f076ac94c32', 'network_id': '1b991c31-4d27-476b-92ae-90cabe93fefc', 'ip_version': 4, 'subnetpool_id': None, 'enable_dhcp': True, 'ipv6_ra_mode': None, 'ipv6_address_mode': None, 'gateway_ip': '192.168.128.1', 'cidr': '192.168.128.0/28', 'allocation_pools': [{'start': '192.168.128.2', 'end': '192.168.128.14'}], 'host_routes': [], 'dns_nameservers': [], 'description': '', 'router:external': False, 'service_types': [], 'tags': [], 'created_at': '2024-08-08T23:55:21Z', 'updated_at': '2024-08-08T23:55:21Z', 'revision_number': 0, 'project_id': '9fdfaab665d6493e953a0f076ac94c32'}, Router: {'id': '545f814a-e6a5-444e-b0fa-779e20adbebe', 'name': 'tempest-ServersNegativeTestMultiTenantJSON-566845492-router', 'tenant_id': '9fdfaab665d6493e953a0f076ac94c32', 'admin_state_up': True, 'status': 'ACTIVE', 'external_gateway_info': {'network_id': '1466f382-c842-412e-a955-772897209c27', 'external_fixed_ips': [{'subnet_id': 'a7665026-ab60-471b-a6fe-1b03be0fe7ef', 'ip_address': '10.180.180.239'}], 'enable_snat': True}, 'description': '', 'availability_zones': [], 'distributed': False, 'ha': False, 'availability_zone_hints': [], 'routes': [], 'flavor_id': None, 'tags': [], 'created_at': '2024-08-08T23:55:21Z', 'updated_at': '2024-08-08T23:55:23Z', 'revision_number': 2, 'project_id': '9fdfaab665d6493e953a0f076ac94c32'}
2024-08-08 23:55:27.266 61519 INFO tempest.lib.common.rest_client [req-f3ad7a82-e553-4cfe-bf86-f1c2825e7d06 req-f3ad7a82-e553-4cfe-bf86-f1c2825e7d06 ] Request (KeyPairsNegativeTestJSON:setUpClass): 204 PUT http://10.180.1.21/identity/v3/projects/f2d31bc7a4be4f5abb9cf86c15bf6494/users/18c3932f0cd24741886d40b49fc261f5/roles/9e41efe1a9ee46e5b70e760c5a98224e 0.063s
2024-08-08 23:55:27.266 61519 INFO tempest.lib.common.dynamic_creds [-] Dynamic test user 18c3932f0cd24741886d40b49fc261f5 is created with scope project and roles: ['member']
2024-08-08 23:55:27.266 61519 INFO tempest.lib.common.dynamic_creds [-] Acquired dynamic creds: credentials: Credentials: {'domain_id': 'default', 'domain_name': 'Default', 'username': 'tempest-KeyPairsNegativeTestJSON-1129108011-project-member', 'project_domain_id': 'default', 'project_domain_name': 'Default', 'project_id': 'f2d31bc7a4be4f5abb9cf86c15bf6494', 'project_name': 'tempest-KeyPairsNegativeTestJSON-1129108011', 'tenant_id': 'f2d31bc7a4be4f5abb9cf86c15bf6494', 'tenant_name': 'tempest-KeyPairsNegativeTestJSON-1129108011', 'user_domain_id': 'default', 'user_domain_name': 'Default', 'user_id': '18c3932f0cd24741886d40b49fc261f5', 'system': None}, Network: None, Subnet: None, Router: None
2024-08-08 23:55:27.267 61519 INFO tempest.lib.common.dynamic_creds [-] Created isolated network resources for: credentials: Credentials: {'domain_id': 'default', 'domain_name': 'Default', 'username': 'tempest-KeyPairsNegativeTestJSON-1129108011-project-member', 'project_domain_id': 'default', 'project_domain_name': 'Default', 'project_id': 'f2d31bc7a4be4f5abb9cf86c15bf6494', 'project_name': 'tempest-KeyPairsNegativeTestJSON-1129108011', 'tenant_id': 'f2d31bc7a4be4f5abb9cf86c15bf6494', 'tenant_name': 'tempest-KeyPairsNegativeTestJSON-1129108011', 'user_domain_id': 'default', 'user_domain_name': 'Default', 'user_id': '18c3932f0cd24741886d40b49fc261f5', 'system': None}, Network: None, Subnet: None, Router: None
2024-08-08 23:55:27.311 61517 INFO tempest.lib.common.rest_client [req-39db86d3-832e-45b8-a2e0-498be35e2fd5 req-39db86d3-832e-45b8-a2e0-498be35e2fd5 ] Request (AggregatesAdminNegativeTestJSON:tearDownClass): 204 DELETE http://10.180.1.21/identity/v3/users/60c243657311486fbed747f9ce4ce489 0.172s
2024-08-08 23:55:27.312 61517 INFO tempest.lib.common.dynamic_creds [-] Deleting project and security group for project: 85182b9789ad460a9426007dc02cf8a8
2024-08-08 23:55:27.334 61508 INFO tempest.lib.common.rest_client [req-6c9373f3-e3d3-4b9f-8288-bead1bdf60a7 req-6c9373f3-e3d3-4b9f-8288-bead1bdf60a7 ] Request (SecurityGroupsTestJSON:test_security_groups_create_list_delete): 200 GET http://10.180.1.21/compute/v2.1/os-security-groups 0.755s
2024-08-08 23:55:27.343 61497 INFO tempest.lib.common.rest_client [req-59eaf6d6-a706-41ab-9e24-9ff08a5b590f req-59eaf6d6-a706-41ab-9e24-9ff08a5b590f ] Request (ServicesAdminTestJSON:tearDownClass): 204 DELETE http://10.180.1.21:9696/networking/v2.0/security-groups/9241ff9a-d439-4253-99c0-b0552fcfc1bf 0.250s
2024-08-08 23:55:27.354 61529 INFO tempest.lib.common.rest_client [req-765a8ff7-759f-43f3-a423-9477e37c39b3 req-765a8ff7-759f-43f3-a423-9477e37c39b3 ] Request (SecurityGroupsNegativeTestJSON:setUpClass): 201 POST http://10.180.1.21/identity/v3/auth/tokens 0.114s
2024-08-08 23:55:27.381 61544 INFO tempest.lib.common.rest_client [req-9fb00208-9bd3-4826-a04b-6d0f1e11f9ec req-9fb00208-9bd3-4826-a04b-6d0f1e11f9ec ] Request (ServersNegativeTestMultiTenantJSON:setUpClass): 201 POST http://10.180.1.21/identity/v3/auth/tokens 0.139s
2024-08-08 23:55:27.403 61525 INFO tempest.lib.common.rest_client [req-b4d13063-4180-4c31-b173-d25643f107e3 req-b4d13063-4180-4c31-b173-d25643f107e3 ] Request (ServersAdmin275Test:test_rebuild_update_server_275): 200 GET http://10.180.1.21/compute/v2.1/servers/4ff59576-c94c-4fc3-8667-297d532db008 0.806s
2024-08-08 23:55:27.409 61515 INFO tempest.lib.common.rest_client [req-75bfd488-fb3f-4a7b-925b-9b4eeee5a630 req-75bfd488-fb3f-4a7b-925b-9b4eeee5a630 ] Request (FlavorsExtraSpecsNegativeTestJSON:test_flavor_non_admin_set_keys): 403 POST http://10.180.1.21/compute/v2.1/flavors/1846966856/os-extra_specs 0.768s
2024-08-08 23:55:27.419 61519 INFO tempest.lib.common.rest_client [req-a420460a-1f35-4530-965b-2cdaae473bd5 req-a420460a-1f35-4530-965b-2cdaae473bd5 ] Request (KeyPairsNegativeTestJSON:setUpClass): 201 POST http://10.180.1.21/identity/v3/auth/tokens 0.149s
2024-08-08 23:55:27.443 61517 INFO tempest.lib.common.rest_client [req-d2b9b695-b974-4224-83ca-83b133fa7e72 req-d2b9b695-b974-4224-83ca-83b133fa7e72 ] Request (AggregatesAdminNegativeTestJSON:tearDownClass): 201 POST http://10.180.1.21/identity/v3/auth/tokens 0.131s
2024-08-08 23:55:27.462 61529 INFO tempest.lib.common.rest_client [req-5466a118-ce6d-4316-b2b1-a53d899c10ce req-5466a118-ce6d-4316-b2b1-a53d899c10ce ] Request (SecurityGroupsNegativeTestJSON:setUpClass): 200 GET http://10.180.1.21/identity/v3/domains?name=Default 0.107s
2024-08-08 23:55:27.490 61501 INFO tempest.lib.common.rest_client [req-ed8d3ae5-fa03-478c-b439-c32eb99f44d2 req-ed8d3ae5-fa03-478c-b439-c32eb99f44d2 ] Request (ServerGroupTestJSON:test_create_server_with_scheduler_hint_group): 200 GET http://10.180.1.21/compute/v2.1/servers/d0124899-c4e5-4768-8c2d-de73790e2ab2 0.829s
2024-08-08 23:55:27.529 61544 INFO tempest.lib.common.rest_client [req-18b68b07-9528-41e3-8c77-ac665c7bff2e req-18b68b07-9528-41e3-8c77-ac665c7bff2e ] Request (ServersNegativeTestMultiTenantJSON:setUpClass): 201 POST http://10.180.1.21/identity/v3/auth/tokens 0.137s
2024-08-08 23:55:27.530 61544 INFO tempest.lib.common.fixed_network [-] (ServersNegativeTestMultiTenantJSON:setUpClass) Found network {'id': '4daa1711-f65a-48fe-b656-58c7590f9ab6', 'name': 'tempest-ServersNegativeTestMultiTenantJSON-701882058-network', 'tenant_id': '9a63f890fa714b1684e89ee113703f19', 'admin_state_up': True, 'mtu': 8950, 'status': 'ACTIVE', 'subnets': [], 'shared': False, 'project_id': '9a63f890fa714b1684e89ee113703f19', 'port_security_enabled': True, 'router:external': False, 'provider:network_type': 'vlan', 'provider:physical_network': 'default', 'provider:segmentation_id': 813, 'is_default': False, 'availability_zone_hints': [], 'availability_zones': [], 'ipv4_address_scope': None, 'ipv6_address_scope': None, 'description': '', 'tags': [], 'created_at': '2024-08-08T23:55:12Z', 'updated_at': '2024-08-08T23:55:12Z', 'revision_number': 1} available for tenant
2024-08-08 23:55:27.549 61497 INFO tempest.lib.common.rest_client [req-8083ae16-f668-4ade-a53e-4a4168b4f835 req-8083ae16-f668-4ade-a53e-4a4168b4f835 ] Request (ServicesAdminTestJSON:tearDownClass): 204 DELETE http://10.180.1.21/identity/v3/projects/2b1524024f914bb7b0dca10a5c9ef39c 0.206s
2024-08-08 23:55:27.594 61521 INFO tempest.lib.common.rest_client [req-4a09f87f-0263-4fab-90b5-a74e272aa18a req-4a09f87f-0263-4fab-90b5-a74e272aa18a ] Request (InstanceActionsV221TestJSON:test_get_list_deleted_instance_actions): 200 GET http://10.180.1.21/compute/v2.1/servers/49d41343-b29d-4b20-a8eb-d982499e733c 0.869s
2024-08-08 23:55:27.602 61521 INFO tempest.common.waiters [-] State transition "BUILD/scheduling" ==> "BUILD/None" after 23 second wait
2024-08-08 23:55:27.620 61529 INFO tempest.lib.common.rest_client [req-2850c616-d68a-4e48-ad77-411925523354 req-2850c616-d68a-4e48-ad77-411925523354 ] Request (SecurityGroupsNegativeTestJSON:setUpClass): 201 POST http://10.180.1.21/identity/v3/projects 0.158s
2024-08-08 23:55:27.626 61552 INFO tempest.lib.common.rest_client [req-9f3684c3-568d-45a4-a541-eefccf5b317b req-9f3684c3-568d-45a4-a541-eefccf5b317b ] Request (ServerDiagnosticsV248Test:test_get_server_diagnostics): 200 GET http://10.180.1.21/compute/v2.1/servers/96dfa195-6131-4851-bbf7-b8fa8855b52c/diagnostics 1.779s
2024-08-08 23:55:27.668 61505 INFO tempest.lib.common.rest_client [req-c64d85f4-ca11-4546-a07a-e83cf55f97ae req-c64d85f4-ca11-4546-a07a-e83cf55f97ae ] Request (TenantUsagesTestJSON:setUpClass): 404 GET http://10.180.1.21/compute/v2.1/servers/140d64e9-ca6d-4788-8d43-7aa792e69240 0.834s
2024-08-08 23:55:27.668 61505 INFO tempest.test [-] raised in TenantUsagesTestJSON.setUpClass. Invoking tearDownClass.
2024-08-08 23:55:27.690 61550 INFO tempest.lib.common.rest_client [req-3852e15e-8736-40fa-a477-db00943d9739 req-3852e15e-8736-40fa-a477-db00943d9739 ] Request (ImagesOneServerTestJSON:setUpClass): 200 GET http://10.180.1.21/compute/v2.1/servers/47972586-e9ab-4cf9-b229-a013fe76867f 0.898s
2024-08-08 23:55:27.714 61497 INFO tempest.lib.common.rest_client [req-0140693c-3535-4468-8641-321bf08f877a req-0140693c-3535-4468-8641-321bf08f877a ] Request (AZV2TestJSON:setUpClass): 201 POST http://10.180.1.21/identity/v3/auth/tokens 0.163s
2024-08-08 23:55:27.729 61529 INFO tempest.lib.common.rest_client [req-43b41c82-117a-474e-8bac-a6b20782f451 req-43b41c82-117a-474e-8bac-a6b20782f451 ] Request (SecurityGroupsNegativeTestJSON:setUpClass): 201 POST http://10.180.1.21/identity/v3/users 0.108s
2024-08-08 23:55:27.763 61497 INFO tempest.lib.common.rest_client [req-ad22afc3-9919-4eb5-874c-79e2dd743f87 req-ad22afc3-9919-4eb5-874c-79e2dd743f87 ] Request (AZV2TestJSON:setUpClass): 201 POST http://10.180.1.21/identity/v3/auth/tokens 0.046s
2024-08-08 23:55:27.764 61493 INFO tempest.lib.common.rest_client [req-aeb0df0e-b53e-417e-b49f-ce012077a187 req-aeb0df0e-b53e-417e-b49f-ce012077a187 ] Request (ServersAdminTestJSON:setUpClass): 200 GET http://10.180.1.21/compute/v2.1/servers/aaf40fd4-3e55-4aa0-8d33-5ccc7dd4e3d1 0.823s
2024-08-08 23:55:27.821 61505 INFO tempest.lib.common.rest_client [req-dd1519ab-acc7-4e43-9426-d52bce846e31 req-dd1519ab-acc7-4e43-9426-d52bce846e31 ] Request (TenantUsagesTestJSON:tearDownClass): 204 DELETE http://10.180.1.21/identity/v3/users/b4b36b6b2ecf469daefc26e106e7d318 0.152s
2024-08-08 23:55:27.826 61538 INFO tempest.lib.common.rest_client [req-73e5f3a9-617a-449c-aa7d-55b3c141f9f7 req-73e5f3a9-617a-449c-aa7d-55b3c141f9f7 ] Request (ServerActionsV293TestJSON:setUpClass): 200 GET http://10.180.1.21/compute/v2.1/servers/d3956602-5107-4392-abdf-f3b2b5266ca8 0.873s
2024-08-08 23:55:27.831 61529 INFO tempest.lib.common.rest_client [req-b88d3e71-d035-4b2c-a1f4-1cbd4e249e93 req-b88d3e71-d035-4b2c-a1f4-1cbd4e249e93 ] Request (SecurityGroupsNegativeTestJSON:setUpClass): 200 GET http://10.180.1.21/identity/v3/roles 0.102s
2024-08-08 23:55:27.835 61538 INFO tempest.common.waiters [-] State transition "BUILD/scheduling" ==> "BUILD/None" after 20 second wait
2024-08-08 23:55:27.845 61512 INFO tempest.lib.common.rest_client [req-1675f3d0-6523-4da5-b55c-9c8c282da660 req-1675f3d0-6523-4da5-b55c-9c8c282da660 ] Request (FloatingIPsAssociationNegativeTestJSON:setUpClass): 200 GET http://10.180.1.21/compute/v2.1/servers/52998f1c-771e-4e8d-b7f7-929a1961262a 1.002s
2024-08-08 23:55:27.868 61517 INFO tempest.lib.common.rest_client [req-41c1ac22-388c-4051-9d4c-3882b8088317 req-41c1ac22-388c-4051-9d4c-3882b8088317 ] Request (AggregatesAdminNegativeTestJSON:tearDownClass): 200 GET http://10.180.1.21:9696/networking/v2.0/security-groups?tenant_id=85182b9789ad460a9426007dc02cf8a8&name=default 0.424s
2024-08-08 23:55:27.905 61497 INFO tempest.lib.common.rest_client [req-f6e8d9a0-24e6-4052-b86a-4f8edef46afb req-f6e8d9a0-24e6-4052-b86a-4f8edef46afb ] Request (AZV2TestJSON:setUpClass): 200 GET http://10.180.1.21/identity/v3/domains?name=Default 0.141s
2024-08-08 23:55:27.929 61510 INFO tempest.lib.common.rest_client [req-843c7563-434b-44cb-a1f6-66e08f28bde6 req-843c7563-434b-44cb-a1f6-66e08f28bde6 ] Request (InstanceActionsNegativeTestJSON:setUpClass): 200 GET http://10.180.1.21/compute/v2.1/servers/8f16eb3b-049b-4d6f-8d5c-cd96018ad6d3 0.885s
2024-08-08 23:55:27.944 61535 INFO tempest.lib.common.rest_client [req-42503798-1a81-43da-b4eb-882e20933a46 req-42503798-1a81-43da-b4eb-882e20933a46 ] Request (FlavorsAdminTestJSON:test_is_public_string_variations): 200 GET http://10.180.1.21/compute/v2.1/flavors/detail?is_public=yes 0.886s
2024-08-08 23:55:27.945 61505 INFO tempest.lib.common.rest_client [req-972b90e1-179d-4e80-9340-a10dabd784ea req-972b90e1-179d-4e80-9340-a10dabd784ea ] Request (TenantUsagesTestJSON:tearDownClass): 204 DELETE http://10.180.1.21/identity/v3/users/89afeba903794459bfacd1ccca199933 0.123s
2024-08-08 23:55:27.945 61505 INFO tempest.lib.common.dynamic_creds [-] Deleting project and security group for project: 9b21b1049f554322b2a2a84d457e9911
2024-08-08 23:55:27.995 61529 INFO tempest.lib.common.rest_client [req-23040717-ba72-486c-9f11-12726bc24736 req-23040717-ba72-486c-9f11-12726bc24736 ] Request (SecurityGroupsNegativeTestJSON:setUpClass): 204 PUT http://10.180.1.21/identity/v3/projects/ebd38c18f3f54a8e92c7915627fad3a0/users/ccbb7af9f3514e25a56abd73647ff124/roles/9e41efe1a9ee46e5b70e760c5a98224e 0.163s
2024-08-08 23:55:27.995 61529 INFO tempest.lib.common.dynamic_creds [-] Dynamic test user ccbb7af9f3514e25a56abd73647ff124 is created with scope project and roles: ['member']
2024-08-08 23:55:27.995 61529 INFO tempest.lib.common.dynamic_creds [-] Acquired dynamic creds: credentials: Credentials: {'domain_id': 'default', 'domain_name': 'Default', 'username': 'tempest-SecurityGroupsNegativeTestJSON-393639110-project-member', 'project_domain_id': 'default', 'project_domain_name': 'Default', 'project_id': 'ebd38c18f3f54a8e92c7915627fad3a0', 'project_name': 'tempest-SecurityGroupsNegativeTestJSON-393639110', 'tenant_id': 'ebd38c18f3f54a8e92c7915627fad3a0', 'tenant_name': 'tempest-SecurityGroupsNegativeTestJSON-393639110', 'user_domain_id': 'default', 'user_domain_name': 'Default', 'user_id': 'ccbb7af9f3514e25a56abd73647ff124', 'system': None}, Network: None, Subnet: None, Router: None
2024-08-08 23:55:28.000 61555 INFO tempest.lib.common.rest_client [req-9f98a405-898d-458f-a982-823179ce306b req-9f98a405-898d-458f-a982-823179ce306b ] Request (ServerDiagnosticsNegativeTest:test_get_server_diagnostics_by_non_admin): 200 GET http://10.180.1.21/compute/v2.1/servers/abaee9f0-113b-47b1-8364-3361e85a9aff 0.928s
2024-08-08 23:55:28.051 61505 INFO tempest.lib.common.rest_client [req-c761db6e-46fc-4579-b93c-a9254404d1bf req-c761db6e-46fc-4579-b93c-a9254404d1bf ] Request (TenantUsagesTestJSON:tearDownClass): 201 POST http://10.180.1.21/identity/v3/auth/tokens 0.105s
2024-08-08 23:55:28.061 61533 INFO tempest.lib.common.rest_client [req-bea0b88d-1f17-47ab-91c5-6223f6c4ebe3 req-bea0b88d-1f17-47ab-91c5-6223f6c4ebe3 ] Request (VolumesAdminNegativeTest:test_update_attached_volume_with_nonexistent_volume_in_body): 200 GET http://10.180.1.21/compute/v2.1/servers/bbf3e6e9-74c9-4e6b-88e7-93db7486f889 0.929s
2024-08-08 23:55:28.076 61529 INFO tempest.lib.common.rest_client [req-56449684-ac69-4c4c-8770-410f494c705c req-56449684-ac69-4c4c-8770-410f494c705c ] Request (SecurityGroupsNegativeTestJSON:setUpClass): 201 POST http://10.180.1.21/identity/v3/auth/tokens 0.081s
2024-08-08 23:55:28.086 61495 INFO tempest.lib.common.rest_client [req-c2dc647b-3e34-47a3-982e-af7a1e99ee5b req-c2dc647b-3e34-47a3-982e-af7a1e99ee5b ] Request (ServerDiagnosticsTest:test_get_server_diagnostics): 204 DELETE http://10.180.1.21/compute/v2.1/servers/96b81f62-ecdd-4eae-b713-dc07d2086ffa 1.129s
2024-08-08 23:55:28.089 61497 INFO tempest.lib.common.rest_client [req-3f9ec9e4-f463-4d73-b332-a4878f9e64fc req-3f9ec9e4-f463-4d73-b332-a4878f9e64fc ] Request (AZV2TestJSON:setUpClass): 201 POST http://10.180.1.21/identity/v3/projects 0.184s
2024-08-08 23:55:28.138 61549 INFO tempest.lib.common.rest_client [req-43a6cea4-67f8-4a22-9b19-29063c12d566 req-43a6cea4-67f8-4a22-9b19-29063c12d566 ] Request (ServerDiskConfigTestJSON:test_rebuild_server_with_auto_disk_config): 200 GET http://10.180.1.21/compute/v2.1/servers/12a21a3a-b330-4861-bc1b-925c9c74b047 0.912s
2024-08-08 23:55:28.138 61517 INFO tempest.lib.common.rest_client [req-310b1e19-2ce0-4335-8751-48c07239c28c req-310b1e19-2ce0-4335-8751-48c07239c28c ] Request (AggregatesAdminNegativeTestJSON:tearDownClass): 204 DELETE http://10.180.1.21:9696/networking/v2.0/security-groups/1b2d4048-b0be-4767-9bca-20583bbbc606 0.270s
2024-08-08 23:55:28.190 61497 INFO tempest.lib.common.rest_client [req-39301267-4df7-4c9d-9987-16840b8d5e22 req-39301267-4df7-4c9d-9987-16840b8d5e22 ] Request (AZV2TestJSON:setUpClass): 201 POST http://10.180.1.21/identity/v3/users 0.100s
2024-08-08 23:55:28.234 61517 INFO tempest.lib.common.rest_client [req-398cda32-0d3b-4d4f-9da1-f224a26162d6 req-398cda32-0d3b-4d4f-9da1-f224a26162d6 ] Request (AggregatesAdminNegativeTestJSON:tearDownClass): 204 DELETE http://10.180.1.21/identity/v3/projects/85182b9789ad460a9426007dc02cf8a8 0.095s
2024-08-08 23:55:28.234 61517 INFO tempest.lib.common.dynamic_creds [-] Deleting project and security group for project: 9335fd92f68d45acb5b667a793c9fe2f
2024-08-08 23:55:28.286 61497 INFO tempest.lib.common.rest_client [req-1d206326-156a-46e6-a2a4-e911d8de6093 req-1d206326-156a-46e6-a2a4-e911d8de6093 ] Request (AZV2TestJSON:setUpClass): 200 GET http://10.180.1.21/identity/v3/roles 0.096s
2024-08-08 23:55:28.312 61497 INFO tempest.lib.common.rest_client [req-b155ca1d-bd01-4578-9671-819f866c2e8c req-b155ca1d-bd01-4578-9671-819f866c2e8c ] Request (AZV2TestJSON:setUpClass): 204 PUT http://10.180.1.21/identity/v3/projects/9f42f74835034ecf8d180f90f9f4435b/users/69faca0c8d4e4a2d9260fa37d548b320/roles/9e41efe1a9ee46e5b70e760c5a98224e 0.025s
2024-08-08 23:55:28.313 61497 INFO tempest.lib.common.dynamic_creds [-] Dynamic test user 69faca0c8d4e4a2d9260fa37d548b320 is created with scope project and roles: ['member']
2024-08-08 23:55:28.313 61497 INFO tempest.lib.common.dynamic_creds [-] Acquired dynamic creds: credentials: Credentials: {'domain_id': 'default', 'domain_name': 'Default', 'username': 'tempest-AZV2TestJSON-1181549931-project-member', 'project_domain_id': 'default', 'project_domain_name': 'Default', 'project_id': '9f42f74835034ecf8d180f90f9f4435b', 'project_name': 'tempest-AZV2TestJSON-1181549931', 'tenant_id': '9f42f74835034ecf8d180f90f9f4435b', 'tenant_name': 'tempest-AZV2TestJSON-1181549931', 'user_domain_id': 'default', 'user_domain_name': 'Default', 'user_id': '69faca0c8d4e4a2d9260fa37d548b320', 'system': None}, Network: None, Subnet: None, Router: None
2024-08-08 23:55:28.313 61497 INFO tempest.lib.common.dynamic_creds [-] Created isolated network resources for: credentials: Credentials: {'domain_id': 'default', 'domain_name': 'Default', 'username': 'tempest-AZV2TestJSON-1181549931-project-member', 'project_domain_id': 'default', 'project_domain_name': 'Default', 'project_id': '9f42f74835034ecf8d180f90f9f4435b', 'project_name': 'tempest-AZV2TestJSON-1181549931', 'tenant_id': '9f42f74835034ecf8d180f90f9f4435b', 'tenant_name': 'tempest-AZV2TestJSON-1181549931', 'user_domain_id': 'default', 'user_domain_name': 'Default', 'user_id': '69faca0c8d4e4a2d9260fa37d548b320', 'system': None}, Network: None, Subnet: None, Router: None
2024-08-08 23:55:28.362 61523 INFO tempest.lib.common.rest_client [req-cbb59587-8076-409e-9354-2f538343227b req-cbb59587-8076-409e-9354-2f538343227b ] Request (ServerActionsTestJSON:setUpClass): 200 POST http://10.180.1.21/compute/v2.1/os-keypairs 1.132s
2024-08-08 23:55:28.382 61497 INFO tempest.lib.common.rest_client [req-9294d6a5-2ce1-4106-af9c-3223c693061b req-9294d6a5-2ce1-4106-af9c-3223c693061b ] Request (AZV2TestJSON:setUpClass): 201 POST http://10.180.1.21/identity/v3/auth/tokens 0.066s
2024-08-08 23:55:28.415 61517 INFO tempest.lib.common.rest_client [req-eb5475aa-3b7c-47fa-9ab0-6664affa3a19 req-eb5475aa-3b7c-47fa-9ab0-6664affa3a19 ] Request (AggregatesAdminNegativeTestJSON:tearDownClass): 200 GET http://10.180.1.21:9696/networking/v2.0/security-groups?tenant_id=9335fd92f68d45acb5b667a793c9fe2f&name=default 0.181s
2024-08-08 23:55:28.493 61505 INFO tempest.lib.common.rest_client [req-36fce9c3-beff-4089-810f-e5e9d6052a42 req-36fce9c3-beff-4089-810f-e5e9d6052a42 ] Request (TenantUsagesTestJSON:tearDownClass): 200 GET http://10.180.1.21:9696/networking/v2.0/security-groups?tenant_id=9b21b1049f554322b2a2a84d457e9911&name=default 0.442s
2024-08-08 23:55:28.506 61529 INFO tempest.lib.common.rest_client [req-28094991-10f4-44fe-8be0-88e9690d5219 req-28094991-10f4-44fe-8be0-88e9690d5219 ] Request (SecurityGroupsNegativeTestJSON:setUpClass): 201 POST http://10.180.1.21:9696/networking/v2.0/networks 0.429s
2024-08-08 23:55:28.672 61523 INFO tempest.lib.common.rest_client [req-767a71b1-a3b7-4d3e-84fe-c2c2835e0fd2 req-767a71b1-a3b7-4d3e-84fe-c2c2835e0fd2 ] Request (ServerActionsTestJSON:setUpClass): 201 POST http://10.180.1.21:9696/networking/v2.0/security-groups 0.308s
2024-08-08 23:55:28.736 61517 INFO tempest.lib.common.rest_client [req-a6463b1c-7da0-42d1-97a7-dae8f68670d7 req-a6463b1c-7da0-42d1-97a7-dae8f68670d7 ] Request (AggregatesAdminNegativeTestJSON:tearDownClass): 204 DELETE http://10.180.1.21:9696/networking/v2.0/security-groups/c50877bc-aa9f-419f-8e74-00708395e017 0.320s
2024-08-08 23:55:28.752 61529 INFO tempest.lib.common.rest_client [req-048445d4-8781-45e2-9a39-cd9a3ddb5b80 req-048445d4-8781-45e2-9a39-cd9a3ddb5b80 ] Request (SecurityGroupsNegativeTestJSON:setUpClass): 201 POST http://10.180.1.21:9696/networking/v2.0/subnets 0.245s
2024-08-08 23:55:28.753 61547 INFO tempest.lib.common.rest_client [req-79efd261-4f68-4ef2-ac2a-e88d1f600b19 req-79efd261-4f68-4ef2-ac2a-e88d1f600b19 ] Request (AttachVolumeTestJSON:test_attach_detach_volume): 202 POST http://10.180.1.21/compute/v2.1/servers 1.588s
2024-08-08 23:55:28.755 61508 INFO tempest.lib.common.rest_client [req-225f01c3-3046-466a-a8eb-7b8a73a775c2 req-225f01c3-3046-466a-a8eb-7b8a73a775c2 ] Request (SecurityGroupsTestJSON:test_security_groups_create_list_delete): 202 DELETE http://10.180.1.21/compute/v2.1/os-security-groups/48ac4065-a024-4800-9818-9f88a5bfc8d5 1.418s
2024-08-08 23:55:28.804 61515 INFO tempest.lib.common.rest_client [req-3dbed2e4-4b35-46a4-8f11-3ddcf91cf5e5 req-3dbed2e4-4b35-46a4-8f11-3ddcf91cf5e5 ] Request (FlavorsExtraSpecsNegativeTestJSON:test_flavor_non_admin_unset_keys): 200 POST http://10.180.1.21/compute/v2.1/flavors/1846966856/os-extra_specs 1.392s
2024-08-08 23:55:28.806 61505 INFO tempest.lib.common.rest_client [req-8c8b3c51-0633-488b-b0a0-effe8bcfa44c req-8c8b3c51-0633-488b-b0a0-effe8bcfa44c ] Request (TenantUsagesTestJSON:tearDownClass): 204 DELETE http://10.180.1.21:9696/networking/v2.0/security-groups/8fb6ff6e-cb38-4fcd-9c99-6ae2a730babc 0.313s
2024-08-08 23:55:28.824 61523 INFO tempest.lib.common.rest_client [req-c8536ff2-7328-4739-bc2e-50fd892ebd7f req-c8536ff2-7328-4739-bc2e-50fd892ebd7f ] Request (ServerActionsTestJSON:setUpClass): 201 POST http://10.180.1.21:9696/networking/v2.0/security-group-rules 0.152s
2024-08-08 23:55:28.883 61513 INFO tempest.lib.common.rest_client [req-1b9adb74-d7b4-415b-8ab9-9d73ba2d27b7 req-1b9adb74-d7b4-415b-8ab9-9d73ba2d27b7 ] Request (ServersWithSpecificFlavorTestJSON:test_verify_created_server_ephemeral_disk): 200 GET http://10.180.1.21/compute/v2.1/servers/79f06adc-9894-4691-b25c-13780c01937c 1.411s
2024-08-08 23:55:28.889 61513 INFO tempest.common.waiters [-] State transition "BUILD/scheduling" ==> "BUILD/None" after 23 second wait
2024-08-08 23:55:28.908 61517 INFO tempest.lib.common.rest_client [req-fd822a09-a181-4a5d-b76e-4667727e2947 req-fd822a09-a181-4a5d-b76e-4667727e2947 ] Request (AggregatesAdminNegativeTestJSON:tearDownClass): 204 DELETE http://10.180.1.21/identity/v3/projects/9335fd92f68d45acb5b667a793c9fe2f 0.171s
2024-08-08 23:55:28.974 61519 INFO tempest.lib.common.rest_client [req-8562c63c-d5af-47d8-a780-efa9ac1cae85 req-8562c63c-d5af-47d8-a780-efa9ac1cae85 ] Request (KeyPairsNegativeTestJSON:test_create_keypair_invalid_name): 400 POST http://10.180.1.21/compute/v2.1/os-keypairs 1.552s
2024-08-08 23:55:28.998 61523 INFO tempest.lib.common.rest_client [req-e07acbdd-5f91-49e4-b5c8-92d38dba6f4a req-e07acbdd-5f91-49e4-b5c8-92d38dba6f4a ] Request (ServerActionsTestJSON:setUpClass): 201 POST http://10.180.1.21:9696/networking/v2.0/security-group-rules 0.173s
2024-08-08 23:55:29.013 61505 INFO tempest.lib.common.rest_client [req-d932a654-b804-4747-a0db-6da1f34d4f76 req-d932a654-b804-4747-a0db-6da1f34d4f76 ] Request (TenantUsagesTestJSON:tearDownClass): 204 DELETE http://10.180.1.21/identity/v3/projects/9b21b1049f554322b2a2a84d457e9911 0.206s
2024-08-08 23:55:29.013 61505 INFO tempest.lib.common.dynamic_creds [-] Deleting project and security group for project: 47a1cfeb4fc442d4a1047de0f3e7876e
2024-08-08 23:55:29.028 61527 INFO tempest.lib.common.rest_client [req-b64eeb8f-4bf8-44dc-8255-f41ff503cc12 req-b64eeb8f-4bf8-44dc-8255-f41ff503cc12 ] Request (FloatingIPsAssociationTestJSON:setUpClass): 200 GET http://10.180.1.21/compute/v2.1/servers/8247920f-2bcb-4130-b46b-e606a145f5d3 1.291s
2024-08-08 23:55:29.058 61505 INFO tempest.lib.common.rest_client [req-0eb6c3fc-da66-42de-b68c-7059c50f2b6e req-0eb6c3fc-da66-42de-b68c-7059c50f2b6e ] Request (TenantUsagesTestJSON:tearDownClass): 200 GET http://10.180.1.21:9696/networking/v2.0/security-groups?tenant_id=47a1cfeb4fc442d4a1047de0f3e7876e&name=default 0.044s
2024-08-08 23:55:29.073 61517 INFO tempest.lib.common.rest_client [req-7dbfd97f-c47f-4814-820b-f3918ffd4afa req-7dbfd97f-c47f-4814-820b-f3918ffd4afa ] Request (FlavorsExtraSpecsTestJSON:setUpClass): 201 POST http://10.180.1.21/identity/v3/auth/tokens 0.163s
2024-08-08 23:55:29.087 61557 INFO tempest.lib.common.rest_client [req-c0cbffaf-e900-4724-8e56-7a9a4c97cc6d req-c0cbffaf-e900-4724-8e56-7a9a4c97cc6d ] Request (ServerTagsTestJSON:setUpClass): 200 GET http://10.180.1.21/compute/v2.1/servers/a86a6c94-db8c-4042-b28a-454671b946c5 1.256s
2024-08-08 23:55:29.147 61517 INFO tempest.lib.common.rest_client [req-86056ee7-becd-4f02-b214-6eb2d0917a5c req-86056ee7-becd-4f02-b214-6eb2d0917a5c ] Request (FlavorsExtraSpecsTestJSON:setUpClass): 201 POST http://10.180.1.21/identity/v3/auth/tokens 0.029s
2024-08-08 23:55:29.168 61517 INFO tempest.lib.common.rest_client [req-f851c5d2-1f72-41b2-8463-059f37d73f2c req-f851c5d2-1f72-41b2-8463-059f37d73f2c ] Request (FlavorsExtraSpecsTestJSON:setUpClass): 200 GET http://10.180.1.21/identity/v3/domains?name=Default 0.020s
2024-08-08 23:55:29.197 61517 INFO tempest.lib.common.rest_client [req-0e57c2b7-8191-4170-8bbd-f7cddc3aed03 req-0e57c2b7-8191-4170-8bbd-f7cddc3aed03 ] Request (FlavorsExtraSpecsTestJSON:setUpClass): 201 POST http://10.180.1.21/identity/v3/projects 0.028s
2024-08-08 23:55:29.225 61499 INFO tempest.lib.common.rest_client [req-a70adc44-8c32-4086-a6d1-5634e2290afd req-a70adc44-8c32-4086-a6d1-5634e2290afd ] Request (DeleteServersAdminTestJSON:test_delete_server_while_in_error_state): 200 GET http://10.180.1.21/compute/v2.1/servers/11591556-3b1f-40d4-8e94-ed65d5177836 1.338s
2024-08-08 23:55:29.265 61517 INFO tempest.lib.common.rest_client [req-75f1919e-5b7d-4f50-ae82-965ddb955b4c req-75f1919e-5b7d-4f50-ae82-965ddb955b4c ] Request (FlavorsExtraSpecsTestJSON:setUpClass): 201 POST http://10.180.1.21/identity/v3/users 0.068s
2024-08-08 23:55:29.280 61503 INFO tempest.lib.common.rest_client [req-9708131f-d696-4ada-bcd7-866d69052a5c req-9708131f-d696-4ada-bcd7-866d69052a5c ] Request (VolumesAssistedSnapshotsTest:test_volume_assisted_snapshot_create_delete): 200 GET http://10.180.1.21/compute/v2.1/servers/4eb67529-f39f-4797-819a-460cb8428fc0 1.365s
2024-08-08 23:55:29.294 61505 INFO tempest.lib.common.rest_client [req-d2e32f30-e44c-4ea0-8386-1fb4aca5aae1 req-d2e32f30-e44c-4ea0-8386-1fb4aca5aae1 ] Request (TenantUsagesTestJSON:tearDownClass): 204 DELETE http://10.180.1.21:9696/networking/v2.0/security-groups/a1928ca4-3eaf-4a66-a142-72a7ffc25b48 0.235s
2024-08-08 23:55:29.295 61517 INFO tempest.lib.common.rest_client [req-05f6aa92-b170-43ce-9124-21eceb857cab req-05f6aa92-b170-43ce-9124-21eceb857cab ] Request (FlavorsExtraSpecsTestJSON:setUpClass): 200 GET http://10.180.1.21/identity/v3/roles 0.029s
2024-08-08 23:55:29.297 61535 INFO tempest.lib.common.rest_client [req-ccf1c138-b772-4a29-a8b1-aa5f9d4aaa9f req-ccf1c138-b772-4a29-a8b1-aa5f9d4aaa9f ] Request (FlavorsAdminTestJSON:test_is_public_string_variations): 200 GET http://10.180.1.21/compute/v2.1/flavors/detail?is_public=1 1.349s
2024-08-08 23:55:29.327 61517 INFO tempest.lib.common.rest_client [req-0d014c61-9525-492e-8659-da55e15e5dcd req-0d014c61-9525-492e-8659-da55e15e5dcd ] Request (FlavorsExtraSpecsTestJSON:setUpClass): 204 PUT http://10.180.1.21/identity/v3/projects/616f4180668042a8af4f552712bcf755/users/460a0bae50a14d6eb061725e5fe1da05/roles/9e41efe1a9ee46e5b70e760c5a98224e 0.031s
2024-08-08 23:55:29.327 61517 INFO tempest.lib.common.dynamic_creds [-] Dynamic test user 460a0bae50a14d6eb061725e5fe1da05 is created with scope project and roles: ['member']
2024-08-08 23:55:29.328 61517 INFO tempest.lib.common.dynamic_creds [-] Acquired dynamic creds: credentials: Credentials: {'domain_id': 'default', 'domain_name': 'Default', 'username': 'tempest-FlavorsExtraSpecsTestJSON-1021167243-project-member', 'project_domain_id': 'default', 'project_domain_name': 'Default', 'project_id': '616f4180668042a8af4f552712bcf755', 'project_name': 'tempest-FlavorsExtraSpecsTestJSON-1021167243', 'tenant_id': '616f4180668042a8af4f552712bcf755', 'tenant_name': 'tempest-FlavorsExtraSpecsTestJSON-1021167243', 'user_domain_id': 'default', 'user_domain_name': 'Default', 'user_id': '460a0bae50a14d6eb061725e5fe1da05', 'system': None}, Network: None, Subnet: None, Router: None
2024-08-08 23:55:29.328 61517 INFO tempest.lib.common.dynamic_creds [-] Created isolated network resources for: credentials: Credentials: {'domain_id': 'default', 'domain_name': 'Default', 'username': 'tempest-FlavorsExtraSpecsTestJSON-1021167243-project-member', 'project_domain_id': 'default', 'project_domain_name': 'Default', 'project_id': '616f4180668042a8af4f552712bcf755', 'project_name': 'tempest-FlavorsExtraSpecsTestJSON-1021167243', 'tenant_id': '616f4180668042a8af4f552712bcf755', 'tenant_name': 'tempest-FlavorsExtraSpecsTestJSON-1021167243', 'user_domain_id': 'default', 'user_domain_name': 'Default', 'user_id': '460a0bae50a14d6eb061725e5fe1da05', 'system': None}, Network: None, Subnet: None, Router: None
2024-08-08 23:55:29.370 61505 INFO tempest.lib.common.rest_client [req-d44eb29b-111c-43d3-8d5b-57b87f0b76c8 req-d44eb29b-111c-43d3-8d5b-57b87f0b76c8 ] Request (TenantUsagesTestJSON:tearDownClass): 204 DELETE http://10.180.1.21/identity/v3/projects/47a1cfeb4fc442d4a1047de0f3e7876e 0.076s
2024-08-08 23:55:29.418 61517 INFO tempest.lib.common.rest_client [req-ca931337-5308-405f-9eb3-e094cb6341f9 req-ca931337-5308-405f-9eb3-e094cb6341f9 ] Request (FlavorsExtraSpecsTestJSON:setUpClass): 201 POST http://10.180.1.21/identity/v3/auth/tokens 0.087s
2024-08-08 23:55:29.420 61531 INFO tempest.lib.common.rest_client [req-11186929-49d5-4401-87e3-65c8749dc4d0 req-11186929-49d5-4401-87e3-65c8749dc4d0 ] Request (ServersV294TestFqdnHostnames:setUpClass): 200 GET http://10.180.1.21/compute/v2.1/servers/34077b2f-3a18-492b-a5d2-a510ef18243e 1.372s
2024-08-08 23:55:29.430 61505 INFO tempest.lib.common.rest_client [req-d5cf9787-0a35-4244-88a8-974126ddc2e3 req-d5cf9787-0a35-4244-88a8-974126ddc2e3 ] Request (FloatingIPDetailsTestJSON:setUpClass): 201 POST http://10.180.1.21/identity/v3/auth/tokens 0.056s
2024-08-08 23:55:29.454 61495 INFO tempest.lib.common.rest_client [req-2e0451d3-4aef-4e3d-adbd-34c179e8e26d req-2e0451d3-4aef-4e3d-adbd-34c179e8e26d ] Request (ServerDiagnosticsTest:test_get_server_diagnostics): 404 GET http://10.180.1.21/compute/v2.1/servers/96b81f62-ecdd-4eae-b713-dc07d2086ffa 1.367s
2024-08-08 23:55:29.459 61517 INFO tempest.lib.common.rest_client [req-a073e7c7-a851-4f45-8df5-bf4b7950081b req-a073e7c7-a851-4f45-8df5-bf4b7950081b ] Request (FlavorsExtraSpecsTestJSON:setUpClass): 201 POST http://10.180.1.21/identity/v3/projects 0.040s
2024-08-08 23:55:29.512 61505 INFO tempest.lib.common.rest_client [req-8511f4cb-3838-4225-a265-60062f61e898 req-8511f4cb-3838-4225-a265-60062f61e898 ] Request (FloatingIPDetailsTestJSON:setUpClass): 201 POST http://10.180.1.21/identity/v3/auth/tokens 0.080s
2024-08-08 23:55:29.533 61517 INFO tempest.lib.common.rest_client [req-ca84f646-75da-450e-b21a-ef759b7bb1f6 req-ca84f646-75da-450e-b21a-ef759b7bb1f6 ] Request (FlavorsExtraSpecsTestJSON:setUpClass): 201 POST http://10.180.1.21/identity/v3/users 0.073s
2024-08-08 23:55:29.535 61542 INFO tempest.lib.common.rest_client [req-84c52621-7330-44bf-bcdf-34fc4c40dbb6 req-84c52621-7330-44bf-bcdf-34fc4c40dbb6 ] Request (MigrationsAdminTest:test_list_migrations_in_flavor_resize_situation): 200 GET http://10.180.1.21/compute/v2.1/servers/25692eab-bf65-47de-8863-48e203714c55 1.414s
2024-08-08 23:55:29.542 61542 INFO tempest.common.waiters [-] State transition "BUILD/spawning" ==> "ERROR/None" after 39 second wait
2024-08-08 23:55:29.567 61505 INFO tempest.lib.common.rest_client [req-df5f8528-ecce-4ecc-830b-30ccdeb334cc req-df5f8528-ecce-4ecc-830b-30ccdeb334cc ] Request (FloatingIPDetailsTestJSON:setUpClass): 200 GET http://10.180.1.21/identity/v3/domains?name=Default 0.055s
2024-08-08 23:55:29.584 61523 INFO tempest.lib.common.rest_client [req-29772d8f-dc22-4824-a777-740426fb6788 req-29772d8f-dc22-4824-a777-740426fb6788 ] Request (ServerActionsTestJSON:setUpClass): 201 POST http://10.180.1.21:9696/networking/v2.0/floatingips 0.586s
2024-08-08 23:55:29.591 61517 INFO tempest.lib.common.rest_client [req-0b0302d1-e0be-4fe1-ada0-0be851f68f97 req-0b0302d1-e0be-4fe1-ada0-0be851f68f97 ] Request (FlavorsExtraSpecsTestJSON:setUpClass): 200 GET http://10.180.1.21/identity/v3/roles 0.058s
2024-08-08 23:55:29.598 61544 INFO tempest.lib.common.rest_client [req-8bce9ce8-2ab2-4a2c-bd29-9d69d608b8f9 req-8bce9ce8-2ab2-4a2c-bd29-9d69d608b8f9 ] Request (ServersNegativeTestMultiTenantJSON:setUpClass): 202 POST http://10.180.1.21/compute/v2.1/servers 2.067s
2024-08-08 23:55:29.635 61529 INFO tempest.lib.common.rest_client [req-d6d615eb-b509-46f3-92a4-0e9df58827ba req-d6d615eb-b509-46f3-92a4-0e9df58827ba ] Request (SecurityGroupsNegativeTestJSON:setUpClass): 201 POST http://10.180.1.21:9696/networking/v2.0/routers 0.882s
2024-08-08 23:55:29.645 61495 INFO tempest.lib.common.rest_client [req-39e85ee7-24cf-4f7f-85cd-b9fb65b3993c req-39e85ee7-24cf-4f7f-85cd-b9fb65b3993c ] Request (ServerDiagnosticsTest:tearDownClass): 204 DELETE http://10.180.1.21/identity/v3/users/2116cdfdb40245d9aff75ae07203926e 0.137s
2024-08-08 23:55:29.680 61525 INFO tempest.lib.common.rest_client [req-059b3a60-de06-49ca-92ce-7cae3ec3fe72 req-059b3a60-de06-49ca-92ce-7cae3ec3fe72 ] Request (ServersAdmin275Test:test_rebuild_update_server_275): 200 GET http://10.180.1.21/compute/v2.1/servers/4ff59576-c94c-4fc3-8667-297d532db008 1.263s
2024-08-08 23:55:29.735 61501 INFO tempest.lib.common.rest_client [req-322facb6-330b-4fed-b93d-c3c25fcd84b6 req-322facb6-330b-4fed-b93d-c3c25fcd84b6 ] Request (ServerGroupTestJSON:test_create_server_with_scheduler_hint_group): 200 GET http://10.180.1.21/compute/v2.1/servers/d0124899-c4e5-4768-8c2d-de73790e2ab2 1.236s
2024-08-08 23:55:29.745 61505 INFO tempest.lib.common.rest_client [req-5414ab2f-4e77-47d4-947d-64dbc34ba265 req-5414ab2f-4e77-47d4-947d-64dbc34ba265 ] Request (FloatingIPDetailsTestJSON:setUpClass): 201 POST http://10.180.1.21/identity/v3/projects 0.177s
2024-08-08 23:55:29.790 61521 INFO tempest.lib.common.rest_client [req-634c26f2-0e29-4085-a228-11a4fc7edacb req-634c26f2-0e29-4085-a228-11a4fc7edacb ] Request (InstanceActionsV221TestJSON:test_get_list_deleted_instance_actions): 200 GET http://10.180.1.21/compute/v2.1/servers/49d41343-b29d-4b20-a8eb-d982499e733c 1.187s
2024-08-08 23:55:29.802 61497 INFO tempest.lib.common.rest_client [req-3fc5d50f-9064-49e5-a2af-cd3a73ff9685 req-3fc5d50f-9064-49e5-a2af-cd3a73ff9685 ] Request (AZV2TestJSON:test_get_availability_zone_list_with_non_admin_user): 200 GET http://10.180.1.21/compute/v2.1/os-availability-zone 1.418s
2024-08-08 23:55:29.805 61523 INFO tempest.lib.common.rest_client [req-e4253503-d501-4641-9874-0e52cc9b7922 req-e4253503-d501-4641-9874-0e52cc9b7922 ] Request (ServerActionsTestJSON:setUpClass): 201 POST http://10.180.1.21/identity/v3/auth/tokens 0.218s
2024-08-08 23:55:29.806 61523 INFO tempest.lib.common.fixed_network [-] (ServerActionsTestJSON:setUpClass) Found network {'id': '039642c0-803a-4476-8bb8-54cfc89a7bf4', 'name': 'tempest-ServerActionsTestJSON-1955136211-network', 'tenant_id': '0fe1ef8fc5bb4f258dcf870b85f52fb3', 'admin_state_up': True, 'mtu': 8950, 'status': 'ACTIVE', 'subnets': [], 'shared': False, 'project_id': '0fe1ef8fc5bb4f258dcf870b85f52fb3', 'port_security_enabled': True, 'router:external': False, 'provider:network_type': 'vlan', 'provider:physical_network': 'default', 'provider:segmentation_id': 646, 'is_default': False, 'availability_zone_hints': [], 'availability_zones': [], 'ipv4_address_scope': None, 'ipv6_address_scope': None, 'description': '', 'tags': [], 'created_at': '2024-08-08T23:55:19Z', 'updated_at': '2024-08-08T23:55:20Z', 'revision_number': 1} available for tenant
2024-08-08 23:55:29.834 61550 INFO tempest.lib.common.rest_client [req-8453f933-f058-4ea7-b89e-9b7afae29d29 req-8453f933-f058-4ea7-b89e-9b7afae29d29 ] Request (ImagesOneServerTestJSON:setUpClass): 200 GET http://10.180.1.21/compute/v2.1/servers/47972586-e9ab-4cf9-b229-a013fe76867f 1.137s
2024-08-08 23:55:29.837 61517 INFO tempest.lib.common.rest_client [req-22c38f84-fa23-4581-b2ac-be171d32b1e6 req-22c38f84-fa23-4581-b2ac-be171d32b1e6 ] Request (FlavorsExtraSpecsTestJSON:setUpClass): 204 PUT http://10.180.1.21/identity/v3/projects/c5584e6b76e54a5b9fc9066c87861a8c/users/65fe8d67c42547a78a0b28acefaf0690/roles/0a2df99608a14cf0aed4e6a15a5fff91 0.245s
2024-08-08 23:55:29.840 61550 INFO tempest.common.waiters [-] State transition "BUILD/spawning" ==> "BUILD/scheduling" after 31 second wait
2024-08-08 23:55:29.853 61508 INFO tempest.lib.common.rest_client [req-66a11536-45c3-4527-a5c5-ea33745657d2 req-66a11536-45c3-4527-a5c5-ea33745657d2 ] Request (SecurityGroupsTestJSON:test_security_groups_create_list_delete): 404 GET http://10.180.1.21/compute/v2.1/os-security-groups/48ac4065-a024-4800-9818-9f88a5bfc8d5 1.098s
