2024-08-08 23:54:52.900 61523 INFO tempest.lib.common.rest_client [req-f260915d-dadf-4582-b189-feea62aabc02 req-f260915d-dadf-4582-b189-feea62aabc02 ] Request (FlavorsV261TestJSON:tearDownClass): 201 POST http://10.180.1.21/identity/v3/auth/tokens 0.178s
2024-08-08 23:54:52.930 61531 INFO tempest.lib.common.rest_client [req-26acd6fe-c706-411d-b86d-2c7d187dc58d req-26acd6fe-c706-411d-b86d-2c7d187dc58d ] Request (QuotasAdminTestJSON:_run_cleanups): 204 DELETE http://10.180.1.21/identity/v3/projects/c86b7214086144e28a3899c36c603b37 0.279s
2024-08-08 23:54:52.997 61555 INFO tempest.lib.common.rest_client [req-ea3f5ec1-e8e6-44cc-bdee-e1ec92391da4 req-ea3f5ec1-e8e6-44cc-bdee-e1ec92391da4 ] Request (HypervisorAdminV253TestBase:tearDownClass): 204 DELETE http://10.180.1.21/identity/v3/projects/c0d7cc1276a44975adafaadd2522e344 0.270s
2024-08-08 23:54:52.997 61555 INFO tempest.lib.common.dynamic_creds [-] Deleting project and security group for project: 6c72769782234ece97ca71e923f2e0c1
2024-08-08 23:54:53.024 61552 INFO tempest.lib.common.rest_client [req-29c3223f-109e-4c9d-a265-65bde2f228fa req-29c3223f-109e-4c9d-a265-65bde2f228fa ] Request (InstanceUsageAuditLogNegativeTestJSON:tearDownClass): 204 DELETE http://10.180.1.21/identity/v3/projects/a2c59d5404634c93a5a178e450e73400 0.227s
2024-08-08 23:54:53.024 61552 INFO tempest.lib.common.dynamic_creds [-] Deleting project and security group for project: 03333803743b4fcea9e2144e59c6d20c
2024-08-08 23:54:53.042 61521 INFO tempest.lib.common.rest_client [req-2821e7ac-d7f8-4490-bbab-7010be746d75 req-2821e7ac-d7f8-4490-bbab-7010be746d75 ] Request (TenantUsagesNegativeTestJSON:tearDownClass): 204 DELETE http://10.180.1.21:9696/networking/v2.0/security-groups/a6a6e022-35fd-4e6b-b251-1b15ede3eb3d 0.662s
2024-08-08 23:54:53.090 61525 INFO tempest.lib.common.rest_client [req-13a58ca2-4c18-4578-bf56-2c05b0e372f9 req-13a58ca2-4c18-4578-bf56-2c05b0e372f9 ] Request (HypervisorAdminUnderV252Test:setUpClass): 200 GET http://10.180.1.21/identity/v3/roles 0.246s
2024-08-08 23:54:53.145 61515 INFO tempest.lib.common.rest_client [req-40f64981-5300-4854-9579-900e9dccf80a req-40f64981-5300-4854-9579-900e9dccf80a ] Request (FlavorsAccessNegativeTestJSON:_run_cleanups): 200 POST http://10.180.1.21/compute/v2.1/flavors/650175183/action 1.439s
2024-08-08 23:54:53.178 61493 INFO tempest.lib.common.rest_client [req-d959407a-73f1-402f-81ab-464517271c9a req-d959407a-73f1-402f-81ab-464517271c9a ] Request (ServersAdminTestJSON:setUpClass): 200 PUT http://10.180.1.21:9696/networking/v2.0/routers/cfb8472b-b623-4cd3-8bca-1a4078fcdb51/add_router_interface 4.459s
2024-08-08 23:54:53.178 61493 INFO tempest.lib.common.dynamic_creds [-] Created isolated network resources for: credentials: Credentials: {'domain_id': 'default', 'domain_name': 'Default', 'username': 'tempest-ServersAdminTestJSON-1735129449-project-admin', 'project_domain_id': 'default', 'project_domain_name': 'Default', 'project_id': '2ccb37da0a9249eaa8291fd3ab839dd9', 'project_name': 'tempest-ServersAdminTestJSON-1735129449', 'tenant_id': '2ccb37da0a9249eaa8291fd3ab839dd9', 'tenant_name': 'tempest-ServersAdminTestJSON-1735129449', 'user_domain_id': 'default', 'user_domain_name': 'Default', 'user_id': '740156d7dc654d9192dbd722e4fb8ee3', 'system': None}, Network: {'id': '527327b3-0113-46d3-8879-dc705ef5e26c', 'name': 'tempest-ServersAdminTestJSON-517488474-network', 'tenant_id': '2ccb37da0a9249eaa8291fd3ab839dd9', 'admin_state_up': True, 'mtu': 8950, 'status': 'ACTIVE', 'subnets': [], 'shared': False, 'project_id': '2ccb37da0a9249eaa8291fd3ab839dd9', 'port_security_enabled': True, 'router:external': False, 'provider:network_type': 'vlan', 'provider:physical_network': 'default', 'provider:segmentation_id': 362, 'is_default': False, 'availability_zone_hints': [], 'availability_zones': [], 'ipv4_address_scope': None, 'ipv6_address_scope': None, 'description': '', 'tags': [], 'created_at': '2024-08-08T23:54:45Z', 'updated_at': '2024-08-08T23:54:45Z', 'revision_number': 1}, Subnet: {'id': '6062fb0e-96f8-4068-873f-9da2481737f3', 'name': 'tempest-ServersAdminTestJSON-517488474-subnet', 'tenant_id': '2ccb37da0a9249eaa8291fd3ab839dd9', 'network_id': '527327b3-0113-46d3-8879-dc705ef5e26c', 'ip_version': 4, 'subnetpool_id': None, 'enable_dhcp': True, 'ipv6_ra_mode': None, 'ipv6_address_mode': None, 'gateway_ip': '192.168.128.1', 'cidr': '192.168.128.0/28', 'allocation_pools': [{'start': '192.168.128.2', 'end': '192.168.128.14'}], 'host_routes': [], 'dns_nameservers': [], 'description': '', 'router:external': False, 'service_types': [], 'tags': [], 'created_at': '2024-08-08T23:54:46Z', 'updated_at': '2024-08-08T23:54:46Z', 'revision_number': 0, 'project_id': '2ccb37da0a9249eaa8291fd3ab839dd9'}, Router: {'id': 'cfb8472b-b623-4cd3-8bca-1a4078fcdb51', 'name': 'tempest-ServersAdminTestJSON-517488474-router', 'tenant_id': '2ccb37da0a9249eaa8291fd3ab839dd9', 'admin_state_up': True, 'status': 'ACTIVE', 'external_gateway_info': {'network_id': '1466f382-c842-412e-a955-772897209c27', 'external_fixed_ips': [{'subnet_id': 'a7665026-ab60-471b-a6fe-1b03be0fe7ef', 'ip_address': '10.180.180.221'}], 'enable_snat': True}, 'description': '', 'availability_zones': [], 'distributed': False, 'ha': False, 'availability_zone_hints': [], 'routes': [], 'flavor_id': None, 'tags': [], 'created_at': '2024-08-08T23:54:46Z', 'updated_at': '2024-08-08T23:54:47Z', 'revision_number': 2, 'project_id': '2ccb37da0a9249eaa8291fd3ab839dd9'}
2024-08-08 23:54:53.191 61555 INFO tempest.lib.common.rest_client [req-174df4f5-d7dc-4ba3-8350-01bbfe62ce03 req-174df4f5-d7dc-4ba3-8350-01bbfe62ce03 ] Request (HypervisorAdminV253TestBase:tearDownClass): 200 GET http://10.180.1.21:9696/networking/v2.0/security-groups?tenant_id=6c72769782234ece97ca71e923f2e0c1&name=default 0.194s
2024-08-08 23:54:53.230 61525 INFO tempest.lib.common.rest_client [req-3b0cf039-a8b7-4440-a46b-ec8bb565c04e req-3b0cf039-a8b7-4440-a46b-ec8bb565c04e ] Request (HypervisorAdminUnderV252Test:setUpClass): 204 PUT http://10.180.1.21/identity/v3/projects/43959d11ed7f4136a86fb42e4a32d2e5/users/30864c888a404be3a80b814b7a59b16d/roles/0a2df99608a14cf0aed4e6a15a5fff91 0.139s
2024-08-08 23:54:53.238 61521 INFO tempest.lib.common.rest_client [req-b740e366-8cad-4bbf-bfe8-4ddb5cfdea88 req-b740e366-8cad-4bbf-bfe8-4ddb5cfdea88 ] Request (TenantUsagesNegativeTestJSON:tearDownClass): 204 DELETE http://10.180.1.21/identity/v3/projects/04083abb16bf432c9923d69b4a5ac00a 0.196s
2024-08-08 23:54:53.238 61521 INFO tempest.lib.common.dynamic_creds [-] Deleting project and security group for project: 889408b0cc924014afab59337756915e
2024-08-08 23:54:53.297 61493 INFO tempest.lib.common.rest_client [req-4d16536c-6ed0-43e5-bddb-2dc1866adcdb req-4d16536c-6ed0-43e5-bddb-2dc1866adcdb ] Request (ServersAdminTestJSON:setUpClass): 201 POST http://10.180.1.21/identity/v3/auth/tokens 0.116s
2024-08-08 23:54:53.371 61525 INFO tempest.lib.common.rest_client [req-4c8523c6-cc5a-4ddc-a32f-2c7886241488 req-4c8523c6-cc5a-4ddc-a32f-2c7886241488 ] Request (HypervisorAdminUnderV252Test:setUpClass): 200 GET http://10.180.1.21/identity/v3/roles 0.140s
2024-08-08 23:54:53.376 61493 INFO tempest.lib.common.rest_client [req-6162c079-cf7a-4907-8cd9-bd3a525476e4 req-6162c079-cf7a-4907-8cd9-bd3a525476e4 ] Request (ServersAdminTestJSON:setUpClass): 201 POST http://10.180.1.21/identity/v3/auth/tokens 0.075s
2024-08-08 23:54:53.377 61493 INFO tempest.lib.common.fixed_network [-] (ServersAdminTestJSON:setUpClass) Found network {'id': '41027384-5233-4ded-a3d1-9e920939b405', 'name': 'tempest-ServersAdminTestJSON-2142247973-network', 'tenant_id': '5d37d33b156141759d9e0c9ef4bce6f0', 'admin_state_up': True, 'mtu': 8950, 'status': 'ACTIVE', 'subnets': [], 'shared': False, 'project_id': '5d37d33b156141759d9e0c9ef4bce6f0', 'port_security_enabled': True, 'router:external': False, 'provider:network_type': 'vlan', 'provider:physical_network': 'default', 'provider:segmentation_id': 595, 'is_default': False, 'availability_zone_hints': [], 'availability_zones': [], 'ipv4_address_scope': None, 'ipv6_address_scope': None, 'description': '', 'tags': [], 'created_at': '2024-08-08T23:54:40Z', 'updated_at': '2024-08-08T23:54:40Z', 'revision_number': 1} available for tenant
2024-08-08 23:54:53.395 61525 INFO tempest.lib.common.rest_client [req-b8c5bd80-42ef-4ce4-9b82-4e3df42249a0 req-b8c5bd80-42ef-4ce4-9b82-4e3df42249a0 ] Request (HypervisorAdminUnderV252Test:setUpClass): 204 PUT http://10.180.1.21/identity/v3/projects/43959d11ed7f4136a86fb42e4a32d2e5/users/30864c888a404be3a80b814b7a59b16d/roles/0a2df99608a14cf0aed4e6a15a5fff91 0.024s
2024-08-08 23:54:53.395 61525 INFO tempest.lib.common.dynamic_creds [-] Dynamic test user 30864c888a404be3a80b814b7a59b16d is created with scope project and roles: ['admin']
2024-08-08 23:54:53.396 61525 INFO tempest.lib.common.dynamic_creds [-] Acquired dynamic creds: credentials: Credentials: {'domain_id': 'default', 'domain_name': 'Default', 'username': 'tempest-HypervisorAdminUnderV252Test-129272733-project-admin', 'project_domain_id': 'default', 'project_domain_name': 'Default', 'project_id': '43959d11ed7f4136a86fb42e4a32d2e5', 'project_name': 'tempest-HypervisorAdminUnderV252Test-129272733', 'tenant_id': '43959d11ed7f4136a86fb42e4a32d2e5', 'tenant_name': 'tempest-HypervisorAdminUnderV252Test-129272733', 'user_domain_id': 'default', 'user_domain_name': 'Default', 'user_id': '30864c888a404be3a80b814b7a59b16d', 'system': None}, Network: None, Subnet: None, Router: None
2024-08-08 23:54:53.396 61525 INFO tempest.lib.common.dynamic_creds [-] Created isolated network resources for: credentials: Credentials: {'domain_id': 'default', 'domain_name': 'Default', 'username': 'tempest-HypervisorAdminUnderV252Test-129272733-project-admin', 'project_domain_id': 'default', 'project_domain_name': 'Default', 'project_id': '43959d11ed7f4136a86fb42e4a32d2e5', 'project_name': 'tempest-HypervisorAdminUnderV252Test-129272733', 'tenant_id': '43959d11ed7f4136a86fb42e4a32d2e5', 'tenant_name': 'tempest-HypervisorAdminUnderV252Test-129272733', 'user_domain_id': 'default', 'user_domain_name': 'Default', 'user_id': '30864c888a404be3a80b814b7a59b16d', 'system': None}, Network: None, Subnet: None, Router: None
2024-08-08 23:54:53.456 61501 INFO tempest.lib.common.rest_client [req-3a9440dd-6ff5-438e-b995-f7fdf1f7ceb7 req-3a9440dd-6ff5-438e-b995-f7fdf1f7ceb7 ] Request (ServerGroupTestJSON:setUpClass): 201 POST http://10.180.1.21:9696/networking/v2.0/subnets 1.335s
2024-08-08 23:54:53.472 61555 INFO tempest.lib.common.rest_client [req-d9185007-0c0d-4602-beec-9a543463dd26 req-d9185007-0c0d-4602-beec-9a543463dd26 ] Request (HypervisorAdminV253TestBase:tearDownClass): 204 DELETE http://10.180.1.21:9696/networking/v2.0/security-groups/232a14b3-a04d-41b9-91f2-4b7d8928f2c6 0.281s
2024-08-08 23:54:53.533 61525 INFO tempest.lib.common.rest_client [req-e94e7ff8-1359-49ca-b3ed-480ce10c038e req-e94e7ff8-1359-49ca-b3ed-480ce10c038e ] Request (HypervisorAdminUnderV252Test:setUpClass): 201 POST http://10.180.1.21/identity/v3/auth/tokens 0.134s
2024-08-08 23:54:53.555 61541 INFO tempest.lib.common.rest_client [req-f917f187-f573-4702-b6cf-17794daf74b1 req-f917f187-f573-4702-b6cf-17794daf74b1 ] Request (FlavorMetadataValidation:tearDownClass): 200 GET http://10.180.1.21:9696/networking/v2.0/security-groups?tenant_id=3104dc64730f4956bda3d305f9bbe9aa&name=default 1.015s
2024-08-08 23:54:53.621 61552 INFO tempest.lib.common.rest_client [req-dfe0c987-2dd5-4873-83dd-61ef9a7480b4 req-dfe0c987-2dd5-4873-83dd-61ef9a7480b4 ] Request (InstanceUsageAuditLogNegativeTestJSON:tearDownClass): 200 GET http://10.180.1.21:9696/networking/v2.0/security-groups?tenant_id=03333803743b4fcea9e2144e59c6d20c&name=default 0.597s
2024-08-08 23:54:53.653 61555 INFO tempest.lib.common.rest_client [req-9b23068f-69e4-4278-813c-6d2cbfa0758c req-9b23068f-69e4-4278-813c-6d2cbfa0758c ] Request (HypervisorAdminV253TestBase:tearDownClass): 204 DELETE http://10.180.1.21/identity/v3/projects/6c72769782234ece97ca71e923f2e0c1 0.180s
2024-08-08 23:54:53.717 61555 INFO tempest.lib.common.rest_client [req-6bcc1c32-a77a-45fc-89b3-32a71cc3bfcc req-6bcc1c32-a77a-45fc-89b3-32a71cc3bfcc ] Request (QuotasSecurityGroupAdminNegativeTest:setUpClass): 201 POST http://10.180.1.21/identity/v3/auth/tokens 0.062s
2024-08-08 23:54:53.734 61523 INFO tempest.lib.common.rest_client [req-67d67582-97f9-4780-b0f0-9c27fe9503cf req-67d67582-97f9-4780-b0f0-9c27fe9503cf ] Request (FlavorsV261TestJSON:tearDownClass): 200 GET http://10.180.1.21:9696/networking/v2.0/security-groups?tenant_id=84b8674bece4470c8f58ac1ed9bf19ad&name=default 0.834s
2024-08-08 23:54:53.740 61538 INFO tempest.lib.common.rest_client [req-45844023-e963-4b66-8e26-793f0b658be4 req-45844023-e963-4b66-8e26-793f0b658be4 ] Request (ServerActionsV293TestJSON:setUpClass): 200 GET http://10.180.1.21/volume/v3/4dbcf893da65412fb00eb9e497d082f8/volumes/5ed9501e-a4cf-42ba-9333-7f52172bd32c 0.028s
2024-08-08 23:54:53.751 61555 INFO tempest.lib.common.rest_client [req-4e7c3933-befa-487b-a521-f41818890bd2 req-4e7c3933-befa-487b-a521-f41818890bd2 ] Request (QuotasSecurityGroupAdminNegativeTest:setUpClass): 201 POST http://10.180.1.21/identity/v3/auth/tokens 0.033s
2024-08-08 23:54:53.769 61521 INFO tempest.lib.common.rest_client [req-fcd440bd-65af-4f1f-b30e-62fd3efd6a96 req-fcd440bd-65af-4f1f-b30e-62fd3efd6a96 ] Request (TenantUsagesNegativeTestJSON:tearDownClass): 200 GET http://10.180.1.21:9696/networking/v2.0/security-groups?tenant_id=889408b0cc924014afab59337756915e&name=default 0.530s
2024-08-08 23:54:53.787 61555 INFO tempest.lib.common.rest_client [req-6a77636d-4c7d-450e-85e5-372f367e9e82 req-6a77636d-4c7d-450e-85e5-372f367e9e82 ] Request (QuotasSecurityGroupAdminNegativeTest:setUpClass): 200 GET http://10.180.1.21/identity/v3/domains?name=Default 0.035s
2024-08-08 23:54:53.822 61555 INFO tempest.lib.common.rest_client [req-9b731b15-7526-4cab-a5bf-5fe031437581 req-9b731b15-7526-4cab-a5bf-5fe031437581 ] Request (QuotasSecurityGroupAdminNegativeTest:setUpClass): 201 POST http://10.180.1.21/identity/v3/projects 0.035s
2024-08-08 23:54:53.884 61555 INFO tempest.lib.common.rest_client [req-8af52443-d2e1-4960-83b1-3dbcaf042eba req-8af52443-d2e1-4960-83b1-3dbcaf042eba ] Request (QuotasSecurityGroupAdminNegativeTest:setUpClass): 201 POST http://10.180.1.21/identity/v3/users 0.061s
2024-08-08 23:54:53.904 61555 INFO tempest.lib.common.rest_client [req-fa0a219a-6194-4082-8c58-95edc5e61e76 req-fa0a219a-6194-4082-8c58-95edc5e61e76 ] Request (QuotasSecurityGroupAdminNegativeTest:setUpClass): 200 GET http://10.180.1.21/identity/v3/roles 0.019s
2024-08-08 23:54:53.934 61555 INFO tempest.lib.common.rest_client [req-05e66ded-2fc9-490e-ba47-f70be76ff10f req-05e66ded-2fc9-490e-ba47-f70be76ff10f ] Request (QuotasSecurityGroupAdminNegativeTest:setUpClass): 204 PUT http://10.180.1.21/identity/v3/projects/732cd7109e1b48c6a63072e2d8782318/users/854bd241b67d4ff19e02433f1b0e0559/roles/9e41efe1a9ee46e5b70e760c5a98224e 0.030s
2024-08-08 23:54:53.934 61555 INFO tempest.lib.common.dynamic_creds [-] Dynamic test user 854bd241b67d4ff19e02433f1b0e0559 is created with scope project and roles: ['member']
2024-08-08 23:54:53.935 61555 INFO tempest.lib.common.dynamic_creds [-] Acquired dynamic creds: credentials: Credentials: {'domain_id': 'default', 'domain_name': 'Default', 'username': 'tempest-QuotasSecurityGroupAdminNegativeTest-750526058-project-member', 'project_domain_id': 'default', 'project_domain_name': 'Default', 'project_id': '732cd7109e1b48c6a63072e2d8782318', 'project_name': 'tempest-QuotasSecurityGroupAdminNegativeTest-750526058', 'tenant_id': '732cd7109e1b48c6a63072e2d8782318', 'tenant_name': 'tempest-QuotasSecurityGroupAdminNegativeTest-750526058', 'user_domain_id': 'default', 'user_domain_name': 'Default', 'user_id': '854bd241b67d4ff19e02433f1b0e0559', 'system': None}, Network: None, Subnet: None, Router: None
2024-08-08 23:54:53.935 61555 INFO tempest.lib.common.dynamic_creds [-] Created isolated network resources for: credentials: Credentials: {'domain_id': 'default', 'domain_name': 'Default', 'username': 'tempest-QuotasSecurityGroupAdminNegativeTest-750526058-project-member', 'project_domain_id': 'default', 'project_domain_name': 'Default', 'project_id': '732cd7109e1b48c6a63072e2d8782318', 'project_name': 'tempest-QuotasSecurityGroupAdminNegativeTest-750526058', 'tenant_id': '732cd7109e1b48c6a63072e2d8782318', 'tenant_name': 'tempest-QuotasSecurityGroupAdminNegativeTest-750526058', 'user_domain_id': 'default', 'user_domain_name': 'Default', 'user_id': '854bd241b67d4ff19e02433f1b0e0559', 'system': None}, Network: None, Subnet: None, Router: None
2024-08-08 23:54:54.051 61555 INFO tempest.lib.common.rest_client [req-c2f9fc3f-aaa9-4390-b808-713923ff5186 req-c2f9fc3f-aaa9-4390-b808-713923ff5186 ] Request (QuotasSecurityGroupAdminNegativeTest:setUpClass): 201 POST http://10.180.1.21/identity/v3/auth/tokens 0.069s
2024-08-08 23:54:54.065 61529 INFO tempest.lib.common.rest_client [req-d1baed6a-a079-471a-946b-9e515ad0131e req-d1baed6a-a079-471a-946b-9e515ad0131e ] Request (SecurityGroupRulesNegativeTestJSON:setUpClass): 200 PUT http://10.180.1.21:9696/networking/v2.0/routers/de675edf-ebbc-491d-9050-c4e3110ed1c9/add_router_interface 3.049s
2024-08-08 23:54:54.066 61529 INFO tempest.lib.common.dynamic_creds [-] Created isolated network resources for: credentials: Credentials: {'domain_id': 'default', 'domain_name': 'Default', 'username': 'tempest-SecurityGroupRulesNegativeTestJSON-507033875-project-member', 'project_domain_id': 'default', 'project_domain_name': 'Default', 'project_id': '160b5aae968749c7a28b8ae7a8177ffa', 'project_name': 'tempest-SecurityGroupRulesNegativeTestJSON-507033875', 'tenant_id': '160b5aae968749c7a28b8ae7a8177ffa', 'tenant_name': 'tempest-SecurityGroupRulesNegativeTestJSON-507033875', 'user_domain_id': 'default', 'user_domain_name': 'Default', 'user_id': 'af255f58c05c4670b0a3cff07e9a0e35', 'system': None}, Network: {'id': '1f13a27f-d167-4367-90f3-f087470c0e16', 'name': 'tempest-SecurityGroupRulesNegativeTestJSON-432153690-network', 'tenant_id': '160b5aae968749c7a28b8ae7a8177ffa', 'admin_state_up': True, 'mtu': 8950, 'status': 'ACTIVE', 'subnets': [], 'shared': False, 'project_id': '160b5aae968749c7a28b8ae7a8177ffa', 'port_security_enabled': True, 'router:external': False, 'provider:network_type': 'vlan', 'provider:physical_network': 'default', 'provider:segmentation_id': 271, 'is_default': False, 'availability_zone_hints': [], 'availability_zones': [], 'ipv4_address_scope': None, 'ipv6_address_scope': None, 'description': '', 'tags': [], 'created_at': '2024-08-08T23:54:47Z', 'updated_at': '2024-08-08T23:54:47Z', 'revision_number': 1}, Subnet: {'id': 'f60458a9-9741-4531-9861-830fc5dac2f2', 'name': 'tempest-SecurityGroupRulesNegativeTestJSON-432153690-subnet', 'tenant_id': '160b5aae968749c7a28b8ae7a8177ffa', 'network_id': '1f13a27f-d167-4367-90f3-f087470c0e16', 'ip_version': 4, 'subnetpool_id': None, 'enable_dhcp': True, 'ipv6_ra_mode': None, 'ipv6_address_mode': None, 'gateway_ip': '192.168.128.1', 'cidr': '192.168.128.0/28', 'allocation_pools': [{'start': '192.168.128.2', 'end': '192.168.128.14'}], 'host_routes': [], 'dns_nameservers': [], 'description': '', 'router:external': False, 'service_types': [], 'tags': [], 'created_at': '2024-08-08T23:54:47Z', 'updated_at': '2024-08-08T23:54:47Z', 'revision_number': 0, 'project_id': '160b5aae968749c7a28b8ae7a8177ffa'}, Router: {'id': 'de675edf-ebbc-491d-9050-c4e3110ed1c9', 'name': 'tempest-SecurityGroupRulesNegativeTestJSON-432153690-router', 'tenant_id': '160b5aae968749c7a28b8ae7a8177ffa', 'admin_state_up': True, 'status': 'ACTIVE', 'external_gateway_info': {'network_id': '1466f382-c842-412e-a955-772897209c27', 'external_fixed_ips': [{'subnet_id': 'a7665026-ab60-471b-a6fe-1b03be0fe7ef', 'ip_address': '10.180.180.139'}], 'enable_snat': True}, 'description': '', 'availability_zones': [], 'distributed': False, 'ha': False, 'availability_zone_hints': [], 'routes': [], 'flavor_id': None, 'tags': [], 'created_at': '2024-08-08T23:54:48Z', 'updated_at': '2024-08-08T23:54:49Z', 'revision_number': 2, 'project_id': '160b5aae968749c7a28b8ae7a8177ffa'}
2024-08-08 23:54:54.112 61552 INFO tempest.lib.common.rest_client [req-dc83de61-0592-4e80-8509-e7ea093561e0 req-dc83de61-0592-4e80-8509-e7ea093561e0 ] Request (InstanceUsageAuditLogNegativeTestJSON:tearDownClass): 204 DELETE http://10.180.1.21:9696/networking/v2.0/security-groups/75da0dd7-521a-47b1-8d2e-937b4394181f 0.490s
2024-08-08 23:54:54.156 61555 INFO tempest.lib.common.rest_client [req-42e94913-e4f9-4995-9510-ea2c31def453 req-42e94913-e4f9-4995-9510-ea2c31def453 ] Request (QuotasSecurityGroupAdminNegativeTest:setUpClass): 201 POST http://10.180.1.21/identity/v3/projects 0.104s
2024-08-08 23:54:54.194 61552 INFO tempest.lib.common.rest_client [req-ca360450-47cd-42de-96b6-52d0eae3ca53 req-ca360450-47cd-42de-96b6-52d0eae3ca53 ] Request (InstanceUsageAuditLogNegativeTestJSON:tearDownClass): 204 DELETE http://10.180.1.21/identity/v3/projects/03333803743b4fcea9e2144e59c6d20c 0.081s
2024-08-08 23:54:54.229 61529 INFO tempest.lib.common.rest_client [req-01d3225d-3cf8-4e13-8f7a-fc004e327757 req-01d3225d-3cf8-4e13-8f7a-fc004e327757 ] Request (SecurityGroupRulesNegativeTestJSON:setUpClass): 201 POST http://10.180.1.21/identity/v3/auth/tokens 0.104s
2024-08-08 23:54:54.257 61555 INFO tempest.lib.common.rest_client [req-9024ad22-22b5-401f-97c9-efb176537849 req-9024ad22-22b5-401f-97c9-efb176537849 ] Request (QuotasSecurityGroupAdminNegativeTest:setUpClass): 201 POST http://10.180.1.21/identity/v3/users 0.100s
2024-08-08 23:54:54.261 61552 INFO tempest.lib.common.rest_client [req-3b7421dd-cab4-42d3-93e6-f9b5deff64cb req-3b7421dd-cab4-42d3-93e6-f9b5deff64cb ] Request (ServerDiagnosticsV248Test:setUpClass): 201 POST http://10.180.1.21/identity/v3/auth/tokens 0.065s
2024-08-08 23:54:54.275 61555 INFO tempest.lib.common.rest_client [req-4ca0194c-99e7-4236-882a-2a7e70fa8c67 req-4ca0194c-99e7-4236-882a-2a7e70fa8c67 ] Request (QuotasSecurityGroupAdminNegativeTest:setUpClass): 200 GET http://10.180.1.21/identity/v3/roles 0.018s
2024-08-08 23:54:54.305 61552 INFO tempest.lib.common.rest_client [req-d8732f2d-4695-431c-a34a-a695cfb6d5d3 req-d8732f2d-4695-431c-a34a-a695cfb6d5d3 ] Request (ServerDiagnosticsV248Test:setUpClass): 201 POST http://10.180.1.21/identity/v3/auth/tokens 0.042s
2024-08-08 23:54:54.319 61555 INFO tempest.lib.common.rest_client [req-91911ec3-7954-41fc-94fd-44fd4eb98498 req-91911ec3-7954-41fc-94fd-44fd4eb98498 ] Request (QuotasSecurityGroupAdminNegativeTest:setUpClass): 204 PUT http://10.180.1.21/identity/v3/projects/c6cab04794664891b6b693f52d5c4ca4/users/d68fff49688048c5be2bed3351092299/roles/0a2df99608a14cf0aed4e6a15a5fff91 0.043s
2024-08-08 23:54:54.333 61550 INFO tempest.lib.common.rest_client [req-b459e36a-7b93-46fb-a9f0-479860ecbbc1 req-b459e36a-7b93-46fb-a9f0-479860ecbbc1 ] Request (ImagesOneServerTestJSON:setUpClass): 202 POST http://10.180.1.21/compute/v2.1/servers 2.342s
2024-08-08 23:54:54.383 61555 INFO tempest.lib.common.rest_client [req-b85c8673-6957-4c77-91a7-4c990737ce04 req-b85c8673-6957-4c77-91a7-4c990737ce04 ] Request (QuotasSecurityGroupAdminNegativeTest:setUpClass): 200 GET http://10.180.1.21/identity/v3/roles 0.064s
2024-08-08 23:54:54.386 61552 INFO tempest.lib.common.rest_client [req-6a171472-02dd-44f9-bd55-9499d9b702fd req-6a171472-02dd-44f9-bd55-9499d9b702fd ] Request (ServerDiagnosticsV248Test:setUpClass): 200 GET http://10.180.1.21/identity/v3/domains?name=Default 0.081s
2024-08-08 23:54:54.390 61541 INFO tempest.lib.common.rest_client [req-4857a98d-75f7-405b-ab38-f3fc3b3aa2db req-4857a98d-75f7-405b-ab38-f3fc3b3aa2db ] Request (FlavorMetadataValidation:tearDownClass): 204 DELETE http://10.180.1.21:9696/networking/v2.0/security-groups/61671f1d-8bea-4ea2-b245-110f9f727dbe 0.835s
2024-08-08 23:54:54.407 61555 INFO tempest.lib.common.rest_client [req-69817260-dba6-4c0e-8c09-82d7ea51f251 req-69817260-dba6-4c0e-8c09-82d7ea51f251 ] Request (QuotasSecurityGroupAdminNegativeTest:setUpClass): 204 PUT http://10.180.1.21/identity/v3/projects/c6cab04794664891b6b693f52d5c4ca4/users/d68fff49688048c5be2bed3351092299/roles/0a2df99608a14cf0aed4e6a15a5fff91 0.024s
2024-08-08 23:54:54.407 61555 INFO tempest.lib.common.dynamic_creds [-] Dynamic test user d68fff49688048c5be2bed3351092299 is created with scope project and roles: ['admin']
2024-08-08 23:54:54.408 61555 INFO tempest.lib.common.dynamic_creds [-] Acquired dynamic creds: credentials: Credentials: {'domain_id': 'default', 'domain_name': 'Default', 'username': 'tempest-QuotasSecurityGroupAdminNegativeTest-1363674445-project-admin', 'project_domain_id': 'default', 'project_domain_name': 'Default', 'project_id': 'c6cab04794664891b6b693f52d5c4ca4', 'project_name': 'tempest-QuotasSecurityGroupAdminNegativeTest-1363674445', 'tenant_id': 'c6cab04794664891b6b693f52d5c4ca4', 'tenant_name': 'tempest-QuotasSecurityGroupAdminNegativeTest-1363674445', 'user_domain_id': 'default', 'user_domain_name': 'Default', 'user_id': 'd68fff49688048c5be2bed3351092299', 'system': None}, Network: None, Subnet: None, Router: None
2024-08-08 23:54:54.408 61555 INFO tempest.lib.common.dynamic_creds [-] Created isolated network resources for: credentials: Credentials: {'domain_id': 'default', 'domain_name': 'Default', 'username': 'tempest-QuotasSecurityGroupAdminNegativeTest-1363674445-project-admin', 'project_domain_id': 'default', 'project_domain_name': 'Default', 'project_id': 'c6cab04794664891b6b693f52d5c4ca4', 'project_name': 'tempest-QuotasSecurityGroupAdminNegativeTest-1363674445', 'tenant_id': 'c6cab04794664891b6b693f52d5c4ca4', 'tenant_name': 'tempest-QuotasSecurityGroupAdminNegativeTest-1363674445', 'user_domain_id': 'default', 'user_domain_name': 'Default', 'user_id': 'd68fff49688048c5be2bed3351092299', 'system': None}, Network: None, Subnet: None, Router: None
2024-08-08 23:54:54.439 61552 INFO tempest.lib.common.rest_client [req-5ec54cca-bfc3-446c-b9da-7da04b06b493 req-5ec54cca-bfc3-446c-b9da-7da04b06b493 ] Request (ServerDiagnosticsV248Test:setUpClass): 201 POST http://10.180.1.21/identity/v3/projects 0.052s
2024-08-08 23:54:54.474 61523 INFO tempest.lib.common.rest_client [req-3133ee4d-1879-4fe4-af5e-87441905896a req-3133ee4d-1879-4fe4-af5e-87441905896a ] Request (FlavorsV261TestJSON:tearDownClass): 204 DELETE http://10.180.1.21:9696/networking/v2.0/security-groups/c18139a6-e3c3-4fd9-bf69-3dc0e8ec656c 0.739s
2024-08-08 23:54:54.559 61521 INFO tempest.lib.common.rest_client [req-16c74f36-f2ec-444c-8a3d-1d9025934ba4 req-16c74f36-f2ec-444c-8a3d-1d9025934ba4 ] Request (TenantUsagesNegativeTestJSON:tearDownClass): 204 DELETE http://10.180.1.21:9696/networking/v2.0/security-groups/b9d4ad51-afa7-442b-90b0-ba277810bc44 0.789s
2024-08-08 23:54:54.579 61541 INFO tempest.lib.common.rest_client [req-ca2e90f3-6fad-4213-b8dc-479c84833763 req-ca2e90f3-6fad-4213-b8dc-479c84833763 ] Request (FlavorMetadataValidation:tearDownClass): 204 DELETE http://10.180.1.21/identity/v3/projects/3104dc64730f4956bda3d305f9bbe9aa 0.188s
2024-08-08 23:54:54.579 61541 INFO tempest.lib.common.dynamic_creds [-] Deleting project and security group for project: c1acfbf9bc474412b4dc484b62a534db
2024-08-08 23:54:54.652 61547 INFO tempest.lib.common.rest_client [req-30747071-f438-4bfe-9859-ded5affe36ec req-30747071-f438-4bfe-9859-ded5affe36ec ] Request (QuotasAdminNegativeTest:test_create_server_when_instances_quota_is_full): 200 GET http://10.180.1.21/compute/v2.1/os-quota-sets/434e28bb0ea54805b2a6fca7fa86be63 2.490s
2024-08-08 23:54:54.675 61513 INFO tempest.lib.common.rest_client [req-f0da1b3b-11a4-473a-a35b-18950bc96df1 req-f0da1b3b-11a4-473a-a35b-18950bc96df1 ] Request (ServersWithSpecificFlavorTestJSON:test_verify_created_server_ephemeral_disk): 200 GET http://10.180.1.21/compute/v2.1/flavors/42/os-extra_specs 2.493s
2024-08-08 23:54:54.695 61555 INFO tempest.lib.common.rest_client [req-62bfe888-2872-440b-8728-d096d9143870 req-62bfe888-2872-440b-8728-d096d9143870 ] Request (QuotasSecurityGroupAdminNegativeTest:setUpClass): 201 POST http://10.180.1.21/identity/v3/auth/tokens 0.285s
2024-08-08 23:54:54.696 61555 WARNING tempest.lib.common.rest_client [-] Deprecated: "tenant_id" property is deprecated for removal, use "project_id" instead
2024-08-08 23:54:54.752 61552 INFO tempest.lib.common.rest_client [req-1d677146-bdbb-4ac1-8073-d2b8f2e45b02 req-1d677146-bdbb-4ac1-8073-d2b8f2e45b02 ] Request (ServerDiagnosticsV248Test:setUpClass): 201 POST http://10.180.1.21/identity/v3/users 0.312s
2024-08-08 23:54:54.776 61538 INFO tempest.lib.common.rest_client [req-6ed980d5-d45d-408a-bf65-62b75048f1da req-6ed980d5-d45d-408a-bf65-62b75048f1da ] Request (ServerActionsV293TestJSON:setUpClass): 200 GET http://10.180.1.21/volume/v3/4dbcf893da65412fb00eb9e497d082f8/volumes/5ed9501e-a4cf-42ba-9333-7f52172bd32c 0.028s
2024-08-08 23:54:54.776 61510 INFO tempest.lib.common.rest_client [req-c1801692-e4d9-47ce-9d35-a88bdcde01ef req-c1801692-e4d9-47ce-9d35-a88bdcde01ef ] Request (InstanceActionsNegativeTestJSON:setUpClass): 202 POST http://10.180.1.21/compute/v2.1/servers 2.666s
2024-08-08 23:54:54.857 61523 INFO tempest.lib.common.rest_client [req-20417be5-fdde-4841-907b-5580ac26a773 req-20417be5-fdde-4841-907b-5580ac26a773 ] Request (FlavorsV261TestJSON:tearDownClass): 204 DELETE http://10.180.1.21/identity/v3/projects/84b8674bece4470c8f58ac1ed9bf19ad 0.382s
2024-08-08 23:54:54.857 61523 INFO tempest.lib.common.dynamic_creds [-] Deleting project and security group for project: 5f2f990486bd424480649742225987e0
2024-08-08 23:54:54.861 61521 INFO tempest.lib.common.rest_client [req-e2cb246f-3bdc-4478-b981-bd925839cc86 req-e2cb246f-3bdc-4478-b981-bd925839cc86 ] Request (TenantUsagesNegativeTestJSON:tearDownClass): 204 DELETE http://10.180.1.21/identity/v3/projects/889408b0cc924014afab59337756915e 0.301s
2024-08-08 23:54:54.941 61552 INFO tempest.lib.common.rest_client [req-ef26ccd7-2d53-443f-b869-4c4c57c44a97 req-ef26ccd7-2d53-443f-b869-4c4c57c44a97 ] Request (ServerDiagnosticsV248Test:setUpClass): 200 GET http://10.180.1.21/identity/v3/roles 0.188s
2024-08-08 23:54:54.984 61521 INFO tempest.lib.common.rest_client [req-d2be5292-3773-43e6-b1b0-4f7afecec4eb req-d2be5292-3773-43e6-b1b0-4f7afecec4eb ] Request (InstanceActionsV221TestJSON:setUpClass): 201 POST http://10.180.1.21/identity/v3/auth/tokens 0.122s
2024-08-08 23:54:55.029 61555 INFO tempest.lib.common.rest_client [req-8bf5fd3f-1ec7-41f7-b600-48d64b4450e0 req-8bf5fd3f-1ec7-41f7-b600-48d64b4450e0 ] Request (QuotasSecurityGroupAdminNegativeTest:tearDownClass): 204 DELETE http://10.180.1.21/identity/v3/users/854bd241b67d4ff19e02433f1b0e0559 0.330s
2024-08-08 23:54:55.058 61552 INFO tempest.lib.common.rest_client [req-be321d48-1992-461e-a89e-1ada40dcd0a7 req-be321d48-1992-461e-a89e-1ada40dcd0a7 ] Request (ServerDiagnosticsV248Test:setUpClass): 204 PUT http://10.180.1.21/identity/v3/projects/b3f2742626d640149fbf2c2472b34ef4/users/de1751f17b364a268d7da37e50cd09f8/roles/9e41efe1a9ee46e5b70e760c5a98224e 0.116s
2024-08-08 23:54:55.058 61552 INFO tempest.lib.common.dynamic_creds [-] Dynamic test user de1751f17b364a268d7da37e50cd09f8 is created with scope project and roles: ['member']
2024-08-08 23:54:55.058 61552 INFO tempest.lib.common.dynamic_creds [-] Acquired dynamic creds: credentials: Credentials: {'domain_id': 'default', 'domain_name': 'Default', 'username': 'tempest-ServerDiagnosticsV248Test-759056279-project-member', 'project_domain_id': 'default', 'project_domain_name': 'Default', 'project_id': 'b3f2742626d640149fbf2c2472b34ef4', 'project_name': 'tempest-ServerDiagnosticsV248Test-759056279', 'tenant_id': 'b3f2742626d640149fbf2c2472b34ef4', 'tenant_name': 'tempest-ServerDiagnosticsV248Test-759056279', 'user_domain_id': 'default', 'user_domain_name': 'Default', 'user_id': 'de1751f17b364a268d7da37e50cd09f8', 'system': None}, Network: None, Subnet: None, Router: None
2024-08-08 23:54:55.058 61552 INFO tempest.lib.common.dynamic_creds [-] Created isolated network resources for: credentials: Credentials: {'domain_id': 'default', 'domain_name': 'Default', 'username': 'tempest-ServerDiagnosticsV248Test-759056279-project-member', 'project_domain_id': 'default', 'project_domain_name': 'Default', 'project_id': 'b3f2742626d640149fbf2c2472b34ef4', 'project_name': 'tempest-ServerDiagnosticsV248Test-759056279', 'tenant_id': 'b3f2742626d640149fbf2c2472b34ef4', 'tenant_name': 'tempest-ServerDiagnosticsV248Test-759056279', 'user_domain_id': 'default', 'user_domain_name': 'Default', 'user_id': 'de1751f17b364a268d7da37e50cd09f8', 'system': None}, Network: None, Subnet: None, Router: None
2024-08-08 23:54:55.086 61521 INFO tempest.lib.common.rest_client [req-6b40c21c-ca2b-444c-81c8-7cf06c9d5888 req-6b40c21c-ca2b-444c-81c8-7cf06c9d5888 ] Request (InstanceActionsV221TestJSON:setUpClass): 201 POST http://10.180.1.21/identity/v3/auth/tokens 0.099s
2024-08-08 23:54:55.097 61523 INFO tempest.lib.common.rest_client [req-1887ce96-5e41-4d52-b5ec-77b3cb186be6 req-1887ce96-5e41-4d52-b5ec-77b3cb186be6 ] Request (FlavorsV261TestJSON:tearDownClass): 200 GET http://10.180.1.21:9696/networking/v2.0/security-groups?tenant_id=5f2f990486bd424480649742225987e0&name=default 0.240s
2024-08-08 23:54:55.143 61521 INFO tempest.lib.common.rest_client [req-e3f48afc-b3c8-4ebb-b728-02fdc30220f0 req-e3f48afc-b3c8-4ebb-b728-02fdc30220f0 ] Request (InstanceActionsV221TestJSON:setUpClass): 200 GET http://10.180.1.21/identity/v3/domains?name=Default 0.056s
2024-08-08 23:54:55.199 61555 INFO tempest.lib.common.rest_client [req-355315f4-57b2-4bfb-b164-80624a117df1 req-355315f4-57b2-4bfb-b164-80624a117df1 ] Request (QuotasSecurityGroupAdminNegativeTest:tearDownClass): 204 DELETE http://10.180.1.21/identity/v3/users/d68fff49688048c5be2bed3351092299 0.170s
2024-08-08 23:54:55.199 61555 INFO tempest.lib.common.dynamic_creds [-] Deleting project and security group for project: 732cd7109e1b48c6a63072e2d8782318
2024-08-08 23:54:55.206 61552 INFO tempest.lib.common.rest_client [req-cab84110-edb9-4750-b2b7-8e0c9f1ba615 req-cab84110-edb9-4750-b2b7-8e0c9f1ba615 ] Request (ServerDiagnosticsV248Test:setUpClass): 201 POST http://10.180.1.21/identity/v3/auth/tokens 0.095s
2024-08-08 23:54:55.260 61521 INFO tempest.lib.common.rest_client [req-9dfe1263-ac49-4969-ae35-7a96f308b54d req-9dfe1263-ac49-4969-ae35-7a96f308b54d ] Request (InstanceActionsV221TestJSON:setUpClass): 201 POST http://10.180.1.21/identity/v3/projects 0.116s
2024-08-08 23:54:55.264 61555 INFO tempest.lib.common.rest_client [req-d96a0978-7ebb-4418-a804-cf60e8722443 req-d96a0978-7ebb-4418-a804-cf60e8722443 ] Request (QuotasSecurityGroupAdminNegativeTest:tearDownClass): 201 POST http://10.180.1.21/identity/v3/auth/tokens 0.064s
2024-08-08 23:54:55.317 61521 INFO tempest.lib.common.rest_client [req-81a48290-7a93-46f0-abf8-2f219b6cc413 req-81a48290-7a93-46f0-abf8-2f219b6cc413 ] Request (InstanceActionsV221TestJSON:setUpClass): 201 POST http://10.180.1.21/identity/v3/users 0.057s
2024-08-08 23:54:55.318 61552 INFO tempest.lib.common.rest_client [req-06918817-0bc4-4753-9914-3e012e0debaa req-06918817-0bc4-4753-9914-3e012e0debaa ] Request (ServerDiagnosticsV248Test:setUpClass): 201 POST http://10.180.1.21/identity/v3/projects 0.112s
2024-08-08 23:54:55.370 61521 INFO tempest.lib.common.rest_client [req-b8adbee0-f021-4b0f-b2fa-eaae83fb9c30 req-b8adbee0-f021-4b0f-b2fa-eaae83fb9c30 ] Request (InstanceActionsV221TestJSON:setUpClass): 200 GET http://10.180.1.21/identity/v3/roles 0.052s
2024-08-08 23:54:55.397 61541 INFO tempest.lib.common.rest_client [req-237547de-f502-4636-beab-a19cfd64fd84 req-237547de-f502-4636-beab-a19cfd64fd84 ] Request (FlavorMetadataValidation:tearDownClass): 200 GET http://10.180.1.21:9696/networking/v2.0/security-groups?tenant_id=c1acfbf9bc474412b4dc484b62a534db&name=default 0.817s
2024-08-08 23:54:55.403 61552 INFO tempest.lib.common.rest_client [req-2d640d3d-3139-49d4-bd67-253f1fcedf3f req-2d640d3d-3139-49d4-bd67-253f1fcedf3f ] Request (ServerDiagnosticsV248Test:setUpClass): 201 POST http://10.180.1.21/identity/v3/users 0.084s
2024-08-08 23:54:55.427 61521 INFO tempest.lib.common.rest_client [req-4fd5e162-dd54-498a-84aa-18b849628bad req-4fd5e162-dd54-498a-84aa-18b849628bad ] Request (InstanceActionsV221TestJSON:setUpClass): 204 PUT http://10.180.1.21/identity/v3/projects/2867e0fad53a41eb9f2a441b789d92a7/users/59444a7af7f84b159a8400d78567f459/roles/9e41efe1a9ee46e5b70e760c5a98224e 0.056s
2024-08-08 23:54:55.427 61521 INFO tempest.lib.common.dynamic_creds [-] Dynamic test user 59444a7af7f84b159a8400d78567f459 is created with scope project and roles: ['member']
2024-08-08 23:54:55.427 61521 INFO tempest.lib.common.dynamic_creds [-] Acquired dynamic creds: credentials: Credentials: {'domain_id': 'default', 'domain_name': 'Default', 'username': 'tempest-InstanceActionsV221TestJSON-2068531235-project-member', 'project_domain_id': 'default', 'project_domain_name': 'Default', 'project_id': '2867e0fad53a41eb9f2a441b789d92a7', 'project_name': 'tempest-InstanceActionsV221TestJSON-2068531235', 'tenant_id': '2867e0fad53a41eb9f2a441b789d92a7', 'tenant_name': 'tempest-InstanceActionsV221TestJSON-2068531235', 'user_domain_id': 'default', 'user_domain_name': 'Default', 'user_id': '59444a7af7f84b159a8400d78567f459', 'system': None}, Network: None, Subnet: None, Router: None
2024-08-08 23:54:55.427 61552 INFO tempest.lib.common.rest_client [req-b5fbad4b-a687-40a3-9aa9-5b68288f1f7b req-b5fbad4b-a687-40a3-9aa9-5b68288f1f7b ] Request (ServerDiagnosticsV248Test:setUpClass): 200 GET http://10.180.1.21/identity/v3/roles 0.024s
2024-08-08 23:54:55.451 61508 INFO tempest.lib.common.rest_client [req-c8df42be-46ef-428d-ab72-36a433f15fec req-c8df42be-46ef-428d-ab72-36a433f15fec ] Request (SecurityGroupsTestJSON:test_list_security_groups_by_server): 200 GET http://10.180.1.21/compute/v2.1/servers/426ba769-ed3e-460e-8d20-e844b76ae641 2.907s
2024-08-08 23:54:55.491 61521 INFO tempest.lib.common.rest_client [req-37c889d3-eb94-4d15-88a4-4a8fa3509d07 req-37c889d3-eb94-4d15-88a4-4a8fa3509d07 ] Request (InstanceActionsV221TestJSON:setUpClass): 201 POST http://10.180.1.21/identity/v3/auth/tokens 0.064s
2024-08-08 23:54:55.496 61503 INFO tempest.lib.common.rest_client [req-c69d3855-dddc-4a21-99db-488aa6d83d32 req-c69d3855-dddc-4a21-99db-488aa6d83d32 ] Request (VolumesAssistedSnapshotsTest:setUpClass): 201 POST http://10.180.1.21:9696/networking/v2.0/routers 4.297s
2024-08-08 23:54:55.542 61552 INFO tempest.lib.common.rest_client [req-e7574e60-8263-4710-b6af-0d605a18b7fb req-e7574e60-8263-4710-b6af-0d605a18b7fb ] Request (ServerDiagnosticsV248Test:setUpClass): 204 PUT http://10.180.1.21/identity/v3/projects/020897ca167b423f9e860a66fd58d466/users/becc57bf667449ffaca625820b4f4bbf/roles/0a2df99608a14cf0aed4e6a15a5fff91 0.114s
2024-08-08 23:54:55.640 61552 INFO tempest.lib.common.rest_client [req-cdc36386-7003-4a34-8ff8-208f432a2493 req-cdc36386-7003-4a34-8ff8-208f432a2493 ] Request (ServerDiagnosticsV248Test:setUpClass): 200 GET http://10.180.1.21/identity/v3/roles 0.097s
2024-08-08 23:54:55.658 61552 INFO tempest.lib.common.rest_client [req-c97339f8-e0bf-496d-9ccf-c34fcc12f4a5 req-c97339f8-e0bf-496d-9ccf-c34fcc12f4a5 ] Request (ServerDiagnosticsV248Test:setUpClass): 204 PUT http://10.180.1.21/identity/v3/projects/020897ca167b423f9e860a66fd58d466/users/becc57bf667449ffaca625820b4f4bbf/roles/0a2df99608a14cf0aed4e6a15a5fff91 0.018s
2024-08-08 23:54:55.658 61552 INFO tempest.lib.common.dynamic_creds [-] Dynamic test user becc57bf667449ffaca625820b4f4bbf is created with scope project and roles: ['admin']
2024-08-08 23:54:55.659 61552 INFO tempest.lib.common.dynamic_creds [-] Acquired dynamic creds: credentials: Credentials: {'domain_id': 'default', 'domain_name': 'Default', 'username': 'tempest-ServerDiagnosticsV248Test-1716184544-project-admin', 'project_domain_id': 'default', 'project_domain_name': 'Default', 'project_id': '020897ca167b423f9e860a66fd58d466', 'project_name': 'tempest-ServerDiagnosticsV248Test-1716184544', 'tenant_id': '020897ca167b423f9e860a66fd58d466', 'tenant_name': 'tempest-ServerDiagnosticsV248Test-1716184544', 'user_domain_id': 'default', 'user_domain_name': 'Default', 'user_id': 'becc57bf667449ffaca625820b4f4bbf', 'system': None}, Network: None, Subnet: None, Router: None
2024-08-08 23:54:55.659 61552 INFO tempest.lib.common.dynamic_creds [-] Created isolated network resources for: credentials: Credentials: {'domain_id': 'default', 'domain_name': 'Default', 'username': 'tempest-ServerDiagnosticsV248Test-1716184544-project-admin', 'project_domain_id': 'default', 'project_domain_name': 'Default', 'project_id': '020897ca167b423f9e860a66fd58d466', 'project_name': 'tempest-ServerDiagnosticsV248Test-1716184544', 'tenant_id': '020897ca167b423f9e860a66fd58d466', 'tenant_name': 'tempest-ServerDiagnosticsV248Test-1716184544', 'user_domain_id': 'default', 'user_domain_name': 'Default', 'user_id': 'becc57bf667449ffaca625820b4f4bbf', 'system': None}, Network: None, Subnet: None, Router: None
2024-08-08 23:54:55.659 61517 INFO tempest.lib.common.rest_client [req-0dbfc691-bd4f-4a48-b842-4a72fc9bfd62 req-0dbfc691-bd4f-4a48-b842-4a72fc9bfd62 ] Request (AggregatesAdminNegativeTestJSON:test_aggregate_add_host_as_user): 403 POST http://10.180.1.21/compute/v2.1/os-aggregates/2/action 3.108s
2024-08-08 23:54:55.680 61549 INFO tempest.lib.common.rest_client [req-c5234b31-9a90-49fc-aeec-cc4a7477fdbc req-c5234b31-9a90-49fc-aeec-cc4a7477fdbc ] Request (HostsAdminTestJSON:test_list_hosts_with_zone): 200 GET http://10.180.1.21/compute/v2.1/os-hosts?zone=internal 3.099s
2024-08-08 23:54:55.686 61544 INFO tempest.lib.common.rest_client [req-8be295c6-c229-4ca4-9c6a-4cce58d7f09b req-8be295c6-c229-4ca4-9c6a-4cce58d7f09b ] Request (HypervisorAdminNegativeTestJSON:test_get_nonexistent_hypervisor_uptime): 404 GET http://10.180.1.21/compute/v2.1/os-hypervisors/e68abed8-9196-4a90-9c7f-ce875b8de2aa/uptime 3.097s
2024-08-08 23:54:55.702 61535 INFO tempest.lib.common.rest_client [req-49f4ea1f-3c85-47ee-840e-647fc9e08e55 req-49f4ea1f-3c85-47ee-840e-647fc9e08e55 ] Request (FlavorsAdminTestJSON:_run_cleanups): 202 DELETE http://10.180.1.21/compute/v2.1/flavors/383999112 3.092s
2024-08-08 23:54:55.726 61552 INFO tempest.lib.common.rest_client [req-e0db20a3-92b7-46dc-b3d8-67f42116c475 req-e0db20a3-92b7-46dc-b3d8-67f42116c475 ] Request (ServerDiagnosticsV248Test:setUpClass): 201 POST http://10.180.1.21/identity/v3/auth/tokens 0.065s
2024-08-08 23:54:55.771 61523 INFO tempest.lib.common.rest_client [req-d77e140c-b263-4a84-9e95-751427a56614 req-d77e140c-b263-4a84-9e95-751427a56614 ] Request (FlavorsV261TestJSON:tearDownClass): 204 DELETE http://10.180.1.21:9696/networking/v2.0/security-groups/cb2c42cb-c158-4a9b-a154-bdfe3f67a1e1 0.673s
2024-08-08 23:54:55.797 61552 INFO tempest.lib.common.rest_client [req-b830bb24-c8b5-45e6-9e5d-a26049251e94 req-b830bb24-c8b5-45e6-9e5d-a26049251e94 ] Request (ServerDiagnosticsV248Test:test_get_server_diagnostics): 201 POST http://10.180.1.21/identity/v3/auth/tokens 0.066s
2024-08-08 23:54:55.797 61552 INFO tempest.lib.common.fixed_network [-] (ServerDiagnosticsV248Test:test_get_server_diagnostics) Found network None available for tenant
2024-08-08 23:54:55.808 61538 INFO tempest.lib.common.rest_client [req-9dfaa369-604d-48ab-8d2f-5ca0210c077b req-9dfaa369-604d-48ab-8d2f-5ca0210c077b ] Request (ServerActionsV293TestJSON:setUpClass): 200 GET http://10.180.1.21/volume/v3/4dbcf893da65412fb00eb9e497d082f8/volumes/5ed9501e-a4cf-42ba-9333-7f52172bd32c 0.025s
2024-08-08 23:54:55.906 61523 INFO tempest.lib.common.rest_client [req-78ff4b0d-b1d2-437b-a7f3-70aef8d9cd8c req-78ff4b0d-b1d2-437b-a7f3-70aef8d9cd8c ] Request (FlavorsV261TestJSON:tearDownClass): 204 DELETE http://10.180.1.21/identity/v3/projects/5f2f990486bd424480649742225987e0 0.135s
2024-08-08 23:54:55.907 61523 INFO tempest.test [-] raised in UpdateMultiattachVolumeNegativeTest.setUpClass. Invoking tearDownClass.
2024-08-08 23:54:55.982 61523 INFO tempest.lib.common.rest_client [req-ee1d6ecc-ded0-48d6-a358-1055844a7566 req-ee1d6ecc-ded0-48d6-a358-1055844a7566 ] Request (ImagesMetadataTestJSON:setUpClass): 201 POST http://10.180.1.21/identity/v3/auth/tokens 0.073s
2024-08-08 23:54:56.018 61523 INFO tempest.lib.common.rest_client [req-8a489d05-6d39-4d05-932a-f0ea518cc246 req-8a489d05-6d39-4d05-932a-f0ea518cc246 ] Request (ImagesMetadataTestJSON:setUpClass): 201 POST http://10.180.1.21/identity/v3/auth/tokens 0.034s
2024-08-08 23:54:56.039 61541 INFO tempest.lib.common.rest_client [req-4db3c648-b140-4a8c-9249-1f3d9c99c2fe req-4db3c648-b140-4a8c-9249-1f3d9c99c2fe ] Request (FlavorMetadataValidation:tearDownClass): 204 DELETE http://10.180.1.21:9696/networking/v2.0/security-groups/69a95ea1-136d-40e1-82c9-4485408d70e3 0.641s
2024-08-08 23:54:56.039 61523 INFO tempest.lib.common.rest_client [req-37e1c69c-12ac-473f-b432-0144bb4a5509 req-37e1c69c-12ac-473f-b432-0144bb4a5509 ] Request (ImagesMetadataTestJSON:setUpClass): 200 GET http://10.180.1.21/identity/v3/domains?name=Default 0.020s
2024-08-08 23:54:56.043 61555 INFO tempest.lib.common.rest_client [req-130d6890-23c2-4a5c-ba66-7ace1fd9f44e req-130d6890-23c2-4a5c-ba66-7ace1fd9f44e ] Request (QuotasSecurityGroupAdminNegativeTest:tearDownClass): 200 GET http://10.180.1.21:9696/networking/v2.0/security-groups?tenant_id=732cd7109e1b48c6a63072e2d8782318&name=default 0.779s
2024-08-08 23:54:56.049 61499 INFO tempest.lib.common.rest_client [req-8dbdb31e-eb83-492e-bf0c-5e4177a5b79e req-8dbdb31e-eb83-492e-bf0c-5e4177a5b79e ] Request (DeleteServersAdminTestJSON:test_admin_delete_servers_of_others): 200 GET http://10.180.1.21/compute/v2.1/servers/a963f18b-a8d3-48a8-8a95-23e2c36b9281 3.374s
2024-08-08 23:54:56.055 61499 INFO tempest.common.waiters [-] State transition "BUILD/networking" ==> "BUILD/spawning" after 8 second wait
2024-08-08 23:54:56.067 61523 INFO tempest.lib.common.rest_client [req-9698cb3a-555d-4a47-9f17-1903afeb4aa3 req-9698cb3a-555d-4a47-9f17-1903afeb4aa3 ] Request (ImagesMetadataTestJSON:setUpClass): 201 POST http://10.180.1.21/identity/v3/projects 0.028s
2024-08-08 23:54:56.124 61541 INFO tempest.lib.common.rest_client [req-5c745104-2e54-4693-b637-9f2db985404f req-5c745104-2e54-4693-b637-9f2db985404f ] Request (FlavorMetadataValidation:tearDownClass): 204 DELETE http://10.180.1.21/identity/v3/projects/c1acfbf9bc474412b4dc484b62a534db 0.085s
2024-08-08 23:54:56.125 61541 INFO tempest.test [-] raised in TestVolumeSwap.setUpClass. Invoking tearDownClass.
2024-08-08 23:54:56.200 61523 INFO tempest.lib.common.rest_client [req-c4f4de6c-81b0-4a56-86f0-796030d5505f req-c4f4de6c-81b0-4a56-86f0-796030d5505f ] Request (ImagesMetadataTestJSON:setUpClass): 201 POST http://10.180.1.21/identity/v3/users 0.132s
2024-08-08 23:54:56.210 61541 INFO tempest.lib.common.rest_client [req-eb07c79f-6fd1-4d56-9bba-adad5d62d0b8 req-eb07c79f-6fd1-4d56-9bba-adad5d62d0b8 ] Request (ComputeTenantNetworksTest:setUpClass): 201 POST http://10.180.1.21/identity/v3/auth/tokens 0.082s
2024-08-08 23:54:56.219 61523 INFO tempest.lib.common.rest_client [req-0414f388-62d1-4821-9e0e-1ecf39ecb6e2 req-0414f388-62d1-4821-9e0e-1ecf39ecb6e2 ] Request (ImagesMetadataTestJSON:setUpClass): 200 GET http://10.180.1.21/identity/v3/roles 0.019s
2024-08-08 23:54:56.222 61557 INFO tempest.lib.common.rest_client [req-1e82ee4d-4245-439c-8c9a-f50e6843be2a req-1e82ee4d-4245-439c-8c9a-f50e6843be2a ] Request (KeyPairsV2TestJSON:test_get_keypair_detail): 200 POST http://10.180.1.21/compute/v2.1/os-keypairs 3.482s
2024-08-08 23:54:56.240 61533 INFO tempest.lib.common.rest_client [req-0f4405a1-6bdb-433e-a91b-b10d04b004c8 req-0f4405a1-6bdb-433e-a91b-b10d04b004c8 ] Request (FlavorsAccessTestJSON:_run_cleanups): 202 DELETE http://10.180.1.21/compute/v2.1/flavors/501720534 3.438s
2024-08-08 23:54:56.247 61541 INFO tempest.lib.common.rest_client [req-81df820e-f3a2-4070-affa-655960adb536 req-81df820e-f3a2-4070-affa-655960adb536 ] Request (ComputeTenantNetworksTest:setUpClass): 201 POST http://10.180.1.21/identity/v3/auth/tokens 0.034s
2024-08-08 23:54:56.254 61523 INFO tempest.lib.common.rest_client [req-d10bec4d-f6d9-4ff2-b2c9-e7a3e917dd9b req-d10bec4d-f6d9-4ff2-b2c9-e7a3e917dd9b ] Request (ImagesMetadataTestJSON:setUpClass): 204 PUT http://10.180.1.21/identity/v3/projects/9bed1f883d2f473ba73d0bd0f0b388a0/users/ac14748b9e12482a994d92b40771da2f/roles/9e41efe1a9ee46e5b70e760c5a98224e 0.034s
2024-08-08 23:54:56.254 61523 INFO tempest.lib.common.dynamic_creds [-] Dynamic test user ac14748b9e12482a994d92b40771da2f is created with scope project and roles: ['member']
2024-08-08 23:54:56.254 61523 INFO tempest.lib.common.dynamic_creds [-] Acquired dynamic creds: credentials: Credentials: {'domain_id': 'default', 'domain_name': 'Default', 'username': 'tempest-ImagesMetadataTestJSON-1026976968-project-member', 'project_domain_id': 'default', 'project_domain_name': 'Default', 'project_id': '9bed1f883d2f473ba73d0bd0f0b388a0', 'project_name': 'tempest-ImagesMetadataTestJSON-1026976968', 'tenant_id': '9bed1f883d2f473ba73d0bd0f0b388a0', 'tenant_name': 'tempest-ImagesMetadataTestJSON-1026976968', 'user_domain_id': 'default', 'user_domain_name': 'Default', 'user_id': 'ac14748b9e12482a994d92b40771da2f', 'system': None}, Network: None, Subnet: None, Router: None
2024-08-08 23:54:56.255 61523 INFO tempest.lib.common.dynamic_creds [-] Created isolated network resources for: credentials: Credentials: {'domain_id': 'default', 'domain_name': 'Default', 'username': 'tempest-ImagesMetadataTestJSON-1026976968-project-member', 'project_domain_id': 'default', 'project_domain_name': 'Default', 'project_id': '9bed1f883d2f473ba73d0bd0f0b388a0', 'project_name': 'tempest-ImagesMetadataTestJSON-1026976968', 'tenant_id': '9bed1f883d2f473ba73d0bd0f0b388a0', 'tenant_name': 'tempest-ImagesMetadataTestJSON-1026976968', 'user_domain_id': 'default', 'user_domain_name': 'Default', 'user_id': 'ac14748b9e12482a994d92b40771da2f', 'system': None}, Network: None, Subnet: None, Router: None
