2025-04-05 04:24:23.626 70038 INFO tempest.lib.common.rest_client [req-c1a1d176-87fa-45d0-b952-9c1a0c7dc318 req-c1a1d176-87fa-45d0-b952-9c1a0c7dc318 ] Request (InstanceUsageAuditLogNegativeTestJSON:tearDownClass): 204 DELETE http://10.180.1.21/identity/v3/users/f3f4a51c284348f79cb724c7d611b368 0.190s
2025-04-05 04:24:23.627 70038 INFO tempest.lib.common.dynamic_creds [-] Deleting project and security group for project: 16c538ac01e5462fb41ca210013f4319
2025-04-05 04:24:23.667 70036 INFO tempest.lib.common.rest_client [req-e419e6fe-ce2a-459f-88d9-1ea89eb3a2b0 req-e419e6fe-ce2a-459f-88d9-1ea89eb3a2b0 ] Request (FloatingIPsNegativeTestJSON:setUpClass): 201 POST http://10.180.1.21/identity/v3/auth/tokens 0.140s
2025-04-05 04:24:23.678 70028 INFO tempest.lib.common.rest_client [req-7f7d020d-afe8-4264-ae28-e3ff31a6159d req-7f7d020d-afe8-4264-ae28-e3ff31a6159d ] Request (ServersTestBootFromVolume:setUpClass): 200 PUT http://10.180.1.21:9696/networking/v2.0/routers/f058f1bc-9936-4a3b-926e-a84d0da27e7b/add_router_interface 1.945s
2025-04-05 04:24:23.678 70028 INFO tempest.lib.common.dynamic_creds [-] Created isolated network resources for: credentials: Credentials: {'domain_id': 'default', 'domain_name': 'Default', 'username': 'tempest-ServersTestBootFromVolume-403368592-project-member', 'project_domain_id': 'default', 'project_domain_name': 'Default', 'project_id': '7818bdea04d7470187814a15e85ddad8', 'project_name': 'tempest-ServersTestBootFromVolume-403368592', 'tenant_id': '7818bdea04d7470187814a15e85ddad8', 'tenant_name': 'tempest-ServersTestBootFromVolume-403368592', 'user_domain_id': 'default', 'user_domain_name': 'Default', 'user_id': '3595e058dc8b42e4bfcca7b81228e2fd', 'system': None}, Network: {'id': '02697d1f-a04e-40c5-89e5-769a99fefc7a', 'name': 'tempest-ServersTestBootFromVolume-382458663-network', 'tenant_id': '7818bdea04d7470187814a15e85ddad8', 'admin_state_up': True, 'mtu': 8950, 'status': 'ACTIVE', 'subnets': [], 'shared': False, 'project_id': '7818bdea04d7470187814a15e85ddad8', 'port_security_enabled': True, 'router:external': False, 'provider:network_type': 'vlan', 'provider:physical_network': 'default', 'provider:segmentation_id': 469, 'availability_zone_hints': [], 'availability_zones': [], 'ipv4_address_scope': None, 'ipv6_address_scope': None, 'description': '', 'tags': [], 'created_at': '2025-04-05T04:24:19Z', 'updated_at': '2025-04-05T04:24:19Z', 'revision_number': 1}, Subnet: {'id': '6f0ca30b-8aa6-49d5-87bb-0ca53a6ba46c', 'name': 'tempest-ServersTestBootFromVolume-382458663-subnet', 'tenant_id': '7818bdea04d7470187814a15e85ddad8', 'network_id': '02697d1f-a04e-40c5-89e5-769a99fefc7a', 'ip_version': 4, 'subnetpool_id': None, 'enable_dhcp': True, 'ipv6_ra_mode': None, 'ipv6_address_mode': None, 'gateway_ip': '192.168.128.1', 'cidr': '192.168.128.0/28', 'allocation_pools': [{'start': '192.168.128.2', 'end': '192.168.128.14'}], 'host_routes': [], 'dns_nameservers': [], 'description': '', 'router:external': False, 'service_types': [], 'tags': [], 'created_at': '2025-04-05T04:24:20Z', 'updated_at': '2025-04-05T04:24:20Z', 'revision_number': 0, 'project_id': '7818bdea04d7470187814a15e85ddad8'}, Router: {'id': 'f058f1bc-9936-4a3b-926e-a84d0da27e7b', 'name': 'tempest-ServersTestBootFromVolume-382458663-router', 'tenant_id': '7818bdea04d7470187814a15e85ddad8', 'admin_state_up': True, 'status': 'ACTIVE', 'external_gateway_info': {'network_id': '46954e11-342a-48d4-bef3-a622170cc00b', 'external_fixed_ips': [{'subnet_id': 'ebc08139-56d6-448a-bfeb-252750af93b4', 'ip_address': '10.180.180.254'}], 'enable_snat': True}, 'description': '', 'availability_zones': [], 'distributed': False, 'ha': False, 'availability_zone_hints': [], 'routes': [], 'flavor_id': None, 'tags': [], 'created_at': '2025-04-05T04:24:20Z', 'updated_at': '2025-04-05T04:24:20Z', 'revision_number': 2, 'project_id': '7818bdea04d7470187814a15e85ddad8'}
2025-04-05 04:24:23.728 70026 INFO tempest.lib.common.rest_client [req-04467eef-7f70-4375-9c8b-b68bb304c0c7 req-04467eef-7f70-4375-9c8b-b68bb304c0c7 ] Request (HypervisorAdminV253TestBase:tearDownClass): 204 DELETE http://10.180.1.21/identity/v3/users/4083ea6fcea94fb881885d32f3905a3e 0.145s
2025-04-05 04:24:23.732 70048 INFO tempest.lib.common.rest_client [req-8cf38ee2-363f-40cd-9614-3ac696c824a6 req-8cf38ee2-363f-40cd-9614-3ac696c824a6 ] Request (ServersWithSpecificFlavorTestJSON:test_verify_created_server_ephemeral_disk): 200 GET http://10.180.1.21/compute/v2.1/flavors/42 1.653s
2025-04-05 04:24:23.736 70020 INFO tempest.lib.common.rest_client [req-199f125a-ad66-4327-91ae-c592d368d076 req-199f125a-ad66-4327-91ae-c592d368d076 ] Request (TenantUsagesNegativeTestJSON:tearDownClass): 204 DELETE http://10.180.1.21:9696/networking/v2.0/security-groups/14a66b41-7c2e-4ab2-a17d-32a3b1dcd06a 0.221s
2025-04-05 04:24:23.755 69988 INFO tempest.lib.common.rest_client [req-c8e5d07e-7426-4c85-b327-690fdaf765f1 req-c8e5d07e-7426-4c85-b327-690fdaf765f1 ] Request (FlavorsExtraSpecsNegativeTestJSON:test_flavor_non_admin_unset_keys): 200 POST http://10.180.1.21/compute/v2.1/flavors/1630033398/os-extra_specs 1.390s
2025-04-05 04:24:23.772 69994 INFO tempest.lib.common.rest_client [req-485b0fc1-aeb4-445a-a8f4-874e944c4bb9 req-485b0fc1-aeb4-445a-a8f4-874e944c4bb9 ] Request (FlavorsV255TestJSON:test_crud_flavor): 200 GET http://10.180.1.21/compute/v2.1/flavors/detail 1.369s
2025-04-05 04:24:23.781 70038 INFO tempest.lib.common.rest_client [req-67b89600-0ab2-4610-9ee1-5b901e8d36ff req-67b89600-0ab2-4610-9ee1-5b901e8d36ff ] Request (InstanceUsageAuditLogNegativeTestJSON:tearDownClass): 201 POST http://10.180.1.21/identity/v3/auth/tokens 0.154s
2025-04-05 04:24:23.788 70036 INFO tempest.lib.common.rest_client [req-a4638645-19b1-4434-b5a1-6cd9eed7a113 req-a4638645-19b1-4434-b5a1-6cd9eed7a113 ] Request (FloatingIPsNegativeTestJSON:setUpClass): 201 POST http://10.180.1.21/identity/v3/auth/tokens 0.119s
2025-04-05 04:24:23.809 69990 INFO tempest.lib.common.rest_client [req-0becad75-2052-455c-b95c-2254a32499e4 req-0becad75-2052-455c-b95c-2254a32499e4 ] Request (QuotaClassesAdminTestJSON:tearDownClass): 200 GET http://10.180.1.21:9696/networking/v2.0/security-groups?tenant_id=621b17a6f14d420bb136c6bfde5f16d3&name=default 0.548s
2025-04-05 04:24:23.813 70012 INFO tempest.lib.common.rest_client [req-e0d2650d-17ab-46e9-b639-fcbd9791a378 req-e0d2650d-17ab-46e9-b639-fcbd9791a378 ] Request (FloatingIPsTestJSON:setUpClass): 201 POST http://10.180.1.21:9696/networking/v2.0/subnets 0.412s
2025-04-05 04:24:23.865 70026 INFO tempest.lib.common.rest_client [req-8a9d1b45-2de2-4918-8fb4-99ec9b43ceea req-8a9d1b45-2de2-4918-8fb4-99ec9b43ceea ] Request (HypervisorAdminV253TestBase:tearDownClass): 204 DELETE http://10.180.1.21/identity/v3/users/6833292d0bc44f62bd720685fe17a7cb 0.137s
2025-04-05 04:24:23.866 70026 INFO tempest.lib.common.dynamic_creds [-] Deleting project and security group for project: 4fbc0351746545ec8f645ced40d7a03d
2025-04-05 04:24:23.873 70028 INFO tempest.lib.common.rest_client [req-0d3b75aa-160a-4886-99a4-4cc47d947b15 req-0d3b75aa-160a-4886-99a4-4cc47d947b15 ] Request (ServersTestBootFromVolume:setUpClass): 201 POST http://10.180.1.21/identity/v3/auth/tokens 0.188s
2025-04-05 04:24:23.977 70020 INFO tempest.lib.common.rest_client [req-6ddb5353-b060-4182-8179-f56354ed6432 req-6ddb5353-b060-4182-8179-f56354ed6432 ] Request (TenantUsagesNegativeTestJSON:tearDownClass): 204 DELETE http://10.180.1.21/identity/v3/projects/b8922c8cbb2c4789b7c69538e792896d 0.241s
2025-04-05 04:24:23.988 70030 INFO tempest.lib.common.rest_client [req-d78ccbdd-a907-4039-9540-331f11bff55b req-d78ccbdd-a907-4039-9540-331f11bff55b ] Request (InstanceActionsTestJSON:setUpClass): 200 GET http://10.180.1.21/compute/v2.1/servers/757ca1ff-c8bd-4db9-9234-3af69e69e28a 1.552s
2025-04-05 04:24:23.998 70030 INFO tempest.common.waiters [-] State transition "BUILD/networking" ==> "BUILD/spawning" after 5 second wait
2025-04-05 04:24:24.055 70036 INFO tempest.lib.common.rest_client [req-0e07190c-def6-4934-852b-bcbfdb0510ae req-0e07190c-def6-4934-852b-bcbfdb0510ae ] Request (FloatingIPsNegativeTestJSON:setUpClass): 200 GET http://10.180.1.21/identity/v3/domains?name=Default 0.266s
2025-04-05 04:24:24.061 70016 INFO tempest.lib.common.rest_client [req-ac9d1ba6-b82d-40c1-9fcd-e465d41ed441 req-ac9d1ba6-b82d-40c1-9fcd-e465d41ed441 ] Request (ValidationResourcesFixture:setUp): 201 POST http://10.180.1.21:9696/networking/v2.0/floatingips 1.184s
2025-04-05 04:24:24.067 70034 INFO tempest.lib.common.rest_client [req-ef553490-aac0-4d52-98a8-9f1e5c54e8dc req-ef553490-aac0-4d52-98a8-9f1e5c54e8dc ] Request (MigrationsAdminTest:test_list_migrations_in_flavor_resize_situation): 200 GET http://10.180.1.21/compute/v2.1/servers/1d2d49f3-0406-467b-95b7-22d38c24dcf5 1.363s
2025-04-05 04:24:24.069 70026 INFO tempest.lib.common.rest_client [req-029dbd34-74c2-4bcf-acb3-1e5f0f7725b5 req-029dbd34-74c2-4bcf-acb3-1e5f0f7725b5 ] Request (HypervisorAdminV253TestBase:tearDownClass): 201 POST http://10.180.1.21/identity/v3/auth/tokens 0.203s
2025-04-05 04:24:24.081 70044 INFO tempest.lib.common.rest_client [req-ff2f2bd1-3ff2-498c-994b-b762e88b03af req-ff2f2bd1-3ff2-498c-994b-b762e88b03af ] Request (ServerActionsTestOtherA:setUpClass): 201 POST http://10.180.1.21:9696/networking/v2.0/subnets 0.525s
2025-04-05 04:24:24.082 70020 INFO tempest.lib.common.rest_client [req-c539a6ba-3925-4120-88d9-533737041e11 req-c539a6ba-3925-4120-88d9-533737041e11 ] Request (ServersAaction247Test:setUpClass): 201 POST http://10.180.1.21/identity/v3/auth/tokens 0.103s
2025-04-05 04:24:24.110 69990 INFO tempest.lib.common.rest_client [req-4871aa54-44d4-4469-a684-c5864d83dba9 req-4871aa54-44d4-4469-a684-c5864d83dba9 ] Request (QuotaClassesAdminTestJSON:tearDownClass): 204 DELETE http://10.180.1.21:9696/networking/v2.0/security-groups/b1b34886-8a44-4594-b7a6-bc459d464126 0.301s
2025-04-05 04:24:24.117 70036 INFO tempest.lib.common.rest_client [req-c1ff95a8-3da5-4926-8982-475f4f97da31 req-c1ff95a8-3da5-4926-8982-475f4f97da31 ] Request (FloatingIPsNegativeTestJSON:setUpClass): 201 POST http://10.180.1.21/identity/v3/projects 0.061s
2025-04-05 04:24:24.143 70002 INFO tempest.lib.common.rest_client [req-c3d2eb72-0a04-4510-b08f-49a1ae234fe8 req-c3d2eb72-0a04-4510-b08f-49a1ae234fe8 ] Request (AggregatesAdminNegativeTestJSON:test_aggregate_add_existent_host): 409 POST http://10.180.1.21/compute/v2.1/os-aggregates/1/action 1.264s
2025-04-05 04:24:24.182 70020 INFO tempest.lib.common.rest_client [req-ee66206f-e6cc-4166-b5b9-8b5729636916 req-ee66206f-e6cc-4166-b5b9-8b5729636916 ] Request (ServersAaction247Test:setUpClass): 201 POST http://10.180.1.21/identity/v3/auth/tokens 0.097s
2025-04-05 04:24:24.221 70036 INFO tempest.lib.common.rest_client [req-8a0f173a-c011-41fb-89d3-52fd4b1ab839 req-8a0f173a-c011-41fb-89d3-52fd4b1ab839 ] Request (FloatingIPsNegativeTestJSON:setUpClass): 201 POST http://10.180.1.21/identity/v3/users 0.104s
2025-04-05 04:24:24.240 69990 INFO tempest.lib.common.rest_client [req-93459997-4aa2-4f8c-8f00-003c2994701b req-93459997-4aa2-4f8c-8f00-003c2994701b ] Request (QuotaClassesAdminTestJSON:tearDownClass): 204 DELETE http://10.180.1.21/identity/v3/projects/621b17a6f14d420bb136c6bfde5f16d3 0.130s
2025-04-05 04:24:24.240 69990 INFO tempest.lib.common.dynamic_creds [-] Deleting project and security group for project: eabff2cfe762496ba6e795c24296460f
2025-04-05 04:24:24.282 70020 INFO tempest.lib.common.rest_client [req-423a809d-9e7a-4b31-851c-20fa88387c28 req-423a809d-9e7a-4b31-851c-20fa88387c28 ] Request (ServersAaction247Test:setUpClass): 200 GET http://10.180.1.21/identity/v3/domains?name=Default 0.099s
2025-04-05 04:24:24.294 70036 INFO tempest.lib.common.rest_client [req-b8931fc7-cfa1-433e-aa1e-3d948ae68010 req-b8931fc7-cfa1-433e-aa1e-3d948ae68010 ] Request (FloatingIPsNegativeTestJSON:setUpClass): 200 GET http://10.180.1.21/identity/v3/roles 0.071s
2025-04-05 04:24:24.324 70020 INFO tempest.lib.common.rest_client [req-74ba812f-2b79-4e21-a037-a31b843c4e26 req-74ba812f-2b79-4e21-a037-a31b843c4e26 ] Request (ServersAaction247Test:setUpClass): 201 POST http://10.180.1.21/identity/v3/projects 0.041s
2025-04-05 04:24:24.353 70038 INFO tempest.lib.common.rest_client [req-deb96dd4-1308-43b1-b4b3-591d47048968 req-deb96dd4-1308-43b1-b4b3-591d47048968 ] Request (InstanceUsageAuditLogNegativeTestJSON:tearDownClass): 200 GET http://10.180.1.21:9696/networking/v2.0/security-groups?tenant_id=16c538ac01e5462fb41ca210013f4319&name=default 0.572s
2025-04-05 04:24:24.377 70036 INFO tempest.lib.common.rest_client [req-4e130c63-1f62-42e2-bc02-44f449f07459 req-4e130c63-1f62-42e2-bc02-44f449f07459 ] Request (FloatingIPsNegativeTestJSON:setUpClass): 204 PUT http://10.180.1.21/identity/v3/projects/45cbaaa127e44638a9ac664a01cd505f/users/d958efa00db04a16a2222796409540de/roles/eed48a5c707b4e7382606fd96e06a401 0.082s
2025-04-05 04:24:24.377 70036 INFO tempest.lib.common.dynamic_creds [-] Dynamic test user d958efa00db04a16a2222796409540de is created with scope project and roles: ['member']
2025-04-05 04:24:24.377 70036 INFO tempest.lib.common.dynamic_creds [-] Acquired dynamic creds: credentials: Credentials: {'domain_id': 'default', 'domain_name': 'Default', 'username': 'tempest-FloatingIPsNegativeTestJSON-637959355-project-member', 'project_domain_id': 'default', 'project_domain_name': 'Default', 'project_id': '45cbaaa127e44638a9ac664a01cd505f', 'project_name': 'tempest-FloatingIPsNegativeTestJSON-637959355', 'tenant_id': '45cbaaa127e44638a9ac664a01cd505f', 'tenant_name': 'tempest-FloatingIPsNegativeTestJSON-637959355', 'user_domain_id': 'default', 'user_domain_name': 'Default', 'user_id': 'd958efa00db04a16a2222796409540de', 'system': None}, Network: None, Subnet: None, Router: None
2025-04-05 04:24:24.433 70020 INFO tempest.lib.common.rest_client [req-29e5c738-834b-4f48-b7ff-49a6247bb37a req-29e5c738-834b-4f48-b7ff-49a6247bb37a ] Request (ServersAaction247Test:setUpClass): 201 POST http://10.180.1.21/identity/v3/users 0.109s
2025-04-05 04:24:24.455 70004 INFO tempest.lib.common.rest_client [req-fef409ba-c762-4726-959a-4c973c9c5e9f req-fef409ba-c762-4726-959a-4c973c9c5e9f ] Request (FlavorsAccessNegativeTestJSON:test_add_flavor_access_duplicate): 409 POST http://10.180.1.21/compute/v2.1/flavors/1387094895/action 1.538s
2025-04-05 04:24:24.458 70020 INFO tempest.lib.common.rest_client [req-b90f7a9f-2be8-4518-a410-ae60958110a8 req-b90f7a9f-2be8-4518-a410-ae60958110a8 ] Request (ServersAaction247Test:setUpClass): 200 GET http://10.180.1.21/identity/v3/roles 0.024s
2025-04-05 04:24:24.461 70036 INFO tempest.lib.common.rest_client [req-e88e0c33-bb1d-49cc-a398-73cdae5129c9 req-e88e0c33-bb1d-49cc-a398-73cdae5129c9 ] Request (FloatingIPsNegativeTestJSON:setUpClass): 201 POST http://10.180.1.21/identity/v3/auth/tokens 0.083s
2025-04-05 04:24:24.490 70020 INFO tempest.lib.common.rest_client [req-48958624-3b5e-49ed-acac-3af20fce98d4 req-48958624-3b5e-49ed-acac-3af20fce98d4 ] Request (ServersAaction247Test:setUpClass): 204 PUT http://10.180.1.21/identity/v3/projects/88ecec27167e4a0badc163e2f911ab8b/users/b6e24cb56d7f4e588405536a773461a7/roles/eed48a5c707b4e7382606fd96e06a401 0.032s
2025-04-05 04:24:24.490 70020 INFO tempest.lib.common.dynamic_creds [-] Dynamic test user b6e24cb56d7f4e588405536a773461a7 is created with scope project and roles: ['member']
2025-04-05 04:24:24.491 70020 INFO tempest.lib.common.dynamic_creds [-] Acquired dynamic creds: credentials: Credentials: {'domain_id': 'default', 'domain_name': 'Default', 'username': 'tempest-ServersAaction247Test-611841812-project-member', 'project_domain_id': 'default', 'project_domain_name': 'Default', 'project_id': '88ecec27167e4a0badc163e2f911ab8b', 'project_name': 'tempest-ServersAaction247Test-611841812', 'tenant_id': '88ecec27167e4a0badc163e2f911ab8b', 'tenant_name': 'tempest-ServersAaction247Test-611841812', 'user_domain_id': 'default', 'user_domain_name': 'Default', 'user_id': 'b6e24cb56d7f4e588405536a773461a7', 'system': None}, Network: None, Subnet: None, Router: None
2025-04-05 04:24:24.491 70020 INFO tempest.lib.common.dynamic_creds [-] Created isolated network resources for: credentials: Credentials: {'domain_id': 'default', 'domain_name': 'Default', 'username': 'tempest-ServersAaction247Test-611841812-project-member', 'project_domain_id': 'default', 'project_domain_name': 'Default', 'project_id': '88ecec27167e4a0badc163e2f911ab8b', 'project_name': 'tempest-ServersAaction247Test-611841812', 'tenant_id': '88ecec27167e4a0badc163e2f911ab8b', 'tenant_name': 'tempest-ServersAaction247Test-611841812', 'user_domain_id': 'default', 'user_domain_name': 'Default', 'user_id': 'b6e24cb56d7f4e588405536a773461a7', 'system': None}, Network: None, Subnet: None, Router: None
2025-04-05 04:24:24.529 70026 INFO tempest.lib.common.rest_client [req-0ade80ae-7cb6-4d06-9eb2-e6efbd4646bd req-0ade80ae-7cb6-4d06-9eb2-e6efbd4646bd ] Request (HypervisorAdminV253TestBase:tearDownClass): 200 GET http://10.180.1.21:9696/networking/v2.0/security-groups?tenant_id=4fbc0351746545ec8f645ced40d7a03d&name=default 0.460s
2025-04-05 04:24:24.596 70022 INFO tempest.lib.common.rest_client [req-11fa5fec-6452-4139-9601-f4250e9856db req-11fa5fec-6452-4139-9601-f4250e9856db ] Request (FlavorsAccessTestJSON:test_flavor_access_add_remove): 200 POST http://10.180.1.21/compute/v2.1/flavors/319261057/action 1.580s
2025-04-05 04:24:24.618 70018 INFO tempest.lib.common.rest_client [req-cf8da76d-0c83-48f5-8733-6352939517ca req-cf8da76d-0c83-48f5-8733-6352939517ca ] Request (FlavorsV261TestJSON:test_crud_flavor): 200 GET http://10.180.1.21/compute/v2.1/flavors/detail 1.528s
2025-04-05 04:24:24.632 70020 INFO tempest.lib.common.rest_client [req-e0370633-8acd-472c-b2b2-35d9ce550290 req-e0370633-8acd-472c-b2b2-35d9ce550290 ] Request (ServersAaction247Test:setUpClass): 201 POST http://10.180.1.21/identity/v3/auth/tokens 0.137s
2025-04-05 04:24:24.640 70024 INFO tempest.lib.common.rest_client [req-3205271e-beaa-41ea-a03f-575c207e354f req-3205271e-beaa-41ea-a03f-575c207e354f ] Request (HypervisorAdminUnderV252Test:test_search_hypervisor): 200 GET http://10.180.1.21/compute/v2.1/os-hypervisors/domain-c8.fc996f14-c53b-4953-92e3-bdfa48f5cc28/search 1.533s
2025-04-05 04:24:24.663 69990 INFO tempest.lib.common.rest_client [req-72f08d7d-6d0d-425f-9b47-82c94d0a9b6b req-72f08d7d-6d0d-425f-9b47-82c94d0a9b6b ] Request (QuotaClassesAdminTestJSON:tearDownClass): 200 GET http://10.180.1.21:9696/networking/v2.0/security-groups?tenant_id=eabff2cfe762496ba6e795c24296460f&name=default 0.422s
2025-04-05 04:24:24.664 70042 INFO tempest.lib.common.rest_client [req-06cef879-010c-4b44-a6af-938671cf1fc3 req-06cef879-010c-4b44-a6af-938671cf1fc3 ] Request (HypervisorAdminTestJSON:test_get_hypervisor_show_details): 200 GET http://10.180.1.21/compute/v2.1/os-hypervisors/1 1.540s
2025-04-05 04:24:24.665 70020 INFO tempest.lib.common.rest_client [req-ae20f492-2867-4bd2-8802-db73dac8c577 req-ae20f492-2867-4bd2-8802-db73dac8c577 ] Request (ServersAaction247Test:test_create_backup): 201 POST http://10.180.1.21/identity/v3/auth/tokens 0.029s
2025-04-05 04:24:24.666 70020 INFO tempest.lib.common.fixed_network [-] (ServersAaction247Test:test_create_backup) Found network None available for tenant
2025-04-05 04:24:24.684 69992 INFO tempest.lib.common.rest_client [req-0f333479-65e5-4274-a11e-c33ce8504b20 req-0f333479-65e5-4274-a11e-c33ce8504b20 ] Request (FlavorsAdminTestJSON:_run_cleanups): 202 DELETE http://10.180.1.21/compute/v2.1/flavors/1166850917 1.482s
2025-04-05 04:24:24.703 70006 INFO tempest.lib.common.rest_client [req-3a88a5bd-1088-4550-a31e-e82ef768ad25 req-3a88a5bd-1088-4550-a31e-e82ef768ad25 ] Request (HypervisorAdminNegativeUnderV252Test:test_show_servers_with_non_admin_user): 200 GET http://10.180.1.21/compute/v2.1/os-hypervisors 1.474s
2025-04-05 04:24:24.715 69998 INFO tempest.lib.common.rest_client [req-549e44e3-5c3a-43bb-8ec9-e241858f52ec req-549e44e3-5c3a-43bb-8ec9-e241858f52ec ] Request (FloatingIPDetailsTestJSON:setUpClass): 200 POST http://10.180.1.21/compute/v2.1/os-floating-ips 2.714s
2025-04-05 04:24:24.723 70024 INFO tempest.lib.common.rest_client [req-d0335252-c557-4f05-a586-40be903cb24f req-d0335252-c557-4f05-a586-40be903cb24f ] Request (HypervisorAdminUnderV252Test:tearDownClass): 204 DELETE http://10.180.1.21/identity/v3/users/70dbabd25a104bb1b68828a395e15a8b 0.077s
2025-04-05 04:24:24.729 70038 INFO tempest.lib.common.rest_client [req-e7c64b02-1728-4a8d-b9c3-78e3d53bf3c3 req-e7c64b02-1728-4a8d-b9c3-78e3d53bf3c3 ] Request (InstanceUsageAuditLogNegativeTestJSON:tearDownClass): 204 DELETE http://10.180.1.21:9696/networking/v2.0/security-groups/faa952e4-3218-4280-b251-e0b09f4ef124 0.376s
2025-04-05 04:24:24.826 69990 INFO tempest.lib.common.rest_client [req-acce9958-6521-4f8b-9d72-0c53eda494b9 req-acce9958-6521-4f8b-9d72-0c53eda494b9 ] Request (QuotaClassesAdminTestJSON:tearDownClass): 204 DELETE http://10.180.1.21:9696/networking/v2.0/security-groups/42473a2b-6c4a-4557-952f-173a95877116 0.162s
2025-04-05 04:24:24.856 70046 INFO tempest.lib.common.rest_client [req-1b93d8ab-43f9-4846-9aba-00721cfd59f9 req-1b93d8ab-43f9-4846-9aba-00721cfd59f9 ] Request (HypervisorAdminNegativeTestJSON:test_get_hypervisor_uptime_with_non_admin_user): 200 GET http://10.180.1.21/compute/v2.1/os-hypervisors 1.621s
2025-04-05 04:24:24.860 70026 INFO tempest.lib.common.rest_client [req-d2720cfe-93e9-4302-9134-d1e6e7c92dde req-d2720cfe-93e9-4302-9134-d1e6e7c92dde ] Request (HypervisorAdminV253TestBase:tearDownClass): 204 DELETE http://10.180.1.21:9696/networking/v2.0/security-groups/8a74a7df-ead6-4cbc-a463-f8cb9954fc3f 0.329s
2025-04-05 04:24:24.926 70024 INFO tempest.lib.common.rest_client [req-06cce171-c672-424f-8020-b4dbf5458369 req-06cce171-c672-424f-8020-b4dbf5458369 ] Request (HypervisorAdminUnderV252Test:tearDownClass): 204 DELETE http://10.180.1.21/identity/v3/users/72fbfa917bbd493fb9e7c9a1d4a7419b 0.203s
2025-04-05 04:24:24.927 70024 INFO tempest.lib.common.dynamic_creds [-] Deleting project and security group for project: f1480e08433a4b228cd8c0a544d2aad3
2025-04-05 04:24:24.969 70038 INFO tempest.lib.common.rest_client [req-85b8ae08-0c68-4262-954a-b6f63c2cbf9c req-85b8ae08-0c68-4262-954a-b6f63c2cbf9c ] Request (InstanceUsageAuditLogNegativeTestJSON:tearDownClass): 204 DELETE http://10.180.1.21/identity/v3/projects/16c538ac01e5462fb41ca210013f4319 0.239s
2025-04-05 04:24:24.969 70038 INFO tempest.lib.common.dynamic_creds [-] Deleting project and security group for project: 6284e53a923b4f26972a9e877bebbe18
2025-04-05 04:24:24.971 70014 INFO tempest.lib.common.rest_client [req-67ff464a-d06d-47f4-a7f4-c05972e57fe6 req-67ff464a-d06d-47f4-a7f4-c05972e57fe6 ] Request (ServerDiagnosticsV248Test:test_get_server_diagnostics): 200 GET http://10.180.1.21/compute/v2.1/servers/a3d0ede1-464e-4dd7-8d9a-81f25a1df0a2 1.598s
2025-04-05 04:24:25.000 70040 INFO tempest.lib.common.rest_client [req-7afbefda-d0f9-4e6c-802d-ac408a75794c req-7afbefda-d0f9-4e6c-802d-ac408a75794c ] Request (FlavorsExtraSpecsTestJSON:test_flavor_non_admin_get_specific_key): 200 POST http://10.180.1.21/compute/v2.1/flavors/1915607318/os-extra_specs 1.452s
2025-04-05 04:24:25.037 69990 INFO tempest.lib.common.rest_client [req-b4b26ee0-1484-4fd8-94b5-2972cf705fb2 req-b4b26ee0-1484-4fd8-94b5-2972cf705fb2 ] Request (QuotaClassesAdminTestJSON:tearDownClass): 204 DELETE http://10.180.1.21/identity/v3/projects/eabff2cfe762496ba6e795c24296460f 0.211s
2025-04-05 04:24:25.062 70026 INFO tempest.lib.common.rest_client [req-bad9058a-e345-4463-84bc-b2aac9604b5c req-bad9058a-e345-4463-84bc-b2aac9604b5c ] Request (HypervisorAdminV253TestBase:tearDownClass): 204 DELETE http://10.180.1.21/identity/v3/projects/4fbc0351746545ec8f645ced40d7a03d 0.202s
2025-04-05 04:24:25.063 70026 INFO tempest.lib.common.dynamic_creds [-] Deleting project and security group for project: 48a939bf65d7422cb1a4555fcbbe42ec
2025-04-05 04:24:25.099 70024 INFO tempest.lib.common.rest_client [req-7389dfd5-d08d-47ca-ab88-b8e414207de2 req-7389dfd5-d08d-47ca-ab88-b8e414207de2 ] Request (HypervisorAdminUnderV252Test:tearDownClass): 201 POST http://10.180.1.21/identity/v3/auth/tokens 0.172s
2025-04-05 04:24:25.171 69990 INFO tempest.lib.common.rest_client [req-2cefa32e-f9ae-4c5c-8b1b-8094d29016c2 req-2cefa32e-f9ae-4c5c-8b1b-8094d29016c2 ] Request (ImagesMetadataTestJSON:setUpClass): 201 POST http://10.180.1.21/identity/v3/auth/tokens 0.132s
2025-04-05 04:24:25.182 70048 INFO tempest.lib.common.rest_client [req-45e0acde-ca2a-42a8-bd9c-75683787b37c req-45e0acde-ca2a-42a8-bd9c-75683787b37c ] Request (ServersWithSpecificFlavorTestJSON:test_verify_created_server_ephemeral_disk): 200 POST http://10.180.1.21/compute/v2.1/flavors 1.445s
2025-04-05 04:24:25.187 69988 INFO tempest.lib.common.rest_client [req-d04d620c-dbbf-417b-8557-7576fdf4632b req-d04d620c-dbbf-417b-8557-7576fdf4632b ] Request (FlavorsExtraSpecsNegativeTestJSON:test_flavor_non_admin_unset_keys): 403 DELETE http://10.180.1.21/compute/v2.1/flavors/1630033398/os-extra_specs/hw:numa_nodes 1.430s
2025-04-05 04:24:25.198 69990 INFO tempest.lib.common.rest_client [req-69fe8c2d-346c-404b-9d85-1cf8798d37d9 req-69fe8c2d-346c-404b-9d85-1cf8798d37d9 ] Request (ImagesMetadataTestJSON:setUpClass): 201 POST http://10.180.1.21/identity/v3/auth/tokens 0.025s
2025-04-05 04:24:25.206 70010 INFO tempest.lib.common.rest_client [req-2f67be74-a85d-4dae-a062-3c88479212d6 req-2f67be74-a85d-4dae-a062-3c88479212d6 ] Request (QuotasAdminTestV236:test_get_updated_quotas): 200 PUT http://10.180.1.21/compute/v2.1/os-quota-sets/81517d714ffa47c98aeafc9c471e5ff7 1.842s
2025-04-05 04:24:25.210 69994 INFO tempest.lib.common.rest_client [req-8d8d30ef-c1b1-4671-983b-0e522eb8fbd8 req-8d8d30ef-c1b1-4671-983b-0e522eb8fbd8 ] Request (FlavorsV255TestJSON:test_crud_flavor): 200 GET http://10.180.1.21/compute/v2.1/flavors 1.432s
2025-04-05 04:24:25.222 69990 INFO tempest.lib.common.rest_client [req-78694484-68aa-4c09-9234-a2e76408c021 req-78694484-68aa-4c09-9234-a2e76408c021 ] Request (ImagesMetadataTestJSON:setUpClass): 200 GET http://10.180.1.21/identity/v3/domains?name=Default 0.023s
2025-04-05 04:24:25.260 70036 INFO tempest.lib.common.rest_client [req-47bdc34d-7ab0-407d-ade9-8d68e3625825 req-47bdc34d-7ab0-407d-ade9-8d68e3625825 ] Request (FloatingIPsNegativeTestJSON:setUpClass): 201 POST http://10.180.1.21:9696/networking/v2.0/networks 0.799s
2025-04-05 04:24:25.283 69990 INFO tempest.lib.common.rest_client [req-28db42e3-9f57-4655-9693-5dc65015dd6c req-28db42e3-9f57-4655-9693-5dc65015dd6c ] Request (ImagesMetadataTestJSON:setUpClass): 201 POST http://10.180.1.21/identity/v3/projects 0.061s
2025-04-05 04:24:25.286 70038 INFO tempest.lib.common.rest_client [req-b035ab62-b864-4669-8638-ba760aa80e72 req-b035ab62-b864-4669-8638-ba760aa80e72 ] Request (InstanceUsageAuditLogNegativeTestJSON:tearDownClass): 200 GET http://10.180.1.21:9696/networking/v2.0/security-groups?tenant_id=6284e53a923b4f26972a9e877bebbe18&name=default 0.316s
2025-04-05 04:24:25.291 70016 INFO tempest.lib.common.rest_client [req-e1b51ea8-6d95-4884-8eb8-bf282955afbc req-e1b51ea8-6d95-4884-8eb8-bf282955afbc ] Request (ServersWithFlavorSwapResizeTest:test_flavor_swap_0_to_1024): 200 POST http://10.180.1.21/compute/v2.1/flavors 1.229s
2025-04-05 04:24:25.297 70028 INFO tempest.lib.common.rest_client [req-740de44d-4949-4aee-aa9b-c28b0df48322 req-740de44d-4949-4aee-aa9b-c28b0df48322 ] Request (ServersTestBootFromVolume:setUpClass): 200 POST http://10.180.1.21/compute/v2.1/os-keypairs 1.423s
2025-04-05 04:24:25.359 69990 INFO tempest.lib.common.rest_client [req-f80f328a-936b-41f4-b78d-c56f03d733ac req-f80f328a-936b-41f4-b78d-c56f03d733ac ] Request (ImagesMetadataTestJSON:setUpClass): 201 POST http://10.180.1.21/identity/v3/users 0.075s
2025-04-05 04:24:25.366 70016 INFO tempest.lib.common.rest_client [req-9e5e07a8-7330-4ce2-81ac-bdb38426be91 req-9e5e07a8-7330-4ce2-81ac-bdb38426be91 ] Request (ServersWithFlavorSwapResizeTest:test_flavor_swap_0_to_1024): 201 POST http://10.180.1.21/identity/v3/auth/tokens 0.069s
2025-04-05 04:24:25.367 70016 INFO tempest.lib.common.fixed_network [-] (ServersWithFlavorSwapResizeTest:test_flavor_swap_0_to_1024) Found network {'id': 'dac535d4-890b-4c14-a296-d1a6e6353c0e', 'name': 'tempest-ServersWithFlavorSwapResizeTest-2036290172-network', 'tenant_id': '69e38c23e4344a638313c6c7d5573df2', 'admin_state_up': True, 'mtu': 8950, 'status': 'ACTIVE', 'subnets': [], 'shared': False, 'project_id': '69e38c23e4344a638313c6c7d5573df2', 'port_security_enabled': True, 'router:external': False, 'provider:network_type': 'vlan', 'provider:physical_network': 'default', 'provider:segmentation_id': 855, 'availability_zone_hints': [], 'availability_zones': [], 'ipv4_address_scope': None, 'ipv6_address_scope': None, 'description': '', 'tags': [], 'created_at': '2025-04-05T04:24:12Z', 'updated_at': '2025-04-05T04:24:12Z', 'revision_number': 1} available for tenant
2025-04-05 04:24:25.389 69990 INFO tempest.lib.common.rest_client [req-8c614555-1dcd-42c4-b085-db3ee3563b1a req-8c614555-1dcd-42c4-b085-db3ee3563b1a ] Request (ImagesMetadataTestJSON:setUpClass): 200 GET http://10.180.1.21/identity/v3/roles 0.030s
2025-04-05 04:24:25.418 70002 INFO tempest.lib.common.rest_client [req-a76c9896-4d65-4c69-91cc-ca8cc11ddaf1 req-a76c9896-4d65-4c69-91cc-ca8cc11ddaf1 ] Request (AggregatesAdminNegativeTestJSON:_run_cleanups): 200 POST http://10.180.1.21/compute/v2.1/os-aggregates/1/action 1.274s
2025-04-05 04:24:25.418 70026 INFO tempest.lib.common.rest_client [req-396dce86-cd7d-4d9b-b90b-a46799ddf0c2 req-396dce86-cd7d-4d9b-b90b-a46799ddf0c2 ] Request (HypervisorAdminV253TestBase:tearDownClass): 200 GET http://10.180.1.21:9696/networking/v2.0/security-groups?tenant_id=48a939bf65d7422cb1a4555fcbbe42ec&name=default 0.355s
2025-04-05 04:24:25.426 69990 INFO tempest.lib.common.rest_client [req-0e5941ce-013c-4d23-a837-229334552000 req-0e5941ce-013c-4d23-a837-229334552000 ] Request (ImagesMetadataTestJSON:setUpClass): 204 PUT http://10.180.1.21/identity/v3/projects/1a20a8fc72f64294bc9b327c068f7b66/users/96860f09adff45648d824969bf367aa7/roles/eed48a5c707b4e7382606fd96e06a401 0.037s
2025-04-05 04:24:25.426 69990 INFO tempest.lib.common.dynamic_creds [-] Dynamic test user 96860f09adff45648d824969bf367aa7 is created with scope project and roles: ['member']
2025-04-05 04:24:25.427 69990 INFO tempest.lib.common.dynamic_creds [-] Acquired dynamic creds: credentials: Credentials: {'domain_id': 'default', 'domain_name': 'Default', 'username': 'tempest-ImagesMetadataTestJSON-1707296735-project-member', 'project_domain_id': 'default', 'project_domain_name': 'Default', 'project_id': '1a20a8fc72f64294bc9b327c068f7b66', 'project_name': 'tempest-ImagesMetadataTestJSON-1707296735', 'tenant_id': '1a20a8fc72f64294bc9b327c068f7b66', 'tenant_name': 'tempest-ImagesMetadataTestJSON-1707296735', 'user_domain_id': 'default', 'user_domain_name': 'Default', 'user_id': '96860f09adff45648d824969bf367aa7', 'system': None}, Network: None, Subnet: None, Router: None
2025-04-05 04:24:25.427 69990 INFO tempest.lib.common.dynamic_creds [-] Created isolated network resources for: credentials: Credentials: {'domain_id': 'default', 'domain_name': 'Default', 'username': 'tempest-ImagesMetadataTestJSON-1707296735-project-member', 'project_domain_id': 'default', 'project_domain_name': 'Default', 'project_id': '1a20a8fc72f64294bc9b327c068f7b66', 'project_name': 'tempest-ImagesMetadataTestJSON-1707296735', 'tenant_id': '1a20a8fc72f64294bc9b327c068f7b66', 'tenant_name': 'tempest-ImagesMetadataTestJSON-1707296735', 'user_domain_id': 'default', 'user_domain_name': 'Default', 'user_id': '96860f09adff45648d824969bf367aa7', 'system': None}, Network: None, Subnet: None, Router: None
2025-04-05 04:24:25.498 70008 INFO tempest.lib.common.rest_client [req-4c753e40-d771-4892-9d47-fa44b683fedd req-4c753e40-d771-4892-9d47-fa44b683fedd ] Request (DeleteServersAdminTestJSON:test_admin_delete_servers_of_others): 200 GET http://10.180.1.21/compute/v2.1/servers/1552b03f-709e-4f27-8193-c40d2f4f5828 1.271s
2025-04-05 04:24:25.503 69990 INFO tempest.lib.common.rest_client [req-30a7a628-11ad-4746-8339-711b3991a418 req-30a7a628-11ad-4746-8339-711b3991a418 ] Request (ImagesMetadataTestJSON:setUpClass): 201 POST http://10.180.1.21/identity/v3/auth/tokens 0.068s
2025-04-05 04:24:25.623 70024 INFO tempest.lib.common.rest_client [req-cd769882-fb9c-4934-b417-73dc6056bd38 req-cd769882-fb9c-4934-b417-73dc6056bd38 ] Request (HypervisorAdminUnderV252Test:tearDownClass): 200 GET http://10.180.1.21:9696/networking/v2.0/security-groups?tenant_id=f1480e08433a4b228cd8c0a544d2aad3&name=default 0.524s
2025-04-05 04:24:25.626 70004 INFO tempest.lib.common.rest_client [req-d40e6ed8-d5ec-4e94-91cf-44fc15630fe0 req-d40e6ed8-d5ec-4e94-91cf-44fc15630fe0 ] Request (FlavorsAccessNegativeTestJSON:_run_cleanups): 200 POST http://10.180.1.21/compute/v2.1/flavors/1387094895/action 1.171s
2025-04-05 04:24:25.642 70038 INFO tempest.lib.common.rest_client [req-af941da8-0214-4687-9761-f70e574d5d9b req-af941da8-0214-4687-9761-f70e574d5d9b ] Request (InstanceUsageAuditLogNegativeTestJSON:tearDownClass): 204 DELETE http://10.180.1.21:9696/networking/v2.0/security-groups/480bf0bc-0b4f-41fc-a57a-83f4ae5f7bdd 0.356s
2025-04-05 04:24:25.663 70022 INFO tempest.lib.common.rest_client [req-9e66a358-6dc4-4a87-ae9f-4df329a0190d req-9e66a358-6dc4-4a87-ae9f-4df329a0190d ] Request (FlavorsAccessTestJSON:test_flavor_access_add_remove): 200 GET http://10.180.1.21/compute/v2.1/flavors/detail 1.065s
2025-04-05 04:24:25.663 70000 INFO tempest.lib.common.rest_client [req-b5ce7dbe-142d-4869-8050-2e803d57d204 req-b5ce7dbe-142d-4869-8050-2e803d57d204 ] Request (ImagesOneServerTestJSON:setUpClass): 200 GET http://10.180.1.21/compute/v2.1/servers/2865aeeb-8d72-40c2-a8cc-057df0318dab 1.588s
2025-04-05 04:24:25.674 70000 INFO tempest.common.waiters [-] State transition "BUILD/None" ==> "BUILD/spawning" after 5 second wait
2025-04-05 04:24:25.682 70018 INFO tempest.lib.common.rest_client [req-6dd8c286-0da2-4e26-b5ee-009948008da0 req-6dd8c286-0da2-4e26-b5ee-009948008da0 ] Request (FlavorsV261TestJSON:test_crud_flavor): 200 GET http://10.180.1.21/compute/v2.1/flavors 1.053s
2025-04-05 04:24:25.698 70042 INFO tempest.lib.common.rest_client [req-ef5a3758-8208-43de-bcab-8c5f6cc52246 req-ef5a3758-8208-43de-bcab-8c5f6cc52246 ] Request (HypervisorAdminTestJSON:test_get_hypervisor_stats): 200 GET http://10.180.1.21/compute/v2.1/os-hypervisors/statistics 1.027s
2025-04-05 04:24:25.712 69992 INFO tempest.lib.common.rest_client [req-7b3598e5-58dd-469b-b1b5-edf11086fc60 req-7b3598e5-58dd-469b-b1b5-edf11086fc60 ] Request (FlavorsAdminTestJSON:_run_cleanups): 200 GET http://10.180.1.21/compute/v2.1/flavors/detail 1.028s
2025-04-05 04:24:25.722 70006 INFO tempest.lib.common.rest_client [req-4cb4b5ec-6ce8-4e7f-ab99-70c8c2e641f9 req-4cb4b5ec-6ce8-4e7f-ab99-70c8c2e641f9 ] Request (HypervisorAdminNegativeUnderV252Test:test_show_servers_with_non_admin_user): 403 GET http://10.180.1.21/compute/v2.1/os-hypervisors/1/servers 1.017s
2025-04-05 04:24:25.740 70028 INFO tempest.lib.common.rest_client [req-682e1944-f48c-4f09-bf46-4dff4b748c7c req-682e1944-f48c-4f09-bf46-4dff4b748c7c ] Request (ServersTestBootFromVolume:setUpClass): 201 POST http://10.180.1.21:9696/networking/v2.0/security-groups 0.441s
2025-04-05 04:24:25.750 70026 INFO tempest.lib.common.rest_client [req-556aa69b-c5e6-4c32-abbf-127b50c35e9d req-556aa69b-c5e6-4c32-abbf-127b50c35e9d ] Request (HypervisorAdminV253TestBase:tearDownClass): 204 DELETE http://10.180.1.21:9696/networking/v2.0/security-groups/ae0296d5-8f90-47e6-885b-2a02852b4126 0.331s
2025-04-05 04:24:25.789 70024 INFO tempest.lib.common.rest_client [req-48eed21f-967b-475b-b819-86b7a6a9a9c8 req-48eed21f-967b-475b-b819-86b7a6a9a9c8 ] Request (HypervisorAdminUnderV252Test:tearDownClass): 204 DELETE http://10.180.1.21:9696/networking/v2.0/security-groups/d872ce5f-13af-4ebe-b64a-ffbad0a89336 0.165s
2025-04-05 04:24:25.790 70038 INFO tempest.lib.common.rest_client [req-83ccc185-cef6-42b1-9088-052bd69f1dbb req-83ccc185-cef6-42b1-9088-052bd69f1dbb ] Request (InstanceUsageAuditLogNegativeTestJSON:tearDownClass): 204 DELETE http://10.180.1.21/identity/v3/projects/6284e53a923b4f26972a9e877bebbe18 0.147s
2025-04-05 04:24:25.791 70038 INFO tempest.test [-] raised in TestVolumeSwap.setUpClass. Invoking tearDownClass.
2025-04-05 04:24:25.857 70044 INFO tempest.lib.common.rest_client [req-035f28f7-7d22-43ea-8646-3b0c0417c8e9 req-035f28f7-7d22-43ea-8646-3b0c0417c8e9 ] Request (ServerActionsTestOtherA:setUpClass): 201 POST http://10.180.1.21:9696/networking/v2.0/routers 1.774s
2025-04-05 04:24:25.877 70020 INFO tempest.lib.common.rest_client [req-422c81bc-599d-4ed9-8936-ce303f73cdd7 req-422c81bc-599d-4ed9-8936-ce303f73cdd7 ] Request (ServersAaction247Test:test_create_backup): 202 POST http://10.180.1.21/compute/v2.1/servers 1.210s
2025-04-05 04:24:25.880 70046 INFO tempest.lib.common.rest_client [req-1620028c-c218-44bc-849e-2be989d88655 req-1620028c-c218-44bc-849e-2be989d88655 ] Request (HypervisorAdminNegativeTestJSON:test_get_hypervisor_uptime_with_non_admin_user): 403 GET http://10.180.1.21/compute/v2.1/os-hypervisors/1/uptime 1.020s
2025-04-05 04:24:25.891 70042 INFO tempest.lib.common.rest_client [req-71076267-32cc-4232-bb97-eb9c9547c586 req-71076267-32cc-4232-bb97-eb9c9547c586 ] Request (HypervisorAdminTestJSON:tearDownClass): 204 DELETE http://10.180.1.21/identity/v3/users/ddf76db9594e430d817885e96eb42e48 0.189s
2025-04-05 04:24:25.906 70036 INFO tempest.lib.common.rest_client [req-6690d273-692b-4a72-92fd-9280ef1e663a req-6690d273-692b-4a72-92fd-9280ef1e663a ] Request (FloatingIPsNegativeTestJSON:setUpClass): 201 POST http://10.180.1.21:9696/networking/v2.0/subnets 0.645s
2025-04-05 04:24:25.960 70026 INFO tempest.lib.common.rest_client [req-aff5dc25-7e1b-4651-bbe9-57d345c15b4e req-aff5dc25-7e1b-4651-bbe9-57d345c15b4e ] Request (HypervisorAdminV253TestBase:tearDownClass): 204 DELETE http://10.180.1.21/identity/v3/projects/48a939bf65d7422cb1a4555fcbbe42ec 0.210s
2025-04-05 04:24:25.997 70038 INFO tempest.lib.common.rest_client [req-b37a45f9-277d-40a3-b66b-83a4b37e82ce req-b37a45f9-277d-40a3-b66b-83a4b37e82ce ] Request (ListImageFiltersTestJSON:setUpClass): 201 POST http://10.180.1.21/identity/v3/auth/tokens 0.203s
2025-04-05 04:24:26.004 70012 INFO tempest.lib.common.rest_client [req-64a8ce30-e1df-4906-a609-a77421754658 req-64a8ce30-e1df-4906-a609-a77421754658 ] Request (FloatingIPsTestJSON:setUpClass): 201 POST http://10.180.1.21:9696/networking/v2.0/routers 2.189s
2025-04-05 04:24:26.030 70024 INFO tempest.lib.common.rest_client [req-65244c8a-6bc2-4f92-9bb1-14ca26403b1e req-65244c8a-6bc2-4f92-9bb1-14ca26403b1e ] Request (HypervisorAdminUnderV252Test:tearDownClass): 204 DELETE http://10.180.1.21/identity/v3/projects/f1480e08433a4b228cd8c0a544d2aad3 0.240s
2025-04-05 04:24:26.030 70024 INFO tempest.lib.common.dynamic_creds [-] Deleting project and security group for project: e0cf822f79bf41daae7cd4e931e29de9
2025-04-05 04:24:26.030 70028 INFO tempest.lib.common.rest_client [req-70aa890b-b403-432a-80ef-0c090e327e8d req-70aa890b-b403-432a-80ef-0c090e327e8d ] Request (ServersTestBootFromVolume:setUpClass): 201 POST http://10.180.1.21:9696/networking/v2.0/security-group-rules 0.289s
2025-04-05 04:24:26.128 70042 INFO tempest.lib.common.rest_client [req-ebcaa394-605e-4652-bd58-f72f51d978e3 req-ebcaa394-605e-4652-bd58-f72f51d978e3 ] Request (HypervisorAdminTestJSON:tearDownClass): 204 DELETE http://10.180.1.21/identity/v3/users/44b6515fa77e4662a8170556c9e45335 0.237s
2025-04-05 04:24:26.128 70042 INFO tempest.lib.common.dynamic_creds [-] Deleting project and security group for project: c67f0eac8e094c11b7684377741a280a
2025-04-05 04:24:26.160 70026 INFO tempest.lib.common.rest_client [req-6fb78bb6-4023-45a2-be3a-5a3771b3e157 req-6fb78bb6-4023-45a2-be3a-5a3771b3e157 ] Request (SecurityGroupsTestAdminJSON:setUpClass): 201 POST http://10.180.1.21/identity/v3/auth/tokens 0.194s
2025-04-05 04:24:26.206 70038 INFO tempest.lib.common.rest_client [req-e0b66bd5-d3c1-4329-94c8-677b586d300f req-e0b66bd5-d3c1-4329-94c8-677b586d300f ] Request (ListImageFiltersTestJSON:setUpClass): 201 POST http://10.180.1.21/identity/v3/auth/tokens 0.207s
2025-04-05 04:24:26.220 70030 INFO tempest.lib.common.rest_client [req-91dce6f1-f040-43cf-a0c5-c9a79c829d09 req-91dce6f1-f040-43cf-a0c5-c9a79c829d09 ] Request (InstanceActionsTestJSON:setUpClass): 200 GET http://10.180.1.21/compute/v2.1/servers/757ca1ff-c8bd-4db9-9234-3af69e69e28a 1.220s
2025-04-05 04:24:26.236 70040 INFO tempest.lib.common.rest_client [req-184f73ca-6687-4c13-9a70-99d8bc058e52 req-184f73ca-6687-4c13-9a70-99d8bc058e52 ] Request (FlavorsExtraSpecsTestJSON:test_flavor_non_admin_get_specific_key): 200 GET http://10.180.1.21/compute/v2.1/flavors/1915607318/os-extra_specs/hw:numa_nodes 1.234s
2025-04-05 04:24:26.256 70042 INFO tempest.lib.common.rest_client [req-09eb3ac1-b26e-432a-a6ee-6d2ba691934e req-09eb3ac1-b26e-432a-a6ee-6d2ba691934e ] Request (HypervisorAdminTestJSON:tearDownClass): 201 POST http://10.180.1.21/identity/v3/auth/tokens 0.127s
2025-04-05 04:24:26.281 70026 INFO tempest.lib.common.rest_client [req-693ac179-cc5a-4a40-98a8-eeece7a1ad63 req-693ac179-cc5a-4a40-98a8-eeece7a1ad63 ] Request (SecurityGroupsTestAdminJSON:setUpClass): 201 POST http://10.180.1.21/identity/v3/auth/tokens 0.119s
2025-04-05 04:24:26.286 69990 INFO tempest.lib.common.rest_client [req-6d6c5f7a-c218-47b4-afb5-994573a38b6d req-6d6c5f7a-c218-47b4-afb5-994573a38b6d ] Request (ImagesMetadataTestJSON:setUpClass): 201 POST http://10.180.1.21/image/v2/images 0.782s
2025-04-05 04:24:26.290 70038 INFO tempest.lib.common.rest_client [req-bb19d2c0-95ee-4488-9629-03c206bde28d req-bb19d2c0-95ee-4488-9629-03c206bde28d ] Request (ListImageFiltersTestJSON:setUpClass): 200 GET http://10.180.1.21/identity/v3/domains?name=Default 0.083s
2025-04-05 04:24:26.313 70026 INFO tempest.lib.common.rest_client [req-ee1766b5-eb74-43cf-b0e9-6119c9ca0de5 req-ee1766b5-eb74-43cf-b0e9-6119c9ca0de5 ] Request (SecurityGroupsTestAdminJSON:setUpClass): 200 GET http://10.180.1.21/identity/v3/domains?name=Default 0.032s
2025-04-05 04:24:26.321 70038 INFO tempest.lib.common.rest_client [req-efa8ac64-40c1-4e18-8577-6636a6295924 req-efa8ac64-40c1-4e18-8577-6636a6295924 ] Request (ListImageFiltersTestJSON:setUpClass): 201 POST http://10.180.1.21/identity/v3/projects 0.031s
2025-04-05 04:24:26.417 70038 INFO tempest.lib.common.rest_client [req-8b816fb6-868e-4b0d-9c8e-8a04ad6e2bca req-8b816fb6-868e-4b0d-9c8e-8a04ad6e2bca ] Request (ListImageFiltersTestJSON:setUpClass): 201 POST http://10.180.1.21/identity/v3/users 0.095s
2025-04-05 04:24:26.424 70034 INFO tempest.lib.common.rest_client [req-e1ba815d-67fb-4f1f-a54b-f9231352619a req-e1ba815d-67fb-4f1f-a54b-f9231352619a ] Request (MigrationsAdminTest:test_list_migrations_in_flavor_resize_situation): 200 GET http://10.180.1.21/compute/v2.1/servers/1d2d49f3-0406-467b-95b7-22d38c24dcf5 1.342s
2025-04-05 04:24:26.436 70048 INFO tempest.lib.common.rest_client [req-2c2ea9d6-620d-4ef2-ba4e-831910006d96 req-2c2ea9d6-620d-4ef2-ba4e-831910006d96 ] Request (ServersWithSpecificFlavorTestJSON:test_verify_created_server_ephemeral_disk): 200 GET http://10.180.1.21/compute/v2.1/flavors/42/os-extra_specs 1.252s
2025-04-05 04:24:26.441 70026 INFO tempest.lib.common.rest_client [req-f3ff4574-61df-49c6-b4c4-3814ea20385e req-f3ff4574-61df-49c6-b4c4-3814ea20385e ] Request (SecurityGroupsTestAdminJSON:setUpClass): 201 POST http://10.180.1.21/identity/v3/projects 0.126s
2025-04-05 04:24:26.448 70028 INFO tempest.lib.common.rest_client [req-c73aa58d-cb68-4e19-932e-8736033cbc78 req-c73aa58d-cb68-4e19-932e-8736033cbc78 ] Request (ServersTestBootFromVolume:setUpClass): 201 POST http://10.180.1.21:9696/networking/v2.0/security-group-rules 0.417s
2025-04-05 04:24:26.485 69988 INFO tempest.lib.common.rest_client [req-86df7a0d-a630-448e-93e4-861d0e381f61 req-86df7a0d-a630-448e-93e4-861d0e381f61 ] Request (FlavorsExtraSpecsNegativeTestJSON:test_flavor_non_admin_update_specific_key): 200 POST http://10.180.1.21/compute/v2.1/flavors/1630033398/os-extra_specs 1.297s
2025-04-05 04:24:26.505 70038 INFO tempest.lib.common.rest_client [req-a1202349-c984-4808-a514-b651fd6b307a req-a1202349-c984-4808-a514-b651fd6b307a ] Request (ListImageFiltersTestJSON:setUpClass): 200 GET http://10.180.1.21/identity/v3/roles 0.087s
2025-04-05 04:24:26.513 70024 INFO tempest.lib.common.rest_client [req-0bf66a89-af90-40d2-8458-9054f946fb8d req-0bf66a89-af90-40d2-8458-9054f946fb8d ] Request (HypervisorAdminUnderV252Test:tearDownClass): 200 GET http://10.180.1.21:9696/networking/v2.0/security-groups?tenant_id=e0cf822f79bf41daae7cd4e931e29de9&name=default 0.483s
2025-04-05 04:24:26.523 70026 INFO tempest.lib.common.rest_client [req-e08413c5-947e-4f90-adb3-9bb6ad4de07d req-e08413c5-947e-4f90-adb3-9bb6ad4de07d ] Request (SecurityGroupsTestAdminJSON:setUpClass): 201 POST http://10.180.1.21/identity/v3/users 0.082s
2025-04-05 04:24:26.549 70038 INFO tempest.lib.common.rest_client [req-4ce8c1e3-a8fc-44c2-ad37-d0e15323d012 req-4ce8c1e3-a8fc-44c2-ad37-d0e15323d012 ] Request (ListImageFiltersTestJSON:setUpClass): 204 PUT http://10.180.1.21/identity/v3/projects/d448016de48f413ba3e71215ad6aabb9/users/09a5822cb95743dab97edb266d9445cb/roles/eed48a5c707b4e7382606fd96e06a401 0.043s
2025-04-05 04:24:26.549 70038 INFO tempest.lib.common.dynamic_creds [-] Dynamic test user 09a5822cb95743dab97edb266d9445cb is created with scope project and roles: ['member']
2025-04-05 04:24:26.549 70038 INFO tempest.lib.common.dynamic_creds [-] Acquired dynamic creds: credentials: Credentials: {'domain_id': 'default', 'domain_name': 'Default', 'username': 'tempest-ListImageFiltersTestJSON-1291126279-project-member', 'project_domain_id': 'default', 'project_domain_name': 'Default', 'project_id': 'd448016de48f413ba3e71215ad6aabb9', 'project_name': 'tempest-ListImageFiltersTestJSON-1291126279', 'tenant_id': 'd448016de48f413ba3e71215ad6aabb9', 'tenant_name': 'tempest-ListImageFiltersTestJSON-1291126279', 'user_domain_id': 'default', 'user_domain_name': 'Default', 'user_id': '09a5822cb95743dab97edb266d9445cb', 'system': None}, Network: None, Subnet: None, Router: None
2025-04-05 04:24:26.549 70038 INFO tempest.lib.common.dynamic_creds [-] Created isolated network resources for: credentials: Credentials: {'domain_id': 'default', 'domain_name': 'Default', 'username': 'tempest-ListImageFiltersTestJSON-1291126279-project-member', 'project_domain_id': 'default', 'project_domain_name': 'Default', 'project_id': 'd448016de48f413ba3e71215ad6aabb9', 'project_name': 'tempest-ListImageFiltersTestJSON-1291126279', 'tenant_id': 'd448016de48f413ba3e71215ad6aabb9', 'tenant_name': 'tempest-ListImageFiltersTestJSON-1291126279', 'user_domain_id': 'default', 'user_domain_name': 'Default', 'user_id': '09a5822cb95743dab97edb266d9445cb', 'system': None}, Network: None, Subnet: None, Router: None
2025-04-05 04:24:26.595 70026 INFO tempest.lib.common.rest_client [req-5ffef1e5-85dd-4131-bc16-57c0ab51190c req-5ffef1e5-85dd-4131-bc16-57c0ab51190c ] Request (SecurityGroupsTestAdminJSON:setUpClass): 200 GET http://10.180.1.21/identity/v3/roles 0.071s
2025-04-05 04:24:26.677 70038 INFO tempest.lib.common.rest_client [req-64d63446-3b1d-4b1e-aebd-640a3dbea63b req-64d63446-3b1d-4b1e-aebd-640a3dbea63b ] Request (ListImageFiltersTestJSON:setUpClass): 201 POST http://10.180.1.21/identity/v3/auth/tokens 0.123s
2025-04-05 04:24:26.710 70010 INFO tempest.lib.common.rest_client [req-024720f6-6c70-4a81-a3d2-da915ec6f72f req-024720f6-6c70-4a81-a3d2-da915ec6f72f ] Request (QuotasAdminTestV236:test_get_updated_quotas): 200 GET http://10.180.1.21/compute/v2.1/os-quota-sets/81517d714ffa47c98aeafc9c471e5ff7/detail 1.502s
2025-04-05 04:24:26.719 70026 INFO tempest.lib.common.rest_client [req-553d9f37-dbba-4e09-b1e7-d5db99ac89f9 req-553d9f37-dbba-4e09-b1e7-d5db99ac89f9 ] Request (SecurityGroupsTestAdminJSON:setUpClass): 204 PUT http://10.180.1.21/identity/v3/projects/b601fa76614042dea0c5ccc9bd0fde5e/users/c5e7b42d3a8e4cc5a09c4e60aaed788d/roles/eed48a5c707b4e7382606fd96e06a401 0.123s
2025-04-05 04:24:26.719 70026 INFO tempest.lib.common.dynamic_creds [-] Dynamic test user c5e7b42d3a8e4cc5a09c4e60aaed788d is created with scope project and roles: ['member']
2025-04-05 04:24:26.719 70026 INFO tempest.lib.common.dynamic_creds [-] Acquired dynamic creds: credentials: Credentials: {'domain_id': 'default', 'domain_name': 'Default', 'username': 'tempest-SecurityGroupsTestAdminJSON-947040582-project-member', 'project_domain_id': 'default', 'project_domain_name': 'Default', 'project_id': 'b601fa76614042dea0c5ccc9bd0fde5e', 'project_name': 'tempest-SecurityGroupsTestAdminJSON-947040582', 'tenant_id': 'b601fa76614042dea0c5ccc9bd0fde5e', 'tenant_name': 'tempest-SecurityGroupsTestAdminJSON-947040582', 'user_domain_id': 'default', 'user_domain_name': 'Default', 'user_id': 'c5e7b42d3a8e4cc5a09c4e60aaed788d', 'system': None}, Network: None, Subnet: None, Router: None
2025-04-05 04:24:26.720 70026 INFO tempest.lib.common.dynamic_creds [-] Created isolated network resources for: credentials: Credentials: {'domain_id': 'default', 'domain_name': 'Default', 'username': 'tempest-SecurityGroupsTestAdminJSON-947040582-project-member', 'project_domain_id': 'default', 'project_domain_name': 'Default', 'project_id': 'b601fa76614042dea0c5ccc9bd0fde5e', 'project_name': 'tempest-SecurityGroupsTestAdminJSON-947040582', 'tenant_id': 'b601fa76614042dea0c5ccc9bd0fde5e', 'tenant_name': 'tempest-SecurityGroupsTestAdminJSON-947040582', 'user_domain_id': 'default', 'user_domain_name': 'Default', 'user_id': 'c5e7b42d3a8e4cc5a09c4e60aaed788d', 'system': None}, Network: None, Subnet: None, Router: None
2025-04-05 04:24:26.737 69994 INFO tempest.lib.common.rest_client [req-5cab4308-e409-49c1-b5b9-d555f39560ed req-5cab4308-e409-49c1-b5b9-d555f39560ed ] Request (FlavorsV255TestJSON:_run_cleanups): 202 DELETE http://10.180.1.21/compute/v2.1/flavors/1973212100 1.522s
