2025-03-11 18:38:33.795 68798 INFO tempest.lib.common.rest_client [req-7f6b04d5-8a89-4807-9ac8-e637bd10ec83 req-7f6b04d5-8a89-4807-9ac8-e637bd10ec83 ] Request (SecurityGroupRulesTestJSON:test_security_group_rules_create_with_optional_group_id): 200 POST http://10.180.1.21/compute/v2.1/os-security-group-rules 1.455s
2025-03-11 18:38:33.797 68798 WARNING tempest.lib.common.rest_client [-] Deprecated: "tenant_id" property is deprecated for removal, use "project_id" instead
2025-03-11 18:38:33.823 68764 INFO tempest.lib.common.rest_client [req-0cec8b13-2523-4376-a440-2b30f2a556e0 req-0cec8b13-2523-4376-a440-2b30f2a556e0 ] Request (FlavorsAdminTestJSON:_run_cleanups): 202 DELETE http://10.180.1.21/compute/v2.1/flavors/1806426990 1.469s
2025-03-11 18:38:33.895 68780 INFO tempest.lib.common.rest_client [req-5b3f89c4-529c-47dc-8f23-8ae02e109754 req-5b3f89c4-529c-47dc-8f23-8ae02e109754 ] Request (TenantUsagesNegativeTestJSON:test_list_usage_all_tenants_with_non_admin_user): 403 GET http://10.180.1.21/compute/v2.1/os-simple-tenant-usage?start=2025-03-10T18%3A38%3A29.066048&end=2025-03-12T18%3A38%3A29.066048&detailed=1 1.501s
2025-03-11 18:38:33.896 68762 WARNING tempest.lib.common.ssh [-] Failed to establish authenticated ssh connection to cirros@10.180.180.164 ([Errno None] Unable to connect to port 22 on 10.180.180.164). Number attempts: 1. Retry after 2 seconds.: paramiko.ssh_exception.NoValidConnectionsError: [Errno None] Unable to connect to port 22 on 10.180.180.164
2025-03-11 18:38:33.962 68778 INFO tempest.lib.common.rest_client [req-f5bd94c4-b547-461e-8582-930f23b2bbaa req-f5bd94c4-b547-461e-8582-930f23b2bbaa ] Request (MultipleCreateTestJSON:test_multiple_create): 202 POST http://10.180.1.21/compute/v2.1/servers 1.934s
2025-03-11 18:38:33.966 68818 INFO tempest.lib.common.rest_client [req-8f354366-dc7d-4b16-ac01-9100ca850d63 req-8f354366-dc7d-4b16-ac01-9100ca850d63 ] Request (ServerDiagnosticsTest:tearDownClass): 200 GET http://10.180.1.21/compute/v2.1/servers/ddaeb82e-bbf7-430a-bcc8-5b1f70b4d236 1.509s
2025-03-11 18:38:34.018 68780 INFO tempest.lib.common.rest_client [req-ec0ef5ef-e8bd-4177-90a3-4a2418949d4f req-ec0ef5ef-e8bd-4177-90a3-4a2418949d4f ] Request (TenantUsagesNegativeTestJSON:tearDownClass): 204 DELETE http://10.180.1.21/identity/v3/users/0154ac8542b04570b8ac453c17030d5f 0.121s
2025-03-11 18:38:34.055 68784 INFO tempest.lib.common.rest_client [req-a49e591d-59a5-4ee0-a945-f589b2ea8906 req-a49e591d-59a5-4ee0-a945-f589b2ea8906 ] Request (ServerDiagnosticsNegativeTest:tearDownClass): 200 GET http://10.180.1.21/compute/v2.1/servers/180f77ab-e468-410d-8e41-20291487ef5d 1.513s
2025-03-11 18:38:34.172 68780 INFO tempest.lib.common.rest_client [req-55f7d64b-30b4-49aa-930b-3d72d65e6309 req-55f7d64b-30b4-49aa-930b-3d72d65e6309 ] Request (TenantUsagesNegativeTestJSON:tearDownClass): 204 DELETE http://10.180.1.21/identity/v3/users/26ca0e84685c4250a15b9ef41ae94adf 0.151s
2025-03-11 18:38:34.172 68780 INFO tempest.lib.common.dynamic_creds [-] Deleting project and security group for project: a76604892d704894bf5f7e5395635821
2025-03-11 18:38:34.244 68760 INFO tempest.lib.common.rest_client [req-9ba89722-1c2f-4d29-8543-957f4a291f61 req-9ba89722-1c2f-4d29-8543-957f4a291f61 ] Request (ImagesMetadataTestJSON:test_update_image_metadata): 200 POST http://10.180.1.21/compute/v2.1/images/5c355635-aa5b-4029-80c0-0466dab92e17/metadata 1.756s
2025-03-11 18:38:34.260 68780 INFO tempest.lib.common.rest_client [req-8658d06f-ca83-4be4-854b-bdd9c5bcfde8 req-8658d06f-ca83-4be4-854b-bdd9c5bcfde8 ] Request (TenantUsagesNegativeTestJSON:tearDownClass): 201 POST http://10.180.1.21/identity/v3/auth/tokens 0.088s
2025-03-11 18:38:34.275 68811 INFO tempest.lib.common.rest_client [req-2f0f3fc2-2535-441d-9125-dba9376be2f2 req-2f0f3fc2-2535-441d-9125-dba9376be2f2 ] Request (ServerDiskConfigTestJSON:test_rebuild_server_with_auto_disk_config): 200 GET http://10.180.1.21/compute/v2.1/servers/f517b14c-320f-4a6e-ae74-f2335e22f7a4 1.695s
2025-03-11 18:38:34.343 68807 INFO tempest.lib.common.rest_client [req-b01af662-aa81-4be0-8292-da59b3e9332d req-b01af662-aa81-4be0-8292-da59b3e9332d ] Request (VolumesAdminNegativeTest:test_update_attached_volume_with_nonexistent_volume_in_body): 200 GET http://10.180.1.21/compute/v2.1/servers/cf394b0b-cb14-4ae1-81bb-622c951bfdab 1.558s
2025-03-11 18:38:34.419 68776 INFO tempest.lib.common.rest_client [req-33e6c0f5-269f-4e8c-b7b7-eee598cc5c66 req-33e6c0f5-269f-4e8c-b7b7-eee598cc5c66 ] Request (ServerRescueNegativeTestJSON:setUpClass): 200 GET http://10.180.1.21/compute/v2.1/servers/cf691a81-60e3-40ed-ba80-8f481ff2554b 1.609s
2025-03-11 18:38:34.438 68780 INFO tempest.lib.common.rest_client [req-d048d91f-2bef-4db1-9381-37e3c2dc72d7 req-d048d91f-2bef-4db1-9381-37e3c2dc72d7 ] Request (TenantUsagesNegativeTestJSON:tearDownClass): 200 GET http://10.180.1.21:9696/networking/v2.0/security-groups?tenant_id=a76604892d704894bf5f7e5395635821&name=default 0.177s
2025-03-11 18:38:34.476 68782 INFO tempest.lib.common.rest_client [req-e2eb9b37-b934-4e90-bd68-cdd20693699b req-e2eb9b37-b934-4e90-bd68-cdd20693699b ] Request (ImagesNegativeTestJSON:test_create_image_from_deleted_server): 200 GET http://10.180.1.21/compute/v2.1/servers/1537e626-f2ec-4b5d-bcba-50cd583dff31 1.740s
2025-03-11 18:38:34.485 68782 INFO tempest.common.waiters [-] State transition "BUILD/spawning" ==> "ACTIVE/None" after 20 second wait
2025-03-11 18:38:34.503 68794 INFO tempest.lib.common.rest_client [req-6b22b81c-cf61-4881-abcd-8bfc2c7d6a9b req-6b22b81c-cf61-4881-abcd-8bfc2c7d6a9b ] Request (AggregatesAdminNegativeTestJSON:test_aggregate_get_details_as_user): 200 POST http://10.180.1.21/compute/v2.1/os-aggregates 1.672s
2025-03-11 18:38:34.525 68780 INFO tempest.lib.common.rest_client [req-019df08d-4120-429d-996c-c266e774508c req-019df08d-4120-429d-996c-c266e774508c ] Request (TenantUsagesNegativeTestJSON:tearDownClass): 204 DELETE http://10.180.1.21:9696/networking/v2.0/security-groups/b78ddc5b-bf31-4dbe-9b42-7d44bfaf27e0 0.087s
2025-03-11 18:38:34.540 68800 INFO tempest.lib.common.rest_client [req-3d300382-6293-43a1-904a-c787ccb8a61b req-3d300382-6293-43a1-904a-c787ccb8a61b ] Request (SecurityGroupRulesNegativeTestJSON:tearDownClass): 202 DELETE http://10.180.1.21/compute/v2.1/os-security-groups/fe567a4b-d6c9-4b86-aa07-347d85a6b59e 1.726s
2025-03-11 18:38:34.562 68814 INFO tempest.lib.common.rest_client [req-dc11a07d-e3ec-420e-ad4e-308afcd8bf1c req-dc11a07d-e3ec-420e-ad4e-308afcd8bf1c ] Request (ServerRescueTestJSON:setUpClass): 200 GET http://10.180.1.21/compute/v2.1/servers/ad773afa-fc0a-4380-901d-af013ce55f2b 1.701s
2025-03-11 18:38:34.572 68814 INFO tempest.common.waiters [-] State transition "BUILD/scheduling" ==> "BUILD/None" after 6 second wait
2025-03-11 18:38:34.600 68802 INFO tempest.lib.common.rest_client [req-b4fb79d7-dc2a-4a53-bf4c-c3bf9594931a req-b4fb79d7-dc2a-4a53-bf4c-c3bf9594931a ] Request (AttachInterfacesUnderV243Test:test_add_remove_fixed_ip): 200 GET http://10.180.1.21/compute/v2.1/servers/07d98c5c-ede8-4001-93b2-1b1d83687ca1 1.678s
2025-03-11 18:38:34.602 68780 INFO tempest.lib.common.rest_client [req-45fbf99d-2468-4963-bb04-e670e0778df6 req-45fbf99d-2468-4963-bb04-e670e0778df6 ] Request (TenantUsagesNegativeTestJSON:tearDownClass): 204 DELETE http://10.180.1.21/identity/v3/projects/a76604892d704894bf5f7e5395635821 0.077s
2025-03-11 18:38:34.602 68780 INFO tempest.lib.common.dynamic_creds [-] Deleting project and security group for project: 0ccdaacccf7c4ea4b135cc86c1dbca37
2025-03-11 18:38:34.611 68802 INFO tempest.common.waiters [-] State transition "BUILD/scheduling" ==> "BUILD/None" after 8 second wait
2025-03-11 18:38:34.619 68772 INFO tempest.lib.common.rest_client [req-96026880-f61d-48c8-8210-b6e3fc769406 req-96026880-f61d-48c8-8210-b6e3fc769406 ] Request (DeleteServersAdminTestJSON:test_admin_delete_servers_of_others): 404 GET http://10.180.1.21/compute/v2.1/servers/df3fbf16-d3d9-4138-b563-6ea09dd233b8 1.658s
2025-03-11 18:38:34.675 68808 INFO tempest.lib.common.rest_client [req-2df305b6-4a9d-490c-b83a-3629bf0979d5 req-2df305b6-4a9d-490c-b83a-3629bf0979d5 ] Request (ImagesOneServerNegativeTestJSON:setUpClass): 200 GET http://10.180.1.21/compute/v2.1/servers/d7c64aa1-44f8-44f4-9fb6-463033837736 1.662s
2025-03-11 18:38:34.693 68772 INFO tempest.lib.common.rest_client [req-f898fb02-7422-44b7-ae54-d4c5ed400091 req-f898fb02-7422-44b7-ae54-d4c5ed400091 ] Request (DeleteServersAdminTestJSON:test_delete_server_while_in_error_state): 201 POST http://10.180.1.21/identity/v3/auth/tokens 0.065s
2025-03-11 18:38:34.693 68772 INFO tempest.lib.common.fixed_network [-] (DeleteServersAdminTestJSON:test_delete_server_while_in_error_state) Found network None available for tenant
2025-03-11 18:38:34.726 68788 INFO tempest.lib.common.rest_client [req-698d4767-d8f8-46ef-b9d7-73bc07a1f571 req-698d4767-d8f8-46ef-b9d7-73bc07a1f571 ] Request (ServersWithSpecificFlavorTestJSON:test_verify_created_server_ephemeral_disk): 200 GET http://10.180.1.21/compute/v2.1/servers/c74569b8-dfc9-4a74-9d25-74b484bd9477 1.698s
2025-03-11 18:38:34.726 68780 INFO tempest.lib.common.rest_client [req-2c490b7b-ed55-42ec-b454-21f980c3c917 req-2c490b7b-ed55-42ec-b454-21f980c3c917 ] Request (TenantUsagesNegativeTestJSON:tearDownClass): 200 GET http://10.180.1.21:9696/networking/v2.0/security-groups?tenant_id=0ccdaacccf7c4ea4b135cc86c1dbca37&name=default 0.123s
2025-03-11 18:38:34.735 68774 INFO tempest.lib.common.rest_client [req-791c2464-a7ce-4406-b070-2ea422a35ee9 req-791c2464-a7ce-4406-b070-2ea422a35ee9 ] Request (ServersV294TestFqdnHostnames:setUpClass): 201 POST http://10.180.1.21/compute/v2.1/os-keypairs 1.782s
2025-03-11 18:38:34.803 68768 INFO tempest.lib.common.rest_client [req-4216dd43-3764-4aba-bf76-24e3db4ea66d req-4216dd43-3764-4aba-bf76-24e3db4ea66d ] Request (ServersAdminTestJSON:setUpClass): 200 GET http://10.180.1.21/compute/v2.1/servers/d5db3112-88c7-43af-a434-b91ca69f8559 1.709s
2025-03-11 18:38:34.839 68774 INFO tempest.lib.common.rest_client [req-42c10433-48bb-4bc1-a592-17417fec7183 req-42c10433-48bb-4bc1-a592-17417fec7183 ] Request (ServersV294TestFqdnHostnames:setUpClass): 201 POST http://10.180.1.21:9696/networking/v2.0/security-groups 0.103s
2025-03-11 18:38:34.918 68780 INFO tempest.lib.common.rest_client [req-51f4fce3-1b67-4755-b58c-6ebd4be721a1 req-51f4fce3-1b67-4755-b58c-6ebd4be721a1 ] Request (TenantUsagesNegativeTestJSON:tearDownClass): 204 DELETE http://10.180.1.21:9696/networking/v2.0/security-groups/125f863a-7e09-4256-86c3-a7e07ebbcec1 0.191s
2025-03-11 18:38:34.929 68774 INFO tempest.lib.common.rest_client [req-a5d5e737-e03d-4fa8-b3c3-f75e69e85576 req-a5d5e737-e03d-4fa8-b3c3-f75e69e85576 ] Request (ServersV294TestFqdnHostnames:setUpClass): 201 POST http://10.180.1.21:9696/networking/v2.0/security-group-rules 0.089s
2025-03-11 18:38:34.946 68796 INFO tempest.lib.common.rest_client [req-abfa7c28-9431-4983-8654-c95a35f37598 req-abfa7c28-9431-4983-8654-c95a35f37598 ] Request (SecurityGroupsTestJSON:test_security_groups_create_list_delete): 200 POST http://10.180.1.21/compute/v2.1/os-security-groups 1.867s
2025-03-11 18:38:34.986 68770 INFO tempest.lib.common.rest_client [req-7bcf37d2-c568-4e79-bb67-af26ece95820 req-7bcf37d2-c568-4e79-bb67-af26ece95820 ] Request (FlavorsAccessNegativeTestJSON:_run_cleanups): 202 DELETE http://10.180.1.21/compute/v2.1/flavors/468016494 1.789s
2025-03-11 18:38:35.009 68766 INFO tempest.lib.common.rest_client [req-79ff307a-9ad0-407b-9f6b-5138488e6374 req-79ff307a-9ad0-407b-9f6b-5138488e6374 ] Request (ServersAdminNegativeTestJSON:test_migrate_server_invalid_state): 200 GET http://10.180.1.21/compute/v2.1/servers/a2d0200e-e38e-4ef7-8d6c-29e9ceeb397f 1.881s
2025-03-11 18:38:35.018 68766 INFO tempest.common.waiters [-] State transition "BUILD/spawning" ==> "ACTIVE/None" after 18 second wait
2025-03-11 18:38:35.035 68774 INFO tempest.lib.common.rest_client [req-023a7270-aad1-46f5-b63c-b24fcd328615 req-023a7270-aad1-46f5-b63c-b24fcd328615 ] Request (ServersV294TestFqdnHostnames:setUpClass): 201 POST http://10.180.1.21:9696/networking/v2.0/security-group-rules 0.106s
2025-03-11 18:38:35.069 68786 INFO tempest.lib.common.rest_client [req-93974d57-0dd3-45fc-8e9e-4277bf4cc3a5 req-93974d57-0dd3-45fc-8e9e-4277bf4cc3a5 ] Request (ServersAdmin275Test:test_rebuild_update_server_275): 200 GET http://10.180.1.21/compute/v2.1/servers/5435b4d8-46c3-43e3-b11b-cbeb580e2f36 1.862s
2025-03-11 18:38:35.092 68780 INFO tempest.lib.common.rest_client [req-3246526a-02ef-407a-b58d-542c6fcd91d9 req-3246526a-02ef-407a-b58d-542c6fcd91d9 ] Request (TenantUsagesNegativeTestJSON:tearDownClass): 204 DELETE http://10.180.1.21/identity/v3/projects/0ccdaacccf7c4ea4b135cc86c1dbca37 0.174s
2025-03-11 18:38:35.099 68792 INFO tempest.lib.common.rest_client [req-55568535-097b-4c90-9318-15d9d1ed6063 req-55568535-097b-4c90-9318-15d9d1ed6063 ] Request (KeyPairsV22TestJSON:_run_cleanups): 204 DELETE http://10.180.1.21/compute/v2.1/os-keypairs/tempest-keypair-893493777 1.826s
2025-03-11 18:38:35.166 68758 INFO tempest.lib.common.rest_client [req-e65b7b28-f786-4b7a-a1bf-eeb44ce923c4 req-e65b7b28-f786-4b7a-a1bf-eeb44ce923c4 ] Request (MigrationsAdminTest:test_list_migrations_in_flavor_resize_situation): 200 GET http://10.180.1.21/compute/v2.1/servers/1186da93-57aa-40f4-8aae-702d039844d4 1.922s
2025-03-11 18:38:35.193 68780 INFO tempest.lib.common.rest_client [req-b18c79ad-43e6-4d9a-b991-12c81b61cbb5 req-b18c79ad-43e6-4d9a-b991-12c81b61cbb5 ] Request (FloatingIPDetailsNegativeTestJSON:setUpClass): 201 POST http://10.180.1.21/identity/v3/auth/tokens 0.099s
2025-03-11 18:38:35.194 68812 INFO tempest.lib.common.rest_client [req-ecd26cd9-7754-40bb-9066-b9412bd5ed45 req-ecd26cd9-7754-40bb-9066-b9412bd5ed45 ] Request (ServerTagsTestJSON:test_check_tag_existence): 204 GET http://10.180.1.21/compute/v2.1/servers/0649ee2f-cd90-4597-b7c4-09f2acaf3f54/tags/tempest-tag-1222508139 1.798s
2025-03-11 18:38:35.244 68780 INFO tempest.lib.common.rest_client [req-72f412f0-c235-45cd-9fb2-169900daea17 req-72f412f0-c235-45cd-9fb2-169900daea17 ] Request (FloatingIPDetailsNegativeTestJSON:setUpClass): 201 POST http://10.180.1.21/identity/v3/auth/tokens 0.048s
2025-03-11 18:38:35.277 68780 INFO tempest.lib.common.rest_client [req-e4c51448-fdcd-4265-ae16-97d25ba3f66c req-e4c51448-fdcd-4265-ae16-97d25ba3f66c ] Request (FloatingIPDetailsNegativeTestJSON:setUpClass): 200 GET http://10.180.1.21/identity/v3/domains?name=Default 0.032s
2025-03-11 18:38:35.315 68780 INFO tempest.lib.common.rest_client [req-b3cef7a3-c6aa-42d1-b45a-d67fe3b0c17c req-b3cef7a3-c6aa-42d1-b45a-d67fe3b0c17c ] Request (FloatingIPDetailsNegativeTestJSON:setUpClass): 201 POST http://10.180.1.21/identity/v3/projects 0.038s
2025-03-11 18:38:35.408 68780 INFO tempest.lib.common.rest_client [req-17f4a93a-f763-4961-be29-d68329728fd8 req-17f4a93a-f763-4961-be29-d68329728fd8 ] Request (FloatingIPDetailsNegativeTestJSON:setUpClass): 201 POST http://10.180.1.21/identity/v3/users 0.092s
2025-03-11 18:38:35.410 68816 INFO tempest.lib.common.rest_client [req-d31127b0-76ab-4107-9cc6-e5bcfc2bc8cf req-d31127b0-76ab-4107-9cc6-e5bcfc2bc8cf ] Request (InstanceActionsTestJSON:tearDownClass): 200 GET http://10.180.1.21/compute/v2.1/servers/ce8fd88b-249b-4fee-80fc-35b795d24658 1.926s
2025-03-11 18:38:35.446 68780 INFO tempest.lib.common.rest_client [req-f0805a14-9633-48ba-9f1e-6471eddab5f0 req-f0805a14-9633-48ba-9f1e-6471eddab5f0 ] Request (FloatingIPDetailsNegativeTestJSON:setUpClass): 200 GET http://10.180.1.21/identity/v3/roles 0.037s
2025-03-11 18:38:35.482 68780 INFO tempest.lib.common.rest_client [req-dcee05dd-3ee6-49f2-a8dc-79c46baa9d9d req-dcee05dd-3ee6-49f2-a8dc-79c46baa9d9d ] Request (FloatingIPDetailsNegativeTestJSON:setUpClass): 204 PUT http://10.180.1.21/identity/v3/projects/9f8c8313e38f4f938b6e8749ed0f3541/users/2492716a233d423285c0ea850b2e7735/roles/671946a1235d4df5b9ff277ab0e4ab0b 0.036s
2025-03-11 18:38:35.483 68780 INFO tempest.lib.common.dynamic_creds [-] Dynamic test user 2492716a233d423285c0ea850b2e7735 is created with scope project and roles: ['member']
2025-03-11 18:38:35.483 68780 INFO tempest.lib.common.dynamic_creds [-] Acquired dynamic creds: credentials: Credentials: {'domain_id': 'default', 'domain_name': 'Default', 'username': 'tempest-FloatingIPDetailsNegativeTestJSON-840645531-project-member', 'project_domain_id': 'default', 'project_domain_name': 'Default', 'project_id': '9f8c8313e38f4f938b6e8749ed0f3541', 'project_name': 'tempest-FloatingIPDetailsNegativeTestJSON-840645531', 'tenant_id': '9f8c8313e38f4f938b6e8749ed0f3541', 'tenant_name': 'tempest-FloatingIPDetailsNegativeTestJSON-840645531', 'user_domain_id': 'default', 'user_domain_name': 'Default', 'user_id': '2492716a233d423285c0ea850b2e7735', 'system': None}, Network: None, Subnet: None, Router: None
2025-03-11 18:38:35.507 68774 INFO tempest.lib.common.rest_client [req-ce78b7a4-7ec4-423a-b142-d1576a8d9f01 req-ce78b7a4-7ec4-423a-b142-d1576a8d9f01 ] Request (ServersV294TestFqdnHostnames:setUpClass): 201 POST http://10.180.1.21:9696/networking/v2.0/floatingips 0.471s
2025-03-11 18:38:35.565 68780 INFO tempest.lib.common.rest_client [req-2f2f6f5c-31aa-488d-bd9a-f6f62ad6eb2a req-2f2f6f5c-31aa-488d-bd9a-f6f62ad6eb2a ] Request (FloatingIPDetailsNegativeTestJSON:setUpClass): 201 POST http://10.180.1.21/identity/v3/auth/tokens 0.081s
2025-03-11 18:38:35.593 68774 INFO tempest.lib.common.rest_client [req-c27f096f-9da0-4ea2-90ea-4758a9384a07 req-c27f096f-9da0-4ea2-90ea-4758a9384a07 ] Request (ServersV294TestFqdnHostnames:setUpClass): 201 POST http://10.180.1.21/identity/v3/auth/tokens 0.083s
2025-03-11 18:38:35.593 68774 INFO tempest.lib.common.fixed_network [-] (ServersV294TestFqdnHostnames:setUpClass) Found network {'id': '260635a4-08b1-4ef0-8347-6f14d256fce0', 'name': 'tempest-ServersV294TestFqdnHostnames-2002916601-network', 'tenant_id': '580da549128340b9ab717ba1ada787b7', 'admin_state_up': True, 'mtu': 8950, 'status': 'ACTIVE', 'subnets': [], 'shared': False, 'project_id': '580da549128340b9ab717ba1ada787b7', 'port_security_enabled': True, 'router:external': False, 'provider:network_type': 'vlan', 'provider:physical_network': 'default', 'provider:segmentation_id': 187, 'availability_zone_hints': [], 'availability_zones': [], 'ipv4_address_scope': None, 'ipv6_address_scope': None, 'description': '', 'tags': [], 'created_at': '2025-03-11T18:38:30Z', 'updated_at': '2025-03-11T18:38:30Z', 'revision_number': 1} available for tenant
2025-03-11 18:38:35.702 68798 INFO tempest.lib.common.rest_client [req-083fcd85-0086-414c-88ae-4dfa502af406 req-083fcd85-0086-414c-88ae-4dfa502af406 ] Request (SecurityGroupRulesTestJSON:test_security_group_rules_delete_when_peer_group_deleted): 200 POST http://10.180.1.21/compute/v2.1/os-security-groups 1.902s
2025-03-11 18:38:35.741 68764 INFO tempest.lib.common.rest_client [req-5cc1ab22-e8c0-40a0-ae87-0bb1d97f2e07 req-5cc1ab22-e8c0-40a0-ae87-0bb1d97f2e07 ] Request (FlavorsAdminTestJSON:_run_cleanups): 200 GET http://10.180.1.21/compute/v2.1/flavors/detail 1.917s
2025-03-11 18:38:35.881 68778 INFO tempest.lib.common.rest_client [req-e348489d-7c07-4785-9e35-b48dac12d5b0 req-e348489d-7c07-4785-9e35-b48dac12d5b0 ] Request (MultipleCreateTestJSON:test_multiple_create): 200 GET http://10.180.1.21/compute/v2.1/servers 1.917s
2025-03-11 18:38:35.921 68760 INFO tempest.lib.common.rest_client [req-05b16345-4091-4570-924b-32164d6a2e9f req-05b16345-4091-4570-924b-32164d6a2e9f ] Request (ImagesMetadataTestJSON:test_update_image_metadata): 200 GET http://10.180.1.21/compute/v2.1/images/5c355635-aa5b-4029-80c0-0466dab92e17/metadata 1.675s
2025-03-11 18:38:35.988 68780 INFO tempest.lib.common.rest_client [req-46bd80c1-7b31-40f4-a943-6d81ddacf88e req-46bd80c1-7b31-40f4-a943-6d81ddacf88e ] Request (FloatingIPDetailsNegativeTestJSON:setUpClass): 201 POST http://10.180.1.21:9696/networking/v2.0/networks 0.423s
2025-03-11 18:38:35.998 68760 INFO tempest.lib.common.rest_client [req-983f91d7-895b-4055-823d-8344b06ab44f req-983f91d7-895b-4055-823d-8344b06ab44f ] Request (ImagesMetadataTestJSON:tearDownClass): 204 DELETE http://10.180.1.21/image/v2/images/5c355635-aa5b-4029-80c0-0466dab92e17 0.075s
2025-03-11 18:38:36.015 68805 INFO tempest.lib.common.rest_client [req-645fde4e-a287-4c41-b38b-94ae5aa81099 req-645fde4e-a287-4c41-b38b-94ae5aa81099 ] Request (FloatingIPDetailsTestJSON:setUpClass): 200 POST http://10.180.1.21/compute/v2.1/os-floating-ips 2.676s
2025-03-11 18:38:36.111 68760 INFO tempest.lib.common.rest_client [req-39142e44-cadc-40fa-9e43-26f2f283ed53 req-39142e44-cadc-40fa-9e43-26f2f283ed53 ] Request (ImagesMetadataTestJSON:tearDownClass): 204 DELETE http://10.180.1.21/identity/v3/users/75525eda46e64d7e89222fe11ed07c78 0.112s
2025-03-11 18:38:36.111 68760 INFO tempest.lib.common.dynamic_creds [-] Deleting project and security group for project: a5010c102b8c4cfba1621aa2f577a0a5
2025-03-11 18:38:36.161 68782 INFO tempest.lib.common.rest_client [req-eac35a95-1711-4c43-9b42-b73303528587 req-eac35a95-1711-4c43-9b42-b73303528587 ] Request (ImagesNegativeTestJSON:test_create_image_from_deleted_server): 204 DELETE http://10.180.1.21/compute/v2.1/servers/1537e626-f2ec-4b5d-bcba-50cd583dff31 1.675s
2025-03-11 18:38:36.169 68794 INFO tempest.lib.common.rest_client [req-2ed45a28-f006-4696-955f-23c0010eb016 req-2ed45a28-f006-4696-955f-23c0010eb016 ] Request (AggregatesAdminNegativeTestJSON:test_aggregate_get_details_as_user): 403 GET http://10.180.1.21/compute/v2.1/os-aggregates/6 1.664s
2025-03-11 18:38:36.170 68790 INFO tempest.lib.common.rest_client [req-ebfc00db-db16-4ebe-898d-0badefc4ef78 req-ebfc00db-db16-4ebe-898d-0badefc4ef78 ] Request (ImagesTestJSON:test_create_image_from_stopped_server): 200 GET http://10.180.1.21/compute/v2.1/servers/5abc2c5a-2177-4d77-97ce-872808bb47ee 1.717s
2025-03-11 18:38:36.181 68790 INFO tempest.common.waiters [-] State transition "ACTIVE/powering-off" ==> "SHUTOFF/None" after 3 second wait
2025-03-11 18:38:36.205 68760 INFO tempest.lib.common.rest_client [req-1cc3b937-4f1f-424a-a405-080b95805e15 req-1cc3b937-4f1f-424a-a405-080b95805e15 ] Request (ImagesMetadataTestJSON:tearDownClass): 201 POST http://10.180.1.21/identity/v3/auth/tokens 0.094s
2025-03-11 18:38:36.329 68780 INFO tempest.lib.common.rest_client [req-9d3398e0-b3a9-4437-a826-d9fff4a4542a req-9d3398e0-b3a9-4437-a826-d9fff4a4542a ] Request (FloatingIPDetailsNegativeTestJSON:setUpClass): 201 POST http://10.180.1.21:9696/networking/v2.0/subnets 0.340s
2025-03-11 18:38:36.336 68800 INFO tempest.lib.common.rest_client [req-0f15c182-186d-4603-90a4-f7e00cb191c1 req-0f15c182-186d-4603-90a4-f7e00cb191c1 ] Request (SecurityGroupRulesNegativeTestJSON:tearDownClass): 202 DELETE http://10.180.1.21/compute/v2.1/os-security-groups/bc9a8911-9aa0-4c6a-bd7f-20b7fdb8ab18 1.795s
2025-03-11 18:38:36.353 68760 INFO tempest.lib.common.rest_client [req-d893fb96-77ff-4b27-8649-302c464302c5 req-d893fb96-77ff-4b27-8649-302c464302c5 ] Request (ImagesMetadataTestJSON:tearDownClass): 200 GET http://10.180.1.21:9696/networking/v2.0/security-groups?tenant_id=a5010c102b8c4cfba1621aa2f577a0a5&name=default 0.147s
2025-03-11 18:38:36.426 68760 INFO tempest.lib.common.rest_client [req-ce595298-55cf-410f-96a3-71bf1de33b8a req-ce595298-55cf-410f-96a3-71bf1de33b8a ] Request (ImagesMetadataTestJSON:tearDownClass): 204 DELETE http://10.180.1.21:9696/networking/v2.0/security-groups/8dd5b50b-fdd5-415b-891f-6cc472fa8127 0.073s
2025-03-11 18:38:36.430 68772 INFO tempest.lib.common.rest_client [req-2bb3105e-2a5b-44fc-93ab-a9595a6b21b1 req-2bb3105e-2a5b-44fc-93ab-a9595a6b21b1 ] Request (DeleteServersAdminTestJSON:test_delete_server_while_in_error_state): 202 POST http://10.180.1.21/compute/v2.1/servers 1.736s
2025-03-11 18:38:36.496 68760 INFO tempest.lib.common.rest_client [req-40f5c86e-af1e-44f4-ae04-671f4edc42db req-40f5c86e-af1e-44f4-ae04-671f4edc42db ] Request (ImagesMetadataTestJSON:tearDownClass): 204 DELETE http://10.180.1.21/identity/v3/projects/a5010c102b8c4cfba1621aa2f577a0a5 0.069s
2025-03-11 18:38:36.592 68760 INFO tempest.lib.common.rest_client [req-fe19333e-c7d7-4d4d-922c-0494cbe2655a req-fe19333e-c7d7-4d4d-922c-0494cbe2655a ] Request (ListServerFiltersTestJSON:setUpClass): 201 POST http://10.180.1.21/identity/v3/auth/tokens 0.094s
2025-03-11 18:38:36.621 68760 INFO tempest.lib.common.rest_client [req-96c6ad04-db23-458d-83cf-5ecd700f7dae req-96c6ad04-db23-458d-83cf-5ecd700f7dae ] Request (ListServerFiltersTestJSON:setUpClass): 201 POST http://10.180.1.21/identity/v3/auth/tokens 0.027s
2025-03-11 18:38:36.651 68760 INFO tempest.lib.common.rest_client [req-2a9929ce-ab31-4de4-a0b9-0dbece9d09a1 req-2a9929ce-ab31-4de4-a0b9-0dbece9d09a1 ] Request (ListServerFiltersTestJSON:setUpClass): 200 GET http://10.180.1.21/identity/v3/domains?name=Default 0.029s
2025-03-11 18:38:36.682 68760 INFO tempest.lib.common.rest_client [req-22023406-dd9a-416f-b0e2-03c17e0dff47 req-22023406-dd9a-416f-b0e2-03c17e0dff47 ] Request (ListServerFiltersTestJSON:setUpClass): 201 POST http://10.180.1.21/identity/v3/projects 0.030s
2025-03-11 18:38:36.693 68818 INFO tempest.lib.common.rest_client [req-98211fc9-81ce-4c4a-80de-7460f3392182 req-98211fc9-81ce-4c4a-80de-7460f3392182 ] Request (ServerDiagnosticsTest:tearDownClass): 200 GET http://10.180.1.21/compute/v2.1/servers/ddaeb82e-bbf7-430a-bcc8-5b1f70b4d236 1.713s
2025-03-11 18:38:36.725 68770 INFO tempest.lib.common.rest_client [req-137134e9-ba76-40dd-9239-6dbbcb17d8fd req-137134e9-ba76-40dd-9239-6dbbcb17d8fd ] Request (FlavorsAccessNegativeTestJSON:_run_cleanups): 200 GET http://10.180.1.21/compute/v2.1/flavors/detail 1.739s
2025-03-11 18:38:36.742 68796 INFO tempest.lib.common.rest_client [req-1833d6c6-c2a3-4b22-9740-5480212900ed req-1833d6c6-c2a3-4b22-9740-5480212900ed ] Request (SecurityGroupsTestJSON:test_security_groups_create_list_delete): 200 POST http://10.180.1.21/compute/v2.1/os-security-groups 1.791s
2025-03-11 18:38:36.767 68784 INFO tempest.lib.common.rest_client [req-be039a90-70a4-407b-a184-38bcf2f22863 req-be039a90-70a4-407b-a184-38bcf2f22863 ] Request (ServerDiagnosticsNegativeTest:tearDownClass): 404 GET http://10.180.1.21/compute/v2.1/servers/180f77ab-e468-410d-8e41-20291487ef5d 1.699s
2025-03-11 18:38:36.769 68760 INFO tempest.lib.common.rest_client [req-b6ef75c8-1095-4639-bf04-b162b067331c req-b6ef75c8-1095-4639-bf04-b162b067331c ] Request (ListServerFiltersTestJSON:setUpClass): 201 POST http://10.180.1.21/identity/v3/users 0.086s
2025-03-11 18:38:36.817 68792 INFO tempest.lib.common.rest_client [req-5d6fa471-c68a-4f49-922d-a94728f31b89 req-5d6fa471-c68a-4f49-922d-a94728f31b89 ] Request (KeyPairsV22TestJSON:test_keypair_create_with_pub_key): 201 POST http://10.180.1.21/compute/v2.1/os-keypairs 1.715s
2025-03-11 18:38:36.821 68770 INFO tempest.lib.common.rest_client [req-a94a43c1-f146-4326-b3b4-be479fb516b4 req-a94a43c1-f146-4326-b3b4-be479fb516b4 ] Request (FlavorsAccessNegativeTestJSON:tearDownClass): 204 DELETE http://10.180.1.21/identity/v3/users/35fb106785cd49b898c0c2ccf74f9d4b 0.089s
2025-03-11 18:38:36.826 68784 INFO tempest.lib.common.rest_client [req-f9d19430-0ee7-4d8e-8467-ad61fb5b90b6 req-f9d19430-0ee7-4d8e-8467-ad61fb5b90b6 ] Request (ServerDiagnosticsNegativeTest:tearDownClass): 204 DELETE http://10.180.1.21/identity/v3/users/e2f590291b044cc3b5b66e7474c9a755 0.058s
2025-03-11 18:38:36.826 68766 INFO tempest.lib.common.rest_client [req-a0ca14ad-0bbd-4a7a-920f-cfe3bf1ed36e req-a0ca14ad-0bbd-4a7a-920f-cfe3bf1ed36e ] Request (ServersAdminNegativeTestJSON:test_migrate_server_invalid_state): 202 POST http://10.180.1.21/compute/v2.1/servers/a2d0200e-e38e-4ef7-8d6c-29e9ceeb397f/action 1.808s
2025-03-11 18:38:36.866 68812 INFO tempest.lib.common.rest_client [req-702ec8d3-c962-440f-938f-b0a2768066d6 req-702ec8d3-c962-440f-938f-b0a2768066d6 ] Request (ServerTagsTestJSON:_run_cleanups): 204 DELETE http://10.180.1.21/compute/v2.1/servers/0649ee2f-cd90-4597-b7c4-09f2acaf3f54/tags 1.671s
2025-03-11 18:38:36.896 68760 INFO tempest.lib.common.rest_client [req-7b9380d1-a519-49ce-a1a3-c93ca3f1b8e0 req-7b9380d1-a519-49ce-a1a3-c93ca3f1b8e0 ] Request (ListServerFiltersTestJSON:setUpClass): 200 GET http://10.180.1.21/identity/v3/roles 0.126s
2025-03-11 18:38:36.919 68770 INFO tempest.lib.common.rest_client [req-9e87a3f7-2171-4f1d-ac7b-cf179db892e5 req-9e87a3f7-2171-4f1d-ac7b-cf179db892e5 ] Request (FlavorsAccessNegativeTestJSON:tearDownClass): 204 DELETE http://10.180.1.21/identity/v3/users/f7437a12c1dc40199c29f64051299418 0.097s
2025-03-11 18:38:36.925 68807 INFO tempest.lib.common.rest_client [req-ec97db93-7ecd-4870-8d3b-a5a388799ed4 req-ec97db93-7ecd-4870-8d3b-a5a388799ed4 ] Request (VolumesAdminNegativeTest:test_update_attached_volume_with_nonexistent_volume_in_body): 200 GET http://10.180.1.21/compute/v2.1/servers/cf394b0b-cb14-4ae1-81bb-622c951bfdab 1.569s
2025-03-11 18:38:36.931 68807 INFO tempest.common.waiters [-] State transition "BUILD/None" ==> "BUILD/networking" after 18 second wait
2025-03-11 18:38:36.944 68762 WARNING tempest.lib.common.ssh [-] Failed to establish authenticated ssh connection to cirros@10.180.180.164 ([Errno None] Unable to connect to port 22 on 10.180.180.164). Number attempts: 2. Retry after 3 seconds.: paramiko.ssh_exception.NoValidConnectionsError: [Errno None] Unable to connect to port 22 on 10.180.180.164
2025-03-11 18:38:36.952 68811 INFO tempest.lib.common.rest_client [req-6129e956-19e7-47fa-9759-9d6454180e0b req-6129e956-19e7-47fa-9759-9d6454180e0b ] Request (ServerDiskConfigTestJSON:test_rebuild_server_with_auto_disk_config): 200 GET http://10.180.1.21/compute/v2.1/servers/f517b14c-320f-4a6e-ae74-f2335e22f7a4 1.666s
2025-03-11 18:38:36.979 68776 INFO tempest.lib.common.rest_client [req-63e8aa36-c2c5-41b1-9fd0-dabba49519d1 req-63e8aa36-c2c5-41b1-9fd0-dabba49519d1 ] Request (ServerRescueNegativeTestJSON:setUpClass): 200 GET http://10.180.1.21/compute/v2.1/servers/cf691a81-60e3-40ed-ba80-8f481ff2554b 1.549s
2025-03-11 18:38:36.984 68760 INFO tempest.lib.common.rest_client [req-46df2258-d68f-4875-8139-4407ae57a826 req-46df2258-d68f-4875-8139-4407ae57a826 ] Request (ListServerFiltersTestJSON:setUpClass): 204 PUT http://10.180.1.21/identity/v3/projects/f8fb35616c64449f9a7b85f2d7e7d3c2/users/8cf9b0dcb1774cc486f4168c1cea40d6/roles/671946a1235d4df5b9ff277ab0e4ab0b 0.088s
2025-03-11 18:38:36.985 68760 INFO tempest.lib.common.dynamic_creds [-] Dynamic test user 8cf9b0dcb1774cc486f4168c1cea40d6 is created with scope project and roles: ['member']
2025-03-11 18:38:36.985 68760 INFO tempest.lib.common.dynamic_creds [-] Acquired dynamic creds: credentials: Credentials: {'domain_id': 'default', 'domain_name': 'Default', 'username': 'tempest-ListServerFiltersTestJSON-599693446-project-member', 'project_domain_id': 'default', 'project_domain_name': 'Default', 'project_id': 'f8fb35616c64449f9a7b85f2d7e7d3c2', 'project_name': 'tempest-ListServerFiltersTestJSON-599693446', 'tenant_id': 'f8fb35616c64449f9a7b85f2d7e7d3c2', 'tenant_name': 'tempest-ListServerFiltersTestJSON-599693446', 'user_domain_id': 'default', 'user_domain_name': 'Default', 'user_id': '8cf9b0dcb1774cc486f4168c1cea40d6', 'system': None}, Network: None, Subnet: None, Router: None
2025-03-11 18:38:36.991 68784 INFO tempest.lib.common.rest_client [req-38aa5508-d964-4976-845c-88fe51a4ec3c req-38aa5508-d964-4976-845c-88fe51a4ec3c ] Request (ServerDiagnosticsNegativeTest:tearDownClass): 204 DELETE http://10.180.1.21/identity/v3/users/a19a0236921144e99f4704ecff901fa5 0.165s
2025-03-11 18:38:36.992 68784 INFO tempest.lib.common.dynamic_creds [-] Deleting project and security group for project: 78fa0b9c26b04821bf43772290f609df
2025-03-11 18:38:37.023 68814 INFO tempest.lib.common.rest_client [req-480fe849-556b-4a95-9444-f9434701ca43 req-480fe849-556b-4a95-9444-f9434701ca43 ] Request (ServerRescueTestJSON:setUpClass): 200 GET http://10.180.1.21/compute/v2.1/servers/ad773afa-fc0a-4380-901d-af013ce55f2b 1.450s
2025-03-11 18:38:37.052 68760 INFO tempest.lib.common.rest_client [req-a9e2ad4f-b4ef-4cf7-a442-d1bd9c70725c req-a9e2ad4f-b4ef-4cf7-a442-d1bd9c70725c ] Request (ListServerFiltersTestJSON:setUpClass): 201 POST http://10.180.1.21/identity/v3/auth/tokens 0.066s
2025-03-11 18:38:37.082 68784 INFO tempest.lib.common.rest_client [req-e4f3df7e-b1ef-497c-a555-cf177ad4d181 req-e4f3df7e-b1ef-497c-a555-cf177ad4d181 ] Request (ServerDiagnosticsNegativeTest:tearDownClass): 201 POST http://10.180.1.21/identity/v3/auth/tokens 0.090s
2025-03-11 18:38:37.104 68802 INFO tempest.lib.common.rest_client [req-27161d55-a3e2-4fa3-830a-675adcd94268 req-27161d55-a3e2-4fa3-830a-675adcd94268 ] Request (AttachInterfacesUnderV243Test:test_add_remove_fixed_ip): 200 GET http://10.180.1.21/compute/v2.1/servers/07d98c5c-ede8-4001-93b2-1b1d83687ca1 1.491s
2025-03-11 18:38:37.129 68770 INFO tempest.lib.common.rest_client [req-a69ae972-40bd-48a5-a78c-e3ea0b78498a req-a69ae972-40bd-48a5-a78c-e3ea0b78498a ] Request (FlavorsAccessNegativeTestJSON:tearDownClass): 204 DELETE http://10.180.1.21/identity/v3/users/3b20abd1932846178e3259ac351dab24 0.209s
2025-03-11 18:38:37.130 68770 INFO tempest.lib.common.dynamic_creds [-] Deleting project and security group for project: 190b5932872142c5b7c413ece8546d24
2025-03-11 18:38:37.179 68808 INFO tempest.lib.common.rest_client [req-1002bc88-b28b-497d-bdef-0cc750d1ce36 req-1002bc88-b28b-497d-bdef-0cc750d1ce36 ] Request (ImagesOneServerNegativeTestJSON:setUpClass): 200 GET http://10.180.1.21/compute/v2.1/servers/d7c64aa1-44f8-44f4-9fb6-463033837736 1.495s
2025-03-11 18:38:37.242 68770 INFO tempest.lib.common.rest_client [req-84024927-ecfd-4084-be69-529909c5a499 req-84024927-ecfd-4084-be69-529909c5a499 ] Request (FlavorsAccessNegativeTestJSON:tearDownClass): 201 POST http://10.180.1.21/identity/v3/auth/tokens 0.111s
2025-03-11 18:38:37.272 68784 INFO tempest.lib.common.rest_client [req-c56e835e-fe36-4767-accb-515224e086c2 req-c56e835e-fe36-4767-accb-515224e086c2 ] Request (ServerDiagnosticsNegativeTest:tearDownClass): 200 GET http://10.180.1.21:9696/networking/v2.0/security-groups?tenant_id=78fa0b9c26b04821bf43772290f609df&name=default 0.190s
2025-03-11 18:38:37.489 68784 INFO tempest.lib.common.rest_client [req-bd2fdd49-6b23-49d8-b444-5f3cc0fc2c6f req-bd2fdd49-6b23-49d8-b444-5f3cc0fc2c6f ] Request (ServerDiagnosticsNegativeTest:tearDownClass): 204 DELETE http://10.180.1.21:9696/networking/v2.0/security-groups/6644967c-ffe4-4822-b1e9-e9afa450ec70 0.216s
2025-03-11 18:38:37.500 68798 INFO tempest.lib.common.rest_client [req-1d50f3ab-7a94-4a68-be8f-98e2abb123e2 req-1d50f3ab-7a94-4a68-be8f-98e2abb123e2 ] Request (SecurityGroupRulesTestJSON:test_security_group_rules_delete_when_peer_group_deleted): 200 POST http://10.180.1.21/compute/v2.1/os-security-groups 1.795s
2025-03-11 18:38:37.511 68770 INFO tempest.lib.common.rest_client [req-28950391-5324-4fbd-91fd-cfd97fb6819e req-28950391-5324-4fbd-91fd-cfd97fb6819e ] Request (FlavorsAccessNegativeTestJSON:tearDownClass): 200 GET http://10.180.1.21:9696/networking/v2.0/security-groups?tenant_id=190b5932872142c5b7c413ece8546d24&name=default 0.269s
2025-03-11 18:38:37.582 68788 INFO tempest.lib.common.rest_client [req-70ee508e-1fe4-46d0-b619-c899fdfad6b3 req-70ee508e-1fe4-46d0-b619-c899fdfad6b3 ] Request (ServersWithSpecificFlavorTestJSON:test_verify_created_server_ephemeral_disk): 200 GET http://10.180.1.21/compute/v2.1/servers/c74569b8-dfc9-4a74-9d25-74b484bd9477 1.844s
2025-03-11 18:38:37.590 68788 INFO tempest.common.waiters [-] State transition "BUILD/scheduling" ==> "BUILD/None" after 8 second wait
2025-03-11 18:38:37.598 68784 INFO tempest.lib.common.rest_client [req-c64199d4-206d-4f68-8c26-213d86da070f req-c64199d4-206d-4f68-8c26-213d86da070f ] Request (ServerDiagnosticsNegativeTest:tearDownClass): 204 DELETE http://10.180.1.21/identity/v3/projects/78fa0b9c26b04821bf43772290f609df 0.109s
2025-03-11 18:38:37.598 68784 INFO tempest.lib.common.dynamic_creds [-] Deleting project and security group for project: 9cc962d57f09490c94802cf3c5b17ada
2025-03-11 18:38:37.607 68764 INFO tempest.lib.common.rest_client [req-1bbb1bac-d822-4a13-b4be-3c36ac21c40e req-1bbb1bac-d822-4a13-b4be-3c36ac21c40e ] Request (FlavorsAdminTestJSON:test_is_public_string_variations): 200 POST http://10.180.1.21/compute/v2.1/flavors 1.859s
2025-03-11 18:38:37.667 68770 INFO tempest.lib.common.rest_client [req-d87fe186-7236-4f97-9dd1-aaa46a451094 req-d87fe186-7236-4f97-9dd1-aaa46a451094 ] Request (FlavorsAccessNegativeTestJSON:tearDownClass): 204 DELETE http://10.180.1.21:9696/networking/v2.0/security-groups/7e4b55d1-e0b3-4996-a0c0-3e18db1ce21e 0.155s
2025-03-11 18:38:37.676 68768 INFO tempest.lib.common.rest_client [req-88066ee5-e559-4a21-97a0-e02cda520120 req-88066ee5-e559-4a21-97a0-e02cda520120 ] Request (ServersAdminTestJSON:setUpClass): 200 GET http://10.180.1.21/compute/v2.1/servers/d5db3112-88c7-43af-a434-b91ca69f8559 1.865s
2025-03-11 18:38:37.721 68760 INFO tempest.lib.common.rest_client [req-c735b5a4-13e3-4cb2-bbab-fc0be0c562f4 req-c735b5a4-13e3-4cb2-bbab-fc0be0c562f4 ] Request (ListServerFiltersTestJSON:setUpClass): 201 POST http://10.180.1.21:9696/networking/v2.0/networks 0.668s
2025-03-11 18:38:37.722 68774 INFO tempest.lib.common.rest_client [req-d71b5f2b-b28d-437a-9784-4f9e08f56410 req-d71b5f2b-b28d-437a-9784-4f9e08f56410 ] Request (ServersV294TestFqdnHostnames:setUpClass): 202 POST http://10.180.1.21/compute/v2.1/servers 2.127s
2025-03-11 18:38:37.785 68778 INFO tempest.lib.common.rest_client [req-31d93e03-d065-4669-8ac1-62e77542b20b req-31d93e03-d065-4669-8ac1-62e77542b20b ] Request (MultipleCreateTestJSON:test_multiple_create): 200 GET http://10.180.1.21/compute/v2.1/servers/1841dcd4-c231-4c6d-aa2f-5ce3cbb2b530 1.902s
2025-03-11 18:38:37.797 68784 INFO tempest.lib.common.rest_client [req-6d94bcc1-df3c-4415-a591-da5a35ccf7d6 req-6d94bcc1-df3c-4415-a591-da5a35ccf7d6 ] Request (ServerDiagnosticsNegativeTest:tearDownClass): 200 GET http://10.180.1.21:9696/networking/v2.0/security-groups?tenant_id=9cc962d57f09490c94802cf3c5b17ada&name=default 0.199s
2025-03-11 18:38:37.812 68780 INFO tempest.lib.common.rest_client [req-6d8e20b1-ae65-4107-8cb7-8dc62ac25191 req-6d8e20b1-ae65-4107-8cb7-8dc62ac25191 ] Request (FloatingIPDetailsNegativeTestJSON:setUpClass): 201 POST http://10.180.1.21:9696/networking/v2.0/routers 1.482s
2025-03-11 18:38:37.814 68770 INFO tempest.lib.common.rest_client [req-7998b5dc-8d22-43e0-a8b5-0c86661dead8 req-7998b5dc-8d22-43e0-a8b5-0c86661dead8 ] Request (FlavorsAccessNegativeTestJSON:tearDownClass): 204 DELETE http://10.180.1.21/identity/v3/projects/190b5932872142c5b7c413ece8546d24 0.146s
2025-03-11 18:38:37.815 68770 INFO tempest.lib.common.dynamic_creds [-] Deleting project and security group for project: 5087c9cefd844a62b6eabe3420285a0d
2025-03-11 18:38:37.938 68784 INFO tempest.lib.common.rest_client [req-09a815d0-2a68-4bcf-aa4a-7118402aeaf3 req-09a815d0-2a68-4bcf-aa4a-7118402aeaf3 ] Request (ServerDiagnosticsNegativeTest:tearDownClass): 204 DELETE http://10.180.1.21:9696/networking/v2.0/security-groups/631f1263-3399-41e4-adde-808ab5845554 0.139s
2025-03-11 18:38:37.957 68786 INFO tempest.lib.common.rest_client [req-003623e2-3641-49bb-9d4e-9e38f4d1afca req-003623e2-3641-49bb-9d4e-9e38f4d1afca ] Request (ServersAdmin275Test:test_rebuild_update_server_275): 200 GET http://10.180.1.21/compute/v2.1/servers/5435b4d8-46c3-43e3-b11b-cbeb580e2f36 1.873s
2025-03-11 18:38:38.072 68784 INFO tempest.lib.common.rest_client [req-d8e5ce23-64c4-499d-8f82-b841cf86e683 req-d8e5ce23-64c4-499d-8f82-b841cf86e683 ] Request (ServerDiagnosticsNegativeTest:tearDownClass): 204 DELETE http://10.180.1.21/identity/v3/projects/9cc962d57f09490c94802cf3c5b17ada 0.134s
2025-03-11 18:38:38.074 68784 INFO tempest.test [-] raised in UnshelveToHostMultiNodesTest.setUpClass. Invoking tearDownClass.
2025-03-11 18:38:38.158 68784 INFO tempest.lib.common.rest_client [req-36a1f38d-57b3-4866-a414-0ed78990fc9a req-36a1f38d-57b3-4866-a414-0ed78990fc9a ] Request (TenantUsagesTestJSON:setUpClass): 201 POST http://10.180.1.21/identity/v3/auth/tokens 0.081s
2025-03-11 18:38:38.193 68784 INFO tempest.lib.common.rest_client [req-8a9fd2f3-6e9a-4099-8c71-416198ccf74a req-8a9fd2f3-6e9a-4099-8c71-416198ccf74a ] Request (TenantUsagesTestJSON:setUpClass): 201 POST http://10.180.1.21/identity/v3/auth/tokens 0.032s
2025-03-11 18:38:38.227 68784 INFO tempest.lib.common.rest_client [req-101390db-c4d6-4e6a-aa19-3af1b3bba43a req-101390db-c4d6-4e6a-aa19-3af1b3bba43a ] Request (TenantUsagesTestJSON:setUpClass): 200 GET http://10.180.1.21/identity/v3/domains?name=Default 0.033s
2025-03-11 18:38:38.248 68782 INFO tempest.lib.common.rest_client [req-35f5a008-cfe1-4759-91e8-8826e3de9569 req-35f5a008-cfe1-4759-91e8-8826e3de9569 ] Request (ImagesNegativeTestJSON:test_create_image_from_deleted_server): 200 GET http://10.180.1.21/compute/v2.1/servers/1537e626-f2ec-4b5d-bcba-50cd583dff31 2.086s
2025-03-11 18:38:38.265 68784 INFO tempest.lib.common.rest_client [req-66f4ca53-98fb-4fcc-be82-eeb123e40073 req-66f4ca53-98fb-4fcc-be82-eeb123e40073 ] Request (TenantUsagesTestJSON:setUpClass): 201 POST http://10.180.1.21/identity/v3/projects 0.038s
2025-03-11 18:38:38.267 68770 INFO tempest.lib.common.rest_client [req-f0da9b90-6f3a-4212-a7a2-a9539dbeb77a req-f0da9b90-6f3a-4212-a7a2-a9539dbeb77a ] Request (FlavorsAccessNegativeTestJSON:tearDownClass): 200 GET http://10.180.1.21:9696/networking/v2.0/security-groups?tenant_id=5087c9cefd844a62b6eabe3420285a0d&name=default 0.451s
2025-03-11 18:38:38.275 68794 INFO tempest.lib.common.rest_client [req-9455852c-fbda-4e2a-93d2-5e9a2483c21a req-9455852c-fbda-4e2a-93d2-5e9a2483c21a ] Request (AggregatesAdminNegativeTestJSON:_run_cleanups): 200 DELETE http://10.180.1.21/compute/v2.1/os-aggregates/6 2.105s
2025-03-11 18:38:38.369 68784 INFO tempest.lib.common.rest_client [req-9e37dd75-9ac1-4a46-8681-46556f4acdac req-9e37dd75-9ac1-4a46-8681-46556f4acdac ] Request (TenantUsagesTestJSON:setUpClass): 201 POST http://10.180.1.21/identity/v3/users 0.103s
2025-03-11 18:38:38.387 68770 INFO tempest.lib.common.rest_client [req-6fc22772-ba7f-4b3f-9d1c-fcd44e9bd6b7 req-6fc22772-ba7f-4b3f-9d1c-fcd44e9bd6b7 ] Request (FlavorsAccessNegativeTestJSON:tearDownClass): 204 DELETE http://10.180.1.21:9696/networking/v2.0/security-groups/3ff16c58-5949-4122-ad84-a0b3b86cf137 0.119s
2025-03-11 18:38:38.399 68784 INFO tempest.lib.common.rest_client [req-090890ef-2edc-4a10-8db6-e5b80cb49d28 req-090890ef-2edc-4a10-8db6-e5b80cb49d28 ] Request (TenantUsagesTestJSON:setUpClass): 200 GET http://10.180.1.21/identity/v3/roles 0.029s
2025-03-11 18:38:38.435 68784 INFO tempest.lib.common.rest_client [req-d77927b2-79a4-4810-90ec-fe1ddb737309 req-d77927b2-79a4-4810-90ec-fe1ddb737309 ] Request (TenantUsagesTestJSON:setUpClass): 204 PUT http://10.180.1.21/identity/v3/projects/27916c244400443bbc2eef5bf0d6b552/users/5698adb41be34f3c8e562f9997e73810/roles/671946a1235d4df5b9ff277ab0e4ab0b 0.036s
2025-03-11 18:38:38.435 68784 INFO tempest.lib.common.dynamic_creds [-] Dynamic test user 5698adb41be34f3c8e562f9997e73810 is created with scope project and roles: ['member']
2025-03-11 18:38:38.436 68784 INFO tempest.lib.common.dynamic_creds [-] Acquired dynamic creds: credentials: Credentials: {'domain_id': 'default', 'domain_name': 'Default', 'username': 'tempest-TenantUsagesTestJSON-193485392-project-member', 'project_domain_id': 'default', 'project_domain_name': 'Default', 'project_id': '27916c244400443bbc2eef5bf0d6b552', 'project_name': 'tempest-TenantUsagesTestJSON-193485392', 'tenant_id': '27916c244400443bbc2eef5bf0d6b552', 'tenant_name': 'tempest-TenantUsagesTestJSON-193485392', 'user_domain_id': 'default', 'user_domain_name': 'Default', 'user_id': '5698adb41be34f3c8e562f9997e73810', 'system': None}, Network: None, Subnet: None, Router: None
2025-03-11 18:38:38.436 68784 INFO tempest.lib.common.dynamic_creds [-] Created isolated network resources for: credentials: Credentials: {'domain_id': 'default', 'domain_name': 'Default', 'username': 'tempest-TenantUsagesTestJSON-193485392-project-member', 'project_domain_id': 'default', 'project_domain_name': 'Default', 'project_id': '27916c244400443bbc2eef5bf0d6b552', 'project_name': 'tempest-TenantUsagesTestJSON-193485392', 'tenant_id': '27916c244400443bbc2eef5bf0d6b552', 'tenant_name': 'tempest-TenantUsagesTestJSON-193485392', 'user_domain_id': 'default', 'user_domain_name': 'Default', 'user_id': '5698adb41be34f3c8e562f9997e73810', 'system': None}, Network: None, Subnet: None, Router: None
2025-03-11 18:38:38.437 68760 INFO tempest.lib.common.rest_client [req-9e9267fb-5764-4c1e-8ce3-e51c16f4e885 req-9e9267fb-5764-4c1e-8ce3-e51c16f4e885 ] Request (ListServerFiltersTestJSON:setUpClass): 201 POST http://10.180.1.21:9696/networking/v2.0/subnets 0.715s
2025-03-11 18:38:38.437 68760 INFO tempest.lib.common.dynamic_creds [-] Created isolated network resources for: credentials: Credentials: {'domain_id': 'default', 'domain_name': 'Default', 'username': 'tempest-ListServerFiltersTestJSON-599693446-project-member', 'project_domain_id': 'default', 'project_domain_name': 'Default', 'project_id': 'f8fb35616c64449f9a7b85f2d7e7d3c2', 'project_name': 'tempest-ListServerFiltersTestJSON-599693446', 'tenant_id': 'f8fb35616c64449f9a7b85f2d7e7d3c2', 'tenant_name': 'tempest-ListServerFiltersTestJSON-599693446', 'user_domain_id': 'default', 'user_domain_name': 'Default', 'user_id': '8cf9b0dcb1774cc486f4168c1cea40d6', 'system': None}, Network: {'id': '1697bd03-1f3a-434e-9653-88bf378a1c38', 'name': 'tempest-ListServerFiltersTestJSON-471846936-network', 'tenant_id': 'f8fb35616c64449f9a7b85f2d7e7d3c2', 'admin_state_up': True, 'mtu': 8950, 'status': 'ACTIVE', 'subnets': [], 'shared': False, 'project_id': 'f8fb35616c64449f9a7b85f2d7e7d3c2', 'port_security_enabled': True, 'router:external': False, 'provider:network_type': 'vlan', 'provider:physical_network': 'default', 'provider:segmentation_id': 723, 'availability_zone_hints': [], 'availability_zones': [], 'ipv4_address_scope': None, 'ipv6_address_scope': None, 'description': '', 'tags': [], 'created_at': '2025-03-11T18:38:37Z', 'updated_at': '2025-03-11T18:38:37Z', 'revision_number': 1}, Subnet: {'id': 'f1113757-b237-4e1e-bca4-a1ad642ecc05', 'name': 'tempest-ListServerFiltersTestJSON-471846936-subnet', 'tenant_id': 'f8fb35616c64449f9a7b85f2d7e7d3c2', 'network_id': '1697bd03-1f3a-434e-9653-88bf378a1c38', 'ip_version': 4, 'subnetpool_id': None, 'enable_dhcp': True, 'ipv6_ra_mode': None, 'ipv6_address_mode': None, 'gateway_ip': '192.168.128.1', 'cidr': '192.168.128.0/28', 'allocation_pools': [{'start': '192.168.128.2', 'end': '192.168.128.14'}], 'host_routes': [], 'dns_nameservers': [], 'description': '', 'router:external': False, 'service_types': [], 'tags': [], 'created_at': '2025-03-11T18:38:37Z', 'updated_at': '2025-03-11T18:38:37Z', 'revision_number': 0, 'project_id': 'f8fb35616c64449f9a7b85f2d7e7d3c2'}, Router: None
2025-03-11 18:38:38.475 68770 INFO tempest.lib.common.rest_client [req-8c786b41-63ce-4490-ae1f-75d62b6e6b2a req-8c786b41-63ce-4490-ae1f-75d62b6e6b2a ] Request (FlavorsAccessNegativeTestJSON:tearDownClass): 204 DELETE http://10.180.1.21/identity/v3/projects/5087c9cefd844a62b6eabe3420285a0d 0.086s
2025-03-11 18:38:38.475 68770 INFO tempest.lib.common.dynamic_creds [-] Deleting project and security group for project: dc697c77a7eb48ef89d2c02726385884
2025-03-11 18:38:38.507 68784 INFO tempest.lib.common.rest_client [req-d444e506-88f8-43c0-962a-9257d44dbfc1 req-d444e506-88f8-43c0-962a-9257d44dbfc1 ] Request (TenantUsagesTestJSON:setUpClass): 201 POST http://10.180.1.21/identity/v3/auth/tokens 0.068s
2025-03-11 18:38:38.520 68758 INFO tempest.lib.common.rest_client [req-8e01c30f-8920-40b1-bf85-05ecc98b1c17 req-8e01c30f-8920-40b1-bf85-05ecc98b1c17 ] Request (MigrationsAdminTest:test_list_migrations_in_flavor_resize_situation): 200 GET http://10.180.1.21/compute/v2.1/servers/1186da93-57aa-40f4-8aae-702d039844d4 2.342s
2025-03-11 18:38:38.560 68760 INFO tempest.lib.common.rest_client [req-1b0a7737-04c3-4368-9647-144abd687f39 req-1b0a7737-04c3-4368-9647-144abd687f39 ] Request (ListServerFiltersTestJSON:setUpClass): 201 POST http://10.180.1.21/identity/v3/auth/tokens 0.117s
2025-03-11 18:38:38.576 68784 INFO tempest.lib.common.rest_client [req-d020d6ae-d4c6-4a8c-a68f-709d86a7cc54 req-d020d6ae-d4c6-4a8c-a68f-709d86a7cc54 ] Request (TenantUsagesTestJSON:setUpClass): 201 POST http://10.180.1.21/identity/v3/projects 0.068s
2025-03-11 18:38:38.588 68770 INFO tempest.lib.common.rest_client [req-b178e0f9-99e4-4b05-9076-5c5a72fe0af0 req-b178e0f9-99e4-4b05-9076-5c5a72fe0af0 ] Request (FlavorsAccessNegativeTestJSON:tearDownClass): 200 GET http://10.180.1.21:9696/networking/v2.0/security-groups?tenant_id=dc697c77a7eb48ef89d2c02726385884&name=default 0.113s
2025-03-11 18:38:38.624 68760 INFO tempest.lib.common.rest_client [req-76d458b4-1157-49d0-9e47-bfdc1814a9e0 req-76d458b4-1157-49d0-9e47-bfdc1814a9e0 ] Request (ListServerFiltersTestJSON:setUpClass): 201 POST http://10.180.1.21/identity/v3/auth/tokens 0.059s
2025-03-11 18:38:38.624 68760 INFO tempest.lib.common.fixed_network [-] (ListServerFiltersTestJSON:setUpClass) Found network {'id': '1697bd03-1f3a-434e-9653-88bf378a1c38', 'name': 'tempest-ListServerFiltersTestJSON-471846936-network', 'tenant_id': 'f8fb35616c64449f9a7b85f2d7e7d3c2', 'admin_state_up': True, 'mtu': 8950, 'status': 'ACTIVE', 'subnets': [], 'shared': False, 'project_id': 'f8fb35616c64449f9a7b85f2d7e7d3c2', 'port_security_enabled': True, 'router:external': False, 'provider:network_type': 'vlan', 'provider:physical_network': 'default', 'provider:segmentation_id': 723, 'availability_zone_hints': [], 'availability_zones': [], 'ipv4_address_scope': None, 'ipv6_address_scope': None, 'description': '', 'tags': [], 'created_at': '2025-03-11T18:38:37Z', 'updated_at': '2025-03-11T18:38:37Z', 'revision_number': 1} available for tenant
2025-03-11 18:38:38.634 68784 INFO tempest.lib.common.rest_client [req-c555613d-7fee-4b35-ba4f-0a8f7bcab7dd req-c555613d-7fee-4b35-ba4f-0a8f7bcab7dd ] Request (TenantUsagesTestJSON:setUpClass): 201 POST http://10.180.1.21/identity/v3/users 0.058s
