2025-03-11 18:39:12.073 68786 INFO tempest.lib.common.rest_client [req-6e756884-554f-4165-b0d3-7fdec9c19338 req-6e756884-554f-4165-b0d3-7fdec9c19338 ] Request (ServersAdmin275Test:_run_cleanups): 200 GET http://10.180.1.21/compute/v2.1/servers/5435b4d8-46c3-43e3-b11b-cbeb580e2f36 0.564s
2025-03-11 18:39:12.085 68764 INFO tempest.lib.common.rest_client [req-411055f2-63b6-42bb-8d07-934988af2e83 req-411055f2-63b6-42bb-8d07-934988af2e83 ] Request (ServerExternalEventsTest:test_create_server_external_events): 200 GET http://10.180.1.21/compute/v2.1/servers/c5af19d6-5534-45e6-8c9c-dacf30d4fb1a 0.559s
2025-03-11 18:39:12.142 68784 INFO tempest.lib.common.rest_client [req-5244b295-611a-429e-b5dd-12845973c058 req-5244b295-611a-429e-b5dd-12845973c058 ] Request (TenantUsagesTestJSON:setUpClass): 200 GET http://10.180.1.21/compute/v2.1/servers/56cfa7f3-12ad-42d0-a27f-ab8136a903ee 0.593s
2025-03-11 18:39:12.173 68782 INFO tempest.lib.common.rest_client [req-0c64851d-4be1-4eed-9457-d7889695b4fe req-0c64851d-4be1-4eed-9457-d7889695b4fe ] Request (ImagesNegativeTestJSON:tearDownClass): 204 DELETE http://10.180.1.21:9696/networking/v2.0/routers/861964c2-352e-49d6-9d42-1dd66f2fdeff 0.771s
2025-03-11 18:39:12.178 68790 INFO tempest.lib.common.rest_client [req-048b537d-a6b2-4127-a1ce-8dc36f1e98f8 req-048b537d-a6b2-4127-a1ce-8dc36f1e98f8 ] Request (ImagesTestJSON:test_create_image_from_suspended_server): 200 GET http://10.180.1.21/compute/v2.1/servers/6b10ff9f-3248-46fe-9cd4-19e0ebbcee77 0.568s
2025-03-11 18:39:12.225 68774 INFO tempest.lib.common.rest_client [req-df30c56c-c4cb-4c64-b769-3db8882e6d3e req-df30c56c-c4cb-4c64-b769-3db8882e6d3e ] Request (ServersV294TestFqdnHostnames:setUpClass): 200 GET http://10.180.1.21/compute/v2.1/servers/b92efa60-ef18-4578-b00d-6a2438e7eacf 0.327s
2025-03-11 18:39:12.253 68760 INFO tempest.lib.common.rest_client [req-299e1fa7-61b9-49ea-a486-82d86be0d80c req-299e1fa7-61b9-49ea-a486-82d86be0d80c ] Request (ListServerFiltersTestJSON:setUpClass): 200 GET http://10.180.1.21/compute/v2.1/servers/e3855111-7678-42c5-a37e-25e8587416aa 0.295s
2025-03-11 18:39:12.254 68816 INFO tempest.lib.common.rest_client [req-d27b3930-79c0-4453-9d37-8a8b740bba27 req-d27b3930-79c0-4453-9d37-8a8b740bba27 ] Request (ServerActionsTestJSON:setUpClass): 200 PUT http://10.180.1.21:9696/networking/v2.0/routers/15caf872-833b-4a3b-a487-4cd5582d6d99/add_router_interface 1.465s
2025-03-11 18:39:12.255 68816 INFO tempest.lib.common.dynamic_creds [-] Created isolated network resources for: credentials: Credentials: {'domain_id': 'default', 'domain_name': 'Default', 'username': 'tempest-ServerActionsTestJSON-1568522030-project-member', 'project_domain_id': 'default', 'project_domain_name': 'Default', 'project_id': 'f6f6382f6c6843529a37d7c62837523a', 'project_name': 'tempest-ServerActionsTestJSON-1568522030', 'tenant_id': 'f6f6382f6c6843529a37d7c62837523a', 'tenant_name': 'tempest-ServerActionsTestJSON-1568522030', 'user_domain_id': 'default', 'user_domain_name': 'Default', 'user_id': '0e4b1b3012874778bc147c3e7b00133c', 'system': None}, Network: {'id': '8e67b0e1-bfe1-4010-a060-e471ca6414a7', 'name': 'tempest-ServerActionsTestJSON-73434191-network', 'tenant_id': 'f6f6382f6c6843529a37d7c62837523a', 'admin_state_up': True, 'mtu': 8950, 'status': 'ACTIVE', 'subnets': [], 'shared': False, 'project_id': 'f6f6382f6c6843529a37d7c62837523a', 'port_security_enabled': True, 'router:external': False, 'provider:network_type': 'vlan', 'provider:physical_network': 'default', 'provider:segmentation_id': 153, 'availability_zone_hints': [], 'availability_zones': [], 'ipv4_address_scope': None, 'ipv6_address_scope': None, 'description': '', 'tags': [], 'created_at': '2025-03-11T18:39:08Z', 'updated_at': '2025-03-11T18:39:08Z', 'revision_number': 1}, Subnet: {'id': 'a02ce13c-95d5-4342-8ae2-3916a9c66fe3', 'name': 'tempest-ServerActionsTestJSON-73434191-subnet', 'tenant_id': 'f6f6382f6c6843529a37d7c62837523a', 'network_id': '8e67b0e1-bfe1-4010-a060-e471ca6414a7', 'ip_version': 4, 'subnetpool_id': None, 'enable_dhcp': True, 'ipv6_ra_mode': None, 'ipv6_address_mode': None, 'gateway_ip': '192.168.128.1', 'cidr': '192.168.128.0/28', 'allocation_pools': [{'start': '192.168.128.2', 'end': '192.168.128.14'}], 'host_routes': [], 'dns_nameservers': [], 'description': '', 'router:external': False, 'service_types': [], 'tags': [], 'created_at': '2025-03-11T18:39:09Z', 'updated_at': '2025-03-11T18:39:09Z', 'revision_number': 0, 'project_id': 'f6f6382f6c6843529a37d7c62837523a'}, Router: {'id': '15caf872-833b-4a3b-a487-4cd5582d6d99', 'name': 'tempest-ServerActionsTestJSON-73434191-router', 'tenant_id': 'f6f6382f6c6843529a37d7c62837523a', 'admin_state_up': True, 'status': 'ACTIVE', 'external_gateway_info': {'network_id': '6ac90a48-13df-46c2-ab9b-d7cd8599ec23', 'external_fixed_ips': [{'subnet_id': '1ca821a3-75a6-4d36-b0af-6763cb3e5f55', 'ip_address': '10.180.180.165'}], 'enable_snat': True}, 'description': '', 'availability_zones': [], 'distributed': False, 'ha': False, 'availability_zone_hints': [], 'routes': [], 'flavor_id': None, 'tags': [], 'created_at': '2025-03-11T18:39:09Z', 'updated_at': '2025-03-11T18:39:10Z', 'revision_number': 2, 'project_id': 'f6f6382f6c6843529a37d7c62837523a'}
2025-03-11 18:39:12.316 68818 INFO tempest.lib.common.rest_client [req-a52130a9-3047-4235-90f9-e050c47ab536 req-a52130a9-3047-4235-90f9-e050c47ab536 ] Request (FloatingIPsAssociationTestJSON:setUpClass): 200 GET http://10.180.1.21/compute/v2.1/servers/39c532b1-b05e-4354-ad8f-9223b06e9488 0.297s
2025-03-11 18:39:12.325 68812 INFO tempest.lib.common.rest_client [req-c7f7d758-42ec-4359-938d-e548596aad60 req-c7f7d758-42ec-4359-938d-e548596aad60 ] Request (ServerTagsTestJSON:tearDownClass): 200 GET http://10.180.1.21/compute/v2.1/servers/0649ee2f-cd90-4597-b7c4-09f2acaf3f54 0.339s
2025-03-11 18:39:12.382 68816 INFO tempest.lib.common.rest_client [req-e4d79ca6-18aa-4832-9c2b-f636932aa1cc req-e4d79ca6-18aa-4832-9c2b-f636932aa1cc ] Request (ServerActionsTestJSON:setUpClass): 201 POST http://10.180.1.21/identity/v3/auth/tokens 0.120s
2025-03-11 18:39:12.400 68768 INFO tempest.lib.common.rest_client [req-7e197b62-33ce-44d1-a028-0dbed178afe0 req-7e197b62-33ce-44d1-a028-0dbed178afe0 ] Request (ServersAdminTestJSON:test_create_server_with_scheduling_hint): 200 GET http://10.180.1.21/compute/v2.1/servers/013a92cc-0fc2-4e85-aee6-efb62bae4dcb 0.312s
2025-03-11 18:39:12.405 68796 INFO tempest.lib.common.rest_client [req-c2688461-83b8-4a8d-8a45-4c95fe712032 req-c2688461-83b8-4a8d-8a45-4c95fe712032 ] Request (SecurityGroupsTestJSON:test_server_security_groups): 200 GET http://10.180.1.21/compute/v2.1/servers/efed858a-44b9-45b7-8778-22183549088c 0.354s
2025-03-11 18:39:12.423 68782 INFO tempest.lib.common.rest_client [req-b846e6bb-13fa-476b-ad05-f8505da0e2ae req-b846e6bb-13fa-476b-ad05-f8505da0e2ae ] Request (ImagesNegativeTestJSON:tearDownClass): 204 DELETE http://10.180.1.21:9696/networking/v2.0/subnets/9eeaaa4c-3a13-4027-ab89-2e9753812f31 0.250s
2025-03-11 18:39:12.470 68811 INFO tempest.lib.common.rest_client [req-8219890a-39c2-4812-a2aa-2668a4e2aba0 req-8219890a-39c2-4812-a2aa-2668a4e2aba0 ] Request (ServerDiskConfigTestJSON:test_rebuild_server_with_manual_disk_config): 200 GET http://10.180.1.21/compute/v2.1/servers/860107df-4e9b-44b1-9e85-b0ee3a827268 0.251s
2025-03-11 18:39:12.481 68780 INFO tempest.lib.common.rest_client [req-cc936776-25f5-422a-8f02-0597fa7dfa72 req-cc936776-25f5-422a-8f02-0597fa7dfa72 ] Request (ServersListShow298Test:test_list_show_update_rebuild_server_298): 200 GET http://10.180.1.21/compute/v2.1/servers/5202b708-179c-48d2-9c4e-2bb5ab1a6ebb 0.362s
2025-03-11 18:39:12.527 68807 WARNING tempest.lib.common.ssh [-] Failed to establish authenticated ssh connection to cirros@10.180.180.245 ([Errno None] Unable to connect to port 22 on 10.180.180.245). Number attempts: 4. Retry after 5 seconds.: paramiko.ssh_exception.NoValidConnectionsError: [Errno None] Unable to connect to port 22 on 10.180.180.245
2025-03-11 18:39:12.569 68770 INFO tempest.lib.common.rest_client [req-4f01de7a-86ac-4ae4-8112-4387cb56d288 req-4f01de7a-86ac-4ae4-8112-4387cb56d288 ] Request (ServersTestBootFromVolume:setUpClass): 200 GET http://10.180.1.21/volume/v3/volumes/d01c66e3-87e9-40bc-95f1-9f03e1a6d5a7 0.032s
2025-03-11 18:39:12.588 68814 INFO tempest.lib.common.rest_client [req-45336b41-b3f9-4771-9162-f9a79f799698 req-45336b41-b3f9-4771-9162-f9a79f799698 ] Request (ServerRescueTestJSON:setUpClass): 200 GET http://10.180.1.21/compute/v2.1/servers/ad773afa-fc0a-4380-901d-af013ce55f2b 0.246s
2025-03-11 18:39:12.595 68814 INFO tempest.common.waiters [-] State transition "BUILD/spawning" ==> "ACTIVE/None" after 44 second wait
2025-03-11 18:39:12.626 68816 INFO tempest.lib.common.rest_client [req-adf81ab4-2c80-4761-b0a8-e91c8ab29886 req-adf81ab4-2c80-4761-b0a8-e91c8ab29886 ] Request (ServerActionsTestJSON:setUpClass): 200 POST http://10.180.1.21/compute/v2.1/os-keypairs 0.242s
2025-03-11 18:39:12.701 68798 INFO tempest.lib.common.rest_client [req-1dd87193-7a03-4fb2-8971-a7e142935c4a req-1dd87193-7a03-4fb2-8971-a7e142935c4a ] Request (InstanceActionsNegativeTestJSON:setUpClass): 200 GET http://10.180.1.21/compute/v2.1/servers/995a3eae-c025-4efa-b509-0bf678bb0388 0.128s
2025-03-11 18:39:12.761 68816 INFO tempest.lib.common.rest_client [req-b749bdf2-52ac-444b-9ddd-7f5c160d079f req-b749bdf2-52ac-444b-9ddd-7f5c160d079f ] Request (ServerActionsTestJSON:setUpClass): 201 POST http://10.180.1.21:9696/networking/v2.0/security-groups 0.132s
2025-03-11 18:39:12.791 68814 INFO tempest.lib.common.rest_client [req-75c79f02-a83d-4a95-87d5-13771d25b2e6 req-75c79f02-a83d-4a95-87d5-13771d25b2e6 ] Request (ServerRescueTestJSON:setUpClass): 200 POST http://10.180.1.21/compute/v2.1/servers/ad773afa-fc0a-4380-901d-af013ce55f2b/action 0.195s
2025-03-11 18:39:12.812 68776 INFO tempest.lib.common.rest_client [req-a26de6cf-5bdd-4046-9df7-4fd6aabba69f req-a26de6cf-5bdd-4046-9df7-4fd6aabba69f ] Request (ServerRescueNegativeTestJSON:test_rescued_vm_attach_volume): 200 GET http://10.180.1.21/compute/v2.1/servers/19dde8dd-eae6-41a0-b147-c505db1cda15 0.302s
2025-03-11 18:39:12.857 68816 INFO tempest.lib.common.rest_client [req-d8cbfc16-3b83-4f0a-96e1-418c72d20a14 req-d8cbfc16-3b83-4f0a-96e1-418c72d20a14 ] Request (ServerActionsTestJSON:setUpClass): 201 POST http://10.180.1.21:9696/networking/v2.0/security-group-rules 0.096s
2025-03-11 18:39:12.937 68782 INFO tempest.lib.common.rest_client [req-d4ed5cb2-194d-4fed-903b-8064939ad3a7 req-d4ed5cb2-194d-4fed-903b-8064939ad3a7 ] Request (ImagesNegativeTestJSON:tearDownClass): 204 DELETE http://10.180.1.21:9696/networking/v2.0/networks/3c1fc0bf-b55a-48d0-a9c8-d98001d2fe5d 0.513s
2025-03-11 18:39:12.961 68816 INFO tempest.lib.common.rest_client [req-8acca903-a308-4f1c-83a6-b547f07f8e10 req-8acca903-a308-4f1c-83a6-b547f07f8e10 ] Request (ServerActionsTestJSON:setUpClass): 201 POST http://10.180.1.21:9696/networking/v2.0/security-group-rules 0.102s
2025-03-11 18:39:12.999 68788 INFO tempest.lib.common.rest_client [req-3f667aa8-123b-4b1c-8390-58e265058813 req-3f667aa8-123b-4b1c-8390-58e265058813 ] Request (ServersWithSpecificFlavorTestJSON:test_verify_created_server_ephemeral_disk): 200 GET http://10.180.1.21/compute/v2.1/servers/c74569b8-dfc9-4a74-9d25-74b484bd9477 0.253s
2025-03-11 18:39:13.039 68778 INFO tempest.lib.common.rest_client [req-b75b337b-f276-4bba-a97f-16acc2b17141 req-b75b337b-f276-4bba-a97f-16acc2b17141 ] Request (MultipleCreateTestJSON:test_multiple_create): 200 GET http://10.180.1.21/compute/v2.1/servers/1841dcd4-c231-4c6d-aa2f-5ce3cbb2b530 0.444s
2025-03-11 18:39:13.052 68778 INFO tempest.common.waiters [-] State transition "BUILD/networking" ==> "BUILD/block_device_mapping" after 36 second wait
2025-03-11 18:39:13.116 68782 INFO tempest.lib.common.rest_client [req-d8b8d916-61a5-46d7-a5ab-ebd2817d2bcf req-d8b8d916-61a5-46d7-a5ab-ebd2817d2bcf ] Request (ImagesNegativeTestJSON:tearDownClass): 204 DELETE http://10.180.1.21/identity/v3/users/05cecb8a2d8e4fec876c54e984282267 0.178s
2025-03-11 18:39:13.116 68782 INFO tempest.lib.common.dynamic_creds [-] Deleting project and security group for project: 025967d11eca4b2fb49264397076e046
2025-03-11 18:39:13.167 68814 INFO tempest.lib.common.rest_client [req-77cc0a46-27bf-4fc4-b540-df3269cd7b44 req-77cc0a46-27bf-4fc4-b540-df3269cd7b44 ] Request (ServerRescueTestJSON:setUpClass): 200 GET http://10.180.1.21/compute/v2.1/servers/ad773afa-fc0a-4380-901d-af013ce55f2b 0.375s
2025-03-11 18:39:13.172 68782 INFO tempest.lib.common.rest_client [req-48989c7b-12ae-45c1-8c85-cd7c88568585 req-48989c7b-12ae-45c1-8c85-cd7c88568585 ] Request (ImagesNegativeTestJSON:tearDownClass): 200 GET http://10.180.1.21:9696/networking/v2.0/security-groups?tenant_id=025967d11eca4b2fb49264397076e046&name=default 0.055s
2025-03-11 18:39:13.199 68808 INFO tempest.lib.common.rest_client [req-0715386c-7edc-4f96-875a-7a83a3f17728 req-0715386c-7edc-4f96-875a-7a83a3f17728 ] Request (ImagesOneServerNegativeTestJSON:tearDown): 200 GET http://10.180.1.21/compute/v2.1/servers/d7c64aa1-44f8-44f4-9fb6-463033837736 0.333s
2025-03-11 18:39:13.211 68808 INFO tempest.common.waiters [-] State transition "ACTIVE/image_pending_upload" ==> "ACTIVE/image_uploading" after 4 second wait
2025-03-11 18:39:13.296 68766 INFO tempest.lib.common.rest_client [req-78f6237e-fe9e-4f76-8fb5-16e258ff53b9 req-78f6237e-fe9e-4f76-8fb5-16e258ff53b9 ] Request (ServersAdminNegativeTestJSON:tearDownClass): 200 GET http://10.180.1.21/compute/v2.1/servers/a2d0200e-e38e-4ef7-8d6c-29e9ceeb397f 0.347s
2025-03-11 18:39:13.325 68782 INFO tempest.lib.common.rest_client [req-f20525aa-9093-4683-9008-a234a3acd300 req-f20525aa-9093-4683-9008-a234a3acd300 ] Request (ImagesNegativeTestJSON:tearDownClass): 204 DELETE http://10.180.1.21:9696/networking/v2.0/security-groups/7a1e7ab9-0516-4a75-8d9a-b0768d48570f 0.153s
2025-03-11 18:39:13.365 68772 INFO tempest.lib.common.rest_client [req-8ae69711-3d11-4188-a5f1-bdd841f19505 req-8ae69711-3d11-4188-a5f1-bdd841f19505 ] Request (DeleteServersAdminTestJSON:test_delete_server_while_in_error_state): 200 GET http://10.180.1.21/compute/v2.1/servers/aa39767e-1ae7-4881-b0a8-e7b66e1ceed2 0.380s
2025-03-11 18:39:13.375 68758 INFO tempest.lib.common.rest_client [req-c015546e-60e2-404b-b002-7bd55f884c30 req-c015546e-60e2-404b-b002-7bd55f884c30 ] Request (MigrationsAdminTest:test_list_migrations_in_flavor_resize_situation): 200 GET http://10.180.1.21/compute/v2.1/servers/1186da93-57aa-40f4-8aae-702d039844d4 0.481s
2025-03-11 18:39:13.439 68782 INFO tempest.lib.common.rest_client [req-da6dbd11-975e-4a4b-b5d3-bb75c64d12c7 req-da6dbd11-975e-4a4b-b5d3-bb75c64d12c7 ] Request (ImagesNegativeTestJSON:tearDownClass): 204 DELETE http://10.180.1.21/identity/v3/projects/025967d11eca4b2fb49264397076e046 0.113s
2025-03-11 18:39:13.444 68786 INFO tempest.lib.common.rest_client [req-6ae2ebbc-5b52-48f0-8138-6f3c29a1ee2a req-6ae2ebbc-5b52-48f0-8138-6f3c29a1ee2a ] Request (ServersAdmin275Test:_run_cleanups): 200 GET http://10.180.1.21/compute/v2.1/servers/5435b4d8-46c3-43e3-b11b-cbeb580e2f36 0.352s
2025-03-11 18:39:13.452 68764 INFO tempest.lib.common.rest_client [req-f6185e14-7333-4722-b340-e68fc7cd7d7f req-f6185e14-7333-4722-b340-e68fc7cd7d7f ] Request (ServerExternalEventsTest:test_create_server_external_events): 200 GET http://10.180.1.21/compute/v2.1/servers/c5af19d6-5534-45e6-8c9c-dacf30d4fb1a 0.356s
2025-03-11 18:39:13.470 68816 INFO tempest.lib.common.rest_client [req-a371c680-fd16-4212-a1c1-8f7edfe6868e req-a371c680-fd16-4212-a1c1-8f7edfe6868e ] Request (ServerActionsTestJSON:setUpClass): 201 POST http://10.180.1.21:9696/networking/v2.0/floatingips 0.509s
2025-03-11 18:39:13.511 68782 INFO tempest.lib.common.rest_client [req-e15b8221-8a4c-44f3-b4d9-afb95b9527d3 req-e15b8221-8a4c-44f3-b4d9-afb95b9527d3 ] Request (ServersTestJSON:setUpClass): 201 POST http://10.180.1.21/identity/v3/auth/tokens 0.070s
2025-03-11 18:39:13.512 68790 INFO tempest.lib.common.rest_client [req-8f228e12-6040-43bb-aaf1-6da90937a135 req-8f228e12-6040-43bb-aaf1-6da90937a135 ] Request (ImagesTestJSON:test_create_image_from_suspended_server): 200 GET http://10.180.1.21/compute/v2.1/servers/6b10ff9f-3248-46fe-9cd4-19e0ebbcee77 0.323s
2025-03-11 18:39:13.514 68784 INFO tempest.lib.common.rest_client [req-6a8bc0a4-d861-448f-a7f0-9f99274a9260 req-6a8bc0a4-d861-448f-a7f0-9f99274a9260 ] Request (TenantUsagesTestJSON:setUpClass): 200 GET http://10.180.1.21/compute/v2.1/servers/56cfa7f3-12ad-42d0-a27f-ab8136a903ee 0.355s
2025-03-11 18:39:13.527 68816 INFO tempest.lib.common.rest_client [req-318afc92-cc9c-4a9a-b5e2-426943fa3eca req-318afc92-cc9c-4a9a-b5e2-426943fa3eca ] Request (ServerActionsTestJSON:setUpClass): 201 POST http://10.180.1.21/identity/v3/auth/tokens 0.052s
2025-03-11 18:39:13.527 68816 INFO tempest.lib.common.fixed_network [-] (ServerActionsTestJSON:setUpClass) Found network {'id': '8e67b0e1-bfe1-4010-a060-e471ca6414a7', 'name': 'tempest-ServerActionsTestJSON-73434191-network', 'tenant_id': 'f6f6382f6c6843529a37d7c62837523a', 'admin_state_up': True, 'mtu': 8950, 'status': 'ACTIVE', 'subnets': [], 'shared': False, 'project_id': 'f6f6382f6c6843529a37d7c62837523a', 'port_security_enabled': True, 'router:external': False, 'provider:network_type': 'vlan', 'provider:physical_network': 'default', 'provider:segmentation_id': 153, 'availability_zone_hints': [], 'availability_zones': [], 'ipv4_address_scope': None, 'ipv6_address_scope': None, 'description': '', 'tags': [], 'created_at': '2025-03-11T18:39:08Z', 'updated_at': '2025-03-11T18:39:08Z', 'revision_number': 1} available for tenant
2025-03-11 18:39:13.552 68782 INFO tempest.lib.common.rest_client [req-a0053b5d-19c2-47a0-8e20-3addb4f6ddab req-a0053b5d-19c2-47a0-8e20-3addb4f6ddab ] Request (ServersTestJSON:setUpClass): 201 POST http://10.180.1.21/identity/v3/auth/tokens 0.037s
2025-03-11 18:39:13.574 68760 INFO tempest.lib.common.rest_client [req-e5f9c8bd-6aa0-49da-ae3a-2486050aff9e req-e5f9c8bd-6aa0-49da-ae3a-2486050aff9e ] Request (ListServerFiltersTestJSON:setUpClass): 200 GET http://10.180.1.21/compute/v2.1/servers/e3855111-7678-42c5-a37e-25e8587416aa 0.309s
2025-03-11 18:39:13.575 68774 INFO tempest.lib.common.rest_client [req-dbaf94cf-83e8-48da-aee4-bb9ca14e53d1 req-dbaf94cf-83e8-48da-aee4-bb9ca14e53d1 ] Request (ServersV294TestFqdnHostnames:setUpClass): 200 GET http://10.180.1.21/compute/v2.1/servers/b92efa60-ef18-4578-b00d-6a2438e7eacf 0.338s
2025-03-11 18:39:13.579 68782 INFO tempest.lib.common.rest_client [req-88d3b472-eba2-49a2-b18a-a2131b031ec9 req-88d3b472-eba2-49a2-b18a-a2131b031ec9 ] Request (ServersTestJSON:setUpClass): 200 GET http://10.180.1.21/identity/v3/domains?name=Default 0.027s
2025-03-11 18:39:13.610 68782 INFO tempest.lib.common.rest_client [req-ffcacc0e-51cc-4b6c-b971-b60705977479 req-ffcacc0e-51cc-4b6c-b971-b60705977479 ] Request (ServersTestJSON:setUpClass): 201 POST http://10.180.1.21/identity/v3/projects 0.030s
2025-03-11 18:39:13.616 68770 INFO tempest.lib.common.rest_client [req-80042529-bf09-455b-b7ce-fbc2fab4fd3f req-80042529-bf09-455b-b7ce-fbc2fab4fd3f ] Request (ServersTestBootFromVolume:setUpClass): 200 GET http://10.180.1.21/volume/v3/volumes/d01c66e3-87e9-40bc-95f1-9f03e1a6d5a7 0.037s
2025-03-11 18:39:13.636 68818 INFO tempest.lib.common.rest_client [req-635d49d4-8365-44d9-83e1-aa51264369fb req-635d49d4-8365-44d9-83e1-aa51264369fb ] Request (FloatingIPsAssociationTestJSON:setUpClass): 200 GET http://10.180.1.21/compute/v2.1/servers/39c532b1-b05e-4354-ad8f-9223b06e9488 0.307s
2025-03-11 18:39:13.644 68818 INFO tempest.common.waiters [-] State transition "BUILD/scheduling" ==> "BUILD/None" after 26 second wait
2025-03-11 18:39:13.654 68812 INFO tempest.lib.common.rest_client [req-5ffe0bc3-0d1a-4c83-9ddc-b289f438112a req-5ffe0bc3-0d1a-4c83-9ddc-b289f438112a ] Request (ServerTagsTestJSON:tearDownClass): 200 GET http://10.180.1.21/compute/v2.1/servers/0649ee2f-cd90-4597-b7c4-09f2acaf3f54 0.307s
2025-03-11 18:39:13.680 68782 INFO tempest.lib.common.rest_client [req-6c85ac7e-f923-4086-b2e6-023b9742c8a3 req-6c85ac7e-f923-4086-b2e6-023b9742c8a3 ] Request (ServersTestJSON:setUpClass): 201 POST http://10.180.1.21/identity/v3/users 0.068s
2025-03-11 18:39:13.685 68796 INFO tempest.lib.common.rest_client [req-b0ed44c0-06c0-4805-b895-98b2a0460cae req-b0ed44c0-06c0-4805-b895-98b2a0460cae ] Request (SecurityGroupsTestJSON:test_server_security_groups): 200 GET http://10.180.1.21/compute/v2.1/servers/efed858a-44b9-45b7-8778-22183549088c 0.272s
2025-03-11 18:39:13.703 68782 INFO tempest.lib.common.rest_client [req-dda2c0f7-3ef8-400e-805f-f294e414878c req-dda2c0f7-3ef8-400e-805f-f294e414878c ] Request (ServersTestJSON:setUpClass): 200 GET http://10.180.1.21/identity/v3/roles 0.022s
2025-03-11 18:39:13.706 68768 INFO tempest.lib.common.rest_client [req-12b6ac2f-6b91-49c3-aead-c64c46bf2854 req-12b6ac2f-6b91-49c3-aead-c64c46bf2854 ] Request (ServersAdminTestJSON:test_create_server_with_scheduling_hint): 200 GET http://10.180.1.21/compute/v2.1/servers/013a92cc-0fc2-4e85-aee6-efb62bae4dcb 0.292s
2025-03-11 18:39:13.739 68782 INFO tempest.lib.common.rest_client [req-15f6bbcd-b3ae-416e-b3b8-640788400b33 req-15f6bbcd-b3ae-416e-b3b8-640788400b33 ] Request (ServersTestJSON:setUpClass): 204 PUT http://10.180.1.21/identity/v3/projects/fc43ad02f60c41178dc8b891b605843d/users/a0888d4e1bac46099e851a9d2f6a84b8/roles/671946a1235d4df5b9ff277ab0e4ab0b 0.036s
2025-03-11 18:39:13.740 68782 INFO tempest.lib.common.dynamic_creds [-] Dynamic test user a0888d4e1bac46099e851a9d2f6a84b8 is created with scope project and roles: ['member']
2025-03-11 18:39:13.740 68782 INFO tempest.lib.common.dynamic_creds [-] Acquired dynamic creds: credentials: Credentials: {'domain_id': 'default', 'domain_name': 'Default', 'username': 'tempest-ServersTestJSON-426758050-project-member', 'project_domain_id': 'default', 'project_domain_name': 'Default', 'project_id': 'fc43ad02f60c41178dc8b891b605843d', 'project_name': 'tempest-ServersTestJSON-426758050', 'tenant_id': 'fc43ad02f60c41178dc8b891b605843d', 'tenant_name': 'tempest-ServersTestJSON-426758050', 'user_domain_id': 'default', 'user_domain_name': 'Default', 'user_id': 'a0888d4e1bac46099e851a9d2f6a84b8', 'system': None}, Network: None, Subnet: None, Router: None
2025-03-11 18:39:13.745 68811 INFO tempest.lib.common.rest_client [req-71a8aa26-676c-4ebb-ad89-8cd5a5f49b27 req-71a8aa26-676c-4ebb-ad89-8cd5a5f49b27 ] Request (ServerDiskConfigTestJSON:test_rebuild_server_with_manual_disk_config): 200 GET http://10.180.1.21/compute/v2.1/servers/860107df-4e9b-44b1-9e85-b0ee3a827268 0.262s
2025-03-11 18:39:13.787 68780 INFO tempest.lib.common.rest_client [req-cc3320fd-9e49-4fba-9bc3-60526b194e1a req-cc3320fd-9e49-4fba-9bc3-60526b194e1a ] Request (ServersListShow298Test:test_list_show_update_rebuild_server_298): 200 GET http://10.180.1.21/compute/v2.1/servers/5202b708-179c-48d2-9c4e-2bb5ab1a6ebb 0.291s
2025-03-11 18:39:13.830 68782 INFO tempest.lib.common.rest_client [req-93b02a4d-a347-4930-ac88-ab71d4733cb3 req-93b02a4d-a347-4930-ac88-ab71d4733cb3 ] Request (ServersTestJSON:setUpClass): 201 POST http://10.180.1.21/identity/v3/auth/tokens 0.090s
2025-03-11 18:39:13.877 68798 INFO tempest.lib.common.rest_client [req-4fe2838e-3b40-42d2-a3d9-263e688be422 req-4fe2838e-3b40-42d2-a3d9-263e688be422 ] Request (InstanceActionsNegativeTestJSON:setUpClass): 200 GET http://10.180.1.21/compute/v2.1/servers/995a3eae-c025-4efa-b509-0bf678bb0388 0.163s
2025-03-11 18:39:13.999 68802 WARNING tempest.lib.common.ssh [-] Failed to establish authenticated ssh connection to cirros@10.180.180.169 ([Errno None] Unable to connect to port 22 on 10.180.180.169). Number attempts: 2. Retry after 3 seconds.: paramiko.ssh_exception.NoValidConnectionsError: [Errno None] Unable to connect to port 22 on 10.180.180.169
2025-03-11 18:39:14.109 68776 INFO tempest.lib.common.rest_client [req-ae8a60a4-4fd0-45e3-aa61-6a14a901bba8 req-ae8a60a4-4fd0-45e3-aa61-6a14a901bba8 ] Request (ServerRescueNegativeTestJSON:test_rescued_vm_attach_volume): 200 GET http://10.180.1.21/compute/v2.1/servers/19dde8dd-eae6-41a0-b147-c505db1cda15 0.286s
2025-03-11 18:39:14.459 68788 INFO tempest.lib.common.rest_client [req-4161b224-bb31-49e2-8928-72c48c36efc9 req-4161b224-bb31-49e2-8928-72c48c36efc9 ] Request (ServersWithSpecificFlavorTestJSON:test_verify_created_server_ephemeral_disk): 200 GET http://10.180.1.21/compute/v2.1/servers/c74569b8-dfc9-4a74-9d25-74b484bd9477 0.447s
2025-03-11 18:39:14.467 68788 INFO tempest.common.waiters [-] State transition "BUILD/spawning" ==> "ACTIVE/None" after 45 second wait
2025-03-11 18:39:14.503 68782 INFO tempest.lib.common.rest_client [req-3e7ff2b5-f7ea-467d-bad5-5e271f8355fc req-3e7ff2b5-f7ea-467d-bad5-5e271f8355fc ] Request (ServersTestJSON:setUpClass): 201 POST http://10.180.1.21:9696/networking/v2.0/networks 0.672s
2025-03-11 18:39:14.560 68816 INFO tempest.lib.common.rest_client [req-96f8de8c-7bb0-404f-b55e-9e5594ff074c req-96f8de8c-7bb0-404f-b55e-9e5594ff074c ] Request (ServerActionsTestJSON:setUpClass): 202 POST http://10.180.1.21/compute/v2.1/servers 1.031s
2025-03-11 18:39:14.568 68778 INFO tempest.lib.common.rest_client [req-c12a22a8-db7a-4869-a565-a3e64dc47143 req-c12a22a8-db7a-4869-a565-a3e64dc47143 ] Request (MultipleCreateTestJSON:test_multiple_create): 200 GET http://10.180.1.21/compute/v2.1/servers/1841dcd4-c231-4c6d-aa2f-5ce3cbb2b530 0.514s
2025-03-11 18:39:14.579 68778 INFO tempest.common.waiters [-] State transition "BUILD/block_device_mapping" ==> "BUILD/spawning" after 37 second wait
2025-03-11 18:39:14.661 68770 INFO tempest.lib.common.rest_client [req-eb4c0373-5dee-4503-9f69-e56fb9dcb485 req-eb4c0373-5dee-4503-9f69-e56fb9dcb485 ] Request (ServersTestBootFromVolume:setUpClass): 200 GET http://10.180.1.21/volume/v3/volumes/d01c66e3-87e9-40bc-95f1-9f03e1a6d5a7 0.035s
2025-03-11 18:39:14.663 68782 INFO tempest.lib.common.rest_client [req-4195de65-3567-4583-a1ba-b99e64d76a20 req-4195de65-3567-4583-a1ba-b99e64d76a20 ] Request (ServersTestJSON:setUpClass): 201 POST http://10.180.1.21:9696/networking/v2.0/subnets 0.160s
2025-03-11 18:39:14.738 68814 INFO tempest.lib.common.rest_client [req-d979cd12-b732-4e60-afe3-b2bd49bc8eaf req-d979cd12-b732-4e60-afe3-b2bd49bc8eaf ] Request (ServerRescueTestJSON:setUpClass): 200 GET http://10.180.1.21/compute/v2.1/servers/ad773afa-fc0a-4380-901d-af013ce55f2b 0.561s
2025-03-11 18:39:14.743 68808 INFO tempest.lib.common.rest_client [req-14145606-460c-450b-9145-2e5d109bd1ec req-14145606-460c-450b-9145-2e5d109bd1ec ] Request (ImagesOneServerNegativeTestJSON:tearDown): 200 GET http://10.180.1.21/compute/v2.1/servers/d7c64aa1-44f8-44f4-9fb6-463033837736 0.531s
2025-03-11 18:39:14.811 68772 INFO tempest.lib.common.rest_client [req-6a7299d8-e26b-440e-a184-0b10fba78154 req-6a7299d8-e26b-440e-a184-0b10fba78154 ] Request (DeleteServersAdminTestJSON:test_delete_server_while_in_error_state): 200 GET http://10.180.1.21/compute/v2.1/servers/aa39767e-1ae7-4881-b0a8-e7b66e1ceed2 0.433s
2025-03-11 18:39:14.815 68766 INFO tempest.lib.common.rest_client [req-8a6514e8-b69b-4f0e-8a29-180a6366090a req-8a6514e8-b69b-4f0e-8a29-180a6366090a ] Request (ServersAdminNegativeTestJSON:tearDownClass): 200 GET http://10.180.1.21/compute/v2.1/servers/a2d0200e-e38e-4ef7-8d6c-29e9ceeb397f 0.509s
2025-03-11 18:39:14.820 68772 INFO tempest.common.waiters [-] State transition "BUILD/None" ==> "BUILD/networking" after 35 second wait
2025-03-11 18:39:14.904 68786 INFO tempest.lib.common.rest_client [req-e5d92ddb-f4d1-4992-952c-c214c363f4c1 req-e5d92ddb-f4d1-4992-952c-c214c363f4c1 ] Request (ServersAdmin275Test:_run_cleanups): 200 GET http://10.180.1.21/compute/v2.1/servers/5435b4d8-46c3-43e3-b11b-cbeb580e2f36 0.446s
2025-03-11 18:39:14.917 68786 INFO tempest.common.waiters [-] State transition "REBUILD/rebuilding" ==> "REBUILD/rebuild_spawning" after 2 second wait
2025-03-11 18:39:14.958 68758 INFO tempest.lib.common.rest_client [req-427a1ed5-0461-4ef1-b403-93eae5519d15 req-427a1ed5-0461-4ef1-b403-93eae5519d15 ] Request (MigrationsAdminTest:test_list_migrations_in_flavor_resize_situation): 200 GET http://10.180.1.21/compute/v2.1/servers/1186da93-57aa-40f4-8aae-702d039844d4 0.569s
2025-03-11 18:39:14.964 68764 INFO tempest.lib.common.rest_client [req-04634d8b-752b-4e36-855d-bd660f391363 req-04634d8b-752b-4e36-855d-bd660f391363 ] Request (ServerExternalEventsTest:test_create_server_external_events): 200 GET http://10.180.1.21/compute/v2.1/servers/c5af19d6-5534-45e6-8c9c-dacf30d4fb1a 0.498s
2025-03-11 18:39:15.024 68756 WARNING tempest.lib.common.ssh [-] Failed to establish authenticated ssh connection to cirros@10.180.180.252 ([Errno None] Unable to connect to port 22 on 10.180.180.252). Number attempts: 7. Retry after 8 seconds.: paramiko.ssh_exception.NoValidConnectionsError: [Errno None] Unable to connect to port 22 on 10.180.180.252
2025-03-11 18:39:15.030 68784 INFO tempest.lib.common.rest_client [req-ad46e70a-b67e-4aed-bac4-8bfa05655683 req-ad46e70a-b67e-4aed-bac4-8bfa05655683 ] Request (TenantUsagesTestJSON:setUpClass): 200 GET http://10.180.1.21/compute/v2.1/servers/56cfa7f3-12ad-42d0-a27f-ab8136a903ee 0.508s
2025-03-11 18:39:15.060 68788 INFO tempest.lib.common.rest_client [req-ed05d35a-5219-4df5-b93e-4fc6ed8427aa req-ed05d35a-5219-4df5-b93e-4fc6ed8427aa ] Request (ServersWithSpecificFlavorTestJSON:test_verify_created_server_ephemeral_disk): 200 GET http://10.180.1.21/compute/v2.1/servers/c74569b8-dfc9-4a74-9d25-74b484bd9477/os-interface 0.592s
2025-03-11 18:39:15.082 68790 INFO tempest.lib.common.rest_client [req-1fcbb4b2-317e-4030-965e-a7b690b9699b req-1fcbb4b2-317e-4030-965e-a7b690b9699b ] Request (ImagesTestJSON:test_create_image_from_suspended_server): 200 GET http://10.180.1.21/compute/v2.1/servers/6b10ff9f-3248-46fe-9cd4-19e0ebbcee77 0.560s
2025-03-11 18:39:15.112 68816 INFO tempest.lib.common.rest_client [req-15719ec3-c405-412a-8007-9390897b1a74 req-15719ec3-c405-412a-8007-9390897b1a74 ] Request (ServerActionsTestJSON:setUpClass): 200 GET http://10.180.1.21/compute/v2.1/servers/8ccd7176-55c0-4118-a07e-3c4bdbba9795 0.550s
2025-03-11 18:39:15.144 68760 INFO tempest.lib.common.rest_client [req-dcfd08a6-08cf-44e4-9f88-987c527eb5b9 req-dcfd08a6-08cf-44e4-9f88-987c527eb5b9 ] Request (ListServerFiltersTestJSON:setUpClass): 200 GET http://10.180.1.21/compute/v2.1/servers/e3855111-7678-42c5-a37e-25e8587416aa 0.560s
2025-03-11 18:39:15.198 68774 INFO tempest.lib.common.rest_client [req-b463da63-ec81-47aa-a1a4-c3ef99d57406 req-b463da63-ec81-47aa-a1a4-c3ef99d57406 ] Request (ServersV294TestFqdnHostnames:setUpClass): 200 GET http://10.180.1.21/compute/v2.1/servers/b92efa60-ef18-4578-b00d-6a2438e7eacf 0.607s
2025-03-11 18:39:15.220 68818 INFO tempest.lib.common.rest_client [req-44142035-85f4-42ce-a9e2-725fb1d5eff6 req-44142035-85f4-42ce-a9e2-725fb1d5eff6 ] Request (FloatingIPsAssociationTestJSON:setUpClass): 200 GET http://10.180.1.21/compute/v2.1/servers/39c532b1-b05e-4354-ad8f-9223b06e9488 0.575s
2025-03-11 18:39:15.289 68812 INFO tempest.lib.common.rest_client [req-2bbad600-4e04-463b-9f7e-f58dfa6056c8 req-2bbad600-4e04-463b-9f7e-f58dfa6056c8 ] Request (ServerTagsTestJSON:tearDownClass): 200 GET http://10.180.1.21/compute/v2.1/servers/0649ee2f-cd90-4597-b7c4-09f2acaf3f54 0.625s
2025-03-11 18:39:15.290 68796 INFO tempest.lib.common.rest_client [req-d4638e99-d010-49f6-85c9-79ac5875ba6a req-d4638e99-d010-49f6-85c9-79ac5875ba6a ] Request (SecurityGroupsTestJSON:test_server_security_groups): 200 GET http://10.180.1.21/compute/v2.1/servers/efed858a-44b9-45b7-8778-22183549088c 0.597s
2025-03-11 18:39:15.358 68768 INFO tempest.lib.common.rest_client [req-92da8d79-5e0f-4930-8313-8c7dc2d7e9e0 req-92da8d79-5e0f-4930-8313-8c7dc2d7e9e0 ] Request (ServersAdminTestJSON:test_create_server_with_scheduling_hint): 200 GET http://10.180.1.21/compute/v2.1/servers/013a92cc-0fc2-4e85-aee6-efb62bae4dcb 0.640s
2025-03-11 18:39:15.359 68811 INFO tempest.lib.common.rest_client [req-92a56777-569e-44b1-97f8-c27aacc0d0a1 req-92a56777-569e-44b1-97f8-c27aacc0d0a1 ] Request (ServerDiskConfigTestJSON:test_rebuild_server_with_manual_disk_config): 200 GET http://10.180.1.21/compute/v2.1/servers/860107df-4e9b-44b1-9e85-b0ee3a827268 0.604s
2025-03-11 18:39:15.410 68798 INFO tempest.lib.common.rest_client [req-f4a66b6c-be2b-4c7f-a124-2252a2d689ac req-f4a66b6c-be2b-4c7f-a124-2252a2d689ac ] Request (InstanceActionsNegativeTestJSON:setUpClass): 200 GET http://10.180.1.21/compute/v2.1/servers/995a3eae-c025-4efa-b509-0bf678bb0388 0.518s
2025-03-11 18:39:15.430 68780 INFO tempest.lib.common.rest_client [req-e17ef77c-5485-4845-86a1-53f82a2d757c req-e17ef77c-5485-4845-86a1-53f82a2d757c ] Request (ServersListShow298Test:test_list_show_update_rebuild_server_298): 200 GET http://10.180.1.21/compute/v2.1/servers/5202b708-179c-48d2-9c4e-2bb5ab1a6ebb 0.631s
2025-03-11 18:39:15.445 68780 INFO tempest.common.waiters [-] State transition "BUILD/scheduling" ==> "BUILD/None" after 27 second wait
2025-03-11 18:39:15.532 68776 INFO tempest.lib.common.rest_client [req-c2bea6c7-d3b0-499e-b3a3-0284c05bbe7a req-c2bea6c7-d3b0-499e-b3a3-0284c05bbe7a ] Request (ServerRescueNegativeTestJSON:test_rescued_vm_attach_volume): 200 GET http://10.180.1.21/compute/v2.1/servers/19dde8dd-eae6-41a0-b147-c505db1cda15 0.408s
2025-03-11 18:39:15.680 68778 INFO tempest.lib.common.rest_client [req-f53f185f-bbd1-43b9-8463-40f3e7e8e72d req-f53f185f-bbd1-43b9-8463-40f3e7e8e72d ] Request (MultipleCreateTestJSON:test_multiple_create): 200 GET http://10.180.1.21/compute/v2.1/servers/1841dcd4-c231-4c6d-aa2f-5ce3cbb2b530 0.098s
2025-03-11 18:39:15.703 68770 INFO tempest.lib.common.rest_client [req-ed699059-df23-4660-80c0-9565082fd86a req-ed699059-df23-4660-80c0-9565082fd86a ] Request (ServersTestBootFromVolume:setUpClass): 200 GET http://10.180.1.21/volume/v3/volumes/d01c66e3-87e9-40bc-95f1-9f03e1a6d5a7 0.034s
2025-03-11 18:39:15.707 68782 INFO tempest.lib.common.rest_client [req-52d0d6fe-3bae-486d-a78f-482a75645df7 req-52d0d6fe-3bae-486d-a78f-482a75645df7 ] Request (ServersTestJSON:setUpClass): 201 POST http://10.180.1.21:9696/networking/v2.0/routers 1.043s
2025-03-11 18:39:15.872 68788 INFO tempest.lib.common.rest_client [req-36723ba2-d2ec-45f3-b922-ac8fcffc1905 req-36723ba2-d2ec-45f3-b922-ac8fcffc1905 ] Request (ServersWithSpecificFlavorTestJSON:test_verify_created_server_ephemeral_disk): 200 PUT http://10.180.1.21:9696/networking/v2.0/floatingips/60a277a3-ed56-4c80-9d7d-722345f08bbe 0.810s
2025-03-11 18:39:16.159 68808 INFO tempest.lib.common.rest_client [req-bd18ceef-b2d0-446f-b68c-5245f22382c8 req-bd18ceef-b2d0-446f-b68c-5245f22382c8 ] Request (ImagesOneServerNegativeTestJSON:tearDown): 200 GET http://10.180.1.21/compute/v2.1/servers/d7c64aa1-44f8-44f4-9fb6-463033837736 0.405s
2025-03-11 18:39:16.205 68814 INFO tempest.lib.common.rest_client [req-9b00493f-f70d-48b0-825c-ac4d66cfbd26 req-9b00493f-f70d-48b0-825c-ac4d66cfbd26 ] Request (ServerRescueTestJSON:setUpClass): 200 GET http://10.180.1.21/compute/v2.1/servers/ad773afa-fc0a-4380-901d-af013ce55f2b 0.457s
2025-03-11 18:39:16.308 68766 INFO tempest.lib.common.rest_client [req-b4b585cb-b98a-4213-b987-2e27f4d88849 req-b4b585cb-b98a-4213-b987-2e27f4d88849 ] Request (ServersAdminNegativeTestJSON:tearDownClass): 200 GET http://10.180.1.21/compute/v2.1/servers/a2d0200e-e38e-4ef7-8d6c-29e9ceeb397f 0.480s
2025-03-11 18:39:16.364 68772 INFO tempest.lib.common.rest_client [req-aea2d87f-52c3-4c40-9203-0725dd53b001 req-aea2d87f-52c3-4c40-9203-0725dd53b001 ] Request (DeleteServersAdminTestJSON:test_delete_server_while_in_error_state): 200 GET http://10.180.1.21/compute/v2.1/servers/aa39767e-1ae7-4881-b0a8-e7b66e1ceed2 0.542s
2025-03-11 18:39:16.374 68772 INFO tempest.common.waiters [-] State transition "BUILD/networking" ==> "BUILD/spawning" after 37 second wait
2025-03-11 18:39:16.455 68786 INFO tempest.lib.common.rest_client [req-47a33c89-8317-4784-9e45-641fbba44c8f req-47a33c89-8317-4784-9e45-641fbba44c8f ] Request (ServersAdmin275Test:_run_cleanups): 200 GET http://10.180.1.21/compute/v2.1/servers/5435b4d8-46c3-43e3-b11b-cbeb580e2f36 0.537s
2025-03-11 18:39:16.477 68788 INFO tempest.lib.common.rest_client [req-6b5b43f0-926d-4a23-9dc5-d64311fe8f81 req-6b5b43f0-926d-4a23-9dc5-d64311fe8f81 ] Request (ServersWithSpecificFlavorTestJSON:test_verify_created_server_ephemeral_disk): 200 GET http://10.180.1.21/compute/v2.1/servers/c74569b8-dfc9-4a74-9d25-74b484bd9477 0.604s
2025-03-11 18:39:16.492 68788 INFO tempest.lib.common.ssh [-] Creating ssh connection to '10.180.180.250:22' as 'cirros' with public key authentication
2025-03-11 18:39:16.560 68764 INFO tempest.lib.common.rest_client [req-1dee0b3d-0ec0-4fe8-800f-29e3dd8e7ffa req-1dee0b3d-0ec0-4fe8-800f-29e3dd8e7ffa ] Request (ServerExternalEventsTest:test_create_server_external_events): 200 GET http://10.180.1.21/compute/v2.1/servers/c5af19d6-5534-45e6-8c9c-dacf30d4fb1a 0.586s
2025-03-11 18:39:16.613 68758 INFO tempest.lib.common.rest_client [req-3df17b2f-42f4-46eb-abc6-9c1165b08c23 req-3df17b2f-42f4-46eb-abc6-9c1165b08c23 ] Request (MigrationsAdminTest:test_list_migrations_in_flavor_resize_situation): 200 GET http://10.180.1.21/compute/v2.1/servers/1186da93-57aa-40f4-8aae-702d039844d4 0.646s
2025-03-11 18:39:16.624 68784 INFO tempest.lib.common.rest_client [req-0c2ebb3a-bb66-4c4d-9d02-15aa599d7b3d req-0c2ebb3a-bb66-4c4d-9d02-15aa599d7b3d ] Request (TenantUsagesTestJSON:setUpClass): 200 GET http://10.180.1.21/compute/v2.1/servers/56cfa7f3-12ad-42d0-a27f-ab8136a903ee 0.585s
2025-03-11 18:39:16.704 68816 INFO tempest.lib.common.rest_client [req-5e56267c-d048-464a-8aad-d4f7e85930bc req-5e56267c-d048-464a-8aad-d4f7e85930bc ] Request (ServerActionsTestJSON:setUpClass): 200 GET http://10.180.1.21/compute/v2.1/servers/8ccd7176-55c0-4118-a07e-3c4bdbba9795 0.581s
2025-03-11 18:39:16.705 68790 INFO tempest.lib.common.rest_client [req-72b75ca6-dfef-48b0-8682-3d66a04f59ed req-72b75ca6-dfef-48b0-8682-3d66a04f59ed ] Request (ImagesTestJSON:test_create_image_from_suspended_server): 200 GET http://10.180.1.21/compute/v2.1/servers/6b10ff9f-3248-46fe-9cd4-19e0ebbcee77 0.604s
2025-03-11 18:39:16.750 68770 INFO tempest.lib.common.rest_client [req-a8d8c2cb-a307-4a24-9c9f-296c5f836f86 req-a8d8c2cb-a307-4a24-9c9f-296c5f836f86 ] Request (ServersTestBootFromVolume:setUpClass): 200 GET http://10.180.1.21/volume/v3/volumes/d01c66e3-87e9-40bc-95f1-9f03e1a6d5a7 0.034s
2025-03-11 18:39:16.789 68760 INFO tempest.lib.common.rest_client [req-8bf21443-b4d4-4cce-87e0-407210bead5c req-8bf21443-b4d4-4cce-87e0-407210bead5c ] Request (ListServerFiltersTestJSON:setUpClass): 200 GET http://10.180.1.21/compute/v2.1/servers/e3855111-7678-42c5-a37e-25e8587416aa 0.637s
2025-03-11 18:39:16.797 68774 INFO tempest.lib.common.rest_client [req-8cf3a0a9-c65b-4cc7-a8a7-a668c13a1b4f req-8cf3a0a9-c65b-4cc7-a8a7-a668c13a1b4f ] Request (ServersV294TestFqdnHostnames:setUpClass): 200 GET http://10.180.1.21/compute/v2.1/servers/b92efa60-ef18-4578-b00d-6a2438e7eacf 0.587s
2025-03-11 18:39:16.862 68818 INFO tempest.lib.common.rest_client [req-4e067fa6-5ef6-4169-9b8c-e80967041d44 req-4e067fa6-5ef6-4169-9b8c-e80967041d44 ] Request (FloatingIPsAssociationTestJSON:setUpClass): 200 GET http://10.180.1.21/compute/v2.1/servers/39c532b1-b05e-4354-ad8f-9223b06e9488 0.625s
2025-03-11 18:39:16.880 68796 INFO tempest.lib.common.rest_client [req-2e7864ba-9544-453a-9884-e85df9d798ae req-2e7864ba-9544-453a-9884-e85df9d798ae ] Request (SecurityGroupsTestJSON:test_server_security_groups): 200 GET http://10.180.1.21/compute/v2.1/servers/efed858a-44b9-45b7-8778-22183549088c 0.578s
2025-03-11 18:39:16.949 68812 INFO tempest.lib.common.rest_client [req-8d51abbc-b72d-4d8b-8fec-bcf7b73f979a req-8d51abbc-b72d-4d8b-8fec-bcf7b73f979a ] Request (ServerTagsTestJSON:tearDownClass): 200 GET http://10.180.1.21/compute/v2.1/servers/0649ee2f-cd90-4597-b7c4-09f2acaf3f54 0.645s
2025-03-11 18:39:16.951 68768 INFO tempest.lib.common.rest_client [req-bf281447-8398-4cd0-a71f-22db6613d6e8 req-bf281447-8398-4cd0-a71f-22db6613d6e8 ] Request (ServersAdminTestJSON:test_create_server_with_scheduling_hint): 200 GET http://10.180.1.21/compute/v2.1/servers/013a92cc-0fc2-4e85-aee6-efb62bae4dcb 0.581s
2025-03-11 18:39:17.033 68798 INFO tempest.lib.common.rest_client [req-4d052ce4-dc81-408a-ac3d-5f0d64ca3170 req-4d052ce4-dc81-408a-ac3d-5f0d64ca3170 ] Request (InstanceActionsNegativeTestJSON:setUpClass): 200 GET http://10.180.1.21/compute/v2.1/servers/995a3eae-c025-4efa-b509-0bf678bb0388 0.612s
2025-03-11 18:39:17.034 68811 INFO tempest.lib.common.rest_client [req-1240b008-d772-48a5-89ca-ab78c492005d req-1240b008-d772-48a5-89ca-ab78c492005d ] Request (ServerDiskConfigTestJSON:test_rebuild_server_with_manual_disk_config): 200 GET http://10.180.1.21/compute/v2.1/servers/860107df-4e9b-44b1-9e85-b0ee3a827268 0.663s
2025-03-11 18:39:17.146 68780 INFO tempest.lib.common.rest_client [req-87bdee2e-d338-4be0-8f58-e4abc081af5b req-87bdee2e-d338-4be0-8f58-e4abc081af5b ] Request (ServersListShow298Test:test_list_show_update_rebuild_server_298): 200 GET http://10.180.1.21/compute/v2.1/servers/5202b708-179c-48d2-9c4e-2bb5ab1a6ebb 0.699s
2025-03-11 18:39:17.227 68776 INFO tempest.lib.common.rest_client [req-b480e752-6265-4d7d-9944-dc0d9d0d440f req-b480e752-6265-4d7d-9944-dc0d9d0d440f ] Request (ServerRescueNegativeTestJSON:test_rescued_vm_attach_volume): 200 GET http://10.180.1.21/compute/v2.1/servers/19dde8dd-eae6-41a0-b147-c505db1cda15 0.679s
2025-03-11 18:39:17.239 68776 INFO tempest.common.waiters [-] State transition "ACTIVE/rescuing" ==> "RESCUE/None" after 10 second wait
2025-03-11 18:39:17.365 68778 INFO tempest.lib.common.rest_client [req-5584bd3b-3cd2-4b57-82c2-9365bc6bd8c2 req-5584bd3b-3cd2-4b57-82c2-9365bc6bd8c2 ] Request (MultipleCreateTestJSON:test_multiple_create): 200 GET http://10.180.1.21/compute/v2.1/servers/1841dcd4-c231-4c6d-aa2f-5ce3cbb2b530 0.672s
2025-03-11 18:39:17.528 68808 INFO tempest.lib.common.rest_client [req-e4d00a29-4949-4979-acd4-e58d8cea75a3 req-e4d00a29-4949-4979-acd4-e58d8cea75a3 ] Request (ImagesOneServerNegativeTestJSON:tearDown): 200 GET http://10.180.1.21/compute/v2.1/servers/d7c64aa1-44f8-44f4-9fb6-463033837736 0.355s
2025-03-11 18:39:17.557 68776 INFO tempest.lib.common.rest_client [req-b7b537e1-bc7b-4e9f-aa66-2e1cc545f15f req-b7b537e1-bc7b-4e9f-aa66-2e1cc545f15f ] Request (ServerRescueNegativeTestJSON:test_rescued_vm_attach_volume): 409 POST http://10.180.1.21/compute/v2.1/servers/19dde8dd-eae6-41a0-b147-c505db1cda15/os-volume_attachments 0.317s
2025-03-11 18:39:17.574 68814 INFO tempest.lib.common.rest_client [req-e37e0524-8642-4785-b67b-5e96e8f92d99 req-e37e0524-8642-4785-b67b-5e96e8f92d99 ] Request (ServerRescueTestJSON:setUpClass): 200 GET http://10.180.1.21/compute/v2.1/servers/ad773afa-fc0a-4380-901d-af013ce55f2b 0.360s
2025-03-11 18:39:17.643 68766 INFO tempest.lib.common.rest_client [req-e036e543-66ff-4c57-a404-5ce384f66811 req-e036e543-66ff-4c57-a404-5ce384f66811 ] Request (ServersAdminNegativeTestJSON:tearDownClass): 200 GET http://10.180.1.21/compute/v2.1/servers/a2d0200e-e38e-4ef7-8d6c-29e9ceeb397f 0.325s
2025-03-11 18:39:17.682 68782 INFO tempest.lib.common.rest_client [req-e9385e40-722b-486e-a20d-a4fe33087783 req-e9385e40-722b-486e-a20d-a4fe33087783 ] Request (ServersTestJSON:setUpClass): 200 PUT http://10.180.1.21:9696/networking/v2.0/routers/ebe84e1d-a927-4f35-bc01-7db049062bab/add_router_interface 1.975s
2025-03-11 18:39:17.683 68782 INFO tempest.lib.common.dynamic_creds [-] Created isolated network resources for: credentials: Credentials: {'domain_id': 'default', 'domain_name': 'Default', 'username': 'tempest-ServersTestJSON-426758050-project-member', 'project_domain_id': 'default', 'project_domain_name': 'Default', 'project_id': 'fc43ad02f60c41178dc8b891b605843d', 'project_name': 'tempest-ServersTestJSON-426758050', 'tenant_id': 'fc43ad02f60c41178dc8b891b605843d', 'tenant_name': 'tempest-ServersTestJSON-426758050', 'user_domain_id': 'default', 'user_domain_name': 'Default', 'user_id': 'a0888d4e1bac46099e851a9d2f6a84b8', 'system': None}, Network: {'id': '31d7b9e2-4243-4a9f-bce5-3124599a9ef2', 'name': 'tempest-ServersTestJSON-2048017741-network', 'tenant_id': 'fc43ad02f60c41178dc8b891b605843d', 'admin_state_up': True, 'mtu': 8950, 'status': 'ACTIVE', 'subnets': [], 'shared': False, 'project_id': 'fc43ad02f60c41178dc8b891b605843d', 'port_security_enabled': True, 'router:external': False, 'provider:network_type': 'vlan', 'provider:physical_network': 'default', 'provider:segmentation_id': 114, 'availability_zone_hints': [], 'availability_zones': [], 'ipv4_address_scope': None, 'ipv6_address_scope': None, 'description': '', 'tags': [], 'created_at': '2025-03-11T18:39:14Z', 'updated_at': '2025-03-11T18:39:14Z', 'revision_number': 1}, Subnet: {'id': '36b27a69-00cf-4975-ae13-d64797b15be7', 'name': 'tempest-ServersTestJSON-2048017741-subnet', 'tenant_id': 'fc43ad02f60c41178dc8b891b605843d', 'network_id': '31d7b9e2-4243-4a9f-bce5-3124599a9ef2', 'ip_version': 4, 'subnetpool_id': None, 'enable_dhcp': True, 'ipv6_ra_mode': None, 'ipv6_address_mode': None, 'gateway_ip': '192.168.128.1', 'cidr': '192.168.128.0/28', 'allocation_pools': [{'start': '192.168.128.2', 'end': '192.168.128.14'}], 'host_routes': [], 'dns_nameservers': [], 'description': '', 'router:external': False, 'service_types': [], 'tags': [], 'created_at': '2025-03-11T18:39:14Z', 'updated_at': '2025-03-11T18:39:14Z', 'revision_number': 0, 'project_id': 'fc43ad02f60c41178dc8b891b605843d'}, Router: {'id': 'ebe84e1d-a927-4f35-bc01-7db049062bab', 'name': 'tempest-ServersTestJSON-2048017741-router', 'tenant_id': 'fc43ad02f60c41178dc8b891b605843d', 'admin_state_up': True, 'status': 'ACTIVE', 'external_gateway_info': {'network_id': '6ac90a48-13df-46c2-ab9b-d7cd8599ec23', 'external_fixed_ips': [{'subnet_id': '1ca821a3-75a6-4d36-b0af-6763cb3e5f55', 'ip_address': '10.180.180.171'}], 'enable_snat': True}, 'description': '', 'availability_zones': [], 'distributed': False, 'ha': False, 'availability_zone_hints': [], 'routes': [], 'flavor_id': None, 'tags': [], 'created_at': '2025-03-11T18:39:14Z', 'updated_at': '2025-03-11T18:39:15Z', 'revision_number': 2, 'project_id': 'fc43ad02f60c41178dc8b891b605843d'}
2025-03-11 18:39:17.722 68786 INFO tempest.lib.common.rest_client [req-2c9daffc-6add-4dc6-abe5-a2e13d688471 req-2c9daffc-6add-4dc6-abe5-a2e13d688471 ] Request (ServersAdmin275Test:_run_cleanups): 200 GET http://10.180.1.21/compute/v2.1/servers/5435b4d8-46c3-43e3-b11b-cbeb580e2f36 0.249s
2025-03-11 18:39:17.749 68772 INFO tempest.lib.common.rest_client [req-743ae533-f166-482f-b600-70de3d9a2d4c req-743ae533-f166-482f-b600-70de3d9a2d4c ] Request (DeleteServersAdminTestJSON:test_delete_server_while_in_error_state): 200 GET http://10.180.1.21/compute/v2.1/servers/aa39767e-1ae7-4881-b0a8-e7b66e1ceed2 0.375s
2025-03-11 18:39:17.790 68776 INFO tempest.lib.common.rest_client [req-1020ca0c-42f5-47b6-974a-78ce7fe6a54e req-1020ca0c-42f5-47b6-974a-78ce7fe6a54e ] Request (ServerRescueNegativeTestJSON:_run_cleanups): 202 POST http://10.180.1.21/compute/v2.1/servers/19dde8dd-eae6-41a0-b147-c505db1cda15/action 0.233s
2025-03-11 18:39:17.808 68782 INFO tempest.lib.common.rest_client [req-a98f5b5e-cb1b-4938-830b-19559ef2a1b9 req-a98f5b5e-cb1b-4938-830b-19559ef2a1b9 ] Request (ServersTestJSON:setUpClass): 201 POST http://10.180.1.21/identity/v3/auth/tokens 0.123s
2025-03-11 18:39:17.809 68770 INFO tempest.lib.common.rest_client [req-47e34935-78b5-4239-81d4-8b71309d28f5 req-47e34935-78b5-4239-81d4-8b71309d28f5 ] Request (ServersTestBootFromVolume:setUpClass): 200 GET http://10.180.1.21/volume/v3/volumes/d01c66e3-87e9-40bc-95f1-9f03e1a6d5a7 0.048s
2025-03-11 18:39:17.821 68764 INFO tempest.lib.common.rest_client [req-88252e12-24cc-4d08-a3ac-d462761d50bb req-88252e12-24cc-4d08-a3ac-d462761d50bb ] Request (ServerExternalEventsTest:test_create_server_external_events): 200 GET http://10.180.1.21/compute/v2.1/servers/c5af19d6-5534-45e6-8c9c-dacf30d4fb1a 0.248s
2025-03-11 18:39:17.889 68784 INFO tempest.lib.common.rest_client [req-2075582b-def4-43ca-99da-86c52fa0a3bf req-2075582b-def4-43ca-99da-86c52fa0a3bf ] Request (TenantUsagesTestJSON:setUpClass): 200 GET http://10.180.1.21/compute/v2.1/servers/56cfa7f3-12ad-42d0-a27f-ab8136a903ee 0.253s
2025-03-11 18:39:17.945 68790 INFO tempest.lib.common.rest_client [req-26e6a3a4-ba86-44df-8422-b2975dc1cd77 req-26e6a3a4-ba86-44df-8422-b2975dc1cd77 ] Request (ImagesTestJSON:test_create_image_from_suspended_server): 200 GET http://10.180.1.21/compute/v2.1/servers/6b10ff9f-3248-46fe-9cd4-19e0ebbcee77 0.225s
2025-03-11 18:39:17.958 68758 INFO tempest.lib.common.rest_client [req-9d11d856-e059-40d2-a291-7d2e54399142 req-9d11d856-e059-40d2-a291-7d2e54399142 ] Request (MigrationsAdminTest:test_list_migrations_in_flavor_resize_situation): 200 GET http://10.180.1.21/compute/v2.1/servers/1186da93-57aa-40f4-8aae-702d039844d4 0.334s
2025-03-11 18:39:18.007 68816 INFO tempest.lib.common.rest_client [req-237f3cc6-c40b-49bd-881f-a41055cb0f7c req-237f3cc6-c40b-49bd-881f-a41055cb0f7c ] Request (ServerActionsTestJSON:setUpClass): 200 GET http://10.180.1.21/compute/v2.1/servers/8ccd7176-55c0-4118-a07e-3c4bdbba9795 0.285s
2025-03-11 18:39:18.087 68760 INFO tempest.lib.common.rest_client [req-eb6c9c6b-54e0-4cb4-a366-7f5f88596f8a req-eb6c9c6b-54e0-4cb4-a366-7f5f88596f8a ] Request (ListServerFiltersTestJSON:setUpClass): 200 GET http://10.180.1.21/compute/v2.1/servers/e3855111-7678-42c5-a37e-25e8587416aa 0.281s
2025-03-11 18:39:18.155 68776 INFO tempest.lib.common.rest_client [req-fd436072-cd3f-4ba1-b064-92f08a7a5ed2 req-fd436072-cd3f-4ba1-b064-92f08a7a5ed2 ] Request (ServerRescueNegativeTestJSON:_run_cleanups): 200 GET http://10.180.1.21/compute/v2.1/servers/19dde8dd-eae6-41a0-b147-c505db1cda15 0.364s
2025-03-11 18:39:18.199 68782 INFO tempest.lib.common.rest_client [req-c07b8e3d-3455-438c-9521-5cf141bc452e req-c07b8e3d-3455-438c-9521-5cf141bc452e ] Request (ServersTestJSON:setUpClass): 200 POST http://10.180.1.21/compute/v2.1/os-keypairs 0.389s
