2025-03-11 18:39:25.139 68786 INFO tempest.lib.common.rest_client [req-7b2e1f4e-31bc-4db7-af23-881f88a570eb req-7b2e1f4e-31bc-4db7-af23-881f88a570eb ] Request (ServersAdmin275Test:tearDownClass): 200 GET http://10.180.1.21/compute/v2.1/servers/5435b4d8-46c3-43e3-b11b-cbeb580e2f36 0.160s
2025-03-11 18:39:25.197 68782 INFO tempest.lib.common.rest_client [req-4f78eb6c-2f5a-47fa-bc1c-00b3231c62b0 req-4f78eb6c-2f5a-47fa-bc1c-00b3231c62b0 ] Request (ServersTestJSON:setUpClass): 200 GET http://10.180.1.21/compute/v2.1/servers/7ae346fa-fbb2-4fd7-b620-f0dda8243ca8 0.174s
2025-03-11 18:39:25.219 68772 INFO tempest.lib.common.rest_client [req-2a575a5c-10fa-43f5-8af5-c0dcf4606fab req-2a575a5c-10fa-43f5-8af5-c0dcf4606fab ] Request (DeleteServersAdminTestJSON:test_delete_server_while_in_error_state): 200 GET http://10.180.1.21/compute/v2.1/servers/aa39767e-1ae7-4881-b0a8-e7b66e1ceed2 0.237s
2025-03-11 18:39:25.282 68816 INFO tempest.lib.common.rest_client [req-15fcb6c1-a77c-4653-be1e-691d551271c6 req-15fcb6c1-a77c-4653-be1e-691d551271c6 ] Request (ServerActionsTestJSON:setUpClass): 200 GET http://10.180.1.21/compute/v2.1/servers/8ccd7176-55c0-4118-a07e-3c4bdbba9795 0.241s
2025-03-11 18:39:25.301 68778 INFO tempest.lib.common.rest_client [req-0c8923a4-dbfa-4ab1-8aa1-d0e931331b58 req-0c8923a4-dbfa-4ab1-8aa1-d0e931331b58 ] Request (MultipleCreateTestJSON:test_multiple_create): 200 GET http://10.180.1.21/compute/v2.1/servers/67312d87-cc63-4dc7-b9c1-9c8d349a4756 0.271s
2025-03-11 18:39:25.335 68760 INFO tempest.lib.common.rest_client [req-7ac03c28-1715-4a96-9a03-c3bbf3988487 req-7ac03c28-1715-4a96-9a03-c3bbf3988487 ] Request (ListServerFiltersTestJSON:setUpClass): 200 GET http://10.180.1.21/compute/v2.1/servers/e3855111-7678-42c5-a37e-25e8587416aa 0.102s
2025-03-11 18:39:25.360 68818 INFO tempest.lib.common.rest_client [req-31031889-f0dd-469c-80d8-ed64ddcc6bc9 req-31031889-f0dd-469c-80d8-ed64ddcc6bc9 ] Request (FloatingIPsAssociationTestJSON:setUpClass): 200 GET http://10.180.1.21/compute/v2.1/servers/39c532b1-b05e-4354-ad8f-9223b06e9488 0.072s
2025-03-11 18:39:25.435 68758 INFO tempest.lib.common.rest_client [req-3427affd-482f-478b-9d9b-c479aadb7db5 req-3427affd-482f-478b-9d9b-c479aadb7db5 ] Request (MigrationsAdminTest:test_list_migrations_in_flavor_resize_situation): 200 GET http://10.180.1.21/compute/v2.1/servers/1186da93-57aa-40f4-8aae-702d039844d4 0.127s
2025-03-11 18:39:25.440 68778 INFO tempest.lib.common.rest_client [req-5cc4862f-b3b0-4482-952f-d900697231b0 req-5cc4862f-b3b0-4482-952f-d900697231b0 ] Request (MultipleCreateTestJSON:_run_cleanups): 204 DELETE http://10.180.1.21/compute/v2.1/servers/67312d87-cc63-4dc7-b9c1-9c8d349a4756 0.130s
2025-03-11 18:39:25.494 68776 INFO tempest.lib.common.rest_client [req-e4230015-9da6-4b53-8261-edf10d4d5ff2 req-e4230015-9da6-4b53-8261-edf10d4d5ff2 ] Request (ServerRescueNegativeTestJSON:test_rescued_vm_detach_volume): 201 POST http://10.180.1.21:9696/networking/v2.0/floatingips 0.397s
2025-03-11 18:39:25.503 68796 INFO tempest.lib.common.rest_client [req-383f251f-1990-408c-ae6b-69e1923bf8d5 req-383f251f-1990-408c-ae6b-69e1923bf8d5 ] Request (SecurityGroupsTestJSON:test_server_security_groups): 200 GET http://10.180.1.21/compute/v2.1/servers/efed858a-44b9-45b7-8778-22183549088c 0.083s
2025-03-11 18:39:25.503 68814 INFO tempest.lib.common.rest_client [req-8f36b380-8b90-4e19-b001-14443221e15b req-8f36b380-8b90-4e19-b001-14443221e15b ] Request (ServerRescueTestJSON:test_rescue_unrescue_instance): 200 GET http://10.180.1.21/compute/v2.1/servers/acbf4c5c-341c-4ebd-ad29-90ebf531aa86 0.151s
2025-03-11 18:39:25.565 68776 INFO tempest.lib.common.rest_client [req-7caf3337-6398-46e9-8d9d-6f6a10bbf22e req-7caf3337-6398-46e9-8d9d-6f6a10bbf22e ] Request (ServerRescueNegativeTestJSON:test_rescued_vm_detach_volume): 201 POST http://10.180.1.21/identity/v3/auth/tokens 0.067s
2025-03-11 18:39:25.566 68776 INFO tempest.lib.common.fixed_network [-] (ServerRescueNegativeTestJSON:test_rescued_vm_detach_volume) Found network {'id': 'fe5c8b7d-6242-429a-a6e7-8e292212258b', 'name': 'tempest-ServerRescueNegativeTestJSON-259497282-network', 'tenant_id': '5b002244273f41d89ddf47570ffe6a02', 'admin_state_up': True, 'mtu': 8950, 'status': 'ACTIVE', 'subnets': [], 'shared': False, 'project_id': '5b002244273f41d89ddf47570ffe6a02', 'port_security_enabled': True, 'router:external': False, 'provider:network_type': 'vlan', 'provider:physical_network': 'default', 'provider:segmentation_id': 316, 'availability_zone_hints': [], 'availability_zones': [], 'ipv4_address_scope': None, 'ipv6_address_scope': None, 'description': '', 'tags': [], 'created_at': '2025-03-11T18:37:57Z', 'updated_at': '2025-03-11T18:37:57Z', 'revision_number': 1} available for tenant
2025-03-11 18:39:25.580 68768 INFO tempest.lib.common.rest_client [req-9f85b10f-c9df-4b49-b175-ff27a205ad36 req-9f85b10f-c9df-4b49-b175-ff27a205ad36 ] Request (ServersAdminTestJSON:test_create_server_with_scheduling_hint): 200 GET http://10.180.1.21/compute/v2.1/servers/013a92cc-0fc2-4e85-aee6-efb62bae4dcb 0.075s
2025-03-11 18:39:25.585 68778 INFO tempest.lib.common.rest_client [req-606975b6-39fd-42ae-bcd4-de768d5e8cd2 req-606975b6-39fd-42ae-bcd4-de768d5e8cd2 ] Request (MultipleCreateTestJSON:_run_cleanups): 204 DELETE http://10.180.1.21/compute/v2.1/servers/1841dcd4-c231-4c6d-aa2f-5ce3cbb2b530 0.144s
2025-03-11 18:39:25.718 68778 INFO tempest.lib.common.rest_client [req-662623cb-854d-4789-a8ff-c431544347fd req-662623cb-854d-4789-a8ff-c431544347fd ] Request (MultipleCreateTestJSON:_run_cleanups): 200 GET http://10.180.1.21/compute/v2.1/servers/67312d87-cc63-4dc7-b9c1-9c8d349a4756 0.132s
2025-03-11 18:39:25.778 68812 INFO tempest.lib.common.rest_client [req-fb546bf5-e4a6-48a2-9736-3b8313440aa2 req-fb546bf5-e4a6-48a2-9736-3b8313440aa2 ] Request (ServerTagsTestJSON:tearDownClass): 200 GET http://10.180.1.21/compute/v2.1/servers/0649ee2f-cd90-4597-b7c4-09f2acaf3f54 0.158s
2025-03-11 18:39:25.831 68798 INFO tempest.lib.common.rest_client [req-28f3a7db-16b5-4e9e-b1b5-bfb43e719681 req-28f3a7db-16b5-4e9e-b1b5-bfb43e719681 ] Request (InstanceActionsNegativeTestJSON:setUpClass): 200 GET http://10.180.1.21/compute/v2.1/servers/995a3eae-c025-4efa-b509-0bf678bb0388 0.176s
2025-03-11 18:39:25.889 68811 INFO tempest.lib.common.rest_client [req-918d94e5-6b6e-4221-8511-30fdc4b9fd51 req-918d94e5-6b6e-4221-8511-30fdc4b9fd51 ] Request (ServerDiskConfigTestJSON:test_rebuild_server_with_manual_disk_config): 200 GET http://10.180.1.21/compute/v2.1/servers/860107df-4e9b-44b1-9e85-b0ee3a827268 0.165s
2025-03-11 18:39:25.947 68776 INFO tempest.lib.common.rest_client [req-07d87af2-7e32-4d3a-804c-dd7a39dfd244 req-07d87af2-7e32-4d3a-804c-dd7a39dfd244 ] Request (ServerRescueNegativeTestJSON:test_rescued_vm_detach_volume): 202 POST http://10.180.1.21/compute/v2.1/servers 0.380s
2025-03-11 18:39:25.990 68774 INFO tempest.lib.common.rest_client [req-cc4d780c-0e05-4701-88c6-88109aff735f req-cc4d780c-0e05-4701-88c6-88109aff735f ] Request (ServersV294TestFqdnHostnames:setUpClass): 200 GET http://10.180.1.21/compute/v2.1/servers/b92efa60-ef18-4578-b00d-6a2438e7eacf 0.241s
2025-03-11 18:39:26.008 68780 INFO tempest.lib.common.rest_client [req-b5561199-3571-403b-b54e-5c5f01acc328 req-b5561199-3571-403b-b54e-5c5f01acc328 ] Request (ServersListShow298Test:test_list_show_update_rebuild_server_298): 200 GET http://10.180.1.21/compute/v2.1/servers/5202b708-179c-48d2-9c4e-2bb5ab1a6ebb 0.213s
2025-03-11 18:39:26.042 68770 INFO tempest.lib.common.rest_client [req-093987f8-b8d9-4799-bd7e-e04e96408191 req-093987f8-b8d9-4799-bd7e-e04e96408191 ] Request (ServersTestBootFromVolume:setUpClass): 200 GET http://10.180.1.21/compute/v2.1/servers/29e9555b-f928-43e7-a3a3-869ed07d7326 0.244s
2025-03-11 18:39:26.072 68766 INFO tempest.lib.common.rest_client [req-5a7c897f-a947-4e82-baa7-19fc9d58df16 req-5a7c897f-a947-4e82-baa7-19fc9d58df16 ] Request (ServersAdminNegativeTestJSON:tearDownClass): 200 GET http://10.180.1.21/compute/v2.1/servers/a2d0200e-e38e-4ef7-8d6c-29e9ceeb397f 0.183s
2025-03-11 18:39:26.112 68764 INFO tempest.lib.common.rest_client [req-746fe6d4-252e-4069-85f6-be2c85a66f27 req-746fe6d4-252e-4069-85f6-be2c85a66f27 ] Request (ServerExternalEventsTest:test_create_server_external_events): 200 GET http://10.180.1.21/compute/v2.1/servers/c5af19d6-5534-45e6-8c9c-dacf30d4fb1a 0.203s
2025-03-11 18:39:26.133 68808 INFO tempest.lib.common.rest_client [req-af7a8403-dda3-4225-942c-f02c2de9faae req-af7a8403-dda3-4225-942c-f02c2de9faae ] Request (ImagesOneServerNegativeTestJSON:_run_cleanups): 200 GET http://10.180.1.21/compute/v2.1/servers/d7c64aa1-44f8-44f4-9fb6-463033837736 0.194s
2025-03-11 18:39:26.158 68776 INFO tempest.lib.common.rest_client [req-c41d2a6a-5c95-4b40-b964-145f5f7c9405 req-c41d2a6a-5c95-4b40-b964-145f5f7c9405 ] Request (ServerRescueNegativeTestJSON:test_rescued_vm_detach_volume): 200 GET http://10.180.1.21/compute/v2.1/servers/a01364f9-e30d-4140-ae41-1e7c4aaa2251 0.207s
2025-03-11 18:39:26.197 68790 INFO tempest.lib.common.rest_client [req-62008fa1-f38d-4099-970c-afc46eafd2af req-62008fa1-f38d-4099-970c-afc46eafd2af ] Request (ImagesTestJSON:test_create_image_from_suspended_server): 200 GET http://10.180.1.21/compute/v2.1/servers/6b10ff9f-3248-46fe-9cd4-19e0ebbcee77 0.106s
2025-03-11 18:39:26.204 68790 INFO tempest.common.waiters [-] State transition "BUILD/scheduling" ==> "BUILD/None" after 28 second wait
2025-03-11 18:39:26.280 68786 INFO tempest.lib.common.rest_client [req-24a3d1b2-5569-4add-aa26-2c81314b13df req-24a3d1b2-5569-4add-aa26-2c81314b13df ] Request (ServersAdmin275Test:tearDownClass): 200 GET http://10.180.1.21/compute/v2.1/servers/5435b4d8-46c3-43e3-b11b-cbeb580e2f36 0.131s
2025-03-11 18:39:26.306 68784 INFO tempest.lib.common.rest_client [req-712257de-648b-4e54-869d-6e8a13b75b32 req-712257de-648b-4e54-869d-6e8a13b75b32 ] Request (TenantUsagesTestJSON:setUpClass): 200 GET http://10.180.1.21/compute/v2.1/servers/56cfa7f3-12ad-42d0-a27f-ab8136a903ee 0.206s
2025-03-11 18:39:26.314 68784 INFO tempest.common.waiters [-] State transition "BUILD/block_device_mapping" ==> "BUILD/spawning" after 43 second wait
2025-03-11 18:39:26.332 68782 INFO tempest.lib.common.rest_client [req-601cd679-34c5-4e71-ba47-ed51f077c8fa req-601cd679-34c5-4e71-ba47-ed51f077c8fa ] Request (ServersTestJSON:setUpClass): 200 GET http://10.180.1.21/compute/v2.1/servers/7ae346fa-fbb2-4fd7-b620-f0dda8243ca8 0.126s
2025-03-11 18:39:26.397 68816 INFO tempest.lib.common.rest_client [req-fbc4bd43-0bd6-420b-b5d6-d4943c090a2e req-fbc4bd43-0bd6-420b-b5d6-d4943c090a2e ] Request (ServerActionsTestJSON:setUpClass): 200 GET http://10.180.1.21/compute/v2.1/servers/8ccd7176-55c0-4118-a07e-3c4bdbba9795 0.106s
2025-03-11 18:39:26.456 68760 INFO tempest.lib.common.rest_client [req-8fd6e2ea-38cc-4a5a-894a-8de35ca3d1c8 req-8fd6e2ea-38cc-4a5a-894a-8de35ca3d1c8 ] Request (ListServerFiltersTestJSON:setUpClass): 200 GET http://10.180.1.21/compute/v2.1/servers/e3855111-7678-42c5-a37e-25e8587416aa 0.113s
2025-03-11 18:39:26.461 68772 INFO tempest.lib.common.rest_client [req-1950547e-d21b-46ea-b423-2a646c40a53d req-1950547e-d21b-46ea-b423-2a646c40a53d ] Request (DeleteServersAdminTestJSON:test_delete_server_while_in_error_state): 200 GET http://10.180.1.21/compute/v2.1/servers/aa39767e-1ae7-4881-b0a8-e7b66e1ceed2 0.234s
2025-03-11 18:39:26.526 68818 INFO tempest.lib.common.rest_client [req-f7c7a834-c170-4406-8cc3-b04c74bad236 req-f7c7a834-c170-4406-8cc3-b04c74bad236 ] Request (FloatingIPsAssociationTestJSON:setUpClass): 200 GET http://10.180.1.21/compute/v2.1/servers/39c532b1-b05e-4354-ad8f-9223b06e9488 0.157s
2025-03-11 18:39:26.607 68756 WARNING tempest.lib.common.ssh [-] Failed to establish authenticated ssh connection to cirros@10.180.180.252 ([Errno None] Unable to connect to port 22 on 10.180.180.252). Number attempts: 8. Retry after 9 seconds.: paramiko.ssh_exception.NoValidConnectionsError: [Errno None] Unable to connect to port 22 on 10.180.180.252
2025-03-11 18:39:26.624 68796 INFO tempest.lib.common.rest_client [req-404bae74-08a4-4594-bba6-b076ebeafebd req-404bae74-08a4-4594-bba6-b076ebeafebd ] Request (SecurityGroupsTestJSON:test_server_security_groups): 200 GET http://10.180.1.21/compute/v2.1/servers/efed858a-44b9-45b7-8778-22183549088c 0.112s
2025-03-11 18:39:26.651 68758 INFO tempest.lib.common.rest_client [req-5157f2a2-4b21-4cd6-b83d-5810ef487013 req-5157f2a2-4b21-4cd6-b83d-5810ef487013 ] Request (MigrationsAdminTest:test_list_migrations_in_flavor_resize_situation): 200 GET http://10.180.1.21/compute/v2.1/servers/1186da93-57aa-40f4-8aae-702d039844d4 0.201s
2025-03-11 18:39:26.683 68814 INFO tempest.lib.common.rest_client [req-bfb37fc2-0adc-4b01-9fbc-bde1330af7a1 req-bfb37fc2-0adc-4b01-9fbc-bde1330af7a1 ] Request (ServerRescueTestJSON:test_rescue_unrescue_instance): 200 GET http://10.180.1.21/compute/v2.1/servers/acbf4c5c-341c-4ebd-ad29-90ebf531aa86 0.171s
2025-03-11 18:39:26.713 68768 INFO tempest.lib.common.rest_client [req-ce0acb67-3957-46c4-bb41-05277f36d14a req-ce0acb67-3957-46c4-bb41-05277f36d14a ] Request (ServersAdminTestJSON:test_create_server_with_scheduling_hint): 200 GET http://10.180.1.21/compute/v2.1/servers/013a92cc-0fc2-4e85-aee6-efb62bae4dcb 0.124s
2025-03-11 18:39:26.823 68778 INFO tempest.lib.common.rest_client [req-7bb38dd5-dbc7-46fa-874d-69ec870b837b req-7bb38dd5-dbc7-46fa-874d-69ec870b837b ] Request (MultipleCreateTestJSON:_run_cleanups): 200 GET http://10.180.1.21/compute/v2.1/servers/67312d87-cc63-4dc7-b9c1-9c8d349a4756 0.095s
2025-03-11 18:39:26.854 68812 INFO tempest.lib.common.rest_client [req-eec01f18-e31c-4b21-9cc6-76528ab72152 req-eec01f18-e31c-4b21-9cc6-76528ab72152 ] Request (ServerTagsTestJSON:tearDownClass): 200 GET http://10.180.1.21/compute/v2.1/servers/0649ee2f-cd90-4597-b7c4-09f2acaf3f54 0.066s
2025-03-11 18:39:26.898 68798 INFO tempest.lib.common.rest_client [req-47cf8b2a-d07d-4008-a184-df3408f3d674 req-47cf8b2a-d07d-4008-a184-df3408f3d674 ] Request (InstanceActionsNegativeTestJSON:setUpClass): 200 GET http://10.180.1.21/compute/v2.1/servers/995a3eae-c025-4efa-b509-0bf678bb0388 0.058s
2025-03-11 18:39:26.947 68811 INFO tempest.lib.common.rest_client [req-ff35e277-2286-4e23-a913-84456ad1d44b req-ff35e277-2286-4e23-a913-84456ad1d44b ] Request (ServerDiskConfigTestJSON:test_rebuild_server_with_manual_disk_config): 200 GET http://10.180.1.21/compute/v2.1/servers/860107df-4e9b-44b1-9e85-b0ee3a827268 0.050s
2025-03-11 18:39:27.088 68780 INFO tempest.lib.common.rest_client [req-d0c5746c-505d-44f6-b1b7-cfa95c94bf56 req-d0c5746c-505d-44f6-b1b7-cfa95c94bf56 ] Request (ServersListShow298Test:test_list_show_update_rebuild_server_298): 200 GET http://10.180.1.21/compute/v2.1/servers/5202b708-179c-48d2-9c4e-2bb5ab1a6ebb 0.067s
2025-03-11 18:39:27.105 68774 INFO tempest.lib.common.rest_client [req-b606d996-c456-464f-80b8-fe0b92f12a73 req-b606d996-c456-464f-80b8-fe0b92f12a73 ] Request (ServersV294TestFqdnHostnames:setUpClass): 200 GET http://10.180.1.21/compute/v2.1/servers/b92efa60-ef18-4578-b00d-6a2438e7eacf 0.101s
2025-03-11 18:39:27.140 68770 INFO tempest.lib.common.rest_client [req-4f5c5387-ac4b-4125-9b03-43465f1b6e51 req-4f5c5387-ac4b-4125-9b03-43465f1b6e51 ] Request (ServersTestBootFromVolume:setUpClass): 200 GET http://10.180.1.21/compute/v2.1/servers/29e9555b-f928-43e7-a3a3-869ed07d7326 0.090s
2025-03-11 18:39:27.174 68766 INFO tempest.lib.common.rest_client [req-61cf9677-1e72-4e58-ae24-26b77e297e28 req-61cf9677-1e72-4e58-ae24-26b77e297e28 ] Request (ServersAdminNegativeTestJSON:tearDownClass): 200 GET http://10.180.1.21/compute/v2.1/servers/a2d0200e-e38e-4ef7-8d6c-29e9ceeb397f 0.094s
2025-03-11 18:39:27.194 68764 INFO tempest.lib.common.rest_client [req-09f41482-d129-47c0-8f04-e3722d715583 req-09f41482-d129-47c0-8f04-e3722d715583 ] Request (ServerExternalEventsTest:test_create_server_external_events): 200 GET http://10.180.1.21/compute/v2.1/servers/c5af19d6-5534-45e6-8c9c-dacf30d4fb1a 0.073s
2025-03-11 18:39:27.251 68808 INFO tempest.lib.common.rest_client [req-001c1a60-62f4-47bc-a08e-d422a61d975b req-001c1a60-62f4-47bc-a08e-d422a61d975b ] Request (ImagesOneServerNegativeTestJSON:_run_cleanups): 200 GET http://10.180.1.21/compute/v2.1/servers/d7c64aa1-44f8-44f4-9fb6-463033837736 0.106s
2025-03-11 18:39:27.259 68776 INFO tempest.lib.common.rest_client [req-18445935-ef4f-4edd-8118-29d36ffdfad9 req-18445935-ef4f-4edd-8118-29d36ffdfad9 ] Request (ServerRescueNegativeTestJSON:test_rescued_vm_detach_volume): 200 GET http://10.180.1.21/compute/v2.1/servers/a01364f9-e30d-4140-ae41-1e7c4aaa2251 0.092s
2025-03-11 18:39:27.310 68790 INFO tempest.lib.common.rest_client [req-1da338ad-1197-4418-85d2-82fa978eef73 req-1da338ad-1197-4418-85d2-82fa978eef73 ] Request (ImagesTestJSON:test_create_image_from_suspended_server): 200 GET http://10.180.1.21/compute/v2.1/servers/6b10ff9f-3248-46fe-9cd4-19e0ebbcee77 0.104s
2025-03-11 18:39:27.356 68786 INFO tempest.lib.common.rest_client [req-2f7c4dd5-3826-4aff-96f8-131d9a4e293d req-2f7c4dd5-3826-4aff-96f8-131d9a4e293d ] Request (ServersAdmin275Test:tearDownClass): 200 GET http://10.180.1.21/compute/v2.1/servers/5435b4d8-46c3-43e3-b11b-cbeb580e2f36 0.065s
2025-03-11 18:39:27.414 68782 INFO tempest.lib.common.rest_client [req-18c2dd04-7d62-4d12-b262-a70c44960c89 req-18c2dd04-7d62-4d12-b262-a70c44960c89 ] Request (ServersTestJSON:setUpClass): 200 GET http://10.180.1.21/compute/v2.1/servers/7ae346fa-fbb2-4fd7-b620-f0dda8243ca8 0.073s
2025-03-11 18:39:27.467 68816 INFO tempest.lib.common.rest_client [req-86ae1af4-6612-4089-a763-c3a13de54b4e req-86ae1af4-6612-4089-a763-c3a13de54b4e ] Request (ServerActionsTestJSON:setUpClass): 200 GET http://10.180.1.21/compute/v2.1/servers/8ccd7176-55c0-4118-a07e-3c4bdbba9795 0.061s
2025-03-11 18:39:27.483 68784 INFO tempest.lib.common.rest_client [req-60837a18-e0d5-47f1-a98c-66baa689f25a req-60837a18-e0d5-47f1-a98c-66baa689f25a ] Request (TenantUsagesTestJSON:setUpClass): 200 GET http://10.180.1.21/compute/v2.1/servers/56cfa7f3-12ad-42d0-a27f-ab8136a903ee 0.168s
2025-03-11 18:39:27.507 68760 INFO tempest.lib.common.rest_client [req-4c3a9247-ed0c-4048-8032-a32576a64f94 req-4c3a9247-ed0c-4048-8032-a32576a64f94 ] Request (ListServerFiltersTestJSON:setUpClass): 200 GET http://10.180.1.21/compute/v2.1/servers/e3855111-7678-42c5-a37e-25e8587416aa 0.044s
2025-03-11 18:39:27.562 68772 INFO tempest.lib.common.rest_client [req-72179531-4f3b-485d-bbaa-0f37c82ed621 req-72179531-4f3b-485d-bbaa-0f37c82ed621 ] Request (DeleteServersAdminTestJSON:test_delete_server_while_in_error_state): 200 GET http://10.180.1.21/compute/v2.1/servers/aa39767e-1ae7-4881-b0a8-e7b66e1ceed2 0.089s
2025-03-11 18:39:27.569 68772 INFO tempest.common.waiters [-] State transition "BUILD/spawning" ==> "ACTIVE/None" after 48 second wait
2025-03-11 18:39:27.591 68818 INFO tempest.lib.common.rest_client [req-67bc71de-df30-4ae4-90f1-416bc61bddc5 req-67bc71de-df30-4ae4-90f1-416bc61bddc5 ] Request (FloatingIPsAssociationTestJSON:setUpClass): 200 GET http://10.180.1.21/compute/v2.1/servers/39c532b1-b05e-4354-ad8f-9223b06e9488 0.049s
2025-03-11 18:39:27.620 68772 INFO tempest.lib.common.rest_client [req-c01248c0-b9e3-43c2-9820-9fe120180022 req-c01248c0-b9e3-43c2-9820-9fe120180022 ] Request (DeleteServersAdminTestJSON:test_delete_server_while_in_error_state): 202 POST http://10.180.1.21/compute/v2.1/servers/aa39767e-1ae7-4881-b0a8-e7b66e1ceed2/action 0.050s
2025-03-11 18:39:27.699 68796 INFO tempest.lib.common.rest_client [req-eb8c4685-b940-46db-b354-84c778a1110b req-eb8c4685-b940-46db-b354-84c778a1110b ] Request (SecurityGroupsTestJSON:test_server_security_groups): 200 GET http://10.180.1.21/compute/v2.1/servers/efed858a-44b9-45b7-8778-22183549088c 0.066s
2025-03-11 18:39:27.784 68772 INFO tempest.lib.common.rest_client [req-6fa61b29-a868-4e13-ac23-ef8d191e247f req-6fa61b29-a868-4e13-ac23-ef8d191e247f ] Request (DeleteServersAdminTestJSON:test_delete_server_while_in_error_state): 200 GET http://10.180.1.21/compute/v2.1/servers/aa39767e-1ae7-4881-b0a8-e7b66e1ceed2 0.163s
2025-03-11 18:39:27.844 68758 INFO tempest.lib.common.rest_client [req-836a1868-501f-4a7f-bcee-728886945669 req-836a1868-501f-4a7f-bcee-728886945669 ] Request (MigrationsAdminTest:test_list_migrations_in_flavor_resize_situation): 200 GET http://10.180.1.21/compute/v2.1/servers/1186da93-57aa-40f4-8aae-702d039844d4 0.184s
2025-03-11 18:39:27.846 68814 INFO tempest.lib.common.rest_client [req-27382cfb-e69c-49b4-842b-909e1fbc6722 req-27382cfb-e69c-49b4-842b-909e1fbc6722 ] Request (ServerRescueTestJSON:test_rescue_unrescue_instance): 200 GET http://10.180.1.21/compute/v2.1/servers/acbf4c5c-341c-4ebd-ad29-90ebf531aa86 0.148s
2025-03-11 18:39:27.911 68768 INFO tempest.lib.common.rest_client [req-5e94c330-d32c-41ab-9d58-9b226e43c5fa req-5e94c330-d32c-41ab-9d58-9b226e43c5fa ] Request (ServersAdminTestJSON:test_create_server_with_scheduling_hint): 200 GET http://10.180.1.21/compute/v2.1/servers/013a92cc-0fc2-4e85-aee6-efb62bae4dcb 0.190s
2025-03-11 18:39:27.926 68772 INFO tempest.lib.common.rest_client [req-cc6482fd-c758-498a-8e67-054bf1c78db7 req-cc6482fd-c758-498a-8e67-054bf1c78db7 ] Request (DeleteServersAdminTestJSON:test_delete_server_while_in_error_state): 204 DELETE http://10.180.1.21/compute/v2.1/servers/aa39767e-1ae7-4881-b0a8-e7b66e1ceed2 0.134s
2025-03-11 18:39:27.974 68778 INFO tempest.lib.common.rest_client [req-f8a8f97d-740e-4ae4-8ff3-dcf32120bcb2 req-f8a8f97d-740e-4ae4-8ff3-dcf32120bcb2 ] Request (MultipleCreateTestJSON:_run_cleanups): 200 GET http://10.180.1.21/compute/v2.1/servers/67312d87-cc63-4dc7-b9c1-9c8d349a4756 0.142s
2025-03-11 18:39:27.991 68812 INFO tempest.lib.common.rest_client [req-612b37dd-3b30-4dbb-9d14-802221a461f6 req-612b37dd-3b30-4dbb-9d14-802221a461f6 ] Request (ServerTagsTestJSON:tearDownClass): 200 GET http://10.180.1.21/compute/v2.1/servers/0649ee2f-cd90-4597-b7c4-09f2acaf3f54 0.126s
2025-03-11 18:39:28.025 68798 INFO tempest.lib.common.rest_client [req-87f35cda-4e47-468d-be8a-6fceffb634c1 req-87f35cda-4e47-468d-be8a-6fceffb634c1 ] Request (InstanceActionsNegativeTestJSON:setUpClass): 200 GET http://10.180.1.21/compute/v2.1/servers/995a3eae-c025-4efa-b509-0bf678bb0388 0.119s
2025-03-11 18:39:28.082 68811 INFO tempest.lib.common.rest_client [req-6d516439-b0f9-4bb1-b10b-e6485bf1b32e req-6d516439-b0f9-4bb1-b10b-e6485bf1b32e ] Request (ServerDiskConfigTestJSON:test_rebuild_server_with_manual_disk_config): 200 GET http://10.180.1.21/compute/v2.1/servers/860107df-4e9b-44b1-9e85-b0ee3a827268 0.127s
2025-03-11 18:39:28.100 68772 INFO tempest.lib.common.rest_client [req-849df8e0-a489-487e-a216-30caa1430b18 req-849df8e0-a489-487e-a216-30caa1430b18 ] Request (DeleteServersAdminTestJSON:test_delete_server_while_in_error_state): 200 GET http://10.180.1.21/compute/v2.1/servers/aa39767e-1ae7-4881-b0a8-e7b66e1ceed2 0.174s
2025-03-11 18:39:28.176 68780 INFO tempest.lib.common.rest_client [req-261b168a-11e6-4c2b-b664-9e692b1151eb req-261b168a-11e6-4c2b-b664-9e692b1151eb ] Request (ServersListShow298Test:test_list_show_update_rebuild_server_298): 200 GET http://10.180.1.21/compute/v2.1/servers/5202b708-179c-48d2-9c4e-2bb5ab1a6ebb 0.075s
2025-03-11 18:39:28.209 68802 WARNING tempest.lib.common.ssh [-] Failed to establish authenticated ssh connection to cirros@10.180.180.169 ([Errno None] Unable to connect to port 22 on 10.180.180.169). Number attempts: 4. Retry after 5 seconds.: paramiko.ssh_exception.NoValidConnectionsError: [Errno None] Unable to connect to port 22 on 10.180.180.169
2025-03-11 18:39:28.240 68770 INFO tempest.lib.common.rest_client [req-e2c7540e-8969-450e-974f-bc15c4bd78af req-e2c7540e-8969-450e-974f-bc15c4bd78af ] Request (ServersTestBootFromVolume:setUpClass): 200 GET http://10.180.1.21/compute/v2.1/servers/29e9555b-f928-43e7-a3a3-869ed07d7326 0.092s
2025-03-11 18:39:28.257 68774 INFO tempest.lib.common.rest_client [req-ea9a160b-4349-443f-a1c6-7111992f096e req-ea9a160b-4349-443f-a1c6-7111992f096e ] Request (ServersV294TestFqdnHostnames:setUpClass): 200 GET http://10.180.1.21/compute/v2.1/servers/b92efa60-ef18-4578-b00d-6a2438e7eacf 0.141s
2025-03-11 18:39:28.268 68774 INFO tempest.common.waiters [-] State transition "BUILD/spawning" ==> "ACTIVE/None" after 48 second wait
2025-03-11 18:39:28.318 68766 INFO tempest.lib.common.rest_client [req-09e97e84-0cca-4188-8195-93280f4a98c6 req-09e97e84-0cca-4188-8195-93280f4a98c6 ] Request (ServersAdminNegativeTestJSON:tearDownClass): 200 GET http://10.180.1.21/compute/v2.1/servers/a2d0200e-e38e-4ef7-8d6c-29e9ceeb397f 0.136s
2025-03-11 18:39:28.555 68764 INFO tempest.lib.common.rest_client [req-fa54fc1c-ff3c-4067-91e2-11f59b87904b req-fa54fc1c-ff3c-4067-91e2-11f59b87904b ] Request (ServerExternalEventsTest:test_create_server_external_events): 200 GET http://10.180.1.21/compute/v2.1/servers/c5af19d6-5534-45e6-8c9c-dacf30d4fb1a 0.349s
2025-03-11 18:39:28.567 68808 INFO tempest.lib.common.rest_client [req-efeaf05e-8ffc-467f-b1c1-253176d56144 req-efeaf05e-8ffc-467f-b1c1-253176d56144 ] Request (ImagesOneServerNegativeTestJSON:_run_cleanups): 200 GET http://10.180.1.21/compute/v2.1/servers/d7c64aa1-44f8-44f4-9fb6-463033837736 0.305s
2025-03-11 18:39:28.622 68776 INFO tempest.lib.common.rest_client [req-8f367346-98dc-4429-9016-511ab44459f8 req-8f367346-98dc-4429-9016-511ab44459f8 ] Request (ServerRescueNegativeTestJSON:test_rescued_vm_detach_volume): 200 GET http://10.180.1.21/compute/v2.1/servers/a01364f9-e30d-4140-ae41-1e7c4aaa2251 0.350s
2025-03-11 18:39:28.657 68774 INFO tempest.lib.common.rest_client [req-9a4583fb-82ec-4c8a-847e-148cd91b48fb req-9a4583fb-82ec-4c8a-847e-148cd91b48fb ] Request (ServersV294TestFqdnHostnames:setUpClass): 200 GET http://10.180.1.21/compute/v2.1/servers/b92efa60-ef18-4578-b00d-6a2438e7eacf/os-interface 0.389s
2025-03-11 18:39:28.673 68790 INFO tempest.lib.common.rest_client [req-27013e24-bbe5-43b5-b4cf-c5b8878616d3 req-27013e24-bbe5-43b5-b4cf-c5b8878616d3 ] Request (ImagesTestJSON:test_create_image_from_suspended_server): 200 GET http://10.180.1.21/compute/v2.1/servers/6b10ff9f-3248-46fe-9cd4-19e0ebbcee77 0.356s
2025-03-11 18:39:28.712 68786 INFO tempest.lib.common.rest_client [req-398d60ed-5c7a-4215-95bb-5b86f396adf9 req-398d60ed-5c7a-4215-95bb-5b86f396adf9 ] Request (ServersAdmin275Test:tearDownClass): 200 GET http://10.180.1.21/compute/v2.1/servers/5435b4d8-46c3-43e3-b11b-cbeb580e2f36 0.343s
2025-03-11 18:39:28.722 68782 INFO tempest.lib.common.rest_client [req-86f139b7-d0cb-4202-8db3-efca1ed8fa1e req-86f139b7-d0cb-4202-8db3-efca1ed8fa1e ] Request (ServersTestJSON:setUpClass): 200 GET http://10.180.1.21/compute/v2.1/servers/7ae346fa-fbb2-4fd7-b620-f0dda8243ca8 0.300s
2025-03-11 18:39:28.755 68816 INFO tempest.lib.common.rest_client [req-f774b83c-064f-4725-b8fa-16a522bdba48 req-f774b83c-064f-4725-b8fa-16a522bdba48 ] Request (ServerActionsTestJSON:setUpClass): 200 GET http://10.180.1.21/compute/v2.1/servers/8ccd7176-55c0-4118-a07e-3c4bdbba9795 0.278s
2025-03-11 18:39:28.812 68760 INFO tempest.lib.common.rest_client [req-ea0d939f-93b4-41a4-b86c-56201d2fd9f6 req-ea0d939f-93b4-41a4-b86c-56201d2fd9f6 ] Request (ListServerFiltersTestJSON:setUpClass): 200 GET http://10.180.1.21/compute/v2.1/servers/e3855111-7678-42c5-a37e-25e8587416aa 0.296s
2025-03-11 18:39:28.820 68784 INFO tempest.lib.common.rest_client [req-5e878aa1-b34b-4687-9dd2-92d41afa8c2c req-5e878aa1-b34b-4687-9dd2-92d41afa8c2c ] Request (TenantUsagesTestJSON:setUpClass): 200 GET http://10.180.1.21/compute/v2.1/servers/56cfa7f3-12ad-42d0-a27f-ab8136a903ee 0.329s
2025-03-11 18:39:28.870 68818 INFO tempest.lib.common.rest_client [req-57cf043c-1476-4524-9f12-31af8a9434f3 req-57cf043c-1476-4524-9f12-31af8a9434f3 ] Request (FloatingIPsAssociationTestJSON:setUpClass): 200 GET http://10.180.1.21/compute/v2.1/servers/39c532b1-b05e-4354-ad8f-9223b06e9488 0.270s
2025-03-11 18:39:28.880 68796 INFO tempest.lib.common.rest_client [req-bb2b47ef-4815-4639-95cc-a56efe80c124 req-bb2b47ef-4815-4639-95cc-a56efe80c124 ] Request (SecurityGroupsTestJSON:test_server_security_groups): 200 GET http://10.180.1.21/compute/v2.1/servers/efed858a-44b9-45b7-8778-22183549088c 0.172s
2025-03-11 18:39:28.917 68814 INFO tempest.lib.common.rest_client [req-ec0f3953-ba26-4482-9bae-7ff7bdad2458 req-ec0f3953-ba26-4482-9bae-7ff7bdad2458 ] Request (ServerRescueTestJSON:test_rescue_unrescue_instance): 200 GET http://10.180.1.21/compute/v2.1/servers/acbf4c5c-341c-4ebd-ad29-90ebf531aa86 0.061s
2025-03-11 18:39:28.983 68768 INFO tempest.lib.common.rest_client [req-7b66fadb-666f-4318-acae-24d142d2e8bc req-7b66fadb-666f-4318-acae-24d142d2e8bc ] Request (ServersAdminTestJSON:test_create_server_with_scheduling_hint): 200 GET http://10.180.1.21/compute/v2.1/servers/013a92cc-0fc2-4e85-aee6-efb62bae4dcb 0.058s
2025-03-11 18:39:28.992 68768 INFO tempest.common.waiters [-] State transition "BUILD/scheduling" ==> "BUILD/None" after 29 second wait
2025-03-11 18:39:28.995 68758 INFO tempest.lib.common.rest_client [req-1db365fd-05ef-4a6b-8dc4-db8b09b7f875 req-1db365fd-05ef-4a6b-8dc4-db8b09b7f875 ] Request (MigrationsAdminTest:test_list_migrations_in_flavor_resize_situation): 200 GET http://10.180.1.21/compute/v2.1/servers/1186da93-57aa-40f4-8aae-702d039844d4 0.139s
2025-03-11 18:39:29.025 68812 INFO tempest.lib.common.rest_client [req-1158b322-6a1f-4a35-9776-d54a9bc47e23 req-1158b322-6a1f-4a35-9776-d54a9bc47e23 ] Request (ServerTagsTestJSON:tearDownClass): 404 GET http://10.180.1.21/compute/v2.1/servers/0649ee2f-cd90-4597-b7c4-09f2acaf3f54 0.025s
2025-03-11 18:39:29.043 68778 INFO tempest.lib.common.rest_client [req-098b6a75-3162-41fb-afcf-d0bbe937bdf1 req-098b6a75-3162-41fb-afcf-d0bbe937bdf1 ] Request (MultipleCreateTestJSON:_run_cleanups): 200 GET http://10.180.1.21/compute/v2.1/servers/67312d87-cc63-4dc7-b9c1-9c8d349a4756 0.056s
2025-03-11 18:39:29.092 68798 INFO tempest.lib.common.rest_client [req-e938ee1f-be18-4aef-96e5-a76d25bfdcc5 req-e938ee1f-be18-4aef-96e5-a76d25bfdcc5 ] Request (InstanceActionsNegativeTestJSON:setUpClass): 200 GET http://10.180.1.21/compute/v2.1/servers/995a3eae-c025-4efa-b509-0bf678bb0388 0.055s
2025-03-11 18:39:29.152 68811 INFO tempest.lib.common.rest_client [req-31224ea5-655c-4776-9f58-c9399e93d622 req-31224ea5-655c-4776-9f58-c9399e93d622 ] Request (ServerDiskConfigTestJSON:test_rebuild_server_with_manual_disk_config): 200 GET http://10.180.1.21/compute/v2.1/servers/860107df-4e9b-44b1-9e85-b0ee3a827268 0.063s
2025-03-11 18:39:29.160 68811 INFO tempest.common.waiters [-] State transition "BUILD/scheduling" ==> "BUILD/None" after 29 second wait
2025-03-11 18:39:29.199 68774 INFO tempest.lib.common.rest_client [req-d77bc1f4-02b6-49d4-9053-95c812270fff req-d77bc1f4-02b6-49d4-9053-95c812270fff ] Request (ServersV294TestFqdnHostnames:setUpClass): 200 PUT http://10.180.1.21:9696/networking/v2.0/floatingips/75474428-bb9b-4fa1-b649-213b7d849cd2 0.540s
2025-03-11 18:39:29.230 68772 INFO tempest.lib.common.rest_client [req-100860b1-bb26-4e4b-a498-80f400d23ad4 req-100860b1-bb26-4e4b-a498-80f400d23ad4 ] Request (DeleteServersAdminTestJSON:test_delete_server_while_in_error_state): 200 GET http://10.180.1.21/compute/v2.1/servers/aa39767e-1ae7-4881-b0a8-e7b66e1ceed2 0.119s
2025-03-11 18:39:29.263 68780 INFO tempest.lib.common.rest_client [req-6f73abf7-84c9-464c-abcb-0b64f549a902 req-6f73abf7-84c9-464c-abcb-0b64f549a902 ] Request (ServersListShow298Test:test_list_show_update_rebuild_server_298): 200 GET http://10.180.1.21/compute/v2.1/servers/5202b708-179c-48d2-9c4e-2bb5ab1a6ebb 0.073s
2025-03-11 18:39:29.320 68770 INFO tempest.lib.common.rest_client [req-86ef0877-cd5f-4c0e-85a5-0bfdcb396fb2 req-86ef0877-cd5f-4c0e-85a5-0bfdcb396fb2 ] Request (ServersTestBootFromVolume:setUpClass): 200 GET http://10.180.1.21/compute/v2.1/servers/29e9555b-f928-43e7-a3a3-869ed07d7326 0.069s
2025-03-11 18:39:29.340 68774 INFO tempest.lib.common.rest_client [req-d85fd544-3fa4-4fff-9d79-66c249108dbb req-d85fd544-3fa4-4fff-9d79-66c249108dbb ] Request (ServersV294TestFqdnHostnames:setUpClass): 200 GET http://10.180.1.21/compute/v2.1/servers/b92efa60-ef18-4578-b00d-6a2438e7eacf 0.140s
2025-03-11 18:39:29.351 68774 INFO tempest.api.compute.base [-] Attempting to verify tagged devices in server b92efa60-ef18-4578-b00d-6a2438e7eacf via the metadata service: http://169.254.169.254/openstack/latest/meta_data.json
2025-03-11 18:39:29.351 68774 INFO tempest.lib.common.ssh [-] Creating ssh connection to '10.180.180.208:22' as 'cirros' with public key authentication
2025-03-11 18:39:29.398 68766 INFO tempest.lib.common.rest_client [req-d5e590fa-b1d4-4b38-86d7-0f954645d269 req-d5e590fa-b1d4-4b38-86d7-0f954645d269 ] Request (ServersAdminNegativeTestJSON:tearDownClass): 200 GET http://10.180.1.21/compute/v2.1/servers/a2d0200e-e38e-4ef7-8d6c-29e9ceeb397f 0.071s
2025-03-11 18:39:29.621 68764 INFO tempest.lib.common.rest_client [req-d5d50f9b-47d0-4401-a4de-7a73b4db8f9a req-d5d50f9b-47d0-4401-a4de-7a73b4db8f9a ] Request (ServerExternalEventsTest:test_create_server_external_events): 200 GET http://10.180.1.21/compute/v2.1/servers/c5af19d6-5534-45e6-8c9c-dacf30d4fb1a 0.058s
2025-03-11 18:39:29.647 68808 INFO tempest.lib.common.rest_client [req-b11033cf-a38e-4411-8389-a909827297ad req-b11033cf-a38e-4411-8389-a909827297ad ] Request (ImagesOneServerNegativeTestJSON:_run_cleanups): 200 GET http://10.180.1.21/compute/v2.1/servers/d7c64aa1-44f8-44f4-9fb6-463033837736 0.070s
2025-03-11 18:39:29.686 68776 INFO tempest.lib.common.rest_client [req-46b9f335-9be8-414d-929b-04d323f76be1 req-46b9f335-9be8-414d-929b-04d323f76be1 ] Request (ServerRescueNegativeTestJSON:test_rescued_vm_detach_volume): 200 GET http://10.180.1.21/compute/v2.1/servers/a01364f9-e30d-4140-ae41-1e7c4aaa2251 0.055s
2025-03-11 18:39:29.747 68790 INFO tempest.lib.common.rest_client [req-367d283c-4355-4954-bbe7-f1eea466873d req-367d283c-4355-4954-bbe7-f1eea466873d ] Request (ImagesTestJSON:test_create_image_from_suspended_server): 200 GET http://10.180.1.21/compute/v2.1/servers/6b10ff9f-3248-46fe-9cd4-19e0ebbcee77 0.066s
2025-03-11 18:39:29.789 68812 INFO tempest.lib.common.rest_client [req-250aa939-dc4c-4a21-baad-9cac531c1b15 req-250aa939-dc4c-4a21-baad-9cac531c1b15 ] Request (ServerTagsTestJSON:tearDownClass): 200 PUT http://10.180.1.21:9696/networking/v2.0/routers/9bfef456-593d-4d39-b8f9-ba29be26a7de/remove_router_interface 0.763s
2025-03-11 18:39:29.802 68782 INFO tempest.lib.common.rest_client [req-b3e2be30-a1d9-4fe0-8dd5-58c8c265e407 req-b3e2be30-a1d9-4fe0-8dd5-58c8c265e407 ] Request (ServersTestJSON:setUpClass): 200 GET http://10.180.1.21/compute/v2.1/servers/7ae346fa-fbb2-4fd7-b620-f0dda8243ca8 0.069s
2025-03-11 18:39:29.816 68786 INFO tempest.lib.common.rest_client [req-b37efebd-3def-4e02-ba92-6a3b4ccaef9d req-b37efebd-3def-4e02-ba92-6a3b4ccaef9d ] Request (ServersAdmin275Test:tearDownClass): 200 GET http://10.180.1.21/compute/v2.1/servers/5435b4d8-46c3-43e3-b11b-cbeb580e2f36 0.089s
2025-03-11 18:39:29.827 68786 INFO tempest.common.waiters [-] State transition "ACTIVE/deleting" ==> "DELETED/None" after 4 second wait
2025-03-11 18:39:29.849 68816 INFO tempest.lib.common.rest_client [req-5120276a-b15d-4165-b592-2c6c3b04763d req-5120276a-b15d-4165-b592-2c6c3b04763d ] Request (ServerActionsTestJSON:setUpClass): 200 GET http://10.180.1.21/compute/v2.1/servers/8ccd7176-55c0-4118-a07e-3c4bdbba9795 0.080s
2025-03-11 18:39:29.890 68760 INFO tempest.lib.common.rest_client [req-1b5db4c9-c1af-4150-983b-080c8731a7af req-1b5db4c9-c1af-4150-983b-080c8731a7af ] Request (ListServerFiltersTestJSON:setUpClass): 200 GET http://10.180.1.21/compute/v2.1/servers/e3855111-7678-42c5-a37e-25e8587416aa 0.063s
2025-03-11 18:39:29.954 68818 INFO tempest.lib.common.rest_client [req-136dc9ca-f66b-4fb1-ab25-9e4c0792bdc7 req-136dc9ca-f66b-4fb1-ab25-9e4c0792bdc7 ] Request (FloatingIPsAssociationTestJSON:setUpClass): 200 GET http://10.180.1.21/compute/v2.1/servers/39c532b1-b05e-4354-ad8f-9223b06e9488 0.072s
2025-03-11 18:39:29.971 68784 INFO tempest.lib.common.rest_client [req-3c9cfb52-c2a2-4a5c-969c-b0996138363b req-3c9cfb52-c2a2-4a5c-969c-b0996138363b ] Request (TenantUsagesTestJSON:setUpClass): 200 GET http://10.180.1.21/compute/v2.1/servers/56cfa7f3-12ad-42d0-a27f-ab8136a903ee 0.136s
2025-03-11 18:39:30.004 68796 INFO tempest.lib.common.rest_client [req-709cc98b-1067-4ec5-b5e8-e1cb00f64c94 req-709cc98b-1067-4ec5-b5e8-e1cb00f64c94 ] Request (SecurityGroupsTestJSON:test_server_security_groups): 200 GET http://10.180.1.21/compute/v2.1/servers/efed858a-44b9-45b7-8778-22183549088c 0.115s
2025-03-11 18:39:30.036 68814 INFO tempest.lib.common.rest_client [req-402743b1-c5d6-434f-a559-1be832a18ef5 req-402743b1-c5d6-434f-a559-1be832a18ef5 ] Request (ServerRescueTestJSON:test_rescue_unrescue_instance): 200 GET http://10.180.1.21/compute/v2.1/servers/acbf4c5c-341c-4ebd-ad29-90ebf531aa86 0.109s
2025-03-11 18:39:30.062 68768 INFO tempest.lib.common.rest_client [req-529f75ad-dbb6-42b3-a2f2-8d2e80c87f61 req-529f75ad-dbb6-42b3-a2f2-8d2e80c87f61 ] Request (ServersAdminTestJSON:test_create_server_with_scheduling_hint): 200 GET http://10.180.1.21/compute/v2.1/servers/013a92cc-0fc2-4e85-aee6-efb62bae4dcb 0.069s
2025-03-11 18:39:30.133 68778 INFO tempest.lib.common.rest_client [req-bff058da-ec42-40e8-a22d-f0a168ab500f req-bff058da-ec42-40e8-a22d-f0a168ab500f ] Request (MultipleCreateTestJSON:_run_cleanups): 200 GET http://10.180.1.21/compute/v2.1/servers/67312d87-cc63-4dc7-b9c1-9c8d349a4756 0.081s
2025-03-11 18:39:30.140 68778 INFO tempest.common.waiters [-] State transition "ACTIVE/deleting" ==> "DELETED/None" after 5 second wait
2025-03-11 18:39:30.198 68812 INFO tempest.lib.common.rest_client [req-b16aed60-644d-4cf9-a2e5-7e7f0d94a214 req-b16aed60-644d-4cf9-a2e5-7e7f0d94a214 ] Request (ServerTagsTestJSON:tearDownClass): 204 DELETE http://10.180.1.21:9696/networking/v2.0/routers/9bfef456-593d-4d39-b8f9-ba29be26a7de 0.408s
2025-03-11 18:39:30.214 68758 INFO tempest.lib.common.rest_client [req-6a1b95db-fa12-4940-a08c-75c1e7c00557 req-6a1b95db-fa12-4940-a08c-75c1e7c00557 ] Request (MigrationsAdminTest:test_list_migrations_in_flavor_resize_situation): 200 GET http://10.180.1.21/compute/v2.1/servers/1186da93-57aa-40f4-8aae-702d039844d4 0.211s
2025-03-11 18:39:30.224 68798 INFO tempest.lib.common.rest_client [req-4102cb27-1153-4e02-acad-aee9804665fb req-4102cb27-1153-4e02-acad-aee9804665fb ] Request (InstanceActionsNegativeTestJSON:setUpClass): 200 GET http://10.180.1.21/compute/v2.1/servers/995a3eae-c025-4efa-b509-0bf678bb0388 0.124s
2025-03-11 18:39:30.255 68788 WARNING tempest.lib.common.ssh [-] Failed to establish authenticated ssh connection to cirros@10.180.180.250 ([Errno None] Unable to connect to port 22 on 10.180.180.250). Number attempts: 3. Retry after 4 seconds.: paramiko.ssh_exception.NoValidConnectionsError: [Errno None] Unable to connect to port 22 on 10.180.180.250
2025-03-11 18:39:30.276 68811 INFO tempest.lib.common.rest_client [req-56ce0243-3120-44b1-8f01-15c731dcdf4b req-56ce0243-3120-44b1-8f01-15c731dcdf4b ] Request (ServerDiskConfigTestJSON:test_rebuild_server_with_manual_disk_config): 200 GET http://10.180.1.21/compute/v2.1/servers/860107df-4e9b-44b1-9e85-b0ee3a827268 0.114s
2025-03-11 18:39:30.374 68780 INFO tempest.lib.common.rest_client [req-06fbb2ef-d080-4bf2-8999-bba923f90a90 req-06fbb2ef-d080-4bf2-8999-bba923f90a90 ] Request (ServersListShow298Test:test_list_show_update_rebuild_server_298): 200 GET http://10.180.1.21/compute/v2.1/servers/5202b708-179c-48d2-9c4e-2bb5ab1a6ebb 0.095s
2025-03-11 18:39:30.397 68812 INFO tempest.lib.common.rest_client [req-74d37e37-6119-4320-8c8a-a8040c5cab85 req-74d37e37-6119-4320-8c8a-a8040c5cab85 ] Request (ServerTagsTestJSON:tearDownClass): 204 DELETE http://10.180.1.21:9696/networking/v2.0/subnets/3e8959e5-da65-401e-9d30-6ef64a41cfd6 0.199s
2025-03-11 18:39:30.407 68772 INFO tempest.lib.common.rest_client [req-dbc9ad8d-f5c7-4e9f-a52c-cf111a5f8b3d req-dbc9ad8d-f5c7-4e9f-a52c-cf111a5f8b3d ] Request (DeleteServersAdminTestJSON:test_delete_server_while_in_error_state): 200 GET http://10.180.1.21/compute/v2.1/servers/aa39767e-1ae7-4881-b0a8-e7b66e1ceed2 0.168s
2025-03-11 18:39:30.455 68770 INFO tempest.lib.common.rest_client [req-3efc9c88-18c5-4b27-a32a-20b4be2dcd7d req-3efc9c88-18c5-4b27-a32a-20b4be2dcd7d ] Request (ServersTestBootFromVolume:setUpClass): 200 GET http://10.180.1.21/compute/v2.1/servers/29e9555b-f928-43e7-a3a3-869ed07d7326 0.127s
2025-03-11 18:39:30.498 68766 INFO tempest.lib.common.rest_client [req-d4328429-a87f-4b65-8b36-d0fa925bf533 req-d4328429-a87f-4b65-8b36-d0fa925bf533 ] Request (ServersAdminNegativeTestJSON:tearDownClass): 200 GET http://10.180.1.21/compute/v2.1/servers/a2d0200e-e38e-4ef7-8d6c-29e9ceeb397f 0.092s
2025-03-11 18:39:30.703 68807 WARNING tempest.lib.common.ssh [-] Failed to establish authenticated ssh connection to cirros@10.180.180.245 ([Errno None] Unable to connect to port 22 on 10.180.180.245). Number attempts: 6. Retry after 7 seconds.: paramiko.ssh_exception.NoValidConnectionsError: [Errno None] Unable to connect to port 22 on 10.180.180.245
2025-03-11 18:39:30.706 68764 INFO tempest.lib.common.rest_client [req-b1448264-e5bf-4517-a6db-4ca3cc70ef0c req-b1448264-e5bf-4517-a6db-4ca3cc70ef0c ] Request (ServerExternalEventsTest:test_create_server_external_events): 200 GET http://10.180.1.21/compute/v2.1/servers/c5af19d6-5534-45e6-8c9c-dacf30d4fb1a 0.072s
2025-03-11 18:39:30.730 68808 INFO tempest.lib.common.rest_client [req-fd9f33a7-9428-4ff5-b598-1a5fc5459c66 req-fd9f33a7-9428-4ff5-b598-1a5fc5459c66 ] Request (ImagesOneServerNegativeTestJSON:_run_cleanups): 200 GET http://10.180.1.21/compute/v2.1/servers/d7c64aa1-44f8-44f4-9fb6-463033837736 0.073s
2025-03-11 18:39:30.778 68776 INFO tempest.lib.common.rest_client [req-bbe8cfb2-f9c5-4982-9609-668ef50f6c77 req-bbe8cfb2-f9c5-4982-9609-668ef50f6c77 ] Request (ServerRescueNegativeTestJSON:test_rescued_vm_detach_volume): 200 GET http://10.180.1.21/compute/v2.1/servers/a01364f9-e30d-4140-ae41-1e7c4aaa2251 0.082s
2025-03-11 18:39:30.792 68812 INFO tempest.lib.common.rest_client [req-4b686b46-f8ea-4233-bac8-141fa7777c01 req-4b686b46-f8ea-4233-bac8-141fa7777c01 ] Request (ServerTagsTestJSON:tearDownClass): 204 DELETE http://10.180.1.21:9696/networking/v2.0/networks/0e753c56-c852-47cd-beff-ae9a78e80fae 0.395s
2025-03-11 18:39:30.822 68790 INFO tempest.lib.common.rest_client [req-067fed27-a152-4adc-949e-7a7654f083f5 req-067fed27-a152-4adc-949e-7a7654f083f5 ] Request (ImagesTestJSON:test_create_image_from_suspended_server): 200 GET http://10.180.1.21/compute/v2.1/servers/6b10ff9f-3248-46fe-9cd4-19e0ebbcee77 0.063s
2025-03-11 18:39:30.870 68782 INFO tempest.lib.common.rest_client [req-4791b871-f743-48c8-a964-7b02c383cba7 req-4791b871-f743-48c8-a964-7b02c383cba7 ] Request (ServersTestJSON:setUpClass): 200 GET http://10.180.1.21/compute/v2.1/servers/7ae346fa-fbb2-4fd7-b620-f0dda8243ca8 0.057s
2025-03-11 18:39:30.889 68812 INFO tempest.lib.common.rest_client [req-7f204cf9-0c51-4a00-bc5b-d8e43eecaffe req-7f204cf9-0c51-4a00-bc5b-d8e43eecaffe ] Request (ServerTagsTestJSON:tearDownClass): 204 DELETE http://10.180.1.21/identity/v3/users/859c80d9e1eb4badb370c62ccccb90b4 0.096s
2025-03-11 18:39:30.889 68812 INFO tempest.lib.common.dynamic_creds [-] Deleting project and security group for project: df4cce8aeb924a148b0dfcc56745f8f3
2025-03-11 18:39:30.903 68786 INFO tempest.lib.common.rest_client [req-5baefdfc-078d-4ab6-a6ce-095f4e144b2c req-5baefdfc-078d-4ab6-a6ce-095f4e144b2c ] Request (ServersAdmin275Test:tearDownClass): 200 GET http://10.180.1.21/compute/v2.1/servers/5435b4d8-46c3-43e3-b11b-cbeb580e2f36 0.075s
2025-03-11 18:39:30.921 68816 INFO tempest.lib.common.rest_client [req-aa779d70-72d2-40bc-ba15-08d1d113fcb5 req-aa779d70-72d2-40bc-ba15-08d1d113fcb5 ] Request (ServerActionsTestJSON:setUpClass): 200 GET http://10.180.1.21/compute/v2.1/servers/8ccd7176-55c0-4118-a07e-3c4bdbba9795 0.059s
2025-03-11 18:39:30.931 68812 INFO tempest.lib.common.rest_client [req-ecabd5bd-ddd8-4497-888c-e7c9e22f07a2 req-ecabd5bd-ddd8-4497-888c-e7c9e22f07a2 ] Request (ServerTagsTestJSON:tearDownClass): 200 GET http://10.180.1.21:9696/networking/v2.0/security-groups?tenant_id=df4cce8aeb924a148b0dfcc56745f8f3&name=default 0.041s
2025-03-11 18:39:30.960 68760 INFO tempest.lib.common.rest_client [req-43bdec55-2afb-4073-ace3-af2e04f4d99e req-43bdec55-2afb-4073-ace3-af2e04f4d99e ] Request (ListServerFiltersTestJSON:setUpClass): 200 GET http://10.180.1.21/compute/v2.1/servers/e3855111-7678-42c5-a37e-25e8587416aa 0.057s
2025-03-11 18:39:31.016 68818 INFO tempest.lib.common.rest_client [req-68266f4d-cf9f-44fd-9fe4-befee010c5b2 req-68266f4d-cf9f-44fd-9fe4-befee010c5b2 ] Request (FloatingIPsAssociationTestJSON:setUpClass): 200 GET http://10.180.1.21/compute/v2.1/servers/39c532b1-b05e-4354-ad8f-9223b06e9488 0.053s
2025-03-11 18:39:31.040 68812 INFO tempest.lib.common.rest_client [req-385d1a24-c4d5-4189-933a-06f604b9ea7b req-385d1a24-c4d5-4189-933a-06f604b9ea7b ] Request (ServerTagsTestJSON:tearDownClass): 204 DELETE http://10.180.1.21:9696/networking/v2.0/security-groups/ae08e99f-d595-4960-bef0-bd85dd62a388 0.109s
2025-03-11 18:39:31.070 68796 INFO tempest.lib.common.rest_client [req-411db9d1-b08e-472b-afaf-305ace672033 req-411db9d1-b08e-472b-afaf-305ace672033 ] Request (SecurityGroupsTestJSON:test_server_security_groups): 200 GET http://10.180.1.21/compute/v2.1/servers/efed858a-44b9-45b7-8778-22183549088c 0.055s
2025-03-11 18:39:31.085 68784 INFO tempest.lib.common.rest_client [req-9b8dda76-3081-487f-b879-eb226681937c req-9b8dda76-3081-487f-b879-eb226681937c ] Request (TenantUsagesTestJSON:setUpClass): 200 GET http://10.180.1.21/compute/v2.1/servers/56cfa7f3-12ad-42d0-a27f-ab8136a903ee 0.104s
2025-03-11 18:39:31.114 68814 INFO tempest.lib.common.rest_client [req-4794343a-1785-4d31-93ef-b65e4d05fa9d req-4794343a-1785-4d31-93ef-b65e4d05fa9d ] Request (ServerRescueTestJSON:test_rescue_unrescue_instance): 200 GET http://10.180.1.21/compute/v2.1/servers/acbf4c5c-341c-4ebd-ad29-90ebf531aa86 0.071s
2025-03-11 18:39:31.127 68812 INFO tempest.lib.common.rest_client [req-4622ad9b-3c88-4499-b13d-9ec7c615db26 req-4622ad9b-3c88-4499-b13d-9ec7c615db26 ] Request (ServerTagsTestJSON:tearDownClass): 204 DELETE http://10.180.1.21/identity/v3/projects/df4cce8aeb924a148b0dfcc56745f8f3 0.086s
2025-03-11 18:39:31.131 68768 INFO tempest.lib.common.rest_client [req-ab9689f6-b1f0-43ac-b982-2f7e1469f9eb req-ab9689f6-b1f0-43ac-b982-2f7e1469f9eb ] Request (ServersAdminTestJSON:test_create_server_with_scheduling_hint): 200 GET http://10.180.1.21/compute/v2.1/servers/013a92cc-0fc2-4e85-aee6-efb62bae4dcb 0.058s
2025-03-11 18:39:31.210 68778 INFO tempest.lib.common.rest_client [req-be207fbb-2eb9-4dae-8f08-83d5cdd07d5f req-be207fbb-2eb9-4dae-8f08-83d5cdd07d5f ] Request (MultipleCreateTestJSON:_run_cleanups): 200 GET http://10.180.1.21/compute/v2.1/servers/67312d87-cc63-4dc7-b9c1-9c8d349a4756 0.068s
2025-03-11 18:39:31.300 68798 INFO tempest.lib.common.rest_client [req-d0e4f065-316e-4d72-997d-81610e35c1ca req-d0e4f065-316e-4d72-997d-81610e35c1ca ] Request (InstanceActionsNegativeTestJSON:setUpClass): 200 GET http://10.180.1.21/compute/v2.1/servers/995a3eae-c025-4efa-b509-0bf678bb0388 0.066s
2025-03-11 18:39:31.364 68811 INFO tempest.lib.common.rest_client [req-dea76570-7b3f-448e-a3db-377e2bd5a12c req-dea76570-7b3f-448e-a3db-377e2bd5a12c ] Request (ServerDiskConfigTestJSON:test_rebuild_server_with_manual_disk_config): 200 GET http://10.180.1.21/compute/v2.1/servers/860107df-4e9b-44b1-9e85-b0ee3a827268 0.075s
2025-03-11 18:39:31.380 68758 INFO tempest.lib.common.rest_client [req-9fc087df-7d9b-48a9-9705-23f39c45f000 req-9fc087df-7d9b-48a9-9705-23f39c45f000 ] Request (MigrationsAdminTest:test_list_migrations_in_flavor_resize_situation): 200 GET http://10.180.1.21/compute/v2.1/servers/1186da93-57aa-40f4-8aae-702d039844d4 0.155s
2025-03-11 18:39:31.460 68780 INFO tempest.lib.common.rest_client [req-5983eca4-5c9f-44ed-987b-647656244fdb req-5983eca4-5c9f-44ed-987b-647656244fdb ] Request (ServersListShow298Test:test_list_show_update_rebuild_server_298): 200 GET http://10.180.1.21/compute/v2.1/servers/5202b708-179c-48d2-9c4e-2bb5ab1a6ebb 0.070s
2025-03-11 18:39:31.471 68762 WARNING tempest.lib.common.ssh [-] Failed to establish authenticated ssh connection to cirros@10.180.180.164 ([Errno None] Unable to connect to port 22 on 10.180.180.164). Number attempts: 8. Retry after 9 seconds.: paramiko.ssh_exception.NoValidConnectionsError: [Errno None] Unable to connect to port 22 on 10.180.180.164
2025-03-11 18:39:31.491 68772 INFO tempest.lib.common.rest_client [req-93114daa-a8b4-4b37-95a5-7771c88cf3ae req-93114daa-a8b4-4b37-95a5-7771c88cf3ae ] Request (DeleteServersAdminTestJSON:test_delete_server_while_in_error_state): 200 GET http://10.180.1.21/compute/v2.1/servers/aa39767e-1ae7-4881-b0a8-e7b66e1ceed2 0.075s
2025-03-11 18:39:31.525 68770 INFO tempest.lib.common.rest_client [req-c4bb106d-d825-4356-ad83-dbeb88532e00 req-c4bb106d-d825-4356-ad83-dbeb88532e00 ] Request (ServersTestBootFromVolume:setUpClass): 200 GET http://10.180.1.21/compute/v2.1/servers/29e9555b-f928-43e7-a3a3-869ed07d7326 0.061s
2025-03-11 18:39:31.574 68766 INFO tempest.lib.common.rest_client [req-bd70f136-ef2f-46a1-abbd-7abfeb98fdec req-bd70f136-ef2f-46a1-abbd-7abfeb98fdec ] Request (ServersAdminNegativeTestJSON:tearDownClass): 200 GET http://10.180.1.21/compute/v2.1/servers/a2d0200e-e38e-4ef7-8d6c-29e9ceeb397f 0.067s
2025-03-11 18:39:31.776 68764 INFO tempest.lib.common.rest_client [req-428ba989-97b6-46a4-a516-5e0cd36884f2 req-428ba989-97b6-46a4-a516-5e0cd36884f2 ] Request (ServerExternalEventsTest:test_create_server_external_events): 200 GET http://10.180.1.21/compute/v2.1/servers/c5af19d6-5534-45e6-8c9c-dacf30d4fb1a 0.063s
2025-03-11 18:39:31.806 68808 INFO tempest.lib.common.rest_client [req-0e3eacc9-b581-46b6-9e92-2a3e6e175e7b req-0e3eacc9-b581-46b6-9e92-2a3e6e175e7b ] Request (ImagesOneServerNegativeTestJSON:_run_cleanups): 200 GET http://10.180.1.21/compute/v2.1/servers/d7c64aa1-44f8-44f4-9fb6-463033837736 0.068s
