2025-03-11 18:37:59.705 68807 INFO tempest.lib.common.dynamic_creds [-] Created isolated network resources for: credentials: Credentials: {'domain_id': 'default', 'domain_name': 'Default', 'username': 'tempest-VolumesAdminNegativeTest-411280535-project-member', 'project_domain_id': 'default', 'project_domain_name': 'Default', 'project_id': '63985eb5e5fb47958fd673bd0ce73f2d', 'project_name': 'tempest-VolumesAdminNegativeTest-411280535', 'tenant_id': '63985eb5e5fb47958fd673bd0ce73f2d', 'tenant_name': 'tempest-VolumesAdminNegativeTest-411280535', 'user_domain_id': 'default', 'user_domain_name': 'Default', 'user_id': '2dda8b15280c4d2282d4dc88aa3d607d', 'system': None}, Network: {'id': '2931ca1e-83cd-4f65-9712-488dad412e0d', 'name': 'tempest-VolumesAdminNegativeTest-642400798-network', 'tenant_id': '63985eb5e5fb47958fd673bd0ce73f2d', 'admin_state_up': True, 'mtu': 8950, 'status': 'ACTIVE', 'subnets': [], 'shared': False, 'project_id': '63985eb5e5fb47958fd673bd0ce73f2d', 'port_security_enabled': True, 'router:external': False, 'provider:network_type': 'vlan', 'provider:physical_network': 'default', 'provider:segmentation_id': 216, 'availability_zone_hints': [], 'availability_zones': [], 'ipv4_address_scope': None, 'ipv6_address_scope': None, 'description': '', 'tags': [], 'created_at': '2025-03-11T18:37:53Z', 'updated_at': '2025-03-11T18:37:53Z', 'revision_number': 1}, Subnet: {'id': '99323b52-a785-41cf-9fc3-e2c4039e32f2', 'name': 'tempest-VolumesAdminNegativeTest-642400798-subnet', 'tenant_id': '63985eb5e5fb47958fd673bd0ce73f2d', 'network_id': '2931ca1e-83cd-4f65-9712-488dad412e0d', 'ip_version': 4, 'subnetpool_id': None, 'enable_dhcp': True, 'ipv6_ra_mode': None, 'ipv6_address_mode': None, 'gateway_ip': '192.168.128.1', 'cidr': '192.168.128.0/28', 'allocation_pools': [{'start': '192.168.128.2', 'end': '192.168.128.14'}], 'host_routes': [], 'dns_nameservers': [], 'description': '', 'router:external': False, 'service_types': [], 'tags': [], 'created_at': '2025-03-11T18:37:53Z', 'updated_at': '2025-03-11T18:37:53Z', 'revision_number': 0, 'project_id': '63985eb5e5fb47958fd673bd0ce73f2d'}, Router: {'id': '95eaa591-1432-4d59-a49d-f4a0c93f701a', 'name': 'tempest-VolumesAdminNegativeTest-642400798-router', 'tenant_id': '63985eb5e5fb47958fd673bd0ce73f2d', 'admin_state_up': True, 'status': 'ACTIVE', 'external_gateway_info': {'network_id': '6ac90a48-13df-46c2-ab9b-d7cd8599ec23', 'external_fixed_ips': [{'subnet_id': '1ca821a3-75a6-4d36-b0af-6763cb3e5f55', 'ip_address': '10.180.180.243'}], 'enable_snat': True}, 'description': '', 'availability_zones': [], 'distributed': False, 'ha': False, 'availability_zone_hints': [], 'routes': [], 'flavor_id': None, 'tags': [], 'created_at': '2025-03-11T18:37:54Z', 'updated_at': '2025-03-11T18:37:55Z', 'revision_number': 2, 'project_id': '63985eb5e5fb47958fd673bd0ce73f2d'}
2025-03-11 18:37:59.713 68758 INFO tempest.lib.common.rest_client [req-22d18cab-a137-41ea-9613-4294ac23ba43 req-22d18cab-a137-41ea-9613-4294ac23ba43 ] Request (MigrationsAdminTest:test_list_migrations_in_flavor_resize_situation): 201 POST http://10.180.1.21/identity/v3/auth/tokens 0.114s
2025-03-11 18:37:59.713 68758 INFO tempest.lib.common.fixed_network [-] (MigrationsAdminTest:test_list_migrations_in_flavor_resize_situation) Found network None available for tenant
2025-03-11 18:37:59.722 68762 INFO tempest.lib.common.rest_client [req-534924e1-92d0-469a-bc32-89b835f417dc req-534924e1-92d0-469a-bc32-89b835f417dc ] Request (VolumesAssistedSnapshotsTest:test_volume_assisted_snapshot_create_delete): 201 POST http://10.180.1.21:9696/networking/v2.0/floatingips 2.135s
2025-03-11 18:37:59.762 68808 INFO tempest.lib.common.rest_client [req-1b9ae2dc-8e18-4363-b019-f78bb556e804 req-1b9ae2dc-8e18-4363-b019-f78bb556e804 ] Request (HypervisorAdminNegativeTestJSON:tearDownClass): 201 POST http://10.180.1.21/identity/v3/auth/tokens 0.065s
2025-03-11 18:37:59.796 68807 INFO tempest.lib.common.rest_client [req-b140748f-383c-435e-9cc3-06262a385300 req-b140748f-383c-435e-9cc3-06262a385300 ] Request (VolumesAdminNegativeTest:setUpClass): 201 POST http://10.180.1.21/identity/v3/auth/tokens 0.082s
2025-03-11 18:37:59.820 68762 INFO tempest.lib.common.rest_client [req-5309912b-a8d7-4fc4-be4c-2161eabaa4e8 req-5309912b-a8d7-4fc4-be4c-2161eabaa4e8 ] Request (VolumesAssistedSnapshotsTest:test_volume_assisted_snapshot_create_delete): 201 POST http://10.180.1.21/identity/v3/auth/tokens 0.090s
2025-03-11 18:37:59.820 68762 INFO tempest.lib.common.fixed_network [-] (VolumesAssistedSnapshotsTest:test_volume_assisted_snapshot_create_delete) Found network {'id': '06eb8d2b-d1b9-4dee-ada5-4dbf2f3a3f1e', 'name': 'tempest-VolumesAssistedSnapshotsTest-1510705003-network', 'tenant_id': '518f367d97ad43bb9653dc4a5137e1bb', 'admin_state_up': True, 'mtu': 8950, 'status': 'ACTIVE', 'subnets': [], 'shared': False, 'project_id': '518f367d97ad43bb9653dc4a5137e1bb', 'port_security_enabled': True, 'router:external': False, 'provider:network_type': 'vlan', 'provider:physical_network': 'default', 'provider:segmentation_id': 380, 'availability_zone_hints': [], 'availability_zones': [], 'ipv4_address_scope': None, 'ipv6_address_scope': None, 'description': '', 'tags': [], 'created_at': '2025-03-11T18:37:37Z', 'updated_at': '2025-03-11T18:37:37Z', 'revision_number': 1} available for tenant
2025-03-11 18:37:59.831 68784 INFO tempest.lib.common.rest_client [req-258e45d8-0756-4d9f-9cca-323116456387 req-258e45d8-0756-4d9f-9cca-323116456387 ] Request (ServerDiagnosticsNegativeTest:test_get_server_diagnostics_by_non_admin): 200 GET http://10.180.1.21/compute/v2.1/servers/180f77ab-e468-410d-8e41-20291487ef5d 3.067s
2025-03-11 18:37:59.839 68812 INFO tempest.lib.common.rest_client [req-c4751a68-e1d3-4756-b536-237ef70f0411 req-c4751a68-e1d3-4756-b536-237ef70f0411 ] Request (ServicesAdminNegativeTestJSON:tearDownClass): 204 DELETE http://10.180.1.21:9696/networking/v2.0/security-groups/f865240e-2fcf-48fc-ac6a-0fee51cc12a0 0.151s
2025-03-11 18:37:59.862 68807 INFO tempest.lib.common.rest_client [req-2daca9ab-4450-4514-84bb-492140b29ae2 req-2daca9ab-4450-4514-84bb-492140b29ae2 ] Request (VolumesAdminNegativeTest:setUpClass): 201 POST http://10.180.1.21/identity/v3/projects 0.065s
2025-03-11 18:37:59.912 68818 INFO tempest.lib.common.rest_client [req-b4398816-1d61-4be4-af30-8938deb979dc req-b4398816-1d61-4be4-af30-8938deb979dc ] Request (ServerDiagnosticsTest:test_get_server_diagnostics): 200 GET http://10.180.1.21/compute/v2.1/servers/ddaeb82e-bbf7-430a-bcc8-5b1f70b4d236 2.979s
2025-03-11 18:37:59.922 68818 INFO tempest.common.waiters [-] State transition "BUILD/networking" ==> "BUILD/spawning" after 11 second wait
2025-03-11 18:37:59.924 68807 INFO tempest.lib.common.rest_client [req-863d9ca6-f6bc-4910-bd18-35c69f6074ac req-863d9ca6-f6bc-4910-bd18-35c69f6074ac ] Request (VolumesAdminNegativeTest:setUpClass): 201 POST http://10.180.1.21/identity/v3/users 0.061s
2025-03-11 18:37:59.926 68774 INFO tempest.lib.common.rest_client [req-a122d6eb-e13d-43ad-926d-cedd118dd0e3 req-a122d6eb-e13d-43ad-926d-cedd118dd0e3 ] Request (HostsAdminNegativeTestJSON:test_startup_nonexistent_host): 404 GET http://10.180.1.21/compute/v2.1/os-hosts/nonexistent_hostname/startup 2.457s
2025-03-11 18:37:59.958 68782 INFO tempest.lib.common.rest_client [req-86b619f7-4aad-49a3-8f11-9c1942662eb3 req-86b619f7-4aad-49a3-8f11-9c1942662eb3 ] Request (QuotasAdminTestV257:tearDownClass): 200 GET http://10.180.1.21:9696/networking/v2.0/security-groups?tenant_id=18a4e667a2474ebf98df2a1108c60fc4&name=default 0.603s
2025-03-11 18:37:59.961 68764 INFO tempest.lib.common.rest_client [req-e4e31422-a284-4192-b4a7-56a65dcc8d01 req-e4e31422-a284-4192-b4a7-56a65dcc8d01 ] Request (FlavorsAdminTestJSON:_run_cleanups): 200 GET http://10.180.1.21/compute/v2.1/flavors/detail 2.477s
2025-03-11 18:37:59.969 68812 INFO tempest.lib.common.rest_client [req-5238b267-c4a3-4c38-8885-850b0e7a3b28 req-5238b267-c4a3-4c38-8885-850b0e7a3b28 ] Request (ServicesAdminNegativeTestJSON:tearDownClass): 204 DELETE http://10.180.1.21/identity/v3/projects/f577ae44b19e41b8ac336591b866ce05 0.130s
2025-03-11 18:37:59.992 68807 INFO tempest.lib.common.rest_client [req-d9660599-4be5-436c-bf86-81cc5be69d63 req-d9660599-4be5-436c-bf86-81cc5be69d63 ] Request (VolumesAdminNegativeTest:setUpClass): 200 GET http://10.180.1.21/identity/v3/roles 0.067s
2025-03-11 18:38:00.008 68812 INFO tempest.lib.common.rest_client [req-7821c520-3164-4b13-b15b-21d06c210c59 req-7821c520-3164-4b13-b15b-21d06c210c59 ] Request (ServerTagsTestJSON:setUpClass): 201 POST http://10.180.1.21/identity/v3/auth/tokens 0.037s
2025-03-11 18:38:00.043 68807 INFO tempest.lib.common.rest_client [req-ba59b988-8b25-451c-a65d-1633f184ca59 req-ba59b988-8b25-451c-a65d-1633f184ca59 ] Request (VolumesAdminNegativeTest:setUpClass): 204 PUT http://10.180.1.21/identity/v3/projects/d96470521d744c9ab0eac23fc9665881/users/a0262afb844d444a83149540b17a8cd2/roles/fb8b210bc5104b1b91611cc9dbfe9707 0.050s
2025-03-11 18:38:00.092 68812 INFO tempest.lib.common.rest_client [req-1de6265f-489e-45a0-9615-a7a971c705a8 req-1de6265f-489e-45a0-9615-a7a971c705a8 ] Request (ServerTagsTestJSON:setUpClass): 201 POST http://10.180.1.21/identity/v3/auth/tokens 0.080s
2025-03-11 18:38:00.109 68807 INFO tempest.lib.common.rest_client [req-a563c5de-5643-4a24-b4db-761aa02d1231 req-a563c5de-5643-4a24-b4db-761aa02d1231 ] Request (VolumesAdminNegativeTest:setUpClass): 200 GET http://10.180.1.21/identity/v3/roles 0.065s
2025-03-11 18:38:00.121 68812 INFO tempest.lib.common.rest_client [req-2d572b77-071d-49d3-91a0-dd1455f66190 req-2d572b77-071d-49d3-91a0-dd1455f66190 ] Request (ServerTagsTestJSON:setUpClass): 200 GET http://10.180.1.21/identity/v3/domains?name=Default 0.028s
2025-03-11 18:38:00.130 68807 INFO tempest.lib.common.rest_client [req-ecfb370d-171d-49be-bb53-92f970146d31 req-ecfb370d-171d-49be-bb53-92f970146d31 ] Request (VolumesAdminNegativeTest:setUpClass): 204 PUT http://10.180.1.21/identity/v3/projects/d96470521d744c9ab0eac23fc9665881/users/a0262afb844d444a83149540b17a8cd2/roles/fb8b210bc5104b1b91611cc9dbfe9707 0.021s
2025-03-11 18:38:00.130 68807 INFO tempest.lib.common.dynamic_creds [-] Dynamic test user a0262afb844d444a83149540b17a8cd2 is created with scope project and roles: ['admin']
2025-03-11 18:38:00.131 68807 INFO tempest.lib.common.dynamic_creds [-] Acquired dynamic creds: credentials: Credentials: {'domain_id': 'default', 'domain_name': 'Default', 'username': 'tempest-VolumesAdminNegativeTest-1328275879-project-admin', 'project_domain_id': 'default', 'project_domain_name': 'Default', 'project_id': 'd96470521d744c9ab0eac23fc9665881', 'project_name': 'tempest-VolumesAdminNegativeTest-1328275879', 'tenant_id': 'd96470521d744c9ab0eac23fc9665881', 'tenant_name': 'tempest-VolumesAdminNegativeTest-1328275879', 'user_domain_id': 'default', 'user_domain_name': 'Default', 'user_id': 'a0262afb844d444a83149540b17a8cd2', 'system': None}, Network: None, Subnet: None, Router: None
2025-03-11 18:38:00.240 68812 INFO tempest.lib.common.rest_client [req-4b935bcc-618b-4e2a-81be-8594279239e5 req-4b935bcc-618b-4e2a-81be-8594279239e5 ] Request (ServerTagsTestJSON:setUpClass): 201 POST http://10.180.1.21/identity/v3/projects 0.119s
2025-03-11 18:38:00.306 68812 INFO tempest.lib.common.rest_client [req-6a51254e-df64-4443-8cd6-7da9ed7a4a5b req-6a51254e-df64-4443-8cd6-7da9ed7a4a5b ] Request (ServerTagsTestJSON:setUpClass): 201 POST http://10.180.1.21/identity/v3/users 0.065s
2025-03-11 18:38:00.320 68796 INFO tempest.lib.common.rest_client [req-d25738e0-2386-426b-a975-30175a890f23 req-d25738e0-2386-426b-a975-30175a890f23 ] Request (SecurityGroupsTestJSON:test_list_security_groups_by_server): 200 GET http://10.180.1.21/compute/v2.1/servers/45595615-59c0-4c59-b18c-b49a3126dbb7 3.252s
2025-03-11 18:38:00.328 68796 INFO tempest.common.waiters [-] State transition "BUILD/None" ==> "BUILD/spawning" after 11 second wait
2025-03-11 18:38:00.333 68812 INFO tempest.lib.common.rest_client [req-f10919c4-bede-4b17-b0f2-0e7ec766449d req-f10919c4-bede-4b17-b0f2-0e7ec766449d ] Request (ServerTagsTestJSON:setUpClass): 200 GET http://10.180.1.21/identity/v3/roles 0.026s
2025-03-11 18:38:00.357 68812 INFO tempest.lib.common.rest_client [req-cad6b61d-517f-4fe7-ab32-60d932e469c4 req-cad6b61d-517f-4fe7-ab32-60d932e469c4 ] Request (ServerTagsTestJSON:setUpClass): 204 PUT http://10.180.1.21/identity/v3/projects/df4cce8aeb924a148b0dfcc56745f8f3/users/859c80d9e1eb4badb370c62ccccb90b4/roles/671946a1235d4df5b9ff277ab0e4ab0b 0.024s
2025-03-11 18:38:00.358 68812 INFO tempest.lib.common.dynamic_creds [-] Dynamic test user 859c80d9e1eb4badb370c62ccccb90b4 is created with scope project and roles: ['member']
2025-03-11 18:38:00.358 68812 INFO tempest.lib.common.dynamic_creds [-] Acquired dynamic creds: credentials: Credentials: {'domain_id': 'default', 'domain_name': 'Default', 'username': 'tempest-ServerTagsTestJSON-442522135-project-member', 'project_domain_id': 'default', 'project_domain_name': 'Default', 'project_id': 'df4cce8aeb924a148b0dfcc56745f8f3', 'project_name': 'tempest-ServerTagsTestJSON-442522135', 'tenant_id': 'df4cce8aeb924a148b0dfcc56745f8f3', 'tenant_name': 'tempest-ServerTagsTestJSON-442522135', 'user_domain_id': 'default', 'user_domain_name': 'Default', 'user_id': '859c80d9e1eb4badb370c62ccccb90b4', 'system': None}, Network: None, Subnet: None, Router: None
2025-03-11 18:38:00.409 68812 INFO tempest.lib.common.rest_client [req-eed68f09-8cc6-46ef-aa96-bc621f874288 req-eed68f09-8cc6-46ef-aa96-bc621f874288 ] Request (ServerTagsTestJSON:setUpClass): 201 POST http://10.180.1.21/identity/v3/auth/tokens 0.050s
2025-03-11 18:38:00.423 68807 INFO tempest.lib.common.rest_client [req-65b346a5-f755-406b-be43-d6ad21fe43ba req-65b346a5-f755-406b-be43-d6ad21fe43ba ] Request (VolumesAdminNegativeTest:setUpClass): 201 POST http://10.180.1.21:9696/networking/v2.0/networks 0.291s
2025-03-11 18:38:00.567 68808 INFO tempest.lib.common.rest_client [req-0cec2e3a-d451-4ee2-b6f7-bac0c83c5d48 req-0cec2e3a-d451-4ee2-b6f7-bac0c83c5d48 ] Request (HypervisorAdminNegativeTestJSON:tearDownClass): 200 GET http://10.180.1.21:9696/networking/v2.0/security-groups?tenant_id=5119b1236c5544dabf156cc73f05e5c4&name=default 0.805s
2025-03-11 18:38:00.579 68782 INFO tempest.lib.common.rest_client [req-6fde5505-51ab-4f5d-8e37-7e35f7c8059c req-6fde5505-51ab-4f5d-8e37-7e35f7c8059c ] Request (QuotasAdminTestV257:tearDownClass): 204 DELETE http://10.180.1.21:9696/networking/v2.0/security-groups/07cc2f09-ee00-404a-b2b7-a5a959c68235 0.621s
2025-03-11 18:38:00.605 68816 INFO tempest.lib.common.rest_client [req-bac4a949-cf73-4215-9f14-4a899b359f24 req-bac4a949-cf73-4215-9f14-4a899b359f24 ] Request (InstanceActionsTestJSON:setUpClass): 200 GET http://10.180.1.21/compute/v2.1/servers/ce8fd88b-249b-4fee-80fc-35b795d24658 2.944s
2025-03-11 18:38:00.631 68794 INFO tempest.lib.common.rest_client [req-a581530f-35b6-4f94-827f-d1cd1012cc9d req-a581530f-35b6-4f94-827f-d1cd1012cc9d ] Request (AggregatesAdminNegativeTestJSON:_run_cleanups): 200 DELETE http://10.180.1.21/compute/v2.1/os-aggregates/2 2.829s
2025-03-11 18:38:00.651 68782 INFO tempest.lib.common.rest_client [req-3b5d3bee-61a0-4327-921b-63421bbd5f56 req-3b5d3bee-61a0-4327-921b-63421bbd5f56 ] Request (QuotasAdminTestV257:tearDownClass): 204 DELETE http://10.180.1.21/identity/v3/projects/18a4e667a2474ebf98df2a1108c60fc4 0.071s
2025-03-11 18:38:00.671 68792 INFO tempest.lib.common.rest_client [req-bc3ad140-a1ea-4616-8e2f-1127a0271670 req-bc3ad140-a1ea-4616-8e2f-1127a0271670 ] Request (KeyPairsV2TestJSON:test_keypair_create_with_pub_key): 200 POST http://10.180.1.21/compute/v2.1/os-keypairs 2.839s
2025-03-11 18:38:00.697 68805 INFO tempest.lib.common.rest_client [req-5e30d639-606c-438e-9e99-5f96a8e19bf2 req-5e30d639-606c-438e-9e99-5f96a8e19bf2 ] Request (FlavorsV2TestJSON:test_list_flavors_filter_by_min_disk): 200 GET http://10.180.1.21/compute/v2.1/flavors?minDisk=2 2.837s
2025-03-11 18:38:00.702 68802 INFO tempest.lib.common.rest_client [req-512eb06c-7755-4eb2-9182-123c4e2e7fd0 req-512eb06c-7755-4eb2-9182-123c4e2e7fd0 ] Request (FlavorsExtraSpecsNegativeTestJSON:test_flavor_update_more_key): 400 PUT http://10.180.1.21/compute/v2.1/flavors/1386298215/os-extra_specs/hw:numa_nodes 2.828s
2025-03-11 18:38:00.719 68770 INFO tempest.lib.common.rest_client [req-0b989acb-c8df-4e01-8c8e-34a89f8f4069 req-0b989acb-c8df-4e01-8c8e-34a89f8f4069 ] Request (FlavorsAccessNegativeTestJSON:_run_cleanups): 202 DELETE http://10.180.1.21/compute/v2.1/flavors/825918990 2.836s
2025-03-11 18:38:00.724 68782 INFO tempest.lib.common.rest_client [req-8aac0c2f-e7a4-4c99-9626-d477eb873b28 req-8aac0c2f-e7a4-4c99-9626-d477eb873b28 ] Request (ImagesNegativeTestJSON:setUpClass): 201 POST http://10.180.1.21/identity/v3/auth/tokens 0.071s
2025-03-11 18:38:00.762 68782 INFO tempest.lib.common.rest_client [req-1b4bb91d-c9de-42f9-924c-6d1b64d3d5f0 req-1b4bb91d-c9de-42f9-924c-6d1b64d3d5f0 ] Request (ImagesNegativeTestJSON:setUpClass): 201 POST http://10.180.1.21/identity/v3/auth/tokens 0.035s
2025-03-11 18:38:00.796 68808 INFO tempest.lib.common.rest_client [req-8336d153-e6fb-4625-85ba-a5d85c4b16b6 req-8336d153-e6fb-4625-85ba-a5d85c4b16b6 ] Request (HypervisorAdminNegativeTestJSON:tearDownClass): 204 DELETE http://10.180.1.21:9696/networking/v2.0/security-groups/cde4b490-a338-4fae-bd6f-0002b60ac446 0.228s
2025-03-11 18:38:00.801 68782 INFO tempest.lib.common.rest_client [req-c467ea4b-7954-4412-bfe8-32eed5206ceb req-c467ea4b-7954-4412-bfe8-32eed5206ceb ] Request (ImagesNegativeTestJSON:setUpClass): 200 GET http://10.180.1.21/identity/v3/domains?name=Default 0.039s
2025-03-11 18:38:00.825 68807 INFO tempest.lib.common.rest_client [req-caef86d0-ed18-49e0-af9a-931d7e1c3e6b req-caef86d0-ed18-49e0-af9a-931d7e1c3e6b ] Request (VolumesAdminNegativeTest:setUpClass): 201 POST http://10.180.1.21:9696/networking/v2.0/subnets 0.402s
2025-03-11 18:38:00.857 68808 INFO tempest.lib.common.rest_client [req-395389f4-3c0e-406d-b80b-5d088a3a7059 req-395389f4-3c0e-406d-b80b-5d088a3a7059 ] Request (HypervisorAdminNegativeTestJSON:tearDownClass): 204 DELETE http://10.180.1.21/identity/v3/projects/5119b1236c5544dabf156cc73f05e5c4 0.061s
2025-03-11 18:38:00.857 68808 INFO tempest.lib.common.dynamic_creds [-] Deleting project and security group for project: 2fbe2f2372e0448d91cbc62eb2008126
2025-03-11 18:38:00.860 68812 INFO tempest.lib.common.rest_client [req-119cca4c-2b72-40f1-bc7a-d6fdafa0c59e req-119cca4c-2b72-40f1-bc7a-d6fdafa0c59e ] Request (ServerTagsTestJSON:setUpClass): 201 POST http://10.180.1.21:9696/networking/v2.0/networks 0.451s
2025-03-11 18:38:00.887 68790 INFO tempest.lib.common.rest_client [req-0800e4f8-1cc2-44b3-88be-86153a57e60c req-0800e4f8-1cc2-44b3-88be-86153a57e60c ] Request (ImagesTestJSON:setUpClass): 200 PUT http://10.180.1.21:9696/networking/v2.0/routers/0cf2c9ac-def4-497c-8a65-33d1f55f4927/add_router_interface 3.841s
2025-03-11 18:38:00.887 68790 INFO tempest.lib.common.dynamic_creds [-] Created isolated network resources for: credentials: Credentials: {'domain_id': 'default', 'domain_name': 'Default', 'username': 'tempest-ImagesTestJSON-413382143-project-member', 'project_domain_id': 'default', 'project_domain_name': 'Default', 'project_id': '3f1c3ca0e78f472e8c127fa68ed610f5', 'project_name': 'tempest-ImagesTestJSON-413382143', 'tenant_id': '3f1c3ca0e78f472e8c127fa68ed610f5', 'tenant_name': 'tempest-ImagesTestJSON-413382143', 'user_domain_id': 'default', 'user_domain_name': 'Default', 'user_id': 'ec1074dd1b444e45beadcccfe6671c76', 'system': None}, Network: {'id': 'cf5ab765-e353-4d6e-99a1-816d38d3f7ed', 'name': 'tempest-ImagesTestJSON-1488403753-network', 'tenant_id': '3f1c3ca0e78f472e8c127fa68ed610f5', 'admin_state_up': True, 'mtu': 8950, 'status': 'ACTIVE', 'subnets': [], 'shared': False, 'project_id': '3f1c3ca0e78f472e8c127fa68ed610f5', 'port_security_enabled': True, 'router:external': False, 'provider:network_type': 'vlan', 'provider:physical_network': 'default', 'provider:segmentation_id': 539, 'availability_zone_hints': [], 'availability_zones': [], 'ipv4_address_scope': None, 'ipv6_address_scope': None, 'description': '', 'tags': [], 'created_at': '2025-03-11T18:37:54Z', 'updated_at': '2025-03-11T18:37:55Z', 'revision_number': 1}, Subnet: {'id': '1ab1f19b-9453-495b-abe4-f8dfa3119230', 'name': 'tempest-ImagesTestJSON-1488403753-subnet', 'tenant_id': '3f1c3ca0e78f472e8c127fa68ed610f5', 'network_id': 'cf5ab765-e353-4d6e-99a1-816d38d3f7ed', 'ip_version': 4, 'subnetpool_id': None, 'enable_dhcp': True, 'ipv6_ra_mode': None, 'ipv6_address_mode': None, 'gateway_ip': '192.168.128.1', 'cidr': '192.168.128.0/28', 'allocation_pools': [{'start': '192.168.128.2', 'end': '192.168.128.14'}], 'host_routes': [], 'dns_nameservers': [], 'description': '', 'router:external': False, 'service_types': [], 'tags': [], 'created_at': '2025-03-11T18:37:55Z', 'updated_at': '2025-03-11T18:37:55Z', 'revision_number': 0, 'project_id': '3f1c3ca0e78f472e8c127fa68ed610f5'}, Router: {'id': '0cf2c9ac-def4-497c-8a65-33d1f55f4927', 'name': 'tempest-ImagesTestJSON-1488403753-router', 'tenant_id': '3f1c3ca0e78f472e8c127fa68ed610f5', 'admin_state_up': True, 'status': 'ACTIVE', 'external_gateway_info': {'network_id': '6ac90a48-13df-46c2-ab9b-d7cd8599ec23', 'external_fixed_ips': [{'subnet_id': '1ca821a3-75a6-4d36-b0af-6763cb3e5f55', 'ip_address': '10.180.180.224'}], 'enable_snat': True}, 'description': '', 'availability_zones': [], 'distributed': False, 'ha': False, 'availability_zone_hints': [], 'routes': [], 'flavor_id': None, 'tags': [], 'created_at': '2025-03-11T18:37:55Z', 'updated_at': '2025-03-11T18:37:55Z', 'revision_number': 2, 'project_id': '3f1c3ca0e78f472e8c127fa68ed610f5'}
2025-03-11 18:38:00.934 68780 INFO tempest.lib.common.rest_client [req-5d7c5fd5-37b6-46f5-860d-5ec51c71dc02 req-5d7c5fd5-37b6-46f5-860d-5ec51c71dc02 ] Request (QuotasAdminNegativeTest:_run_cleanups): 200 PUT http://10.180.1.21/compute/v2.1/os-quota-sets/5a67ea1011914a9ab58623026330f742 2.818s
2025-03-11 18:38:00.935 68782 INFO tempest.lib.common.rest_client [req-9be15563-3534-4499-94e2-d0bc01a4c178 req-9be15563-3534-4499-94e2-d0bc01a4c178 ] Request (ImagesNegativeTestJSON:setUpClass): 201 POST http://10.180.1.21/identity/v3/projects 0.134s
2025-03-11 18:38:00.965 68790 INFO tempest.lib.common.rest_client [req-88a60c4b-8079-4b20-a532-395291848c8a req-88a60c4b-8079-4b20-a532-395291848c8a ] Request (ImagesTestJSON:setUpClass): 201 POST http://10.180.1.21/identity/v3/auth/tokens 0.073s
2025-03-11 18:38:01.052 68798 INFO tempest.lib.common.rest_client [req-5b703b65-530f-4482-8212-7daf39bddcc7 req-5b703b65-530f-4482-8212-7daf39bddcc7 ] Request (QuotaClassesAdminTestJSON:test_update_default_quotas): 200 GET http://10.180.1.21/compute/v2.1/os-quota-class-sets/default 2.892s
2025-03-11 18:38:01.071 68782 INFO tempest.lib.common.rest_client [req-4efdf0ff-9f37-4fe3-8f1b-2d73a4aa6795 req-4efdf0ff-9f37-4fe3-8f1b-2d73a4aa6795 ] Request (ImagesNegativeTestJSON:setUpClass): 201 POST http://10.180.1.21/identity/v3/users 0.135s
2025-03-11 18:38:01.108 68782 INFO tempest.lib.common.rest_client [req-0b8ee66b-7a41-4c21-a490-c5a2f8dc630f req-0b8ee66b-7a41-4c21-a490-c5a2f8dc630f ] Request (ImagesNegativeTestJSON:setUpClass): 200 GET http://10.180.1.21/identity/v3/roles 0.037s
2025-03-11 18:38:01.111 68790 INFO tempest.lib.common.rest_client [req-278015f9-f255-43e2-be73-fa31fd05b604 req-278015f9-f255-43e2-be73-fa31fd05b604 ] Request (ImagesTestJSON:test_create_image_from_stopped_server): 201 POST http://10.180.1.21/identity/v3/auth/tokens 0.140s
2025-03-11 18:38:01.111 68790 INFO tempest.lib.common.fixed_network [-] (ImagesTestJSON:test_create_image_from_stopped_server) Found network {'id': 'cf5ab765-e353-4d6e-99a1-816d38d3f7ed', 'name': 'tempest-ImagesTestJSON-1488403753-network', 'tenant_id': '3f1c3ca0e78f472e8c127fa68ed610f5', 'admin_state_up': True, 'mtu': 8950, 'status': 'ACTIVE', 'subnets': [], 'shared': False, 'project_id': '3f1c3ca0e78f472e8c127fa68ed610f5', 'port_security_enabled': True, 'router:external': False, 'provider:network_type': 'vlan', 'provider:physical_network': 'default', 'provider:segmentation_id': 539, 'availability_zone_hints': [], 'availability_zones': [], 'ipv4_address_scope': None, 'ipv6_address_scope': None, 'description': '', 'tags': [], 'created_at': '2025-03-11T18:37:54Z', 'updated_at': '2025-03-11T18:37:55Z', 'revision_number': 1} available for tenant
2025-03-11 18:38:01.150 68782 INFO tempest.lib.common.rest_client [req-554e0694-0a4b-4c85-8818-1f7074f355e6 req-554e0694-0a4b-4c85-8818-1f7074f355e6 ] Request (ImagesNegativeTestJSON:setUpClass): 204 PUT http://10.180.1.21/identity/v3/projects/025967d11eca4b2fb49264397076e046/users/05cecb8a2d8e4fec876c54e984282267/roles/671946a1235d4df5b9ff277ab0e4ab0b 0.041s
2025-03-11 18:38:01.150 68782 INFO tempest.lib.common.dynamic_creds [-] Dynamic test user 05cecb8a2d8e4fec876c54e984282267 is created with scope project and roles: ['member']
2025-03-11 18:38:01.150 68782 INFO tempest.lib.common.dynamic_creds [-] Acquired dynamic creds: credentials: Credentials: {'domain_id': 'default', 'domain_name': 'Default', 'username': 'tempest-ImagesNegativeTestJSON-1118564223-project-member', 'project_domain_id': 'default', 'project_domain_name': 'Default', 'project_id': '025967d11eca4b2fb49264397076e046', 'project_name': 'tempest-ImagesNegativeTestJSON-1118564223', 'tenant_id': '025967d11eca4b2fb49264397076e046', 'tenant_name': 'tempest-ImagesNegativeTestJSON-1118564223', 'user_domain_id': 'default', 'user_domain_name': 'Default', 'user_id': '05cecb8a2d8e4fec876c54e984282267', 'system': None}, Network: None, Subnet: None, Router: None
2025-03-11 18:38:01.215 68768 INFO tempest.lib.common.rest_client [req-072bb31c-81ad-4442-8cf1-763e01615052 req-072bb31c-81ad-4442-8cf1-763e01615052 ] Request (ServersAdminTestJSON:setUpClass): 201 POST http://10.180.1.21:9696/networking/v2.0/routers 3.426s
2025-03-11 18:38:01.223 68782 INFO tempest.lib.common.rest_client [req-5c08d327-923f-4a2c-ada7-35d66a1d1100 req-5c08d327-923f-4a2c-ada7-35d66a1d1100 ] Request (ImagesNegativeTestJSON:setUpClass): 201 POST http://10.180.1.21/identity/v3/auth/tokens 0.072s
2025-03-11 18:38:01.239 68808 INFO tempest.lib.common.rest_client [req-0aa90f9c-ce8f-4cf0-953c-e868c4ab3b4a req-0aa90f9c-ce8f-4cf0-953c-e868c4ab3b4a ] Request (HypervisorAdminNegativeTestJSON:tearDownClass): 200 GET http://10.180.1.21:9696/networking/v2.0/security-groups?tenant_id=2fbe2f2372e0448d91cbc62eb2008126&name=default 0.381s
2025-03-11 18:38:01.388 68760 INFO tempest.lib.common.rest_client [req-d3e99220-a91a-49f4-a75d-ddd878d1df30 req-d3e99220-a91a-49f4-a75d-ddd878d1df30 ] Request (ImagesMetadataTestJSON:test_delete_image_metadata_item): 204 DELETE http://10.180.1.21/compute/v2.1/images/5c355635-aa5b-4029-80c0-0466dab92e17/metadata/os_version 3.195s
2025-03-11 18:38:01.423 68786 INFO tempest.lib.common.rest_client [req-3f6476aa-ab4d-46dc-bd8a-e9b66f70d81f req-3f6476aa-ab4d-46dc-bd8a-e9b66f70d81f ] Request (FlavorsExtraSpecsTestJSON:test_flavor_set_get_update_show_unset_keys): 200 DELETE http://10.180.1.21/compute/v2.1/flavors/901924067/os-extra_specs/hw:numa_nodes 3.211s
2025-03-11 18:38:01.547 68776 INFO tempest.lib.common.rest_client [req-e541c4ce-6e1c-4cc2-80a7-e2195f83f557 req-e541c4ce-6e1c-4cc2-80a7-e2195f83f557 ] Request (ServerRescueNegativeTestJSON:setUpClass): 201 POST http://10.180.1.21:9696/networking/v2.0/routers 3.256s
2025-03-11 18:38:01.566 68812 INFO tempest.lib.common.rest_client [req-b13f3c3b-911a-4e15-80e5-4ab53b24e938 req-b13f3c3b-911a-4e15-80e5-4ab53b24e938 ] Request (ServerTagsTestJSON:setUpClass): 201 POST http://10.180.1.21:9696/networking/v2.0/subnets 0.705s
2025-03-11 18:38:01.581 68811 INFO tempest.lib.common.rest_client [req-9376bec6-3844-4615-b5eb-2c8780ca51e2 req-9376bec6-3844-4615-b5eb-2c8780ca51e2 ] Request (ServicesAdminNegativeV253TestJSON:test_list_services_with_non_admin_user): 403 GET http://10.180.1.21/compute/v2.1/os-services 3.339s
2025-03-11 18:38:01.633 68808 INFO tempest.lib.common.rest_client [req-00eccf88-ddaf-4ba0-b50e-c2c26b57c041 req-00eccf88-ddaf-4ba0-b50e-c2c26b57c041 ] Request (HypervisorAdminNegativeTestJSON:tearDownClass): 204 DELETE http://10.180.1.21:9696/networking/v2.0/security-groups/98eb9f78-fdf5-4482-a5f1-7941803d157a 0.393s
2025-03-11 18:38:01.669 68811 INFO tempest.lib.common.rest_client [req-4bc22533-9a8b-4bd5-8c80-ca398e3ac9c1 req-4bc22533-9a8b-4bd5-8c80-ca398e3ac9c1 ] Request (ServicesAdminNegativeV253TestJSON:tearDownClass): 204 DELETE http://10.180.1.21/identity/v3/users/95edd6be06734bc7b8a670b1e3f31bee 0.085s
2025-03-11 18:38:01.741 68808 INFO tempest.lib.common.rest_client [req-4fd249ca-b0fd-41c9-858c-283a287ff2bf req-4fd249ca-b0fd-41c9-858c-283a287ff2bf ] Request (HypervisorAdminNegativeTestJSON:tearDownClass): 204 DELETE http://10.180.1.21/identity/v3/projects/2fbe2f2372e0448d91cbc62eb2008126 0.108s
2025-03-11 18:38:01.770 68808 INFO tempest.lib.common.rest_client [req-47ffc60c-ccff-4fd4-8fcf-084177ee2718 req-47ffc60c-ccff-4fd4-8fcf-084177ee2718 ] Request (InstanceUsageAuditLogTestJSON:setUpClass): 201 POST http://10.180.1.21/identity/v3/auth/tokens 0.026s
2025-03-11 18:38:01.807 68811 INFO tempest.lib.common.rest_client [req-4c3b47a2-fb33-47a4-8eb2-505dfe7c1761 req-4c3b47a2-fb33-47a4-8eb2-505dfe7c1761 ] Request (ServicesAdminNegativeV253TestJSON:tearDownClass): 204 DELETE http://10.180.1.21/identity/v3/users/1bd73fa5e25d41f3aa95ec5957aa1536 0.137s
2025-03-11 18:38:01.807 68811 INFO tempest.lib.common.dynamic_creds [-] Deleting project and security group for project: 7644bbf8ad1e4bee898a8a7666110eef
2025-03-11 18:38:01.833 68808 INFO tempest.lib.common.rest_client [req-87feeb93-9ba9-4365-85ae-74e2fe072b90 req-87feeb93-9ba9-4365-85ae-74e2fe072b90 ] Request (InstanceUsageAuditLogTestJSON:setUpClass): 201 POST http://10.180.1.21/identity/v3/auth/tokens 0.060s
2025-03-11 18:38:01.862 68811 INFO tempest.lib.common.rest_client [req-eb63868d-bcfc-4356-ba3b-81b503c47813 req-eb63868d-bcfc-4356-ba3b-81b503c47813 ] Request (ServicesAdminNegativeV253TestJSON:tearDownClass): 201 POST http://10.180.1.21/identity/v3/auth/tokens 0.054s
2025-03-11 18:38:01.875 68772 INFO tempest.lib.common.rest_client [req-93e7b26e-aa16-4e14-af7d-afb983b9eb64 req-93e7b26e-aa16-4e14-af7d-afb983b9eb64 ] Request (DeleteServersAdminTestJSON:test_admin_delete_servers_of_others): 200 GET http://10.180.1.21/compute/v2.1/servers/df3fbf16-d3d9-4138-b563-6ea09dd233b8 3.553s
2025-03-11 18:38:01.886 68808 INFO tempest.lib.common.rest_client [req-b567a0df-dd27-4ae1-a675-6c323042b25e req-b567a0df-dd27-4ae1-a675-6c323042b25e ] Request (InstanceUsageAuditLogTestJSON:setUpClass): 200 GET http://10.180.1.21/identity/v3/domains?name=Default 0.052s
2025-03-11 18:38:01.913 68808 INFO tempest.lib.common.rest_client [req-7ffd689f-14c9-4a73-9029-e7a333169c41 req-7ffd689f-14c9-4a73-9029-e7a333169c41 ] Request (InstanceUsageAuditLogTestJSON:setUpClass): 201 POST http://10.180.1.21/identity/v3/projects 0.027s
2025-03-11 18:38:01.965 68808 INFO tempest.lib.common.rest_client [req-2784397c-db74-4b46-acc3-b36e8e1bf09d req-2784397c-db74-4b46-acc3-b36e8e1bf09d ] Request (InstanceUsageAuditLogTestJSON:setUpClass): 201 POST http://10.180.1.21/identity/v3/users 0.051s
2025-03-11 18:38:01.985 68808 INFO tempest.lib.common.rest_client [req-311e0d14-a203-400d-9dea-2b44ac9403f4 req-311e0d14-a203-400d-9dea-2b44ac9403f4 ] Request (InstanceUsageAuditLogTestJSON:setUpClass): 200 GET http://10.180.1.21/identity/v3/roles 0.019s
2025-03-11 18:38:02.012 68808 INFO tempest.lib.common.rest_client [req-e8561ddf-de62-41fe-bbdc-5e002cea5f6a req-e8561ddf-de62-41fe-bbdc-5e002cea5f6a ] Request (InstanceUsageAuditLogTestJSON:setUpClass): 204 PUT http://10.180.1.21/identity/v3/projects/9d499880a024404caefa7769d873fde5/users/3f2ca2f8ebc44a34b11f384812c513f9/roles/671946a1235d4df5b9ff277ab0e4ab0b 0.026s
2025-03-11 18:38:02.012 68808 INFO tempest.lib.common.dynamic_creds [-] Dynamic test user 3f2ca2f8ebc44a34b11f384812c513f9 is created with scope project and roles: ['member']
2025-03-11 18:38:02.012 68808 INFO tempest.lib.common.dynamic_creds [-] Acquired dynamic creds: credentials: Credentials: {'domain_id': 'default', 'domain_name': 'Default', 'username': 'tempest-InstanceUsageAuditLogTestJSON-1777329-project-member', 'project_domain_id': 'default', 'project_domain_name': 'Default', 'project_id': '9d499880a024404caefa7769d873fde5', 'project_name': 'tempest-InstanceUsageAuditLogTestJSON-1777329', 'tenant_id': '9d499880a024404caefa7769d873fde5', 'tenant_name': 'tempest-InstanceUsageAuditLogTestJSON-1777329', 'user_domain_id': 'default', 'user_domain_name': 'Default', 'user_id': '3f2ca2f8ebc44a34b11f384812c513f9', 'system': None}, Network: None, Subnet: None, Router: None
2025-03-11 18:38:02.013 68808 INFO tempest.lib.common.dynamic_creds [-] Created isolated network resources for: credentials: Credentials: {'domain_id': 'default', 'domain_name': 'Default', 'username': 'tempest-InstanceUsageAuditLogTestJSON-1777329-project-member', 'project_domain_id': 'default', 'project_domain_name': 'Default', 'project_id': '9d499880a024404caefa7769d873fde5', 'project_name': 'tempest-InstanceUsageAuditLogTestJSON-1777329', 'tenant_id': '9d499880a024404caefa7769d873fde5', 'tenant_name': 'tempest-InstanceUsageAuditLogTestJSON-1777329', 'user_domain_id': 'default', 'user_domain_name': 'Default', 'user_id': '3f2ca2f8ebc44a34b11f384812c513f9', 'system': None}, Network: None, Subnet: None, Router: None
2025-03-11 18:38:02.120 68808 INFO tempest.lib.common.rest_client [req-b5260c6e-cb68-4f59-b95e-499b6af1b408 req-b5260c6e-cb68-4f59-b95e-499b6af1b408 ] Request (InstanceUsageAuditLogTestJSON:setUpClass): 201 POST http://10.180.1.21/identity/v3/auth/tokens 0.104s
2025-03-11 18:38:02.195 68808 INFO tempest.lib.common.rest_client [req-ca594768-fcf2-4437-96c1-ed44f045cf65 req-ca594768-fcf2-4437-96c1-ed44f045cf65 ] Request (InstanceUsageAuditLogTestJSON:setUpClass): 201 POST http://10.180.1.21/identity/v3/projects 0.074s
2025-03-11 18:38:02.299 68808 INFO tempest.lib.common.rest_client [req-e0b7a9eb-ecd3-428e-8375-8268150429de req-e0b7a9eb-ecd3-428e-8375-8268150429de ] Request (InstanceUsageAuditLogTestJSON:setUpClass): 201 POST http://10.180.1.21/identity/v3/users 0.103s
2025-03-11 18:38:02.349 68808 INFO tempest.lib.common.rest_client [req-e3419219-c5f7-4c2d-b8a9-2666bad7a26b req-e3419219-c5f7-4c2d-b8a9-2666bad7a26b ] Request (InstanceUsageAuditLogTestJSON:setUpClass): 200 GET http://10.180.1.21/identity/v3/roles 0.050s
2025-03-11 18:38:02.384 68808 INFO tempest.lib.common.rest_client [req-8c64ff5c-8423-4670-bfc4-dbf7c39525e1 req-8c64ff5c-8423-4670-bfc4-dbf7c39525e1 ] Request (InstanceUsageAuditLogTestJSON:setUpClass): 204 PUT http://10.180.1.21/identity/v3/projects/91dd48194d5145b782abc678c12d24f5/users/af3c145e9165423286f015dd79a80fe3/roles/fb8b210bc5104b1b91611cc9dbfe9707 0.034s
2025-03-11 18:38:02.394 68814 INFO tempest.lib.common.rest_client [req-1be432b1-a1be-49a3-bda6-eee29f60a868 req-1be432b1-a1be-49a3-bda6-eee29f60a868 ] Request (FloatingIPsTestJSON:test_delete_floating_ip): 200 POST http://10.180.1.21/compute/v2.1/os-floating-ips 4.849s
2025-03-11 18:38:02.460 68808 INFO tempest.lib.common.rest_client [req-e3bf9b0a-9393-4f9e-9a64-efb5a12ef446 req-e3bf9b0a-9393-4f9e-9a64-efb5a12ef446 ] Request (InstanceUsageAuditLogTestJSON:setUpClass): 200 GET http://10.180.1.21/identity/v3/roles 0.076s
2025-03-11 18:38:02.489 68782 INFO tempest.lib.common.rest_client [req-dc3305f0-c3ab-449a-9d88-0f25d6b6acef req-dc3305f0-c3ab-449a-9d88-0f25d6b6acef ] Request (ImagesNegativeTestJSON:setUpClass): 201 POST http://10.180.1.21:9696/networking/v2.0/networks 1.265s
2025-03-11 18:38:02.489 68808 INFO tempest.lib.common.rest_client [req-840ec2d5-9326-4ae4-9522-62957ae3dfcb req-840ec2d5-9326-4ae4-9522-62957ae3dfcb ] Request (InstanceUsageAuditLogTestJSON:setUpClass): 204 PUT http://10.180.1.21/identity/v3/projects/91dd48194d5145b782abc678c12d24f5/users/af3c145e9165423286f015dd79a80fe3/roles/fb8b210bc5104b1b91611cc9dbfe9707 0.029s
2025-03-11 18:38:02.489 68808 INFO tempest.lib.common.dynamic_creds [-] Dynamic test user af3c145e9165423286f015dd79a80fe3 is created with scope project and roles: ['admin']
2025-03-11 18:38:02.490 68808 INFO tempest.lib.common.dynamic_creds [-] Acquired dynamic creds: credentials: Credentials: {'domain_id': 'default', 'domain_name': 'Default', 'username': 'tempest-InstanceUsageAuditLogTestJSON-2013136782-project-admin', 'project_domain_id': 'default', 'project_domain_name': 'Default', 'project_id': '91dd48194d5145b782abc678c12d24f5', 'project_name': 'tempest-InstanceUsageAuditLogTestJSON-2013136782', 'tenant_id': '91dd48194d5145b782abc678c12d24f5', 'tenant_name': 'tempest-InstanceUsageAuditLogTestJSON-2013136782', 'user_domain_id': 'default', 'user_domain_name': 'Default', 'user_id': 'af3c145e9165423286f015dd79a80fe3', 'system': None}, Network: None, Subnet: None, Router: None
2025-03-11 18:38:02.490 68808 INFO tempest.lib.common.dynamic_creds [-] Created isolated network resources for: credentials: Credentials: {'domain_id': 'default', 'domain_name': 'Default', 'username': 'tempest-InstanceUsageAuditLogTestJSON-2013136782-project-admin', 'project_domain_id': 'default', 'project_domain_name': 'Default', 'project_id': '91dd48194d5145b782abc678c12d24f5', 'project_name': 'tempest-InstanceUsageAuditLogTestJSON-2013136782', 'tenant_id': '91dd48194d5145b782abc678c12d24f5', 'tenant_name': 'tempest-InstanceUsageAuditLogTestJSON-2013136782', 'user_domain_id': 'default', 'user_domain_name': 'Default', 'user_id': 'af3c145e9165423286f015dd79a80fe3', 'system': None}, Network: None, Subnet: None, Router: None
2025-03-11 18:38:02.579 68811 INFO tempest.lib.common.rest_client [req-e670e89f-05d4-48de-b9a8-ceaf5090af47 req-e670e89f-05d4-48de-b9a8-ceaf5090af47 ] Request (ServicesAdminNegativeV253TestJSON:tearDownClass): 200 GET http://10.180.1.21:9696/networking/v2.0/security-groups?tenant_id=7644bbf8ad1e4bee898a8a7666110eef&name=default 0.716s
2025-03-11 18:38:02.594 68808 INFO tempest.lib.common.rest_client [req-39dc99bc-22d2-41c6-8d99-43f649b77f27 req-39dc99bc-22d2-41c6-8d99-43f649b77f27 ] Request (InstanceUsageAuditLogTestJSON:setUpClass): 201 POST http://10.180.1.21/identity/v3/auth/tokens 0.102s
2025-03-11 18:38:02.619 68800 INFO tempest.lib.common.rest_client [req-da5aa477-9b8f-4295-971e-71bcb8a26552 req-da5aa477-9b8f-4295-971e-71bcb8a26552 ] Request (SecurityGroupRulesNegativeTestJSON:test_create_security_group_rule_with_invalid_from_port): 200 POST http://10.180.1.21/compute/v2.1/os-security-groups 3.162s
2025-03-11 18:38:02.838 68778 INFO tempest.lib.common.rest_client [req-361d2f07-3a93-48db-a109-a7a4093ae519 req-361d2f07-3a93-48db-a109-a7a4093ae519 ] Request (SecurityGroupsTestAdminJSON:test_list_security_groups_list_all_tenants_filter): 200 POST http://10.180.1.21/compute/v2.1/os-security-groups 3.361s
2025-03-11 18:38:02.946 68811 INFO tempest.lib.common.rest_client [req-4983540c-fe0c-4d71-83d0-11d73a0797d1 req-4983540c-fe0c-4d71-83d0-11d73a0797d1 ] Request (ServicesAdminNegativeV253TestJSON:tearDownClass): 204 DELETE http://10.180.1.21:9696/networking/v2.0/security-groups/9e690df5-f3d5-4b87-b6df-4cc30bb1b0c8 0.366s
2025-03-11 18:38:02.975 68788 INFO tempest.lib.common.rest_client [req-06eefa33-9be0-4076-a090-ed31b6610c8c req-06eefa33-9be0-4076-a090-ed31b6610c8c ] Request (ServersWithSpecificFlavorTestJSON:test_verify_created_server_ephemeral_disk): 200 GET http://10.180.1.21/compute/v2.1/flavors/42 3.328s
2025-03-11 18:38:02.990 68766 INFO tempest.lib.common.rest_client [req-cef878da-4099-4ca8-8f09-f4ca1c85d402 req-cef878da-4099-4ca8-8f09-f4ca1c85d402 ] Request (ServersAdminNegativeTestJSON:setUpClass): 200 GET http://10.180.1.21/compute/v2.1/servers/0484ccee-f003-4101-87c5-fed92f095d2d 3.410s
2025-03-11 18:38:03.092 68811 INFO tempest.lib.common.rest_client [req-180d8995-9dbf-4dd6-bae8-fa519dbd7bbc req-180d8995-9dbf-4dd6-bae8-fa519dbd7bbc ] Request (ServicesAdminNegativeV253TestJSON:tearDownClass): 204 DELETE http://10.180.1.21/identity/v3/projects/7644bbf8ad1e4bee898a8a7666110eef 0.145s
2025-03-11 18:38:03.092 68811 INFO tempest.lib.common.dynamic_creds [-] Deleting project and security group for project: fcfbef306ed14476916880117bcd6e26
2025-03-11 18:38:03.292 68782 INFO tempest.lib.common.rest_client [req-d456c9b4-f881-4768-885e-3eef5c4a67b4 req-d456c9b4-f881-4768-885e-3eef5c4a67b4 ] Request (ImagesNegativeTestJSON:setUpClass): 201 POST http://10.180.1.21:9696/networking/v2.0/subnets 0.802s
2025-03-11 18:38:03.468 68758 INFO tempest.lib.common.rest_client [req-350cd5a8-7592-47f7-a656-caf721b14f6f req-350cd5a8-7592-47f7-a656-caf721b14f6f ] Request (MigrationsAdminTest:test_list_migrations_in_flavor_resize_situation): 202 POST http://10.180.1.21/compute/v2.1/servers 3.754s
2025-03-11 18:38:03.473 68811 INFO tempest.lib.common.rest_client [req-d808dd4a-dc52-4261-bd72-12071590fb6f req-d808dd4a-dc52-4261-bd72-12071590fb6f ] Request (ServicesAdminNegativeV253TestJSON:tearDownClass): 200 GET http://10.180.1.21:9696/networking/v2.0/security-groups?tenant_id=fcfbef306ed14476916880117bcd6e26&name=default 0.380s
2025-03-11 18:38:03.925 68807 INFO tempest.lib.common.rest_client [req-c6b0b93e-8cd4-482c-8e19-be6c5cd85d9a req-c6b0b93e-8cd4-482c-8e19-be6c5cd85d9a ] Request (VolumesAdminNegativeTest:setUpClass): 201 POST http://10.180.1.21:9696/networking/v2.0/routers 3.099s
2025-03-11 18:38:04.001 68756 INFO tempest.lib.common.rest_client [req-547de0c1-86ec-43ab-a27e-d66695e55b93 req-547de0c1-86ec-43ab-a27e-d66695e55b93 ] Request (AttachInterfacesTestJSON:test_create_list_show_delete_interfaces_by_fixed_ip): 200 GET http://10.180.1.21/compute/v2.1/servers/27c18765-38cf-41d6-9139-9acffa94fbe6 4.101s
2025-03-11 18:38:04.011 68756 INFO tempest.common.waiters [-] State transition "BUILD/None" ==> "BUILD/spawning" after 14 second wait
2025-03-11 18:38:04.012 68774 INFO tempest.lib.common.rest_client [req-532988dc-7dba-46e0-b923-d0b76a6cc7c0 req-532988dc-7dba-46e0-b923-d0b76a6cc7c0 ] Request (HostsAdminNegativeTestJSON:test_update_host_with_invalid_maintenance_mode): 400 PUT http://10.180.1.21/compute/v2.1/os-hosts/devstack 4.082s
2025-03-11 18:38:04.030 68811 INFO tempest.lib.common.rest_client [req-632daeb8-7bb0-47c6-842c-b97f37213881 req-632daeb8-7bb0-47c6-842c-b97f37213881 ] Request (ServicesAdminNegativeV253TestJSON:tearDownClass): 204 DELETE http://10.180.1.21:9696/networking/v2.0/security-groups/0459293b-53b2-4999-bc42-588239fb2252 0.556s
2025-03-11 18:38:04.037 68764 INFO tempest.lib.common.rest_client [req-0594db10-010a-4077-9d28-bf39d469d9b1 req-0594db10-010a-4077-9d28-bf39d469d9b1 ] Request (FlavorsAdminTestJSON:test_create_flavor_with_none_id): 200 POST http://10.180.1.21/compute/v2.1/flavors 4.068s
2025-03-11 18:38:04.074 68794 INFO tempest.lib.common.rest_client [req-0b1b4a2f-d685-4232-8c78-cfcf303feedc req-0b1b4a2f-d685-4232-8c78-cfcf303feedc ] Request (AggregatesAdminNegativeTestJSON:test_aggregate_add_non_exist_host): 200 POST http://10.180.1.21/compute/v2.1/os-aggregates 3.442s
2025-03-11 18:38:04.103 68792 INFO tempest.lib.common.rest_client [req-5aa60823-b4ba-4835-ac6b-8d79271d292d req-5aa60823-b4ba-4835-ac6b-8d79271d292d ] Request (KeyPairsV2TestJSON:_run_cleanups): 202 DELETE http://10.180.1.21/compute/v2.1/os-keypairs/tempest-keypair-2001328282 3.431s
2025-03-11 18:38:04.128 68805 INFO tempest.lib.common.rest_client [req-af754ee0-dca7-4a82-a2d7-17e9e63a70fd req-af754ee0-dca7-4a82-a2d7-17e9e63a70fd ] Request (FlavorsV2TestJSON:test_list_flavors_filter_by_min_ram): 200 GET http://10.180.1.21/compute/v2.1/flavors/42 3.425s
2025-03-11 18:38:04.166 68802 INFO tempest.lib.common.rest_client [req-687de7f7-10dc-4926-be6f-cd1feda4a23e req-687de7f7-10dc-4926-be6f-cd1feda4a23e ] Request (FlavorsExtraSpecsNegativeTestJSON:tearDownClass): 202 DELETE http://10.180.1.21/compute/v2.1/flavors/1386298215 3.460s
2025-03-11 18:38:04.180 68762 INFO tempest.lib.common.rest_client [req-6da98c8b-8e76-4169-88b3-511a086de16a req-6da98c8b-8e76-4169-88b3-511a086de16a ] Request (VolumesAssistedSnapshotsTest:test_volume_assisted_snapshot_create_delete): 202 POST http://10.180.1.21/compute/v2.1/servers 4.359s
2025-03-11 18:38:04.195 68770 INFO tempest.lib.common.rest_client [req-334f33aa-e103-4043-9a78-cd2cae5fb7cc req-334f33aa-e103-4043-9a78-cd2cae5fb7cc ] Request (FlavorsAccessNegativeTestJSON:_run_cleanups): 200 GET http://10.180.1.21/compute/v2.1/flavors/detail 3.475s
2025-03-11 18:38:04.212 68811 INFO tempest.lib.common.rest_client [req-d365e409-0027-4b02-a24b-bd9531c9227e req-d365e409-0027-4b02-a24b-bd9531c9227e ] Request (ServicesAdminNegativeV253TestJSON:tearDownClass): 204 DELETE http://10.180.1.21/identity/v3/projects/fcfbef306ed14476916880117bcd6e26 0.181s
2025-03-11 18:38:04.312 68811 INFO tempest.lib.common.rest_client [req-3bc5c659-2747-417f-b732-b0d5eed81bff req-3bc5c659-2747-417f-b732-b0d5eed81bff ] Request (ServerDiskConfigTestJSON:setUpClass): 201 POST http://10.180.1.21/identity/v3/auth/tokens 0.098s
2025-03-11 18:38:04.313 68812 INFO tempest.lib.common.rest_client [req-422970b8-55dd-431b-aff5-fd08b613f576 req-422970b8-55dd-431b-aff5-fd08b613f576 ] Request (ServerTagsTestJSON:setUpClass): 201 POST http://10.180.1.21:9696/networking/v2.0/routers 2.746s
2025-03-11 18:38:04.365 68811 INFO tempest.lib.common.rest_client [req-c700ac97-55b9-4f77-8db7-963b6e427dce req-c700ac97-55b9-4f77-8db7-963b6e427dce ] Request (ServerDiskConfigTestJSON:setUpClass): 201 POST http://10.180.1.21/identity/v3/auth/tokens 0.051s
2025-03-11 18:38:04.402 68811 INFO tempest.lib.common.rest_client [req-634377c2-c08b-4116-a429-1dd1ac424ba6 req-634377c2-c08b-4116-a429-1dd1ac424ba6 ] Request (ServerDiskConfigTestJSON:setUpClass): 200 GET http://10.180.1.21/identity/v3/domains?name=Default 0.036s
2025-03-11 18:38:04.431 68784 INFO tempest.lib.common.rest_client [req-03a684f2-794c-4ff6-9f21-d48066fded7f req-03a684f2-794c-4ff6-9f21-d48066fded7f ] Request (ServerDiagnosticsNegativeTest:test_get_server_diagnostics_by_non_admin): 200 GET http://10.180.1.21/compute/v2.1/servers/180f77ab-e468-410d-8e41-20291487ef5d 3.586s
2025-03-11 18:38:04.434 68818 INFO tempest.lib.common.rest_client [req-e53b6c04-31d2-4fc0-af7b-d01e36dbb5d0 req-e53b6c04-31d2-4fc0-af7b-d01e36dbb5d0 ] Request (ServerDiagnosticsTest:test_get_server_diagnostics): 200 GET http://10.180.1.21/compute/v2.1/servers/ddaeb82e-bbf7-430a-bcc8-5b1f70b4d236 3.511s
2025-03-11 18:38:04.448 68811 INFO tempest.lib.common.rest_client [req-74fcd1fa-6a6c-4419-b262-8332c874eb15 req-74fcd1fa-6a6c-4419-b262-8332c874eb15 ] Request (ServerDiskConfigTestJSON:setUpClass): 201 POST http://10.180.1.21/identity/v3/projects 0.045s
2025-03-11 18:38:04.515 68811 INFO tempest.lib.common.rest_client [req-faac8d22-2f9f-4fa9-98d5-9b25f0d6c289 req-faac8d22-2f9f-4fa9-98d5-9b25f0d6c289 ] Request (ServerDiskConfigTestJSON:setUpClass): 201 POST http://10.180.1.21/identity/v3/users 0.066s
2025-03-11 18:38:04.537 68811 INFO tempest.lib.common.rest_client [req-bbd62a39-5730-43e8-83e1-068e96a29460 req-bbd62a39-5730-43e8-83e1-068e96a29460 ] Request (ServerDiskConfigTestJSON:setUpClass): 200 GET http://10.180.1.21/identity/v3/roles 0.022s
2025-03-11 18:38:04.564 68811 INFO tempest.lib.common.rest_client [req-7e082fa4-f0a0-4420-8936-9ac525b3fdfc req-7e082fa4-f0a0-4420-8936-9ac525b3fdfc ] Request (ServerDiskConfigTestJSON:setUpClass): 204 PUT http://10.180.1.21/identity/v3/projects/a36ec823128647758ca8047a5ebf1ae1/users/a0e66fd345044e92857d742c65f537ac/roles/671946a1235d4df5b9ff277ab0e4ab0b 0.026s
2025-03-11 18:38:04.564 68811 INFO tempest.lib.common.dynamic_creds [-] Dynamic test user a0e66fd345044e92857d742c65f537ac is created with scope project and roles: ['member']
2025-03-11 18:38:04.565 68811 INFO tempest.lib.common.dynamic_creds [-] Acquired dynamic creds: credentials: Credentials: {'domain_id': 'default', 'domain_name': 'Default', 'username': 'tempest-ServerDiskConfigTestJSON-1875337862-project-member', 'project_domain_id': 'default', 'project_domain_name': 'Default', 'project_id': 'a36ec823128647758ca8047a5ebf1ae1', 'project_name': 'tempest-ServerDiskConfigTestJSON-1875337862', 'tenant_id': 'a36ec823128647758ca8047a5ebf1ae1', 'tenant_name': 'tempest-ServerDiskConfigTestJSON-1875337862', 'user_domain_id': 'default', 'user_domain_name': 'Default', 'user_id': 'a0e66fd345044e92857d742c65f537ac', 'system': None}, Network: None, Subnet: None, Router: None
2025-03-11 18:38:04.571 68780 INFO tempest.lib.common.rest_client [req-14e7ab35-a7fe-45dc-a4a6-303ce8309bc5 req-14e7ab35-a7fe-45dc-a4a6-303ce8309bc5 ] Request (QuotasAdminNegativeTest:test_create_server_when_instances_quota_is_full): 200 GET http://10.180.1.21/compute/v2.1/os-quota-sets/5a67ea1011914a9ab58623026330f742 3.634s
2025-03-11 18:38:04.604 68798 INFO tempest.lib.common.rest_client [req-e4973e95-1f64-4ea7-ba80-47a71568ad7a req-e4973e95-1f64-4ea7-ba80-47a71568ad7a ] Request (QuotaClassesAdminTestJSON:test_update_default_quotas): 200 PUT http://10.180.1.21/compute/v2.1/os-quota-class-sets/default 3.548s
2025-03-11 18:38:04.645 68811 INFO tempest.lib.common.rest_client [req-7384218b-424c-460b-8fc9-040daed65bdf req-7384218b-424c-460b-8fc9-040daed65bdf ] Request (ServerDiskConfigTestJSON:setUpClass): 201 POST http://10.180.1.21/identity/v3/auth/tokens 0.079s
2025-03-11 18:38:04.794 68796 INFO tempest.lib.common.rest_client [req-58af6314-f49c-49ff-bb76-c5ff6bf12550 req-58af6314-f49c-49ff-bb76-c5ff6bf12550 ] Request (SecurityGroupsTestJSON:test_list_security_groups_by_server): 200 GET http://10.180.1.21/compute/v2.1/servers/45595615-59c0-4c59-b18c-b49a3126dbb7 3.465s
2025-03-11 18:38:04.828 68760 INFO tempest.lib.common.rest_client [req-957b71be-5532-42a9-8e92-37e3e1a20c82 req-957b71be-5532-42a9-8e92-37e3e1a20c82 ] Request (ImagesMetadataTestJSON:test_delete_image_metadata_item): 200 GET http://10.180.1.21/compute/v2.1/images/5c355635-aa5b-4029-80c0-0466dab92e17/metadata 3.440s
