2025-03-11 18:38:43.592 68788 INFO tempest.lib.common.rest_client [req-c1e5c6c3-1c4d-4b59-a516-e8f63c697f35 req-c1e5c6c3-1c4d-4b59-a516-e8f63c697f35 ] Request (ServersWithSpecificFlavorTestJSON:test_verify_created_server_ephemeral_disk): 200 GET http://10.180.1.21/compute/v2.1/servers/c74569b8-dfc9-4a74-9d25-74b484bd9477 1.921s
2025-03-11 18:38:43.619 68768 INFO tempest.lib.common.rest_client [req-4e08b125-cd7d-48ba-8a3a-1a4e00a2b08a req-4e08b125-cd7d-48ba-8a3a-1a4e00a2b08a ] Request (ServersAdminTestJSON:setUpClass): 200 GET http://10.180.1.21/compute/v2.1/servers/d5db3112-88c7-43af-a434-b91ca69f8559 1.895s
2025-03-11 18:38:43.657 68778 INFO tempest.lib.common.rest_client [req-7cb3f5e0-34df-4f1f-bb87-e7254e075f5a req-7cb3f5e0-34df-4f1f-bb87-e7254e075f5a ] Request (MultipleCreateTestJSON:test_multiple_create): 200 GET http://10.180.1.21/compute/v2.1/servers/1841dcd4-c231-4c6d-aa2f-5ce3cbb2b530 1.862s
2025-03-11 18:38:43.664 68778 INFO tempest.common.waiters [-] State transition "BUILD/scheduling" ==> "BUILD/None" after 6 second wait
2025-03-11 18:38:43.718 68770 INFO tempest.lib.common.rest_client [req-4af69a6f-d27b-4de9-9210-195a4f0fe148 req-4af69a6f-d27b-4de9-9210-195a4f0fe148 ] Request (FlavorMetadataValidation:test_flavor_update_with_custom_namespace): 200 POST http://10.180.1.21/compute/v2.1/flavors/611708003/os-extra_specs 1.907s
2025-03-11 18:38:43.733 68786 INFO tempest.lib.common.rest_client [req-aff299c3-9265-4cc3-a2db-70b7be05b96f req-aff299c3-9265-4cc3-a2db-70b7be05b96f ] Request (ServersAdmin275Test:test_rebuild_update_server_275): 200 GET http://10.180.1.21/compute/v2.1/servers/5435b4d8-46c3-43e3-b11b-cbeb580e2f36 1.840s
2025-03-11 18:38:43.764 68798 INFO tempest.lib.common.rest_client [req-ee6a3699-03ab-4bd9-a245-9d89dace42ed req-ee6a3699-03ab-4bd9-a245-9d89dace42ed ] Request (SecurityGroupRulesTestJSON:test_security_group_rules_delete_when_peer_group_deleted): 200 GET http://10.180.1.21/compute/v2.1/os-security-groups/40c39373-f713-4e40-a9d8-384a009f8aa2 1.810s
2025-03-11 18:38:43.768 68794 INFO tempest.lib.common.rest_client [req-45bb8223-bd6d-4450-b6a4-2c2e25ec3faa req-45bb8223-bd6d-4450-b6a4-2c2e25ec3faa ] Request (AggregatesAdminNegativeTestJSON:test_aggregate_remove_host_as_user): 200 POST http://10.180.1.21/compute/v2.1/os-aggregates 1.715s
2025-03-11 18:38:43.777 68780 INFO tempest.lib.common.rest_client [req-24984078-db0a-4494-b019-8281cba889b5 req-24984078-db0a-4494-b019-8281cba889b5 ] Request (FloatingIPDetailsNegativeTestJSON:tearDownClass): 200 PUT http://10.180.1.21:9696/networking/v2.0/routers/dc8f947e-3826-4cb9-a6c5-4d4a0c63cfbd/remove_router_interface 1.734s
2025-03-11 18:38:43.811 68790 INFO tempest.lib.common.rest_client [req-b1d4cec7-c43c-40c0-ae2c-f8497e10325f req-b1d4cec7-c43c-40c0-ae2c-f8497e10325f ] Request (ImagesTestJSON:test_create_image_from_stopped_server): 200 GET http://10.180.1.21/compute/v2.1/images/d893745e-cd23-4869-b546-69f9b690cc74 1.599s
2025-03-11 18:38:43.875 68782 INFO tempest.lib.common.rest_client [req-941fa247-2c38-4a66-9c30-3f173b1c0ec8 req-941fa247-2c38-4a66-9c30-3f173b1c0ec8 ] Request (ImagesNegativeTestJSON:test_create_image_from_deleted_server): 200 GET http://10.180.1.21/compute/v2.1/servers/1537e626-f2ec-4b5d-bcba-50cd583dff31 1.563s
2025-03-11 18:38:43.955 68811 INFO tempest.lib.common.rest_client [req-4d07ae76-94a3-4a00-8226-a127e2d8b4b8 req-4d07ae76-94a3-4a00-8226-a127e2d8b4b8 ] Request (ServerDiskConfigTestJSON:test_rebuild_server_with_auto_disk_config): 202 POST http://10.180.1.21/compute/v2.1/servers/f517b14c-320f-4a6e-ae74-f2335e22f7a4/action 1.857s
2025-03-11 18:38:43.975 68758 INFO tempest.lib.common.rest_client [req-8ddc621e-33e1-4886-aacb-faf4f29733d7 req-8ddc621e-33e1-4886-aacb-faf4f29733d7 ] Request (MigrationsAdminTest:test_list_migrations_in_flavor_resize_situation): 200 GET http://10.180.1.21/compute/v2.1/servers/1186da93-57aa-40f4-8aae-702d039844d4 1.389s
2025-03-11 18:38:44.006 68816 INFO tempest.lib.common.rest_client [req-ad97786f-0e85-45d8-8783-136741a155b9 req-ad97786f-0e85-45d8-8783-136741a155b9 ] Request (InstanceActionsTestJSON:tearDownClass): 200 GET http://10.180.1.21/compute/v2.1/servers/ce8fd88b-249b-4fee-80fc-35b795d24658 1.101s
2025-03-11 18:38:44.028 68772 INFO tempest.lib.common.rest_client [req-c3a6ba70-90b9-449f-8aeb-2530f518d7f1 req-c3a6ba70-90b9-449f-8aeb-2530f518d7f1 ] Request (DeleteServersAdminTestJSON:test_delete_server_while_in_error_state): 200 GET http://10.180.1.21/compute/v2.1/servers/aa39767e-1ae7-4881-b0a8-e7b66e1ceed2 1.057s
2025-03-11 18:38:44.066 68792 INFO tempest.lib.common.rest_client [req-3bf40302-95cd-4697-8b46-07c3630b4655 req-3bf40302-95cd-4697-8b46-07c3630b4655 ] Request (KeyPairsV22TestJSON:test_keypairs_create_list_delete): 201 POST http://10.180.1.21/compute/v2.1/os-keypairs 0.894s
2025-03-11 18:38:44.179 68805 INFO tempest.lib.common.rest_client [req-206945de-04b3-4b94-bb75-7ca716e0b4d8 req-206945de-04b3-4b94-bb75-7ca716e0b4d8 ] Request (FloatingIPDetailsTestJSON:test_list_floating_ips): 200 GET http://10.180.1.21/compute/v2.1/os-floating-ips 0.988s
2025-03-11 18:38:44.312 68818 INFO tempest.lib.common.rest_client [req-72fda288-b079-4fe7-a2b1-fd4f5ddd69f3 req-72fda288-b079-4fe7-a2b1-fd4f5ddd69f3 ] Request (FloatingIPsAssociationTestJSON:setUpClass): 200 PUT http://10.180.1.21:9696/networking/v2.0/routers/ab4f8599-ecd4-46c9-9b1e-d39421f6b889/add_router_interface 1.136s
2025-03-11 18:38:44.312 68818 INFO tempest.lib.common.dynamic_creds [-] Created isolated network resources for: credentials: Credentials: {'domain_id': 'default', 'domain_name': 'Default', 'username': 'tempest-FloatingIPsAssociationTestJSON-418697059-project-member', 'project_domain_id': 'default', 'project_domain_name': 'Default', 'project_id': '3ab0cdca3a7f4d0f8f41a2fe4f6e3d3b', 'project_name': 'tempest-FloatingIPsAssociationTestJSON-418697059', 'tenant_id': '3ab0cdca3a7f4d0f8f41a2fe4f6e3d3b', 'tenant_name': 'tempest-FloatingIPsAssociationTestJSON-418697059', 'user_domain_id': 'default', 'user_domain_name': 'Default', 'user_id': '9cb5c1cd965a4825aa6c7727a5ccd481', 'system': None}, Network: {'id': '68df424b-467c-4562-95aa-2c91302fe5da', 'name': 'tempest-FloatingIPsAssociationTestJSON-1005576802-network', 'tenant_id': '3ab0cdca3a7f4d0f8f41a2fe4f6e3d3b', 'admin_state_up': True, 'mtu': 8950, 'status': 'ACTIVE', 'subnets': [], 'shared': False, 'project_id': '3ab0cdca3a7f4d0f8f41a2fe4f6e3d3b', 'port_security_enabled': True, 'router:external': False, 'provider:network_type': 'vlan', 'provider:physical_network': 'default', 'provider:segmentation_id': 758, 'availability_zone_hints': [], 'availability_zones': [], 'ipv4_address_scope': None, 'ipv6_address_scope': None, 'description': '', 'tags': [], 'created_at': '2025-03-11T18:38:41Z', 'updated_at': '2025-03-11T18:38:41Z', 'revision_number': 1}, Subnet: {'id': '6f8a8208-8d91-4a02-aba8-10a190428640', 'name': 'tempest-FloatingIPsAssociationTestJSON-1005576802-subnet', 'tenant_id': '3ab0cdca3a7f4d0f8f41a2fe4f6e3d3b', 'network_id': '68df424b-467c-4562-95aa-2c91302fe5da', 'ip_version': 4, 'subnetpool_id': None, 'enable_dhcp': True, 'ipv6_ra_mode': None, 'ipv6_address_mode': None, 'gateway_ip': '192.168.128.1', 'cidr': '192.168.128.0/28', 'allocation_pools': [{'start': '192.168.128.2', 'end': '192.168.128.14'}], 'host_routes': [], 'dns_nameservers': [], 'description': '', 'router:external': False, 'service_types': [], 'tags': [], 'created_at': '2025-03-11T18:38:41Z', 'updated_at': '2025-03-11T18:38:41Z', 'revision_number': 0, 'project_id': '3ab0cdca3a7f4d0f8f41a2fe4f6e3d3b'}, Router: {'id': 'ab4f8599-ecd4-46c9-9b1e-d39421f6b889', 'name': 'tempest-FloatingIPsAssociationTestJSON-1005576802-router', 'tenant_id': '3ab0cdca3a7f4d0f8f41a2fe4f6e3d3b', 'admin_state_up': True, 'status': 'ACTIVE', 'external_gateway_info': {'network_id': '6ac90a48-13df-46c2-ab9b-d7cd8599ec23', 'external_fixed_ips': [{'subnet_id': '1ca821a3-75a6-4d36-b0af-6763cb3e5f55', 'ip_address': '10.180.180.232'}], 'enable_snat': True}, 'description': '', 'availability_zones': [], 'distributed': False, 'ha': False, 'availability_zone_hints': [], 'routes': [], 'flavor_id': None, 'tags': [], 'created_at': '2025-03-11T18:38:42Z', 'updated_at': '2025-03-11T18:38:42Z', 'revision_number': 2, 'project_id': '3ab0cdca3a7f4d0f8f41a2fe4f6e3d3b'}
2025-03-11 18:38:44.312 68812 INFO tempest.lib.common.rest_client [req-a96eb18f-8d10-4845-9fb5-9d8c734ed79c req-a96eb18f-8d10-4845-9fb5-9d8c734ed79c ] Request (ServerTagsTestJSON:test_create_delete_tag): 204 DELETE http://10.180.1.21/compute/v2.1/servers/0649ee2f-cd90-4597-b7c4-09f2acaf3f54/tags/tempest-tag-717403367 1.113s
2025-03-11 18:38:44.350 68760 INFO tempest.lib.common.rest_client [req-2120afa0-8031-40f8-89ce-287439bdc0e7 req-2120afa0-8031-40f8-89ce-287439bdc0e7 ] Request (ListServerFiltersTestJSON:setUpClass): 202 POST http://10.180.1.21/compute/v2.1/servers 1.342s
2025-03-11 18:38:44.407 68818 INFO tempest.lib.common.rest_client [req-f66a4185-9cc1-4579-8b76-39c4d0ea5c38 req-f66a4185-9cc1-4579-8b76-39c4d0ea5c38 ] Request (FloatingIPsAssociationTestJSON:setUpClass): 201 POST http://10.180.1.21/identity/v3/auth/tokens 0.091s
2025-03-11 18:38:44.458 68818 INFO tempest.lib.common.rest_client [req-9e7d2cc7-f310-43b7-87a4-c9c63ac0e399 req-9e7d2cc7-f310-43b7-87a4-c9c63ac0e399 ] Request (FloatingIPsAssociationTestJSON:setUpClass): 201 POST http://10.180.1.21/identity/v3/auth/tokens 0.046s
2025-03-11 18:38:44.458 68818 INFO tempest.lib.common.fixed_network [-] (FloatingIPsAssociationTestJSON:setUpClass) Found network {'id': '68df424b-467c-4562-95aa-2c91302fe5da', 'name': 'tempest-FloatingIPsAssociationTestJSON-1005576802-network', 'tenant_id': '3ab0cdca3a7f4d0f8f41a2fe4f6e3d3b', 'admin_state_up': True, 'mtu': 8950, 'status': 'ACTIVE', 'subnets': [], 'shared': False, 'project_id': '3ab0cdca3a7f4d0f8f41a2fe4f6e3d3b', 'port_security_enabled': True, 'router:external': False, 'provider:network_type': 'vlan', 'provider:physical_network': 'default', 'provider:segmentation_id': 758, 'availability_zone_hints': [], 'availability_zones': [], 'ipv4_address_scope': None, 'ipv6_address_scope': None, 'description': '', 'tags': [], 'created_at': '2025-03-11T18:38:41Z', 'updated_at': '2025-03-11T18:38:41Z', 'revision_number': 1} available for tenant
2025-03-11 18:38:44.467 68800 INFO tempest.lib.common.rest_client [req-48178908-0095-48dc-98d7-1a4bec4b8820 req-48178908-0095-48dc-98d7-1a4bec4b8820 ] Request (AZV2TestJSON:test_get_availability_zone_list_with_non_admin_user): 200 GET http://10.180.1.21/compute/v2.1/os-availability-zone 1.051s
2025-03-11 18:38:44.471 68780 INFO tempest.lib.common.rest_client [req-16eeb56d-2458-4c88-8333-a68b5d8e9c6c req-16eeb56d-2458-4c88-8333-a68b5d8e9c6c ] Request (FloatingIPDetailsNegativeTestJSON:tearDownClass): 204 DELETE http://10.180.1.21:9696/networking/v2.0/routers/dc8f947e-3826-4cb9-a6c5-4d4a0c63cfbd 0.694s
2025-03-11 18:38:44.473 68766 INFO tempest.lib.common.rest_client [req-89a6ac87-0b31-4eb6-a113-1eeb08549687 req-89a6ac87-0b31-4eb6-a113-1eeb08549687 ] Request (ServersAdminNegativeTestJSON:test_reset_state_server_invalid_type): 400 POST http://10.180.1.21/compute/v2.1/servers/0484ccee-f003-4101-87c5-fed92f095d2d/action 0.927s
2025-03-11 18:38:44.496 68764 INFO tempest.lib.common.rest_client [req-8e7a68a1-2061-4cf8-81e0-1ac1157aa8a7 req-8e7a68a1-2061-4cf8-81e0-1ac1157aa8a7 ] Request (FlavorsAdminTestJSON:test_is_public_string_variations): 200 GET http://10.180.1.21/compute/v2.1/flavors/detail?is_public=no 0.929s
2025-03-11 18:38:44.517 68770 INFO tempest.lib.common.rest_client [req-16d2d796-0fb0-48a8-a234-9789f07c0efb req-16d2d796-0fb0-48a8-a234-9789f07c0efb ] Request (FlavorMetadataValidation:_run_cleanups): 202 DELETE http://10.180.1.21/compute/v2.1/flavors/611708003 0.797s
2025-03-11 18:38:44.562 68796 INFO tempest.lib.common.rest_client [req-233f132f-bc53-41db-b48f-6138b65ca58d req-233f132f-bc53-41db-b48f-6138b65ca58d ] Request (SecurityGroupsTestJSON:test_security_groups_create_list_delete): 202 DELETE http://10.180.1.21/compute/v2.1/os-security-groups/951fd053-7387-4e61-83b8-afe76c724fff 1.091s
2025-03-11 18:38:44.621 68800 INFO tempest.lib.common.rest_client [req-93a3c6fc-d2e2-4ba7-bbcb-13c76ef7c380 req-93a3c6fc-d2e2-4ba7-bbcb-13c76ef7c380 ] Request (AZV2TestJSON:tearDownClass): 204 DELETE http://10.180.1.21/identity/v3/users/c5a710b9c6ee4efb8c1d29b35dd53d73 0.149s
2025-03-11 18:38:44.621 68800 INFO tempest.lib.common.dynamic_creds [-] Deleting project and security group for project: c673000f04f34782beb5b867e8b6e7a9
2025-03-11 18:38:44.640 68780 INFO tempest.lib.common.rest_client [req-067026d6-c2c8-4b74-a0e8-af463f714e1b req-067026d6-c2c8-4b74-a0e8-af463f714e1b ] Request (FloatingIPDetailsNegativeTestJSON:tearDownClass): 204 DELETE http://10.180.1.21:9696/networking/v2.0/subnets/93ceacf7-1c16-450d-9952-3000e2553643 0.168s
2025-03-11 18:38:44.709 68800 INFO tempest.lib.common.rest_client [req-5030966c-c255-43a8-a42e-24d5546d5fea req-5030966c-c255-43a8-a42e-24d5546d5fea ] Request (AZV2TestJSON:tearDownClass): 201 POST http://10.180.1.21/identity/v3/auth/tokens 0.088s
2025-03-11 18:38:44.768 68798 INFO tempest.lib.common.rest_client [req-3ad08097-ac5d-491e-8b06-7e5250a921fd req-3ad08097-ac5d-491e-8b06-7e5250a921fd ] Request (SecurityGroupRulesTestJSON:test_security_group_rules_list): 200 POST http://10.180.1.21/compute/v2.1/os-security-groups 1.000s
2025-03-11 18:38:44.822 68780 INFO tempest.lib.common.rest_client [req-297ef76d-6381-4372-9937-16f3f74cd9f1 req-297ef76d-6381-4372-9937-16f3f74cd9f1 ] Request (FloatingIPDetailsNegativeTestJSON:tearDownClass): 204 DELETE http://10.180.1.21:9696/networking/v2.0/networks/b2f7ffd6-2259-4428-8573-4e4e6f32e1d9 0.181s
2025-03-11 18:38:44.941 68800 INFO tempest.lib.common.rest_client [req-042f1e43-72c4-4e8d-8de5-45477bfab519 req-042f1e43-72c4-4e8d-8de5-45477bfab519 ] Request (AZV2TestJSON:tearDownClass): 200 GET http://10.180.1.21:9696/networking/v2.0/security-groups?tenant_id=c673000f04f34782beb5b867e8b6e7a9&name=default 0.232s
2025-03-11 18:38:44.949 68811 INFO tempest.lib.common.rest_client [req-954c287e-bf82-4586-974d-6727d5086c0d req-954c287e-bf82-4586-974d-6727d5086c0d ] Request (ServerDiskConfigTestJSON:test_rebuild_server_with_auto_disk_config): 200 GET http://10.180.1.21/compute/v2.1/servers/f517b14c-320f-4a6e-ae74-f2335e22f7a4 0.987s
2025-03-11 18:38:44.979 68780 INFO tempest.lib.common.rest_client [req-31ad8d15-7671-4289-a52e-89f0e1dd4f32 req-31ad8d15-7671-4289-a52e-89f0e1dd4f32 ] Request (FloatingIPDetailsNegativeTestJSON:tearDownClass): 204 DELETE http://10.180.1.21/identity/v3/users/2492716a233d423285c0ea850b2e7735 0.156s
2025-03-11 18:38:44.979 68780 INFO tempest.lib.common.dynamic_creds [-] Deleting project and security group for project: 9f8c8313e38f4f938b6e8749ed0f3541
2025-03-11 18:38:45.018 68780 INFO tempest.lib.common.rest_client [req-d781691b-0c78-47e5-a40a-30f3520c8677 req-d781691b-0c78-47e5-a40a-30f3520c8677 ] Request (FloatingIPDetailsNegativeTestJSON:tearDownClass): 200 GET http://10.180.1.21:9696/networking/v2.0/security-groups?tenant_id=9f8c8313e38f4f938b6e8749ed0f3541&name=default 0.039s
2025-03-11 18:38:45.048 68774 INFO tempest.lib.common.rest_client [req-41aaf140-ac2e-4a32-a3c9-091ab036844e req-41aaf140-ac2e-4a32-a3c9-091ab036844e ] Request (ServersV294TestFqdnHostnames:setUpClass): 200 GET http://10.180.1.21/compute/v2.1/servers/b92efa60-ef18-4578-b00d-6a2438e7eacf 1.008s
2025-03-11 18:38:45.066 68792 INFO tempest.lib.common.rest_client [req-44d539ec-a07f-444f-a06a-43a96608bad0 req-44d539ec-a07f-444f-a06a-43a96608bad0 ] Request (KeyPairsV22TestJSON:test_keypairs_create_list_delete): 200 GET http://10.180.1.21/compute/v2.1/os-keypairs 0.999s
2025-03-11 18:38:45.133 68780 INFO tempest.lib.common.rest_client [req-e1576ab5-e112-4ba0-bb0a-4d217460b085 req-e1576ab5-e112-4ba0-bb0a-4d217460b085 ] Request (FloatingIPDetailsNegativeTestJSON:tearDownClass): 204 DELETE http://10.180.1.21:9696/networking/v2.0/security-groups/b9427a29-dbd0-493f-9a80-059cebb0a1b8 0.114s
2025-03-11 18:38:45.143 68784 INFO tempest.lib.common.rest_client [req-5db6e14d-6257-414d-9d4d-db5d63f8cd8f req-5db6e14d-6257-414d-9d4d-db5d63f8cd8f ] Request (TenantUsagesTestJSON:setUpClass): 200 GET http://10.180.1.21/compute/v2.1/servers/56cfa7f3-12ad-42d0-a27f-ab8136a903ee 1.005s
2025-03-11 18:38:45.159 68794 INFO tempest.lib.common.rest_client [req-558d3f10-4c20-4ff2-881c-3223da0f88da req-558d3f10-4c20-4ff2-881c-3223da0f88da ] Request (AggregatesAdminNegativeTestJSON:test_aggregate_remove_host_as_user): 200 POST http://10.180.1.21/compute/v2.1/os-aggregates/7/action 1.388s
2025-03-11 18:38:45.162 68800 INFO tempest.lib.common.rest_client [req-f945618e-ff18-4984-b95b-629144da3ece req-f945618e-ff18-4984-b95b-629144da3ece ] Request (AZV2TestJSON:tearDownClass): 204 DELETE http://10.180.1.21:9696/networking/v2.0/security-groups/d0940a35-9e9c-42b1-aaf5-6d05ca8c36b7 0.220s
2025-03-11 18:38:45.191 68812 INFO tempest.lib.common.rest_client [req-f3ab59c6-dac8-431c-bdce-b45930fb0c66 req-f3ab59c6-dac8-431c-bdce-b45930fb0c66 ] Request (ServerTagsTestJSON:test_create_delete_tag): 200 GET http://10.180.1.21/compute/v2.1/servers/0649ee2f-cd90-4597-b7c4-09f2acaf3f54/tags 0.878s
2025-03-11 18:38:45.284 68780 INFO tempest.lib.common.rest_client [req-4e9afe59-153e-4155-a975-9eaf2fce1832 req-4e9afe59-153e-4155-a975-9eaf2fce1832 ] Request (FloatingIPDetailsNegativeTestJSON:tearDownClass): 204 DELETE http://10.180.1.21/identity/v3/projects/9f8c8313e38f4f938b6e8749ed0f3541 0.151s
2025-03-11 18:38:45.297 68760 INFO tempest.lib.common.rest_client [req-f321e115-2c56-4717-873d-befa8aebbcfa req-f321e115-2c56-4717-873d-befa8aebbcfa ] Request (ListServerFiltersTestJSON:setUpClass): 200 GET http://10.180.1.21/compute/v2.1/servers/e3855111-7678-42c5-a37e-25e8587416aa 0.945s
2025-03-11 18:38:45.303 68800 INFO tempest.lib.common.rest_client [req-3b4c4347-6e9e-4a5c-99da-132785b33009 req-3b4c4347-6e9e-4a5c-99da-132785b33009 ] Request (AZV2TestJSON:tearDownClass): 204 DELETE http://10.180.1.21/identity/v3/projects/c673000f04f34782beb5b867e8b6e7a9 0.140s
2025-03-11 18:38:45.365 68780 INFO tempest.lib.common.rest_client [req-42956b57-9701-423f-b6ee-5f435b112a2c req-42956b57-9701-423f-b6ee-5f435b112a2c ] Request (ServersListShow298Test:setUpClass): 201 POST http://10.180.1.21/identity/v3/auth/tokens 0.078s
2025-03-11 18:38:45.383 68800 INFO tempest.lib.common.rest_client [req-8dfb9d92-ff15-4700-84c8-ec89645c42f7 req-8dfb9d92-ff15-4700-84c8-ec89645c42f7 ] Request (QuotasTestJSON:setUpClass): 201 POST http://10.180.1.21/identity/v3/auth/tokens 0.079s
2025-03-11 18:38:45.400 68780 INFO tempest.lib.common.rest_client [req-9410f56b-796b-4e65-807a-0dba7ac9e38e req-9410f56b-796b-4e65-807a-0dba7ac9e38e ] Request (ServersListShow298Test:setUpClass): 201 POST http://10.180.1.21/identity/v3/auth/tokens 0.030s
2025-03-11 18:38:45.421 68800 INFO tempest.lib.common.rest_client [req-4e79ccd3-a344-48c2-82ab-aeef6cdf911e req-4e79ccd3-a344-48c2-82ab-aeef6cdf911e ] Request (QuotasTestJSON:setUpClass): 201 POST http://10.180.1.21/identity/v3/auth/tokens 0.035s
2025-03-11 18:38:45.431 68780 INFO tempest.lib.common.rest_client [req-34db090e-bdaf-40ed-b591-67cfbdf8174c req-34db090e-bdaf-40ed-b591-67cfbdf8174c ] Request (ServersListShow298Test:setUpClass): 200 GET http://10.180.1.21/identity/v3/domains?name=Default 0.030s
2025-03-11 18:38:45.451 68800 INFO tempest.lib.common.rest_client [req-dc668595-88d2-48e6-98c5-0b5ac0d1157e req-dc668595-88d2-48e6-98c5-0b5ac0d1157e ] Request (QuotasTestJSON:setUpClass): 200 GET http://10.180.1.21/identity/v3/domains?name=Default 0.030s
2025-03-11 18:38:45.464 68780 INFO tempest.lib.common.rest_client [req-2ba0b6a0-c6c5-433f-9480-6194563f6086 req-2ba0b6a0-c6c5-433f-9480-6194563f6086 ] Request (ServersListShow298Test:setUpClass): 201 POST http://10.180.1.21/identity/v3/projects 0.032s
2025-03-11 18:38:45.488 68800 INFO tempest.lib.common.rest_client [req-c514cf8f-9cb6-4870-9dbe-9615d76a4bdf req-c514cf8f-9cb6-4870-9dbe-9615d76a4bdf ] Request (QuotasTestJSON:setUpClass): 201 POST http://10.180.1.21/identity/v3/projects 0.036s
2025-03-11 18:38:45.556 68800 INFO tempest.lib.common.rest_client [req-5cd55857-efc6-446d-8719-88971b3571b3 req-5cd55857-efc6-446d-8719-88971b3571b3 ] Request (QuotasTestJSON:setUpClass): 201 POST http://10.180.1.21/identity/v3/users 0.068s
2025-03-11 18:38:45.565 68780 INFO tempest.lib.common.rest_client [req-0a92467e-5a47-4fdc-8c9c-d8f005b261a7 req-0a92467e-5a47-4fdc-8c9c-d8f005b261a7 ] Request (ServersListShow298Test:setUpClass): 201 POST http://10.180.1.21/identity/v3/users 0.101s
2025-03-11 18:38:45.579 68800 INFO tempest.lib.common.rest_client [req-d9514323-14a3-429e-889f-381a75480922 req-d9514323-14a3-429e-889f-381a75480922 ] Request (QuotasTestJSON:setUpClass): 200 GET http://10.180.1.21/identity/v3/roles 0.021s
2025-03-11 18:38:45.584 68807 INFO tempest.lib.common.rest_client [req-b8047eb6-0eb6-4195-844b-1a75a592a67b req-b8047eb6-0eb6-4195-844b-1a75a592a67b ] Request (VolumesAdminNegativeTest:test_update_attached_volume_with_nonexistent_volume_in_body): 200 GET http://10.180.1.21/compute/v2.1/servers/cf394b0b-cb14-4ae1-81bb-622c951bfdab 1.189s
2025-03-11 18:38:45.586 68780 INFO tempest.lib.common.rest_client [req-eb4fe8bc-1499-4475-8261-bd25686c08a0 req-eb4fe8bc-1499-4475-8261-bd25686c08a0 ] Request (ServersListShow298Test:setUpClass): 200 GET http://10.180.1.21/identity/v3/roles 0.020s
2025-03-11 18:38:45.613 68800 INFO tempest.lib.common.rest_client [req-e32e498e-de39-42be-8622-35eab8d729bf req-e32e498e-de39-42be-8622-35eab8d729bf ] Request (QuotasTestJSON:setUpClass): 204 PUT http://10.180.1.21/identity/v3/projects/0d49850eb8bb4b648325d178e0346f1d/users/258a209317a341b3ae1ff8146096bbb4/roles/671946a1235d4df5b9ff277ab0e4ab0b 0.034s
2025-03-11 18:38:45.613 68800 INFO tempest.lib.common.dynamic_creds [-] Dynamic test user 258a209317a341b3ae1ff8146096bbb4 is created with scope project and roles: ['member']
2025-03-11 18:38:45.613 68800 INFO tempest.lib.common.dynamic_creds [-] Acquired dynamic creds: credentials: Credentials: {'domain_id': 'default', 'domain_name': 'Default', 'username': 'tempest-QuotasTestJSON-1733612001-project-member', 'project_domain_id': 'default', 'project_domain_name': 'Default', 'project_id': '0d49850eb8bb4b648325d178e0346f1d', 'project_name': 'tempest-QuotasTestJSON-1733612001', 'tenant_id': '0d49850eb8bb4b648325d178e0346f1d', 'tenant_name': 'tempest-QuotasTestJSON-1733612001', 'user_domain_id': 'default', 'user_domain_name': 'Default', 'user_id': '258a209317a341b3ae1ff8146096bbb4', 'system': None}, Network: None, Subnet: None, Router: None
2025-03-11 18:38:45.614 68800 INFO tempest.lib.common.dynamic_creds [-] Created isolated network resources for: credentials: Credentials: {'domain_id': 'default', 'domain_name': 'Default', 'username': 'tempest-QuotasTestJSON-1733612001-project-member', 'project_domain_id': 'default', 'project_domain_name': 'Default', 'project_id': '0d49850eb8bb4b648325d178e0346f1d', 'project_name': 'tempest-QuotasTestJSON-1733612001', 'tenant_id': '0d49850eb8bb4b648325d178e0346f1d', 'tenant_name': 'tempest-QuotasTestJSON-1733612001', 'user_domain_id': 'default', 'user_domain_name': 'Default', 'user_id': '258a209317a341b3ae1ff8146096bbb4', 'system': None}, Network: None, Subnet: None, Router: None
2025-03-11 18:38:45.616 68780 INFO tempest.lib.common.rest_client [req-a617e0e9-5c08-442c-86de-d914209d1e05 req-a617e0e9-5c08-442c-86de-d914209d1e05 ] Request (ServersListShow298Test:setUpClass): 204 PUT http://10.180.1.21/identity/v3/projects/2460a28ebd294378a8f72413b31f0e62/users/ab306454a34e4b10a85b450cf749a49f/roles/671946a1235d4df5b9ff277ab0e4ab0b 0.030s
2025-03-11 18:38:45.617 68780 INFO tempest.lib.common.dynamic_creds [-] Dynamic test user ab306454a34e4b10a85b450cf749a49f is created with scope project and roles: ['member']
2025-03-11 18:38:45.617 68780 INFO tempest.lib.common.dynamic_creds [-] Acquired dynamic creds: credentials: Credentials: {'domain_id': 'default', 'domain_name': 'Default', 'username': 'tempest-ServersListShow298Test-1548744480-project-member', 'project_domain_id': 'default', 'project_domain_name': 'Default', 'project_id': '2460a28ebd294378a8f72413b31f0e62', 'project_name': 'tempest-ServersListShow298Test-1548744480', 'tenant_id': '2460a28ebd294378a8f72413b31f0e62', 'tenant_name': 'tempest-ServersListShow298Test-1548744480', 'user_domain_id': 'default', 'user_domain_name': 'Default', 'user_id': 'ab306454a34e4b10a85b450cf749a49f', 'system': None}, Network: None, Subnet: None, Router: None
2025-03-11 18:38:45.617 68780 INFO tempest.lib.common.dynamic_creds [-] Created isolated network resources for: credentials: Credentials: {'domain_id': 'default', 'domain_name': 'Default', 'username': 'tempest-ServersListShow298Test-1548744480-project-member', 'project_domain_id': 'default', 'project_domain_name': 'Default', 'project_id': '2460a28ebd294378a8f72413b31f0e62', 'project_name': 'tempest-ServersListShow298Test-1548744480', 'tenant_id': '2460a28ebd294378a8f72413b31f0e62', 'tenant_name': 'tempest-ServersListShow298Test-1548744480', 'user_domain_id': 'default', 'user_domain_name': 'Default', 'user_id': 'ab306454a34e4b10a85b450cf749a49f', 'system': None}, Network: None, Subnet: None, Router: None
2025-03-11 18:38:45.699 68780 INFO tempest.lib.common.rest_client [req-4d73ce00-1939-4d6d-8900-5224bd1a0ed4 req-4d73ce00-1939-4d6d-8900-5224bd1a0ed4 ] Request (ServersListShow298Test:setUpClass): 201 POST http://10.180.1.21/identity/v3/auth/tokens 0.080s
2025-03-11 18:38:45.700 68800 INFO tempest.lib.common.rest_client [req-45c59c7b-71c6-4ba7-a84c-3995baa6320b req-45c59c7b-71c6-4ba7-a84c-3995baa6320b ] Request (QuotasTestJSON:setUpClass): 201 POST http://10.180.1.21/identity/v3/auth/tokens 0.082s
2025-03-11 18:38:45.701 68800 WARNING tempest.lib.common.rest_client [-] Deprecated: "tenant_id" property is deprecated for removal, use "project_id" instead
2025-03-11 18:38:45.724 68776 INFO tempest.lib.common.rest_client [req-ef0fd60b-016a-4852-8c73-c944c0f4ec5d req-ef0fd60b-016a-4852-8c73-c944c0f4ec5d ] Request (ServerRescueNegativeTestJSON:setUpClass): 200 GET http://10.180.1.21/compute/v2.1/servers/cf691a81-60e3-40ed-ba80-8f481ff2554b 1.276s
2025-03-11 18:38:45.742 68780 INFO tempest.lib.common.rest_client [req-4a033865-45da-4789-a607-5fb14f7cf287 req-4a033865-45da-4789-a607-5fb14f7cf287 ] Request (ServersListShow298Test:test_list_show_update_rebuild_server_298): 201 POST http://10.180.1.21/identity/v3/auth/tokens 0.034s
2025-03-11 18:38:45.742 68780 INFO tempest.lib.common.fixed_network [-] (ServersListShow298Test:test_list_show_update_rebuild_server_298) Found network None available for tenant
2025-03-11 18:38:45.758 68805 INFO tempest.lib.common.rest_client [req-c98af98e-a89b-4d0d-a7d8-76ea8e92c7ea req-c98af98e-a89b-4d0d-a7d8-76ea8e92c7ea ] Request (FloatingIPDetailsTestJSON:tearDownClass): 202 DELETE http://10.180.1.21/compute/v2.1/os-floating-ips/46e09d49-aac9-4023-bc7f-0ab9d69efae6 1.571s
2025-03-11 18:38:45.815 68814 INFO tempest.lib.common.rest_client [req-4f8daf53-57a7-4874-bbc1-e44f379892cc req-4f8daf53-57a7-4874-bbc1-e44f379892cc ] Request (ServerRescueTestJSON:setUpClass): 200 GET http://10.180.1.21/compute/v2.1/servers/ad773afa-fc0a-4380-901d-af013ce55f2b 1.345s
2025-03-11 18:38:45.822 68766 INFO tempest.lib.common.rest_client [req-4a3ebee8-b6b1-4aff-b96b-d3dbe3d4cca7 req-4a3ebee8-b6b1-4aff-b96b-d3dbe3d4cca7 ] Request (ServersAdminNegativeTestJSON:test_reset_state_server_nonexistent_server): 404 POST http://10.180.1.21/compute/v2.1/servers/999/action 1.348s
2025-03-11 18:38:45.840 68764 INFO tempest.lib.common.rest_client [req-db414411-ff37-4883-83de-065bb5d834c7 req-db414411-ff37-4883-83de-065bb5d834c7 ] Request (FlavorsAdminTestJSON:test_is_public_string_variations): 200 GET http://10.180.1.21/compute/v2.1/flavors/detail?is_public=0 1.341s
2025-03-11 18:38:45.869 68770 INFO tempest.lib.common.rest_client [req-2126b99d-c514-45a2-ada0-5d91f388301b req-2126b99d-c514-45a2-ada0-5d91f388301b ] Request (FlavorMetadataValidation:_run_cleanups): 200 GET http://10.180.1.21/compute/v2.1/flavors/detail 1.350s
2025-03-11 18:38:45.944 68808 INFO tempest.lib.common.rest_client [req-e05b4502-bec9-4e6f-afff-91a9c3d7f193 req-e05b4502-bec9-4e6f-afff-91a9c3d7f193 ] Request (ImagesOneServerNegativeTestJSON:setUpClass): 200 GET http://10.180.1.21/compute/v2.1/servers/d7c64aa1-44f8-44f4-9fb6-463033837736 1.403s
2025-03-11 18:38:46.016 68770 INFO tempest.lib.common.rest_client [req-1ce2ec7b-a513-4c20-82c8-ee1a5f9652a7 req-1ce2ec7b-a513-4c20-82c8-ee1a5f9652a7 ] Request (FlavorMetadataValidation:tearDownClass): 204 DELETE http://10.180.1.21/identity/v3/users/84f68ae621fe47b78ea2db42002600eb 0.139s
2025-03-11 18:38:46.020 68802 INFO tempest.lib.common.rest_client [req-3dd94ec9-e8bd-4a13-9392-ac78f2451ec4 req-3dd94ec9-e8bd-4a13-9392-ac78f2451ec4 ] Request (AttachInterfacesUnderV243Test:test_add_remove_fixed_ip): 200 GET http://10.180.1.21/compute/v2.1/servers/07d98c5c-ede8-4001-93b2-1b1d83687ca1 1.471s
2025-03-11 18:38:46.051 68796 INFO tempest.lib.common.rest_client [req-40c7ca07-9d6f-46a3-8de1-25c94c2f9441 req-40c7ca07-9d6f-46a3-8de1-25c94c2f9441 ] Request (SecurityGroupsTestJSON:test_security_groups_create_list_delete): 404 GET http://10.180.1.21/compute/v2.1/os-security-groups/951fd053-7387-4e61-83b8-afe76c724fff 1.489s
2025-03-11 18:38:46.131 68788 INFO tempest.lib.common.rest_client [req-defce22c-6d6d-457a-81b6-dd96d0815685 req-defce22c-6d6d-457a-81b6-dd96d0815685 ] Request (ServersWithSpecificFlavorTestJSON:test_verify_created_server_ephemeral_disk): 200 GET http://10.180.1.21/compute/v2.1/servers/c74569b8-dfc9-4a74-9d25-74b484bd9477 1.530s
2025-03-11 18:38:46.184 68770 INFO tempest.lib.common.rest_client [req-eff9feba-0375-4add-8eb4-f504aa5e72ab req-eff9feba-0375-4add-8eb4-f504aa5e72ab ] Request (FlavorMetadataValidation:tearDownClass): 204 DELETE http://10.180.1.21/identity/v3/users/6e6d7c7cf6b14fd8a30108abbfd1a722 0.167s
2025-03-11 18:38:46.184 68770 INFO tempest.lib.common.dynamic_creds [-] Deleting project and security group for project: eca5f363cfa941e2bbd9e710e3549abc
2025-03-11 18:38:46.267 68770 INFO tempest.lib.common.rest_client [req-cccf367c-522f-4518-9eaa-3c7b3745825b req-cccf367c-522f-4518-9eaa-3c7b3745825b ] Request (FlavorMetadataValidation:tearDownClass): 201 POST http://10.180.1.21/identity/v3/auth/tokens 0.083s
2025-03-11 18:38:46.275 68768 INFO tempest.lib.common.rest_client [req-ec53d0ab-e436-413b-a689-48c4cc25b4d4 req-ec53d0ab-e436-413b-a689-48c4cc25b4d4 ] Request (ServersAdminTestJSON:setUpClass): 200 GET http://10.180.1.21/compute/v2.1/servers/d5db3112-88c7-43af-a434-b91ca69f8559 1.638s
2025-03-11 18:38:46.284 68768 INFO tempest.common.waiters [-] State transition "BUILD/None" ==> "BUILD/spawning" after 26 second wait
2025-03-11 18:38:46.288 68756 WARNING tempest.lib.common.ssh [-] Failed to establish authenticated ssh connection to cirros@10.180.180.252 ([Errno None] Unable to connect to port 22 on 10.180.180.252). Number attempts: 4. Retry after 5 seconds.: paramiko.ssh_exception.NoValidConnectionsError: [Errno None] Unable to connect to port 22 on 10.180.180.252
2025-03-11 18:38:46.301 68818 INFO tempest.lib.common.rest_client [req-df74e38b-3aee-4bd6-bda3-f6593f28a016 req-df74e38b-3aee-4bd6-bda3-f6593f28a016 ] Request (FloatingIPsAssociationTestJSON:setUpClass): 202 POST http://10.180.1.21/compute/v2.1/servers 1.842s
2025-03-11 18:38:46.354 68778 INFO tempest.lib.common.rest_client [req-d647816a-0634-4714-8ac6-fb2c8eb6b7a7 req-d647816a-0634-4714-8ac6-fb2c8eb6b7a7 ] Request (MultipleCreateTestJSON:test_multiple_create): 200 GET http://10.180.1.21/compute/v2.1/servers/1841dcd4-c231-4c6d-aa2f-5ce3cbb2b530 1.690s
2025-03-11 18:38:46.373 68786 INFO tempest.lib.common.rest_client [req-d91ad5d4-0155-4545-82a9-df70c34901d9 req-d91ad5d4-0155-4545-82a9-df70c34901d9 ] Request (ServersAdmin275Test:test_rebuild_update_server_275): 200 GET http://10.180.1.21/compute/v2.1/servers/5435b4d8-46c3-43e3-b11b-cbeb580e2f36 1.627s
2025-03-11 18:38:46.411 68790 INFO tempest.lib.common.rest_client [req-30071cff-86ce-48a2-87ef-1c0686a7095c req-30071cff-86ce-48a2-87ef-1c0686a7095c ] Request (ImagesTestJSON:test_create_image_from_stopped_server): 200 GET http://10.180.1.21/compute/v2.1/images/d893745e-cd23-4869-b546-69f9b690cc74 1.595s
2025-03-11 18:38:46.478 68770 INFO tempest.lib.common.rest_client [req-8cf68981-4eaa-4da0-aefc-24606c2e36a2 req-8cf68981-4eaa-4da0-aefc-24606c2e36a2 ] Request (FlavorMetadataValidation:tearDownClass): 200 GET http://10.180.1.21:9696/networking/v2.0/security-groups?tenant_id=eca5f363cfa941e2bbd9e710e3549abc&name=default 0.211s
2025-03-11 18:38:46.501 68782 INFO tempest.lib.common.rest_client [req-c0e513fa-6519-47cd-b2e4-02ec6bbb1e5c req-c0e513fa-6519-47cd-b2e4-02ec6bbb1e5c ] Request (ImagesNegativeTestJSON:test_create_image_from_deleted_server): 200 GET http://10.180.1.21/compute/v2.1/servers/1537e626-f2ec-4b5d-bcba-50cd583dff31 1.617s
2025-03-11 18:38:46.580 68798 INFO tempest.lib.common.rest_client [req-5a2ccc7e-81dc-4abe-813d-d1495f78b874 req-5a2ccc7e-81dc-4abe-813d-d1495f78b874 ] Request (SecurityGroupRulesTestJSON:test_security_group_rules_list): 200 POST http://10.180.1.21/compute/v2.1/os-security-group-rules 1.805s
2025-03-11 18:38:46.614 68770 INFO tempest.lib.common.rest_client [req-4350b36f-0fb7-4c27-99c7-7d2f86c888df req-4350b36f-0fb7-4c27-99c7-7d2f86c888df ] Request (FlavorMetadataValidation:tearDownClass): 204 DELETE http://10.180.1.21:9696/networking/v2.0/security-groups/1a422380-2bd8-47f4-a6fa-0ff6e807e150 0.135s
2025-03-11 18:38:46.681 68816 INFO tempest.lib.common.rest_client [req-c4714f53-7c78-4a2f-b5fa-edc483a47af4 req-c4714f53-7c78-4a2f-b5fa-edc483a47af4 ] Request (InstanceActionsTestJSON:tearDownClass): 200 GET http://10.180.1.21/compute/v2.1/servers/ce8fd88b-249b-4fee-80fc-35b795d24658 1.666s
2025-03-11 18:38:46.718 68770 INFO tempest.lib.common.rest_client [req-8476ca33-72b7-4fd1-bacd-8d2c989f2237 req-8476ca33-72b7-4fd1-bacd-8d2c989f2237 ] Request (FlavorMetadataValidation:tearDownClass): 204 DELETE http://10.180.1.21/identity/v3/projects/eca5f363cfa941e2bbd9e710e3549abc 0.104s
2025-03-11 18:38:46.719 68770 INFO tempest.lib.common.dynamic_creds [-] Deleting project and security group for project: f456c1568e4442369b07790b9eb3d2dd
2025-03-11 18:38:46.761 68772 INFO tempest.lib.common.rest_client [req-56c5a1d1-346d-4941-a629-d600653249e5 req-56c5a1d1-346d-4941-a629-d600653249e5 ] Request (DeleteServersAdminTestJSON:test_delete_server_while_in_error_state): 200 GET http://10.180.1.21/compute/v2.1/servers/aa39767e-1ae7-4881-b0a8-e7b66e1ceed2 1.725s
2025-03-11 18:38:46.789 68792 INFO tempest.lib.common.rest_client [req-26fda488-0598-43af-85c5-17de2ac6f426 req-26fda488-0598-43af-85c5-17de2ac6f426 ] Request (KeyPairsV22TestJSON:_run_cleanups): 204 DELETE http://10.180.1.21/compute/v2.1/os-keypairs/tempest-KeyPairsV22TestJSON-keypair-231049963 1.721s
2025-03-11 18:38:46.793 68758 INFO tempest.lib.common.rest_client [req-f8f96ca4-ae05-47aa-ac97-38ef5cc16823 req-f8f96ca4-ae05-47aa-ac97-38ef5cc16823 ] Request (MigrationsAdminTest:test_list_migrations_in_flavor_resize_situation): 200 GET http://10.180.1.21/compute/v2.1/servers/1186da93-57aa-40f4-8aae-702d039844d4 1.801s
2025-03-11 18:38:46.798 68794 INFO tempest.lib.common.rest_client [req-410dd3ab-05e0-45f3-8f89-8b07e0f93ec4 req-410dd3ab-05e0-45f3-8f89-8b07e0f93ec4 ] Request (AggregatesAdminNegativeTestJSON:test_aggregate_remove_host_as_user): 403 POST http://10.180.1.21/compute/v2.1/os-aggregates/7/action 1.636s
2025-03-11 18:38:46.849 68812 INFO tempest.lib.common.rest_client [req-ca8a89f4-6140-49ed-8576-ce4345e3c286 req-ca8a89f4-6140-49ed-8576-ce4345e3c286 ] Request (ServerTagsTestJSON:_run_cleanups): 204 DELETE http://10.180.1.21/compute/v2.1/servers/0649ee2f-cd90-4597-b7c4-09f2acaf3f54/tags 1.657s
2025-03-11 18:38:46.862 68770 INFO tempest.lib.common.rest_client [req-d3994e46-a3f0-48df-9916-b0b4ae2debeb req-d3994e46-a3f0-48df-9916-b0b4ae2debeb ] Request (FlavorMetadataValidation:tearDownClass): 200 GET http://10.180.1.21:9696/networking/v2.0/security-groups?tenant_id=f456c1568e4442369b07790b9eb3d2dd&name=default 0.143s
2025-03-11 18:38:46.947 68800 INFO tempest.lib.common.rest_client [req-96fd37f5-7e5c-4d28-b74a-c15980ad9330 req-96fd37f5-7e5c-4d28-b74a-c15980ad9330 ] Request (QuotasTestJSON:test_compare_tenant_quotas_with_default_quotas): 200 GET http://10.180.1.21/compute/v2.1/os-quota-sets/0d49850eb8bb4b648325d178e0346f1d/defaults 1.245s
2025-03-11 18:38:47.041 68780 INFO tempest.lib.common.rest_client [req-5488222c-14b5-41c4-9eab-1022127e2324 req-5488222c-14b5-41c4-9eab-1022127e2324 ] Request (ServersListShow298Test:test_list_show_update_rebuild_server_298): 202 POST http://10.180.1.21/compute/v2.1/servers 1.294s
2025-03-11 18:38:47.057 68770 INFO tempest.lib.common.rest_client [req-e0208169-125a-4c58-a09d-6604d72cc034 req-e0208169-125a-4c58-a09d-6604d72cc034 ] Request (FlavorMetadataValidation:tearDownClass): 204 DELETE http://10.180.1.21:9696/networking/v2.0/security-groups/15103761-757b-467b-980d-ab30870e0c91 0.194s
2025-03-11 18:38:47.070 68764 INFO tempest.lib.common.rest_client [req-1835e5e5-c31e-4517-8283-36e845459fe9 req-1835e5e5-c31e-4517-8283-36e845459fe9 ] Request (FlavorsAdminTestJSON:test_is_public_string_variations): 200 GET http://10.180.1.21/compute/v2.1/flavors/detail?is_public=t 1.226s
2025-03-11 18:38:47.175 68770 INFO tempest.lib.common.rest_client [req-6b25ec1d-8840-44a8-bf45-54d2bf012e27 req-6b25ec1d-8840-44a8-bf45-54d2bf012e27 ] Request (FlavorMetadataValidation:tearDownClass): 204 DELETE http://10.180.1.21/identity/v3/projects/f456c1568e4442369b07790b9eb3d2dd 0.118s
2025-03-11 18:38:47.250 68770 INFO tempest.lib.common.rest_client [req-98e38175-10a1-47e8-982f-97afdbce3a50 req-98e38175-10a1-47e8-982f-97afdbce3a50 ] Request (HypervisorAdminV253TestBase:setUpClass): 201 POST http://10.180.1.21/identity/v3/auth/tokens 0.074s
2025-03-11 18:38:47.292 68770 INFO tempest.lib.common.rest_client [req-80794dce-3b91-49e1-8813-cd3413e250dc req-80794dce-3b91-49e1-8813-cd3413e250dc ] Request (HypervisorAdminV253TestBase:setUpClass): 201 POST http://10.180.1.21/identity/v3/auth/tokens 0.038s
2025-03-11 18:38:47.323 68770 INFO tempest.lib.common.rest_client [req-bfe7b0d7-75e6-49d1-a316-75ef23c950e5 req-bfe7b0d7-75e6-49d1-a316-75ef23c950e5 ] Request (HypervisorAdminV253TestBase:setUpClass): 200 GET http://10.180.1.21/identity/v3/domains?name=Default 0.030s
2025-03-11 18:38:47.351 68770 INFO tempest.lib.common.rest_client [req-e6a3ec4f-528e-4742-9150-bb633e53ca02 req-e6a3ec4f-528e-4742-9150-bb633e53ca02 ] Request (HypervisorAdminV253TestBase:setUpClass): 201 POST http://10.180.1.21/identity/v3/projects 0.028s
2025-03-11 18:38:47.411 68770 INFO tempest.lib.common.rest_client [req-91dab4ef-0bc7-4416-8cc4-5d6554cf533b req-91dab4ef-0bc7-4416-8cc4-5d6554cf533b ] Request (HypervisorAdminV253TestBase:setUpClass): 201 POST http://10.180.1.21/identity/v3/users 0.058s
2025-03-11 18:38:47.432 68770 INFO tempest.lib.common.rest_client [req-8205198c-b5d7-44c5-b028-739b2fdde59f req-8205198c-b5d7-44c5-b028-739b2fdde59f ] Request (HypervisorAdminV253TestBase:setUpClass): 200 GET http://10.180.1.21/identity/v3/roles 0.021s
2025-03-11 18:38:47.457 68770 INFO tempest.lib.common.rest_client [req-1204f055-3a8f-455c-a629-ff5cc5747257 req-1204f055-3a8f-455c-a629-ff5cc5747257 ] Request (HypervisorAdminV253TestBase:setUpClass): 204 PUT http://10.180.1.21/identity/v3/projects/1eb28a4bf9f24c98b4a76f7c8b6e4d34/users/3ee6398294ba432187d95ac17ede967a/roles/671946a1235d4df5b9ff277ab0e4ab0b 0.025s
2025-03-11 18:38:47.457 68770 INFO tempest.lib.common.dynamic_creds [-] Dynamic test user 3ee6398294ba432187d95ac17ede967a is created with scope project and roles: ['member']
2025-03-11 18:38:47.458 68770 INFO tempest.lib.common.dynamic_creds [-] Acquired dynamic creds: credentials: Credentials: {'domain_id': 'default', 'domain_name': 'Default', 'username': 'tempest-HypervisorAdminV253TestBase-2122926057-project-member', 'project_domain_id': 'default', 'project_domain_name': 'Default', 'project_id': '1eb28a4bf9f24c98b4a76f7c8b6e4d34', 'project_name': 'tempest-HypervisorAdminV253TestBase-2122926057', 'tenant_id': '1eb28a4bf9f24c98b4a76f7c8b6e4d34', 'tenant_name': 'tempest-HypervisorAdminV253TestBase-2122926057', 'user_domain_id': 'default', 'user_domain_name': 'Default', 'user_id': '3ee6398294ba432187d95ac17ede967a', 'system': None}, Network: None, Subnet: None, Router: None
2025-03-11 18:38:47.458 68770 INFO tempest.lib.common.dynamic_creds [-] Created isolated network resources for: credentials: Credentials: {'domain_id': 'default', 'domain_name': 'Default', 'username': 'tempest-HypervisorAdminV253TestBase-2122926057-project-member', 'project_domain_id': 'default', 'project_domain_name': 'Default', 'project_id': '1eb28a4bf9f24c98b4a76f7c8b6e4d34', 'project_name': 'tempest-HypervisorAdminV253TestBase-2122926057', 'tenant_id': '1eb28a4bf9f24c98b4a76f7c8b6e4d34', 'tenant_name': 'tempest-HypervisorAdminV253TestBase-2122926057', 'user_domain_id': 'default', 'user_domain_name': 'Default', 'user_id': '3ee6398294ba432187d95ac17ede967a', 'system': None}, Network: None, Subnet: None, Router: None
2025-03-11 18:38:47.538 68770 INFO tempest.lib.common.rest_client [req-d4e0ad77-b458-4de0-a932-1d45887e28c7 req-d4e0ad77-b458-4de0-a932-1d45887e28c7 ] Request (HypervisorAdminV253TestBase:setUpClass): 201 POST http://10.180.1.21/identity/v3/auth/tokens 0.077s
2025-03-11 18:38:47.588 68811 INFO tempest.lib.common.rest_client [req-6807433c-673e-46f5-8e7c-41b8cbb9e1d5 req-6807433c-673e-46f5-8e7c-41b8cbb9e1d5 ] Request (ServerDiskConfigTestJSON:test_rebuild_server_with_auto_disk_config): 200 GET http://10.180.1.21/compute/v2.1/servers/f517b14c-320f-4a6e-ae74-f2335e22f7a4 1.621s
2025-03-11 18:38:47.635 68770 INFO tempest.lib.common.rest_client [req-20e60c2d-701f-48d9-a7ca-a3fd0813f78b req-20e60c2d-701f-48d9-a7ca-a3fd0813f78b ] Request (HypervisorAdminV253TestBase:setUpClass): 201 POST http://10.180.1.21/identity/v3/projects 0.097s
2025-03-11 18:38:47.742 68796 INFO tempest.lib.common.rest_client [req-4bf89bab-e46a-4cd9-a8fe-27e4c4c3d294 req-4bf89bab-e46a-4cd9-a8fe-27e4c4c3d294 ] Request (SecurityGroupsTestJSON:test_security_groups_create_list_delete): 202 DELETE http://10.180.1.21/compute/v2.1/os-security-groups/48d856c2-2743-46b6-a007-f549890d66b8 1.690s
2025-03-11 18:38:47.768 68770 INFO tempest.lib.common.rest_client [req-e1636158-5817-4fd2-ab70-83d3079c7942 req-e1636158-5817-4fd2-ab70-83d3079c7942 ] Request (HypervisorAdminV253TestBase:setUpClass): 201 POST http://10.180.1.21/identity/v3/users 0.131s
2025-03-11 18:38:47.798 68770 INFO tempest.lib.common.rest_client [req-b592f480-50ce-4dc9-8ea4-2c17fc523ef4 req-b592f480-50ce-4dc9-8ea4-2c17fc523ef4 ] Request (HypervisorAdminV253TestBase:setUpClass): 200 GET http://10.180.1.21/identity/v3/roles 0.030s
2025-03-11 18:38:47.804 68805 INFO tempest.lib.common.rest_client [req-d770c650-d271-4a9b-8caa-2a80fe7a50de req-d770c650-d271-4a9b-8caa-2a80fe7a50de ] Request (FloatingIPDetailsTestJSON:tearDownClass): 202 DELETE http://10.180.1.21/compute/v2.1/os-floating-ips/9e356915-b435-41e7-85da-3a7e1fb4a829 2.046s
2025-03-11 18:38:47.827 68774 INFO tempest.lib.common.rest_client [req-114e13b2-829e-45d4-a711-80e17cae98cc req-114e13b2-829e-45d4-a711-80e17cae98cc ] Request (ServersV294TestFqdnHostnames:setUpClass): 200 GET http://10.180.1.21/compute/v2.1/servers/b92efa60-ef18-4578-b00d-6a2438e7eacf 1.755s
2025-03-11 18:38:47.844 68770 INFO tempest.lib.common.rest_client [req-379856a7-33a0-4ba0-9dc6-c754328af23e req-379856a7-33a0-4ba0-9dc6-c754328af23e ] Request (HypervisorAdminV253TestBase:setUpClass): 204 PUT http://10.180.1.21/identity/v3/projects/2a78a42bed3848b99bfd9bdff4ce35d8/users/a76e0290b6c540c18d07dacf79017acd/roles/fb8b210bc5104b1b91611cc9dbfe9707 0.045s
2025-03-11 18:38:47.864 68784 INFO tempest.lib.common.rest_client [req-f0bdb6b5-9104-47f6-bcb2-9af4c9616700 req-f0bdb6b5-9104-47f6-bcb2-9af4c9616700 ] Request (TenantUsagesTestJSON:setUpClass): 200 GET http://10.180.1.21/compute/v2.1/servers/56cfa7f3-12ad-42d0-a27f-ab8136a903ee 1.705s
2025-03-11 18:38:47.889 68818 INFO tempest.lib.common.rest_client [req-e38cd7df-650a-4c27-97eb-eb3e8f1ad013 req-e38cd7df-650a-4c27-97eb-eb3e8f1ad013 ] Request (FloatingIPsAssociationTestJSON:setUpClass): 200 GET http://10.180.1.21/compute/v2.1/servers/39c532b1-b05e-4354-ad8f-9223b06e9488 1.585s
2025-03-11 18:38:47.914 68770 INFO tempest.lib.common.rest_client [req-1f09b35a-0bd4-47b7-96d7-6f5cbc09b4bd req-1f09b35a-0bd4-47b7-96d7-6f5cbc09b4bd ] Request (HypervisorAdminV253TestBase:setUpClass): 200 GET http://10.180.1.21/identity/v3/roles 0.070s
2025-03-11 18:38:47.926 68760 INFO tempest.lib.common.rest_client [req-e0702268-9aa4-41d0-973f-9f967b5d811e req-e0702268-9aa4-41d0-973f-9f967b5d811e ] Request (ListServerFiltersTestJSON:setUpClass): 200 GET http://10.180.1.21/compute/v2.1/servers/e3855111-7678-42c5-a37e-25e8587416aa 1.618s
2025-03-11 18:38:47.940 68770 INFO tempest.lib.common.rest_client [req-a1ebc4c3-7ba1-4456-a568-103bff669e65 req-a1ebc4c3-7ba1-4456-a568-103bff669e65 ] Request (HypervisorAdminV253TestBase:setUpClass): 204 PUT http://10.180.1.21/identity/v3/projects/2a78a42bed3848b99bfd9bdff4ce35d8/users/a76e0290b6c540c18d07dacf79017acd/roles/fb8b210bc5104b1b91611cc9dbfe9707 0.025s
2025-03-11 18:38:47.940 68770 INFO tempest.lib.common.dynamic_creds [-] Dynamic test user a76e0290b6c540c18d07dacf79017acd is created with scope project and roles: ['admin']
2025-03-11 18:38:47.940 68770 INFO tempest.lib.common.dynamic_creds [-] Acquired dynamic creds: credentials: Credentials: {'domain_id': 'default', 'domain_name': 'Default', 'username': 'tempest-HypervisorAdminV253TestBase-1627662400-project-admin', 'project_domain_id': 'default', 'project_domain_name': 'Default', 'project_id': '2a78a42bed3848b99bfd9bdff4ce35d8', 'project_name': 'tempest-HypervisorAdminV253TestBase-1627662400', 'tenant_id': '2a78a42bed3848b99bfd9bdff4ce35d8', 'tenant_name': 'tempest-HypervisorAdminV253TestBase-1627662400', 'user_domain_id': 'default', 'user_domain_name': 'Default', 'user_id': 'a76e0290b6c540c18d07dacf79017acd', 'system': None}, Network: None, Subnet: None, Router: None
2025-03-11 18:38:47.940 68770 INFO tempest.lib.common.dynamic_creds [-] Created isolated network resources for: credentials: Credentials: {'domain_id': 'default', 'domain_name': 'Default', 'username': 'tempest-HypervisorAdminV253TestBase-1627662400-project-admin', 'project_domain_id': 'default', 'project_domain_name': 'Default', 'project_id': '2a78a42bed3848b99bfd9bdff4ce35d8', 'project_name': 'tempest-HypervisorAdminV253TestBase-1627662400', 'tenant_id': '2a78a42bed3848b99bfd9bdff4ce35d8', 'tenant_name': 'tempest-HypervisorAdminV253TestBase-1627662400', 'user_domain_id': 'default', 'user_domain_name': 'Default', 'user_id': 'a76e0290b6c540c18d07dacf79017acd', 'system': None}, Network: None, Subnet: None, Router: None
2025-03-11 18:38:48.024 68770 INFO tempest.lib.common.rest_client [req-ecdafe2f-76ef-4645-84b8-5ce0b8d940b9 req-ecdafe2f-76ef-4645-84b8-5ce0b8d940b9 ] Request (HypervisorAdminV253TestBase:setUpClass): 201 POST http://10.180.1.21/identity/v3/auth/tokens 0.080s
2025-03-11 18:38:48.048 68807 INFO tempest.lib.common.rest_client [req-3365a52f-84bd-485d-bd2e-da6e993d1503 req-3365a52f-84bd-485d-bd2e-da6e993d1503 ] Request (VolumesAdminNegativeTest:test_update_attached_volume_with_nonexistent_volume_in_body): 200 GET http://10.180.1.21/compute/v2.1/servers/cf394b0b-cb14-4ae1-81bb-622c951bfdab 1.453s
2025-03-11 18:38:48.058 68807 INFO tempest.common.waiters [-] State transition "BUILD/spawning" ==> "ACTIVE/None" after 30 second wait
2025-03-11 18:38:48.101 68798 INFO tempest.lib.common.rest_client [req-108bbba0-2679-43b6-a3c7-0885b327685c req-108bbba0-2679-43b6-a3c7-0885b327685c ] Request (SecurityGroupRulesTestJSON:test_security_group_rules_list): 200 POST http://10.180.1.21/compute/v2.1/os-security-group-rules 1.514s
2025-03-11 18:38:48.154 68792 INFO tempest.lib.common.rest_client [req-3da0a6b0-4e0f-47ce-9907-22105c8d0fe9 req-3da0a6b0-4e0f-47ce-9907-22105c8d0fe9 ] Request (KeyPairsV22TestJSON:_run_cleanups): 204 DELETE http://10.180.1.21/compute/v2.1/os-keypairs/tempest-KeyPairsV22TestJSON-keypair-2053718195 1.364s
2025-03-11 18:38:48.202 68776 INFO tempest.lib.common.rest_client [req-672488de-f4fe-45ca-9716-e502065471eb req-672488de-f4fe-45ca-9716-e502065471eb ] Request (ServerRescueNegativeTestJSON:setUpClass): 200 GET http://10.180.1.21/compute/v2.1/servers/cf691a81-60e3-40ed-ba80-8f481ff2554b 1.469s
2025-03-11 18:38:48.264 68814 INFO tempest.lib.common.rest_client [req-02f18c5f-2e60-457d-89f4-25699d0f331e req-02f18c5f-2e60-457d-89f4-25699d0f331e ] Request (ServerRescueTestJSON:setUpClass): 200 GET http://10.180.1.21/compute/v2.1/servers/ad773afa-fc0a-4380-901d-af013ce55f2b 1.438s
2025-03-11 18:38:48.298 68794 INFO tempest.lib.common.rest_client [req-29d9d12c-abc2-46e9-afb8-7181d498a2f2 req-29d9d12c-abc2-46e9-afb8-7181d498a2f2 ] Request (AggregatesAdminNegativeTestJSON:_run_cleanups): 200 POST http://10.180.1.21/compute/v2.1/os-aggregates/7/action 1.500s
2025-03-11 18:38:48.335 68812 INFO tempest.lib.common.rest_client [req-62796f3f-7b9b-41ea-82be-40e910cf014a req-62796f3f-7b9b-41ea-82be-40e910cf014a ] Request (ServerTagsTestJSON:test_delete_all_tags): 201 PUT http://10.180.1.21/compute/v2.1/servers/0649ee2f-cd90-4597-b7c4-09f2acaf3f54/tags/tempest-tag-1858850168 1.483s
2025-03-11 18:38:48.390 68808 INFO tempest.lib.common.rest_client [req-5f58571f-6ded-41bb-94b8-a73533113538 req-5f58571f-6ded-41bb-94b8-a73533113538 ] Request (ImagesOneServerNegativeTestJSON:setUpClass): 200 GET http://10.180.1.21/compute/v2.1/servers/d7c64aa1-44f8-44f4-9fb6-463033837736 1.435s
