2025-03-11 18:40:01.731 68811 INFO tempest.common.waiters [-] State transition "BUILD/None" ==> "BUILD/block_device_mapping" after 61 second wait
2025-03-11 18:40:01.789 68778 INFO tempest.lib.common.rest_client [req-4cf0166f-0f38-4928-9a7b-160862626521 req-4cf0166f-0f38-4928-9a7b-160862626521 ] Request (MultipleCreateTestJSON:_run_cleanups): 200 GET http://10.180.1.21/compute/v2.1/servers/67312d87-cc63-4dc7-b9c1-9c8d349a4756 0.205s
2025-03-11 18:40:01.856 68772 INFO tempest.lib.common.rest_client [req-3e6c5d21-6c6f-47d9-9d0e-4e9bf797485d req-3e6c5d21-6c6f-47d9-9d0e-4e9bf797485d ] Request (DeleteServersAdminTestJSON:test_delete_server_while_in_error_state): 200 GET http://10.180.1.21/compute/v2.1/servers/aa39767e-1ae7-4881-b0a8-e7b66e1ceed2 0.244s
2025-03-11 18:40:01.877 68760 INFO tempest.lib.common.rest_client [req-76511780-e8ed-4db9-80d8-ccf4ad88e087 req-76511780-e8ed-4db9-80d8-ccf4ad88e087 ] Request (ListServerFiltersTestJSON:test_list_servers_filtered_by_ip_regex): 200 GET http://10.180.1.21/compute/v2.1/servers?ip=192.168.128. 0.279s
2025-03-11 18:40:01.913 68770 INFO tempest.lib.common.rest_client [req-6c699e6a-cbc0-4e2a-99c8-e8a9b9ba50e6 req-6c699e6a-cbc0-4e2a-99c8-e8a9b9ba50e6 ] Request (ServersTestBootFromVolume:setUpClass): 200 GET http://10.180.1.21/compute/v2.1/servers/29e9555b-f928-43e7-a3a3-869ed07d7326 0.278s
2025-03-11 18:40:01.925 68764 INFO tempest.lib.common.rest_client [req-d083b68e-7beb-4ed8-8d29-10327605b68c req-d083b68e-7beb-4ed8-8d29-10327605b68c ] Request (ServerExternalEventsTest:test_create_server_external_events): 200 GET http://10.180.1.21/compute/v2.1/servers/c5af19d6-5534-45e6-8c9c-dacf30d4fb1a 0.262s
2025-03-11 18:40:01.979 68780 INFO tempest.lib.common.rest_client [req-6b8701fd-a81b-486a-acb1-bb16ef5bbc1d req-6b8701fd-a81b-486a-acb1-bb16ef5bbc1d ] Request (ServersListShow298Test:test_list_show_update_rebuild_server_298): 200 GET http://10.180.1.21/compute/v2.1/servers/5202b708-179c-48d2-9c4e-2bb5ab1a6ebb 0.250s
2025-03-11 18:40:01.985 68776 INFO tempest.lib.common.rest_client [req-178b0364-d53e-4465-846e-be480e975c93 req-178b0364-d53e-4465-846e-be480e975c93 ] Request (ServerRescueNegativeTestJSON:test_rescued_vm_detach_volume): 200 GET http://10.180.1.21/compute/v2.1/servers/a01364f9-e30d-4140-ae41-1e7c4aaa2251 0.211s
2025-03-11 18:40:02.028 68782 INFO tempest.lib.common.rest_client [req-61eca984-263c-4743-a26b-49178c105233 req-61eca984-263c-4743-a26b-49178c105233 ] Request (ServersTestJSON:setUpClass): 200 GET http://10.180.1.21/compute/v2.1/servers/7ae346fa-fbb2-4fd7-b620-f0dda8243ca8 0.208s
2025-03-11 18:40:02.068 68760 INFO tempest.lib.common.rest_client [req-47fc9fca-9e4f-4703-b717-ddc3a98486dd req-47fc9fca-9e4f-4703-b717-ddc3a98486dd ] Request (ListServerFiltersTestJSON:test_list_servers_filtered_by_name_regex): 200 GET http://10.180.1.21/compute/v2.1/servers?name=%5E.%2A%5C-instance%5C-%5B0-9%5D%2B%24 0.187s
2025-03-11 18:40:02.193 68790 INFO tempest.lib.common.rest_client [req-02a4b507-5e2d-497d-a243-840a00a172ee req-02a4b507-5e2d-497d-a243-840a00a172ee ] Request (ImagesTestJSON:test_create_image_from_suspended_server): 200 GET http://10.180.1.21/compute/v2.1/servers/6b10ff9f-3248-46fe-9cd4-19e0ebbcee77 0.262s
2025-03-11 18:40:02.227 68796 INFO tempest.lib.common.rest_client [req-f6db7591-3f9d-4a1f-a8e7-a398cad5cd64 req-f6db7591-3f9d-4a1f-a8e7-a398cad5cd64 ] Request (SecurityGroupsTestJSON:test_server_security_groups): 200 GET http://10.180.1.21/compute/v2.1/servers/efed858a-44b9-45b7-8778-22183549088c 0.294s
2025-03-11 18:40:02.251 68816 INFO tempest.lib.common.rest_client [req-157f7ab3-8a90-441f-8aa1-0f77089c9831 req-157f7ab3-8a90-441f-8aa1-0f77089c9831 ] Request (ServerActionsTestJSON:setUpClass): 200 GET http://10.180.1.21/compute/v2.1/servers/8ccd7176-55c0-4118-a07e-3c4bdbba9795 0.253s
2025-03-11 18:40:02.271 68760 INFO tempest.lib.common.rest_client [req-539ccd74-a882-4cbc-9396-2d31a94d13dd req-539ccd74-a882-4cbc-9396-2d31a94d13dd ] Request (ListServerFiltersTestJSON:test_list_servers_filtered_by_name_regex): 200 GET http://10.180.1.21/compute/v2.1/servers?name=%5E.%2A%5C-instance%5C-.%2A%24 0.201s
2025-03-11 18:40:02.302 68808 INFO tempest.lib.common.rest_client [req-053ded8e-5eb1-4e35-a8f2-0dcbde498941 req-053ded8e-5eb1-4e35-a8f2-0dcbde498941 ] Request (ImagesOneServerNegativeTestJSON:_run_cleanups): 200 GET http://10.180.1.21/compute/v2.1/servers/f212ea0b-5bf8-4a7f-820c-fd7e9d70aa81 0.231s
2025-03-11 18:40:02.335 68784 INFO tempest.lib.common.rest_client [req-adf0dfeb-403a-483f-951a-114c2fddf9b4 req-adf0dfeb-403a-483f-951a-114c2fddf9b4 ] Request (TenantUsagesTestJSON:tearDownClass): 200 GET http://10.180.1.21/compute/v2.1/servers/56cfa7f3-12ad-42d0-a27f-ab8136a903ee 0.180s
2025-03-11 18:40:02.359 68807 WARNING tempest.lib.common.ssh [-] Failed to establish authenticated ssh connection to cirros@10.180.180.245 ([Errno None] Unable to connect to port 22 on 10.180.180.245). Number attempts: 9. Retry after 10 seconds.: paramiko.ssh_exception.NoValidConnectionsError: [Errno None] Unable to connect to port 22 on 10.180.180.245
2025-03-11 18:40:02.361 68758 INFO tempest.lib.common.rest_client [req-b8aae3bd-95fd-4919-ab3d-748cfe642f67 req-b8aae3bd-95fd-4919-ab3d-748cfe642f67 ] Request (MigrationsAdminTest:test_resize_server_revert_deleted_flavor): 200 GET http://10.180.1.21/compute/v2.1/servers/b7706bf2-936f-439c-8e9f-b2241d0c211c 0.191s
2025-03-11 18:40:02.401 68766 INFO tempest.lib.common.rest_client [req-1f063894-1a65-4d10-81c5-855dc184e310 req-1f063894-1a65-4d10-81c5-855dc184e310 ] Request (ServersAdminNegativeTestJSON:tearDownClass): 200 GET http://10.180.1.21/compute/v2.1/servers/0484ccee-f003-4101-87c5-fed92f095d2d 0.163s
2025-03-11 18:40:02.408 68760 INFO tempest.lib.common.rest_client [req-0038865a-ebd0-418d-8f81-f7e891c54db8 req-0038865a-ebd0-418d-8f81-f7e891c54db8 ] Request (ListServerFiltersTestJSON:test_list_servers_filtered_by_name_regex): 200 GET http://10.180.1.21/compute/v2.1/servers?name=-911271791 0.134s
2025-03-11 18:40:02.467 68814 INFO tempest.lib.common.rest_client [req-757838dc-fae5-4d79-a099-6529e6e27b6f req-757838dc-fae5-4d79-a099-6529e6e27b6f ] Request (ServerRescueTestJSON:test_rescue_unrescue_instance): 200 GET http://10.180.1.21/compute/v2.1/servers/acbf4c5c-341c-4ebd-ad29-90ebf531aa86 0.119s
2025-03-11 18:40:02.480 68786 INFO tempest.lib.common.rest_client [req-83f9ad5c-081b-4e73-be67-2ef859b7a7a9 req-83f9ad5c-081b-4e73-be67-2ef859b7a7a9 ] Request (ServersAdmin275Test:tearDownClass): 200 GET http://10.180.1.21/compute/v2.1/servers/5435b4d8-46c3-43e3-b11b-cbeb580e2f36 0.162s
2025-03-11 18:40:02.518 68760 INFO tempest.lib.common.rest_client [req-84b600d7-596a-4961-ba82-963486cb7289 req-84b600d7-596a-4961-ba82-963486cb7289 ] Request (ListServerFiltersTestJSON:test_list_servers_filtered_by_name_wildcard): 200 GET http://10.180.1.21/compute/v2.1/servers?name=-instance 0.105s
2025-03-11 18:40:02.538 68798 INFO tempest.lib.common.rest_client [req-f18b6925-a4ef-41e6-928d-117d9eaf6e55 req-f18b6925-a4ef-41e6-928d-117d9eaf6e55 ] Request (InstanceActionsNegativeTestJSON:setUpClass): 200 GET http://10.180.1.21/compute/v2.1/servers/995a3eae-c025-4efa-b509-0bf678bb0388 0.068s
2025-03-11 18:40:02.586 68760 INFO tempest.lib.common.rest_client [req-7266dbd5-0fc4-40a3-9439-ffb5067f7d57 req-7266dbd5-0fc4-40a3-9439-ffb5067f7d57 ] Request (ListServerFiltersTestJSON:test_list_servers_filtered_by_name_wildcard): 200 GET http://10.180.1.21/compute/v2.1/servers?name=t-ListServerFiltersTestJSON-instance-91127179 0.066s
2025-03-11 18:40:02.676 68760 INFO tempest.lib.common.rest_client [req-15d02d76-d6f1-4eee-90fd-f7d6f9bc07a9 req-15d02d76-d6f1-4eee-90fd-f7d6f9bc07a9 ] Request (ListServerFiltersTestJSON:tearDownClass): 204 DELETE http://10.180.1.21/compute/v2.1/servers/e3855111-7678-42c5-a37e-25e8587416aa 0.087s
2025-03-11 18:40:02.742 68768 INFO tempest.lib.common.rest_client [req-426efe4b-7e6d-4a5e-806c-66e064ee15e8 req-426efe4b-7e6d-4a5e-806c-66e064ee15e8 ] Request (ServersAdminTestJSON:test_create_server_with_scheduling_hint): 200 GET http://10.180.1.21/compute/v2.1/servers/013a92cc-0fc2-4e85-aee6-efb62bae4dcb 0.105s
2025-03-11 18:40:02.780 68760 INFO tempest.lib.common.rest_client [req-860529d5-6685-4cd1-a646-d0fde405dc89 req-860529d5-6685-4cd1-a646-d0fde405dc89 ] Request (ListServerFiltersTestJSON:tearDownClass): 200 GET http://10.180.1.21/compute/v2.1/servers/e3855111-7678-42c5-a37e-25e8587416aa 0.103s
2025-03-11 18:40:02.790 68818 INFO tempest.lib.common.rest_client [req-5ab5272e-c730-4e8f-9595-506b4394abc7 req-5ab5272e-c730-4e8f-9595-506b4394abc7 ] Request (FloatingIPsAssociationTestJSON:test_associate_already_associated_floating_ip): 200 GET http://10.180.1.21/compute/v2.1/servers/26985e45-21ff-40bb-ac2b-c6f3700ccc97 0.080s
2025-03-11 18:40:02.825 68778 INFO tempest.lib.common.rest_client [req-c2acc82d-6eeb-4dc1-8d6c-980f27257c81 req-c2acc82d-6eeb-4dc1-8d6c-980f27257c81 ] Request (MultipleCreateTestJSON:_run_cleanups): 404 GET http://10.180.1.21/compute/v2.1/servers/67312d87-cc63-4dc7-b9c1-9c8d349a4756 0.022s
2025-03-11 18:40:02.878 68811 INFO tempest.lib.common.rest_client [req-3f4c73f4-ea47-4f69-86e1-8e201bcb38b7 req-3f4c73f4-ea47-4f69-86e1-8e201bcb38b7 ] Request (ServerDiskConfigTestJSON:test_rebuild_server_with_manual_disk_config): 200 GET http://10.180.1.21/compute/v2.1/servers/860107df-4e9b-44b1-9e85-b0ee3a827268 0.146s
2025-03-11 18:40:02.885 68778 INFO tempest.lib.common.rest_client [req-b5e4ea9e-02fd-497b-b779-ab6fb49dc2d5 req-b5e4ea9e-02fd-497b-b779-ab6fb49dc2d5 ] Request (MultipleCreateTestJSON:_run_cleanups): 200 GET http://10.180.1.21/compute/v2.1/servers/1841dcd4-c231-4c6d-aa2f-5ce3cbb2b530 0.059s
2025-03-11 18:40:02.885 68811 INFO tempest.common.waiters [-] State transition "BUILD/block_device_mapping" ==> "BUILD/spawning" after 62 second wait
2025-03-11 18:40:02.938 68772 INFO tempest.lib.common.rest_client [req-eaea467e-09cf-4000-9999-54a6a17bde67 req-eaea467e-09cf-4000-9999-54a6a17bde67 ] Request (DeleteServersAdminTestJSON:test_delete_server_while_in_error_state): 200 GET http://10.180.1.21/compute/v2.1/servers/aa39767e-1ae7-4881-b0a8-e7b66e1ceed2 0.071s
2025-03-11 18:40:02.974 68770 INFO tempest.lib.common.rest_client [req-8563adf2-078e-4eda-8b90-dc5bd7544b5c req-8563adf2-078e-4eda-8b90-dc5bd7544b5c ] Request (ServersTestBootFromVolume:setUpClass): 200 GET http://10.180.1.21/compute/v2.1/servers/29e9555b-f928-43e7-a3a3-869ed07d7326 0.053s
2025-03-11 18:40:02.985 68764 INFO tempest.lib.common.rest_client [req-9cc8d893-d63e-4660-ad9e-d9e32a144079 req-9cc8d893-d63e-4660-ad9e-d9e32a144079 ] Request (ServerExternalEventsTest:test_create_server_external_events): 200 GET http://10.180.1.21/compute/v2.1/servers/c5af19d6-5534-45e6-8c9c-dacf30d4fb1a 0.051s
2025-03-11 18:40:03.017 68762 INFO paramiko.transport [-] Connected (version 2.0, client dropbear_2020.81)
2025-03-11 18:40:03.087 68776 INFO tempest.lib.common.rest_client [req-69195ecc-2706-4c7f-8a4d-1fc3fa37c615 req-69195ecc-2706-4c7f-8a4d-1fc3fa37c615 ] Request (ServerRescueNegativeTestJSON:test_rescued_vm_detach_volume): 200 GET http://10.180.1.21/compute/v2.1/servers/a01364f9-e30d-4140-ae41-1e7c4aaa2251 0.094s
2025-03-11 18:40:03.129 68780 INFO tempest.lib.common.rest_client [req-48bd7fa9-bb7d-4c1e-8cc1-2cea8c9889f4 req-48bd7fa9-bb7d-4c1e-8cc1-2cea8c9889f4 ] Request (ServersListShow298Test:test_list_show_update_rebuild_server_298): 200 GET http://10.180.1.21/compute/v2.1/servers/5202b708-179c-48d2-9c4e-2bb5ab1a6ebb 0.135s
2025-03-11 18:40:03.137 68762 INFO paramiko.transport [-] Authentication (publickey) successful!
2025-03-11 18:40:03.140 68762 INFO tempest.lib.common.ssh [-] ssh connection to cirros@10.180.180.164 successfully created
2025-03-11 18:40:03.143 68782 INFO tempest.lib.common.rest_client [req-719437f0-49fd-426b-8cf7-9ee2b25ba156 req-719437f0-49fd-426b-8cf7-9ee2b25ba156 ] Request (ServersTestJSON:setUpClass): 200 GET http://10.180.1.21/compute/v2.1/servers/7ae346fa-fbb2-4fd7-b620-f0dda8243ca8 0.107s
2025-03-11 18:40:03.357 68790 INFO tempest.lib.common.rest_client [req-140fbc63-b5e8-480f-b039-1db7b7c8cd70 req-140fbc63-b5e8-480f-b039-1db7b7c8cd70 ] Request (ImagesTestJSON:test_create_image_from_suspended_server): 200 GET http://10.180.1.21/compute/v2.1/servers/6b10ff9f-3248-46fe-9cd4-19e0ebbcee77 0.155s
2025-03-11 18:40:03.472 68796 INFO tempest.lib.common.rest_client [req-760185e2-7e40-41e4-a797-97694e086dca req-760185e2-7e40-41e4-a797-97694e086dca ] Request (SecurityGroupsTestJSON:test_server_security_groups): 200 GET http://10.180.1.21/compute/v2.1/servers/efed858a-44b9-45b7-8778-22183549088c 0.235s
2025-03-11 18:40:03.522 68816 INFO tempest.lib.common.rest_client [req-26fa2b56-88fd-47ff-8929-23b708956bd7 req-26fa2b56-88fd-47ff-8929-23b708956bd7 ] Request (ServerActionsTestJSON:setUpClass): 200 GET http://10.180.1.21/compute/v2.1/servers/8ccd7176-55c0-4118-a07e-3c4bdbba9795 0.260s
2025-03-11 18:40:03.572 68808 INFO tempest.lib.common.rest_client [req-b6a6b64a-a976-4672-8a48-b544ac0592d4 req-b6a6b64a-a976-4672-8a48-b544ac0592d4 ] Request (ImagesOneServerNegativeTestJSON:_run_cleanups): 200 GET http://10.180.1.21/compute/v2.1/servers/f212ea0b-5bf8-4a7f-820c-fd7e9d70aa81 0.261s
2025-03-11 18:40:03.624 68784 INFO tempest.lib.common.rest_client [req-b8cd9825-9e21-47f7-abe9-2dcc81a1957c req-b8cd9825-9e21-47f7-abe9-2dcc81a1957c ] Request (TenantUsagesTestJSON:tearDownClass): 200 GET http://10.180.1.21/compute/v2.1/servers/56cfa7f3-12ad-42d0-a27f-ab8136a903ee 0.279s
2025-03-11 18:40:03.672 68758 INFO tempest.lib.common.rest_client [req-0b587514-6218-4218-ae77-d496c48f3b2a req-0b587514-6218-4218-ae77-d496c48f3b2a ] Request (MigrationsAdminTest:test_resize_server_revert_deleted_flavor): 200 GET http://10.180.1.21/compute/v2.1/servers/b7706bf2-936f-439c-8e9f-b2241d0c211c 0.294s
2025-03-11 18:40:03.729 68766 INFO tempest.lib.common.rest_client [req-210f804d-d3df-4180-86e3-5fb51ce589e7 req-210f804d-d3df-4180-86e3-5fb51ce589e7 ] Request (ServersAdminNegativeTestJSON:tearDownClass): 200 GET http://10.180.1.21/compute/v2.1/servers/0484ccee-f003-4101-87c5-fed92f095d2d 0.320s
2025-03-11 18:40:03.781 68814 INFO tempest.lib.common.rest_client [req-fe93fbaa-e443-4b51-a325-b69f4a1d0015 req-fe93fbaa-e443-4b51-a325-b69f4a1d0015 ] Request (ServerRescueTestJSON:test_rescue_unrescue_instance): 200 GET http://10.180.1.21/compute/v2.1/servers/acbf4c5c-341c-4ebd-ad29-90ebf531aa86 0.301s
2025-03-11 18:40:03.849 68786 INFO tempest.lib.common.rest_client [req-2ef77439-9439-4146-aa76-dd27c758fedd req-2ef77439-9439-4146-aa76-dd27c758fedd ] Request (ServersAdmin275Test:tearDownClass): 200 GET http://10.180.1.21/compute/v2.1/servers/5435b4d8-46c3-43e3-b11b-cbeb580e2f36 0.358s
2025-03-11 18:40:03.901 68798 INFO tempest.lib.common.rest_client [req-397aa830-fe36-4be0-8e19-ee1316ae663d req-397aa830-fe36-4be0-8e19-ee1316ae663d ] Request (InstanceActionsNegativeTestJSON:setUpClass): 200 GET http://10.180.1.21/compute/v2.1/servers/995a3eae-c025-4efa-b509-0bf678bb0388 0.354s
2025-03-11 18:40:04.011 68768 INFO tempest.lib.common.rest_client [req-4ef9f835-a1db-4d4f-a248-268046ca5349 req-4ef9f835-a1db-4d4f-a248-268046ca5349 ] Request (ServersAdminTestJSON:test_create_server_with_scheduling_hint): 200 GET http://10.180.1.21/compute/v2.1/servers/013a92cc-0fc2-4e85-aee6-efb62bae4dcb 0.261s
2025-03-11 18:40:04.092 68760 INFO tempest.lib.common.rest_client [req-44df0825-4ea5-4d94-af7c-71de30f7fcae req-44df0825-4ea5-4d94-af7c-71de30f7fcae ] Request (ListServerFiltersTestJSON:tearDownClass): 200 GET http://10.180.1.21/compute/v2.1/servers/e3855111-7678-42c5-a37e-25e8587416aa 0.304s
2025-03-11 18:40:04.134 68818 INFO tempest.lib.common.rest_client [req-0db09357-04b8-4171-a1aa-6c202847a78a req-0db09357-04b8-4171-a1aa-6c202847a78a ] Request (FloatingIPsAssociationTestJSON:test_associate_already_associated_floating_ip): 200 GET http://10.180.1.21/compute/v2.1/servers/26985e45-21ff-40bb-ac2b-c6f3700ccc97 0.335s
2025-03-11 18:40:04.466 68811 INFO tempest.lib.common.rest_client [req-4b12d224-6769-430b-9c0c-f88a78007178 req-4b12d224-6769-430b-9c0c-f88a78007178 ] Request (ServerDiskConfigTestJSON:test_rebuild_server_with_manual_disk_config): 200 GET http://10.180.1.21/compute/v2.1/servers/860107df-4e9b-44b1-9e85-b0ee3a827268 0.580s
2025-03-11 18:40:04.528 68778 INFO tempest.lib.common.rest_client [req-db68c273-a124-4038-9665-e7b607e680f3 req-db68c273-a124-4038-9665-e7b607e680f3 ] Request (MultipleCreateTestJSON:_run_cleanups): 200 GET http://10.180.1.21/compute/v2.1/servers/1841dcd4-c231-4c6d-aa2f-5ce3cbb2b530 0.631s
2025-03-11 18:40:04.591 68772 INFO tempest.lib.common.rest_client [req-379c66c8-3149-464f-ba7e-995a7da7bf0d req-379c66c8-3149-464f-ba7e-995a7da7bf0d ] Request (DeleteServersAdminTestJSON:test_delete_server_while_in_error_state): 200 GET http://10.180.1.21/compute/v2.1/servers/aa39767e-1ae7-4881-b0a8-e7b66e1ceed2 0.644s
2025-03-11 18:40:04.647 68770 INFO tempest.lib.common.rest_client [req-4e4ebd9e-4225-4d22-88d5-201423b2eea0 req-4e4ebd9e-4225-4d22-88d5-201423b2eea0 ] Request (ServersTestBootFromVolume:setUpClass): 200 GET http://10.180.1.21/compute/v2.1/servers/29e9555b-f928-43e7-a3a3-869ed07d7326 0.665s
2025-03-11 18:40:04.703 68764 INFO tempest.lib.common.rest_client [req-0fadf000-c718-4e2d-bf54-dc132a1d5aa5 req-0fadf000-c718-4e2d-bf54-dc132a1d5aa5 ] Request (ServerExternalEventsTest:test_create_server_external_events): 200 GET http://10.180.1.21/compute/v2.1/servers/c5af19d6-5534-45e6-8c9c-dacf30d4fb1a 0.710s
2025-03-11 18:40:04.750 68776 INFO tempest.lib.common.rest_client [req-6314393a-ac78-400d-abd3-786d8d69f395 req-6314393a-ac78-400d-abd3-786d8d69f395 ] Request (ServerRescueNegativeTestJSON:test_rescued_vm_detach_volume): 200 GET http://10.180.1.21/compute/v2.1/servers/a01364f9-e30d-4140-ae41-1e7c4aaa2251 0.654s
2025-03-11 18:40:04.812 68780 INFO tempest.lib.common.rest_client [req-5f68592e-5bc4-4030-9964-5def412a961f req-5f68592e-5bc4-4030-9964-5def412a961f ] Request (ServersListShow298Test:test_list_show_update_rebuild_server_298): 200 GET http://10.180.1.21/compute/v2.1/servers/5202b708-179c-48d2-9c4e-2bb5ab1a6ebb 0.665s
2025-03-11 18:40:04.866 68762 INFO tempest.lib.common.rest_client [req-7337aeb6-6933-41e5-8bad-85e1592e0493 req-7337aeb6-6933-41e5-8bad-85e1592e0493 ] Request (VolumesAssistedSnapshotsTest:test_volume_assisted_snapshot_create_delete): 200 POST http://10.180.1.21/compute/v2.1/servers/ea330078-a8f2-41f4-a161-5d0e29ddfab5/os-volume_attachments 1.725s
2025-03-11 18:40:04.879 68782 INFO tempest.lib.common.rest_client [req-3de1455f-a9c8-4106-9181-b46b8a3e44b0 req-3de1455f-a9c8-4106-9181-b46b8a3e44b0 ] Request (ServersTestJSON:setUpClass): 200 GET http://10.180.1.21/compute/v2.1/servers/7ae346fa-fbb2-4fd7-b620-f0dda8243ca8 0.726s
2025-03-11 18:40:04.909 68762 INFO tempest.lib.common.rest_client [req-9ee07621-7052-47d3-8cf6-6e1fefc1bb55 req-9ee07621-7052-47d3-8cf6-6e1fefc1bb55 ] Request (VolumesAssistedSnapshotsTest:test_volume_assisted_snapshot_create_delete): 200 GET http://10.180.1.21/volume/v3/volumes/97cb9764-cf92-4eda-944b-9e7123615f4c 0.041s
2025-03-11 18:40:05.034 68790 INFO tempest.lib.common.rest_client [req-b67e5a86-d042-4176-9992-28f50e0dbb87 req-b67e5a86-d042-4176-9992-28f50e0dbb87 ] Request (ImagesTestJSON:test_create_image_from_suspended_server): 200 GET http://10.180.1.21/compute/v2.1/servers/6b10ff9f-3248-46fe-9cd4-19e0ebbcee77 0.668s
2025-03-11 18:40:05.052 68796 INFO tempest.lib.common.rest_client [req-2845036b-76eb-40a5-a61f-c59bdd883406 req-2845036b-76eb-40a5-a61f-c59bdd883406 ] Request (SecurityGroupsTestJSON:test_server_security_groups): 200 GET http://10.180.1.21/compute/v2.1/servers/efed858a-44b9-45b7-8778-22183549088c 0.572s
2025-03-11 18:40:05.061 68796 INFO tempest.common.waiters [-] State transition "HARD_REBOOT/rebooting_hard" ==> "HARD_REBOOT/reboot_started_hard" after 5 second wait
2025-03-11 18:40:05.107 68816 INFO tempest.lib.common.rest_client [req-3d4d180f-3f32-4160-9654-3bf161d181ac req-3d4d180f-3f32-4160-9654-3bf161d181ac ] Request (ServerActionsTestJSON:setUpClass): 200 GET http://10.180.1.21/compute/v2.1/servers/8ccd7176-55c0-4118-a07e-3c4bdbba9795 0.576s
2025-03-11 18:40:05.149 68808 INFO tempest.lib.common.rest_client [req-ea560a08-27e4-432d-a465-03b1880bf728 req-ea560a08-27e4-432d-a465-03b1880bf728 ] Request (ImagesOneServerNegativeTestJSON:_run_cleanups): 200 GET http://10.180.1.21/compute/v2.1/servers/f212ea0b-5bf8-4a7f-820c-fd7e9d70aa81 0.569s
2025-03-11 18:40:05.183 68784 INFO tempest.lib.common.rest_client [req-c998294e-288f-4328-a98a-87c5fefc3cfd req-c998294e-288f-4328-a98a-87c5fefc3cfd ] Request (TenantUsagesTestJSON:tearDownClass): 200 GET http://10.180.1.21/compute/v2.1/servers/56cfa7f3-12ad-42d0-a27f-ab8136a903ee 0.551s
2025-03-11 18:40:05.219 68758 INFO tempest.lib.common.rest_client [req-75e43047-5778-4944-a996-32d0609159f3 req-75e43047-5778-4944-a996-32d0609159f3 ] Request (MigrationsAdminTest:test_resize_server_revert_deleted_flavor): 200 GET http://10.180.1.21/compute/v2.1/servers/b7706bf2-936f-439c-8e9f-b2241d0c211c 0.537s
2025-03-11 18:40:05.250 68766 INFO tempest.lib.common.rest_client [req-28bd48cf-7720-4a58-b0e4-58c7d86d8efd req-28bd48cf-7720-4a58-b0e4-58c7d86d8efd ] Request (ServersAdminNegativeTestJSON:tearDownClass): 200 GET http://10.180.1.21/compute/v2.1/servers/0484ccee-f003-4101-87c5-fed92f095d2d 0.513s
2025-03-11 18:40:05.285 68814 INFO tempest.lib.common.rest_client [req-d6c90eeb-9eca-4636-b2df-3eba57415bff req-d6c90eeb-9eca-4636-b2df-3eba57415bff ] Request (ServerRescueTestJSON:test_rescue_unrescue_instance): 200 GET http://10.180.1.21/compute/v2.1/servers/acbf4c5c-341c-4ebd-ad29-90ebf531aa86 0.496s
2025-03-11 18:40:05.325 68786 INFO tempest.lib.common.rest_client [req-96de2616-6b37-4d7e-b85e-30a7e16ace39 req-96de2616-6b37-4d7e-b85e-30a7e16ace39 ] Request (ServersAdmin275Test:tearDownClass): 200 GET http://10.180.1.21/compute/v2.1/servers/5435b4d8-46c3-43e3-b11b-cbeb580e2f36 0.463s
2025-03-11 18:40:05.347 68798 INFO tempest.lib.common.rest_client [req-3a2e2ed1-1ebd-4989-98fb-51c1d5aa3ba4 req-3a2e2ed1-1ebd-4989-98fb-51c1d5aa3ba4 ] Request (InstanceActionsNegativeTestJSON:setUpClass): 200 GET http://10.180.1.21/compute/v2.1/servers/995a3eae-c025-4efa-b509-0bf678bb0388 0.436s
2025-03-11 18:40:05.420 68760 INFO tempest.lib.common.rest_client [req-383b400f-2218-4535-abba-af1e8051a6fc req-383b400f-2218-4535-abba-af1e8051a6fc ] Request (ListServerFiltersTestJSON:tearDownClass): 200 GET http://10.180.1.21/compute/v2.1/servers/e3855111-7678-42c5-a37e-25e8587416aa 0.319s
2025-03-11 18:40:05.474 68768 INFO tempest.lib.common.rest_client [req-bd838166-94c2-4918-b0e6-8282e4e75751 req-bd838166-94c2-4918-b0e6-8282e4e75751 ] Request (ServersAdminTestJSON:test_create_server_with_scheduling_hint): 200 GET http://10.180.1.21/compute/v2.1/servers/013a92cc-0fc2-4e85-aee6-efb62bae4dcb 0.456s
2025-03-11 18:40:05.483 68818 INFO tempest.lib.common.rest_client [req-2a1614ba-d982-4717-9180-0598622e6a4f req-2a1614ba-d982-4717-9180-0598622e6a4f ] Request (FloatingIPsAssociationTestJSON:test_associate_already_associated_floating_ip): 200 GET http://10.180.1.21/compute/v2.1/servers/26985e45-21ff-40bb-ac2b-c6f3700ccc97 0.342s
2025-03-11 18:40:05.566 68778 INFO tempest.lib.common.rest_client [req-d13619f5-3835-421c-920a-50acbd3c380f req-d13619f5-3835-421c-920a-50acbd3c380f ] Request (MultipleCreateTestJSON:_run_cleanups): 404 GET http://10.180.1.21/compute/v2.1/servers/1841dcd4-c231-4c6d-aa2f-5ce3cbb2b530 0.029s
2025-03-11 18:40:05.616 68811 INFO tempest.lib.common.rest_client [req-4dfa8e70-10e1-483b-b04c-ea7727270650 req-4dfa8e70-10e1-483b-b04c-ea7727270650 ] Request (ServerDiskConfigTestJSON:test_rebuild_server_with_manual_disk_config): 200 GET http://10.180.1.21/compute/v2.1/servers/860107df-4e9b-44b1-9e85-b0ee3a827268 0.139s
2025-03-11 18:40:05.654 68778 INFO tempest.lib.common.rest_client [req-45c64985-92da-4d58-808c-218a22c0ce57 req-45c64985-92da-4d58-808c-218a22c0ce57 ] Request (MultipleCreateTestJSON:test_multiple_create_with_reservation_return): 201 POST http://10.180.1.21/identity/v3/auth/tokens 0.082s
2025-03-11 18:40:05.654 68778 INFO tempest.lib.common.fixed_network [-] (MultipleCreateTestJSON:test_multiple_create_with_reservation_return) Found network {'id': '404699e8-c917-4330-bbef-e17978baa3ec', 'name': 'tempest-MultipleCreateTestJSON-1166671453-network', 'tenant_id': 'f0e56fa6cd94413d82963b143143f519', 'admin_state_up': True, 'mtu': 8950, 'status': 'ACTIVE', 'subnets': [], 'shared': False, 'project_id': 'f0e56fa6cd94413d82963b143143f519', 'port_security_enabled': True, 'router:external': False, 'provider:network_type': 'vlan', 'provider:physical_network': 'default', 'provider:segmentation_id': 955, 'availability_zone_hints': [], 'availability_zones': [], 'ipv4_address_scope': None, 'ipv6_address_scope': None, 'description': '', 'tags': [], 'created_at': '2025-03-11T18:38:26Z', 'updated_at': '2025-03-11T18:38:26Z', 'revision_number': 1} available for tenant
2025-03-11 18:40:05.681 68772 INFO tempest.lib.common.rest_client [req-10fe4cad-f513-4e78-ad9e-8bd678e351ee req-10fe4cad-f513-4e78-ad9e-8bd678e351ee ] Request (DeleteServersAdminTestJSON:test_delete_server_while_in_error_state): 200 GET http://10.180.1.21/compute/v2.1/servers/aa39767e-1ae7-4881-b0a8-e7b66e1ceed2 0.082s
2025-03-11 18:40:05.743 68770 INFO tempest.lib.common.rest_client [req-4f939510-9598-479c-93eb-3413f4a6a938 req-4f939510-9598-479c-93eb-3413f4a6a938 ] Request (ServersTestBootFromVolume:setUpClass): 200 GET http://10.180.1.21/compute/v2.1/servers/29e9555b-f928-43e7-a3a3-869ed07d7326 0.087s
2025-03-11 18:40:05.798 68764 INFO tempest.lib.common.rest_client [req-92c65fa2-d92a-415a-8f9e-f2c4f41df3d6 req-92c65fa2-d92a-415a-8f9e-f2c4f41df3d6 ] Request (ServerExternalEventsTest:test_create_server_external_events): 200 GET http://10.180.1.21/compute/v2.1/servers/c5af19d6-5534-45e6-8c9c-dacf30d4fb1a 0.086s
2025-03-11 18:40:05.865 68776 INFO tempest.lib.common.rest_client [req-70a20a73-2c7d-411d-8813-2452f3dbf546 req-70a20a73-2c7d-411d-8813-2452f3dbf546 ] Request (ServerRescueNegativeTestJSON:test_rescued_vm_detach_volume): 200 GET http://10.180.1.21/compute/v2.1/servers/a01364f9-e30d-4140-ae41-1e7c4aaa2251 0.106s
2025-03-11 18:40:05.928 68780 INFO tempest.lib.common.rest_client [req-ded11f0f-896d-48fa-8ace-156578587df9 req-ded11f0f-896d-48fa-8ace-156578587df9 ] Request (ServersListShow298Test:test_list_show_update_rebuild_server_298): 200 GET http://10.180.1.21/compute/v2.1/servers/5202b708-179c-48d2-9c4e-2bb5ab1a6ebb 0.104s
2025-03-11 18:40:05.953 68762 INFO tempest.lib.common.rest_client [req-ccd7bc8f-37cd-49e7-bfe9-b062a74a1e84 req-ccd7bc8f-37cd-49e7-bfe9-b062a74a1e84 ] Request (VolumesAssistedSnapshotsTest:test_volume_assisted_snapshot_create_delete): 200 GET http://10.180.1.21/volume/v3/volumes/97cb9764-cf92-4eda-944b-9e7123615f4c 0.030s
2025-03-11 18:40:05.978 68782 INFO tempest.lib.common.rest_client [req-9f413592-cb34-47a3-af37-4ae496fb2d2d req-9f413592-cb34-47a3-af37-4ae496fb2d2d ] Request (ServersTestJSON:setUpClass): 200 GET http://10.180.1.21/compute/v2.1/servers/7ae346fa-fbb2-4fd7-b620-f0dda8243ca8 0.090s
2025-03-11 18:40:06.039 68778 INFO tempest.lib.common.rest_client [req-f8551b4b-5a8d-4f88-bcc0-3e9772e0d0b7 req-f8551b4b-5a8d-4f88-bcc0-3e9772e0d0b7 ] Request (MultipleCreateTestJSON:test_multiple_create_with_reservation_return): 202 POST http://10.180.1.21/compute/v2.1/servers 0.383s
2025-03-11 18:40:06.076 68778 INFO tempest.lib.common.rest_client [req-0707bec4-e257-4ffa-b165-e7b24e66f721 req-0707bec4-e257-4ffa-b165-e7b24e66f721 ] Request (MultipleCreateTestJSON:test_multiple_create_with_reservation_return): 200 GET http://10.180.1.21/compute/v2.1/servers 0.037s
2025-03-11 18:40:06.181 68790 INFO tempest.lib.common.rest_client [req-403df013-1e53-4a53-afb5-e94c946c88c2 req-403df013-1e53-4a53-afb5-e94c946c88c2 ] Request (ImagesTestJSON:test_create_image_from_suspended_server): 200 GET http://10.180.1.21/compute/v2.1/servers/6b10ff9f-3248-46fe-9cd4-19e0ebbcee77 0.138s
2025-03-11 18:40:06.201 68796 INFO tempest.lib.common.rest_client [req-8b8bf5db-aaa5-4911-af39-eabd3a4c8437 req-8b8bf5db-aaa5-4911-af39-eabd3a4c8437 ] Request (SecurityGroupsTestJSON:test_server_security_groups): 200 GET http://10.180.1.21/compute/v2.1/servers/efed858a-44b9-45b7-8778-22183549088c 0.138s
2025-03-11 18:40:06.208 68796 INFO tempest.common.waiters [-] State transition "HARD_REBOOT/reboot_started_hard" ==> "ACTIVE/None" after 6 second wait
2025-03-11 18:40:06.223 68778 INFO tempest.lib.common.rest_client [req-12f07272-e105-42cd-91f6-4f48e64f6e1f req-12f07272-e105-42cd-91f6-4f48e64f6e1f ] Request (MultipleCreateTestJSON:test_multiple_create_with_reservation_return): 200 GET http://10.180.1.21/compute/v2.1/servers/fc62ff9d-1bd8-4b32-9e71-41410276802d 0.144s
2025-03-11 18:40:06.260 68816 INFO tempest.lib.common.rest_client [req-3e3f9773-7812-45d8-938f-37cb36706dbf req-3e3f9773-7812-45d8-938f-37cb36706dbf ] Request (ServerActionsTestJSON:setUpClass): 200 GET http://10.180.1.21/compute/v2.1/servers/8ccd7176-55c0-4118-a07e-3c4bdbba9795 0.144s
2025-03-11 18:40:06.270 68808 INFO tempest.lib.common.rest_client [req-29297df7-10d2-4ea6-9bd6-be1899adfce9 req-29297df7-10d2-4ea6-9bd6-be1899adfce9 ] Request (ImagesOneServerNegativeTestJSON:_run_cleanups): 200 GET http://10.180.1.21/compute/v2.1/servers/f212ea0b-5bf8-4a7f-820c-fd7e9d70aa81 0.111s
2025-03-11 18:40:06.324 68784 INFO tempest.lib.common.rest_client [req-a246e5ba-5ac7-406e-b288-a30ea6b845eb req-a246e5ba-5ac7-406e-b288-a30ea6b845eb ] Request (TenantUsagesTestJSON:tearDownClass): 200 GET http://10.180.1.21/compute/v2.1/servers/56cfa7f3-12ad-42d0-a27f-ab8136a903ee 0.127s
2025-03-11 18:40:06.374 68758 INFO tempest.lib.common.rest_client [req-ef6a2a35-2443-4c6c-bc98-8f5931c2f79e req-ef6a2a35-2443-4c6c-bc98-8f5931c2f79e ] Request (MigrationsAdminTest:test_resize_server_revert_deleted_flavor): 200 GET http://10.180.1.21/compute/v2.1/servers/b7706bf2-936f-439c-8e9f-b2241d0c211c 0.146s
2025-03-11 18:40:06.433 68766 INFO tempest.lib.common.rest_client [req-86596588-ca3e-46f1-b23d-34443d84eb85 req-86596588-ca3e-46f1-b23d-34443d84eb85 ] Request (ServersAdminNegativeTestJSON:tearDownClass): 200 GET http://10.180.1.21/compute/v2.1/servers/0484ccee-f003-4101-87c5-fed92f095d2d 0.172s
2025-03-11 18:40:06.485 68814 INFO tempest.lib.common.rest_client [req-9d22d730-42a0-42ad-9678-e144858fe023 req-9d22d730-42a0-42ad-9678-e144858fe023 ] Request (ServerRescueTestJSON:test_rescue_unrescue_instance): 200 GET http://10.180.1.21/compute/v2.1/servers/acbf4c5c-341c-4ebd-ad29-90ebf531aa86 0.189s
2025-03-11 18:40:06.555 68786 INFO tempest.lib.common.rest_client [req-b21af55d-f6ab-48b6-a8d5-07ce5b2ffe6b req-b21af55d-f6ab-48b6-a8d5-07ce5b2ffe6b ] Request (ServersAdmin275Test:tearDownClass): 200 GET http://10.180.1.21/compute/v2.1/servers/5435b4d8-46c3-43e3-b11b-cbeb580e2f36 0.208s
2025-03-11 18:40:06.618 68798 INFO tempest.lib.common.rest_client [req-899c2d8c-d544-4533-b8d4-4f0dca07e472 req-899c2d8c-d544-4533-b8d4-4f0dca07e472 ] Request (InstanceActionsNegativeTestJSON:setUpClass): 200 GET http://10.180.1.21/compute/v2.1/servers/995a3eae-c025-4efa-b509-0bf678bb0388 0.260s
2025-03-11 18:40:06.669 68796 INFO tempest.lib.common.rest_client [req-190aaf9a-9f3e-40bc-960e-1abdc5f5e7ac req-190aaf9a-9f3e-40bc-960e-1abdc5f5e7ac ] Request (SecurityGroupsTestJSON:test_server_security_groups): 202 POST http://10.180.1.21/compute/v2.1/servers/efed858a-44b9-45b7-8778-22183549088c/action 0.461s
2025-03-11 18:40:06.681 68760 INFO tempest.lib.common.rest_client [req-24c0e9ec-bd19-4ee4-bc04-585bde51cdc7 req-24c0e9ec-bd19-4ee4-bc04-585bde51cdc7 ] Request (ListServerFiltersTestJSON:tearDownClass): 200 GET http://10.180.1.21/compute/v2.1/servers/e3855111-7678-42c5-a37e-25e8587416aa 0.251s
2025-03-11 18:40:06.688 68760 INFO tempest.common.waiters [-] State transition "ACTIVE/deleting" ==> "DELETED/None" after 4 second wait
2025-03-11 18:40:06.741 68818 INFO tempest.lib.common.rest_client [req-0d8533eb-0e77-479d-8af6-600103e4eefc req-0d8533eb-0e77-479d-8af6-600103e4eefc ] Request (FloatingIPsAssociationTestJSON:test_associate_already_associated_floating_ip): 200 GET http://10.180.1.21/compute/v2.1/servers/26985e45-21ff-40bb-ac2b-c6f3700ccc97 0.249s
2025-03-11 18:40:06.779 68768 INFO tempest.lib.common.rest_client [req-c06ae072-f310-4e86-b41b-afea3251f4f3 req-c06ae072-f310-4e86-b41b-afea3251f4f3 ] Request (ServersAdminTestJSON:test_create_server_with_scheduling_hint): 200 GET http://10.180.1.21/compute/v2.1/servers/013a92cc-0fc2-4e85-aee6-efb62bae4dcb 0.293s
2025-03-11 18:40:06.853 68796 INFO tempest.lib.common.rest_client [req-31de236b-cd8c-44a7-8e8a-53b1f842c844 req-31de236b-cd8c-44a7-8e8a-53b1f842c844 ] Request (SecurityGroupsTestJSON:test_server_security_groups): 400 DELETE http://10.180.1.21/compute/v2.1/os-security-groups/9a70c455-4907-4a5a-b2a6-159badaa102e 0.181s
2025-03-11 18:40:06.894 68811 INFO tempest.lib.common.rest_client [req-0d233651-5a85-4708-8617-aed3407bdf02 req-0d233651-5a85-4708-8617-aed3407bdf02 ] Request (ServerDiskConfigTestJSON:test_rebuild_server_with_manual_disk_config): 200 GET http://10.180.1.21/compute/v2.1/servers/860107df-4e9b-44b1-9e85-b0ee3a827268 0.269s
2025-03-11 18:40:06.913 68772 INFO tempest.lib.common.rest_client [req-e436f064-bd40-4c78-a0d6-d7353bd92004 req-e436f064-bd40-4c78-a0d6-d7353bd92004 ] Request (DeleteServersAdminTestJSON:test_delete_server_while_in_error_state): 200 GET http://10.180.1.21/compute/v2.1/servers/aa39767e-1ae7-4881-b0a8-e7b66e1ceed2 0.222s
2025-03-11 18:40:06.942 68770 INFO tempest.lib.common.rest_client [req-c6ddcc18-bb83-4388-ac62-7c535fde9b53 req-c6ddcc18-bb83-4388-ac62-7c535fde9b53 ] Request (ServersTestBootFromVolume:setUpClass): 200 GET http://10.180.1.21/compute/v2.1/servers/29e9555b-f928-43e7-a3a3-869ed07d7326 0.191s
2025-03-11 18:40:06.960 68764 INFO tempest.lib.common.rest_client [req-41579168-7132-485f-bab4-e5bd10290d1e req-41579168-7132-485f-bab4-e5bd10290d1e ] Request (ServerExternalEventsTest:test_create_server_external_events): 200 GET http://10.180.1.21/compute/v2.1/servers/c5af19d6-5534-45e6-8c9c-dacf30d4fb1a 0.153s
2025-03-11 18:40:06.993 68762 INFO tempest.lib.common.rest_client [req-84020bc8-d150-4f90-89a3-ad63b79567d5 req-84020bc8-d150-4f90-89a3-ad63b79567d5 ] Request (VolumesAssistedSnapshotsTest:test_volume_assisted_snapshot_create_delete): 200 GET http://10.180.1.21/volume/v3/volumes/97cb9764-cf92-4eda-944b-9e7123615f4c 0.032s
2025-03-11 18:40:07.011 68776 INFO tempest.lib.common.rest_client [req-e6b289da-ca34-4483-a809-7e059f04194a req-e6b289da-ca34-4483-a809-7e059f04194a ] Request (ServerRescueNegativeTestJSON:test_rescued_vm_detach_volume): 200 GET http://10.180.1.21/compute/v2.1/servers/a01364f9-e30d-4140-ae41-1e7c4aaa2251 0.138s
2025-03-11 18:40:07.022 68796 INFO tempest.lib.common.rest_client [req-4438dd72-7b78-4251-acf1-86e1ce3a4e83 req-4438dd72-7b78-4251-acf1-86e1ce3a4e83 ] Request (SecurityGroupsTestJSON:test_server_security_groups): 204 DELETE http://10.180.1.21/compute/v2.1/servers/efed858a-44b9-45b7-8778-22183549088c 0.169s
2025-03-11 18:40:07.079 68782 INFO tempest.lib.common.rest_client [req-5c28a19c-cd97-4781-acbd-b9b53a9c7321 req-5c28a19c-cd97-4781-acbd-b9b53a9c7321 ] Request (ServersTestJSON:setUpClass): 200 GET http://10.180.1.21/compute/v2.1/servers/7ae346fa-fbb2-4fd7-b620-f0dda8243ca8 0.092s
2025-03-11 18:40:07.089 68780 INFO tempest.lib.common.rest_client [req-1a29c4f7-da6b-4738-ab63-4a456cfdae0c req-1a29c4f7-da6b-4738-ab63-4a456cfdae0c ] Request (ServersListShow298Test:test_list_show_update_rebuild_server_298): 200 GET http://10.180.1.21/compute/v2.1/servers/5202b708-179c-48d2-9c4e-2bb5ab1a6ebb 0.148s
2025-03-11 18:40:07.100 68780 INFO tempest.common.waiters [-] State transition "REBUILD/rebuild_spawning" ==> "ACTIVE/None" after 11 second wait
2025-03-11 18:40:07.179 68796 INFO tempest.lib.common.rest_client [req-5a7578ba-50c7-4552-9f58-5887e4b5083c req-5a7578ba-50c7-4552-9f58-5887e4b5083c ] Request (SecurityGroupsTestJSON:test_server_security_groups): 200 GET http://10.180.1.21/compute/v2.1/servers/efed858a-44b9-45b7-8778-22183549088c 0.156s
2025-03-11 18:40:07.202 68780 INFO tempest.lib.common.rest_client [req-542347fc-3c22-4ef6-bf9d-90b70709045b req-542347fc-3c22-4ef6-bf9d-90b70709045b ] Request (ServersListShow298Test:tearDownClass): 204 DELETE http://10.180.1.21/compute/v2.1/servers/5202b708-179c-48d2-9c4e-2bb5ab1a6ebb 0.097s
2025-03-11 18:40:07.265 68780 INFO tempest.lib.common.rest_client [req-a2e0c858-534e-495c-83b2-bc8df0c69607 req-a2e0c858-534e-495c-83b2-bc8df0c69607 ] Request (ServersListShow298Test:tearDownClass): 200 GET http://10.180.1.21/compute/v2.1/servers/5202b708-179c-48d2-9c4e-2bb5ab1a6ebb 0.062s
2025-03-11 18:40:07.316 68778 INFO tempest.lib.common.rest_client [req-8f0fffe7-2108-430f-ac81-ef7527d78456 req-8f0fffe7-2108-430f-ac81-ef7527d78456 ] Request (MultipleCreateTestJSON:test_multiple_create_with_reservation_return): 200 GET http://10.180.1.21/compute/v2.1/servers/fc62ff9d-1bd8-4b32-9e71-41410276802d 0.085s
2025-03-11 18:40:07.330 68790 INFO tempest.lib.common.rest_client [req-2c793b7f-a8db-4b1d-bd1a-2f0d79649408 req-2c793b7f-a8db-4b1d-bd1a-2f0d79649408 ] Request (ImagesTestJSON:test_create_image_from_suspended_server): 200 GET http://10.180.1.21/compute/v2.1/servers/6b10ff9f-3248-46fe-9cd4-19e0ebbcee77 0.140s
2025-03-11 18:40:07.339 68774 WARNING tempest.lib.common.ssh [-] Failed to establish authenticated ssh connection to cirros@10.180.180.208 ([Errno None] Unable to connect to port 22 on 10.180.180.208). Number attempts: 6. Retry after 7 seconds.: paramiko.ssh_exception.NoValidConnectionsError: [Errno None] Unable to connect to port 22 on 10.180.180.208
2025-03-11 18:40:07.340 68790 INFO tempest.common.waiters [-] State transition "BUILD/spawning" ==> "ACTIVE/None" after 69 second wait
2025-03-11 18:40:07.362 68816 INFO tempest.lib.common.rest_client [req-037b492c-e7f9-4078-8417-809ce1ff6bf2 req-037b492c-e7f9-4078-8417-809ce1ff6bf2 ] Request (ServerActionsTestJSON:setUpClass): 200 GET http://10.180.1.21/compute/v2.1/servers/8ccd7176-55c0-4118-a07e-3c4bdbba9795 0.095s
2025-03-11 18:40:07.375 68756 WARNING tempest.lib.common.ssh [-] Failed to establish authenticated ssh connection to cirros@10.180.180.252 ([Errno None] Unable to connect to port 22 on 10.180.180.252). Number attempts: 11. Retry after 12 seconds.: paramiko.ssh_exception.NoValidConnectionsError: [Errno None] Unable to connect to port 22 on 10.180.180.252
2025-03-11 18:40:07.380 68808 INFO tempest.lib.common.rest_client [req-3a5a77cf-4055-4189-aa50-2e4f5a928aab req-3a5a77cf-4055-4189-aa50-2e4f5a928aab ] Request (ImagesOneServerNegativeTestJSON:_run_cleanups): 200 GET http://10.180.1.21/compute/v2.1/servers/f212ea0b-5bf8-4a7f-820c-fd7e9d70aa81 0.103s
2025-03-11 18:40:07.423 68784 INFO tempest.lib.common.rest_client [req-3a714009-dffa-49b7-9f1c-7ee8ba97133f req-3a714009-dffa-49b7-9f1c-7ee8ba97133f ] Request (TenantUsagesTestJSON:tearDownClass): 200 GET http://10.180.1.21/compute/v2.1/servers/56cfa7f3-12ad-42d0-a27f-ab8136a903ee 0.090s
2025-03-11 18:40:07.446 68790 INFO tempest.lib.common.rest_client [req-603cc0d0-1fd9-4848-b9ee-799db0cf828a req-603cc0d0-1fd9-4848-b9ee-799db0cf828a ] Request (ImagesTestJSON:test_create_image_from_suspended_server): 202 POST http://10.180.1.21/compute/v2.1/servers/6b10ff9f-3248-46fe-9cd4-19e0ebbcee77/action 0.105s
2025-03-11 18:40:07.466 68758 INFO tempest.lib.common.rest_client [req-7d6a4d4c-dadf-42a7-b19f-55da7c5cf4df req-7d6a4d4c-dadf-42a7-b19f-55da7c5cf4df ] Request (MigrationsAdminTest:test_resize_server_revert_deleted_flavor): 200 GET http://10.180.1.21/compute/v2.1/servers/b7706bf2-936f-439c-8e9f-b2241d0c211c 0.084s
2025-03-11 18:40:07.501 68766 INFO tempest.lib.common.rest_client [req-90cf4486-5ef1-4baf-af3c-d325b36fc006 req-90cf4486-5ef1-4baf-af3c-d325b36fc006 ] Request (ServersAdminNegativeTestJSON:tearDownClass): 200 GET http://10.180.1.21/compute/v2.1/servers/0484ccee-f003-4101-87c5-fed92f095d2d 0.058s
2025-03-11 18:40:07.552 68814 INFO tempest.lib.common.rest_client [req-bc625aa0-f404-431e-98ab-802bd755f878 req-bc625aa0-f404-431e-98ab-802bd755f878 ] Request (ServerRescueTestJSON:test_rescue_unrescue_instance): 200 GET http://10.180.1.21/compute/v2.1/servers/acbf4c5c-341c-4ebd-ad29-90ebf531aa86 0.058s
2025-03-11 18:40:07.561 68790 INFO tempest.lib.common.rest_client [req-a5c4a15f-73cc-455d-ba51-1082c774eae9 req-a5c4a15f-73cc-455d-ba51-1082c774eae9 ] Request (ImagesTestJSON:test_create_image_from_suspended_server): 200 GET http://10.180.1.21/compute/v2.1/servers/6b10ff9f-3248-46fe-9cd4-19e0ebbcee77 0.114s
2025-03-11 18:40:07.587 68786 INFO tempest.lib.common.rest_client [req-1a931b69-97d5-425b-a539-38311541b2a1 req-1a931b69-97d5-425b-a539-38311541b2a1 ] Request (ServersAdmin275Test:tearDownClass): 404 GET http://10.180.1.21/compute/v2.1/servers/5435b4d8-46c3-43e3-b11b-cbeb580e2f36 0.021s
2025-03-11 18:40:07.691 68798 INFO tempest.lib.common.rest_client [req-337859df-8722-4ef2-a403-e7a20c997944 req-337859df-8722-4ef2-a403-e7a20c997944 ] Request (InstanceActionsNegativeTestJSON:setUpClass): 200 GET http://10.180.1.21/compute/v2.1/servers/995a3eae-c025-4efa-b509-0bf678bb0388 0.064s
2025-03-11 18:40:07.707 68786 INFO tempest.lib.common.rest_client [req-c4ed4896-d997-405f-927d-83f6da82541b req-c4ed4896-d997-405f-927d-83f6da82541b ] Request (ServersAdmin275Test:tearDownClass): 204 DELETE http://10.180.1.21/identity/v3/users/c0940ac0ef1149b297f99d034981c19f 0.119s
2025-03-11 18:40:07.754 68760 INFO tempest.lib.common.rest_client [req-0fdffb01-89cf-4440-a213-1e13c20deb2d req-0fdffb01-89cf-4440-a213-1e13c20deb2d ] Request (ListServerFiltersTestJSON:tearDownClass): 200 GET http://10.180.1.21/compute/v2.1/servers/e3855111-7678-42c5-a37e-25e8587416aa 0.064s
2025-03-11 18:40:07.812 68786 INFO tempest.lib.common.rest_client [req-f872c9b7-a35b-44c7-b970-ee00d6df7e4f req-f872c9b7-a35b-44c7-b970-ee00d6df7e4f ] Request (ServersAdmin275Test:tearDownClass): 204 DELETE http://10.180.1.21/identity/v3/users/9d25a66d70444829a23781e7f71a8178 0.104s
2025-03-11 18:40:07.812 68786 INFO tempest.lib.common.dynamic_creds [-] Deleting project and security group for project: 0440009c3aac4901b2c88adce2c33341
2025-03-11 18:40:07.818 68818 INFO tempest.lib.common.rest_client [req-5a59d118-9c66-43a4-b72c-9912284d77f7 req-5a59d118-9c66-43a4-b72c-9912284d77f7 ] Request (FloatingIPsAssociationTestJSON:test_associate_already_associated_floating_ip): 200 GET http://10.180.1.21/compute/v2.1/servers/26985e45-21ff-40bb-ac2b-c6f3700ccc97 0.069s
2025-03-11 18:40:07.872 68786 INFO tempest.lib.common.rest_client [req-a50d257e-9b3e-4b21-8e6d-7b5425a55eab req-a50d257e-9b3e-4b21-8e6d-7b5425a55eab ] Request (ServersAdmin275Test:tearDownClass): 201 POST http://10.180.1.21/identity/v3/auth/tokens 0.059s
2025-03-11 18:40:07.907 68768 INFO tempest.lib.common.rest_client [req-e29c9fbc-2b7f-40b6-a330-cb7411dae54a req-e29c9fbc-2b7f-40b6-a330-cb7411dae54a ] Request (ServersAdminTestJSON:test_create_server_with_scheduling_hint): 200 GET http://10.180.1.21/compute/v2.1/servers/013a92cc-0fc2-4e85-aee6-efb62bae4dcb 0.119s
2025-03-11 18:40:07.998 68772 INFO tempest.lib.common.rest_client [req-fa26d731-46c8-4b03-b855-fa6583c28391 req-fa26d731-46c8-4b03-b855-fa6583c28391 ] Request (DeleteServersAdminTestJSON:test_delete_server_while_in_error_state): 200 GET http://10.180.1.21/compute/v2.1/servers/aa39767e-1ae7-4881-b0a8-e7b66e1ceed2 0.073s
2025-03-11 18:40:08.016 68811 INFO tempest.lib.common.rest_client [req-ff0e6075-64dc-412d-be7b-2a6faf134ebd req-ff0e6075-64dc-412d-be7b-2a6faf134ebd ] Request (ServerDiskConfigTestJSON:test_rebuild_server_with_manual_disk_config): 200 GET http://10.180.1.21/compute/v2.1/servers/860107df-4e9b-44b1-9e85-b0ee3a827268 0.110s
2025-03-11 18:40:08.035 68786 INFO tempest.lib.common.rest_client [req-cfa888e5-48ee-4774-8cd1-90bb23dc5b9a req-cfa888e5-48ee-4774-8cd1-90bb23dc5b9a ] Request (ServersAdmin275Test:tearDownClass): 200 GET http://10.180.1.21:9696/networking/v2.0/security-groups?tenant_id=0440009c3aac4901b2c88adce2c33341&name=default 0.163s
2025-03-11 18:40:08.035 68762 INFO tempest.lib.common.rest_client [req-3ef77d44-36ec-456a-9112-46b6d38740ca req-3ef77d44-36ec-456a-9112-46b6d38740ca ] Request (VolumesAssistedSnapshotsTest:test_volume_assisted_snapshot_create_delete): 200 GET http://10.180.1.21/volume/v3/volumes/97cb9764-cf92-4eda-944b-9e7123615f4c 0.032s
2025-03-11 18:40:08.065 68770 INFO tempest.lib.common.rest_client [req-ba723601-7aa0-4598-adc5-6624f220578b req-ba723601-7aa0-4598-adc5-6624f220578b ] Request (ServersTestBootFromVolume:setUpClass): 200 GET http://10.180.1.21/compute/v2.1/servers/29e9555b-f928-43e7-a3a3-869ed07d7326 0.113s
2025-03-11 18:40:08.086 68764 INFO tempest.lib.common.rest_client [req-d7459efd-27b7-4191-b7ef-b7f5c041dff9 req-d7459efd-27b7-4191-b7ef-b7f5c041dff9 ] Request (ServerExternalEventsTest:test_create_server_external_events): 200 GET http://10.180.1.21/compute/v2.1/servers/c5af19d6-5534-45e6-8c9c-dacf30d4fb1a 0.118s
2025-03-11 18:40:08.134 68776 INFO tempest.lib.common.rest_client [req-beac9e10-db36-49fe-8507-6b84d9a2340e req-beac9e10-db36-49fe-8507-6b84d9a2340e ] Request (ServerRescueNegativeTestJSON:test_rescued_vm_detach_volume): 200 GET http://10.180.1.21/compute/v2.1/servers/a01364f9-e30d-4140-ae41-1e7c4aaa2251 0.113s
2025-03-11 18:40:08.152 68786 INFO tempest.lib.common.rest_client [req-7d4141e6-850a-4036-bb96-806737d1214b req-7d4141e6-850a-4036-bb96-806737d1214b ] Request (ServersAdmin275Test:tearDownClass): 204 DELETE http://10.180.1.21:9696/networking/v2.0/security-groups/a0b9de61-e4b5-407d-84fb-9157176a4b40 0.116s
2025-03-11 18:40:08.155 68782 INFO tempest.lib.common.rest_client [req-22897582-7707-4206-80eb-6e385cac8ee5 req-22897582-7707-4206-80eb-6e385cac8ee5 ] Request (ServersTestJSON:setUpClass): 200 GET http://10.180.1.21/compute/v2.1/servers/7ae346fa-fbb2-4fd7-b620-f0dda8243ca8 0.067s
2025-03-11 18:40:08.245 68786 INFO tempest.lib.common.rest_client [req-b6976ecb-abe7-4e41-82e2-0352c2b2250c req-b6976ecb-abe7-4e41-82e2-0352c2b2250c ] Request (ServersAdmin275Test:tearDownClass): 204 DELETE http://10.180.1.21/identity/v3/projects/0440009c3aac4901b2c88adce2c33341 0.093s
2025-03-11 18:40:08.246 68786 INFO tempest.lib.common.dynamic_creds [-] Deleting project and security group for project: 3c1f987001c5498aab8940b1d742b1e6
2025-03-11 18:40:08.360 68780 INFO tempest.lib.common.rest_client [req-6fa439ab-acbf-4b5d-bd20-f02d4d7e9af0 req-6fa439ab-acbf-4b5d-bd20-f02d4d7e9af0 ] Request (ServersListShow298Test:tearDownClass): 200 GET http://10.180.1.21/compute/v2.1/servers/5202b708-179c-48d2-9c4e-2bb5ab1a6ebb 0.084s
2025-03-11 18:40:08.361 68796 INFO tempest.lib.common.rest_client [req-a88e55c0-6536-4835-b4a4-bc6a10c5f877 req-a88e55c0-6536-4835-b4a4-bc6a10c5f877 ] Request (SecurityGroupsTestJSON:test_server_security_groups): 200 GET http://10.180.1.21/compute/v2.1/servers/efed858a-44b9-45b7-8778-22183549088c 0.174s
2025-03-11 18:40:08.371 68786 INFO tempest.lib.common.rest_client [req-9fea5d60-b811-482e-8c97-df2ff9875704 req-9fea5d60-b811-482e-8c97-df2ff9875704 ] Request (ServersAdmin275Test:tearDownClass): 200 GET http://10.180.1.21:9696/networking/v2.0/security-groups?tenant_id=3c1f987001c5498aab8940b1d742b1e6&name=default 0.124s
2025-03-11 18:40:08.416 68778 INFO tempest.lib.common.rest_client [req-f1e956e5-533c-4df1-b7f3-7744977a63dc req-f1e956e5-533c-4df1-b7f3-7744977a63dc ] Request (MultipleCreateTestJSON:test_multiple_create_with_reservation_return): 200 GET http://10.180.1.21/compute/v2.1/servers/fc62ff9d-1bd8-4b32-9e71-41410276802d 0.091s
2025-03-11 18:40:08.436 68816 INFO tempest.lib.common.rest_client [req-75c85aa3-9b75-4a0b-abad-266e8aaf0700 req-75c85aa3-9b75-4a0b-abad-266e8aaf0700 ] Request (ServerActionsTestJSON:setUpClass): 200 GET http://10.180.1.21/compute/v2.1/servers/8ccd7176-55c0-4118-a07e-3c4bdbba9795 0.062s
2025-03-11 18:40:08.462 68786 INFO tempest.lib.common.rest_client [req-e9479bf5-13d8-4433-9c52-12310b5f70ad req-e9479bf5-13d8-4433-9c52-12310b5f70ad ] Request (ServersAdmin275Test:tearDownClass): 204 DELETE http://10.180.1.21:9696/networking/v2.0/security-groups/5cbfe111-66e6-438d-adbb-a7aae90b9191 0.091s
2025-03-11 18:40:08.474 68808 INFO tempest.lib.common.rest_client [req-521dbd78-d935-438a-86a3-2053c2fcb2a1 req-521dbd78-d935-438a-86a3-2053c2fcb2a1 ] Request (ImagesOneServerNegativeTestJSON:_run_cleanups): 200 GET http://10.180.1.21/compute/v2.1/servers/f212ea0b-5bf8-4a7f-820c-fd7e9d70aa81 0.084s
2025-03-11 18:40:08.497 68784 INFO tempest.lib.common.rest_client [req-0cb1abaa-b239-489c-9a6b-476ccbf65d7d req-0cb1abaa-b239-489c-9a6b-476ccbf65d7d ] Request (TenantUsagesTestJSON:tearDownClass): 200 GET http://10.180.1.21/compute/v2.1/servers/56cfa7f3-12ad-42d0-a27f-ab8136a903ee 0.064s
2025-03-11 18:40:08.527 68802 WARNING tempest.lib.common.ssh [-] Failed to establish authenticated ssh connection to cirros@10.180.180.169 ([Errno None] Unable to connect to port 22 on 10.180.180.169). Number attempts: 8. Retry after 9 seconds.: paramiko.ssh_exception.NoValidConnectionsError: [Errno None] Unable to connect to port 22 on 10.180.180.169
2025-03-11 18:40:08.534 68758 INFO tempest.lib.common.rest_client [req-1ffbb4eb-8b8c-4cc4-bd2f-91adc4428a2d req-1ffbb4eb-8b8c-4cc4-bd2f-91adc4428a2d ] Request (MigrationsAdminTest:test_resize_server_revert_deleted_flavor): 200 GET http://10.180.1.21/compute/v2.1/servers/b7706bf2-936f-439c-8e9f-b2241d0c211c 0.060s
2025-03-11 18:40:08.541 68758 INFO tempest.common.waiters [-] State transition "BUILD/scheduling" ==> "BUILD/None" after 26 second wait
2025-03-11 18:40:08.571 68786 INFO tempest.lib.common.rest_client [req-45fee45a-a832-4393-ac50-f85dfb9ef2b1 req-45fee45a-a832-4393-ac50-f85dfb9ef2b1 ] Request (ServersAdmin275Test:tearDownClass): 204 DELETE http://10.180.1.21/identity/v3/projects/3c1f987001c5498aab8940b1d742b1e6 0.108s
