2025-03-11 18:39:39.587 68816 INFO tempest.lib.common.rest_client [req-0995d0e2-286c-43ba-83d8-fd89130f7726 req-0995d0e2-286c-43ba-83d8-fd89130f7726 ] Request (ServerActionsTestJSON:setUpClass): 200 GET http://10.180.1.21/compute/v2.1/servers/8ccd7176-55c0-4118-a07e-3c4bdbba9795 0.048s
2025-03-11 18:39:39.942 68766 INFO tempest.lib.common.rest_client [req-6ccf9e1f-aae5-4688-8280-0815df546968 req-6ccf9e1f-aae5-4688-8280-0815df546968 ] Request (ServersAdminNegativeTestJSON:tearDownClass): 200 GET http://10.180.1.21/compute/v2.1/servers/0484ccee-f003-4101-87c5-fed92f095d2d 0.058s
2025-03-11 18:39:39.950 68766 INFO tempest.common.waiters [-] State transition "ACTIVE/deleting" ==> "DELETED/None" after 3 second wait
2025-03-11 18:39:39.990 68760 INFO tempest.lib.common.rest_client [req-f2a46276-1e44-4324-9bec-bdbab5a7a140 req-f2a46276-1e44-4324-9bec-bdbab5a7a140 ] Request (ListServerFiltersTestJSON:setUpClass): 200 GET http://10.180.1.21/compute/v2.1/servers/e3855111-7678-42c5-a37e-25e8587416aa 0.093s
2025-03-11 18:39:39.997 68760 INFO tempest.common.waiters [-] State transition "BUILD/networking" ==> "BUILD/spawning" after 54 second wait
2025-03-11 18:39:40.003 68818 INFO tempest.lib.common.rest_client [req-2dee83bf-7639-41d0-b62a-ecb9ac049219 req-2dee83bf-7639-41d0-b62a-ecb9ac049219 ] Request (FloatingIPsAssociationTestJSON:setUpClass): 200 GET http://10.180.1.21/compute/v2.1/servers/39c532b1-b05e-4354-ad8f-9223b06e9488 0.049s
2025-03-11 18:39:40.047 68786 INFO tempest.lib.common.rest_client [req-671d3dc5-eac1-40fe-a28a-c0585713be4f req-671d3dc5-eac1-40fe-a28a-c0585713be4f ] Request (ServersAdmin275Test:tearDownClass): 200 GET http://10.180.1.21/compute/v2.1/servers/5435b4d8-46c3-43e3-b11b-cbeb580e2f36 0.087s
2025-03-11 18:39:40.062 68796 INFO tempest.lib.common.rest_client [req-02a6e392-b5c5-4bea-a4e1-9214a594f412 req-02a6e392-b5c5-4bea-a4e1-9214a594f412 ] Request (SecurityGroupsTestJSON:test_server_security_groups): 200 GET http://10.180.1.21/compute/v2.1/servers/efed858a-44b9-45b7-8778-22183549088c 0.048s
2025-03-11 18:39:40.089 68814 INFO tempest.lib.common.rest_client [req-d74a4a91-2b56-415c-a041-db07d29edad3 req-d74a4a91-2b56-415c-a041-db07d29edad3 ] Request (ServerRescueTestJSON:test_rescue_unrescue_instance): 200 GET http://10.180.1.21/compute/v2.1/servers/acbf4c5c-341c-4ebd-ad29-90ebf531aa86 0.069s
2025-03-11 18:39:40.119 68768 INFO tempest.lib.common.rest_client [req-4e8da305-d082-4ed4-81d6-26035609e69f req-4e8da305-d082-4ed4-81d6-26035609e69f ] Request (ServersAdminTestJSON:test_create_server_with_scheduling_hint): 200 GET http://10.180.1.21/compute/v2.1/servers/013a92cc-0fc2-4e85-aee6-efb62bae4dcb 0.045s
2025-03-11 18:39:40.137 68798 INFO tempest.lib.common.rest_client [req-3bf63bb1-2ea7-4f94-a322-5a4a5ade154a req-3bf63bb1-2ea7-4f94-a322-5a4a5ade154a ] Request (InstanceActionsNegativeTestJSON:setUpClass): 200 GET http://10.180.1.21/compute/v2.1/servers/995a3eae-c025-4efa-b509-0bf678bb0388 0.055s
2025-03-11 18:39:40.187 68811 INFO tempest.lib.common.rest_client [req-5b1122a9-842e-43cb-a918-c9ab1bca1fa3 req-5b1122a9-842e-43cb-a918-c9ab1bca1fa3 ] Request (ServerDiskConfigTestJSON:test_rebuild_server_with_manual_disk_config): 200 GET http://10.180.1.21/compute/v2.1/servers/860107df-4e9b-44b1-9e85-b0ee3a827268 0.059s
2025-03-11 18:39:40.204 68778 INFO tempest.lib.common.rest_client [req-ff3a6185-7abe-4465-8f00-123f7a1824a7 req-ff3a6185-7abe-4465-8f00-123f7a1824a7 ] Request (MultipleCreateTestJSON:_run_cleanups): 200 GET http://10.180.1.21/compute/v2.1/servers/67312d87-cc63-4dc7-b9c1-9c8d349a4756 0.066s
2025-03-11 18:39:40.286 68772 INFO tempest.lib.common.rest_client [req-28e926b1-abad-4bf8-8037-f147dcd69b95 req-28e926b1-abad-4bf8-8037-f147dcd69b95 ] Request (DeleteServersAdminTestJSON:test_delete_server_while_in_error_state): 200 GET http://10.180.1.21/compute/v2.1/servers/aa39767e-1ae7-4881-b0a8-e7b66e1ceed2 0.067s
2025-03-11 18:39:40.297 68780 INFO tempest.lib.common.rest_client [req-0fe31de3-87ea-4168-b7c3-d6b8cfac1240 req-0fe31de3-87ea-4168-b7c3-d6b8cfac1240 ] Request (ServersListShow298Test:test_list_show_update_rebuild_server_298): 200 GET http://10.180.1.21/compute/v2.1/servers/5202b708-179c-48d2-9c4e-2bb5ab1a6ebb 0.083s
2025-03-11 18:39:40.345 68770 INFO tempest.lib.common.rest_client [req-0fc0be85-02fd-4244-b8f0-925e641ff4ff req-0fc0be85-02fd-4244-b8f0-925e641ff4ff ] Request (ServersTestBootFromVolume:setUpClass): 200 GET http://10.180.1.21/compute/v2.1/servers/29e9555b-f928-43e7-a3a3-869ed07d7326 0.086s
2025-03-11 18:39:40.377 68764 INFO tempest.lib.common.rest_client [req-26120b7d-9ad8-4203-a576-666cc81e451a req-26120b7d-9ad8-4203-a576-666cc81e451a ] Request (ServerExternalEventsTest:test_create_server_external_events): 200 GET http://10.180.1.21/compute/v2.1/servers/c5af19d6-5534-45e6-8c9c-dacf30d4fb1a 0.071s
2025-03-11 18:39:40.456 68808 INFO tempest.lib.common.rest_client [req-10c8133f-aeeb-4e44-99b9-7e3475c79a2f req-10c8133f-aeeb-4e44-99b9-7e3475c79a2f ] Request (ImagesOneServerNegativeTestJSON:_run_cleanups): 200 GET http://10.180.1.21/compute/v2.1/servers/d7c64aa1-44f8-44f4-9fb6-463033837736 0.094s
2025-03-11 18:39:40.482 68758 INFO tempest.lib.common.rest_client [req-a986312c-ed80-4ee4-8128-5e499b794b82 req-a986312c-ed80-4ee4-8128-5e499b794b82 ] Request (MigrationsAdminTest:test_list_migrations_in_flavor_resize_situation): 200 GET http://10.180.1.21/compute/v2.1/servers/1186da93-57aa-40f4-8aae-702d039844d4 0.155s
2025-03-11 18:39:40.527 68776 INFO tempest.lib.common.rest_client [req-1894d8e6-d410-4430-969a-72ff3cc6b256 req-1894d8e6-d410-4430-969a-72ff3cc6b256 ] Request (ServerRescueNegativeTestJSON:test_rescued_vm_detach_volume): 200 GET http://10.180.1.21/compute/v2.1/servers/a01364f9-e30d-4140-ae41-1e7c4aaa2251 0.155s
2025-03-11 18:39:40.534 68790 INFO tempest.lib.common.rest_client [req-df18100e-95a4-4b64-b0b2-9272c803d0f3 req-df18100e-95a4-4b64-b0b2-9272c803d0f3 ] Request (ImagesTestJSON:test_create_image_from_suspended_server): 200 GET http://10.180.1.21/compute/v2.1/servers/6b10ff9f-3248-46fe-9cd4-19e0ebbcee77 0.103s
2025-03-11 18:39:40.571 68782 INFO tempest.lib.common.rest_client [req-4a2bbfdc-f33c-4524-91f7-cf80864e37e9 req-4a2bbfdc-f33c-4524-91f7-cf80864e37e9 ] Request (ServersTestJSON:setUpClass): 200 GET http://10.180.1.21/compute/v2.1/servers/7ae346fa-fbb2-4fd7-b620-f0dda8243ca8 0.072s
2025-03-11 18:39:40.610 68784 INFO tempest.lib.common.rest_client [req-594e1ae3-f72c-4a3e-8b5b-698c2972a05c req-594e1ae3-f72c-4a3e-8b5b-698c2972a05c ] Request (TenantUsagesTestJSON:tearDownClass): 200 GET http://10.180.1.21/compute/v2.1/servers/56cfa7f3-12ad-42d0-a27f-ab8136a903ee 0.056s
2025-03-11 18:39:40.648 68816 INFO tempest.lib.common.rest_client [req-ed445486-022f-421d-b5df-796315302834 req-ed445486-022f-421d-b5df-796315302834 ] Request (ServerActionsTestJSON:setUpClass): 200 GET http://10.180.1.21/compute/v2.1/servers/8ccd7176-55c0-4118-a07e-3c4bdbba9795 0.053s
2025-03-11 18:39:40.984 68762 WARNING tempest.lib.common.ssh [-] Failed to establish authenticated ssh connection to cirros@10.180.180.164 ([Errno None] Unable to connect to port 22 on 10.180.180.164). Number attempts: 9. Retry after 10 seconds.: paramiko.ssh_exception.NoValidConnectionsError: [Errno None] Unable to connect to port 22 on 10.180.180.164
2025-03-11 18:39:41.013 68766 INFO tempest.lib.common.rest_client [req-59ca5ed5-f030-4c59-8e06-eaae66246a5c req-59ca5ed5-f030-4c59-8e06-eaae66246a5c ] Request (ServersAdminNegativeTestJSON:tearDownClass): 200 GET http://10.180.1.21/compute/v2.1/servers/0484ccee-f003-4101-87c5-fed92f095d2d 0.061s
2025-03-11 18:39:41.060 68818 INFO tempest.lib.common.rest_client [req-e978dfff-308f-4d91-9749-af07cbe724ba req-e978dfff-308f-4d91-9749-af07cbe724ba ] Request (FloatingIPsAssociationTestJSON:setUpClass): 200 GET http://10.180.1.21/compute/v2.1/servers/39c532b1-b05e-4354-ad8f-9223b06e9488 0.049s
2025-03-11 18:39:41.092 68760 INFO tempest.lib.common.rest_client [req-d5aaafaa-3585-4f8e-9fd2-b67b55705b9e req-d5aaafaa-3585-4f8e-9fd2-b67b55705b9e ] Request (ListServerFiltersTestJSON:setUpClass): 200 GET http://10.180.1.21/compute/v2.1/servers/e3855111-7678-42c5-a37e-25e8587416aa 0.095s
2025-03-11 18:39:41.114 68786 INFO tempest.lib.common.rest_client [req-6941428c-c0a9-4a2d-8319-b2e26a97b02b req-6941428c-c0a9-4a2d-8319-b2e26a97b02b ] Request (ServersAdmin275Test:tearDownClass): 200 GET http://10.180.1.21/compute/v2.1/servers/5435b4d8-46c3-43e3-b11b-cbeb580e2f36 0.055s
2025-03-11 18:39:41.136 68796 INFO tempest.lib.common.rest_client [req-0efe1b83-12ce-432d-9208-2fe752aee41b req-0efe1b83-12ce-432d-9208-2fe752aee41b ] Request (SecurityGroupsTestJSON:test_server_security_groups): 200 GET http://10.180.1.21/compute/v2.1/servers/efed858a-44b9-45b7-8778-22183549088c 0.065s
2025-03-11 18:39:41.156 68814 INFO tempest.lib.common.rest_client [req-eabc8386-32ed-43f0-889c-eda655039836 req-eabc8386-32ed-43f0-889c-eda655039836 ] Request (ServerRescueTestJSON:test_rescue_unrescue_instance): 200 GET http://10.180.1.21/compute/v2.1/servers/acbf4c5c-341c-4ebd-ad29-90ebf531aa86 0.059s
2025-03-11 18:39:41.178 68768 INFO tempest.lib.common.rest_client [req-195465a2-7633-464b-b82a-e006e3d9e77d req-195465a2-7633-464b-b82a-e006e3d9e77d ] Request (ServersAdminTestJSON:test_create_server_with_scheduling_hint): 200 GET http://10.180.1.21/compute/v2.1/servers/013a92cc-0fc2-4e85-aee6-efb62bae4dcb 0.050s
2025-03-11 18:39:41.199 68798 INFO tempest.lib.common.rest_client [req-f36d9743-fbf1-4b9a-a2a7-31a332c4d37d req-f36d9743-fbf1-4b9a-a2a7-31a332c4d37d ] Request (InstanceActionsNegativeTestJSON:setUpClass): 200 GET http://10.180.1.21/compute/v2.1/servers/995a3eae-c025-4efa-b509-0bf678bb0388 0.052s
2025-03-11 18:39:41.243 68811 INFO tempest.lib.common.rest_client [req-d5bbbe38-438b-440f-bcf4-e31932a3adc6 req-d5bbbe38-438b-440f-bcf4-e31932a3adc6 ] Request (ServerDiskConfigTestJSON:test_rebuild_server_with_manual_disk_config): 200 GET http://10.180.1.21/compute/v2.1/servers/860107df-4e9b-44b1-9e85-b0ee3a827268 0.047s
2025-03-11 18:39:41.262 68778 INFO tempest.lib.common.rest_client [req-8500b27b-734f-4ea1-b102-e82aef90fbb1 req-8500b27b-734f-4ea1-b102-e82aef90fbb1 ] Request (MultipleCreateTestJSON:_run_cleanups): 200 GET http://10.180.1.21/compute/v2.1/servers/67312d87-cc63-4dc7-b9c1-9c8d349a4756 0.050s
2025-03-11 18:39:41.264 68807 WARNING tempest.lib.common.ssh [-] Failed to establish authenticated ssh connection to cirros@10.180.180.245 ([Errno None] Unable to connect to port 22 on 10.180.180.245). Number attempts: 7. Retry after 8 seconds.: paramiko.ssh_exception.NoValidConnectionsError: [Errno None] Unable to connect to port 22 on 10.180.180.245
2025-03-11 18:39:41.348 68772 INFO tempest.lib.common.rest_client [req-8e05b081-e522-45c8-9912-c7bed5abb76c req-8e05b081-e522-45c8-9912-c7bed5abb76c ] Request (DeleteServersAdminTestJSON:test_delete_server_while_in_error_state): 200 GET http://10.180.1.21/compute/v2.1/servers/aa39767e-1ae7-4881-b0a8-e7b66e1ceed2 0.051s
2025-03-11 18:39:41.367 68780 INFO tempest.lib.common.rest_client [req-64f06f74-1a70-45df-84c5-5aee8e694d8f req-64f06f74-1a70-45df-84c5-5aee8e694d8f ] Request (ServersListShow298Test:test_list_show_update_rebuild_server_298): 200 GET http://10.180.1.21/compute/v2.1/servers/5202b708-179c-48d2-9c4e-2bb5ab1a6ebb 0.057s
2025-03-11 18:39:41.400 68770 INFO tempest.lib.common.rest_client [req-8368415c-463d-41f5-a91b-142713b1914b req-8368415c-463d-41f5-a91b-142713b1914b ] Request (ServersTestBootFromVolume:setUpClass): 200 GET http://10.180.1.21/compute/v2.1/servers/29e9555b-f928-43e7-a3a3-869ed07d7326 0.045s
2025-03-11 18:39:41.438 68764 INFO tempest.lib.common.rest_client [req-90ccbcc8-4f5d-4482-b9a8-035db3d1e5ad req-90ccbcc8-4f5d-4482-b9a8-035db3d1e5ad ] Request (ServerExternalEventsTest:test_create_server_external_events): 200 GET http://10.180.1.21/compute/v2.1/servers/c5af19d6-5534-45e6-8c9c-dacf30d4fb1a 0.051s
2025-03-11 18:39:41.518 68808 INFO tempest.lib.common.rest_client [req-e89907ed-eec3-444c-b95f-fedc1877e926 req-e89907ed-eec3-444c-b95f-fedc1877e926 ] Request (ImagesOneServerNegativeTestJSON:_run_cleanups): 200 GET http://10.180.1.21/compute/v2.1/servers/d7c64aa1-44f8-44f4-9fb6-463033837736 0.052s
2025-03-11 18:39:41.599 68776 INFO tempest.lib.common.rest_client [req-ba55acb8-6258-4ce1-bac7-d2bb48302137 req-ba55acb8-6258-4ce1-bac7-d2bb48302137 ] Request (ServerRescueNegativeTestJSON:test_rescued_vm_detach_volume): 200 GET http://10.180.1.21/compute/v2.1/servers/a01364f9-e30d-4140-ae41-1e7c4aaa2251 0.061s
2025-03-11 18:39:41.631 68758 INFO tempest.lib.common.rest_client [req-1d5b64b7-8b29-4ce2-8459-8e6eaccc4888 req-1d5b64b7-8b29-4ce2-8459-8e6eaccc4888 ] Request (MigrationsAdminTest:test_list_migrations_in_flavor_resize_situation): 200 GET http://10.180.1.21/compute/v2.1/servers/1186da93-57aa-40f4-8aae-702d039844d4 0.132s
2025-03-11 18:39:41.642 68758 INFO tempest.common.waiters [-] State transition "VERIFY_RESIZE/None" ==> "ACTIVE/None" after 32 second wait
2025-03-11 18:39:41.650 68790 INFO tempest.lib.common.rest_client [req-7e9666b0-c72c-405c-afc3-7b7a430803d5 req-7e9666b0-c72c-405c-afc3-7b7a430803d5 ] Request (ImagesTestJSON:test_create_image_from_suspended_server): 200 GET http://10.180.1.21/compute/v2.1/servers/6b10ff9f-3248-46fe-9cd4-19e0ebbcee77 0.107s
2025-03-11 18:39:41.695 68782 INFO tempest.lib.common.rest_client [req-407c7396-d6f4-4cd0-ab6f-6e9890bb9931 req-407c7396-d6f4-4cd0-ab6f-6e9890bb9931 ] Request (ServersTestJSON:setUpClass): 200 GET http://10.180.1.21/compute/v2.1/servers/7ae346fa-fbb2-4fd7-b620-f0dda8243ca8 0.115s
2025-03-11 18:39:41.711 68784 INFO tempest.lib.common.rest_client [req-74e1a627-122f-437c-9bfe-fd0f5dbb62c2 req-74e1a627-122f-437c-9bfe-fd0f5dbb62c2 ] Request (TenantUsagesTestJSON:tearDownClass): 200 GET http://10.180.1.21/compute/v2.1/servers/56cfa7f3-12ad-42d0-a27f-ab8136a903ee 0.092s
2025-03-11 18:39:41.779 68816 INFO tempest.lib.common.rest_client [req-4501de4c-604e-4ce2-be0d-376896a7ad3a req-4501de4c-604e-4ce2-be0d-376896a7ad3a ] Request (ServerActionsTestJSON:setUpClass): 200 GET http://10.180.1.21/compute/v2.1/servers/8ccd7176-55c0-4118-a07e-3c4bdbba9795 0.122s
2025-03-11 18:39:41.809 68758 INFO tempest.lib.common.rest_client [req-a96c8e1d-350c-4e44-a424-24cc351b04f6 req-a96c8e1d-350c-4e44-a424-24cc351b04f6 ] Request (MigrationsAdminTest:test_list_migrations_in_flavor_resize_situation): 200 GET http://10.180.1.21/compute/v2.1/servers/1186da93-57aa-40f4-8aae-702d039844d4 0.166s
2025-03-11 18:39:41.850 68758 INFO tempest.lib.common.rest_client [req-0581c09c-b54d-43ed-aafd-019cd067c3e1 req-0581c09c-b54d-43ed-aafd-019cd067c3e1 ] Request (MigrationsAdminTest:test_list_migrations_in_flavor_resize_situation): 200 POST http://10.180.1.21/compute/v2.1/os-keypairs 0.033s
2025-03-11 18:39:41.932 68758 INFO tempest.lib.common.rest_client [req-9e071b9d-7d9b-4394-8fd2-92bc1ede6759 req-9e071b9d-7d9b-4394-8fd2-92bc1ede6759 ] Request (MigrationsAdminTest:test_list_migrations_in_flavor_resize_situation): 201 POST http://10.180.1.21:9696/networking/v2.0/security-groups 0.080s
2025-03-11 18:39:42.007 68758 INFO tempest.lib.common.rest_client [req-b17133d3-c753-478b-ad9a-2f6e11100236 req-b17133d3-c753-478b-ad9a-2f6e11100236 ] Request (MigrationsAdminTest:test_list_migrations_in_flavor_resize_situation): 201 POST http://10.180.1.21:9696/networking/v2.0/security-group-rules 0.074s
2025-03-11 18:39:42.089 68766 INFO tempest.lib.common.rest_client [req-ba73f812-927f-421f-88f9-331d852c8f4c req-ba73f812-927f-421f-88f9-331d852c8f4c ] Request (ServersAdminNegativeTestJSON:tearDownClass): 200 GET http://10.180.1.21/compute/v2.1/servers/0484ccee-f003-4101-87c5-fed92f095d2d 0.069s
2025-03-11 18:39:42.095 68758 INFO tempest.lib.common.rest_client [req-2bc132d5-9618-4389-8f86-2b3d01e149fd req-2bc132d5-9618-4389-8f86-2b3d01e149fd ] Request (MigrationsAdminTest:test_list_migrations_in_flavor_resize_situation): 201 POST http://10.180.1.21:9696/networking/v2.0/security-group-rules 0.088s
2025-03-11 18:39:42.123 68818 INFO tempest.lib.common.rest_client [req-bedd2e9a-66b7-40f7-b3b9-1a92ab495a20 req-bedd2e9a-66b7-40f7-b3b9-1a92ab495a20 ] Request (FloatingIPsAssociationTestJSON:setUpClass): 200 GET http://10.180.1.21/compute/v2.1/servers/39c532b1-b05e-4354-ad8f-9223b06e9488 0.055s
2025-03-11 18:39:42.194 68786 INFO tempest.lib.common.rest_client [req-d01b6943-e3b5-4d8e-b722-a807503d20a2 req-d01b6943-e3b5-4d8e-b722-a807503d20a2 ] Request (ServersAdmin275Test:tearDownClass): 200 GET http://10.180.1.21/compute/v2.1/servers/5435b4d8-46c3-43e3-b11b-cbeb580e2f36 0.070s
2025-03-11 18:39:42.205 68760 INFO tempest.lib.common.rest_client [req-479d185d-c967-4faf-a3d4-c95a14ddbfc7 req-479d185d-c967-4faf-a3d4-c95a14ddbfc7 ] Request (ListServerFiltersTestJSON:setUpClass): 200 GET http://10.180.1.21/compute/v2.1/servers/e3855111-7678-42c5-a37e-25e8587416aa 0.104s
2025-03-11 18:39:42.253 68796 INFO tempest.lib.common.rest_client [req-df6a329e-3546-4ed2-bb13-195739e64e8a req-df6a329e-3546-4ed2-bb13-195739e64e8a ] Request (SecurityGroupsTestJSON:test_server_security_groups): 200 GET http://10.180.1.21/compute/v2.1/servers/efed858a-44b9-45b7-8778-22183549088c 0.109s
2025-03-11 18:39:42.254 68814 INFO tempest.lib.common.rest_client [req-1a679cf7-3eb7-4584-8aa1-cde602a2970d req-1a679cf7-3eb7-4584-8aa1-cde602a2970d ] Request (ServerRescueTestJSON:test_rescue_unrescue_instance): 200 GET http://10.180.1.21/compute/v2.1/servers/acbf4c5c-341c-4ebd-ad29-90ebf531aa86 0.091s
2025-03-11 18:39:42.310 68798 INFO tempest.lib.common.rest_client [req-fa7839cb-310e-446e-a148-63a05947cd87 req-fa7839cb-310e-446e-a148-63a05947cd87 ] Request (InstanceActionsNegativeTestJSON:setUpClass): 200 GET http://10.180.1.21/compute/v2.1/servers/995a3eae-c025-4efa-b509-0bf678bb0388 0.104s
2025-03-11 18:39:42.312 68768 INFO tempest.lib.common.rest_client [req-8767b5a2-ec91-4f47-9bd1-c32cd1360b2d req-8767b5a2-ec91-4f47-9bd1-c32cd1360b2d ] Request (ServersAdminTestJSON:test_create_server_with_scheduling_hint): 200 GET http://10.180.1.21/compute/v2.1/servers/013a92cc-0fc2-4e85-aee6-efb62bae4dcb 0.126s
2025-03-11 18:39:42.360 68811 INFO tempest.lib.common.rest_client [req-e0023da6-f313-4504-932e-7e82b643e694 req-e0023da6-f313-4504-932e-7e82b643e694 ] Request (ServerDiskConfigTestJSON:test_rebuild_server_with_manual_disk_config): 200 GET http://10.180.1.21/compute/v2.1/servers/860107df-4e9b-44b1-9e85-b0ee3a827268 0.109s
2025-03-11 18:39:42.376 68778 INFO tempest.lib.common.rest_client [req-553c4b6e-7017-471d-bff1-22d2dd462a2c req-553c4b6e-7017-471d-bff1-22d2dd462a2c ] Request (MultipleCreateTestJSON:_run_cleanups): 200 GET http://10.180.1.21/compute/v2.1/servers/67312d87-cc63-4dc7-b9c1-9c8d349a4756 0.106s
2025-03-11 18:39:42.440 68772 INFO tempest.lib.common.rest_client [req-2ce6fc99-ab26-493d-b4d7-503106ffe9e1 req-2ce6fc99-ab26-493d-b4d7-503106ffe9e1 ] Request (DeleteServersAdminTestJSON:test_delete_server_while_in_error_state): 200 GET http://10.180.1.21/compute/v2.1/servers/aa39767e-1ae7-4881-b0a8-e7b66e1ceed2 0.083s
2025-03-11 18:39:42.451 68780 INFO tempest.lib.common.rest_client [req-1b544c56-dbb0-4fc6-9c2d-227efb894121 req-1b544c56-dbb0-4fc6-9c2d-227efb894121 ] Request (ServersListShow298Test:test_list_show_update_rebuild_server_298): 200 GET http://10.180.1.21/compute/v2.1/servers/5202b708-179c-48d2-9c4e-2bb5ab1a6ebb 0.072s
2025-03-11 18:39:42.497 68758 INFO tempest.lib.common.rest_client [req-b20a9196-43b3-4bb6-863b-c2c9303fbddb req-b20a9196-43b3-4bb6-863b-c2c9303fbddb ] Request (MigrationsAdminTest:test_list_migrations_in_flavor_resize_situation): 201 POST http://10.180.1.21:9696/networking/v2.0/floatingips 0.401s
2025-03-11 18:39:42.501 68770 INFO tempest.lib.common.rest_client [req-274963dd-2590-4702-8998-0e04e33b2dc8 req-274963dd-2590-4702-8998-0e04e33b2dc8 ] Request (ServersTestBootFromVolume:setUpClass): 200 GET http://10.180.1.21/compute/v2.1/servers/29e9555b-f928-43e7-a3a3-869ed07d7326 0.092s
2025-03-11 18:39:42.506 68764 INFO tempest.lib.common.rest_client [req-020c0042-862c-4f9a-84c2-3d4068f5bc55 req-020c0042-862c-4f9a-84c2-3d4068f5bc55 ] Request (ServerExternalEventsTest:test_create_server_external_events): 200 GET http://10.180.1.21/compute/v2.1/servers/c5af19d6-5534-45e6-8c9c-dacf30d4fb1a 0.061s
2025-03-11 18:39:42.513 68758 INFO tempest.lib.common.rest_client [req-5a9f18c9-0a56-41c9-b358-664919747430 req-5a9f18c9-0a56-41c9-b358-664919747430 ] Request (MigrationsAdminTest:test_list_migrations_in_flavor_resize_situation): 200 GET http://10.180.1.21/compute/v2.1/os-migrations 0.015s
2025-03-11 18:39:42.534 68758 INFO tempest.lib.common.rest_client [req-46c448d0-0cb7-4643-b006-21b585da2ca3 req-46c448d0-0cb7-4643-b006-21b585da2ca3 ] Request (MigrationsAdminTest:test_resize_server_revert_deleted_flavor): 200 GET http://10.180.1.21/compute/v2.1/flavors/42 0.015s
2025-03-11 18:39:42.565 68758 INFO tempest.lib.common.rest_client [req-01cafb99-6faf-4d13-a4be-4d426c40bc96 req-01cafb99-6faf-4d13-a4be-4d426c40bc96 ] Request (MigrationsAdminTest:test_resize_server_revert_deleted_flavor): 200 POST http://10.180.1.21/compute/v2.1/flavors 0.029s
2025-03-11 18:39:42.585 68758 INFO tempest.lib.common.rest_client [req-c2e77e8e-5f25-436b-97e4-f7d0b39f313c req-c2e77e8e-5f25-436b-97e4-f7d0b39f313c ] Request (MigrationsAdminTest:test_resize_server_revert_deleted_flavor): 200 GET http://10.180.1.21/compute/v2.1/flavors/42/os-extra_specs 0.017s
2025-03-11 18:39:42.592 68808 INFO tempest.lib.common.rest_client [req-d9174244-2e79-4894-afee-770a661b1336 req-d9174244-2e79-4894-afee-770a661b1336 ] Request (ImagesOneServerNegativeTestJSON:_run_cleanups): 200 GET http://10.180.1.21/compute/v2.1/servers/d7c64aa1-44f8-44f4-9fb6-463033837736 0.067s
2025-03-11 18:39:42.610 68758 INFO tempest.lib.common.rest_client [req-69b953ca-8dc2-4740-b4d9-03654546405c req-69b953ca-8dc2-4740-b4d9-03654546405c ] Request (MigrationsAdminTest:test_resize_server_revert_deleted_flavor): 200 POST http://10.180.1.21/compute/v2.1/flavors/d926657d-4f9c-4856-bc8e-d77db590d34a/os-extra_specs 0.023s
2025-03-11 18:39:42.656 68776 INFO tempest.lib.common.rest_client [req-71975421-c3eb-404b-b7f8-3e8afefa383c req-71975421-c3eb-404b-b7f8-3e8afefa383c ] Request (ServerRescueNegativeTestJSON:test_rescued_vm_detach_volume): 200 GET http://10.180.1.21/compute/v2.1/servers/a01364f9-e30d-4140-ae41-1e7c4aaa2251 0.050s
2025-03-11 18:39:42.676 68758 INFO tempest.lib.common.rest_client [req-8c33ad3d-bb5e-4f73-b51a-a01c54595990 req-8c33ad3d-bb5e-4f73-b51a-a01c54595990 ] Request (MigrationsAdminTest:test_resize_server_revert_deleted_flavor): 201 POST http://10.180.1.21/identity/v3/auth/tokens 0.063s
2025-03-11 18:39:42.677 68758 INFO tempest.lib.common.fixed_network [-] (MigrationsAdminTest:test_resize_server_revert_deleted_flavor) Found network None available for tenant
2025-03-11 18:39:42.708 68790 INFO tempest.lib.common.rest_client [req-eca96ed5-926e-44a7-a56b-96537697e7e1 req-eca96ed5-926e-44a7-a56b-96537697e7e1 ] Request (ImagesTestJSON:test_create_image_from_suspended_server): 200 GET http://10.180.1.21/compute/v2.1/servers/6b10ff9f-3248-46fe-9cd4-19e0ebbcee77 0.048s
2025-03-11 18:39:42.759 68782 INFO tempest.lib.common.rest_client [req-422aa9ca-74d6-4019-a09a-367413530eb7 req-422aa9ca-74d6-4019-a09a-367413530eb7 ] Request (ServersTestJSON:setUpClass): 200 GET http://10.180.1.21/compute/v2.1/servers/7ae346fa-fbb2-4fd7-b620-f0dda8243ca8 0.053s
2025-03-11 18:39:42.821 68784 INFO tempest.lib.common.rest_client [req-a53fd5a6-3aef-459e-854f-90b9a54c6909 req-a53fd5a6-3aef-459e-854f-90b9a54c6909 ] Request (TenantUsagesTestJSON:tearDownClass): 200 GET http://10.180.1.21/compute/v2.1/servers/56cfa7f3-12ad-42d0-a27f-ab8136a903ee 0.099s
2025-03-11 18:39:42.867 68816 INFO tempest.lib.common.rest_client [req-68ec278c-1e59-4d65-b705-e634ff0a2976 req-68ec278c-1e59-4d65-b705-e634ff0a2976 ] Request (ServerActionsTestJSON:setUpClass): 200 GET http://10.180.1.21/compute/v2.1/servers/8ccd7176-55c0-4118-a07e-3c4bdbba9795 0.079s
2025-03-11 18:39:42.889 68758 INFO tempest.lib.common.rest_client [req-8cac8511-9d19-427d-824d-b70e29f07c5c req-8cac8511-9d19-427d-824d-b70e29f07c5c ] Request (MigrationsAdminTest:test_resize_server_revert_deleted_flavor): 202 POST http://10.180.1.21/compute/v2.1/servers 0.212s
2025-03-11 18:39:42.933 68758 INFO tempest.lib.common.rest_client [req-e25177a0-0af6-49a6-b41f-b6e6c5693f48 req-e25177a0-0af6-49a6-b41f-b6e6c5693f48 ] Request (MigrationsAdminTest:test_resize_server_revert_deleted_flavor): 200 GET http://10.180.1.21/compute/v2.1/servers/b7706bf2-936f-439c-8e9f-b2241d0c211c 0.042s
2025-03-11 18:39:43.119 68774 WARNING tempest.lib.common.ssh [-] Failed to establish authenticated ssh connection to cirros@10.180.180.208 ([Errno None] Unable to connect to port 22 on 10.180.180.208). Number attempts: 3. Retry after 4 seconds.: paramiko.ssh_exception.NoValidConnectionsError: [Errno None] Unable to connect to port 22 on 10.180.180.208
2025-03-11 18:39:43.170 68766 INFO tempest.lib.common.rest_client [req-abbf83ab-02ce-4511-bf7e-42ba7e0f228d req-abbf83ab-02ce-4511-bf7e-42ba7e0f228d ] Request (ServersAdminNegativeTestJSON:tearDownClass): 200 GET http://10.180.1.21/compute/v2.1/servers/0484ccee-f003-4101-87c5-fed92f095d2d 0.070s
2025-03-11 18:39:43.181 68818 INFO tempest.lib.common.rest_client [req-3de22c74-30a0-41ca-96ba-70c768cc6338 req-3de22c74-30a0-41ca-96ba-70c768cc6338 ] Request (FloatingIPsAssociationTestJSON:setUpClass): 200 GET http://10.180.1.21/compute/v2.1/servers/39c532b1-b05e-4354-ad8f-9223b06e9488 0.050s
2025-03-11 18:39:43.269 68786 INFO tempest.lib.common.rest_client [req-084f0783-f2de-4fde-8f54-9c97ccabfb19 req-084f0783-f2de-4fde-8f54-9c97ccabfb19 ] Request (ServersAdmin275Test:tearDownClass): 200 GET http://10.180.1.21/compute/v2.1/servers/5435b4d8-46c3-43e3-b11b-cbeb580e2f36 0.063s
2025-03-11 18:39:43.313 68796 INFO tempest.lib.common.rest_client [req-74929cd4-211d-4448-8764-d482601430d8 req-74929cd4-211d-4448-8764-d482601430d8 ] Request (SecurityGroupsTestJSON:test_server_security_groups): 200 GET http://10.180.1.21/compute/v2.1/servers/efed858a-44b9-45b7-8778-22183549088c 0.052s
2025-03-11 18:39:43.334 68760 INFO tempest.lib.common.rest_client [req-22b19043-ed71-4f53-ac99-8894798a6429 req-22b19043-ed71-4f53-ac99-8894798a6429 ] Request (ListServerFiltersTestJSON:setUpClass): 200 GET http://10.180.1.21/compute/v2.1/servers/e3855111-7678-42c5-a37e-25e8587416aa 0.120s
2025-03-11 18:39:43.358 68814 INFO tempest.lib.common.rest_client [req-5606c0f5-db93-493f-8fc1-2e6aa00131a3 req-5606c0f5-db93-493f-8fc1-2e6aa00131a3 ] Request (ServerRescueTestJSON:test_rescue_unrescue_instance): 200 GET http://10.180.1.21/compute/v2.1/servers/acbf4c5c-341c-4ebd-ad29-90ebf531aa86 0.088s
2025-03-11 18:39:43.380 68798 INFO tempest.lib.common.rest_client [req-77582f11-d5f0-4e31-98fb-034c1b0c747b req-77582f11-d5f0-4e31-98fb-034c1b0c747b ] Request (InstanceActionsNegativeTestJSON:setUpClass): 200 GET http://10.180.1.21/compute/v2.1/servers/995a3eae-c025-4efa-b509-0bf678bb0388 0.063s
2025-03-11 18:39:43.401 68768 INFO tempest.lib.common.rest_client [req-6a8bfa6c-6ac1-4182-ae64-168529a2421d req-6a8bfa6c-6ac1-4182-ae64-168529a2421d ] Request (ServersAdminTestJSON:test_create_server_with_scheduling_hint): 200 GET http://10.180.1.21/compute/v2.1/servers/013a92cc-0fc2-4e85-aee6-efb62bae4dcb 0.081s
2025-03-11 18:39:43.427 68811 INFO tempest.lib.common.rest_client [req-356e6162-24db-46db-b1a6-15455cc61a56 req-356e6162-24db-46db-b1a6-15455cc61a56 ] Request (ServerDiskConfigTestJSON:test_rebuild_server_with_manual_disk_config): 200 GET http://10.180.1.21/compute/v2.1/servers/860107df-4e9b-44b1-9e85-b0ee3a827268 0.060s
2025-03-11 18:39:43.456 68778 INFO tempest.lib.common.rest_client [req-5cbc1574-0751-4063-9551-4d436724779a req-5cbc1574-0751-4063-9551-4d436724779a ] Request (MultipleCreateTestJSON:_run_cleanups): 200 GET http://10.180.1.21/compute/v2.1/servers/67312d87-cc63-4dc7-b9c1-9c8d349a4756 0.068s
2025-03-11 18:39:43.512 68772 INFO tempest.lib.common.rest_client [req-0ecad0e0-7d42-4acf-b13e-1888b18b0c32 req-0ecad0e0-7d42-4acf-b13e-1888b18b0c32 ] Request (DeleteServersAdminTestJSON:test_delete_server_while_in_error_state): 200 GET http://10.180.1.21/compute/v2.1/servers/aa39767e-1ae7-4881-b0a8-e7b66e1ceed2 0.063s
2025-03-11 18:39:43.523 68780 INFO tempest.lib.common.rest_client [req-85762499-c4ba-4a70-b175-44cfcea8f71f req-85762499-c4ba-4a70-b175-44cfcea8f71f ] Request (ServersListShow298Test:test_list_show_update_rebuild_server_298): 200 GET http://10.180.1.21/compute/v2.1/servers/5202b708-179c-48d2-9c4e-2bb5ab1a6ebb 0.058s
2025-03-11 18:39:43.562 68770 INFO tempest.lib.common.rest_client [req-8987aa7b-10f0-46d3-b0d9-0b15ed851164 req-8987aa7b-10f0-46d3-b0d9-0b15ed851164 ] Request (ServersTestBootFromVolume:setUpClass): 200 GET http://10.180.1.21/compute/v2.1/servers/29e9555b-f928-43e7-a3a3-869ed07d7326 0.054s
2025-03-11 18:39:43.569 68764 INFO tempest.lib.common.rest_client [req-d3b525f2-1010-485a-8e91-f331643d321f req-d3b525f2-1010-485a-8e91-f331643d321f ] Request (ServerExternalEventsTest:test_create_server_external_events): 200 GET http://10.180.1.21/compute/v2.1/servers/c5af19d6-5534-45e6-8c9c-dacf30d4fb1a 0.055s
2025-03-11 18:39:43.657 68808 INFO tempest.lib.common.rest_client [req-b9e72563-4a58-4545-8f5f-3e2a7c0a2111 req-b9e72563-4a58-4545-8f5f-3e2a7c0a2111 ] Request (ImagesOneServerNegativeTestJSON:_run_cleanups): 200 GET http://10.180.1.21/compute/v2.1/servers/d7c64aa1-44f8-44f4-9fb6-463033837736 0.055s
2025-03-11 18:39:43.717 68776 INFO tempest.lib.common.rest_client [req-b35bb9a2-0d87-4e5e-a08f-b6142fc6b221 req-b35bb9a2-0d87-4e5e-a08f-b6142fc6b221 ] Request (ServerRescueNegativeTestJSON:test_rescued_vm_detach_volume): 200 GET http://10.180.1.21/compute/v2.1/servers/a01364f9-e30d-4140-ae41-1e7c4aaa2251 0.053s
2025-03-11 18:39:43.766 68790 INFO tempest.lib.common.rest_client [req-ea300223-5814-4ad9-b4d7-d67b3e9c49e1 req-ea300223-5814-4ad9-b4d7-d67b3e9c49e1 ] Request (ImagesTestJSON:test_create_image_from_suspended_server): 200 GET http://10.180.1.21/compute/v2.1/servers/6b10ff9f-3248-46fe-9cd4-19e0ebbcee77 0.049s
2025-03-11 18:39:43.814 68782 INFO tempest.lib.common.rest_client [req-e4272218-34ef-4250-9390-f9116a46521d req-e4272218-34ef-4250-9390-f9116a46521d ] Request (ServersTestJSON:setUpClass): 200 GET http://10.180.1.21/compute/v2.1/servers/7ae346fa-fbb2-4fd7-b620-f0dda8243ca8 0.047s
2025-03-11 18:39:43.882 68784 INFO tempest.lib.common.rest_client [req-05c32562-5978-45e7-9855-bf07d3c77780 req-05c32562-5978-45e7-9855-bf07d3c77780 ] Request (TenantUsagesTestJSON:tearDownClass): 200 GET http://10.180.1.21/compute/v2.1/servers/56cfa7f3-12ad-42d0-a27f-ab8136a903ee 0.052s
2025-03-11 18:39:43.926 68816 INFO tempest.lib.common.rest_client [req-c673287e-6322-444e-ae5f-52e16003d4f6 req-c673287e-6322-444e-ae5f-52e16003d4f6 ] Request (ServerActionsTestJSON:setUpClass): 200 GET http://10.180.1.21/compute/v2.1/servers/8ccd7176-55c0-4118-a07e-3c4bdbba9795 0.050s
2025-03-11 18:39:43.933 68816 INFO tempest.common.waiters [-] State transition "BUILD/scheduling" ==> "BUILD/None" after 28 second wait
2025-03-11 18:39:43.987 68758 INFO tempest.lib.common.rest_client [req-4c6a30cd-dc74-4f64-83ac-3546537c5fb0 req-4c6a30cd-dc74-4f64-83ac-3546537c5fb0 ] Request (MigrationsAdminTest:test_resize_server_revert_deleted_flavor): 200 GET http://10.180.1.21/compute/v2.1/servers/b7706bf2-936f-439c-8e9f-b2241d0c211c 0.046s
2025-03-11 18:39:44.242 68766 INFO tempest.lib.common.rest_client [req-d0a99290-82d6-4db5-b788-130882f9a567 req-d0a99290-82d6-4db5-b788-130882f9a567 ] Request (ServersAdminNegativeTestJSON:tearDownClass): 200 GET http://10.180.1.21/compute/v2.1/servers/0484ccee-f003-4101-87c5-fed92f095d2d 0.065s
2025-03-11 18:39:44.243 68818 INFO tempest.lib.common.rest_client [req-3439187c-1caf-439c-98f2-d97c2f1c3e86 req-3439187c-1caf-439c-98f2-d97c2f1c3e86 ] Request (FloatingIPsAssociationTestJSON:setUpClass): 200 GET http://10.180.1.21/compute/v2.1/servers/39c532b1-b05e-4354-ad8f-9223b06e9488 0.055s
2025-03-11 18:39:44.250 68818 INFO tempest.common.waiters [-] State transition "BUILD/None" ==> "BUILD/networking" after 57 second wait
2025-03-11 18:39:44.346 68786 INFO tempest.lib.common.rest_client [req-0b1fa882-c960-476f-8613-7a8016ffa137 req-0b1fa882-c960-476f-8613-7a8016ffa137 ] Request (ServersAdmin275Test:tearDownClass): 200 GET http://10.180.1.21/compute/v2.1/servers/5435b4d8-46c3-43e3-b11b-cbeb580e2f36 0.067s
2025-03-11 18:39:44.374 68796 INFO tempest.lib.common.rest_client [req-0e54a324-1c32-4f4d-a9ef-9328f7b4af78 req-0e54a324-1c32-4f4d-a9ef-9328f7b4af78 ] Request (SecurityGroupsTestJSON:test_server_security_groups): 200 GET http://10.180.1.21/compute/v2.1/servers/efed858a-44b9-45b7-8778-22183549088c 0.053s
2025-03-11 18:39:44.430 68814 INFO tempest.lib.common.rest_client [req-faaadf07-8a1a-4661-8623-bc1cc7a4523d req-faaadf07-8a1a-4661-8623-bc1cc7a4523d ] Request (ServerRescueTestJSON:test_rescue_unrescue_instance): 200 GET http://10.180.1.21/compute/v2.1/servers/acbf4c5c-341c-4ebd-ad29-90ebf531aa86 0.065s
2025-03-11 18:39:44.485 68798 INFO tempest.lib.common.rest_client [req-48912105-121b-4882-b836-652f3678f85c req-48912105-121b-4882-b836-652f3678f85c ] Request (InstanceActionsNegativeTestJSON:setUpClass): 200 GET http://10.180.1.21/compute/v2.1/servers/995a3eae-c025-4efa-b509-0bf678bb0388 0.097s
2025-03-11 18:39:44.542 68768 INFO tempest.lib.common.rest_client [req-96603c93-f03c-420f-a93c-069f03563346 req-96603c93-f03c-420f-a93c-069f03563346 ] Request (ServersAdminTestJSON:test_create_server_with_scheduling_hint): 200 GET http://10.180.1.21/compute/v2.1/servers/013a92cc-0fc2-4e85-aee6-efb62bae4dcb 0.131s
2025-03-11 18:39:44.547 68760 INFO tempest.lib.common.rest_client [req-b790aa26-26f1-45a4-8141-b83b7de6cfb3 req-b790aa26-26f1-45a4-8141-b83b7de6cfb3 ] Request (ListServerFiltersTestJSON:setUpClass): 200 GET http://10.180.1.21/compute/v2.1/servers/e3855111-7678-42c5-a37e-25e8587416aa 0.206s
2025-03-11 18:39:44.593 68811 INFO tempest.lib.common.rest_client [req-f2d02e36-96ab-481f-8bd7-d0b38041b798 req-f2d02e36-96ab-481f-8bd7-d0b38041b798 ] Request (ServerDiskConfigTestJSON:test_rebuild_server_with_manual_disk_config): 200 GET http://10.180.1.21/compute/v2.1/servers/860107df-4e9b-44b1-9e85-b0ee3a827268 0.157s
2025-03-11 18:39:44.606 68778 INFO tempest.lib.common.rest_client [req-f39626c3-1c86-4a30-9669-d1b2905028b6 req-f39626c3-1c86-4a30-9669-d1b2905028b6 ] Request (MultipleCreateTestJSON:_run_cleanups): 200 GET http://10.180.1.21/compute/v2.1/servers/67312d87-cc63-4dc7-b9c1-9c8d349a4756 0.142s
2025-03-11 18:39:44.673 68772 INFO tempest.lib.common.rest_client [req-04958eb6-3885-414a-8184-bff2b8546513 req-04958eb6-3885-414a-8184-bff2b8546513 ] Request (DeleteServersAdminTestJSON:test_delete_server_while_in_error_state): 200 GET http://10.180.1.21/compute/v2.1/servers/aa39767e-1ae7-4881-b0a8-e7b66e1ceed2 0.152s
2025-03-11 18:39:44.690 68780 INFO tempest.lib.common.rest_client [req-8e19be10-4e38-461b-aacf-841156199e61 req-8e19be10-4e38-461b-aacf-841156199e61 ] Request (ServersListShow298Test:test_list_show_update_rebuild_server_298): 200 GET http://10.180.1.21/compute/v2.1/servers/5202b708-179c-48d2-9c4e-2bb5ab1a6ebb 0.155s
2025-03-11 18:39:44.738 68770 INFO tempest.lib.common.rest_client [req-084f7f29-f480-4332-80b6-fde2b4c843c0 req-084f7f29-f480-4332-80b6-fde2b4c843c0 ] Request (ServersTestBootFromVolume:setUpClass): 200 GET http://10.180.1.21/compute/v2.1/servers/29e9555b-f928-43e7-a3a3-869ed07d7326 0.166s
2025-03-11 18:39:44.760 68764 INFO tempest.lib.common.rest_client [req-f1ea4a29-53e5-49b4-80cc-9ecbc545e0e8 req-f1ea4a29-53e5-49b4-80cc-9ecbc545e0e8 ] Request (ServerExternalEventsTest:test_create_server_external_events): 200 GET http://10.180.1.21/compute/v2.1/servers/c5af19d6-5534-45e6-8c9c-dacf30d4fb1a 0.184s
2025-03-11 18:39:44.811 68808 INFO tempest.lib.common.rest_client [req-00156595-8aa3-497e-b875-ed18bf7bb674 req-00156595-8aa3-497e-b875-ed18bf7bb674 ] Request (ImagesOneServerNegativeTestJSON:_run_cleanups): 200 GET http://10.180.1.21/compute/v2.1/servers/d7c64aa1-44f8-44f4-9fb6-463033837736 0.145s
2025-03-11 18:39:44.841 68776 INFO tempest.lib.common.rest_client [req-9a0ff05d-810c-42e2-834e-4604faa91129 req-9a0ff05d-810c-42e2-834e-4604faa91129 ] Request (ServerRescueNegativeTestJSON:test_rescued_vm_detach_volume): 200 GET http://10.180.1.21/compute/v2.1/servers/a01364f9-e30d-4140-ae41-1e7c4aaa2251 0.115s
2025-03-11 18:39:44.872 68790 INFO tempest.lib.common.rest_client [req-1d3a8fe9-32c1-47e0-817a-e4d17585e03c req-1d3a8fe9-32c1-47e0-817a-e4d17585e03c ] Request (ImagesTestJSON:test_create_image_from_suspended_server): 200 GET http://10.180.1.21/compute/v2.1/servers/6b10ff9f-3248-46fe-9cd4-19e0ebbcee77 0.099s
2025-03-11 18:39:44.903 68782 INFO tempest.lib.common.rest_client [req-a58a9e35-101b-488a-a742-c8e8666a7caf req-a58a9e35-101b-488a-a742-c8e8666a7caf ] Request (ServersTestJSON:setUpClass): 200 GET http://10.180.1.21/compute/v2.1/servers/7ae346fa-fbb2-4fd7-b620-f0dda8243ca8 0.081s
2025-03-11 18:39:44.959 68784 INFO tempest.lib.common.rest_client [req-e952ae91-597a-4e75-9605-b8c89528f265 req-e952ae91-597a-4e75-9605-b8c89528f265 ] Request (TenantUsagesTestJSON:tearDownClass): 200 GET http://10.180.1.21/compute/v2.1/servers/56cfa7f3-12ad-42d0-a27f-ab8136a903ee 0.069s
2025-03-11 18:39:45.004 68816 INFO tempest.lib.common.rest_client [req-3d50bd02-aa72-4848-92ab-7dc65a822b82 req-3d50bd02-aa72-4848-92ab-7dc65a822b82 ] Request (ServerActionsTestJSON:setUpClass): 200 GET http://10.180.1.21/compute/v2.1/servers/8ccd7176-55c0-4118-a07e-3c4bdbba9795 0.070s
2025-03-11 18:39:45.049 68758 INFO tempest.lib.common.rest_client [req-e5650ad1-9a91-4901-be49-fbbf5959e095 req-e5650ad1-9a91-4901-be49-fbbf5959e095 ] Request (MigrationsAdminTest:test_resize_server_revert_deleted_flavor): 200 GET http://10.180.1.21/compute/v2.1/servers/b7706bf2-936f-439c-8e9f-b2241d0c211c 0.055s
2025-03-11 18:39:45.330 68766 INFO tempest.lib.common.rest_client [req-6cd1bb9f-6438-44cd-babe-09c40c44daf3 req-6cd1bb9f-6438-44cd-babe-09c40c44daf3 ] Request (ServersAdminNegativeTestJSON:tearDownClass): 200 GET http://10.180.1.21/compute/v2.1/servers/0484ccee-f003-4101-87c5-fed92f095d2d 0.080s
2025-03-11 18:39:45.374 68818 INFO tempest.lib.common.rest_client [req-0788d96b-c183-4eb1-bbe6-d76310d50eb2 req-0788d96b-c183-4eb1-bbe6-d76310d50eb2 ] Request (FloatingIPsAssociationTestJSON:setUpClass): 200 GET http://10.180.1.21/compute/v2.1/servers/39c532b1-b05e-4354-ad8f-9223b06e9488 0.122s
2025-03-11 18:39:45.380 68818 INFO tempest.common.waiters [-] State transition "BUILD/networking" ==> "BUILD/block_device_mapping" after 58 second wait
2025-03-11 18:39:45.428 68786 INFO tempest.lib.common.rest_client [req-24e54715-a3a8-4cdf-ab49-2679e8d34cb7 req-24e54715-a3a8-4cdf-ab49-2679e8d34cb7 ] Request (ServersAdmin275Test:tearDownClass): 200 GET http://10.180.1.21/compute/v2.1/servers/5435b4d8-46c3-43e3-b11b-cbeb580e2f36 0.071s
2025-03-11 18:39:45.444 68796 INFO tempest.lib.common.rest_client [req-71471c3f-3a8f-4bab-9e8a-cf98697d3bf9 req-71471c3f-3a8f-4bab-9e8a-cf98697d3bf9 ] Request (SecurityGroupsTestJSON:test_server_security_groups): 200 GET http://10.180.1.21/compute/v2.1/servers/efed858a-44b9-45b7-8778-22183549088c 0.059s
2025-03-11 18:39:45.497 68814 INFO tempest.lib.common.rest_client [req-e4e5145a-441a-4086-b5a2-041007d6b193 req-e4e5145a-441a-4086-b5a2-041007d6b193 ] Request (ServerRescueTestJSON:test_rescue_unrescue_instance): 200 GET http://10.180.1.21/compute/v2.1/servers/acbf4c5c-341c-4ebd-ad29-90ebf531aa86 0.059s
2025-03-11 18:39:45.548 68798 INFO tempest.lib.common.rest_client [req-9f1b13a5-3b9d-422d-9285-6da167d75d6b req-9f1b13a5-3b9d-422d-9285-6da167d75d6b ] Request (InstanceActionsNegativeTestJSON:setUpClass): 200 GET http://10.180.1.21/compute/v2.1/servers/995a3eae-c025-4efa-b509-0bf678bb0388 0.056s
2025-03-11 18:39:45.608 68768 INFO tempest.lib.common.rest_client [req-aa11c876-c64f-4f0a-8b3b-55b5bd795024 req-aa11c876-c64f-4f0a-8b3b-55b5bd795024 ] Request (ServersAdminTestJSON:test_create_server_with_scheduling_hint): 200 GET http://10.180.1.21/compute/v2.1/servers/013a92cc-0fc2-4e85-aee6-efb62bae4dcb 0.058s
2025-03-11 18:39:45.670 68811 INFO tempest.lib.common.rest_client [req-f3f8308b-23ad-4683-95b3-e4ab24d06aa2 req-f3f8308b-23ad-4683-95b3-e4ab24d06aa2 ] Request (ServerDiskConfigTestJSON:test_rebuild_server_with_manual_disk_config): 200 GET http://10.180.1.21/compute/v2.1/servers/860107df-4e9b-44b1-9e85-b0ee3a827268 0.065s
2025-03-11 18:39:45.682 68760 INFO tempest.lib.common.rest_client [req-7ee3a655-c776-4477-9a73-388392653187 req-7ee3a655-c776-4477-9a73-388392653187 ] Request (ListServerFiltersTestJSON:setUpClass): 200 GET http://10.180.1.21/compute/v2.1/servers/e3855111-7678-42c5-a37e-25e8587416aa 0.127s
2025-03-11 18:39:45.742 68778 INFO tempest.lib.common.rest_client [req-bb41137a-3ff9-4c1e-bef9-f78898da22d1 req-bb41137a-3ff9-4c1e-bef9-f78898da22d1 ] Request (MultipleCreateTestJSON:_run_cleanups): 200 GET http://10.180.1.21/compute/v2.1/servers/67312d87-cc63-4dc7-b9c1-9c8d349a4756 0.128s
2025-03-11 18:39:45.753 68772 INFO tempest.lib.common.rest_client [req-c7977d95-e335-43ce-9fe5-cf95d5f4e51d req-c7977d95-e335-43ce-9fe5-cf95d5f4e51d ] Request (DeleteServersAdminTestJSON:test_delete_server_while_in_error_state): 200 GET http://10.180.1.21/compute/v2.1/servers/aa39767e-1ae7-4881-b0a8-e7b66e1ceed2 0.072s
2025-03-11 18:39:45.812 68770 INFO tempest.lib.common.rest_client [req-a3b4ea84-8632-43f4-8c79-4dcf23f5c000 req-a3b4ea84-8632-43f4-8c79-4dcf23f5c000 ] Request (ServersTestBootFromVolume:setUpClass): 200 GET http://10.180.1.21/compute/v2.1/servers/29e9555b-f928-43e7-a3a3-869ed07d7326 0.067s
2025-03-11 18:39:45.813 68780 INFO tempest.lib.common.rest_client [req-49500fd5-e6b2-4239-9359-ec4dd611440b req-49500fd5-e6b2-4239-9359-ec4dd611440b ] Request (ServersListShow298Test:test_list_show_update_rebuild_server_298): 200 GET http://10.180.1.21/compute/v2.1/servers/5202b708-179c-48d2-9c4e-2bb5ab1a6ebb 0.110s
2025-03-11 18:39:45.869 68764 INFO tempest.lib.common.rest_client [req-27d66996-6e2d-4a51-bd69-a4a59c4b5196 req-27d66996-6e2d-4a51-bd69-a4a59c4b5196 ] Request (ServerExternalEventsTest:test_create_server_external_events): 200 GET http://10.180.1.21/compute/v2.1/servers/c5af19d6-5534-45e6-8c9c-dacf30d4fb1a 0.101s
2025-03-11 18:39:45.884 68808 INFO tempest.lib.common.rest_client [req-da38cd91-ca40-4c92-ac2f-0eeda1518df0 req-da38cd91-ca40-4c92-ac2f-0eeda1518df0 ] Request (ImagesOneServerNegativeTestJSON:_run_cleanups): 200 GET http://10.180.1.21/compute/v2.1/servers/d7c64aa1-44f8-44f4-9fb6-463033837736 0.060s
2025-03-11 18:39:45.922 68776 INFO tempest.lib.common.rest_client [req-98c16a94-ecd8-4b5e-a3a9-bf4448daa246 req-98c16a94-ecd8-4b5e-a3a9-bf4448daa246 ] Request (ServerRescueNegativeTestJSON:test_rescued_vm_detach_volume): 200 GET http://10.180.1.21/compute/v2.1/servers/a01364f9-e30d-4140-ae41-1e7c4aaa2251 0.073s
2025-03-11 18:39:45.940 68790 INFO tempest.lib.common.rest_client [req-1725a5cb-e73b-4ab4-bdf5-623228893bbc req-1725a5cb-e73b-4ab4-bdf5-623228893bbc ] Request (ImagesTestJSON:test_create_image_from_suspended_server): 200 GET http://10.180.1.21/compute/v2.1/servers/6b10ff9f-3248-46fe-9cd4-19e0ebbcee77 0.059s
2025-03-11 18:39:45.980 68782 INFO tempest.lib.common.rest_client [req-9f0d9411-71a7-48e4-85d5-5bedcdede2a8 req-9f0d9411-71a7-48e4-85d5-5bedcdede2a8 ] Request (ServersTestJSON:setUpClass): 200 GET http://10.180.1.21/compute/v2.1/servers/7ae346fa-fbb2-4fd7-b620-f0dda8243ca8 0.062s
2025-03-11 18:39:46.034 68784 INFO tempest.lib.common.rest_client [req-fda25e1b-3a2a-4d8c-b9c3-f2ec52d2275b req-fda25e1b-3a2a-4d8c-b9c3-f2ec52d2275b ] Request (TenantUsagesTestJSON:tearDownClass): 200 GET http://10.180.1.21/compute/v2.1/servers/56cfa7f3-12ad-42d0-a27f-ab8136a903ee 0.066s
2025-03-11 18:39:46.082 68816 INFO tempest.lib.common.rest_client [req-a90602f9-0aa1-4749-b255-c775e9c77269 req-a90602f9-0aa1-4749-b255-c775e9c77269 ] Request (ServerActionsTestJSON:setUpClass): 200 GET http://10.180.1.21/compute/v2.1/servers/8ccd7176-55c0-4118-a07e-3c4bdbba9795 0.069s
2025-03-11 18:39:46.118 68758 INFO tempest.lib.common.rest_client [req-c7305b7c-be7a-4853-9d63-21dff9d24d9a req-c7305b7c-be7a-4853-9d63-21dff9d24d9a ] Request (MigrationsAdminTest:test_resize_server_revert_deleted_flavor): 200 GET http://10.180.1.21/compute/v2.1/servers/b7706bf2-936f-439c-8e9f-b2241d0c211c 0.060s
2025-03-11 18:39:46.383 68802 WARNING tempest.lib.common.ssh [-] Failed to establish authenticated ssh connection to cirros@10.180.180.169 ([Errno None] Unable to connect to port 22 on 10.180.180.169). Number attempts: 6. Retry after 7 seconds.: paramiko.ssh_exception.NoValidConnectionsError: [Errno None] Unable to connect to port 22 on 10.180.180.169
2025-03-11 18:39:46.417 68766 INFO tempest.lib.common.rest_client [req-24ed41b5-94e8-4007-a5b5-bba3b4bad262 req-24ed41b5-94e8-4007-a5b5-bba3b4bad262 ] Request (ServersAdminNegativeTestJSON:tearDownClass): 200 GET http://10.180.1.21/compute/v2.1/servers/0484ccee-f003-4101-87c5-fed92f095d2d 0.079s
2025-03-11 18:39:46.447 68788 WARNING tempest.lib.common.ssh [-] Failed to establish authenticated ssh connection to cirros@10.180.180.250 ([Errno None] Unable to connect to port 22 on 10.180.180.250). Number attempts: 5. Retry after 6 seconds.: paramiko.ssh_exception.NoValidConnectionsError: [Errno None] Unable to connect to port 22 on 10.180.180.250
2025-03-11 18:39:46.513 68818 INFO tempest.lib.common.rest_client [req-6784342c-7b62-430f-b680-f9a7678662e5 req-6784342c-7b62-430f-b680-f9a7678662e5 ] Request (FloatingIPsAssociationTestJSON:setUpClass): 200 GET http://10.180.1.21/compute/v2.1/servers/39c532b1-b05e-4354-ad8f-9223b06e9488 0.132s
2025-03-11 18:39:46.521 68818 INFO tempest.common.waiters [-] State transition "BUILD/block_device_mapping" ==> "BUILD/spawning" after 59 second wait
2025-03-11 18:39:46.548 68786 INFO tempest.lib.common.rest_client [req-15499c51-abe9-4541-8184-9bacf0340c5e req-15499c51-abe9-4541-8184-9bacf0340c5e ] Request (ServersAdmin275Test:tearDownClass): 200 GET http://10.180.1.21/compute/v2.1/servers/5435b4d8-46c3-43e3-b11b-cbeb580e2f36 0.109s
2025-03-11 18:39:46.575 68796 INFO tempest.lib.common.rest_client [req-66f649a7-e447-4a9c-af9f-cbf1bcf8322d req-66f649a7-e447-4a9c-af9f-cbf1bcf8322d ] Request (SecurityGroupsTestJSON:test_server_security_groups): 200 GET http://10.180.1.21/compute/v2.1/servers/efed858a-44b9-45b7-8778-22183549088c 0.123s
2025-03-11 18:39:46.610 68814 INFO tempest.lib.common.rest_client [req-6b49db79-71a3-4882-992c-4fd1e948cc89 req-6b49db79-71a3-4882-992c-4fd1e948cc89 ] Request (ServerRescueTestJSON:test_rescue_unrescue_instance): 200 GET http://10.180.1.21/compute/v2.1/servers/acbf4c5c-341c-4ebd-ad29-90ebf531aa86 0.105s
2025-03-11 18:39:46.630 68798 INFO tempest.lib.common.rest_client [req-7f5c69b8-7aa3-4151-a6eb-3c0088c50fd7 req-7f5c69b8-7aa3-4151-a6eb-3c0088c50fd7 ] Request (InstanceActionsNegativeTestJSON:setUpClass): 200 GET http://10.180.1.21/compute/v2.1/servers/995a3eae-c025-4efa-b509-0bf678bb0388 0.074s
2025-03-11 18:39:46.674 68768 INFO tempest.lib.common.rest_client [req-8408479e-9c86-4244-8e86-3d9dd38399be req-8408479e-9c86-4244-8e86-3d9dd38399be ] Request (ServersAdminTestJSON:test_create_server_with_scheduling_hint): 200 GET http://10.180.1.21/compute/v2.1/servers/013a92cc-0fc2-4e85-aee6-efb62bae4dcb 0.059s
2025-03-11 18:39:46.739 68811 INFO tempest.lib.common.rest_client [req-38a0a392-2549-4866-ae2e-351520ee70f9 req-38a0a392-2549-4866-ae2e-351520ee70f9 ] Request (ServerDiskConfigTestJSON:test_rebuild_server_with_manual_disk_config): 200 GET http://10.180.1.21/compute/v2.1/servers/860107df-4e9b-44b1-9e85-b0ee3a827268 0.061s
2025-03-11 18:39:46.782 68760 INFO tempest.lib.common.rest_client [req-c08e6b11-d625-4b71-825b-bf30ded569b2 req-c08e6b11-d625-4b71-825b-bf30ded569b2 ] Request (ListServerFiltersTestJSON:setUpClass): 200 GET http://10.180.1.21/compute/v2.1/servers/e3855111-7678-42c5-a37e-25e8587416aa 0.092s
2025-03-11 18:39:46.809 68778 INFO tempest.lib.common.rest_client [req-4416d90c-f645-4b2e-8395-a287452afd3c req-4416d90c-f645-4b2e-8395-a287452afd3c ] Request (MultipleCreateTestJSON:_run_cleanups): 200 GET http://10.180.1.21/compute/v2.1/servers/67312d87-cc63-4dc7-b9c1-9c8d349a4756 0.057s
2025-03-11 18:39:46.832 68772 INFO tempest.lib.common.rest_client [req-043c9506-325f-4e8e-b510-08855cccc33e req-043c9506-325f-4e8e-b510-08855cccc33e ] Request (DeleteServersAdminTestJSON:test_delete_server_while_in_error_state): 200 GET http://10.180.1.21/compute/v2.1/servers/aa39767e-1ae7-4881-b0a8-e7b66e1ceed2 0.071s
2025-03-11 18:39:46.870 68770 INFO tempest.lib.common.rest_client [req-29fa28cb-d968-4229-9843-5a4f5c91f2fb req-29fa28cb-d968-4229-9843-5a4f5c91f2fb ] Request (ServersTestBootFromVolume:setUpClass): 200 GET http://10.180.1.21/compute/v2.1/servers/29e9555b-f928-43e7-a3a3-869ed07d7326 0.046s
2025-03-11 18:39:46.885 68780 INFO tempest.lib.common.rest_client [req-7bfc6f68-b85f-42be-a6e4-fee7b6d0a54b req-7bfc6f68-b85f-42be-a6e4-fee7b6d0a54b ] Request (ServersListShow298Test:test_list_show_update_rebuild_server_298): 200 GET http://10.180.1.21/compute/v2.1/servers/5202b708-179c-48d2-9c4e-2bb5ab1a6ebb 0.060s
2025-03-11 18:39:46.895 68780 INFO tempest.common.waiters [-] State transition "BUILD/None" ==> "BUILD/networking" after 58 second wait
2025-03-11 18:39:46.934 68764 INFO tempest.lib.common.rest_client [req-3160e119-a1da-42e7-b266-50092f6491eb req-3160e119-a1da-42e7-b266-50092f6491eb ] Request (ServerExternalEventsTest:test_create_server_external_events): 200 GET http://10.180.1.21/compute/v2.1/servers/c5af19d6-5534-45e6-8c9c-dacf30d4fb1a 0.048s
2025-03-11 18:39:46.945 68808 INFO tempest.lib.common.rest_client [req-216c956c-4473-410b-ae52-33316be15a48 req-216c956c-4473-410b-ae52-33316be15a48 ] Request (ImagesOneServerNegativeTestJSON:_run_cleanups): 200 GET http://10.180.1.21/compute/v2.1/servers/d7c64aa1-44f8-44f4-9fb6-463033837736 0.053s
