2025-03-11 18:38:16.375 68786 INFO tempest.lib.common.rest_client [req-be1d2e7d-33dc-421c-8f59-6bda6265d8a2 req-be1d2e7d-33dc-421c-8f59-6bda6265d8a2 ] Request (FlavorsExtraSpecsTestJSON:tearDownClass): 204 DELETE http://10.180.1.21:9696/networking/v2.0/security-groups/e8349ebd-f870-40a8-804c-85a0427850d4 0.243s
2025-03-11 18:38:16.498 68786 INFO tempest.lib.common.rest_client [req-a9c16479-ac65-47d5-a681-f25753743562 req-a9c16479-ac65-47d5-a681-f25753743562 ] Request (FlavorsExtraSpecsTestJSON:tearDownClass): 204 DELETE http://10.180.1.21/identity/v3/projects/e4f24469c0ba4849929eb706bd275cf5 0.122s
2025-03-11 18:38:16.499 68786 INFO tempest.test [-] raised in LiveMigrationRemoteConsolesV26Test.setUpClass. Invoking tearDownClass.
2025-03-11 18:38:16.565 68786 INFO tempest.lib.common.rest_client [req-e23176a3-930f-40fe-92f2-b256f2855e3e req-e23176a3-930f-40fe-92f2-b256f2855e3e ] Request (ServersAdmin275Test:setUpClass): 201 POST http://10.180.1.21/identity/v3/auth/tokens 0.062s
2025-03-11 18:38:16.603 68786 INFO tempest.lib.common.rest_client [req-9ede56e0-4ec9-4cce-8291-7a6304573309 req-9ede56e0-4ec9-4cce-8291-7a6304573309 ] Request (ServersAdmin275Test:setUpClass): 201 POST http://10.180.1.21/identity/v3/auth/tokens 0.036s
2025-03-11 18:38:16.637 68786 INFO tempest.lib.common.rest_client [req-ce319b91-5339-4dd0-8458-759cfb09b39d req-ce319b91-5339-4dd0-8458-759cfb09b39d ] Request (ServersAdmin275Test:setUpClass): 200 GET http://10.180.1.21/identity/v3/domains?name=Default 0.033s
2025-03-11 18:38:16.665 68786 INFO tempest.lib.common.rest_client [req-ab545962-afc7-463d-a92d-8a44d1011483 req-ab545962-afc7-463d-a92d-8a44d1011483 ] Request (ServersAdmin275Test:setUpClass): 201 POST http://10.180.1.21/identity/v3/projects 0.027s
2025-03-11 18:38:16.743 68786 INFO tempest.lib.common.rest_client [req-b24a7845-a487-4d96-9bea-3bf37935a580 req-b24a7845-a487-4d96-9bea-3bf37935a580 ] Request (ServersAdmin275Test:setUpClass): 201 POST http://10.180.1.21/identity/v3/users 0.077s
2025-03-11 18:38:16.774 68786 INFO tempest.lib.common.rest_client [req-0db73beb-432a-45a8-9e8f-46061d0b67e3 req-0db73beb-432a-45a8-9e8f-46061d0b67e3 ] Request (ServersAdmin275Test:setUpClass): 200 GET http://10.180.1.21/identity/v3/roles 0.030s
2025-03-11 18:38:16.803 68786 INFO tempest.lib.common.rest_client [req-d546913e-123e-4849-b65c-d6eff9bd6c79 req-d546913e-123e-4849-b65c-d6eff9bd6c79 ] Request (ServersAdmin275Test:setUpClass): 204 PUT http://10.180.1.21/identity/v3/projects/0440009c3aac4901b2c88adce2c33341/users/c0940ac0ef1149b297f99d034981c19f/roles/671946a1235d4df5b9ff277ab0e4ab0b 0.027s
2025-03-11 18:38:16.803 68786 INFO tempest.lib.common.dynamic_creds [-] Dynamic test user c0940ac0ef1149b297f99d034981c19f is created with scope project and roles: ['member']
2025-03-11 18:38:16.804 68786 INFO tempest.lib.common.dynamic_creds [-] Acquired dynamic creds: credentials: Credentials: {'domain_id': 'default', 'domain_name': 'Default', 'username': 'tempest-ServersAdmin275Test-2055587085-project-member', 'project_domain_id': 'default', 'project_domain_name': 'Default', 'project_id': '0440009c3aac4901b2c88adce2c33341', 'project_name': 'tempest-ServersAdmin275Test-2055587085', 'tenant_id': '0440009c3aac4901b2c88adce2c33341', 'tenant_name': 'tempest-ServersAdmin275Test-2055587085', 'user_domain_id': 'default', 'user_domain_name': 'Default', 'user_id': 'c0940ac0ef1149b297f99d034981c19f', 'system': None}, Network: None, Subnet: None, Router: None
2025-03-11 18:38:16.804 68786 INFO tempest.lib.common.dynamic_creds [-] Created isolated network resources for: credentials: Credentials: {'domain_id': 'default', 'domain_name': 'Default', 'username': 'tempest-ServersAdmin275Test-2055587085-project-member', 'project_domain_id': 'default', 'project_domain_name': 'Default', 'project_id': '0440009c3aac4901b2c88adce2c33341', 'project_name': 'tempest-ServersAdmin275Test-2055587085', 'tenant_id': '0440009c3aac4901b2c88adce2c33341', 'tenant_name': 'tempest-ServersAdmin275Test-2055587085', 'user_domain_id': 'default', 'user_domain_name': 'Default', 'user_id': 'c0940ac0ef1149b297f99d034981c19f', 'system': None}, Network: None, Subnet: None, Router: None
2025-03-11 18:38:16.888 68774 INFO tempest.lib.common.rest_client [req-0ec38334-444d-49be-ba46-67384063c142 req-0ec38334-444d-49be-ba46-67384063c142 ] Request (HostsAdminNegativeTestJSON:tearDownClass): 200 GET http://10.180.1.21:9696/networking/v2.0/security-groups?tenant_id=3000c1d09bbd43a08792253beb6a8323&name=default 0.584s
2025-03-11 18:38:16.923 68786 INFO tempest.lib.common.rest_client [req-8d6c29b3-11f7-4a89-855a-37f0c487c391 req-8d6c29b3-11f7-4a89-855a-37f0c487c391 ] Request (ServersAdmin275Test:setUpClass): 201 POST http://10.180.1.21/identity/v3/auth/tokens 0.113s
2025-03-11 18:38:16.936 68776 INFO tempest.lib.common.rest_client [req-6d70abbd-b12b-416d-b44f-0ba2bf2608f9 req-6d70abbd-b12b-416d-b44f-0ba2bf2608f9 ] Request (ServerRescueNegativeTestJSON:setUpClass): 202 POST http://10.180.1.21/compute/v2.1/servers 4.054s
2025-03-11 18:38:17.015 68786 INFO tempest.lib.common.rest_client [req-50bec506-d618-4286-b493-c8a4fccea40f req-50bec506-d618-4286-b493-c8a4fccea40f ] Request (ServersAdmin275Test:setUpClass): 201 POST http://10.180.1.21/identity/v3/projects 0.090s
2025-03-11 18:38:17.074 68766 INFO tempest.lib.common.rest_client [req-7b92768b-a920-4f7c-863a-35c2522c9547 req-7b92768b-a920-4f7c-863a-35c2522c9547 ] Request (ServersAdminNegativeTestJSON:test_migrate_server_invalid_state): 200 GET http://10.180.1.21/compute/v2.1/servers/a2d0200e-e38e-4ef7-8d6c-29e9ceeb397f 3.822s
2025-03-11 18:38:17.148 68786 INFO tempest.lib.common.rest_client [req-54f8303f-4ede-42f9-b261-9fee66a73189 req-54f8303f-4ede-42f9-b261-9fee66a73189 ] Request (ServersAdmin275Test:setUpClass): 201 POST http://10.180.1.21/identity/v3/users 0.132s
2025-03-11 18:38:17.190 68786 INFO tempest.lib.common.rest_client [req-bb860d10-24df-46fa-b7da-61c1b758aeac req-bb860d10-24df-46fa-b7da-61c1b758aeac ] Request (ServersAdmin275Test:setUpClass): 200 GET http://10.180.1.21/identity/v3/roles 0.041s
2025-03-11 18:38:17.230 68772 INFO tempest.lib.common.rest_client [req-0d64c630-e039-48d4-a5ac-aa37fbb0d1db req-0d64c630-e039-48d4-a5ac-aa37fbb0d1db ] Request (DeleteServersAdminTestJSON:test_admin_delete_servers_of_others): 200 GET http://10.180.1.21/compute/v2.1/servers/df3fbf16-d3d9-4138-b563-6ea09dd233b8 3.810s
2025-03-11 18:38:17.248 68786 INFO tempest.lib.common.rest_client [req-ea3a9de0-265a-4d8c-8c3c-6fdc1bbdd5b2 req-ea3a9de0-265a-4d8c-8c3c-6fdc1bbdd5b2 ] Request (ServersAdmin275Test:setUpClass): 204 PUT http://10.180.1.21/identity/v3/projects/3c1f987001c5498aab8940b1d742b1e6/users/9d25a66d70444829a23781e7f71a8178/roles/fb8b210bc5104b1b91611cc9dbfe9707 0.057s
2025-03-11 18:38:17.335 68786 INFO tempest.lib.common.rest_client [req-1c644a23-36f6-4695-9bd7-3873f04764b8 req-1c644a23-36f6-4695-9bd7-3873f04764b8 ] Request (ServersAdmin275Test:setUpClass): 200 GET http://10.180.1.21/identity/v3/roles 0.087s
2025-03-11 18:38:17.372 68786 INFO tempest.lib.common.rest_client [req-b86c4f9f-0dfc-4030-be6a-f6c2cf2adbf3 req-b86c4f9f-0dfc-4030-be6a-f6c2cf2adbf3 ] Request (ServersAdmin275Test:setUpClass): 204 PUT http://10.180.1.21/identity/v3/projects/3c1f987001c5498aab8940b1d742b1e6/users/9d25a66d70444829a23781e7f71a8178/roles/fb8b210bc5104b1b91611cc9dbfe9707 0.036s
2025-03-11 18:38:17.373 68786 INFO tempest.lib.common.dynamic_creds [-] Dynamic test user 9d25a66d70444829a23781e7f71a8178 is created with scope project and roles: ['admin']
2025-03-11 18:38:17.373 68786 INFO tempest.lib.common.dynamic_creds [-] Acquired dynamic creds: credentials: Credentials: {'domain_id': 'default', 'domain_name': 'Default', 'username': 'tempest-ServersAdmin275Test-499409367-project-admin', 'project_domain_id': 'default', 'project_domain_name': 'Default', 'project_id': '3c1f987001c5498aab8940b1d742b1e6', 'project_name': 'tempest-ServersAdmin275Test-499409367', 'tenant_id': '3c1f987001c5498aab8940b1d742b1e6', 'tenant_name': 'tempest-ServersAdmin275Test-499409367', 'user_domain_id': 'default', 'user_domain_name': 'Default', 'user_id': '9d25a66d70444829a23781e7f71a8178', 'system': None}, Network: None, Subnet: None, Router: None
2025-03-11 18:38:17.373 68786 INFO tempest.lib.common.dynamic_creds [-] Created isolated network resources for: credentials: Credentials: {'domain_id': 'default', 'domain_name': 'Default', 'username': 'tempest-ServersAdmin275Test-499409367-project-admin', 'project_domain_id': 'default', 'project_domain_name': 'Default', 'project_id': '3c1f987001c5498aab8940b1d742b1e6', 'project_name': 'tempest-ServersAdmin275Test-499409367', 'tenant_id': '3c1f987001c5498aab8940b1d742b1e6', 'tenant_name': 'tempest-ServersAdmin275Test-499409367', 'user_domain_id': 'default', 'user_domain_name': 'Default', 'user_id': '9d25a66d70444829a23781e7f71a8178', 'system': None}, Network: None, Subnet: None, Router: None
2025-03-11 18:38:17.382 68774 INFO tempest.lib.common.rest_client [req-20d182ac-242a-49e2-a351-f4fc80032ebb req-20d182ac-242a-49e2-a351-f4fc80032ebb ] Request (HostsAdminNegativeTestJSON:tearDownClass): 204 DELETE http://10.180.1.21:9696/networking/v2.0/security-groups/c45b4a0e-2f0b-4523-93b6-869059a2c624 0.490s
2025-03-11 18:38:17.474 68786 INFO tempest.lib.common.rest_client [req-b6e60817-4f20-425c-b7db-c2e0089fb776 req-b6e60817-4f20-425c-b7db-c2e0089fb776 ] Request (ServersAdmin275Test:setUpClass): 201 POST http://10.180.1.21/identity/v3/auth/tokens 0.098s
2025-03-11 18:38:17.502 68814 INFO tempest.lib.common.rest_client [req-f53e9434-9f2e-4c5c-be0f-4e9377421d7e req-f53e9434-9f2e-4c5c-be0f-4e9377421d7e ] Request (FloatingIPsTestJSON:tearDownClass): 204 DELETE http://10.180.1.21:9696/networking/v2.0/routers/7b32ab3f-34f9-442b-addd-0c79b20d4559 1.534s
2025-03-11 18:38:17.513 68774 INFO tempest.lib.common.rest_client [req-74091a79-4158-4761-93b3-a1a1919160ff req-74091a79-4158-4761-93b3-a1a1919160ff ] Request (HostsAdminNegativeTestJSON:tearDownClass): 204 DELETE http://10.180.1.21/identity/v3/projects/3000c1d09bbd43a08792253beb6a8323 0.130s
2025-03-11 18:38:17.537 68756 INFO tempest.lib.common.rest_client [req-7a1cc02c-4f6c-4523-8146-ff78c6768dcb req-7a1cc02c-4f6c-4523-8146-ff78c6768dcb ] Request (AttachInterfacesTestJSON:test_create_list_show_delete_interfaces_by_fixed_ip): 200 GET http://10.180.1.21/compute/v2.1/servers/27c18765-38cf-41d6-9139-9acffa94fbe6 3.923s
2025-03-11 18:38:17.551 68756 INFO tempest.common.waiters [-] State transition "BUILD/spawning" ==> "ACTIVE/None" after 27 second wait
2025-03-11 18:38:17.555 68786 INFO tempest.lib.common.rest_client [req-5042a7bd-bf9a-4644-a480-a070770d0730 req-5042a7bd-bf9a-4644-a480-a070770d0730 ] Request (ServersAdmin275Test:test_rebuild_update_server_275): 201 POST http://10.180.1.21/identity/v3/auth/tokens 0.074s
2025-03-11 18:38:17.555 68786 INFO tempest.lib.common.fixed_network [-] (ServersAdmin275Test:test_rebuild_update_server_275) Found network None available for tenant
2025-03-11 18:38:17.604 68774 INFO tempest.lib.common.rest_client [req-d3dd561a-8c03-4005-ae62-469093908a65 req-d3dd561a-8c03-4005-ae62-469093908a65 ] Request (HypervisorAdminTestJSON:setUpClass): 201 POST http://10.180.1.21/identity/v3/auth/tokens 0.089s
2025-03-11 18:38:17.636 68774 INFO tempest.lib.common.rest_client [req-64f7e4af-3a53-4cb9-9db0-6439c8bf4d95 req-64f7e4af-3a53-4cb9-9db0-6439c8bf4d95 ] Request (HypervisorAdminTestJSON:setUpClass): 201 POST http://10.180.1.21/identity/v3/auth/tokens 0.028s
2025-03-11 18:38:17.665 68774 INFO tempest.lib.common.rest_client [req-4a71f653-3fde-43a0-a36d-82b0a3bcdc6b req-4a71f653-3fde-43a0-a36d-82b0a3bcdc6b ] Request (HypervisorAdminTestJSON:setUpClass): 200 GET http://10.180.1.21/identity/v3/domains?name=Default 0.028s
2025-03-11 18:38:17.698 68774 INFO tempest.lib.common.rest_client [req-d7bdfad9-bb76-4d80-b623-fce3c293cfac req-d7bdfad9-bb76-4d80-b623-fce3c293cfac ] Request (HypervisorAdminTestJSON:setUpClass): 201 POST http://10.180.1.21/identity/v3/projects 0.032s
2025-03-11 18:38:17.722 68796 INFO tempest.lib.common.rest_client [req-6abc8dbe-45f5-45c5-b913-ab650df21bb2 req-6abc8dbe-45f5-45c5-b913-ab650df21bb2 ] Request (SecurityGroupsTestJSON:test_list_security_groups_by_server): 202 POST http://10.180.1.21/compute/v2.1/servers/45595615-59c0-4c59-b18c-b49a3126dbb7/action 4.606s
2025-03-11 18:38:17.777 68790 INFO tempest.lib.common.rest_client [req-4ecdedad-c2ee-4295-9946-9d9f2d4de657 req-4ecdedad-c2ee-4295-9946-9d9f2d4de657 ] Request (ImagesTestJSON:test_create_image_from_stopped_server): 200 GET http://10.180.1.21/compute/v2.1/servers/5abc2c5a-2177-4d77-97ce-872808bb47ee 3.868s
2025-03-11 18:38:17.790 68790 INFO tempest.common.waiters [-] State transition "BUILD/networking" ==> "BUILD/spawning" after 8 second wait
2025-03-11 18:38:17.818 68774 INFO tempest.lib.common.rest_client [req-cd1c57ce-5f90-4fdd-8300-763d1e7ba18f req-cd1c57ce-5f90-4fdd-8300-763d1e7ba18f ] Request (HypervisorAdminTestJSON:setUpClass): 201 POST http://10.180.1.21/identity/v3/users 0.120s
2025-03-11 18:38:17.858 68774 INFO tempest.lib.common.rest_client [req-e6c0a911-f319-451e-9c7a-88c96f3794f6 req-e6c0a911-f319-451e-9c7a-88c96f3794f6 ] Request (HypervisorAdminTestJSON:setUpClass): 200 GET http://10.180.1.21/identity/v3/roles 0.039s
2025-03-11 18:38:17.887 68780 INFO tempest.lib.common.rest_client [req-6012f07b-125b-44ce-b5f3-d7e3d64c2608 req-6012f07b-125b-44ce-b5f3-d7e3d64c2608 ] Request (QuotasAdminNegativeTest:test_create_server_when_memory_quota_is_full): 200 GET http://10.180.1.21/compute/v2.1/os-quota-sets/5a67ea1011914a9ab58623026330f742 3.932s
2025-03-11 18:38:17.900 68774 INFO tempest.lib.common.rest_client [req-d34270c9-8c2d-42cb-92a6-46730323e021 req-d34270c9-8c2d-42cb-92a6-46730323e021 ] Request (HypervisorAdminTestJSON:setUpClass): 204 PUT http://10.180.1.21/identity/v3/projects/175de5ef636d4bf285db7e16f56aa6e6/users/7079cf2b8c114a71ae00803863e77e87/roles/671946a1235d4df5b9ff277ab0e4ab0b 0.042s
2025-03-11 18:38:17.901 68774 INFO tempest.lib.common.dynamic_creds [-] Dynamic test user 7079cf2b8c114a71ae00803863e77e87 is created with scope project and roles: ['member']
2025-03-11 18:38:17.901 68774 INFO tempest.lib.common.dynamic_creds [-] Acquired dynamic creds: credentials: Credentials: {'domain_id': 'default', 'domain_name': 'Default', 'username': 'tempest-HypervisorAdminTestJSON-1099439543-project-member', 'project_domain_id': 'default', 'project_domain_name': 'Default', 'project_id': '175de5ef636d4bf285db7e16f56aa6e6', 'project_name': 'tempest-HypervisorAdminTestJSON-1099439543', 'tenant_id': '175de5ef636d4bf285db7e16f56aa6e6', 'tenant_name': 'tempest-HypervisorAdminTestJSON-1099439543', 'user_domain_id': 'default', 'user_domain_name': 'Default', 'user_id': '7079cf2b8c114a71ae00803863e77e87', 'system': None}, Network: None, Subnet: None, Router: None
2025-03-11 18:38:17.901 68774 INFO tempest.lib.common.dynamic_creds [-] Created isolated network resources for: credentials: Credentials: {'domain_id': 'default', 'domain_name': 'Default', 'username': 'tempest-HypervisorAdminTestJSON-1099439543-project-member', 'project_domain_id': 'default', 'project_domain_name': 'Default', 'project_id': '175de5ef636d4bf285db7e16f56aa6e6', 'project_name': 'tempest-HypervisorAdminTestJSON-1099439543', 'tenant_id': '175de5ef636d4bf285db7e16f56aa6e6', 'tenant_name': 'tempest-HypervisorAdminTestJSON-1099439543', 'user_domain_id': 'default', 'user_domain_name': 'Default', 'user_id': '7079cf2b8c114a71ae00803863e77e87', 'system': None}, Network: None, Subnet: None, Router: None
2025-03-11 18:38:17.941 68760 INFO tempest.lib.common.rest_client [req-98362187-e07d-4aa5-bc8e-ae841627d474 req-98362187-e07d-4aa5-bc8e-ae841627d474 ] Request (ImagesMetadataTestJSON:test_list_image_metadata): 200 GET http://10.180.1.21/compute/v2.1/images/5c355635-aa5b-4029-80c0-0466dab92e17/metadata 3.778s
2025-03-11 18:38:17.987 68774 INFO tempest.lib.common.rest_client [req-ee40ac12-ab43-4639-9b61-696ff7225a4c req-ee40ac12-ab43-4639-9b61-696ff7225a4c ] Request (HypervisorAdminTestJSON:setUpClass): 201 POST http://10.180.1.21/identity/v3/auth/tokens 0.083s
2025-03-11 18:38:17.990 68814 INFO tempest.lib.common.rest_client [req-540c3ee1-b068-463a-bbf3-f978a8cf1f08 req-540c3ee1-b068-463a-bbf3-f978a8cf1f08 ] Request (FloatingIPsTestJSON:tearDownClass): 204 DELETE http://10.180.1.21:9696/networking/v2.0/subnets/5ca24294-9340-4b17-a709-c8fccde1d13d 0.488s
2025-03-11 18:38:18.011 68784 INFO tempest.lib.common.rest_client [req-89962314-6548-44c3-ba38-c3b8862b227e req-89962314-6548-44c3-ba38-c3b8862b227e ] Request (ServerDiagnosticsNegativeTest:tearDownClass): 200 GET http://10.180.1.21/compute/v2.1/servers/180f77ab-e468-410d-8e41-20291487ef5d 3.660s
2025-03-11 18:38:18.072 68774 INFO tempest.lib.common.rest_client [req-ccbe0a91-99b7-4883-ab96-0b78b9a098b6 req-ccbe0a91-99b7-4883-ab96-0b78b9a098b6 ] Request (HypervisorAdminTestJSON:setUpClass): 201 POST http://10.180.1.21/identity/v3/projects 0.084s
2025-03-11 18:38:18.094 68812 INFO tempest.lib.common.rest_client [req-519c9a86-ef02-4ff2-aaa4-f24af753304d req-519c9a86-ef02-4ff2-aaa4-f24af753304d ] Request (ServerTagsTestJSON:setUpClass): 200 GET http://10.180.1.21/compute/v2.1/servers/0649ee2f-cd90-4597-b7c4-09f2acaf3f54 3.570s
2025-03-11 18:38:18.112 68812 INFO tempest.common.waiters [-] State transition "BUILD/None" ==> "BUILD/networking" after 5 second wait
2025-03-11 18:38:18.190 68774 INFO tempest.lib.common.rest_client [req-e43761e2-42f8-43ac-afb3-02c2dcc3e7f1 req-e43761e2-42f8-43ac-afb3-02c2dcc3e7f1 ] Request (HypervisorAdminTestJSON:setUpClass): 201 POST http://10.180.1.21/identity/v3/users 0.117s
2025-03-11 18:38:18.229 68774 INFO tempest.lib.common.rest_client [req-0a86ff54-4ebd-47d3-ab2e-193dbf3d1e7d req-0a86ff54-4ebd-47d3-ab2e-193dbf3d1e7d ] Request (HypervisorAdminTestJSON:setUpClass): 200 GET http://10.180.1.21/identity/v3/roles 0.039s
2025-03-11 18:38:18.244 68768 INFO tempest.lib.common.rest_client [req-2b02316f-4189-43c8-b3c5-b2dddaf77695 req-2b02316f-4189-43c8-b3c5-b2dddaf77695 ] Request (ServersAdminTestJSON:setUpClass): 202 POST http://10.180.1.21/compute/v2.1/servers 4.153s
2025-03-11 18:38:18.281 68816 INFO tempest.lib.common.rest_client [req-5b772bba-fe69-4da3-9c16-2abc9d8c2d78 req-5b772bba-fe69-4da3-9c16-2abc9d8c2d78 ] Request (InstanceActionsTestJSON:setUpClass): 200 GET http://10.180.1.21/compute/v2.1/servers/ce8fd88b-249b-4fee-80fc-35b795d24658 3.464s
2025-03-11 18:38:18.294 68774 INFO tempest.lib.common.rest_client [req-8b495326-1e30-4cc3-bcf6-a3637c2ddc2e req-8b495326-1e30-4cc3-bcf6-a3637c2ddc2e ] Request (HypervisorAdminTestJSON:setUpClass): 204 PUT http://10.180.1.21/identity/v3/projects/2eca0f34a777438fb4ed06ba9781b9bc/users/01ec7683de264db197c5ec355c87e1e4/roles/fb8b210bc5104b1b91611cc9dbfe9707 0.063s
2025-03-11 18:38:18.380 68774 INFO tempest.lib.common.rest_client [req-1fdc1b1c-932b-4006-b315-98ff2fabf695 req-1fdc1b1c-932b-4006-b315-98ff2fabf695 ] Request (HypervisorAdminTestJSON:setUpClass): 200 GET http://10.180.1.21/identity/v3/roles 0.085s
2025-03-11 18:38:18.380 68811 INFO tempest.lib.common.rest_client [req-b1bfadc8-4926-4ad6-ae69-41090a0b1d36 req-b1bfadc8-4926-4ad6-ae69-41090a0b1d36 ] Request (ServerDiskConfigTestJSON:test_rebuild_server_with_auto_disk_config): 200 GET http://10.180.1.21/compute/v2.1/servers/f517b14c-320f-4a6e-ae74-f2335e22f7a4 3.299s
2025-03-11 18:38:18.400 68808 INFO tempest.lib.common.rest_client [req-e54b2526-9597-4dbb-8ccc-4313e1b02298 req-e54b2526-9597-4dbb-8ccc-4313e1b02298 ] Request (ImagesOneServerNegativeTestJSON:setUpClass): 200 PUT http://10.180.1.21:9696/networking/v2.0/routers/0952df8a-0626-43a9-b3e1-38782792a64b/add_router_interface 3.674s
2025-03-11 18:38:18.401 68808 INFO tempest.lib.common.dynamic_creds [-] Created isolated network resources for: credentials: Credentials: {'domain_id': 'default', 'domain_name': 'Default', 'username': 'tempest-ImagesOneServerNegativeTestJSON-1820869063-project-member', 'project_domain_id': 'default', 'project_domain_name': 'Default', 'project_id': '18b5eecfb2734eaf8288932f146e3d5e', 'project_name': 'tempest-ImagesOneServerNegativeTestJSON-1820869063', 'tenant_id': '18b5eecfb2734eaf8288932f146e3d5e', 'tenant_name': 'tempest-ImagesOneServerNegativeTestJSON-1820869063', 'user_domain_id': 'default', 'user_domain_name': 'Default', 'user_id': '42280bc8e492437aa17259ace66e1601', 'system': None}, Network: {'id': '2de0f0ee-17ab-497a-adc4-23b69d5d0a9f', 'name': 'tempest-ImagesOneServerNegativeTestJSON-277054154-network', 'tenant_id': '18b5eecfb2734eaf8288932f146e3d5e', 'admin_state_up': True, 'mtu': 8950, 'status': 'ACTIVE', 'subnets': [], 'shared': False, 'project_id': '18b5eecfb2734eaf8288932f146e3d5e', 'port_security_enabled': True, 'router:external': False, 'provider:network_type': 'vlan', 'provider:physical_network': 'default', 'provider:segmentation_id': 160, 'availability_zone_hints': [], 'availability_zones': [], 'ipv4_address_scope': None, 'ipv6_address_scope': None, 'description': '', 'tags': [], 'created_at': '2025-03-11T18:38:11Z', 'updated_at': '2025-03-11T18:38:12Z', 'revision_number': 1}, Subnet: {'id': 'b626a1f1-57f5-40e1-ada0-02970c423a95', 'name': 'tempest-ImagesOneServerNegativeTestJSON-277054154-subnet', 'tenant_id': '18b5eecfb2734eaf8288932f146e3d5e', 'network_id': '2de0f0ee-17ab-497a-adc4-23b69d5d0a9f', 'ip_version': 4, 'subnetpool_id': None, 'enable_dhcp': True, 'ipv6_ra_mode': None, 'ipv6_address_mode': None, 'gateway_ip': '192.168.128.1', 'cidr': '192.168.128.0/28', 'allocation_pools': [{'start': '192.168.128.2', 'end': '192.168.128.14'}], 'host_routes': [], 'dns_nameservers': [], 'description': '', 'router:external': False, 'service_types': [], 'tags': [], 'created_at': '2025-03-11T18:38:12Z', 'updated_at': '2025-03-11T18:38:12Z', 'revision_number': 0, 'project_id': '18b5eecfb2734eaf8288932f146e3d5e'}, Router: {'id': '0952df8a-0626-43a9-b3e1-38782792a64b', 'name': 'tempest-ImagesOneServerNegativeTestJSON-277054154-router', 'tenant_id': '18b5eecfb2734eaf8288932f146e3d5e', 'admin_state_up': True, 'status': 'ACTIVE', 'external_gateway_info': {'network_id': '6ac90a48-13df-46c2-ab9b-d7cd8599ec23', 'external_fixed_ips': [{'subnet_id': '1ca821a3-75a6-4d36-b0af-6763cb3e5f55', 'ip_address': '10.180.180.217'}], 'enable_snat': True}, 'description': '', 'availability_zones': [], 'distributed': False, 'ha': False, 'availability_zone_hints': [], 'routes': [], 'flavor_id': None, 'tags': [], 'created_at': '2025-03-11T18:38:12Z', 'updated_at': '2025-03-11T18:38:13Z', 'revision_number': 2, 'project_id': '18b5eecfb2734eaf8288932f146e3d5e'}
2025-03-11 18:38:18.402 68788 INFO tempest.lib.common.rest_client [req-ae97724f-e4ab-4996-ba2a-14d51b966798 req-ae97724f-e4ab-4996-ba2a-14d51b966798 ] Request (ServersWithSpecificFlavorTestJSON:test_verify_created_server_ephemeral_disk): 200 GET http://10.180.1.21/compute/v2.1/flavors/42/os-extra_specs 3.294s
2025-03-11 18:38:18.411 68774 INFO tempest.lib.common.rest_client [req-03317935-0730-4608-ae6e-d5b7f26986f5 req-03317935-0730-4608-ae6e-d5b7f26986f5 ] Request (HypervisorAdminTestJSON:setUpClass): 204 PUT http://10.180.1.21/identity/v3/projects/2eca0f34a777438fb4ed06ba9781b9bc/users/01ec7683de264db197c5ec355c87e1e4/roles/fb8b210bc5104b1b91611cc9dbfe9707 0.030s
2025-03-11 18:38:18.412 68774 INFO tempest.lib.common.dynamic_creds [-] Dynamic test user 01ec7683de264db197c5ec355c87e1e4 is created with scope project and roles: ['admin']
2025-03-11 18:38:18.412 68774 INFO tempest.lib.common.dynamic_creds [-] Acquired dynamic creds: credentials: Credentials: {'domain_id': 'default', 'domain_name': 'Default', 'username': 'tempest-HypervisorAdminTestJSON-1260807343-project-admin', 'project_domain_id': 'default', 'project_domain_name': 'Default', 'project_id': '2eca0f34a777438fb4ed06ba9781b9bc', 'project_name': 'tempest-HypervisorAdminTestJSON-1260807343', 'tenant_id': '2eca0f34a777438fb4ed06ba9781b9bc', 'tenant_name': 'tempest-HypervisorAdminTestJSON-1260807343', 'user_domain_id': 'default', 'user_domain_name': 'Default', 'user_id': '01ec7683de264db197c5ec355c87e1e4', 'system': None}, Network: None, Subnet: None, Router: None
2025-03-11 18:38:18.412 68774 INFO tempest.lib.common.dynamic_creds [-] Created isolated network resources for: credentials: Credentials: {'domain_id': 'default', 'domain_name': 'Default', 'username': 'tempest-HypervisorAdminTestJSON-1260807343-project-admin', 'project_domain_id': 'default', 'project_domain_name': 'Default', 'project_id': '2eca0f34a777438fb4ed06ba9781b9bc', 'project_name': 'tempest-HypervisorAdminTestJSON-1260807343', 'tenant_id': '2eca0f34a777438fb4ed06ba9781b9bc', 'tenant_name': 'tempest-HypervisorAdminTestJSON-1260807343', 'user_domain_id': 'default', 'user_domain_name': 'Default', 'user_id': '01ec7683de264db197c5ec355c87e1e4', 'system': None}, Network: None, Subnet: None, Router: None
2025-03-11 18:38:18.502 68774 INFO tempest.lib.common.rest_client [req-555c7b99-7d57-4c33-b5a8-d3252993d806 req-555c7b99-7d57-4c33-b5a8-d3252993d806 ] Request (HypervisorAdminTestJSON:setUpClass): 201 POST http://10.180.1.21/identity/v3/auth/tokens 0.086s
2025-03-11 18:38:18.506 68808 INFO tempest.lib.common.rest_client [req-7abb9a18-b3ad-4da9-9e0f-c6b64e9f66cf req-7abb9a18-b3ad-4da9-9e0f-c6b64e9f66cf ] Request (ImagesOneServerNegativeTestJSON:setUpClass): 201 POST http://10.180.1.21/identity/v3/auth/tokens 0.097s
2025-03-11 18:38:18.554 68808 INFO tempest.lib.common.rest_client [req-bcb6d036-83de-416c-9896-8fbab15e3501 req-bcb6d036-83de-416c-9896-8fbab15e3501 ] Request (ImagesOneServerNegativeTestJSON:setUpClass): 201 POST http://10.180.1.21/identity/v3/auth/tokens 0.044s
2025-03-11 18:38:18.555 68808 INFO tempest.lib.common.fixed_network [-] (ImagesOneServerNegativeTestJSON:setUpClass) Found network {'id': '2de0f0ee-17ab-497a-adc4-23b69d5d0a9f', 'name': 'tempest-ImagesOneServerNegativeTestJSON-277054154-network', 'tenant_id': '18b5eecfb2734eaf8288932f146e3d5e', 'admin_state_up': True, 'mtu': 8950, 'status': 'ACTIVE', 'subnets': [], 'shared': False, 'project_id': '18b5eecfb2734eaf8288932f146e3d5e', 'port_security_enabled': True, 'router:external': False, 'provider:network_type': 'vlan', 'provider:physical_network': 'default', 'provider:segmentation_id': 160, 'availability_zone_hints': [], 'availability_zones': [], 'ipv4_address_scope': None, 'ipv6_address_scope': None, 'description': '', 'tags': [], 'created_at': '2025-03-11T18:38:11Z', 'updated_at': '2025-03-11T18:38:12Z', 'revision_number': 1} available for tenant
2025-03-11 18:38:18.563 68800 INFO tempest.lib.common.rest_client [req-9ad579f2-1088-43c7-a1ba-0d391e793284 req-9ad579f2-1088-43c7-a1ba-0d391e793284 ] Request (SecurityGroupRulesNegativeTestJSON:test_create_security_group_rule_with_invalid_port_range): 200 POST http://10.180.1.21/compute/v2.1/os-security-groups 3.526s
2025-03-11 18:38:18.593 68764 INFO tempest.lib.common.rest_client [req-ee7246e6-351a-4bfa-866b-d914ed56864b req-ee7246e6-351a-4bfa-866b-d914ed56864b ] Request (FlavorsAdminTestJSON:_run_cleanups): 200 GET http://10.180.1.21/compute/v2.1/flavors/detail 3.261s
2025-03-11 18:38:18.599 68794 INFO tempest.lib.common.rest_client [req-56a2bab2-cc7e-42f4-bb0d-97c05be9b1a6 req-56a2bab2-cc7e-42f4-bb0d-97c05be9b1a6 ] Request (AggregatesAdminNegativeTestJSON:test_aggregate_create_as_user): 403 POST http://10.180.1.21/compute/v2.1/os-aggregates 3.257s
2025-03-11 18:38:18.623 68778 INFO tempest.lib.common.rest_client [req-7aba7974-b939-4829-9d5a-9bb4161cb9c8 req-7aba7974-b939-4829-9d5a-9bb4161cb9c8 ] Request (SecurityGroupsTestAdminJSON:_run_cleanups): 202 DELETE http://10.180.1.21/compute/v2.1/os-security-groups/069a5b68-0563-47d9-9cb1-f64b8ef9107a 3.320s
2025-03-11 18:38:18.753 68782 INFO tempest.lib.common.rest_client [req-092b6000-5d34-48db-a30b-9b869af6cf10 req-092b6000-5d34-48db-a30b-9b869af6cf10 ] Request (ImagesNegativeTestJSON:test_create_image_from_deleted_server): 200 GET http://10.180.1.21/compute/v2.1/servers/1537e626-f2ec-4b5d-bcba-50cd583dff31 3.103s
2025-03-11 18:38:18.776 68802 INFO tempest.lib.common.rest_client [req-3f807a54-c040-42e2-92c2-e6ce59c33598 req-3f807a54-c040-42e2-92c2-e6ce59c33598 ] Request (ValidationResourcesFixture:setUp): 200 POST http://10.180.1.21/compute/v2.1/os-keypairs 3.207s
2025-03-11 18:38:18.841 68807 INFO tempest.lib.common.rest_client [req-2a91d872-ddf2-4151-9e44-55b5dd8683c6 req-2a91d872-ddf2-4151-9e44-55b5dd8683c6 ] Request (VolumesAdminNegativeTest:test_update_attached_volume_with_nonexistent_volume_in_body): 200 GET http://10.180.1.21/compute/v2.1/servers/cf394b0b-cb14-4ae1-81bb-622c951bfdab 2.895s
2025-03-11 18:38:18.848 68818 INFO tempest.lib.common.rest_client [req-3fc48608-013f-43e4-a90b-5e73153789aa req-3fc48608-013f-43e4-a90b-5e73153789aa ] Request (ServerDiagnosticsTest:tearDownClass): 204 DELETE http://10.180.1.21/compute/v2.1/servers/ddaeb82e-bbf7-430a-bcc8-5b1f70b4d236 2.935s
2025-03-11 18:38:18.882 68792 INFO tempest.lib.common.rest_client [req-f9006c4a-b259-40cf-aeb8-ccbc50b5c20c req-f9006c4a-b259-40cf-aeb8-ccbc50b5c20c ] Request (KeyPairsV2TestJSON:_run_cleanups): 202 DELETE http://10.180.1.21/compute/v2.1/os-keypairs/tempest-KeyPairsV2TestJSON-keypair-888047428 2.608s
2025-03-11 18:38:18.917 68805 INFO tempest.lib.common.rest_client [req-3796e3d2-9156-42b9-b0da-e5cfb8f415ab req-3796e3d2-9156-42b9-b0da-e5cfb8f415ab ] Request (FlavorsV2TestJSON:test_list_flavors_with_detail): 200 GET http://10.180.1.21/compute/v2.1/flavors/detail 2.593s
2025-03-11 18:38:18.944 68770 INFO tempest.lib.common.rest_client [req-202183b4-65d7-41aa-aa1d-a93f581ad7f8 req-202183b4-65d7-41aa-aa1d-a93f581ad7f8 ] Request (FlavorsAccessNegativeTestJSON:test_flavor_non_admin_remove): 200 POST http://10.180.1.21/compute/v2.1/flavors 2.591s
2025-03-11 18:38:18.970 68814 INFO tempest.lib.common.rest_client [req-79862171-3d41-4d03-a0ad-b9959615cc3e req-79862171-3d41-4d03-a0ad-b9959615cc3e ] Request (FloatingIPsTestJSON:tearDownClass): 204 DELETE http://10.180.1.21:9696/networking/v2.0/networks/9677d6f1-1ea0-4bd0-a502-b046a90f9a2c 0.979s
2025-03-11 18:38:18.971 68802 INFO tempest.lib.common.rest_client [req-ad7fe9c0-1c2e-4188-9cf8-05d2bee45163 req-ad7fe9c0-1c2e-4188-9cf8-05d2bee45163 ] Request (ValidationResourcesFixture:setUp): 201 POST http://10.180.1.21:9696/networking/v2.0/security-groups 0.194s
2025-03-11 18:38:19.001 68758 INFO tempest.lib.common.rest_client [req-3342be30-5d02-4b42-b513-6b61843d05c8 req-3342be30-5d02-4b42-b513-6b61843d05c8 ] Request (MigrationsAdminTest:test_list_migrations_in_flavor_resize_situation): 200 GET http://10.180.1.21/compute/v2.1/servers/1186da93-57aa-40f4-8aae-702d039844d4 3.009s
2025-03-11 18:38:19.025 68776 INFO tempest.lib.common.rest_client [req-80bc83da-e471-4b89-badf-79f40a7b7c7c req-80bc83da-e471-4b89-badf-79f40a7b7c7c ] Request (ServerRescueNegativeTestJSON:setUpClass): 200 GET http://10.180.1.21/compute/v2.1/servers/cf691a81-60e3-40ed-ba80-8f481ff2554b 2.085s
2025-03-11 18:38:19.187 68814 INFO tempest.lib.common.rest_client [req-0cf5cd11-b33d-495a-b0ff-8db746ad5afe req-0cf5cd11-b33d-495a-b0ff-8db746ad5afe ] Request (FloatingIPsTestJSON:tearDownClass): 204 DELETE http://10.180.1.21/identity/v3/users/9d36c30866804fef8a5bc350c7e6e8c0 0.215s
2025-03-11 18:38:19.187 68814 INFO tempest.lib.common.dynamic_creds [-] Deleting project and security group for project: 63ce1c00c7fc415cb6a236ea5c6f6339
2025-03-11 18:38:19.232 68756 INFO tempest.lib.common.rest_client [req-1fa2ed6e-33de-46be-a113-984940ceba4f req-1fa2ed6e-33de-46be-a113-984940ceba4f ] Request (AttachInterfacesTestJSON:test_create_list_show_delete_interfaces_by_fixed_ip): 200 GET http://10.180.1.21/compute/v2.1/servers/27c18765-38cf-41d6-9139-9acffa94fbe6/os-interface 1.679s
2025-03-11 18:38:19.262 68814 INFO tempest.lib.common.rest_client [req-f1a5ae0b-f40b-4be1-8c08-bd867b8e93a3 req-f1a5ae0b-f40b-4be1-8c08-bd867b8e93a3 ] Request (FloatingIPsTestJSON:tearDownClass): 200 GET http://10.180.1.21:9696/networking/v2.0/security-groups?tenant_id=63ce1c00c7fc415cb6a236ea5c6f6339&name=default 0.075s
2025-03-11 18:38:19.278 68762 INFO tempest.lib.common.rest_client [req-d7b033bb-6989-472e-937b-00a1fabcf641 req-d7b033bb-6989-472e-937b-00a1fabcf641 ] Request (VolumesAssistedSnapshotsTest:test_volume_assisted_snapshot_create_delete): 200 GET http://10.180.1.21/compute/v2.1/servers/ea330078-a8f2-41f4-a161-5d0e29ddfab5 2.012s
2025-03-11 18:38:19.386 68802 INFO tempest.lib.common.rest_client [req-ede9f514-ad66-480f-b60b-7b80dda8a581 req-ede9f514-ad66-480f-b60b-7b80dda8a581 ] Request (ValidationResourcesFixture:setUp): 201 POST http://10.180.1.21:9696/networking/v2.0/security-group-rules 0.414s
2025-03-11 18:38:19.400 68798 INFO tempest.lib.common.rest_client [req-8d4ad303-a59a-439c-bb65-a88ffa64c106 req-8d4ad303-a59a-439c-bb65-a88ffa64c106 ] Request (SecurityGroupRulesTestJSON:setUpClass): 200 PUT http://10.180.1.21:9696/networking/v2.0/routers/f29e3c25-7df1-4e6b-ab7b-7003ee4df333/add_router_interface 3.274s
2025-03-11 18:38:19.401 68798 INFO tempest.lib.common.dynamic_creds [-] Created isolated network resources for: credentials: Credentials: {'domain_id': 'default', 'domain_name': 'Default', 'username': 'tempest-SecurityGroupRulesTestJSON-89242702-project-member', 'project_domain_id': 'default', 'project_domain_name': 'Default', 'project_id': 'fe02f47d9f444ad6b40df95006001581', 'project_name': 'tempest-SecurityGroupRulesTestJSON-89242702', 'tenant_id': 'fe02f47d9f444ad6b40df95006001581', 'tenant_name': 'tempest-SecurityGroupRulesTestJSON-89242702', 'user_domain_id': 'default', 'user_domain_name': 'Default', 'user_id': '2a411bd3c1a44776bcd8a487eed958db', 'system': None}, Network: {'id': 'd6721caa-1cbb-490f-af2c-0cb4cb1f185f', 'name': 'tempest-SecurityGroupRulesTestJSON-1017321029-network', 'tenant_id': 'fe02f47d9f444ad6b40df95006001581', 'admin_state_up': True, 'mtu': 8950, 'status': 'ACTIVE', 'subnets': [], 'shared': False, 'project_id': 'fe02f47d9f444ad6b40df95006001581', 'port_security_enabled': True, 'router:external': False, 'provider:network_type': 'vlan', 'provider:physical_network': 'default', 'provider:segmentation_id': 455, 'availability_zone_hints': [], 'availability_zones': [], 'ipv4_address_scope': None, 'ipv6_address_scope': None, 'description': '', 'tags': [], 'created_at': '2025-03-11T18:38:13Z', 'updated_at': '2025-03-11T18:38:13Z', 'revision_number': 1}, Subnet: {'id': '1f477b2a-3e75-4e33-98bb-1496e42d4842', 'name': 'tempest-SecurityGroupRulesTestJSON-1017321029-subnet', 'tenant_id': 'fe02f47d9f444ad6b40df95006001581', 'network_id': 'd6721caa-1cbb-490f-af2c-0cb4cb1f185f', 'ip_version': 4, 'subnetpool_id': None, 'enable_dhcp': True, 'ipv6_ra_mode': None, 'ipv6_address_mode': None, 'gateway_ip': '192.168.128.1', 'cidr': '192.168.128.0/28', 'allocation_pools': [{'start': '192.168.128.2', 'end': '192.168.128.14'}], 'host_routes': [], 'dns_nameservers': [], 'description': '', 'router:external': False, 'service_types': [], 'tags': [], 'created_at': '2025-03-11T18:38:13Z', 'updated_at': '2025-03-11T18:38:13Z', 'revision_number': 0, 'project_id': 'fe02f47d9f444ad6b40df95006001581'}, Router: {'id': 'f29e3c25-7df1-4e6b-ab7b-7003ee4df333', 'name': 'tempest-SecurityGroupRulesTestJSON-1017321029-router', 'tenant_id': 'fe02f47d9f444ad6b40df95006001581', 'admin_state_up': True, 'status': 'ACTIVE', 'external_gateway_info': {'network_id': '6ac90a48-13df-46c2-ab9b-d7cd8599ec23', 'external_fixed_ips': [{'subnet_id': '1ca821a3-75a6-4d36-b0af-6763cb3e5f55', 'ip_address': '10.180.180.173'}], 'enable_snat': True}, 'description': '', 'availability_zones': [], 'distributed': False, 'ha': False, 'availability_zone_hints': [], 'routes': [], 'flavor_id': None, 'tags': [], 'created_at': '2025-03-11T18:38:14Z', 'updated_at': '2025-03-11T18:38:15Z', 'revision_number': 2, 'project_id': 'fe02f47d9f444ad6b40df95006001581'}
2025-03-11 18:38:19.487 68786 INFO tempest.lib.common.rest_client [req-3e3dc0fe-6be4-442c-9026-916c7148c4eb req-3e3dc0fe-6be4-442c-9026-916c7148c4eb ] Request (ServersAdmin275Test:test_rebuild_update_server_275): 202 POST http://10.180.1.21/compute/v2.1/servers 1.931s
2025-03-11 18:38:19.503 68798 INFO tempest.lib.common.rest_client [req-b0038d29-af22-47e3-8ab5-1260c8275d76 req-b0038d29-af22-47e3-8ab5-1260c8275d76 ] Request (SecurityGroupRulesTestJSON:setUpClass): 201 POST http://10.180.1.21/identity/v3/auth/tokens 0.096s
2025-03-11 18:38:19.528 68814 INFO tempest.lib.common.rest_client [req-9df75d05-1bf7-403d-a823-d5a72cdb9729 req-9df75d05-1bf7-403d-a823-d5a72cdb9729 ] Request (FloatingIPsTestJSON:tearDownClass): 204 DELETE http://10.180.1.21:9696/networking/v2.0/security-groups/abf4c0f4-bb68-4dd0-9e65-f2dbaf88a37c 0.265s
2025-03-11 18:38:19.638 68814 INFO tempest.lib.common.rest_client [req-3ad42fd4-4fd0-4579-af52-0f263e41398b req-3ad42fd4-4fd0-4579-af52-0f263e41398b ] Request (FloatingIPsTestJSON:tearDownClass): 204 DELETE http://10.180.1.21/identity/v3/projects/63ce1c00c7fc415cb6a236ea5c6f6339 0.108s
2025-03-11 18:38:19.698 68780 INFO tempest.lib.common.rest_client [req-ddc53648-462f-4d29-b51b-d348cf2c45d2 req-ddc53648-462f-4d29-b51b-d348cf2c45d2 ] Request (QuotasAdminNegativeTest:test_create_server_when_memory_quota_is_full): 200 PUT http://10.180.1.21/compute/v2.1/os-quota-sets/5a67ea1011914a9ab58623026330f742 1.809s
2025-03-11 18:38:19.710 68814 INFO tempest.lib.common.rest_client [req-e915579e-d491-452d-a5cc-14ebedac3778 req-e915579e-d491-452d-a5cc-14ebedac3778 ] Request (ServerRescueTestJSON:setUpClass): 201 POST http://10.180.1.21/identity/v3/auth/tokens 0.069s
2025-03-11 18:38:19.749 68814 INFO tempest.lib.common.rest_client [req-065eeddd-8492-447a-8b7a-a2e61fffa144 req-065eeddd-8492-447a-8b7a-a2e61fffa144 ] Request (ServerRescueTestJSON:setUpClass): 201 POST http://10.180.1.21/identity/v3/auth/tokens 0.035s
2025-03-11 18:38:19.770 68780 INFO tempest.lib.common.rest_client [req-a7b41dc3-96bc-438c-abb7-9168ce33db0b req-a7b41dc3-96bc-438c-abb7-9168ce33db0b ] Request (QuotasAdminNegativeTest:test_create_server_when_memory_quota_is_full): 201 POST http://10.180.1.21/identity/v3/auth/tokens 0.064s
2025-03-11 18:38:19.771 68780 INFO tempest.lib.common.fixed_network [-] (QuotasAdminNegativeTest:test_create_server_when_memory_quota_is_full) Found network None available for tenant
2025-03-11 18:38:19.778 68814 INFO tempest.lib.common.rest_client [req-292413dc-8263-4989-96ac-4b0c5d85f634 req-292413dc-8263-4989-96ac-4b0c5d85f634 ] Request (ServerRescueTestJSON:setUpClass): 200 GET http://10.180.1.21/identity/v3/domains?name=Default 0.029s
2025-03-11 18:38:19.824 68814 INFO tempest.lib.common.rest_client [req-ebfc50c2-e37a-432a-8d75-3a68a7772c95 req-ebfc50c2-e37a-432a-8d75-3a68a7772c95 ] Request (ServerRescueTestJSON:setUpClass): 201 POST http://10.180.1.21/identity/v3/projects 0.045s
2025-03-11 18:38:19.889 68760 INFO tempest.lib.common.rest_client [req-8bf5bbfb-d4e1-40ea-8ba2-9377ebad4dd7 req-8bf5bbfb-d4e1-40ea-8ba2-9377ebad4dd7 ] Request (ImagesMetadataTestJSON:setUp): 200 PUT http://10.180.1.21/compute/v2.1/images/5c355635-aa5b-4029-80c0-0466dab92e17/metadata 1.947s
2025-03-11 18:38:19.898 68814 INFO tempest.lib.common.rest_client [req-8d3918db-3632-488d-8be8-f3ec8d29c97c req-8d3918db-3632-488d-8be8-f3ec8d29c97c ] Request (ServerRescueTestJSON:setUpClass): 201 POST http://10.180.1.21/identity/v3/users 0.074s
2025-03-11 18:38:19.922 68814 INFO tempest.lib.common.rest_client [req-904551ce-e271-4e7f-8099-c98d76070520 req-904551ce-e271-4e7f-8099-c98d76070520 ] Request (ServerRescueTestJSON:setUpClass): 200 GET http://10.180.1.21/identity/v3/roles 0.023s
2025-03-11 18:38:19.954 68814 INFO tempest.lib.common.rest_client [req-3de2f48f-20f3-456e-90ad-a8c79f8f1269 req-3de2f48f-20f3-456e-90ad-a8c79f8f1269 ] Request (ServerRescueTestJSON:setUpClass): 204 PUT http://10.180.1.21/identity/v3/projects/0ae9811689c645a7af2096a600ed6e1e/users/915414e3be8a4311a96513aa2fec7053/roles/671946a1235d4df5b9ff277ab0e4ab0b 0.032s
2025-03-11 18:38:19.955 68814 INFO tempest.lib.common.dynamic_creds [-] Dynamic test user 915414e3be8a4311a96513aa2fec7053 is created with scope project and roles: ['member']
2025-03-11 18:38:19.955 68814 INFO tempest.lib.common.dynamic_creds [-] Acquired dynamic creds: credentials: Credentials: {'domain_id': 'default', 'domain_name': 'Default', 'username': 'tempest-ServerRescueTestJSON-1765231545-project-member', 'project_domain_id': 'default', 'project_domain_name': 'Default', 'project_id': '0ae9811689c645a7af2096a600ed6e1e', 'project_name': 'tempest-ServerRescueTestJSON-1765231545', 'tenant_id': '0ae9811689c645a7af2096a600ed6e1e', 'tenant_name': 'tempest-ServerRescueTestJSON-1765231545', 'user_domain_id': 'default', 'user_domain_name': 'Default', 'user_id': '915414e3be8a4311a96513aa2fec7053', 'system': None}, Network: None, Subnet: None, Router: None
2025-03-11 18:38:19.995 68766 INFO tempest.lib.common.rest_client [req-83627c27-e1d9-4345-a3b3-cd3eb398ad0c req-83627c27-e1d9-4345-a3b3-cd3eb398ad0c ] Request (ServersAdminNegativeTestJSON:test_migrate_server_invalid_state): 200 GET http://10.180.1.21/compute/v2.1/servers/a2d0200e-e38e-4ef7-8d6c-29e9ceeb397f 1.906s
2025-03-11 18:38:20.020 68814 INFO tempest.lib.common.rest_client [req-34550b30-acfe-4fa5-9c8a-de435f4d7a2e req-34550b30-acfe-4fa5-9c8a-de435f4d7a2e ] Request (ServerRescueTestJSON:setUpClass): 201 POST http://10.180.1.21/identity/v3/auth/tokens 0.065s
2025-03-11 18:38:20.113 68772 INFO tempest.lib.common.rest_client [req-fa08ce67-90c2-46b5-baff-1a40a640ec4c req-fa08ce67-90c2-46b5-baff-1a40a640ec4c ] Request (DeleteServersAdminTestJSON:test_admin_delete_servers_of_others): 200 GET http://10.180.1.21/compute/v2.1/servers/df3fbf16-d3d9-4138-b563-6ea09dd233b8 1.869s
2025-03-11 18:38:20.128 68772 INFO tempest.common.waiters [-] State transition "ACTIVE/deleting" ==> "DELETED/None" after 3 second wait
2025-03-11 18:38:20.218 68802 INFO tempest.lib.common.rest_client [req-de893de3-ceac-414e-bfe3-d4b253671165 req-de893de3-ceac-414e-bfe3-d4b253671165 ] Request (ValidationResourcesFixture:setUp): 201 POST http://10.180.1.21:9696/networking/v2.0/security-group-rules 0.831s
2025-03-11 18:38:20.228 68768 INFO tempest.lib.common.rest_client [req-eca1d30c-f2d8-4b58-b45e-1185b7a45186 req-eca1d30c-f2d8-4b58-b45e-1185b7a45186 ] Request (ServersAdminTestJSON:setUpClass): 200 GET http://10.180.1.21/compute/v2.1/servers/d5db3112-88c7-43af-a434-b91ca69f8559 1.978s
2025-03-11 18:38:20.254 68788 INFO tempest.lib.common.rest_client [req-8113cb23-5bf1-4511-a9c5-ab9316e04f2e req-8113cb23-5bf1-4511-a9c5-ab9316e04f2e ] Request (ServersWithSpecificFlavorTestJSON:test_verify_created_server_ephemeral_disk): 200 POST http://10.180.1.21/compute/v2.1/flavors/417506587/os-extra_specs 1.851s
2025-03-11 18:38:20.434 68774 INFO tempest.lib.common.rest_client [req-e1554484-89c8-4487-96ea-611bf50bec1d req-e1554484-89c8-4487-96ea-611bf50bec1d ] Request (HypervisorAdminTestJSON:test_get_hypervisor_list): 200 GET http://10.180.1.21/compute/v2.1/os-hypervisors 1.930s
2025-03-11 18:38:20.454 68814 INFO tempest.lib.common.rest_client [req-3a009522-7443-482e-a886-d22bcdef2c4c req-3a009522-7443-482e-a886-d22bcdef2c4c ] Request (ServerRescueTestJSON:setUpClass): 201 POST http://10.180.1.21:9696/networking/v2.0/networks 0.433s
2025-03-11 18:38:20.729 68814 INFO tempest.lib.common.rest_client [req-162d3a79-bea8-40c3-9fe4-9af4d6f9aa57 req-162d3a79-bea8-40c3-9fe4-9af4d6f9aa57 ] Request (ServerRescueTestJSON:setUpClass): 201 POST http://10.180.1.21:9696/networking/v2.0/subnets 0.275s
2025-03-11 18:38:20.852 68796 INFO tempest.lib.common.rest_client [req-2d467ce1-567b-4f72-90fc-71bc3059ae04 req-2d467ce1-567b-4f72-90fc-71bc3059ae04 ] Request (SecurityGroupsTestJSON:test_list_security_groups_by_server): 202 POST http://10.180.1.21/compute/v2.1/servers/45595615-59c0-4c59-b18c-b49a3126dbb7/action 3.130s
2025-03-11 18:38:20.938 68800 INFO tempest.lib.common.rest_client [req-50f2b5ff-cbd7-4e30-9374-cfa7c903a140 req-50f2b5ff-cbd7-4e30-9374-cfa7c903a140 ] Request (SecurityGroupRulesNegativeTestJSON:test_create_security_group_rule_with_invalid_port_range): 400 POST http://10.180.1.21/compute/v2.1/os-security-group-rules 2.367s
2025-03-11 18:38:20.963 68764 INFO tempest.lib.common.rest_client [req-11f7ef78-7c61-401b-abbb-15317c7802e9 req-11f7ef78-7c61-401b-abbb-15317c7802e9 ] Request (FlavorsAdminTestJSON:test_create_list_flavor_without_extra_data): 200 POST http://10.180.1.21/compute/v2.1/flavors 2.363s
2025-03-11 18:38:20.985 68756 INFO tempest.lib.common.rest_client [req-3294957d-a466-4f8d-bf46-1a59462b8bad req-3294957d-a466-4f8d-bf46-1a59462b8bad ] Request (AttachInterfacesTestJSON:test_create_list_show_delete_interfaces_by_fixed_ip): 200 PUT http://10.180.1.21:9696/networking/v2.0/floatingips/b4449237-64f7-4260-8765-c8def72653df 1.750s
2025-03-11 18:38:20.999 68794 INFO tempest.lib.common.rest_client [req-1c391b0a-48bc-4353-8e84-e77754ef053f req-1c391b0a-48bc-4353-8e84-e77754ef053f ] Request (AggregatesAdminNegativeTestJSON:test_aggregate_create_with_existent_aggregate_name): 200 POST http://10.180.1.21/compute/v2.1/os-aggregates 2.398s
2025-03-11 18:38:21.183 68808 INFO tempest.lib.common.rest_client [req-d0d776f6-71cf-4d2f-a759-18d017147ba3 req-d0d776f6-71cf-4d2f-a759-18d017147ba3 ] Request (ImagesOneServerNegativeTestJSON:setUpClass): 202 POST http://10.180.1.21/compute/v2.1/servers 2.627s
2025-03-11 18:38:21.311 68778 INFO tempest.lib.common.rest_client [req-c0c776a9-4215-42fc-a586-db258857d54a req-c0c776a9-4215-42fc-a586-db258857d54a ] Request (SecurityGroupsTestAdminJSON:_run_cleanups): 202 DELETE http://10.180.1.21/compute/v2.1/os-security-groups/15ae8931-b806-47f3-9110-92ef2fdb6609 2.687s
2025-03-11 18:38:21.359 68790 INFO tempest.lib.common.rest_client [req-ed13ac91-d129-40b4-b5b1-b90e4a32f730 req-ed13ac91-d129-40b4-b5b1-b90e4a32f730 ] Request (ImagesTestJSON:test_create_image_from_stopped_server): 200 GET http://10.180.1.21/compute/v2.1/servers/5abc2c5a-2177-4d77-97ce-872808bb47ee 2.569s
2025-03-11 18:38:21.390 68802 INFO tempest.lib.common.rest_client [req-614cc248-fc22-4f31-8be9-6569c4ce39be req-614cc248-fc22-4f31-8be9-6569c4ce39be ] Request (ValidationResourcesFixture:setUp): 201 POST http://10.180.1.21:9696/networking/v2.0/floatingips 1.171s
2025-03-11 18:38:21.393 68792 INFO tempest.lib.common.rest_client [req-399465f9-28ca-4c02-b038-43ebc927d1a1 req-399465f9-28ca-4c02-b038-43ebc927d1a1 ] Request (KeyPairsV2TestJSON:_run_cleanups): 202 DELETE http://10.180.1.21/compute/v2.1/os-keypairs/tempest-KeyPairsV2TestJSON-keypair-782682889 2.510s
2025-03-11 18:38:21.419 68805 INFO tempest.lib.common.rest_client [req-19caad9f-fd57-4e27-978f-f6a12cce4c80 req-19caad9f-fd57-4e27-978f-f6a12cce4c80 ] Request (FlavorsV2TestJSON:test_list_flavors_with_detail): 200 GET http://10.180.1.21/compute/v2.1/flavors/42 2.496s
2025-03-11 18:38:21.472 68802 INFO tempest.lib.common.rest_client [req-d3223272-d1e7-4df8-bbfd-99e2d2187d1c req-d3223272-d1e7-4df8-bbfd-99e2d2187d1c ] Request (AttachInterfacesUnderV243Test:test_add_remove_fixed_ip): 201 POST http://10.180.1.21/identity/v3/auth/tokens 0.079s
2025-03-11 18:38:21.473 68802 INFO tempest.lib.common.fixed_network [-] (AttachInterfacesUnderV243Test:test_add_remove_fixed_ip) Found network {'id': 'cfabba59-a82c-49bc-adc9-5a13bd2a5c21', 'name': 'tempest-AttachInterfacesUnderV243Test-960382554-network', 'tenant_id': '3a8ec160fb3148c6aa238e70a975496f', 'admin_state_up': True, 'mtu': 8950, 'status': 'ACTIVE', 'subnets': [], 'shared': False, 'project_id': '3a8ec160fb3148c6aa238e70a975496f', 'port_security_enabled': True, 'router:external': False, 'provider:network_type': 'vlan', 'provider:physical_network': 'default', 'provider:segmentation_id': 585, 'availability_zone_hints': [], 'availability_zones': [], 'ipv4_address_scope': None, 'ipv6_address_scope': None, 'description': '', 'tags': [], 'created_at': '2025-03-11T18:38:10Z', 'updated_at': '2025-03-11T18:38:10Z', 'revision_number': 1} available for tenant
2025-03-11 18:38:21.526 68805 INFO tempest.lib.common.rest_client [req-72bcb5d7-edf8-49b9-b82c-fb150c2544e0 req-72bcb5d7-edf8-49b9-b82c-fb150c2544e0 ] Request (FlavorsV2TestJSON:tearDownClass): 204 DELETE http://10.180.1.21/identity/v3/users/4f13a91fb6ec47e68a95f1d6a42abc16 0.102s
2025-03-11 18:38:21.526 68805 INFO tempest.lib.common.dynamic_creds [-] Deleting project and security group for project: 52dec8ffec9448d5b5ebf6269f764dc9
2025-03-11 18:38:21.590 68770 INFO tempest.lib.common.rest_client [req-cb999a9c-b644-4d23-99fd-f5440e719d3d req-cb999a9c-b644-4d23-99fd-f5440e719d3d ] Request (FlavorsAccessNegativeTestJSON:test_flavor_non_admin_remove): 200 POST http://10.180.1.21/compute/v2.1/flavors/494396325/action 2.643s
2025-03-11 18:38:21.598 68805 INFO tempest.lib.common.rest_client [req-94223d5c-ffe3-4621-a315-acfd2b1c3a2b req-94223d5c-ffe3-4621-a315-acfd2b1c3a2b ] Request (FlavorsV2TestJSON:tearDownClass): 201 POST http://10.180.1.21/identity/v3/auth/tokens 0.071s
2025-03-11 18:38:21.687 68784 INFO tempest.lib.common.rest_client [req-b6aa369c-94c0-4817-90aa-47361c0af7a2 req-b6aa369c-94c0-4817-90aa-47361c0af7a2 ] Request (ServerDiagnosticsNegativeTest:tearDownClass): 200 GET http://10.180.1.21/compute/v2.1/servers/180f77ab-e468-410d-8e41-20291487ef5d 2.667s
2025-03-11 18:38:21.696 68784 INFO tempest.common.waiters [-] State transition "ACTIVE/deleting" ==> "DELETED/None" after 3 second wait
2025-03-11 18:38:21.707 68818 INFO tempest.lib.common.rest_client [req-57d4222a-fa2c-494f-8c9a-abd5b4139c94 req-57d4222a-fa2c-494f-8c9a-abd5b4139c94 ] Request (ServerDiagnosticsTest:tearDownClass): 200 GET http://10.180.1.21/compute/v2.1/servers/ddaeb82e-bbf7-430a-bcc8-5b1f70b4d236 2.858s
2025-03-11 18:38:21.785 68814 INFO tempest.lib.common.rest_client [req-08fee484-928a-4193-9a81-a22e991dfb41 req-08fee484-928a-4193-9a81-a22e991dfb41 ] Request (ServerRescueTestJSON:setUpClass): 201 POST http://10.180.1.21:9696/networking/v2.0/routers 1.055s
