2025-03-11 18:39:31.843 68776 INFO tempest.lib.common.rest_client [req-eacfe673-1da1-433d-b50b-838824f3b490 req-eacfe673-1da1-433d-b50b-838824f3b490 ] Request (ServerRescueNegativeTestJSON:test_rescued_vm_detach_volume): 200 GET http://10.180.1.21/compute/v2.1/servers/a01364f9-e30d-4140-ae41-1e7c4aaa2251 0.056s
2025-03-11 18:39:31.891 68790 INFO tempest.lib.common.rest_client [req-090f0233-7b10-4b13-83af-15be6c05a301 req-090f0233-7b10-4b13-83af-15be6c05a301 ] Request (ImagesTestJSON:test_create_image_from_suspended_server): 200 GET http://10.180.1.21/compute/v2.1/servers/6b10ff9f-3248-46fe-9cd4-19e0ebbcee77 0.056s
2025-03-11 18:39:31.938 68782 INFO tempest.lib.common.rest_client [req-645c2831-1ca4-483d-9e86-1316f98dc0aa req-645c2831-1ca4-483d-9e86-1316f98dc0aa ] Request (ServersTestJSON:setUpClass): 200 GET http://10.180.1.21/compute/v2.1/servers/7ae346fa-fbb2-4fd7-b620-f0dda8243ca8 0.060s
2025-03-11 18:39:31.978 68786 INFO tempest.lib.common.rest_client [req-7059b5c7-ce60-4530-acf6-541d50292db2 req-7059b5c7-ce60-4530-acf6-541d50292db2 ] Request (ServersAdmin275Test:tearDownClass): 200 GET http://10.180.1.21/compute/v2.1/servers/5435b4d8-46c3-43e3-b11b-cbeb580e2f36 0.063s
2025-03-11 18:39:31.993 68816 INFO tempest.lib.common.rest_client [req-fe93895e-449b-462e-a4c8-43147029af0b req-fe93895e-449b-462e-a4c8-43147029af0b ] Request (ServerActionsTestJSON:setUpClass): 200 GET http://10.180.1.21/compute/v2.1/servers/8ccd7176-55c0-4118-a07e-3c4bdbba9795 0.062s
2025-03-11 18:39:32.040 68760 INFO tempest.lib.common.rest_client [req-2eeb2606-2e13-47a4-b8e6-c8d3ef79ee36 req-2eeb2606-2e13-47a4-b8e6-c8d3ef79ee36 ] Request (ListServerFiltersTestJSON:setUpClass): 200 GET http://10.180.1.21/compute/v2.1/servers/e3855111-7678-42c5-a37e-25e8587416aa 0.073s
2025-03-11 18:39:32.079 68818 INFO tempest.lib.common.rest_client [req-00191659-5819-4126-91a3-e3ad35e2d358 req-00191659-5819-4126-91a3-e3ad35e2d358 ] Request (FloatingIPsAssociationTestJSON:setUpClass): 200 GET http://10.180.1.21/compute/v2.1/servers/39c532b1-b05e-4354-ad8f-9223b06e9488 0.055s
2025-03-11 18:39:32.129 68796 INFO tempest.lib.common.rest_client [req-97472070-98da-422f-96c1-49a669b80812 req-97472070-98da-422f-96c1-49a669b80812 ] Request (SecurityGroupsTestJSON:test_server_security_groups): 200 GET http://10.180.1.21/compute/v2.1/servers/efed858a-44b9-45b7-8778-22183549088c 0.051s
2025-03-11 18:39:32.186 68814 INFO tempest.lib.common.rest_client [req-e8a50290-b721-478c-b8ea-a49045d96cf7 req-e8a50290-b721-478c-b8ea-a49045d96cf7 ] Request (ServerRescueTestJSON:test_rescue_unrescue_instance): 200 GET http://10.180.1.21/compute/v2.1/servers/acbf4c5c-341c-4ebd-ad29-90ebf531aa86 0.061s
2025-03-11 18:39:32.203 68784 INFO tempest.lib.common.rest_client [req-0fadd15a-26bb-4f9a-a0b0-27fb6ec2a3b8 req-0fadd15a-26bb-4f9a-a0b0-27fb6ec2a3b8 ] Request (TenantUsagesTestJSON:setUpClass): 200 GET http://10.180.1.21/compute/v2.1/servers/56cfa7f3-12ad-42d0-a27f-ab8136a903ee 0.111s
2025-03-11 18:39:32.228 68768 INFO tempest.lib.common.rest_client [req-98f793f8-11d4-4f3b-aef1-1a19e290a5fa req-98f793f8-11d4-4f3b-aef1-1a19e290a5fa ] Request (ServersAdminTestJSON:test_create_server_with_scheduling_hint): 200 GET http://10.180.1.21/compute/v2.1/servers/013a92cc-0fc2-4e85-aee6-efb62bae4dcb 0.089s
2025-03-11 18:39:32.275 68778 INFO tempest.lib.common.rest_client [req-1a12179d-6cca-432d-8dc8-6f814fe706aa req-1a12179d-6cca-432d-8dc8-6f814fe706aa ] Request (MultipleCreateTestJSON:_run_cleanups): 200 GET http://10.180.1.21/compute/v2.1/servers/67312d87-cc63-4dc7-b9c1-9c8d349a4756 0.058s
2025-03-11 18:39:32.358 68798 INFO tempest.lib.common.rest_client [req-f871b512-5423-43aa-910d-266c0625257f req-f871b512-5423-43aa-910d-266c0625257f ] Request (InstanceActionsNegativeTestJSON:setUpClass): 200 GET http://10.180.1.21/compute/v2.1/servers/995a3eae-c025-4efa-b509-0bf678bb0388 0.050s
2025-03-11 18:39:32.424 68811 INFO tempest.lib.common.rest_client [req-5d3d2a2a-bce8-46fd-b2b9-4223bf3f3ac7 req-5d3d2a2a-bce8-46fd-b2b9-4223bf3f3ac7 ] Request (ServerDiskConfigTestJSON:test_rebuild_server_with_manual_disk_config): 200 GET http://10.180.1.21/compute/v2.1/servers/860107df-4e9b-44b1-9e85-b0ee3a827268 0.048s
2025-03-11 18:39:32.523 68758 INFO tempest.lib.common.rest_client [req-e23ee031-3552-4f2b-97db-274431a0054f req-e23ee031-3552-4f2b-97db-274431a0054f ] Request (MigrationsAdminTest:test_list_migrations_in_flavor_resize_situation): 200 GET http://10.180.1.21/compute/v2.1/servers/1186da93-57aa-40f4-8aae-702d039844d4 0.134s
2025-03-11 18:39:32.539 68780 INFO tempest.lib.common.rest_client [req-5db8fb01-2f7a-43d7-84a0-776dfcca7072 req-5db8fb01-2f7a-43d7-84a0-776dfcca7072 ] Request (ServersListShow298Test:test_list_show_update_rebuild_server_298): 200 GET http://10.180.1.21/compute/v2.1/servers/5202b708-179c-48d2-9c4e-2bb5ab1a6ebb 0.062s
2025-03-11 18:39:32.580 68772 INFO tempest.lib.common.rest_client [req-d6637465-95b6-4b34-ad35-376c5ceaa475 req-d6637465-95b6-4b34-ad35-376c5ceaa475 ] Request (DeleteServersAdminTestJSON:test_delete_server_while_in_error_state): 200 GET http://10.180.1.21/compute/v2.1/servers/aa39767e-1ae7-4881-b0a8-e7b66e1ceed2 0.080s
2025-03-11 18:39:32.587 68772 INFO tempest.common.waiters [-] State transition "ERROR/deleting" ==> "DELETED/None" after 4 second wait
2025-03-11 18:39:32.592 68770 INFO tempest.lib.common.rest_client [req-065087c8-aeb4-4192-905c-4af29597cc2a req-065087c8-aeb4-4192-905c-4af29597cc2a ] Request (ServersTestBootFromVolume:setUpClass): 200 GET http://10.180.1.21/compute/v2.1/servers/29e9555b-f928-43e7-a3a3-869ed07d7326 0.059s
2025-03-11 18:39:32.640 68766 INFO tempest.lib.common.rest_client [req-e5719eed-e0ce-40eb-a7c6-712d2cb2b047 req-e5719eed-e0ce-40eb-a7c6-712d2cb2b047 ] Request (ServersAdminNegativeTestJSON:tearDownClass): 200 GET http://10.180.1.21/compute/v2.1/servers/a2d0200e-e38e-4ef7-8d6c-29e9ceeb397f 0.057s
2025-03-11 18:39:32.836 68764 INFO tempest.lib.common.rest_client [req-bd98c7ce-b19a-430c-b463-2b84c19947ec req-bd98c7ce-b19a-430c-b463-2b84c19947ec ] Request (ServerExternalEventsTest:test_create_server_external_events): 200 GET http://10.180.1.21/compute/v2.1/servers/c5af19d6-5534-45e6-8c9c-dacf30d4fb1a 0.051s
2025-03-11 18:39:32.871 68808 INFO tempest.lib.common.rest_client [req-86a49485-571c-41b9-ac76-1a287c1f520a req-86a49485-571c-41b9-ac76-1a287c1f520a ] Request (ImagesOneServerNegativeTestJSON:_run_cleanups): 200 GET http://10.180.1.21/compute/v2.1/servers/d7c64aa1-44f8-44f4-9fb6-463033837736 0.056s
2025-03-11 18:39:32.900 68776 INFO tempest.lib.common.rest_client [req-212c49f9-14a9-4e2e-90e8-8fd35f7d4705 req-212c49f9-14a9-4e2e-90e8-8fd35f7d4705 ] Request (ServerRescueNegativeTestJSON:test_rescued_vm_detach_volume): 200 GET http://10.180.1.21/compute/v2.1/servers/a01364f9-e30d-4140-ae41-1e7c4aaa2251 0.049s
2025-03-11 18:39:32.950 68790 INFO tempest.lib.common.rest_client [req-b8baeea3-1ed3-4063-94b8-76110317c54e req-b8baeea3-1ed3-4063-94b8-76110317c54e ] Request (ImagesTestJSON:test_create_image_from_suspended_server): 200 GET http://10.180.1.21/compute/v2.1/servers/6b10ff9f-3248-46fe-9cd4-19e0ebbcee77 0.051s
2025-03-11 18:39:32.994 68782 INFO tempest.lib.common.rest_client [req-729b4ad0-e736-47e4-ab64-a6d139a0dc49 req-729b4ad0-e736-47e4-ab64-a6d139a0dc49 ] Request (ServersTestJSON:setUpClass): 200 GET http://10.180.1.21/compute/v2.1/servers/7ae346fa-fbb2-4fd7-b620-f0dda8243ca8 0.046s
2025-03-11 18:39:33.057 68786 INFO tempest.lib.common.rest_client [req-2f912de8-b1d1-4aed-b772-ed27346dbf1e req-2f912de8-b1d1-4aed-b772-ed27346dbf1e ] Request (ServersAdmin275Test:tearDownClass): 200 GET http://10.180.1.21/compute/v2.1/servers/5435b4d8-46c3-43e3-b11b-cbeb580e2f36 0.064s
2025-03-11 18:39:33.060 68816 INFO tempest.lib.common.rest_client [req-5ea0ccf9-eea9-4c96-8aec-c45e3cf04540 req-5ea0ccf9-eea9-4c96-8aec-c45e3cf04540 ] Request (ServerActionsTestJSON:setUpClass): 200 GET http://10.180.1.21/compute/v2.1/servers/8ccd7176-55c0-4118-a07e-3c4bdbba9795 0.057s
2025-03-11 18:39:33.107 68760 INFO tempest.lib.common.rest_client [req-f09b78c6-6b70-458d-987a-c8f80892fa02 req-f09b78c6-6b70-458d-987a-c8f80892fa02 ] Request (ListServerFiltersTestJSON:setUpClass): 200 GET http://10.180.1.21/compute/v2.1/servers/e3855111-7678-42c5-a37e-25e8587416aa 0.057s
2025-03-11 18:39:33.139 68818 INFO tempest.lib.common.rest_client [req-6cdf5848-6479-4ea8-b581-60308d67d884 req-6cdf5848-6479-4ea8-b581-60308d67d884 ] Request (FloatingIPsAssociationTestJSON:setUpClass): 200 GET http://10.180.1.21/compute/v2.1/servers/39c532b1-b05e-4354-ad8f-9223b06e9488 0.052s
2025-03-11 18:39:33.190 68796 INFO tempest.lib.common.rest_client [req-91d47977-8a05-4548-8af5-c31acd276aa7 req-91d47977-8a05-4548-8af5-c31acd276aa7 ] Request (SecurityGroupsTestJSON:test_server_security_groups): 200 GET http://10.180.1.21/compute/v2.1/servers/efed858a-44b9-45b7-8778-22183549088c 0.053s
2025-03-11 18:39:33.253 68814 INFO tempest.lib.common.rest_client [req-c4f25a0d-3990-402a-97f9-656250f1bad6 req-c4f25a0d-3990-402a-97f9-656250f1bad6 ] Request (ServerRescueTestJSON:test_rescue_unrescue_instance): 200 GET http://10.180.1.21/compute/v2.1/servers/acbf4c5c-341c-4ebd-ad29-90ebf531aa86 0.057s
2025-03-11 18:39:33.331 68768 INFO tempest.lib.common.rest_client [req-a0ac7ee5-2f9f-46ee-a626-0e14f0a3468a req-a0ac7ee5-2f9f-46ee-a626-0e14f0a3468a ] Request (ServersAdminTestJSON:test_create_server_with_scheduling_hint): 200 GET http://10.180.1.21/compute/v2.1/servers/013a92cc-0fc2-4e85-aee6-efb62bae4dcb 0.095s
2025-03-11 18:39:33.355 68784 INFO tempest.lib.common.rest_client [req-74378e61-a206-48c4-abe8-9926de42577b req-74378e61-a206-48c4-abe8-9926de42577b ] Request (TenantUsagesTestJSON:setUpClass): 200 GET http://10.180.1.21/compute/v2.1/servers/56cfa7f3-12ad-42d0-a27f-ab8136a903ee 0.144s
2025-03-11 18:39:33.419 68778 INFO tempest.lib.common.rest_client [req-0047050b-e2af-475d-82e8-b64e4b3132f6 req-0047050b-e2af-475d-82e8-b64e4b3132f6 ] Request (MultipleCreateTestJSON:_run_cleanups): 200 GET http://10.180.1.21/compute/v2.1/servers/67312d87-cc63-4dc7-b9c1-9c8d349a4756 0.136s
2025-03-11 18:39:33.429 68798 INFO tempest.lib.common.rest_client [req-6bb44d7b-88ed-417f-9b31-6f8dc3bb5f80 req-6bb44d7b-88ed-417f-9b31-6f8dc3bb5f80 ] Request (InstanceActionsNegativeTestJSON:setUpClass): 200 GET http://10.180.1.21/compute/v2.1/servers/995a3eae-c025-4efa-b509-0bf678bb0388 0.063s
2025-03-11 18:39:33.459 68774 WARNING tempest.lib.common.ssh [-] Failed to establish authenticated ssh connection to cirros@10.180.180.208 ([Errno None] Unable to connect to port 22 on 10.180.180.208). Number attempts: 1. Retry after 2 seconds.: paramiko.ssh_exception.NoValidConnectionsError: [Errno None] Unable to connect to port 22 on 10.180.180.208
2025-03-11 18:39:33.491 68811 INFO tempest.lib.common.rest_client [req-576ecc40-7912-4ff9-b91b-7c98a11f8407 req-576ecc40-7912-4ff9-b91b-7c98a11f8407 ] Request (ServerDiskConfigTestJSON:test_rebuild_server_with_manual_disk_config): 200 GET http://10.180.1.21/compute/v2.1/servers/860107df-4e9b-44b1-9e85-b0ee3a827268 0.060s
2025-03-11 18:39:33.623 68780 INFO tempest.lib.common.rest_client [req-fe5d658c-88b3-4852-a8f4-2caf0b2aada0 req-fe5d658c-88b3-4852-a8f4-2caf0b2aada0 ] Request (ServersListShow298Test:test_list_show_update_rebuild_server_298): 200 GET http://10.180.1.21/compute/v2.1/servers/5202b708-179c-48d2-9c4e-2bb5ab1a6ebb 0.072s
2025-03-11 18:39:33.633 68758 INFO tempest.lib.common.rest_client [req-d171179e-2f35-4bd6-a385-e265e7be6265 req-d171179e-2f35-4bd6-a385-e265e7be6265 ] Request (MigrationsAdminTest:test_list_migrations_in_flavor_resize_situation): 200 GET http://10.180.1.21/compute/v2.1/servers/1186da93-57aa-40f4-8aae-702d039844d4 0.103s
2025-03-11 18:39:33.686 68772 INFO tempest.lib.common.rest_client [req-2901ca2e-a950-437c-abef-d5171d6e8d1f req-2901ca2e-a950-437c-abef-d5171d6e8d1f ] Request (DeleteServersAdminTestJSON:test_delete_server_while_in_error_state): 200 GET http://10.180.1.21/compute/v2.1/servers/aa39767e-1ae7-4881-b0a8-e7b66e1ceed2 0.098s
2025-03-11 18:39:33.691 68770 INFO tempest.lib.common.rest_client [req-21fe421c-71a4-44f3-a502-71e6f73d3374 req-21fe421c-71a4-44f3-a502-71e6f73d3374 ] Request (ServersTestBootFromVolume:setUpClass): 200 GET http://10.180.1.21/compute/v2.1/servers/29e9555b-f928-43e7-a3a3-869ed07d7326 0.090s
2025-03-11 18:39:33.742 68766 INFO tempest.lib.common.rest_client [req-5745668c-cb02-49af-b963-6e09a2f35be2 req-5745668c-cb02-49af-b963-6e09a2f35be2 ] Request (ServersAdminNegativeTestJSON:tearDownClass): 200 GET http://10.180.1.21/compute/v2.1/servers/a2d0200e-e38e-4ef7-8d6c-29e9ceeb397f 0.094s
2025-03-11 18:39:33.893 68764 INFO tempest.lib.common.rest_client [req-d68ceb45-7af1-45b3-b6f9-f2a8be31f7af req-d68ceb45-7af1-45b3-b6f9-f2a8be31f7af ] Request (ServerExternalEventsTest:test_create_server_external_events): 200 GET http://10.180.1.21/compute/v2.1/servers/c5af19d6-5534-45e6-8c9c-dacf30d4fb1a 0.050s
2025-03-11 18:39:33.933 68808 INFO tempest.lib.common.rest_client [req-7b2c8244-2177-4941-a837-08cfc896965a req-7b2c8244-2177-4941-a837-08cfc896965a ] Request (ImagesOneServerNegativeTestJSON:_run_cleanups): 200 GET http://10.180.1.21/compute/v2.1/servers/d7c64aa1-44f8-44f4-9fb6-463033837736 0.053s
2025-03-11 18:39:33.955 68776 INFO tempest.lib.common.rest_client [req-3801ac89-6ec1-4d1a-a2b0-9b5e388b99a6 req-3801ac89-6ec1-4d1a-a2b0-9b5e388b99a6 ] Request (ServerRescueNegativeTestJSON:test_rescued_vm_detach_volume): 200 GET http://10.180.1.21/compute/v2.1/servers/a01364f9-e30d-4140-ae41-1e7c4aaa2251 0.046s
2025-03-11 18:39:34.004 68790 INFO tempest.lib.common.rest_client [req-be48849b-15b3-4e82-9869-b21798643493 req-be48849b-15b3-4e82-9869-b21798643493 ] Request (ImagesTestJSON:test_create_image_from_suspended_server): 200 GET http://10.180.1.21/compute/v2.1/servers/6b10ff9f-3248-46fe-9cd4-19e0ebbcee77 0.047s
2025-03-11 18:39:34.048 68782 INFO tempest.lib.common.rest_client [req-c4a65f88-62d1-4250-b79f-960512638589 req-c4a65f88-62d1-4250-b79f-960512638589 ] Request (ServersTestJSON:setUpClass): 200 GET http://10.180.1.21/compute/v2.1/servers/7ae346fa-fbb2-4fd7-b620-f0dda8243ca8 0.047s
2025-03-11 18:39:34.114 68816 INFO tempest.lib.common.rest_client [req-9b8cfe47-be8c-4ede-ba0f-cfff8ec5a813 req-9b8cfe47-be8c-4ede-ba0f-cfff8ec5a813 ] Request (ServerActionsTestJSON:setUpClass): 200 GET http://10.180.1.21/compute/v2.1/servers/8ccd7176-55c0-4118-a07e-3c4bdbba9795 0.046s
2025-03-11 18:39:34.128 68786 INFO tempest.lib.common.rest_client [req-7c7e1c1c-7ad7-4032-a2b1-1bbe0944921c req-7c7e1c1c-7ad7-4032-a2b1-1bbe0944921c ] Request (ServersAdmin275Test:tearDownClass): 200 GET http://10.180.1.21/compute/v2.1/servers/5435b4d8-46c3-43e3-b11b-cbeb580e2f36 0.061s
2025-03-11 18:39:34.159 68760 INFO tempest.lib.common.rest_client [req-ecce5527-9bc4-4568-b10a-4f5935e779dc req-ecce5527-9bc4-4568-b10a-4f5935e779dc ] Request (ListServerFiltersTestJSON:setUpClass): 200 GET http://10.180.1.21/compute/v2.1/servers/e3855111-7678-42c5-a37e-25e8587416aa 0.044s
2025-03-11 18:39:34.191 68818 INFO tempest.lib.common.rest_client [req-ec38aa0a-7e42-48c1-9713-42270fce47f0 req-ec38aa0a-7e42-48c1-9713-42270fce47f0 ] Request (FloatingIPsAssociationTestJSON:setUpClass): 200 GET http://10.180.1.21/compute/v2.1/servers/39c532b1-b05e-4354-ad8f-9223b06e9488 0.044s
2025-03-11 18:39:34.247 68796 INFO tempest.lib.common.rest_client [req-f060ff59-917a-4185-a053-1d9a65778164 req-f060ff59-917a-4185-a053-1d9a65778164 ] Request (SecurityGroupsTestJSON:test_server_security_groups): 200 GET http://10.180.1.21/compute/v2.1/servers/efed858a-44b9-45b7-8778-22183549088c 0.049s
2025-03-11 18:39:34.313 68814 INFO tempest.lib.common.rest_client [req-e50d3123-b2ba-4878-879f-6bce88c956cf req-e50d3123-b2ba-4878-879f-6bce88c956cf ] Request (ServerRescueTestJSON:test_rescue_unrescue_instance): 200 GET http://10.180.1.21/compute/v2.1/servers/acbf4c5c-341c-4ebd-ad29-90ebf531aa86 0.052s
2025-03-11 18:39:34.389 68768 INFO tempest.lib.common.rest_client [req-ad22ff43-743a-4d19-aaa0-6deb84c707ac req-ad22ff43-743a-4d19-aaa0-6deb84c707ac ] Request (ServersAdminTestJSON:test_create_server_with_scheduling_hint): 200 GET http://10.180.1.21/compute/v2.1/servers/013a92cc-0fc2-4e85-aee6-efb62bae4dcb 0.050s
2025-03-11 18:39:34.460 68784 INFO tempest.lib.common.rest_client [req-ccb06d1d-2abe-498e-95eb-6935632c22c7 req-ccb06d1d-2abe-498e-95eb-6935632c22c7 ] Request (TenantUsagesTestJSON:setUpClass): 200 GET http://10.180.1.21/compute/v2.1/servers/56cfa7f3-12ad-42d0-a27f-ab8136a903ee 0.097s
2025-03-11 18:39:34.468 68784 INFO tempest.common.waiters [-] State transition "BUILD/spawning" ==> "ACTIVE/None" after 51 second wait
2025-03-11 18:39:34.494 68778 INFO tempest.lib.common.rest_client [req-b14c764f-bdb8-4cbb-a01e-aa491c022f2b req-b14c764f-bdb8-4cbb-a01e-aa491c022f2b ] Request (MultipleCreateTestJSON:_run_cleanups): 200 GET http://10.180.1.21/compute/v2.1/servers/67312d87-cc63-4dc7-b9c1-9c8d349a4756 0.066s
2025-03-11 18:39:34.517 68798 INFO tempest.lib.common.rest_client [req-49f5ce7b-d0b2-4641-8470-6ad4005f36f6 req-49f5ce7b-d0b2-4641-8470-6ad4005f36f6 ] Request (InstanceActionsNegativeTestJSON:setUpClass): 200 GET http://10.180.1.21/compute/v2.1/servers/995a3eae-c025-4efa-b509-0bf678bb0388 0.079s
2025-03-11 18:39:34.582 68811 INFO tempest.lib.common.rest_client [req-a5a52a83-1268-4db2-a01e-39eb2de5b851 req-a5a52a83-1268-4db2-a01e-39eb2de5b851 ] Request (ServerDiskConfigTestJSON:test_rebuild_server_with_manual_disk_config): 200 GET http://10.180.1.21/compute/v2.1/servers/860107df-4e9b-44b1-9e85-b0ee3a827268 0.083s
2025-03-11 18:39:34.667 68784 INFO tempest.lib.common.rest_client [req-19ec1967-4ac1-482c-ab78-a1947abecc4c req-19ec1967-4ac1-482c-ab78-a1947abecc4c ] Request (TenantUsagesTestJSON:test_get_usage_tenant): 200 GET http://10.180.1.21/compute/v2.1/os-simple-tenant-usage/27916c244400443bbc2eef5bf0d6b552?start=2025-03-10T18%3A39%3A34.468541&end=2025-03-12T18%3A39%3A34.468541 0.198s
2025-03-11 18:39:34.699 68780 INFO tempest.lib.common.rest_client [req-17d145b6-84d1-4a04-a123-3dfcbe5547a1 req-17d145b6-84d1-4a04-a123-3dfcbe5547a1 ] Request (ServersListShow298Test:test_list_show_update_rebuild_server_298): 200 GET http://10.180.1.21/compute/v2.1/servers/5202b708-179c-48d2-9c4e-2bb5ab1a6ebb 0.062s
2025-03-11 18:39:34.731 68784 INFO tempest.lib.common.rest_client [req-2261438c-2bd4-4b87-b423-e837206ebc21 req-2261438c-2bd4-4b87-b423-e837206ebc21 ] Request (TenantUsagesTestJSON:test_get_usage_tenant_with_non_admin_user): 200 GET http://10.180.1.21/compute/v2.1/os-simple-tenant-usage/27916c244400443bbc2eef5bf0d6b552?start=2025-03-10T18%3A39%3A34.468541&end=2025-03-12T18%3A39%3A34.468541 0.059s
2025-03-11 18:39:34.766 68758 INFO tempest.lib.common.rest_client [req-4f93ded6-64ee-4e18-8c64-40641bc62a78 req-4f93ded6-64ee-4e18-8c64-40641bc62a78 ] Request (MigrationsAdminTest:test_list_migrations_in_flavor_resize_situation): 200 GET http://10.180.1.21/compute/v2.1/servers/1186da93-57aa-40f4-8aae-702d039844d4 0.124s
2025-03-11 18:39:34.785 68772 INFO tempest.lib.common.rest_client [req-04dd021e-bc7c-47cc-ad0a-33435996c7f3 req-04dd021e-bc7c-47cc-ad0a-33435996c7f3 ] Request (DeleteServersAdminTestJSON:test_delete_server_while_in_error_state): 200 GET http://10.180.1.21/compute/v2.1/servers/aa39767e-1ae7-4881-b0a8-e7b66e1ceed2 0.091s
2025-03-11 18:39:34.812 68770 INFO tempest.lib.common.rest_client [req-85f50d9c-335b-402a-9438-a0c42b86a7a6 req-85f50d9c-335b-402a-9438-a0c42b86a7a6 ] Request (ServersTestBootFromVolume:setUpClass): 200 GET http://10.180.1.21/compute/v2.1/servers/29e9555b-f928-43e7-a3a3-869ed07d7326 0.113s
2025-03-11 18:39:34.835 68784 INFO tempest.lib.common.rest_client [req-ce7c3482-022e-42b3-ac59-1dd33a03624f req-ce7c3482-022e-42b3-ac59-1dd33a03624f ] Request (TenantUsagesTestJSON:test_list_usage_all_tenants): 200 GET http://10.180.1.21/compute/v2.1/os-simple-tenant-usage?start=2025-03-10T18%3A39%3A34.468541&end=2025-03-12T18%3A39%3A34.468541&detailed=1 0.099s
2025-03-11 18:39:34.864 68766 INFO tempest.lib.common.rest_client [req-f99659a5-dfe3-490b-989c-6f5e1f9ad821 req-f99659a5-dfe3-490b-989c-6f5e1f9ad821 ] Request (ServersAdminNegativeTestJSON:tearDownClass): 200 GET http://10.180.1.21/compute/v2.1/servers/a2d0200e-e38e-4ef7-8d6c-29e9ceeb397f 0.109s
2025-03-11 18:39:34.917 68784 INFO tempest.lib.common.rest_client [req-6cd55ba5-0fc7-432c-b0e1-023d96a2df2e req-6cd55ba5-0fc7-432c-b0e1-023d96a2df2e ] Request (TenantUsagesTestJSON:tearDownClass): 204 DELETE http://10.180.1.21/compute/v2.1/servers/56cfa7f3-12ad-42d0-a27f-ab8136a903ee 0.072s
2025-03-11 18:39:34.947 68764 INFO tempest.lib.common.rest_client [req-7c332228-92c0-4db6-843f-aa789d957e11 req-7c332228-92c0-4db6-843f-aa789d957e11 ] Request (ServerExternalEventsTest:test_create_server_external_events): 200 GET http://10.180.1.21/compute/v2.1/servers/c5af19d6-5534-45e6-8c9c-dacf30d4fb1a 0.046s
2025-03-11 18:39:34.999 68808 INFO tempest.lib.common.rest_client [req-af9cb817-b7e8-4553-b784-e8eba02eb940 req-af9cb817-b7e8-4553-b784-e8eba02eb940 ] Request (ImagesOneServerNegativeTestJSON:_run_cleanups): 200 GET http://10.180.1.21/compute/v2.1/servers/d7c64aa1-44f8-44f4-9fb6-463033837736 0.059s
2025-03-11 18:39:35.009 68784 INFO tempest.lib.common.rest_client [req-fa157ae7-ad33-46e7-a8ae-cb8c07462474 req-fa157ae7-ad33-46e7-a8ae-cb8c07462474 ] Request (TenantUsagesTestJSON:tearDownClass): 200 GET http://10.180.1.21/compute/v2.1/servers/56cfa7f3-12ad-42d0-a27f-ab8136a903ee 0.091s
2025-03-11 18:39:35.051 68776 INFO tempest.lib.common.rest_client [req-b5a20ba9-6e87-4cfa-9082-00d653a72683 req-b5a20ba9-6e87-4cfa-9082-00d653a72683 ] Request (ServerRescueNegativeTestJSON:test_rescued_vm_detach_volume): 200 GET http://10.180.1.21/compute/v2.1/servers/a01364f9-e30d-4140-ae41-1e7c4aaa2251 0.089s
2025-03-11 18:39:35.068 68790 INFO tempest.lib.common.rest_client [req-01bd97d4-1703-4534-96a9-4d9328692b30 req-01bd97d4-1703-4534-96a9-4d9328692b30 ] Request (ImagesTestJSON:test_create_image_from_suspended_server): 200 GET http://10.180.1.21/compute/v2.1/servers/6b10ff9f-3248-46fe-9cd4-19e0ebbcee77 0.057s
2025-03-11 18:39:35.107 68782 INFO tempest.lib.common.rest_client [req-56938d51-a133-4efb-95ac-ba4f6c5f94c4 req-56938d51-a133-4efb-95ac-ba4f6c5f94c4 ] Request (ServersTestJSON:setUpClass): 200 GET http://10.180.1.21/compute/v2.1/servers/7ae346fa-fbb2-4fd7-b620-f0dda8243ca8 0.052s
2025-03-11 18:39:35.180 68816 INFO tempest.lib.common.rest_client [req-7308ee57-ae42-482d-910e-f7cf2e0c4229 req-7308ee57-ae42-482d-910e-f7cf2e0c4229 ] Request (ServerActionsTestJSON:setUpClass): 200 GET http://10.180.1.21/compute/v2.1/servers/8ccd7176-55c0-4118-a07e-3c4bdbba9795 0.056s
2025-03-11 18:39:35.203 68786 INFO tempest.lib.common.rest_client [req-51250a28-8d49-4915-9a4d-ca7a98c32bcd req-51250a28-8d49-4915-9a4d-ca7a98c32bcd ] Request (ServersAdmin275Test:tearDownClass): 200 GET http://10.180.1.21/compute/v2.1/servers/5435b4d8-46c3-43e3-b11b-cbeb580e2f36 0.064s
2025-03-11 18:39:35.227 68760 INFO tempest.lib.common.rest_client [req-234bc3cf-10a4-434f-a22d-61d8b0b349d2 req-234bc3cf-10a4-434f-a22d-61d8b0b349d2 ] Request (ListServerFiltersTestJSON:setUpClass): 200 GET http://10.180.1.21/compute/v2.1/servers/e3855111-7678-42c5-a37e-25e8587416aa 0.061s
2025-03-11 18:39:35.248 68818 INFO tempest.lib.common.rest_client [req-060a672f-4ba9-4af7-8903-b20ff14a0a6c req-060a672f-4ba9-4af7-8903-b20ff14a0a6c ] Request (FloatingIPsAssociationTestJSON:setUpClass): 200 GET http://10.180.1.21/compute/v2.1/servers/39c532b1-b05e-4354-ad8f-9223b06e9488 0.049s
2025-03-11 18:39:35.308 68796 INFO tempest.lib.common.rest_client [req-d1740b1c-242d-468d-90ff-0cd4881986a1 req-d1740b1c-242d-468d-90ff-0cd4881986a1 ] Request (SecurityGroupsTestJSON:test_server_security_groups): 200 GET http://10.180.1.21/compute/v2.1/servers/efed858a-44b9-45b7-8778-22183549088c 0.053s
2025-03-11 18:39:35.373 68814 INFO tempest.lib.common.rest_client [req-97b5763a-3ec3-4d20-a6c3-3049f1778274 req-97b5763a-3ec3-4d20-a6c3-3049f1778274 ] Request (ServerRescueTestJSON:test_rescue_unrescue_instance): 200 GET http://10.180.1.21/compute/v2.1/servers/acbf4c5c-341c-4ebd-ad29-90ebf531aa86 0.053s
2025-03-11 18:39:35.447 68768 INFO tempest.lib.common.rest_client [req-78577970-9f5c-4532-8cab-63bb1436415b req-78577970-9f5c-4532-8cab-63bb1436415b ] Request (ServersAdminTestJSON:test_create_server_with_scheduling_hint): 200 GET http://10.180.1.21/compute/v2.1/servers/013a92cc-0fc2-4e85-aee6-efb62bae4dcb 0.050s
2025-03-11 18:39:35.559 68778 INFO tempest.lib.common.rest_client [req-6ba28859-c31b-4943-ad8f-86e242cf33fd req-6ba28859-c31b-4943-ad8f-86e242cf33fd ] Request (MultipleCreateTestJSON:_run_cleanups): 200 GET http://10.180.1.21/compute/v2.1/servers/67312d87-cc63-4dc7-b9c1-9c8d349a4756 0.058s
2025-03-11 18:39:35.577 68798 INFO tempest.lib.common.rest_client [req-5b8c07e6-29b4-4faf-a79a-f3f3021f1892 req-5b8c07e6-29b4-4faf-a79a-f3f3021f1892 ] Request (InstanceActionsNegativeTestJSON:setUpClass): 200 GET http://10.180.1.21/compute/v2.1/servers/995a3eae-c025-4efa-b509-0bf678bb0388 0.049s
2025-03-11 18:39:35.584 68798 INFO tempest.common.waiters [-] State transition "BUILD/scheduling" ==> "BUILD/None" after 31 second wait
2025-03-11 18:39:35.636 68811 INFO tempest.lib.common.rest_client [req-f5839892-b4c3-4c24-bcdc-ce3f66aed30a req-f5839892-b4c3-4c24-bcdc-ce3f66aed30a ] Request (ServerDiskConfigTestJSON:test_rebuild_server_with_manual_disk_config): 200 GET http://10.180.1.21/compute/v2.1/servers/860107df-4e9b-44b1-9e85-b0ee3a827268 0.045s
2025-03-11 18:39:35.768 68780 INFO tempest.lib.common.rest_client [req-8f609b70-d352-4382-8982-638924edef35 req-8f609b70-d352-4382-8982-638924edef35 ] Request (ServersListShow298Test:test_list_show_update_rebuild_server_298): 200 GET http://10.180.1.21/compute/v2.1/servers/5202b708-179c-48d2-9c4e-2bb5ab1a6ebb 0.057s
2025-03-11 18:39:35.853 68772 INFO tempest.lib.common.rest_client [req-450439d4-cf4a-4cec-88d6-8e38c6fb0095 req-450439d4-cf4a-4cec-88d6-8e38c6fb0095 ] Request (DeleteServersAdminTestJSON:test_delete_server_while_in_error_state): 200 GET http://10.180.1.21/compute/v2.1/servers/aa39767e-1ae7-4881-b0a8-e7b66e1ceed2 0.059s
2025-03-11 18:39:35.870 68758 INFO tempest.lib.common.rest_client [req-74dabc56-aa38-4ba8-a189-535a70f25eb2 req-74dabc56-aa38-4ba8-a189-535a70f25eb2 ] Request (MigrationsAdminTest:test_list_migrations_in_flavor_resize_situation): 200 GET http://10.180.1.21/compute/v2.1/servers/1186da93-57aa-40f4-8aae-702d039844d4 0.097s
2025-03-11 18:39:35.894 68766 INFO tempest.lib.common.rest_client [req-7f64ed6c-05b5-4573-a2cb-93a142c35133 req-7f64ed6c-05b5-4573-a2cb-93a142c35133 ] Request (ServersAdminNegativeTestJSON:tearDownClass): 404 GET http://10.180.1.21/compute/v2.1/servers/a2d0200e-e38e-4ef7-8d6c-29e9ceeb397f 0.022s
2025-03-11 18:39:35.897 68770 INFO tempest.lib.common.rest_client [req-bcf62833-4d38-4c6d-a2f3-90b4e3df0bb9 req-bcf62833-4d38-4c6d-a2f3-90b4e3df0bb9 ] Request (ServersTestBootFromVolume:setUpClass): 200 GET http://10.180.1.21/compute/v2.1/servers/29e9555b-f928-43e7-a3a3-869ed07d7326 0.076s
2025-03-11 18:39:35.966 68766 INFO tempest.lib.common.rest_client [req-2f7a3bf8-fdef-4192-bb2d-27f520250d3a req-2f7a3bf8-fdef-4192-bb2d-27f520250d3a ] Request (ServersAdminNegativeTestJSON:tearDownClass): 204 DELETE http://10.180.1.21/compute/v2.1/servers/0484ccee-f003-4101-87c5-fed92f095d2d 0.071s
2025-03-11 18:39:36.010 68764 INFO tempest.lib.common.rest_client [req-aff7bc06-ffe3-450e-9b37-2ca95a02e4e7 req-aff7bc06-ffe3-450e-9b37-2ca95a02e4e7 ] Request (ServerExternalEventsTest:test_create_server_external_events): 200 GET http://10.180.1.21/compute/v2.1/servers/c5af19d6-5534-45e6-8c9c-dacf30d4fb1a 0.054s
2025-03-11 18:39:36.017 68764 INFO tempest.common.waiters [-] State transition "BUILD/scheduling" ==> "BUILD/None" after 32 second wait
2025-03-11 18:39:36.089 68808 INFO tempest.lib.common.rest_client [req-94a55f24-e9da-4577-8857-37e7adcadd4c req-94a55f24-e9da-4577-8857-37e7adcadd4c ] Request (ImagesOneServerNegativeTestJSON:_run_cleanups): 200 GET http://10.180.1.21/compute/v2.1/servers/d7c64aa1-44f8-44f4-9fb6-463033837736 0.081s
2025-03-11 18:39:36.115 68766 INFO tempest.lib.common.rest_client [req-1d482ede-cf48-433c-80f5-c5562a30a75c req-1d482ede-cf48-433c-80f5-c5562a30a75c ] Request (ServersAdminNegativeTestJSON:tearDownClass): 200 GET http://10.180.1.21/compute/v2.1/servers/0484ccee-f003-4101-87c5-fed92f095d2d 0.149s
2025-03-11 18:39:36.177 68776 INFO tempest.lib.common.rest_client [req-278e0c6e-66b2-4a86-b663-74a954a0408e req-278e0c6e-66b2-4a86-b663-74a954a0408e ] Request (ServerRescueNegativeTestJSON:test_rescued_vm_detach_volume): 200 GET http://10.180.1.21/compute/v2.1/servers/a01364f9-e30d-4140-ae41-1e7c4aaa2251 0.118s
2025-03-11 18:39:36.222 68784 INFO tempest.lib.common.rest_client [req-0e984857-9068-4860-aba5-8a59a1c50a29 req-0e984857-9068-4860-aba5-8a59a1c50a29 ] Request (TenantUsagesTestJSON:tearDownClass): 200 GET http://10.180.1.21/compute/v2.1/servers/56cfa7f3-12ad-42d0-a27f-ab8136a903ee 0.204s
2025-03-11 18:39:36.238 68790 INFO tempest.lib.common.rest_client [req-612c22f3-3ebe-494c-bc7e-9f2408f95ac7 req-612c22f3-3ebe-494c-bc7e-9f2408f95ac7 ] Request (ImagesTestJSON:test_create_image_from_suspended_server): 200 GET http://10.180.1.21/compute/v2.1/servers/6b10ff9f-3248-46fe-9cd4-19e0ebbcee77 0.160s
2025-03-11 18:39:36.290 68782 INFO tempest.lib.common.rest_client [req-41200b83-2440-4550-a89e-fe5d611b1ad5 req-41200b83-2440-4550-a89e-fe5d611b1ad5 ] Request (ServersTestJSON:setUpClass): 200 GET http://10.180.1.21/compute/v2.1/servers/7ae346fa-fbb2-4fd7-b620-f0dda8243ca8 0.175s
2025-03-11 18:39:36.296 68816 INFO tempest.lib.common.rest_client [req-3918b3cb-f936-46c1-a5f6-a96644e4e457 req-3918b3cb-f936-46c1-a5f6-a96644e4e457 ] Request (ServerActionsTestJSON:setUpClass): 200 GET http://10.180.1.21/compute/v2.1/servers/8ccd7176-55c0-4118-a07e-3c4bdbba9795 0.107s
2025-03-11 18:39:36.347 68760 INFO tempest.lib.common.rest_client [req-c8e7a9b2-ccf6-4e18-88c2-21318a635889 req-c8e7a9b2-ccf6-4e18-88c2-21318a635889 ] Request (ListServerFiltersTestJSON:setUpClass): 200 GET http://10.180.1.21/compute/v2.1/servers/e3855111-7678-42c5-a37e-25e8587416aa 0.113s
2025-03-11 18:39:36.358 68786 INFO tempest.lib.common.rest_client [req-490c6ecc-d2ff-4908-9f48-33b88b34f84b req-490c6ecc-d2ff-4908-9f48-33b88b34f84b ] Request (ServersAdmin275Test:tearDownClass): 200 GET http://10.180.1.21/compute/v2.1/servers/5435b4d8-46c3-43e3-b11b-cbeb580e2f36 0.144s
2025-03-11 18:39:36.395 68818 INFO tempest.lib.common.rest_client [req-60c82611-8822-45da-b85f-c29badb15ae1 req-60c82611-8822-45da-b85f-c29badb15ae1 ] Request (FloatingIPsAssociationTestJSON:setUpClass): 200 GET http://10.180.1.21/compute/v2.1/servers/39c532b1-b05e-4354-ad8f-9223b06e9488 0.136s
2025-03-11 18:39:36.406 68796 INFO tempest.lib.common.rest_client [req-6ef758f7-a949-46b4-af1d-9ad1bf7c2890 req-6ef758f7-a949-46b4-af1d-9ad1bf7c2890 ] Request (SecurityGroupsTestJSON:test_server_security_groups): 200 GET http://10.180.1.21/compute/v2.1/servers/efed858a-44b9-45b7-8778-22183549088c 0.089s
2025-03-11 18:39:36.440 68814 INFO tempest.lib.common.rest_client [req-573f6e06-f853-4738-bbfe-2928cdda2342 req-573f6e06-f853-4738-bbfe-2928cdda2342 ] Request (ServerRescueTestJSON:test_rescue_unrescue_instance): 200 GET http://10.180.1.21/compute/v2.1/servers/acbf4c5c-341c-4ebd-ad29-90ebf531aa86 0.059s
2025-03-11 18:39:36.504 68768 INFO tempest.lib.common.rest_client [req-1cfcb075-032c-4efe-83bc-a7b672b1c632 req-1cfcb075-032c-4efe-83bc-a7b672b1c632 ] Request (ServersAdminTestJSON:test_create_server_with_scheduling_hint): 200 GET http://10.180.1.21/compute/v2.1/servers/013a92cc-0fc2-4e85-aee6-efb62bae4dcb 0.048s
2025-03-11 18:39:36.527 68774 WARNING tempest.lib.common.ssh [-] Failed to establish authenticated ssh connection to cirros@10.180.180.208 ([Errno None] Unable to connect to port 22 on 10.180.180.208). Number attempts: 2. Retry after 3 seconds.: paramiko.ssh_exception.NoValidConnectionsError: [Errno None] Unable to connect to port 22 on 10.180.180.208
2025-03-11 18:39:36.624 68778 INFO tempest.lib.common.rest_client [req-7ed3bb18-1676-42cc-a82b-9631f382828c req-7ed3bb18-1676-42cc-a82b-9631f382828c ] Request (MultipleCreateTestJSON:_run_cleanups): 200 GET http://10.180.1.21/compute/v2.1/servers/67312d87-cc63-4dc7-b9c1-9c8d349a4756 0.057s
2025-03-11 18:39:36.635 68798 INFO tempest.lib.common.rest_client [req-015620af-bba9-45fc-91a8-116d4ef37ab3 req-015620af-bba9-45fc-91a8-116d4ef37ab3 ] Request (InstanceActionsNegativeTestJSON:setUpClass): 200 GET http://10.180.1.21/compute/v2.1/servers/995a3eae-c025-4efa-b509-0bf678bb0388 0.050s
2025-03-11 18:39:36.691 68811 INFO tempest.lib.common.rest_client [req-9e358197-e46c-4aec-b745-ffa3b82ff178 req-9e358197-e46c-4aec-b745-ffa3b82ff178 ] Request (ServerDiskConfigTestJSON:test_rebuild_server_with_manual_disk_config): 200 GET http://10.180.1.21/compute/v2.1/servers/860107df-4e9b-44b1-9e85-b0ee3a827268 0.047s
2025-03-11 18:39:36.782 68802 WARNING tempest.lib.common.ssh [-] Failed to establish authenticated ssh connection to cirros@10.180.180.169 ([Errno None] Unable to connect to port 22 on 10.180.180.169). Number attempts: 5. Retry after 6 seconds.: paramiko.ssh_exception.NoValidConnectionsError: [Errno None] Unable to connect to port 22 on 10.180.180.169
2025-03-11 18:39:36.837 68780 INFO tempest.lib.common.rest_client [req-eafba55f-9684-4a60-a823-aaf05ac3aae6 req-eafba55f-9684-4a60-a823-aaf05ac3aae6 ] Request (ServersListShow298Test:test_list_show_update_rebuild_server_298): 200 GET http://10.180.1.21/compute/v2.1/servers/5202b708-179c-48d2-9c4e-2bb5ab1a6ebb 0.055s
2025-03-11 18:39:36.912 68772 INFO tempest.lib.common.rest_client [req-aacff608-c832-4018-aa6b-80973f74b988 req-aacff608-c832-4018-aa6b-80973f74b988 ] Request (DeleteServersAdminTestJSON:test_delete_server_while_in_error_state): 200 GET http://10.180.1.21/compute/v2.1/servers/aa39767e-1ae7-4881-b0a8-e7b66e1ceed2 0.052s
2025-03-11 18:39:36.969 68770 INFO tempest.lib.common.rest_client [req-7821fd61-bc8e-49d8-bcc2-d096c1d9d2d5 req-7821fd61-bc8e-49d8-bcc2-d096c1d9d2d5 ] Request (ServersTestBootFromVolume:setUpClass): 200 GET http://10.180.1.21/compute/v2.1/servers/29e9555b-f928-43e7-a3a3-869ed07d7326 0.064s
2025-03-11 18:39:36.978 68758 INFO tempest.lib.common.rest_client [req-b91a912a-9577-4627-bebf-6bbb38dc0532 req-b91a912a-9577-4627-bebf-6bbb38dc0532 ] Request (MigrationsAdminTest:test_list_migrations_in_flavor_resize_situation): 200 GET http://10.180.1.21/compute/v2.1/servers/1186da93-57aa-40f4-8aae-702d039844d4 0.099s
2025-03-11 18:39:37.076 68764 INFO tempest.lib.common.rest_client [req-ff0cf02b-358b-4587-8f50-21fb606a2a31 req-ff0cf02b-358b-4587-8f50-21fb606a2a31 ] Request (ServerExternalEventsTest:test_create_server_external_events): 200 GET http://10.180.1.21/compute/v2.1/servers/c5af19d6-5534-45e6-8c9c-dacf30d4fb1a 0.058s
2025-03-11 18:39:37.172 68808 INFO tempest.lib.common.rest_client [req-bd8c42f5-5543-4f0e-9374-beb61eadc2c6 req-bd8c42f5-5543-4f0e-9374-beb61eadc2c6 ] Request (ImagesOneServerNegativeTestJSON:_run_cleanups): 200 GET http://10.180.1.21/compute/v2.1/servers/d7c64aa1-44f8-44f4-9fb6-463033837736 0.067s
2025-03-11 18:39:37.246 68776 INFO tempest.lib.common.rest_client [req-b048fc35-a46f-49ff-bf76-a63abb7318d5 req-b048fc35-a46f-49ff-bf76-a63abb7318d5 ] Request (ServerRescueNegativeTestJSON:test_rescued_vm_detach_volume): 200 GET http://10.180.1.21/compute/v2.1/servers/a01364f9-e30d-4140-ae41-1e7c4aaa2251 0.051s
2025-03-11 18:39:37.253 68766 INFO tempest.lib.common.rest_client [req-21ec86f3-8bcf-417e-a3c3-4c6fcca25bfe req-21ec86f3-8bcf-417e-a3c3-4c6fcca25bfe ] Request (ServersAdminNegativeTestJSON:tearDownClass): 200 GET http://10.180.1.21/compute/v2.1/servers/0484ccee-f003-4101-87c5-fed92f095d2d 0.127s
2025-03-11 18:39:37.306 68790 INFO tempest.lib.common.rest_client [req-4efde4ae-2e3f-4901-8be9-df754a803cf3 req-4efde4ae-2e3f-4901-8be9-df754a803cf3 ] Request (ImagesTestJSON:test_create_image_from_suspended_server): 200 GET http://10.180.1.21/compute/v2.1/servers/6b10ff9f-3248-46fe-9cd4-19e0ebbcee77 0.054s
2025-03-11 18:39:37.362 68782 INFO tempest.lib.common.rest_client [req-e2718e8b-b80d-4145-80c8-8b87a3b972ba req-e2718e8b-b80d-4145-80c8-8b87a3b972ba ] Request (ServersTestJSON:setUpClass): 200 GET http://10.180.1.21/compute/v2.1/servers/7ae346fa-fbb2-4fd7-b620-f0dda8243ca8 0.064s
2025-03-11 18:39:37.374 68784 INFO tempest.lib.common.rest_client [req-229ce825-db57-44df-b4a7-0d4e45b3b403 req-229ce825-db57-44df-b4a7-0d4e45b3b403 ] Request (TenantUsagesTestJSON:tearDownClass): 200 GET http://10.180.1.21/compute/v2.1/servers/56cfa7f3-12ad-42d0-a27f-ab8136a903ee 0.142s
2025-03-11 18:39:37.415 68816 INFO tempest.lib.common.rest_client [req-33b48bad-dead-4080-9aab-fbb935b1c1e2 req-33b48bad-dead-4080-9aab-fbb935b1c1e2 ] Request (ServerActionsTestJSON:setUpClass): 200 GET http://10.180.1.21/compute/v2.1/servers/8ccd7176-55c0-4118-a07e-3c4bdbba9795 0.105s
2025-03-11 18:39:37.423 68760 INFO tempest.lib.common.rest_client [req-73a8b9ba-2f1b-4bdf-8a42-4862b25ab61d req-73a8b9ba-2f1b-4bdf-8a42-4862b25ab61d ] Request (ListServerFiltersTestJSON:setUpClass): 200 GET http://10.180.1.21/compute/v2.1/servers/e3855111-7678-42c5-a37e-25e8587416aa 0.068s
2025-03-11 18:39:37.485 68786 INFO tempest.lib.common.rest_client [req-1e799e0a-773a-4df8-b156-7c10da6c5177 req-1e799e0a-773a-4df8-b156-7c10da6c5177 ] Request (ServersAdmin275Test:tearDownClass): 200 GET http://10.180.1.21/compute/v2.1/servers/5435b4d8-46c3-43e3-b11b-cbeb580e2f36 0.116s
2025-03-11 18:39:37.500 68818 INFO tempest.lib.common.rest_client [req-54afb144-dd30-425e-ab14-6e7c47bd47e4 req-54afb144-dd30-425e-ab14-6e7c47bd47e4 ] Request (FloatingIPsAssociationTestJSON:setUpClass): 200 GET http://10.180.1.21/compute/v2.1/servers/39c532b1-b05e-4354-ad8f-9223b06e9488 0.097s
2025-03-11 18:39:37.546 68796 INFO tempest.lib.common.rest_client [req-372759e3-b69d-4e9b-89bd-94266d799bb3 req-372759e3-b69d-4e9b-89bd-94266d799bb3 ] Request (SecurityGroupsTestJSON:test_server_security_groups): 200 GET http://10.180.1.21/compute/v2.1/servers/efed858a-44b9-45b7-8778-22183549088c 0.132s
2025-03-11 18:39:37.556 68814 INFO tempest.lib.common.rest_client [req-f736b572-4c3e-40c1-97f9-ec3fc3e3a425 req-f736b572-4c3e-40c1-97f9-ec3fc3e3a425 ] Request (ServerRescueTestJSON:test_rescue_unrescue_instance): 200 GET http://10.180.1.21/compute/v2.1/servers/acbf4c5c-341c-4ebd-ad29-90ebf531aa86 0.109s
2025-03-11 18:39:37.595 68768 INFO tempest.lib.common.rest_client [req-2682e63f-7789-4986-a63e-7bc5fd913aa2 req-2682e63f-7789-4986-a63e-7bc5fd913aa2 ] Request (ServersAdminTestJSON:test_create_server_with_scheduling_hint): 200 GET http://10.180.1.21/compute/v2.1/servers/013a92cc-0fc2-4e85-aee6-efb62bae4dcb 0.084s
2025-03-11 18:39:37.707 68798 INFO tempest.lib.common.rest_client [req-8129c0ff-765b-48a5-9ef1-0d11be60b9fc req-8129c0ff-765b-48a5-9ef1-0d11be60b9fc ] Request (InstanceActionsNegativeTestJSON:setUpClass): 200 GET http://10.180.1.21/compute/v2.1/servers/995a3eae-c025-4efa-b509-0bf678bb0388 0.064s
2025-03-11 18:39:37.708 68778 INFO tempest.lib.common.rest_client [req-4af3835e-7c34-4f78-80b8-39c71d22f94b req-4af3835e-7c34-4f78-80b8-39c71d22f94b ] Request (MultipleCreateTestJSON:_run_cleanups): 200 GET http://10.180.1.21/compute/v2.1/servers/67312d87-cc63-4dc7-b9c1-9c8d349a4756 0.076s
2025-03-11 18:39:37.756 68811 INFO tempest.lib.common.rest_client [req-6a773343-adee-4a97-83e4-f446d09ecbf4 req-6a773343-adee-4a97-83e4-f446d09ecbf4 ] Request (ServerDiskConfigTestJSON:test_rebuild_server_with_manual_disk_config): 200 GET http://10.180.1.21/compute/v2.1/servers/860107df-4e9b-44b1-9e85-b0ee3a827268 0.058s
2025-03-11 18:39:37.871 68788 WARNING tempest.lib.common.ssh [-] Failed to establish authenticated ssh connection to cirros@10.180.180.250 ([Errno None] Unable to connect to port 22 on 10.180.180.250). Number attempts: 4. Retry after 5 seconds.: paramiko.ssh_exception.NoValidConnectionsError: [Errno None] Unable to connect to port 22 on 10.180.180.250
2025-03-11 18:39:37.909 68780 INFO tempest.lib.common.rest_client [req-55960e62-76eb-4121-a593-44ce95541731 req-55960e62-76eb-4121-a593-44ce95541731 ] Request (ServersListShow298Test:test_list_show_update_rebuild_server_298): 200 GET http://10.180.1.21/compute/v2.1/servers/5202b708-179c-48d2-9c4e-2bb5ab1a6ebb 0.061s
2025-03-11 18:39:37.991 68772 INFO tempest.lib.common.rest_client [req-151e8d6e-043b-4d0a-84ca-5ecbbc652c88 req-151e8d6e-043b-4d0a-84ca-5ecbbc652c88 ] Request (DeleteServersAdminTestJSON:test_delete_server_while_in_error_state): 200 GET http://10.180.1.21/compute/v2.1/servers/aa39767e-1ae7-4881-b0a8-e7b66e1ceed2 0.067s
2025-03-11 18:39:38.026 68770 INFO tempest.lib.common.rest_client [req-564fd177-4c8a-4cf1-85d4-9e7cabcba4bf req-564fd177-4c8a-4cf1-85d4-9e7cabcba4bf ] Request (ServersTestBootFromVolume:setUpClass): 200 GET http://10.180.1.21/compute/v2.1/servers/29e9555b-f928-43e7-a3a3-869ed07d7326 0.048s
2025-03-11 18:39:38.097 68758 INFO tempest.lib.common.rest_client [req-12946156-ecaf-43cc-b997-925283b6f909 req-12946156-ecaf-43cc-b997-925283b6f909 ] Request (MigrationsAdminTest:test_list_migrations_in_flavor_resize_situation): 200 GET http://10.180.1.21/compute/v2.1/servers/1186da93-57aa-40f4-8aae-702d039844d4 0.111s
2025-03-11 18:39:38.138 68764 INFO tempest.lib.common.rest_client [req-dcb4daae-a6bf-4554-84a0-37635c79cd3d req-dcb4daae-a6bf-4554-84a0-37635c79cd3d ] Request (ServerExternalEventsTest:test_create_server_external_events): 200 GET http://10.180.1.21/compute/v2.1/servers/c5af19d6-5534-45e6-8c9c-dacf30d4fb1a 0.053s
2025-03-11 18:39:38.242 68808 INFO tempest.lib.common.rest_client [req-f47cb559-39e1-4a48-9675-e6d054f5326a req-f47cb559-39e1-4a48-9675-e6d054f5326a ] Request (ImagesOneServerNegativeTestJSON:_run_cleanups): 200 GET http://10.180.1.21/compute/v2.1/servers/d7c64aa1-44f8-44f4-9fb6-463033837736 0.062s
2025-03-11 18:39:38.311 68776 INFO tempest.lib.common.rest_client [req-d66708e5-d82e-439c-97b2-18227f6ef8a9 req-d66708e5-d82e-439c-97b2-18227f6ef8a9 ] Request (ServerRescueNegativeTestJSON:test_rescued_vm_detach_volume): 200 GET http://10.180.1.21/compute/v2.1/servers/a01364f9-e30d-4140-ae41-1e7c4aaa2251 0.055s
2025-03-11 18:39:38.368 68790 INFO tempest.lib.common.rest_client [req-52db4eab-d1cc-48b8-911d-334826935ea5 req-52db4eab-d1cc-48b8-911d-334826935ea5 ] Request (ImagesTestJSON:test_create_image_from_suspended_server): 200 GET http://10.180.1.21/compute/v2.1/servers/6b10ff9f-3248-46fe-9cd4-19e0ebbcee77 0.051s
2025-03-11 18:39:38.429 68782 INFO tempest.lib.common.rest_client [req-c4f8a489-8633-4b3a-928c-029760152767 req-c4f8a489-8633-4b3a-928c-029760152767 ] Request (ServersTestJSON:setUpClass): 200 GET http://10.180.1.21/compute/v2.1/servers/7ae346fa-fbb2-4fd7-b620-f0dda8243ca8 0.058s
2025-03-11 18:39:38.482 68784 INFO tempest.lib.common.rest_client [req-3c7984b7-e396-4f71-b7a7-2da6bbbd144c req-3c7984b7-e396-4f71-b7a7-2da6bbbd144c ] Request (TenantUsagesTestJSON:tearDownClass): 200 GET http://10.180.1.21/compute/v2.1/servers/56cfa7f3-12ad-42d0-a27f-ab8136a903ee 0.097s
2025-03-11 18:39:38.531 68816 INFO tempest.lib.common.rest_client [req-7135a9d8-70d1-4a0c-808e-828e98d1be0c req-7135a9d8-70d1-4a0c-808e-828e98d1be0c ] Request (ServerActionsTestJSON:setUpClass): 200 GET http://10.180.1.21/compute/v2.1/servers/8ccd7176-55c0-4118-a07e-3c4bdbba9795 0.107s
2025-03-11 18:39:38.873 68766 INFO tempest.lib.common.rest_client [req-c7467d0d-335d-477c-a78a-ce64ded880a1 req-c7467d0d-335d-477c-a78a-ce64ded880a1 ] Request (ServersAdminNegativeTestJSON:tearDownClass): 200 GET http://10.180.1.21/compute/v2.1/servers/0484ccee-f003-4101-87c5-fed92f095d2d 0.612s
2025-03-11 18:39:38.889 68760 INFO tempest.lib.common.rest_client [req-91130f77-25f5-4549-ba76-7d411f557672 req-91130f77-25f5-4549-ba76-7d411f557672 ] Request (ListServerFiltersTestJSON:setUpClass): 200 GET http://10.180.1.21/compute/v2.1/servers/e3855111-7678-42c5-a37e-25e8587416aa 0.454s
2025-03-11 18:39:38.896 68760 INFO tempest.common.waiters [-] State transition "BUILD/None" ==> "BUILD/networking" after 53 second wait
2025-03-11 18:39:38.946 68818 INFO tempest.lib.common.rest_client [req-b0892601-c519-4562-b95b-3840a2d3ee1c req-b0892601-c519-4562-b95b-3840a2d3ee1c ] Request (FloatingIPsAssociationTestJSON:setUpClass): 200 GET http://10.180.1.21/compute/v2.1/servers/39c532b1-b05e-4354-ad8f-9223b06e9488 0.436s
2025-03-11 18:39:38.951 68786 INFO tempest.lib.common.rest_client [req-d8a655a9-be08-44f8-bc85-60d635484ac8 req-d8a655a9-be08-44f8-bc85-60d635484ac8 ] Request (ServersAdmin275Test:tearDownClass): 200 GET http://10.180.1.21/compute/v2.1/servers/5435b4d8-46c3-43e3-b11b-cbeb580e2f36 0.446s
2025-03-11 18:39:39.007 68796 INFO tempest.lib.common.rest_client [req-3ecebc0d-db8c-4a03-b630-c778d47028f2 req-3ecebc0d-db8c-4a03-b630-c778d47028f2 ] Request (SecurityGroupsTestJSON:test_server_security_groups): 200 GET http://10.180.1.21/compute/v2.1/servers/efed858a-44b9-45b7-8778-22183549088c 0.448s
2025-03-11 18:39:39.013 68814 INFO tempest.lib.common.rest_client [req-a0926a2d-affc-47a1-a360-2137d35805f4 req-a0926a2d-affc-47a1-a360-2137d35805f4 ] Request (ServerRescueTestJSON:test_rescue_unrescue_instance): 200 GET http://10.180.1.21/compute/v2.1/servers/acbf4c5c-341c-4ebd-ad29-90ebf531aa86 0.446s
2025-03-11 18:39:39.065 68768 INFO tempest.lib.common.rest_client [req-1855daaf-f637-4fd6-b728-c827439bafb0 req-1855daaf-f637-4fd6-b728-c827439bafb0 ] Request (ServersAdminTestJSON:test_create_server_with_scheduling_hint): 200 GET http://10.180.1.21/compute/v2.1/servers/013a92cc-0fc2-4e85-aee6-efb62bae4dcb 0.461s
2025-03-11 18:39:39.073 68798 INFO tempest.lib.common.rest_client [req-9774102c-44e1-41bb-a53c-cefdf43b87a0 req-9774102c-44e1-41bb-a53c-cefdf43b87a0 ] Request (InstanceActionsNegativeTestJSON:setUpClass): 200 GET http://10.180.1.21/compute/v2.1/servers/995a3eae-c025-4efa-b509-0bf678bb0388 0.358s
2025-03-11 18:39:39.121 68811 INFO tempest.lib.common.rest_client [req-ac97b04e-9374-4262-b840-900042b7041f req-ac97b04e-9374-4262-b840-900042b7041f ] Request (ServerDiskConfigTestJSON:test_rebuild_server_with_manual_disk_config): 200 GET http://10.180.1.21/compute/v2.1/servers/860107df-4e9b-44b1-9e85-b0ee3a827268 0.353s
2025-03-11 18:39:39.129 68778 INFO tempest.lib.common.rest_client [req-ae86be25-1e48-4eca-a02b-1b28183c37cd req-ae86be25-1e48-4eca-a02b-1b28183c37cd ] Request (MultipleCreateTestJSON:_run_cleanups): 200 GET http://10.180.1.21/compute/v2.1/servers/67312d87-cc63-4dc7-b9c1-9c8d349a4756 0.411s
2025-03-11 18:39:39.203 68780 INFO tempest.lib.common.rest_client [req-6410fe9c-041c-45db-98af-2ba770a5a903 req-6410fe9c-041c-45db-98af-2ba770a5a903 ] Request (ServersListShow298Test:test_list_show_update_rebuild_server_298): 200 GET http://10.180.1.21/compute/v2.1/servers/5202b708-179c-48d2-9c4e-2bb5ab1a6ebb 0.282s
2025-03-11 18:39:39.210 68772 INFO tempest.lib.common.rest_client [req-8f538d72-c54f-49fc-a323-59ac5e659743 req-8f538d72-c54f-49fc-a323-59ac5e659743 ] Request (DeleteServersAdminTestJSON:test_delete_server_while_in_error_state): 200 GET http://10.180.1.21/compute/v2.1/servers/aa39767e-1ae7-4881-b0a8-e7b66e1ceed2 0.210s
2025-03-11 18:39:39.216 68756 WARNING tempest.lib.common.ssh [-] Failed to establish authenticated ssh connection to cirros@10.180.180.252 ([Errno None] Unable to connect to port 22 on 10.180.180.252). Number attempts: 9. Retry after 10 seconds.: paramiko.ssh_exception.NoValidConnectionsError: [Errno None] Unable to connect to port 22 on 10.180.180.252
2025-03-11 18:39:39.251 68770 INFO tempest.lib.common.rest_client [req-6d5b4454-c20e-4673-a645-0ebdc9dc07d6 req-6d5b4454-c20e-4673-a645-0ebdc9dc07d6 ] Request (ServersTestBootFromVolume:setUpClass): 200 GET http://10.180.1.21/compute/v2.1/servers/29e9555b-f928-43e7-a3a3-869ed07d7326 0.217s
2025-03-11 18:39:39.299 68764 INFO tempest.lib.common.rest_client [req-40b8ee28-a146-442e-9b4c-033e9acce6e8 req-40b8ee28-a146-442e-9b4c-033e9acce6e8 ] Request (ServerExternalEventsTest:test_create_server_external_events): 200 GET http://10.180.1.21/compute/v2.1/servers/c5af19d6-5534-45e6-8c9c-dacf30d4fb1a 0.152s
2025-03-11 18:39:39.318 68758 INFO tempest.lib.common.rest_client [req-0187d7b5-83c9-4add-8b50-c3838cd43af5 req-0187d7b5-83c9-4add-8b50-c3838cd43af5 ] Request (MigrationsAdminTest:test_list_migrations_in_flavor_resize_situation): 200 GET http://10.180.1.21/compute/v2.1/servers/1186da93-57aa-40f4-8aae-702d039844d4 0.212s
2025-03-11 18:39:39.354 68808 INFO tempest.lib.common.rest_client [req-d42280b5-43cb-46b0-9af4-a9ce8e0d8396 req-d42280b5-43cb-46b0-9af4-a9ce8e0d8396 ] Request (ImagesOneServerNegativeTestJSON:_run_cleanups): 200 GET http://10.180.1.21/compute/v2.1/servers/d7c64aa1-44f8-44f4-9fb6-463033837736 0.104s
2025-03-11 18:39:39.364 68776 INFO tempest.lib.common.rest_client [req-29bf0c39-9cb5-42a0-8aef-b09d95075f5c req-29bf0c39-9cb5-42a0-8aef-b09d95075f5c ] Request (ServerRescueNegativeTestJSON:test_rescued_vm_detach_volume): 200 GET http://10.180.1.21/compute/v2.1/servers/a01364f9-e30d-4140-ae41-1e7c4aaa2251 0.046s
2025-03-11 18:39:39.423 68790 INFO tempest.lib.common.rest_client [req-3c41c156-04fc-4762-bf12-809a0c9f5cb4 req-3c41c156-04fc-4762-bf12-809a0c9f5cb4 ] Request (ImagesTestJSON:test_create_image_from_suspended_server): 200 GET http://10.180.1.21/compute/v2.1/servers/6b10ff9f-3248-46fe-9cd4-19e0ebbcee77 0.045s
2025-03-11 18:39:39.492 68782 INFO tempest.lib.common.rest_client [req-45b7f8d9-d677-44e0-8d0a-0a60fc39ada0 req-45b7f8d9-d677-44e0-8d0a-0a60fc39ada0 ] Request (ServersTestJSON:setUpClass): 200 GET http://10.180.1.21/compute/v2.1/servers/7ae346fa-fbb2-4fd7-b620-f0dda8243ca8 0.046s
2025-03-11 18:39:39.544 68784 INFO tempest.lib.common.rest_client [req-25fd9d78-fc2b-4304-b969-4493a9ec872b req-25fd9d78-fc2b-4304-b969-4493a9ec872b ] Request (TenantUsagesTestJSON:tearDownClass): 200 GET http://10.180.1.21/compute/v2.1/servers/56cfa7f3-12ad-42d0-a27f-ab8136a903ee 0.054s
2025-03-11 18:39:39.552 68784 INFO tempest.common.waiters [-] State transition "ACTIVE/deleting" ==> "DELETED/None" after 4 second wait
