2025-03-11 18:40:45.871 68788 INFO tempest.lib.common.rest_client [req-30a42044-be5b-49a8-85fb-227f87f6b3a9 req-30a42044-be5b-49a8-85fb-227f87f6b3a9 ] Request (ServersWithSpecificFlavorTestJSON:test_verify_created_server_ephemeral_disk): 200 GET http://10.180.1.21/compute/v2.1/servers/53c4ca02-2bc3-4a55-9aea-0e0dd669a37c 0.212s
2025-03-11 18:40:45.880 68790 INFO tempest.lib.common.rest_client [req-a1023cda-2a32-4e81-b04e-da6491ba830a req-a1023cda-2a32-4e81-b04e-da6491ba830a ] Request (ImagesTestJSON:test_create_server_from_snapshot): 200 GET http://10.180.1.21/compute/v2.1/servers/d84c599e-29b2-45ec-a3f7-54ef85af9a3d 0.176s
2025-03-11 18:40:45.965 68807 INFO tempest.lib.common.rest_client [req-27b7ae2b-674d-462d-8f19-194efcb692aa req-27b7ae2b-674d-462d-8f19-194efcb692aa ] Request (VolumesAdminNegativeTest:test_update_attached_volume_with_nonexistent_volume_in_uri): 200 GET http://10.180.1.21/compute/v2.1/servers/832c99fc-0f09-4ccb-96f9-894ce62eb17e 0.110s
2025-03-11 18:40:45.965 68780 INFO tempest.lib.common.rest_client [req-643b30e1-f798-473b-81d2-2cf9d9a0c681 req-643b30e1-f798-473b-81d2-2cf9d9a0c681 ] Request (ServersListShow298Test:tearDownClass): 204 DELETE http://10.180.1.21:9696/networking/v2.0/security-groups/acb68f00-aa66-4275-9a56-b99326ac8648 0.260s
2025-03-11 18:40:45.967 68772 INFO tempest.lib.common.rest_client [req-4cbf11c5-ebc5-4949-acd8-df459cd094b4 req-4cbf11c5-ebc5-4949-acd8-df459cd094b4 ] Request (ServerShowV254Test:test_rebuild_server): 200 GET http://10.180.1.21/compute/v2.1/servers/892bf198-7d05-4995-8137-c57095c5c839 0.205s
2025-03-11 18:40:46.004 68782 INFO tempest.lib.common.rest_client [req-44b14433-f7ae-441a-a9fa-5cc2803edec2 req-44b14433-f7ae-441a-a9fa-5cc2803edec2 ] Request (ServersTestJSON:setUpClass): 200 PUT http://10.180.1.21:9696/networking/v2.0/floatingips/7fe72a57-bd78-486f-bae5-50023d576293 1.077s
2025-03-11 18:40:46.025 68811 INFO tempest.lib.common.rest_client [req-7b50c062-99e7-4ccc-8e64-35f7a6c6f05c req-7b50c062-99e7-4ccc-8e64-35f7a6c6f05c ] Request (ServerDiskConfigTestJSON:test_resize_server_from_auto_to_manual): 200 GET http://10.180.1.21/compute/v2.1/servers/6d877579-3095-4ee9-bb3e-4d5a9122f1ed 0.123s
2025-03-11 18:40:46.081 68778 INFO tempest.lib.common.rest_client [req-131621db-3ccd-4e51-ac9c-e38967a6ba4e req-131621db-3ccd-4e51-ac9c-e38967a6ba4e ] Request (MultipleCreateTestJSON:test_multiple_create_with_reservation_return): 200 GET http://10.180.1.21/compute/v2.1/servers/fc62ff9d-1bd8-4b32-9e71-41410276802d 0.125s
2025-03-11 18:40:46.110 68780 INFO tempest.lib.common.rest_client [req-ec4c0746-1639-4836-879d-5582761ee7b5 req-ec4c0746-1639-4836-879d-5582761ee7b5 ] Request (ServersListShow298Test:tearDownClass): 204 DELETE http://10.180.1.21/identity/v3/projects/2460a28ebd294378a8f72413b31f0e62 0.144s
2025-03-11 18:40:46.126 68814 INFO tempest.lib.common.rest_client [req-963bca62-58df-41bb-b7bc-873f09fdef9e req-963bca62-58df-41bb-b7bc-873f09fdef9e ] Request (ServerRescueTestJSON:test_rescue_unrescue_instance): 200 GET http://10.180.1.21/compute/v2.1/servers/acbf4c5c-341c-4ebd-ad29-90ebf531aa86 0.264s
2025-03-11 18:40:46.160 68816 WARNING tempest.lib.common.ssh [-] Failed to establish authenticated ssh connection to cirros@10.180.180.180 ([Errno None] Unable to connect to port 22 on 10.180.180.180). Number attempts: 2. Retry after 3 seconds.: paramiko.ssh_exception.NoValidConnectionsError: [Errno None] Unable to connect to port 22 on 10.180.180.180
2025-03-11 18:40:46.201 68784 INFO tempest.lib.common.rest_client [req-834f8d28-f4ac-44ef-8ed0-ab1dc0c9f0df req-834f8d28-f4ac-44ef-8ed0-ab1dc0c9f0df ] Request (ServerGroupTestJSON:test_create_server_with_scheduler_hint_group): 200 GET http://10.180.1.21/compute/v2.1/servers/de54bc8d-2626-41fc-970a-865a842a932e 0.194s
2025-03-11 18:40:46.214 68782 INFO tempest.lib.common.rest_client [req-31bd7993-58aa-4aac-ab9d-6e9fc386423f req-31bd7993-58aa-4aac-ab9d-6e9fc386423f ] Request (ServersTestJSON:setUpClass): 200 GET http://10.180.1.21/compute/v2.1/servers/7ae346fa-fbb2-4fd7-b620-f0dda8243ca8 0.209s
2025-03-11 18:40:46.228 68782 INFO tempest.lib.common.ssh [-] Creating ssh connection to '10.180.180.183:22' as 'cirros' with public key authentication
2025-03-11 18:40:46.291 68764 INFO tempest.lib.common.rest_client [req-64e31c5c-f0ce-4f02-b2a0-152f852248e6 req-64e31c5c-f0ce-4f02-b2a0-152f852248e6 ] Request (ServerExternalEventsTest:tearDownClass): 200 GET http://10.180.1.21/compute/v2.1/servers/c5af19d6-5534-45e6-8c9c-dacf30d4fb1a 0.218s
2025-03-11 18:40:46.314 68776 INFO tempest.lib.common.rest_client [req-1273a07a-8b35-469d-a844-66eea48535cf req-1273a07a-8b35-469d-a844-66eea48535cf ] Request (ServerRescueNegativeTestJSON:test_rescued_vm_detach_volume): 200 GET http://10.180.1.21/compute/v2.1/servers/a01364f9-e30d-4140-ae41-1e7c4aaa2251 0.269s
2025-03-11 18:40:46.444 68808 INFO tempest.lib.common.rest_client [req-ccb4a3c3-c56f-4ee3-8b18-36b4addf9868 req-ccb4a3c3-c56f-4ee3-8b18-36b4addf9868 ] Request (ImagesOneServerNegativeTestJSON:_run_cleanups): 200 GET http://10.180.1.21/compute/v2.1/servers/f212ea0b-5bf8-4a7f-820c-fd7e9d70aa81 0.154s
2025-03-11 18:40:46.447 68774 INFO tempest.lib.common.rest_client [req-05be978a-5f03-4d81-91fa-0bd9cf53d4ac req-05be978a-5f03-4d81-91fa-0bd9cf53d4ac ] Request (ServersV294TestFqdnHostnames:tearDownClass): 200 GET http://10.180.1.21/compute/v2.1/servers/b92efa60-ef18-4578-b00d-6a2438e7eacf 0.131s
2025-03-11 18:40:46.458 68808 INFO tempest.common.waiters [-] State transition "BUILD/block_device_mapping" ==> "BUILD/spawning" after 53 second wait
2025-03-11 18:40:46.520 68798 INFO tempest.lib.common.rest_client [req-d7630e44-9e6b-4165-8b49-8743e71d06d0 req-d7630e44-9e6b-4165-8b49-8743e71d06d0 ] Request (InstanceActionsNegativeTestJSON:tearDownClass): 200 GET http://10.180.1.21/compute/v2.1/servers/995a3eae-c025-4efa-b509-0bf678bb0388 0.119s
2025-03-11 18:40:46.539 68762 INFO tempest.lib.common.rest_client [req-35a46fa1-7e8e-4379-ba08-fc41ab0f26ff req-35a46fa1-7e8e-4379-ba08-fc41ab0f26ff ] Request (VolumesAssistedSnapshotsTest:tearDownClass): 200 GET http://10.180.1.21/compute/v2.1/servers/ea330078-a8f2-41f4-a161-5d0e29ddfab5 0.127s
2025-03-11 18:40:46.576 68766 INFO tempest.lib.common.rest_client [req-dcc41286-3f28-4ad0-b9eb-dfea6c9eba10 req-dcc41286-3f28-4ad0-b9eb-dfea6c9eba10 ] Request (ServerRescueTestJSONUnderV235:setUpClass): 200 GET http://10.180.1.21/compute/v2.1/servers/c9d26fd4-f780-4986-8a5f-dea041a70f5d 0.085s
2025-03-11 18:40:46.601 68760 INFO tempest.lib.common.rest_client [req-f771a5bb-14c3-4088-bbc0-e55cf9122ffb req-f771a5bb-14c3-4088-bbc0-e55cf9122ffb ] Request (ListServerFiltersTestJSON:tearDownClass): 200 GET http://10.180.1.21/compute/v2.1/servers/f1230046-d368-40ee-b1fa-99df4ab15a10 0.076s
2025-03-11 18:40:46.706 68786 INFO tempest.lib.common.rest_client [req-bb3523ad-b043-40da-9a4e-8d99fc444a49 req-bb3523ad-b043-40da-9a4e-8d99fc444a49 ] Request (ServerAddressesNegativeTestJSON:setUpClass): 200 GET http://10.180.1.21/compute/v2.1/servers/2a0772bf-ce23-4579-9bea-7e706a80cd4d 0.066s
2025-03-11 18:40:46.823 68768 INFO tempest.lib.common.rest_client [req-66c4935c-d4fd-4ad6-b4ca-4db2cf322ceb req-66c4935c-d4fd-4ad6-b4ca-4db2cf322ceb ] Request (ServersAdminTestJSON:test_inject_network_info): 200 GET http://10.180.1.21/compute/v2.1/servers/ba0d8067-a617-4910-b2f6-33a7be461f8e 0.082s
2025-03-11 18:40:46.840 68796 INFO tempest.lib.common.rest_client [req-a0f614ab-c131-4d42-b766-31292ac91153 req-a0f614ab-c131-4d42-b766-31292ac91153 ] Request (SecurityGroupsTestJSON:tearDownClass): 200 GET http://10.180.1.21/compute/v2.1/servers/45595615-59c0-4c59-b18c-b49a3126dbb7 0.168s
2025-03-11 18:40:46.885 68818 INFO tempest.lib.common.rest_client [req-111478ff-5cce-4984-b8ec-a37daca2a851 req-111478ff-5cce-4984-b8ec-a37daca2a851 ] Request (FloatingIPsAssociationTestJSON:test_associate_already_associated_floating_ip): 200 GET http://10.180.1.21/compute/v2.1/servers/26985e45-21ff-40bb-ac2b-c6f3700ccc97 0.082s
2025-03-11 18:40:46.949 68788 INFO tempest.lib.common.rest_client [req-620cd118-b1f4-45b7-85d3-cd7a2163bd7d req-620cd118-b1f4-45b7-85d3-cd7a2163bd7d ] Request (ServersWithSpecificFlavorTestJSON:test_verify_created_server_ephemeral_disk): 200 GET http://10.180.1.21/compute/v2.1/servers/53c4ca02-2bc3-4a55-9aea-0e0dd669a37c 0.068s
2025-03-11 18:40:46.958 68788 INFO tempest.common.waiters [-] State transition "BUILD/scheduling" ==> "BUILD/None" after 26 second wait
2025-03-11 18:40:47.004 68790 INFO tempest.lib.common.rest_client [req-1d243528-e807-4f91-a686-984b912f8f86 req-1d243528-e807-4f91-a686-984b912f8f86 ] Request (ImagesTestJSON:test_create_server_from_snapshot): 200 GET http://10.180.1.21/compute/v2.1/servers/d84c599e-29b2-45ec-a3f7-54ef85af9a3d 0.109s
2025-03-11 18:40:47.017 68758 INFO tempest.lib.common.rest_client [req-77f36ebf-6877-427e-8e2d-e3bceb5b5f0b req-77f36ebf-6877-427e-8e2d-e3bceb5b5f0b ] Request (MigrationsAdminTest:test_resize_server_revert_deleted_flavor): 200 GET http://10.180.1.21/compute/v2.1/servers/b7706bf2-936f-439c-8e9f-b2241d0c211c 0.209s
2025-03-11 18:40:47.063 68807 INFO tempest.lib.common.rest_client [req-21b42b18-39be-43be-a264-504aaa11ae63 req-21b42b18-39be-43be-a264-504aaa11ae63 ] Request (VolumesAdminNegativeTest:test_update_attached_volume_with_nonexistent_volume_in_uri): 200 GET http://10.180.1.21/compute/v2.1/servers/832c99fc-0f09-4ccb-96f9-894ce62eb17e 0.083s
2025-03-11 18:40:47.080 68772 INFO tempest.lib.common.rest_client [req-d312ff0b-fe4e-4be4-add6-2f204d6647a1 req-d312ff0b-fe4e-4be4-add6-2f204d6647a1 ] Request (ServerShowV254Test:test_rebuild_server): 200 GET http://10.180.1.21/compute/v2.1/servers/892bf198-7d05-4995-8137-c57095c5c839 0.095s
2025-03-11 18:40:47.119 68811 INFO tempest.lib.common.rest_client [req-3388103c-a590-4d7b-9012-d8b6e829c45d req-3388103c-a590-4d7b-9012-d8b6e829c45d ] Request (ServerDiskConfigTestJSON:test_resize_server_from_auto_to_manual): 200 GET http://10.180.1.21/compute/v2.1/servers/6d877579-3095-4ee9-bb3e-4d5a9122f1ed 0.081s
2025-03-11 18:40:47.154 68778 INFO tempest.lib.common.rest_client [req-631db2d5-1600-4553-882b-b1153be7722b req-631db2d5-1600-4553-882b-b1153be7722b ] Request (MultipleCreateTestJSON:test_multiple_create_with_reservation_return): 200 GET http://10.180.1.21/compute/v2.1/servers/fc62ff9d-1bd8-4b32-9e71-41410276802d 0.058s
2025-03-11 18:40:47.287 68784 INFO tempest.lib.common.rest_client [req-0c96bf76-53de-4ea5-91f2-1b265fb68133 req-0c96bf76-53de-4ea5-91f2-1b265fb68133 ] Request (ServerGroupTestJSON:test_create_server_with_scheduler_hint_group): 200 GET http://10.180.1.21/compute/v2.1/servers/de54bc8d-2626-41fc-970a-865a842a932e 0.078s
2025-03-11 18:40:47.332 68814 INFO tempest.lib.common.rest_client [req-4c30f606-34e4-46ce-b1fd-070b3c13023f req-4c30f606-34e4-46ce-b1fd-070b3c13023f ] Request (ServerRescueTestJSON:test_rescue_unrescue_instance): 200 GET http://10.180.1.21/compute/v2.1/servers/acbf4c5c-341c-4ebd-ad29-90ebf531aa86 0.194s
2025-03-11 18:40:47.342 68814 INFO tempest.common.waiters [-] State transition "BUILD/spawning" ==> "ACTIVE/None" after 85 second wait
2025-03-11 18:40:47.370 68764 INFO tempest.lib.common.rest_client [req-0840a8cd-d4c7-4c0d-8d0d-6c9ba3aabecb req-0840a8cd-d4c7-4c0d-8d0d-6c9ba3aabecb ] Request (ServerExternalEventsTest:tearDownClass): 200 GET http://10.180.1.21/compute/v2.1/servers/c5af19d6-5534-45e6-8c9c-dacf30d4fb1a 0.069s
2025-03-11 18:40:47.640 68776 INFO tempest.lib.common.rest_client [req-4b4a1b7d-1b20-459a-aba5-c771f2c865b8 req-4b4a1b7d-1b20-459a-aba5-c771f2c865b8 ] Request (ServerRescueNegativeTestJSON:test_rescued_vm_detach_volume): 200 GET http://10.180.1.21/compute/v2.1/servers/a01364f9-e30d-4140-ae41-1e7c4aaa2251 0.314s
2025-03-11 18:40:47.648 68776 INFO tempest.common.waiters [-] State transition "BUILD/spawning" ==> "ACTIVE/None" after 81 second wait
2025-03-11 18:40:47.729 68814 INFO tempest.lib.common.rest_client [req-21054747-2c41-41bf-ae81-d55e2a29fd4e req-21054747-2c41-41bf-ae81-d55e2a29fd4e ] Request (ServerRescueTestJSON:test_rescue_unrescue_instance): 200 POST http://10.180.1.21/compute/v2.1/servers/acbf4c5c-341c-4ebd-ad29-90ebf531aa86/action 0.386s
2025-03-11 18:40:47.838 68808 INFO tempest.lib.common.rest_client [req-e5961523-0ed6-4048-b5a0-8e8786c39735 req-e5961523-0ed6-4048-b5a0-8e8786c39735 ] Request (ImagesOneServerNegativeTestJSON:_run_cleanups): 200 GET http://10.180.1.21/compute/v2.1/servers/f212ea0b-5bf8-4a7f-820c-fd7e9d70aa81 0.378s
2025-03-11 18:40:47.887 68770 WARNING tempest.lib.common.ssh [-] Failed to establish authenticated ssh connection to cirros@10.180.180.167 ([Errno None] Unable to connect to port 22 on 10.180.180.167). Number attempts: 2. Retry after 3 seconds.: paramiko.ssh_exception.NoValidConnectionsError: [Errno None] Unable to connect to port 22 on 10.180.180.167
2025-03-11 18:40:47.910 68798 INFO tempest.lib.common.rest_client [req-6412a970-1a6d-426c-8dc6-210536885ffb req-6412a970-1a6d-426c-8dc6-210536885ffb ] Request (InstanceActionsNegativeTestJSON:tearDownClass): 200 GET http://10.180.1.21/compute/v2.1/servers/995a3eae-c025-4efa-b509-0bf678bb0388 0.381s
2025-03-11 18:40:47.986 68762 INFO tempest.lib.common.rest_client [req-f068f601-3e47-4aeb-a8a2-78325fa50c92 req-f068f601-3e47-4aeb-a8a2-78325fa50c92 ] Request (VolumesAssistedSnapshotsTest:tearDownClass): 200 GET http://10.180.1.21/compute/v2.1/servers/ea330078-a8f2-41f4-a161-5d0e29ddfab5 0.439s
2025-03-11 18:40:48.010 68774 INFO tempest.lib.common.rest_client [req-175a1dd4-ad90-4513-888b-72938b1eb434 req-175a1dd4-ad90-4513-888b-72938b1eb434 ] Request (ServersV294TestFqdnHostnames:tearDownClass): 200 GET http://10.180.1.21/compute/v2.1/servers/b92efa60-ef18-4578-b00d-6a2438e7eacf 0.551s
2025-03-11 18:40:48.034 68766 INFO tempest.lib.common.rest_client [req-cef231bc-e35c-48b7-9fd0-07c012bb84ae req-cef231bc-e35c-48b7-9fd0-07c012bb84ae ] Request (ServerRescueTestJSONUnderV235:setUpClass): 200 GET http://10.180.1.21/compute/v2.1/servers/c9d26fd4-f780-4986-8a5f-dea041a70f5d 0.448s
2025-03-11 18:40:48.062 68760 INFO tempest.lib.common.rest_client [req-544dfa80-4015-477d-8d45-ced3f5200097 req-544dfa80-4015-477d-8d45-ced3f5200097 ] Request (ListServerFiltersTestJSON:tearDownClass): 200 GET http://10.180.1.21/compute/v2.1/servers/f1230046-d368-40ee-b1fa-99df4ab15a10 0.453s
2025-03-11 18:40:48.088 68776 INFO tempest.lib.common.rest_client [req-597ab790-0289-4d0e-ad7c-082fee65b9ed req-597ab790-0289-4d0e-ad7c-082fee65b9ed ] Request (ServerRescueNegativeTestJSON:test_rescued_vm_detach_volume): 200 GET http://10.180.1.21/compute/v2.1/servers/a01364f9-e30d-4140-ae41-1e7c4aaa2251/os-interface 0.440s
2025-03-11 18:40:48.113 68786 INFO tempest.lib.common.rest_client [req-fcfdc798-d597-4538-b54a-2ed2a259203d req-fcfdc798-d597-4538-b54a-2ed2a259203d ] Request (ServerAddressesNegativeTestJSON:setUpClass): 200 GET http://10.180.1.21/compute/v2.1/servers/2a0772bf-ce23-4579-9bea-7e706a80cd4d 0.392s
2025-03-11 18:40:48.163 68768 INFO tempest.lib.common.rest_client [req-3f26c90a-10ab-40df-8c8c-61ac14e04e15 req-3f26c90a-10ab-40df-8c8c-61ac14e04e15 ] Request (ServersAdminTestJSON:test_inject_network_info): 200 GET http://10.180.1.21/compute/v2.1/servers/ba0d8067-a617-4910-b2f6-33a7be461f8e 0.332s
2025-03-11 18:40:48.230 68796 INFO tempest.lib.common.rest_client [req-74ca7ca0-5eaf-4914-b081-7eaa6f510879 req-74ca7ca0-5eaf-4914-b081-7eaa6f510879 ] Request (SecurityGroupsTestJSON:tearDownClass): 200 GET http://10.180.1.21/compute/v2.1/servers/45595615-59c0-4c59-b18c-b49a3126dbb7 0.380s
2025-03-11 18:40:48.230 68814 INFO tempest.lib.common.rest_client [req-b20ecf82-65d0-4815-a10b-f8412e2104a1 req-b20ecf82-65d0-4815-a10b-f8412e2104a1 ] Request (ServerRescueTestJSON:test_rescue_unrescue_instance): 200 GET http://10.180.1.21/compute/v2.1/servers/acbf4c5c-341c-4ebd-ad29-90ebf531aa86 0.499s
2025-03-11 18:40:48.243 68796 INFO tempest.common.waiters [-] State transition "ACTIVE/deleting" ==> "DELETED/None" after 4 second wait
2025-03-11 18:40:48.565 68788 INFO tempest.lib.common.rest_client [req-05fe52c7-836d-4671-98ee-67aebd92debd req-05fe52c7-836d-4671-98ee-67aebd92debd ] Request (ServersWithSpecificFlavorTestJSON:test_verify_created_server_ephemeral_disk): 200 GET http://10.180.1.21/compute/v2.1/servers/53c4ca02-2bc3-4a55-9aea-0e0dd669a37c 0.605s
2025-03-11 18:40:48.651 68790 INFO tempest.lib.common.rest_client [req-fa1fa54a-6b51-4e49-a873-8e452d44a49a req-fa1fa54a-6b51-4e49-a873-8e452d44a49a ] Request (ImagesTestJSON:test_create_server_from_snapshot): 200 GET http://10.180.1.21/compute/v2.1/servers/d84c599e-29b2-45ec-a3f7-54ef85af9a3d 0.637s
2025-03-11 18:40:48.720 68818 INFO tempest.lib.common.rest_client [req-27e9df0b-ac5c-4c11-9e8f-0d0e767910b5 req-27e9df0b-ac5c-4c11-9e8f-0d0e767910b5 ] Request (FloatingIPsAssociationTestJSON:test_associate_already_associated_floating_ip): 200 GET http://10.180.1.21/compute/v2.1/servers/26985e45-21ff-40bb-ac2b-c6f3700ccc97 0.826s
2025-03-11 18:40:48.730 68818 INFO tempest.common.waiters [-] State transition "BUILD/None" ==> "BUILD/block_device_mapping" after 53 second wait
2025-03-11 18:40:48.790 68807 INFO tempest.lib.common.rest_client [req-79e78c87-681e-49bf-baf4-94746c110233 req-79e78c87-681e-49bf-baf4-94746c110233 ] Request (VolumesAdminNegativeTest:test_update_attached_volume_with_nonexistent_volume_in_uri): 200 GET http://10.180.1.21/compute/v2.1/servers/832c99fc-0f09-4ccb-96f9-894ce62eb17e 0.718s
2025-03-11 18:40:48.849 68772 INFO tempest.lib.common.rest_client [req-bd394c82-4ce1-45cd-8a70-0518db83e8ce req-bd394c82-4ce1-45cd-8a70-0518db83e8ce ] Request (ServerShowV254Test:test_rebuild_server): 200 GET http://10.180.1.21/compute/v2.1/servers/892bf198-7d05-4995-8137-c57095c5c839 0.758s
2025-03-11 18:40:48.860 68772 INFO tempest.common.waiters [-] State transition "BUILD/scheduling" ==> "BUILD/None" after 27 second wait
2025-03-11 18:40:48.878 68758 INFO tempest.lib.common.rest_client [req-37e4164f-9bee-44d9-a88c-e4a92164bb16 req-37e4164f-9bee-44d9-a88c-e4a92164bb16 ] Request (MigrationsAdminTest:test_resize_server_revert_deleted_flavor): 200 GET http://10.180.1.21/compute/v2.1/servers/b7706bf2-936f-439c-8e9f-b2241d0c211c 0.852s
2025-03-11 18:40:48.913 68811 INFO tempest.lib.common.rest_client [req-eae8f3c6-bacd-48cb-b3eb-45a147fa8ba3 req-eae8f3c6-bacd-48cb-b3eb-45a147fa8ba3 ] Request (ServerDiskConfigTestJSON:test_resize_server_from_auto_to_manual): 200 GET http://10.180.1.21/compute/v2.1/servers/6d877579-3095-4ee9-bb3e-4d5a9122f1ed 0.785s
2025-03-11 18:40:48.929 68811 INFO tempest.common.waiters [-] State transition "BUILD/scheduling" ==> "BUILD/None" after 25 second wait
2025-03-11 18:40:48.956 68778 INFO tempest.lib.common.rest_client [req-f5ab8469-a14f-4f09-9524-2a04a5562e0c req-f5ab8469-a14f-4f09-9524-2a04a5562e0c ] Request (MultipleCreateTestJSON:test_multiple_create_with_reservation_return): 200 GET http://10.180.1.21/compute/v2.1/servers/fc62ff9d-1bd8-4b32-9e71-41410276802d 0.793s
2025-03-11 18:40:48.976 68784 INFO tempest.lib.common.rest_client [req-da1cf043-15f4-4ed5-b458-d297a2f2c266 req-da1cf043-15f4-4ed5-b458-d297a2f2c266 ] Request (ServerGroupTestJSON:test_create_server_with_scheduler_hint_group): 200 GET http://10.180.1.21/compute/v2.1/servers/de54bc8d-2626-41fc-970a-865a842a932e 0.681s
2025-03-11 18:40:49.044 68764 INFO tempest.lib.common.rest_client [req-d0a6724c-a746-48db-b3ea-73b1efafc939 req-d0a6724c-a746-48db-b3ea-73b1efafc939 ] Request (ServerExternalEventsTest:tearDownClass): 200 GET http://10.180.1.21/compute/v2.1/servers/c5af19d6-5534-45e6-8c9c-dacf30d4fb1a 0.665s
2025-03-11 18:40:49.114 68798 INFO tempest.lib.common.rest_client [req-94984e2a-9a9c-4158-851c-5653449e513e req-94984e2a-9a9c-4158-851c-5653449e513e ] Request (InstanceActionsNegativeTestJSON:tearDownClass): 200 GET http://10.180.1.21/compute/v2.1/servers/995a3eae-c025-4efa-b509-0bf678bb0388 0.192s
2025-03-11 18:40:49.142 68808 INFO tempest.lib.common.rest_client [req-c7c84fe9-1e22-404f-97d5-fb8b76f020f2 req-c7c84fe9-1e22-404f-97d5-fb8b76f020f2 ] Request (ImagesOneServerNegativeTestJSON:_run_cleanups): 200 GET http://10.180.1.21/compute/v2.1/servers/f212ea0b-5bf8-4a7f-820c-fd7e9d70aa81 0.293s
2025-03-11 18:40:49.144 68776 INFO tempest.lib.common.rest_client [req-fae49d95-7043-4fac-9d1f-fda9c036fba1 req-fae49d95-7043-4fac-9d1f-fda9c036fba1 ] Request (ServerRescueNegativeTestJSON:test_rescued_vm_detach_volume): 200 PUT http://10.180.1.21:9696/networking/v2.0/floatingips/04d681d8-ce08-433f-9c8c-fd9de7487bc9 1.053s
2025-03-11 18:40:49.145 68776 INFO tempest.lib.common.ssh [-] Creating ssh connection to '10.180.180.207:22' as 'cirros' with public key authentication
2025-03-11 18:40:49.172 68762 INFO tempest.lib.common.rest_client [req-4b1ee732-2ea6-4d1c-8695-40568b54d915 req-4b1ee732-2ea6-4d1c-8695-40568b54d915 ] Request (VolumesAssistedSnapshotsTest:tearDownClass): 200 GET http://10.180.1.21/compute/v2.1/servers/ea330078-a8f2-41f4-a161-5d0e29ddfab5 0.178s
2025-03-11 18:40:49.211 68774 INFO tempest.lib.common.rest_client [req-bb12cca3-1c9e-4ac7-8c99-f5ff667ae909 req-bb12cca3-1c9e-4ac7-8c99-f5ff667ae909 ] Request (ServersV294TestFqdnHostnames:tearDownClass): 200 GET http://10.180.1.21/compute/v2.1/servers/b92efa60-ef18-4578-b00d-6a2438e7eacf 0.190s
2025-03-11 18:40:49.220 68766 INFO tempest.lib.common.rest_client [req-7b48e0d0-aacc-4304-a4d1-84b1ee4c73d0 req-7b48e0d0-aacc-4304-a4d1-84b1ee4c73d0 ] Request (ServerRescueTestJSONUnderV235:setUpClass): 200 GET http://10.180.1.21/compute/v2.1/servers/c9d26fd4-f780-4986-8a5f-dea041a70f5d 0.179s
2025-03-11 18:40:49.273 68760 INFO tempest.lib.common.rest_client [req-6dd3f4e1-0781-4e63-99ac-2270ae5f33d6 req-6dd3f4e1-0781-4e63-99ac-2270ae5f33d6 ] Request (ListServerFiltersTestJSON:tearDownClass): 200 GET http://10.180.1.21/compute/v2.1/servers/f1230046-d368-40ee-b1fa-99df4ab15a10 0.201s
2025-03-11 18:40:49.272 68786 INFO tempest.lib.common.rest_client [req-c86253e0-8eb4-48be-b365-9849a9efbb2e req-c86253e0-8eb4-48be-b365-9849a9efbb2e ] Request (ServerAddressesNegativeTestJSON:setUpClass): 200 GET http://10.180.1.21/compute/v2.1/servers/2a0772bf-ce23-4579-9bea-7e706a80cd4d 0.151s
2025-03-11 18:40:49.318 68768 INFO tempest.lib.common.rest_client [req-8357a408-a828-44d2-9c8b-e03475c58881 req-8357a408-a828-44d2-9c8b-e03475c58881 ] Request (ServersAdminTestJSON:test_inject_network_info): 200 GET http://10.180.1.21/compute/v2.1/servers/ba0d8067-a617-4910-b2f6-33a7be461f8e 0.146s
2025-03-11 18:40:49.375 68796 INFO tempest.lib.common.rest_client [req-535b3ab0-71b4-4ed7-9058-129869cd1dde req-535b3ab0-71b4-4ed7-9058-129869cd1dde ] Request (SecurityGroupsTestJSON:tearDownClass): 200 GET http://10.180.1.21/compute/v2.1/servers/45595615-59c0-4c59-b18c-b49a3126dbb7 0.130s
2025-03-11 18:40:49.387 68814 INFO tempest.lib.common.rest_client [req-78279df7-078f-4663-830f-a004fc777d9c req-78279df7-078f-4663-830f-a004fc777d9c ] Request (ServerRescueTestJSON:test_rescue_unrescue_instance): 200 GET http://10.180.1.21/compute/v2.1/servers/acbf4c5c-341c-4ebd-ad29-90ebf531aa86 0.147s
2025-03-11 18:40:49.670 68788 INFO tempest.lib.common.rest_client [req-334dba58-126b-4852-a5f1-0562edae391d req-334dba58-126b-4852-a5f1-0562edae391d ] Request (ServersWithSpecificFlavorTestJSON:test_verify_created_server_ephemeral_disk): 200 GET http://10.180.1.21/compute/v2.1/servers/53c4ca02-2bc3-4a55-9aea-0e0dd669a37c 0.097s
2025-03-11 18:40:49.729 68790 INFO tempest.lib.common.rest_client [req-4276c6d2-161a-4297-a6a3-f700ffe2b936 req-4276c6d2-161a-4297-a6a3-f700ffe2b936 ] Request (ImagesTestJSON:test_create_server_from_snapshot): 200 GET http://10.180.1.21/compute/v2.1/servers/d84c599e-29b2-45ec-a3f7-54ef85af9a3d 0.069s
2025-03-11 18:40:49.843 68818 INFO tempest.lib.common.rest_client [req-c0e25c46-246d-4b61-ab4e-6191624718ec req-c0e25c46-246d-4b61-ab4e-6191624718ec ] Request (FloatingIPsAssociationTestJSON:test_associate_already_associated_floating_ip): 200 GET http://10.180.1.21/compute/v2.1/servers/26985e45-21ff-40bb-ac2b-c6f3700ccc97 0.113s
2025-03-11 18:40:49.852 68818 INFO tempest.common.waiters [-] State transition "BUILD/block_device_mapping" ==> "BUILD/spawning" after 54 second wait
2025-03-11 18:40:49.866 68807 INFO tempest.lib.common.rest_client [req-51b4c545-570c-4a6d-84eb-4ccf25fded38 req-51b4c545-570c-4a6d-84eb-4ccf25fded38 ] Request (VolumesAdminNegativeTest:test_update_attached_volume_with_nonexistent_volume_in_uri): 200 GET http://10.180.1.21/compute/v2.1/servers/832c99fc-0f09-4ccb-96f9-894ce62eb17e 0.064s
2025-03-11 18:40:49.921 68772 INFO tempest.lib.common.rest_client [req-a8088d6b-16c7-494c-966a-1ac997c0934a req-a8088d6b-16c7-494c-966a-1ac997c0934a ] Request (ServerShowV254Test:test_rebuild_server): 200 GET http://10.180.1.21/compute/v2.1/servers/892bf198-7d05-4995-8137-c57095c5c839 0.059s
2025-03-11 18:40:49.989 68811 INFO tempest.lib.common.rest_client [req-b859c12b-eebb-4984-a4da-139b1d6699cb req-b859c12b-eebb-4984-a4da-139b1d6699cb ] Request (ServerDiskConfigTestJSON:test_resize_server_from_auto_to_manual): 200 GET http://10.180.1.21/compute/v2.1/servers/6d877579-3095-4ee9-bb3e-4d5a9122f1ed 0.058s
2025-03-11 18:40:49.998 68758 INFO tempest.lib.common.rest_client [req-9be371af-1c98-40fd-91bc-dc5bbd5566e5 req-9be371af-1c98-40fd-91bc-dc5bbd5566e5 ] Request (MigrationsAdminTest:test_resize_server_revert_deleted_flavor): 200 GET http://10.180.1.21/compute/v2.1/servers/b7706bf2-936f-439c-8e9f-b2241d0c211c 0.113s
2025-03-11 18:40:50.036 68778 INFO tempest.lib.common.rest_client [req-36c8a131-4ae1-42f0-8a85-cc899d6819ef req-36c8a131-4ae1-42f0-8a85-cc899d6819ef ] Request (MultipleCreateTestJSON:test_multiple_create_with_reservation_return): 200 GET http://10.180.1.21/compute/v2.1/servers/fc62ff9d-1bd8-4b32-9e71-41410276802d 0.073s
2025-03-11 18:40:50.054 68784 INFO tempest.lib.common.rest_client [req-9a14b6b9-644f-4206-b260-0eb58825be73 req-9a14b6b9-644f-4206-b260-0eb58825be73 ] Request (ServerGroupTestJSON:test_create_server_with_scheduler_hint_group): 200 GET http://10.180.1.21/compute/v2.1/servers/de54bc8d-2626-41fc-970a-865a842a932e 0.071s
2025-03-11 18:40:50.110 68764 INFO tempest.lib.common.rest_client [req-b3563092-4f69-49ea-8e4f-091912132120 req-b3563092-4f69-49ea-8e4f-091912132120 ] Request (ServerExternalEventsTest:tearDownClass): 200 GET http://10.180.1.21/compute/v2.1/servers/c5af19d6-5534-45e6-8c9c-dacf30d4fb1a 0.056s
2025-03-11 18:40:50.176 68798 INFO tempest.lib.common.rest_client [req-cce26d26-e4ab-46e2-9633-654c7481931d req-cce26d26-e4ab-46e2-9633-654c7481931d ] Request (InstanceActionsNegativeTestJSON:tearDownClass): 200 GET http://10.180.1.21/compute/v2.1/servers/995a3eae-c025-4efa-b509-0bf678bb0388 0.055s
2025-03-11 18:40:50.241 68808 INFO tempest.lib.common.rest_client [req-b78dfc32-7269-403a-9de1-6d2f556a274f req-b78dfc32-7269-403a-9de1-6d2f556a274f ] Request (ImagesOneServerNegativeTestJSON:_run_cleanups): 200 GET http://10.180.1.21/compute/v2.1/servers/f212ea0b-5bf8-4a7f-820c-fd7e9d70aa81 0.091s
2025-03-11 18:40:50.267 68762 INFO tempest.lib.common.rest_client [req-35c1aaed-1748-4e73-9b03-ed934ad9cff4 req-35c1aaed-1748-4e73-9b03-ed934ad9cff4 ] Request (VolumesAssistedSnapshotsTest:tearDownClass): 200 GET http://10.180.1.21/compute/v2.1/servers/ea330078-a8f2-41f4-a161-5d0e29ddfab5 0.087s
2025-03-11 18:40:50.308 68774 INFO tempest.lib.common.rest_client [req-50577dd7-9c47-4992-91ff-29818a7fe3a3 req-50577dd7-9c47-4992-91ff-29818a7fe3a3 ] Request (ServersV294TestFqdnHostnames:tearDownClass): 200 GET http://10.180.1.21/compute/v2.1/servers/b92efa60-ef18-4578-b00d-6a2438e7eacf 0.086s
2025-03-11 18:40:50.315 68766 INFO tempest.lib.common.rest_client [req-995818be-c00c-4e91-a5d2-0b098efcbcae req-995818be-c00c-4e91-a5d2-0b098efcbcae ] Request (ServerRescueTestJSONUnderV235:setUpClass): 200 GET http://10.180.1.21/compute/v2.1/servers/c9d26fd4-f780-4986-8a5f-dea041a70f5d 0.088s
2025-03-11 18:40:50.320 68782 WARNING tempest.lib.common.ssh [-] Failed to establish authenticated ssh connection to cirros@10.180.180.183 ([Errno None] Unable to connect to port 22 on 10.180.180.183). Number attempts: 1. Retry after 2 seconds.: paramiko.ssh_exception.NoValidConnectionsError: [Errno None] Unable to connect to port 22 on 10.180.180.183
2025-03-11 18:40:50.372 68786 INFO tempest.lib.common.rest_client [req-daec6441-9463-459d-90eb-d638a063cae7 req-daec6441-9463-459d-90eb-d638a063cae7 ] Request (ServerAddressesNegativeTestJSON:setUpClass): 200 GET http://10.180.1.21/compute/v2.1/servers/2a0772bf-ce23-4579-9bea-7e706a80cd4d 0.089s
2025-03-11 18:40:50.373 68760 INFO tempest.lib.common.rest_client [req-8400fa13-705f-4598-991e-473a0e42f593 req-8400fa13-705f-4598-991e-473a0e42f593 ] Request (ListServerFiltersTestJSON:tearDownClass): 200 GET http://10.180.1.21/compute/v2.1/servers/f1230046-d368-40ee-b1fa-99df4ab15a10 0.091s
2025-03-11 18:40:50.419 68768 INFO tempest.lib.common.rest_client [req-2e330e75-b6cf-4980-8e94-14fcea069a7b req-2e330e75-b6cf-4980-8e94-14fcea069a7b ] Request (ServersAdminTestJSON:test_inject_network_info): 200 GET http://10.180.1.21/compute/v2.1/servers/ba0d8067-a617-4910-b2f6-33a7be461f8e 0.092s
2025-03-11 18:40:50.439 68796 INFO tempest.lib.common.rest_client [req-40ffc95a-4e3f-4331-8f10-77d84ead9c86 req-40ffc95a-4e3f-4331-8f10-77d84ead9c86 ] Request (SecurityGroupsTestJSON:tearDownClass): 200 GET http://10.180.1.21/compute/v2.1/servers/45595615-59c0-4c59-b18c-b49a3126dbb7 0.056s
2025-03-11 18:40:50.502 68814 INFO tempest.lib.common.rest_client [req-54d689c8-caca-45dc-ae37-f24d7fec15b0 req-54d689c8-caca-45dc-ae37-f24d7fec15b0 ] Request (ServerRescueTestJSON:test_rescue_unrescue_instance): 200 GET http://10.180.1.21/compute/v2.1/servers/acbf4c5c-341c-4ebd-ad29-90ebf531aa86 0.108s
2025-03-11 18:40:50.728 68788 INFO tempest.lib.common.rest_client [req-456a7a0a-cabe-4db8-ab2a-1a01b27ed908 req-456a7a0a-cabe-4db8-ab2a-1a01b27ed908 ] Request (ServersWithSpecificFlavorTestJSON:test_verify_created_server_ephemeral_disk): 200 GET http://10.180.1.21/compute/v2.1/servers/53c4ca02-2bc3-4a55-9aea-0e0dd669a37c 0.049s
2025-03-11 18:40:50.788 68790 INFO tempest.lib.common.rest_client [req-32822699-3ed1-411d-9d8b-c0e52cb80eeb req-32822699-3ed1-411d-9d8b-c0e52cb80eeb ] Request (ImagesTestJSON:test_create_server_from_snapshot): 200 GET http://10.180.1.21/compute/v2.1/servers/d84c599e-29b2-45ec-a3f7-54ef85af9a3d 0.050s
2025-03-11 18:40:50.930 68807 INFO tempest.lib.common.rest_client [req-7cd53dab-2a2e-4265-bfc7-c3e467a44c15 req-7cd53dab-2a2e-4265-bfc7-c3e467a44c15 ] Request (VolumesAdminNegativeTest:test_update_attached_volume_with_nonexistent_volume_in_uri): 200 GET http://10.180.1.21/compute/v2.1/servers/832c99fc-0f09-4ccb-96f9-894ce62eb17e 0.055s
2025-03-11 18:40:50.963 68818 INFO tempest.lib.common.rest_client [req-89d9be70-0637-4dd4-bf47-38043988464d req-89d9be70-0637-4dd4-bf47-38043988464d ] Request (FloatingIPsAssociationTestJSON:test_associate_already_associated_floating_ip): 200 GET http://10.180.1.21/compute/v2.1/servers/26985e45-21ff-40bb-ac2b-c6f3700ccc97 0.110s
2025-03-11 18:40:50.979 68772 INFO tempest.lib.common.rest_client [req-8a41fda8-d566-47bf-a33e-3cede8b38975 req-8a41fda8-d566-47bf-a33e-3cede8b38975 ] Request (ServerShowV254Test:test_rebuild_server): 200 GET http://10.180.1.21/compute/v2.1/servers/892bf198-7d05-4995-8137-c57095c5c839 0.049s
2025-03-11 18:40:51.025 68756 WARNING tempest.lib.common.ssh [-] Failed to establish authenticated ssh connection to cirros@10.180.180.252 ([Errno None] Unable to connect to port 22 on 10.180.180.252). Number attempts: 14. Retry after 15 seconds.: paramiko.ssh_exception.NoValidConnectionsError: [Errno None] Unable to connect to port 22 on 10.180.180.252
2025-03-11 18:40:51.052 68811 INFO tempest.lib.common.rest_client [req-7bbca432-851c-45c5-b591-84262abba173 req-7bbca432-851c-45c5-b591-84262abba173 ] Request (ServerDiskConfigTestJSON:test_resize_server_from_auto_to_manual): 200 GET http://10.180.1.21/compute/v2.1/servers/6d877579-3095-4ee9-bb3e-4d5a9122f1ed 0.052s
2025-03-11 18:40:51.101 68758 INFO tempest.lib.common.rest_client [req-fcc48e74-ea4d-4879-a66c-b42a8c2946ce req-fcc48e74-ea4d-4879-a66c-b42a8c2946ce ] Request (MigrationsAdminTest:test_resize_server_revert_deleted_flavor): 200 GET http://10.180.1.21/compute/v2.1/servers/b7706bf2-936f-439c-8e9f-b2241d0c211c 0.089s
2025-03-11 18:40:51.113 68778 INFO tempest.lib.common.rest_client [req-3328b98c-1366-48c3-bf40-9837f2cf7ef7 req-3328b98c-1366-48c3-bf40-9837f2cf7ef7 ] Request (MultipleCreateTestJSON:test_multiple_create_with_reservation_return): 200 GET http://10.180.1.21/compute/v2.1/servers/fc62ff9d-1bd8-4b32-9e71-41410276802d 0.068s
2025-03-11 18:40:51.146 68784 INFO tempest.lib.common.rest_client [req-5ceef03e-c5d3-431b-9b77-2a34f46488b8 req-5ceef03e-c5d3-431b-9b77-2a34f46488b8 ] Request (ServerGroupTestJSON:test_create_server_with_scheduler_hint_group): 200 GET http://10.180.1.21/compute/v2.1/servers/de54bc8d-2626-41fc-970a-865a842a932e 0.084s
2025-03-11 18:40:51.179 68764 INFO tempest.lib.common.rest_client [req-3893122b-50f3-4f50-8e0e-56b867c5ee2c req-3893122b-50f3-4f50-8e0e-56b867c5ee2c ] Request (ServerExternalEventsTest:tearDownClass): 200 GET http://10.180.1.21/compute/v2.1/servers/c5af19d6-5534-45e6-8c9c-dacf30d4fb1a 0.057s
2025-03-11 18:40:51.243 68798 INFO tempest.lib.common.rest_client [req-f3b98b0a-5271-4673-bbc6-109ab265f9e2 req-f3b98b0a-5271-4673-bbc6-109ab265f9e2 ] Request (InstanceActionsNegativeTestJSON:tearDownClass): 200 GET http://10.180.1.21/compute/v2.1/servers/995a3eae-c025-4efa-b509-0bf678bb0388 0.060s
2025-03-11 18:40:51.348 68762 INFO tempest.lib.common.rest_client [req-b348b2ed-f87f-4665-a2e3-125f7533ac21 req-b348b2ed-f87f-4665-a2e3-125f7533ac21 ] Request (VolumesAssistedSnapshotsTest:tearDownClass): 200 GET http://10.180.1.21/compute/v2.1/servers/ea330078-a8f2-41f4-a161-5d0e29ddfab5 0.073s
2025-03-11 18:40:51.462 68774 INFO tempest.lib.common.rest_client [req-ea9693d1-431c-48ca-b0d2-c6678fab4f6a req-ea9693d1-431c-48ca-b0d2-c6678fab4f6a ] Request (ServersV294TestFqdnHostnames:tearDownClass): 200 GET http://10.180.1.21/compute/v2.1/servers/b92efa60-ef18-4578-b00d-6a2438e7eacf 0.143s
2025-03-11 18:40:51.486 68808 INFO tempest.lib.common.rest_client [req-7c7adad2-6930-4b7a-93ef-ec9c648c088b req-7c7adad2-6930-4b7a-93ef-ec9c648c088b ] Request (ImagesOneServerNegativeTestJSON:_run_cleanups): 200 GET http://10.180.1.21/compute/v2.1/servers/f212ea0b-5bf8-4a7f-820c-fd7e9d70aa81 0.236s
2025-03-11 18:40:51.519 68766 INFO tempest.lib.common.rest_client [req-3073528e-dff1-4a1f-8f05-38b0c15c1d43 req-3073528e-dff1-4a1f-8f05-38b0c15c1d43 ] Request (ServerRescueTestJSONUnderV235:setUpClass): 200 GET http://10.180.1.21/compute/v2.1/servers/c9d26fd4-f780-4986-8a5f-dea041a70f5d 0.196s
2025-03-11 18:40:51.533 68786 INFO tempest.lib.common.rest_client [req-7cac686a-9a61-4f1b-a96b-d77583a36f30 req-7cac686a-9a61-4f1b-a96b-d77583a36f30 ] Request (ServerAddressesNegativeTestJSON:setUpClass): 200 GET http://10.180.1.21/compute/v2.1/servers/2a0772bf-ce23-4579-9bea-7e706a80cd4d 0.153s
2025-03-11 18:40:51.588 68760 INFO tempest.lib.common.rest_client [req-8a60d802-26b0-4efe-8de1-fbf16d51c093 req-8a60d802-26b0-4efe-8de1-fbf16d51c093 ] Request (ListServerFiltersTestJSON:tearDownClass): 200 GET http://10.180.1.21/compute/v2.1/servers/f1230046-d368-40ee-b1fa-99df4ab15a10 0.207s
2025-03-11 18:40:51.588 68768 INFO tempest.lib.common.rest_client [req-06218c8e-56e6-4ef6-bf15-fed20da4bbfd req-06218c8e-56e6-4ef6-bf15-fed20da4bbfd ] Request (ServersAdminTestJSON:test_inject_network_info): 200 GET http://10.180.1.21/compute/v2.1/servers/ba0d8067-a617-4910-b2f6-33a7be461f8e 0.161s
2025-03-11 18:40:51.678 68796 INFO tempest.lib.common.rest_client [req-87eb4ec3-75aa-44f6-9b26-896b44629ce3 req-87eb4ec3-75aa-44f6-9b26-896b44629ce3 ] Request (SecurityGroupsTestJSON:tearDownClass): 200 GET http://10.180.1.21/compute/v2.1/servers/45595615-59c0-4c59-b18c-b49a3126dbb7 0.231s
2025-03-11 18:40:51.719 68814 INFO tempest.lib.common.rest_client [req-e391a0db-7cb0-4525-a513-adf52c185180 req-e391a0db-7cb0-4525-a513-adf52c185180 ] Request (ServerRescueTestJSON:test_rescue_unrescue_instance): 200 GET http://10.180.1.21/compute/v2.1/servers/acbf4c5c-341c-4ebd-ad29-90ebf531aa86 0.209s
2025-03-11 18:40:51.791 68788 INFO tempest.lib.common.rest_client [req-e2a3aaab-d633-43b8-87a4-938ed481ce70 req-e2a3aaab-d633-43b8-87a4-938ed481ce70 ] Request (ServersWithSpecificFlavorTestJSON:test_verify_created_server_ephemeral_disk): 200 GET http://10.180.1.21/compute/v2.1/servers/53c4ca02-2bc3-4a55-9aea-0e0dd669a37c 0.055s
2025-03-11 18:40:51.857 68790 INFO tempest.lib.common.rest_client [req-45105651-e235-4ad8-873f-7abdc2872c68 req-45105651-e235-4ad8-873f-7abdc2872c68 ] Request (ImagesTestJSON:test_create_server_from_snapshot): 200 GET http://10.180.1.21/compute/v2.1/servers/d84c599e-29b2-45ec-a3f7-54ef85af9a3d 0.061s
2025-03-11 18:40:51.989 68807 INFO tempest.lib.common.rest_client [req-e83e7f68-0e35-4486-ba0e-3d4811abb101 req-e83e7f68-0e35-4486-ba0e-3d4811abb101 ] Request (VolumesAdminNegativeTest:test_update_attached_volume_with_nonexistent_volume_in_uri): 200 GET http://10.180.1.21/compute/v2.1/servers/832c99fc-0f09-4ccb-96f9-894ce62eb17e 0.051s
2025-03-11 18:40:52.045 68772 INFO tempest.lib.common.rest_client [req-1615f3e2-0e19-4d1f-8ed8-6fa469696bef req-1615f3e2-0e19-4d1f-8ed8-6fa469696bef ] Request (ServerShowV254Test:test_rebuild_server): 200 GET http://10.180.1.21/compute/v2.1/servers/892bf198-7d05-4995-8137-c57095c5c839 0.056s
2025-03-11 18:40:52.070 68818 INFO tempest.lib.common.rest_client [req-9237bdbb-ed85-4f96-bb56-4c99de03dcf8 req-9237bdbb-ed85-4f96-bb56-4c99de03dcf8 ] Request (FloatingIPsAssociationTestJSON:test_associate_already_associated_floating_ip): 200 GET http://10.180.1.21/compute/v2.1/servers/26985e45-21ff-40bb-ac2b-c6f3700ccc97 0.100s
2025-03-11 18:40:52.106 68811 INFO tempest.lib.common.rest_client [req-a61c53f6-576a-4f35-aff6-31fd74f3ad65 req-a61c53f6-576a-4f35-aff6-31fd74f3ad65 ] Request (ServerDiskConfigTestJSON:test_resize_server_from_auto_to_manual): 200 GET http://10.180.1.21/compute/v2.1/servers/6d877579-3095-4ee9-bb3e-4d5a9122f1ed 0.046s
2025-03-11 18:40:52.183 68778 INFO tempest.lib.common.rest_client [req-3a7889c8-7048-49b3-b7b5-70e73c2f127e req-3a7889c8-7048-49b3-b7b5-70e73c2f127e ] Request (MultipleCreateTestJSON:test_multiple_create_with_reservation_return): 200 GET http://10.180.1.21/compute/v2.1/servers/fc62ff9d-1bd8-4b32-9e71-41410276802d 0.061s
2025-03-11 18:40:52.215 68758 INFO tempest.lib.common.rest_client [req-b106f70f-50a7-46a2-8184-dbff43dfdd97 req-b106f70f-50a7-46a2-8184-dbff43dfdd97 ] Request (MigrationsAdminTest:test_resize_server_revert_deleted_flavor): 200 GET http://10.180.1.21/compute/v2.1/servers/b7706bf2-936f-439c-8e9f-b2241d0c211c 0.105s
2025-03-11 18:40:52.223 68758 INFO tempest.common.waiters [-] State transition "BUILD/spawning" ==> "ACTIVE/None" after 70 second wait
2025-03-11 18:40:52.227 68784 INFO tempest.lib.common.rest_client [req-8458bf83-bcc5-4052-b2a0-7eea1b4c8182 req-8458bf83-bcc5-4052-b2a0-7eea1b4c8182 ] Request (ServerGroupTestJSON:test_create_server_with_scheduler_hint_group): 200 GET http://10.180.1.21/compute/v2.1/servers/de54bc8d-2626-41fc-970a-865a842a932e 0.071s
2025-03-11 18:40:52.272 68764 INFO tempest.lib.common.rest_client [req-153ebc49-53a3-406a-843f-c4b1ac6f1488 req-153ebc49-53a3-406a-843f-c4b1ac6f1488 ] Request (ServerExternalEventsTest:tearDownClass): 200 GET http://10.180.1.21/compute/v2.1/servers/c5af19d6-5534-45e6-8c9c-dacf30d4fb1a 0.085s
2025-03-11 18:40:52.325 68758 INFO tempest.lib.common.rest_client [req-fc99442c-5bf2-4a4f-b053-fbb7d3224a2d req-fc99442c-5bf2-4a4f-b053-fbb7d3224a2d ] Request (MigrationsAdminTest:test_resize_server_revert_deleted_flavor): 200 GET http://10.180.1.21/compute/v2.1/servers/b7706bf2-936f-439c-8e9f-b2241d0c211c 0.102s
2025-03-11 18:40:52.326 68798 INFO tempest.lib.common.rest_client [req-29118068-8f1b-4b90-8c85-756ab5ec8cea req-29118068-8f1b-4b90-8c85-756ab5ec8cea ] Request (InstanceActionsNegativeTestJSON:tearDownClass): 200 GET http://10.180.1.21/compute/v2.1/servers/995a3eae-c025-4efa-b509-0bf678bb0388 0.074s
2025-03-11 18:40:52.374 68758 INFO tempest.lib.common.rest_client [req-fa7e460c-f17a-46f8-b8ab-5bd75ed1bbdc req-fa7e460c-f17a-46f8-b8ab-5bd75ed1bbdc ] Request (MigrationsAdminTest:test_resize_server_revert_deleted_flavor): 202 DELETE http://10.180.1.21/compute/v2.1/flavors/d926657d-4f9c-4856-bc8e-d77db590d34a 0.040s
2025-03-11 18:40:52.401 68758 INFO tempest.lib.common.rest_client [req-d73a6e3a-b5f8-49cd-af39-67df24a0c778 req-d73a6e3a-b5f8-49cd-af39-67df24a0c778 ] Request (MigrationsAdminTest:test_resize_server_revert_deleted_flavor): 200 GET http://10.180.1.21/compute/v2.1/flavors/detail 0.026s
2025-03-11 18:40:52.423 68762 INFO tempest.lib.common.rest_client [req-9fa5d145-7b55-4a79-8089-57206d7f5704 req-9fa5d145-7b55-4a79-8089-57206d7f5704 ] Request (VolumesAssistedSnapshotsTest:tearDownClass): 200 GET http://10.180.1.21/compute/v2.1/servers/ea330078-a8f2-41f4-a161-5d0e29ddfab5 0.067s
2025-03-11 18:40:52.543 68774 INFO tempest.lib.common.rest_client [req-db003be8-5024-4ba5-b23c-3870bdf64c66 req-db003be8-5024-4ba5-b23c-3870bdf64c66 ] Request (ServersV294TestFqdnHostnames:tearDownClass): 200 GET http://10.180.1.21/compute/v2.1/servers/b92efa60-ef18-4578-b00d-6a2438e7eacf 0.071s
2025-03-11 18:40:52.631 68808 INFO tempest.lib.common.rest_client [req-a05078d6-9b23-48fe-aa04-cda2a7be377a req-a05078d6-9b23-48fe-aa04-cda2a7be377a ] Request (ImagesOneServerNegativeTestJSON:_run_cleanups): 200 GET http://10.180.1.21/compute/v2.1/servers/f212ea0b-5bf8-4a7f-820c-fd7e9d70aa81 0.137s
2025-03-11 18:40:52.654 68802 INFO paramiko.transport [-] Connected (version 2.0, client dropbear_2020.81)
2025-03-11 18:40:52.680 68766 INFO tempest.lib.common.rest_client [req-9f33d94d-5120-41e8-84b3-965c6a0f61a0 req-9f33d94d-5120-41e8-84b3-965c6a0f61a0 ] Request (ServerRescueTestJSONUnderV235:setUpClass): 200 GET http://10.180.1.21/compute/v2.1/servers/c9d26fd4-f780-4986-8a5f-dea041a70f5d 0.152s
2025-03-11 18:40:52.732 68786 INFO tempest.lib.common.rest_client [req-2db6d783-85f9-4b0a-9cd7-8a52a3444376 req-2db6d783-85f9-4b0a-9cd7-8a52a3444376 ] Request (ServerAddressesNegativeTestJSON:setUpClass): 200 GET http://10.180.1.21/compute/v2.1/servers/2a0772bf-ce23-4579-9bea-7e706a80cd4d 0.190s
2025-03-11 18:40:52.751 68816 WARNING tempest.lib.common.ssh [-] Failed to establish authenticated ssh connection to cirros@10.180.180.180 ([Errno None] Unable to connect to port 22 on 10.180.180.180). Number attempts: 3. Retry after 4 seconds.: paramiko.ssh_exception.NoValidConnectionsError: [Errno None] Unable to connect to port 22 on 10.180.180.180
2025-03-11 18:40:52.764 68802 INFO paramiko.transport [-] Authentication (publickey) successful!
2025-03-11 18:40:52.765 68802 INFO tempest.lib.common.ssh [-] ssh connection to cirros@10.180.180.169 successfully created
2025-03-11 18:40:52.780 68760 INFO tempest.lib.common.rest_client [req-a9b66b22-39f6-4d60-8f1c-b4c73b5d759b req-a9b66b22-39f6-4d60-8f1c-b4c73b5d759b ] Request (ListServerFiltersTestJSON:tearDownClass): 200 GET http://10.180.1.21/compute/v2.1/servers/f1230046-d368-40ee-b1fa-99df4ab15a10 0.185s
2025-03-11 18:40:52.823 68768 INFO tempest.lib.common.rest_client [req-f3815c0f-9d18-465f-ad86-a08b5819feb4 req-f3815c0f-9d18-465f-ad86-a08b5819feb4 ] Request (ServersAdminTestJSON:test_inject_network_info): 200 GET http://10.180.1.21/compute/v2.1/servers/ba0d8067-a617-4910-b2f6-33a7be461f8e 0.227s
2025-03-11 18:40:52.882 68796 INFO tempest.lib.common.rest_client [req-c1b50ba8-49c3-4cda-ad70-3cb6e64f516b req-c1b50ba8-49c3-4cda-ad70-3cb6e64f516b ] Request (SecurityGroupsTestJSON:tearDownClass): 200 GET http://10.180.1.21/compute/v2.1/servers/45595615-59c0-4c59-b18c-b49a3126dbb7 0.195s
2025-03-11 18:40:52.896 68758 INFO tempest.lib.common.rest_client [req-53ba78a5-559f-4245-9501-7b3e1cc257db req-53ba78a5-559f-4245-9501-7b3e1cc257db ] Request (MigrationsAdminTest:test_resize_server_revert_deleted_flavor): 202 POST http://10.180.1.21/compute/v2.1/servers/b7706bf2-936f-439c-8e9f-b2241d0c211c/action 0.490s
2025-03-11 18:40:53.023 68802 INFO tempest.lib.common.rest_client [req-ccdfbde3-67c5-429b-993c-089974deb4a6 req-ccdfbde3-67c5-429b-993c-089974deb4a6 ] Request (AttachInterfacesUnderV243Test:test_add_remove_fixed_ip): 200 GET http://10.180.1.21/compute/v2.1/servers/07d98c5c-ede8-4001-93b2-1b1d83687ca1/os-interface 0.258s
2025-03-11 18:40:53.075 68788 INFO tempest.lib.common.rest_client [req-96350d3f-7e39-487c-8d47-c9d74e66e9a7 req-96350d3f-7e39-487c-8d47-c9d74e66e9a7 ] Request (ServersWithSpecificFlavorTestJSON:test_verify_created_server_ephemeral_disk): 200 GET http://10.180.1.21/compute/v2.1/servers/53c4ca02-2bc3-4a55-9aea-0e0dd669a37c 0.275s
2025-03-11 18:40:53.078 68814 INFO tempest.lib.common.rest_client [req-15fc2f87-c231-4ee7-9a66-b848acc12e39 req-15fc2f87-c231-4ee7-9a66-b848acc12e39 ] Request (ServerRescueTestJSON:test_rescue_unrescue_instance): 200 GET http://10.180.1.21/compute/v2.1/servers/acbf4c5c-341c-4ebd-ad29-90ebf531aa86 0.350s
2025-03-11 18:40:53.124 68790 INFO tempest.lib.common.rest_client [req-66e357f0-c8d0-406b-8c2f-7d0208e85727 req-66e357f0-c8d0-406b-8c2f-7d0208e85727 ] Request (ImagesTestJSON:test_create_server_from_snapshot): 200 GET http://10.180.1.21/compute/v2.1/servers/d84c599e-29b2-45ec-a3f7-54ef85af9a3d 0.255s
2025-03-11 18:40:53.131 68790 INFO tempest.common.waiters [-] State transition "BUILD/scheduling" ==> "BUILD/None" after 24 second wait
2025-03-11 18:40:53.168 68758 INFO tempest.lib.common.rest_client [req-f676141a-9719-412f-85bc-3811c4ed3858 req-f676141a-9719-412f-85bc-3811c4ed3858 ] Request (MigrationsAdminTest:test_resize_server_revert_deleted_flavor): 200 GET http://10.180.1.21/compute/v2.1/servers/b7706bf2-936f-439c-8e9f-b2241d0c211c 0.271s
2025-03-11 18:40:53.178 68807 INFO tempest.lib.common.rest_client [req-d3e073fe-c9da-420f-883c-91daabd580db req-d3e073fe-c9da-420f-883c-91daabd580db ] Request (VolumesAdminNegativeTest:test_update_attached_volume_with_nonexistent_volume_in_uri): 200 GET http://10.180.1.21/compute/v2.1/servers/832c99fc-0f09-4ccb-96f9-894ce62eb17e 0.181s
2025-03-11 18:40:53.235 68772 INFO tempest.lib.common.rest_client [req-645fc98b-2a2a-47d2-80da-ab17e5aea105 req-645fc98b-2a2a-47d2-80da-ab17e5aea105 ] Request (ServerShowV254Test:test_rebuild_server): 200 GET http://10.180.1.21/compute/v2.1/servers/892bf198-7d05-4995-8137-c57095c5c839 0.181s
2025-03-11 18:40:53.237 68802 INFO tempest.lib.common.rest_client [req-050d3481-be6b-4be0-bef6-241e8b4aeeed req-050d3481-be6b-4be0-bef6-241e8b4aeeed ] Request (AttachInterfacesUnderV243Test:test_add_remove_fixed_ip): 200 GET http://10.180.1.21/compute/v2.1/servers/07d98c5c-ede8-4001-93b2-1b1d83687ca1/os-interface/102fc7ce-ac0b-465b-8073-7ba895ea1293 0.211s
2025-03-11 18:40:53.263 68776 WARNING tempest.lib.common.ssh [-] Failed to establish authenticated ssh connection to cirros@10.180.180.207 ([Errno None] Unable to connect to port 22 on 10.180.180.207). Number attempts: 1. Retry after 2 seconds.: paramiko.ssh_exception.NoValidConnectionsError: [Errno None] Unable to connect to port 22 on 10.180.180.207
2025-03-11 18:40:53.292 68811 INFO tempest.lib.common.rest_client [req-03d1c49f-ec9d-4a0b-8585-3db8ca3620d1 req-03d1c49f-ec9d-4a0b-8585-3db8ca3620d1 ] Request (ServerDiskConfigTestJSON:test_resize_server_from_auto_to_manual): 200 GET http://10.180.1.21/compute/v2.1/servers/6d877579-3095-4ee9-bb3e-4d5a9122f1ed 0.179s
2025-03-11 18:40:53.358 68778 INFO tempest.lib.common.rest_client [req-09908637-49bc-48bb-b3ce-811ebbd3b706 req-09908637-49bc-48bb-b3ce-811ebbd3b706 ] Request (MultipleCreateTestJSON:test_multiple_create_with_reservation_return): 200 GET http://10.180.1.21/compute/v2.1/servers/fc62ff9d-1bd8-4b32-9e71-41410276802d 0.168s
2025-03-11 18:40:53.372 68818 INFO tempest.lib.common.rest_client [req-a95fcce0-459f-4ad9-9c18-29edf4bdb031 req-a95fcce0-459f-4ad9-9c18-29edf4bdb031 ] Request (FloatingIPsAssociationTestJSON:test_associate_already_associated_floating_ip): 200 GET http://10.180.1.21/compute/v2.1/servers/26985e45-21ff-40bb-ac2b-c6f3700ccc97 0.294s
2025-03-11 18:40:53.391 68782 WARNING tempest.lib.common.ssh [-] Failed to establish authenticated ssh connection to cirros@10.180.180.183 ([Errno None] Unable to connect to port 22 on 10.180.180.183). Number attempts: 2. Retry after 3 seconds.: paramiko.ssh_exception.NoValidConnectionsError: [Errno None] Unable to connect to port 22 on 10.180.180.183
2025-03-11 18:40:53.406 68802 INFO tempest.lib.common.rest_client [req-851fd2f7-cfbe-4774-b5f1-a663fdf22b6a req-851fd2f7-cfbe-4774-b5f1-a663fdf22b6a ] Request (AttachInterfacesUnderV243Test:test_add_remove_fixed_ip): 200 GET http://10.180.1.21/compute/v2.1/servers/07d98c5c-ede8-4001-93b2-1b1d83687ca1/ips 0.167s
2025-03-11 18:40:53.410 68784 INFO tempest.lib.common.rest_client [req-35237845-07c1-40ea-8100-6b7cb4064668 req-35237845-07c1-40ea-8100-6b7cb4064668 ] Request (ServerGroupTestJSON:test_create_server_with_scheduler_hint_group): 200 GET http://10.180.1.21/compute/v2.1/servers/de54bc8d-2626-41fc-970a-865a842a932e 0.175s
2025-03-11 18:40:53.492 68764 INFO tempest.lib.common.rest_client [req-3a358a93-c75d-4f0c-9c72-f618d63b49b3 req-3a358a93-c75d-4f0c-9c72-f618d63b49b3 ] Request (ServerExternalEventsTest:tearDownClass): 200 GET http://10.180.1.21/compute/v2.1/servers/c5af19d6-5534-45e6-8c9c-dacf30d4fb1a 0.213s
2025-03-11 18:40:53.494 68798 INFO tempest.lib.common.rest_client [req-9bf2c644-f22e-4ad6-9a2a-9093b66e777d req-9bf2c644-f22e-4ad6-9a2a-9093b66e777d ] Request (InstanceActionsNegativeTestJSON:tearDownClass): 200 GET http://10.180.1.21/compute/v2.1/servers/995a3eae-c025-4efa-b509-0bf678bb0388 0.161s
2025-03-11 18:40:53.513 68762 INFO tempest.lib.common.rest_client [req-94ccb1b6-7d3e-4bf0-9d81-dcd9a2129505 req-94ccb1b6-7d3e-4bf0-9d81-dcd9a2129505 ] Request (VolumesAssistedSnapshotsTest:tearDownClass): 404 GET http://10.180.1.21/compute/v2.1/servers/ea330078-a8f2-41f4-a161-5d0e29ddfab5 0.082s
