2024-12-12 16:17:18.201 66687 INFO tempest.lib.common.rest_client [req-2df25260-f927-4073-99a8-63ed4cee4a3b req-2df25260-f927-4073-99a8-63ed4cee4a3b ] Request (ServersAdminTestJSON:test_create_server_with_scheduling_hint): 200 GET http://10.180.1.21/compute/v2.1/servers/44c01052-a741-4c21-9bb9-c8b808f2c4ad 0.063s
2024-12-12 16:17:18.257 66657 INFO tempest.lib.common.rest_client [req-2257ced1-c1e4-487b-9130-16d8ff2501c2 req-2257ced1-c1e4-487b-9130-16d8ff2501c2 ] Request (ServerRescueTestJSONUnderV235:setUpClass): 200 GET http://10.180.1.21/compute/v2.1/servers/5ba2dc0b-d991-4107-92e2-b5ead72ac290 0.066s
2024-12-12 16:17:18.296 66661 INFO tempest.lib.common.rest_client [req-43f58fda-91d1-4264-b825-0405d9884faf req-43f58fda-91d1-4264-b825-0405d9884faf ] Request (ListServersNegativeTestJSON:setUpClass): 200 GET http://10.180.1.21/compute/v2.1/servers/05ee70b5-acc1-485d-81c1-500c451283de 0.206s
2024-12-12 16:17:18.306 66661 INFO tempest.common.waiters [-] State transition "BUILD/networking" ==> "BUILD/spawning" after 44 second wait
2024-12-12 16:17:18.310 66655 INFO tempest.lib.common.rest_client [req-2d4b0f52-8f67-4b93-ba5c-6416ce183e12 req-2d4b0f52-8f67-4b93-ba5c-6416ce183e12 ] Request (FloatingIPsAssociationTestJSON:setUpClass): 200 GET http://10.180.1.21/compute/v2.1/servers/ef35db94-4dc6-4270-abd0-12c8938c4939 0.062s
2024-12-12 16:17:18.317 66691 INFO tempest.lib.common.rest_client [req-9cb4ce46-545a-48ac-a1a6-a9403e988835 req-9cb4ce46-545a-48ac-a1a6-a9403e988835 ] Request (SecurityGroupRulesTestJSON:tearDownClass): 204 DELETE http://10.180.1.21:9696/networking/v2.0/security-groups/48359b3b-f007-4639-9113-5a58835e98ee 0.133s
2024-12-12 16:17:18.373 66703 INFO tempest.lib.common.rest_client [req-68442d4e-c2c6-4b59-b599-fcd04f45195d req-68442d4e-c2c6-4b59-b599-fcd04f45195d ] Request (ServerPasswordTestJSON:setUpClass): 200 GET http://10.180.1.21/compute/v2.1/servers/a69317c1-cf06-4f63-a58a-288a6cd20498 0.078s
2024-12-12 16:17:18.409 66675 INFO tempest.lib.common.rest_client [req-b623a95c-4922-4e62-aa9e-b2078f556f10 req-b623a95c-4922-4e62-aa9e-b2078f556f10 ] Request (ListImageFiltersTestJSON:setUpClass): 200 GET http://10.180.1.21/compute/v2.1/servers/93a8a81f-866c-42fa-9eaf-7f8d5d28112b 0.133s
2024-12-12 16:17:18.415 66675 INFO tempest.common.waiters [-] State transition "BUILD/spawning" ==> "ACTIVE/None" after 47 second wait
2024-12-12 16:17:18.420 66691 INFO tempest.lib.common.rest_client [req-47394cf7-fe4c-4928-b15f-a897620b11f7 req-47394cf7-fe4c-4928-b15f-a897620b11f7 ] Request (SecurityGroupRulesTestJSON:tearDownClass): 204 DELETE http://10.180.1.21/identity/v3/projects/15dc7a6bc9bc458394f689bb01bbcc78 0.102s
2024-12-12 16:17:18.422 66691 INFO tempest.test [-] raised in ServerStableDeviceRescueTest.setUpClass. Invoking tearDownClass.
2024-12-12 16:17:18.431 66681 INFO tempest.lib.common.rest_client [req-36f5324d-52d7-4994-acd9-09131c820754 req-36f5324d-52d7-4994-acd9-09131c820754 ] Request (ServerGroupTestJSON:_run_cleanups): 200 GET http://10.180.1.21/compute/v2.1/servers/3f723291-835f-4356-9eb2-40b8518a7008 0.081s
2024-12-12 16:17:18.469 66645 INFO tempest.lib.common.rest_client [req-0c57fa42-6d5c-450c-9f58-92b7340c53b9 req-0c57fa42-6d5c-450c-9f58-92b7340c53b9 ] Request (ServerAddressesNegativeTestJSON:tearDownClass): 200 GET http://10.180.1.21/compute/v2.1/servers/61b0c495-6d81-4912-899b-0134798ebe29 0.111s
2024-12-12 16:17:18.530 66649 INFO tempest.lib.common.rest_client [req-f23ddbe5-8876-46be-bf79-82ca38d64b24 req-f23ddbe5-8876-46be-bf79-82ca38d64b24 ] Request (ServersNegativeTestJSON:setUpClass): 200 GET http://10.180.1.21/compute/v2.1/servers/989e9887-935f-4dfc-96c7-d84fa3ba0852 0.051s
2024-12-12 16:17:18.536 66675 INFO tempest.lib.common.rest_client [req-a0258435-b918-4930-93f8-37f740aa4736 req-a0258435-b918-4930-93f8-37f740aa4736 ] Request (ListImageFiltersTestJSON:setUpClass): 200 GET http://10.180.1.21/compute/v2.1/servers/a47e552a-37a0-4609-9103-aa3ce28fdabe 0.121s
2024-12-12 16:17:18.612 66685 INFO tempest.lib.common.rest_client [req-5b411fff-926d-4320-aaaa-447f3d9a3067 req-5b411fff-926d-4320-aaaa-447f3d9a3067 ] Request (ServerMetadataNegativeTestJSON:tearDownClass): 200 GET http://10.180.1.21/compute/v2.1/servers/0f57df28-858b-420c-b3b8-24001a81c645 0.069s
2024-12-12 16:17:18.661 66641 INFO tempest.lib.common.rest_client [req-ea05d635-99ad-483a-963b-7475172a79ca req-ea05d635-99ad-483a-963b-7475172a79ca ] Request (ServerDiagnosticsTest:test_get_server_diagnostics): 200 GET http://10.180.1.21/compute/v2.1/servers/4ccc5f58-f12f-42f2-ad16-5465cb3b2995 0.054s
2024-12-12 16:17:18.764 66697 INFO tempest.lib.common.rest_client [req-ff7a1449-e203-4428-8ea8-5d4a5317d3fe req-ff7a1449-e203-4428-8ea8-5d4a5317d3fe ] Request (MigrationsAdminTest:test_list_migrations_in_flavor_resize_situation): 200 GET http://10.180.1.21/compute/v2.1/servers/4ab55729-9afe-4d71-ac5b-2e18a5b3f818 0.157s
2024-12-12 16:17:18.816 66663 INFO tempest.lib.common.rest_client [req-6c06687f-6231-472d-9700-bf389f8068b1 req-6c06687f-6231-472d-9700-bf389f8068b1 ] Request (SecurityGroupsTestJSON:test_list_security_groups_by_server): 200 GET http://10.180.1.21/compute/v2.1/servers/ad1900e7-8bd9-452f-b98d-edf376b50460 0.137s
2024-12-12 16:17:18.876 66671 INFO tempest.lib.common.rest_client [req-a8ca0eee-b9b7-420e-8a58-5aedff43c5b0 req-a8ca0eee-b9b7-420e-8a58-5aedff43c5b0 ] Request (DeleteServersAdminTestJSON:test_delete_server_while_in_error_state): 200 GET http://10.180.1.21/compute/v2.1/servers/cfbb2227-ae18-45db-97d9-c3149d6b6f4b 0.186s
2024-12-12 16:17:18.927 66647 INFO tempest.lib.common.rest_client [req-64a31905-e776-42d4-8e8a-9cdc100bc9ea req-64a31905-e776-42d4-8e8a-9cdc100bc9ea ] Request (ServersAdminNegativeTestJSON:setUpClass): 200 GET http://10.180.1.21/compute/v2.1/servers/6a8c59b0-d6f5-4fc9-91ca-9e9fbd914f2b 0.160s
2024-12-12 16:17:18.982 66665 INFO tempest.lib.common.rest_client [req-80dd5c29-92a8-4f90-9072-94f4ff987b47 req-80dd5c29-92a8-4f90-9072-94f4ff987b47 ] Request (ServerDiagnosticsNegativeTest:tearDownClass): 200 GET http://10.180.1.21/compute/v2.1/servers/e10fdba9-c79d-46ea-a877-89a4fbb1c9ae 0.209s
2024-12-12 16:17:18.984 66675 INFO tempest.lib.common.rest_client [req-dd89f5fc-b7b3-4043-af8c-6011d2522961 req-dd89f5fc-b7b3-4043-af8c-6011d2522961 ] Request (ListImageFiltersTestJSON:setUpClass): 202 POST http://10.180.1.21/compute/v2.1/servers/a47e552a-37a0-4609-9103-aa3ce28fdabe/action 0.435s
2024-12-12 16:17:19.031 66669 INFO tempest.lib.common.rest_client [req-87b4679e-f0b3-4832-b75c-3a318cf9232c req-87b4679e-f0b3-4832-b75c-3a318cf9232c ] Request (ImagesTestJSON:test_create_image_from_stopped_server): 200 GET http://10.180.1.21/compute/v2.1/servers/2ecedb08-72b9-4527-b396-da8ce3daf998 0.202s
2024-12-12 16:17:19.053 66683 INFO tempest.lib.common.rest_client [req-ab297e0a-9539-4a38-bd7d-5e2bb7987c3b req-ab297e0a-9539-4a38-bd7d-5e2bb7987c3b ] Request (ServersAdmin275Test:tearDownClass): 200 GET http://10.180.1.21/compute/v2.1/servers/0e4e5883-6f92-4124-b591-6bb04f27b764 0.130s
2024-12-12 16:17:19.083 66675 INFO tempest.lib.common.rest_client [req-9c7d10a9-b99d-4bb4-affc-38c43a621568 req-9c7d10a9-b99d-4bb4-affc-38c43a621568 ] Request (ListImageFiltersTestJSON:setUpClass): 200 GET http://10.180.1.21/compute/v2.1/images/850db164-407d-4aa1-ac8c-38ea74f56678 0.098s
2024-12-12 16:17:19.138 66653 INFO tempest.lib.common.rest_client [req-b47ed9c2-a4e0-43e5-af83-eb97c63ee5f2 req-b47ed9c2-a4e0-43e5-af83-eb97c63ee5f2 ] Request (ServerAddressesTestJSON:setUpClass): 200 GET http://10.180.1.21/compute/v2.1/servers/9a5b673c-e771-4471-938e-8ab8faf4d0c1 0.143s
2024-12-12 16:17:19.165 66679 INFO tempest.lib.common.rest_client [req-599166c5-8d2e-408f-9584-dbbf142f6894 req-599166c5-8d2e-408f-9584-dbbf142f6894 ] Request (AttachInterfacesTestJSON:test_create_list_show_delete_interfaces_by_fixed_ip): 200 GET http://10.180.1.21/compute/v2.1/servers/c03e0144-3013-4e88-a081-dd16264dba16 0.230s
2024-12-12 16:17:19.188 66695 WARNING tempest.lib.common.ssh [-] Failed to establish authenticated ssh connection to cirros@10.180.180.142 ([Errno None] Unable to connect to port 22 on 10.180.180.142). Number attempts: 7. Retry after 8 seconds.: paramiko.ssh_exception.NoValidConnectionsError: [Errno None] Unable to connect to port 22 on 10.180.180.142
2024-12-12 16:17:19.219 66677 INFO tempest.lib.common.rest_client [req-12cf4063-194b-44bd-a2b4-99d80a100801 req-12cf4063-194b-44bd-a2b4-99d80a100801 ] Request (ServersTestMultiNic:_run_cleanups): 200 GET http://10.180.1.21/compute/v2.1/servers/2c511398-2d78-4429-8ed6-11af0e7a859f 0.166s
2024-12-12 16:17:19.253 66689 INFO tempest.lib.common.rest_client [req-b3ba64ca-79d1-45ba-9881-135794b6afb8 req-b3ba64ca-79d1-45ba-9881-135794b6afb8 ] Request (ImagesOneServerTestJSON:setUpClass): 200 GET http://10.180.1.21/compute/v2.1/servers/c9d87160-1c3d-42fe-82c9-79aa1a55c528 0.201s
2024-12-12 16:17:19.272 66667 INFO tempest.lib.common.rest_client [req-8afa3839-c711-4dc1-8448-f42e9c3d0a12 req-8afa3839-c711-4dc1-8448-f42e9c3d0a12 ] Request (ServersTestManualDisk:setUpClass): 200 GET http://10.180.1.21/compute/v2.1/servers/a53c2f1e-656d-4ed3-ac20-187b30046701 0.169s
2024-12-12 16:17:19.310 66651 INFO tempest.lib.common.rest_client [req-cd145a5d-baac-4606-8fc7-ecf2825f65e3 req-cd145a5d-baac-4606-8fc7-ecf2825f65e3 ] Request (ServersWithSpecificFlavorTestJSON:test_verify_created_server_ephemeral_disk): 200 GET http://10.180.1.21/compute/v2.1/servers/1a60dd50-c805-401b-8574-a11eebc105c6 0.207s
2024-12-12 16:17:19.334 66673 INFO tempest.lib.common.rest_client [req-27cb4c70-e81b-49d7-864a-a3c4cac5b104 req-27cb4c70-e81b-49d7-864a-a3c4cac5b104 ] Request (ServersV294TestFqdnHostnames:setUpClass): 200 GET http://10.180.1.21/compute/v2.1/servers/fcb5f3ef-6b11-41e5-936a-a6e658e957ce 0.175s
2024-12-12 16:17:19.379 66657 INFO tempest.lib.common.rest_client [req-557bbd9d-1402-4b4b-af2c-b916638f6275 req-557bbd9d-1402-4b4b-af2c-b916638f6275 ] Request (ServerRescueTestJSONUnderV235:setUpClass): 200 GET http://10.180.1.21/compute/v2.1/servers/5ba2dc0b-d991-4107-92e2-b5ead72ac290 0.114s
2024-12-12 16:17:19.390 66687 INFO tempest.lib.common.rest_client [req-3f9ef8e3-dd0c-43ac-b991-51054a13d6b0 req-3f9ef8e3-dd0c-43ac-b991-51054a13d6b0 ] Request (ServersAdminTestJSON:test_create_server_with_scheduling_hint): 200 GET http://10.180.1.21/compute/v2.1/servers/44c01052-a741-4c21-9bb9-c8b808f2c4ad 0.182s
2024-12-12 16:17:19.438 66655 INFO tempest.lib.common.rest_client [req-d15bde3d-de6e-40e6-9df4-bbda17677160 req-d15bde3d-de6e-40e6-9df4-bbda17677160 ] Request (FloatingIPsAssociationTestJSON:setUpClass): 200 GET http://10.180.1.21/compute/v2.1/servers/ef35db94-4dc6-4270-abd0-12c8938c4939 0.120s
2024-12-12 16:17:19.483 66703 INFO tempest.lib.common.rest_client [req-484c2a71-4eec-4e47-a2b5-ab65a2cf475c req-484c2a71-4eec-4e47-a2b5-ab65a2cf475c ] Request (ServerPasswordTestJSON:setUpClass): 200 GET http://10.180.1.21/compute/v2.1/servers/a69317c1-cf06-4f63-a58a-288a6cd20498 0.103s
2024-12-12 16:17:19.509 66661 INFO tempest.lib.common.rest_client [req-fee429dc-a0d9-4f07-8d08-f31ae412b02f req-fee429dc-a0d9-4f07-8d08-f31ae412b02f ] Request (ListServersNegativeTestJSON:setUpClass): 200 GET http://10.180.1.21/compute/v2.1/servers/05ee70b5-acc1-485d-81c1-500c451283de 0.202s
2024-12-12 16:17:19.539 66681 INFO tempest.lib.common.rest_client [req-326306d9-49e9-435b-89e8-b499835a1fa7 req-326306d9-49e9-435b-89e8-b499835a1fa7 ] Request (ServerGroupTestJSON:_run_cleanups): 200 GET http://10.180.1.21/compute/v2.1/servers/3f723291-835f-4356-9eb2-40b8518a7008 0.097s
2024-12-12 16:17:19.561 66645 INFO tempest.lib.common.rest_client [req-a6caf847-e144-4b3a-b721-5caefe733696 req-a6caf847-e144-4b3a-b721-5caefe733696 ] Request (ServerAddressesNegativeTestJSON:tearDownClass): 200 GET http://10.180.1.21/compute/v2.1/servers/61b0c495-6d81-4912-899b-0134798ebe29 0.085s
2024-12-12 16:17:19.584 66649 INFO tempest.lib.common.rest_client [req-bdbac5b8-ec2b-4b2d-9ae0-20af6d93a6dc req-bdbac5b8-ec2b-4b2d-9ae0-20af6d93a6dc ] Request (ServersNegativeTestJSON:setUpClass): 200 GET http://10.180.1.21/compute/v2.1/servers/989e9887-935f-4dfc-96c7-d84fa3ba0852 0.047s
2024-12-12 16:17:19.688 66685 INFO tempest.lib.common.rest_client [req-76253dcd-77cf-4bba-9c2d-3a9e7825fe73 req-76253dcd-77cf-4bba-9c2d-3a9e7825fe73 ] Request (ServerMetadataNegativeTestJSON:tearDownClass): 200 GET http://10.180.1.21/compute/v2.1/servers/0f57df28-858b-420c-b3b8-24001a81c645 0.064s
2024-12-12 16:17:19.721 66641 INFO tempest.lib.common.rest_client [req-1e2871ad-df9f-414a-ba4c-77f5f08f3605 req-1e2871ad-df9f-414a-ba4c-77f5f08f3605 ] Request (ServerDiagnosticsTest:test_get_server_diagnostics): 200 GET http://10.180.1.21/compute/v2.1/servers/4ccc5f58-f12f-42f2-ad16-5465cb3b2995 0.054s
2024-12-12 16:17:19.727 66641 INFO tempest.common.waiters [-] State transition "BUILD/scheduling" ==> "BUILD/None" after 39 second wait
2024-12-12 16:17:19.882 66697 INFO tempest.lib.common.rest_client [req-24dada1b-8949-4752-8e60-8ff82a27ec49 req-24dada1b-8949-4752-8e60-8ff82a27ec49 ] Request (MigrationsAdminTest:test_list_migrations_in_flavor_resize_situation): 200 GET http://10.180.1.21/compute/v2.1/servers/4ab55729-9afe-4d71-ac5b-2e18a5b3f818 0.110s
2024-12-12 16:17:19.882 66663 INFO tempest.lib.common.rest_client [req-a221687b-ef57-494f-afc1-be47036ab1a9 req-a221687b-ef57-494f-afc1-be47036ab1a9 ] Request (SecurityGroupsTestJSON:test_list_security_groups_by_server): 200 GET http://10.180.1.21/compute/v2.1/servers/ad1900e7-8bd9-452f-b98d-edf376b50460 0.059s
2024-12-12 16:17:19.949 66671 INFO tempest.lib.common.rest_client [req-c5ad62c5-73c4-414c-a19c-03cd37bfbca8 req-c5ad62c5-73c4-414c-a19c-03cd37bfbca8 ] Request (DeleteServersAdminTestJSON:test_delete_server_while_in_error_state): 200 GET http://10.180.1.21/compute/v2.1/servers/cfbb2227-ae18-45db-97d9-c3149d6b6f4b 0.065s
2024-12-12 16:17:19.988 66647 INFO tempest.lib.common.rest_client [req-17cc1caa-cf21-435f-b647-a38b4963764a req-17cc1caa-cf21-435f-b647-a38b4963764a ] Request (ServersAdminNegativeTestJSON:setUpClass): 200 GET http://10.180.1.21/compute/v2.1/servers/6a8c59b0-d6f5-4fc9-91ca-9e9fbd914f2b 0.053s
2024-12-12 16:17:20.079 66665 INFO tempest.lib.common.rest_client [req-dd8ff854-669c-45f1-b399-89c4bd9b7e48 req-dd8ff854-669c-45f1-b399-89c4bd9b7e48 ] Request (ServerDiagnosticsNegativeTest:tearDownClass): 200 GET http://10.180.1.21/compute/v2.1/servers/e10fdba9-c79d-46ea-a877-89a4fbb1c9ae 0.082s
2024-12-12 16:17:20.098 66669 INFO tempest.lib.common.rest_client [req-503d6029-05bf-4a3b-95e6-994ccf2ff330 req-503d6029-05bf-4a3b-95e6-994ccf2ff330 ] Request (ImagesTestJSON:test_create_image_from_stopped_server): 200 GET http://10.180.1.21/compute/v2.1/servers/2ecedb08-72b9-4527-b396-da8ce3daf998 0.061s
2024-12-12 16:17:20.139 66675 INFO tempest.lib.common.rest_client [req-b4dcc1e3-2a21-4ae3-9377-7ac7ced21604 req-b4dcc1e3-2a21-4ae3-9377-7ac7ced21604 ] Request (ListImageFiltersTestJSON:setUpClass): 200 GET http://10.180.1.21/compute/v2.1/images/850db164-407d-4aa1-ac8c-38ea74f56678 0.052s
2024-12-12 16:17:20.151 66683 INFO tempest.lib.common.rest_client [req-5bf1c166-ed18-475e-8365-d131465484bc req-5bf1c166-ed18-475e-8365-d131465484bc ] Request (ServersAdmin275Test:tearDownClass): 200 GET http://10.180.1.21/compute/v2.1/servers/0e4e5883-6f92-4124-b591-6bb04f27b764 0.083s
2024-12-12 16:17:20.208 66653 INFO tempest.lib.common.rest_client [req-682580fa-9ffa-45f0-89f0-c09a7f9a09f9 req-682580fa-9ffa-45f0-89f0-c09a7f9a09f9 ] Request (ServerAddressesTestJSON:setUpClass): 200 GET http://10.180.1.21/compute/v2.1/servers/9a5b673c-e771-4471-938e-8ab8faf4d0c1 0.062s
2024-12-12 16:17:20.308 66677 INFO tempest.lib.common.rest_client [req-0f046ec9-4347-4500-a4d4-627b929e99d2 req-0f046ec9-4347-4500-a4d4-627b929e99d2 ] Request (ServersTestMultiNic:_run_cleanups): 200 GET http://10.180.1.21/compute/v2.1/servers/2c511398-2d78-4429-8ed6-11af0e7a859f 0.080s
2024-12-12 16:17:20.325 66679 INFO tempest.lib.common.rest_client [req-7def9555-3816-4706-ae12-121509597436 req-7def9555-3816-4706-ae12-121509597436 ] Request (AttachInterfacesTestJSON:test_create_list_show_delete_interfaces_by_fixed_ip): 200 GET http://10.180.1.21/compute/v2.1/servers/c03e0144-3013-4e88-a081-dd16264dba16 0.149s
2024-12-12 16:17:20.404 66667 INFO tempest.lib.common.rest_client [req-9984eba7-49cc-4c47-bf11-005313fa576a req-9984eba7-49cc-4c47-bf11-005313fa576a ] Request (ServersTestManualDisk:setUpClass): 200 GET http://10.180.1.21/compute/v2.1/servers/a53c2f1e-656d-4ed3-ac20-187b30046701 0.124s
2024-12-12 16:17:20.451 66651 INFO tempest.lib.common.rest_client [req-0cbabf4f-a646-47cc-8699-2c46cd8e1832 req-0cbabf4f-a646-47cc-8699-2c46cd8e1832 ] Request (ServersWithSpecificFlavorTestJSON:test_verify_created_server_ephemeral_disk): 200 GET http://10.180.1.21/compute/v2.1/servers/1a60dd50-c805-401b-8574-a11eebc105c6 0.130s
2024-12-12 16:17:20.511 66673 INFO tempest.lib.common.rest_client [req-739bf843-2bc0-4db0-b89f-070c660d3ff6 req-739bf843-2bc0-4db0-b89f-070c660d3ff6 ] Request (ServersV294TestFqdnHostnames:setUpClass): 200 GET http://10.180.1.21/compute/v2.1/servers/fcb5f3ef-6b11-41e5-936a-a6e658e957ce 0.160s
2024-12-12 16:17:20.522 66689 INFO tempest.lib.common.rest_client [req-87bd8ade-bbb4-4f17-a9ff-14b80b8304c0 req-87bd8ade-bbb4-4f17-a9ff-14b80b8304c0 ] Request (ImagesOneServerTestJSON:setUpClass): 200 GET http://10.180.1.21/compute/v2.1/servers/c9d87160-1c3d-42fe-82c9-79aa1a55c528 0.262s
2024-12-12 16:17:20.560 66657 INFO tempest.lib.common.rest_client [req-fb11778c-2116-4cb4-9d23-18d42d6d785d req-fb11778c-2116-4cb4-9d23-18d42d6d785d ] Request (ServerRescueTestJSONUnderV235:setUpClass): 200 GET http://10.180.1.21/compute/v2.1/servers/5ba2dc0b-d991-4107-92e2-b5ead72ac290 0.173s
2024-12-12 16:17:20.583 66687 INFO tempest.lib.common.rest_client [req-eb122454-8f39-4bd3-b7d5-ad0679ecdf22 req-eb122454-8f39-4bd3-b7d5-ad0679ecdf22 ] Request (ServersAdminTestJSON:test_create_server_with_scheduling_hint): 200 GET http://10.180.1.21/compute/v2.1/servers/44c01052-a741-4c21-9bb9-c8b808f2c4ad 0.185s
2024-12-12 16:17:20.622 66655 INFO tempest.lib.common.rest_client [req-3b636995-136a-4f52-a755-812dfa54a3f7 req-3b636995-136a-4f52-a755-812dfa54a3f7 ] Request (FloatingIPsAssociationTestJSON:setUpClass): 200 GET http://10.180.1.21/compute/v2.1/servers/ef35db94-4dc6-4270-abd0-12c8938c4939 0.173s
2024-12-12 16:17:20.638 66703 INFO tempest.lib.common.rest_client [req-72ac82f5-9695-439c-b865-a964060f52c4 req-72ac82f5-9695-439c-b865-a964060f52c4 ] Request (ServerPasswordTestJSON:setUpClass): 200 GET http://10.180.1.21/compute/v2.1/servers/a69317c1-cf06-4f63-a58a-288a6cd20498 0.148s
2024-12-12 16:17:20.697 66681 INFO tempest.lib.common.rest_client [req-53d28e75-8a86-45ad-bc9b-22842d792960 req-53d28e75-8a86-45ad-bc9b-22842d792960 ] Request (ServerGroupTestJSON:_run_cleanups): 200 GET http://10.180.1.21/compute/v2.1/servers/3f723291-835f-4356-9eb2-40b8518a7008 0.151s
2024-12-12 16:17:20.719 66661 INFO tempest.lib.common.rest_client [req-5b084775-0f93-4258-8b42-faae64b0774b req-5b084775-0f93-4258-8b42-faae64b0774b ] Request (ListServersNegativeTestJSON:setUpClass): 200 GET http://10.180.1.21/compute/v2.1/servers/05ee70b5-acc1-485d-81c1-500c451283de 0.203s
2024-12-12 16:17:20.763 66649 INFO tempest.lib.common.rest_client [req-962f684c-838e-46fe-9a54-e6ac79a43929 req-962f684c-838e-46fe-9a54-e6ac79a43929 ] Request (ServersNegativeTestJSON:setUpClass): 200 GET http://10.180.1.21/compute/v2.1/servers/989e9887-935f-4dfc-96c7-d84fa3ba0852 0.170s
2024-12-12 16:17:20.771 66645 INFO tempest.lib.common.rest_client [req-d2f3b191-ca16-4a9d-b81b-7a6a5c3d13b5 req-d2f3b191-ca16-4a9d-b81b-7a6a5c3d13b5 ] Request (ServerAddressesNegativeTestJSON:tearDownClass): 200 GET http://10.180.1.21/compute/v2.1/servers/61b0c495-6d81-4912-899b-0134798ebe29 0.203s
2024-12-12 16:17:20.815 66685 INFO tempest.lib.common.rest_client [req-8473850b-e3db-40b5-94b7-b62cc0d55a9e req-8473850b-e3db-40b5-94b7-b62cc0d55a9e ] Request (ServerMetadataNegativeTestJSON:tearDownClass): 200 GET http://10.180.1.21/compute/v2.1/servers/0f57df28-858b-420c-b3b8-24001a81c645 0.119s
2024-12-12 16:17:20.819 66641 INFO tempest.lib.common.rest_client [req-0f0880f7-ef88-42b9-bd55-28f92bd7c4e7 req-0f0880f7-ef88-42b9-bd55-28f92bd7c4e7 ] Request (ServerDiagnosticsTest:test_get_server_diagnostics): 200 GET http://10.180.1.21/compute/v2.1/servers/4ccc5f58-f12f-42f2-ad16-5465cb3b2995 0.090s
2024-12-12 16:17:20.936 66663 INFO tempest.lib.common.rest_client [req-2a6a0c3e-32b3-403e-8d5f-121568694888 req-2a6a0c3e-32b3-403e-8d5f-121568694888 ] Request (SecurityGroupsTestJSON:test_list_security_groups_by_server): 200 GET http://10.180.1.21/compute/v2.1/servers/ad1900e7-8bd9-452f-b98d-edf376b50460 0.046s
2024-12-12 16:17:20.979 66697 INFO tempest.lib.common.rest_client [req-fcdbd6ba-3d38-4e1d-be03-290cc600216b req-fcdbd6ba-3d38-4e1d-be03-290cc600216b ] Request (MigrationsAdminTest:test_list_migrations_in_flavor_resize_situation): 200 GET http://10.180.1.21/compute/v2.1/servers/4ab55729-9afe-4d71-ac5b-2e18a5b3f818 0.089s
2024-12-12 16:17:20.981 66643 WARNING tempest.lib.common.ssh [-] Failed to establish authenticated ssh connection to cirros@10.180.180.232 ([Errno None] Unable to connect to port 22 on 10.180.180.232). Number attempts: 6. Retry after 7 seconds.: paramiko.ssh_exception.NoValidConnectionsError: [Errno None] Unable to connect to port 22 on 10.180.180.232
2024-12-12 16:17:21.021 66671 INFO tempest.lib.common.rest_client [req-87b23ca2-c23a-48d0-ac2d-6fc6005f4825 req-87b23ca2-c23a-48d0-ac2d-6fc6005f4825 ] Request (DeleteServersAdminTestJSON:test_delete_server_while_in_error_state): 200 GET http://10.180.1.21/compute/v2.1/servers/cfbb2227-ae18-45db-97d9-c3149d6b6f4b 0.061s
2024-12-12 16:17:21.046 66647 INFO tempest.lib.common.rest_client [req-8cfdec91-fc5a-4ca4-8d68-8f7d8852c893 req-8cfdec91-fc5a-4ca4-8d68-8f7d8852c893 ] Request (ServersAdminNegativeTestJSON:setUpClass): 200 GET http://10.180.1.21/compute/v2.1/servers/6a8c59b0-d6f5-4fc9-91ca-9e9fbd914f2b 0.051s
2024-12-12 16:17:21.144 66665 INFO tempest.lib.common.rest_client [req-69883616-2332-4fea-8fbe-709465eacf20 req-69883616-2332-4fea-8fbe-709465eacf20 ] Request (ServerDiagnosticsNegativeTest:tearDownClass): 200 GET http://10.180.1.21/compute/v2.1/servers/e10fdba9-c79d-46ea-a877-89a4fbb1c9ae 0.055s
2024-12-12 16:17:21.158 66669 INFO tempest.lib.common.rest_client [req-af882fdd-a58f-4e47-8877-c042dfd49159 req-af882fdd-a58f-4e47-8877-c042dfd49159 ] Request (ImagesTestJSON:test_create_image_from_stopped_server): 200 GET http://10.180.1.21/compute/v2.1/servers/2ecedb08-72b9-4527-b396-da8ce3daf998 0.049s
2024-12-12 16:17:21.175 66675 INFO tempest.lib.common.rest_client [req-0b59e290-a4e1-4fb9-8f3f-b381d7b85299 req-0b59e290-a4e1-4fb9-8f3f-b381d7b85299 ] Request (ListImageFiltersTestJSON:setUpClass): 200 GET http://10.180.1.21/compute/v2.1/images/850db164-407d-4aa1-ac8c-38ea74f56678 0.032s
2024-12-12 16:17:21.226 66683 INFO tempest.lib.common.rest_client [req-7b77c3a0-db25-4595-b1d1-dfea9f25f635 req-7b77c3a0-db25-4595-b1d1-dfea9f25f635 ] Request (ServersAdmin275Test:tearDownClass): 200 GET http://10.180.1.21/compute/v2.1/servers/0e4e5883-6f92-4124-b591-6bb04f27b764 0.065s
2024-12-12 16:17:21.273 66653 INFO tempest.lib.common.rest_client [req-4b552f52-fed5-4809-9297-4def950a1515 req-4b552f52-fed5-4809-9297-4def950a1515 ] Request (ServerAddressesTestJSON:setUpClass): 200 GET http://10.180.1.21/compute/v2.1/servers/9a5b673c-e771-4471-938e-8ab8faf4d0c1 0.057s
2024-12-12 16:17:21.387 66677 INFO tempest.lib.common.rest_client [req-1d876d32-2508-40cf-9b1d-01f250c3e681 req-1d876d32-2508-40cf-9b1d-01f250c3e681 ] Request (ServersTestMultiNic:_run_cleanups): 200 GET http://10.180.1.21/compute/v2.1/servers/2c511398-2d78-4429-8ed6-11af0e7a859f 0.067s
2024-12-12 16:17:21.484 66667 INFO tempest.lib.common.rest_client [req-be478d8d-24fc-4bff-a111-de92100d6e83 req-be478d8d-24fc-4bff-a111-de92100d6e83 ] Request (ServersTestManualDisk:setUpClass): 200 GET http://10.180.1.21/compute/v2.1/servers/a53c2f1e-656d-4ed3-ac20-187b30046701 0.073s
2024-12-12 16:17:21.522 66679 INFO tempest.lib.common.rest_client [req-b78aeceb-3eee-4cd1-b979-b839f8dea8cb req-b78aeceb-3eee-4cd1-b979-b839f8dea8cb ] Request (AttachInterfacesTestJSON:test_create_list_show_delete_interfaces_by_fixed_ip): 200 GET http://10.180.1.21/compute/v2.1/servers/c03e0144-3013-4e88-a081-dd16264dba16 0.188s
2024-12-12 16:17:21.551 66651 INFO tempest.lib.common.rest_client [req-59ef15f6-233b-491f-a0ad-bc92eef638f6 req-59ef15f6-233b-491f-a0ad-bc92eef638f6 ] Request (ServersWithSpecificFlavorTestJSON:test_verify_created_server_ephemeral_disk): 200 GET http://10.180.1.21/compute/v2.1/servers/1a60dd50-c805-401b-8574-a11eebc105c6 0.089s
2024-12-12 16:17:21.584 66673 INFO tempest.lib.common.rest_client [req-1e995497-4879-47cc-baa1-f41af00f4597 req-1e995497-4879-47cc-baa1-f41af00f4597 ] Request (ServersV294TestFqdnHostnames:setUpClass): 200 GET http://10.180.1.21/compute/v2.1/servers/fcb5f3ef-6b11-41e5-936a-a6e658e957ce 0.062s
2024-12-12 16:17:21.638 66657 INFO tempest.lib.common.rest_client [req-25f8226d-1c78-4e2c-a4f2-2ae9ca74cbfb req-25f8226d-1c78-4e2c-a4f2-2ae9ca74cbfb ] Request (ServerRescueTestJSONUnderV235:setUpClass): 200 GET http://10.180.1.21/compute/v2.1/servers/5ba2dc0b-d991-4107-92e2-b5ead72ac290 0.070s
2024-12-12 16:17:21.682 66687 INFO tempest.lib.common.rest_client [req-d11e60af-565f-4190-9ca7-320c85a8d9e3 req-d11e60af-565f-4190-9ca7-320c85a8d9e3 ] Request (ServersAdminTestJSON:test_create_server_with_scheduling_hint): 200 GET http://10.180.1.21/compute/v2.1/servers/44c01052-a741-4c21-9bb9-c8b808f2c4ad 0.088s
2024-12-12 16:17:21.689 66689 INFO tempest.lib.common.rest_client [req-3adc20a9-27a4-46a2-a74a-294d0d2214a6 req-3adc20a9-27a4-46a2-a74a-294d0d2214a6 ] Request (ImagesOneServerTestJSON:setUpClass): 200 GET http://10.180.1.21/compute/v2.1/servers/c9d87160-1c3d-42fe-82c9-79aa1a55c528 0.159s
2024-12-12 16:17:21.728 66655 INFO tempest.lib.common.rest_client [req-f6acf309-263a-4db0-9709-8380870461d0 req-f6acf309-263a-4db0-9709-8380870461d0 ] Request (FloatingIPsAssociationTestJSON:setUpClass): 200 GET http://10.180.1.21/compute/v2.1/servers/ef35db94-4dc6-4270-abd0-12c8938c4939 0.092s
2024-12-12 16:17:21.737 66703 INFO tempest.lib.common.rest_client [req-85c2610b-1bce-4bdd-9676-3f255eecd55b req-85c2610b-1bce-4bdd-9676-3f255eecd55b ] Request (ServerPasswordTestJSON:setUpClass): 200 GET http://10.180.1.21/compute/v2.1/servers/a69317c1-cf06-4f63-a58a-288a6cd20498 0.088s
2024-12-12 16:17:21.800 66681 INFO tempest.lib.common.rest_client [req-716fee9f-ae3d-44d5-92d6-c9b2196ecf88 req-716fee9f-ae3d-44d5-92d6-c9b2196ecf88 ] Request (ServerGroupTestJSON:_run_cleanups): 200 GET http://10.180.1.21/compute/v2.1/servers/3f723291-835f-4356-9eb2-40b8518a7008 0.096s
2024-12-12 16:17:21.851 66649 INFO tempest.lib.common.rest_client [req-a9dc1037-ea1a-49ec-9cf9-0045f9117743 req-a9dc1037-ea1a-49ec-9cf9-0045f9117743 ] Request (ServersNegativeTestJSON:setUpClass): 200 GET http://10.180.1.21/compute/v2.1/servers/989e9887-935f-4dfc-96c7-d84fa3ba0852 0.080s
2024-12-12 16:17:21.855 66661 INFO tempest.lib.common.rest_client [req-04806ae7-a61f-477e-9dc0-08f8c071ab45 req-04806ae7-a61f-477e-9dc0-08f8c071ab45 ] Request (ListServersNegativeTestJSON:setUpClass): 200 GET http://10.180.1.21/compute/v2.1/servers/05ee70b5-acc1-485d-81c1-500c451283de 0.127s
2024-12-12 16:17:21.903 66645 INFO tempest.lib.common.rest_client [req-3929d0c4-8ff7-4279-8cb1-f5aa33ac0b8d req-3929d0c4-8ff7-4279-8cb1-f5aa33ac0b8d ] Request (ServerAddressesNegativeTestJSON:tearDownClass): 200 GET http://10.180.1.21/compute/v2.1/servers/61b0c495-6d81-4912-899b-0134798ebe29 0.125s
2024-12-12 16:17:21.903 66685 INFO tempest.lib.common.rest_client [req-978392fc-fccf-45f2-a2ca-cb7755520ca4 req-978392fc-fccf-45f2-a2ca-cb7755520ca4 ] Request (ServerMetadataNegativeTestJSON:tearDownClass): 200 GET http://10.180.1.21/compute/v2.1/servers/0f57df28-858b-420c-b3b8-24001a81c645 0.082s
2024-12-12 16:17:21.943 66641 INFO tempest.lib.common.rest_client [req-d640b9b3-6346-4ab1-a6d8-44b68b5f44f3 req-d640b9b3-6346-4ab1-a6d8-44b68b5f44f3 ] Request (ServerDiagnosticsTest:test_get_server_diagnostics): 200 GET http://10.180.1.21/compute/v2.1/servers/4ccc5f58-f12f-42f2-ad16-5465cb3b2995 0.118s
2024-12-12 16:17:21.990 66663 INFO tempest.lib.common.rest_client [req-0fa1fbcd-393b-4e41-a685-833a6f5a0fd7 req-0fa1fbcd-393b-4e41-a685-833a6f5a0fd7 ] Request (SecurityGroupsTestJSON:test_list_security_groups_by_server): 200 GET http://10.180.1.21/compute/v2.1/servers/ad1900e7-8bd9-452f-b98d-edf376b50460 0.047s
2024-12-12 16:17:22.079 66697 INFO tempest.lib.common.rest_client [req-3ee415af-205a-48d1-a02e-6e5bd84ee4a3 req-3ee415af-205a-48d1-a02e-6e5bd84ee4a3 ] Request (MigrationsAdminTest:test_list_migrations_in_flavor_resize_situation): 200 GET http://10.180.1.21/compute/v2.1/servers/4ab55729-9afe-4d71-ac5b-2e18a5b3f818 0.091s
2024-12-12 16:17:22.083 66671 INFO tempest.lib.common.rest_client [req-41f6e846-009a-49e8-bef5-5b453a0995db req-41f6e846-009a-49e8-bef5-5b453a0995db ] Request (DeleteServersAdminTestJSON:test_delete_server_while_in_error_state): 200 GET http://10.180.1.21/compute/v2.1/servers/cfbb2227-ae18-45db-97d9-c3149d6b6f4b 0.056s
2024-12-12 16:17:22.131 66647 INFO tempest.lib.common.rest_client [req-284ac954-1b12-4524-a266-4a388ed3b81c req-284ac954-1b12-4524-a266-4a388ed3b81c ] Request (ServersAdminNegativeTestJSON:setUpClass): 200 GET http://10.180.1.21/compute/v2.1/servers/6a8c59b0-d6f5-4fc9-91ca-9e9fbd914f2b 0.078s
2024-12-12 16:17:22.196 66701 WARNING tempest.lib.common.ssh [-] Failed to establish authenticated ssh connection to cirros@10.180.180.199 ([Errno None] Unable to connect to port 22 on 10.180.180.199). Number attempts: 6. Retry after 7 seconds.: paramiko.ssh_exception.NoValidConnectionsError: [Errno None] Unable to connect to port 22 on 10.180.180.199
2024-12-12 16:17:22.206 66665 INFO tempest.lib.common.rest_client [req-75986084-eebd-4d3e-867f-9d0d8d41dd6d req-75986084-eebd-4d3e-867f-9d0d8d41dd6d ] Request (ServerDiagnosticsNegativeTest:tearDownClass): 200 GET http://10.180.1.21/compute/v2.1/servers/e10fdba9-c79d-46ea-a877-89a4fbb1c9ae 0.054s
2024-12-12 16:17:22.215 66669 INFO tempest.lib.common.rest_client [req-8e0e6ad5-7cdc-42d8-8efa-fe3b1183771d req-8e0e6ad5-7cdc-42d8-8efa-fe3b1183771d ] Request (ImagesTestJSON:test_create_image_from_stopped_server): 200 GET http://10.180.1.21/compute/v2.1/servers/2ecedb08-72b9-4527-b396-da8ce3daf998 0.050s
2024-12-12 16:17:22.236 66675 INFO tempest.lib.common.rest_client [req-fd1c9811-7394-4ac1-874d-0bac1edde928 req-fd1c9811-7394-4ac1-874d-0bac1edde928 ] Request (ListImageFiltersTestJSON:setUpClass): 200 GET http://10.180.1.21/compute/v2.1/images/850db164-407d-4aa1-ac8c-38ea74f56678 0.057s
2024-12-12 16:17:22.296 66683 INFO tempest.lib.common.rest_client [req-e089e7a5-22eb-4a3c-8a3c-99b3d971ed28 req-e089e7a5-22eb-4a3c-8a3c-99b3d971ed28 ] Request (ServersAdmin275Test:tearDownClass): 200 GET http://10.180.1.21/compute/v2.1/servers/0e4e5883-6f92-4124-b591-6bb04f27b764 0.060s
2024-12-12 16:17:22.339 66653 INFO tempest.lib.common.rest_client [req-7b06afcc-9d5a-4479-b73b-e9140f173cf5 req-7b06afcc-9d5a-4479-b73b-e9140f173cf5 ] Request (ServerAddressesTestJSON:setUpClass): 200 GET http://10.180.1.21/compute/v2.1/servers/9a5b673c-e771-4471-938e-8ab8faf4d0c1 0.055s
2024-12-12 16:17:22.458 66677 INFO tempest.lib.common.rest_client [req-4faa80d4-fa14-4a1c-add0-a3cfef6a11ea req-4faa80d4-fa14-4a1c-add0-a3cfef6a11ea ] Request (ServersTestMultiNic:_run_cleanups): 200 GET http://10.180.1.21/compute/v2.1/servers/2c511398-2d78-4429-8ed6-11af0e7a859f 0.063s
2024-12-12 16:17:22.548 66667 INFO tempest.lib.common.rest_client [req-3f17ba02-95e5-4886-bcfb-ecaa234a6df4 req-3f17ba02-95e5-4886-bcfb-ecaa234a6df4 ] Request (ServersTestManualDisk:setUpClass): 200 GET http://10.180.1.21/compute/v2.1/servers/a53c2f1e-656d-4ed3-ac20-187b30046701 0.054s
2024-12-12 16:17:22.628 66651 INFO tempest.lib.common.rest_client [req-9405f649-4c30-4568-b2fe-d9edb74a7c82 req-9405f649-4c30-4568-b2fe-d9edb74a7c82 ] Request (ServersWithSpecificFlavorTestJSON:test_verify_created_server_ephemeral_disk): 200 GET http://10.180.1.21/compute/v2.1/servers/1a60dd50-c805-401b-8574-a11eebc105c6 0.070s
2024-12-12 16:17:22.700 66673 INFO tempest.lib.common.rest_client [req-6ad08088-c8aa-4ac9-9002-55a27906487e req-6ad08088-c8aa-4ac9-9002-55a27906487e ] Request (ServersV294TestFqdnHostnames:setUpClass): 200 GET http://10.180.1.21/compute/v2.1/servers/fcb5f3ef-6b11-41e5-936a-a6e658e957ce 0.107s
2024-12-12 16:17:22.727 66679 INFO tempest.lib.common.rest_client [req-00df0cde-7c42-45d5-b70f-2fbfbb49ceda req-00df0cde-7c42-45d5-b70f-2fbfbb49ceda ] Request (AttachInterfacesTestJSON:test_create_list_show_delete_interfaces_by_fixed_ip): 200 GET http://10.180.1.21/compute/v2.1/servers/c03e0144-3013-4e88-a081-dd16264dba16 0.198s
2024-12-12 16:17:22.734 66679 INFO tempest.common.waiters [-] State transition "BUILD/spawning" ==> "ACTIVE/None" after 50 second wait
2024-12-12 16:17:22.757 66657 INFO tempest.lib.common.rest_client [req-5b461611-2519-4a47-b89d-04de0f7c21f3 req-5b461611-2519-4a47-b89d-04de0f7c21f3 ] Request (ServerRescueTestJSONUnderV235:setUpClass): 200 GET http://10.180.1.21/compute/v2.1/servers/5ba2dc0b-d991-4107-92e2-b5ead72ac290 0.113s
2024-12-12 16:17:22.872 66689 INFO tempest.lib.common.rest_client [req-0f4df384-e390-4d74-9851-026047e33a22 req-0f4df384-e390-4d74-9851-026047e33a22 ] Request (ImagesOneServerTestJSON:setUpClass): 200 GET http://10.180.1.21/compute/v2.1/servers/c9d87160-1c3d-42fe-82c9-79aa1a55c528 0.176s
2024-12-12 16:17:22.878 66689 INFO tempest.common.waiters [-] State transition "BUILD/spawning" ==> "ACTIVE/None" after 50 second wait
2024-12-12 16:17:22.915 66687 INFO tempest.lib.common.rest_client [req-d15aa3df-26c9-4c4c-ab00-bb2e04811d2a req-d15aa3df-26c9-4c4c-ab00-bb2e04811d2a ] Request (ServersAdminTestJSON:test_create_server_with_scheduling_hint): 200 GET http://10.180.1.21/compute/v2.1/servers/44c01052-a741-4c21-9bb9-c8b808f2c4ad 0.225s
2024-12-12 16:17:22.924 66687 INFO tempest.common.waiters [-] State transition "BUILD/None" ==> "BUILD/networking" after 47 second wait
2024-12-12 16:17:22.964 66655 INFO tempest.lib.common.rest_client [req-b1e1ff2a-bc5e-42b8-87df-4bfc95277160 req-b1e1ff2a-bc5e-42b8-87df-4bfc95277160 ] Request (FloatingIPsAssociationTestJSON:setUpClass): 200 GET http://10.180.1.21/compute/v2.1/servers/ef35db94-4dc6-4270-abd0-12c8938c4939 0.228s
2024-12-12 16:17:22.995 66679 INFO tempest.lib.common.rest_client [req-0dc891ea-e05b-4e97-ae28-98c202344bc9 req-0dc891ea-e05b-4e97-ae28-98c202344bc9 ] Request (AttachInterfacesTestJSON:test_create_list_show_delete_interfaces_by_fixed_ip): 200 GET http://10.180.1.21/compute/v2.1/servers/c03e0144-3013-4e88-a081-dd16264dba16/os-interface 0.260s
2024-12-12 16:17:23.014 66703 INFO tempest.lib.common.rest_client [req-d17cac1a-f3f5-43a9-9bcd-a687d47de1b2 req-d17cac1a-f3f5-43a9-9bcd-a687d47de1b2 ] Request (ServerPasswordTestJSON:setUpClass): 200 GET http://10.180.1.21/compute/v2.1/servers/a69317c1-cf06-4f63-a58a-288a6cd20498 0.268s
2024-12-12 16:17:23.064 66649 INFO tempest.lib.common.rest_client [req-700d9453-1fd2-4a25-b247-bf49f4b5fa9d req-700d9453-1fd2-4a25-b247-bf49f4b5fa9d ] Request (ServersNegativeTestJSON:setUpClass): 200 GET http://10.180.1.21/compute/v2.1/servers/989e9887-935f-4dfc-96c7-d84fa3ba0852 0.207s
2024-12-12 16:17:23.076 66681 INFO tempest.lib.common.rest_client [req-3ea75a07-7d48-47f1-8653-0f6829693b0c req-3ea75a07-7d48-47f1-8653-0f6829693b0c ] Request (ServerGroupTestJSON:_run_cleanups): 200 GET http://10.180.1.21/compute/v2.1/servers/3f723291-835f-4356-9eb2-40b8518a7008 0.269s
2024-12-12 16:17:23.171 66661 INFO tempest.lib.common.rest_client [req-dcb01749-fe75-4e32-869a-79ee3291430b req-dcb01749-fe75-4e32-869a-79ee3291430b ] Request (ListServersNegativeTestJSON:setUpClass): 200 GET http://10.180.1.21/compute/v2.1/servers/05ee70b5-acc1-485d-81c1-500c451283de 0.309s
2024-12-12 16:17:23.234 66645 INFO tempest.lib.common.rest_client [req-4dba2f8a-c407-4f18-855d-65d9fa7b2d68 req-4dba2f8a-c407-4f18-855d-65d9fa7b2d68 ] Request (ServerAddressesNegativeTestJSON:tearDownClass): 200 GET http://10.180.1.21/compute/v2.1/servers/61b0c495-6d81-4912-899b-0134798ebe29 0.324s
2024-12-12 16:17:23.299 66685 INFO tempest.lib.common.rest_client [req-a4b0e45a-88f3-45b9-a542-3e671a914d34 req-a4b0e45a-88f3-45b9-a542-3e671a914d34 ] Request (ServerMetadataNegativeTestJSON:tearDownClass): 200 GET http://10.180.1.21/compute/v2.1/servers/0f57df28-858b-420c-b3b8-24001a81c645 0.388s
2024-12-12 16:17:23.357 66641 INFO tempest.lib.common.rest_client [req-db2099db-52ce-42f3-84f3-030072442d4f req-db2099db-52ce-42f3-84f3-030072442d4f ] Request (ServerDiagnosticsTest:test_get_server_diagnostics): 200 GET http://10.180.1.21/compute/v2.1/servers/4ccc5f58-f12f-42f2-ad16-5465cb3b2995 0.407s
2024-12-12 16:17:23.410 66663 INFO tempest.lib.common.rest_client [req-c33a6c79-c74e-488a-b478-e751bdb1d8a3 req-c33a6c79-c74e-488a-b478-e751bdb1d8a3 ] Request (SecurityGroupsTestJSON:test_list_security_groups_by_server): 200 GET http://10.180.1.21/compute/v2.1/servers/ad1900e7-8bd9-452f-b98d-edf376b50460 0.413s
2024-12-12 16:17:23.541 66689 INFO tempest.lib.common.rest_client [req-e5b05fdd-4d54-4f81-81c0-c8edec8f60c1 req-e5b05fdd-4d54-4f81-81c0-c8edec8f60c1 ] Request (ImagesOneServerTestJSON:test_create_delete_image): 202 POST http://10.180.1.21/compute/v2.1/servers/c9d87160-1c3d-42fe-82c9-79aa1a55c528/action 0.662s
2024-12-12 16:17:23.553 66679 INFO tempest.lib.common.rest_client [req-7e0223ba-e41c-43e5-a6b2-3028233df28c req-7e0223ba-e41c-43e5-a6b2-3028233df28c ] Request (AttachInterfacesTestJSON:test_create_list_show_delete_interfaces_by_fixed_ip): 200 PUT http://10.180.1.21:9696/networking/v2.0/floatingips/29c8866d-a40e-4714-91be-e8dd6015b670 0.555s
2024-12-12 16:17:23.573 66697 INFO tempest.lib.common.rest_client [req-a1be45f5-befc-4ed4-ba47-8cc57622b5ba req-a1be45f5-befc-4ed4-ba47-8cc57622b5ba ] Request (MigrationsAdminTest:test_list_migrations_in_flavor_resize_situation): 200 GET http://10.180.1.21/compute/v2.1/servers/4ab55729-9afe-4d71-ac5b-2e18a5b3f818 0.485s
2024-12-12 16:17:23.611 66671 INFO tempest.lib.common.rest_client [req-ef693339-fd2e-4e35-ad62-ff36432afb50 req-ef693339-fd2e-4e35-ad62-ff36432afb50 ] Request (DeleteServersAdminTestJSON:test_delete_server_while_in_error_state): 200 GET http://10.180.1.21/compute/v2.1/servers/cfbb2227-ae18-45db-97d9-c3149d6b6f4b 0.520s
2024-12-12 16:17:23.631 66647 INFO tempest.lib.common.rest_client [req-2e3e9b4f-3b8c-4dab-8de3-7d4f0a464243 req-2e3e9b4f-3b8c-4dab-8de3-7d4f0a464243 ] Request (ServersAdminNegativeTestJSON:setUpClass): 200 GET http://10.180.1.21/compute/v2.1/servers/6a8c59b0-d6f5-4fc9-91ca-9e9fbd914f2b 0.493s
2024-12-12 16:17:23.685 66669 INFO tempest.lib.common.rest_client [req-bcae2eeb-6ca7-4fc6-a8d1-ee05c84c6db1 req-bcae2eeb-6ca7-4fc6-a8d1-ee05c84c6db1 ] Request (ImagesTestJSON:test_create_image_from_stopped_server): 200 GET http://10.180.1.21/compute/v2.1/servers/2ecedb08-72b9-4527-b396-da8ce3daf998 0.463s
2024-12-12 16:17:23.734 66675 INFO tempest.lib.common.rest_client [req-c9e49f77-2d75-4beb-9fa7-c3f9a3c2d32b req-c9e49f77-2d75-4beb-9fa7-c3f9a3c2d32b ] Request (ListImageFiltersTestJSON:setUpClass): 200 GET http://10.180.1.21/compute/v2.1/images/850db164-407d-4aa1-ac8c-38ea74f56678 0.495s
2024-12-12 16:17:23.818 66683 INFO tempest.lib.common.rest_client [req-93edf20a-9e3d-4d5a-933f-1b8bb94b56de req-93edf20a-9e3d-4d5a-933f-1b8bb94b56de ] Request (ServersAdmin275Test:tearDownClass): 200 GET http://10.180.1.21/compute/v2.1/servers/0e4e5883-6f92-4124-b591-6bb04f27b764 0.512s
2024-12-12 16:17:23.880 66653 INFO tempest.lib.common.rest_client [req-4da440f3-565c-4f1f-abce-17573066cc45 req-4da440f3-565c-4f1f-abce-17573066cc45 ] Request (ServerAddressesTestJSON:setUpClass): 200 GET http://10.180.1.21/compute/v2.1/servers/9a5b673c-e771-4471-938e-8ab8faf4d0c1 0.534s
2024-12-12 16:17:23.889 66653 INFO tempest.common.waiters [-] State transition "BUILD/scheduling" ==> "BUILD/None" after 39 second wait
2024-12-12 16:17:23.891 66665 INFO tempest.lib.common.rest_client [req-a6e0b79b-3f24-443e-ae0a-3b736ee2f58d req-a6e0b79b-3f24-443e-ae0a-3b736ee2f58d ] Request (ServerDiagnosticsNegativeTest:tearDownClass): 200 GET http://10.180.1.21/compute/v2.1/servers/e10fdba9-c79d-46ea-a877-89a4fbb1c9ae 0.676s
2024-12-12 16:17:23.927 66689 INFO tempest.lib.common.rest_client [req-977f78bb-dee7-42c6-918f-f3cc4f66b0d4 req-977f78bb-dee7-42c6-918f-f3cc4f66b0d4 ] Request (ImagesOneServerTestJSON:test_create_delete_image): 200 GET http://10.180.1.21/compute/v2.1/images/045cb82f-f232-4da0-96c7-21044ed127e7 0.383s
2024-12-12 16:17:23.944 66677 INFO tempest.lib.common.rest_client [req-d98f31d0-3dcb-47ad-8e14-107b00af9c6c req-d98f31d0-3dcb-47ad-8e14-107b00af9c6c ] Request (ServersTestMultiNic:_run_cleanups): 200 GET http://10.180.1.21/compute/v2.1/servers/2c511398-2d78-4429-8ed6-11af0e7a859f 0.478s
2024-12-12 16:17:24.040 66667 INFO tempest.lib.common.rest_client [req-cda2d955-049a-4246-a000-07b8fad67fad req-cda2d955-049a-4246-a000-07b8fad67fad ] Request (ServersTestManualDisk:setUpClass): 200 GET http://10.180.1.21/compute/v2.1/servers/a53c2f1e-656d-4ed3-ac20-187b30046701 0.483s
2024-12-12 16:17:24.050 66679 INFO tempest.lib.common.rest_client [req-83bce5cc-9a57-47b1-a0b5-6fe510504ca0 req-83bce5cc-9a57-47b1-a0b5-6fe510504ca0 ] Request (AttachInterfacesTestJSON:test_create_list_show_delete_interfaces_by_fixed_ip): 200 GET http://10.180.1.21/compute/v2.1/servers/c03e0144-3013-4e88-a081-dd16264dba16 0.496s
2024-12-12 16:17:24.057 66679 INFO tempest.lib.common.ssh [-] Creating ssh connection to '10.180.180.212:22' as 'cirros' with public key authentication
2024-12-12 16:17:24.100 66651 INFO tempest.lib.common.rest_client [req-7fdb12b6-23a9-4752-9dcc-06b34316b5c5 req-7fdb12b6-23a9-4752-9dcc-06b34316b5c5 ] Request (ServersWithSpecificFlavorTestJSON:test_verify_created_server_ephemeral_disk): 200 GET http://10.180.1.21/compute/v2.1/servers/1a60dd50-c805-401b-8574-a11eebc105c6 0.464s
2024-12-12 16:17:24.107 66673 INFO tempest.lib.common.rest_client [req-f92c01d0-f005-46cf-89cf-8d85d716e840 req-f92c01d0-f005-46cf-89cf-8d85d716e840 ] Request (ServersV294TestFqdnHostnames:setUpClass): 200 GET http://10.180.1.21/compute/v2.1/servers/fcb5f3ef-6b11-41e5-936a-a6e658e957ce 0.397s
2024-12-12 16:17:24.165 66657 INFO tempest.lib.common.rest_client [req-1ffd0a2f-40db-46cd-b3c8-20b5be714eb2 req-1ffd0a2f-40db-46cd-b3c8-20b5be714eb2 ] Request (ServerRescueTestJSONUnderV235:setUpClass): 200 GET http://10.180.1.21/compute/v2.1/servers/5ba2dc0b-d991-4107-92e2-b5ead72ac290 0.393s
2024-12-12 16:17:24.220 66655 INFO tempest.lib.common.rest_client [req-bb0c5398-717f-4bc6-aa85-50904330b1a8 req-bb0c5398-717f-4bc6-aa85-50904330b1a8 ] Request (FloatingIPsAssociationTestJSON:setUpClass): 200 GET http://10.180.1.21/compute/v2.1/servers/ef35db94-4dc6-4270-abd0-12c8938c4939 0.249s
2024-12-12 16:17:24.228 66655 INFO tempest.common.waiters [-] State transition "BUILD/scheduling" ==> "BUILD/None" after 43 second wait
2024-12-12 16:17:24.254 66687 INFO tempest.lib.common.rest_client [req-88a34b1a-0a5e-4c5c-87f0-084bcf1cf3e6 req-88a34b1a-0a5e-4c5c-87f0-084bcf1cf3e6 ] Request (ServersAdminTestJSON:test_create_server_with_scheduling_hint): 200 GET http://10.180.1.21/compute/v2.1/servers/44c01052-a741-4c21-9bb9-c8b808f2c4ad 0.329s
2024-12-12 16:17:24.264 66687 INFO tempest.common.waiters [-] State transition "BUILD/networking" ==> "BUILD/spawning" after 49 second wait
2024-12-12 16:17:24.276 66703 INFO tempest.lib.common.rest_client [req-7aa82898-c694-4ab9-9176-872aff83fc40 req-7aa82898-c694-4ab9-9176-872aff83fc40 ] Request (ServerPasswordTestJSON:setUpClass): 200 GET http://10.180.1.21/compute/v2.1/servers/a69317c1-cf06-4f63-a58a-288a6cd20498 0.255s
2024-12-12 16:17:24.305 66649 INFO tempest.lib.common.rest_client [req-620a14c2-b6f4-487d-9fbc-34dba39bc115 req-620a14c2-b6f4-487d-9fbc-34dba39bc115 ] Request (ServersNegativeTestJSON:setUpClass): 200 GET http://10.180.1.21/compute/v2.1/servers/989e9887-935f-4dfc-96c7-d84fa3ba0852 0.232s
2024-12-12 16:17:24.332 66681 INFO tempest.lib.common.rest_client [req-9fcbd300-93cc-4d01-9bc9-07561e660e10 req-9fcbd300-93cc-4d01-9bc9-07561e660e10 ] Request (ServerGroupTestJSON:_run_cleanups): 200 GET http://10.180.1.21/compute/v2.1/servers/3f723291-835f-4356-9eb2-40b8518a7008 0.247s
2024-12-12 16:17:24.389 66645 INFO tempest.lib.common.rest_client [req-5ae82295-530c-48a0-a271-7f6b3ef0d286 req-5ae82295-530c-48a0-a271-7f6b3ef0d286 ] Request (ServerAddressesNegativeTestJSON:tearDownClass): 200 GET http://10.180.1.21/compute/v2.1/servers/61b0c495-6d81-4912-899b-0134798ebe29 0.146s
2024-12-12 16:17:24.449 66685 INFO tempest.lib.common.rest_client [req-14c5f341-efba-4ca7-86b6-35adcc17651b req-14c5f341-efba-4ca7-86b6-35adcc17651b ] Request (ServerMetadataNegativeTestJSON:tearDownClass): 200 GET http://10.180.1.21/compute/v2.1/servers/0f57df28-858b-420c-b3b8-24001a81c645 0.142s
2024-12-12 16:17:24.479 66661 INFO tempest.lib.common.rest_client [req-42641beb-e91b-42d2-b778-5b54ac0d2ad8 req-42641beb-e91b-42d2-b778-5b54ac0d2ad8 ] Request (ListServersNegativeTestJSON:setUpClass): 200 GET http://10.180.1.21/compute/v2.1/servers/05ee70b5-acc1-485d-81c1-500c451283de 0.299s
2024-12-12 16:17:24.503 66641 INFO tempest.lib.common.rest_client [req-4835877e-5856-4245-9d0b-cca0fb9d570a req-4835877e-5856-4245-9d0b-cca0fb9d570a ] Request (ServerDiagnosticsTest:test_get_server_diagnostics): 200 GET http://10.180.1.21/compute/v2.1/servers/4ccc5f58-f12f-42f2-ad16-5465cb3b2995 0.137s
2024-12-12 16:17:24.540 66663 INFO tempest.lib.common.rest_client [req-a45d3576-f37c-4bf0-bdbd-71d898b36046 req-a45d3576-f37c-4bf0-bdbd-71d898b36046 ] Request (SecurityGroupsTestJSON:test_list_security_groups_by_server): 200 GET http://10.180.1.21/compute/v2.1/servers/ad1900e7-8bd9-452f-b98d-edf376b50460 0.120s
2024-12-12 16:17:24.703 66671 INFO tempest.lib.common.rest_client [req-ef205298-88dc-45f2-8144-51ee53e0d6d0 req-ef205298-88dc-45f2-8144-51ee53e0d6d0 ] Request (DeleteServersAdminTestJSON:test_delete_server_while_in_error_state): 200 GET http://10.180.1.21/compute/v2.1/servers/cfbb2227-ae18-45db-97d9-c3149d6b6f4b 0.083s
2024-12-12 16:17:24.762 66647 INFO tempest.lib.common.rest_client [req-f4282c71-1069-4a55-b426-7af321f67726 req-f4282c71-1069-4a55-b426-7af321f67726 ] Request (ServersAdminNegativeTestJSON:setUpClass): 200 GET http://10.180.1.21/compute/v2.1/servers/6a8c59b0-d6f5-4fc9-91ca-9e9fbd914f2b 0.122s
2024-12-12 16:17:24.825 66697 INFO tempest.lib.common.rest_client [req-e7cc5005-c9ca-497d-b7c7-2b84c721beb1 req-e7cc5005-c9ca-497d-b7c7-2b84c721beb1 ] Request (MigrationsAdminTest:test_list_migrations_in_flavor_resize_situation): 200 GET http://10.180.1.21/compute/v2.1/servers/4ab55729-9afe-4d71-ac5b-2e18a5b3f818 0.241s
2024-12-12 16:17:24.833 66669 INFO tempest.lib.common.rest_client [req-5c320b63-e3d3-4f34-8ab5-c52d99426a67 req-5c320b63-e3d3-4f34-8ab5-c52d99426a67 ] Request (ImagesTestJSON:test_create_image_from_stopped_server): 200 GET http://10.180.1.21/compute/v2.1/servers/2ecedb08-72b9-4527-b396-da8ce3daf998 0.138s
2024-12-12 16:17:24.872 66675 INFO tempest.lib.common.rest_client [req-91bb4e39-c9f1-4d39-b308-255d15f670e8 req-91bb4e39-c9f1-4d39-b308-255d15f670e8 ] Request (ListImageFiltersTestJSON:setUpClass): 200 GET http://10.180.1.21/compute/v2.1/images/850db164-407d-4aa1-ac8c-38ea74f56678 0.130s
2024-12-12 16:17:24.908 66683 INFO tempest.lib.common.rest_client [req-bd44f343-e1e9-4df2-942d-56af9b494701 req-bd44f343-e1e9-4df2-942d-56af9b494701 ] Request (ServersAdmin275Test:tearDownClass): 200 GET http://10.180.1.21/compute/v2.1/servers/0e4e5883-6f92-4124-b591-6bb04f27b764 0.071s
2024-12-12 16:17:24.960 66653 INFO tempest.lib.common.rest_client [req-eac37e24-c20d-453e-98ce-8c4236c20e5b req-eac37e24-c20d-453e-98ce-8c4236c20e5b ] Request (ServerAddressesTestJSON:setUpClass): 200 GET http://10.180.1.21/compute/v2.1/servers/9a5b673c-e771-4471-938e-8ab8faf4d0c1 0.069s
2024-12-12 16:17:24.967 66665 INFO tempest.lib.common.rest_client [req-fabef7b6-0635-4435-a2ff-b76d83c56f54 req-fabef7b6-0635-4435-a2ff-b76d83c56f54 ] Request (ServerDiagnosticsNegativeTest:tearDownClass): 200 GET http://10.180.1.21/compute/v2.1/servers/e10fdba9-c79d-46ea-a877-89a4fbb1c9ae 0.069s
2024-12-12 16:17:24.987 66677 INFO tempest.lib.common.rest_client [req-ea5bb8e7-20d3-4a97-a1de-937466604123 req-ea5bb8e7-20d3-4a97-a1de-937466604123 ] Request (ServersTestMultiNic:_run_cleanups): 404 GET http://10.180.1.21/compute/v2.1/servers/2c511398-2d78-4429-8ed6-11af0e7a859f 0.031s
2024-12-12 16:17:24.994 66689 INFO tempest.lib.common.rest_client [req-5f1503dc-bd4f-4c5c-b6f3-c129600f3c71 req-5f1503dc-bd4f-4c5c-b6f3-c129600f3c71 ] Request (ImagesOneServerTestJSON:test_create_delete_image): 200 GET http://10.180.1.21/compute/v2.1/images/045cb82f-f232-4da0-96c7-21044ed127e7 0.064s
2024-12-12 16:17:25.116 66667 INFO tempest.lib.common.rest_client [req-9b678f90-4065-4700-a5ac-dd396e0af5bc req-9b678f90-4065-4700-a5ac-dd396e0af5bc ] Request (ServersTestManualDisk:setUpClass): 200 GET http://10.180.1.21/compute/v2.1/servers/a53c2f1e-656d-4ed3-ac20-187b30046701 0.068s
2024-12-12 16:17:25.137 66677 INFO tempest.lib.common.rest_client [req-a0c321e8-9284-4526-b7bc-65fd27a8b737 req-a0c321e8-9284-4526-b7bc-65fd27a8b737 ] Request (ServersTestMultiNic:_run_cleanups): 204 DELETE http://10.180.1.21:9696/networking/v2.0/subnets/ca0246df-97d1-47ec-9847-b609a4249831 0.149s
2024-12-12 16:17:25.164 66651 INFO tempest.lib.common.rest_client [req-82156f59-7885-4d2c-b946-82867eaa0d96 req-82156f59-7885-4d2c-b946-82867eaa0d96 ] Request (ServersWithSpecificFlavorTestJSON:test_verify_created_server_ephemeral_disk): 200 GET http://10.180.1.21/compute/v2.1/servers/1a60dd50-c805-401b-8574-a11eebc105c6 0.057s
