2024-12-12 16:16:37.971 66653 INFO tempest.lib.common.dynamic_creds [-] Acquired dynamic creds: credentials: Credentials: {'domain_id': 'default', 'domain_name': 'Default', 'username': 'tempest-ServerAddressesTestJSON-1954035394-project-member', 'project_domain_id': 'default', 'project_domain_name': 'Default', 'project_id': '6fac8caa0ece4ed9b2544764d985a5d5', 'project_name': 'tempest-ServerAddressesTestJSON-1954035394', 'tenant_id': '6fac8caa0ece4ed9b2544764d985a5d5', 'tenant_name': 'tempest-ServerAddressesTestJSON-1954035394', 'user_domain_id': 'default', 'user_domain_name': 'Default', 'user_id': 'b165b0841eb547b29dd8c9889ea2bbb8', 'system': None}, Network: None, Subnet: None, Router: None
2024-12-12 16:16:37.983 66691 INFO tempest.lib.common.rest_client [req-ce1bf604-ca6f-47bc-ae7a-48b0ca66944f req-ce1bf604-ca6f-47bc-ae7a-48b0ca66944f ] Request (ImagesNegativeTestJSON:test_create_image_from_deleted_server): 200 GET http://10.180.1.21/compute/v2.1/servers/ae89e3c7-9a42-422e-932b-664620b00ad9 1.219s
2024-12-12 16:16:37.990 66659 INFO tempest.lib.common.rest_client [req-0b3d3d91-7ee5-4a5f-8648-db718ee63bea req-0b3d3d91-7ee5-4a5f-8648-db718ee63bea ] Request (QuotasAdminTestV236:_run_cleanups): 204 DELETE http://10.180.1.21/identity/v3/users/fd22674bfee941ea9dd30c64fb126a8d 0.099s
2024-12-12 16:16:37.992 66691 INFO tempest.common.waiters [-] State transition "ACTIVE/deleting" ==> "DELETED/None" after 2 second wait
2024-12-12 16:16:38.017 66645 INFO tempest.lib.common.rest_client [req-0b1f6822-c72b-4592-8793-6e0f9c3b6051 req-0b1f6822-c72b-4592-8793-6e0f9c3b6051 ] Request (ServerAddressesNegativeTestJSON:setUpClass): 200 GET http://10.180.1.21/compute/v2.1/servers/61b0c495-6d81-4912-899b-0134798ebe29 1.215s
2024-12-12 16:16:38.038 66653 INFO tempest.lib.common.rest_client [req-1665f84f-72db-4c74-9f48-b1a412887641 req-1665f84f-72db-4c74-9f48-b1a412887641 ] Request (ServerAddressesTestJSON:setUpClass): 201 POST http://10.180.1.21/identity/v3/auth/tokens 0.067s
2024-12-12 16:16:38.058 66689 INFO tempest.lib.common.rest_client [req-c033801a-f35c-4c52-8d9d-7d16b5d00195 req-c033801a-f35c-4c52-8d9d-7d16b5d00195 ] Request (ImagesOneServerTestJSON:setUpClass): 200 GET http://10.180.1.21/compute/v2.1/servers/c9d87160-1c3d-42fe-82c9-79aa1a55c528 1.192s
2024-12-12 16:16:38.065 66655 INFO tempest.lib.common.rest_client [req-e513b58c-b8a9-40d4-9451-c495492ff51c req-e513b58c-b8a9-40d4-9451-c495492ff51c ] Request (FloatingIPsAssociationTestJSON:setUpClass): 201 POST http://10.180.1.21:9696/networking/v2.0/routers 1.248s
2024-12-12 16:16:38.087 66679 INFO tempest.lib.common.rest_client [req-bbfa0ae0-eff9-4d59-b96f-f6e843034f25 req-bbfa0ae0-eff9-4d59-b96f-f6e843034f25 ] Request (AttachInterfacesTestJSON:test_create_list_show_delete_interfaces_by_fixed_ip): 200 GET http://10.180.1.21/compute/v2.1/servers/c03e0144-3013-4e88-a081-dd16264dba16 1.220s
2024-12-12 16:16:38.141 66663 INFO tempest.lib.common.rest_client [req-92395db4-d9dc-4732-8fb4-5c79577a5be7 req-92395db4-d9dc-4732-8fb4-5c79577a5be7 ] Request (SecurityGroupsTestJSON:test_list_security_groups_by_server): 200 GET http://10.180.1.21/compute/v2.1/servers/ad1900e7-8bd9-452f-b98d-edf376b50460 1.221s
2024-12-12 16:16:38.156 66659 INFO tempest.lib.common.rest_client [req-19324985-17d8-4b8b-a3bc-fffc215f130f req-19324985-17d8-4b8b-a3bc-fffc215f130f ] Request (QuotasAdminTestV236:_run_cleanups): 204 DELETE http://10.180.1.21/identity/v3/projects/8066de5f9ff1499fb91d91bcc021dc19 0.163s
2024-12-12 16:16:38.290 66659 INFO tempest.lib.common.rest_client [req-2ce07fc1-ddc3-4b01-813f-5669ffa1b294 req-2ce07fc1-ddc3-4b01-813f-5669ffa1b294 ] Request (QuotasAdminTestV236:tearDownClass): 204 DELETE http://10.180.1.21/identity/v3/users/ece0feb81c3e47909e89114fd0f201ad 0.131s
2024-12-12 16:16:38.310 66643 INFO tempest.lib.common.rest_client [req-11ba7472-9c60-4216-8b4c-503ae29f3423 req-11ba7472-9c60-4216-8b4c-503ae29f3423 ] Request (VolumesAdminNegativeTest:test_update_attached_volume_with_nonexistent_volume_in_body): 200 GET http://10.180.1.21/compute/v2.1/servers/2286eeaf-825f-4357-815c-f0574a39c03d 1.278s
2024-12-12 16:16:38.320 66643 INFO tempest.common.waiters [-] State transition "BUILD/spawning" ==> "ACTIVE/None" after 23 second wait
2024-12-12 16:16:38.327 66647 INFO tempest.lib.common.rest_client [req-2a87bad1-38a2-4f00-8cc0-b7cb1a7fd78f req-2a87bad1-38a2-4f00-8cc0-b7cb1a7fd78f ] Request (FlavorsAdminTestJSON:_run_cleanups): 200 GET http://10.180.1.21/compute/v2.1/flavors/detail 1.199s
2024-12-12 16:16:38.368 66699 INFO tempest.lib.common.rest_client [req-d9faf5a4-ef8b-4de5-9116-a950aac276d4 req-d9faf5a4-ef8b-4de5-9116-a950aac276d4 ] Request (KeyPairsV22TestJSON:test_keypairsv22_create_list_show): 201 POST http://10.180.1.21/compute/v2.1/os-keypairs 1.218s
2024-12-12 16:16:38.419 66653 INFO tempest.lib.common.rest_client [req-80dc18f6-2a42-40de-bf51-45267dba4d89 req-80dc18f6-2a42-40de-bf51-45267dba4d89 ] Request (ServerAddressesTestJSON:setUpClass): 201 POST http://10.180.1.21:9696/networking/v2.0/networks 0.380s
2024-12-12 16:16:38.426 66659 INFO tempest.lib.common.rest_client [req-05322a50-55a3-4636-8c3b-ec4217c77a35 req-05322a50-55a3-4636-8c3b-ec4217c77a35 ] Request (QuotasAdminTestV236:tearDownClass): 204 DELETE http://10.180.1.21/identity/v3/users/7b5e68438efc42f8bc99bc8bbe591d4d 0.136s
2024-12-12 16:16:38.426 66659 INFO tempest.lib.common.dynamic_creds [-] Deleting project and security group for project: 1e0f5b0701fd4bda8e641893e10e26b2
2024-12-12 16:16:38.490 66659 INFO tempest.lib.common.rest_client [req-55ec7a1e-6b3d-4d91-b5e6-486fc7279f98 req-55ec7a1e-6b3d-4d91-b5e6-486fc7279f98 ] Request (QuotasAdminTestV236:tearDownClass): 201 POST http://10.180.1.21/identity/v3/auth/tokens 0.063s
2024-12-12 16:16:38.546 66665 INFO tempest.lib.common.rest_client [req-eeb2d25c-1156-4265-a68b-cb504e11ffd9 req-eeb2d25c-1156-4265-a68b-cb504e11ffd9 ] Request (ServerDiagnosticsNegativeTest:test_get_server_diagnostics_by_non_admin): 200 GET http://10.180.1.21/compute/v2.1/servers/e10fdba9-c79d-46ea-a877-89a4fbb1c9ae 1.368s
2024-12-12 16:16:38.696 66701 INFO tempest.lib.common.rest_client [req-ace2d641-65d5-41b9-bd55-e043a3cc281b req-ace2d641-65d5-41b9-bd55-e043a3cc281b ] Request (VolumesAssistedSnapshotsTest:test_volume_assisted_snapshot_create_delete): 200 GET http://10.180.1.21/compute/v2.1/servers/8be5b047-ec18-42b4-b8ee-8e5a098338da 1.517s
2024-12-12 16:16:38.699 66653 INFO tempest.lib.common.rest_client [req-c2bd0660-0886-495d-bf96-1e47cef39499 req-c2bd0660-0886-495d-bf96-1e47cef39499 ] Request (ServerAddressesTestJSON:setUpClass): 201 POST http://10.180.1.21:9696/networking/v2.0/subnets 0.278s
2024-12-12 16:16:38.703 66701 INFO tempest.common.waiters [-] State transition "BUILD/spawning" ==> "ACTIVE/None" after 24 second wait
2024-12-12 16:16:38.764 66683 INFO tempest.lib.common.rest_client [req-586931a3-9c47-45ed-b8e8-c88dc4263463 req-586931a3-9c47-45ed-b8e8-c88dc4263463 ] Request (ServersAdmin275Test:test_rebuild_update_server_275): 200 GET http://10.180.1.21/compute/v2.1/servers/0e4e5883-6f92-4124-b591-6bb04f27b764 1.477s
2024-12-12 16:16:38.821 66659 INFO tempest.lib.common.rest_client [req-f1213602-a107-4043-8d28-21d3fe6527ec req-f1213602-a107-4043-8d28-21d3fe6527ec ] Request (QuotasAdminTestV236:tearDownClass): 200 GET http://10.180.1.21:9696/networking/v2.0/security-groups?tenant_id=1e0f5b0701fd4bda8e641893e10e26b2&name=default 0.330s
2024-12-12 16:16:38.826 66675 INFO tempest.lib.common.rest_client [req-0a0c6596-bf9e-48cd-92b7-9328da0ddcf1 req-0a0c6596-bf9e-48cd-92b7-9328da0ddcf1 ] Request (ListImageFiltersTestJSON:setUpClass): 200 GET http://10.180.1.21/compute/v2.1/servers/93a8a81f-866c-42fa-9eaf-7f8d5d28112b 1.373s
2024-12-12 16:16:38.834 66675 INFO tempest.common.waiters [-] State transition "BUILD/scheduling" ==> "BUILD/None" after 7 second wait
2024-12-12 16:16:38.893 66667 INFO tempest.lib.common.rest_client [req-00231318-5173-49c3-8179-a7ad154f81eb req-00231318-5173-49c3-8179-a7ad154f81eb ] Request (ServersTestManualDisk:setUpClass): 200 GET http://10.180.1.21/compute/v2.1/servers/a53c2f1e-656d-4ed3-ac20-187b30046701 1.386s
2024-12-12 16:16:38.942 66703 INFO tempest.lib.common.rest_client [req-28086aff-c25a-4586-af4e-e5d0eecb6ad2 req-28086aff-c25a-4586-af4e-e5d0eecb6ad2 ] Request (FloatingIPsTestJSON:test_delete_floating_ip): 202 DELETE http://10.180.1.21/compute/v2.1/os-floating-ips/3dc1060d-faba-4504-9304-7b8f31cacb29 1.836s
2024-12-12 16:16:38.961 66673 INFO tempest.lib.common.rest_client [req-4ca3ce95-1f4b-48ec-8848-8a64fa17dec1 req-4ca3ce95-1f4b-48ec-8848-8a64fa17dec1 ] Request (ServersV294TestFqdnHostnames:setUpClass): 200 GET http://10.180.1.21/compute/v2.1/servers/fcb5f3ef-6b11-41e5-936a-a6e658e957ce 1.397s
2024-12-12 16:16:38.981 66659 INFO tempest.lib.common.rest_client [req-74518fb3-bf1e-4c8e-a40f-425865c9f1df req-74518fb3-bf1e-4c8e-a40f-425865c9f1df ] Request (QuotasAdminTestV236:tearDownClass): 204 DELETE http://10.180.1.21:9696/networking/v2.0/security-groups/285b2465-a096-4b70-95c6-1f33bc5cc809 0.160s
2024-12-12 16:16:38.987 66651 INFO tempest.lib.common.rest_client [req-013efaee-5b17-4a5b-a4cd-d33aaf73179c req-013efaee-5b17-4a5b-a4cd-d33aaf73179c ] Request (AggregatesAdminNegativeTestJSON:_run_cleanups): 200 DELETE http://10.180.1.21/compute/v2.1/os-aggregates/6 1.327s
2024-12-12 16:16:39.007 66693 INFO tempest.lib.common.rest_client [req-06a9bfdd-f7a4-4012-9529-0b803b4a4167 req-06a9bfdd-f7a4-4012-9529-0b803b4a4167 ] Request (ServicesAdminNegativeTestJSON:test_get_service_with_valid_service_and_invalid_host): 200 GET http://10.180.1.21/compute/v2.1/os-services 1.322s
2024-12-12 16:16:39.008 66671 INFO tempest.lib.common.rest_client [req-59042641-a1f8-4911-9899-ee29916f2af6 req-59042641-a1f8-4911-9899-ee29916f2af6 ] Request (DeleteServersAdminTestJSON:test_delete_server_while_in_error_state): 200 GET http://10.180.1.21/compute/v2.1/servers/cfbb2227-ae18-45db-97d9-c3149d6b6f4b 1.359s
2024-12-12 16:16:39.073 66659 INFO tempest.lib.common.rest_client [req-cca8d6ff-7cc3-43b5-a056-53a1d56cd3db req-cca8d6ff-7cc3-43b5-a056-53a1d56cd3db ] Request (QuotasAdminTestV236:tearDownClass): 204 DELETE http://10.180.1.21/identity/v3/projects/1e0f5b0701fd4bda8e641893e10e26b2 0.091s
2024-12-12 16:16:39.073 66659 INFO tempest.lib.common.dynamic_creds [-] Deleting project and security group for project: 154d3e9a325c4132913af4d5c99a2762
2024-12-12 16:16:39.079 66661 INFO tempest.lib.common.rest_client [req-da6e7c13-eb06-43bf-9303-8395640c730c req-da6e7c13-eb06-43bf-9303-8395640c730c ] Request (ListServersNegativeTestJSON:setUpClass): 200 GET http://10.180.1.21/compute/v2.1/servers/05ee70b5-acc1-485d-81c1-500c451283de 1.336s
2024-12-12 16:16:39.091 66685 INFO tempest.lib.common.rest_client [req-19c76665-dcdd-4722-904d-339e93102b46 req-19c76665-dcdd-4722-904d-339e93102b46 ] Request (ServerMetadataNegativeTestJSON:test_list_server_metadata_non_existent_server): 404 GET http://10.180.1.21/compute/v2.1/servers/6a217385-8437-430f-b5f0-6f7c8fe8ed3b/metadata 1.226s
2024-12-12 16:16:39.309 66659 INFO tempest.lib.common.rest_client [req-4761adb5-58ed-46a5-a498-9529324adc60 req-4761adb5-58ed-46a5-a498-9529324adc60 ] Request (QuotasAdminTestV236:tearDownClass): 200 GET http://10.180.1.21:9696/networking/v2.0/security-groups?tenant_id=154d3e9a325c4132913af4d5c99a2762&name=default 0.235s
2024-12-12 16:16:39.444 66697 INFO tempest.lib.common.rest_client [req-8a938206-7e22-4662-bd21-9af409275268 req-8a938206-7e22-4662-bd21-9af409275268 ] Request (MigrationsAdminTest:test_list_migrations_in_flavor_resize_situation): 200 GET http://10.180.1.21/compute/v2.1/servers/4ab55729-9afe-4d71-ac5b-2e18a5b3f818 1.503s
2024-12-12 16:16:39.503 66659 INFO tempest.lib.common.rest_client [req-f1646c50-26ed-42ff-bf0e-34c9ef61d5e0 req-f1646c50-26ed-42ff-bf0e-34c9ef61d5e0 ] Request (QuotasAdminTestV236:tearDownClass): 204 DELETE http://10.180.1.21:9696/networking/v2.0/security-groups/8597c51a-21b9-454b-9090-753c63ac5218 0.193s
2024-12-12 16:16:39.524 66641 INFO tempest.lib.common.rest_client [req-1548f133-c0b0-4552-8543-1e20b33abf1f req-1548f133-c0b0-4552-8543-1e20b33abf1f ] Request (ServerDiagnosticsTest:test_get_server_diagnostics): 202 POST http://10.180.1.21/compute/v2.1/servers 1.686s
2024-12-12 16:16:39.527 66657 INFO tempest.lib.common.rest_client [req-e12581ba-e569-460a-bd1b-b13224ba3188 req-e12581ba-e569-460a-bd1b-b13224ba3188 ] Request (ServerExternalEventsTest:tearDownClass): 200 GET http://10.180.1.21/compute/v2.1/servers/e6690a1d-418c-4c62-9853-2cf0fefbf163 1.283s
2024-12-12 16:16:39.553 66647 INFO tempest.lib.common.rest_client [req-9c91c933-9455-4cdc-b8f9-3ce397895fef req-9c91c933-9455-4cdc-b8f9-3ce397895fef ] Request (FlavorsAdminTestJSON:test_is_public_string_variations): 200 POST http://10.180.1.21/compute/v2.1/flavors 1.217s
2024-12-12 16:16:39.563 66699 INFO tempest.lib.common.rest_client [req-f7d9ecf6-37cb-4b84-a033-619e7ab9aa04 req-f7d9ecf6-37cb-4b84-a033-619e7ab9aa04 ] Request (KeyPairsV22TestJSON:test_keypairsv22_create_list_show): 200 GET http://10.180.1.21/compute/v2.1/os-keypairs/tempest-keypair-878316403 1.192s
2024-12-12 16:16:39.623 66659 INFO tempest.lib.common.rest_client [req-697c15bb-a0c7-48b7-a6a6-75811b4972e3 req-697c15bb-a0c7-48b7-a6a6-75811b4972e3 ] Request (QuotasAdminTestV236:tearDownClass): 204 DELETE http://10.180.1.21/identity/v3/projects/154d3e9a325c4132913af4d5c99a2762 0.119s
2024-12-12 16:16:39.694 66643 INFO tempest.lib.common.rest_client [req-25d8ff29-3640-4d4e-ba46-eccbe1d847a6 req-25d8ff29-3640-4d4e-ba46-eccbe1d847a6 ] Request (VolumesAdminNegativeTest:test_update_attached_volume_with_nonexistent_volume_in_body): 200 GET http://10.180.1.21/compute/v2.1/servers/2286eeaf-825f-4357-815c-f0574a39c03d/os-interface 1.374s
2024-12-12 16:16:39.719 66655 INFO tempest.lib.common.rest_client [req-7180c1c1-4297-4627-86ff-e1a085ccb19e req-7180c1c1-4297-4627-86ff-e1a085ccb19e ] Request (FloatingIPsAssociationTestJSON:setUpClass): 200 PUT http://10.180.1.21:9696/networking/v2.0/routers/191d2e00-e70e-4dde-8a44-58bad502ff8e/add_router_interface 1.653s
2024-12-12 16:16:39.719 66655 INFO tempest.lib.common.dynamic_creds [-] Created isolated network resources for: credentials: Credentials: {'domain_id': 'default', 'domain_name': 'Default', 'username': 'tempest-FloatingIPsAssociationTestJSON-233253056-project-member', 'project_domain_id': 'default', 'project_domain_name': 'Default', 'project_id': 'fc40192e9e504f82b21fe4ea9f082f0f', 'project_name': 'tempest-FloatingIPsAssociationTestJSON-233253056', 'tenant_id': 'fc40192e9e504f82b21fe4ea9f082f0f', 'tenant_name': 'tempest-FloatingIPsAssociationTestJSON-233253056', 'user_domain_id': 'default', 'user_domain_name': 'Default', 'user_id': '202d70cee4064a3b8fbf38c5e166e76d', 'system': None}, Network: {'id': '6073e94f-d64a-4868-884a-8ba4aca17fa4', 'name': 'tempest-FloatingIPsAssociationTestJSON-74545478-network', 'tenant_id': 'fc40192e9e504f82b21fe4ea9f082f0f', 'admin_state_up': True, 'mtu': 8950, 'status': 'ACTIVE', 'subnets': [], 'shared': False, 'project_id': 'fc40192e9e504f82b21fe4ea9f082f0f', 'port_security_enabled': True, 'router:external': False, 'provider:network_type': 'vlan', 'provider:physical_network': 'default', 'provider:segmentation_id': 772, 'availability_zone_hints': [], 'availability_zones': [], 'ipv4_address_scope': None, 'ipv6_address_scope': None, 'description': '', 'tags': [], 'created_at': '2024-12-12T16:16:36Z', 'updated_at': '2024-12-12T16:16:36Z', 'revision_number': 1}, Subnet: {'id': 'a6b98507-af0a-498e-9588-c6681ea101d7', 'name': 'tempest-FloatingIPsAssociationTestJSON-74545478-subnet', 'tenant_id': 'fc40192e9e504f82b21fe4ea9f082f0f', 'network_id': '6073e94f-d64a-4868-884a-8ba4aca17fa4', 'ip_version': 4, 'subnetpool_id': None, 'enable_dhcp': True, 'ipv6_ra_mode': None, 'ipv6_address_mode': None, 'gateway_ip': '192.168.128.1', 'cidr': '192.168.128.0/28', 'allocation_pools': [{'start': '192.168.128.2', 'end': '192.168.128.14'}], 'host_routes': [], 'dns_nameservers': [], 'description': '', 'router:external': False, 'service_types': [], 'tags': [], 'created_at': '2024-12-12T16:16:36Z', 'updated_at': '2024-12-12T16:16:36Z', 'revision_number': 0, 'project_id': 'fc40192e9e504f82b21fe4ea9f082f0f'}, Router: {'id': '191d2e00-e70e-4dde-8a44-58bad502ff8e', 'name': 'tempest-FloatingIPsAssociationTestJSON-74545478-router', 'tenant_id': 'fc40192e9e504f82b21fe4ea9f082f0f', 'admin_state_up': True, 'status': 'ACTIVE', 'external_gateway_info': {'network_id': '59749fde-f8c3-4e20-821e-ae395fcd08ad', 'external_fixed_ips': [{'subnet_id': '44807d7b-01e7-4036-8748-489af1cc75be', 'ip_address': '10.180.180.136'}], 'enable_snat': True}, 'description': '', 'availability_zones': [], 'distributed': False, 'ha': False, 'availability_zone_hints': [], 'routes': [], 'flavor_id': None, 'tags': [], 'created_at': '2024-12-12T16:16:36Z', 'updated_at': '2024-12-12T16:16:37Z', 'revision_number': 2, 'project_id': 'fc40192e9e504f82b21fe4ea9f082f0f'}
2024-12-12 16:16:39.726 66677 INFO tempest.lib.common.rest_client [req-ef3b6925-a28b-4943-a89f-f1297723b15d req-ef3b6925-a28b-4943-a89f-f1297723b15d ] Request (ServersTestMultiNic:test_verify_duplicate_network_nics): 200 GET http://10.180.1.21/compute/v2.1/servers/2c511398-2d78-4429-8ed6-11af0e7a859f 1.240s
2024-12-12 16:16:39.726 66659 INFO tempest.lib.common.rest_client [req-e91a9de7-0a4a-44d9-8c19-973e5076b793 req-e91a9de7-0a4a-44d9-8c19-973e5076b793 ] Request (VolumesTestJSON:setUpClass): 201 POST http://10.180.1.21/identity/v3/auth/tokens 0.101s
2024-12-12 16:16:39.765 66659 INFO tempest.lib.common.rest_client [req-1e9d0ba2-f6a7-43d5-a0e2-a4628a0851ce req-1e9d0ba2-f6a7-43d5-a0e2-a4628a0851ce ] Request (VolumesTestJSON:setUpClass): 201 POST http://10.180.1.21/identity/v3/auth/tokens 0.036s
2024-12-12 16:16:39.786 66687 INFO tempest.lib.common.rest_client [req-d35edc73-dc11-4d61-870e-65029a934371 req-d35edc73-dc11-4d61-870e-65029a934371 ] Request (ServersAdminTestJSON:test_create_server_with_scheduling_hint): 200 GET http://10.180.1.21/compute/v2.1/servers/44c01052-a741-4c21-9bb9-c8b808f2c4ad 1.236s
2024-12-12 16:16:39.801 66659 INFO tempest.lib.common.rest_client [req-b70149ad-9677-41e5-8007-95ab3bb64947 req-b70149ad-9677-41e5-8007-95ab3bb64947 ] Request (VolumesTestJSON:setUpClass): 200 GET http://10.180.1.21/identity/v3/domains?name=Default 0.035s
2024-12-12 16:16:39.834 66655 INFO tempest.lib.common.rest_client [req-ba598cf2-a3a1-4c10-9abe-1102ad51487f req-ba598cf2-a3a1-4c10-9abe-1102ad51487f ] Request (FloatingIPsAssociationTestJSON:setUpClass): 201 POST http://10.180.1.21/identity/v3/auth/tokens 0.110s
2024-12-12 16:16:39.835 66649 INFO tempest.lib.common.rest_client [req-df039005-18b2-4f0f-8089-81a3c39d983f req-df039005-18b2-4f0f-8089-81a3c39d983f ] Request (ServersListShow296Test:tearDownClass): 200 GET http://10.180.1.21/compute/v2.1/servers/572c9851-44eb-45ef-b824-84faff6df379 1.167s
2024-12-12 16:16:39.840 66659 INFO tempest.lib.common.rest_client [req-ff4e7e1f-e5bd-48b2-80a7-84a5d80bdd3e req-ff4e7e1f-e5bd-48b2-80a7-84a5d80bdd3e ] Request (VolumesTestJSON:setUpClass): 201 POST http://10.180.1.21/identity/v3/projects 0.037s
2024-12-12 16:16:39.895 66701 INFO tempest.lib.common.rest_client [req-b0600fb0-4578-4934-bcf6-9f4ad501150d req-b0600fb0-4578-4934-bcf6-9f4ad501150d ] Request (VolumesAssistedSnapshotsTest:test_volume_assisted_snapshot_create_delete): 200 GET http://10.180.1.21/compute/v2.1/servers/8be5b047-ec18-42b4-b8ee-8e5a098338da/os-interface 1.191s
2024-12-12 16:16:39.902 66655 INFO tempest.lib.common.rest_client [req-1971a752-be7a-4e86-aaad-5d8f8103c725 req-1971a752-be7a-4e86-aaad-5d8f8103c725 ] Request (FloatingIPsAssociationTestJSON:setUpClass): 201 POST http://10.180.1.21/identity/v3/auth/tokens 0.063s
2024-12-12 16:16:39.903 66655 INFO tempest.lib.common.fixed_network [-] (FloatingIPsAssociationTestJSON:setUpClass) Found network {'id': '6073e94f-d64a-4868-884a-8ba4aca17fa4', 'name': 'tempest-FloatingIPsAssociationTestJSON-74545478-network', 'tenant_id': 'fc40192e9e504f82b21fe4ea9f082f0f', 'admin_state_up': True, 'mtu': 8950, 'status': 'ACTIVE', 'subnets': [], 'shared': False, 'project_id': 'fc40192e9e504f82b21fe4ea9f082f0f', 'port_security_enabled': True, 'router:external': False, 'provider:network_type': 'vlan', 'provider:physical_network': 'default', 'provider:segmentation_id': 772, 'availability_zone_hints': [], 'availability_zones': [], 'ipv4_address_scope': None, 'ipv6_address_scope': None, 'description': '', 'tags': [], 'created_at': '2024-12-12T16:16:36Z', 'updated_at': '2024-12-12T16:16:36Z', 'revision_number': 1} available for tenant
2024-12-12 16:16:39.903 66659 INFO tempest.lib.common.rest_client [req-42ca99e7-f9b1-42a6-a450-b01a274f64dc req-42ca99e7-f9b1-42a6-a450-b01a274f64dc ] Request (VolumesTestJSON:setUpClass): 201 POST http://10.180.1.21/identity/v3/users 0.062s
2024-12-12 16:16:39.921 66659 INFO tempest.lib.common.rest_client [req-3be218d9-b786-44e2-b83b-9a64110e6742 req-3be218d9-b786-44e2-b83b-9a64110e6742 ] Request (VolumesTestJSON:setUpClass): 200 GET http://10.180.1.21/identity/v3/roles 0.018s
2024-12-12 16:16:39.932 66703 INFO tempest.lib.common.rest_client [req-83003deb-a576-4a6d-89a5-e88418b65679 req-83003deb-a576-4a6d-89a5-e88418b65679 ] Request (FloatingIPsTestJSON:test_delete_floating_ip): 404 GET http://10.180.1.21/compute/v2.1/os-floating-ips/3dc1060d-faba-4504-9304-7b8f31cacb29 0.989s
2024-12-12 16:16:39.955 66659 INFO tempest.lib.common.rest_client [req-d8968186-86cd-4db4-8650-aa08c0ecb570 req-d8968186-86cd-4db4-8650-aa08c0ecb570 ] Request (VolumesTestJSON:setUpClass): 204 PUT http://10.180.1.21/identity/v3/projects/c2854a311d3e45ca84ea56e45bf277ca/users/b875dee8bc7740eea42df172bf15fa48/roles/c5c08b77e69e4304940168c1f7ab3a03 0.033s
2024-12-12 16:16:39.955 66659 INFO tempest.lib.common.dynamic_creds [-] Dynamic test user b875dee8bc7740eea42df172bf15fa48 is created with scope project and roles: ['member']
2024-12-12 16:16:39.956 66659 INFO tempest.lib.common.dynamic_creds [-] Acquired dynamic creds: credentials: Credentials: {'domain_id': 'default', 'domain_name': 'Default', 'username': 'tempest-VolumesTestJSON-1283550353-project-member', 'project_domain_id': 'default', 'project_domain_name': 'Default', 'project_id': 'c2854a311d3e45ca84ea56e45bf277ca', 'project_name': 'tempest-VolumesTestJSON-1283550353', 'tenant_id': 'c2854a311d3e45ca84ea56e45bf277ca', 'tenant_name': 'tempest-VolumesTestJSON-1283550353', 'user_domain_id': 'default', 'user_domain_name': 'Default', 'user_id': 'b875dee8bc7740eea42df172bf15fa48', 'system': None}, Network: None, Subnet: None, Router: None
2024-12-12 16:16:39.956 66659 INFO tempest.lib.common.dynamic_creds [-] Created isolated network resources for: credentials: Credentials: {'domain_id': 'default', 'domain_name': 'Default', 'username': 'tempest-VolumesTestJSON-1283550353-project-member', 'project_domain_id': 'default', 'project_domain_name': 'Default', 'project_id': 'c2854a311d3e45ca84ea56e45bf277ca', 'project_name': 'tempest-VolumesTestJSON-1283550353', 'tenant_id': 'c2854a311d3e45ca84ea56e45bf277ca', 'tenant_name': 'tempest-VolumesTestJSON-1283550353', 'user_domain_id': 'default', 'user_domain_name': 'Default', 'user_id': 'b875dee8bc7740eea42df172bf15fa48', 'system': None}, Network: None, Subnet: None, Router: None
2024-12-12 16:16:40.002 66669 INFO tempest.lib.common.rest_client [req-0cdd57a5-a9c5-464f-87d0-c67c5c07fe5b req-0cdd57a5-a9c5-464f-87d0-c67c5c07fe5b ] Request (ServerDiagnosticsV248Test:tearDownClass): 200 GET http://10.180.1.21/compute/v2.1/servers/8ef0782f-d13b-4d80-a9e0-5c96c1b65a7f 1.041s
2024-12-12 16:16:40.014 66651 INFO tempest.lib.common.rest_client [req-6cde5724-671c-45df-ad63-4563f1d7ff34 req-6cde5724-671c-45df-ad63-4563f1d7ff34 ] Request (AggregatesAdminNegativeTestJSON:test_aggregate_get_details_with_invalid_id): 404 GET http://10.180.1.21/compute/v2.1/os-aggregates/-1 1.024s
2024-12-12 16:16:40.030 66653 INFO tempest.lib.common.rest_client [req-951f7495-906e-4cf4-86de-eaf48c1a7d20 req-951f7495-906e-4cf4-86de-eaf48c1a7d20 ] Request (ServerAddressesTestJSON:setUpClass): 201 POST http://10.180.1.21:9696/networking/v2.0/routers 1.331s
2024-12-12 16:16:40.051 66659 INFO tempest.lib.common.rest_client [req-386909a7-2263-4d36-b017-ddbd8f517be3 req-386909a7-2263-4d36-b017-ddbd8f517be3 ] Request (VolumesTestJSON:setUpClass): 201 POST http://10.180.1.21/identity/v3/auth/tokens 0.089s
2024-12-12 16:16:40.100 66681 INFO tempest.lib.common.rest_client [req-ebfe7cff-7853-44ae-b89e-d77532a979b5 req-ebfe7cff-7853-44ae-b89e-d77532a979b5 ] Request (ServerGroupTestJSON:test_create_server_with_scheduler_hint_group): 200 GET http://10.180.1.21/compute/v2.1/servers/3f723291-835f-4356-9eb2-40b8518a7008 1.239s
2024-12-12 16:16:40.107 66691 INFO tempest.lib.common.rest_client [req-3ddcf3d0-5c78-4c4a-ba42-80d9c95b7241 req-3ddcf3d0-5c78-4c4a-ba42-80d9c95b7241 ] Request (ImagesNegativeTestJSON:test_create_image_from_deleted_server): 200 GET http://10.180.1.21/compute/v2.1/servers/ae89e3c7-9a42-422e-932b-664620b00ad9 1.114s
2024-12-12 16:16:40.126 66693 INFO tempest.lib.common.rest_client [req-2ab2cac8-6471-4cb7-8bda-59444881108d req-2ab2cac8-6471-4cb7-8bda-59444881108d ] Request (ServicesAdminNegativeTestJSON:test_get_service_with_valid_service_and_invalid_host): 200 GET http://10.180.1.21/compute/v2.1/os-services?host=xxx&binary=nova-scheduler 1.116s
2024-12-12 16:16:40.185 66645 INFO tempest.lib.common.rest_client [req-f4bf8d27-9842-4896-9410-28d76cc63132 req-f4bf8d27-9842-4896-9410-28d76cc63132 ] Request (ServerAddressesNegativeTestJSON:setUpClass): 200 GET http://10.180.1.21/compute/v2.1/servers/61b0c495-6d81-4912-899b-0134798ebe29 1.160s
2024-12-12 16:16:40.217 66689 INFO tempest.lib.common.rest_client [req-24bfe3c4-b092-463f-b7da-759b2c6ca104 req-24bfe3c4-b092-463f-b7da-759b2c6ca104 ] Request (ImagesOneServerTestJSON:setUpClass): 200 GET http://10.180.1.21/compute/v2.1/servers/c9d87160-1c3d-42fe-82c9-79aa1a55c528 1.145s
2024-12-12 16:16:40.366 66679 INFO tempest.lib.common.rest_client [req-9fdb1ca1-0209-48ab-81c3-a5f2760271e5 req-9fdb1ca1-0209-48ab-81c3-a5f2760271e5 ] Request (AttachInterfacesTestJSON:test_create_list_show_delete_interfaces_by_fixed_ip): 200 GET http://10.180.1.21/compute/v2.1/servers/c03e0144-3013-4e88-a081-dd16264dba16 1.265s
2024-12-12 16:16:40.378 66679 INFO tempest.common.waiters [-] State transition "BUILD/scheduling" ==> "BUILD/None" after 8 second wait
2024-12-12 16:16:40.401 66643 INFO tempest.lib.common.rest_client [req-de10a553-ed25-4944-9f4f-fd05dc47ceea req-de10a553-ed25-4944-9f4f-fd05dc47ceea ] Request (VolumesAdminNegativeTest:test_update_attached_volume_with_nonexistent_volume_in_body): 200 PUT http://10.180.1.21:9696/networking/v2.0/floatingips/d1a37c59-d849-431f-a1cf-be2ce45ae6d6 0.699s
2024-12-12 16:16:40.402 66685 INFO tempest.lib.common.rest_client [req-54a54049-b862-4c2c-841e-bc71a5a8c680 req-54a54049-b862-4c2c-841e-bc71a5a8c680 ] Request (ServerMetadataNegativeTestJSON:test_metadata_items_limit): 200 GET http://10.180.1.21/compute/v2.1/os-quota-sets/9b4982ce061443c882917ee2c40bf986 1.309s
2024-12-12 16:16:40.403 66643 INFO tempest.lib.common.ssh [-] Creating ssh connection to '10.180.180.232:22' as 'cirros' with public key authentication
2024-12-12 16:16:40.456 66663 INFO tempest.lib.common.rest_client [req-cbaa51ee-fdb1-4e30-8b62-7b9f067db098 req-cbaa51ee-fdb1-4e30-8b62-7b9f067db098 ] Request (SecurityGroupsTestJSON:test_list_security_groups_by_server): 200 GET http://10.180.1.21/compute/v2.1/servers/ad1900e7-8bd9-452f-b98d-edf376b50460 1.301s
2024-12-12 16:16:40.470 66641 INFO tempest.lib.common.rest_client [req-3a619144-6646-4210-a8a1-8dab748fe15c req-3a619144-6646-4210-a8a1-8dab748fe15c ] Request (ServerDiagnosticsTest:test_get_server_diagnostics): 200 GET http://10.180.1.21/compute/v2.1/servers/4ccc5f58-f12f-42f2-ad16-5465cb3b2995 0.943s
2024-12-12 16:16:40.505 66647 INFO tempest.lib.common.rest_client [req-1c27919a-5e69-4d49-b278-b1f4ac2fea8d req-1c27919a-5e69-4d49-b278-b1f4ac2fea8d ] Request (FlavorsAdminTestJSON:test_is_public_string_variations): 200 POST http://10.180.1.21/compute/v2.1/flavors 0.949s
2024-12-12 16:16:40.519 66699 INFO tempest.lib.common.rest_client [req-c8dd340d-2274-4fb3-9083-8fe783fa9c0c req-c8dd340d-2274-4fb3-9083-8fe783fa9c0c ] Request (KeyPairsV22TestJSON:test_keypairsv22_create_list_show): 200 GET http://10.180.1.21/compute/v2.1/os-keypairs 0.953s
2024-12-12 16:16:40.593 66683 INFO tempest.lib.common.rest_client [req-94420f44-d58b-4965-9a69-45145a434a5a req-94420f44-d58b-4965-9a69-45145a434a5a ] Request (ServersAdmin275Test:test_rebuild_update_server_275): 200 GET http://10.180.1.21/compute/v2.1/servers/0e4e5883-6f92-4124-b591-6bb04f27b764 0.818s
2024-12-12 16:16:40.624 66659 INFO tempest.lib.common.rest_client [req-7638be2f-75c2-4c6e-8e64-ad103f19a987 req-7638be2f-75c2-4c6e-8e64-ad103f19a987 ] Request (VolumesTestJSON:setUpClass): 202 POST http://10.180.1.21/volume/v3/volumes 0.572s
2024-12-12 16:16:40.643 66675 INFO tempest.lib.common.rest_client [req-1a468fce-8b08-4fce-bfc2-a23964f1fe16 req-1a468fce-8b08-4fce-bfc2-a23964f1fe16 ] Request (ListImageFiltersTestJSON:setUpClass): 200 GET http://10.180.1.21/compute/v2.1/servers/93a8a81f-866c-42fa-9eaf-7f8d5d28112b 0.805s
2024-12-12 16:16:40.690 66659 INFO tempest.lib.common.rest_client [req-f5a55188-f766-4168-936e-98a8ff1ab4fd req-f5a55188-f766-4168-936e-98a8ff1ab4fd ] Request (VolumesTestJSON:setUpClass): 200 GET http://10.180.1.21/volume/v3/volumes/6c268638-1c7c-426b-a0d3-37c1d38c9039 0.059s
2024-12-12 16:16:40.721 66665 INFO tempest.lib.common.rest_client [req-8389df13-ae0d-443a-9e07-9b74df68111a req-8389df13-ae0d-443a-9e07-9b74df68111a ] Request (ServerDiagnosticsNegativeTest:test_get_server_diagnostics_by_non_admin): 200 GET http://10.180.1.21/compute/v2.1/servers/e10fdba9-c79d-46ea-a877-89a4fbb1c9ae 1.167s
2024-12-12 16:16:40.999 66667 INFO tempest.lib.common.rest_client [req-09901931-d56e-4668-adbc-cb30a4df24bb req-09901931-d56e-4668-adbc-cb30a4df24bb ] Request (ServersTestManualDisk:setUpClass): 200 GET http://10.180.1.21/compute/v2.1/servers/a53c2f1e-656d-4ed3-ac20-187b30046701 1.089s
2024-12-12 16:16:41.039 66703 INFO tempest.lib.common.rest_client [req-727a1409-2e16-4e94-97af-58a1c6f1197c req-727a1409-2e16-4e94-97af-58a1c6f1197c ] Request (FloatingIPsTestJSON:_run_cleanups): 404 DELETE http://10.180.1.21/compute/v2.1/os-floating-ips/3dc1060d-faba-4504-9304-7b8f31cacb29 1.107s
2024-12-12 16:16:41.080 66655 INFO tempest.lib.common.rest_client [req-602f3a85-0820-4663-89a6-6657d9bf5040 req-602f3a85-0820-4663-89a6-6657d9bf5040 ] Request (FloatingIPsAssociationTestJSON:setUpClass): 202 POST http://10.180.1.21/compute/v2.1/servers 1.177s
2024-12-12 16:16:41.096 66651 INFO tempest.lib.common.rest_client [req-3856686f-6952-483f-9e50-8146793a57d3 req-3856686f-6952-483f-9e50-8146793a57d3 ] Request (AggregatesAdminNegativeTestJSON:test_aggregate_list_as_user): 403 GET http://10.180.1.21/compute/v2.1/os-aggregates 1.079s
2024-12-12 16:16:41.160 66671 INFO tempest.lib.common.rest_client [req-c11616de-a94c-4dd0-b3e3-03c1e9e8b3ef req-c11616de-a94c-4dd0-b3e3-03c1e9e8b3ef ] Request (DeleteServersAdminTestJSON:test_delete_server_while_in_error_state): 200 GET http://10.180.1.21/compute/v2.1/servers/cfbb2227-ae18-45db-97d9-c3149d6b6f4b 1.142s
2024-12-12 16:16:41.161 66673 INFO tempest.lib.common.rest_client [req-7f5ee8ad-51c9-4fcc-abbb-2955905d85bb req-7f5ee8ad-51c9-4fcc-abbb-2955905d85bb ] Request (ServersV294TestFqdnHostnames:setUpClass): 200 GET http://10.180.1.21/compute/v2.1/servers/fcb5f3ef-6b11-41e5-936a-a6e658e957ce 1.187s
2024-12-12 16:16:41.229 66661 INFO tempest.lib.common.rest_client [req-b92aab7e-e7a9-4f49-b940-dc70685daeb0 req-b92aab7e-e7a9-4f49-b940-dc70685daeb0 ] Request (ListServersNegativeTestJSON:setUpClass): 200 GET http://10.180.1.21/compute/v2.1/servers/05ee70b5-acc1-485d-81c1-500c451283de 1.138s
2024-12-12 16:16:41.249 66693 INFO tempest.lib.common.rest_client [req-739cf61f-c728-4e81-ab2c-638dd27c36af req-739cf61f-c728-4e81-ab2c-638dd27c36af ] Request (ServicesAdminNegativeTestJSON:test_list_services_with_non_admin_user): 403 GET http://10.180.1.21/compute/v2.1/os-services 1.115s
2024-12-12 16:16:41.295 66685 INFO tempest.lib.common.rest_client [req-c820e441-abf4-41c7-abfa-fbf01b23e224 req-c820e441-abf4-41c7-abfa-fbf01b23e224 ] Request (ServerMetadataNegativeTestJSON:test_metadata_items_limit): 403 PUT http://10.180.1.21/compute/v2.1/servers/0f57df28-858b-420c-b3b8-24001a81c645/metadata 0.889s
2024-12-12 16:16:41.320 66647 INFO tempest.lib.common.rest_client [req-9081f36d-a825-4d81-b098-a03675dfe4dc req-9081f36d-a825-4d81-b098-a03675dfe4dc ] Request (FlavorsAdminTestJSON:test_is_public_string_variations): 200 GET http://10.180.1.21/compute/v2.1/flavors/detail?is_public=f 0.811s
2024-12-12 16:16:41.341 66699 INFO tempest.lib.common.rest_client [req-2dbc10d5-8061-41c6-aaef-ac2bdedd600e req-2dbc10d5-8061-41c6-aaef-ac2bdedd600e ] Request (KeyPairsV22TestJSON:_run_cleanups): 204 DELETE http://10.180.1.21/compute/v2.1/os-keypairs/tempest-keypair-878316403 0.819s
2024-12-12 16:16:41.380 66693 INFO tempest.lib.common.rest_client [req-86a4cd69-9b6f-48b4-b06b-e8593efb1bb9 req-86a4cd69-9b6f-48b4-b06b-e8593efb1bb9 ] Request (ServicesAdminNegativeTestJSON:tearDownClass): 204 DELETE http://10.180.1.21/identity/v3/users/2ac78e9ae83a42e085b3c69dbc014f01 0.129s
2024-12-12 16:16:41.412 66657 INFO tempest.lib.common.rest_client [req-24fe1e87-f103-48fe-b8db-52749d88ef08 req-24fe1e87-f103-48fe-b8db-52749d88ef08 ] Request (ServerExternalEventsTest:tearDownClass): 200 GET http://10.180.1.21/compute/v2.1/servers/e6690a1d-418c-4c62-9853-2cf0fefbf163 0.874s
2024-12-12 16:16:41.472 66697 INFO tempest.lib.common.rest_client [req-d585e307-5426-4ca2-bee6-65db3a4737aa req-d585e307-5426-4ca2-bee6-65db3a4737aa ] Request (MigrationsAdminTest:test_list_migrations_in_flavor_resize_situation): 200 GET http://10.180.1.21/compute/v2.1/servers/4ab55729-9afe-4d71-ac5b-2e18a5b3f818 1.016s
2024-12-12 16:16:41.479 66697 INFO tempest.common.waiters [-] State transition "RESIZE/resize_prep" ==> "RESIZE/resize_migrating" after 17 second wait
2024-12-12 16:16:41.532 66693 INFO tempest.lib.common.rest_client [req-11d59550-f727-482c-82df-1b7ba4f9e139 req-11d59550-f727-482c-82df-1b7ba4f9e139 ] Request (ServicesAdminNegativeTestJSON:tearDownClass): 204 DELETE http://10.180.1.21/identity/v3/users/3ae5ea6768614fd8a61d79930747d9e0 0.151s
2024-12-12 16:16:41.532 66693 INFO tempest.lib.common.dynamic_creds [-] Deleting project and security group for project: d829bd6c38ed4d77a00332cae4ca6c63
2024-12-12 16:16:41.565 66687 INFO tempest.lib.common.rest_client [req-3e3100c0-1785-4e29-9254-471c52b436e6 req-3e3100c0-1785-4e29-9254-471c52b436e6 ] Request (ServersAdminTestJSON:test_create_server_with_scheduling_hint): 200 GET http://10.180.1.21/compute/v2.1/servers/44c01052-a741-4c21-9bb9-c8b808f2c4ad 0.768s
2024-12-12 16:16:41.582 66701 INFO tempest.lib.common.rest_client [req-e3441669-df50-4e07-94b3-abc5b262c9bf req-e3441669-df50-4e07-94b3-abc5b262c9bf ] Request (VolumesAssistedSnapshotsTest:test_volume_assisted_snapshot_create_delete): 200 PUT http://10.180.1.21:9696/networking/v2.0/floatingips/e41441b3-47a6-458c-8729-c57b62ec14b5 1.682s
2024-12-12 16:16:41.584 66701 INFO tempest.lib.common.ssh [-] Creating ssh connection to '10.180.180.199:22' as 'cirros' with public key authentication
2024-12-12 16:16:41.653 66693 INFO tempest.lib.common.rest_client [req-3e6402e5-ddea-40bb-b6c0-f13186fd4499 req-3e6402e5-ddea-40bb-b6c0-f13186fd4499 ] Request (ServicesAdminNegativeTestJSON:tearDownClass): 201 POST http://10.180.1.21/identity/v3/auth/tokens 0.121s
2024-12-12 16:16:41.677 66649 INFO tempest.lib.common.rest_client [req-561b8d10-3f11-4235-9065-08fa76742bbd req-561b8d10-3f11-4235-9065-08fa76742bbd ] Request (ServersListShow296Test:tearDownClass): 200 GET http://10.180.1.21/compute/v2.1/servers/572c9851-44eb-45ef-b824-84faff6df379 0.829s
2024-12-12 16:16:41.688 66677 INFO tempest.lib.common.rest_client [req-7a8278a3-7407-4cb2-a24a-9ae38771f6f2 req-7a8278a3-7407-4cb2-a24a-9ae38771f6f2 ] Request (ServersTestMultiNic:test_verify_duplicate_network_nics): 200 GET http://10.180.1.21/compute/v2.1/servers/2c511398-2d78-4429-8ed6-11af0e7a859f 0.950s
2024-12-12 16:16:41.694 66677 INFO tempest.common.waiters [-] State transition "BUILD/spawning" ==> "ACTIVE/None" after 36 second wait
2024-12-12 16:16:41.760 66659 INFO tempest.lib.common.rest_client [req-47edef8a-a3c2-4bca-98a2-22b816e4104d req-47edef8a-a3c2-4bca-98a2-22b816e4104d ] Request (VolumesTestJSON:setUpClass): 200 GET http://10.180.1.21/volume/v3/volumes/6c268638-1c7c-426b-a0d3-37c1d38c9039 0.055s
2024-12-12 16:16:41.772 66659 INFO tempest.common.waiters [-] volume 6c268638-1c7c-426b-a0d3-37c1d38c9039 reached available after waiting for 1.772510 seconds
2024-12-12 16:16:41.789 66655 INFO tempest.lib.common.rest_client [req-144e5af7-4f01-4669-8332-ca2ecc314553 req-144e5af7-4f01-4669-8332-ca2ecc314553 ] Request (FloatingIPsAssociationTestJSON:setUpClass): 200 GET http://10.180.1.21/compute/v2.1/servers/ef35db94-4dc6-4270-abd0-12c8938c4939 0.707s
2024-12-12 16:16:41.812 66669 INFO tempest.lib.common.rest_client [req-54640fc6-9486-42e8-aaee-45e9b7b49261 req-54640fc6-9486-42e8-aaee-45e9b7b49261 ] Request (ServerDiagnosticsV248Test:tearDownClass): 200 GET http://10.180.1.21/compute/v2.1/servers/8ef0782f-d13b-4d80-a9e0-5c96c1b65a7f 0.798s
2024-12-12 16:16:41.838 66651 INFO tempest.lib.common.rest_client [req-eda3c0ef-1502-4f25-be20-98dc2289fd0d req-eda3c0ef-1502-4f25-be20-98dc2289fd0d ] Request (AggregatesAdminNegativeTestJSON:test_aggregate_remove_host_as_user): 200 POST http://10.180.1.21/compute/v2.1/os-aggregates 0.740s
2024-12-12 16:16:41.931 66691 INFO tempest.lib.common.rest_client [req-d9fe0194-ba04-46de-8191-1187bf460924 req-d9fe0194-ba04-46de-8191-1187bf460924 ] Request (ImagesNegativeTestJSON:test_create_image_from_deleted_server): 200 GET http://10.180.1.21/compute/v2.1/servers/ae89e3c7-9a42-422e-932b-664620b00ad9 0.812s
2024-12-12 16:16:41.993 66645 INFO tempest.lib.common.rest_client [req-c92cd5fb-f6a9-424a-889b-7ea2c250dd30 req-c92cd5fb-f6a9-424a-889b-7ea2c250dd30 ] Request (ServerAddressesNegativeTestJSON:setUpClass): 200 GET http://10.180.1.21/compute/v2.1/servers/61b0c495-6d81-4912-899b-0134798ebe29 0.800s
2024-12-12 16:16:42.056 66689 INFO tempest.lib.common.rest_client [req-0ec6dbef-496d-4b92-9b52-8774282d49bf req-0ec6dbef-496d-4b92-9b52-8774282d49bf ] Request (ImagesOneServerTestJSON:setUpClass): 200 GET http://10.180.1.21/compute/v2.1/servers/c9d87160-1c3d-42fe-82c9-79aa1a55c528 0.816s
2024-12-12 16:16:42.067 66689 INFO tempest.common.waiters [-] State transition "BUILD/scheduling" ==> "BUILD/None" after 10 second wait
2024-12-12 16:16:42.122 66685 INFO tempest.lib.common.rest_client [req-73fb0742-007d-42ab-bfd3-b72d17076367 req-73fb0742-007d-42ab-bfd3-b72d17076367 ] Request (ServerMetadataNegativeTestJSON:test_metadata_items_limit): 403 POST http://10.180.1.21/compute/v2.1/servers/0f57df28-858b-420c-b3b8-24001a81c645/metadata 0.826s
2024-12-12 16:16:42.139 66647 INFO tempest.lib.common.rest_client [req-934930cf-95ac-497a-a51c-38f32b70a1ef req-934930cf-95ac-497a-a51c-38f32b70a1ef ] Request (FlavorsAdminTestJSON:test_is_public_string_variations): 200 GET http://10.180.1.21/compute/v2.1/flavors/detail?is_public=false 0.815s
2024-12-12 16:16:42.164 66693 INFO tempest.lib.common.rest_client [req-6ee9b319-b31c-471a-9c70-1201bffde762 req-6ee9b319-b31c-471a-9c70-1201bffde762 ] Request (ServicesAdminNegativeTestJSON:tearDownClass): 200 GET http://10.180.1.21:9696/networking/v2.0/security-groups?tenant_id=d829bd6c38ed4d77a00332cae4ca6c63&name=default 0.511s
2024-12-12 16:16:42.204 66681 INFO tempest.lib.common.rest_client [req-e2b69624-3edf-4e9a-a06e-2ea04fe4940e req-e2b69624-3edf-4e9a-a06e-2ea04fe4940e ] Request (ServerGroupTestJSON:test_create_server_with_scheduler_hint_group): 200 GET http://10.180.1.21/compute/v2.1/servers/3f723291-835f-4356-9eb2-40b8518a7008 1.093s
2024-12-12 16:16:42.207 66703 INFO tempest.lib.common.rest_client [req-84dc21a4-c257-4732-8d50-b10f06463d7e req-84dc21a4-c257-4732-8d50-b10f06463d7e ] Request (FloatingIPsTestJSON:tearDownClass): 200 PUT http://10.180.1.21:9696/networking/v2.0/routers/390d788b-80dc-4bc1-a597-9bc811518af9/remove_router_interface 1.166s
2024-12-12 16:16:42.218 66685 INFO tempest.lib.common.rest_client [req-e5831730-b2ef-42f2-a54e-997ee55f8d41 req-e5831730-b2ef-42f2-a54e-997ee55f8d41 ] Request (ServerMetadataNegativeTestJSON:test_server_create_metadata_key_too_long): 201 POST http://10.180.1.21/identity/v3/auth/tokens 0.085s
2024-12-12 16:16:42.218 66685 INFO tempest.lib.common.fixed_network [-] (ServerMetadataNegativeTestJSON:test_server_create_metadata_key_too_long) Found network {'id': '5d2494ec-857a-4c33-bc37-6267bcc42d0d', 'name': 'tempest-ServerMetadataNegativeTestJSON-669212228-network', 'tenant_id': '9b4982ce061443c882917ee2c40bf986', 'admin_state_up': True, 'mtu': 8950, 'status': 'ACTIVE', 'subnets': [], 'shared': False, 'project_id': '9b4982ce061443c882917ee2c40bf986', 'port_security_enabled': True, 'router:external': False, 'provider:network_type': 'vlan', 'provider:physical_network': 'default', 'provider:segmentation_id': 834, 'availability_zone_hints': [], 'availability_zones': [], 'ipv4_address_scope': None, 'ipv6_address_scope': None, 'description': '', 'tags': [], 'created_at': '2024-12-12T16:15:59Z', 'updated_at': '2024-12-12T16:16:00Z', 'revision_number': 1} available for tenant
2024-12-12 16:16:42.285 66679 INFO tempest.lib.common.rest_client [req-7d915975-11a3-4ccf-a0d7-f87f84d5fa4d req-7d915975-11a3-4ccf-a0d7-f87f84d5fa4d ] Request (AttachInterfacesTestJSON:test_create_list_show_delete_interfaces_by_fixed_ip): 200 GET http://10.180.1.21/compute/v2.1/servers/c03e0144-3013-4e88-a081-dd16264dba16 0.906s
2024-12-12 16:16:42.354 66663 INFO tempest.lib.common.rest_client [req-4d2b4da2-6df3-4007-8c2f-32888bcc01e8 req-4d2b4da2-6df3-4007-8c2f-32888bcc01e8 ] Request (SecurityGroupsTestJSON:test_list_security_groups_by_server): 200 GET http://10.180.1.21/compute/v2.1/servers/ad1900e7-8bd9-452f-b98d-edf376b50460 0.889s
2024-12-12 16:16:42.360 66693 INFO tempest.lib.common.rest_client [req-00613204-e0c3-4934-97c3-ef289ceb8435 req-00613204-e0c3-4934-97c3-ef289ceb8435 ] Request (ServicesAdminNegativeTestJSON:tearDownClass): 204 DELETE http://10.180.1.21:9696/networking/v2.0/security-groups/254a66b2-58ef-40f1-b7e3-a9befdb48abd 0.195s
2024-12-12 16:16:42.437 66641 INFO tempest.lib.common.rest_client [req-007a9d25-85b0-43f7-a0e5-b789c9bbc30f req-007a9d25-85b0-43f7-a0e5-b789c9bbc30f ] Request (ServerDiagnosticsTest:test_get_server_diagnostics): 200 GET http://10.180.1.21/compute/v2.1/servers/4ccc5f58-f12f-42f2-ad16-5465cb3b2995 0.954s
2024-12-12 16:16:42.483 66693 INFO tempest.lib.common.rest_client [req-d0996b6a-ab8c-44a0-a6e5-3695caaae8d6 req-d0996b6a-ab8c-44a0-a6e5-3695caaae8d6 ] Request (ServicesAdminNegativeTestJSON:tearDownClass): 204 DELETE http://10.180.1.21/identity/v3/projects/d829bd6c38ed4d77a00332cae4ca6c63 0.122s
2024-12-12 16:16:42.483 66693 INFO tempest.lib.common.dynamic_creds [-] Deleting project and security group for project: b637e1b121024bb08bf54c0dfab488eb
2024-12-12 16:16:42.557 66683 INFO tempest.lib.common.rest_client [req-e020dc78-eda1-43b6-8652-3bd51632aaf8 req-e020dc78-eda1-43b6-8652-3bd51632aaf8 ] Request (ServersAdmin275Test:test_rebuild_update_server_275): 200 GET http://10.180.1.21/compute/v2.1/servers/0e4e5883-6f92-4124-b591-6bb04f27b764 0.952s
2024-12-12 16:16:42.567 66683 INFO tempest.common.waiters [-] State transition "BUILD/spawning" ==> "ACTIVE/None" after 19 second wait
2024-12-12 16:16:42.630 66675 INFO tempest.lib.common.rest_client [req-eb2bf8ff-7216-495e-80a8-b81eaf1a507a req-eb2bf8ff-7216-495e-80a8-b81eaf1a507a ] Request (ListImageFiltersTestJSON:setUpClass): 200 GET http://10.180.1.21/compute/v2.1/servers/93a8a81f-866c-42fa-9eaf-7f8d5d28112b 0.979s
2024-12-12 16:16:42.642 66653 INFO tempest.lib.common.rest_client [req-b4eafc36-7e39-46d1-82fe-8e253e843dbf req-b4eafc36-7e39-46d1-82fe-8e253e843dbf ] Request (ServerAddressesTestJSON:setUpClass): 200 PUT http://10.180.1.21:9696/networking/v2.0/routers/a59f265f-0b66-4e40-810c-e06e97968a41/add_router_interface 2.611s
2024-12-12 16:16:42.642 66653 INFO tempest.lib.common.dynamic_creds [-] Created isolated network resources for: credentials: Credentials: {'domain_id': 'default', 'domain_name': 'Default', 'username': 'tempest-ServerAddressesTestJSON-1954035394-project-member', 'project_domain_id': 'default', 'project_domain_name': 'Default', 'project_id': '6fac8caa0ece4ed9b2544764d985a5d5', 'project_name': 'tempest-ServerAddressesTestJSON-1954035394', 'tenant_id': '6fac8caa0ece4ed9b2544764d985a5d5', 'tenant_name': 'tempest-ServerAddressesTestJSON-1954035394', 'user_domain_id': 'default', 'user_domain_name': 'Default', 'user_id': 'b165b0841eb547b29dd8c9889ea2bbb8', 'system': None}, Network: {'id': 'e74afa4d-ba37-4112-9ff5-909d40cf8918', 'name': 'tempest-ServerAddressesTestJSON-485137631-network', 'tenant_id': '6fac8caa0ece4ed9b2544764d985a5d5', 'admin_state_up': True, 'mtu': 8950, 'status': 'ACTIVE', 'subnets': [], 'shared': False, 'project_id': '6fac8caa0ece4ed9b2544764d985a5d5', 'port_security_enabled': True, 'router:external': False, 'provider:network_type': 'vlan', 'provider:physical_network': 'default', 'provider:segmentation_id': 178, 'availability_zone_hints': [], 'availability_zones': [], 'ipv4_address_scope': None, 'ipv6_address_scope': None, 'description': '', 'tags': [], 'created_at': '2024-12-12T16:16:38Z', 'updated_at': '2024-12-12T16:16:38Z', 'revision_number': 1}, Subnet: {'id': '41ca36d8-f322-40ae-945f-8f3d27c6f1b3', 'name': 'tempest-ServerAddressesTestJSON-485137631-subnet', 'tenant_id': '6fac8caa0ece4ed9b2544764d985a5d5', 'network_id': 'e74afa4d-ba37-4112-9ff5-909d40cf8918', 'ip_version': 4, 'subnetpool_id': None, 'enable_dhcp': True, 'ipv6_ra_mode': None, 'ipv6_address_mode': None, 'gateway_ip': '192.168.128.1', 'cidr': '192.168.128.0/28', 'allocation_pools': [{'start': '192.168.128.2', 'end': '192.168.128.14'}], 'host_routes': [], 'dns_nameservers': [], 'description': '', 'router:external': False, 'service_types': [], 'tags': [], 'created_at': '2024-12-12T16:16:38Z', 'updated_at': '2024-12-12T16:16:38Z', 'revision_number': 0, 'project_id': '6fac8caa0ece4ed9b2544764d985a5d5'}, Router: {'id': 'a59f265f-0b66-4e40-810c-e06e97968a41', 'name': 'tempest-ServerAddressesTestJSON-485137631-router', 'tenant_id': '6fac8caa0ece4ed9b2544764d985a5d5', 'admin_state_up': True, 'status': 'ACTIVE', 'external_gateway_info': {'network_id': '59749fde-f8c3-4e20-821e-ae395fcd08ad', 'external_fixed_ips': [{'subnet_id': '44807d7b-01e7-4036-8748-489af1cc75be', 'ip_address': '10.180.180.205'}], 'enable_snat': True}, 'description': '', 'availability_zones': [], 'distributed': False, 'ha': False, 'availability_zone_hints': [], 'routes': [], 'flavor_id': None, 'tags': [], 'created_at': '2024-12-12T16:16:38Z', 'updated_at': '2024-12-12T16:16:39Z', 'revision_number': 2, 'project_id': '6fac8caa0ece4ed9b2544764d985a5d5'}
2024-12-12 16:16:42.657 66703 INFO tempest.lib.common.rest_client [req-76b4b035-6cd6-40ad-9c56-13eb7cbafc2e req-76b4b035-6cd6-40ad-9c56-13eb7cbafc2e ] Request (FloatingIPsTestJSON:tearDownClass): 204 DELETE http://10.180.1.21:9696/networking/v2.0/routers/390d788b-80dc-4bc1-a597-9bc811518af9 0.450s
2024-12-12 16:16:42.664 66677 INFO tempest.lib.common.rest_client [req-46b3a179-1ed6-4d7b-b5da-4d8dede11e78 req-46b3a179-1ed6-4d7b-b5da-4d8dede11e78 ] Request (ServersTestMultiNic:test_verify_duplicate_network_nics): 200 GET http://10.180.1.21/compute/v2.1/servers/2c511398-2d78-4429-8ed6-11af0e7a859f/ips 0.970s
2024-12-12 16:16:42.680 66693 INFO tempest.lib.common.rest_client [req-84dbb879-700c-4511-ab1a-2cedbf703a17 req-84dbb879-700c-4511-ab1a-2cedbf703a17 ] Request (ServicesAdminNegativeTestJSON:tearDownClass): 200 GET http://10.180.1.21:9696/networking/v2.0/security-groups?tenant_id=b637e1b121024bb08bf54c0dfab488eb&name=default 0.197s
2024-12-12 16:16:42.685 66699 INFO tempest.lib.common.rest_client [req-068549cb-f91e-4365-9c13-c525355d9865 req-068549cb-f91e-4365-9c13-c525355d9865 ] Request (KeyPairsV22TestJSON:test_keypairsv22_create_list_show_with_type): 201 POST http://10.180.1.21/compute/v2.1/os-keypairs 1.343s
2024-12-12 16:16:42.770 66653 INFO tempest.lib.common.rest_client [req-c5185afe-a906-43c9-8dd5-2a7bdacd9df3 req-c5185afe-a906-43c9-8dd5-2a7bdacd9df3 ] Request (ServerAddressesTestJSON:setUpClass): 201 POST http://10.180.1.21/identity/v3/auth/tokens 0.122s
2024-12-12 16:16:42.779 66659 INFO tempest.lib.common.rest_client [req-a00a4909-24f2-4efd-b6c0-1f583ec1c0d5 req-a00a4909-24f2-4efd-b6c0-1f583ec1c0d5 ] Request (VolumesTestJSON:setUpClass): 200 GET http://10.180.1.21/compute/v2.1/os-volumes/6c268638-1c7c-426b-a0d3-37c1d38c9039 1.005s
2024-12-12 16:16:42.787 66693 INFO tempest.lib.common.rest_client [req-941371d4-413e-43f0-b763-512acd3c8364 req-941371d4-413e-43f0-b763-512acd3c8364 ] Request (ServicesAdminNegativeTestJSON:tearDownClass): 204 DELETE http://10.180.1.21:9696/networking/v2.0/security-groups/a153a443-9ccb-419f-b560-57de268cf5f9 0.106s
2024-12-12 16:16:42.807 66653 INFO tempest.lib.common.rest_client [req-37f39249-da03-4c7b-b963-a6eb9e64c589 req-37f39249-da03-4c7b-b963-a6eb9e64c589 ] Request (ServerAddressesTestJSON:setUpClass): 201 POST http://10.180.1.21/identity/v3/auth/tokens 0.033s
