2024-12-12 16:17:43.307 66641 INFO tempest.lib.common.rest_client [req-685fa817-6fb4-456b-b29c-0211b6082160 req-685fa817-6fb4-456b-b29c-0211b6082160 ] Request (ServerDiagnosticsTest:test_get_server_diagnostics): 200 GET http://10.180.1.21/compute/v2.1/servers/4ccc5f58-f12f-42f2-ad16-5465cb3b2995 0.059s
2024-12-12 16:17:43.320 66645 INFO tempest.lib.common.rest_client [req-21ca89a6-5512-4f4b-8d47-e800a6cb6be8 req-21ca89a6-5512-4f4b-8d47-e800a6cb6be8 ] Request (ServerAddressesNegativeTestJSON:tearDownClass): 200 GET http://10.180.1.21/compute/v2.1/servers/61b0c495-6d81-4912-899b-0134798ebe29 0.074s
2024-12-12 16:17:43.368 66677 INFO tempest.lib.common.rest_client [req-7b18f0ed-92f1-4e6b-86dc-56d7e6b449a9 req-7b18f0ed-92f1-4e6b-86dc-56d7e6b449a9 ] Request (ServersTestMultiNic:test_verify_multiple_nics_order): 200 GET http://10.180.1.21/compute/v2.1/servers/90e14d2c-7c5a-4eb8-80bb-1e0873e0c9bf 0.056s
2024-12-12 16:17:43.380 66695 WARNING tempest.lib.common.ssh [-] Failed to establish authenticated ssh connection to cirros@10.180.180.142 ([Errno None] Unable to connect to port 22 on 10.180.180.142). Number attempts: 9. Retry after 10 seconds.: paramiko.ssh_exception.NoValidConnectionsError: [Errno None] Unable to connect to port 22 on 10.180.180.142
2024-12-12 16:17:43.399 66661 INFO tempest.lib.common.rest_client [req-17118c12-75cc-4182-bba0-16a4b0942594 req-17118c12-75cc-4182-bba0-16a4b0942594 ] Request (ListServersNegativeTestJSON:setUpClass): 200 GET http://10.180.1.21/compute/v2.1/servers/483fd929-aae3-4c7d-a8e0-3b7a725fa0c8 0.073s
2024-12-12 16:17:43.403 66675 INFO tempest.lib.common.rest_client [req-4c5ab12e-da8c-428a-a8dc-95304e15e63c req-4c5ab12e-da8c-428a-a8dc-95304e15e63c ] Request (ListImageFiltersTestJSON:setUpClass): 200 GET http://10.180.1.21/compute/v2.1/images/796fcc08-7930-4e23-b22e-808429618055 0.052s
2024-12-12 16:17:43.448 66647 INFO tempest.lib.common.rest_client [req-d9b25118-0905-4aeb-af60-43b8866a1d71 req-d9b25118-0905-4aeb-af60-43b8866a1d71 ] Request (ServersAdminNegativeTestJSON:setUpClass): 200 GET http://10.180.1.21/compute/v2.1/servers/6a8c59b0-d6f5-4fc9-91ca-9e9fbd914f2b 0.070s
2024-12-12 16:17:43.471 66665 INFO tempest.lib.common.rest_client [req-d94f97c6-00a2-4212-bf8f-968ac7f7c216 req-d94f97c6-00a2-4212-bf8f-968ac7f7c216 ] Request (TenantUsagesTestJSON:setUpClass): 200 GET http://10.180.1.21/compute/v2.1/servers/50251391-0af4-43d7-9ecd-f0866e239a1e 0.063s
2024-12-12 16:17:43.540 66669 INFO tempest.lib.common.rest_client [req-0c6a6959-cda1-458e-a763-cd5509f806b9 req-0c6a6959-cda1-458e-a763-cd5509f806b9 ] Request (ImagesTestJSON:test_create_image_from_stopped_server): 200 GET http://10.180.1.21/compute/v2.1/servers/2ecedb08-72b9-4527-b396-da8ce3daf998 0.064s
2024-12-12 16:17:43.614 66687 INFO tempest.lib.common.rest_client [req-677e1bf3-71c1-4978-90e3-573ce27c9493 req-677e1bf3-71c1-4978-90e3-573ce27c9493 ] Request (ServersAdminTestJSON:test_inject_network_info): 200 GET http://10.180.1.21/compute/v2.1/servers/a5018d06-cfa8-4f6e-b13b-c98db79bccfd 0.065s
2024-12-12 16:17:43.661 66681 INFO tempest.lib.common.rest_client [req-4b85ef61-1a71-4ed3-a9ee-dc041f371d5b req-4b85ef61-1a71-4ed3-a9ee-dc041f371d5b ] Request (ServerRescueTestJSON:setUpClass): 200 GET http://10.180.1.21/compute/v2.1/servers/e8420f50-89c4-4363-8f0b-0b2752a8ae1e 0.067s
2024-12-12 16:17:43.791 66663 INFO tempest.lib.common.rest_client [req-bf602a36-df45-49cd-a4e4-5a7e4ca0cf07 req-bf602a36-df45-49cd-a4e4-5a7e4ca0cf07 ] Request (SecurityGroupsTestJSON:test_list_security_groups_by_server): 200 GET http://10.180.1.21/compute/v2.1/servers/ad1900e7-8bd9-452f-b98d-edf376b50460 0.171s
2024-12-12 16:17:43.893 66683 INFO tempest.lib.common.rest_client [req-69c706ca-b8d8-411f-a062-ecaf5e90da42 req-69c706ca-b8d8-411f-a062-ecaf5e90da42 ] Request (ServersAdmin275Test:tearDownClass): 200 GET http://10.180.1.21/compute/v2.1/servers/0e4e5883-6f92-4124-b591-6bb04f27b764 0.108s
2024-12-12 16:17:43.915 66671 INFO tempest.lib.common.rest_client [req-c0dc790e-60fa-44d6-abc3-420954b95f98 req-c0dc790e-60fa-44d6-abc3-420954b95f98 ] Request (DeleteServersTestJSON:setUpClass): 200 PUT http://10.180.1.21:9696/networking/v2.0/routers/2eca700c-0da0-4a15-a140-a6e17bf1ed49/add_router_interface 1.021s
2024-12-12 16:17:43.915 66671 INFO tempest.lib.common.dynamic_creds [-] Created isolated network resources for: credentials: Credentials: {'domain_id': 'default', 'domain_name': 'Default', 'username': 'tempest-DeleteServersTestJSON-459412045-project-member', 'project_domain_id': 'default', 'project_domain_name': 'Default', 'project_id': '68eaa3fa89fe47fcab908a59033a11fa', 'project_name': 'tempest-DeleteServersTestJSON-459412045', 'tenant_id': '68eaa3fa89fe47fcab908a59033a11fa', 'tenant_name': 'tempest-DeleteServersTestJSON-459412045', 'user_domain_id': 'default', 'user_domain_name': 'Default', 'user_id': '5790bb6430334d51995cc13bf6bd482c', 'system': None}, Network: {'id': 'fe35568c-24cd-4171-9a87-063cc73b37aa', 'name': 'tempest-DeleteServersTestJSON-989953604-network', 'tenant_id': '68eaa3fa89fe47fcab908a59033a11fa', 'admin_state_up': True, 'mtu': 8950, 'status': 'ACTIVE', 'subnets': [], 'shared': False, 'project_id': '68eaa3fa89fe47fcab908a59033a11fa', 'port_security_enabled': True, 'router:external': False, 'provider:network_type': 'vlan', 'provider:physical_network': 'default', 'provider:segmentation_id': 744, 'availability_zone_hints': [], 'availability_zones': [], 'ipv4_address_scope': None, 'ipv6_address_scope': None, 'description': '', 'tags': [], 'created_at': '2024-12-12T16:17:41Z', 'updated_at': '2024-12-12T16:17:41Z', 'revision_number': 1}, Subnet: {'id': 'f12968be-02a5-4158-9a18-9e837fa6f4e3', 'name': 'tempest-DeleteServersTestJSON-989953604-subnet', 'tenant_id': '68eaa3fa89fe47fcab908a59033a11fa', 'network_id': 'fe35568c-24cd-4171-9a87-063cc73b37aa', 'ip_version': 4, 'subnetpool_id': None, 'enable_dhcp': True, 'ipv6_ra_mode': None, 'ipv6_address_mode': None, 'gateway_ip': '192.168.128.1', 'cidr': '192.168.128.0/28', 'allocation_pools': [{'start': '192.168.128.2', 'end': '192.168.128.14'}], 'host_routes': [], 'dns_nameservers': [], 'description': '', 'router:external': False, 'service_types': [], 'tags': [], 'created_at': '2024-12-12T16:17:42Z', 'updated_at': '2024-12-12T16:17:42Z', 'revision_number': 0, 'project_id': '68eaa3fa89fe47fcab908a59033a11fa'}, Router: {'id': '2eca700c-0da0-4a15-a140-a6e17bf1ed49', 'name': 'tempest-DeleteServersTestJSON-989953604-router', 'tenant_id': '68eaa3fa89fe47fcab908a59033a11fa', 'admin_state_up': True, 'status': 'ACTIVE', 'external_gateway_info': {'network_id': '59749fde-f8c3-4e20-821e-ae395fcd08ad', 'external_fixed_ips': [{'subnet_id': '44807d7b-01e7-4036-8748-489af1cc75be', 'ip_address': '10.180.180.228'}], 'enable_snat': True}, 'description': '', 'availability_zones': [], 'distributed': False, 'ha': False, 'availability_zone_hints': [], 'routes': [], 'flavor_id': None, 'tags': [], 'created_at': '2024-12-12T16:17:42Z', 'updated_at': '2024-12-12T16:17:42Z', 'revision_number': 2, 'project_id': '68eaa3fa89fe47fcab908a59033a11fa'}
2024-12-12 16:17:43.940 66689 INFO tempest.lib.common.rest_client [req-13f1e779-1edb-4641-9ba3-b6d42c4d2700 req-13f1e779-1edb-4641-9ba3-b6d42c4d2700 ] Request (ImagesOneServerTestJSON:test_create_delete_image): 200 GET http://10.180.1.21/compute/v2.1/servers/c9d87160-1c3d-42fe-82c9-79aa1a55c528 0.154s
2024-12-12 16:17:43.947 66689 INFO tempest.common.waiters [-] State transition "ACTIVE/image_uploading" ==> "ACTIVE/None" after 3 second wait
2024-12-12 16:17:43.949 66653 INFO tempest.lib.common.rest_client [req-e868246e-311b-4a85-8d71-9730e5f5d8d7 req-e868246e-311b-4a85-8d71-9730e5f5d8d7 ] Request (ServerAddressesTestJSON:setUpClass): 200 GET http://10.180.1.21/compute/v2.1/servers/9a5b673c-e771-4471-938e-8ab8faf4d0c1 0.117s
2024-12-12 16:17:44.012 66697 INFO tempest.lib.common.rest_client [req-fe47ae52-e848-4c8a-8cf2-32fb2356d299 req-fe47ae52-e848-4c8a-8cf2-32fb2356d299 ] Request (MigrationsAdminTest:test_resize_server_revert_deleted_flavor): 200 GET http://10.180.1.21/compute/v2.1/servers/8074d75c-a13a-4e80-ba58-2dbc7d620328 0.177s
2024-12-12 16:17:44.020 66671 INFO tempest.lib.common.rest_client [req-46560478-eced-4e73-878f-09d825d348e1 req-46560478-eced-4e73-878f-09d825d348e1 ] Request (DeleteServersTestJSON:setUpClass): 201 POST http://10.180.1.21/identity/v3/auth/tokens 0.101s
2024-12-12 16:17:44.054 66689 INFO tempest.lib.common.rest_client [req-7ee28197-ad94-49ea-852c-f2b7d093a431 req-7ee28197-ad94-49ea-852c-f2b7d093a431 ] Request (ImagesOneServerTestJSON:test_create_delete_image): 200 GET http://10.180.1.21/compute/v2.1/images/b40ce627-5fb4-40e0-aa31-01a05720eeb5 0.106s
2024-12-12 16:17:44.058 66671 INFO tempest.lib.common.rest_client [req-40fbac3d-05bf-472b-a1e4-4f37c3063835 req-40fbac3d-05bf-472b-a1e4-4f37c3063835 ] Request (DeleteServersTestJSON:test_delete_active_server): 201 POST http://10.180.1.21/identity/v3/auth/tokens 0.028s
2024-12-12 16:17:44.059 66671 INFO tempest.lib.common.fixed_network [-] (DeleteServersTestJSON:test_delete_active_server) Found network {'id': 'fe35568c-24cd-4171-9a87-063cc73b37aa', 'name': 'tempest-DeleteServersTestJSON-989953604-network', 'tenant_id': '68eaa3fa89fe47fcab908a59033a11fa', 'admin_state_up': True, 'mtu': 8950, 'status': 'ACTIVE', 'subnets': [], 'shared': False, 'project_id': '68eaa3fa89fe47fcab908a59033a11fa', 'port_security_enabled': True, 'router:external': False, 'provider:network_type': 'vlan', 'provider:physical_network': 'default', 'provider:segmentation_id': 744, 'availability_zone_hints': [], 'availability_zones': [], 'ipv4_address_scope': None, 'ipv6_address_scope': None, 'description': '', 'tags': [], 'created_at': '2024-12-12T16:17:41Z', 'updated_at': '2024-12-12T16:17:41Z', 'revision_number': 1} available for tenant
2024-12-12 16:17:44.104 66673 INFO tempest.lib.common.rest_client [req-624da0b7-a5cd-4974-a312-ca6146bca1ce req-624da0b7-a5cd-4974-a312-ca6146bca1ce ] Request (ServersV294TestFqdnHostnames:setUpClass): 200 GET http://10.180.1.21/compute/v2.1/servers/fcb5f3ef-6b11-41e5-936a-a6e658e957ce 0.109s
2024-12-12 16:17:44.121 66667 INFO tempest.lib.common.rest_client [req-a0e99d57-5261-4b63-bee7-a9aab91ad3f7 req-a0e99d57-5261-4b63-bee7-a9aab91ad3f7 ] Request (ServersTestManualDisk:setUpClass): 200 GET http://10.180.1.21/compute/v2.1/servers/a53c2f1e-656d-4ed3-ac20-187b30046701 0.233s
2024-12-12 16:17:44.127 66667 INFO tempest.common.waiters [-] State transition "BUILD/networking" ==> "BUILD/block_device_mapping" after 68 second wait
2024-12-12 16:17:44.132 66689 INFO tempest.lib.common.rest_client [req-ddd38450-73d3-48a0-86b1-c6b7e9317ff3 req-ddd38450-73d3-48a0-86b1-c6b7e9317ff3 ] Request (ImagesOneServerTestJSON:test_create_delete_image): 200 GET http://10.180.1.21/compute/v2.1/flavors/42 0.075s
2024-12-12 16:17:44.149 66651 INFO tempest.lib.common.rest_client [req-d9e1d48a-cf3e-4d69-8b56-92f3fc422dc1 req-d9e1d48a-cf3e-4d69-8b56-92f3fc422dc1 ] Request (ServersWithSpecificFlavorTestJSON:test_verify_created_server_ephemeral_disk): 200 GET http://10.180.1.21/compute/v2.1/servers/1a60dd50-c805-401b-8574-a11eebc105c6 0.104s
2024-12-12 16:17:44.198 66657 INFO tempest.lib.common.rest_client [req-f0f1ca69-8f32-47c3-893f-05e1264c3ce8 req-f0f1ca69-8f32-47c3-893f-05e1264c3ce8 ] Request (ServerRescueTestJSONUnderV235:setUpClass): 200 GET http://10.180.1.21/compute/v2.1/servers/5ba2dc0b-d991-4107-92e2-b5ead72ac290 0.095s
2024-12-12 16:17:44.291 66689 INFO tempest.lib.common.rest_client [req-6de1a699-70a6-40a6-bb08-038125957710 req-6de1a699-70a6-40a6-bb08-038125957710 ] Request (ImagesOneServerTestJSON:test_create_delete_image): 204 DELETE http://10.180.1.21/compute/v2.1/images/045cb82f-f232-4da0-96c7-21044ed127e7 0.157s
2024-12-12 16:17:44.337 66655 INFO tempest.lib.common.rest_client [req-4e6c6523-e5af-4b65-9e18-d5bd124084ee req-4e6c6523-e5af-4b65-9e18-d5bd124084ee ] Request (FloatingIPsAssociationTestJSON:setUpClass): 200 GET http://10.180.1.21/compute/v2.1/servers/ef35db94-4dc6-4270-abd0-12c8938c4939 0.169s
2024-12-12 16:17:44.341 66701 WARNING tempest.lib.common.ssh [-] Failed to establish authenticated ssh connection to cirros@10.180.180.199 ([Errno None] Unable to connect to port 22 on 10.180.180.199). Number attempts: 8. Retry after 9 seconds.: paramiko.ssh_exception.NoValidConnectionsError: [Errno None] Unable to connect to port 22 on 10.180.180.199
2024-12-12 16:17:44.393 66649 INFO tempest.lib.common.rest_client [req-464f4c9a-2737-4f6b-9c5f-556a2f4af227 req-464f4c9a-2737-4f6b-9c5f-556a2f4af227 ] Request (ServersNegativeTestJSON:setUpClass): 200 GET http://10.180.1.21/compute/v2.1/servers/989e9887-935f-4dfc-96c7-d84fa3ba0852 0.172s
2024-12-12 16:17:44.443 66703 INFO tempest.lib.common.rest_client [req-bdeac3c8-c40f-462d-afe9-59411bf57b1c req-bdeac3c8-c40f-462d-afe9-59411bf57b1c ] Request (ServerPasswordTestJSON:setUpClass): 200 GET http://10.180.1.21/compute/v2.1/servers/a69317c1-cf06-4f63-a58a-288a6cd20498 0.186s
2024-12-12 16:17:44.459 66689 INFO tempest.lib.common.rest_client [req-2490ce19-5050-44f5-89fe-16acbba96970 req-2490ce19-5050-44f5-89fe-16acbba96970 ] Request (ImagesOneServerTestJSON:test_create_delete_image): 404 GET http://10.180.1.21/compute/v2.1/images/045cb82f-f232-4da0-96c7-21044ed127e7 0.167s
2024-12-12 16:17:44.506 66641 INFO tempest.lib.common.rest_client [req-79f83a08-3981-42cc-8af2-d53775211fef req-79f83a08-3981-42cc-8af2-d53775211fef ] Request (ServerDiagnosticsTest:test_get_server_diagnostics): 200 GET http://10.180.1.21/compute/v2.1/servers/4ccc5f58-f12f-42f2-ad16-5465cb3b2995 0.192s
2024-12-12 16:17:44.537 66671 INFO tempest.lib.common.rest_client [req-3a4e7249-6d13-4516-ac4e-bfbc8c53e57c req-3a4e7249-6d13-4516-ac4e-bfbc8c53e57c ] Request (DeleteServersTestJSON:test_delete_active_server): 202 POST http://10.180.1.21/compute/v2.1/servers 0.477s
2024-12-12 16:17:44.566 66645 INFO tempest.lib.common.rest_client [req-a63ba311-4dcb-4761-82c4-a0ce058169de req-a63ba311-4dcb-4761-82c4-a0ce058169de ] Request (ServerAddressesNegativeTestJSON:tearDownClass): 200 GET http://10.180.1.21/compute/v2.1/servers/61b0c495-6d81-4912-899b-0134798ebe29 0.238s
2024-12-12 16:17:44.584 66677 INFO tempest.lib.common.rest_client [req-06d3cb7c-bbf6-411c-b209-952f266977d8 req-06d3cb7c-bbf6-411c-b209-952f266977d8 ] Request (ServersTestMultiNic:test_verify_multiple_nics_order): 200 GET http://10.180.1.21/compute/v2.1/servers/90e14d2c-7c5a-4eb8-80bb-1e0873e0c9bf 0.207s
2024-12-12 16:17:44.623 66661 INFO tempest.lib.common.rest_client [req-a5ac16c8-a82d-48de-8c16-8854feb6522c req-a5ac16c8-a82d-48de-8c16-8854feb6522c ] Request (ListServersNegativeTestJSON:setUpClass): 200 GET http://10.180.1.21/compute/v2.1/servers/483fd929-aae3-4c7d-a8e0-3b7a725fa0c8 0.216s
2024-12-12 16:17:44.624 66675 INFO tempest.lib.common.rest_client [req-79ac40e7-fb9f-4afb-85eb-edf846e068af req-79ac40e7-fb9f-4afb-85eb-edf846e068af ] Request (ListImageFiltersTestJSON:setUpClass): 200 GET http://10.180.1.21/compute/v2.1/images/796fcc08-7930-4e23-b22e-808429618055 0.217s
2024-12-12 16:17:44.677 66647 INFO tempest.lib.common.rest_client [req-914a5032-0a80-42d4-9af5-17751f5eb641 req-914a5032-0a80-42d4-9af5-17751f5eb641 ] Request (ServersAdminNegativeTestJSON:setUpClass): 200 GET http://10.180.1.21/compute/v2.1/servers/6a8c59b0-d6f5-4fc9-91ca-9e9fbd914f2b 0.219s
2024-12-12 16:17:44.727 66665 INFO tempest.lib.common.rest_client [req-5b08db9f-a0f4-458e-a575-fd812520888c req-5b08db9f-a0f4-458e-a575-fd812520888c ] Request (TenantUsagesTestJSON:setUpClass): 200 GET http://10.180.1.21/compute/v2.1/servers/50251391-0af4-43d7-9ecd-f0866e239a1e 0.248s
2024-12-12 16:17:44.763 66671 INFO tempest.lib.common.rest_client [req-d6363be8-a06f-4d86-bca7-07656d40a694 req-d6363be8-a06f-4d86-bca7-07656d40a694 ] Request (DeleteServersTestJSON:test_delete_active_server): 200 GET http://10.180.1.21/compute/v2.1/servers/84afbe2c-7763-4077-b54e-e87828cf738c 0.224s
2024-12-12 16:17:44.830 66669 INFO tempest.lib.common.rest_client [req-92bd790e-9930-4db2-8f89-2fd0268ff4e3 req-92bd790e-9930-4db2-8f89-2fd0268ff4e3 ] Request (ImagesTestJSON:test_create_image_from_stopped_server): 200 GET http://10.180.1.21/compute/v2.1/servers/2ecedb08-72b9-4527-b396-da8ce3daf998 0.278s
2024-12-12 16:17:44.881 66687 INFO tempest.lib.common.rest_client [req-5c2ae46b-4c6e-4813-8423-69dcffb2c564 req-5c2ae46b-4c6e-4813-8423-69dcffb2c564 ] Request (ServersAdminTestJSON:test_inject_network_info): 200 GET http://10.180.1.21/compute/v2.1/servers/a5018d06-cfa8-4f6e-b13b-c98db79bccfd 0.259s
2024-12-12 16:17:44.927 66681 INFO tempest.lib.common.rest_client [req-f5832234-b427-46b3-b044-d8ea01450675 req-f5832234-b427-46b3-b044-d8ea01450675 ] Request (ServerRescueTestJSON:setUpClass): 200 GET http://10.180.1.21/compute/v2.1/servers/e8420f50-89c4-4363-8f0b-0b2752a8ae1e 0.255s
2024-12-12 16:17:45.043 66663 INFO tempest.lib.common.rest_client [req-b29852b5-c486-44ea-b714-1b7f7e3dd4ae req-b29852b5-c486-44ea-b714-1b7f7e3dd4ae ] Request (SecurityGroupsTestJSON:test_list_security_groups_by_server): 200 GET http://10.180.1.21/compute/v2.1/servers/ad1900e7-8bd9-452f-b98d-edf376b50460 0.239s
2024-12-12 16:17:45.049 66663 INFO tempest.common.waiters [-] State transition "BUILD/spawning" ==> "ACTIVE/None" after 70 second wait
2024-12-12 16:17:45.062 66689 INFO tempest.lib.common.rest_client [req-6fa9c579-32dd-4798-b434-0370f2550d02 req-6fa9c579-32dd-4798-b434-0370f2550d02 ] Request (ImagesOneServerTestJSON:test_create_image_specify_multibyte_character_image_name): 202 POST http://10.180.1.21/compute/v2.1/servers/c9d87160-1c3d-42fe-82c9-79aa1a55c528/action 0.601s
2024-12-12 16:17:45.112 66653 INFO tempest.lib.common.rest_client [req-75b9935d-5625-4610-8857-f306c32a16d3 req-75b9935d-5625-4610-8857-f306c32a16d3 ] Request (ServerAddressesTestJSON:setUpClass): 200 GET http://10.180.1.21/compute/v2.1/servers/9a5b673c-e771-4471-938e-8ab8faf4d0c1 0.157s
2024-12-12 16:17:45.128 66683 INFO tempest.lib.common.rest_client [req-310e1169-a340-4777-91ee-78ddaf2aec69 req-310e1169-a340-4777-91ee-78ddaf2aec69 ] Request (ServersAdmin275Test:tearDownClass): 200 GET http://10.180.1.21/compute/v2.1/servers/0e4e5883-6f92-4124-b591-6bb04f27b764 0.220s
2024-12-12 16:17:45.157 66697 INFO tempest.lib.common.rest_client [req-a0f593d1-d539-488c-b376-62e678130c48 req-a0f593d1-d539-488c-b376-62e678130c48 ] Request (MigrationsAdminTest:test_resize_server_revert_deleted_flavor): 200 GET http://10.180.1.21/compute/v2.1/servers/8074d75c-a13a-4e80-ba58-2dbc7d620328 0.136s
2024-12-12 16:17:45.198 66689 INFO tempest.lib.common.rest_client [req-d24e750b-300e-49c5-a72f-bf42af2cac2e req-d24e750b-300e-49c5-a72f-bf42af2cac2e ] Request (ImagesOneServerTestJSON:test_create_image_specify_multibyte_character_image_name): 200 GET http://10.180.1.21/compute/v2.1/images/4ecfc14a-ea32-4ac6-bd73-a7dfb4a04029 0.135s
2024-12-12 16:17:45.254 66673 INFO tempest.lib.common.rest_client [req-c7436cd0-e35f-4b82-9815-40dcbfa56672 req-c7436cd0-e35f-4b82-9815-40dcbfa56672 ] Request (ServersV294TestFqdnHostnames:setUpClass): 200 GET http://10.180.1.21/compute/v2.1/servers/fcb5f3ef-6b11-41e5-936a-a6e658e957ce 0.141s
2024-12-12 16:17:45.264 66673 INFO tempest.common.waiters [-] State transition "BUILD/None" ==> "BUILD/networking" after 67 second wait
2024-12-12 16:17:45.403 66667 INFO tempest.lib.common.rest_client [req-0c02f743-35b4-448c-acc0-4dd83c8b67c2 req-0c02f743-35b4-448c-acc0-4dd83c8b67c2 ] Request (ServersTestManualDisk:setUpClass): 200 GET http://10.180.1.21/compute/v2.1/servers/a53c2f1e-656d-4ed3-ac20-187b30046701 0.274s
2024-12-12 16:17:45.412 66667 INFO tempest.common.waiters [-] State transition "BUILD/block_device_mapping" ==> "BUILD/spawning" after 69 second wait
2024-12-12 16:17:45.428 66679 WARNING tempest.lib.common.ssh [-] Failed to establish authenticated ssh connection to cirros@10.180.180.212 ([Errno None] Unable to connect to port 22 on 10.180.180.212). Number attempts: 4. Retry after 5 seconds.: paramiko.ssh_exception.NoValidConnectionsError: [Errno None] Unable to connect to port 22 on 10.180.180.212
2024-12-12 16:17:45.456 66651 INFO tempest.lib.common.rest_client [req-eb2c957c-736b-4f33-b54d-4b714621ab8f req-eb2c957c-736b-4f33-b54d-4b714621ab8f ] Request (ServersWithSpecificFlavorTestJSON:test_verify_created_server_ephemeral_disk): 200 GET http://10.180.1.21/compute/v2.1/servers/1a60dd50-c805-401b-8574-a11eebc105c6 0.301s
2024-12-12 16:17:45.515 66657 INFO tempest.lib.common.rest_client [req-94b2a11a-427f-4a3a-a0af-5f1ca43954dd req-94b2a11a-427f-4a3a-a0af-5f1ca43954dd ] Request (ServerRescueTestJSONUnderV235:setUpClass): 200 GET http://10.180.1.21/compute/v2.1/servers/5ba2dc0b-d991-4107-92e2-b5ead72ac290 0.310s
2024-12-12 16:17:45.563 66663 INFO tempest.lib.common.rest_client [req-b7dd568e-0d67-457f-9ad4-c4fbb3dd61eb req-b7dd568e-0d67-457f-9ad4-c4fbb3dd61eb ] Request (SecurityGroupsTestJSON:test_list_security_groups_by_server): 202 POST http://10.180.1.21/compute/v2.1/servers/ad1900e7-8bd9-452f-b98d-edf376b50460/action 0.513s
2024-12-12 16:17:45.582 66655 INFO tempest.lib.common.rest_client [req-5d9c3bfa-aaa8-4dbc-a186-d0007a5be587 req-5d9c3bfa-aaa8-4dbc-a186-d0007a5be587 ] Request (FloatingIPsAssociationTestJSON:setUpClass): 200 GET http://10.180.1.21/compute/v2.1/servers/ef35db94-4dc6-4270-abd0-12c8938c4939 0.236s
2024-12-12 16:17:45.618 66649 INFO tempest.lib.common.rest_client [req-d6578131-3a75-41c3-926f-1935ba51c85c req-d6578131-3a75-41c3-926f-1935ba51c85c ] Request (ServersNegativeTestJSON:setUpClass): 200 GET http://10.180.1.21/compute/v2.1/servers/989e9887-935f-4dfc-96c7-d84fa3ba0852 0.218s
2024-12-12 16:17:45.634 66703 INFO tempest.lib.common.rest_client [req-8c5bd5bd-75bf-4c66-abd1-5b20d508ee43 req-8c5bd5bd-75bf-4c66-abd1-5b20d508ee43 ] Request (ServerPasswordTestJSON:setUpClass): 200 GET http://10.180.1.21/compute/v2.1/servers/a69317c1-cf06-4f63-a58a-288a6cd20498 0.185s
2024-12-12 16:17:45.671 66641 INFO tempest.lib.common.rest_client [req-8c1aa680-c62f-4627-a6cf-605ad85af83c req-8c1aa680-c62f-4627-a6cf-605ad85af83c ] Request (ServerDiagnosticsTest:test_get_server_diagnostics): 200 GET http://10.180.1.21/compute/v2.1/servers/4ccc5f58-f12f-42f2-ad16-5465cb3b2995 0.156s
2024-12-12 16:17:45.756 66645 INFO tempest.lib.common.rest_client [req-25c737fe-5539-4b6e-83f3-500ac01bbdd6 req-25c737fe-5539-4b6e-83f3-500ac01bbdd6 ] Request (ServerAddressesNegativeTestJSON:tearDownClass): 200 GET http://10.180.1.21/compute/v2.1/servers/61b0c495-6d81-4912-899b-0134798ebe29 0.183s
2024-12-12 16:17:45.821 66677 INFO tempest.lib.common.rest_client [req-5d240726-658e-44a4-9095-b554a893e346 req-5d240726-658e-44a4-9095-b554a893e346 ] Request (ServersTestMultiNic:test_verify_multiple_nics_order): 200 GET http://10.180.1.21/compute/v2.1/servers/90e14d2c-7c5a-4eb8-80bb-1e0873e0c9bf 0.227s
2024-12-12 16:17:45.867 66675 INFO tempest.lib.common.rest_client [req-6a78cfb6-de7f-4a50-ad1c-7bab3657baf5 req-6a78cfb6-de7f-4a50-ad1c-7bab3657baf5 ] Request (ListImageFiltersTestJSON:setUpClass): 200 GET http://10.180.1.21/compute/v2.1/images/796fcc08-7930-4e23-b22e-808429618055 0.238s
2024-12-12 16:17:45.941 66661 INFO tempest.lib.common.rest_client [req-35daf018-0626-4492-af88-7c1788a2688a req-35daf018-0626-4492-af88-7c1788a2688a ] Request (ListServersNegativeTestJSON:setUpClass): 200 GET http://10.180.1.21/compute/v2.1/servers/483fd929-aae3-4c7d-a8e0-3b7a725fa0c8 0.312s
2024-12-12 16:17:46.022 66647 INFO tempest.lib.common.rest_client [req-697f0356-53e0-4e5f-accb-b79aaffe5f10 req-697f0356-53e0-4e5f-accb-b79aaffe5f10 ] Request (ServersAdminNegativeTestJSON:setUpClass): 200 GET http://10.180.1.21/compute/v2.1/servers/6a8c59b0-d6f5-4fc9-91ca-9e9fbd914f2b 0.337s
2024-12-12 16:17:46.036 66647 INFO tempest.common.waiters [-] State transition "BUILD/scheduling" ==> "BUILD/None" after 41 second wait
2024-12-12 16:17:46.084 66665 INFO tempest.lib.common.rest_client [req-75883a50-a5a4-4020-a074-774c5e6321c6 req-75883a50-a5a4-4020-a074-774c5e6321c6 ] Request (TenantUsagesTestJSON:setUpClass): 200 GET http://10.180.1.21/compute/v2.1/servers/50251391-0af4-43d7-9ecd-f0866e239a1e 0.349s
2024-12-12 16:17:46.140 66671 INFO tempest.lib.common.rest_client [req-fb55479a-eed8-43ac-9ec4-c2b1a4d7d35a req-fb55479a-eed8-43ac-9ec4-c2b1a4d7d35a ] Request (DeleteServersTestJSON:test_delete_active_server): 200 GET http://10.180.1.21/compute/v2.1/servers/84afbe2c-7763-4077-b54e-e87828cf738c 0.370s
2024-12-12 16:17:46.167 66663 INFO tempest.lib.common.rest_client [req-8aa1b92d-abdf-49f2-acac-5be76ba7361b req-8aa1b92d-abdf-49f2-acac-5be76ba7361b ] Request (SecurityGroupsTestJSON:test_list_security_groups_by_server): 202 POST http://10.180.1.21/compute/v2.1/servers/ad1900e7-8bd9-452f-b98d-edf376b50460/action 0.604s
2024-12-12 16:17:46.191 66669 INFO tempest.lib.common.rest_client [req-6d41350e-3338-4bef-bceb-d5162cc4b362 req-6d41350e-3338-4bef-bceb-d5162cc4b362 ] Request (ImagesTestJSON:test_create_image_from_stopped_server): 200 GET http://10.180.1.21/compute/v2.1/servers/2ecedb08-72b9-4527-b396-da8ce3daf998 0.354s
2024-12-12 16:17:46.232 66687 INFO tempest.lib.common.rest_client [req-14672ef4-aa8e-41f3-98cc-f149c7cdb47c req-14672ef4-aa8e-41f3-98cc-f149c7cdb47c ] Request (ServersAdminTestJSON:test_inject_network_info): 200 GET http://10.180.1.21/compute/v2.1/servers/a5018d06-cfa8-4f6e-b13b-c98db79bccfd 0.344s
2024-12-12 16:17:46.253 66681 INFO tempest.lib.common.rest_client [req-b2312610-2035-43f9-9218-0bee713b8c02 req-b2312610-2035-43f9-9218-0bee713b8c02 ] Request (ServerRescueTestJSON:setUpClass): 200 GET http://10.180.1.21/compute/v2.1/servers/e8420f50-89c4-4363-8f0b-0b2752a8ae1e 0.320s
2024-12-12 16:17:46.290 66653 INFO tempest.lib.common.rest_client [req-2c13fc0b-7602-4f98-a33c-6d9cfe075cee req-2c13fc0b-7602-4f98-a33c-6d9cfe075cee ] Request (ServerAddressesTestJSON:setUpClass): 200 GET http://10.180.1.21/compute/v2.1/servers/9a5b673c-e771-4471-938e-8ab8faf4d0c1 0.169s
2024-12-12 16:17:46.321 66683 INFO tempest.lib.common.rest_client [req-f8f6f676-785c-4aef-b62a-f6779ba92c20 req-f8f6f676-785c-4aef-b62a-f6779ba92c20 ] Request (ServersAdmin275Test:tearDownClass): 200 GET http://10.180.1.21/compute/v2.1/servers/0e4e5883-6f92-4124-b591-6bb04f27b764 0.180s
2024-12-12 16:17:46.366 66697 INFO tempest.lib.common.rest_client [req-851bde94-75c9-4bd7-87be-1e79833582be req-851bde94-75c9-4bd7-87be-1e79833582be ] Request (MigrationsAdminTest:test_resize_server_revert_deleted_flavor): 200 GET http://10.180.1.21/compute/v2.1/servers/8074d75c-a13a-4e80-ba58-2dbc7d620328 0.200s
2024-12-12 16:17:46.409 66689 INFO tempest.lib.common.rest_client [req-221f47b1-0f2c-46f1-bb5d-c68e9db5c6a5 req-221f47b1-0f2c-46f1-bb5d-c68e9db5c6a5 ] Request (ImagesOneServerTestJSON:test_create_image_specify_multibyte_character_image_name): 200 GET http://10.180.1.21/compute/v2.1/images/4ecfc14a-ea32-4ac6-bd73-a7dfb4a04029 0.200s
2024-12-12 16:17:46.458 66663 INFO tempest.lib.common.rest_client [req-7d6ded80-5761-4e5d-843d-e84adb51d34e req-7d6ded80-5761-4e5d-843d-e84adb51d34e ] Request (SecurityGroupsTestJSON:test_list_security_groups_by_server): 200 GET http://10.180.1.21/compute/v2.1/servers/ad1900e7-8bd9-452f-b98d-edf376b50460/os-security-groups 0.290s
2024-12-12 16:17:46.559 66673 INFO tempest.lib.common.rest_client [req-b45b09af-350b-4340-bc3e-38b1e9c16a9b req-b45b09af-350b-4340-bc3e-38b1e9c16a9b ] Request (ServersV294TestFqdnHostnames:setUpClass): 200 GET http://10.180.1.21/compute/v2.1/servers/fcb5f3ef-6b11-41e5-936a-a6e658e957ce 0.293s
2024-12-12 16:17:46.568 66673 INFO tempest.common.waiters [-] State transition "BUILD/networking" ==> "BUILD/block_device_mapping" after 68 second wait
2024-12-12 16:17:46.595 66667 INFO tempest.lib.common.rest_client [req-8636af08-d561-4c7c-9325-61c02469027b req-8636af08-d561-4c7c-9325-61c02469027b ] Request (ServersTestManualDisk:setUpClass): 200 GET http://10.180.1.21/compute/v2.1/servers/a53c2f1e-656d-4ed3-ac20-187b30046701 0.182s
2024-12-12 16:17:46.667 66651 INFO tempest.lib.common.rest_client [req-9cfc7e37-61d1-44d2-b0a7-7a382a3a46d8 req-9cfc7e37-61d1-44d2-b0a7-7a382a3a46d8 ] Request (ServersWithSpecificFlavorTestJSON:test_verify_created_server_ephemeral_disk): 200 GET http://10.180.1.21/compute/v2.1/servers/1a60dd50-c805-401b-8574-a11eebc105c6 0.200s
2024-12-12 16:17:46.699 66663 INFO tempest.lib.common.rest_client [req-756c9091-3cc2-445a-8bce-9b4a02ee3862 req-756c9091-3cc2-445a-8bce-9b4a02ee3862 ] Request (SecurityGroupsTestJSON:test_security_group_create_get_delete): 200 POST http://10.180.1.21/compute/v2.1/os-security-groups 0.236s
2024-12-12 16:17:46.728 66657 INFO tempest.lib.common.rest_client [req-34e2a501-7956-423b-8bec-5c6c14d9f89d req-34e2a501-7956-423b-8bec-5c6c14d9f89d ] Request (ServerRescueTestJSONUnderV235:setUpClass): 200 GET http://10.180.1.21/compute/v2.1/servers/5ba2dc0b-d991-4107-92e2-b5ead72ac290 0.202s
2024-12-12 16:17:46.759 66655 INFO tempest.lib.common.rest_client [req-f30479dc-4237-44a7-8ef8-9fb61673ef0c req-f30479dc-4237-44a7-8ef8-9fb61673ef0c ] Request (FloatingIPsAssociationTestJSON:setUpClass): 200 GET http://10.180.1.21/compute/v2.1/servers/ef35db94-4dc6-4270-abd0-12c8938c4939 0.166s
2024-12-12 16:17:46.785 66649 INFO tempest.lib.common.rest_client [req-8b26ebf1-3667-4cb6-9190-43bb4e92497c req-8b26ebf1-3667-4cb6-9190-43bb4e92497c ] Request (ServersNegativeTestJSON:setUpClass): 200 GET http://10.180.1.21/compute/v2.1/servers/989e9887-935f-4dfc-96c7-d84fa3ba0852 0.159s
2024-12-12 16:17:46.825 66703 INFO tempest.lib.common.rest_client [req-f17bc41b-9d1a-47cf-b8d3-73bd058364e8 req-f17bc41b-9d1a-47cf-b8d3-73bd058364e8 ] Request (ServerPasswordTestJSON:setUpClass): 200 GET http://10.180.1.21/compute/v2.1/servers/a69317c1-cf06-4f63-a58a-288a6cd20498 0.181s
2024-12-12 16:17:46.840 66641 INFO tempest.lib.common.rest_client [req-f7b080ec-c6f7-4fa1-9ac3-9dc37e5ca428 req-f7b080ec-c6f7-4fa1-9ac3-9dc37e5ca428 ] Request (ServerDiagnosticsTest:test_get_server_diagnostics): 200 GET http://10.180.1.21/compute/v2.1/servers/4ccc5f58-f12f-42f2-ad16-5465cb3b2995 0.161s
2024-12-12 16:17:46.876 66663 INFO tempest.lib.common.rest_client [req-71a9a867-7726-4134-97bb-ff18a3a0866f req-71a9a867-7726-4134-97bb-ff18a3a0866f ] Request (SecurityGroupsTestJSON:test_security_group_create_get_delete): 200 GET http://10.180.1.21/compute/v2.1/os-security-groups/27556d67-903a-4578-8f40-d5dc05855cd8 0.174s
2024-12-12 16:17:46.942 66677 INFO tempest.lib.common.rest_client [req-1dab0b40-1233-4a3a-98bc-878bbdd5601c req-1dab0b40-1233-4a3a-98bc-878bbdd5601c ] Request (ServersTestMultiNic:test_verify_multiple_nics_order): 200 GET http://10.180.1.21/compute/v2.1/servers/90e14d2c-7c5a-4eb8-80bb-1e0873e0c9bf 0.109s
2024-12-12 16:17:46.991 66675 INFO tempest.lib.common.rest_client [req-29ba63f7-bf0d-4e41-a91a-7a990af7341a req-29ba63f7-bf0d-4e41-a91a-7a990af7341a ] Request (ListImageFiltersTestJSON:setUpClass): 200 GET http://10.180.1.21/compute/v2.1/images/796fcc08-7930-4e23-b22e-808429618055 0.118s
2024-12-12 16:17:47.115 66645 INFO tempest.lib.common.rest_client [req-d84ca4cc-c6e2-4b3e-b618-f5edfcd01cee req-d84ca4cc-c6e2-4b3e-b618-f5edfcd01cee ] Request (ServerAddressesNegativeTestJSON:tearDownClass): 200 GET http://10.180.1.21/compute/v2.1/servers/61b0c495-6d81-4912-899b-0134798ebe29 0.351s
2024-12-12 16:17:47.173 66663 INFO tempest.lib.common.rest_client [req-92aaa1e1-ea01-4ef7-b4c4-26e7ea08dfd0 req-92aaa1e1-ea01-4ef7-b4c4-26e7ea08dfd0 ] Request (SecurityGroupsTestJSON:test_security_group_create_get_delete): 202 DELETE http://10.180.1.21/compute/v2.1/os-security-groups/27556d67-903a-4578-8f40-d5dc05855cd8 0.295s
2024-12-12 16:17:47.182 66661 INFO tempest.lib.common.rest_client [req-9b26e6ab-ce2d-4b49-9164-b6e9ca1cb1e5 req-9b26e6ab-ce2d-4b49-9164-b6e9ca1cb1e5 ] Request (ListServersNegativeTestJSON:setUpClass): 200 GET http://10.180.1.21/compute/v2.1/servers/483fd929-aae3-4c7d-a8e0-3b7a725fa0c8 0.230s
2024-12-12 16:17:47.231 66647 INFO tempest.lib.common.rest_client [req-233f3ec8-a5c0-4f42-849e-8f9cd4028670 req-233f3ec8-a5c0-4f42-849e-8f9cd4028670 ] Request (ServersAdminNegativeTestJSON:setUpClass): 200 GET http://10.180.1.21/compute/v2.1/servers/6a8c59b0-d6f5-4fc9-91ca-9e9fbd914f2b 0.193s
2024-12-12 16:17:47.233 66665 INFO tempest.lib.common.rest_client [req-6174d87a-a840-4e66-a6f5-cc202036d254 req-6174d87a-a840-4e66-a6f5-cc202036d254 ] Request (TenantUsagesTestJSON:setUpClass): 200 GET http://10.180.1.21/compute/v2.1/servers/50251391-0af4-43d7-9ecd-f0866e239a1e 0.139s
2024-12-12 16:17:47.279 66663 INFO tempest.lib.common.rest_client [req-e99dfb74-358c-409d-8a1c-1b176797a3eb req-e99dfb74-358c-409d-8a1c-1b176797a3eb ] Request (SecurityGroupsTestJSON:test_security_group_create_get_delete): 404 GET http://10.180.1.21/compute/v2.1/os-security-groups/27556d67-903a-4578-8f40-d5dc05855cd8 0.106s
2024-12-12 16:17:47.289 66671 INFO tempest.lib.common.rest_client [req-bd524cb5-7cfa-4c65-9de2-13b7b40004b1 req-bd524cb5-7cfa-4c65-9de2-13b7b40004b1 ] Request (DeleteServersTestJSON:test_delete_active_server): 200 GET http://10.180.1.21/compute/v2.1/servers/84afbe2c-7763-4077-b54e-e87828cf738c 0.134s
2024-12-12 16:17:47.329 66669 INFO tempest.lib.common.rest_client [req-e8764b25-a920-419b-b521-6bc75a7bb860 req-e8764b25-a920-419b-b521-6bc75a7bb860 ] Request (ImagesTestJSON:test_create_image_from_stopped_server): 200 GET http://10.180.1.21/compute/v2.1/servers/2ecedb08-72b9-4527-b396-da8ce3daf998 0.128s
2024-12-12 16:17:47.339 66687 INFO tempest.lib.common.rest_client [req-db038b23-696e-4310-ab55-002dd473f3fe req-db038b23-696e-4310-ab55-002dd473f3fe ] Request (ServersAdminTestJSON:test_inject_network_info): 200 GET http://10.180.1.21/compute/v2.1/servers/a5018d06-cfa8-4f6e-b13b-c98db79bccfd 0.099s
2024-12-12 16:17:47.373 66681 INFO tempest.lib.common.rest_client [req-75e60960-057e-4373-ad42-a0f37818791d req-75e60960-057e-4373-ad42-a0f37818791d ] Request (ServerRescueTestJSON:setUpClass): 200 GET http://10.180.1.21/compute/v2.1/servers/e8420f50-89c4-4363-8f0b-0b2752a8ae1e 0.112s
2024-12-12 16:17:47.417 66653 INFO tempest.lib.common.rest_client [req-14dff810-6138-4016-8336-3bc8aa8d9bb8 req-14dff810-6138-4016-8336-3bc8aa8d9bb8 ] Request (ServerAddressesTestJSON:setUpClass): 200 GET http://10.180.1.21/compute/v2.1/servers/9a5b673c-e771-4471-938e-8ab8faf4d0c1 0.120s
2024-12-12 16:17:47.449 66663 INFO tempest.lib.common.rest_client [req-1fd66897-b449-4b84-a15b-257c7dfe9a8d req-1fd66897-b449-4b84-a15b-257c7dfe9a8d ] Request (SecurityGroupsTestJSON:test_security_groups_create_list_delete): 200 POST http://10.180.1.21/compute/v2.1/os-security-groups 0.168s
2024-12-12 16:17:47.484 66683 INFO tempest.lib.common.rest_client [req-31f6de65-f438-4fef-b635-104fec3b5dd1 req-31f6de65-f438-4fef-b635-104fec3b5dd1 ] Request (ServersAdmin275Test:tearDownClass): 200 GET http://10.180.1.21/compute/v2.1/servers/0e4e5883-6f92-4124-b591-6bb04f27b764 0.151s
2024-12-12 16:17:47.506 66697 INFO tempest.lib.common.rest_client [req-8d3b37d2-a44b-49fb-af3f-5569bbb45c71 req-8d3b37d2-a44b-49fb-af3f-5569bbb45c71 ] Request (MigrationsAdminTest:test_resize_server_revert_deleted_flavor): 200 GET http://10.180.1.21/compute/v2.1/servers/8074d75c-a13a-4e80-ba58-2dbc7d620328 0.131s
2024-12-12 16:17:47.524 66689 INFO tempest.lib.common.rest_client [req-d60cd8f7-726d-486d-987a-086bc476bf5f req-d60cd8f7-726d-486d-987a-086bc476bf5f ] Request (ImagesOneServerTestJSON:test_create_image_specify_multibyte_character_image_name): 200 GET http://10.180.1.21/compute/v2.1/images/4ecfc14a-ea32-4ac6-bd73-a7dfb4a04029 0.112s
2024-12-12 16:17:47.614 66663 INFO tempest.lib.common.rest_client [req-ff3c9c50-a58f-4198-a61d-ba08bf993fbf req-ff3c9c50-a58f-4198-a61d-ba08bf993fbf ] Request (SecurityGroupsTestJSON:test_security_groups_create_list_delete): 200 POST http://10.180.1.21/compute/v2.1/os-security-groups 0.161s
2024-12-12 16:17:47.677 66673 INFO tempest.lib.common.rest_client [req-fab062df-8bf5-40e1-897f-ccaf7397aa7d req-fab062df-8bf5-40e1-897f-ccaf7397aa7d ] Request (ServersV294TestFqdnHostnames:setUpClass): 200 GET http://10.180.1.21/compute/v2.1/servers/fcb5f3ef-6b11-41e5-936a-a6e658e957ce 0.108s
2024-12-12 16:17:47.686 66673 INFO tempest.common.waiters [-] State transition "BUILD/block_device_mapping" ==> "BUILD/spawning" after 69 second wait
2024-12-12 16:17:47.748 66667 INFO tempest.lib.common.rest_client [req-2187b122-33ee-4d29-8bd0-a731287f501c req-2187b122-33ee-4d29-8bd0-a731287f501c ] Request (ServersTestManualDisk:setUpClass): 200 GET http://10.180.1.21/compute/v2.1/servers/a53c2f1e-656d-4ed3-ac20-187b30046701 0.143s
2024-12-12 16:17:47.810 66663 INFO tempest.lib.common.rest_client [req-c2e2c9c7-911d-42f6-a03c-a9f1666e3b42 req-c2e2c9c7-911d-42f6-a03c-a9f1666e3b42 ] Request (SecurityGroupsTestJSON:test_security_groups_create_list_delete): 200 POST http://10.180.1.21/compute/v2.1/os-security-groups 0.194s
2024-12-12 16:17:47.813 66651 INFO tempest.lib.common.rest_client [req-75502d23-e1e5-45d6-8b38-de26cc79469d req-75502d23-e1e5-45d6-8b38-de26cc79469d ] Request (ServersWithSpecificFlavorTestJSON:test_verify_created_server_ephemeral_disk): 200 GET http://10.180.1.21/compute/v2.1/servers/1a60dd50-c805-401b-8574-a11eebc105c6 0.134s
2024-12-12 16:17:47.866 66655 INFO tempest.lib.common.rest_client [req-396aeeca-b210-41ed-8b28-b0a4e17e806b req-396aeeca-b210-41ed-8b28-b0a4e17e806b ] Request (FloatingIPsAssociationTestJSON:setUpClass): 200 GET http://10.180.1.21/compute/v2.1/servers/ef35db94-4dc6-4270-abd0-12c8938c4939 0.099s
2024-12-12 16:17:47.874 66657 INFO tempest.lib.common.rest_client [req-e63e861b-6cb6-4a7b-97ca-68dc437a1454 req-e63e861b-6cb6-4a7b-97ca-68dc437a1454 ] Request (ServerRescueTestJSONUnderV235:setUpClass): 200 GET http://10.180.1.21/compute/v2.1/servers/5ba2dc0b-d991-4107-92e2-b5ead72ac290 0.139s
2024-12-12 16:17:47.920 66649 INFO tempest.lib.common.rest_client [req-24c218ba-11ac-405b-a0aa-3af7f853b59a req-24c218ba-11ac-405b-a0aa-3af7f853b59a ] Request (ServersNegativeTestJSON:setUpClass): 200 GET http://10.180.1.21/compute/v2.1/servers/989e9887-935f-4dfc-96c7-d84fa3ba0852 0.127s
2024-12-12 16:17:47.992 66703 INFO tempest.lib.common.rest_client [req-89bc7d03-257b-4b14-9e7e-f7833c51451c req-89bc7d03-257b-4b14-9e7e-f7833c51451c ] Request (ServerPasswordTestJSON:setUpClass): 200 GET http://10.180.1.21/compute/v2.1/servers/a69317c1-cf06-4f63-a58a-288a6cd20498 0.160s
2024-12-12 16:17:48.032 66663 INFO tempest.lib.common.rest_client [req-7eb279f0-6442-47d5-a243-3d803f6aceaf req-7eb279f0-6442-47d5-a243-3d803f6aceaf ] Request (SecurityGroupsTestJSON:test_security_groups_create_list_delete): 200 GET http://10.180.1.21/compute/v2.1/os-security-groups 0.219s
2024-12-12 16:17:48.042 66641 INFO tempest.lib.common.rest_client [req-3acb9a4d-fbc8-4b26-a989-39f9702c99cd req-3acb9a4d-fbc8-4b26-a989-39f9702c99cd ] Request (ServerDiagnosticsTest:test_get_server_diagnostics): 200 GET http://10.180.1.21/compute/v2.1/servers/4ccc5f58-f12f-42f2-ad16-5465cb3b2995 0.193s
2024-12-12 16:17:48.081 66675 INFO tempest.lib.common.rest_client [req-994d1bca-b052-4db6-998e-6e2e493129d2 req-994d1bca-b052-4db6-998e-6e2e493129d2 ] Request (ListImageFiltersTestJSON:setUpClass): 200 GET http://10.180.1.21/compute/v2.1/images/796fcc08-7930-4e23-b22e-808429618055 0.085s
2024-12-12 16:17:48.094 66677 INFO tempest.lib.common.rest_client [req-28d82d68-55b6-4351-a2d4-b29eeda7aa83 req-28d82d68-55b6-4351-a2d4-b29eeda7aa83 ] Request (ServersTestMultiNic:test_verify_multiple_nics_order): 200 GET http://10.180.1.21/compute/v2.1/servers/90e14d2c-7c5a-4eb8-80bb-1e0873e0c9bf 0.143s
2024-12-12 16:17:48.196 66663 INFO tempest.lib.common.rest_client [req-edcaedc8-0664-4ae7-8e8a-94df71bbcefd req-edcaedc8-0664-4ae7-8e8a-94df71bbcefd ] Request (SecurityGroupsTestJSON:test_security_groups_create_list_delete): 202 DELETE http://10.180.1.21/compute/v2.1/os-security-groups/35ec5dee-d14a-476e-adfd-5862aefa79ed 0.159s
2024-12-12 16:17:48.202 66645 INFO tempest.lib.common.rest_client [req-c8fe45ec-0a3d-4f08-bb25-a47946807b32 req-c8fe45ec-0a3d-4f08-bb25-a47946807b32 ] Request (ServerAddressesNegativeTestJSON:tearDownClass): 200 GET http://10.180.1.21/compute/v2.1/servers/61b0c495-6d81-4912-899b-0134798ebe29 0.078s
2024-12-12 16:17:48.233 66663 INFO tempest.lib.common.rest_client [req-75fa7a4c-1f1e-443a-9e76-ea664eddcdc4 req-75fa7a4c-1f1e-443a-9e76-ea664eddcdc4 ] Request (SecurityGroupsTestJSON:test_security_groups_create_list_delete): 404 GET http://10.180.1.21/compute/v2.1/os-security-groups/35ec5dee-d14a-476e-adfd-5862aefa79ed 0.036s
2024-12-12 16:17:48.269 66661 INFO tempest.lib.common.rest_client [req-6eb11c2a-feb4-416b-a6f9-c08c4f3ecafb req-6eb11c2a-feb4-416b-a6f9-c08c4f3ecafb ] Request (ListServersNegativeTestJSON:setUpClass): 200 GET http://10.180.1.21/compute/v2.1/servers/483fd929-aae3-4c7d-a8e0-3b7a725fa0c8 0.079s
2024-12-12 16:17:48.321 66647 INFO tempest.lib.common.rest_client [req-9b3fe97d-61e9-4dde-8683-39cb441410d5 req-9b3fe97d-61e9-4dde-8683-39cb441410d5 ] Request (ServersAdminNegativeTestJSON:setUpClass): 200 GET http://10.180.1.21/compute/v2.1/servers/6a8c59b0-d6f5-4fc9-91ca-9e9fbd914f2b 0.083s
2024-12-12 16:17:48.337 66663 INFO tempest.lib.common.rest_client [req-1efa7dc9-f188-4913-9a65-3d9231f10424 req-1efa7dc9-f188-4913-9a65-3d9231f10424 ] Request (SecurityGroupsTestJSON:test_security_groups_create_list_delete): 202 DELETE http://10.180.1.21/compute/v2.1/os-security-groups/46609da8-cb20-43a6-904d-da943d67347a 0.104s
2024-12-12 16:17:48.370 66665 INFO tempest.lib.common.rest_client [req-4954e8e7-c35d-4980-9002-9483c7d0ecfa req-4954e8e7-c35d-4980-9002-9483c7d0ecfa ] Request (TenantUsagesTestJSON:setUpClass): 200 GET http://10.180.1.21/compute/v2.1/servers/50251391-0af4-43d7-9ecd-f0866e239a1e 0.130s
2024-12-12 16:17:48.389 66671 INFO tempest.lib.common.rest_client [req-5a074380-4a35-4c05-919a-7c6d863d0cec req-5a074380-4a35-4c05-919a-7c6d863d0cec ] Request (DeleteServersTestJSON:test_delete_active_server): 200 GET http://10.180.1.21/compute/v2.1/servers/84afbe2c-7763-4077-b54e-e87828cf738c 0.092s
2024-12-12 16:17:48.391 66663 INFO tempest.lib.common.rest_client [req-ffcd4473-8ace-4333-9cba-1b4b88f604ff req-ffcd4473-8ace-4333-9cba-1b4b88f604ff ] Request (SecurityGroupsTestJSON:test_security_groups_create_list_delete): 404 GET http://10.180.1.21/compute/v2.1/os-security-groups/46609da8-cb20-43a6-904d-da943d67347a 0.053s
2024-12-12 16:17:48.438 66687 INFO tempest.lib.common.rest_client [req-663a75c7-7b57-4fe5-b43d-791490d9e9e2 req-663a75c7-7b57-4fe5-b43d-791490d9e9e2 ] Request (ServersAdminTestJSON:test_inject_network_info): 200 GET http://10.180.1.21/compute/v2.1/servers/a5018d06-cfa8-4f6e-b13b-c98db79bccfd 0.090s
2024-12-12 16:17:48.439 66669 INFO tempest.lib.common.rest_client [req-9924e5b7-80a0-4c7c-9735-6267d1746aae req-9924e5b7-80a0-4c7c-9735-6267d1746aae ] Request (ImagesTestJSON:test_create_image_from_stopped_server): 200 GET http://10.180.1.21/compute/v2.1/servers/2ecedb08-72b9-4527-b396-da8ce3daf998 0.100s
2024-12-12 16:17:48.487 66681 INFO tempest.lib.common.rest_client [req-3011a067-c594-487d-b9c1-4cf4c1d2a480 req-3011a067-c594-487d-b9c1-4cf4c1d2a480 ] Request (ServerRescueTestJSON:setUpClass): 200 GET http://10.180.1.21/compute/v2.1/servers/e8420f50-89c4-4363-8f0b-0b2752a8ae1e 0.106s
2024-12-12 16:17:48.536 66653 INFO tempest.lib.common.rest_client [req-64525b7e-13d1-4164-baca-56112330ee7c req-64525b7e-13d1-4164-baca-56112330ee7c ] Request (ServerAddressesTestJSON:setUpClass): 200 GET http://10.180.1.21/compute/v2.1/servers/9a5b673c-e771-4471-938e-8ab8faf4d0c1 0.112s
2024-12-12 16:17:48.540 66663 INFO tempest.lib.common.rest_client [req-46fed26d-d84e-4428-9b32-d678b60b6e28 req-46fed26d-d84e-4428-9b32-d678b60b6e28 ] Request (SecurityGroupsTestJSON:test_security_groups_create_list_delete): 202 DELETE http://10.180.1.21/compute/v2.1/os-security-groups/6b955bd0-d199-480b-a5f1-1d3d8a346514 0.148s
2024-12-12 16:17:48.558 66683 INFO tempest.lib.common.rest_client [req-87287504-1917-46ef-adf6-9c15a4090473 req-87287504-1917-46ef-adf6-9c15a4090473 ] Request (ServersAdmin275Test:tearDownClass): 404 GET http://10.180.1.21/compute/v2.1/servers/0e4e5883-6f92-4124-b591-6bb04f27b764 0.063s
2024-12-12 16:17:48.588 66689 INFO tempest.lib.common.rest_client [req-74ffa636-59e5-40d3-8ea5-717998e52965 req-74ffa636-59e5-40d3-8ea5-717998e52965 ] Request (ImagesOneServerTestJSON:test_create_image_specify_multibyte_character_image_name): 200 GET http://10.180.1.21/compute/v2.1/images/4ecfc14a-ea32-4ac6-bd73-a7dfb4a04029 0.059s
2024-12-12 16:17:48.590 66697 INFO tempest.lib.common.rest_client [req-468e5b33-d5f7-473b-8a17-10ac5f2b7a7f req-468e5b33-d5f7-473b-8a17-10ac5f2b7a7f ] Request (MigrationsAdminTest:test_resize_server_revert_deleted_flavor): 200 GET http://10.180.1.21/compute/v2.1/servers/8074d75c-a13a-4e80-ba58-2dbc7d620328 0.073s
2024-12-12 16:17:48.608 66663 INFO tempest.lib.common.rest_client [req-ba0a56c8-ffaf-4fcd-88ee-e5abacb1bab4 req-ba0a56c8-ffaf-4fcd-88ee-e5abacb1bab4 ] Request (SecurityGroupsTestJSON:test_security_groups_create_list_delete): 404 GET http://10.180.1.21/compute/v2.1/os-security-groups/6b955bd0-d199-480b-a5f1-1d3d8a346514 0.067s
2024-12-12 16:17:48.655 66683 INFO tempest.lib.common.rest_client [req-fc97bd06-e206-4d3b-b766-22eec6b5a924 req-fc97bd06-e206-4d3b-b766-22eec6b5a924 ] Request (ServersAdmin275Test:tearDownClass): 204 DELETE http://10.180.1.21/identity/v3/users/319516b1da4f422abde830bff451071d 0.096s
2024-12-12 16:17:48.703 66663 INFO tempest.lib.common.rest_client [req-6979a25c-c183-4e89-b089-b702983d5df6 req-6979a25c-c183-4e89-b089-b702983d5df6 ] Request (SecurityGroupsTestJSON:test_security_groups_create_list_delete): 200 GET http://10.180.1.21/compute/v2.1/os-security-groups 0.094s
2024-12-12 16:17:48.743 66683 INFO tempest.lib.common.rest_client [req-fbe21065-fdb3-4f83-bb67-7079d22f2305 req-fbe21065-fdb3-4f83-bb67-7079d22f2305 ] Request (ServersAdmin275Test:tearDownClass): 204 DELETE http://10.180.1.21/identity/v3/users/ca22afdda3454dcea8fc92ee0fbb7141 0.088s
2024-12-12 16:17:48.744 66683 INFO tempest.lib.common.dynamic_creds [-] Deleting project and security group for project: 0fb56a50ce454e8fa4b0ffcd7993b3f6
2024-12-12 16:17:48.805 66683 INFO tempest.lib.common.rest_client [req-157bcd2d-2902-4d86-b5d9-3301da147784 req-157bcd2d-2902-4d86-b5d9-3301da147784 ] Request (ServersAdmin275Test:tearDownClass): 201 POST http://10.180.1.21/identity/v3/auth/tokens 0.061s
2024-12-12 16:17:48.819 66663 INFO tempest.lib.common.rest_client [req-2affac67-91aa-411a-8bf6-7c0aa1721f43 req-2affac67-91aa-411a-8bf6-7c0aa1721f43 ] Request (SecurityGroupsTestJSON:test_server_security_groups): 200 POST http://10.180.1.21/compute/v2.1/os-security-groups 0.113s
2024-12-12 16:17:48.852 66673 INFO tempest.lib.common.rest_client [req-f0f915b8-a191-4c1e-8b07-032821f1c7f4 req-f0f915b8-a191-4c1e-8b07-032821f1c7f4 ] Request (ServersV294TestFqdnHostnames:setUpClass): 200 GET http://10.180.1.21/compute/v2.1/servers/fcb5f3ef-6b11-41e5-936a-a6e658e957ce 0.165s
2024-12-12 16:17:48.904 66651 INFO tempest.lib.common.rest_client [req-d595d0b2-c785-469d-adb1-a0b7194734e9 req-d595d0b2-c785-469d-adb1-a0b7194734e9 ] Request (ServersWithSpecificFlavorTestJSON:test_verify_created_server_ephemeral_disk): 200 GET http://10.180.1.21/compute/v2.1/servers/1a60dd50-c805-401b-8574-a11eebc105c6 0.084s
2024-12-12 16:17:48.915 66667 INFO tempest.lib.common.rest_client [req-0b580629-82e2-479b-8ab4-974c6b3abcc3 req-0b580629-82e2-479b-8ab4-974c6b3abcc3 ] Request (ServersTestManualDisk:setUpClass): 200 GET http://10.180.1.21/compute/v2.1/servers/a53c2f1e-656d-4ed3-ac20-187b30046701 0.159s
2024-12-12 16:17:48.972 66655 INFO tempest.lib.common.rest_client [req-2a9b9a4e-917d-4be6-998f-63d30965ab5c req-2a9b9a4e-917d-4be6-998f-63d30965ab5c ] Request (FloatingIPsAssociationTestJSON:setUpClass): 200 GET http://10.180.1.21/compute/v2.1/servers/ef35db94-4dc6-4270-abd0-12c8938c4939 0.097s
2024-12-12 16:17:48.996 66683 INFO tempest.lib.common.rest_client [req-f66a87a0-72cb-42e8-a5c0-f79ab668896f req-f66a87a0-72cb-42e8-a5c0-f79ab668896f ] Request (ServersAdmin275Test:tearDownClass): 200 GET http://10.180.1.21:9696/networking/v2.0/security-groups?tenant_id=0fb56a50ce454e8fa4b0ffcd7993b3f6&name=default 0.191s
2024-12-12 16:17:49.042 66657 INFO tempest.lib.common.rest_client [req-078fe13b-30e3-4f73-81a7-4fff6d598c85 req-078fe13b-30e3-4f73-81a7-4fff6d598c85 ] Request (ServerRescueTestJSONUnderV235:setUpClass): 200 GET http://10.180.1.21/compute/v2.1/servers/5ba2dc0b-d991-4107-92e2-b5ead72ac290 0.161s
2024-12-12 16:17:49.062 66663 INFO tempest.lib.common.rest_client [req-b46808a3-d03c-47c8-a8aa-44187c4a861d req-b46808a3-d03c-47c8-a8aa-44187c4a861d ] Request (SecurityGroupsTestJSON:test_server_security_groups): 200 POST http://10.180.1.21/compute/v2.1/os-security-groups 0.240s
2024-12-12 16:17:49.120 66703 INFO tempest.lib.common.rest_client [req-1f5a0689-6368-4e63-9e4b-f35c1246b8d1 req-1f5a0689-6368-4e63-9e4b-f35c1246b8d1 ] Request (ServerPasswordTestJSON:setUpClass): 200 GET http://10.180.1.21/compute/v2.1/servers/a69317c1-cf06-4f63-a58a-288a6cd20498 0.120s
2024-12-12 16:17:49.125 66649 INFO tempest.lib.common.rest_client [req-b5d970d6-b8ca-4635-a3e1-544a0d337aff req-b5d970d6-b8ca-4635-a3e1-544a0d337aff ] Request (ServersNegativeTestJSON:setUpClass): 200 GET http://10.180.1.21/compute/v2.1/servers/989e9887-935f-4dfc-96c7-d84fa3ba0852 0.189s
2024-12-12 16:17:49.139 66663 INFO tempest.lib.common.rest_client [req-0f24ead8-9a6c-4869-900a-43582234a7cf req-0f24ead8-9a6c-4869-900a-43582234a7cf ] Request (SecurityGroupsTestJSON:test_server_security_groups): 201 POST http://10.180.1.21/identity/v3/auth/tokens 0.071s
