2024-12-13 19:44:57.764 66821 INFO tempest.lib.common.rest_client [req-dbda20af-f2d9-47c0-b86a-8b9bfdd8c8e0 req-dbda20af-f2d9-47c0-b86a-8b9bfdd8c8e0 ] Request (ServerDiagnosticsNegativeTest:test_get_server_diagnostics_by_non_admin): 200 GET http://10.180.1.21/compute/v2.1/servers/e3bb34fa-0a4b-4ef0-885a-2c59a191ca72 0.550s
2024-12-13 19:44:57.792 66831 INFO tempest.lib.common.rest_client [req-11f0098a-2565-4bd7-820d-07ae7009f117 req-11f0098a-2565-4bd7-820d-07ae7009f117 ] Request (ServerRescueTestJSON:setUpClass): 201 POST http://10.180.1.21/identity/v3/users 0.068s
2024-12-13 19:44:57.820 66839 INFO tempest.lib.common.rest_client [req-d7aba8fe-545c-4f4e-bfa7-6914b392b97b req-d7aba8fe-545c-4f4e-bfa7-6914b392b97b ] Request (ServersTestFqdnHostnames:test_create_server_with_fqdn_name): 201 POST http://10.180.1.21:9696/networking/v2.0/security-group-rules 0.116s
2024-12-13 19:44:57.823 66819 INFO tempest.lib.common.rest_client [req-a102cf8d-4f65-4035-8c34-ff067da37838 req-a102cf8d-4f65-4035-8c34-ff067da37838 ] Request (ServersTestBootFromVolume:setUpClass): 200 GET http://10.180.1.21/volume/v3/volumes/3f23cb4e-0308-4ea0-a76b-720367edd08c 0.056s
2024-12-13 19:44:57.831 66831 INFO tempest.lib.common.rest_client [req-cd2a9ae5-8499-4653-91be-c89c8b19fdba req-cd2a9ae5-8499-4653-91be-c89c8b19fdba ] Request (ServerRescueTestJSON:setUpClass): 200 GET http://10.180.1.21/identity/v3/roles 0.039s
2024-12-13 19:44:57.860 66831 INFO tempest.lib.common.rest_client [req-093a5c4a-1a14-494f-997d-46d472495835 req-093a5c4a-1a14-494f-997d-46d472495835 ] Request (ServerRescueTestJSON:setUpClass): 204 PUT http://10.180.1.21/identity/v3/projects/cc48a15a978f4231bbbda88a9d4ad6cb/users/6eb654ecc7d9423282f065f84bc014d6/roles/27a92ceda3d1427894a8836a24bdc574 0.028s
2024-12-13 19:44:57.860 66831 INFO tempest.lib.common.dynamic_creds [-] Dynamic test user 6eb654ecc7d9423282f065f84bc014d6 is created with scope project and roles: ['member']
2024-12-13 19:44:57.860 66831 INFO tempest.lib.common.dynamic_creds [-] Acquired dynamic creds: credentials: Credentials: {'domain_id': 'default', 'domain_name': 'Default', 'username': 'tempest-ServerRescueTestJSON-1727825093-project-member', 'project_domain_id': 'default', 'project_domain_name': 'Default', 'project_id': 'cc48a15a978f4231bbbda88a9d4ad6cb', 'project_name': 'tempest-ServerRescueTestJSON-1727825093', 'tenant_id': 'cc48a15a978f4231bbbda88a9d4ad6cb', 'tenant_name': 'tempest-ServerRescueTestJSON-1727825093', 'user_domain_id': 'default', 'user_domain_name': 'Default', 'user_id': '6eb654ecc7d9423282f065f84bc014d6', 'system': None}, Network: None, Subnet: None, Router: None
2024-12-13 19:44:57.921 66839 INFO tempest.lib.common.rest_client [req-b1fce4f2-69d3-49bc-8bdd-6764cd40e2a4 req-b1fce4f2-69d3-49bc-8bdd-6764cd40e2a4 ] Request (ServersTestFqdnHostnames:test_create_server_with_fqdn_name): 201 POST http://10.180.1.21:9696/networking/v2.0/security-group-rules 0.100s
2024-12-13 19:44:57.931 66865 INFO tempest.lib.common.rest_client [req-24c9ba79-5267-4f27-a84c-9ae6f0090a3e req-24c9ba79-5267-4f27-a84c-9ae6f0090a3e ] Request (ValidationResourcesFixture:setUp): 201 POST http://10.180.1.21/compute/v2.1/os-keypairs 0.687s
2024-12-13 19:44:57.936 66831 INFO tempest.lib.common.rest_client [req-2cb44968-2070-4284-8b31-f38c8c6e14e9 req-2cb44968-2070-4284-8b31-f38c8c6e14e9 ] Request (ServerRescueTestJSON:setUpClass): 201 POST http://10.180.1.21/identity/v3/auth/tokens 0.076s
2024-12-13 19:44:58.166 66855 INFO tempest.lib.common.rest_client [req-8188a0da-d31f-428c-871a-c10ce0bcd3e7 req-8188a0da-d31f-428c-871a-c10ce0bcd3e7 ] Request (MigrationsAdminTest:test_list_migrations_in_flavor_resize_situation): 200 GET http://10.180.1.21/compute/v2.1/servers/1e669675-0551-49d8-af15-64fdd0984b3f 0.834s
2024-12-13 19:44:58.166 66865 INFO tempest.lib.common.rest_client [req-d685a23b-c054-42ed-958c-1e99733acbd9 req-d685a23b-c054-42ed-958c-1e99733acbd9 ] Request (ValidationResourcesFixture:setUp): 201 POST http://10.180.1.21:9696/networking/v2.0/security-groups 0.234s
2024-12-13 19:44:58.214 66825 INFO tempest.lib.common.rest_client [req-ccd6228f-60e7-4c6b-b0d0-111819aaa72f req-ccd6228f-60e7-4c6b-b0d0-111819aaa72f ] Request (SecurityGroupsTestJSON:test_server_security_groups): 202 POST http://10.180.1.21/compute/v2.1/servers 1.068s
2024-12-13 19:44:58.283 66843 INFO tempest.lib.common.rest_client [req-fd5f1a3b-a318-4f91-8a04-8c76d5431312 req-fd5f1a3b-a318-4f91-8a04-8c76d5431312 ] Request (AttachVolumeNegativeTest:test_attach_attached_volume_to_different_server): 200 GET http://10.180.1.21/compute/v2.1/servers/c4ca3d86-7d6e-4dbf-912b-7cb292596272 0.863s
2024-12-13 19:44:58.353 66831 INFO tempest.lib.common.rest_client [req-edcb43ac-e07a-4f73-9b65-cd2670206218 req-edcb43ac-e07a-4f73-9b65-cd2670206218 ] Request (ServerRescueTestJSON:setUpClass): 201 POST http://10.180.1.21:9696/networking/v2.0/networks 0.416s
2024-12-13 19:44:58.434 66845 INFO tempest.lib.common.rest_client [req-13ca3b65-585f-4400-83db-568c939749fd req-13ca3b65-585f-4400-83db-568c939749fd ] Request (ListServerFiltersTestJSON:test_list_servers_filtered_by_ip_regex): 200 GET http://10.180.1.21/compute/v2.1/servers/9595a480-fdc1-4dda-877b-e0f6078420e2 1.072s
2024-12-13 19:44:58.472 66865 INFO tempest.lib.common.rest_client [req-18c873e7-1e85-41b1-be49-2e66a0ab1545 req-18c873e7-1e85-41b1-be49-2e66a0ab1545 ] Request (ValidationResourcesFixture:setUp): 201 POST http://10.180.1.21:9696/networking/v2.0/security-group-rules 0.304s
2024-12-13 19:44:58.478 66849 INFO tempest.lib.common.rest_client [req-ae8cc21a-1257-45aa-a529-7e38c94e9a94 req-ae8cc21a-1257-45aa-a529-7e38c94e9a94 ] Request (ImagesOneServerNegativeTestJSON:_run_cleanups): 404 GET http://10.180.1.21/compute/v2.1/servers/dc6d1fd4-d844-4ef6-b100-5e491a698ae3 0.724s
2024-12-13 19:44:58.547 66853 INFO tempest.lib.common.rest_client [req-7e4a4405-c8ca-4c41-b142-c6835968e9ee req-7e4a4405-c8ca-4c41-b142-c6835968e9ee ] Request (ServerActionsTestJSON:setUpClass): 200 GET http://10.180.1.21/compute/v2.1/servers/e9878c22-2044-464f-915f-c1c865693437 0.874s
2024-12-13 19:44:58.587 66809 INFO tempest.lib.common.rest_client [req-7b75989b-9a00-4734-9b3f-8eb157b2c329 req-7b75989b-9a00-4734-9b3f-8eb157b2c329 ] Request (ServersAdmin275Test:tearDownClass): 200 GET http://10.180.1.21/compute/v2.1/servers/90b44fba-636a-414f-b286-7baf5adc2122 0.827s
2024-12-13 19:44:58.681 66861 INFO tempest.lib.common.rest_client [req-851ab1a5-1c43-43f8-bc71-375dc9a5946d req-851ab1a5-1c43-43f8-bc71-375dc9a5946d ] Request (InstanceActionsV221TestJSON:test_get_list_deleted_instance_actions): 200 GET http://10.180.1.21/compute/v2.1/servers/f68bb186-74b9-4c10-a7a0-e8feda38b3bd 0.565s
2024-12-13 19:44:58.740 66831 INFO tempest.lib.common.rest_client [req-697657bd-8756-44e7-aa87-42112c16b436 req-697657bd-8756-44e7-aa87-42112c16b436 ] Request (ServerRescueTestJSON:setUpClass): 201 POST http://10.180.1.21:9696/networking/v2.0/subnets 0.386s
2024-12-13 19:44:58.773 66833 INFO tempest.lib.common.rest_client [req-996087c3-eb27-4459-8cc3-aac6d22d6c2a req-996087c3-eb27-4459-8cc3-aac6d22d6c2a ] Request (ImagesNegativeTestJSON:test_create_image_from_deleted_server): 200 GET http://10.180.1.21/compute/v2.1/servers/1885c76e-a6bc-4f5b-bf2b-fe43229cec08 0.582s
2024-12-13 19:44:58.777 66865 INFO tempest.lib.common.rest_client [req-5f76b044-9143-4f3e-8ec2-9a76d2ae7fc6 req-5f76b044-9143-4f3e-8ec2-9a76d2ae7fc6 ] Request (ValidationResourcesFixture:setUp): 201 POST http://10.180.1.21:9696/networking/v2.0/security-group-rules 0.305s
2024-12-13 19:44:58.783 66827 INFO tempest.lib.common.rest_client [req-a44cc93f-5a8e-4bda-8576-18e1c3b00f8f req-a44cc93f-5a8e-4bda-8576-18e1c3b00f8f ] Request (ServersAdminTestJSON:setUpClass): 200 GET http://10.180.1.21/compute/v2.1/servers/296cf9dd-e110-4144-8899-56fb0d257b8b 0.770s
2024-12-13 19:44:58.827 66839 INFO tempest.lib.common.rest_client [req-6ae33575-66d6-4ce8-888f-76f0e40882b9 req-6ae33575-66d6-4ce8-888f-76f0e40882b9 ] Request (ServersTestFqdnHostnames:test_create_server_with_fqdn_name): 201 POST http://10.180.1.21:9696/networking/v2.0/floatingips 0.906s
2024-12-13 19:44:58.848 66825 INFO tempest.lib.common.rest_client [req-d2f3ef2f-e167-4e45-8618-75403a4cc35e req-d2f3ef2f-e167-4e45-8618-75403a4cc35e ] Request (SecurityGroupsTestJSON:test_server_security_groups): 200 GET http://10.180.1.21/compute/v2.1/servers/1aff4bff-16cd-4873-9b4d-3538d4779084 0.631s
2024-12-13 19:44:58.875 66819 INFO tempest.lib.common.rest_client [req-2e31c197-2b1a-413c-a08f-4a492bbdaf5b req-2e31c197-2b1a-413c-a08f-4a492bbdaf5b ] Request (ServersTestBootFromVolume:setUpClass): 200 GET http://10.180.1.21/volume/v3/volumes/3f23cb4e-0308-4ea0-a76b-720367edd08c 0.040s
2024-12-13 19:44:58.912 66817 INFO tempest.lib.common.rest_client [req-88439df0-f003-43ce-9bf2-e5ca4debe4d1 req-88439df0-f003-43ce-9bf2-e5ca4debe4d1 ] Request (ListServersNegativeTestJSON:setUpClass): 200 GET http://10.180.1.21/compute/v2.1/servers/3692d5e9-2382-4f95-8ca4-0a57474e9be7 0.642s
2024-12-13 19:44:58.933 66839 INFO tempest.lib.common.rest_client [req-a081fab8-4fe5-4844-b8de-c54dc6558c45 req-a081fab8-4fe5-4844-b8de-c54dc6558c45 ] Request (ServersTestFqdnHostnames:test_create_server_with_fqdn_name): 201 POST http://10.180.1.21/identity/v3/auth/tokens 0.100s
2024-12-13 19:44:58.934 66839 INFO tempest.lib.common.fixed_network [-] (ServersTestFqdnHostnames:test_create_server_with_fqdn_name) Found network {'id': 'a2e8b4f3-d231-4291-b35a-115b35e05042', 'name': 'tempest-ServersTestFqdnHostnames-1368243888-network', 'tenant_id': '683559d4349247a39ab21f2fdf222535', 'admin_state_up': True, 'mtu': 8950, 'status': 'ACTIVE', 'subnets': [], 'shared': False, 'project_id': '683559d4349247a39ab21f2fdf222535', 'port_security_enabled': True, 'router:external': False, 'provider:network_type': 'vlan', 'provider:physical_network': 'default', 'provider:segmentation_id': 932, 'availability_zone_hints': [], 'availability_zones': [], 'ipv4_address_scope': None, 'ipv6_address_scope': None, 'description': '', 'tags': [], 'created_at': '2024-12-13T19:44:51Z', 'updated_at': '2024-12-13T19:44:51Z', 'revision_number': 1} available for tenant
2024-12-13 19:44:58.970 66811 INFO tempest.lib.common.rest_client [req-f0b491f3-e783-492b-afb0-f4375779ba03 req-f0b491f3-e783-492b-afb0-f4375779ba03 ] Request (ImagesOneServerTestJSON:tearDownClass): 200 GET http://10.180.1.21/compute/v2.1/servers/b19648bf-b106-4c17-8b48-8c579fb23b31 0.636s
2024-12-13 19:44:59.023 66863 INFO tempest.lib.common.rest_client [req-081f1bfc-2796-4e72-9d21-a96802addf60 req-081f1bfc-2796-4e72-9d21-a96802addf60 ] Request (DeleteServersAdminTestJSON:test_delete_server_while_in_error_state): 200 GET http://10.180.1.21/compute/v2.1/servers/ac8aec0b-0dd9-4250-8686-343a4d2563c2 0.605s
2024-12-13 19:44:59.101 66807 INFO tempest.lib.common.rest_client [req-d8b7d273-3f7e-4f77-b72b-7f7fd3082364 req-d8b7d273-3f7e-4f77-b72b-7f7fd3082364 ] Request (SecurityGroupRulesNegativeTestJSON:setUpClass): 201 POST http://10.180.1.21:9696/networking/v2.0/routers 1.680s
2024-12-13 19:44:59.129 66867 INFO tempest.lib.common.rest_client [req-e9a7e0d3-c617-47ba-a63a-7109332140fc req-e9a7e0d3-c617-47ba-a63a-7109332140fc ] Request (ServerShowV247Test:test_update_rebuild_list_server): 200 GET http://10.180.1.21/compute/v2.1/servers/4df11575-4191-4213-80f6-c74ba97b856f 0.678s
2024-12-13 19:44:59.173 66849 INFO tempest.lib.common.rest_client [req-87cdb4cc-90c9-475b-a3fb-2c6275c2d307 req-87cdb4cc-90c9-475b-a3fb-2c6275c2d307 ] Request (ImagesOneServerNegativeTestJSON:_run_cleanups): 200 POST http://10.180.1.21/compute/v2.1/os-keypairs 0.692s
2024-12-13 19:44:59.218 66845 INFO tempest.lib.common.rest_client [req-0bb2cfe8-af7d-4d94-bece-62e90eabb027 req-0bb2cfe8-af7d-4d94-bece-62e90eabb027 ] Request (ListServerFiltersTestJSON:test_list_servers_filtered_by_ip_regex): 200 GET http://10.180.1.21/compute/v2.1/servers/6cebe45a-8d90-4ac3-b75e-99e2a598c43b 0.768s
2024-12-13 19:44:59.262 66829 INFO tempest.lib.common.rest_client [req-d6897845-8a39-40e5-91a6-38aea22ba2d7 req-d6897845-8a39-40e5-91a6-38aea22ba2d7 ] Request (FloatingIPsAssociationTestJSON:test_associate_already_associated_floating_ip): 200 GET http://10.180.1.21/compute/v2.1/servers/659eb0b0-3b2a-4253-9c65-ef5bc0d33fd1 0.693s
2024-12-13 19:44:59.311 66847 INFO tempest.lib.common.rest_client [req-ce78adcf-9d1d-49c7-96a9-97206a98190d req-ce78adcf-9d1d-49c7-96a9-97206a98190d ] Request (ServerGroupTestJSON:test_create_server_with_scheduler_hint_group): 200 GET http://10.180.1.21/compute/v2.1/servers/0062297f-63f3-4773-bbc2-5077395657d2 0.669s
2024-12-13 19:44:59.345 66859 INFO tempest.lib.common.rest_client [req-d7c3e341-1433-49ad-8984-bf70c5890fbf req-d7c3e341-1433-49ad-8984-bf70c5890fbf ] Request (ServersAdminNegativeTestJSON:test_migrate_server_invalid_state): 200 GET http://10.180.1.21/compute/v2.1/servers/d2fba47f-bc9d-4673-a8c1-1dadebdea56e 0.679s
2024-12-13 19:44:59.403 66821 INFO tempest.lib.common.rest_client [req-747a2ff0-846d-4319-93ea-ae6f35efb9c3 req-747a2ff0-846d-4319-93ea-ae6f35efb9c3 ] Request (ServerDiagnosticsNegativeTest:test_get_server_diagnostics_by_non_admin): 200 GET http://10.180.1.21/compute/v2.1/servers/e3bb34fa-0a4b-4ef0-885a-2c59a191ca72 0.629s
2024-12-13 19:44:59.579 66813 WARNING tempest.lib.common.ssh [-] Failed to establish authenticated ssh connection to cirros@10.180.180.173 ([Errno None] Unable to connect to port 22 on 10.180.180.173). Number attempts: 2. Retry after 3 seconds.: paramiko.ssh_exception.NoValidConnectionsError: [Errno None] Unable to connect to port 22 on 10.180.180.173
2024-12-13 19:44:59.584 66815 WARNING tempest.lib.common.ssh [-] Failed to establish authenticated ssh connection to cirros@10.180.180.139 ([Errno None] Unable to connect to port 22 on 10.180.180.139). Number attempts: 1. Retry after 2 seconds.: paramiko.ssh_exception.NoValidConnectionsError: [Errno None] Unable to connect to port 22 on 10.180.180.139
2024-12-13 19:44:59.591 66849 INFO tempest.lib.common.rest_client [req-c0bca13a-2ac4-4409-9421-d2072be72994 req-c0bca13a-2ac4-4409-9421-d2072be72994 ] Request (ImagesOneServerNegativeTestJSON:_run_cleanups): 201 POST http://10.180.1.21:9696/networking/v2.0/security-groups 0.415s
2024-12-13 19:44:59.669 66855 INFO tempest.lib.common.rest_client [req-c79b598a-a776-4860-91ac-ac532d49157f req-c79b598a-a776-4860-91ac-ac532d49157f ] Request (MigrationsAdminTest:test_list_migrations_in_flavor_resize_situation): 200 GET http://10.180.1.21/compute/v2.1/servers/1e669675-0551-49d8-af15-64fdd0984b3f 0.494s
2024-12-13 19:44:59.770 66837 WARNING tempest.lib.common.ssh [-] Failed to establish authenticated ssh connection to cirros@10.180.180.244 ([Errno None] Unable to connect to port 22 on 10.180.180.244). Number attempts: 4. Retry after 5 seconds.: paramiko.ssh_exception.NoValidConnectionsError: [Errno None] Unable to connect to port 22 on 10.180.180.244
2024-12-13 19:44:59.792 66849 INFO tempest.lib.common.rest_client [req-79846253-45e4-4e76-b5a4-226c31e2b7b4 req-79846253-45e4-4e76-b5a4-226c31e2b7b4 ] Request (ImagesOneServerNegativeTestJSON:_run_cleanups): 201 POST http://10.180.1.21:9696/networking/v2.0/security-group-rules 0.200s
2024-12-13 19:44:59.911 66819 INFO tempest.lib.common.rest_client [req-021eb67f-0045-443e-8806-ab5099da331d req-021eb67f-0045-443e-8806-ab5099da331d ] Request (ServersTestBootFromVolume:setUpClass): 200 GET http://10.180.1.21/volume/v3/volumes/3f23cb4e-0308-4ea0-a76b-720367edd08c 0.025s
2024-12-13 19:44:59.995 66849 INFO tempest.lib.common.rest_client [req-1eea232a-2174-4002-83b6-f0ede0c7d8ce req-1eea232a-2174-4002-83b6-f0ede0c7d8ce ] Request (ImagesOneServerNegativeTestJSON:_run_cleanups): 201 POST http://10.180.1.21:9696/networking/v2.0/security-group-rules 0.203s
2024-12-13 19:45:00.065 66845 INFO tempest.lib.common.rest_client [req-af603b57-37cb-4575-8b0a-593e44d407c7 req-af603b57-37cb-4575-8b0a-593e44d407c7 ] Request (ListServerFiltersTestJSON:test_list_servers_filtered_by_ip_regex): 200 GET http://10.180.1.21/compute/v2.1/servers/detail 0.840s
2024-12-13 19:45:00.137 66843 INFO tempest.lib.common.rest_client [req-0a6d7b4b-090c-40d6-9e40-94744d5975fb req-0a6d7b4b-090c-40d6-9e40-94744d5975fb ] Request (AttachVolumeNegativeTest:test_attach_attached_volume_to_different_server): 200 GET http://10.180.1.21/compute/v2.1/servers/c4ca3d86-7d6e-4dbf-912b-7cb292596272 0.842s
2024-12-13 19:45:00.206 66865 INFO tempest.lib.common.rest_client [req-9e60fe89-ae61-45d8-b1e3-a6e945a3e4b7 req-9e60fe89-ae61-45d8-b1e3-a6e945a3e4b7 ] Request (ValidationResourcesFixture:setUp): 201 POST http://10.180.1.21:9696/networking/v2.0/floatingips 1.428s
2024-12-13 19:45:00.259 66839 INFO tempest.lib.common.rest_client [req-67b2bd0d-a1e2-494d-8f7b-8c4ecc58559c req-67b2bd0d-a1e2-494d-8f7b-8c4ecc58559c ] Request (ServersTestFqdnHostnames:test_create_server_with_fqdn_name): 202 POST http://10.180.1.21/compute/v2.1/servers 1.323s
2024-12-13 19:45:00.265 66853 INFO tempest.lib.common.rest_client [req-5143f48b-2be0-4214-a443-fc65edfb2d84 req-5143f48b-2be0-4214-a443-fc65edfb2d84 ] Request (ServerActionsTestJSON:setUpClass): 200 GET http://10.180.1.21/compute/v2.1/servers/e9878c22-2044-464f-915f-c1c865693437 0.710s
2024-12-13 19:45:00.291 66865 INFO tempest.lib.common.rest_client [req-839bf001-f3fe-4307-a900-be0eca9b3467 req-839bf001-f3fe-4307-a900-be0eca9b3467 ] Request (AttachVolumeShelveTestJSON:test_attach_volume_shelved_or_offload_server): 201 POST http://10.180.1.21/identity/v3/auth/tokens 0.082s
2024-12-13 19:45:00.292 66865 INFO tempest.lib.common.fixed_network [-] (AttachVolumeShelveTestJSON:test_attach_volume_shelved_or_offload_server) Found network {'id': 'c6e82ed8-135c-4a2b-a7fa-f0f461137015', 'name': 'tempest-AttachVolumeShelveTestJSON-414473987-network', 'tenant_id': 'e5c18e090ac645c2bb13c4b6714f5f01', 'admin_state_up': True, 'mtu': 8950, 'status': 'ACTIVE', 'subnets': [], 'shared': False, 'project_id': 'e5c18e090ac645c2bb13c4b6714f5f01', 'port_security_enabled': True, 'router:external': False, 'provider:network_type': 'vlan', 'provider:physical_network': 'default', 'provider:segmentation_id': 137, 'availability_zone_hints': [], 'availability_zones': [], 'ipv4_address_scope': None, 'ipv6_address_scope': None, 'description': '', 'tags': [], 'created_at': '2024-12-13T19:44:53Z', 'updated_at': '2024-12-13T19:44:53Z', 'revision_number': 1} available for tenant
2024-12-13 19:45:00.317 66861 INFO tempest.lib.common.rest_client [req-d99434fe-9228-44d8-92e4-7864849de4f2 req-d99434fe-9228-44d8-92e4-7864849de4f2 ] Request (InstanceActionsV221TestJSON:test_get_list_deleted_instance_actions): 200 GET http://10.180.1.21/compute/v2.1/servers/f68bb186-74b9-4c10-a7a0-e8feda38b3bd 0.623s
2024-12-13 19:45:00.332 66809 INFO tempest.lib.common.rest_client [req-c91c0a17-a42c-46fe-96ba-a1ef5de1d2a8 req-c91c0a17-a42c-46fe-96ba-a1ef5de1d2a8 ] Request (ServersAdmin275Test:tearDownClass): 200 GET http://10.180.1.21/compute/v2.1/servers/90b44fba-636a-414f-b286-7baf5adc2122 0.733s
2024-12-13 19:45:00.376 66833 INFO tempest.lib.common.rest_client [req-60e7f4f8-eabc-4852-b947-00bf800cff50 req-60e7f4f8-eabc-4852-b947-00bf800cff50 ] Request (ImagesNegativeTestJSON:test_create_image_from_deleted_server): 200 GET http://10.180.1.21/compute/v2.1/servers/1885c76e-a6bc-4f5b-bf2b-fe43229cec08 0.591s
2024-12-13 19:45:00.449 66825 INFO tempest.lib.common.rest_client [req-e9e9a5b5-6d7b-4377-9874-ee37e4953bf2 req-e9e9a5b5-6d7b-4377-9874-ee37e4953bf2 ] Request (SecurityGroupsTestJSON:test_server_security_groups): 200 GET http://10.180.1.21/compute/v2.1/servers/1aff4bff-16cd-4873-9b4d-3538d4779084 0.591s
2024-12-13 19:45:00.502 66817 INFO tempest.lib.common.rest_client [req-e0ecd63e-78d2-4bef-8ab3-4079171c8e9f req-e0ecd63e-78d2-4bef-8ab3-4079171c8e9f ] Request (ListServersNegativeTestJSON:setUpClass): 200 GET http://10.180.1.21/compute/v2.1/servers/3692d5e9-2382-4f95-8ca4-0a57474e9be7 0.579s
2024-12-13 19:45:00.520 66827 INFO tempest.lib.common.rest_client [req-f58e962a-dc3b-4e6c-8758-a0fa9078f253 req-f58e962a-dc3b-4e6c-8758-a0fa9078f253 ] Request (ServersAdminTestJSON:setUpClass): 200 GET http://10.180.1.21/compute/v2.1/servers/296cf9dd-e110-4144-8899-56fb0d257b8b 0.726s
2024-12-13 19:45:00.534 66831 INFO tempest.lib.common.rest_client [req-8215b2f4-bdf4-479d-ba2e-86ed6d0defce req-8215b2f4-bdf4-479d-ba2e-86ed6d0defce ] Request (ServerRescueTestJSON:setUpClass): 201 POST http://10.180.1.21:9696/networking/v2.0/routers 1.792s
2024-12-13 19:45:00.572 66811 INFO tempest.lib.common.rest_client [req-1b922d1f-db73-4bfd-9d83-4f488a28db63 req-1b922d1f-db73-4bfd-9d83-4f488a28db63 ] Request (ImagesOneServerTestJSON:tearDownClass): 200 GET http://10.180.1.21/compute/v2.1/servers/b19648bf-b106-4c17-8b48-8c579fb23b31 0.589s
2024-12-13 19:45:00.597 66863 INFO tempest.lib.common.rest_client [req-973348da-9855-49a1-823e-7da41be8fae5 req-973348da-9855-49a1-823e-7da41be8fae5 ] Request (DeleteServersAdminTestJSON:test_delete_server_while_in_error_state): 200 GET http://10.180.1.21/compute/v2.1/servers/ac8aec0b-0dd9-4250-8686-343a4d2563c2 0.563s
2024-12-13 19:45:00.667 66845 INFO tempest.lib.common.rest_client [req-390e4e44-bb63-43c5-a10a-433a8984b3c3 req-390e4e44-bb63-43c5-a10a-433a8984b3c3 ] Request (ListServerFiltersTestJSON:test_list_servers_filtered_by_ip_regex): 200 GET http://10.180.1.21/compute/v2.1/servers?ip=192.168.128. 0.595s
2024-12-13 19:45:00.667 66867 INFO tempest.lib.common.rest_client [req-a48dc544-74bd-4161-b696-2ef1285151c1 req-a48dc544-74bd-4161-b696-2ef1285151c1 ] Request (ServerShowV247Test:test_update_rebuild_list_server): 200 GET http://10.180.1.21/compute/v2.1/servers/4df11575-4191-4213-80f6-c74ba97b856f 0.528s
2024-12-13 19:45:00.731 66839 INFO tempest.lib.common.rest_client [req-a5ec060d-922b-4932-ba32-8f3d59dd148d req-a5ec060d-922b-4932-ba32-8f3d59dd148d ] Request (ServersTestFqdnHostnames:test_create_server_with_fqdn_name): 200 GET http://10.180.1.21/compute/v2.1/servers/a3e0bf12-7471-4d8d-bb31-bf4b3b35f87f 0.466s
2024-12-13 19:45:00.742 66829 INFO tempest.lib.common.rest_client [req-07973cb3-f52f-4f4c-af29-b2aa186a5be5 req-07973cb3-f52f-4f4c-af29-b2aa186a5be5 ] Request (FloatingIPsAssociationTestJSON:test_associate_already_associated_floating_ip): 200 GET http://10.180.1.21/compute/v2.1/servers/659eb0b0-3b2a-4253-9c65-ef5bc0d33fd1 0.473s
2024-12-13 19:45:00.803 66847 INFO tempest.lib.common.rest_client [req-5e0afd50-df27-4461-a5be-159e61e69509 req-5e0afd50-df27-4461-a5be-159e61e69509 ] Request (ServerGroupTestJSON:test_create_server_with_scheduler_hint_group): 200 GET http://10.180.1.21/compute/v2.1/servers/0062297f-63f3-4773-bbc2-5077395657d2 0.482s
2024-12-13 19:45:00.839 66849 INFO tempest.lib.common.rest_client [req-1eb444b0-c6f8-476a-a616-3edd9afaedc7 req-1eb444b0-c6f8-476a-a616-3edd9afaedc7 ] Request (ImagesOneServerNegativeTestJSON:_run_cleanups): 201 POST http://10.180.1.21:9696/networking/v2.0/floatingips 0.843s
2024-12-13 19:45:00.878 66859 INFO tempest.lib.common.rest_client [req-0fd665c6-f4c6-4e3b-9ce8-3c210d664eeb req-0fd665c6-f4c6-4e3b-9ce8-3c210d664eeb ] Request (ServersAdminNegativeTestJSON:test_migrate_server_invalid_state): 200 GET http://10.180.1.21/compute/v2.1/servers/d2fba47f-bc9d-4673-a8c1-1dadebdea56e 0.521s
2024-12-13 19:45:00.927 66849 INFO tempest.lib.common.rest_client [req-761306f1-6fed-4829-87f9-34009ec7ab84 req-761306f1-6fed-4829-87f9-34009ec7ab84 ] Request (ImagesOneServerNegativeTestJSON:_run_cleanups): 201 POST http://10.180.1.21/identity/v3/auth/tokens 0.084s
2024-12-13 19:45:00.928 66849 INFO tempest.lib.common.fixed_network [-] (ImagesOneServerNegativeTestJSON:_run_cleanups) Found network {'id': 'a9cdd1f4-8d7e-4f5a-bce3-2ba18087d749', 'name': 'tempest-ImagesOneServerNegativeTestJSON-1963892663-network', 'tenant_id': '349319b81ebc4b50b19ead6b2aa1c248', 'admin_state_up': True, 'mtu': 8950, 'status': 'ACTIVE', 'subnets': [], 'shared': False, 'project_id': '349319b81ebc4b50b19ead6b2aa1c248', 'port_security_enabled': True, 'router:external': False, 'provider:network_type': 'vlan', 'provider:physical_network': 'default', 'provider:segmentation_id': 907, 'availability_zone_hints': [], 'availability_zones': [], 'ipv4_address_scope': None, 'ipv6_address_scope': None, 'description': '', 'tags': [], 'created_at': '2024-12-13T19:43:09Z', 'updated_at': '2024-12-13T19:43:10Z', 'revision_number': 1} available for tenant
2024-12-13 19:45:00.959 66819 INFO tempest.lib.common.rest_client [req-000c8356-f14a-42d0-ab68-ac8904388a57 req-000c8356-f14a-42d0-ab68-ac8904388a57 ] Request (ServersTestBootFromVolume:setUpClass): 200 GET http://10.180.1.21/volume/v3/volumes/3f23cb4e-0308-4ea0-a76b-720367edd08c 0.041s
2024-12-13 19:45:00.966 66821 INFO tempest.lib.common.rest_client [req-4cb3ce20-b3a8-4130-8146-73305e9334ff req-4cb3ce20-b3a8-4130-8146-73305e9334ff ] Request (ServerDiagnosticsNegativeTest:test_get_server_diagnostics_by_non_admin): 200 GET http://10.180.1.21/compute/v2.1/servers/e3bb34fa-0a4b-4ef0-885a-2c59a191ca72 0.555s
2024-12-13 19:45:01.027 66845 INFO tempest.lib.common.rest_client [req-aa311474-1ba5-41dc-ab32-c53fd3673bdb req-aa311474-1ba5-41dc-ab32-c53fd3673bdb ] Request (ListServerFiltersTestJSON:test_list_servers_filtered_by_name_regex): 200 GET http://10.180.1.21/compute/v2.1/servers?name=%5E.%2A%5C-instance%5C-%5B0-9%5D%2B%24 0.355s
2024-12-13 19:45:01.043 66807 INFO tempest.lib.common.rest_client [req-dbdacb82-8072-4d15-81b3-64c66c6a4e12 req-dbdacb82-8072-4d15-81b3-64c66c6a4e12 ] Request (SecurityGroupRulesNegativeTestJSON:setUpClass): 200 PUT http://10.180.1.21:9696/networking/v2.0/routers/525c7adc-37b9-4f40-9aff-21da8579eb53/add_router_interface 1.941s
2024-12-13 19:45:01.043 66807 INFO tempest.lib.common.dynamic_creds [-] Created isolated network resources for: credentials: Credentials: {'domain_id': 'default', 'domain_name': 'Default', 'username': 'tempest-SecurityGroupRulesNegativeTestJSON-420931300-project-member', 'project_domain_id': 'default', 'project_domain_name': 'Default', 'project_id': '279cc48d2f4141db95673c63b538a2ed', 'project_name': 'tempest-SecurityGroupRulesNegativeTestJSON-420931300', 'tenant_id': '279cc48d2f4141db95673c63b538a2ed', 'tenant_name': 'tempest-SecurityGroupRulesNegativeTestJSON-420931300', 'user_domain_id': 'default', 'user_domain_name': 'Default', 'user_id': '979293bf7de7442a802e2bb9aca82ee6', 'system': None}, Network: {'id': '587df25c-7750-4e8e-b479-bcc3f28bd2bf', 'name': 'tempest-SecurityGroupRulesNegativeTestJSON-1643238919-network', 'tenant_id': '279cc48d2f4141db95673c63b538a2ed', 'admin_state_up': True, 'mtu': 8950, 'status': 'ACTIVE', 'subnets': [], 'shared': False, 'project_id': '279cc48d2f4141db95673c63b538a2ed', 'port_security_enabled': True, 'router:external': False, 'provider:network_type': 'vlan', 'provider:physical_network': 'default', 'provider:segmentation_id': 592, 'availability_zone_hints': [], 'availability_zones': [], 'ipv4_address_scope': None, 'ipv6_address_scope': None, 'description': '', 'tags': [], 'created_at': '2024-12-13T19:44:56Z', 'updated_at': '2024-12-13T19:44:56Z', 'revision_number': 1}, Subnet: {'id': '6341f7ea-da20-463f-a3c8-b2f12b6bfd42', 'name': 'tempest-SecurityGroupRulesNegativeTestJSON-1643238919-subnet', 'tenant_id': '279cc48d2f4141db95673c63b538a2ed', 'network_id': '587df25c-7750-4e8e-b479-bcc3f28bd2bf', 'ip_version': 4, 'subnetpool_id': None, 'enable_dhcp': True, 'ipv6_ra_mode': None, 'ipv6_address_mode': None, 'gateway_ip': '192.168.128.1', 'cidr': '192.168.128.0/28', 'allocation_pools': [{'start': '192.168.128.2', 'end': '192.168.128.14'}], 'host_routes': [], 'dns_nameservers': [], 'description': '', 'router:external': False, 'service_types': [], 'tags': [], 'created_at': '2024-12-13T19:44:57Z', 'updated_at': '2024-12-13T19:44:57Z', 'revision_number': 0, 'project_id': '279cc48d2f4141db95673c63b538a2ed'}, Router: {'id': '525c7adc-37b9-4f40-9aff-21da8579eb53', 'name': 'tempest-SecurityGroupRulesNegativeTestJSON-1643238919-router', 'tenant_id': '279cc48d2f4141db95673c63b538a2ed', 'admin_state_up': True, 'status': 'ACTIVE', 'external_gateway_info': {'network_id': '7065826f-0810-4ceb-894d-3e577f31c4ba', 'external_fixed_ips': [{'subnet_id': '7878f423-03b1-4d23-be74-00c0dedc730d', 'ip_address': '10.180.180.232'}], 'enable_snat': True}, 'description': '', 'availability_zones': [], 'distributed': False, 'ha': False, 'availability_zone_hints': [], 'routes': [], 'flavor_id': None, 'tags': [], 'created_at': '2024-12-13T19:44:57Z', 'updated_at': '2024-12-13T19:44:58Z', 'revision_number': 2, 'project_id': '279cc48d2f4141db95673c63b538a2ed'}
2024-12-13 19:45:01.131 66807 INFO tempest.lib.common.rest_client [req-dc373db7-9149-4a0a-87ca-7145a83bcd8e req-dc373db7-9149-4a0a-87ca-7145a83bcd8e ] Request (SecurityGroupRulesNegativeTestJSON:setUpClass): 201 POST http://10.180.1.21/identity/v3/auth/tokens 0.085s
2024-12-13 19:45:01.248 66855 INFO tempest.lib.common.rest_client [req-99e6838f-0865-4a14-bddd-e6b4bcbb75aa req-99e6838f-0865-4a14-bddd-e6b4bcbb75aa ] Request (MigrationsAdminTest:test_list_migrations_in_flavor_resize_situation): 200 GET http://10.180.1.21/compute/v2.1/servers/1e669675-0551-49d8-af15-64fdd0984b3f 0.569s
2024-12-13 19:45:01.457 66865 INFO tempest.lib.common.rest_client [req-6cc8c8a6-287c-4ca1-bf5d-d037fa127981 req-6cc8c8a6-287c-4ca1-bf5d-d037fa127981 ] Request (AttachVolumeShelveTestJSON:test_attach_volume_shelved_or_offload_server): 202 POST http://10.180.1.21/compute/v2.1/servers 1.164s
2024-12-13 19:45:01.577 66845 INFO tempest.lib.common.rest_client [req-743aeb1d-28a4-4572-8ccd-19a5a74c9680 req-743aeb1d-28a4-4572-8ccd-19a5a74c9680 ] Request (ListServerFiltersTestJSON:test_list_servers_filtered_by_name_regex): 200 GET http://10.180.1.21/compute/v2.1/servers?name=%5E.%2A%5C-instance%5C-.%2A%24 0.546s
2024-12-13 19:45:01.749 66849 INFO tempest.lib.common.rest_client [req-8712369c-7e69-4ea3-bad8-043c188fb40b req-8712369c-7e69-4ea3-bad8-043c188fb40b ] Request (ImagesOneServerNegativeTestJSON:_run_cleanups): 202 POST http://10.180.1.21/compute/v2.1/servers 0.820s
2024-12-13 19:45:01.834 66843 INFO tempest.lib.common.rest_client [req-a182421a-47c0-41af-868a-e48f6deab234 req-a182421a-47c0-41af-868a-e48f6deab234 ] Request (AttachVolumeNegativeTest:test_attach_attached_volume_to_different_server): 200 GET http://10.180.1.21/compute/v2.1/servers/c4ca3d86-7d6e-4dbf-912b-7cb292596272 0.682s
2024-12-13 19:45:01.866 66807 INFO tempest.lib.common.rest_client [req-f0e1c7a1-a35e-4151-b04a-12e86374efde req-f0e1c7a1-a35e-4151-b04a-12e86374efde ] Request (SecurityGroupRulesNegativeTestJSON:test_create_security_group_rule_duplicate): 200 POST http://10.180.1.21/compute/v2.1/os-security-groups 0.733s
2024-12-13 19:45:01.934 66861 INFO tempest.lib.common.rest_client [req-f4cb3244-e531-4b05-9e0a-2e8a15a51068 req-f4cb3244-e531-4b05-9e0a-2e8a15a51068 ] Request (InstanceActionsV221TestJSON:test_get_list_deleted_instance_actions): 200 GET http://10.180.1.21/compute/v2.1/servers/f68bb186-74b9-4c10-a7a0-e8feda38b3bd 0.602s
2024-12-13 19:45:02.002 66819 INFO tempest.lib.common.rest_client [req-7b6440c3-0f1f-4b3f-9734-7c9bb3f54eae req-7b6440c3-0f1f-4b3f-9734-7c9bb3f54eae ] Request (ServersTestBootFromVolume:setUpClass): 200 GET http://10.180.1.21/volume/v3/volumes/3f23cb4e-0308-4ea0-a76b-720367edd08c 0.033s
2024-12-13 19:45:02.033 66809 INFO tempest.lib.common.rest_client [req-319fe68c-5020-4110-8763-3f762e761d66 req-319fe68c-5020-4110-8763-3f762e761d66 ] Request (ServersAdmin275Test:tearDownClass): 200 GET http://10.180.1.21/compute/v2.1/servers/90b44fba-636a-414f-b286-7baf5adc2122 0.690s
2024-12-13 19:45:02.070 66853 INFO tempest.lib.common.rest_client [req-e38fcd49-6904-4fc7-8fed-837ebf89b242 req-e38fcd49-6904-4fc7-8fed-837ebf89b242 ] Request (ServerActionsTestJSON:setUpClass): 200 GET http://10.180.1.21/compute/v2.1/servers/e9878c22-2044-464f-915f-c1c865693437 0.796s
2024-12-13 19:45:02.105 66833 INFO tempest.lib.common.rest_client [req-4c2854ac-8f76-4154-91ee-d2246ff5bf9a req-4c2854ac-8f76-4154-91ee-d2246ff5bf9a ] Request (ImagesNegativeTestJSON:test_create_image_from_deleted_server): 200 GET http://10.180.1.21/compute/v2.1/servers/1885c76e-a6bc-4f5b-bf2b-fe43229cec08 0.719s
2024-12-13 19:45:02.138 66825 INFO tempest.lib.common.rest_client [req-7bf4c613-8806-4441-8398-45c8ae23205c req-7bf4c613-8806-4441-8398-45c8ae23205c ] Request (SecurityGroupsTestJSON:test_server_security_groups): 200 GET http://10.180.1.21/compute/v2.1/servers/1aff4bff-16cd-4873-9b4d-3538d4779084 0.681s
2024-12-13 19:45:02.160 66865 INFO tempest.lib.common.rest_client [req-2a1a2440-0cd0-43ba-81ab-cf38040250fe req-2a1a2440-0cd0-43ba-81ab-cf38040250fe ] Request (AttachVolumeShelveTestJSON:test_attach_volume_shelved_or_offload_server): 200 GET http://10.180.1.21/compute/v2.1/servers/d06fca54-652a-47dd-b14b-8f6bbf696503 0.700s
2024-12-13 19:45:02.193 66817 INFO tempest.lib.common.rest_client [req-46b85080-abd1-49cc-92e0-9845357f1f49 req-46b85080-abd1-49cc-92e0-9845357f1f49 ] Request (ListServersNegativeTestJSON:setUpClass): 200 GET http://10.180.1.21/compute/v2.1/servers/3692d5e9-2382-4f95-8ca4-0a57474e9be7 0.679s
2024-12-13 19:45:02.266 66857 WARNING tempest.lib.common.ssh [-] Failed to establish authenticated ssh connection to cirros@10.180.180.221 ([Errno None] Unable to connect to port 22 on 10.180.180.221). Number attempts: 4. Retry after 5 seconds.: paramiko.ssh_exception.NoValidConnectionsError: [Errno None] Unable to connect to port 22 on 10.180.180.221
2024-12-13 19:45:02.276 66811 INFO tempest.lib.common.rest_client [req-40e30bd9-4085-49bb-b32c-ef23ff6e8220 req-40e30bd9-4085-49bb-b32c-ef23ff6e8220 ] Request (ImagesOneServerTestJSON:tearDownClass): 200 GET http://10.180.1.21/compute/v2.1/servers/b19648bf-b106-4c17-8b48-8c579fb23b31 0.697s
2024-12-13 19:45:02.287 66831 INFO tempest.lib.common.rest_client [req-95749cbb-eb37-472d-90c6-84a5e342d2fa req-95749cbb-eb37-472d-90c6-84a5e342d2fa ] Request (ServerRescueTestJSON:setUpClass): 200 PUT http://10.180.1.21:9696/networking/v2.0/routers/822a3092-2c42-400f-8484-d663502256f0/add_router_interface 1.753s
2024-12-13 19:45:02.288 66831 INFO tempest.lib.common.dynamic_creds [-] Created isolated network resources for: credentials: Credentials: {'domain_id': 'default', 'domain_name': 'Default', 'username': 'tempest-ServerRescueTestJSON-1727825093-project-member', 'project_domain_id': 'default', 'project_domain_name': 'Default', 'project_id': 'cc48a15a978f4231bbbda88a9d4ad6cb', 'project_name': 'tempest-ServerRescueTestJSON-1727825093', 'tenant_id': 'cc48a15a978f4231bbbda88a9d4ad6cb', 'tenant_name': 'tempest-ServerRescueTestJSON-1727825093', 'user_domain_id': 'default', 'user_domain_name': 'Default', 'user_id': '6eb654ecc7d9423282f065f84bc014d6', 'system': None}, Network: {'id': '247a4b9c-d7ee-4f6d-bb94-9dcf3baadce3', 'name': 'tempest-ServerRescueTestJSON-1542155794-network', 'tenant_id': 'cc48a15a978f4231bbbda88a9d4ad6cb', 'admin_state_up': True, 'mtu': 8950, 'status': 'ACTIVE', 'subnets': [], 'shared': False, 'project_id': 'cc48a15a978f4231bbbda88a9d4ad6cb', 'port_security_enabled': True, 'router:external': False, 'provider:network_type': 'vlan', 'provider:physical_network': 'default', 'provider:segmentation_id': 299, 'availability_zone_hints': [], 'availability_zones': [], 'ipv4_address_scope': None, 'ipv6_address_scope': None, 'description': '', 'tags': [], 'created_at': '2024-12-13T19:44:58Z', 'updated_at': '2024-12-13T19:44:58Z', 'revision_number': 1}, Subnet: {'id': '629c738d-2114-450c-877f-299838d31c73', 'name': 'tempest-ServerRescueTestJSON-1542155794-subnet', 'tenant_id': 'cc48a15a978f4231bbbda88a9d4ad6cb', 'network_id': '247a4b9c-d7ee-4f6d-bb94-9dcf3baadce3', 'ip_version': 4, 'subnetpool_id': None, 'enable_dhcp': False, 'ipv6_ra_mode': None, 'ipv6_address_mode': None, 'gateway_ip': '192.168.128.1', 'cidr': '192.168.128.0/28', 'allocation_pools': [{'start': '192.168.128.2', 'end': '192.168.128.14'}], 'host_routes': [], 'dns_nameservers': [], 'description': '', 'router:external': False, 'service_types': [], 'tags': [], 'created_at': '2024-12-13T19:44:58Z', 'updated_at': '2024-12-13T19:44:58Z', 'revision_number': 0, 'project_id': 'cc48a15a978f4231bbbda88a9d4ad6cb'}, Router: {'id': '822a3092-2c42-400f-8484-d663502256f0', 'name': 'tempest-ServerRescueTestJSON-1542155794-router', 'tenant_id': 'cc48a15a978f4231bbbda88a9d4ad6cb', 'admin_state_up': True, 'status': 'ACTIVE', 'external_gateway_info': {'network_id': '7065826f-0810-4ceb-894d-3e577f31c4ba', 'external_fixed_ips': [{'subnet_id': '7878f423-03b1-4d23-be74-00c0dedc730d', 'ip_address': '10.180.180.211'}], 'enable_snat': True}, 'description': '', 'availability_zones': [], 'distributed': False, 'ha': False, 'availability_zone_hints': [], 'routes': [], 'flavor_id': None, 'tags': [], 'created_at': '2024-12-13T19:44:58Z', 'updated_at': '2024-12-13T19:44:59Z', 'revision_number': 2, 'project_id': 'cc48a15a978f4231bbbda88a9d4ad6cb'}
2024-12-13 19:45:02.311 66827 INFO tempest.lib.common.rest_client [req-0c509791-c512-4932-8d95-c424e2ee33ca req-0c509791-c512-4932-8d95-c424e2ee33ca ] Request (ServersAdminTestJSON:setUpClass): 200 GET http://10.180.1.21/compute/v2.1/servers/296cf9dd-e110-4144-8899-56fb0d257b8b 0.782s
2024-12-13 19:45:02.330 66845 INFO tempest.lib.common.rest_client [req-76c5e889-bba0-4e90-b6df-1c12ae58c483 req-76c5e889-bba0-4e90-b6df-1c12ae58c483 ] Request (ListServerFiltersTestJSON:test_list_servers_filtered_by_name_regex): 200 GET http://10.180.1.21/compute/v2.1/servers?name=1010108787 0.750s
2024-12-13 19:45:02.382 66863 INFO tempest.lib.common.rest_client [req-996ed5e0-615e-48ae-b33b-850d2a432a16 req-996ed5e0-615e-48ae-b33b-850d2a432a16 ] Request (DeleteServersAdminTestJSON:test_delete_server_while_in_error_state): 200 GET http://10.180.1.21/compute/v2.1/servers/ac8aec0b-0dd9-4250-8686-343a4d2563c2 0.778s
2024-12-13 19:45:02.389 66867 INFO tempest.lib.common.rest_client [req-e6ac2308-e49e-4aaa-9334-aef1f8fa9b47 req-e6ac2308-e49e-4aaa-9334-aef1f8fa9b47 ] Request (ServerShowV247Test:test_update_rebuild_list_server): 200 GET http://10.180.1.21/compute/v2.1/servers/4df11575-4191-4213-80f6-c74ba97b856f 0.710s
2024-12-13 19:45:02.395 66831 INFO tempest.lib.common.rest_client [req-74fdbaa5-06bc-4d70-adf0-63f3bf04f5e6 req-74fdbaa5-06bc-4d70-adf0-63f3bf04f5e6 ] Request (ServerRescueTestJSON:setUpClass): 201 POST http://10.180.1.21/identity/v3/auth/tokens 0.098s
2024-12-13 19:45:02.427 66831 INFO tempest.lib.common.rest_client [req-f838f483-e793-4613-b312-74ec54320df4 req-f838f483-e793-4613-b312-74ec54320df4 ] Request (ServerRescueTestJSON:setUpClass): 201 POST http://10.180.1.21/identity/v3/auth/tokens 0.027s
2024-12-13 19:45:02.427 66831 INFO tempest.lib.common.fixed_network [-] (ServerRescueTestJSON:setUpClass) Found network {'id': '247a4b9c-d7ee-4f6d-bb94-9dcf3baadce3', 'name': 'tempest-ServerRescueTestJSON-1542155794-network', 'tenant_id': 'cc48a15a978f4231bbbda88a9d4ad6cb', 'admin_state_up': True, 'mtu': 8950, 'status': 'ACTIVE', 'subnets': [], 'shared': False, 'project_id': 'cc48a15a978f4231bbbda88a9d4ad6cb', 'port_security_enabled': True, 'router:external': False, 'provider:network_type': 'vlan', 'provider:physical_network': 'default', 'provider:segmentation_id': 299, 'availability_zone_hints': [], 'availability_zones': [], 'ipv4_address_scope': None, 'ipv6_address_scope': None, 'description': '', 'tags': [], 'created_at': '2024-12-13T19:44:58Z', 'updated_at': '2024-12-13T19:44:58Z', 'revision_number': 1} available for tenant
2024-12-13 19:45:02.443 66839 INFO tempest.lib.common.rest_client [req-0e874f85-10c4-48ad-a90c-4eeed609c973 req-0e874f85-10c4-48ad-a90c-4eeed609c973 ] Request (ServersTestFqdnHostnames:test_create_server_with_fqdn_name): 200 GET http://10.180.1.21/compute/v2.1/servers/a3e0bf12-7471-4d8d-bb31-bf4b3b35f87f 0.703s
2024-12-13 19:45:02.456 66829 INFO tempest.lib.common.rest_client [req-e3031b8e-5579-4d15-ab90-b1b1531e6cc3 req-e3031b8e-5579-4d15-ab90-b1b1531e6cc3 ] Request (FloatingIPsAssociationTestJSON:test_associate_already_associated_floating_ip): 200 GET http://10.180.1.21/compute/v2.1/servers/659eb0b0-3b2a-4253-9c65-ef5bc0d33fd1 0.702s
2024-12-13 19:45:02.503 66849 INFO tempest.lib.common.rest_client [req-c3b1dc9b-8de8-4f2d-9aa4-32aed608e72f req-c3b1dc9b-8de8-4f2d-9aa4-32aed608e72f ] Request (ImagesOneServerNegativeTestJSON:_run_cleanups): 200 GET http://10.180.1.21/compute/v2.1/servers/ab4ac58c-a716-46c6-ba11-fb5dd8e7ba24 0.752s
2024-12-13 19:45:02.516 66847 INFO tempest.lib.common.rest_client [req-be038124-eeb1-4463-93fe-00d92bcb0ea8 req-be038124-eeb1-4463-93fe-00d92bcb0ea8 ] Request (ServerGroupTestJSON:test_create_server_with_scheduler_hint_group): 200 GET http://10.180.1.21/compute/v2.1/servers/0062297f-63f3-4773-bbc2-5077395657d2 0.706s
2024-12-13 19:45:02.579 66859 INFO tempest.lib.common.rest_client [req-8969083d-ddb5-4e6a-9201-a77af379682a req-8969083d-ddb5-4e6a-9201-a77af379682a ] Request (ServersAdminNegativeTestJSON:test_migrate_server_invalid_state): 200 GET http://10.180.1.21/compute/v2.1/servers/d2fba47f-bc9d-4673-a8c1-1dadebdea56e 0.693s
2024-12-13 19:45:02.629 66821 INFO tempest.lib.common.rest_client [req-64cf0d56-4e88-466b-8cd7-7daa3efc7b36 req-64cf0d56-4e88-466b-8cd7-7daa3efc7b36 ] Request (ServerDiagnosticsNegativeTest:test_get_server_diagnostics_by_non_admin): 200 GET http://10.180.1.21/compute/v2.1/servers/e3bb34fa-0a4b-4ef0-885a-2c59a191ca72 0.656s
2024-12-13 19:45:02.663 66807 INFO tempest.lib.common.rest_client [req-bf369623-8eb6-40df-87a8-7494e6c64e3d req-bf369623-8eb6-40df-87a8-7494e6c64e3d ] Request (SecurityGroupRulesNegativeTestJSON:test_create_security_group_rule_duplicate): 200 POST http://10.180.1.21/compute/v2.1/os-security-group-rules 0.794s
2024-12-13 19:45:02.714 66845 INFO tempest.lib.common.rest_client [req-fbdc3a25-1da3-4a5a-a71c-a4d8106621a1 req-fbdc3a25-1da3-4a5a-a71c-a4d8106621a1 ] Request (ListServerFiltersTestJSON:test_list_servers_filtered_by_name_wildcard): 200 GET http://10.180.1.21/compute/v2.1/servers?name=-instance 0.381s
2024-12-13 19:45:02.778 66805 WARNING tempest.lib.common.ssh [-] Failed to establish authenticated ssh connection to cirros@10.180.180.237 ([Errno None] Unable to connect to port 22 on 10.180.180.237). Number attempts: 8. Retry after 9 seconds.: paramiko.ssh_exception.NoValidConnectionsError: [Errno None] Unable to connect to port 22 on 10.180.180.237
2024-12-13 19:45:02.781 66855 INFO tempest.lib.common.rest_client [req-4d14a3b5-d442-49e7-99e5-a5b74a256171 req-4d14a3b5-d442-49e7-99e5-a5b74a256171 ] Request (MigrationsAdminTest:test_list_migrations_in_flavor_resize_situation): 200 GET http://10.180.1.21/compute/v2.1/servers/1e669675-0551-49d8-af15-64fdd0984b3f 0.526s
2024-12-13 19:45:02.828 66807 INFO tempest.lib.common.rest_client [req-4f1684ec-b617-4a57-9278-0613a76983b8 req-4f1684ec-b617-4a57-9278-0613a76983b8 ] Request (SecurityGroupRulesNegativeTestJSON:test_create_security_group_rule_duplicate): 400 POST http://10.180.1.21/compute/v2.1/os-security-group-rules 0.161s
2024-12-13 19:45:02.843 66836 WARNING tempest.lib.common.ssh [-] Failed to establish authenticated ssh connection to cirros@10.180.180.182 ([Errno None] Unable to connect to port 22 on 10.180.180.182). Number attempts: 7. Retry after 8 seconds.: paramiko.ssh_exception.NoValidConnectionsError: [Errno None] Unable to connect to port 22 on 10.180.180.182
2024-12-13 19:45:02.872 66845 INFO tempest.lib.common.rest_client [req-fe104432-6328-4411-acf5-d494a9e500b8 req-fe104432-6328-4411-acf5-d494a9e500b8 ] Request (ListServerFiltersTestJSON:test_list_servers_filtered_by_name_wildcard): 200 GET http://10.180.1.21/compute/v2.1/servers?name=t-ListServerFiltersTestJSON-instance-101010878 0.157s
2024-12-13 19:45:03.033 66807 INFO tempest.lib.common.rest_client [req-b6d87533-6990-4d4b-ae6d-74b685958fa8 req-b6d87533-6990-4d4b-ae6d-74b685958fa8 ] Request (SecurityGroupRulesNegativeTestJSON:_run_cleanups): 202 DELETE http://10.180.1.21/compute/v2.1/os-security-group-rules/2666b411-c291-40c8-91ad-9ec4c6149feb 0.204s
2024-12-13 19:45:03.047 66819 INFO tempest.lib.common.rest_client [req-2a2980c5-73f2-46a1-8b37-3b439978afe7 req-2a2980c5-73f2-46a1-8b37-3b439978afe7 ] Request (ServersTestBootFromVolume:setUpClass): 200 GET http://10.180.1.21/volume/v3/volumes/3f23cb4e-0308-4ea0-a76b-720367edd08c 0.038s
2024-12-13 19:45:03.087 66843 INFO tempest.lib.common.rest_client [req-730fe8e4-764c-4db3-b106-7acba70fc739 req-730fe8e4-764c-4db3-b106-7acba70fc739 ] Request (AttachVolumeNegativeTest:test_attach_attached_volume_to_different_server): 200 GET http://10.180.1.21/compute/v2.1/servers/c4ca3d86-7d6e-4dbf-912b-7cb292596272 0.244s
2024-12-13 19:45:03.103 66831 INFO tempest.lib.common.rest_client [req-2e528d6a-3de4-4266-8afc-ce1e1eae325b req-2e528d6a-3de4-4266-8afc-ce1e1eae325b ] Request (ServerRescueTestJSON:setUpClass): 202 POST http://10.180.1.21/compute/v2.1/servers 0.676s
2024-12-13 19:45:03.151 66861 INFO tempest.lib.common.rest_client [req-d046e6f2-53f1-45e3-bfb3-73efe4092572 req-d046e6f2-53f1-45e3-bfb3-73efe4092572 ] Request (InstanceActionsV221TestJSON:test_get_list_deleted_instance_actions): 200 GET http://10.180.1.21/compute/v2.1/servers/f68bb186-74b9-4c10-a7a0-e8feda38b3bd 0.206s
2024-12-13 19:45:03.164 66845 INFO tempest.lib.common.rest_client [req-c92f3b8f-f87b-4b9e-b4c4-7748fbbb90fc req-c92f3b8f-f87b-4b9e-b4c4-7748fbbb90fc ] Request (ListServerFiltersTestJSON:tearDownClass): 204 DELETE http://10.180.1.21/compute/v2.1/servers/6cebe45a-8d90-4ac3-b75e-99e2a598c43b 0.288s
2024-12-13 19:45:03.225 66809 INFO tempest.lib.common.rest_client [req-73b8d87f-ad18-4250-9edc-9aaa5360502d req-73b8d87f-ad18-4250-9edc-9aaa5360502d ] Request (ServersAdmin275Test:tearDownClass): 200 GET http://10.180.1.21/compute/v2.1/servers/90b44fba-636a-414f-b286-7baf5adc2122 0.182s
2024-12-13 19:45:03.273 66807 INFO tempest.lib.common.rest_client [req-1f24fdf1-c5e8-473f-9455-c44fc87f978e req-1f24fdf1-c5e8-473f-9455-c44fc87f978e ] Request (SecurityGroupRulesNegativeTestJSON:test_create_security_group_rule_with_invalid_from_port): 200 POST http://10.180.1.21/compute/v2.1/os-security-groups 0.239s
2024-12-13 19:45:03.308 66831 INFO tempest.lib.common.rest_client [req-3f25a158-9629-41f0-8104-cd0d5d47da92 req-3f25a158-9629-41f0-8104-cd0d5d47da92 ] Request (ServerRescueTestJSON:setUpClass): 200 GET http://10.180.1.21/compute/v2.1/servers/e34254ce-88c3-41dd-be1c-553eea828050 0.203s
2024-12-13 19:45:03.354 66833 INFO tempest.lib.common.rest_client [req-4b3c9987-e8c9-414e-9ade-b18387ac3c28 req-4b3c9987-e8c9-414e-9ade-b18387ac3c28 ] Request (ImagesNegativeTestJSON:test_create_image_from_deleted_server): 200 GET http://10.180.1.21/compute/v2.1/servers/1885c76e-a6bc-4f5b-bf2b-fe43229cec08 0.238s
2024-12-13 19:45:03.404 66825 INFO tempest.lib.common.rest_client [req-d77557f2-509a-4b5a-be70-571c71d13f82 req-d77557f2-509a-4b5a-be70-571c71d13f82 ] Request (SecurityGroupsTestJSON:test_server_security_groups): 200 GET http://10.180.1.21/compute/v2.1/servers/1aff4bff-16cd-4873-9b4d-3538d4779084 0.258s
2024-12-13 19:45:03.552 66845 INFO tempest.lib.common.rest_client [req-1ae2f59d-7701-45f7-ad25-6cb737c51e3f req-1ae2f59d-7701-45f7-ad25-6cb737c51e3f ] Request (ListServerFiltersTestJSON:tearDownClass): 200 GET http://10.180.1.21/compute/v2.1/servers/6cebe45a-8d90-4ac3-b75e-99e2a598c43b 0.388s
2024-12-13 19:45:03.580 66853 INFO tempest.lib.common.rest_client [req-20c93ec4-f353-440b-a5cf-cc92f5535feb req-20c93ec4-f353-440b-a5cf-cc92f5535feb ] Request (ServerActionsTestJSON:setUpClass): 200 GET http://10.180.1.21/compute/v2.1/servers/e9878c22-2044-464f-915f-c1c865693437 0.503s
2024-12-13 19:45:03.586 66853 INFO tempest.common.waiters [-] State transition "BUILD/spawning" ==> "ACTIVE/None" after 63 second wait
2024-12-13 19:45:03.606 66865 INFO tempest.lib.common.rest_client [req-ed6cf9a0-1de2-489e-a774-7aa5678366d2 req-ed6cf9a0-1de2-489e-a774-7aa5678366d2 ] Request (AttachVolumeShelveTestJSON:test_attach_volume_shelved_or_offload_server): 200 GET http://10.180.1.21/compute/v2.1/servers/d06fca54-652a-47dd-b14b-8f6bbf696503 0.435s
2024-12-13 19:45:03.634 66817 INFO tempest.lib.common.rest_client [req-0b42d3c4-c7ae-4aca-9317-395872ee456f req-0b42d3c4-c7ae-4aca-9317-395872ee456f ] Request (ListServersNegativeTestJSON:setUpClass): 200 GET http://10.180.1.21/compute/v2.1/servers/3692d5e9-2382-4f95-8ca4-0a57474e9be7 0.433s
2024-12-13 19:45:03.643 66807 INFO tempest.lib.common.rest_client [req-3ed1c66e-2d1b-4594-8d38-b65dd3269794 req-3ed1c66e-2d1b-4594-8d38-b65dd3269794 ] Request (SecurityGroupRulesNegativeTestJSON:test_create_security_group_rule_with_invalid_from_port): 400 POST http://10.180.1.21/compute/v2.1/os-security-group-rules 0.368s
2024-12-13 19:45:03.696 66811 INFO tempest.lib.common.rest_client [req-e809693f-be92-4e40-8e57-cdd154eee749 req-e809693f-be92-4e40-8e57-cdd154eee749 ] Request (ImagesOneServerTestJSON:tearDownClass): 200 GET http://10.180.1.21/compute/v2.1/servers/b19648bf-b106-4c17-8b48-8c579fb23b31 0.410s
2024-12-13 19:45:03.757 66827 INFO tempest.lib.common.rest_client [req-9b36cd93-204d-4bb6-994b-e14de4c35e92 req-9b36cd93-204d-4bb6-994b-e14de4c35e92 ] Request (ServersAdminTestJSON:setUpClass): 200 GET http://10.180.1.21/compute/v2.1/servers/296cf9dd-e110-4144-8899-56fb0d257b8b 0.438s
2024-12-13 19:45:03.757 66863 INFO tempest.lib.common.rest_client [req-438c8ead-3db9-4f97-8796-132fa49dc7e1 req-438c8ead-3db9-4f97-8796-132fa49dc7e1 ] Request (DeleteServersAdminTestJSON:test_delete_server_while_in_error_state): 200 GET http://10.180.1.21/compute/v2.1/servers/ac8aec0b-0dd9-4250-8686-343a4d2563c2 0.363s
2024-12-13 19:45:03.816 66839 INFO tempest.lib.common.rest_client [req-18e8b195-de2f-4a9f-b532-20b048a620ce req-18e8b195-de2f-4a9f-b532-20b048a620ce ] Request (ServersTestFqdnHostnames:test_create_server_with_fqdn_name): 200 GET http://10.180.1.21/compute/v2.1/servers/a3e0bf12-7471-4d8d-bb31-bf4b3b35f87f 0.366s
