2024-12-13 19:45:23.416 66849 INFO tempest.lib.common.rest_client [req-164db7b0-00ff-4a3c-9503-7d5017b6aa8b req-164db7b0-00ff-4a3c-9503-7d5017b6aa8b ] Request (ImagesOneServerNegativeTestJSON:_run_cleanups): 200 GET http://10.180.1.21/compute/v2.1/servers/ab4ac58c-a716-46c6-ba11-fb5dd8e7ba24 0.223s
2024-12-13 19:45:23.489 66809 INFO tempest.lib.common.rest_client [req-850abac9-0240-4eb5-8595-d1b18e1ae360 req-850abac9-0240-4eb5-8595-d1b18e1ae360 ] Request (ServersAdmin275Test:tearDownClass): 204 DELETE http://10.180.1.21/identity/v3/projects/d2024aee91cf41f7a0fdc1b010290c1b 0.108s
2024-12-13 19:45:23.489 66861 INFO tempest.lib.common.rest_client [req-f5dd9a47-3d93-40ca-a363-dc2d24737ca4 req-f5dd9a47-3d93-40ca-a363-dc2d24737ca4 ] Request (InstanceActionsV221TestJSON:test_get_list_deleted_instance_actions): 200 GET http://10.180.1.21/compute/v2.1/servers/f68bb186-74b9-4c10-a7a0-e8feda38b3bd 0.225s
2024-12-13 19:45:23.550 66843 INFO tempest.lib.common.rest_client [req-12bb5a20-e01a-44ae-8ad5-ad502462967a req-12bb5a20-e01a-44ae-8ad5-ad502462967a ] Request (AttachVolumeNegativeTest:test_attach_attached_volume_to_different_server): 200 GET http://10.180.1.21/compute/v2.1/servers/c4ca3d86-7d6e-4dbf-912b-7cb292596272 0.240s
2024-12-13 19:45:23.569 66809 INFO tempest.lib.common.rest_client [req-64383810-f5e4-4bcc-b1b1-b00de0fb53e1 req-64383810-f5e4-4bcc-b1b1-b00de0fb53e1 ] Request (VolumesAdminNegativeTest:setUpClass): 201 POST http://10.180.1.21/identity/v3/auth/tokens 0.078s
2024-12-13 19:45:23.601 66809 INFO tempest.lib.common.rest_client [req-18ce7691-5b0d-47ba-928d-b7e761b4a354 req-18ce7691-5b0d-47ba-928d-b7e761b4a354 ] Request (VolumesAdminNegativeTest:setUpClass): 201 POST http://10.180.1.21/identity/v3/auth/tokens 0.029s
2024-12-13 19:45:23.616 66831 INFO tempest.lib.common.rest_client [req-c90e8b44-6d98-45c8-8ee8-5ef3d64b60db req-c90e8b44-6d98-45c8-8ee8-5ef3d64b60db ] Request (ServerRescueTestJSON:setUpClass): 200 GET http://10.180.1.21/compute/v2.1/servers/e34254ce-88c3-41dd-be1c-553eea828050 0.253s
2024-12-13 19:45:23.636 66809 INFO tempest.lib.common.rest_client [req-3f74dfb7-4bc2-4da2-b302-50ce5011a398 req-3f74dfb7-4bc2-4da2-b302-50ce5011a398 ] Request (VolumesAdminNegativeTest:setUpClass): 200 GET http://10.180.1.21/identity/v3/domains?name=Default 0.035s
2024-12-13 19:45:23.667 66809 INFO tempest.lib.common.rest_client [req-5bdb2c74-0578-4a05-9d03-d609949067c1 req-5bdb2c74-0578-4a05-9d03-d609949067c1 ] Request (VolumesAdminNegativeTest:setUpClass): 201 POST http://10.180.1.21/identity/v3/projects 0.030s
2024-12-13 19:45:23.753 66809 INFO tempest.lib.common.rest_client [req-218bc1e0-575a-4a9c-89a1-2e9554392adf req-218bc1e0-575a-4a9c-89a1-2e9554392adf ] Request (VolumesAdminNegativeTest:setUpClass): 201 POST http://10.180.1.21/identity/v3/users 0.086s
2024-12-13 19:45:23.781 66809 INFO tempest.lib.common.rest_client [req-1d3eb380-0844-46d5-9c9f-e277071fd25b req-1d3eb380-0844-46d5-9c9f-e277071fd25b ] Request (VolumesAdminNegativeTest:setUpClass): 200 GET http://10.180.1.21/identity/v3/roles 0.027s
2024-12-13 19:45:23.801 66821 INFO tempest.lib.common.rest_client [req-801c8e43-072b-4917-ac01-a36613e5d807 req-801c8e43-072b-4917-ac01-a36613e5d807 ] Request (ServerDiagnosticsNegativeTest:test_get_server_diagnostics_by_non_admin): 200 GET http://10.180.1.21/compute/v2.1/servers/e3bb34fa-0a4b-4ef0-885a-2c59a191ca72 0.308s
2024-12-13 19:45:23.812 66809 INFO tempest.lib.common.rest_client [req-2d37049a-60d2-4d7b-be5a-fedf1a340c49 req-2d37049a-60d2-4d7b-be5a-fedf1a340c49 ] Request (VolumesAdminNegativeTest:setUpClass): 204 PUT http://10.180.1.21/identity/v3/projects/5285b69d235f4f0bb0d2406b1c6e65ee/users/8efba56e8de24f17ada6dbdaf77149fa/roles/27a92ceda3d1427894a8836a24bdc574 0.031s
2024-12-13 19:45:23.812 66809 INFO tempest.lib.common.dynamic_creds [-] Dynamic test user 8efba56e8de24f17ada6dbdaf77149fa is created with scope project and roles: ['member']
2024-12-13 19:45:23.813 66809 INFO tempest.lib.common.dynamic_creds [-] Acquired dynamic creds: credentials: Credentials: {'domain_id': 'default', 'domain_name': 'Default', 'username': 'tempest-VolumesAdminNegativeTest-247329141-project-member', 'project_domain_id': 'default', 'project_domain_name': 'Default', 'project_id': '5285b69d235f4f0bb0d2406b1c6e65ee', 'project_name': 'tempest-VolumesAdminNegativeTest-247329141', 'tenant_id': '5285b69d235f4f0bb0d2406b1c6e65ee', 'tenant_name': 'tempest-VolumesAdminNegativeTest-247329141', 'user_domain_id': 'default', 'user_domain_name': 'Default', 'user_id': '8efba56e8de24f17ada6dbdaf77149fa', 'system': None}, Network: None, Subnet: None, Router: None
2024-12-13 19:45:23.862 66833 INFO tempest.lib.common.rest_client [req-565ba7f9-ec1f-4cf9-8fb9-a59ac835957f req-565ba7f9-ec1f-4cf9-8fb9-a59ac835957f ] Request (ImagesNegativeTestJSON:test_create_image_from_deleted_server): 200 GET http://10.180.1.21/compute/v2.1/servers/1885c76e-a6bc-4f5b-bf2b-fe43229cec08 0.310s
2024-12-13 19:45:23.880 66829 INFO tempest.lib.common.rest_client [req-a4e8d277-dcb8-4d01-9786-1e823aa7bbac req-a4e8d277-dcb8-4d01-9786-1e823aa7bbac ] Request (FloatingIPsAssociationTestJSON:test_associate_already_associated_floating_ip): 202 POST http://10.180.1.21/compute/v2.1/servers/659eb0b0-3b2a-4253-9c65-ef5bc0d33fd1/action 3.019s
2024-12-13 19:45:23.894 66809 INFO tempest.lib.common.rest_client [req-a4609366-849a-4473-ab8f-19bb33a14ed8 req-a4609366-849a-4473-ab8f-19bb33a14ed8 ] Request (VolumesAdminNegativeTest:setUpClass): 201 POST http://10.180.1.21/identity/v3/auth/tokens 0.081s
2024-12-13 19:45:23.941 66836 WARNING tempest.lib.common.ssh [-] Failed to establish authenticated ssh connection to cirros@10.180.180.182 ([Errno None] Unable to connect to port 22 on 10.180.180.182). Number attempts: 9. Retry after 10 seconds.: paramiko.ssh_exception.NoValidConnectionsError: [Errno None] Unable to connect to port 22 on 10.180.180.182
2024-12-13 19:45:23.950 66825 INFO tempest.lib.common.rest_client [req-28fad0fd-67f3-4ba9-a4f4-31225e41e5ba req-28fad0fd-67f3-4ba9-a4f4-31225e41e5ba ] Request (SecurityGroupsTestJSON:test_server_security_groups): 200 GET http://10.180.1.21/compute/v2.1/servers/1aff4bff-16cd-4873-9b4d-3538d4779084 0.153s
2024-12-13 19:45:24.007 66845 INFO tempest.lib.common.rest_client [req-381b43ac-7315-4264-9867-9768ab4e4912 req-381b43ac-7315-4264-9867-9768ab4e4912 ] Request (ListServerFiltersTestJSON:tearDownClass): 200 GET http://10.180.1.21/compute/v2.1/servers/6cebe45a-8d90-4ac3-b75e-99e2a598c43b 0.139s
2024-12-13 19:45:24.021 66859 INFO tempest.lib.common.rest_client [req-af202ebc-9b05-489a-a94c-48d34c2d2a1b req-af202ebc-9b05-489a-a94c-48d34c2d2a1b ] Request (ServersAdminNegativeTestJSON:test_migrate_server_invalid_state): 200 GET http://10.180.1.21/compute/v2.1/servers/d2fba47f-bc9d-4673-a8c1-1dadebdea56e 0.283s
2024-12-13 19:45:24.095 66817 INFO tempest.lib.common.rest_client [req-40dee1d8-a43e-4430-ae9a-dab972722a08 req-40dee1d8-a43e-4430-ae9a-dab972722a08 ] Request (ListServersNegativeTestJSON:setUpClass): 200 GET http://10.180.1.21/compute/v2.1/servers/3692d5e9-2382-4f95-8ca4-0a57474e9be7 0.181s
2024-12-13 19:45:24.156 66865 INFO tempest.lib.common.rest_client [req-162380ad-0c9b-4e79-b74a-c1ccdccd8fd7 req-162380ad-0c9b-4e79-b74a-c1ccdccd8fd7 ] Request (AttachVolumeShelveTestJSON:test_attach_volume_shelved_or_offload_server): 200 GET http://10.180.1.21/compute/v2.1/servers/d06fca54-652a-47dd-b14b-8f6bbf696503 0.170s
2024-12-13 19:45:24.189 66829 INFO tempest.lib.common.rest_client [req-95122bd3-4eb9-4b01-855e-a560bf6f97a4 req-95122bd3-4eb9-4b01-855e-a560bf6f97a4 ] Request (FloatingIPsAssociationTestJSON:test_associate_already_associated_floating_ip): 409 POST http://10.180.1.21/compute/v2.1/servers/bf01cd22-6cbb-4a95-aca8-4bcdabdc5b36/action 0.308s
2024-12-13 19:45:24.217 66827 INFO tempest.lib.common.rest_client [req-e813b983-d0fb-4c41-947b-5ae09c2522f0 req-e813b983-d0fb-4c41-947b-5ae09c2522f0 ] Request (ServersAdminTestJSON:test_create_server_with_scheduling_hint): 200 GET http://10.180.1.21/compute/v2.1/servers/315b8f76-6d67-4e58-8898-2b68a1e4f79a 0.181s
2024-12-13 19:45:24.238 66809 INFO tempest.lib.common.rest_client [req-5515ce73-938c-4de9-8927-61626b147d28 req-5515ce73-938c-4de9-8927-61626b147d28 ] Request (VolumesAdminNegativeTest:setUpClass): 201 POST http://10.180.1.21:9696/networking/v2.0/networks 0.343s
2024-12-13 19:45:24.247 66839 INFO tempest.lib.common.rest_client [req-7917b396-a77b-4237-8f40-ed3576be5bac req-7917b396-a77b-4237-8f40-ed3576be5bac ] Request (ServersTestFqdnHostnames:test_create_server_with_fqdn_name): 200 GET http://10.180.1.21/compute/v2.1/servers/a3e0bf12-7471-4d8d-bb31-bf4b3b35f87f 0.161s
2024-12-13 19:45:24.280 66819 INFO tempest.lib.common.rest_client [req-d9edbf07-e481-4c28-8f16-a636d47b7200 req-d9edbf07-e481-4c28-8f16-a636d47b7200 ] Request (ServersTestBootFromVolume:setUpClass): 200 GET http://10.180.1.21/compute/v2.1/servers/c2d3abbc-2fdd-4df1-bb58-709b2bc89bb4 0.144s
2024-12-13 19:45:24.332 66867 INFO tempest.lib.common.rest_client [req-fcc868d0-7ae3-4708-9bf7-e4553db50173 req-fcc868d0-7ae3-4708-9bf7-e4553db50173 ] Request (ServerShowV247Test:test_update_rebuild_list_server): 200 GET http://10.180.1.21/compute/v2.1/servers/4df11575-4191-4213-80f6-c74ba97b856f 0.139s
2024-12-13 19:45:24.412 66855 INFO tempest.lib.common.rest_client [req-1e65fc1a-cf2d-47e5-9371-d790a405e70b req-1e65fc1a-cf2d-47e5-9371-d790a405e70b ] Request (MigrationsAdminTest:test_resize_server_revert_deleted_flavor): 200 GET http://10.180.1.21/compute/v2.1/servers/9ed0f4bc-f4eb-4eca-b448-053eec6339d4 0.161s
2024-12-13 19:45:24.504 66863 INFO tempest.lib.common.rest_client [req-4056dfe1-fe61-49ec-8a9c-1ad892270df6 req-4056dfe1-fe61-49ec-8a9c-1ad892270df6 ] Request (DeleteServersAdminTestJSON:test_delete_server_while_in_error_state): 200 GET http://10.180.1.21/compute/v2.1/servers/ac8aec0b-0dd9-4250-8686-343a4d2563c2 0.193s
2024-12-13 19:45:24.504 66809 INFO tempest.lib.common.rest_client [req-6eb879db-60b4-469c-95d7-f4aade505a4b req-6eb879db-60b4-469c-95d7-f4aade505a4b ] Request (VolumesAdminNegativeTest:setUpClass): 201 POST http://10.180.1.21:9696/networking/v2.0/subnets 0.266s
2024-12-13 19:45:24.788 66847 INFO tempest.lib.common.rest_client [req-6eb1c2e5-cb4b-495b-bc9d-a939f26e0e7f req-6eb1c2e5-cb4b-495b-bc9d-a939f26e0e7f ] Request (ServerGroupTestJSON:test_create_server_with_scheduler_hint_group): 200 GET http://10.180.1.21/compute/v2.1/servers/0062297f-63f3-4773-bbc2-5077395657d2 0.418s
2024-12-13 19:45:24.794 66847 INFO tempest.common.waiters [-] State transition "BUILD/networking" ==> "BUILD/block_device_mapping" after 65 second wait
2024-12-13 19:45:24.842 66849 INFO tempest.lib.common.rest_client [req-d8bc567d-9123-4bc7-922b-12ec7c8d384f req-d8bc567d-9123-4bc7-922b-12ec7c8d384f ] Request (ImagesOneServerNegativeTestJSON:_run_cleanups): 200 GET http://10.180.1.21/compute/v2.1/servers/ab4ac58c-a716-46c6-ba11-fb5dd8e7ba24 0.419s
2024-12-13 19:45:25.115 66861 INFO tempest.lib.common.rest_client [req-d2cb332d-6281-4867-9844-074b9aad02ad req-d2cb332d-6281-4867-9844-074b9aad02ad ] Request (InstanceActionsV221TestJSON:test_get_list_deleted_instance_actions): 200 GET http://10.180.1.21/compute/v2.1/servers/f68bb186-74b9-4c10-a7a0-e8feda38b3bd 0.614s
2024-12-13 19:45:25.181 66843 INFO tempest.lib.common.rest_client [req-7864921f-1d79-4b17-96de-160a6ad4cd13 req-7864921f-1d79-4b17-96de-160a6ad4cd13 ] Request (AttachVolumeNegativeTest:test_attach_attached_volume_to_different_server): 200 GET http://10.180.1.21/compute/v2.1/servers/c4ca3d86-7d6e-4dbf-912b-7cb292596272 0.621s
2024-12-13 19:45:25.255 66831 INFO tempest.lib.common.rest_client [req-c8adf568-3e0e-4490-9dca-5b4fdb4cb262 req-c8adf568-3e0e-4490-9dca-5b4fdb4cb262 ] Request (ServerRescueTestJSON:setUpClass): 200 GET http://10.180.1.21/compute/v2.1/servers/e34254ce-88c3-41dd-be1c-553eea828050 0.631s
2024-12-13 19:45:25.415 66821 INFO tempest.lib.common.rest_client [req-f85a2ab1-71da-4cdc-91cf-a3008bb16629 req-f85a2ab1-71da-4cdc-91cf-a3008bb16629 ] Request (ServerDiagnosticsNegativeTest:test_get_server_diagnostics_by_non_admin): 200 GET http://10.180.1.21/compute/v2.1/servers/e3bb34fa-0a4b-4ef0-885a-2c59a191ca72 0.606s
2024-12-13 19:45:25.497 66833 INFO tempest.lib.common.rest_client [req-a6ec0499-3a97-412d-bd24-24656634b658 req-a6ec0499-3a97-412d-bd24-24656634b658 ] Request (ImagesNegativeTestJSON:test_create_image_from_deleted_server): 200 GET http://10.180.1.21/compute/v2.1/servers/1885c76e-a6bc-4f5b-bf2b-fe43229cec08 0.622s
2024-12-13 19:45:25.504 66833 INFO tempest.common.waiters [-] State transition "BUILD/None" ==> "BUILD/networking" after 62 second wait
2024-12-13 19:45:25.569 66825 INFO tempest.lib.common.rest_client [req-6cc29567-bf7e-4789-900e-29f39eb99750 req-6cc29567-bf7e-4789-900e-29f39eb99750 ] Request (SecurityGroupsTestJSON:test_server_security_groups): 200 GET http://10.180.1.21/compute/v2.1/servers/1aff4bff-16cd-4873-9b4d-3538d4779084 0.611s
2024-12-13 19:45:25.646 66845 INFO tempest.lib.common.rest_client [req-7a956bf8-1beb-4ff8-99d0-4d251ea57f68 req-7a956bf8-1beb-4ff8-99d0-4d251ea57f68 ] Request (ListServerFiltersTestJSON:tearDownClass): 200 GET http://10.180.1.21/compute/v2.1/servers/6cebe45a-8d90-4ac3-b75e-99e2a598c43b 0.633s
2024-12-13 19:45:25.819 66853 WARNING tempest.lib.common.ssh [-] Failed to establish authenticated ssh connection to cirros@10.180.180.141 ([Errno None] Unable to connect to port 22 on 10.180.180.141). Number attempts: 4. Retry after 5 seconds.: paramiko.ssh_exception.NoValidConnectionsError: [Errno None] Unable to connect to port 22 on 10.180.180.141
2024-12-13 19:45:25.879 66859 INFO tempest.lib.common.rest_client [req-07d6afb8-b274-4af7-89bb-ed2eb06844b3 req-07d6afb8-b274-4af7-89bb-ed2eb06844b3 ] Request (ServersAdminNegativeTestJSON:test_migrate_server_invalid_state): 200 GET http://10.180.1.21/compute/v2.1/servers/d2fba47f-bc9d-4673-a8c1-1dadebdea56e 0.846s
2024-12-13 19:45:25.889 66859 INFO tempest.common.waiters [-] State transition "BUILD/spawning" ==> "ACTIVE/None" after 80 second wait
2024-12-13 19:45:25.984 66829 INFO tempest.lib.common.rest_client [req-0f081dcd-b3db-43ca-9018-c84ca13b0da5 req-0f081dcd-b3db-43ca-9018-c84ca13b0da5 ] Request (FloatingIPsAssociationTestJSON:_run_cleanups): 202 POST http://10.180.1.21/compute/v2.1/servers/659eb0b0-3b2a-4253-9c65-ef5bc0d33fd1/action 1.794s
2024-12-13 19:45:25.987 66817 INFO tempest.lib.common.rest_client [req-e8fedbe5-b7f0-4b0b-8e52-6557991f3d30 req-e8fedbe5-b7f0-4b0b-8e52-6557991f3d30 ] Request (ListServersNegativeTestJSON:setUpClass): 200 GET http://10.180.1.21/compute/v2.1/servers/3692d5e9-2382-4f95-8ca4-0a57474e9be7 0.881s
2024-12-13 19:45:26.068 66827 INFO tempest.lib.common.rest_client [req-3e39cb2a-89ce-4cfb-8269-a47e98156f58 req-3e39cb2a-89ce-4cfb-8269-a47e98156f58 ] Request (ServersAdminTestJSON:test_create_server_with_scheduling_hint): 200 GET http://10.180.1.21/compute/v2.1/servers/315b8f76-6d67-4e58-8898-2b68a1e4f79a 0.845s
2024-12-13 19:45:26.072 66865 INFO tempest.lib.common.rest_client [req-3234e619-411e-4422-aa03-fdeed11e64e1 req-3234e619-411e-4422-aa03-fdeed11e64e1 ] Request (AttachVolumeShelveTestJSON:test_attach_volume_shelved_or_offload_server): 200 GET http://10.180.1.21/compute/v2.1/servers/d06fca54-652a-47dd-b14b-8f6bbf696503 0.904s
2024-12-13 19:45:26.146 66819 INFO tempest.lib.common.rest_client [req-38152ab2-7103-468c-8e4d-b535e32289ec req-38152ab2-7103-468c-8e4d-b535e32289ec ] Request (ServersTestBootFromVolume:setUpClass): 200 GET http://10.180.1.21/compute/v2.1/servers/c2d3abbc-2fdd-4df1-bb58-709b2bc89bb4 0.859s
2024-12-13 19:45:26.149 66839 INFO tempest.lib.common.rest_client [req-fe516a16-9f66-43e4-b8d9-880635ae8c37 req-fe516a16-9f66-43e4-b8d9-880635ae8c37 ] Request (ServersTestFqdnHostnames:test_create_server_with_fqdn_name): 200 GET http://10.180.1.21/compute/v2.1/servers/a3e0bf12-7471-4d8d-bb31-bf4b3b35f87f 0.895s
2024-12-13 19:45:26.213 66855 INFO tempest.lib.common.rest_client [req-279141fa-8f16-4a7c-a15f-8930f56f5458 req-279141fa-8f16-4a7c-a15f-8930f56f5458 ] Request (MigrationsAdminTest:test_resize_server_revert_deleted_flavor): 200 GET http://10.180.1.21/compute/v2.1/servers/9ed0f4bc-f4eb-4eca-b448-053eec6339d4 0.791s
2024-12-13 19:45:26.219 66867 INFO tempest.lib.common.rest_client [req-d1324017-4ce5-4bec-8645-f0a64b46d259 req-d1324017-4ce5-4bec-8645-f0a64b46d259 ] Request (ServerShowV247Test:test_update_rebuild_list_server): 200 GET http://10.180.1.21/compute/v2.1/servers/4df11575-4191-4213-80f6-c74ba97b856f 0.873s
2024-12-13 19:45:26.294 66863 INFO tempest.lib.common.rest_client [req-6db73a8f-efc6-48c7-9441-03233d637339 req-6db73a8f-efc6-48c7-9441-03233d637339 ] Request (DeleteServersAdminTestJSON:test_delete_server_while_in_error_state): 200 GET http://10.180.1.21/compute/v2.1/servers/ac8aec0b-0dd9-4250-8686-343a4d2563c2 0.782s
2024-12-13 19:45:26.367 66849 INFO tempest.lib.common.rest_client [req-31ef23d5-e205-46ae-8afd-9db274b01d64 req-31ef23d5-e205-46ae-8afd-9db274b01d64 ] Request (ImagesOneServerNegativeTestJSON:_run_cleanups): 200 GET http://10.180.1.21/compute/v2.1/servers/ab4ac58c-a716-46c6-ba11-fb5dd8e7ba24 0.518s
2024-12-13 19:45:26.422 66809 INFO tempest.lib.common.rest_client [req-61312b7d-0e18-42eb-a934-2774178eea54 req-61312b7d-0e18-42eb-a934-2774178eea54 ] Request (VolumesAdminNegativeTest:setUpClass): 201 POST http://10.180.1.21:9696/networking/v2.0/routers 1.917s
2024-12-13 19:45:26.447 66847 INFO tempest.lib.common.rest_client [req-e181e642-4d66-4bf3-86d0-52eb136db2f1 req-e181e642-4d66-4bf3-86d0-52eb136db2f1 ] Request (ServerGroupTestJSON:test_create_server_with_scheduler_hint_group): 200 GET http://10.180.1.21/compute/v2.1/servers/0062297f-63f3-4773-bbc2-5077395657d2 0.652s
2024-12-13 19:45:26.455 66847 INFO tempest.common.waiters [-] State transition "BUILD/block_device_mapping" ==> "BUILD/spawning" after 67 second wait
2024-12-13 19:45:26.495 66859 INFO tempest.lib.common.rest_client [req-b3d2ed62-b190-404c-85f8-1a056f8ad15d req-b3d2ed62-b190-404c-85f8-1a056f8ad15d ] Request (ServersAdminNegativeTestJSON:test_migrate_server_invalid_state): 202 POST http://10.180.1.21/compute/v2.1/servers/d2fba47f-bc9d-4673-a8c1-1dadebdea56e/action 0.605s
2024-12-13 19:45:26.555 66861 INFO tempest.lib.common.rest_client [req-24bebbe9-db2b-44c7-8cca-6a1630ed244b req-24bebbe9-db2b-44c7-8cca-6a1630ed244b ] Request (InstanceActionsV221TestJSON:test_get_list_deleted_instance_actions): 200 GET http://10.180.1.21/compute/v2.1/servers/f68bb186-74b9-4c10-a7a0-e8feda38b3bd 0.433s
2024-12-13 19:45:26.567 66829 INFO tempest.lib.common.rest_client [req-3edb3de8-9d32-4fb0-9b32-54f6f19ec6ef req-3edb3de8-9d32-4fb0-9b32-54f6f19ec6ef ] Request (FloatingIPsAssociationTestJSON:_run_cleanups): 204 DELETE http://10.180.1.21/compute/v2.1/servers/659eb0b0-3b2a-4253-9c65-ef5bc0d33fd1 0.582s
2024-12-13 19:45:26.643 66843 INFO tempest.lib.common.rest_client [req-c9cc68d5-98ce-4a59-8f49-8c65e4cf2711 req-c9cc68d5-98ce-4a59-8f49-8c65e4cf2711 ] Request (AttachVolumeNegativeTest:test_attach_attached_volume_to_different_server): 200 GET http://10.180.1.21/compute/v2.1/servers/c4ca3d86-7d6e-4dbf-912b-7cb292596272 0.455s
2024-12-13 19:45:26.649 66843 INFO tempest.common.waiters [-] State transition "BUILD/scheduling" ==> "BUILD/None" after 43 second wait
2024-12-13 19:45:26.668 66831 INFO tempest.lib.common.rest_client [req-2ac22ee2-4837-4fe9-94de-71471f58e997 req-2ac22ee2-4837-4fe9-94de-71471f58e997 ] Request (ServerRescueTestJSON:setUpClass): 200 GET http://10.180.1.21/compute/v2.1/servers/e34254ce-88c3-41dd-be1c-553eea828050 0.405s
2024-12-13 19:45:26.816 66821 INFO tempest.lib.common.rest_client [req-a1b35137-3462-47c6-9006-91c5eb22382d req-a1b35137-3462-47c6-9006-91c5eb22382d ] Request (ServerDiagnosticsNegativeTest:test_get_server_diagnostics_by_non_admin): 200 GET http://10.180.1.21/compute/v2.1/servers/e3bb34fa-0a4b-4ef0-885a-2c59a191ca72 0.392s
2024-12-13 19:45:26.998 66859 INFO tempest.lib.common.rest_client [req-bcd2580a-3a6d-430d-8f56-3c5ce3cb14c1 req-bcd2580a-3a6d-430d-8f56-3c5ce3cb14c1 ] Request (ServersAdminNegativeTestJSON:test_migrate_server_invalid_state): 200 GET http://10.180.1.21/compute/v2.1/servers/d2fba47f-bc9d-4673-a8c1-1dadebdea56e 0.503s
2024-12-13 19:45:27.014 66833 INFO tempest.lib.common.rest_client [req-aa3e93aa-4224-4855-a25a-6441725a8118 req-aa3e93aa-4224-4855-a25a-6441725a8118 ] Request (ImagesNegativeTestJSON:test_create_image_from_deleted_server): 200 GET http://10.180.1.21/compute/v2.1/servers/1885c76e-a6bc-4f5b-bf2b-fe43229cec08 0.509s
2024-12-13 19:45:27.023 66833 INFO tempest.common.waiters [-] State transition "BUILD/networking" ==> "BUILD/spawning" after 64 second wait
2024-12-13 19:45:27.069 66825 INFO tempest.lib.common.rest_client [req-b7689d02-c8aa-4344-a55a-5f7eab82f8a8 req-b7689d02-c8aa-4344-a55a-5f7eab82f8a8 ] Request (SecurityGroupsTestJSON:test_server_security_groups): 200 GET http://10.180.1.21/compute/v2.1/servers/1aff4bff-16cd-4873-9b4d-3538d4779084 0.493s
2024-12-13 19:45:27.133 66845 INFO tempest.lib.common.rest_client [req-c0b3b6d2-82f2-4944-9f4c-13138ac67cad req-c0b3b6d2-82f2-4944-9f4c-13138ac67cad ] Request (ListServerFiltersTestJSON:tearDownClass): 200 GET http://10.180.1.21/compute/v2.1/servers/6cebe45a-8d90-4ac3-b75e-99e2a598c43b 0.481s
2024-12-13 19:45:27.191 66817 INFO tempest.lib.common.rest_client [req-5ec76ee4-bac8-476d-83b7-f03d21df2491 req-5ec76ee4-bac8-476d-83b7-f03d21df2491 ] Request (ListServersNegativeTestJSON:setUpClass): 200 GET http://10.180.1.21/compute/v2.1/servers/3692d5e9-2382-4f95-8ca4-0a57474e9be7 0.193s
2024-12-13 19:45:27.257 66827 INFO tempest.lib.common.rest_client [req-3e61f6fa-b7da-4ad5-abd9-a3c4a95fdcf3 req-3e61f6fa-b7da-4ad5-abd9-a3c4a95fdcf3 ] Request (ServersAdminTestJSON:test_create_server_with_scheduling_hint): 200 GET http://10.180.1.21/compute/v2.1/servers/315b8f76-6d67-4e58-8898-2b68a1e4f79a 0.181s
2024-12-13 19:45:27.322 66865 INFO tempest.lib.common.rest_client [req-5e933d26-1173-4c8d-aef2-c96b52090480 req-5e933d26-1173-4c8d-aef2-c96b52090480 ] Request (AttachVolumeShelveTestJSON:test_attach_volume_shelved_or_offload_server): 200 GET http://10.180.1.21/compute/v2.1/servers/d06fca54-652a-47dd-b14b-8f6bbf696503 0.241s
2024-12-13 19:45:27.393 66819 INFO tempest.lib.common.rest_client [req-1a62a399-10e5-472e-abab-df36ff4adad9 req-1a62a399-10e5-472e-abab-df36ff4adad9 ] Request (ServersTestBootFromVolume:setUpClass): 200 GET http://10.180.1.21/compute/v2.1/servers/c2d3abbc-2fdd-4df1-bb58-709b2bc89bb4 0.241s
2024-12-13 19:45:27.462 66839 INFO tempest.lib.common.rest_client [req-4db0fd2a-e141-4a51-8eda-8f1612defc3d req-4db0fd2a-e141-4a51-8eda-8f1612defc3d ] Request (ServersTestFqdnHostnames:test_create_server_with_fqdn_name): 200 GET http://10.180.1.21/compute/v2.1/servers/a3e0bf12-7471-4d8d-bb31-bf4b3b35f87f 0.301s
2024-12-13 19:45:27.519 66855 INFO tempest.lib.common.rest_client [req-d307dec2-a8de-4050-868d-bca5e017cfd2 req-d307dec2-a8de-4050-868d-bca5e017cfd2 ] Request (MigrationsAdminTest:test_resize_server_revert_deleted_flavor): 200 GET http://10.180.1.21/compute/v2.1/servers/9ed0f4bc-f4eb-4eca-b448-053eec6339d4 0.293s
2024-12-13 19:45:27.533 66809 INFO tempest.lib.common.rest_client [req-877e161e-3166-4c1b-9153-29169d670809 req-877e161e-3166-4c1b-9153-29169d670809 ] Request (VolumesAdminNegativeTest:setUpClass): 200 PUT http://10.180.1.21:9696/networking/v2.0/routers/b6589069-3e60-4c51-94de-1bfc89c1335f/add_router_interface 1.111s
2024-12-13 19:45:27.534 66809 INFO tempest.lib.common.dynamic_creds [-] Created isolated network resources for: credentials: Credentials: {'domain_id': 'default', 'domain_name': 'Default', 'username': 'tempest-VolumesAdminNegativeTest-247329141-project-member', 'project_domain_id': 'default', 'project_domain_name': 'Default', 'project_id': '5285b69d235f4f0bb0d2406b1c6e65ee', 'project_name': 'tempest-VolumesAdminNegativeTest-247329141', 'tenant_id': '5285b69d235f4f0bb0d2406b1c6e65ee', 'tenant_name': 'tempest-VolumesAdminNegativeTest-247329141', 'user_domain_id': 'default', 'user_domain_name': 'Default', 'user_id': '8efba56e8de24f17ada6dbdaf77149fa', 'system': None}, Network: {'id': 'a3a29613-8b22-4c57-bd9f-87c34f4dc956', 'name': 'tempest-VolumesAdminNegativeTest-1476719606-network', 'tenant_id': '5285b69d235f4f0bb0d2406b1c6e65ee', 'admin_state_up': True, 'mtu': 8950, 'status': 'ACTIVE', 'subnets': [], 'shared': False, 'project_id': '5285b69d235f4f0bb0d2406b1c6e65ee', 'port_security_enabled': True, 'router:external': False, 'provider:network_type': 'vlan', 'provider:physical_network': 'default', 'provider:segmentation_id': 154, 'availability_zone_hints': [], 'availability_zones': [], 'ipv4_address_scope': None, 'ipv6_address_scope': None, 'description': '', 'tags': [], 'created_at': '2024-12-13T19:45:24Z', 'updated_at': '2024-12-13T19:45:24Z', 'revision_number': 1}, Subnet: {'id': '4f778604-9950-4e67-9cfb-6a8c4c67daac', 'name': 'tempest-VolumesAdminNegativeTest-1476719606-subnet', 'tenant_id': '5285b69d235f4f0bb0d2406b1c6e65ee', 'network_id': 'a3a29613-8b22-4c57-bd9f-87c34f4dc956', 'ip_version': 4, 'subnetpool_id': None, 'enable_dhcp': True, 'ipv6_ra_mode': None, 'ipv6_address_mode': None, 'gateway_ip': '192.168.128.1', 'cidr': '192.168.128.0/28', 'allocation_pools': [{'start': '192.168.128.2', 'end': '192.168.128.14'}], 'host_routes': [], 'dns_nameservers': [], 'description': '', 'router:external': False, 'service_types': [], 'tags': [], 'created_at': '2024-12-13T19:45:24Z', 'updated_at': '2024-12-13T19:45:24Z', 'revision_number': 0, 'project_id': '5285b69d235f4f0bb0d2406b1c6e65ee'}, Router: {'id': 'b6589069-3e60-4c51-94de-1bfc89c1335f', 'name': 'tempest-VolumesAdminNegativeTest-1476719606-router', 'tenant_id': '5285b69d235f4f0bb0d2406b1c6e65ee', 'admin_state_up': True, 'status': 'ACTIVE', 'external_gateway_info': {'network_id': '7065826f-0810-4ceb-894d-3e577f31c4ba', 'external_fixed_ips': [{'subnet_id': '7878f423-03b1-4d23-be74-00c0dedc730d', 'ip_address': '10.180.180.145'}], 'enable_snat': True}, 'description': '', 'availability_zones': [], 'distributed': False, 'ha': False, 'availability_zone_hints': [], 'routes': [], 'flavor_id': None, 'tags': [], 'created_at': '2024-12-13T19:45:24Z', 'updated_at': '2024-12-13T19:45:25Z', 'revision_number': 2, 'project_id': '5285b69d235f4f0bb0d2406b1c6e65ee'}
2024-12-13 19:45:27.596 66867 INFO tempest.lib.common.rest_client [req-2d6b8f85-c859-4698-8d2b-7c8995640265 req-2d6b8f85-c859-4698-8d2b-7c8995640265 ] Request (ServerShowV247Test:test_update_rebuild_list_server): 200 GET http://10.180.1.21/compute/v2.1/servers/4df11575-4191-4213-80f6-c74ba97b856f 0.364s
2024-12-13 19:45:27.635 66809 INFO tempest.lib.common.rest_client [req-a0069648-e615-410d-aae8-a4c05dd541f4 req-a0069648-e615-410d-aae8-a4c05dd541f4 ] Request (VolumesAdminNegativeTest:setUpClass): 201 POST http://10.180.1.21/identity/v3/auth/tokens 0.099s
2024-12-13 19:45:27.685 66809 INFO tempest.lib.common.rest_client [req-b415843b-256b-49cf-8083-3501636ab5d1 req-b415843b-256b-49cf-8083-3501636ab5d1 ] Request (VolumesAdminNegativeTest:setUpClass): 201 POST http://10.180.1.21/identity/v3/projects 0.048s
2024-12-13 19:45:27.689 66863 INFO tempest.lib.common.rest_client [req-ad7b8a17-3fcc-48ce-9100-c348f67ec43f req-ad7b8a17-3fcc-48ce-9100-c348f67ec43f ] Request (DeleteServersAdminTestJSON:test_delete_server_while_in_error_state): 200 GET http://10.180.1.21/compute/v2.1/servers/ac8aec0b-0dd9-4250-8686-343a4d2563c2 0.388s
2024-12-13 19:45:27.760 66809 INFO tempest.lib.common.rest_client [req-4ebe7cc8-fbc7-4de6-8eac-06be8b3deee9 req-4ebe7cc8-fbc7-4de6-8eac-06be8b3deee9 ] Request (VolumesAdminNegativeTest:setUpClass): 201 POST http://10.180.1.21/identity/v3/users 0.075s
2024-12-13 19:45:27.762 66849 INFO tempest.lib.common.rest_client [req-4548d7c7-f1d4-484d-b66b-33277439bff7 req-4548d7c7-f1d4-484d-b66b-33277439bff7 ] Request (ImagesOneServerNegativeTestJSON:_run_cleanups): 200 GET http://10.180.1.21/compute/v2.1/servers/ab4ac58c-a716-46c6-ba11-fb5dd8e7ba24 0.381s
2024-12-13 19:45:27.798 66809 INFO tempest.lib.common.rest_client [req-0b67149b-9c6e-4a93-9cde-304e9f73a331 req-0b67149b-9c6e-4a93-9cde-304e9f73a331 ] Request (VolumesAdminNegativeTest:setUpClass): 200 GET http://10.180.1.21/identity/v3/roles 0.034s
2024-12-13 19:45:27.828 66809 INFO tempest.lib.common.rest_client [req-a581ca66-a8b0-4415-a6bd-00481e3f7a55 req-a581ca66-a8b0-4415-a6bd-00481e3f7a55 ] Request (VolumesAdminNegativeTest:setUpClass): 204 PUT http://10.180.1.21/identity/v3/projects/372ae1bbbc30486ebf688f4256bfa095/users/52aecbc323b8476d8393bfcc16ef91cc/roles/40d26c64c0834c4280961c8a5dec444f 0.029s
2024-12-13 19:45:27.889 66809 INFO tempest.lib.common.rest_client [req-1b3cb92c-e12d-4a96-8091-4d92726554a6 req-1b3cb92c-e12d-4a96-8091-4d92726554a6 ] Request (VolumesAdminNegativeTest:setUpClass): 200 GET http://10.180.1.21/identity/v3/roles 0.060s
2024-12-13 19:45:27.911 66809 INFO tempest.lib.common.rest_client [req-ebd4c282-9411-454a-b15f-892e6b5b2bbc req-ebd4c282-9411-454a-b15f-892e6b5b2bbc ] Request (VolumesAdminNegativeTest:setUpClass): 204 PUT http://10.180.1.21/identity/v3/projects/372ae1bbbc30486ebf688f4256bfa095/users/52aecbc323b8476d8393bfcc16ef91cc/roles/40d26c64c0834c4280961c8a5dec444f 0.022s
2024-12-13 19:45:27.911 66809 INFO tempest.lib.common.dynamic_creds [-] Dynamic test user 52aecbc323b8476d8393bfcc16ef91cc is created with scope project and roles: ['admin']
2024-12-13 19:45:27.911 66809 INFO tempest.lib.common.dynamic_creds [-] Acquired dynamic creds: credentials: Credentials: {'domain_id': 'default', 'domain_name': 'Default', 'username': 'tempest-VolumesAdminNegativeTest-135740261-project-admin', 'project_domain_id': 'default', 'project_domain_name': 'Default', 'project_id': '372ae1bbbc30486ebf688f4256bfa095', 'project_name': 'tempest-VolumesAdminNegativeTest-135740261', 'tenant_id': '372ae1bbbc30486ebf688f4256bfa095', 'tenant_name': 'tempest-VolumesAdminNegativeTest-135740261', 'user_domain_id': 'default', 'user_domain_name': 'Default', 'user_id': '52aecbc323b8476d8393bfcc16ef91cc', 'system': None}, Network: None, Subnet: None, Router: None
2024-12-13 19:45:27.930 66815 WARNING tempest.lib.common.ssh [-] Failed to establish authenticated ssh connection to cirros@10.180.180.139 ([Errno None] Unable to connect to port 22 on 10.180.180.139). Number attempts: 5. Retry after 6 seconds.: paramiko.ssh_exception.NoValidConnectionsError: [Errno None] Unable to connect to port 22 on 10.180.180.139
2024-12-13 19:45:28.153 66847 INFO tempest.lib.common.rest_client [req-cfadbd9f-65b8-4543-b8a5-b8768c8f5562 req-cfadbd9f-65b8-4543-b8a5-b8768c8f5562 ] Request (ServerGroupTestJSON:test_create_server_with_scheduler_hint_group): 200 GET http://10.180.1.21/compute/v2.1/servers/0062297f-63f3-4773-bbc2-5077395657d2 0.697s
2024-12-13 19:45:28.213 66861 INFO tempest.lib.common.rest_client [req-452e0b1e-83eb-4562-ae98-785349949e5e req-452e0b1e-83eb-4562-ae98-785349949e5e ] Request (InstanceActionsV221TestJSON:test_get_list_deleted_instance_actions): 200 GET http://10.180.1.21/compute/v2.1/servers/f68bb186-74b9-4c10-a7a0-e8feda38b3bd 0.645s
2024-12-13 19:45:28.258 66809 INFO tempest.lib.common.rest_client [req-1cc0af6c-ff35-4994-86f0-f00ea21d8215 req-1cc0af6c-ff35-4994-86f0-f00ea21d8215 ] Request (VolumesAdminNegativeTest:setUpClass): 201 POST http://10.180.1.21:9696/networking/v2.0/networks 0.347s
2024-12-13 19:45:28.269 66843 INFO tempest.lib.common.rest_client [req-06a92ac2-4357-4322-a632-63cd2e009b6d req-06a92ac2-4357-4322-a632-63cd2e009b6d ] Request (AttachVolumeNegativeTest:test_attach_attached_volume_to_different_server): 200 GET http://10.180.1.21/compute/v2.1/servers/c4ca3d86-7d6e-4dbf-912b-7cb292596272 0.619s
2024-12-13 19:45:28.333 66831 INFO tempest.lib.common.rest_client [req-e15ef320-6d68-432f-a90a-9bb07b5562f3 req-e15ef320-6d68-432f-a90a-9bb07b5562f3 ] Request (ServerRescueTestJSON:setUpClass): 200 GET http://10.180.1.21/compute/v2.1/servers/e34254ce-88c3-41dd-be1c-553eea828050 0.653s
2024-12-13 19:45:28.452 66829 INFO tempest.lib.common.rest_client [req-7196f0c5-e30f-43b2-a147-0239db021f6b req-7196f0c5-e30f-43b2-a147-0239db021f6b ] Request (FloatingIPsAssociationTestJSON:test_associate_disassociate_floating_ip): 202 POST http://10.180.1.21/compute/v2.1/servers/bf01cd22-6cbb-4a95-aca8-4bcdabdc5b36/action 1.881s
2024-12-13 19:45:28.506 66837 WARNING tempest.lib.common.ssh [-] Failed to establish authenticated ssh connection to cirros@10.180.180.244 ([Errno None] Unable to connect to port 22 on 10.180.180.244). Number attempts: 7. Retry after 8 seconds.: paramiko.ssh_exception.NoValidConnectionsError: [Errno None] Unable to connect to port 22 on 10.180.180.244
2024-12-13 19:45:28.507 66851 WARNING tempest.lib.common.ssh [-] Failed to establish authenticated ssh connection to cirros@10.180.180.191 ([Errno None] Unable to connect to port 22 on 10.180.180.191). Number attempts: 10. Retry after 11 seconds.: paramiko.ssh_exception.NoValidConnectionsError: [Errno None] Unable to connect to port 22 on 10.180.180.191
2024-12-13 19:45:28.514 66821 INFO tempest.lib.common.rest_client [req-cb7225f7-8806-4cfb-b512-4100f3807531 req-cb7225f7-8806-4cfb-b512-4100f3807531 ] Request (ServerDiagnosticsNegativeTest:test_get_server_diagnostics_by_non_admin): 200 GET http://10.180.1.21/compute/v2.1/servers/e3bb34fa-0a4b-4ef0-885a-2c59a191ca72 0.689s
2024-12-13 19:45:28.561 66809 INFO tempest.lib.common.rest_client [req-d2648bc3-fd38-4f62-9530-f2378362768f req-d2648bc3-fd38-4f62-9530-f2378362768f ] Request (VolumesAdminNegativeTest:setUpClass): 201 POST http://10.180.1.21:9696/networking/v2.0/subnets 0.302s
2024-12-13 19:45:28.631 66859 INFO tempest.lib.common.rest_client [req-f2bf07c0-d891-432b-b76f-a348ac2a034a req-f2bf07c0-d891-432b-b76f-a348ac2a034a ] Request (ServersAdminNegativeTestJSON:test_migrate_server_invalid_state): 200 GET http://10.180.1.21/compute/v2.1/servers/d2fba47f-bc9d-4673-a8c1-1dadebdea56e 0.625s
2024-12-13 19:45:28.642 66859 INFO tempest.common.waiters [-] State transition "ACTIVE/suspending" ==> "SUSPENDED/None" after 1 second wait
2024-12-13 19:45:28.677 66833 INFO tempest.lib.common.rest_client [req-c9cc032a-9a5f-40a9-b1e7-6b22b97d8a90 req-c9cc032a-9a5f-40a9-b1e7-6b22b97d8a90 ] Request (ImagesNegativeTestJSON:test_create_image_from_deleted_server): 200 GET http://10.180.1.21/compute/v2.1/servers/1885c76e-a6bc-4f5b-bf2b-fe43229cec08 0.653s
2024-12-13 19:45:28.732 66825 INFO tempest.lib.common.rest_client [req-9e8f7b4a-c99f-401e-9e7c-7e20bdf6620b req-9e8f7b4a-c99f-401e-9e7c-7e20bdf6620b ] Request (SecurityGroupsTestJSON:test_server_security_groups): 200 GET http://10.180.1.21/compute/v2.1/servers/1aff4bff-16cd-4873-9b4d-3538d4779084 0.652s
2024-12-13 19:45:28.768 66845 INFO tempest.lib.common.rest_client [req-93ecc7d3-0773-4eca-958a-c3a9ca559514 req-93ecc7d3-0773-4eca-958a-c3a9ca559514 ] Request (ListServerFiltersTestJSON:tearDownClass): 200 GET http://10.180.1.21/compute/v2.1/servers/6cebe45a-8d90-4ac3-b75e-99e2a598c43b 0.621s
2024-12-13 19:45:28.789 66817 INFO tempest.lib.common.rest_client [req-5c919a49-681b-4c0d-868b-d9f853618a1d req-5c919a49-681b-4c0d-868b-d9f853618a1d ] Request (ListServersNegativeTestJSON:setUpClass): 200 GET http://10.180.1.21/compute/v2.1/servers/3692d5e9-2382-4f95-8ca4-0a57474e9be7 0.581s
2024-12-13 19:45:28.865 66865 INFO tempest.lib.common.rest_client [req-eb21f69a-13c6-414a-add8-aedc20f29dca req-eb21f69a-13c6-414a-add8-aedc20f29dca ] Request (AttachVolumeShelveTestJSON:test_attach_volume_shelved_or_offload_server): 200 GET http://10.180.1.21/compute/v2.1/servers/d06fca54-652a-47dd-b14b-8f6bbf696503 0.532s
2024-12-13 19:45:28.869 66827 INFO tempest.lib.common.rest_client [req-202a3c55-48bf-4301-a936-f8167df8e6d5 req-202a3c55-48bf-4301-a936-f8167df8e6d5 ] Request (ServersAdminTestJSON:test_create_server_with_scheduling_hint): 200 GET http://10.180.1.21/compute/v2.1/servers/315b8f76-6d67-4e58-8898-2b68a1e4f79a 0.601s
2024-12-13 19:45:28.934 66819 INFO tempest.lib.common.rest_client [req-da1a0a96-b99e-4fcf-9f30-c9ba3bae4be1 req-da1a0a96-b99e-4fcf-9f30-c9ba3bae4be1 ] Request (ServersTestBootFromVolume:setUpClass): 200 GET http://10.180.1.21/compute/v2.1/servers/c2d3abbc-2fdd-4df1-bb58-709b2bc89bb4 0.531s
2024-12-13 19:45:29.022 66839 INFO tempest.lib.common.rest_client [req-b57e2afb-036f-450c-9c9b-c7e2c04dc053 req-b57e2afb-036f-450c-9c9b-c7e2c04dc053 ] Request (ServersTestFqdnHostnames:test_create_server_with_fqdn_name): 200 GET http://10.180.1.21/compute/v2.1/servers/a3e0bf12-7471-4d8d-bb31-bf4b3b35f87f 0.548s
2024-12-13 19:45:29.065 66829 INFO tempest.lib.common.rest_client [req-9be76507-2e72-4b68-a14d-4554bdd481be req-9be76507-2e72-4b68-a14d-4554bdd481be ] Request (FloatingIPsAssociationTestJSON:test_associate_disassociate_floating_ip): 200 GET http://10.180.1.21/compute/v2.1/os-floating-ips/e3b0bfd1-7d47-4b9d-8f94-c3d71934bf70 0.613s
2024-12-13 19:45:29.093 66855 INFO tempest.lib.common.rest_client [req-f66ee3a4-47c7-4281-9f38-e59d2ef5a0d4 req-f66ee3a4-47c7-4281-9f38-e59d2ef5a0d4 ] Request (MigrationsAdminTest:test_resize_server_revert_deleted_flavor): 200 GET http://10.180.1.21/compute/v2.1/servers/9ed0f4bc-f4eb-4eca-b448-053eec6339d4 0.554s
2024-12-13 19:45:29.138 66867 INFO tempest.lib.common.rest_client [req-08d6a353-fc28-41f7-8e24-7e0e5b69ebcb req-08d6a353-fc28-41f7-8e24-7e0e5b69ebcb ] Request (ServerShowV247Test:test_update_rebuild_list_server): 200 GET http://10.180.1.21/compute/v2.1/servers/4df11575-4191-4213-80f6-c74ba97b856f 0.531s
2024-12-13 19:45:29.170 66859 INFO tempest.lib.common.rest_client [req-40e6c817-b9e6-4c67-9c11-34e7a40c024c req-40e6c817-b9e6-4c67-9c11-34e7a40c024c ] Request (ServersAdminNegativeTestJSON:test_migrate_server_invalid_state): 409 POST http://10.180.1.21/compute/v2.1/servers/d2fba47f-bc9d-4673-a8c1-1dadebdea56e/action 0.528s
2024-12-13 19:45:29.218 66863 INFO tempest.lib.common.rest_client [req-0af787ef-5464-4bc7-b73b-45bc75422073 req-0af787ef-5464-4bc7-b73b-45bc75422073 ] Request (DeleteServersAdminTestJSON:test_delete_server_while_in_error_state): 200 GET http://10.180.1.21/compute/v2.1/servers/ac8aec0b-0dd9-4250-8686-343a4d2563c2 0.521s
2024-12-13 19:45:29.242 66849 INFO tempest.lib.common.rest_client [req-a98c6fa7-640a-4609-8b5b-6d2b0d5ee589 req-a98c6fa7-640a-4609-8b5b-6d2b0d5ee589 ] Request (ImagesOneServerNegativeTestJSON:_run_cleanups): 200 GET http://10.180.1.21/compute/v2.1/servers/ab4ac58c-a716-46c6-ba11-fb5dd8e7ba24 0.470s
2024-12-13 19:45:29.462 66847 INFO tempest.lib.common.rest_client [req-f7b42a13-8b46-4a86-9e01-39355526de2a req-f7b42a13-8b46-4a86-9e01-39355526de2a ] Request (ServerGroupTestJSON:test_create_server_with_scheduler_hint_group): 200 GET http://10.180.1.21/compute/v2.1/servers/0062297f-63f3-4773-bbc2-5077395657d2 0.302s
2024-12-13 19:45:29.467 66859 INFO tempest.lib.common.rest_client [req-9204b15c-077f-4513-9de6-c4efcd051910 req-9204b15c-077f-4513-9de6-c4efcd051910 ] Request (ServersAdminNegativeTestJSON:test_reset_state_server_invalid_state): 400 POST http://10.180.1.21/compute/v2.1/servers/692b1ace-0ecb-4fc5-a348-ffe21f0d1ad7/action 0.295s
2024-12-13 19:45:29.537 66861 INFO tempest.lib.common.rest_client [req-8f2c2f96-c16b-41f2-b0e1-1486f8f9100d req-8f2c2f96-c16b-41f2-b0e1-1486f8f9100d ] Request (InstanceActionsV221TestJSON:test_get_list_deleted_instance_actions): 200 GET http://10.180.1.21/compute/v2.1/servers/f68bb186-74b9-4c10-a7a0-e8feda38b3bd 0.311s
2024-12-13 19:45:29.593 66843 INFO tempest.lib.common.rest_client [req-44523f04-3744-4593-a8f9-02028ade6c27 req-44523f04-3744-4593-a8f9-02028ade6c27 ] Request (AttachVolumeNegativeTest:test_attach_attached_volume_to_different_server): 200 GET http://10.180.1.21/compute/v2.1/servers/c4ca3d86-7d6e-4dbf-912b-7cb292596272 0.314s
2024-12-13 19:45:29.653 66831 INFO tempest.lib.common.rest_client [req-b6b26f47-ae65-4b34-b7db-5748079d2697 req-b6b26f47-ae65-4b34-b7db-5748079d2697 ] Request (ServerRescueTestJSON:setUpClass): 200 GET http://10.180.1.21/compute/v2.1/servers/e34254ce-88c3-41dd-be1c-553eea828050 0.307s
2024-12-13 19:45:29.658 66859 INFO tempest.lib.common.rest_client [req-1b60f0f0-0922-41af-a8bb-6ec6c9f4f38e req-1b60f0f0-0922-41af-a8bb-6ec6c9f4f38e ] Request (ServersAdminNegativeTestJSON:test_reset_state_server_invalid_type): 400 POST http://10.180.1.21/compute/v2.1/servers/692b1ace-0ecb-4fc5-a348-ffe21f0d1ad7/action 0.190s
2024-12-13 19:45:29.809 66809 INFO tempest.lib.common.rest_client [req-fc053abd-c49d-4d32-82c6-be9704440972 req-fc053abd-c49d-4d32-82c6-be9704440972 ] Request (VolumesAdminNegativeTest:setUpClass): 201 POST http://10.180.1.21:9696/networking/v2.0/routers 1.247s
2024-12-13 19:45:29.970 66821 INFO tempest.lib.common.rest_client [req-4b84aaec-8fbc-470a-b048-7ed9b9aa7a43 req-4b84aaec-8fbc-470a-b048-7ed9b9aa7a43 ] Request (ServerDiagnosticsNegativeTest:test_get_server_diagnostics_by_non_admin): 200 GET http://10.180.1.21/compute/v2.1/servers/e3bb34fa-0a4b-4ef0-885a-2c59a191ca72 0.448s
2024-12-13 19:45:29.976 66859 INFO tempest.lib.common.rest_client [req-195b0ccd-b3b9-464a-b35d-fc1f105a9f92 req-195b0ccd-b3b9-464a-b35d-fc1f105a9f92 ] Request (ServersAdminNegativeTestJSON:test_reset_state_server_nonexistent_server): 404 POST http://10.180.1.21/compute/v2.1/servers/999/action 0.315s
2024-12-13 19:45:29.977 66821 INFO tempest.common.waiters [-] State transition "BUILD/spawning" ==> "ACTIVE/None" after 78 second wait
2024-12-13 19:45:30.126 66833 INFO tempest.lib.common.rest_client [req-cbef3a94-85a5-4603-b94f-10db80cd26b0 req-cbef3a94-85a5-4603-b94f-10db80cd26b0 ] Request (ImagesNegativeTestJSON:test_create_image_from_deleted_server): 200 GET http://10.180.1.21/compute/v2.1/servers/1885c76e-a6bc-4f5b-bf2b-fe43229cec08 0.442s
2024-12-13 19:45:30.187 66825 INFO tempest.lib.common.rest_client [req-6b307055-c7ef-4fbb-93e5-77194d242ba8 req-6b307055-c7ef-4fbb-93e5-77194d242ba8 ] Request (SecurityGroupsTestJSON:test_server_security_groups): 200 GET http://10.180.1.21/compute/v2.1/servers/1aff4bff-16cd-4873-9b4d-3538d4779084 0.446s
2024-12-13 19:45:30.254 66845 INFO tempest.lib.common.rest_client [req-a20ad2fb-ef51-446e-9abf-22b9a13f327e req-a20ad2fb-ef51-446e-9abf-22b9a13f327e ] Request (ListServerFiltersTestJSON:tearDownClass): 200 GET http://10.180.1.21/compute/v2.1/servers/6cebe45a-8d90-4ac3-b75e-99e2a598c43b 0.479s
2024-12-13 19:45:30.315 66817 INFO tempest.lib.common.rest_client [req-2ab84f35-e33b-420c-af14-975f8de22656 req-2ab84f35-e33b-420c-af14-975f8de22656 ] Request (ListServersNegativeTestJSON:setUpClass): 200 GET http://10.180.1.21/compute/v2.1/servers/3692d5e9-2382-4f95-8ca4-0a57474e9be7 0.518s
2024-12-13 19:45:30.378 66865 INFO tempest.lib.common.rest_client [req-4dde936f-c96e-40da-b69f-a05caba16967 req-4dde936f-c96e-40da-b69f-a05caba16967 ] Request (AttachVolumeShelveTestJSON:test_attach_volume_shelved_or_offload_server): 200 GET http://10.180.1.21/compute/v2.1/servers/d06fca54-652a-47dd-b14b-8f6bbf696503 0.503s
2024-12-13 19:45:30.439 66827 INFO tempest.lib.common.rest_client [req-60702ad7-58f4-4724-a99d-571490a2553a req-60702ad7-58f4-4724-a99d-571490a2553a ] Request (ServersAdminTestJSON:test_create_server_with_scheduling_hint): 200 GET http://10.180.1.21/compute/v2.1/servers/315b8f76-6d67-4e58-8898-2b68a1e4f79a 0.557s
2024-12-13 19:45:30.468 66829 INFO tempest.lib.common.rest_client [req-479ada4c-5365-4c50-ad1c-c0444277eef0 req-479ada4c-5365-4c50-ad1c-c0444277eef0 ] Request (FloatingIPsAssociationTestJSON:test_associate_disassociate_floating_ip): 202 POST http://10.180.1.21/compute/v2.1/servers/bf01cd22-6cbb-4a95-aca8-4bcdabdc5b36/action 1.399s
2024-12-13 19:45:30.496 66821 INFO tempest.lib.common.rest_client [req-e90b759d-7f13-4ee6-ab96-60e9f9bfa73b req-e90b759d-7f13-4ee6-ab96-60e9f9bfa73b ] Request (ServerDiagnosticsNegativeTest:test_get_server_diagnostics_by_non_admin): 403 GET http://10.180.1.21/compute/v2.1/servers/e3bb34fa-0a4b-4ef0-885a-2c59a191ca72/diagnostics 0.518s
2024-12-13 19:45:30.527 66819 INFO tempest.lib.common.rest_client [req-03bca0d8-69a5-4ac3-8963-87633ddfc67e req-03bca0d8-69a5-4ac3-8963-87633ddfc67e ] Request (ServersTestBootFromVolume:setUpClass): 200 GET http://10.180.1.21/compute/v2.1/servers/c2d3abbc-2fdd-4df1-bb58-709b2bc89bb4 0.579s
2024-12-13 19:45:30.587 66839 INFO tempest.lib.common.rest_client [req-bd983019-820c-4017-959b-8b9be1b0b6e1 req-bd983019-820c-4017-959b-8b9be1b0b6e1 ] Request (ServersTestFqdnHostnames:test_create_server_with_fqdn_name): 200 GET http://10.180.1.21/compute/v2.1/servers/a3e0bf12-7471-4d8d-bb31-bf4b3b35f87f 0.555s
2024-12-13 19:45:30.641 66855 INFO tempest.lib.common.rest_client [req-64757b18-cd45-481b-935f-2bcd230a43c6 req-64757b18-cd45-481b-935f-2bcd230a43c6 ] Request (MigrationsAdminTest:test_resize_server_revert_deleted_flavor): 200 GET http://10.180.1.21/compute/v2.1/servers/9ed0f4bc-f4eb-4eca-b448-053eec6339d4 0.539s
2024-12-13 19:45:30.668 66859 INFO tempest.lib.common.rest_client [req-132d119c-d03e-4885-bc89-ba8ece73e4a9 req-132d119c-d03e-4885-bc89-ba8ece73e4a9 ] Request (ServersAdminNegativeTestJSON:test_resize_server_using_overlimit_ram): 200 GET http://10.180.1.21/compute/v2.1/os-quota-sets/be3f5eb75df44ecabb413c8b1b6e2106 0.687s
2024-12-13 19:45:30.697 66863 INFO tempest.lib.common.rest_client [req-86fc7df7-883d-419c-ba4e-f32e15632149 req-86fc7df7-883d-419c-ba4e-f32e15632149 ] Request (DeleteServersAdminTestJSON:test_delete_server_while_in_error_state): 404 GET http://10.180.1.21/compute/v2.1/servers/ac8aec0b-0dd9-4250-8686-343a4d2563c2 0.468s
2024-12-13 19:45:30.713 66867 INFO tempest.lib.common.rest_client [req-ded3e8a4-3cef-4f87-bc6c-1db7da6e7e33 req-ded3e8a4-3cef-4f87-bc6c-1db7da6e7e33 ] Request (ServerShowV247Test:test_update_rebuild_list_server): 200 GET http://10.180.1.21/compute/v2.1/servers/4df11575-4191-4213-80f6-c74ba97b856f 0.565s
2024-12-13 19:45:30.755 66849 INFO tempest.lib.common.rest_client [req-3d3eba46-8a15-4e54-8dae-744fe79f1bc5 req-3d3eba46-8a15-4e54-8dae-744fe79f1bc5 ] Request (ImagesOneServerNegativeTestJSON:_run_cleanups): 200 GET http://10.180.1.21/compute/v2.1/servers/ab4ac58c-a716-46c6-ba11-fb5dd8e7ba24 0.504s
2024-12-13 19:45:30.795 66829 INFO tempest.lib.common.rest_client [req-96c278e6-18c8-457c-85f8-10f1f6da26f1 req-96c278e6-18c8-457c-85f8-10f1f6da26f1 ] Request (FloatingIPsAssociationTestJSON:tearDownClass): 204 DELETE http://10.180.1.21/compute/v2.1/servers/659eb0b0-3b2a-4253-9c65-ef5bc0d33fd1 0.325s
2024-12-13 19:45:30.884 66821 INFO tempest.lib.common.rest_client [req-8aac75e1-d5f3-4e95-9d39-1d51a20c5ec6 req-8aac75e1-d5f3-4e95-9d39-1d51a20c5ec6 ] Request (ServerDiagnosticsNegativeTest:tearDownClass): 204 DELETE http://10.180.1.21/compute/v2.1/servers/e3bb34fa-0a4b-4ef0-885a-2c59a191ca72 0.386s
2024-12-13 19:45:30.911 66847 INFO tempest.lib.common.rest_client [req-bc36696d-0874-4d3b-a3ac-ab138f0b6598 req-bc36696d-0874-4d3b-a3ac-ab138f0b6598 ] Request (ServerGroupTestJSON:test_create_server_with_scheduler_hint_group): 200 GET http://10.180.1.21/compute/v2.1/servers/0062297f-63f3-4773-bbc2-5077395657d2 0.438s
2024-12-13 19:45:30.938 66861 INFO tempest.lib.common.rest_client [req-63dae2e2-8ca8-4b8f-aab3-bfb5b6d4ee21 req-63dae2e2-8ca8-4b8f-aab3-bfb5b6d4ee21 ] Request (InstanceActionsV221TestJSON:test_get_list_deleted_instance_actions): 200 GET http://10.180.1.21/compute/v2.1/servers/f68bb186-74b9-4c10-a7a0-e8feda38b3bd 0.392s
2024-12-13 19:45:30.939 66809 INFO tempest.lib.common.rest_client [req-4bebb53e-0a84-4205-876e-412e31f07a86 req-4bebb53e-0a84-4205-876e-412e31f07a86 ] Request (VolumesAdminNegativeTest:setUpClass): 200 PUT http://10.180.1.21:9696/networking/v2.0/routers/7729a6e4-a241-4e6e-8698-922df0209980/add_router_interface 1.129s
