2024-12-13 19:44:03.733 66823 INFO tempest.lib.common.rest_client [req-6b0a0cb3-79ff-437f-afe9-105a0c8e3caa req-6b0a0cb3-79ff-437f-afe9-105a0c8e3caa ] Request (ServerGroup264TestJSON:tearDownClass): 404 DELETE http://10.180.1.21/compute/v2.1/os-server-groups/73c03bee-965f-4da4-ba6b-162f3e0ca886 1.602s
2024-12-13 19:44:03.751 66849 INFO tempest.lib.common.rest_client [req-f0c6be57-2620-4a4d-a2bc-97bea78b9ad1 req-f0c6be57-2620-4a4d-a2bc-97bea78b9ad1 ] Request (ImagesOneServerNegativeTestJSON:tearDown): 200 GET http://10.180.1.21/compute/v2.1/servers/dc6d1fd4-d844-4ef6-b100-5e491a698ae3 1.912s
2024-12-13 19:44:03.839 66851 INFO tempest.lib.common.rest_client [req-448eeb5e-2dc5-440b-8cf3-8a2e0684e7de req-448eeb5e-2dc5-440b-8cf3-8a2e0684e7de ] Request (VolumesAssistedSnapshotsTest:test_volume_assisted_snapshot_create_delete): 200 GET http://10.180.1.21/compute/v2.1/servers/f82bad60-9320-4a4e-af74-21557692aa80/os-interface 1.463s
2024-12-13 19:44:04.164 66859 INFO tempest.lib.common.rest_client [req-5735e17f-83d6-4385-8615-cfdc2468900b req-5735e17f-83d6-4385-8615-cfdc2468900b ] Request (ServersAdminNegativeTestJSON:test_migrate_server_invalid_state): 202 POST http://10.180.1.21/compute/v2.1/servers 1.972s
2024-12-13 19:44:04.299 66861 INFO tempest.lib.common.rest_client [req-b623fb6d-8c38-4757-80ae-67dbaef8ac59 req-b623fb6d-8c38-4757-80ae-67dbaef8ac59 ] Request (SecurityGroupRulesTestJSON:test_security_group_rules_create_with_optional_group_id): 200 POST http://10.180.1.21/compute/v2.1/os-security-group-rules 1.721s
2024-12-13 19:44:04.303 66861 WARNING tempest.lib.common.rest_client [-] Deprecated: "tenant_id" property is deprecated for removal, use "project_id" instead
2024-12-13 19:44:04.338 66847 INFO tempest.lib.common.rest_client [req-7abf6c78-6e9f-4800-af92-476f6976afe3 req-7abf6c78-6e9f-4800-af92-476f6976afe3 ] Request (ServerGroupTestJSON:test_create_delete_multiple_server_groups_with_same_name_policy): 204 DELETE http://10.180.1.21/compute/v2.1/os-server-groups/ade222e3-810a-4b08-93c7-4b7481ef5d80 1.507s
2024-12-13 19:44:04.613 66839 INFO tempest.lib.common.rest_client [req-8d3020d2-2072-4f0a-b7d7-417632ee00bc req-8d3020d2-2072-4f0a-b7d7-417632ee00bc ] Request (ServerDiagnosticsV248Test:tearDownClass): 200 GET http://10.180.1.21/compute/v2.1/servers/b8222a46-63c9-4282-85bf-9e9b044ed524 1.720s
2024-12-13 19:44:04.633 66855 INFO tempest.lib.common.rest_client [req-258865d5-c775-4abe-b89d-1363927e09aa req-258865d5-c775-4abe-b89d-1363927e09aa ] Request (MigrationsAdminTest:test_list_migrations_in_flavor_resize_situation): 200 GET http://10.180.1.21/compute/v2.1/servers/1e669675-0551-49d8-af15-64fdd0984b3f 1.803s
2024-12-13 19:44:04.707 66857 INFO tempest.lib.common.rest_client [req-4ac225a7-856a-4c91-886b-c822938e6962 req-4ac225a7-856a-4c91-886b-c822938e6962 ] Request (AttachInterfacesUnderV243Test:test_add_remove_fixed_ip): 200 GET http://10.180.1.21/compute/v2.1/servers/ae9a6ff7-cc1f-43dc-9acb-47aaa3d1089e 1.812s
2024-12-13 19:44:04.736 66813 INFO tempest.lib.common.rest_client [req-2cb588ca-58e4-44a1-b98b-2ff8db54227f req-2cb588ca-58e4-44a1-b98b-2ff8db54227f ] Request (ServerActionsTestOtherB:setUpClass): 200 GET http://10.180.1.21/compute/v2.1/servers/4cc7d784-be5d-41db-a028-0dade3464032 1.803s
2024-12-13 19:44:04.789 66843 INFO tempest.lib.common.rest_client [req-bb8ae14a-ab27-4678-90f2-f20b6e4c8eae req-bb8ae14a-ab27-4678-90f2-f20b6e4c8eae ] Request (ServerShowV254Test:tearDownClass): 200 GET http://10.180.1.21/compute/v2.1/servers/b79bac0e-5cb0-43de-b10f-26262358e61e 1.814s
2024-12-13 19:44:04.812 66841 INFO tempest.lib.common.rest_client [req-c672d572-85c5-44f2-99b8-ce32b76d4f1a req-c672d572-85c5-44f2-99b8-ce32b76d4f1a ] Request (ServerDiagnosticsTest:tearDownClass): 200 GET http://10.180.1.21/compute/v2.1/servers/6d6540ed-ae82-4304-a6f2-7b7063587647 1.824s
2024-12-13 19:44:04.888 66833 INFO tempest.lib.common.rest_client [req-9ebc3e77-3406-4fe2-bb1b-892aa4fb7a18 req-9ebc3e77-3406-4fe2-bb1b-892aa4fb7a18 ] Request (ServerExternalEventsTest:tearDownClass): 200 GET http://10.180.1.21/compute/v2.1/servers/12efb14a-4241-42ec-b538-3efa54435951 1.670s
2024-12-13 19:44:04.944 66837 INFO tempest.lib.common.rest_client [req-48a3bc50-d492-46e3-aa81-2b53a77d006d req-48a3bc50-d492-46e3-aa81-2b53a77d006d ] Request (ServerActionsTestOtherA:setUpClass): 200 GET http://10.180.1.21/compute/v2.1/servers/b4522995-fb9c-471f-bd36-af8b721aa5ff 1.568s
2024-12-13 19:44:04.944 66851 INFO tempest.lib.common.rest_client [req-9558d52e-caa4-4e64-b8db-42ce345bdf14 req-9558d52e-caa4-4e64-b8db-42ce345bdf14 ] Request (VolumesAssistedSnapshotsTest:test_volume_assisted_snapshot_create_delete): 200 PUT http://10.180.1.21:9696/networking/v2.0/floatingips/884673c2-1fe3-46b7-b432-bb0376c238c4 1.103s
2024-12-13 19:44:04.946 66851 INFO tempest.lib.common.ssh [-] Creating ssh connection to '10.180.180.191:22' as 'cirros' with public key authentication
2024-12-13 19:44:04.987 66819 INFO tempest.lib.common.rest_client [req-33bb8dd9-6400-4eae-825e-05d13b778907 req-33bb8dd9-6400-4eae-825e-05d13b778907 ] Request (AttachInterfacesV270Test:test_create_get_list_interfaces): 200 GET http://10.180.1.21/compute/v2.1/servers/f80f71e8-1b2f-476e-9b7e-b1dd3b0d7df8 1.666s
2024-12-13 19:44:05.006 66825 INFO tempest.lib.common.rest_client [req-93d1053e-b906-4687-8629-9969c62e19ab req-93d1053e-b906-4687-8629-9969c62e19ab ] Request (SecurityGroupsTestJSON:test_list_security_groups_by_server): 200 GET http://10.180.1.21/compute/v2.1/servers/b8f6a4a6-77e9-4989-bd79-f23e15335517 1.573s
2024-12-13 19:44:05.012 66825 INFO tempest.common.waiters [-] State transition "BUILD/scheduling" ==> "BUILD/None" after 11 second wait
2024-12-13 19:44:05.062 66809 INFO tempest.lib.common.rest_client [req-e8738bb7-f0b9-4e55-b7c3-935d6cb37659 req-e8738bb7-f0b9-4e55-b7c3-935d6cb37659 ] Request (ServersAdmin275Test:test_rebuild_update_server_275): 200 GET http://10.180.1.21/compute/v2.1/servers/90b44fba-636a-414f-b286-7baf5adc2122 1.617s
2024-12-13 19:44:05.097 66823 INFO tempest.lib.common.rest_client [req-e4f95b01-893e-4085-a888-61a84e38510c req-e4f95b01-893e-4085-a888-61a84e38510c ] Request (ServerGroup264TestJSON:tearDownClass): 200 PUT http://10.180.1.21:9696/networking/v2.0/routers/41e339f3-05e8-466b-8952-412609f14624/remove_router_interface 1.364s
2024-12-13 19:44:05.123 66829 INFO tempest.lib.common.rest_client [req-2fb0206d-5f62-447b-9179-c017297db893 req-2fb0206d-5f62-447b-9179-c017297db893 ] Request (FloatingIPsAssociationTestJSON:test_associate_already_associated_floating_ip): 200 GET http://10.180.1.21/compute/v2.1/servers/659eb0b0-3b2a-4253-9c65-ef5bc0d33fd1 1.662s
2024-12-13 19:44:05.206 66805 WARNING tempest.lib.common.ssh [-] Failed to establish authenticated ssh connection to cirros@10.180.180.237 ([Errno None] Unable to connect to port 22 on 10.180.180.237). Number attempts: 1. Retry after 2 seconds.: paramiko.ssh_exception.NoValidConnectionsError: [Errno None] Unable to connect to port 22 on 10.180.180.237
2024-12-13 19:44:05.227 66815 INFO tempest.lib.common.rest_client [req-f544afff-92ec-422e-97d9-711fb99e3f13 req-f544afff-92ec-422e-97d9-711fb99e3f13 ] Request (ServersTestManualDisk:setUpClass): 200 GET http://10.180.1.21/compute/v2.1/servers/d0a90055-5c6c-44eb-a9e4-467022eda4db 1.728s
2024-12-13 19:44:05.247 66821 INFO tempest.lib.common.rest_client [req-16a3e304-e30d-474c-b1fc-f5ef158777e9 req-16a3e304-e30d-474c-b1fc-f5ef158777e9 ] Request (QuotaClassesAdminTestJSON:test_update_default_quotas): 200 GET http://10.180.1.21/compute/v2.1/os-quota-class-sets/default 1.689s
2024-12-13 19:44:05.297 66853 INFO tempest.lib.common.rest_client [req-74dedc5c-3927-4ab1-902f-5962d149adcc req-74dedc5c-3927-4ab1-902f-5962d149adcc ] Request (ServerActionsTestJSON:setUpClass): 200 GET http://10.180.1.21/compute/v2.1/servers/e9878c22-2044-464f-915f-c1c865693437 1.738s
2024-12-13 19:44:05.313 66811 INFO tempest.lib.common.rest_client [req-c063ad9f-fcab-4922-8765-f56dd17093ec req-c063ad9f-fcab-4922-8765-f56dd17093ec ] Request (ImagesOneServerTestJSON:test_create_delete_image): 200 GET http://10.180.1.21/compute/v2.1/flavors/42 1.739s
2024-12-13 19:44:05.399 66863 INFO tempest.lib.common.rest_client [req-53415055-9393-47d6-8df3-b533a9703e13 req-53415055-9393-47d6-8df3-b533a9703e13 ] Request (DeleteServersAdminTestJSON:test_delete_server_while_in_error_state): 200 GET http://10.180.1.21/compute/v2.1/servers/ac8aec0b-0dd9-4250-8686-343a4d2563c2 1.753s
2024-12-13 19:44:05.564 66823 INFO tempest.lib.common.rest_client [req-b244caac-040f-4e33-882a-566d03e9317f req-b244caac-040f-4e33-882a-566d03e9317f ] Request (ServerGroup264TestJSON:tearDownClass): 204 DELETE http://10.180.1.21:9696/networking/v2.0/routers/41e339f3-05e8-466b-8952-412609f14624 0.466s
2024-12-13 19:44:05.613 66831 INFO tempest.lib.common.rest_client [req-315b3f84-67e9-4fb9-aedf-622688e68428 req-315b3f84-67e9-4fb9-aedf-622688e68428 ] Request (TenantUsagesTestJSON:setUpClass): 200 GET http://10.180.1.21/compute/v2.1/servers/049aed69-5511-4770-9a62-039b2f21d60f 1.912s
2024-12-13 19:44:05.617 66867 INFO tempest.lib.common.rest_client [req-390260e2-0df8-45d4-b357-68fea0a0aaaa req-390260e2-0df8-45d4-b357-68fea0a0aaaa ] Request (AggregatesAdminNegativeTestJSON:test_aggregate_remove_host_as_user): 403 POST http://10.180.1.21/compute/v2.1/os-aggregates/7/action 1.906s
2024-12-13 19:44:05.623 66831 INFO tempest.common.waiters [-] State transition "BUILD/networking" ==> "BUILD/spawning" after 24 second wait
2024-12-13 19:44:05.636 66807 INFO tempest.lib.common.rest_client [req-806d1ae6-8c02-4eb2-a9e7-069fa7f53387 req-806d1ae6-8c02-4eb2-a9e7-069fa7f53387 ] Request (FlavorsAdminTestJSON:test_is_public_string_variations): 200 GET http://10.180.1.21/compute/v2.1/flavors/detail?is_public=t 1.908s
2024-12-13 19:44:05.674 66823 INFO tempest.lib.common.rest_client [req-ee5982cf-6bf6-4089-9768-be9b2d58a3c4 req-ee5982cf-6bf6-4089-9768-be9b2d58a3c4 ] Request (ServerGroup264TestJSON:tearDownClass): 204 DELETE http://10.180.1.21:9696/networking/v2.0/subnets/77e577aa-d20d-456d-9294-c1a8722213a9 0.109s
2024-12-13 19:44:05.752 66865 INFO tempest.lib.common.rest_client [req-269e34db-6733-4e3c-acd1-6b3ae8c46a39 req-269e34db-6733-4e3c-acd1-6b3ae8c46a39 ] Request (ServerRescueTestJSONUnderV235:test_rescued_vm_associate_dissociate_floating_ip): 200 POST http://10.180.1.21/compute/v2.1/os-floating-ips 2.311s
2024-12-13 19:44:05.811 66823 INFO tempest.lib.common.rest_client [req-aba54082-966f-47ca-b529-ab8a65c2074b req-aba54082-966f-47ca-b529-ab8a65c2074b ] Request (ServerGroup264TestJSON:tearDownClass): 204 DELETE http://10.180.1.21:9696/networking/v2.0/networks/8cd410cf-7599-40e1-a677-76ca19f26b2c 0.137s
2024-12-13 19:44:05.811 66836 INFO tempest.lib.common.rest_client [req-96c8199a-5451-4b2d-8fab-89b800cc9833 req-96c8199a-5451-4b2d-8fab-89b800cc9833 ] Request (ServersWithSpecificFlavorTestJSON:test_verify_created_server_ephemeral_disk): 200 GET http://10.180.1.21/compute/v2.1/servers/63c7e049-a6db-462e-a0c6-52ec32e23f86 2.072s
2024-12-13 19:44:05.883 66845 INFO tempest.lib.common.rest_client [req-95b7af84-1801-436f-a2f1-122305c0f787 req-95b7af84-1801-436f-a2f1-122305c0f787 ] Request (ListServerFiltersTestJSON:setUpClass): 200 GET http://10.180.1.21/compute/v2.1/servers/6cebe45a-8d90-4ac3-b75e-99e2a598c43b 2.093s
2024-12-13 19:44:05.960 66859 INFO tempest.lib.common.rest_client [req-12550fc0-e49e-4049-975b-c9838372b05d req-12550fc0-e49e-4049-975b-c9838372b05d ] Request (ServersAdminNegativeTestJSON:test_migrate_server_invalid_state): 200 GET http://10.180.1.21/compute/v2.1/servers/d2fba47f-bc9d-4673-a8c1-1dadebdea56e 1.795s
2024-12-13 19:44:05.965 66849 INFO tempest.lib.common.rest_client [req-5b90e5c6-a390-4c19-8ab4-a2c40675261c req-5b90e5c6-a390-4c19-8ab4-a2c40675261c ] Request (ImagesOneServerNegativeTestJSON:setUp): 200 GET http://10.180.1.21/compute/v2.1/servers/dc6d1fd4-d844-4ef6-b100-5e491a698ae3 2.207s
2024-12-13 19:44:05.987 66823 INFO tempest.lib.common.rest_client [req-738eff50-e7e6-40a0-a210-12f232588c4a req-738eff50-e7e6-40a0-a210-12f232588c4a ] Request (ServerGroup264TestJSON:tearDownClass): 204 DELETE http://10.180.1.21/identity/v3/users/ff8b9dc5f8604abd89408384a61a2642 0.176s
2024-12-13 19:44:05.987 66823 INFO tempest.lib.common.dynamic_creds [-] Deleting project and security group for project: 340001dd1ddf4dd7abd9ea710f649699
2024-12-13 19:44:05.992 66847 INFO tempest.lib.common.rest_client [req-dc60d845-8b93-451c-9192-ee3ad655bcff req-dc60d845-8b93-451c-9192-ee3ad655bcff ] Request (ServerGroupTestJSON:test_create_delete_multiple_server_groups_with_same_name_policy): 200 GET http://10.180.1.21/compute/v2.1/os-server-groups 1.653s
2024-12-13 19:44:06.077 66827 INFO tempest.lib.common.rest_client [req-7e9b30b1-64b0-4917-8072-34e9f30c34d1 req-7e9b30b1-64b0-4917-8072-34e9f30c34d1 ] Request (ServersAdminTestJSON:setUpClass): 200 GET http://10.180.1.21/compute/v2.1/servers/296cf9dd-e110-4144-8899-56fb0d257b8b 1.546s
2024-12-13 19:44:06.096 66823 INFO tempest.lib.common.rest_client [req-fd7d3449-d83a-40c8-ad60-01ac4ebac701 req-fd7d3449-d83a-40c8-ad60-01ac4ebac701 ] Request (ServerGroup264TestJSON:tearDownClass): 200 GET http://10.180.1.21:9696/networking/v2.0/security-groups?tenant_id=340001dd1ddf4dd7abd9ea710f649699&name=default 0.108s
2024-12-13 19:44:06.177 66821 INFO tempest.lib.common.rest_client [req-7828fd17-f7e9-4a60-964f-1152d642f4d2 req-7828fd17-f7e9-4a60-964f-1152d642f4d2 ] Request (QuotaClassesAdminTestJSON:_run_cleanups): 200 PUT http://10.180.1.21/compute/v2.1/os-quota-class-sets/default 0.927s
2024-12-13 19:44:06.270 66861 INFO tempest.lib.common.rest_client [req-f0f37133-cd56-4dd6-a707-70625c06efe0 req-f0f37133-cd56-4dd6-a707-70625c06efe0 ] Request (SecurityGroupRulesTestJSON:test_security_group_rules_delete_when_peer_group_deleted): 200 POST http://10.180.1.21/compute/v2.1/os-security-groups 1.965s
2024-12-13 19:44:06.295 66823 INFO tempest.lib.common.rest_client [req-097e8610-8b5f-4ebe-8c9f-45cb40494b48 req-097e8610-8b5f-4ebe-8c9f-45cb40494b48 ] Request (ServerGroup264TestJSON:tearDownClass): 204 DELETE http://10.180.1.21:9696/networking/v2.0/security-groups/b861abfe-4b17-43fd-ae19-fad02f8f2823 0.199s
2024-12-13 19:44:06.315 66811 INFO tempest.lib.common.rest_client [req-979f0a97-bceb-40e3-a1d1-7ce199cb65c3 req-979f0a97-bceb-40e3-a1d1-7ce199cb65c3 ] Request (ImagesOneServerTestJSON:test_create_delete_image): 204 DELETE http://10.180.1.21/compute/v2.1/images/637b04fb-e603-445d-98db-5a8a3ce65b44 1.000s
2024-12-13 19:44:06.320 66821 INFO tempest.lib.common.rest_client [req-e8415e3d-bf05-4212-b1e8-39c008807ab7 req-e8415e3d-bf05-4212-b1e8-39c008807ab7 ] Request (QuotaClassesAdminTestJSON:tearDownClass): 204 DELETE http://10.180.1.21/identity/v3/users/cca91e6c4db6483183afda5d78c1b850 0.141s
2024-12-13 19:44:06.365 66817 INFO tempest.lib.common.rest_client [req-0a8b51f2-4141-4192-8a37-55772cefd814 req-0a8b51f2-4141-4192-8a37-55772cefd814 ] Request (QuotasAdminTestV257:test_get_updated_quotas): 200 GET http://10.180.1.21/identity/v3/domains?name=Default 0.134s
2024-12-13 19:44:06.427 66839 INFO tempest.lib.common.rest_client [req-a6836e97-2391-49f2-bc91-33892e0a6c95 req-a6836e97-2391-49f2-bc91-33892e0a6c95 ] Request (ServerDiagnosticsV248Test:tearDownClass): 200 GET http://10.180.1.21/compute/v2.1/servers/b8222a46-63c9-4282-85bf-9e9b044ed524 0.801s
2024-12-13 19:44:06.448 66807 INFO tempest.lib.common.rest_client [req-98eb06cf-bb40-4885-b597-37486c4e5284 req-98eb06cf-bb40-4885-b597-37486c4e5284 ] Request (FlavorsAdminTestJSON:test_is_public_string_variations): 200 GET http://10.180.1.21/compute/v2.1/flavors/detail?is_public=true 0.808s
2024-12-13 19:44:06.465 66823 INFO tempest.lib.common.rest_client [req-4757a0cf-7979-495d-a8e1-52a2d88e2dc3 req-4757a0cf-7979-495d-a8e1-52a2d88e2dc3 ] Request (ServerGroup264TestJSON:tearDownClass): 204 DELETE http://10.180.1.21/identity/v3/projects/340001dd1ddf4dd7abd9ea710f649699 0.169s
2024-12-13 19:44:06.476 66821 INFO tempest.lib.common.rest_client [req-c1d0b865-4644-4fcc-b3d4-261414924202 req-c1d0b865-4644-4fcc-b3d4-261414924202 ] Request (QuotaClassesAdminTestJSON:tearDownClass): 204 DELETE http://10.180.1.21/identity/v3/users/5aa0d940509f440c80a9c70d9fdf329d 0.156s
2024-12-13 19:44:06.477 66821 INFO tempest.lib.common.dynamic_creds [-] Deleting project and security group for project: d9b25e4b1be94e809756608a99cef150
2024-12-13 19:44:06.549 66821 INFO tempest.lib.common.rest_client [req-46d466db-a3b5-404f-8c1f-80f3d6ecbb6f req-46d466db-a3b5-404f-8c1f-80f3d6ecbb6f ] Request (QuotaClassesAdminTestJSON:tearDownClass): 201 POST http://10.180.1.21/identity/v3/auth/tokens 0.072s
2024-12-13 19:44:06.562 66817 INFO tempest.lib.common.rest_client [req-6f4987e9-855a-4959-81a4-60442e6a865d req-6f4987e9-855a-4959-81a4-60442e6a865d ] Request (QuotasAdminTestV257:test_get_updated_quotas): 201 POST http://10.180.1.21/identity/v3/projects 0.196s
2024-12-13 19:44:06.629 66855 INFO tempest.lib.common.rest_client [req-20b9f0fc-611c-4b94-b474-72c14eb0a375 req-20b9f0fc-611c-4b94-b474-72c14eb0a375 ] Request (MigrationsAdminTest:test_list_migrations_in_flavor_resize_situation): 200 GET http://10.180.1.21/compute/v2.1/servers/1e669675-0551-49d8-af15-64fdd0984b3f 0.986s
2024-12-13 19:44:06.662 66817 INFO tempest.lib.common.rest_client [req-5a0ded25-062a-4db6-83ca-b0c0d35ab475 req-5a0ded25-062a-4db6-83ca-b0c0d35ab475 ] Request (QuotasAdminTestV257:test_get_updated_quotas): 200 GET http://10.180.1.21/identity/v3/domains?name=Default 0.099s
2024-12-13 19:44:06.711 66857 INFO tempest.lib.common.rest_client [req-2d990146-7a96-4291-9b56-c2d7b3cdbf21 req-2d990146-7a96-4291-9b56-c2d7b3cdbf21 ] Request (AttachInterfacesUnderV243Test:test_add_remove_fixed_ip): 200 GET http://10.180.1.21/compute/v2.1/servers/ae9a6ff7-cc1f-43dc-9acb-47aaa3d1089e 0.994s
2024-12-13 19:44:06.771 66813 INFO tempest.lib.common.rest_client [req-1b1ba47f-e51d-4009-ad94-062ff4af25c8 req-1b1ba47f-e51d-4009-ad94-062ff4af25c8 ] Request (ServerActionsTestOtherB:setUpClass): 200 GET http://10.180.1.21/compute/v2.1/servers/4cc7d784-be5d-41db-a028-0dade3464032 1.020s
2024-12-13 19:44:06.786 66867 INFO tempest.lib.common.rest_client [req-d17a1146-a01d-4a3e-a2f6-76760f4e6954 req-d17a1146-a01d-4a3e-a2f6-76760f4e6954 ] Request (AggregatesAdminNegativeTestJSON:_run_cleanups): 200 POST http://10.180.1.21/compute/v2.1/os-aggregates/7/action 1.168s
2024-12-13 19:44:06.827 66821 INFO tempest.lib.common.rest_client [req-a3d52b14-4ac2-4fb3-8adb-f6a1336ec5de req-a3d52b14-4ac2-4fb3-8adb-f6a1336ec5de ] Request (QuotaClassesAdminTestJSON:tearDownClass): 200 GET http://10.180.1.21:9696/networking/v2.0/security-groups?tenant_id=d9b25e4b1be94e809756608a99cef150&name=default 0.278s
2024-12-13 19:44:06.891 66843 INFO tempest.lib.common.rest_client [req-305c660a-2418-4298-8018-492e255cf7d6 req-305c660a-2418-4298-8018-492e255cf7d6 ] Request (ServerShowV254Test:tearDownClass): 200 GET http://10.180.1.21/compute/v2.1/servers/b79bac0e-5cb0-43de-b10f-26262358e61e 1.091s
2024-12-13 19:44:06.898 66843 INFO tempest.common.waiters [-] State transition "ACTIVE/deleting" ==> "DELETED/None" after 5 second wait
2024-12-13 19:44:06.946 66821 INFO tempest.lib.common.rest_client [req-b35d0812-20e7-4d0a-b2db-a574646877de req-b35d0812-20e7-4d0a-b2db-a574646877de ] Request (QuotaClassesAdminTestJSON:tearDownClass): 204 DELETE http://10.180.1.21:9696/networking/v2.0/security-groups/96f341aa-90a0-40e2-9e80-8290abf1de8d 0.118s
2024-12-13 19:44:06.976 66841 INFO tempest.lib.common.rest_client [req-b74e1fa2-d1eb-4ff9-af49-f927c22d3e26 req-b74e1fa2-d1eb-4ff9-af49-f927c22d3e26 ] Request (ServerDiagnosticsTest:tearDownClass): 200 GET http://10.180.1.21/compute/v2.1/servers/6d6540ed-ae82-4304-a6f2-7b7063587647 1.147s
2024-12-13 19:44:07.016 66821 INFO tempest.lib.common.rest_client [req-bb27eae1-3f3a-4d4b-a0ed-6c15c0eb4274 req-bb27eae1-3f3a-4d4b-a0ed-6c15c0eb4274 ] Request (QuotaClassesAdminTestJSON:tearDownClass): 204 DELETE http://10.180.1.21/identity/v3/projects/d9b25e4b1be94e809756608a99cef150 0.070s
2024-12-13 19:44:07.016 66821 INFO tempest.lib.common.dynamic_creds [-] Deleting project and security group for project: a6cc865e39554d2ebcbeda5f487f2aa4
2024-12-13 19:44:07.066 66833 INFO tempest.lib.common.rest_client [req-f4af07e2-fd8d-4f28-8a28-5c144a76d2bb req-f4af07e2-fd8d-4f28-8a28-5c144a76d2bb ] Request (ServerExternalEventsTest:tearDownClass): 200 GET http://10.180.1.21/compute/v2.1/servers/12efb14a-4241-42ec-b538-3efa54435951 1.169s
2024-12-13 19:44:07.116 66821 INFO tempest.lib.common.rest_client [req-a12284b9-7790-4588-b26c-0a1c1de83f57 req-a12284b9-7790-4588-b26c-0a1c1de83f57 ] Request (QuotaClassesAdminTestJSON:tearDownClass): 200 GET http://10.180.1.21:9696/networking/v2.0/security-groups?tenant_id=a6cc865e39554d2ebcbeda5f487f2aa4&name=default 0.099s
2024-12-13 19:44:07.139 66837 INFO tempest.lib.common.rest_client [req-d8392597-0599-48ba-b117-f11bd5eba7fa req-d8392597-0599-48ba-b117-f11bd5eba7fa ] Request (ServerActionsTestOtherA:setUpClass): 200 GET http://10.180.1.21/compute/v2.1/servers/b4522995-fb9c-471f-bd36-af8b721aa5ff 1.187s
2024-12-13 19:44:07.146 66849 INFO tempest.lib.common.rest_client [req-830785e4-a393-41c2-96e6-57f0086e16d0 req-830785e4-a393-41c2-96e6-57f0086e16d0 ] Request (ImagesOneServerNegativeTestJSON:test_create_image_specify_name_over_character_limit): 400 POST http://10.180.1.21/compute/v2.1/servers/dc6d1fd4-d844-4ef6-b100-5e491a698ae3/action 1.167s
2024-12-13 19:44:07.175 66847 INFO tempest.lib.common.rest_client [req-5ff1c6fd-7adb-4bde-8ef8-c8cf97257f4b req-5ff1c6fd-7adb-4bde-8ef8-c8cf97257f4b ] Request (ServerGroupTestJSON:test_create_delete_multiple_server_groups_with_same_name_policy): 204 DELETE http://10.180.1.21/compute/v2.1/os-server-groups/3dbc4983-0190-4e3a-b9af-1cd510b9659c 1.181s
2024-12-13 19:44:07.194 66821 INFO tempest.lib.common.rest_client [req-f7123aa1-2541-44f2-ae56-199852fecc68 req-f7123aa1-2541-44f2-ae56-199852fecc68 ] Request (QuotaClassesAdminTestJSON:tearDownClass): 204 DELETE http://10.180.1.21:9696/networking/v2.0/security-groups/521cb093-b655-46f4-83e1-6e14b8730a05 0.077s
2024-12-13 19:44:07.295 66821 INFO tempest.lib.common.rest_client [req-dd1d96c3-4fe7-4f80-83a2-4c10734f8d91 req-dd1d96c3-4fe7-4f80-83a2-4c10734f8d91 ] Request (QuotaClassesAdminTestJSON:tearDownClass): 204 DELETE http://10.180.1.21/identity/v3/projects/a6cc865e39554d2ebcbeda5f487f2aa4 0.100s
2024-12-13 19:44:07.374 66821 INFO tempest.lib.common.rest_client [req-f18ef8cb-66a3-4217-812c-baf918c93d69 req-f18ef8cb-66a3-4217-812c-baf918c93d69 ] Request (ServerDiagnosticsNegativeTest:setUpClass): 201 POST http://10.180.1.21/identity/v3/auth/tokens 0.078s
2024-12-13 19:44:07.408 66821 INFO tempest.lib.common.rest_client [req-571b729c-3315-47b9-87e0-a5badf633394 req-571b729c-3315-47b9-87e0-a5badf633394 ] Request (ServerDiagnosticsNegativeTest:setUpClass): 201 POST http://10.180.1.21/identity/v3/auth/tokens 0.032s
2024-12-13 19:44:07.434 66821 INFO tempest.lib.common.rest_client [req-443eaf17-1f2d-4716-89bd-1ae17dcf031d req-443eaf17-1f2d-4716-89bd-1ae17dcf031d ] Request (ServerDiagnosticsNegativeTest:setUpClass): 200 GET http://10.180.1.21/identity/v3/domains?name=Default 0.025s
2024-12-13 19:44:07.460 66821 INFO tempest.lib.common.rest_client [req-48d02850-9dbd-4785-8133-a279e83ecdbf req-48d02850-9dbd-4785-8133-a279e83ecdbf ] Request (ServerDiagnosticsNegativeTest:setUpClass): 201 POST http://10.180.1.21/identity/v3/projects 0.026s
2024-12-13 19:44:07.513 66821 INFO tempest.lib.common.rest_client [req-d527e968-87d9-4368-abfe-19f5326677fa req-d527e968-87d9-4368-abfe-19f5326677fa ] Request (ServerDiagnosticsNegativeTest:setUpClass): 201 POST http://10.180.1.21/identity/v3/users 0.052s
2024-12-13 19:44:07.540 66821 INFO tempest.lib.common.rest_client [req-3630d34d-eaa1-4bc4-a79d-5f5af755c45b req-3630d34d-eaa1-4bc4-a79d-5f5af755c45b ] Request (ServerDiagnosticsNegativeTest:setUpClass): 200 GET http://10.180.1.21/identity/v3/roles 0.026s
2024-12-13 19:44:07.543 66819 INFO tempest.lib.common.rest_client [req-794f9d06-3fe3-4aae-ac3b-40053b7d4593 req-794f9d06-3fe3-4aae-ac3b-40053b7d4593 ] Request (AttachInterfacesV270Test:test_create_get_list_interfaces): 200 GET http://10.180.1.21/compute/v2.1/servers/f80f71e8-1b2f-476e-9b7e-b1dd3b0d7df8 1.541s
2024-12-13 19:44:07.577 66821 INFO tempest.lib.common.rest_client [req-249f26cc-2f38-496d-ad63-e2da29147a78 req-249f26cc-2f38-496d-ad63-e2da29147a78 ] Request (ServerDiagnosticsNegativeTest:setUpClass): 204 PUT http://10.180.1.21/identity/v3/projects/4dc8d57f11584a4d94c5d9838b5db6b5/users/29a91207175f47fabd6135c6e0bee180/roles/27a92ceda3d1427894a8836a24bdc574 0.037s
2024-12-13 19:44:07.577 66821 INFO tempest.lib.common.dynamic_creds [-] Dynamic test user 29a91207175f47fabd6135c6e0bee180 is created with scope project and roles: ['member']
2024-12-13 19:44:07.578 66821 INFO tempest.lib.common.dynamic_creds [-] Acquired dynamic creds: credentials: Credentials: {'domain_id': 'default', 'domain_name': 'Default', 'username': 'tempest-ServerDiagnosticsNegativeTest-1776344175-project-member', 'project_domain_id': 'default', 'project_domain_name': 'Default', 'project_id': '4dc8d57f11584a4d94c5d9838b5db6b5', 'project_name': 'tempest-ServerDiagnosticsNegativeTest-1776344175', 'tenant_id': '4dc8d57f11584a4d94c5d9838b5db6b5', 'tenant_name': 'tempest-ServerDiagnosticsNegativeTest-1776344175', 'user_domain_id': 'default', 'user_domain_name': 'Default', 'user_id': '29a91207175f47fabd6135c6e0bee180', 'system': None}, Network: None, Subnet: None, Router: None
2024-12-13 19:44:07.578 66821 INFO tempest.lib.common.dynamic_creds [-] Created isolated network resources for: credentials: Credentials: {'domain_id': 'default', 'domain_name': 'Default', 'username': 'tempest-ServerDiagnosticsNegativeTest-1776344175-project-member', 'project_domain_id': 'default', 'project_domain_name': 'Default', 'project_id': '4dc8d57f11584a4d94c5d9838b5db6b5', 'project_name': 'tempest-ServerDiagnosticsNegativeTest-1776344175', 'tenant_id': '4dc8d57f11584a4d94c5d9838b5db6b5', 'tenant_name': 'tempest-ServerDiagnosticsNegativeTest-1776344175', 'user_domain_id': 'default', 'user_domain_name': 'Default', 'user_id': '29a91207175f47fabd6135c6e0bee180', 'system': None}, Network: None, Subnet: None, Router: None
2024-12-13 19:44:07.609 66825 INFO tempest.lib.common.rest_client [req-ea29ee90-f62a-4f83-a505-de0e359b1b93 req-ea29ee90-f62a-4f83-a505-de0e359b1b93 ] Request (SecurityGroupsTestJSON:test_list_security_groups_by_server): 200 GET http://10.180.1.21/compute/v2.1/servers/b8f6a4a6-77e9-4989-bd79-f23e15335517 1.596s
2024-12-13 19:44:07.668 66821 INFO tempest.lib.common.rest_client [req-eeaef0db-ef40-4681-902e-d5a70e5df3f7 req-eeaef0db-ef40-4681-902e-d5a70e5df3f7 ] Request (ServerDiagnosticsNegativeTest:setUpClass): 201 POST http://10.180.1.21/identity/v3/auth/tokens 0.086s
2024-12-13 19:44:07.685 66809 INFO tempest.lib.common.rest_client [req-aa7b1cb4-89ec-43c5-9f78-90be9ae12576 req-aa7b1cb4-89ec-43c5-9f78-90be9ae12576 ] Request (ServersAdmin275Test:test_rebuild_update_server_275): 200 GET http://10.180.1.21/compute/v2.1/servers/90b44fba-636a-414f-b286-7baf5adc2122 1.613s
2024-12-13 19:44:07.739 66821 INFO tempest.lib.common.rest_client [req-2d7b1fb3-e6cd-49c7-8b3d-f90bd28bec2e req-2d7b1fb3-e6cd-49c7-8b3d-f90bd28bec2e ] Request (ServerDiagnosticsNegativeTest:setUpClass): 201 POST http://10.180.1.21/identity/v3/projects 0.070s
2024-12-13 19:44:07.751 66829 INFO tempest.lib.common.rest_client [req-37a3e487-0b81-4a03-8cba-e12fb9020bbd req-37a3e487-0b81-4a03-8cba-e12fb9020bbd ] Request (FloatingIPsAssociationTestJSON:test_associate_already_associated_floating_ip): 200 GET http://10.180.1.21/compute/v2.1/servers/659eb0b0-3b2a-4253-9c65-ef5bc0d33fd1 1.618s
2024-12-13 19:44:07.800 66821 INFO tempest.lib.common.rest_client [req-bf50b225-3464-45ca-879b-8b4efb7ca00d req-bf50b225-3464-45ca-879b-8b4efb7ca00d ] Request (ServerDiagnosticsNegativeTest:setUpClass): 201 POST http://10.180.1.21/identity/v3/users 0.061s
2024-12-13 19:44:07.808 66815 INFO tempest.lib.common.rest_client [req-a6690c07-0208-46fd-adfd-347afb9f2b2f req-a6690c07-0208-46fd-adfd-347afb9f2b2f ] Request (ServersTestManualDisk:setUpClass): 200 GET http://10.180.1.21/compute/v2.1/servers/d0a90055-5c6c-44eb-a9e4-467022eda4db 1.571s
2024-12-13 19:44:07.822 66821 INFO tempest.lib.common.rest_client [req-030d1a98-0b00-45fe-a9f8-60111e852d12 req-030d1a98-0b00-45fe-a9f8-60111e852d12 ] Request (ServerDiagnosticsNegativeTest:setUpClass): 200 GET http://10.180.1.21/identity/v3/roles 0.021s
2024-12-13 19:44:07.847 66821 INFO tempest.lib.common.rest_client [req-d6ee8190-031a-4e2c-a413-38ef9196297b req-d6ee8190-031a-4e2c-a413-38ef9196297b ] Request (ServerDiagnosticsNegativeTest:setUpClass): 204 PUT http://10.180.1.21/identity/v3/projects/cf6a7cb647264acfaf625980186003c6/users/5b5c19575aba400898e9c47694a8342f/roles/40d26c64c0834c4280961c8a5dec444f 0.025s
2024-12-13 19:44:07.898 66821 INFO tempest.lib.common.rest_client [req-c7f18b7c-6bf8-40e3-b57a-04b06d74e84a req-c7f18b7c-6bf8-40e3-b57a-04b06d74e84a ] Request (ServerDiagnosticsNegativeTest:setUpClass): 200 GET http://10.180.1.21/identity/v3/roles 0.050s
2024-12-13 19:44:07.920 66821 INFO tempest.lib.common.rest_client [req-ec04cc8f-da32-4b53-b3ae-eff34034458d req-ec04cc8f-da32-4b53-b3ae-eff34034458d ] Request (ServerDiagnosticsNegativeTest:setUpClass): 204 PUT http://10.180.1.21/identity/v3/projects/cf6a7cb647264acfaf625980186003c6/users/5b5c19575aba400898e9c47694a8342f/roles/40d26c64c0834c4280961c8a5dec444f 0.018s
2024-12-13 19:44:07.920 66821 INFO tempest.lib.common.dynamic_creds [-] Dynamic test user 5b5c19575aba400898e9c47694a8342f is created with scope project and roles: ['admin']
2024-12-13 19:44:07.920 66821 INFO tempest.lib.common.dynamic_creds [-] Acquired dynamic creds: credentials: Credentials: {'domain_id': 'default', 'domain_name': 'Default', 'username': 'tempest-ServerDiagnosticsNegativeTest-1732912150-project-admin', 'project_domain_id': 'default', 'project_domain_name': 'Default', 'project_id': 'cf6a7cb647264acfaf625980186003c6', 'project_name': 'tempest-ServerDiagnosticsNegativeTest-1732912150', 'tenant_id': 'cf6a7cb647264acfaf625980186003c6', 'tenant_name': 'tempest-ServerDiagnosticsNegativeTest-1732912150', 'user_domain_id': 'default', 'user_domain_name': 'Default', 'user_id': '5b5c19575aba400898e9c47694a8342f', 'system': None}, Network: None, Subnet: None, Router: None
2024-12-13 19:44:07.920 66821 INFO tempest.lib.common.dynamic_creds [-] Created isolated network resources for: credentials: Credentials: {'domain_id': 'default', 'domain_name': 'Default', 'username': 'tempest-ServerDiagnosticsNegativeTest-1732912150-project-admin', 'project_domain_id': 'default', 'project_domain_name': 'Default', 'project_id': 'cf6a7cb647264acfaf625980186003c6', 'project_name': 'tempest-ServerDiagnosticsNegativeTest-1732912150', 'tenant_id': 'cf6a7cb647264acfaf625980186003c6', 'tenant_name': 'tempest-ServerDiagnosticsNegativeTest-1732912150', 'user_domain_id': 'default', 'user_domain_name': 'Default', 'user_id': '5b5c19575aba400898e9c47694a8342f', 'system': None}, Network: None, Subnet: None, Router: None
2024-12-13 19:44:07.988 66821 INFO tempest.lib.common.rest_client [req-2437d880-1e8b-42a2-8a1a-7be245efde45 req-2437d880-1e8b-42a2-8a1a-7be245efde45 ] Request (ServerDiagnosticsNegativeTest:setUpClass): 201 POST http://10.180.1.21/identity/v3/auth/tokens 0.064s
2024-12-13 19:44:08.040 66861 INFO tempest.lib.common.rest_client [req-c198a289-62a4-49e8-a5a1-92211ae1ef07 req-c198a289-62a4-49e8-a5a1-92211ae1ef07 ] Request (SecurityGroupRulesTestJSON:test_security_group_rules_delete_when_peer_group_deleted): 200 POST http://10.180.1.21/compute/v2.1/os-security-groups 1.767s
2024-12-13 19:44:08.052 66821 INFO tempest.lib.common.rest_client [req-c0a6bbdf-5e4c-4439-a8e9-de7eedc3f20b req-c0a6bbdf-5e4c-4439-a8e9-de7eedc3f20b ] Request (ServerDiagnosticsNegativeTest:test_get_server_diagnostics_by_non_admin): 201 POST http://10.180.1.21/identity/v3/auth/tokens 0.059s
2024-12-13 19:44:08.052 66821 INFO tempest.lib.common.fixed_network [-] (ServerDiagnosticsNegativeTest:test_get_server_diagnostics_by_non_admin) Found network None available for tenant
2024-12-13 19:44:08.107 66853 INFO tempest.lib.common.rest_client [req-8b7625da-70e5-4c63-aaf4-118ae1a835ec req-8b7625da-70e5-4c63-aaf4-118ae1a835ec ] Request (ServerActionsTestJSON:setUpClass): 200 GET http://10.180.1.21/compute/v2.1/servers/e9878c22-2044-464f-915f-c1c865693437 1.800s
2024-12-13 19:44:08.138 66811 INFO tempest.lib.common.rest_client [req-382b057e-612e-4493-9cde-669892563aa9 req-382b057e-612e-4493-9cde-669892563aa9 ] Request (ImagesOneServerTestJSON:test_create_delete_image): 404 GET http://10.180.1.21/compute/v2.1/images/637b04fb-e603-445d-98db-5a8a3ce65b44 1.822s
2024-12-13 19:44:08.216 66863 INFO tempest.lib.common.rest_client [req-7320e131-545a-4d30-97ec-f99744e3912f req-7320e131-545a-4d30-97ec-f99744e3912f ] Request (DeleteServersAdminTestJSON:test_delete_server_while_in_error_state): 200 GET http://10.180.1.21/compute/v2.1/servers/ac8aec0b-0dd9-4250-8686-343a4d2563c2 1.808s
2024-12-13 19:44:08.223 66863 INFO tempest.common.waiters [-] State transition "BUILD/scheduling" ==> "BUILD/None" after 11 second wait
2024-12-13 19:44:08.235 66807 INFO tempest.lib.common.rest_client [req-1a0596ba-a27d-4bcb-bce9-1ad6145bd3ef req-1a0596ba-a27d-4bcb-bce9-1ad6145bd3ef ] Request (FlavorsAdminTestJSON:test_is_public_string_variations): 200 GET http://10.180.1.21/compute/v2.1/flavors/detail?is_public=yes 1.782s
2024-12-13 19:44:08.251 66805 WARNING tempest.lib.common.ssh [-] Failed to establish authenticated ssh connection to cirros@10.180.180.237 ([Errno None] Unable to connect to port 22 on 10.180.180.237). Number attempts: 2. Retry after 3 seconds.: paramiko.ssh_exception.NoValidConnectionsError: [Errno None] Unable to connect to port 22 on 10.180.180.237
2024-12-13 19:44:08.463 66831 INFO tempest.lib.common.rest_client [req-5612dad4-065f-4291-8ad3-15d0dbf96400 req-5612dad4-065f-4291-8ad3-15d0dbf96400 ] Request (TenantUsagesTestJSON:setUpClass): 200 GET http://10.180.1.21/compute/v2.1/servers/049aed69-5511-4770-9a62-039b2f21d60f 1.837s
2024-12-13 19:44:08.636 66865 INFO tempest.lib.common.rest_client [req-c78fbec0-6475-47b9-9c79-fef1541e39ae req-c78fbec0-6475-47b9-9c79-fef1541e39ae ] Request (ServerRescueTestJSONUnderV235:test_rescued_vm_associate_dissociate_floating_ip): 202 POST http://10.180.1.21/compute/v2.1/servers/a903fd4b-e31e-4fde-b8d6-a11ecf5a602f/action 2.878s
2024-12-13 19:44:08.667 66867 INFO tempest.lib.common.rest_client [req-d5ca051f-4945-4f6d-a05c-1b6268abcd47 req-d5ca051f-4945-4f6d-a05c-1b6268abcd47 ] Request (AggregatesAdminNegativeTestJSON:_run_cleanups): 200 DELETE http://10.180.1.21/compute/v2.1/os-aggregates/7 1.879s
2024-12-13 19:44:08.673 66817 INFO tempest.lib.common.rest_client [req-6e7c0d48-2671-4c09-ae73-e2093a201be0 req-6e7c0d48-2671-4c09-ae73-e2093a201be0 ] Request (QuotasAdminTestV257:test_get_updated_quotas): 200 PUT http://10.180.1.21/compute/v2.1/os-quota-sets/98198ed0484f41bba93bbff2060bebd5 2.010s
2024-12-13 19:44:08.741 66845 INFO tempest.lib.common.rest_client [req-79d81a24-671c-480a-b65c-529f40522b4b req-79d81a24-671c-480a-b65c-529f40522b4b ] Request (ListServerFiltersTestJSON:setUpClass): 200 GET http://10.180.1.21/compute/v2.1/servers/6cebe45a-8d90-4ac3-b75e-99e2a598c43b 1.840s
2024-12-13 19:44:08.810 66859 INFO tempest.lib.common.rest_client [req-5b20d7ad-2fb2-47d1-8d49-e24d4734c40c req-5b20d7ad-2fb2-47d1-8d49-e24d4734c40c ] Request (ServersAdminNegativeTestJSON:test_migrate_server_invalid_state): 200 GET http://10.180.1.21/compute/v2.1/servers/d2fba47f-bc9d-4673-a8c1-1dadebdea56e 1.841s
2024-12-13 19:44:08.877 66827 INFO tempest.lib.common.rest_client [req-2395def8-ffde-4008-b51a-2418635c1e57 req-2395def8-ffde-4008-b51a-2418635c1e57 ] Request (ServersAdminTestJSON:setUpClass): 200 GET http://10.180.1.21/compute/v2.1/servers/296cf9dd-e110-4144-8899-56fb0d257b8b 1.790s
2024-12-13 19:44:08.905 66836 INFO tempest.lib.common.rest_client [req-77456526-3bce-47ef-9395-1c19eaa7ee47 req-77456526-3bce-47ef-9395-1c19eaa7ee47 ] Request (ServersWithSpecificFlavorTestJSON:test_verify_created_server_ephemeral_disk): 200 GET http://10.180.1.21/compute/v2.1/servers/63c7e049-a6db-462e-a0c6-52ec32e23f86 2.087s
2024-12-13 19:44:08.913 66836 INFO tempest.common.waiters [-] State transition "BUILD/spawning" ==> "ACTIVE/None" after 33 second wait
2024-12-13 19:44:08.917 66847 INFO tempest.lib.common.rest_client [req-b2e9abb7-b145-47f9-b6bf-5a1834ab82c7 req-b2e9abb7-b145-47f9-b6bf-5a1834ab82c7 ] Request (ServerGroupTestJSON:test_create_delete_multiple_server_groups_with_same_name_policy): 200 GET http://10.180.1.21/compute/v2.1/os-server-groups 1.741s
2024-12-13 19:44:08.983 66839 INFO tempest.lib.common.rest_client [req-47fb8d78-3d76-4a8b-8991-229800b18777 req-47fb8d78-3d76-4a8b-8991-229800b18777 ] Request (ServerDiagnosticsV248Test:tearDownClass): 200 GET http://10.180.1.21/compute/v2.1/servers/b8222a46-63c9-4282-85bf-9e9b044ed524 1.543s
2024-12-13 19:44:09.023 66849 INFO tempest.lib.common.rest_client [req-3fb5fc32-3fe8-4562-bd5a-21eb9e5f7ac7 req-3fb5fc32-3fe8-4562-bd5a-21eb9e5f7ac7 ] Request (ImagesOneServerNegativeTestJSON:tearDown): 200 GET http://10.180.1.21/compute/v2.1/servers/dc6d1fd4-d844-4ef6-b100-5e491a698ae3 1.877s
2024-12-13 19:44:09.083 66851 WARNING tempest.lib.common.ssh [-] Failed to establish authenticated ssh connection to cirros@10.180.180.191 ([Errno None] Unable to connect to port 22 on 10.180.180.191). Number attempts: 1. Retry after 2 seconds.: paramiko.ssh_exception.NoValidConnectionsError: [Errno None] Unable to connect to port 22 on 10.180.180.191
2024-12-13 19:44:09.085 66857 INFO tempest.lib.common.rest_client [req-d9a13097-3703-40b9-b155-36cf2860d627 req-d9a13097-3703-40b9-b155-36cf2860d627 ] Request (AttachInterfacesUnderV243Test:test_add_remove_fixed_ip): 200 GET http://10.180.1.21/compute/v2.1/servers/ae9a6ff7-cc1f-43dc-9acb-47aaa3d1089e 1.364s
2024-12-13 19:44:09.094 66855 INFO tempest.lib.common.rest_client [req-5c769ee3-9136-4851-81a3-6067d82cea03 req-5c769ee3-9136-4851-81a3-6067d82cea03 ] Request (MigrationsAdminTest:test_list_migrations_in_flavor_resize_situation): 200 GET http://10.180.1.21/compute/v2.1/servers/1e669675-0551-49d8-af15-64fdd0984b3f 1.457s
2024-12-13 19:44:09.129 66813 INFO tempest.lib.common.rest_client [req-13fbd364-11c1-4128-85e4-084de4247917 req-13fbd364-11c1-4128-85e4-084de4247917 ] Request (ServerActionsTestOtherB:setUpClass): 200 GET http://10.180.1.21/compute/v2.1/servers/4cc7d784-be5d-41db-a028-0dade3464032 1.345s
2024-12-13 19:44:09.144 66843 INFO tempest.lib.common.rest_client [req-99e813d5-6ace-4499-94d0-24848cda1603 req-99e813d5-6ace-4499-94d0-24848cda1603 ] Request (ServerShowV254Test:tearDownClass): 200 GET http://10.180.1.21/compute/v2.1/servers/b79bac0e-5cb0-43de-b10f-26262358e61e 1.241s
2024-12-13 19:44:09.184 66841 INFO tempest.lib.common.rest_client [req-c7414240-e156-4f05-a34c-7874d50f262c req-c7414240-e156-4f05-a34c-7874d50f262c ] Request (ServerDiagnosticsTest:tearDownClass): 200 GET http://10.180.1.21/compute/v2.1/servers/6d6540ed-ae82-4304-a6f2-7b7063587647 1.202s
2024-12-13 19:44:09.321 66861 INFO tempest.lib.common.rest_client [req-c5d4f00e-c2a9-4719-96ab-5c5ae9d1d68d req-c5d4f00e-c2a9-4719-96ab-5c5ae9d1d68d ] Request (SecurityGroupRulesTestJSON:test_security_group_rules_delete_when_peer_group_deleted): 200 POST http://10.180.1.21/compute/v2.1/os-security-group-rules 1.277s
2024-12-13 19:44:09.382 66833 INFO tempest.lib.common.rest_client [req-1f51321d-e2b5-40d7-bc6a-5a8ef5719670 req-1f51321d-e2b5-40d7-bc6a-5a8ef5719670 ] Request (ServerExternalEventsTest:tearDownClass): 200 GET http://10.180.1.21/compute/v2.1/servers/12efb14a-4241-42ec-b538-3efa54435951 1.308s
2024-12-13 19:44:09.424 66821 INFO tempest.lib.common.rest_client [req-d5b0c55e-8817-4283-8f61-0c36c4bb7c3a req-d5b0c55e-8817-4283-8f61-0c36c4bb7c3a ] Request (ServerDiagnosticsNegativeTest:test_get_server_diagnostics_by_non_admin): 202 POST http://10.180.1.21/compute/v2.1/servers 1.371s
2024-12-13 19:44:09.471 66837 INFO tempest.lib.common.rest_client [req-78a35b05-aeda-4ed2-9989-bf9de7711e26 req-78a35b05-aeda-4ed2-9989-bf9de7711e26 ] Request (ServerActionsTestOtherA:setUpClass): 200 GET http://10.180.1.21/compute/v2.1/servers/b4522995-fb9c-471f-bd36-af8b721aa5ff 1.322s
2024-12-13 19:44:09.487 66807 INFO tempest.lib.common.rest_client [req-8021c772-ee07-47ed-ab89-0b1f8c5b79e8 req-8021c772-ee07-47ed-ab89-0b1f8c5b79e8 ] Request (FlavorsAdminTestJSON:test_is_public_string_variations): 200 GET http://10.180.1.21/compute/v2.1/flavors/detail?is_public=1 1.244s
2024-12-13 19:44:09.617 66819 INFO tempest.lib.common.rest_client [req-162a7cea-f1bb-491a-b23d-16b07e190341 req-162a7cea-f1bb-491a-b23d-16b07e190341 ] Request (AttachInterfacesV270Test:test_create_get_list_interfaces): 200 GET http://10.180.1.21/compute/v2.1/servers/f80f71e8-1b2f-476e-9b7e-b1dd3b0d7df8 1.064s
2024-12-13 19:44:09.627 66819 INFO tempest.common.waiters [-] State transition "BUILD/spawning" ==> "ACTIVE/None" after 32 second wait
2024-12-13 19:44:09.678 66825 INFO tempest.lib.common.rest_client [req-c4fe9c44-37bc-412f-9d2d-e119543c90fc req-c4fe9c44-37bc-412f-9d2d-e119543c90fc ] Request (SecurityGroupsTestJSON:test_list_security_groups_by_server): 200 GET http://10.180.1.21/compute/v2.1/servers/b8f6a4a6-77e9-4989-bd79-f23e15335517 1.056s
2024-12-13 19:44:09.840 66811 INFO tempest.lib.common.rest_client [req-e175b960-16b9-4bac-84cc-7c209b9f346b req-e175b960-16b9-4bac-84cc-7c209b9f346b ] Request (ImagesOneServerTestJSON:test_create_image_specify_multibyte_character_image_name): 202 POST http://10.180.1.21/compute/v2.1/servers/b19648bf-b106-4c17-8b48-8c579fb23b31/action 1.697s
2024-12-13 19:44:09.866 66867 INFO tempest.lib.common.rest_client [req-91ba04d6-94a2-4854-a981-0fd7f1716100 req-91ba04d6-94a2-4854-a981-0fd7f1716100 ] Request (AggregatesAdminNegativeTestJSON:test_aggregate_remove_nonexistent_host): 200 POST http://10.180.1.21/compute/v2.1/os-aggregates 1.197s
2024-12-13 19:44:09.936 66817 INFO tempest.lib.common.rest_client [req-28dc072c-64d4-40ed-8ada-41add92702c8 req-28dc072c-64d4-40ed-8ada-41add92702c8 ] Request (QuotasAdminTestV257:test_get_updated_quotas): 200 GET http://10.180.1.21/compute/v2.1/os-quota-sets/98198ed0484f41bba93bbff2060bebd5/detail 1.261s
2024-12-13 19:44:09.977 66817 INFO tempest.lib.common.rest_client [req-fadb2198-e914-45d3-97cc-8f2d04c4c463 req-fadb2198-e914-45d3-97cc-8f2d04c4c463 ] Request (QuotasAdminTestV257:test_get_updated_quotas): 200 GET http://10.180.1.21/identity/v3/domains?name=Default 0.038s
2024-12-13 19:44:10.004 66817 INFO tempest.lib.common.rest_client [req-c5f9ec78-fb0d-487f-b27d-92eb4cb8451e req-c5f9ec78-fb0d-487f-b27d-92eb4cb8451e ] Request (QuotasAdminTestV257:test_get_updated_quotas): 201 POST http://10.180.1.21/identity/v3/users 0.026s
2024-12-13 19:44:10.011 66809 INFO tempest.lib.common.rest_client [req-364484b8-0346-4083-932e-8742db8a10df req-364484b8-0346-4083-932e-8742db8a10df ] Request (ServersAdmin275Test:test_rebuild_update_server_275): 200 GET http://10.180.1.21/compute/v2.1/servers/90b44fba-636a-414f-b286-7baf5adc2122 1.312s
2024-12-13 19:44:10.037 66817 INFO tempest.lib.common.rest_client [req-9ff86b97-9b97-4555-8c92-f96e25e17b1c req-9ff86b97-9b97-4555-8c92-f96e25e17b1c ] Request (QuotasAdminTestV257:test_get_updated_quotas): 200 GET http://10.180.1.21/identity/v3/domains?name=Default 0.032s
2024-12-13 19:44:10.068 66829 INFO tempest.lib.common.rest_client [req-b52184bf-4706-4432-87b6-d5c677895a2f req-b52184bf-4706-4432-87b6-d5c677895a2f ] Request (FloatingIPsAssociationTestJSON:test_associate_already_associated_floating_ip): 200 GET http://10.180.1.21/compute/v2.1/servers/659eb0b0-3b2a-4253-9c65-ef5bc0d33fd1 1.310s
2024-12-13 19:44:10.129 66815 INFO tempest.lib.common.rest_client [req-9bee2be2-ec0b-4a9d-8d9c-50197ab087d4 req-9bee2be2-ec0b-4a9d-8d9c-50197ab087d4 ] Request (ServersTestManualDisk:setUpClass): 200 GET http://10.180.1.21/compute/v2.1/servers/d0a90055-5c6c-44eb-a9e4-467022eda4db 1.312s
2024-12-13 19:44:10.267 66836 INFO tempest.lib.common.rest_client [req-399e295d-ab92-4a52-b896-e04e7318aaaa req-399e295d-ab92-4a52-b896-e04e7318aaaa ] Request (ServersWithSpecificFlavorTestJSON:test_verify_created_server_ephemeral_disk): 200 GET http://10.180.1.21/compute/v2.1/servers/63c7e049-a6db-462e-a0c6-52ec32e23f86/os-interface 1.353s
2024-12-13 19:44:10.339 66847 INFO tempest.lib.common.rest_client [req-dd56a0a9-21cf-4e88-991b-cc8987ddf913 req-dd56a0a9-21cf-4e88-991b-cc8987ddf913 ] Request (ServerGroupTestJSON:test_create_delete_server_group_with_affinity_policy): 200 POST http://10.180.1.21/compute/v2.1/os-server-groups 1.420s
2024-12-13 19:44:10.744 66849 INFO tempest.lib.common.rest_client [req-46c02140-e40f-4524-9d37-c8cdaa5a0200 req-46c02140-e40f-4524-9d37-c8cdaa5a0200 ] Request (ImagesOneServerNegativeTestJSON:setUp): 200 GET http://10.180.1.21/compute/v2.1/servers/dc6d1fd4-d844-4ef6-b100-5e491a698ae3 1.713s
2024-12-13 19:44:10.781 66836 INFO tempest.lib.common.rest_client [req-1886b2f5-89be-4954-bd0a-ca0bbbcadff0 req-1886b2f5-89be-4954-bd0a-ca0bbbcadff0 ] Request (ServersWithSpecificFlavorTestJSON:test_verify_created_server_ephemeral_disk): 200 PUT http://10.180.1.21:9696/networking/v2.0/floatingips/6bf4c798-f3fe-4573-a96d-8d55036f3793 0.512s
2024-12-13 19:44:10.831 66853 INFO tempest.lib.common.rest_client [req-9d104659-3699-451f-8a70-d947b78e8ef5 req-9d104659-3699-451f-8a70-d947b78e8ef5 ] Request (ServerActionsTestJSON:setUpClass): 200 GET http://10.180.1.21/compute/v2.1/servers/e9878c22-2044-464f-915f-c1c865693437 1.716s
2024-12-13 19:44:10.896 66863 INFO tempest.lib.common.rest_client [req-22006904-ce91-40fc-a88d-3bed24262adb req-22006904-ce91-40fc-a88d-3bed24262adb ] Request (DeleteServersAdminTestJSON:test_delete_server_while_in_error_state): 200 GET http://10.180.1.21/compute/v2.1/servers/ac8aec0b-0dd9-4250-8686-343a4d2563c2 1.671s
2024-12-13 19:44:11.117 66865 INFO tempest.lib.common.rest_client [req-70212abb-c825-421d-a658-f2beee066b9b req-70212abb-c825-421d-a658-f2beee066b9b ] Request (ServerRescueTestJSONUnderV235:test_rescued_vm_associate_dissociate_floating_ip): 202 POST http://10.180.1.21/compute/v2.1/servers/a903fd4b-e31e-4fde-b8d6-a11ecf5a602f/action 2.480s
2024-12-13 19:44:11.119 66861 INFO tempest.lib.common.rest_client [req-a3b33923-1524-4e93-862f-dbda7042c05a req-a3b33923-1524-4e93-862f-dbda7042c05a ] Request (SecurityGroupRulesTestJSON:test_security_group_rules_delete_when_peer_group_deleted): 202 DELETE http://10.180.1.21/compute/v2.1/os-security-groups/7c1ae4ae-3dc1-4678-8b1b-273089416637 1.795s
2024-12-13 19:44:11.188 66821 INFO tempest.lib.common.rest_client [req-70b01b83-991c-4516-82da-425c61375138 req-70b01b83-991c-4516-82da-425c61375138 ] Request (ServerDiagnosticsNegativeTest:test_get_server_diagnostics_by_non_admin): 200 GET http://10.180.1.21/compute/v2.1/servers/e3bb34fa-0a4b-4ef0-885a-2c59a191ca72 1.762s
2024-12-13 19:44:11.206 66807 INFO tempest.lib.common.rest_client [req-7da485c7-f253-4c91-bb8b-7cdfd28711b9 req-7da485c7-f253-4c91-bb8b-7cdfd28711b9 ] Request (FlavorsAdminTestJSON:_run_cleanups): 202 DELETE http://10.180.1.21/compute/v2.1/flavors/1972549637 1.715s
2024-12-13 19:44:11.278 66831 INFO tempest.lib.common.rest_client [req-ca0d3f59-f6b1-4e24-ae6b-4486e3199b69 req-ca0d3f59-f6b1-4e24-ae6b-4486e3199b69 ] Request (TenantUsagesTestJSON:setUpClass): 200 GET http://10.180.1.21/compute/v2.1/servers/049aed69-5511-4770-9a62-039b2f21d60f 1.803s
2024-12-13 19:44:11.327 66845 INFO tempest.lib.common.rest_client [req-5eb8b658-94b1-4476-9617-d5c1d345887b req-5eb8b658-94b1-4476-9617-d5c1d345887b ] Request (ListServerFiltersTestJSON:setUpClass): 200 GET http://10.180.1.21/compute/v2.1/servers/6cebe45a-8d90-4ac3-b75e-99e2a598c43b 1.578s
2024-12-13 19:44:11.385 66859 INFO tempest.lib.common.rest_client [req-6fdbe86f-888b-4ce0-8162-4636adaedee4 req-6fdbe86f-888b-4ce0-8162-4636adaedee4 ] Request (ServersAdminNegativeTestJSON:test_migrate_server_invalid_state): 200 GET http://10.180.1.21/compute/v2.1/servers/d2fba47f-bc9d-4673-a8c1-1dadebdea56e 1.564s
2024-12-13 19:44:11.418 66811 INFO tempest.lib.common.rest_client [req-6814c8f6-8ad7-4891-a0dc-09ed97544c6a req-6814c8f6-8ad7-4891-a0dc-09ed97544c6a ] Request (ImagesOneServerTestJSON:test_create_image_specify_multibyte_character_image_name): 200 GET http://10.180.1.21/compute/v2.1/images/112b08a7-490c-4592-8be1-d9a6800780eb 1.576s
2024-12-13 19:44:11.440 66867 INFO tempest.lib.common.rest_client [req-ff2b6aee-1b03-4694-a954-f6c593c7e9a1 req-ff2b6aee-1b03-4694-a954-f6c593c7e9a1 ] Request (AggregatesAdminNegativeTestJSON:test_aggregate_remove_nonexistent_host): 404 POST http://10.180.1.21/compute/v2.1/os-aggregates/8/action 1.571s
2024-12-13 19:44:11.498 66827 INFO tempest.lib.common.rest_client [req-13cfef1f-8f5a-4045-9e4d-2f699565c04b req-13cfef1f-8f5a-4045-9e4d-2f699565c04b ] Request (ServersAdminTestJSON:setUpClass): 200 GET http://10.180.1.21/compute/v2.1/servers/296cf9dd-e110-4144-8899-56fb0d257b8b 1.612s
2024-12-13 19:44:11.517 66839 INFO tempest.lib.common.rest_client [req-dcf73f70-848f-4b83-b3d0-6e20d9f0e1b9 req-dcf73f70-848f-4b83-b3d0-6e20d9f0e1b9 ] Request (ServerDiagnosticsV248Test:tearDownClass): 404 GET http://10.180.1.21/compute/v2.1/servers/b8222a46-63c9-4282-85bf-9e9b044ed524 1.526s
2024-12-13 19:44:11.600 66817 INFO tempest.lib.common.rest_client [req-e1462ff2-f7e4-4a35-a586-e8e05ea675ee req-e1462ff2-f7e4-4a35-a586-e8e05ea675ee ] Request (QuotasAdminTestV257:test_get_updated_quotas): 200 PUT http://10.180.1.21/compute/v2.1/os-quota-sets/98198ed0484f41bba93bbff2060bebd5?user_id=2dca8d6376d14e63a596c4c4ad14c837 1.563s
2024-12-13 19:44:11.619 66839 INFO tempest.lib.common.rest_client [req-4b48ef76-adab-4bac-8809-4172a985a1da req-4b48ef76-adab-4bac-8809-4172a985a1da ] Request (ServerDiagnosticsV248Test:tearDownClass): 204 DELETE http://10.180.1.21/identity/v3/users/ca1eea9f4aa640ab8ed50d2848d6d6f1 0.101s
