2024-12-13 19:43:56.255 66853 INFO tempest.lib.common.fixed_network [-] (ServerActionsTestJSON:setUpClass) Found network {'id': '3af14f16-9d32-4c8d-8557-ce8f3b8b4086', 'name': 'tempest-ServerActionsTestJSON-1431517823-network', 'tenant_id': '31d5eeff630d40d2928149f27883ae60', 'admin_state_up': True, 'mtu': 8950, 'status': 'ACTIVE', 'subnets': [], 'shared': False, 'project_id': '31d5eeff630d40d2928149f27883ae60', 'port_security_enabled': True, 'router:external': False, 'provider:network_type': 'vlan', 'provider:physical_network': 'default', 'provider:segmentation_id': 709, 'availability_zone_hints': [], 'availability_zones': [], 'ipv4_address_scope': None, 'ipv6_address_scope': None, 'description': '', 'tags': [], 'created_at': '2024-12-13T19:43:42Z', 'updated_at': '2024-12-13T19:43:42Z', 'revision_number': 1} available for tenant
2024-12-13 19:43:56.499 66827 INFO tempest.lib.common.rest_client [req-c41600a1-b9ea-4c15-bbd4-47d7d571e886 req-c41600a1-b9ea-4c15-bbd4-47d7d571e886 ] Request (ServersAdminTestJSON:setUpClass): 202 POST http://10.180.1.21/compute/v2.1/servers 2.509s
2024-12-13 19:43:56.549 66827 INFO tempest.lib.common.rest_client [req-22ab6101-a22a-49cc-b805-26666ad6254b req-22ab6101-a22a-49cc-b805-26666ad6254b ] Request (ServersAdminTestJSON:setUpClass): 201 POST http://10.180.1.21/identity/v3/auth/tokens 0.045s
2024-12-13 19:43:56.551 66827 INFO tempest.lib.common.fixed_network [-] (ServersAdminTestJSON:setUpClass) Found network {'id': '60497129-87fa-43c1-982d-6efe1efdf8af', 'name': 'tempest-ServersAdminTestJSON-386554519-network', 'tenant_id': '56c182ddec574253b665707e8eba14e3', 'admin_state_up': True, 'mtu': 8950, 'status': 'ACTIVE', 'subnets': [], 'shared': False, 'project_id': '56c182ddec574253b665707e8eba14e3', 'port_security_enabled': True, 'router:external': False, 'provider:network_type': 'vlan', 'provider:physical_network': 'default', 'provider:segmentation_id': 992, 'availability_zone_hints': [], 'availability_zones': [], 'ipv4_address_scope': None, 'ipv6_address_scope': None, 'description': '', 'tags': [], 'created_at': '2024-12-13T19:43:40Z', 'updated_at': '2024-12-13T19:43:40Z', 'revision_number': 1} available for tenant
2024-12-13 19:43:56.584 66813 INFO tempest.lib.common.rest_client [req-ebda193a-db24-49ab-94a7-847e102dcdb8 req-ebda193a-db24-49ab-94a7-847e102dcdb8 ] Request (ServerActionsTestOtherB:setUpClass): 202 POST http://10.180.1.21/compute/v2.1/servers 2.568s
2024-12-13 19:43:56.588 66833 INFO tempest.lib.common.rest_client [req-d0cbd788-0930-4d9f-9b21-e8f0d0b59146 req-d0cbd788-0930-4d9f-9b21-e8f0d0b59146 ] Request (ServerExternalEventsTest:tearDownClass): 200 GET http://10.180.1.21/compute/v2.1/servers/12efb14a-4241-42ec-b538-3efa54435951 2.566s
2024-12-13 19:43:56.594 66833 INFO tempest.common.waiters [-] State transition "ACTIVE/deleting" ==> "DELETED/None" after 3 second wait
2024-12-13 19:43:56.606 66867 INFO tempest.lib.common.rest_client [req-67a2eec3-1869-4882-a910-cbd902e2acda req-67a2eec3-1869-4882-a910-cbd902e2acda ] Request (AggregatesAdminNegativeTestJSON:_run_cleanups): 200 DELETE http://10.180.1.21/compute/v2.1/os-aggregates/6 2.371s
2024-12-13 19:43:56.618 66807 INFO tempest.lib.common.rest_client [req-b827104a-d687-4416-bcdc-2e6cb440666f req-b827104a-d687-4416-bcdc-2e6cb440666f ] Request (FlavorsAdminTestJSON:test_is_public_string_variations): 200 POST http://10.180.1.21/compute/v2.1/flavors 2.356s
2024-12-13 19:43:56.694 66819 INFO tempest.lib.common.rest_client [req-5e1822dc-eab4-4496-ae75-37a05835493e req-5e1822dc-eab4-4496-ae75-37a05835493e ] Request (AttachInterfacesV270Test:test_create_get_list_interfaces): 200 GET http://10.180.1.21/compute/v2.1/servers/f80f71e8-1b2f-476e-9b7e-b1dd3b0d7df8 2.060s
2024-12-13 19:43:56.773 66851 INFO tempest.lib.common.rest_client [req-681fea08-6006-4ed2-8760-cc2c8efb7160 req-681fea08-6006-4ed2-8760-cc2c8efb7160 ] Request (VolumesAssistedSnapshotsTest:test_volume_assisted_snapshot_create_delete): 200 GET http://10.180.1.21/compute/v2.1/servers/f82bad60-9320-4a4e-af74-21557692aa80 2.223s
2024-12-13 19:43:56.776 66843 INFO tempest.lib.common.rest_client [req-a94bd629-12e7-4b62-8cb8-c1ee18095fd9 req-a94bd629-12e7-4b62-8cb8-c1ee18095fd9 ] Request (ServerShowV254Test:test_rebuild_server): 200 GET http://10.180.1.21/compute/v2.1/servers/b79bac0e-5cb0-43de-b10f-26262358e61e 2.101s
2024-12-13 19:43:56.790 66843 INFO tempest.common.waiters [-] State transition "REBUILD/rebuild_spawning" ==> "ACTIVE/None" after 7 second wait
2024-12-13 19:43:56.894 66823 INFO tempest.lib.common.rest_client [req-8bfe0e30-0083-4d2d-bf86-7235fb1345e9 req-8bfe0e30-0083-4d2d-bf86-7235fb1345e9 ] Request (ServerGroup264TestJSON:test_create_get_server_group): 200 POST http://10.180.1.21/compute/v2.1/os-server-groups 2.163s
2024-12-13 19:43:56.924 66861 INFO tempest.lib.common.rest_client [req-098ca985-880b-4285-a0ba-480a84c62317 req-098ca985-880b-4285-a0ba-480a84c62317 ] Request (SecurityGroupRulesTestJSON:test_security_group_rules_create_with_optional_cidr): 200 POST http://10.180.1.21/compute/v2.1/os-security-groups 2.167s
2024-12-13 19:43:56.958 66837 INFO tempest.lib.common.rest_client [req-6f6f1ef9-c453-4b76-afda-455e30716a7f req-6f6f1ef9-c453-4b76-afda-455e30716a7f ] Request (ServerActionsTestOtherA:setUpClass): 200 GET http://10.180.1.21/compute/v2.1/servers/b4522995-fb9c-471f-bd36-af8b721aa5ff 2.177s
2024-12-13 19:43:57.023 66825 INFO tempest.lib.common.rest_client [req-9d6841a2-6488-466f-99fd-0bff2ec5bfaf req-9d6841a2-6488-466f-99fd-0bff2ec5bfaf ] Request (SecurityGroupsTestJSON:test_list_security_groups_by_server): 200 GET http://10.180.1.21/compute/v2.1/servers/b8f6a4a6-77e9-4989-bd79-f23e15335517 1.985s
2024-12-13 19:43:57.101 66809 INFO tempest.lib.common.rest_client [req-62799ead-3c7c-48c4-9093-80858088d72e req-62799ead-3c7c-48c4-9093-80858088d72e ] Request (ServersAdmin275Test:test_rebuild_update_server_275): 200 GET http://10.180.1.21/compute/v2.1/servers/90b44fba-636a-414f-b286-7baf5adc2122 2.005s
2024-12-13 19:43:57.105 66865 INFO tempest.lib.common.rest_client [req-5a55d141-8e66-448b-a5d4-98ffafaa63bb req-5a55d141-8e66-448b-a5d4-98ffafaa63bb ] Request (ServerRescueTestJSONUnderV235:setUpClass): 200 GET http://10.180.1.21/compute/v2.1/servers/a903fd4b-e31e-4fde-b8d6-a11ecf5a602f 2.092s
2024-12-13 19:43:57.119 66865 INFO tempest.common.waiters [-] State transition "ACTIVE/rescuing" ==> "RESCUE/None" after 7 second wait
2024-12-13 19:43:57.280 66817 INFO tempest.lib.common.rest_client [req-adc1c2a9-d26f-42d4-ae44-20e9080a021d req-adc1c2a9-d26f-42d4-ae44-20e9080a021d ] Request (QuotasAdminTestJSON:test_update_all_quota_resources_for_tenant): 200 PUT http://10.180.1.21/compute/v2.1/os-quota-sets/b5934fd99855439fb8852fb5fb264c29 1.854s
2024-12-13 19:43:57.285 66836 INFO tempest.lib.common.rest_client [req-4affc2ba-3241-49f9-89df-f88cdad79af8 req-4affc2ba-3241-49f9-89df-f88cdad79af8 ] Request (ServersWithSpecificFlavorTestJSON:test_verify_created_server_ephemeral_disk): 200 GET http://10.180.1.21/compute/v2.1/servers/63c7e049-a6db-462e-a0c6-52ec32e23f86 2.179s
2024-12-13 19:43:57.292 66836 INFO tempest.common.waiters [-] State transition "BUILD/None" ==> "BUILD/spawning" after 22 second wait
2024-12-13 19:43:57.390 66841 INFO tempest.lib.common.rest_client [req-c610b6ed-455f-4025-86b8-4e4d5cdb0b9e req-c610b6ed-455f-4025-86b8-4e4d5cdb0b9e ] Request (ServerDiagnosticsTest:tearDownClass): 204 DELETE http://10.180.1.21/compute/v2.1/servers/6d6540ed-ae82-4304-a6f2-7b7063587647 1.948s
2024-12-13 19:43:57.393 66847 INFO tempest.lib.common.rest_client [req-69af5333-39ba-4a9c-babc-18fd62bd0c8c req-69af5333-39ba-4a9c-babc-18fd62bd0c8c ] Request (ServerGroupTestJSON:setUpClass): 200 PUT http://10.180.1.21:9696/networking/v2.0/routers/714ff555-04f8-4993-9d58-e9f850e122b6/add_router_interface 1.238s
2024-12-13 19:43:57.393 66847 INFO tempest.lib.common.dynamic_creds [-] Created isolated network resources for: credentials: Credentials: {'domain_id': 'default', 'domain_name': 'Default', 'username': 'tempest-ServerGroupTestJSON-126933416-project-member', 'project_domain_id': 'default', 'project_domain_name': 'Default', 'project_id': '62ee9f3c72a24c338eede7d7e0c429d6', 'project_name': 'tempest-ServerGroupTestJSON-126933416', 'tenant_id': '62ee9f3c72a24c338eede7d7e0c429d6', 'tenant_name': 'tempest-ServerGroupTestJSON-126933416', 'user_domain_id': 'default', 'user_domain_name': 'Default', 'user_id': '74d7599b8b524e72ab631c596bb38762', 'system': None}, Network: {'id': '4fb9c27e-0ee0-4a75-9edd-b9bccefae301', 'name': 'tempest-ServerGroupTestJSON-1114345972-network', 'tenant_id': '62ee9f3c72a24c338eede7d7e0c429d6', 'admin_state_up': True, 'mtu': 8950, 'status': 'ACTIVE', 'subnets': [], 'shared': False, 'project_id': '62ee9f3c72a24c338eede7d7e0c429d6', 'port_security_enabled': True, 'router:external': False, 'provider:network_type': 'vlan', 'provider:physical_network': 'default', 'provider:segmentation_id': 51, 'availability_zone_hints': [], 'availability_zones': [], 'ipv4_address_scope': None, 'ipv6_address_scope': None, 'description': '', 'tags': [], 'created_at': '2024-12-13T19:43:54Z', 'updated_at': '2024-12-13T19:43:54Z', 'revision_number': 1}, Subnet: {'id': '42041116-7605-4cce-8d05-347f3c7e57b4', 'name': 'tempest-ServerGroupTestJSON-1114345972-subnet', 'tenant_id': '62ee9f3c72a24c338eede7d7e0c429d6', 'network_id': '4fb9c27e-0ee0-4a75-9edd-b9bccefae301', 'ip_version': 4, 'subnetpool_id': None, 'enable_dhcp': True, 'ipv6_ra_mode': None, 'ipv6_address_mode': None, 'gateway_ip': '192.168.128.1', 'cidr': '192.168.128.0/28', 'allocation_pools': [{'start': '192.168.128.2', 'end': '192.168.128.14'}], 'host_routes': [], 'dns_nameservers': [], 'description': '', 'router:external': False, 'service_types': [], 'tags': [], 'created_at': '2024-12-13T19:43:54Z', 'updated_at': '2024-12-13T19:43:54Z', 'revision_number': 0, 'project_id': '62ee9f3c72a24c338eede7d7e0c429d6'}, Router: {'id': '714ff555-04f8-4993-9d58-e9f850e122b6', 'name': 'tempest-ServerGroupTestJSON-1114345972-router', 'tenant_id': '62ee9f3c72a24c338eede7d7e0c429d6', 'admin_state_up': True, 'status': 'ACTIVE', 'external_gateway_info': {'network_id': '7065826f-0810-4ceb-894d-3e577f31c4ba', 'external_fixed_ips': [{'subnet_id': '7878f423-03b1-4d23-be74-00c0dedc730d', 'ip_address': '10.180.180.156'}], 'enable_snat': True}, 'description': '', 'availability_zones': [], 'distributed': False, 'ha': False, 'availability_zone_hints': [], 'routes': [], 'flavor_id': None, 'tags': [], 'created_at': '2024-12-13T19:43:54Z', 'updated_at': '2024-12-13T19:43:55Z', 'revision_number': 2, 'project_id': '62ee9f3c72a24c338eede7d7e0c429d6'}
2024-12-13 19:43:57.502 66805 INFO tempest.lib.common.rest_client [req-23f4cad7-4287-4522-b4c0-a22f8101f31d req-23f4cad7-4287-4522-b4c0-a22f8101f31d ] Request (AttachInterfacesTestJSON:test_create_list_show_delete_interfaces_by_fixed_ip): 200 GET http://10.180.1.21/compute/v2.1/servers/2a0c3300-ba7f-4604-b629-42bda5d48664 1.998s
2024-12-13 19:43:57.511 66805 INFO tempest.common.waiters [-] State transition "BUILD/spawning" ==> "ACTIVE/None" after 35 second wait
2024-12-13 19:43:57.535 66847 INFO tempest.lib.common.rest_client [req-00493e09-14b1-42dc-b316-daae1317ae0c req-00493e09-14b1-42dc-b316-daae1317ae0c ] Request (ServerGroupTestJSON:setUpClass): 201 POST http://10.180.1.21/identity/v3/auth/tokens 0.137s
2024-12-13 19:43:57.542 66811 INFO tempest.lib.common.rest_client [req-bf8645da-fa5f-4714-bdc2-f2651cb680fd req-bf8645da-fa5f-4714-bdc2-f2651cb680fd ] Request (ImagesOneServerTestJSON:test_create_delete_image): 200 GET http://10.180.1.21/compute/v2.1/images/637b04fb-e603-445d-98db-5a8a3ce65b44 1.745s
2024-12-13 19:43:57.584 66849 INFO tempest.lib.common.rest_client [req-c5f23f97-4846-4ac4-a28e-16fca0bfafcc req-c5f23f97-4846-4ac4-a28e-16fca0bfafcc ] Request (ImagesOneServerNegativeTestJSON:tearDown): 200 GET http://10.180.1.21/compute/v2.1/servers/dc6d1fd4-d844-4ef6-b100-5e491a698ae3 2.040s
2024-12-13 19:43:57.653 66863 INFO tempest.lib.common.rest_client [req-dc84ed79-80d1-48e2-8876-c38154c692eb req-dc84ed79-80d1-48e2-8876-c38154c692eb ] Request (DeleteServersAdminTestJSON:test_delete_server_while_in_error_state): 200 GET http://10.180.1.21/compute/v2.1/servers/ac8aec0b-0dd9-4250-8686-343a4d2563c2 1.739s
2024-12-13 19:43:57.720 66831 INFO tempest.lib.common.rest_client [req-d46493a0-77d0-4968-8d92-54a4b569e662 req-d46493a0-77d0-4968-8d92-54a4b569e662 ] Request (TenantUsagesTestJSON:setUpClass): 200 GET http://10.180.1.21/compute/v2.1/servers/049aed69-5511-4770-9a62-039b2f21d60f 1.804s
2024-12-13 19:43:57.739 66859 INFO tempest.lib.common.rest_client [req-79469b3a-d0cf-441b-a65f-9cb3c55acaea req-79469b3a-d0cf-441b-a65f-9cb3c55acaea ] Request (ServersAdminNegativeTestJSON:setUpClass): 200 GET http://10.180.1.21/compute/v2.1/servers/692b1ace-0ecb-4fc5-a348-ffe21f0d1ad7 1.925s
2024-12-13 19:43:57.835 66845 INFO tempest.lib.common.rest_client [req-6cda7d57-a210-4966-815b-803df1486912 req-6cda7d57-a210-4966-815b-803df1486912 ] Request (ListServerFiltersTestJSON:setUpClass): 200 GET http://10.180.1.21/compute/v2.1/servers/6cebe45a-8d90-4ac3-b75e-99e2a598c43b 1.715s
2024-12-13 19:43:58.400 66815 INFO tempest.lib.common.rest_client [req-0a7d4177-5735-4451-b194-8dc4b9903035 req-0a7d4177-5735-4451-b194-8dc4b9903035 ] Request (ServersTestManualDisk:setUpClass): 202 POST http://10.180.1.21/compute/v2.1/servers 2.403s
2024-12-13 19:43:58.501 66853 INFO tempest.lib.common.rest_client [req-62dacf8e-a149-42ae-97ce-ffb00e25808b req-62dacf8e-a149-42ae-97ce-ffb00e25808b ] Request (ServerActionsTestJSON:setUpClass): 202 POST http://10.180.1.21/compute/v2.1/servers 2.245s
2024-12-13 19:43:58.582 66855 INFO tempest.lib.common.rest_client [req-9fa7cdf7-bb9b-441d-ba70-3d15334f42bc req-9fa7cdf7-bb9b-441d-ba70-3d15334f42bc ] Request (MigrationsAdminTest:test_list_migrations_in_flavor_resize_situation): 200 GET http://10.180.1.21/compute/v2.1/servers/1e669675-0551-49d8-af15-64fdd0984b3f 2.250s
2024-12-13 19:43:58.609 66839 INFO tempest.lib.common.rest_client [req-1477aa44-bd2b-4673-ba3b-b54f8a4607dd req-1477aa44-bd2b-4673-ba3b-b54f8a4607dd ] Request (ServerDiagnosticsV248Test:tearDownClass): 200 GET http://10.180.1.21/compute/v2.1/servers/b8222a46-63c9-4282-85bf-9e9b044ed524 2.075s
2024-12-13 19:43:58.711 66857 INFO tempest.lib.common.rest_client [req-7e853fa2-09ab-424f-9608-cdef2e9e2e96 req-7e853fa2-09ab-424f-9608-cdef2e9e2e96 ] Request (AttachInterfacesUnderV243Test:test_add_remove_fixed_ip): 200 GET http://10.180.1.21/compute/v2.1/servers/ae9a6ff7-cc1f-43dc-9acb-47aaa3d1089e 2.158s
2024-12-13 19:43:58.781 66813 INFO tempest.lib.common.rest_client [req-548f92d8-31ca-4165-bcbb-a21f89999a82 req-548f92d8-31ca-4165-bcbb-a21f89999a82 ] Request (ServerActionsTestOtherB:setUpClass): 200 GET http://10.180.1.21/compute/v2.1/servers/4cc7d784-be5d-41db-a028-0dade3464032 2.194s
2024-12-13 19:43:58.793 66867 INFO tempest.lib.common.rest_client [req-f5aa84c8-626e-48ef-92c7-7153d30a86ac req-f5aa84c8-626e-48ef-92c7-7153d30a86ac ] Request (AggregatesAdminNegativeTestJSON:test_aggregate_get_details_with_invalid_id): 404 GET http://10.180.1.21/compute/v2.1/os-aggregates/-1 2.185s
2024-12-13 19:43:58.810 66807 INFO tempest.lib.common.rest_client [req-b966d161-7ce5-401d-94d3-1bf8cce86e91 req-b966d161-7ce5-401d-94d3-1bf8cce86e91 ] Request (FlavorsAdminTestJSON:test_is_public_string_variations): 200 GET http://10.180.1.21/compute/v2.1/flavors/detail?is_public=f 2.189s
2024-12-13 19:43:58.828 66843 INFO tempest.lib.common.rest_client [req-5079525c-2e24-4eb6-85db-7fec30eea64e req-5079525c-2e24-4eb6-85db-7fec30eea64e ] Request (ServerShowV254Test:_run_cleanups): 204 DELETE http://10.180.1.21/compute/v2.1/os-keypairs/tempest-ServerShowV254Test-keypair-1887697651 2.038s
2024-12-13 19:43:58.986 66829 INFO tempest.lib.common.rest_client [req-b63fdcce-afac-4616-856b-1aaf365911d2 req-b63fdcce-afac-4616-856b-1aaf365911d2 ] Request (FloatingIPsAssociationTestJSON:setUpClass): 200 GET http://10.180.1.21/compute/v2.1/servers/bf01cd22-6cbb-4a95-aca8-4bcdabdc5b36 2.120s
2024-12-13 19:43:58.995 66829 INFO tempest.common.waiters [-] State transition "BUILD/spawning" ==> "ACTIVE/None" after 34 second wait
2024-12-13 19:43:59.016 66823 INFO tempest.lib.common.rest_client [req-d649e5ed-4fcf-435a-8c6d-2514285823aa req-d649e5ed-4fcf-435a-8c6d-2514285823aa ] Request (ServerGroup264TestJSON:test_create_get_server_group): 200 GET http://10.180.1.21/compute/v2.1/os-server-groups 2.119s
2024-12-13 19:43:59.082 66827 INFO tempest.lib.common.rest_client [req-4ba93575-f762-4982-b1a7-94483bf9cb83 req-4ba93575-f762-4982-b1a7-94483bf9cb83 ] Request (ServersAdminTestJSON:setUpClass): 202 POST http://10.180.1.21/compute/v2.1/servers 2.530s
2024-12-13 19:43:59.229 66861 INFO tempest.lib.common.rest_client [req-b9fbe8a1-f85c-4949-8498-4030110428bc req-b9fbe8a1-f85c-4949-8498-4030110428bc ] Request (SecurityGroupRulesTestJSON:test_security_group_rules_create_with_optional_cidr): 200 POST http://10.180.1.21/compute/v2.1/os-security-group-rules 2.301s
2024-12-13 19:43:59.297 66865 INFO tempest.lib.common.rest_client [req-6853c68a-d02e-4c24-b5f2-bad8a778ad4a req-6853c68a-d02e-4c24-b5f2-bad8a778ad4a ] Request (ServerRescueTestJSONUnderV235:test_rescued_vm_add_remove_security_group): 200 POST http://10.180.1.21/compute/v2.1/os-security-groups 2.177s
2024-12-13 19:43:59.431 66841 INFO tempest.lib.common.rest_client [req-f990c68f-5c5a-4b44-bf26-e6b5ffe5e136 req-f990c68f-5c5a-4b44-bf26-e6b5ffe5e136 ] Request (ServerDiagnosticsTest:tearDownClass): 200 GET http://10.180.1.21/compute/v2.1/servers/6d6540ed-ae82-4304-a6f2-7b7063587647 2.040s
2024-12-13 19:43:59.448 66817 INFO tempest.lib.common.rest_client [req-cdfc56ba-394d-4c35-8abf-437f41fd3542 req-cdfc56ba-394d-4c35-8abf-437f41fd3542 ] Request (QuotasAdminTestJSON:_run_cleanups): 200 PUT http://10.180.1.21/compute/v2.1/os-quota-sets/b5934fd99855439fb8852fb5fb264c29 2.166s
2024-12-13 19:43:59.517 66805 INFO tempest.lib.common.rest_client [req-b0d5580a-e2ff-48f3-ae23-570ed1f309c8 req-b0d5580a-e2ff-48f3-ae23-570ed1f309c8 ] Request (AttachInterfacesTestJSON:test_create_list_show_delete_interfaces_by_fixed_ip): 200 GET http://10.180.1.21/compute/v2.1/servers/2a0c3300-ba7f-4604-b629-42bda5d48664/os-interface 2.005s
2024-12-13 19:43:59.557 66847 INFO tempest.lib.common.rest_client [req-66042ab0-523f-4383-9d49-4c92cf9630c9 req-66042ab0-523f-4383-9d49-4c92cf9630c9 ] Request (ServerGroupTestJSON:setUp): 200 POST http://10.180.1.21/compute/v2.1/os-server-groups 2.019s
2024-12-13 19:43:59.563 66811 INFO tempest.lib.common.rest_client [req-94e0bdfc-0765-4db3-90ae-7f1c729fea63 req-94e0bdfc-0765-4db3-90ae-7f1c729fea63 ] Request (ImagesOneServerTestJSON:test_create_delete_image): 200 GET http://10.180.1.21/compute/v2.1/images/637b04fb-e603-445d-98db-5a8a3ce65b44 2.018s
2024-12-13 19:43:59.587 66817 INFO tempest.lib.common.rest_client [req-98d9f75f-d56a-466e-8903-4c729529eab3 req-98d9f75f-d56a-466e-8903-4c729529eab3 ] Request (QuotasAdminTestJSON:tearDownClass): 204 DELETE http://10.180.1.21/identity/v3/users/6edd646e317441ffaf8a27163a5485a3 0.136s
2024-12-13 19:43:59.633 66833 INFO tempest.lib.common.rest_client [req-a376f6f4-836e-47a4-8a2b-7dc43da0b360 req-a376f6f4-836e-47a4-8a2b-7dc43da0b360 ] Request (ServerExternalEventsTest:tearDownClass): 200 GET http://10.180.1.21/compute/v2.1/servers/12efb14a-4241-42ec-b538-3efa54435951 2.038s
2024-12-13 19:43:59.686 66849 INFO tempest.lib.common.rest_client [req-2d6b0e4f-a682-40a7-800a-ba5c8f4e1673 req-2d6b0e4f-a682-40a7-800a-ba5c8f4e1673 ] Request (ImagesOneServerNegativeTestJSON:setUp): 200 GET http://10.180.1.21/compute/v2.1/servers/dc6d1fd4-d844-4ef6-b100-5e491a698ae3 2.088s
2024-12-13 19:43:59.715 66817 INFO tempest.lib.common.rest_client [req-66e62150-5f22-4b53-8ef7-ee8d742bdc02 req-66e62150-5f22-4b53-8ef7-ee8d742bdc02 ] Request (QuotasAdminTestJSON:tearDownClass): 204 DELETE http://10.180.1.21/identity/v3/users/b3d5201d739a4029aa2f4412a1a70920 0.127s
2024-12-13 19:43:59.715 66817 INFO tempest.lib.common.dynamic_creds [-] Deleting project and security group for project: b5934fd99855439fb8852fb5fb264c29
2024-12-13 19:43:59.785 66817 INFO tempest.lib.common.rest_client [req-8acdd5ac-df47-4d40-891d-2603122f7501 req-8acdd5ac-df47-4d40-891d-2603122f7501 ] Request (QuotasAdminTestJSON:tearDownClass): 201 POST http://10.180.1.21/identity/v3/auth/tokens 0.069s
2024-12-13 19:43:59.833 66819 INFO tempest.lib.common.rest_client [req-a63874fc-cfa1-460a-a7c2-dc186ae29c56 req-a63874fc-cfa1-460a-a7c2-dc186ae29c56 ] Request (AttachInterfacesV270Test:test_create_get_list_interfaces): 200 GET http://10.180.1.21/compute/v2.1/servers/f80f71e8-1b2f-476e-9b7e-b1dd3b0d7df8 2.125s
2024-12-13 19:43:59.841 66819 INFO tempest.common.waiters [-] State transition "BUILD/None" ==> "BUILD/spawning" after 22 second wait
2024-12-13 19:43:59.857 66851 INFO tempest.lib.common.rest_client [req-9795e265-a794-4d2c-94b4-130edf82e6ef req-9795e265-a794-4d2c-94b4-130edf82e6ef ] Request (VolumesAssistedSnapshotsTest:test_volume_assisted_snapshot_create_delete): 200 GET http://10.180.1.21/compute/v2.1/servers/f82bad60-9320-4a4e-af74-21557692aa80 2.073s
2024-12-13 19:43:59.881 66837 INFO tempest.lib.common.rest_client [req-a372206d-ceae-49de-a8a8-faa2843e416e req-a372206d-ceae-49de-a8a8-faa2843e416e ] Request (ServerActionsTestOtherA:setUpClass): 200 GET http://10.180.1.21/compute/v2.1/servers/b4522995-fb9c-471f-bd36-af8b721aa5ff 1.913s
2024-12-13 19:43:59.892 66837 INFO tempest.common.waiters [-] State transition "BUILD/scheduling" ==> "BUILD/None" after 9 second wait
2024-12-13 19:43:59.934 66825 INFO tempest.lib.common.rest_client [req-02675179-bedc-4829-9e38-e8bea9a9e5d3 req-02675179-bedc-4829-9e38-e8bea9a9e5d3 ] Request (SecurityGroupsTestJSON:test_list_security_groups_by_server): 200 GET http://10.180.1.21/compute/v2.1/servers/b8f6a4a6-77e9-4989-bd79-f23e15335517 1.900s
2024-12-13 19:43:59.959 66809 INFO tempest.lib.common.rest_client [req-b685febe-601d-4df2-b8f5-fb46eb188e76 req-b685febe-601d-4df2-b8f5-fb46eb188e76 ] Request (ServersAdmin275Test:test_rebuild_update_server_275): 200 GET http://10.180.1.21/compute/v2.1/servers/90b44fba-636a-414f-b286-7baf5adc2122 1.850s
2024-12-13 19:44:00.053 66815 INFO tempest.lib.common.rest_client [req-4a788c44-668d-499a-bc77-f550a109e85e req-4a788c44-668d-499a-bc77-f550a109e85e ] Request (ServersTestManualDisk:setUpClass): 200 GET http://10.180.1.21/compute/v2.1/servers/d0a90055-5c6c-44eb-a9e4-467022eda4db 1.650s
2024-12-13 19:44:00.138 66853 INFO tempest.lib.common.rest_client [req-578eea99-5f30-48af-bec4-1e85d9b9bcf6 req-578eea99-5f30-48af-bec4-1e85d9b9bcf6 ] Request (ServerActionsTestJSON:setUpClass): 200 GET http://10.180.1.21/compute/v2.1/servers/e9878c22-2044-464f-915f-c1c865693437 1.635s
2024-12-13 19:44:00.159 66817 INFO tempest.lib.common.rest_client [req-e3c9c21a-7289-44bd-b66f-f9d0c86089cd req-e3c9c21a-7289-44bd-b66f-f9d0c86089cd ] Request (QuotasAdminTestJSON:tearDownClass): 200 GET http://10.180.1.21:9696/networking/v2.0/security-groups?tenant_id=b5934fd99855439fb8852fb5fb264c29&name=default 0.374s
2024-12-13 19:44:00.182 66836 INFO tempest.lib.common.rest_client [req-98978440-ffe9-4f08-9f65-4b59a8ecf46f req-98978440-ffe9-4f08-9f65-4b59a8ecf46f ] Request (ServersWithSpecificFlavorTestJSON:test_verify_created_server_ephemeral_disk): 200 GET http://10.180.1.21/compute/v2.1/servers/63c7e049-a6db-462e-a0c6-52ec32e23f86 1.889s
2024-12-13 19:44:00.211 66863 INFO tempest.lib.common.rest_client [req-7066a711-1ce3-4ce2-9c49-2e5332fc48d4 req-7066a711-1ce3-4ce2-9c49-2e5332fc48d4 ] Request (DeleteServersAdminTestJSON:test_delete_server_while_in_error_state): 200 GET http://10.180.1.21/compute/v2.1/servers/ac8aec0b-0dd9-4250-8686-343a4d2563c2 1.539s
2024-12-13 19:44:00.279 66831 INFO tempest.lib.common.rest_client [req-32233232-f3fb-4d8e-a716-98e8f81dc009 req-32233232-f3fb-4d8e-a716-98e8f81dc009 ] Request (TenantUsagesTestJSON:setUpClass): 200 GET http://10.180.1.21/compute/v2.1/servers/049aed69-5511-4770-9a62-039b2f21d60f 1.549s
2024-12-13 19:44:00.289 66867 INFO tempest.lib.common.rest_client [req-1da0733f-dbff-40bb-badd-0789ab595b5f req-1da0733f-dbff-40bb-badd-0789ab595b5f ] Request (AggregatesAdminNegativeTestJSON:test_aggregate_list_as_user): 403 GET http://10.180.1.21/compute/v2.1/os-aggregates 1.495s
2024-12-13 19:44:00.296 66807 INFO tempest.lib.common.rest_client [req-6bfadde2-1a49-4863-b33f-443ff84e52d2 req-6bfadde2-1a49-4863-b33f-443ff84e52d2 ] Request (FlavorsAdminTestJSON:test_is_public_string_variations): 200 GET http://10.180.1.21/compute/v2.1/flavors/detail?is_public=false 1.483s
2024-12-13 19:44:00.391 66843 INFO tempest.lib.common.rest_client [req-b4a74d3b-4518-4ef6-94d2-fbcd7a7c6429 req-b4a74d3b-4518-4ef6-94d2-fbcd7a7c6429 ] Request (ServerShowV254Test:tearDownClass): 204 DELETE http://10.180.1.21/compute/v2.1/servers/b79bac0e-5cb0-43de-b10f-26262358e61e 1.558s
2024-12-13 19:44:00.449 66859 INFO tempest.lib.common.rest_client [req-7d277e8e-12e2-4aef-afea-6119fc5ebecf req-7d277e8e-12e2-4aef-afea-6119fc5ebecf ] Request (ServersAdminNegativeTestJSON:setUpClass): 200 GET http://10.180.1.21/compute/v2.1/servers/692b1ace-0ecb-4fc5-a348-ffe21f0d1ad7 1.689s
2024-12-13 19:44:00.462 66859 INFO tempest.common.waiters [-] State transition "BUILD/spawning" ==> "ACTIVE/None" after 38 second wait
2024-12-13 19:44:00.534 66805 INFO tempest.lib.common.rest_client [req-d03d3d0c-947c-49a2-b614-87d67a92b02b req-d03d3d0c-947c-49a2-b614-87d67a92b02b ] Request (AttachInterfacesTestJSON:test_create_list_show_delete_interfaces_by_fixed_ip): 200 PUT http://10.180.1.21:9696/networking/v2.0/floatingips/d5f8409a-bc84-4738-9480-47ae893913ed 1.015s
2024-12-13 19:44:00.616 66817 INFO tempest.lib.common.rest_client [req-386a5d83-4927-4904-9450-4cce45ef3a2b req-386a5d83-4927-4904-9450-4cce45ef3a2b ] Request (QuotasAdminTestJSON:tearDownClass): 204 DELETE http://10.180.1.21:9696/networking/v2.0/security-groups/d7d596f8-806a-405a-8ad4-46de054803dc 0.457s
2024-12-13 19:44:00.621 66845 INFO tempest.lib.common.rest_client [req-bde664ed-7343-47f8-9af2-5c2b5c22f867 req-bde664ed-7343-47f8-9af2-5c2b5c22f867 ] Request (ListServerFiltersTestJSON:setUpClass): 200 GET http://10.180.1.21/compute/v2.1/servers/6cebe45a-8d90-4ac3-b75e-99e2a598c43b 1.777s
2024-12-13 19:44:00.633 66845 INFO tempest.common.waiters [-] State transition "BUILD/scheduling" ==> "BUILD/None" after 12 second wait
2024-12-13 19:44:00.639 66823 INFO tempest.lib.common.rest_client [req-f8e0b639-5e66-4fc1-aaca-57c6fe9bf03f req-f8e0b639-5e66-4fc1-aaca-57c6fe9bf03f ] Request (ServerGroup264TestJSON:test_create_get_server_group): 200 GET http://10.180.1.21/compute/v2.1/os-server-groups/73c03bee-965f-4da4-ba6b-162f3e0ca886 1.621s
2024-12-13 19:44:00.691 66817 INFO tempest.lib.common.rest_client [req-167dc858-4d81-427b-ac5e-123fee47151b req-167dc858-4d81-427b-ac5e-123fee47151b ] Request (QuotasAdminTestJSON:tearDownClass): 204 DELETE http://10.180.1.21/identity/v3/projects/b5934fd99855439fb8852fb5fb264c29 0.074s
2024-12-13 19:44:00.691 66817 INFO tempest.lib.common.dynamic_creds [-] Deleting project and security group for project: c912d57a53a74e3e9bc4b430b5f91be3
2024-12-13 19:44:00.718 66827 INFO tempest.lib.common.rest_client [req-8253c706-e9bb-4944-8ae1-cf42a73b0e0a req-8253c706-e9bb-4944-8ae1-cf42a73b0e0a ] Request (ServersAdminTestJSON:setUpClass): 200 GET http://10.180.1.21/compute/v2.1/servers/296cf9dd-e110-4144-8899-56fb0d257b8b 1.634s
2024-12-13 19:44:00.793 66817 INFO tempest.lib.common.rest_client [req-4cbac598-2c20-4089-9a72-3464e62b6bff req-4cbac598-2c20-4089-9a72-3464e62b6bff ] Request (QuotasAdminTestJSON:tearDownClass): 200 GET http://10.180.1.21:9696/networking/v2.0/security-groups?tenant_id=c912d57a53a74e3e9bc4b430b5f91be3&name=default 0.101s
2024-12-13 19:44:00.876 66817 INFO tempest.lib.common.rest_client [req-ccbfe50d-492d-448c-b3f6-9cb33cd0cc93 req-ccbfe50d-492d-448c-b3f6-9cb33cd0cc93 ] Request (QuotasAdminTestJSON:tearDownClass): 204 DELETE http://10.180.1.21:9696/networking/v2.0/security-groups/bbe13d8b-2cf7-491c-907e-bf40bd30cba9 0.083s
2024-12-13 19:44:00.973 66817 INFO tempest.lib.common.rest_client [req-597f450f-fe6f-4fb5-918b-f5e2f2afcbfb req-597f450f-fe6f-4fb5-918b-f5e2f2afcbfb ] Request (QuotasAdminTestJSON:tearDownClass): 204 DELETE http://10.180.1.21/identity/v3/projects/c912d57a53a74e3e9bc4b430b5f91be3 0.096s
2024-12-13 19:44:00.990 66861 INFO tempest.lib.common.rest_client [req-fd34bb73-8fc0-44ac-8c24-564c04619cd1 req-fd34bb73-8fc0-44ac-8c24-564c04619cd1 ] Request (SecurityGroupRulesTestJSON:test_security_group_rules_create_with_optional_group_id): 200 POST http://10.180.1.21/compute/v2.1/os-security-groups 1.756s
2024-12-13 19:44:01.061 66817 INFO tempest.lib.common.rest_client [req-4c4561e9-c2ea-4a9c-9459-4ad0460be6d5 req-4c4561e9-c2ea-4a9c-9459-4ad0460be6d5 ] Request (QuotasAdminTestV257:setUpClass): 201 POST http://10.180.1.21/identity/v3/auth/tokens 0.087s
2024-12-13 19:44:01.104 66817 INFO tempest.lib.common.rest_client [req-7e7317db-366f-4044-82e1-15162fd0665a req-7e7317db-366f-4044-82e1-15162fd0665a ] Request (QuotasAdminTestV257:setUpClass): 201 POST http://10.180.1.21/identity/v3/auth/tokens 0.040s
2024-12-13 19:44:01.135 66817 INFO tempest.lib.common.rest_client [req-8473c17e-11ca-41bc-b70e-4bede4d827b6 req-8473c17e-11ca-41bc-b70e-4bede4d827b6 ] Request (QuotasAdminTestV257:setUpClass): 200 GET http://10.180.1.21/identity/v3/domains?name=Default 0.031s
2024-12-13 19:44:01.167 66817 INFO tempest.lib.common.rest_client [req-8f3ba00c-cb30-4913-be10-2886cd44719f req-8f3ba00c-cb30-4913-be10-2886cd44719f ] Request (QuotasAdminTestV257:setUpClass): 201 POST http://10.180.1.21/identity/v3/projects 0.031s
2024-12-13 19:44:01.233 66817 INFO tempest.lib.common.rest_client [req-439d23e6-2070-405e-be9a-b13ba43cfd2b req-439d23e6-2070-405e-be9a-b13ba43cfd2b ] Request (QuotasAdminTestV257:setUpClass): 201 POST http://10.180.1.21/identity/v3/users 0.065s
2024-12-13 19:44:01.258 66817 INFO tempest.lib.common.rest_client [req-34230235-925d-4448-9495-409d1a00d1bb req-34230235-925d-4448-9495-409d1a00d1bb ] Request (QuotasAdminTestV257:setUpClass): 200 GET http://10.180.1.21/identity/v3/roles 0.024s
2024-12-13 19:44:01.286 66817 INFO tempest.lib.common.rest_client [req-2ff34cc3-d336-4c65-a887-7550d9278da6 req-2ff34cc3-d336-4c65-a887-7550d9278da6 ] Request (QuotasAdminTestV257:setUpClass): 204 PUT http://10.180.1.21/identity/v3/projects/666607833fc84a55bb61009ce79cc54e/users/f6b8938f80884c468a52fdaabbbab5a4/roles/27a92ceda3d1427894a8836a24bdc574 0.027s
2024-12-13 19:44:01.286 66817 INFO tempest.lib.common.dynamic_creds [-] Dynamic test user f6b8938f80884c468a52fdaabbbab5a4 is created with scope project and roles: ['member']
2024-12-13 19:44:01.286 66817 INFO tempest.lib.common.dynamic_creds [-] Acquired dynamic creds: credentials: Credentials: {'domain_id': 'default', 'domain_name': 'Default', 'username': 'tempest-QuotasAdminTestV257-628881973-project-member', 'project_domain_id': 'default', 'project_domain_name': 'Default', 'project_id': '666607833fc84a55bb61009ce79cc54e', 'project_name': 'tempest-QuotasAdminTestV257-628881973', 'tenant_id': '666607833fc84a55bb61009ce79cc54e', 'tenant_name': 'tempest-QuotasAdminTestV257-628881973', 'user_domain_id': 'default', 'user_domain_name': 'Default', 'user_id': 'f6b8938f80884c468a52fdaabbbab5a4', 'system': None}, Network: None, Subnet: None, Router: None
2024-12-13 19:44:01.287 66817 INFO tempest.lib.common.dynamic_creds [-] Created isolated network resources for: credentials: Credentials: {'domain_id': 'default', 'domain_name': 'Default', 'username': 'tempest-QuotasAdminTestV257-628881973-project-member', 'project_domain_id': 'default', 'project_domain_name': 'Default', 'project_id': '666607833fc84a55bb61009ce79cc54e', 'project_name': 'tempest-QuotasAdminTestV257-628881973', 'tenant_id': '666607833fc84a55bb61009ce79cc54e', 'tenant_name': 'tempest-QuotasAdminTestV257-628881973', 'user_domain_id': 'default', 'user_domain_name': 'Default', 'user_id': 'f6b8938f80884c468a52fdaabbbab5a4', 'system': None}, Network: None, Subnet: None, Router: None
2024-12-13 19:44:01.382 66817 INFO tempest.lib.common.rest_client [req-a99a4f24-5252-476b-b855-dd1af4ecb5f0 req-a99a4f24-5252-476b-b855-dd1af4ecb5f0 ] Request (QuotasAdminTestV257:setUpClass): 201 POST http://10.180.1.21/identity/v3/auth/tokens 0.092s
2024-12-13 19:44:01.473 66817 INFO tempest.lib.common.rest_client [req-bcd13320-5851-405c-994f-016610387953 req-bcd13320-5851-405c-994f-016610387953 ] Request (QuotasAdminTestV257:setUpClass): 201 POST http://10.180.1.21/identity/v3/projects 0.090s
2024-12-13 19:44:01.530 66817 INFO tempest.lib.common.rest_client [req-172db40e-597b-498b-8ac2-201239b4969d req-172db40e-597b-498b-8ac2-201239b4969d ] Request (QuotasAdminTestV257:setUpClass): 201 POST http://10.180.1.21/identity/v3/users 0.057s
2024-12-13 19:44:01.559 66817 INFO tempest.lib.common.rest_client [req-d7be8199-c282-4077-961b-6d991e1f4389 req-d7be8199-c282-4077-961b-6d991e1f4389 ] Request (QuotasAdminTestV257:setUpClass): 200 GET http://10.180.1.21/identity/v3/roles 0.028s
2024-12-13 19:44:01.586 66817 INFO tempest.lib.common.rest_client [req-75e3b8b8-91b2-48f3-ba4d-65d79f81c0b2 req-75e3b8b8-91b2-48f3-ba4d-65d79f81c0b2 ] Request (QuotasAdminTestV257:setUpClass): 204 PUT http://10.180.1.21/identity/v3/projects/dbafadbd28d04194ad7e135432dd08f6/users/ef199e51ec364c679032d68b9ac804e8/roles/40d26c64c0834c4280961c8a5dec444f 0.026s
2024-12-13 19:44:01.596 66829 INFO tempest.lib.common.rest_client [req-d6af4c1e-40ff-40ba-9db2-3f0922a94272 req-d6af4c1e-40ff-40ba-9db2-3f0922a94272 ] Request (FloatingIPsAssociationTestJSON:setUpClass): 200 POST http://10.180.1.21/compute/v2.1/os-floating-ips 2.599s
2024-12-13 19:44:01.616 66865 INFO tempest.lib.common.rest_client [req-908ca506-1cc0-44f4-8858-c5d4c367b320 req-908ca506-1cc0-44f4-8858-c5d4c367b320 ] Request (ServerRescueTestJSONUnderV235:test_rescued_vm_add_remove_security_group): 202 POST http://10.180.1.21/compute/v2.1/servers/a903fd4b-e31e-4fde-b8d6-a11ecf5a602f/action 2.315s
2024-12-13 19:44:01.637 66817 INFO tempest.lib.common.rest_client [req-449310f7-4f54-4f68-9fe6-e7e500c3f120 req-449310f7-4f54-4f68-9fe6-e7e500c3f120 ] Request (QuotasAdminTestV257:setUpClass): 200 GET http://10.180.1.21/identity/v3/roles 0.051s
2024-12-13 19:44:01.670 66847 INFO tempest.lib.common.rest_client [req-4c55e490-d22f-4152-8d21-fd4a409fbe23 req-4c55e490-d22f-4152-8d21-fd4a409fbe23 ] Request (ServerGroupTestJSON:test_create_delete_multiple_server_groups_with_same_name_policy): 200 POST http://10.180.1.21/compute/v2.1/os-server-groups 2.111s
2024-12-13 19:44:01.681 66829 INFO tempest.lib.common.rest_client [req-722c6dbb-1b56-4cd5-a710-8efc4a1122b9 req-722c6dbb-1b56-4cd5-a710-8efc4a1122b9 ] Request (FloatingIPsAssociationTestJSON:test_associate_already_associated_floating_ip): 201 POST http://10.180.1.21/identity/v3/auth/tokens 0.081s
2024-12-13 19:44:01.682 66829 INFO tempest.lib.common.fixed_network [-] (FloatingIPsAssociationTestJSON:test_associate_already_associated_floating_ip) Found network {'id': '7781f176-1ebc-4ecf-a03d-c1284f060c0e', 'name': 'tempest-FloatingIPsAssociationTestJSON-1629819900-network', 'tenant_id': '68f74b662f9943aabeec5c1bc515d071', 'admin_state_up': True, 'mtu': 8950, 'status': 'ACTIVE', 'subnets': [], 'shared': False, 'project_id': '68f74b662f9943aabeec5c1bc515d071', 'port_security_enabled': True, 'router:external': False, 'provider:network_type': 'vlan', 'provider:physical_network': 'default', 'provider:segmentation_id': 549, 'availability_zone_hints': [], 'availability_zones': [], 'ipv4_address_scope': None, 'ipv6_address_scope': None, 'description': '', 'tags': [], 'created_at': '2024-12-13T19:43:17Z', 'updated_at': '2024-12-13T19:43:17Z', 'revision_number': 1} available for tenant
2024-12-13 19:44:01.695 66817 INFO tempest.lib.common.rest_client [req-0e48da14-cf0f-42e2-8a94-3d4784bcb3ac req-0e48da14-cf0f-42e2-8a94-3d4784bcb3ac ] Request (QuotasAdminTestV257:setUpClass): 204 PUT http://10.180.1.21/identity/v3/projects/dbafadbd28d04194ad7e135432dd08f6/users/ef199e51ec364c679032d68b9ac804e8/roles/40d26c64c0834c4280961c8a5dec444f 0.057s
2024-12-13 19:44:01.696 66817 INFO tempest.lib.common.dynamic_creds [-] Dynamic test user ef199e51ec364c679032d68b9ac804e8 is created with scope project and roles: ['admin']
2024-12-13 19:44:01.696 66817 INFO tempest.lib.common.dynamic_creds [-] Acquired dynamic creds: credentials: Credentials: {'domain_id': 'default', 'domain_name': 'Default', 'username': 'tempest-QuotasAdminTestV257-1636411918-project-admin', 'project_domain_id': 'default', 'project_domain_name': 'Default', 'project_id': 'dbafadbd28d04194ad7e135432dd08f6', 'project_name': 'tempest-QuotasAdminTestV257-1636411918', 'tenant_id': 'dbafadbd28d04194ad7e135432dd08f6', 'tenant_name': 'tempest-QuotasAdminTestV257-1636411918', 'user_domain_id': 'default', 'user_domain_name': 'Default', 'user_id': 'ef199e51ec364c679032d68b9ac804e8', 'system': None}, Network: None, Subnet: None, Router: None
2024-12-13 19:44:01.696 66817 INFO tempest.lib.common.dynamic_creds [-] Created isolated network resources for: credentials: Credentials: {'domain_id': 'default', 'domain_name': 'Default', 'username': 'tempest-QuotasAdminTestV257-1636411918-project-admin', 'project_domain_id': 'default', 'project_domain_name': 'Default', 'project_id': 'dbafadbd28d04194ad7e135432dd08f6', 'project_name': 'tempest-QuotasAdminTestV257-1636411918', 'tenant_id': 'dbafadbd28d04194ad7e135432dd08f6', 'tenant_name': 'tempest-QuotasAdminTestV257-1636411918', 'user_domain_id': 'default', 'user_domain_name': 'Default', 'user_id': 'ef199e51ec364c679032d68b9ac804e8', 'system': None}, Network: None, Subnet: None, Router: None
2024-12-13 19:44:01.699 66821 INFO tempest.lib.common.rest_client [req-baa7fdea-c673-4020-9c55-68f7a3d27a3a req-baa7fdea-c673-4020-9c55-68f7a3d27a3a ] Request (QuotaClassesAdminTestJSON:test_update_default_quotas): 200 GET http://10.180.1.21/compute/v2.1/os-quota-class-sets/default 2.234s
2024-12-13 19:44:01.761 66817 INFO tempest.lib.common.rest_client [req-c4744d5f-1643-4aaf-adda-618eb48c33f9 req-c4744d5f-1643-4aaf-adda-618eb48c33f9 ] Request (QuotasAdminTestV257:setUpClass): 201 POST http://10.180.1.21/identity/v3/auth/tokens 0.061s
2024-12-13 19:44:01.824 66855 INFO tempest.lib.common.rest_client [req-ca9c056d-e606-460e-8d30-7bf67269bd99 req-ca9c056d-e606-460e-8d30-7bf67269bd99 ] Request (MigrationsAdminTest:test_list_migrations_in_flavor_resize_situation): 200 GET http://10.180.1.21/compute/v2.1/servers/1e669675-0551-49d8-af15-64fdd0984b3f 2.231s
2024-12-13 19:44:01.831 66811 INFO tempest.lib.common.rest_client [req-c65014b2-806b-41bf-b675-81aba3009d56 req-c65014b2-806b-41bf-b675-81aba3009d56 ] Request (ImagesOneServerTestJSON:test_create_delete_image): 200 GET http://10.180.1.21/compute/v2.1/servers/b19648bf-b106-4c17-8b48-8c579fb23b31 2.265s
2024-12-13 19:44:01.838 66849 INFO tempest.lib.common.rest_client [req-5ae6c8e9-b21f-4e70-b44e-cf634e495832 req-5ae6c8e9-b21f-4e70-b44e-cf634e495832 ] Request (ImagesOneServerNegativeTestJSON:test_create_image_specify_metadata_over_limits): 400 POST http://10.180.1.21/compute/v2.1/servers/dc6d1fd4-d844-4ef6-b100-5e491a698ae3/action 2.145s
2024-12-13 19:44:01.879 66839 INFO tempest.lib.common.rest_client [req-239233e4-404b-41e3-9236-e4bcf8044114 req-239233e4-404b-41e3-9236-e4bcf8044114 ] Request (ServerDiagnosticsV248Test:tearDownClass): 200 GET http://10.180.1.21/compute/v2.1/servers/b8222a46-63c9-4282-85bf-9e9b044ed524 2.258s
2024-12-13 19:44:01.887 66857 INFO tempest.lib.common.rest_client [req-d1362abf-08bd-4c3a-8c1a-4685af0d2156 req-d1362abf-08bd-4c3a-8c1a-4685af0d2156 ] Request (AttachInterfacesUnderV243Test:test_add_remove_fixed_ip): 200 GET http://10.180.1.21/compute/v2.1/servers/ae9a6ff7-cc1f-43dc-9acb-47aaa3d1089e 2.168s
2024-12-13 19:44:01.894 66857 INFO tempest.common.waiters [-] State transition "BUILD/scheduling" ==> "BUILD/None" after 9 second wait
2024-12-13 19:44:01.906 66867 INFO tempest.lib.common.rest_client [req-8afa573e-15b3-424a-9c67-eb0014a8005e req-8afa573e-15b3-424a-9c67-eb0014a8005e ] Request (AggregatesAdminNegativeTestJSON:test_aggregate_remove_host_as_user): 200 POST http://10.180.1.21/compute/v2.1/os-aggregates 1.615s
2024-12-13 19:44:01.915 66807 INFO tempest.lib.common.rest_client [req-95d6f4ca-87f7-48fe-97c4-343efc33878e req-95d6f4ca-87f7-48fe-97c4-343efc33878e ] Request (FlavorsAdminTestJSON:test_is_public_string_variations): 200 GET http://10.180.1.21/compute/v2.1/flavors/detail?is_public=no 1.614s
2024-12-13 19:44:01.924 66813 INFO tempest.lib.common.rest_client [req-22ee44bb-b7e5-4479-b682-bbebe7cbe585 req-22ee44bb-b7e5-4479-b682-bbebe7cbe585 ] Request (ServerActionsTestOtherB:setUpClass): 200 GET http://10.180.1.21/compute/v2.1/servers/4cc7d784-be5d-41db-a028-0dade3464032 2.135s
2024-12-13 19:44:01.966 66843 INFO tempest.lib.common.rest_client [req-9756c045-9525-454e-ba35-0904fb086fe7 req-9756c045-9525-454e-ba35-0904fb086fe7 ] Request (ServerShowV254Test:tearDownClass): 200 GET http://10.180.1.21/compute/v2.1/servers/b79bac0e-5cb0-43de-b10f-26262358e61e 1.574s
2024-12-13 19:44:01.981 66841 INFO tempest.lib.common.rest_client [req-e73e95c5-7831-4ba4-b02a-a84a207bd59f req-e73e95c5-7831-4ba4-b02a-a84a207bd59f ] Request (ServerDiagnosticsTest:tearDownClass): 200 GET http://10.180.1.21/compute/v2.1/servers/6d6540ed-ae82-4304-a6f2-7b7063587647 1.541s
2024-12-13 19:44:01.987 66841 INFO tempest.common.waiters [-] State transition "ACTIVE/deleting" ==> "DELETED/None" after 2 second wait
2024-12-13 19:44:02.098 66805 INFO tempest.lib.common.rest_client [req-8f966d52-48c5-429a-bcbb-5eeee3b012a7 req-8f966d52-48c5-429a-bcbb-5eeee3b012a7 ] Request (AttachInterfacesTestJSON:test_create_list_show_delete_interfaces_by_fixed_ip): 200 GET http://10.180.1.21/compute/v2.1/servers/2a0c3300-ba7f-4604-b629-42bda5d48664 1.563s
2024-12-13 19:44:02.108 66805 INFO tempest.lib.common.ssh [-] Creating ssh connection to '10.180.180.237:22' as 'cirros' with public key authentication
2024-12-13 19:44:02.126 66823 INFO tempest.lib.common.rest_client [req-82f2559f-7c0f-491a-952d-73df7c24b2e4 req-82f2559f-7c0f-491a-952d-73df7c24b2e4 ] Request (ServerGroup264TestJSON:_run_cleanups): 204 DELETE http://10.180.1.21/compute/v2.1/os-server-groups/73c03bee-965f-4da4-ba6b-162f3e0ca886 1.485s
2024-12-13 19:44:02.131 66859 INFO tempest.lib.common.rest_client [req-3e07de98-8c61-4026-86b2-ffbe0b33e2cc req-3e07de98-8c61-4026-86b2-ffbe0b33e2cc ] Request (ServersAdminNegativeTestJSON:test_migrate_non_existent_server): 404 POST http://10.180.1.21/compute/v2.1/servers/e1228802-005f-4084-9f17-e0b865e76bbc/action 1.668s
2024-12-13 19:44:02.191 66859 INFO tempest.lib.common.rest_client [req-2abe4a1c-9032-4c70-8571-d76e4d87933d req-2abe4a1c-9032-4c70-8571-d76e4d87933d ] Request (ServersAdminNegativeTestJSON:test_migrate_server_invalid_state): 201 POST http://10.180.1.21/identity/v3/auth/tokens 0.056s
2024-12-13 19:44:02.191 66859 INFO tempest.lib.common.fixed_network [-] (ServersAdminNegativeTestJSON:test_migrate_server_invalid_state) Found network None available for tenant
2024-12-13 19:44:02.209 66833 INFO tempest.lib.common.rest_client [req-ea079ff0-13a0-4818-ac2e-fedc78b3868d req-ea079ff0-13a0-4818-ac2e-fedc78b3868d ] Request (ServerExternalEventsTest:tearDownClass): 200 GET http://10.180.1.21/compute/v2.1/servers/12efb14a-4241-42ec-b538-3efa54435951 1.567s
2024-12-13 19:44:02.308 66819 INFO tempest.lib.common.rest_client [req-2b2db848-29b7-450e-966f-501bbcad0b0f req-2b2db848-29b7-450e-966f-501bbcad0b0f ] Request (AttachInterfacesV270Test:test_create_get_list_interfaces): 200 GET http://10.180.1.21/compute/v2.1/servers/f80f71e8-1b2f-476e-9b7e-b1dd3b0d7df8 1.466s
2024-12-13 19:44:02.366 66837 INFO tempest.lib.common.rest_client [req-4a566d6e-9623-48f9-8e9d-215261f10fad req-4a566d6e-9623-48f9-8e9d-215261f10fad ] Request (ServerActionsTestOtherA:setUpClass): 200 GET http://10.180.1.21/compute/v2.1/servers/b4522995-fb9c-471f-bd36-af8b721aa5ff 1.472s
2024-12-13 19:44:02.368 66851 INFO tempest.lib.common.rest_client [req-958ac225-3ae1-4c96-90b7-fb45ddfb58f3 req-958ac225-3ae1-4c96-90b7-fb45ddfb58f3 ] Request (VolumesAssistedSnapshotsTest:test_volume_assisted_snapshot_create_delete): 200 GET http://10.180.1.21/compute/v2.1/servers/f82bad60-9320-4a4e-af74-21557692aa80 1.504s
2024-12-13 19:44:02.375 66851 INFO tempest.common.waiters [-] State transition "BUILD/spawning" ==> "ACTIVE/None" after 28 second wait
2024-12-13 19:44:02.424 66825 INFO tempest.lib.common.rest_client [req-9e641360-7945-446f-934b-b5991c0d040c req-9e641360-7945-446f-934b-b5991c0d040c ] Request (SecurityGroupsTestJSON:test_list_security_groups_by_server): 200 GET http://10.180.1.21/compute/v2.1/servers/b8f6a4a6-77e9-4989-bd79-f23e15335517 1.481s
2024-12-13 19:44:02.435 66809 INFO tempest.lib.common.rest_client [req-f6bba128-f2ef-4ff6-aea2-49bd722b8a49 req-f6bba128-f2ef-4ff6-aea2-49bd722b8a49 ] Request (ServersAdmin275Test:test_rebuild_update_server_275): 200 GET http://10.180.1.21/compute/v2.1/servers/90b44fba-636a-414f-b286-7baf5adc2122 1.461s
2024-12-13 19:44:02.444 66809 INFO tempest.common.waiters [-] State transition "BUILD/None" ==> "BUILD/spawning" after 22 second wait
2024-12-13 19:44:02.491 66815 INFO tempest.lib.common.rest_client [req-32d3aeb9-0264-43a7-a96d-951b90ef4ddc req-32d3aeb9-0264-43a7-a96d-951b90ef4ddc ] Request (ServersTestManualDisk:setUpClass): 200 GET http://10.180.1.21/compute/v2.1/servers/d0a90055-5c6c-44eb-a9e4-467022eda4db 1.423s
2024-12-13 19:44:02.552 66853 INFO tempest.lib.common.rest_client [req-447d52c4-d9ca-4261-9209-7f4d5d282660 req-447d52c4-d9ca-4261-9209-7f4d5d282660 ] Request (ServerActionsTestJSON:setUpClass): 200 GET http://10.180.1.21/compute/v2.1/servers/e9878c22-2044-464f-915f-c1c865693437 1.407s
2024-12-13 19:44:02.575 66861 INFO tempest.lib.common.rest_client [req-6bb95eca-71f8-476f-a7c4-f75919efc93c req-6bb95eca-71f8-476f-a7c4-f75919efc93c ] Request (SecurityGroupRulesTestJSON:test_security_group_rules_create_with_optional_group_id): 200 POST http://10.180.1.21/compute/v2.1/os-security-groups 1.581s
2024-12-13 19:44:02.638 66863 INFO tempest.lib.common.rest_client [req-95f780dd-d252-4a80-9413-687436ef3762 req-95f780dd-d252-4a80-9413-687436ef3762 ] Request (DeleteServersAdminTestJSON:test_delete_server_while_in_error_state): 200 GET http://10.180.1.21/compute/v2.1/servers/ac8aec0b-0dd9-4250-8686-343a4d2563c2 1.420s
2024-12-13 19:44:02.691 66831 INFO tempest.lib.common.rest_client [req-e3203c51-914b-4aae-8923-9c88d4ab1fc6 req-e3203c51-914b-4aae-8923-9c88d4ab1fc6 ] Request (TenantUsagesTestJSON:setUpClass): 200 GET http://10.180.1.21/compute/v2.1/servers/049aed69-5511-4770-9a62-039b2f21d60f 1.401s
2024-12-13 19:44:02.699 66831 INFO tempest.common.waiters [-] State transition "BUILD/None" ==> "BUILD/networking" after 21 second wait
2024-12-13 19:44:02.732 66836 INFO tempest.lib.common.rest_client [req-84147e07-538b-4037-b6bc-08238db58b92 req-84147e07-538b-4037-b6bc-08238db58b92 ] Request (ServersWithSpecificFlavorTestJSON:test_verify_created_server_ephemeral_disk): 200 GET http://10.180.1.21/compute/v2.1/servers/63c7e049-a6db-462e-a0c6-52ec32e23f86 1.542s
2024-12-13 19:44:02.781 66845 INFO tempest.lib.common.rest_client [req-def188fc-b39b-46f2-9e88-72794f63eee7 req-def188fc-b39b-46f2-9e88-72794f63eee7 ] Request (ListServerFiltersTestJSON:setUpClass): 200 GET http://10.180.1.21/compute/v2.1/servers/6cebe45a-8d90-4ac3-b75e-99e2a598c43b 1.147s
2024-12-13 19:44:02.829 66847 INFO tempest.lib.common.rest_client [req-72e9e818-9f09-4606-8b2a-b449f5973ed8 req-72e9e818-9f09-4606-8b2a-b449f5973ed8 ] Request (ServerGroupTestJSON:test_create_delete_multiple_server_groups_with_same_name_policy): 200 POST http://10.180.1.21/compute/v2.1/os-server-groups 1.158s
2024-12-13 19:44:03.433 66865 INFO tempest.lib.common.rest_client [req-0e057b34-5b51-48e1-8a91-9bade2f3a02c req-0e057b34-5b51-48e1-8a91-9bade2f3a02c ] Request (ServerRescueTestJSONUnderV235:test_rescued_vm_add_remove_security_group): 202 POST http://10.180.1.21/compute/v2.1/servers/a903fd4b-e31e-4fde-b8d6-a11ecf5a602f/action 1.817s
2024-12-13 19:44:03.459 66829 INFO tempest.lib.common.rest_client [req-b1cf7fef-76a4-443d-b6df-89db1a57709a req-b1cf7fef-76a4-443d-b6df-89db1a57709a ] Request (FloatingIPsAssociationTestJSON:test_associate_already_associated_floating_ip): 202 POST http://10.180.1.21/compute/v2.1/servers 1.776s
2024-12-13 19:44:03.522 66827 INFO tempest.lib.common.rest_client [req-da9177d0-6159-4ca3-87c8-6ecbfe073636 req-da9177d0-6159-4ca3-87c8-6ecbfe073636 ] Request (ServersAdminTestJSON:setUpClass): 200 GET http://10.180.1.21/compute/v2.1/servers/296cf9dd-e110-4144-8899-56fb0d257b8b 1.790s
2024-12-13 19:44:03.556 66821 INFO tempest.lib.common.rest_client [req-77d33fff-056b-4ed6-8d42-27c5f9316ab8 req-77d33fff-056b-4ed6-8d42-27c5f9316ab8 ] Request (QuotaClassesAdminTestJSON:test_update_default_quotas): 200 PUT http://10.180.1.21/compute/v2.1/os-quota-class-sets/default 1.854s
2024-12-13 19:44:03.570 66811 INFO tempest.lib.common.rest_client [req-40f39717-7350-4571-9775-96055557bd72 req-40f39717-7350-4571-9775-96055557bd72 ] Request (ImagesOneServerTestJSON:test_create_delete_image): 200 GET http://10.180.1.21/compute/v2.1/images/3ab90ea5-a262-4a05-b7e2-51a9b3b4a2c2 1.732s
2024-12-13 19:44:03.708 66867 INFO tempest.lib.common.rest_client [req-eae080bc-9458-40f9-b6de-c4c0db92272b req-eae080bc-9458-40f9-b6de-c4c0db92272b ] Request (AggregatesAdminNegativeTestJSON:test_aggregate_remove_host_as_user): 200 POST http://10.180.1.21/compute/v2.1/os-aggregates/7/action 1.800s
2024-12-13 19:44:03.725 66807 INFO tempest.lib.common.rest_client [req-dc0ab592-222c-4789-99d4-4beed41fe63f req-dc0ab592-222c-4789-99d4-4beed41fe63f ] Request (FlavorsAdminTestJSON:test_is_public_string_variations): 200 GET http://10.180.1.21/compute/v2.1/flavors/detail?is_public=0 1.806s
