2024-12-13 19:43:38.287 66845 INFO tempest.lib.common.dynamic_creds [-] Created isolated network resources for: credentials: Credentials: {'domain_id': 'default', 'domain_name': 'Default', 'username': 'tempest-ListServerFiltersTestJSON-1551292795-project-member', 'project_domain_id': 'default', 'project_domain_name': 'Default', 'project_id': 'ade30aec989847c498280ff09a4ace80', 'project_name': 'tempest-ListServerFiltersTestJSON-1551292795', 'tenant_id': 'ade30aec989847c498280ff09a4ace80', 'tenant_name': 'tempest-ListServerFiltersTestJSON-1551292795', 'user_domain_id': 'default', 'user_domain_name': 'Default', 'user_id': '1a6fc735ddfe4ed9be8f91ecf260620e', 'system': None}, Network: {'id': 'a106e1d8-b783-449c-a124-f4d1de404bfd', 'name': 'tempest-ListServerFiltersTestJSON-463486581-network', 'tenant_id': 'ade30aec989847c498280ff09a4ace80', 'admin_state_up': True, 'mtu': 8950, 'status': 'ACTIVE', 'subnets': [], 'shared': False, 'project_id': 'ade30aec989847c498280ff09a4ace80', 'port_security_enabled': True, 'router:external': False, 'provider:network_type': 'vlan', 'provider:physical_network': 'default', 'provider:segmentation_id': 941, 'availability_zone_hints': [], 'availability_zones': [], 'ipv4_address_scope': None, 'ipv6_address_scope': None, 'description': '', 'tags': [], 'created_at': '2024-12-13T19:43:37Z', 'updated_at': '2024-12-13T19:43:37Z', 'revision_number': 1}, Subnet: {'id': '0baacd35-e838-4b7d-be60-071149c2a3e9', 'name': 'tempest-ListServerFiltersTestJSON-463486581-subnet', 'tenant_id': 'ade30aec989847c498280ff09a4ace80', 'network_id': 'a106e1d8-b783-449c-a124-f4d1de404bfd', 'ip_version': 4, 'subnetpool_id': None, 'enable_dhcp': True, 'ipv6_ra_mode': None, 'ipv6_address_mode': None, 'gateway_ip': '192.168.128.1', 'cidr': '192.168.128.0/28', 'allocation_pools': [{'start': '192.168.128.2', 'end': '192.168.128.14'}], 'host_routes': [], 'dns_nameservers': [], 'description': '', 'router:external': False, 'service_types': [], 'tags': [], 'created_at': '2024-12-13T19:43:37Z', 'updated_at': '2024-12-13T19:43:37Z', 'revision_number': 0, 'project_id': 'ade30aec989847c498280ff09a4ace80'}, Router: None
2024-12-13 19:43:38.334 66831 INFO tempest.lib.common.rest_client [req-9f7f7196-4dcc-4243-9d98-dd16069c5a56 req-9f7f7196-4dcc-4243-9d98-dd16069c5a56 ] Request (TenantUsagesTestJSON:setUpClass): 201 POST http://10.180.1.21/identity/v3/auth/tokens 0.227s
2024-12-13 19:43:38.336 66831 WARNING tempest.lib.common.rest_client [-] Deprecated: "tenant_id" property is deprecated for removal, use "project_id" instead
2024-12-13 19:43:38.367 66813 INFO tempest.lib.common.rest_client [req-c314d60d-385d-4f28-9ad0-03eeaba1eb7c req-c314d60d-385d-4f28-9ad0-03eeaba1eb7c ] Request (ServerActionsTestOtherB:setUpClass): 201 POST http://10.180.1.21/identity/v3/users 0.148s
2024-12-13 19:43:38.392 66827 INFO tempest.lib.common.rest_client [req-07b0eb83-4ede-4812-8d59-b1bde52fbcc9 req-07b0eb83-4ede-4812-8d59-b1bde52fbcc9 ] Request (HypervisorAdminNegativeUnderV252Test:tearDownClass): 204 DELETE http://10.180.1.21/identity/v3/projects/dda15fb74a5f4edeb0683a18829f9782 0.203s
2024-12-13 19:43:38.392 66827 INFO tempest.lib.common.dynamic_creds [-] Deleting project and security group for project: d3b5ceab97e946eca841ae3fda7b5269
2024-12-13 19:43:38.450 66849 INFO tempest.lib.common.rest_client [req-7aad29e0-04e8-4cb0-a8f6-ac4bb025b033 req-7aad29e0-04e8-4cb0-a8f6-ac4bb025b033 ] Request (ImagesOneServerNegativeTestJSON:setUpClass): 200 GET http://10.180.1.21/compute/v2.1/servers/dc6d1fd4-d844-4ef6-b100-5e491a698ae3 2.628s
2024-12-13 19:43:38.459 66849 INFO tempest.common.waiters [-] State transition "BUILD/None" ==> "BUILD/spawning" after 19 second wait
2024-12-13 19:43:38.473 66853 INFO tempest.lib.common.rest_client [req-1319c001-7c11-4ee4-ad12-256392edca66 req-1319c001-7c11-4ee4-ad12-256392edca66 ] Request (KeyPairsV2TestJSON:_run_cleanups): 202 DELETE http://10.180.1.21/compute/v2.1/os-keypairs/tempest-KeyPairsV2TestJSON-keypair-1280236254 2.462s
2024-12-13 19:43:38.476 66815 INFO tempest.lib.common.rest_client [req-aaa61699-cf72-4318-87d8-fa9d8c46e160 req-aaa61699-cf72-4318-87d8-fa9d8c46e160 ] Request (AbsoluteLimitsTestJSON:setUpClass): 201 POST http://10.180.1.21/identity/v3/auth/tokens 0.196s
2024-12-13 19:43:38.493 66807 INFO tempest.lib.common.rest_client [req-e1c2b19e-b6a4-45ef-a4cb-94ededfcf346 req-e1c2b19e-b6a4-45ef-a4cb-94ededfcf346 ] Request (FlavorsAdminTestJSON:test_create_list_flavor_without_extra_data): 200 GET http://10.180.1.21/compute/v2.1/flavors/131786512 2.464s
2024-12-13 19:43:38.545 66845 INFO tempest.lib.common.rest_client [req-7201e592-3819-4c21-9c3b-2227d66f30f6 req-7201e592-3819-4c21-9c3b-2227d66f30f6 ] Request (ListServerFiltersTestJSON:setUpClass): 201 POST http://10.180.1.21/identity/v3/auth/tokens 0.253s
2024-12-13 19:43:38.571 66813 INFO tempest.lib.common.rest_client [req-46e3c41f-940c-4e7b-8ac4-a94cabc1d9d3 req-46e3c41f-940c-4e7b-8ac4-a94cabc1d9d3 ] Request (ServerActionsTestOtherB:setUpClass): 200 GET http://10.180.1.21/identity/v3/roles 0.203s
2024-12-13 19:43:38.596 66815 INFO tempest.lib.common.rest_client [req-40fbc718-7df2-4a16-be9a-e30dbf14a466 req-40fbc718-7df2-4a16-be9a-e30dbf14a466 ] Request (AbsoluteLimitsTestJSON:setUpClass): 200 GET http://10.180.1.21/identity/v3/domains?name=Default 0.119s
2024-12-13 19:43:38.598 66831 INFO tempest.lib.common.rest_client [req-67661ba4-4097-4284-baf6-9fdf203a0ba9 req-67661ba4-4097-4284-baf6-9fdf203a0ba9 ] Request (TenantUsagesTestJSON:setUpClass): 201 POST http://10.180.1.21/identity/v3/auth/tokens 0.258s
2024-12-13 19:43:38.601 66831 INFO tempest.lib.common.fixed_network [-] (TenantUsagesTestJSON:setUpClass) Found network None available for tenant
2024-12-13 19:43:38.623 66817 INFO tempest.lib.common.rest_client [req-2fb0c76f-59c9-406f-8f23-f7aa96b89d2a req-2fb0c76f-59c9-406f-8f23-f7aa96b89d2a ] Request (QuotasAdminTestJSON:test_delete_quota): 200 PUT http://10.180.1.21/compute/v2.1/os-quota-sets/811b6ee05bc04971acc93e48f8c95d4b 2.629s
2024-12-13 19:43:38.625 66845 INFO tempest.lib.common.rest_client [req-f3761c12-b5c8-491a-bae6-816b4c3d43ad req-f3761c12-b5c8-491a-bae6-816b4c3d43ad ] Request (ListServerFiltersTestJSON:setUpClass): 201 POST http://10.180.1.21/identity/v3/auth/tokens 0.075s
2024-12-13 19:43:38.625 66845 INFO tempest.lib.common.fixed_network [-] (ListServerFiltersTestJSON:setUpClass) Found network {'id': 'a106e1d8-b783-449c-a124-f4d1de404bfd', 'name': 'tempest-ListServerFiltersTestJSON-463486581-network', 'tenant_id': 'ade30aec989847c498280ff09a4ace80', 'admin_state_up': True, 'mtu': 8950, 'status': 'ACTIVE', 'subnets': [], 'shared': False, 'project_id': 'ade30aec989847c498280ff09a4ace80', 'port_security_enabled': True, 'router:external': False, 'provider:network_type': 'vlan', 'provider:physical_network': 'default', 'provider:segmentation_id': 941, 'availability_zone_hints': [], 'availability_zones': [], 'ipv4_address_scope': None, 'ipv6_address_scope': None, 'description': '', 'tags': [], 'created_at': '2024-12-13T19:43:37Z', 'updated_at': '2024-12-13T19:43:37Z', 'revision_number': 1} available for tenant
2024-12-13 19:43:38.630 66813 INFO tempest.lib.common.rest_client [req-6ae0f2f7-6952-49c3-828c-3eccfeb6dc5b req-6ae0f2f7-6952-49c3-828c-3eccfeb6dc5b ] Request (ServerActionsTestOtherB:setUpClass): 204 PUT http://10.180.1.21/identity/v3/projects/7ab01ddb6cf3453f8b60099794e20a03/users/6d0aa4b943e24496979354e660652905/roles/27a92ceda3d1427894a8836a24bdc574 0.058s
2024-12-13 19:43:38.630 66813 INFO tempest.lib.common.dynamic_creds [-] Dynamic test user 6d0aa4b943e24496979354e660652905 is created with scope project and roles: ['member']
2024-12-13 19:43:38.630 66813 INFO tempest.lib.common.dynamic_creds [-] Acquired dynamic creds: credentials: Credentials: {'domain_id': 'default', 'domain_name': 'Default', 'username': 'tempest-ServerActionsTestOtherB-2075451721-project-member', 'project_domain_id': 'default', 'project_domain_name': 'Default', 'project_id': '7ab01ddb6cf3453f8b60099794e20a03', 'project_name': 'tempest-ServerActionsTestOtherB-2075451721', 'tenant_id': '7ab01ddb6cf3453f8b60099794e20a03', 'tenant_name': 'tempest-ServerActionsTestOtherB-2075451721', 'user_domain_id': 'default', 'user_domain_name': 'Default', 'user_id': '6d0aa4b943e24496979354e660652905', 'system': None}, Network: None, Subnet: None, Router: None
2024-12-13 19:43:38.684 66861 INFO tempest.lib.common.rest_client [req-c9b09ba6-49af-4e1f-8b66-b43be358d5f4 req-c9b09ba6-49af-4e1f-8b66-b43be358d5f4 ] Request (FlavorsV2NegativeTest:tearDownClass): 200 GET http://10.180.1.21:9696/networking/v2.0/security-groups?tenant_id=288a3c9a3e9a45869ea35a99a35b4495&name=default 0.721s
2024-12-13 19:43:38.696 66845 INFO tempest.lib.common.rest_client [req-a2557649-9586-4502-9d74-b1df52e95a6d req-a2557649-9586-4502-9d74-b1df52e95a6d ] Request (ListServerFiltersTestJSON:setUpClass): 201 POST http://10.180.1.21/identity/v3/auth/tokens 0.068s
2024-12-13 19:43:38.696 66845 INFO tempest.lib.common.fixed_network [-] (ListServerFiltersTestJSON:setUpClass) Found network {'id': 'a106e1d8-b783-449c-a124-f4d1de404bfd', 'name': 'tempest-ListServerFiltersTestJSON-463486581-network', 'tenant_id': 'ade30aec989847c498280ff09a4ace80', 'admin_state_up': True, 'mtu': 8950, 'status': 'ACTIVE', 'subnets': [], 'shared': False, 'project_id': 'ade30aec989847c498280ff09a4ace80', 'port_security_enabled': True, 'router:external': False, 'provider:network_type': 'vlan', 'provider:physical_network': 'default', 'provider:segmentation_id': 941, 'availability_zone_hints': [], 'availability_zones': [], 'ipv4_address_scope': None, 'ipv6_address_scope': None, 'description': '', 'tags': [], 'created_at': '2024-12-13T19:43:37Z', 'updated_at': '2024-12-13T19:43:37Z', 'revision_number': 1} available for tenant
2024-12-13 19:43:38.704 66815 INFO tempest.lib.common.rest_client [req-1f5c0078-d14f-43b2-9c2f-dbed766130f2 req-1f5c0078-d14f-43b2-9c2f-dbed766130f2 ] Request (AbsoluteLimitsTestJSON:setUpClass): 201 POST http://10.180.1.21/identity/v3/projects 0.108s
2024-12-13 19:43:38.745 66836 INFO tempest.lib.common.rest_client [req-5dced8e4-72cb-4562-8beb-381d2f4af3f5 req-5dced8e4-72cb-4562-8beb-381d2f4af3f5 ] Request (ServersWithSpecificFlavorTestJSON:test_verify_created_server_ephemeral_disk): 200 GET http://10.180.1.21/compute/v2.1/servers/63c7e049-a6db-462e-a0c6-52ec32e23f86 2.491s
2024-12-13 19:43:38.777 66813 INFO tempest.lib.common.rest_client [req-9fe8ba64-2b84-401b-a337-1fe50ce17f91 req-9fe8ba64-2b84-401b-a337-1fe50ce17f91 ] Request (ServerActionsTestOtherB:setUpClass): 201 POST http://10.180.1.21/identity/v3/auth/tokens 0.146s
2024-12-13 19:43:38.795 66815 INFO tempest.lib.common.rest_client [req-faac5b3d-2fe6-4056-b8cd-9ff7f2907876 req-faac5b3d-2fe6-4056-b8cd-9ff7f2907876 ] Request (AbsoluteLimitsTestJSON:setUpClass): 201 POST http://10.180.1.21/identity/v3/users 0.090s
2024-12-13 19:43:38.821 66815 INFO tempest.lib.common.rest_client [req-ca9b0bbe-92ab-49c8-89c8-9b977fb68918 req-ca9b0bbe-92ab-49c8-89c8-9b977fb68918 ] Request (AbsoluteLimitsTestJSON:setUpClass): 200 GET http://10.180.1.21/identity/v3/roles 0.025s
2024-12-13 19:43:38.850 66815 INFO tempest.lib.common.rest_client [req-1b55cbc4-70db-4519-aa5b-79fcc4e3ee4b req-1b55cbc4-70db-4519-aa5b-79fcc4e3ee4b ] Request (AbsoluteLimitsTestJSON:setUpClass): 204 PUT http://10.180.1.21/identity/v3/projects/c73bd00d17014d239c77ebc2ef5e9783/users/9b3e4554b6d14b679aa313de214fbed6/roles/27a92ceda3d1427894a8836a24bdc574 0.028s
2024-12-13 19:43:38.850 66815 INFO tempest.lib.common.dynamic_creds [-] Dynamic test user 9b3e4554b6d14b679aa313de214fbed6 is created with scope project and roles: ['member']
2024-12-13 19:43:38.850 66815 INFO tempest.lib.common.dynamic_creds [-] Acquired dynamic creds: credentials: Credentials: {'domain_id': 'default', 'domain_name': 'Default', 'username': 'tempest-AbsoluteLimitsTestJSON-1004010948-project-member', 'project_domain_id': 'default', 'project_domain_name': 'Default', 'project_id': 'c73bd00d17014d239c77ebc2ef5e9783', 'project_name': 'tempest-AbsoluteLimitsTestJSON-1004010948', 'tenant_id': 'c73bd00d17014d239c77ebc2ef5e9783', 'tenant_name': 'tempest-AbsoluteLimitsTestJSON-1004010948', 'user_domain_id': 'default', 'user_domain_name': 'Default', 'user_id': '9b3e4554b6d14b679aa313de214fbed6', 'system': None}, Network: None, Subnet: None, Router: None
2024-12-13 19:43:38.850 66815 INFO tempest.lib.common.dynamic_creds [-] Created isolated network resources for: credentials: Credentials: {'domain_id': 'default', 'domain_name': 'Default', 'username': 'tempest-AbsoluteLimitsTestJSON-1004010948-project-member', 'project_domain_id': 'default', 'project_domain_name': 'Default', 'project_id': 'c73bd00d17014d239c77ebc2ef5e9783', 'project_name': 'tempest-AbsoluteLimitsTestJSON-1004010948', 'tenant_id': 'c73bd00d17014d239c77ebc2ef5e9783', 'tenant_name': 'tempest-AbsoluteLimitsTestJSON-1004010948', 'user_domain_id': 'default', 'user_domain_name': 'Default', 'user_id': '9b3e4554b6d14b679aa313de214fbed6', 'system': None}, Network: None, Subnet: None, Router: None
2024-12-13 19:43:38.866 66805 INFO tempest.lib.common.rest_client [req-cca2ce48-80e2-47f8-8746-3f0fc51d8f6c req-cca2ce48-80e2-47f8-8746-3f0fc51d8f6c ] Request (AttachInterfacesTestJSON:test_create_list_show_delete_interfaces_by_fixed_ip): 200 GET http://10.180.1.21/compute/v2.1/servers/2a0c3300-ba7f-4604-b629-42bda5d48664 2.488s
2024-12-13 19:43:38.928 66827 INFO tempest.lib.common.rest_client [req-03400bf6-6885-4689-9372-716d54d78482 req-03400bf6-6885-4689-9372-716d54d78482 ] Request (HypervisorAdminNegativeUnderV252Test:tearDownClass): 200 GET http://10.180.1.21:9696/networking/v2.0/security-groups?tenant_id=d3b5ceab97e946eca841ae3fda7b5269&name=default 0.535s
2024-12-13 19:43:38.940 66815 INFO tempest.lib.common.rest_client [req-c86b1327-622d-4f75-9a94-bab701341cb8 req-c86b1327-622d-4f75-9a94-bab701341cb8 ] Request (AbsoluteLimitsTestJSON:setUpClass): 201 POST http://10.180.1.21/identity/v3/auth/tokens 0.085s
2024-12-13 19:43:38.974 66847 INFO tempest.lib.common.rest_client [req-e4dff895-203b-4a5a-9492-5a8944b1b468 req-e4dff895-203b-4a5a-9492-5a8944b1b468 ] Request (ServersAaction247Test:tearDownClass): 200 GET http://10.180.1.21/compute/v2.1/servers/fff9b5fd-be41-4133-a2e3-aeb7188d76ec 2.589s
2024-12-13 19:43:38.984 66847 INFO tempest.common.waiters [-] State transition "ACTIVE/deleting" ==> "DELETED/None" after 6 second wait
2024-12-13 19:43:39.048 66833 INFO tempest.lib.common.rest_client [req-ddb18a21-9f1b-4a18-989b-4a94933bf0a7 req-ddb18a21-9f1b-4a18-989b-4a94933bf0a7 ] Request (ServerExternalEventsTest:test_create_server_external_events): 200 GET http://10.180.1.21/compute/v2.1/servers/12efb14a-4241-42ec-b538-3efa54435951 2.906s
2024-12-13 19:43:39.083 66859 INFO tempest.lib.common.rest_client [req-392ac6c1-5fa2-4aeb-a671-6ad1a68acd3d req-392ac6c1-5fa2-4aeb-a671-6ad1a68acd3d ] Request (ServersAdminNegativeTestJSON:setUpClass): 200 GET http://10.180.1.21/compute/v2.1/servers/692b1ace-0ecb-4fc5-a348-ffe21f0d1ad7 2.588s
2024-12-13 19:43:39.182 66837 INFO tempest.lib.common.rest_client [req-e186bc07-9f0b-4b94-9577-5479814d6914 req-e186bc07-9f0b-4b94-9577-5479814d6914 ] Request (ServerActionsTestOtherA:setUpClass): 200 PUT http://10.180.1.21:9696/networking/v2.0/routers/4cda0064-ebf2-408c-82b6-c836dfe1da0e/add_router_interface 2.662s
2024-12-13 19:43:39.182 66837 INFO tempest.lib.common.dynamic_creds [-] Created isolated network resources for: credentials: Credentials: {'domain_id': 'default', 'domain_name': 'Default', 'username': 'tempest-ServerActionsTestOtherA-538320415-project-member', 'project_domain_id': 'default', 'project_domain_name': 'Default', 'project_id': '3efda8e53e3c4eea8bfd1d5d6cd90db3', 'project_name': 'tempest-ServerActionsTestOtherA-538320415', 'tenant_id': '3efda8e53e3c4eea8bfd1d5d6cd90db3', 'tenant_name': 'tempest-ServerActionsTestOtherA-538320415', 'user_domain_id': 'default', 'user_domain_name': 'Default', 'user_id': '6809b284d7ae448884cb02ba77b62ba9', 'system': None}, Network: {'id': '048e4d0d-d1ab-45c4-a15c-a1cfb16572ac', 'name': 'tempest-ServerActionsTestOtherA-1657993544-network', 'tenant_id': '3efda8e53e3c4eea8bfd1d5d6cd90db3', 'admin_state_up': True, 'mtu': 8950, 'status': 'ACTIVE', 'subnets': [], 'shared': False, 'project_id': '3efda8e53e3c4eea8bfd1d5d6cd90db3', 'port_security_enabled': True, 'router:external': False, 'provider:network_type': 'vlan', 'provider:physical_network': 'default', 'provider:segmentation_id': 49, 'availability_zone_hints': [], 'availability_zones': [], 'ipv4_address_scope': None, 'ipv6_address_scope': None, 'description': '', 'tags': [], 'created_at': '2024-12-13T19:43:33Z', 'updated_at': '2024-12-13T19:43:34Z', 'revision_number': 1}, Subnet: {'id': 'af46396f-1514-4a5f-9b5e-0868e9adc612', 'name': 'tempest-ServerActionsTestOtherA-1657993544-subnet', 'tenant_id': '3efda8e53e3c4eea8bfd1d5d6cd90db3', 'network_id': '048e4d0d-d1ab-45c4-a15c-a1cfb16572ac', 'ip_version': 4, 'subnetpool_id': None, 'enable_dhcp': True, 'ipv6_ra_mode': None, 'ipv6_address_mode': None, 'gateway_ip': '192.168.128.1', 'cidr': '192.168.128.0/28', 'allocation_pools': [{'start': '192.168.128.2', 'end': '192.168.128.14'}], 'host_routes': [], 'dns_nameservers': [], 'description': '', 'router:external': False, 'service_types': [], 'tags': [], 'created_at': '2024-12-13T19:43:34Z', 'updated_at': '2024-12-13T19:43:34Z', 'revision_number': 0, 'project_id': '3efda8e53e3c4eea8bfd1d5d6cd90db3'}, Router: {'id': '4cda0064-ebf2-408c-82b6-c836dfe1da0e', 'name': 'tempest-ServerActionsTestOtherA-1657993544-router', 'tenant_id': '3efda8e53e3c4eea8bfd1d5d6cd90db3', 'admin_state_up': True, 'status': 'ACTIVE', 'external_gateway_info': {'network_id': '7065826f-0810-4ceb-894d-3e577f31c4ba', 'external_fixed_ips': [{'subnet_id': '7878f423-03b1-4d23-be74-00c0dedc730d', 'ip_address': '10.180.180.130'}], 'enable_snat': True}, 'description': '', 'availability_zones': [], 'distributed': False, 'ha': False, 'availability_zone_hints': [], 'routes': [], 'flavor_id': None, 'tags': [], 'created_at': '2024-12-13T19:43:35Z', 'updated_at': '2024-12-13T19:43:35Z', 'revision_number': 2, 'project_id': '3efda8e53e3c4eea8bfd1d5d6cd90db3'}
2024-12-13 19:43:39.235 66861 INFO tempest.lib.common.rest_client [req-c00ffd05-d0ce-4545-97c1-3b113159bac7 req-c00ffd05-d0ce-4545-97c1-3b113159bac7 ] Request (FlavorsV2NegativeTest:tearDownClass): 204 DELETE http://10.180.1.21:9696/networking/v2.0/security-groups/a0ab7695-fe04-4cb8-b720-7f202cf8b781 0.550s
2024-12-13 19:43:39.262 66809 INFO tempest.lib.common.rest_client [req-20ee4eeb-c8c6-4cc5-b5d8-1b6861b7ac7e req-20ee4eeb-c8c6-4cc5-b5d8-1b6861b7ac7e ] Request (ServersAdmin275Test:test_rebuild_update_server_275): 200 PUT http://10.180.1.21/compute/v2.1/servers/90b44fba-636a-414f-b286-7baf5adc2122 2.039s
2024-12-13 19:43:39.303 66837 INFO tempest.lib.common.rest_client [req-0fa87d27-9943-46bc-a333-8b2b8d1c5c8d req-0fa87d27-9943-46bc-a333-8b2b8d1c5c8d ] Request (ServerActionsTestOtherA:setUpClass): 201 POST http://10.180.1.21/identity/v3/auth/tokens 0.116s
2024-12-13 19:43:39.321 66811 INFO tempest.lib.common.rest_client [req-18bb49d3-6aff-4dbb-b702-c27b2c8c2a04 req-18bb49d3-6aff-4dbb-b702-c27b2c8c2a04 ] Request (ImagesOneServerTestJSON:test_create_delete_image): 200 GET http://10.180.1.21/compute/v2.1/images/637b04fb-e603-445d-98db-5a8a3ce65b44 1.991s
2024-12-13 19:43:39.337 66861 INFO tempest.lib.common.rest_client [req-c750bfb2-b1d7-4605-ab10-88328d6b73b2 req-c750bfb2-b1d7-4605-ab10-88328d6b73b2 ] Request (FlavorsV2NegativeTest:tearDownClass): 204 DELETE http://10.180.1.21/identity/v3/projects/288a3c9a3e9a45869ea35a99a35b4495 0.102s
2024-12-13 19:43:39.368 66827 INFO tempest.lib.common.rest_client [req-6bdbcd94-d9c0-4436-8c15-bb8ee6a10d59 req-6bdbcd94-d9c0-4436-8c15-bb8ee6a10d59 ] Request (HypervisorAdminNegativeUnderV252Test:tearDownClass): 204 DELETE http://10.180.1.21:9696/networking/v2.0/security-groups/bb45b7d6-1e35-4e21-848b-0aa9e77bfba7 0.439s
2024-12-13 19:43:39.399 66865 INFO tempest.lib.common.rest_client [req-66807647-b140-4ad0-b1e6-509018ac1fd1 req-66807647-b140-4ad0-b1e6-509018ac1fd1 ] Request (ServerRescueTestJSONUnderV235:setUpClass): 200 GET http://10.180.1.21/compute/v2.1/servers/a903fd4b-e31e-4fde-b8d6-a11ecf5a602f 2.279s
2024-12-13 19:43:39.415 66829 INFO tempest.lib.common.rest_client [req-3788f6c3-3633-4582-90e5-485845a1a768 req-3788f6c3-3633-4582-90e5-485845a1a768 ] Request (FloatingIPsAssociationTestJSON:setUpClass): 200 GET http://10.180.1.21/compute/v2.1/servers/bf01cd22-6cbb-4a95-aca8-4bcdabdc5b36 1.954s
2024-12-13 19:43:39.428 66823 INFO tempest.lib.common.rest_client [req-82536f6d-2748-4679-bd6c-2f2d29c28c16 req-82536f6d-2748-4679-bd6c-2f2d29c28c16 ] Request (ImagesDeleteNegativeTestJSON:test_delete_image_negative_image_id): 404 DELETE http://10.180.1.21/compute/v2.1/images/-1 1.824s
2024-12-13 19:43:39.443 66861 INFO tempest.lib.common.rest_client [req-a9f52f13-e2d2-48cf-9bdb-8eec6ce19d82 req-a9f52f13-e2d2-48cf-9bdb-8eec6ce19d82 ] Request (SecurityGroupRulesTestJSON:setUpClass): 201 POST http://10.180.1.21/identity/v3/auth/tokens 0.102s
2024-12-13 19:43:39.485 66827 INFO tempest.lib.common.rest_client [req-cb112ae7-c82c-466d-b8c7-361ce3da75f3 req-cb112ae7-c82c-466d-b8c7-361ce3da75f3 ] Request (HypervisorAdminNegativeUnderV252Test:tearDownClass): 204 DELETE http://10.180.1.21/identity/v3/projects/d3b5ceab97e946eca841ae3fda7b5269 0.117s
2024-12-13 19:43:39.509 66861 INFO tempest.lib.common.rest_client [req-06957535-b86f-4067-9be0-ade1e15adec4 req-06957535-b86f-4067-9be0-ade1e15adec4 ] Request (SecurityGroupRulesTestJSON:setUpClass): 201 POST http://10.180.1.21/identity/v3/auth/tokens 0.064s
2024-12-13 19:43:39.518 66827 INFO tempest.lib.common.rest_client [req-7cea295e-8bff-4e38-bf7c-ac5bbda2b4c5 req-7cea295e-8bff-4e38-bf7c-ac5bbda2b4c5 ] Request (ServersAdminTestJSON:setUpClass): 201 POST http://10.180.1.21/identity/v3/auth/tokens 0.031s
2024-12-13 19:43:39.525 66843 INFO tempest.lib.common.rest_client [req-5ea9fffc-fd22-4b46-8c75-67a5f113cc9c req-5ea9fffc-fd22-4b46-8c75-67a5f113cc9c ] Request (ServerShowV254Test:test_rebuild_server): 200 GET http://10.180.1.21/compute/v2.1/servers/b79bac0e-5cb0-43de-b10f-26262358e61e 1.772s
2024-12-13 19:43:39.527 66841 INFO tempest.lib.common.rest_client [req-7c038fd3-8a75-4244-bf25-6350f831df8e req-7c038fd3-8a75-4244-bf25-6350f831df8e ] Request (ServerDiagnosticsTest:test_get_server_diagnostics): 200 GET http://10.180.1.21/compute/v2.1/servers/6d6540ed-ae82-4304-a6f2-7b7063587647 1.695s
2024-12-13 19:43:39.535 66841 INFO tempest.common.waiters [-] State transition "BUILD/None" ==> "BUILD/spawning" after 17 second wait
2024-12-13 19:43:39.538 66861 INFO tempest.lib.common.rest_client [req-63696629-b251-480b-9443-d13b8b78a1b1 req-63696629-b251-480b-9443-d13b8b78a1b1 ] Request (SecurityGroupRulesTestJSON:setUpClass): 200 GET http://10.180.1.21/identity/v3/domains?name=Default 0.028s
2024-12-13 19:43:39.549 66867 INFO tempest.lib.common.rest_client [req-b03c4c5f-0c41-4344-a34c-1e228c3a2e3c req-b03c4c5f-0c41-4344-a34c-1e228c3a2e3c ] Request (AggregatesAdminNegativeTestJSON:test_aggregate_create_with_existent_aggregate_name): 409 POST http://10.180.1.21/compute/v2.1/os-aggregates 1.370s
2024-12-13 19:43:39.557 66827 INFO tempest.lib.common.rest_client [req-3584dd1c-56ac-4959-b831-f1f6240d875e req-3584dd1c-56ac-4959-b831-f1f6240d875e ] Request (ServersAdminTestJSON:setUpClass): 201 POST http://10.180.1.21/identity/v3/auth/tokens 0.036s
2024-12-13 19:43:39.569 66861 INFO tempest.lib.common.rest_client [req-5eabf5e0-308c-4d4a-812f-d44b42253164 req-5eabf5e0-308c-4d4a-812f-d44b42253164 ] Request (SecurityGroupRulesTestJSON:setUpClass): 201 POST http://10.180.1.21/identity/v3/projects 0.031s
2024-12-13 19:43:39.594 66851 INFO tempest.lib.common.rest_client [req-b2b28bd4-18ff-47bc-acb9-2b9f137be7b4 req-b2b28bd4-18ff-47bc-acb9-2b9f137be7b4 ] Request (VolumesAssistedSnapshotsTest:test_volume_assisted_snapshot_create_delete): 200 GET http://10.180.1.21/compute/v2.1/servers/f82bad60-9320-4a4e-af74-21557692aa80 1.688s
2024-12-13 19:43:39.616 66853 INFO tempest.lib.common.rest_client [req-2a6aaacd-60c5-4972-8020-a85a217a2663 req-2a6aaacd-60c5-4972-8020-a85a217a2663 ] Request (KeyPairsV2TestJSON:_run_cleanups): 202 DELETE http://10.180.1.21/compute/v2.1/os-keypairs/tempest-KeyPairsV2TestJSON-keypair-383999410 1.142s
2024-12-13 19:43:39.630 66861 INFO tempest.lib.common.rest_client [req-0ba47fc6-b9e5-4bf6-9eaf-7f0b464b42c2 req-0ba47fc6-b9e5-4bf6-9eaf-7f0b464b42c2 ] Request (SecurityGroupRulesTestJSON:setUpClass): 201 POST http://10.180.1.21/identity/v3/users 0.060s
2024-12-13 19:43:39.630 66827 INFO tempest.lib.common.rest_client [req-ed682da7-f7a8-4623-ae04-86509aa6036c req-ed682da7-f7a8-4623-ae04-86509aa6036c ] Request (ServersAdminTestJSON:setUpClass): 200 GET http://10.180.1.21/identity/v3/domains?name=Default 0.072s
2024-12-13 19:43:39.656 66819 INFO tempest.lib.common.rest_client [req-a115099b-dd28-4aba-8f62-1752a2f8f2f4 req-a115099b-dd28-4aba-8f62-1752a2f8f2f4 ] Request (AttachInterfacesV270Test:test_create_get_list_interfaces): 200 GET http://10.180.1.21/compute/v2.1/servers/f80f71e8-1b2f-476e-9b7e-b1dd3b0d7df8 1.185s
2024-12-13 19:43:39.658 66857 INFO tempest.lib.common.rest_client [req-d25ac735-a4c5-4eab-96b8-4fc8b00313b4 req-d25ac735-a4c5-4eab-96b8-4fc8b00313b4 ] Request (AttachInterfacesUnderV243Test:setUpClass): 200 PUT http://10.180.1.21:9696/networking/v2.0/routers/daee1e9f-4e82-436d-bd37-0701339c40a7/add_router_interface 3.373s
2024-12-13 19:43:39.658 66857 INFO tempest.lib.common.dynamic_creds [-] Created isolated network resources for: credentials: Credentials: {'domain_id': 'default', 'domain_name': 'Default', 'username': 'tempest-AttachInterfacesUnderV243Test-962410907-project-member', 'project_domain_id': 'default', 'project_domain_name': 'Default', 'project_id': '1e65546ab27a4afe8ba3f0598772f41a', 'project_name': 'tempest-AttachInterfacesUnderV243Test-962410907', 'tenant_id': '1e65546ab27a4afe8ba3f0598772f41a', 'tenant_name': 'tempest-AttachInterfacesUnderV243Test-962410907', 'user_domain_id': 'default', 'user_domain_name': 'Default', 'user_id': 'a0701785dd3b41c59d2ba3898c01665a', 'system': None}, Network: {'id': 'bfb33f5f-722e-474d-9852-8f4912e532ff', 'name': 'tempest-AttachInterfacesUnderV243Test-1540486594-network', 'tenant_id': '1e65546ab27a4afe8ba3f0598772f41a', 'admin_state_up': True, 'mtu': 8950, 'status': 'ACTIVE', 'subnets': [], 'shared': False, 'project_id': '1e65546ab27a4afe8ba3f0598772f41a', 'port_security_enabled': True, 'router:external': False, 'provider:network_type': 'vlan', 'provider:physical_network': 'default', 'provider:segmentation_id': 714, 'availability_zone_hints': [], 'availability_zones': [], 'ipv4_address_scope': None, 'ipv6_address_scope': None, 'description': '', 'tags': [], 'created_at': '2024-12-13T19:43:34Z', 'updated_at': '2024-12-13T19:43:34Z', 'revision_number': 1}, Subnet: {'id': '90451cd4-e5ac-44be-86f3-4bd705fcde9a', 'name': 'tempest-AttachInterfacesUnderV243Test-1540486594-subnet', 'tenant_id': '1e65546ab27a4afe8ba3f0598772f41a', 'network_id': 'bfb33f5f-722e-474d-9852-8f4912e532ff', 'ip_version': 4, 'subnetpool_id': None, 'enable_dhcp': True, 'ipv6_ra_mode': None, 'ipv6_address_mode': None, 'gateway_ip': '192.168.128.1', 'cidr': '192.168.128.0/28', 'allocation_pools': [{'start': '192.168.128.2', 'end': '192.168.128.14'}], 'host_routes': [], 'dns_nameservers': [], 'description': '', 'router:external': False, 'service_types': [], 'tags': [], 'created_at': '2024-12-13T19:43:34Z', 'updated_at': '2024-12-13T19:43:34Z', 'revision_number': 0, 'project_id': '1e65546ab27a4afe8ba3f0598772f41a'}, Router: {'id': 'daee1e9f-4e82-436d-bd37-0701339c40a7', 'name': 'tempest-AttachInterfacesUnderV243Test-1540486594-router', 'tenant_id': '1e65546ab27a4afe8ba3f0598772f41a', 'admin_state_up': True, 'status': 'ACTIVE', 'external_gateway_info': {'network_id': '7065826f-0810-4ceb-894d-3e577f31c4ba', 'external_fixed_ips': [{'subnet_id': '7878f423-03b1-4d23-be74-00c0dedc730d', 'ip_address': '10.180.180.224'}], 'enable_snat': True}, 'description': '', 'availability_zones': [], 'distributed': False, 'ha': False, 'availability_zone_hints': [], 'routes': [], 'flavor_id': None, 'tags': [], 'created_at': '2024-12-13T19:43:34Z', 'updated_at': '2024-12-13T19:43:35Z', 'revision_number': 2, 'project_id': '1e65546ab27a4afe8ba3f0598772f41a'}
2024-12-13 19:43:39.701 66853 INFO tempest.lib.common.rest_client [req-bcd1b6e5-78e6-46e7-bea4-76258093bf3e req-bcd1b6e5-78e6-46e7-bea4-76258093bf3e ] Request (KeyPairsV2TestJSON:tearDownClass): 204 DELETE http://10.180.1.21/identity/v3/users/3a653922301148f59e39936b968347cc 0.084s
2024-12-13 19:43:39.702 66853 INFO tempest.lib.common.dynamic_creds [-] Deleting project and security group for project: 2b7294b6c33c4e8790557fd6882537a5
2024-12-13 19:43:39.708 66813 INFO tempest.lib.common.rest_client [req-2c7040f7-3115-439f-ba1a-9609bca6d952 req-2c7040f7-3115-439f-ba1a-9609bca6d952 ] Request (ServerActionsTestOtherB:setUpClass): 201 POST http://10.180.1.21:9696/networking/v2.0/networks 0.930s
2024-12-13 19:43:39.770 66827 INFO tempest.lib.common.rest_client [req-dd9e6c8f-46f8-4a25-9889-8559240bede1 req-dd9e6c8f-46f8-4a25-9889-8559240bede1 ] Request (ServersAdminTestJSON:setUpClass): 201 POST http://10.180.1.21/identity/v3/projects 0.139s
2024-12-13 19:43:39.775 66807 INFO tempest.lib.common.rest_client [req-5135718a-9835-4539-862d-c4a5ea905ef2 req-5135718a-9835-4539-862d-c4a5ea905ef2 ] Request (FlavorsAdminTestJSON:test_create_list_flavor_without_extra_data): 200 GET http://10.180.1.21/compute/v2.1/flavors/detail 1.280s
2024-12-13 19:43:39.787 66817 INFO tempest.lib.common.rest_client [req-de282ca5-68b6-41e9-95c3-5ab3dde35c51 req-de282ca5-68b6-41e9-95c3-5ab3dde35c51 ] Request (QuotasAdminTestJSON:test_delete_quota): 202 DELETE http://10.180.1.21/compute/v2.1/os-quota-sets/811b6ee05bc04971acc93e48f8c95d4b 1.162s
2024-12-13 19:43:39.842 66861 INFO tempest.lib.common.rest_client [req-4539fcae-ecfd-4a55-adcb-35b99d65dc89 req-4539fcae-ecfd-4a55-adcb-35b99d65dc89 ] Request (SecurityGroupRulesTestJSON:setUpClass): 200 GET http://10.180.1.21/identity/v3/roles 0.211s
2024-12-13 19:43:39.895 66853 INFO tempest.lib.common.rest_client [req-a07241de-ca5e-4626-8f94-ac37af9d7cca req-a07241de-ca5e-4626-8f94-ac37af9d7cca ] Request (KeyPairsV2TestJSON:tearDownClass): 201 POST http://10.180.1.21/identity/v3/auth/tokens 0.193s
2024-12-13 19:43:39.899 66825 INFO tempest.lib.common.rest_client [req-a269939d-5bc4-4d6e-84a2-6266a1b46814 req-a269939d-5bc4-4d6e-84a2-6266a1b46814 ] Request (SecurityGroupsTestJSON:setUpClass): 201 POST http://10.180.1.21:9696/networking/v2.0/routers 1.680s
2024-12-13 19:43:39.912 66857 INFO tempest.lib.common.rest_client [req-bce61997-5068-4dea-8355-26b2c1dd15ed req-bce61997-5068-4dea-8355-26b2c1dd15ed ] Request (AttachInterfacesUnderV243Test:setUpClass): 201 POST http://10.180.1.21/identity/v3/auth/tokens 0.247s
2024-12-13 19:43:39.926 66827 INFO tempest.lib.common.rest_client [req-4f53f62b-4a0a-433b-89f1-9e028784c394 req-4f53f62b-4a0a-433b-89f1-9e028784c394 ] Request (ServersAdminTestJSON:setUpClass): 201 POST http://10.180.1.21/identity/v3/users 0.156s
2024-12-13 19:43:39.950 66861 INFO tempest.lib.common.rest_client [req-185d6411-3c36-4b9f-afda-701aebd37798 req-185d6411-3c36-4b9f-afda-701aebd37798 ] Request (SecurityGroupRulesTestJSON:setUpClass): 204 PUT http://10.180.1.21/identity/v3/projects/fad742e9855746d0b9e55668c9bdeaec/users/0010fb84e360451c823e63cf89e322a5/roles/27a92ceda3d1427894a8836a24bdc574 0.107s
2024-12-13 19:43:39.950 66861 INFO tempest.lib.common.dynamic_creds [-] Dynamic test user 0010fb84e360451c823e63cf89e322a5 is created with scope project and roles: ['member']
2024-12-13 19:43:39.951 66861 INFO tempest.lib.common.dynamic_creds [-] Acquired dynamic creds: credentials: Credentials: {'domain_id': 'default', 'domain_name': 'Default', 'username': 'tempest-SecurityGroupRulesTestJSON-1596915315-project-member', 'project_domain_id': 'default', 'project_domain_name': 'Default', 'project_id': 'fad742e9855746d0b9e55668c9bdeaec', 'project_name': 'tempest-SecurityGroupRulesTestJSON-1596915315', 'tenant_id': 'fad742e9855746d0b9e55668c9bdeaec', 'tenant_name': 'tempest-SecurityGroupRulesTestJSON-1596915315', 'user_domain_id': 'default', 'user_domain_name': 'Default', 'user_id': '0010fb84e360451c823e63cf89e322a5', 'system': None}, Network: None, Subnet: None, Router: None
2024-12-13 19:43:40.011 66827 INFO tempest.lib.common.rest_client [req-30edf042-6f3c-4b81-b1d1-df5e434e502e req-30edf042-6f3c-4b81-b1d1-df5e434e502e ] Request (ServersAdminTestJSON:setUpClass): 200 GET http://10.180.1.21/identity/v3/roles 0.083s
2024-12-13 19:43:40.034 66861 INFO tempest.lib.common.rest_client [req-944c714e-f7bd-44a2-8487-790c771216b2 req-944c714e-f7bd-44a2-8487-790c771216b2 ] Request (SecurityGroupRulesTestJSON:setUpClass): 201 POST http://10.180.1.21/identity/v3/auth/tokens 0.083s
2024-12-13 19:43:40.055 66827 INFO tempest.lib.common.rest_client [req-7cc59427-dded-4cf6-8e0a-544b7c96f457 req-7cc59427-dded-4cf6-8e0a-544b7c96f457 ] Request (ServersAdminTestJSON:setUpClass): 204 PUT http://10.180.1.21/identity/v3/projects/56c182ddec574253b665707e8eba14e3/users/00017b350dcf420eb9ff32af0ce99b10/roles/27a92ceda3d1427894a8836a24bdc574 0.044s
2024-12-13 19:43:40.055 66827 INFO tempest.lib.common.dynamic_creds [-] Dynamic test user 00017b350dcf420eb9ff32af0ce99b10 is created with scope project and roles: ['member']
2024-12-13 19:43:40.056 66827 INFO tempest.lib.common.dynamic_creds [-] Acquired dynamic creds: credentials: Credentials: {'domain_id': 'default', 'domain_name': 'Default', 'username': 'tempest-ServersAdminTestJSON-1558705392-project-member', 'project_domain_id': 'default', 'project_domain_name': 'Default', 'project_id': '56c182ddec574253b665707e8eba14e3', 'project_name': 'tempest-ServersAdminTestJSON-1558705392', 'tenant_id': '56c182ddec574253b665707e8eba14e3', 'tenant_name': 'tempest-ServersAdminTestJSON-1558705392', 'user_domain_id': 'default', 'user_domain_name': 'Default', 'user_id': '00017b350dcf420eb9ff32af0ce99b10', 'system': None}, Network: None, Subnet: None, Router: None
2024-12-13 19:43:40.118 66827 INFO tempest.lib.common.rest_client [req-490493d1-b33b-448c-8242-b2d7b94781fb req-490493d1-b33b-448c-8242-b2d7b94781fb ] Request (ServersAdminTestJSON:setUpClass): 201 POST http://10.180.1.21/identity/v3/auth/tokens 0.060s
2024-12-13 19:43:40.184 66831 INFO tempest.lib.common.rest_client [req-c4c595eb-842c-47d8-90b6-4bc17bb70c93 req-c4c595eb-842c-47d8-90b6-4bc17bb70c93 ] Request (TenantUsagesTestJSON:setUpClass): 202 POST http://10.180.1.21/compute/v2.1/servers 1.582s
2024-12-13 19:43:40.242 66813 INFO tempest.lib.common.rest_client [req-2ddfa085-168e-4492-8c94-12c7dfbdb573 req-2ddfa085-168e-4492-8c94-12c7dfbdb573 ] Request (ServerActionsTestOtherB:setUpClass): 201 POST http://10.180.1.21:9696/networking/v2.0/subnets 0.533s
2024-12-13 19:43:40.317 66863 INFO tempest.lib.common.rest_client [req-faad6260-6dab-4493-ba43-00036f1d0d76 req-faad6260-6dab-4493-ba43-00036f1d0d76 ] Request (DeleteServersAdminTestJSON:test_admin_delete_servers_of_others): 200 GET http://10.180.1.21/compute/v2.1/servers/d35706fa-4b30-46ac-a6df-545c8b83bdca 1.424s
2024-12-13 19:43:40.461 66853 INFO tempest.lib.common.rest_client [req-09c9e3a2-ac2e-42e4-979c-3a92c42bd4dc req-09c9e3a2-ac2e-42e4-979c-3a92c42bd4dc ] Request (KeyPairsV2TestJSON:tearDownClass): 200 GET http://10.180.1.21:9696/networking/v2.0/security-groups?tenant_id=2b7294b6c33c4e8790557fd6882537a5&name=default 0.565s
2024-12-13 19:43:40.500 66815 INFO tempest.lib.common.rest_client [req-3f5984b4-a090-4f9d-a7c9-55e620af3f32 req-3f5984b4-a090-4f9d-a7c9-55e620af3f32 ] Request (AbsoluteLimitsTestJSON:test_absLimits_get): 200 GET http://10.180.1.21/compute/v2.1/limits 1.559s
2024-12-13 19:43:40.614 66815 INFO tempest.lib.common.rest_client [req-afaf8c41-cedc-44d0-b09d-7f2a8d285dd9 req-afaf8c41-cedc-44d0-b09d-7f2a8d285dd9 ] Request (AbsoluteLimitsTestJSON:tearDownClass): 204 DELETE http://10.180.1.21/identity/v3/users/9b3e4554b6d14b679aa313de214fbed6 0.108s
2024-12-13 19:43:40.614 66815 INFO tempest.lib.common.dynamic_creds [-] Deleting project and security group for project: c73bd00d17014d239c77ebc2ef5e9783
2024-12-13 19:43:40.700 66815 INFO tempest.lib.common.rest_client [req-a0458ab7-fffc-4a85-8efb-d08a521372b5 req-a0458ab7-fffc-4a85-8efb-d08a521372b5 ] Request (AbsoluteLimitsTestJSON:tearDownClass): 201 POST http://10.180.1.21/identity/v3/auth/tokens 0.086s
2024-12-13 19:43:40.730 66845 INFO tempest.lib.common.rest_client [req-c52dd69c-5b06-43a2-ac65-43b86bc86553 req-c52dd69c-5b06-43a2-ac65-43b86bc86553 ] Request (ListServerFiltersTestJSON:setUpClass): 202 POST http://10.180.1.21/compute/v2.1/servers 2.034s
2024-12-13 19:43:40.824 66845 INFO tempest.lib.common.rest_client [req-d93e1592-cf60-48fa-bbc8-2858339f0683 req-d93e1592-cf60-48fa-bbc8-2858339f0683 ] Request (ListServerFiltersTestJSON:setUpClass): 201 POST http://10.180.1.21/identity/v3/auth/tokens 0.088s
2024-12-13 19:43:40.824 66845 INFO tempest.lib.common.fixed_network [-] (ListServerFiltersTestJSON:setUpClass) Found network {'id': 'a106e1d8-b783-449c-a124-f4d1de404bfd', 'name': 'tempest-ListServerFiltersTestJSON-463486581-network', 'tenant_id': 'ade30aec989847c498280ff09a4ace80', 'admin_state_up': True, 'mtu': 8950, 'status': 'ACTIVE', 'subnets': [], 'shared': False, 'project_id': 'ade30aec989847c498280ff09a4ace80', 'port_security_enabled': True, 'router:external': False, 'provider:network_type': 'vlan', 'provider:physical_network': 'default', 'provider:segmentation_id': 941, 'availability_zone_hints': [], 'availability_zones': [], 'ipv4_address_scope': None, 'ipv6_address_scope': None, 'description': '', 'tags': [], 'created_at': '2024-12-13T19:43:37Z', 'updated_at': '2024-12-13T19:43:37Z', 'revision_number': 1} available for tenant
2024-12-13 19:43:40.833 66855 INFO tempest.lib.common.rest_client [req-4c889a8b-6d32-4336-a31d-c7b1f452abb0 req-4c889a8b-6d32-4336-a31d-c7b1f452abb0 ] Request (MigrationsAdminTest:test_list_migrations_in_flavor_resize_situation): 200 GET http://10.180.1.21/compute/v2.1/servers/1e669675-0551-49d8-af15-64fdd0984b3f 1.688s
2024-12-13 19:43:40.842 66809 INFO tempest.lib.common.rest_client [req-ffd962e0-bc40-4a88-b869-662c4deb12eb req-ffd962e0-bc40-4a88-b869-662c4deb12eb ] Request (ServersAdmin275Test:test_rebuild_update_server_275): 200 GET http://10.180.1.21/compute/v2.1/servers/90b44fba-636a-414f-b286-7baf5adc2122 1.567s
2024-12-13 19:43:40.855 66853 INFO tempest.lib.common.rest_client [req-bfb45d97-b3db-443f-80aa-70a3569a0bd2 req-bfb45d97-b3db-443f-80aa-70a3569a0bd2 ] Request (KeyPairsV2TestJSON:tearDownClass): 204 DELETE http://10.180.1.21:9696/networking/v2.0/security-groups/d1941d7a-86e7-42ab-9cb1-f4a3888cb709 0.394s
2024-12-13 19:43:40.860 66823 INFO tempest.lib.common.rest_client [req-c90fe9d8-5e95-4ba1-82f9-9e399952ea8d req-c90fe9d8-5e95-4ba1-82f9-9e399952ea8d ] Request (ImagesDeleteNegativeTestJSON:test_delete_image_non_hex_string_id): 404 DELETE http://10.180.1.21/compute/v2.1/images/f1b267e0-6b35-40eb-a75d-680d6636f14j 1.430s
2024-12-13 19:43:40.876 66861 INFO tempest.lib.common.rest_client [req-c8a7bcc7-4b56-40b2-8c4d-2df356f4dbf2 req-c8a7bcc7-4b56-40b2-8c4d-2df356f4dbf2 ] Request (SecurityGroupRulesTestJSON:setUpClass): 201 POST http://10.180.1.21:9696/networking/v2.0/networks 0.841s
2024-12-13 19:43:40.878 66827 INFO tempest.lib.common.rest_client [req-3d4f14c5-1e6e-49f0-80ae-3cdb2d49fe67 req-3d4f14c5-1e6e-49f0-80ae-3cdb2d49fe67 ] Request (ServersAdminTestJSON:setUpClass): 201 POST http://10.180.1.21:9696/networking/v2.0/networks 0.760s
2024-12-13 19:43:40.948 66853 INFO tempest.lib.common.rest_client [req-00abf1bd-ef6f-4692-8775-ba7eea190aaf req-00abf1bd-ef6f-4692-8775-ba7eea190aaf ] Request (KeyPairsV2TestJSON:tearDownClass): 204 DELETE http://10.180.1.21/identity/v3/projects/2b7294b6c33c4e8790557fd6882537a5 0.092s
2024-12-13 19:43:41.013 66837 INFO tempest.lib.common.rest_client [req-80b8e5b0-9932-44d1-840a-e69607afaf42 req-80b8e5b0-9932-44d1-840a-e69607afaf42 ] Request (ServerActionsTestOtherA:setUpClass): 200 POST http://10.180.1.21/compute/v2.1/os-keypairs 1.707s
2024-12-13 19:43:41.029 66853 INFO tempest.lib.common.rest_client [req-5b33403f-9d47-4d73-8d54-00e851112068 req-5b33403f-9d47-4d73-8d54-00e851112068 ] Request (ServerActionsTestJSON:setUpClass): 201 POST http://10.180.1.21/identity/v3/auth/tokens 0.079s
2024-12-13 19:43:41.040 66867 INFO tempest.lib.common.rest_client [req-72cbe644-3c4d-4255-9120-1278a84e1a0d req-72cbe644-3c4d-4255-9120-1278a84e1a0d ] Request (AggregatesAdminNegativeTestJSON:_run_cleanups): 200 DELETE http://10.180.1.21/compute/v2.1/os-aggregates/4 1.490s
2024-12-13 19:43:41.069 66853 INFO tempest.lib.common.rest_client [req-297ac436-467d-4e7f-a889-0d9bbefea283 req-297ac436-467d-4e7f-a889-0d9bbefea283 ] Request (ServerActionsTestJSON:setUpClass): 201 POST http://10.180.1.21/identity/v3/auth/tokens 0.036s
2024-12-13 19:43:41.097 66853 INFO tempest.lib.common.rest_client [req-0692d7c7-7491-4e68-bc9b-e408a25eb044 req-0692d7c7-7491-4e68-bc9b-e408a25eb044 ] Request (ServerActionsTestJSON:setUpClass): 200 GET http://10.180.1.21/identity/v3/domains?name=Default 0.027s
2024-12-13 19:43:41.139 66853 INFO tempest.lib.common.rest_client [req-b00075b0-a7a1-4039-a24b-cadd376a16a5 req-b00075b0-a7a1-4039-a24b-cadd376a16a5 ] Request (ServerActionsTestJSON:setUpClass): 201 POST http://10.180.1.21/identity/v3/projects 0.042s
2024-12-13 19:43:41.202 66853 INFO tempest.lib.common.rest_client [req-8a022204-7df5-4bff-a2fb-c5370052ea57 req-8a022204-7df5-4bff-a2fb-c5370052ea57 ] Request (ServerActionsTestJSON:setUpClass): 201 POST http://10.180.1.21/identity/v3/users 0.062s
2024-12-13 19:43:41.207 66836 INFO tempest.lib.common.rest_client [req-ee484cb6-08e0-4ef2-8b98-b03299dd68dd req-ee484cb6-08e0-4ef2-8b98-b03299dd68dd ] Request (ServersWithSpecificFlavorTestJSON:test_verify_created_server_ephemeral_disk): 200 GET http://10.180.1.21/compute/v2.1/servers/63c7e049-a6db-462e-a0c6-52ec32e23f86 1.449s
2024-12-13 19:43:41.232 66853 INFO tempest.lib.common.rest_client [req-f86e441c-a0d3-4b3e-851d-a8fe55797171 req-f86e441c-a0d3-4b3e-851d-a8fe55797171 ] Request (ServerActionsTestJSON:setUpClass): 200 GET http://10.180.1.21/identity/v3/roles 0.029s
2024-12-13 19:43:41.233 66807 INFO tempest.lib.common.rest_client [req-c8b17e8e-b84a-4e86-9e33-307d13199f5f req-c8b17e8e-b84a-4e86-9e33-307d13199f5f ] Request (FlavorsAdminTestJSON:_run_cleanups): 202 DELETE http://10.180.1.21/compute/v2.1/flavors/131786512 1.451s
2024-12-13 19:43:41.287 66849 INFO tempest.lib.common.rest_client [req-95793a2a-3b3c-452b-be11-3b801b065f58 req-95793a2a-3b3c-452b-be11-3b801b065f58 ] Request (ImagesOneServerNegativeTestJSON:setUpClass): 200 GET http://10.180.1.21/compute/v2.1/servers/dc6d1fd4-d844-4ef6-b100-5e491a698ae3 1.827s
2024-12-13 19:43:41.303 66853 INFO tempest.lib.common.rest_client [req-25922017-6ab2-43de-b9d8-ffdd5b53094f req-25922017-6ab2-43de-b9d8-ffdd5b53094f ] Request (ServerActionsTestJSON:setUpClass): 204 PUT http://10.180.1.21/identity/v3/projects/31d5eeff630d40d2928149f27883ae60/users/d754949021a246e2af0e849b98f3873a/roles/27a92ceda3d1427894a8836a24bdc574 0.070s
2024-12-13 19:43:41.303 66853 INFO tempest.lib.common.dynamic_creds [-] Dynamic test user d754949021a246e2af0e849b98f3873a is created with scope project and roles: ['member']
2024-12-13 19:43:41.303 66853 INFO tempest.lib.common.dynamic_creds [-] Acquired dynamic creds: credentials: Credentials: {'domain_id': 'default', 'domain_name': 'Default', 'username': 'tempest-ServerActionsTestJSON-47344688-project-member', 'project_domain_id': 'default', 'project_domain_name': 'Default', 'project_id': '31d5eeff630d40d2928149f27883ae60', 'project_name': 'tempest-ServerActionsTestJSON-47344688', 'tenant_id': '31d5eeff630d40d2928149f27883ae60', 'tenant_name': 'tempest-ServerActionsTestJSON-47344688', 'user_domain_id': 'default', 'user_domain_name': 'Default', 'user_id': 'd754949021a246e2af0e849b98f3873a', 'system': None}, Network: None, Subnet: None, Router: None
2024-12-13 19:43:41.371 66805 INFO tempest.lib.common.rest_client [req-6e8ae062-aa8d-4499-aa90-7f23618bc441 req-6e8ae062-aa8d-4499-aa90-7f23618bc441 ] Request (AttachInterfacesTestJSON:test_create_list_show_delete_interfaces_by_fixed_ip): 200 GET http://10.180.1.21/compute/v2.1/servers/2a0c3300-ba7f-4604-b629-42bda5d48664 1.497s
2024-12-13 19:43:41.382 66805 INFO tempest.common.waiters [-] State transition "BUILD/None" ==> "BUILD/block_device_mapping" after 19 second wait
2024-12-13 19:43:41.387 66861 INFO tempest.lib.common.rest_client [req-79d4ef30-2bcd-4b3c-9d28-0b419a7df405 req-79d4ef30-2bcd-4b3c-9d28-0b419a7df405 ] Request (SecurityGroupRulesTestJSON:setUpClass): 201 POST http://10.180.1.21:9696/networking/v2.0/subnets 0.511s
2024-12-13 19:43:41.393 66853 INFO tempest.lib.common.rest_client [req-4f81ba83-b176-410f-97da-180084361931 req-4f81ba83-b176-410f-97da-180084361931 ] Request (ServerActionsTestJSON:setUpClass): 201 POST http://10.180.1.21/identity/v3/auth/tokens 0.089s
2024-12-13 19:43:41.488 66817 INFO tempest.lib.common.rest_client [req-9c29d8a5-af20-40a1-9360-60e006875eed req-9c29d8a5-af20-40a1-9360-60e006875eed ] Request (QuotasAdminTestJSON:test_delete_quota): 200 GET http://10.180.1.21/compute/v2.1/os-quota-sets/811b6ee05bc04971acc93e48f8c95d4b 1.700s
2024-12-13 19:43:41.515 66827 INFO tempest.lib.common.rest_client [req-712365fb-fb49-4504-95c9-66586fe94650 req-712365fb-fb49-4504-95c9-66586fe94650 ] Request (ServersAdminTestJSON:setUpClass): 201 POST http://10.180.1.21:9696/networking/v2.0/subnets 0.636s
2024-12-13 19:43:41.570 66815 INFO tempest.lib.common.rest_client [req-86552365-d4b3-42f2-90d0-7d7628de92e4 req-86552365-d4b3-42f2-90d0-7d7628de92e4 ] Request (AbsoluteLimitsTestJSON:tearDownClass): 200 GET http://10.180.1.21:9696/networking/v2.0/security-groups?tenant_id=c73bd00d17014d239c77ebc2ef5e9783&name=default 0.869s
2024-12-13 19:43:41.577 66857 INFO tempest.lib.common.rest_client [req-cbcd34dd-75ca-42c2-aef8-6b28ed36549f req-cbcd34dd-75ca-42c2-aef8-6b28ed36549f ] Request (ValidationResourcesFixture:setUp): 200 POST http://10.180.1.21/compute/v2.1/os-keypairs 1.660s
2024-12-13 19:43:41.593 66847 INFO tempest.lib.common.rest_client [req-1f1200ed-0a6d-402f-ab61-903208cd22fa req-1f1200ed-0a6d-402f-ab61-903208cd22fa ] Request (ServersAaction247Test:tearDownClass): 200 GET http://10.180.1.21/compute/v2.1/servers/fff9b5fd-be41-4133-a2e3-aeb7188d76ec 1.608s
2024-12-13 19:43:41.607 66817 INFO tempest.lib.common.rest_client [req-315e7c32-3eec-45f4-9952-3b4efa829a04 req-315e7c32-3eec-45f4-9952-3b4efa829a04 ] Request (QuotasAdminTestJSON:_run_cleanups): 204 DELETE http://10.180.1.21/identity/v3/projects/811b6ee05bc04971acc93e48f8c95d4b 0.117s
2024-12-13 19:43:41.691 66859 INFO tempest.lib.common.rest_client [req-f564533c-d67c-4e87-a659-61d686f5f2f9 req-f564533c-d67c-4e87-a659-61d686f5f2f9 ] Request (ServersAdminNegativeTestJSON:setUpClass): 200 GET http://10.180.1.21/compute/v2.1/servers/692b1ace-0ecb-4fc5-a348-ffe21f0d1ad7 1.596s
2024-12-13 19:43:41.777 66831 INFO tempest.lib.common.rest_client [req-3ac95cbb-4a03-4793-83f7-1ea4d82b4de5 req-3ac95cbb-4a03-4793-83f7-1ea4d82b4de5 ] Request (TenantUsagesTestJSON:setUpClass): 200 GET http://10.180.1.21/compute/v2.1/servers/049aed69-5511-4770-9a62-039b2f21d60f 1.591s
2024-12-13 19:43:41.822 66811 INFO tempest.lib.common.rest_client [req-5c1d6116-bd41-4c3f-9683-e811aa8b0cc1 req-5c1d6116-bd41-4c3f-9683-e811aa8b0cc1 ] Request (ImagesOneServerTestJSON:test_create_delete_image): 200 GET http://10.180.1.21/compute/v2.1/images/637b04fb-e603-445d-98db-5a8a3ce65b44 1.433s
2024-12-13 19:43:41.824 66837 INFO tempest.lib.common.rest_client [req-db0c28c5-8ca4-493d-b722-dacc110444a4 req-db0c28c5-8ca4-493d-b722-dacc110444a4 ] Request (ServerActionsTestOtherA:setUpClass): 201 POST http://10.180.1.21:9696/networking/v2.0/security-groups 0.809s
2024-12-13 19:43:41.844 66833 INFO tempest.lib.common.rest_client [req-5f80920b-ce5e-49ae-820b-4a0dc0d5c91f req-5f80920b-ce5e-49ae-820b-4a0dc0d5c91f ] Request (ServerExternalEventsTest:test_create_server_external_events): 200 GET http://10.180.1.21/compute/v2.1/servers/12efb14a-4241-42ec-b538-3efa54435951 1.787s
2024-12-13 19:43:41.930 66857 INFO tempest.lib.common.rest_client [req-fc57e5ad-bda4-4123-bfd4-bf9d91ef49c1 req-fc57e5ad-bda4-4123-bfd4-bf9d91ef49c1 ] Request (ValidationResourcesFixture:setUp): 201 POST http://10.180.1.21:9696/networking/v2.0/security-groups 0.351s
2024-12-13 19:43:41.943 66815 INFO tempest.lib.common.rest_client [req-3a5599d5-b223-4095-8b61-f83b26406475 req-3a5599d5-b223-4095-8b61-f83b26406475 ] Request (AbsoluteLimitsTestJSON:tearDownClass): 204 DELETE http://10.180.1.21:9696/networking/v2.0/security-groups/41b1cdae-8e00-4c06-b8fd-cba263f67847 0.372s
2024-12-13 19:43:41.979 66829 INFO tempest.lib.common.rest_client [req-860cdf37-7eb3-4017-a571-7fd8e0488d7f req-860cdf37-7eb3-4017-a571-7fd8e0488d7f ] Request (FloatingIPsAssociationTestJSON:setUpClass): 200 GET http://10.180.1.21/compute/v2.1/servers/bf01cd22-6cbb-4a95-aca8-4bcdabdc5b36 1.546s
2024-12-13 19:43:42.061 66815 INFO tempest.lib.common.rest_client [req-b7092c87-7009-443b-855f-4e7b3fa04df5 req-b7092c87-7009-443b-855f-4e7b3fa04df5 ] Request (AbsoluteLimitsTestJSON:tearDownClass): 204 DELETE http://10.180.1.21/identity/v3/projects/c73bd00d17014d239c77ebc2ef5e9783 0.117s
2024-12-13 19:43:42.139 66815 INFO tempest.lib.common.rest_client [req-f3755b5f-5d97-4837-8f09-342d520f978a req-f3755b5f-5d97-4837-8f09-342d520f978a ] Request (ServersTestManualDisk:setUpClass): 201 POST http://10.180.1.21/identity/v3/auth/tokens 0.076s
2024-12-13 19:43:42.173 66815 INFO tempest.lib.common.rest_client [req-0989deef-4d5e-46fc-94c2-e4f0938aaec0 req-0989deef-4d5e-46fc-94c2-e4f0938aaec0 ] Request (ServersTestManualDisk:setUpClass): 201 POST http://10.180.1.21/identity/v3/auth/tokens 0.031s
