2024-12-13 19:43:34.769 66821 INFO tempest.lib.common.rest_client [req-4a5faf24-2517-40c4-a82b-b868d109de1a req-4a5faf24-2517-40c4-a82b-b868d109de1a ] Request (QuotaClassesAdminTestJSON:setUpClass): 201 POST http://10.180.1.21/identity/v3/auth/tokens 0.115s
2024-12-13 19:43:34.812 66849 INFO tempest.lib.common.rest_client [req-8c13b4d6-4dc0-4050-b22c-f097bd6852c7 req-8c13b4d6-4dc0-4050-b22c-f097bd6852c7 ] Request (ImagesOneServerNegativeTestJSON:setUpClass): 200 GET http://10.180.1.21/compute/v2.1/servers/dc6d1fd4-d844-4ef6-b100-5e491a698ae3 1.987s
2024-12-13 19:43:34.834 66825 INFO tempest.lib.common.rest_client [req-ee45f39f-c2be-4260-a9dc-0ea227133d93 req-ee45f39f-c2be-4260-a9dc-0ea227133d93 ] Request (ImagesMetadataNegativeTestJSON:test_update_nonexistent_image_metadata): 404 POST http://10.180.1.21/compute/v2.1/images/4f7bffbd-298d-4f8f-8e19-6a948da41e17/metadata 1.905s
2024-12-13 19:43:34.851 66823 INFO tempest.lib.common.rest_client [req-c0447d2e-3375-4af2-a25f-287430b449a2 req-c0447d2e-3375-4af2-a25f-287430b449a2 ] Request (ImagesDeleteNegativeTestJSON:setUpClass): 201 POST http://10.180.1.21/identity/v3/users 0.119s
2024-12-13 19:43:34.927 66821 INFO tempest.lib.common.rest_client [req-e1de7d16-3e83-4099-a5b2-23865da41db3 req-e1de7d16-3e83-4099-a5b2-23865da41db3 ] Request (QuotaClassesAdminTestJSON:setUpClass): 200 GET http://10.180.1.21/identity/v3/domains?name=Default 0.158s
2024-12-13 19:43:34.950 66845 INFO tempest.lib.common.rest_client [req-e38332fc-e560-41f1-8bcf-c1a276708183 req-e38332fc-e560-41f1-8bcf-c1a276708183 ] Request (QuotasAdminTestV236:tearDownClass): 200 GET http://10.180.1.21:9696/networking/v2.0/security-groups?tenant_id=4bf14c766b8b439abf7c6fc4aaf0ce02&name=default 0.386s
2024-12-13 19:43:35.017 66809 INFO tempest.lib.common.rest_client [req-62455155-f74a-4ea2-88d2-ebd4101afb03 req-62455155-f74a-4ea2-88d2-ebd4101afb03 ] Request (ServersAdmin275Test:setUpClass): 201 POST http://10.180.1.21/identity/v3/auth/tokens 0.301s
2024-12-13 19:43:35.039 66823 INFO tempest.lib.common.rest_client [req-094dfd3c-78cb-48f8-adce-a29908c0fca9 req-094dfd3c-78cb-48f8-adce-a29908c0fca9 ] Request (ImagesDeleteNegativeTestJSON:setUpClass): 200 GET http://10.180.1.21/identity/v3/roles 0.188s
2024-12-13 19:43:35.061 66861 INFO tempest.lib.common.rest_client [req-d4a17f5f-dc1c-4e08-a081-57c28507330e req-d4a17f5f-dc1c-4e08-a081-57c28507330e ] Request (FlavorsV2NegativeTest:test_boot_with_low_ram): 204 PUT http://10.180.1.21/image/v2/images/79c89334-ffe2-4621-9463-a079cd5661f3/file 1.883s
2024-12-13 19:43:35.062 66825 INFO tempest.lib.common.rest_client [req-ae4feccf-230e-4327-ad41-548798f26eb9 req-ae4feccf-230e-4327-ad41-548798f26eb9 ] Request (ImagesMetadataNegativeTestJSON:tearDownClass): 204 DELETE http://10.180.1.21/identity/v3/users/1ebbc80f4c6742798f33ddaa58d18f5f 0.226s
2024-12-13 19:43:35.062 66825 INFO tempest.lib.common.dynamic_creds [-] Deleting project and security group for project: a0c7432d735c4de0b4452bd251d946ed
2024-12-13 19:43:35.068 66837 INFO tempest.lib.common.rest_client [req-552d360a-ec7a-4f3d-b970-dd96cb7a5563 req-552d360a-ec7a-4f3d-b970-dd96cb7a5563 ] Request (ServerActionsTestOtherA:setUpClass): 201 POST http://10.180.1.21:9696/networking/v2.0/subnets 0.757s
2024-12-13 19:43:35.105 66821 INFO tempest.lib.common.rest_client [req-398db71b-71d1-447f-a553-4a7815d0a068 req-398db71b-71d1-447f-a553-4a7815d0a068 ] Request (QuotaClassesAdminTestJSON:setUpClass): 201 POST http://10.180.1.21/identity/v3/projects 0.177s
2024-12-13 19:43:35.123 66809 INFO tempest.lib.common.rest_client [req-2cb70a7f-294f-4788-8a97-da59b2c11c85 req-2cb70a7f-294f-4788-8a97-da59b2c11c85 ] Request (ServersAdmin275Test:test_rebuild_update_server_275): 201 POST http://10.180.1.21/identity/v3/auth/tokens 0.101s
2024-12-13 19:43:35.125 66809 INFO tempest.lib.common.fixed_network [-] (ServersAdmin275Test:test_rebuild_update_server_275) Found network None available for tenant
2024-12-13 19:43:35.127 66833 INFO tempest.lib.common.rest_client [req-3ab249a0-8163-4fb3-9ae5-ca2b208b6d5b req-3ab249a0-8163-4fb3-9ae5-ca2b208b6d5b ] Request (ServerExternalEventsTest:test_create_server_external_events): 200 GET http://10.180.1.21/compute/v2.1/servers/12efb14a-4241-42ec-b538-3efa54435951 1.902s
2024-12-13 19:43:35.151 66825 INFO tempest.lib.common.rest_client [req-3d085f6f-abcc-41ae-991a-51bf011e422e req-3d085f6f-abcc-41ae-991a-51bf011e422e ] Request (ImagesMetadataNegativeTestJSON:tearDownClass): 201 POST http://10.180.1.21/identity/v3/auth/tokens 0.089s
2024-12-13 19:43:35.177 66823 INFO tempest.lib.common.rest_client [req-03757dde-5620-4745-8500-21f079013444 req-03757dde-5620-4745-8500-21f079013444 ] Request (ImagesDeleteNegativeTestJSON:setUpClass): 204 PUT http://10.180.1.21/identity/v3/projects/3e8bfa8677564684aacfe9174831e5e3/users/214542643e6b4c6aba984cfd1343539c/roles/27a92ceda3d1427894a8836a24bdc574 0.136s
2024-12-13 19:43:35.177 66823 INFO tempest.lib.common.dynamic_creds [-] Dynamic test user 214542643e6b4c6aba984cfd1343539c is created with scope project and roles: ['member']
2024-12-13 19:43:35.177 66823 INFO tempest.lib.common.dynamic_creds [-] Acquired dynamic creds: credentials: Credentials: {'domain_id': 'default', 'domain_name': 'Default', 'username': 'tempest-ImagesDeleteNegativeTestJSON-547495962-project-member', 'project_domain_id': 'default', 'project_domain_name': 'Default', 'project_id': '3e8bfa8677564684aacfe9174831e5e3', 'project_name': 'tempest-ImagesDeleteNegativeTestJSON-547495962', 'tenant_id': '3e8bfa8677564684aacfe9174831e5e3', 'tenant_name': 'tempest-ImagesDeleteNegativeTestJSON-547495962', 'user_domain_id': 'default', 'user_domain_name': 'Default', 'user_id': '214542643e6b4c6aba984cfd1343539c', 'system': None}, Network: None, Subnet: None, Router: None
2024-12-13 19:43:35.177 66823 INFO tempest.lib.common.dynamic_creds [-] Created isolated network resources for: credentials: Credentials: {'domain_id': 'default', 'domain_name': 'Default', 'username': 'tempest-ImagesDeleteNegativeTestJSON-547495962-project-member', 'project_domain_id': 'default', 'project_domain_name': 'Default', 'project_id': '3e8bfa8677564684aacfe9174831e5e3', 'project_name': 'tempest-ImagesDeleteNegativeTestJSON-547495962', 'tenant_id': '3e8bfa8677564684aacfe9174831e5e3', 'tenant_name': 'tempest-ImagesDeleteNegativeTestJSON-547495962', 'user_domain_id': 'default', 'user_domain_name': 'Default', 'user_id': '214542643e6b4c6aba984cfd1343539c', 'system': None}, Network: None, Subnet: None, Router: None
2024-12-13 19:43:35.211 66861 INFO tempest.lib.common.rest_client [req-d3c5fcc4-24d7-4696-a009-ee567fa8a049 req-d3c5fcc4-24d7-4696-a009-ee567fa8a049 ] Request (FlavorsV2NegativeTest:test_boot_with_low_ram): 201 POST http://10.180.1.21/identity/v3/auth/tokens 0.145s
2024-12-13 19:43:35.212 66861 INFO tempest.lib.common.fixed_network [-] (FlavorsV2NegativeTest:test_boot_with_low_ram) Found network None available for tenant
2024-12-13 19:43:35.217 66845 INFO tempest.lib.common.rest_client [req-fe4f11e6-3435-42da-91f6-afb0be8946e2 req-fe4f11e6-3435-42da-91f6-afb0be8946e2 ] Request (QuotasAdminTestV236:tearDownClass): 204 DELETE http://10.180.1.21:9696/networking/v2.0/security-groups/3856176e-7b6e-4380-8093-d778e07d4410 0.266s
2024-12-13 19:43:35.236 66819 INFO tempest.lib.common.rest_client [req-4194893c-404e-4ac9-9bb4-a4e2394b7390 req-4194893c-404e-4ac9-9bb4-a4e2394b7390 ] Request (AttachInterfacesV270Test:test_create_get_list_interfaces): 202 POST http://10.180.1.21/compute/v2.1/servers 2.887s
2024-12-13 19:43:35.236 66836 INFO tempest.lib.common.rest_client [req-c7ef72b7-2585-43e5-82ec-c94f41dc5759 req-c7ef72b7-2585-43e5-82ec-c94f41dc5759 ] Request (ServersWithSpecificFlavorTestJSON:test_verify_created_server_ephemeral_disk): 200 GET http://10.180.1.21/compute/v2.1/servers/63c7e049-a6db-462e-a0c6-52ec32e23f86 1.890s
2024-12-13 19:43:35.248 66821 INFO tempest.lib.common.rest_client [req-386ad80d-e709-4d63-a508-9f2003e07070 req-386ad80d-e709-4d63-a508-9f2003e07070 ] Request (QuotaClassesAdminTestJSON:setUpClass): 201 POST http://10.180.1.21/identity/v3/users 0.142s
2024-12-13 19:43:35.252 66831 INFO tempest.lib.common.rest_client [req-b97b17ff-477f-4af0-ae0c-99d2815c0afe req-b97b17ff-477f-4af0-ae0c-99d2815c0afe ] Request (HypervisorAdminUnderV252Test:tearDownClass): 200 GET http://10.180.1.21:9696/networking/v2.0/security-groups?tenant_id=3fd2c0bba1c14d8d90a7bdd911041a0f&name=default 0.570s
2024-12-13 19:43:35.347 66845 INFO tempest.lib.common.rest_client [req-8320cf75-f8d5-431b-8956-b8988b1f087d req-8320cf75-f8d5-431b-8956-b8988b1f087d ] Request (QuotasAdminTestV236:tearDownClass): 204 DELETE http://10.180.1.21/identity/v3/projects/4bf14c766b8b439abf7c6fc4aaf0ce02 0.128s
2024-12-13 19:43:35.359 66823 INFO tempest.lib.common.rest_client [req-f0a2ff6f-3cf3-4a85-987b-351f9d20ff2d req-f0a2ff6f-3cf3-4a85-987b-351f9d20ff2d ] Request (ImagesDeleteNegativeTestJSON:setUpClass): 201 POST http://10.180.1.21/identity/v3/auth/tokens 0.176s
2024-12-13 19:43:35.365 66847 INFO tempest.lib.common.rest_client [req-cabf3f96-f8aa-4097-b29f-02ecfb40ba0c req-cabf3f96-f8aa-4097-b29f-02ecfb40ba0c ] Request (ServersAaction247Test:tearDownClass): 200 GET http://10.180.1.21/compute/v2.1/servers/fff9b5fd-be41-4133-a2e3-aeb7188d76ec 1.954s
2024-12-13 19:43:35.368 66805 INFO tempest.lib.common.rest_client [req-b118b22a-d5d1-4059-a10f-ffed25b76d56 req-b118b22a-d5d1-4059-a10f-ffed25b76d56 ] Request (AttachInterfacesTestJSON:test_create_list_show_delete_interfaces_by_fixed_ip): 200 GET http://10.180.1.21/compute/v2.1/servers/2a0c3300-ba7f-4604-b629-42bda5d48664 1.864s
2024-12-13 19:43:35.431 66821 INFO tempest.lib.common.rest_client [req-5f7c2379-bbb6-4616-bdd9-8e6ddde84faa req-5f7c2379-bbb6-4616-bdd9-8e6ddde84faa ] Request (QuotaClassesAdminTestJSON:setUpClass): 200 GET http://10.180.1.21/identity/v3/roles 0.182s
2024-12-13 19:43:35.456 66845 INFO tempest.lib.common.rest_client [req-69606ae0-5ef1-4876-8611-19eb71e23383 req-69606ae0-5ef1-4876-8611-19eb71e23383 ] Request (ListServerFiltersTestJSON:setUpClass): 201 POST http://10.180.1.21/identity/v3/auth/tokens 0.107s
2024-12-13 19:43:35.483 66859 INFO tempest.lib.common.rest_client [req-97bee3e5-eef1-449b-a0cd-dd7fc01fb8ca req-97bee3e5-eef1-449b-a0cd-dd7fc01fb8ca ] Request (ServersAdminNegativeTestJSON:setUpClass): 200 GET http://10.180.1.21/compute/v2.1/servers/692b1ace-0ecb-4fc5-a348-ffe21f0d1ad7 1.888s
2024-12-13 19:43:35.492 66821 INFO tempest.lib.common.rest_client [req-4f45fa17-658b-44fc-9724-f3092c618b31 req-4f45fa17-658b-44fc-9724-f3092c618b31 ] Request (QuotaClassesAdminTestJSON:setUpClass): 204 PUT http://10.180.1.21/identity/v3/projects/a6cc865e39554d2ebcbeda5f487f2aa4/users/cca91e6c4db6483183afda5d78c1b850/roles/27a92ceda3d1427894a8836a24bdc574 0.061s
2024-12-13 19:43:35.492 66821 INFO tempest.lib.common.dynamic_creds [-] Dynamic test user cca91e6c4db6483183afda5d78c1b850 is created with scope project and roles: ['member']
2024-12-13 19:43:35.492 66821 INFO tempest.lib.common.dynamic_creds [-] Acquired dynamic creds: credentials: Credentials: {'domain_id': 'default', 'domain_name': 'Default', 'username': 'tempest-QuotaClassesAdminTestJSON-666317054-project-member', 'project_domain_id': 'default', 'project_domain_name': 'Default', 'project_id': 'a6cc865e39554d2ebcbeda5f487f2aa4', 'project_name': 'tempest-QuotaClassesAdminTestJSON-666317054', 'tenant_id': 'a6cc865e39554d2ebcbeda5f487f2aa4', 'tenant_name': 'tempest-QuotaClassesAdminTestJSON-666317054', 'user_domain_id': 'default', 'user_domain_name': 'Default', 'user_id': 'cca91e6c4db6483183afda5d78c1b850', 'system': None}, Network: None, Subnet: None, Router: None
2024-12-13 19:43:35.493 66821 INFO tempest.lib.common.dynamic_creds [-] Created isolated network resources for: credentials: Credentials: {'domain_id': 'default', 'domain_name': 'Default', 'username': 'tempest-QuotaClassesAdminTestJSON-666317054-project-member', 'project_domain_id': 'default', 'project_domain_name': 'Default', 'project_id': 'a6cc865e39554d2ebcbeda5f487f2aa4', 'project_name': 'tempest-QuotaClassesAdminTestJSON-666317054', 'tenant_id': 'a6cc865e39554d2ebcbeda5f487f2aa4', 'tenant_name': 'tempest-QuotaClassesAdminTestJSON-666317054', 'user_domain_id': 'default', 'user_domain_name': 'Default', 'user_id': 'cca91e6c4db6483183afda5d78c1b850', 'system': None}, Network: None, Subnet: None, Router: None
2024-12-13 19:43:35.510 66831 INFO tempest.lib.common.rest_client [req-511d1fee-dd7c-434e-aa86-b647462c6a49 req-511d1fee-dd7c-434e-aa86-b647462c6a49 ] Request (HypervisorAdminUnderV252Test:tearDownClass): 204 DELETE http://10.180.1.21:9696/networking/v2.0/security-groups/9b641023-ac09-49ef-9906-66efbfa64e98 0.257s
2024-12-13 19:43:35.533 66825 INFO tempest.lib.common.rest_client [req-6f9e6d3a-4ea8-45a2-8894-b1501aa12f9a req-6f9e6d3a-4ea8-45a2-8894-b1501aa12f9a ] Request (ImagesMetadataNegativeTestJSON:tearDownClass): 200 GET http://10.180.1.21:9696/networking/v2.0/security-groups?tenant_id=a0c7432d735c4de0b4452bd251d946ed&name=default 0.381s
2024-12-13 19:43:35.584 66845 INFO tempest.lib.common.rest_client [req-411c76a3-456a-421f-9e21-4c3c23eb1595 req-411c76a3-456a-421f-9e21-4c3c23eb1595 ] Request (ListServerFiltersTestJSON:setUpClass): 201 POST http://10.180.1.21/identity/v3/auth/tokens 0.123s
2024-12-13 19:43:35.619 66825 INFO tempest.lib.common.rest_client [req-3709deeb-736f-4cd3-86f8-da3c89946cfb req-3709deeb-736f-4cd3-86f8-da3c89946cfb ] Request (ImagesMetadataNegativeTestJSON:tearDownClass): 204 DELETE http://10.180.1.21:9696/networking/v2.0/security-groups/5a6e347b-97cb-4523-a3e0-029c32f36bf6 0.085s
2024-12-13 19:43:35.668 66821 INFO tempest.lib.common.rest_client [req-784b3950-684b-4f79-9d73-d33fe2d43a74 req-784b3950-684b-4f79-9d73-d33fe2d43a74 ] Request (QuotaClassesAdminTestJSON:setUpClass): 201 POST http://10.180.1.21/identity/v3/auth/tokens 0.171s
2024-12-13 19:43:35.693 66845 INFO tempest.lib.common.rest_client [req-4ca9b60d-f14c-4700-a18a-f3350f464dab req-4ca9b60d-f14c-4700-a18a-f3350f464dab ] Request (ListServerFiltersTestJSON:setUpClass): 200 GET http://10.180.1.21/identity/v3/domains?name=Default 0.108s
2024-12-13 19:43:35.721 66863 INFO tempest.lib.common.rest_client [req-e09a1c40-0132-4b79-bb4b-af772167f0a0 req-e09a1c40-0132-4b79-bb4b-af772167f0a0 ] Request (DeleteServersAdminTestJSON:test_admin_delete_servers_of_others): 204 DELETE http://10.180.1.21/compute/v2.1/servers/d35706fa-4b30-46ac-a6df-545c8b83bdca 2.157s
2024-12-13 19:43:35.735 66831 INFO tempest.lib.common.rest_client [req-ec891070-ed03-4dc4-b5b8-bad78bd8b18f req-ec891070-ed03-4dc4-b5b8-bad78bd8b18f ] Request (HypervisorAdminUnderV252Test:tearDownClass): 204 DELETE http://10.180.1.21/identity/v3/projects/3fd2c0bba1c14d8d90a7bdd911041a0f 0.224s
2024-12-13 19:43:35.735 66831 INFO tempest.lib.common.dynamic_creds [-] Deleting project and security group for project: d6fa840c8d5f4fbf9417fb6450737083
2024-12-13 19:43:35.765 66825 INFO tempest.lib.common.rest_client [req-1eae50ba-fd16-407b-afb8-d2ee1d535cff req-1eae50ba-fd16-407b-afb8-d2ee1d535cff ] Request (ImagesMetadataNegativeTestJSON:tearDownClass): 204 DELETE http://10.180.1.21/identity/v3/projects/a0c7432d735c4de0b4452bd251d946ed 0.145s
2024-12-13 19:43:35.836 66821 INFO tempest.lib.common.rest_client [req-96299617-8046-4f3e-928c-a379df748074 req-96299617-8046-4f3e-928c-a379df748074 ] Request (QuotaClassesAdminTestJSON:setUpClass): 201 POST http://10.180.1.21/identity/v3/projects 0.167s
2024-12-13 19:43:35.836 66845 INFO tempest.lib.common.rest_client [req-b543c11f-b591-4561-8131-25c6538a9756 req-b543c11f-b591-4561-8131-25c6538a9756 ] Request (ListServerFiltersTestJSON:setUpClass): 201 POST http://10.180.1.21/identity/v3/projects 0.143s
2024-12-13 19:43:35.889 66825 INFO tempest.lib.common.rest_client [req-01387790-c5d0-4a38-86fa-28d70e8a79fb req-01387790-c5d0-4a38-86fa-28d70e8a79fb ] Request (SecurityGroupsTestJSON:setUpClass): 201 POST http://10.180.1.21/identity/v3/auth/tokens 0.120s
2024-12-13 19:43:35.907 66815 INFO tempest.lib.common.rest_client [req-3ece407a-5aa8-4387-a7e3-c74e8d600937 req-3ece407a-5aa8-4387-a7e3-c74e8d600937 ] Request (SecurityGroupsTestAdminJSON:_run_cleanups): 202 DELETE http://10.180.1.21/compute/v2.1/os-security-groups/4f4e818c-842a-4f2f-9976-387115cf49bd 2.082s
2024-12-13 19:43:35.921 66821 INFO tempest.lib.common.rest_client [req-17408904-4de6-4078-8ba2-e34c11e8a791 req-17408904-4de6-4078-8ba2-e34c11e8a791 ] Request (QuotaClassesAdminTestJSON:setUpClass): 201 POST http://10.180.1.21/identity/v3/users 0.084s
2024-12-13 19:43:35.921 66867 INFO tempest.lib.common.rest_client [req-7be3deb1-f28a-438f-beab-cba7497fc1ca req-7be3deb1-f28a-438f-beab-cba7497fc1ca ] Request (AggregatesAdminNegativeTestJSON:test_aggregate_create_as_user): 403 POST http://10.180.1.21/compute/v2.1/os-aggregates 2.084s
2024-12-13 19:43:35.922 66831 INFO tempest.lib.common.rest_client [req-bcbd3145-012a-4be3-bda1-158a7f938230 req-bcbd3145-012a-4be3-bda1-158a7f938230 ] Request (HypervisorAdminUnderV252Test:tearDownClass): 200 GET http://10.180.1.21:9696/networking/v2.0/security-groups?tenant_id=d6fa840c8d5f4fbf9417fb6450737083&name=default 0.187s
2024-12-13 19:43:35.939 66813 INFO tempest.lib.common.rest_client [req-a65e9b97-f4b7-4f26-bc4e-79c21e40cdf3 req-a65e9b97-f4b7-4f26-bc4e-79c21e40cdf3 ] Request (FlavorsV2TestJSON:test_list_flavors_with_detail): 200 GET http://10.180.1.21/compute/v2.1/flavors/42 2.090s
2024-12-13 19:43:35.945 66845 INFO tempest.lib.common.rest_client [req-3c9bd055-ab56-4e96-94c9-1e4f8da460e8 req-3c9bd055-ab56-4e96-94c9-1e4f8da460e8 ] Request (ListServerFiltersTestJSON:setUpClass): 201 POST http://10.180.1.21/identity/v3/users 0.108s
2024-12-13 19:43:35.970 66825 INFO tempest.lib.common.rest_client [req-e73bf22c-b4d7-4ce6-8e61-4b4708da9d4d req-e73bf22c-b4d7-4ce6-8e61-4b4708da9d4d ] Request (SecurityGroupsTestJSON:setUpClass): 201 POST http://10.180.1.21/identity/v3/auth/tokens 0.073s
2024-12-13 19:43:35.992 66817 INFO tempest.lib.common.rest_client [req-6bc65975-952e-4a22-904a-36667e0dc447 req-6bc65975-952e-4a22-904a-36667e0dc447 ] Request (QuotasAdminTestJSON:test_delete_quota): 200 GET http://10.180.1.21/compute/v2.1/os-quota-sets/811b6ee05bc04971acc93e48f8c95d4b 2.219s
2024-12-13 19:43:35.999 66821 INFO tempest.lib.common.rest_client [req-34feda4f-0d1a-4755-a16b-16819a8b3292 req-34feda4f-0d1a-4755-a16b-16819a8b3292 ] Request (QuotaClassesAdminTestJSON:setUpClass): 200 GET http://10.180.1.21/identity/v3/roles 0.078s
2024-12-13 19:43:36.010 66853 INFO tempest.lib.common.rest_client [req-dbda789b-16a4-4de2-8a0f-3fe84b9f9401 req-dbda789b-16a4-4de2-8a0f-3fe84b9f9401 ] Request (KeyPairsV2TestJSON:_run_cleanups): 202 DELETE http://10.180.1.21/compute/v2.1/os-keypairs/tempest-KeyPairsV2TestJSON-keypair-24094244 1.941s
2024-12-13 19:43:36.025 66807 INFO tempest.lib.common.rest_client [req-957c5bf9-1a87-4970-9046-1d910d0fefcc req-957c5bf9-1a87-4970-9046-1d910d0fefcc ] Request (FlavorsAdminTestJSON:test_create_list_flavor_without_extra_data): 200 POST http://10.180.1.21/compute/v2.1/flavors 1.932s
2024-12-13 19:43:36.036 66815 INFO tempest.lib.common.rest_client [req-f7e905f5-22f2-4b41-bdb7-d7d744d6f4a3 req-f7e905f5-22f2-4b41-bdb7-d7d744d6f4a3 ] Request (SecurityGroupsTestAdminJSON:tearDownClass): 204 DELETE http://10.180.1.21/identity/v3/users/620563d3c80449ad9a4e862a21105beb 0.127s
2024-12-13 19:43:36.039 66827 INFO tempest.lib.common.rest_client [req-26679cc1-b1bb-45fc-be1a-34b6828269b1 req-26679cc1-b1bb-45fc-be1a-34b6828269b1 ] Request (HypervisorAdminNegativeUnderV252Test:test_show_servers_with_nonexistent_hypervisor): 404 GET http://10.180.1.21/compute/v2.1/os-hypervisors/c5267cac-af9b-4dc9-a719-a4ded3b1d6d4/servers 1.933s
2024-12-13 19:43:36.063 66831 INFO tempest.lib.common.rest_client [req-abe164d9-3d8a-4aa9-9bec-b07dac596cd9 req-abe164d9-3d8a-4aa9-9bec-b07dac596cd9 ] Request (HypervisorAdminUnderV252Test:tearDownClass): 204 DELETE http://10.180.1.21:9696/networking/v2.0/security-groups/aa8b8423-5bf8-4653-bb16-fedeeb5e065b 0.140s
2024-12-13 19:43:36.110 66865 INFO tempest.lib.common.rest_client [req-cd1ad32e-edce-4fe0-abe6-e733625ac305 req-cd1ad32e-edce-4fe0-abe6-e733625ac305 ] Request (ServerRescueTestJSONUnderV235:setUpClass): 200 GET http://10.180.1.21/compute/v2.1/servers/a903fd4b-e31e-4fde-b8d6-a11ecf5a602f 2.199s
2024-12-13 19:43:36.111 66813 INFO tempest.lib.common.rest_client [req-512bec6c-600f-4b14-9d73-a869d138f91f req-512bec6c-600f-4b14-9d73-a869d138f91f ] Request (FlavorsV2TestJSON:tearDownClass): 204 DELETE http://10.180.1.21/identity/v3/users/bd2d083383974cb89f03e83aa89af6eb 0.167s
2024-12-13 19:43:36.111 66813 INFO tempest.lib.common.dynamic_creds [-] Deleting project and security group for project: fede9218ddbc4579a2ed897b13cfdac0
2024-12-13 19:43:36.119 66845 INFO tempest.lib.common.rest_client [req-ae980e78-151f-4752-a044-af4011a4b2c4 req-ae980e78-151f-4752-a044-af4011a4b2c4 ] Request (ListServerFiltersTestJSON:setUpClass): 200 GET http://10.180.1.21/identity/v3/roles 0.172s
2024-12-13 19:43:36.167 66825 INFO tempest.lib.common.rest_client [req-9afc475a-aa3f-4c2e-8b22-5fa6480dbc5d req-9afc475a-aa3f-4c2e-8b22-5fa6480dbc5d ] Request (SecurityGroupsTestJSON:setUpClass): 200 GET http://10.180.1.21/identity/v3/domains?name=Default 0.197s
2024-12-13 19:43:36.176 66821 INFO tempest.lib.common.rest_client [req-2518cb28-5e94-4292-98b5-3a2586abd468 req-2518cb28-5e94-4292-98b5-3a2586abd468 ] Request (QuotaClassesAdminTestJSON:setUpClass): 204 PUT http://10.180.1.21/identity/v3/projects/d9b25e4b1be94e809756608a99cef150/users/5aa0d940509f440c80a9c70d9fdf329d/roles/40d26c64c0834c4280961c8a5dec444f 0.176s
2024-12-13 19:43:36.264 66815 INFO tempest.lib.common.rest_client [req-8e34b787-7550-4489-ae70-cd06a1de086b req-8e34b787-7550-4489-ae70-cd06a1de086b ] Request (SecurityGroupsTestAdminJSON:tearDownClass): 204 DELETE http://10.180.1.21/identity/v3/users/ba986b585cb141fe848cb5f45768926a 0.227s
2024-12-13 19:43:36.264 66815 INFO tempest.lib.common.dynamic_creds [-] Deleting project and security group for project: cd4b3a55da1243afafc24d0e8978126a
2024-12-13 19:43:36.273 66827 INFO tempest.lib.common.rest_client [req-b4b2354c-eeff-4202-97d6-4caec40e69e1 req-b4b2354c-eeff-4202-97d6-4caec40e69e1 ] Request (HypervisorAdminNegativeUnderV252Test:tearDownClass): 204 DELETE http://10.180.1.21/identity/v3/users/f5abd504da894b82bc840a36e92668ee 0.232s
2024-12-13 19:43:36.284 66857 INFO tempest.lib.common.rest_client [req-3548dcbf-3086-453a-b3dd-b7833001087f req-3548dcbf-3086-453a-b3dd-b7833001087f ] Request (AttachInterfacesUnderV243Test:setUpClass): 201 POST http://10.180.1.21:9696/networking/v2.0/routers 1.701s
2024-12-13 19:43:36.358 66813 INFO tempest.lib.common.rest_client [req-03771b76-3460-4f3b-88f3-793d17b75ac5 req-03771b76-3460-4f3b-88f3-793d17b75ac5 ] Request (FlavorsV2TestJSON:tearDownClass): 201 POST http://10.180.1.21/identity/v3/auth/tokens 0.247s
2024-12-13 19:43:36.414 66845 INFO tempest.lib.common.rest_client [req-98e647d7-3258-40f0-b2a7-d9e280ac740f req-98e647d7-3258-40f0-b2a7-d9e280ac740f ] Request (ListServerFiltersTestJSON:setUpClass): 204 PUT http://10.180.1.21/identity/v3/projects/ade30aec989847c498280ff09a4ace80/users/1a6fc735ddfe4ed9be8f91ecf260620e/roles/27a92ceda3d1427894a8836a24bdc574 0.294s
2024-12-13 19:43:36.414 66845 INFO tempest.lib.common.dynamic_creds [-] Dynamic test user 1a6fc735ddfe4ed9be8f91ecf260620e is created with scope project and roles: ['member']
2024-12-13 19:43:36.414 66845 INFO tempest.lib.common.dynamic_creds [-] Acquired dynamic creds: credentials: Credentials: {'domain_id': 'default', 'domain_name': 'Default', 'username': 'tempest-ListServerFiltersTestJSON-1551292795-project-member', 'project_domain_id': 'default', 'project_domain_name': 'Default', 'project_id': 'ade30aec989847c498280ff09a4ace80', 'project_name': 'tempest-ListServerFiltersTestJSON-1551292795', 'tenant_id': 'ade30aec989847c498280ff09a4ace80', 'tenant_name': 'tempest-ListServerFiltersTestJSON-1551292795', 'user_domain_id': 'default', 'user_domain_name': 'Default', 'user_id': '1a6fc735ddfe4ed9be8f91ecf260620e', 'system': None}, Network: None, Subnet: None, Router: None
2024-12-13 19:43:36.429 66831 INFO tempest.lib.common.rest_client [req-b70b8039-9dba-41b2-aff7-2a881d746c3c req-b70b8039-9dba-41b2-aff7-2a881d746c3c ] Request (HypervisorAdminUnderV252Test:tearDownClass): 204 DELETE http://10.180.1.21/identity/v3/projects/d6fa840c8d5f4fbf9417fb6450737083 0.365s
2024-12-13 19:43:36.453 66829 INFO tempest.lib.common.rest_client [req-503d9faa-09e1-4c99-9d47-22b24fa9f84f req-503d9faa-09e1-4c99-9d47-22b24fa9f84f ] Request (FloatingIPsAssociationTestJSON:setUpClass): 200 GET http://10.180.1.21/compute/v2.1/servers/bf01cd22-6cbb-4a95-aca8-4bcdabdc5b36 1.486s
2024-12-13 19:43:36.518 66837 INFO tempest.lib.common.rest_client [req-287a0cb4-b348-417b-a15c-774b220f31f9 req-287a0cb4-b348-417b-a15c-774b220f31f9 ] Request (ServerActionsTestOtherA:setUpClass): 201 POST http://10.180.1.21:9696/networking/v2.0/routers 1.449s
2024-12-13 19:43:36.581 66825 INFO tempest.lib.common.rest_client [req-59f7d701-f248-4195-acef-968db34abf05 req-59f7d701-f248-4195-acef-968db34abf05 ] Request (SecurityGroupsTestJSON:setUpClass): 201 POST http://10.180.1.21/identity/v3/projects 0.413s
2024-12-13 19:43:36.625 66821 INFO tempest.lib.common.rest_client [req-7eaed1af-9120-4e3a-9cb5-1bf41ad8cdbf req-7eaed1af-9120-4e3a-9cb5-1bf41ad8cdbf ] Request (QuotaClassesAdminTestJSON:setUpClass): 200 GET http://10.180.1.21/identity/v3/roles 0.448s
2024-12-13 19:43:36.649 66815 INFO tempest.lib.common.rest_client [req-7161dbbd-59c9-4938-aed3-703c3e604e5a req-7161dbbd-59c9-4938-aed3-703c3e604e5a ] Request (SecurityGroupsTestAdminJSON:tearDownClass): 201 POST http://10.180.1.21/identity/v3/auth/tokens 0.384s
2024-12-13 19:43:36.691 66827 INFO tempest.lib.common.rest_client [req-3fe5c98e-b38c-42e3-a0a1-da0db9aa7550 req-3fe5c98e-b38c-42e3-a0a1-da0db9aa7550 ] Request (HypervisorAdminNegativeUnderV252Test:tearDownClass): 204 DELETE http://10.180.1.21/identity/v3/users/887e38f05b524c749e2bde436a60b09f 0.418s
2024-12-13 19:43:36.691 66827 INFO tempest.lib.common.dynamic_creds [-] Deleting project and security group for project: dda15fb74a5f4edeb0683a18829f9782
2024-12-13 19:43:36.739 66843 INFO tempest.lib.common.rest_client [req-98924eaf-e102-41c4-b2c1-ec8a6979904b req-98924eaf-e102-41c4-b2c1-ec8a6979904b ] Request (ServerShowV254Test:test_rebuild_server): 200 GET http://10.180.1.21/compute/v2.1/servers/b79bac0e-5cb0-43de-b10f-26262358e61e 1.766s
2024-12-13 19:43:36.744 66845 INFO tempest.lib.common.rest_client [req-a4c3169e-0a36-4d5d-ba01-90951afc9938 req-a4c3169e-0a36-4d5d-ba01-90951afc9938 ] Request (ListServerFiltersTestJSON:setUpClass): 201 POST http://10.180.1.21/identity/v3/auth/tokens 0.329s
2024-12-13 19:43:36.767 66831 INFO tempest.lib.common.rest_client [req-01b274e9-673e-4401-a441-ddc31dfbf584 req-01b274e9-673e-4401-a441-ddc31dfbf584 ] Request (TenantUsagesTestJSON:setUpClass): 201 POST http://10.180.1.21/identity/v3/auth/tokens 0.335s
2024-12-13 19:43:36.790 66825 INFO tempest.lib.common.rest_client [req-0bc28ecf-a768-4c39-874e-33b78618211f req-0bc28ecf-a768-4c39-874e-33b78618211f ] Request (SecurityGroupsTestJSON:setUpClass): 201 POST http://10.180.1.21/identity/v3/users 0.208s
2024-12-13 19:43:36.808 66821 INFO tempest.lib.common.rest_client [req-ac6e6da1-2c78-47cf-a7d3-a829b6a8a696 req-ac6e6da1-2c78-47cf-a7d3-a829b6a8a696 ] Request (QuotaClassesAdminTestJSON:setUpClass): 204 PUT http://10.180.1.21/identity/v3/projects/d9b25e4b1be94e809756608a99cef150/users/5aa0d940509f440c80a9c70d9fdf329d/roles/40d26c64c0834c4280961c8a5dec444f 0.182s
2024-12-13 19:43:36.808 66821 INFO tempest.lib.common.dynamic_creds [-] Dynamic test user 5aa0d940509f440c80a9c70d9fdf329d is created with scope project and roles: ['admin']
2024-12-13 19:43:36.808 66821 INFO tempest.lib.common.dynamic_creds [-] Acquired dynamic creds: credentials: Credentials: {'domain_id': 'default', 'domain_name': 'Default', 'username': 'tempest-QuotaClassesAdminTestJSON-450730751-project-admin', 'project_domain_id': 'default', 'project_domain_name': 'Default', 'project_id': 'd9b25e4b1be94e809756608a99cef150', 'project_name': 'tempest-QuotaClassesAdminTestJSON-450730751', 'tenant_id': 'd9b25e4b1be94e809756608a99cef150', 'tenant_name': 'tempest-QuotaClassesAdminTestJSON-450730751', 'user_domain_id': 'default', 'user_domain_name': 'Default', 'user_id': '5aa0d940509f440c80a9c70d9fdf329d', 'system': None}, Network: None, Subnet: None, Router: None
2024-12-13 19:43:36.808 66821 INFO tempest.lib.common.dynamic_creds [-] Created isolated network resources for: credentials: Credentials: {'domain_id': 'default', 'domain_name': 'Default', 'username': 'tempest-QuotaClassesAdminTestJSON-450730751-project-admin', 'project_domain_id': 'default', 'project_domain_name': 'Default', 'project_id': 'd9b25e4b1be94e809756608a99cef150', 'project_name': 'tempest-QuotaClassesAdminTestJSON-450730751', 'tenant_id': 'd9b25e4b1be94e809756608a99cef150', 'tenant_name': 'tempest-QuotaClassesAdminTestJSON-450730751', 'user_domain_id': 'default', 'user_domain_name': 'Default', 'user_id': '5aa0d940509f440c80a9c70d9fdf329d', 'system': None}, Network: None, Subnet: None, Router: None
2024-12-13 19:43:36.823 66841 INFO tempest.lib.common.rest_client [req-d3acc07f-3f8f-4c78-af56-ea5e5203e89a req-d3acc07f-3f8f-4c78-af56-ea5e5203e89a ] Request (ServerDiagnosticsTest:test_get_server_diagnostics): 200 GET http://10.180.1.21/compute/v2.1/servers/6d6540ed-ae82-4304-a6f2-7b7063587647 1.766s
2024-12-13 19:43:36.891 66827 INFO tempest.lib.common.rest_client [req-c2e2b2b0-fcd0-4248-bf15-c41debe832fa req-c2e2b2b0-fcd0-4248-bf15-c41debe832fa ] Request (HypervisorAdminNegativeUnderV252Test:tearDownClass): 201 POST http://10.180.1.21/identity/v3/auth/tokens 0.200s
2024-12-13 19:43:36.894 66851 INFO tempest.lib.common.rest_client [req-3adaca14-7df1-4689-a231-0d1b4a73e485 req-3adaca14-7df1-4689-a231-0d1b4a73e485 ] Request (VolumesAssistedSnapshotsTest:test_volume_assisted_snapshot_create_delete): 200 GET http://10.180.1.21/compute/v2.1/servers/f82bad60-9320-4a4e-af74-21557692aa80 1.821s
2024-12-13 19:43:36.905 66851 INFO tempest.common.waiters [-] State transition "BUILD/scheduling" ==> "BUILD/None" after 2 second wait
2024-12-13 19:43:36.922 66825 INFO tempest.lib.common.rest_client [req-9356149b-fe89-40d0-af17-bbdf9e3013cd req-9356149b-fe89-40d0-af17-bbdf9e3013cd ] Request (SecurityGroupsTestJSON:setUpClass): 200 GET http://10.180.1.21/identity/v3/roles 0.132s
2024-12-13 19:43:36.926 66831 INFO tempest.lib.common.rest_client [req-622573b1-a8be-46be-a06f-463e0dce6839 req-622573b1-a8be-46be-a06f-463e0dce6839 ] Request (TenantUsagesTestJSON:setUpClass): 201 POST http://10.180.1.21/identity/v3/auth/tokens 0.157s
2024-12-13 19:43:36.994 66821 INFO tempest.lib.common.rest_client [req-e0b0463f-231f-4d4e-affa-e72601ab6e1d req-e0b0463f-231f-4d4e-affa-e72601ab6e1d ] Request (QuotaClassesAdminTestJSON:setUpClass): 201 POST http://10.180.1.21/identity/v3/auth/tokens 0.181s
2024-12-13 19:43:37.030 66825 INFO tempest.lib.common.rest_client [req-81b507f8-c9ac-41b1-a110-77018b41430c req-81b507f8-c9ac-41b1-a110-77018b41430c ] Request (SecurityGroupsTestJSON:setUpClass): 204 PUT http://10.180.1.21/identity/v3/projects/10cbceaa655b46ebabb5a9831d033750/users/ea242d0d149d46ea9db16ed9906b67e0/roles/27a92ceda3d1427894a8836a24bdc574 0.107s
2024-12-13 19:43:37.030 66825 INFO tempest.lib.common.dynamic_creds [-] Dynamic test user ea242d0d149d46ea9db16ed9906b67e0 is created with scope project and roles: ['member']
2024-12-13 19:43:37.030 66825 INFO tempest.lib.common.dynamic_creds [-] Acquired dynamic creds: credentials: Credentials: {'domain_id': 'default', 'domain_name': 'Default', 'username': 'tempest-SecurityGroupsTestJSON-247158518-project-member', 'project_domain_id': 'default', 'project_domain_name': 'Default', 'project_id': '10cbceaa655b46ebabb5a9831d033750', 'project_name': 'tempest-SecurityGroupsTestJSON-247158518', 'tenant_id': '10cbceaa655b46ebabb5a9831d033750', 'tenant_name': 'tempest-SecurityGroupsTestJSON-247158518', 'user_domain_id': 'default', 'user_domain_name': 'Default', 'user_id': 'ea242d0d149d46ea9db16ed9906b67e0', 'system': None}, Network: None, Subnet: None, Router: None
2024-12-13 19:43:37.035 66815 INFO tempest.lib.common.rest_client [req-0148d955-3aaf-43cb-999e-1169ad195e93 req-0148d955-3aaf-43cb-999e-1169ad195e93 ] Request (SecurityGroupsTestAdminJSON:tearDownClass): 200 GET http://10.180.1.21:9696/networking/v2.0/security-groups?tenant_id=cd4b3a55da1243afafc24d0e8978126a&name=default 0.385s
2024-12-13 19:43:37.091 66831 INFO tempest.lib.common.rest_client [req-ca58b504-b28b-4c04-8eec-5b7cce2f8891 req-ca58b504-b28b-4c04-8eec-5b7cce2f8891 ] Request (TenantUsagesTestJSON:setUpClass): 200 GET http://10.180.1.21/identity/v3/domains?name=Default 0.164s
2024-12-13 19:43:37.119 66825 INFO tempest.lib.common.rest_client [req-3cb42efa-e050-42f4-bbce-c0a10207d41a req-3cb42efa-e050-42f4-bbce-c0a10207d41a ] Request (SecurityGroupsTestJSON:setUpClass): 201 POST http://10.180.1.21/identity/v3/auth/tokens 0.088s
2024-12-13 19:43:37.139 66813 INFO tempest.lib.common.rest_client [req-5c0ef035-3f15-431c-9965-586c91b430f3 req-5c0ef035-3f15-431c-9965-586c91b430f3 ] Request (FlavorsV2TestJSON:tearDownClass): 200 GET http://10.180.1.21:9696/networking/v2.0/security-groups?tenant_id=fede9218ddbc4579a2ed897b13cfdac0&name=default 0.780s
2024-12-13 19:43:37.155 66831 INFO tempest.lib.common.rest_client [req-9247a3e9-df8f-4dfe-bbb1-27b1733010f3 req-9247a3e9-df8f-4dfe-bbb1-27b1733010f3 ] Request (TenantUsagesTestJSON:setUpClass): 201 POST http://10.180.1.21/identity/v3/projects 0.063s
2024-12-13 19:43:37.221 66809 INFO tempest.lib.common.rest_client [req-2df297fa-4567-45c5-811b-8a06c2cfa33b req-2df297fa-4567-45c5-811b-8a06c2cfa33b ] Request (ServersAdmin275Test:test_rebuild_update_server_275): 202 POST http://10.180.1.21/compute/v2.1/servers 2.096s
2024-12-13 19:43:37.252 66831 INFO tempest.lib.common.rest_client [req-a4a384c1-412d-434b-ac0a-45fae50a9063 req-a4a384c1-412d-434b-ac0a-45fae50a9063 ] Request (TenantUsagesTestJSON:setUpClass): 201 POST http://10.180.1.21/identity/v3/users 0.096s
2024-12-13 19:43:37.286 66831 INFO tempest.lib.common.rest_client [req-d059864e-6c4d-4e62-8b0a-797257e93e08 req-d059864e-6c4d-4e62-8b0a-797257e93e08 ] Request (TenantUsagesTestJSON:setUpClass): 200 GET http://10.180.1.21/identity/v3/roles 0.033s
2024-12-13 19:43:37.328 66811 INFO tempest.lib.common.rest_client [req-0cd81bd2-f2d3-4d28-994a-b72270ebdc9c req-0cd81bd2-f2d3-4d28-994a-b72270ebdc9c ] Request (ImagesOneServerTestJSON:test_create_delete_image): 202 POST http://10.180.1.21/compute/v2.1/servers/b19648bf-b106-4c17-8b48-8c579fb23b31/action 2.833s
2024-12-13 19:43:37.334 66831 INFO tempest.lib.common.rest_client [req-659ff983-d4aa-4590-bd79-05dabbf3fb86 req-659ff983-d4aa-4590-bd79-05dabbf3fb86 ] Request (TenantUsagesTestJSON:setUpClass): 204 PUT http://10.180.1.21/identity/v3/projects/798274040caa480ebe1918a40098b740/users/299bac2489444d45bc721bd41340e69e/roles/27a92ceda3d1427894a8836a24bdc574 0.048s
2024-12-13 19:43:37.335 66831 INFO tempest.lib.common.dynamic_creds [-] Dynamic test user 299bac2489444d45bc721bd41340e69e is created with scope project and roles: ['member']
2024-12-13 19:43:37.335 66831 INFO tempest.lib.common.dynamic_creds [-] Acquired dynamic creds: credentials: Credentials: {'domain_id': 'default', 'domain_name': 'Default', 'username': 'tempest-TenantUsagesTestJSON-1701219257-project-member', 'project_domain_id': 'default', 'project_domain_name': 'Default', 'project_id': '798274040caa480ebe1918a40098b740', 'project_name': 'tempest-TenantUsagesTestJSON-1701219257', 'tenant_id': '798274040caa480ebe1918a40098b740', 'tenant_name': 'tempest-TenantUsagesTestJSON-1701219257', 'user_domain_id': 'default', 'user_domain_name': 'Default', 'user_id': '299bac2489444d45bc721bd41340e69e', 'system': None}, Network: None, Subnet: None, Router: None
2024-12-13 19:43:37.338 66831 INFO tempest.lib.common.dynamic_creds [-] Created isolated network resources for: credentials: Credentials: {'domain_id': 'default', 'domain_name': 'Default', 'username': 'tempest-TenantUsagesTestJSON-1701219257-project-member', 'project_domain_id': 'default', 'project_domain_name': 'Default', 'project_id': '798274040caa480ebe1918a40098b740', 'project_name': 'tempest-TenantUsagesTestJSON-1701219257', 'tenant_id': '798274040caa480ebe1918a40098b740', 'tenant_name': 'tempest-TenantUsagesTestJSON-1701219257', 'user_domain_id': 'default', 'user_domain_name': 'Default', 'user_id': '299bac2489444d45bc721bd41340e69e', 'system': None}, Network: None, Subnet: None, Router: None
2024-12-13 19:43:37.349 66815 INFO tempest.lib.common.rest_client [req-285a308b-4600-4d65-a191-a08f39914e8f req-285a308b-4600-4d65-a191-a08f39914e8f ] Request (SecurityGroupsTestAdminJSON:tearDownClass): 204 DELETE http://10.180.1.21:9696/networking/v2.0/security-groups/3441489e-32d6-4d69-a9c7-632f19e93269 0.313s
2024-12-13 19:43:37.453 66819 INFO tempest.lib.common.rest_client [req-7dc688bd-b137-43f5-bedc-dfe806fd4fb1 req-7dc688bd-b137-43f5-bedc-dfe806fd4fb1 ] Request (AttachInterfacesV270Test:test_create_get_list_interfaces): 200 GET http://10.180.1.21/compute/v2.1/servers/f80f71e8-1b2f-476e-9b7e-b1dd3b0d7df8 2.215s
2024-12-13 19:43:37.493 66815 INFO tempest.lib.common.rest_client [req-7e1835e0-33bd-48a2-b631-328219873176 req-7e1835e0-33bd-48a2-b631-328219873176 ] Request (SecurityGroupsTestAdminJSON:tearDownClass): 204 DELETE http://10.180.1.21/identity/v3/projects/cd4b3a55da1243afafc24d0e8978126a 0.143s
2024-12-13 19:43:37.493 66815 INFO tempest.lib.common.dynamic_creds [-] Deleting project and security group for project: b84510b3fb214e518c170cc3491e2cfe
2024-12-13 19:43:37.495 66831 INFO tempest.lib.common.rest_client [req-3006b338-ffa1-4720-a5f2-efbad59205f8 req-3006b338-ffa1-4720-a5f2-efbad59205f8 ] Request (TenantUsagesTestJSON:setUpClass): 201 POST http://10.180.1.21/identity/v3/auth/tokens 0.153s
2024-12-13 19:43:37.503 66813 INFO tempest.lib.common.rest_client [req-61d45dda-45c4-448c-85c5-fb76b680f9c0 req-61d45dda-45c4-448c-85c5-fb76b680f9c0 ] Request (FlavorsV2TestJSON:tearDownClass): 204 DELETE http://10.180.1.21:9696/networking/v2.0/security-groups/6d1a08d2-6527-40f7-aeed-5835688bfa64 0.363s
2024-12-13 19:43:37.559 66827 INFO tempest.lib.common.rest_client [req-325e2152-5024-4f2c-b3c0-ad8885fd97f5 req-325e2152-5024-4f2c-b3c0-ad8885fd97f5 ] Request (HypervisorAdminNegativeUnderV252Test:tearDownClass): 200 GET http://10.180.1.21:9696/networking/v2.0/security-groups?tenant_id=dda15fb74a5f4edeb0683a18829f9782&name=default 0.667s
2024-12-13 19:43:37.575 66831 INFO tempest.lib.common.rest_client [req-78eb45d8-79e7-4d41-87f4-7fad4073219f req-78eb45d8-79e7-4d41-87f4-7fad4073219f ] Request (TenantUsagesTestJSON:setUpClass): 201 POST http://10.180.1.21/identity/v3/projects 0.079s
2024-12-13 19:43:37.600 66823 INFO tempest.lib.common.rest_client [req-142b4fd8-c62d-4ef2-9346-38157684d1bb req-142b4fd8-c62d-4ef2-9346-38157684d1bb ] Request (ImagesDeleteNegativeTestJSON:test_delete_image_blank_id): 404 DELETE http://10.180.1.21/compute/v2.1/images/ 2.239s
2024-12-13 19:43:37.634 66861 INFO tempest.lib.common.rest_client [req-039df56e-527e-4d43-a970-1f5ddfa86964 req-039df56e-527e-4d43-a970-1f5ddfa86964 ] Request (FlavorsV2NegativeTest:test_boot_with_low_ram): 400 POST http://10.180.1.21/compute/v2.1/servers 2.420s
2024-12-13 19:43:37.643 66815 INFO tempest.lib.common.rest_client [req-dc5fbc2c-2ae9-4fc4-9169-bb0aecb29e0e req-dc5fbc2c-2ae9-4fc4-9169-bb0aecb29e0e ] Request (SecurityGroupsTestAdminJSON:tearDownClass): 200 GET http://10.180.1.21:9696/networking/v2.0/security-groups?tenant_id=b84510b3fb214e518c170cc3491e2cfe&name=default 0.149s
2024-12-13 19:43:37.646 66831 INFO tempest.lib.common.rest_client [req-6fb51a68-3c07-4155-a962-579d2f3bd3d1 req-6fb51a68-3c07-4155-a962-579d2f3bd3d1 ] Request (TenantUsagesTestJSON:setUpClass): 201 POST http://10.180.1.21/identity/v3/users 0.070s
2024-12-13 19:43:37.681 66813 INFO tempest.lib.common.rest_client [req-50ec6b06-9b29-4ff5-ac6b-54df70ea327c req-50ec6b06-9b29-4ff5-ac6b-54df70ea327c ] Request (FlavorsV2TestJSON:tearDownClass): 204 DELETE http://10.180.1.21/identity/v3/projects/fede9218ddbc4579a2ed897b13cfdac0 0.177s
2024-12-13 19:43:37.715 66861 INFO tempest.lib.common.rest_client [req-8c4a8ecc-2a65-4e67-b5d6-be5bdf05050e req-8c4a8ecc-2a65-4e67-b5d6-be5bdf05050e ] Request (FlavorsV2NegativeTest:_run_cleanups): 204 DELETE http://10.180.1.21/image/v2/images/79c89334-ffe2-4621-9463-a079cd5661f3 0.080s
2024-12-13 19:43:37.734 66831 INFO tempest.lib.common.rest_client [req-980da990-2914-4e21-ab98-47acd0cb872a req-980da990-2914-4e21-ab98-47acd0cb872a ] Request (TenantUsagesTestJSON:setUpClass): 200 GET http://10.180.1.21/identity/v3/roles 0.087s
2024-12-13 19:43:37.749 66813 INFO tempest.lib.common.rest_client [req-0ec82ca6-2484-490a-8e3a-c32595eed70c req-0ec82ca6-2484-490a-8e3a-c32595eed70c ] Request (ServerActionsTestOtherB:setUpClass): 201 POST http://10.180.1.21/identity/v3/auth/tokens 0.067s
2024-12-13 19:43:37.781 66825 INFO tempest.lib.common.rest_client [req-e1777566-2671-4c44-8421-16b67f582cb5 req-e1777566-2671-4c44-8421-16b67f582cb5 ] Request (SecurityGroupsTestJSON:setUpClass): 201 POST http://10.180.1.21:9696/networking/v2.0/networks 0.661s
2024-12-13 19:43:37.803 66831 INFO tempest.lib.common.rest_client [req-f776df27-90d9-4cf6-b021-db5cb919fbee req-f776df27-90d9-4cf6-b021-db5cb919fbee ] Request (TenantUsagesTestJSON:setUpClass): 204 PUT http://10.180.1.21/identity/v3/projects/d4f09da8d1f54f9485603ff32e01dc8b/users/f72aa1805ea941baba77a9b7917e5644/roles/40d26c64c0834c4280961c8a5dec444f 0.069s
2024-12-13 19:43:37.826 66845 INFO tempest.lib.common.rest_client [req-3c03e2d6-9767-4678-807a-8ab904f3b84b req-3c03e2d6-9767-4678-807a-8ab904f3b84b ] Request (ListServerFiltersTestJSON:setUpClass): 201 POST http://10.180.1.21:9696/networking/v2.0/networks 1.082s
2024-12-13 19:43:37.843 66861 INFO tempest.lib.common.rest_client [req-f66270fb-1176-44ab-bf78-a9c31b837189 req-f66270fb-1176-44ab-bf78-a9c31b837189 ] Request (FlavorsV2NegativeTest:tearDownClass): 204 DELETE http://10.180.1.21/identity/v3/users/bdef75bad884406894bb28df59ed1e6b 0.126s
2024-12-13 19:43:37.843 66861 INFO tempest.lib.common.dynamic_creds [-] Deleting project and security group for project: 288a3c9a3e9a45869ea35a99a35b4495
2024-12-13 19:43:37.883 66863 INFO tempest.lib.common.rest_client [req-4f4045f8-a903-4c08-913a-c452236e546e req-4f4045f8-a903-4c08-913a-c452236e546e ] Request (DeleteServersAdminTestJSON:test_admin_delete_servers_of_others): 200 GET http://10.180.1.21/compute/v2.1/servers/d35706fa-4b30-46ac-a6df-545c8b83bdca 2.161s
2024-12-13 19:43:37.897 66815 INFO tempest.lib.common.rest_client [req-bdfa123b-3106-42ca-a11d-5ca932a27468 req-bdfa123b-3106-42ca-a11d-5ca932a27468 ] Request (SecurityGroupsTestAdminJSON:tearDownClass): 204 DELETE http://10.180.1.21:9696/networking/v2.0/security-groups/3f4fe43c-5c14-4d5e-911c-6a1d43ec1851 0.254s
2024-12-13 19:43:37.926 66813 INFO tempest.lib.common.rest_client [req-7e3c648a-a341-43cb-b068-24c72d1029ef req-7e3c648a-a341-43cb-b068-24c72d1029ef ] Request (ServerActionsTestOtherB:setUpClass): 201 POST http://10.180.1.21/identity/v3/auth/tokens 0.121s
2024-12-13 19:43:37.936 66831 INFO tempest.lib.common.rest_client [req-7a4c883b-6609-48a6-a320-38cf931f24e5 req-7a4c883b-6609-48a6-a320-38cf931f24e5 ] Request (TenantUsagesTestJSON:setUpClass): 200 GET http://10.180.1.21/identity/v3/roles 0.133s
2024-12-13 19:43:37.963 66861 INFO tempest.lib.common.rest_client [req-9fb13d6c-c969-48da-9b84-6b5f69850ce2 req-9fb13d6c-c969-48da-9b84-6b5f69850ce2 ] Request (FlavorsV2NegativeTest:tearDownClass): 201 POST http://10.180.1.21/identity/v3/auth/tokens 0.119s
2024-12-13 19:43:37.987 66813 INFO tempest.lib.common.rest_client [req-30c6e80c-5965-42a3-a961-d98d3dc505c0 req-30c6e80c-5965-42a3-a961-d98d3dc505c0 ] Request (ServerActionsTestOtherB:setUpClass): 200 GET http://10.180.1.21/identity/v3/domains?name=Default 0.060s
2024-12-13 19:43:38.046 66815 INFO tempest.lib.common.rest_client [req-3389f178-ec48-4a7d-90fb-bc75f760e714 req-3389f178-ec48-4a7d-90fb-bc75f760e714 ] Request (SecurityGroupsTestAdminJSON:tearDownClass): 204 DELETE http://10.180.1.21/identity/v3/projects/b84510b3fb214e518c170cc3491e2cfe 0.148s
2024-12-13 19:43:38.103 66831 INFO tempest.lib.common.rest_client [req-2363c5e9-824f-4087-aad6-96f6f62c791a req-2363c5e9-824f-4087-aad6-96f6f62c791a ] Request (TenantUsagesTestJSON:setUpClass): 204 PUT http://10.180.1.21/identity/v3/projects/d4f09da8d1f54f9485603ff32e01dc8b/users/f72aa1805ea941baba77a9b7917e5644/roles/40d26c64c0834c4280961c8a5dec444f 0.166s
2024-12-13 19:43:38.103 66831 INFO tempest.lib.common.dynamic_creds [-] Dynamic test user f72aa1805ea941baba77a9b7917e5644 is created with scope project and roles: ['admin']
2024-12-13 19:43:38.103 66831 INFO tempest.lib.common.dynamic_creds [-] Acquired dynamic creds: credentials: Credentials: {'domain_id': 'default', 'domain_name': 'Default', 'username': 'tempest-TenantUsagesTestJSON-1382703619-project-admin', 'project_domain_id': 'default', 'project_domain_name': 'Default', 'project_id': 'd4f09da8d1f54f9485603ff32e01dc8b', 'project_name': 'tempest-TenantUsagesTestJSON-1382703619', 'tenant_id': 'd4f09da8d1f54f9485603ff32e01dc8b', 'tenant_name': 'tempest-TenantUsagesTestJSON-1382703619', 'user_domain_id': 'default', 'user_domain_name': 'Default', 'user_id': 'f72aa1805ea941baba77a9b7917e5644', 'system': None}, Network: None, Subnet: None, Router: None
2024-12-13 19:43:38.103 66831 INFO tempest.lib.common.dynamic_creds [-] Created isolated network resources for: credentials: Credentials: {'domain_id': 'default', 'domain_name': 'Default', 'username': 'tempest-TenantUsagesTestJSON-1382703619-project-admin', 'project_domain_id': 'default', 'project_domain_name': 'Default', 'project_id': 'd4f09da8d1f54f9485603ff32e01dc8b', 'project_name': 'tempest-TenantUsagesTestJSON-1382703619', 'tenant_id': 'd4f09da8d1f54f9485603ff32e01dc8b', 'tenant_name': 'tempest-TenantUsagesTestJSON-1382703619', 'user_domain_id': 'default', 'user_domain_name': 'Default', 'user_id': 'f72aa1805ea941baba77a9b7917e5644', 'system': None}, Network: None, Subnet: None, Router: None
2024-12-13 19:43:38.130 66855 INFO tempest.lib.common.rest_client [req-de783695-d9d1-428e-8a04-b6c07c9898c7 req-de783695-d9d1-428e-8a04-b6c07c9898c7 ] Request (MigrationsAdminTest:test_list_migrations_in_flavor_resize_situation): 200 GET http://10.180.1.21/compute/v2.1/servers/1e669675-0551-49d8-af15-64fdd0984b3f 2.386s
2024-12-13 19:43:38.142 66855 INFO tempest.common.waiters [-] State transition "BUILD/block_device_mapping" ==> "BUILD/spawning" after 19 second wait
2024-12-13 19:43:38.177 66867 INFO tempest.lib.common.rest_client [req-e5110345-2795-4619-bcf3-bcbb646d8179 req-e5110345-2795-4619-bcf3-bcbb646d8179 ] Request (AggregatesAdminNegativeTestJSON:test_aggregate_create_with_existent_aggregate_name): 200 POST http://10.180.1.21/compute/v2.1/os-aggregates 2.254s
2024-12-13 19:43:38.188 66827 INFO tempest.lib.common.rest_client [req-bb778a31-a04d-4b17-9ddd-b146bf9691af req-bb778a31-a04d-4b17-9ddd-b146bf9691af ] Request (HypervisorAdminNegativeUnderV252Test:tearDownClass): 204 DELETE http://10.180.1.21:9696/networking/v2.0/security-groups/7169a728-a257-46a8-a219-0423d92175f4 0.629s
2024-12-13 19:43:38.218 66825 INFO tempest.lib.common.rest_client [req-d9b81f9c-0fe9-4d6e-8e04-96dae032392f req-d9b81f9c-0fe9-4d6e-8e04-96dae032392f ] Request (SecurityGroupsTestJSON:setUpClass): 201 POST http://10.180.1.21:9696/networking/v2.0/subnets 0.436s
2024-12-13 19:43:38.218 66813 INFO tempest.lib.common.rest_client [req-d00ebb4b-c4ab-44e6-a66d-3f802472da78 req-d00ebb4b-c4ab-44e6-a66d-3f802472da78 ] Request (ServerActionsTestOtherB:setUpClass): 201 POST http://10.180.1.21/identity/v3/projects 0.230s
2024-12-13 19:43:38.277 66815 INFO tempest.lib.common.rest_client [req-05d7a7b4-d0e6-4677-b075-cba6db19efd0 req-05d7a7b4-d0e6-4677-b075-cba6db19efd0 ] Request (AbsoluteLimitsTestJSON:setUpClass): 201 POST http://10.180.1.21/identity/v3/auth/tokens 0.228s
2024-12-13 19:43:38.286 66845 INFO tempest.lib.common.rest_client [req-d2779e82-b73d-4712-8127-c6128bb2bd1a req-d2779e82-b73d-4712-8127-c6128bb2bd1a ] Request (ListServerFiltersTestJSON:setUpClass): 201 POST http://10.180.1.21:9696/networking/v2.0/subnets 0.459s
