2025-04-25 17:57:03.938 69935 INFO tempest.lib.common.rest_client [req-01571209-becf-43df-bdcf-c7fbd2bc26c7 req-01571209-becf-43df-bdcf-c7fbd2bc26c7 ] Request (FloatingIPsAssociationTestJSON:setUpClass): 200 GET http://10.180.1.21/compute/v2.1/servers/0428d0fb-bef2-4914-8d4d-97e8cf14ee81 0.251s
2025-04-25 17:57:03.949 69935 INFO tempest.common.waiters [-] State transition "BUILD/spawning" ==> "ACTIVE/None" after 42 second wait
2025-04-25 17:57:03.988 69921 INFO tempest.lib.common.rest_client [req-b5ddd038-1977-4e66-a42b-c3edb372ba35 req-b5ddd038-1977-4e66-a42b-c3edb372ba35 ] Request (ServerShowV247Test:test_update_rebuild_list_server): 200 GET http://10.180.1.21/compute/v2.1/servers/68939730-1c6b-48ce-81fd-f84fa6df5b33 0.247s
2025-04-25 17:57:03.998 69975 INFO tempest.lib.common.rest_client [req-7612017d-09df-4beb-b0ac-a4a30db2b729 req-7612017d-09df-4beb-b0ac-a4a30db2b729 ] Request (ServersV294TestFqdnHostnames:setUpClass): 200 GET http://10.180.1.21/compute/v2.1/servers/e3580fdf-80a9-46b8-8877-06f011c08f94 0.203s
2025-04-25 17:57:04.030 69919 INFO tempest.lib.common.rest_client [req-f663e0aa-06da-42ca-b958-cda979b0a603 req-f663e0aa-06da-42ca-b958-cda979b0a603 ] Request (FlavorsV2TestJSON:test_list_flavors_detailed_filter_by_min_ram): 200 GET http://10.180.1.21/compute/v2.1/flavors/42 0.170s
2025-04-25 17:57:04.071 69925 INFO tempest.lib.common.rest_client [req-7a0b9c00-84af-4a4f-9cd4-34397774df7b req-7a0b9c00-84af-4a4f-9cd4-34397774df7b ] Request (ServerMetadataTestJSON:tearDownClass): 200 GET http://10.180.1.21/compute/v2.1/servers/4ca7cbc0-d615-4ae1-b395-18248bff5ed2 0.226s
2025-04-25 17:57:04.103 69965 INFO tempest.lib.common.rest_client [req-e434006b-6b8a-41c6-929f-61bcbd617990 req-e434006b-6b8a-41c6-929f-61bcbd617990 ] Request (ServersTestFqdnHostnames:test_create_server_with_fqdn_name): 200 GET http://10.180.1.21/compute/v2.1/servers/4a75013d-dc04-4f7d-b9c5-f0c68929e520 0.200s
2025-04-25 17:57:04.159 69981 INFO tempest.lib.common.rest_client [req-a9640af3-7d81-4640-977d-388d9b2150f4 req-a9640af3-7d81-4640-977d-388d9b2150f4 ] Request (InstanceActionsV221TestJSON:test_get_list_deleted_instance_actions): 200 GET http://10.180.1.21/compute/v2.1/servers/e771f0f1-c4b9-49b2-9424-3b41d6e0ecb3 0.205s
2025-04-25 17:57:04.335 69937 INFO tempest.lib.common.rest_client [req-a547a591-9276-4a39-8d0a-16f24af219b2 req-a547a591-9276-4a39-8d0a-16f24af219b2 ] Request (ServerAddressesNegativeTestJSON:setUpClass): 200 GET http://10.180.1.21/compute/v2.1/servers/fb4296b3-38c0-4e9f-984b-1409a072aba5 0.339s
2025-04-25 17:57:04.408 69973 INFO tempest.lib.common.rest_client [req-81eab8e7-f253-4088-90fd-105771ba7b18 req-81eab8e7-f253-4088-90fd-105771ba7b18 ] Request (ServerDiskConfigTestJSON:test_rebuild_server_with_auto_disk_config): 200 GET http://10.180.1.21/compute/v2.1/servers/38b2256d-193a-4fa8-ab77-ad4e91f81722 0.388s
2025-04-25 17:57:04.437 69919 INFO tempest.lib.common.rest_client [req-cd237233-819d-41cb-822c-7ae4e3389664 req-cd237233-819d-41cb-822c-7ae4e3389664 ] Request (FlavorsV2TestJSON:test_list_flavors_detailed_filter_by_min_ram): 200 GET http://10.180.1.21/compute/v2.1/flavors/detail?minRam=193 0.404s
2025-04-25 17:57:04.534 69931 INFO tempest.lib.common.rest_client [req-2822e427-ce02-4f2d-ae18-33cdaed105ba req-2822e427-ce02-4f2d-ae18-33cdaed105ba ] Request (ServerShowV254Test:tearDownClass): 200 GET http://10.180.1.21/compute/v2.1/servers/ff1fb4b8-8707-4053-a288-af4aaf7e9ebc 0.478s
2025-04-25 17:57:04.615 69953 INFO tempest.lib.common.rest_client [req-ae1fafc4-1421-48af-9363-09d9281a7292 req-ae1fafc4-1421-48af-9363-09d9281a7292 ] Request (ServersAdmin275Test:tearDownClass): 200 GET http://10.180.1.21/compute/v2.1/servers/79980895-3dc5-4c6e-9aaa-2b851e7d18fe 0.522s
2025-04-25 17:57:04.650 69935 INFO tempest.lib.common.rest_client [req-fcbc46cb-48f4-416a-a8e1-79da898c7522 req-fcbc46cb-48f4-416a-a8e1-79da898c7522 ] Request (FloatingIPsAssociationTestJSON:setUpClass): 200 POST http://10.180.1.21/compute/v2.1/os-floating-ips 0.701s
2025-04-25 17:57:04.679 69947 INFO tempest.lib.common.rest_client [req-0a54f496-fe88-4cff-9ec4-b4f60236d879 req-0a54f496-fe88-4cff-9ec4-b4f60236d879 ] Request (InstanceActionsTestJSON:setUpClass): 200 GET http://10.180.1.21/compute/v2.1/servers/1b8f574e-cfb8-4a1a-9c4e-93098510f933 0.568s
2025-04-25 17:57:04.724 69929 INFO tempest.lib.common.rest_client [req-c5cc3875-158e-46f7-a7bd-eabb2256bc97 req-c5cc3875-158e-46f7-a7bd-eabb2256bc97 ] Request (VolumesAdminNegativeTest:test_update_attached_volume_with_nonexistent_volume_in_body): 200 GET http://10.180.1.21/compute/v2.1/servers/009f2804-aedb-4162-8211-06a1573c9ace 0.530s
2025-04-25 17:57:04.742 69935 INFO tempest.lib.common.rest_client [req-cab6a2da-37cf-4f81-8667-3177d2d3d0dd req-cab6a2da-37cf-4f81-8667-3177d2d3d0dd ] Request (FloatingIPsAssociationTestJSON:test_associate_already_associated_floating_ip): 201 POST http://10.180.1.21/identity/v3/auth/tokens 0.080s
2025-04-25 17:57:04.742 69935 INFO tempest.lib.common.fixed_network [-] (FloatingIPsAssociationTestJSON:test_associate_already_associated_floating_ip) Found network {'id': '9f2107a5-3f2f-4ece-8879-d109ea713f84', 'name': 'tempest-FloatingIPsAssociationTestJSON-1935021056-network', 'tenant_id': 'a01d4ab5d22f4ba698d9ba39788e14fb', 'admin_state_up': True, 'mtu': 8950, 'status': 'ACTIVE', 'subnets': [], 'shared': False, 'project_id': 'a01d4ab5d22f4ba698d9ba39788e14fb', 'port_security_enabled': True, 'router:external': False, 'provider:network_type': 'vlan', 'provider:physical_network': 'default', 'provider:segmentation_id': 61, 'availability_zone_hints': [], 'availability_zones': [], 'ipv4_address_scope': None, 'ipv6_address_scope': None, 'description': '', 'tags': [], 'created_at': '2025-04-25T17:56:11Z', 'updated_at': '2025-04-25T17:56:11Z', 'revision_number': 1} available for tenant
2025-04-25 17:57:04.778 69963 INFO tempest.lib.common.rest_client [req-d9e03e69-3393-490e-8f1d-e09748915740 req-d9e03e69-3393-490e-8f1d-e09748915740 ] Request (ServerTagsTestJSON:setUpClass): 200 GET http://10.180.1.21/compute/v2.1/servers/3097b168-a6cd-47be-a4d5-5494a4ab2c1a 0.415s
2025-04-25 17:57:04.836 69943 INFO tempest.lib.common.rest_client [req-06e0e46c-90d5-4ceb-8e30-5bcb2698f0ea req-06e0e46c-90d5-4ceb-8e30-5bcb2698f0ea ] Request (ServerShowV257Test:test_rebuild_server): 200 GET http://10.180.1.21/compute/v2.1/servers/1d6ef9b4-417a-4fb6-a04a-f04a918c020e 0.397s
2025-04-25 17:57:04.838 69933 INFO tempest.lib.common.rest_client [req-c7d207d4-b2ea-45d0-a8b4-f8a58f1ceae0 req-c7d207d4-b2ea-45d0-a8b4-f8a58f1ceae0 ] Request (MigrationsAdminTest:test_list_migrations_in_flavor_resize_situation): 200 GET http://10.180.1.21/compute/v2.1/servers/633e9d92-9015-4cc8-ba92-6750376d0198 0.528s
2025-04-25 17:57:04.852 69919 INFO tempest.lib.common.rest_client [req-81483dcc-7db9-476f-8c5c-510f749c6d05 req-81483dcc-7db9-476f-8c5c-510f749c6d05 ] Request (FlavorsV2TestJSON:test_list_flavors_detailed_limit_results): 200 GET http://10.180.1.21/compute/v2.1/flavors/detail?limit=1 0.409s
2025-04-25 17:57:04.907 69979 INFO tempest.lib.common.rest_client [req-83eb9403-cad3-4bb2-89e8-68e059543fb5 req-83eb9403-cad3-4bb2-89e8-68e059543fb5 ] Request (ServerDiagnosticsNegativeTest:tearDownClass): 200 GET http://10.180.1.21/compute/v2.1/servers/b6dfdaf0-57bb-4063-b261-3807636a5a84 0.396s
2025-04-25 17:57:04.912 69945 INFO tempest.lib.common.rest_client [req-25318143-21de-4f05-a05a-2ca44398eac1 req-25318143-21de-4f05-a05a-2ca44398eac1 ] Request (DeleteServersAdminTestJSON:test_delete_server_while_in_error_state): 200 GET http://10.180.1.21/compute/v2.1/servers/f81dc110-fe05-46de-85e0-6af0ad6d1f11 0.426s
2025-04-25 17:57:04.915 69979 INFO tempest.common.waiters [-] State transition "ACTIVE/deleting" ==> "DELETED/None" after 4 second wait
2025-04-25 17:57:04.938 69977 INFO tempest.lib.common.rest_client [req-9274afd6-d5d2-4756-92ed-1f71dc56642c req-9274afd6-d5d2-4756-92ed-1f71dc56642c ] Request (ImagesOneServerNegativeTestJSON:setUpClass): 200 PUT http://10.180.1.21:9696/networking/v2.0/routers/0b8f1caa-bced-40d4-a37e-0c950c501d05/add_router_interface 1.883s
2025-04-25 17:57:04.938 69977 INFO tempest.lib.common.dynamic_creds [-] Created isolated network resources for: credentials: Credentials: {'domain_id': 'default', 'domain_name': 'Default', 'username': 'tempest-ImagesOneServerNegativeTestJSON-1622800102-project-member', 'project_domain_id': 'default', 'project_domain_name': 'Default', 'project_id': 'a27f4ba46acf406a821a6c39eac210a3', 'project_name': 'tempest-ImagesOneServerNegativeTestJSON-1622800102', 'tenant_id': 'a27f4ba46acf406a821a6c39eac210a3', 'tenant_name': 'tempest-ImagesOneServerNegativeTestJSON-1622800102', 'user_domain_id': 'default', 'user_domain_name': 'Default', 'user_id': '177e5a9597b842f4b4e3434ea317b24c', 'system': None}, Network: {'id': '0cb1799f-063d-446b-b833-824ca8c333b9', 'name': 'tempest-ImagesOneServerNegativeTestJSON-263042022-network', 'tenant_id': 'a27f4ba46acf406a821a6c39eac210a3', 'admin_state_up': True, 'mtu': 8950, 'status': 'ACTIVE', 'subnets': [], 'shared': False, 'project_id': 'a27f4ba46acf406a821a6c39eac210a3', 'port_security_enabled': True, 'router:external': False, 'provider:network_type': 'vlan', 'provider:physical_network': 'default', 'provider:segmentation_id': 934, 'availability_zone_hints': [], 'availability_zones': [], 'ipv4_address_scope': None, 'ipv6_address_scope': None, 'description': '', 'tags': [], 'created_at': '2025-04-25T17:57:01Z', 'updated_at': '2025-04-25T17:57:01Z', 'revision_number': 1}, Subnet: {'id': 'acaa3bd4-c675-4845-ba8d-2ef2d10ea06b', 'name': 'tempest-ImagesOneServerNegativeTestJSON-263042022-subnet', 'tenant_id': 'a27f4ba46acf406a821a6c39eac210a3', 'network_id': '0cb1799f-063d-446b-b833-824ca8c333b9', 'ip_version': 4, 'subnetpool_id': None, 'enable_dhcp': True, 'ipv6_ra_mode': None, 'ipv6_address_mode': None, 'gateway_ip': '192.168.128.1', 'cidr': '192.168.128.0/28', 'allocation_pools': [{'start': '192.168.128.2', 'end': '192.168.128.14'}], 'host_routes': [], 'dns_nameservers': [], 'description': '', 'router:external': False, 'service_types': [], 'tags': [], 'created_at': '2025-04-25T17:57:02Z', 'updated_at': '2025-04-25T17:57:02Z', 'revision_number': 0, 'project_id': 'a27f4ba46acf406a821a6c39eac210a3'}, Router: {'id': '0b8f1caa-bced-40d4-a37e-0c950c501d05', 'name': 'tempest-ImagesOneServerNegativeTestJSON-263042022-router', 'tenant_id': 'a27f4ba46acf406a821a6c39eac210a3', 'admin_state_up': True, 'status': 'ACTIVE', 'external_gateway_info': {'network_id': 'ee5b2cc8-1aec-430d-8a30-1333216d2c0f', 'external_fixed_ips': [{'subnet_id': '9034e493-c41e-4a22-a20d-bf46aa8dad57', 'ip_address': '10.180.180.210'}], 'enable_snat': True}, 'description': '', 'availability_zones': [], 'distributed': False, 'ha': False, 'availability_zone_hints': [], 'routes': [], 'flavor_id': None, 'tags': [], 'created_at': '2025-04-25T17:57:02Z', 'updated_at': '2025-04-25T17:57:02Z', 'revision_number': 2, 'project_id': 'a27f4ba46acf406a821a6c39eac210a3'}
2025-04-25 17:57:05.020 69977 INFO tempest.lib.common.rest_client [req-92545233-2987-4374-83ce-9e5525529036 req-92545233-2987-4374-83ce-9e5525529036 ] Request (ImagesOneServerNegativeTestJSON:setUpClass): 201 POST http://10.180.1.21/identity/v3/auth/tokens 0.078s
2025-04-25 17:57:05.035 69939 INFO tempest.lib.common.rest_client [req-e0bfcc74-bc29-4b8e-a230-f4b6d5d27d74 req-e0bfcc74-bc29-4b8e-a230-f4b6d5d27d74 ] Request (ImagesOneServerTestJSON:test_create_image_specify_multibyte_character_image_name): 200 GET http://10.180.1.21/compute/v2.1/servers/61cdbd6e-75d2-45af-b4b3-cba900b17dc1 0.425s
2025-04-25 17:57:05.047 69939 INFO tempest.common.waiters [-] State transition "ACTIVE/image_uploading" ==> "ACTIVE/None" after 3 second wait
2025-04-25 17:57:05.053 69977 INFO tempest.lib.common.rest_client [req-97c20b63-ad2c-4deb-91b8-0fa9c06efe13 req-97c20b63-ad2c-4deb-91b8-0fa9c06efe13 ] Request (ImagesOneServerNegativeTestJSON:setUpClass): 201 POST http://10.180.1.21/identity/v3/auth/tokens 0.030s
2025-04-25 17:57:05.054 69977 INFO tempest.lib.common.fixed_network [-] (ImagesOneServerNegativeTestJSON:setUpClass) Found network {'id': '0cb1799f-063d-446b-b833-824ca8c333b9', 'name': 'tempest-ImagesOneServerNegativeTestJSON-263042022-network', 'tenant_id': 'a27f4ba46acf406a821a6c39eac210a3', 'admin_state_up': True, 'mtu': 8950, 'status': 'ACTIVE', 'subnets': [], 'shared': False, 'project_id': 'a27f4ba46acf406a821a6c39eac210a3', 'port_security_enabled': True, 'router:external': False, 'provider:network_type': 'vlan', 'provider:physical_network': 'default', 'provider:segmentation_id': 934, 'availability_zone_hints': [], 'availability_zones': [], 'ipv4_address_scope': None, 'ipv6_address_scope': None, 'description': '', 'tags': [], 'created_at': '2025-04-25T17:57:01Z', 'updated_at': '2025-04-25T17:57:01Z', 'revision_number': 1} available for tenant
2025-04-25 17:57:05.062 69969 INFO tempest.lib.common.rest_client [req-0445844a-f590-4395-969c-408fa427db3a req-0445844a-f590-4395-969c-408fa427db3a ] Request (AttachInterfacesTestJSON:test_create_list_show_delete_interfaces_by_fixed_ip): 200 GET http://10.180.1.21/compute/v2.1/servers/88c6c82f-fbfd-4407-84db-3ff4b0889e9d 0.479s
2025-04-25 17:57:05.075 69969 INFO tempest.common.waiters [-] State transition "BUILD/networking" ==> "BUILD/block_device_mapping" after 42 second wait
2025-04-25 17:57:05.106 69962 INFO tempest.lib.common.rest_client [req-d9108d8c-d9e3-4284-9e04-2bd6a3524cd4 req-d9108d8c-d9e3-4284-9e04-2bd6a3524cd4 ] Request (SecurityGroupsTestJSON:test_server_security_groups): 200 GET http://10.180.1.21/compute/v2.1/servers/7599fa29-a9bd-4e34-836c-1006447048a8 0.425s
2025-04-25 17:57:05.113 69955 INFO tempest.lib.common.rest_client [req-3ffaed62-51c0-4044-8688-492ae88acb41 req-3ffaed62-51c0-4044-8688-492ae88acb41 ] Request (ServersAdminNegativeTestJSON:test_migrate_server_invalid_state): 200 GET http://10.180.1.21/compute/v2.1/servers/a7e491d0-46d8-48dc-b4ca-e87f6b4a4605 0.431s
2025-04-25 17:57:05.170 69967 INFO tempest.lib.common.rest_client [req-dc5f4107-68f9-44f6-9bae-7071752979b7 req-dc5f4107-68f9-44f6-9bae-7071752979b7 ] Request (ImagesTestJSON:test_create_image_from_suspended_server): 200 GET http://10.180.1.21/compute/v2.1/servers/b47d5434-6e48-442e-80dd-aefc47ce2de9 0.433s
2025-04-25 17:57:05.171 69923 INFO tempest.lib.common.rest_client [req-62867759-e2f9-4c57-84f4-70df0ec73c6e req-62867759-e2f9-4c57-84f4-70df0ec73c6e ] Request (ServersAdminTestJSON:test_create_server_with_scheduling_hint): 200 GET http://10.180.1.21/compute/v2.1/servers/6e927889-8993-4deb-8621-4d034a32e16c 0.449s
2025-04-25 17:57:05.252 69959 INFO tempest.lib.common.rest_client [req-6321c060-fa64-46c2-83bc-fce4549aed1c req-6321c060-fa64-46c2-83bc-fce4549aed1c ] Request (FloatingIPsAssociationNegativeTestJSON:tearDownClass): 200 GET http://10.180.1.21/compute/v2.1/servers/a30ce7e7-7d02-445a-bae4-4db714cfbc96 0.454s
2025-04-25 17:57:05.311 69949 INFO tempest.lib.common.rest_client [req-367fe048-1553-4c80-928f-5fc884400109 req-367fe048-1553-4c80-928f-5fc884400109 ] Request (ServerDiagnosticsV248Test:test_get_server_diagnostics): 200 GET http://10.180.1.21/compute/v2.1/servers/ce5a92f9-4917-4d72-b527-35b97bad5933 0.470s
2025-04-25 17:57:05.365 69971 INFO tempest.lib.common.rest_client [req-bb901e3c-0681-49e6-9ee5-2f3f171bdf0a req-bb901e3c-0681-49e6-9ee5-2f3f171bdf0a ] Request (ServersNegativeTestJSON:setUpClass): 200 GET http://10.180.1.21/compute/v2.1/servers/88adf8a9-777e-4f76-8d50-cb81835a528e 0.517s
2025-04-25 17:57:05.377 69919 INFO tempest.lib.common.rest_client [req-769bc771-57df-46d7-ac7b-963e3425fb35 req-769bc771-57df-46d7-ac7b-963e3425fb35 ] Request (FlavorsV2TestJSON:test_list_flavors_detailed_using_marker): 200 GET http://10.180.1.21/compute/v2.1/flavors/42 0.521s
2025-04-25 17:57:05.430 69957 INFO tempest.lib.common.rest_client [req-c5a05e53-1a3e-4afe-977d-f51141742ee6 req-c5a05e53-1a3e-4afe-977d-f51141742ee6 ] Request (TenantUsagesTestJSON:setUpClass): 200 GET http://10.180.1.21/compute/v2.1/servers/42e44f7f-7eb3-4666-b9d5-8c20c77cbc98 0.494s
2025-04-25 17:57:05.456 69935 INFO tempest.lib.common.rest_client [req-aa87eb14-dd4b-4951-93b0-81a1bb9c78a2 req-aa87eb14-dd4b-4951-93b0-81a1bb9c78a2 ] Request (FloatingIPsAssociationTestJSON:test_associate_already_associated_floating_ip): 202 POST http://10.180.1.21/compute/v2.1/servers 0.712s
2025-04-25 17:57:05.496 69921 INFO tempest.lib.common.rest_client [req-a61518e8-9830-4f64-a467-3668bb86f37c req-a61518e8-9830-4f64-a467-3668bb86f37c ] Request (ServerShowV247Test:test_update_rebuild_list_server): 200 GET http://10.180.1.21/compute/v2.1/servers/68939730-1c6b-48ce-81fd-f84fa6df5b33 0.494s
2025-04-25 17:57:05.539 69975 INFO tempest.lib.common.rest_client [req-412ced78-0b09-4653-8804-0e9112dcbb8c req-412ced78-0b09-4653-8804-0e9112dcbb8c ] Request (ServersV294TestFqdnHostnames:setUpClass): 200 GET http://10.180.1.21/compute/v2.1/servers/e3580fdf-80a9-46b8-8877-06f011c08f94 0.526s
2025-04-25 17:57:05.635 69939 INFO tempest.lib.common.rest_client [req-e5a93df4-1580-440e-b054-8eac68288bf2 req-e5a93df4-1580-440e-b054-8eac68288bf2 ] Request (ImagesOneServerTestJSON:tearDownClass): 204 DELETE http://10.180.1.21/compute/v2.1/images/6f7d8288-01d8-489f-b043-08d3938894f8 0.586s
2025-04-25 17:57:05.705 69925 INFO tempest.lib.common.rest_client [req-97f8ff44-5042-4d70-9eaa-bb55ef1e6cd9 req-97f8ff44-5042-4d70-9eaa-bb55ef1e6cd9 ] Request (ServerMetadataTestJSON:tearDownClass): 200 GET http://10.180.1.21/compute/v2.1/servers/4ca7cbc0-d615-4ae1-b395-18248bff5ed2 0.625s
2025-04-25 17:57:05.707 69951 WARNING tempest.lib.common.ssh [-] Failed to establish authenticated ssh connection to cirros@10.180.180.182 ([Errno None] Unable to connect to port 22 on 10.180.180.182). Number attempts: 2. Retry after 3 seconds.: paramiko.ssh_exception.NoValidConnectionsError: [Errno None] Unable to connect to port 22 on 10.180.180.182
2025-04-25 17:57:05.781 69965 INFO tempest.lib.common.rest_client [req-660bc0fb-5cfa-4c15-8657-93246c0c5cdc req-660bc0fb-5cfa-4c15-8657-93246c0c5cdc ] Request (ServersTestFqdnHostnames:test_create_server_with_fqdn_name): 200 GET http://10.180.1.21/compute/v2.1/servers/4a75013d-dc04-4f7d-b9c5-f0c68929e520 0.667s
2025-04-25 17:57:05.852 69981 INFO tempest.lib.common.rest_client [req-44bd11d4-74df-4a90-8649-e2c32e7718a4 req-44bd11d4-74df-4a90-8649-e2c32e7718a4 ] Request (InstanceActionsV221TestJSON:test_get_list_deleted_instance_actions): 200 GET http://10.180.1.21/compute/v2.1/servers/e771f0f1-c4b9-49b2-9424-3b41d6e0ecb3 0.680s
2025-04-25 17:57:05.950 69977 INFO tempest.lib.common.rest_client [req-70166c11-aaab-4fea-be53-ce1cf22cc219 req-70166c11-aaab-4fea-be53-ce1cf22cc219 ] Request (ImagesOneServerNegativeTestJSON:setUpClass): 202 POST http://10.180.1.21/compute/v2.1/servers 0.895s
2025-04-25 17:57:05.964 69937 INFO tempest.lib.common.rest_client [req-9f08eaa1-74ad-4fe8-a43d-7104315017a0 req-9f08eaa1-74ad-4fe8-a43d-7104315017a0 ] Request (ServerAddressesNegativeTestJSON:setUpClass): 200 GET http://10.180.1.21/compute/v2.1/servers/fb4296b3-38c0-4e9f-984b-1409a072aba5 0.621s
2025-04-25 17:57:05.973 69937 INFO tempest.common.waiters [-] State transition "BUILD/spawning" ==> "ACTIVE/None" after 43 second wait
2025-04-25 17:57:05.991 69919 INFO tempest.lib.common.rest_client [req-a65cd5fd-d472-4623-85a9-3b6d2625e0df req-a65cd5fd-d472-4623-85a9-3b6d2625e0df ] Request (FlavorsV2TestJSON:test_list_flavors_detailed_using_marker): 200 GET http://10.180.1.21/compute/v2.1/flavors/detail?marker=42 0.611s
2025-04-25 17:57:06.031 69973 INFO tempest.lib.common.rest_client [req-63bedc97-2840-40be-aefe-93b7614356c8 req-63bedc97-2840-40be-aefe-93b7614356c8 ] Request (ServerDiskConfigTestJSON:test_rebuild_server_with_auto_disk_config): 200 GET http://10.180.1.21/compute/v2.1/servers/38b2256d-193a-4fa8-ab77-ad4e91f81722 0.612s
2025-04-25 17:57:06.040 69935 INFO tempest.lib.common.rest_client [req-b6574cd4-e2ee-445b-b51c-89c9773c3117 req-b6574cd4-e2ee-445b-b51c-89c9773c3117 ] Request (FloatingIPsAssociationTestJSON:test_associate_already_associated_floating_ip): 200 GET http://10.180.1.21/compute/v2.1/servers/546ab638-f582-4a0e-89e6-c15b1e8ef888 0.582s
2025-04-25 17:57:06.125 69931 INFO tempest.lib.common.rest_client [req-a40d593f-3feb-460c-86b1-2ba4fdcf83f3 req-a40d593f-3feb-460c-86b1-2ba4fdcf83f3 ] Request (ServerShowV254Test:tearDownClass): 200 GET http://10.180.1.21/compute/v2.1/servers/ff1fb4b8-8707-4053-a288-af4aaf7e9ebc 0.578s
2025-04-25 17:57:06.140 69953 INFO tempest.lib.common.rest_client [req-ef819335-525c-4189-b6de-889c9ae4b6bb req-ef819335-525c-4189-b6de-889c9ae4b6bb ] Request (ServersAdmin275Test:tearDownClass): 200 GET http://10.180.1.21/compute/v2.1/servers/79980895-3dc5-4c6e-9aaa-2b851e7d18fe 0.508s
2025-04-25 17:57:06.150 69939 INFO tempest.lib.common.rest_client [req-e93273ec-a427-4353-9177-60c42a9e7c0d req-e93273ec-a427-4353-9177-60c42a9e7c0d ] Request (ImagesOneServerTestJSON:tearDownClass): 404 DELETE http://10.180.1.21/compute/v2.1/images/a62b5da2-c429-4822-a973-6aecc00b9936 0.514s
2025-04-25 17:57:06.208 69929 INFO tempest.lib.common.rest_client [req-0380d9ad-91d1-4c07-836a-bacb92a74956 req-0380d9ad-91d1-4c07-836a-bacb92a74956 ] Request (VolumesAdminNegativeTest:test_update_attached_volume_with_nonexistent_volume_in_body): 200 GET http://10.180.1.21/compute/v2.1/servers/009f2804-aedb-4162-8211-06a1573c9ace 0.474s
2025-04-25 17:57:06.219 69947 INFO tempest.lib.common.rest_client [req-76d944da-3d34-422d-a90b-35ab60580bac req-76d944da-3d34-422d-a90b-35ab60580bac ] Request (InstanceActionsTestJSON:setUpClass): 200 GET http://10.180.1.21/compute/v2.1/servers/1b8f574e-cfb8-4a1a-9c4e-93098510f933 0.526s
2025-04-25 17:57:06.284 69963 INFO tempest.lib.common.rest_client [req-099f8047-c9f1-4198-b60e-4b14a83c098f req-099f8047-c9f1-4198-b60e-4b14a83c098f ] Request (ServerTagsTestJSON:setUpClass): 200 GET http://10.180.1.21/compute/v2.1/servers/3097b168-a6cd-47be-a4d5-5494a4ab2c1a 0.496s
2025-04-25 17:57:06.359 69943 INFO tempest.lib.common.rest_client [req-724aef40-f081-434a-bd5f-5ad9dd84862f req-724aef40-f081-434a-bd5f-5ad9dd84862f ] Request (ServerShowV257Test:test_rebuild_server): 200 GET http://10.180.1.21/compute/v2.1/servers/1d6ef9b4-417a-4fb6-a04a-f04a918c020e 0.507s
2025-04-25 17:57:06.363 69933 INFO tempest.lib.common.rest_client [req-155db44e-e008-4099-9f07-5ca797e0fd33 req-155db44e-e008-4099-9f07-5ca797e0fd33 ] Request (MigrationsAdminTest:test_list_migrations_in_flavor_resize_situation): 200 GET http://10.180.1.21/compute/v2.1/servers/633e9d92-9015-4cc8-ba92-6750376d0198 0.517s
2025-04-25 17:57:06.411 69941 WARNING tempest.lib.common.ssh [-] Failed to establish authenticated ssh connection to cirros@10.180.180.129 ([Errno None] Unable to connect to port 22 on 10.180.180.129). Number attempts: 4. Retry after 5 seconds.: paramiko.ssh_exception.NoValidConnectionsError: [Errno None] Unable to connect to port 22 on 10.180.180.129
2025-04-25 17:57:06.418 69945 INFO tempest.lib.common.rest_client [req-d2f4e193-e06a-46ca-974e-01ffbc4e6018 req-d2f4e193-e06a-46ca-974e-01ffbc4e6018 ] Request (DeleteServersAdminTestJSON:test_delete_server_while_in_error_state): 200 GET http://10.180.1.21/compute/v2.1/servers/f81dc110-fe05-46de-85e0-6af0ad6d1f11 0.497s
2025-04-25 17:57:06.432 69945 INFO tempest.common.waiters [-] State transition "BUILD/scheduling" ==> "BUILD/None" after 27 second wait
2025-04-25 17:57:06.434 69979 INFO tempest.lib.common.rest_client [req-bc53656a-64aa-4917-b74c-f7080962ae4c req-bc53656a-64aa-4917-b74c-f7080962ae4c ] Request (ServerDiagnosticsNegativeTest:tearDownClass): 200 GET http://10.180.1.21/compute/v2.1/servers/b6dfdaf0-57bb-4063-b261-3807636a5a84 0.518s
2025-04-25 17:57:06.462 69937 INFO tempest.lib.common.rest_client [req-a4e75a93-9767-446a-aba3-c1e666fb2f17 req-a4e75a93-9767-446a-aba3-c1e666fb2f17 ] Request (ServerAddressesNegativeTestJSON:test_list_server_addresses_by_network_neg): 404 GET http://10.180.1.21/compute/v2.1/servers/fb4296b3-38c0-4e9f-984b-1409a072aba5/ips/invalid 0.487s
2025-04-25 17:57:06.471 69977 INFO tempest.lib.common.rest_client [req-ad499b12-f019-420c-93bd-ddf12c9e21a1 req-ad499b12-f019-420c-93bd-ddf12c9e21a1 ] Request (ImagesOneServerNegativeTestJSON:setUpClass): 200 GET http://10.180.1.21/compute/v2.1/servers/50aeb81d-ca5a-433c-8158-5f611f3101ad 0.519s
2025-04-25 17:57:06.486 69919 INFO tempest.lib.common.rest_client [req-763757c3-910c-478b-8388-a6532af3dd35 req-763757c3-910c-478b-8388-a6532af3dd35 ] Request (FlavorsV2TestJSON:test_list_flavors_filter_by_min_disk): 200 GET http://10.180.1.21/compute/v2.1/flavors/42 0.489s
2025-04-25 17:57:06.559 69962 INFO tempest.lib.common.rest_client [req-4692ffd5-1879-4c1c-85d8-2c8ebbbfa2a7 req-4692ffd5-1879-4c1c-85d8-2c8ebbbfa2a7 ] Request (SecurityGroupsTestJSON:test_server_security_groups): 200 GET http://10.180.1.21/compute/v2.1/servers/7599fa29-a9bd-4e34-836c-1006447048a8 0.443s
2025-04-25 17:57:06.615 69969 INFO tempest.lib.common.rest_client [req-bb7a9632-6daf-4694-8b7a-f61af19a4cd5 req-bb7a9632-6daf-4694-8b7a-f61af19a4cd5 ] Request (AttachInterfacesTestJSON:test_create_list_show_delete_interfaces_by_fixed_ip): 200 GET http://10.180.1.21/compute/v2.1/servers/88c6c82f-fbfd-4407-84db-3ff4b0889e9d 0.538s
2025-04-25 17:57:06.622 69969 INFO tempest.common.waiters [-] State transition "BUILD/block_device_mapping" ==> "BUILD/spawning" after 43 second wait
2025-04-25 17:57:06.642 69955 INFO tempest.lib.common.rest_client [req-fe954f2b-5cd1-44b8-9fcf-96ae7151e0ab req-fe954f2b-5cd1-44b8-9fcf-96ae7151e0ab ] Request (ServersAdminNegativeTestJSON:test_migrate_server_invalid_state): 200 GET http://10.180.1.21/compute/v2.1/servers/a7e491d0-46d8-48dc-b4ca-e87f6b4a4605 0.519s
2025-04-25 17:57:06.696 69923 INFO tempest.lib.common.rest_client [req-8362a742-9f03-4bd2-8cdc-a30c4424c912 req-8362a742-9f03-4bd2-8cdc-a30c4424c912 ] Request (ServersAdminTestJSON:test_create_server_with_scheduling_hint): 200 GET http://10.180.1.21/compute/v2.1/servers/6e927889-8993-4deb-8621-4d034a32e16c 0.514s
2025-04-25 17:57:06.742 69939 INFO tempest.lib.common.rest_client [req-86d105ae-0ae5-4187-bebe-019e5e31b98f req-86d105ae-0ae5-4187-bebe-019e5e31b98f ] Request (ImagesOneServerTestJSON:tearDownClass): 204 DELETE http://10.180.1.21/compute/v2.1/servers/61cdbd6e-75d2-45af-b4b3-cba900b17dc1 0.591s
2025-04-25 17:57:06.755 69967 INFO tempest.lib.common.rest_client [req-bc9c8826-7d17-49bd-a552-8e8e9e183b3e req-bc9c8826-7d17-49bd-a552-8e8e9e183b3e ] Request (ImagesTestJSON:test_create_image_from_suspended_server): 200 GET http://10.180.1.21/compute/v2.1/servers/b47d5434-6e48-442e-80dd-aefc47ce2de9 0.572s
2025-04-25 17:57:06.765 69967 INFO tempest.common.waiters [-] State transition "BUILD/scheduling" ==> "BUILD/None" after 22 second wait
2025-04-25 17:57:06.812 69959 INFO tempest.lib.common.rest_client [req-9c893292-9ee3-4509-b43f-6122dee0b56c req-9c893292-9ee3-4509-b43f-6122dee0b56c ] Request (FloatingIPsAssociationNegativeTestJSON:tearDownClass): 200 GET http://10.180.1.21/compute/v2.1/servers/a30ce7e7-7d02-445a-bae4-4db714cfbc96 0.548s
2025-04-25 17:57:06.814 69949 INFO tempest.lib.common.rest_client [req-6c4cb004-4bce-432f-9204-44808d749221 req-6c4cb004-4bce-432f-9204-44808d749221 ] Request (ServerDiagnosticsV248Test:test_get_server_diagnostics): 200 GET http://10.180.1.21/compute/v2.1/servers/ce5a92f9-4917-4d72-b527-35b97bad5933 0.493s
2025-04-25 17:57:06.823 69949 INFO tempest.common.waiters [-] State transition "BUILD/None" ==> "BUILD/networking" after 42 second wait
2025-04-25 17:57:06.868 69971 INFO tempest.lib.common.rest_client [req-b5ae1517-ce2a-4583-8d95-e215d3e641d8 req-b5ae1517-ce2a-4583-8d95-e215d3e641d8 ] Request (ServersNegativeTestJSON:setUpClass): 200 GET http://10.180.1.21/compute/v2.1/servers/88adf8a9-777e-4f76-8d50-cb81835a528e 0.494s
2025-04-25 17:57:06.876 69937 INFO tempest.lib.common.rest_client [req-df97ef8b-31dd-4246-9085-ab230bb2f0f3 req-df97ef8b-31dd-4246-9085-ab230bb2f0f3 ] Request (ServerAddressesNegativeTestJSON:test_list_server_addresses_invalid_server_id): 404 GET http://10.180.1.21/compute/v2.1/servers/999/ips 0.413s
2025-04-25 17:57:06.881 69957 INFO tempest.lib.common.rest_client [req-c4b1eb14-0698-459d-be36-6edfb46d6119 req-c4b1eb14-0698-459d-be36-6edfb46d6119 ] Request (TenantUsagesTestJSON:setUpClass): 200 GET http://10.180.1.21/compute/v2.1/servers/42e44f7f-7eb3-4666-b9d5-8c20c77cbc98 0.441s
2025-04-25 17:57:06.899 69919 INFO tempest.lib.common.rest_client [req-d98bf1d3-75b1-4b59-b5d4-aeb485793f09 req-d98bf1d3-75b1-4b59-b5d4-aeb485793f09 ] Request (FlavorsV2TestJSON:test_list_flavors_filter_by_min_disk): 200 GET http://10.180.1.21/compute/v2.1/flavors?minDisk=2 0.408s
2025-04-25 17:57:06.936 69921 INFO tempest.lib.common.rest_client [req-1583b071-feff-429f-ac6d-f16782d62b9e req-1583b071-feff-429f-ac6d-f16782d62b9e ] Request (ServerShowV247Test:test_update_rebuild_list_server): 200 GET http://10.180.1.21/compute/v2.1/servers/68939730-1c6b-48ce-81fd-f84fa6df5b33 0.423s
2025-04-25 17:57:06.968 69975 INFO tempest.lib.common.rest_client [req-c1935448-3d0c-47c7-a510-fcb61e1fe47c req-c1935448-3d0c-47c7-a510-fcb61e1fe47c ] Request (ServersV294TestFqdnHostnames:setUpClass): 200 GET http://10.180.1.21/compute/v2.1/servers/e3580fdf-80a9-46b8-8877-06f011c08f94 0.416s
2025-04-25 17:57:06.999 69925 INFO tempest.lib.common.rest_client [req-522109f5-7c42-4f3f-b4ab-79c2ef6df62c req-522109f5-7c42-4f3f-b4ab-79c2ef6df62c ] Request (ServerMetadataTestJSON:tearDownClass): 200 GET http://10.180.1.21/compute/v2.1/servers/4ca7cbc0-d615-4ae1-b395-18248bff5ed2 0.278s
2025-04-25 17:57:07.064 69965 INFO tempest.lib.common.rest_client [req-5841a30f-eb7e-4e57-90ec-d16d86b8c572 req-5841a30f-eb7e-4e57-90ec-d16d86b8c572 ] Request (ServersTestFqdnHostnames:test_create_server_with_fqdn_name): 200 GET http://10.180.1.21/compute/v2.1/servers/4a75013d-dc04-4f7d-b9c5-f0c68929e520 0.270s
2025-04-25 17:57:07.089 69939 INFO tempest.lib.common.rest_client [req-c25eddcf-fbf0-4a90-883d-795ea8a13c2c req-c25eddcf-fbf0-4a90-883d-795ea8a13c2c ] Request (ImagesOneServerTestJSON:tearDownClass): 200 GET http://10.180.1.21/compute/v2.1/servers/61cdbd6e-75d2-45af-b4b3-cba900b17dc1 0.347s
2025-04-25 17:57:07.122 69981 INFO tempest.lib.common.rest_client [req-04b1f4d3-b0eb-4136-8e76-bc95b4fdc32f req-04b1f4d3-b0eb-4136-8e76-bc95b4fdc32f ] Request (InstanceActionsV221TestJSON:test_get_list_deleted_instance_actions): 200 GET http://10.180.1.21/compute/v2.1/servers/e771f0f1-c4b9-49b2-9424-3b41d6e0ecb3 0.261s
2025-04-25 17:57:07.139 69919 INFO tempest.lib.common.rest_client [req-bb1b128a-e9ce-4587-bf0b-4ae462d636fb req-bb1b128a-e9ce-4587-bf0b-4ae462d636fb ] Request (FlavorsV2TestJSON:test_list_flavors_filter_by_min_ram): 200 GET http://10.180.1.21/compute/v2.1/flavors/42 0.235s
2025-04-25 17:57:07.165 69937 INFO tempest.lib.common.rest_client [req-53ad0019-478d-446a-a383-12eb837f616b req-53ad0019-478d-446a-a383-12eb837f616b ] Request (ServerAddressesNegativeTestJSON:tearDownClass): 204 DELETE http://10.180.1.21/compute/v2.1/servers/fb4296b3-38c0-4e9f-984b-1409a072aba5 0.287s
2025-04-25 17:57:07.185 69973 INFO tempest.lib.common.rest_client [req-a88d2f19-fd83-40c0-bc80-987e1d086ffc req-a88d2f19-fd83-40c0-bc80-987e1d086ffc ] Request (ServerDiskConfigTestJSON:test_rebuild_server_with_auto_disk_config): 200 GET http://10.180.1.21/compute/v2.1/servers/38b2256d-193a-4fa8-ab77-ad4e91f81722 0.140s
2025-04-25 17:57:07.217 69935 INFO tempest.lib.common.rest_client [req-16826d57-ca68-41d1-9be4-df8b69e94d3b req-16826d57-ca68-41d1-9be4-df8b69e94d3b ] Request (FloatingIPsAssociationTestJSON:test_associate_already_associated_floating_ip): 200 GET http://10.180.1.21/compute/v2.1/servers/546ab638-f582-4a0e-89e6-c15b1e8ef888 0.167s
2025-04-25 17:57:07.245 69931 INFO tempest.lib.common.rest_client [req-91553bcb-7d6b-4886-93f1-8fe0d22f4dd7 req-91553bcb-7d6b-4886-93f1-8fe0d22f4dd7 ] Request (ServerShowV254Test:tearDownClass): 200 GET http://10.180.1.21/compute/v2.1/servers/ff1fb4b8-8707-4053-a288-af4aaf7e9ebc 0.109s
2025-04-25 17:57:07.253 69919 INFO tempest.lib.common.rest_client [req-80abe702-2273-403e-ac16-7d348d34b29c req-80abe702-2273-403e-ac16-7d348d34b29c ] Request (FlavorsV2TestJSON:test_list_flavors_filter_by_min_ram): 200 GET http://10.180.1.21/compute/v2.1/flavors?minRam=193 0.110s
2025-04-25 17:57:07.307 69927 WARNING tempest.lib.common.ssh [-] Failed to establish authenticated ssh connection to cirros@10.180.180.254 ([Errno None] Unable to connect to port 22 on 10.180.180.254). Number attempts: 3. Retry after 4 seconds.: paramiko.ssh_exception.NoValidConnectionsError: [Errno None] Unable to connect to port 22 on 10.180.180.254
2025-04-25 17:57:07.323 69953 INFO tempest.lib.common.rest_client [req-4c9fd5ff-4b1d-49c6-861d-d1682f3007d6 req-4c9fd5ff-4b1d-49c6-861d-d1682f3007d6 ] Request (ServersAdmin275Test:tearDownClass): 200 GET http://10.180.1.21/compute/v2.1/servers/79980895-3dc5-4c6e-9aaa-2b851e7d18fe 0.166s
2025-04-25 17:57:07.377 69929 INFO tempest.lib.common.rest_client [req-e1189c85-8b57-40e3-bb8e-82d9c18da3b4 req-e1189c85-8b57-40e3-bb8e-82d9c18da3b4 ] Request (VolumesAdminNegativeTest:test_update_attached_volume_with_nonexistent_volume_in_body): 200 GET http://10.180.1.21/compute/v2.1/servers/009f2804-aedb-4162-8211-06a1573c9ace 0.153s
2025-04-25 17:57:07.387 69937 INFO tempest.lib.common.rest_client [req-fc623789-392f-4e7b-9014-1f91531ec1d4 req-fc623789-392f-4e7b-9014-1f91531ec1d4 ] Request (ServerAddressesNegativeTestJSON:tearDownClass): 200 GET http://10.180.1.21/compute/v2.1/servers/fb4296b3-38c0-4e9f-984b-1409a072aba5 0.222s
2025-04-25 17:57:07.401 69919 INFO tempest.lib.common.rest_client [req-5fbee3c7-07d4-4828-a563-fbc10435ea9e req-5fbee3c7-07d4-4828-a563-fbc10435ea9e ] Request (FlavorsV2TestJSON:test_list_flavors_limit_results): 200 GET http://10.180.1.21/compute/v2.1/flavors?limit=1 0.143s
2025-04-25 17:57:07.438 69947 INFO tempest.lib.common.rest_client [req-acd5143f-fb69-4b52-bdb0-041b9b26fe1f req-acd5143f-fb69-4b52-bdb0-041b9b26fe1f ] Request (InstanceActionsTestJSON:setUpClass): 200 GET http://10.180.1.21/compute/v2.1/servers/1b8f574e-cfb8-4a1a-9c4e-93098510f933 0.204s
2025-04-25 17:57:07.453 69963 INFO tempest.lib.common.rest_client [req-6c576554-5757-4733-9401-06e60b5f37a5 req-6c576554-5757-4733-9401-06e60b5f37a5 ] Request (ServerTagsTestJSON:setUpClass): 200 GET http://10.180.1.21/compute/v2.1/servers/3097b168-a6cd-47be-a4d5-5494a4ab2c1a 0.160s
2025-04-25 17:57:07.490 69943 INFO tempest.lib.common.rest_client [req-a125d85b-f2d9-4f9f-bffb-f9f59e59ffa0 req-a125d85b-f2d9-4f9f-bffb-f9f59e59ffa0 ] Request (ServerShowV257Test:test_rebuild_server): 200 GET http://10.180.1.21/compute/v2.1/servers/1d6ef9b4-417a-4fb6-a04a-f04a918c020e 0.116s
2025-04-25 17:57:07.501 69919 INFO tempest.lib.common.rest_client [req-270f55af-2bda-4542-952f-b563dce4a168 req-270f55af-2bda-4542-952f-b563dce4a168 ] Request (FlavorsV2TestJSON:test_list_flavors_using_marker): 200 GET http://10.180.1.21/compute/v2.1/flavors/42 0.098s
2025-04-25 17:57:07.565 69945 INFO tempest.lib.common.rest_client [req-f34fe609-1880-461c-9110-226287169f84 req-f34fe609-1880-461c-9110-226287169f84 ] Request (DeleteServersAdminTestJSON:test_delete_server_while_in_error_state): 200 GET http://10.180.1.21/compute/v2.1/servers/f81dc110-fe05-46de-85e0-6af0ad6d1f11 0.131s
2025-04-25 17:57:07.626 69979 INFO tempest.lib.common.rest_client [req-6a751677-904e-4550-89ef-579744ff0794 req-6a751677-904e-4550-89ef-579744ff0794 ] Request (ServerDiagnosticsNegativeTest:tearDownClass): 200 GET http://10.180.1.21/compute/v2.1/servers/b6dfdaf0-57bb-4063-b261-3807636a5a84 0.184s
2025-04-25 17:57:07.679 69977 INFO tempest.lib.common.rest_client [req-1d69c2cb-9a6f-404c-84e4-75da0eabb67b req-1d69c2cb-9a6f-404c-84e4-75da0eabb67b ] Request (ImagesOneServerNegativeTestJSON:setUpClass): 200 GET http://10.180.1.21/compute/v2.1/servers/50aeb81d-ca5a-433c-8158-5f611f3101ad 0.194s
2025-04-25 17:57:07.714 69919 INFO tempest.lib.common.rest_client [req-e55f117e-6e1c-48df-996b-b7a42639ec77 req-e55f117e-6e1c-48df-996b-b7a42639ec77 ] Request (FlavorsV2TestJSON:test_list_flavors_using_marker): 200 GET http://10.180.1.21/compute/v2.1/flavors?marker=42 0.210s
2025-04-25 17:57:07.740 69933 INFO tempest.lib.common.rest_client [req-f7862472-1213-4ae9-a446-e98b152bb374 req-f7862472-1213-4ae9-a446-e98b152bb374 ] Request (MigrationsAdminTest:test_list_migrations_in_flavor_resize_situation): 200 GET http://10.180.1.21/compute/v2.1/servers/633e9d92-9015-4cc8-ba92-6750376d0198 0.366s
2025-04-25 17:57:07.771 69962 INFO tempest.lib.common.rest_client [req-44def899-7359-46cc-85d6-8887e3ead533 req-44def899-7359-46cc-85d6-8887e3ead533 ] Request (SecurityGroupsTestJSON:test_server_security_groups): 200 GET http://10.180.1.21/compute/v2.1/servers/7599fa29-a9bd-4e34-836c-1006447048a8 0.202s
2025-04-25 17:57:07.829 69955 INFO tempest.lib.common.rest_client [req-511b4810-8677-43c6-949d-5a194ec51ac7 req-511b4810-8677-43c6-949d-5a194ec51ac7 ] Request (ServersAdminNegativeTestJSON:test_migrate_server_invalid_state): 200 GET http://10.180.1.21/compute/v2.1/servers/a7e491d0-46d8-48dc-b4ca-e87f6b4a4605 0.177s
2025-04-25 17:57:07.830 69969 INFO tempest.lib.common.rest_client [req-5d0785aa-8951-4de4-b181-6a0128dc1631 req-5d0785aa-8951-4de4-b181-6a0128dc1631 ] Request (AttachInterfacesTestJSON:test_create_list_show_delete_interfaces_by_fixed_ip): 200 GET http://10.180.1.21/compute/v2.1/servers/88c6c82f-fbfd-4407-84db-3ff4b0889e9d 0.208s
2025-04-25 17:57:07.852 69919 INFO tempest.lib.common.rest_client [req-93e6e192-3a56-4bdc-b671-49e3b1be255b req-93e6e192-3a56-4bdc-b671-49e3b1be255b ] Request (FlavorsV2TestJSON:test_list_flavors_with_detail): 200 GET http://10.180.1.21/compute/v2.1/flavors/detail 0.134s
2025-04-25 17:57:07.890 69923 INFO tempest.lib.common.rest_client [req-8ce52e1c-1b3f-4109-86e3-6182d0d5ce49 req-8ce52e1c-1b3f-4109-86e3-6182d0d5ce49 ] Request (ServersAdminTestJSON:test_create_server_with_scheduling_hint): 200 GET http://10.180.1.21/compute/v2.1/servers/6e927889-8993-4deb-8621-4d034a32e16c 0.181s
2025-04-25 17:57:07.902 69967 INFO tempest.lib.common.rest_client [req-a5d35981-2c0f-46bd-bd30-4d5694a94010 req-a5d35981-2c0f-46bd-bd30-4d5694a94010 ] Request (ImagesTestJSON:test_create_image_from_suspended_server): 200 GET http://10.180.1.21/compute/v2.1/servers/b47d5434-6e48-442e-80dd-aefc47ce2de9 0.134s
2025-04-25 17:57:07.944 69959 INFO tempest.lib.common.rest_client [req-1dbf1b04-f040-4479-8ba7-26f695ff1459 req-1dbf1b04-f040-4479-8ba7-26f695ff1459 ] Request (FloatingIPsAssociationNegativeTestJSON:tearDownClass): 200 GET http://10.180.1.21/compute/v2.1/servers/a30ce7e7-7d02-445a-bae4-4db714cfbc96 0.123s
2025-04-25 17:57:07.947 69949 INFO tempest.lib.common.rest_client [req-0eb5c33f-ab9c-4759-a1e6-754c208462e5 req-0eb5c33f-ab9c-4759-a1e6-754c208462e5 ] Request (ServerDiagnosticsV248Test:test_get_server_diagnostics): 200 GET http://10.180.1.21/compute/v2.1/servers/ce5a92f9-4917-4d72-b527-35b97bad5933 0.124s
2025-04-25 17:57:07.956 69919 INFO tempest.lib.common.rest_client [req-75c8c9b4-a805-41e9-a81a-38a61d235275 req-75c8c9b4-a805-41e9-a81a-38a61d235275 ] Request (FlavorsV2TestJSON:test_list_flavors_with_detail): 200 GET http://10.180.1.21/compute/v2.1/flavors/42 0.098s
2025-04-25 17:57:07.957 69949 INFO tempest.common.waiters [-] State transition "BUILD/networking" ==> "BUILD/spawning" after 43 second wait
2025-04-25 17:57:07.993 69971 INFO tempest.lib.common.rest_client [req-e110c774-4698-4d9e-834a-20a7578dd848 req-e110c774-4698-4d9e-834a-20a7578dd848 ] Request (ServersNegativeTestJSON:setUpClass): 200 GET http://10.180.1.21/compute/v2.1/servers/88adf8a9-777e-4f76-8d50-cb81835a528e 0.115s
2025-04-25 17:57:08.008 69957 INFO tempest.lib.common.rest_client [req-361fc87d-aa13-458a-b945-640bdce9625e req-361fc87d-aa13-458a-b945-640bdce9625e ] Request (TenantUsagesTestJSON:setUpClass): 200 GET http://10.180.1.21/compute/v2.1/servers/42e44f7f-7eb3-4666-b9d5-8c20c77cbc98 0.118s
2025-04-25 17:57:08.057 69921 INFO tempest.lib.common.rest_client [req-4072900b-3c34-4dfc-9420-acfd571f62cb req-4072900b-3c34-4dfc-9420-acfd571f62cb ] Request (ServerShowV247Test:test_update_rebuild_list_server): 200 GET http://10.180.1.21/compute/v2.1/servers/68939730-1c6b-48ce-81fd-f84fa6df5b33 0.107s
2025-04-25 17:57:08.096 69975 INFO tempest.lib.common.rest_client [req-3612b8db-ce00-49b6-9e46-605836b784c8 req-3612b8db-ce00-49b6-9e46-605836b784c8 ] Request (ServersV294TestFqdnHostnames:setUpClass): 200 GET http://10.180.1.21/compute/v2.1/servers/e3580fdf-80a9-46b8-8877-06f011c08f94 0.109s
2025-04-25 17:57:08.133 69925 INFO tempest.lib.common.rest_client [req-446287b0-3f0f-4cbc-85c4-5963837f0327 req-446287b0-3f0f-4cbc-85c4-5963837f0327 ] Request (ServerMetadataTestJSON:tearDownClass): 200 GET http://10.180.1.21/compute/v2.1/servers/4ca7cbc0-d615-4ae1-b395-18248bff5ed2 0.126s
2025-04-25 17:57:08.144 69965 INFO tempest.lib.common.rest_client [req-cef2ba1a-6da1-4996-ba0c-17874e1c223e req-cef2ba1a-6da1-4996-ba0c-17874e1c223e ] Request (ServersTestFqdnHostnames:test_create_server_with_fqdn_name): 200 GET http://10.180.1.21/compute/v2.1/servers/4a75013d-dc04-4f7d-b9c5-f0c68929e520 0.070s
2025-04-25 17:57:08.149 69919 INFO tempest.lib.common.rest_client [req-b308aac7-de48-48d8-b3e2-6746fdda3cab req-b308aac7-de48-48d8-b3e2-6746fdda3cab ] Request (FlavorsV2TestJSON:tearDownClass): 204 DELETE http://10.180.1.21/identity/v3/users/9818e470265146b7919ded82516fba8a 0.189s
2025-04-25 17:57:08.149 69919 INFO tempest.lib.common.dynamic_creds [-] Deleting project and security group for project: 9f262876e80a42128fabdaf4f4338398
2025-04-25 17:57:08.194 69981 INFO tempest.lib.common.rest_client [req-ab2ecda8-1f0e-4f02-b0aa-682dc9bc38fa req-ab2ecda8-1f0e-4f02-b0aa-682dc9bc38fa ] Request (InstanceActionsV221TestJSON:test_get_list_deleted_instance_actions): 200 GET http://10.180.1.21/compute/v2.1/servers/e771f0f1-c4b9-49b2-9424-3b41d6e0ecb3 0.059s
2025-04-25 17:57:08.214 69919 INFO tempest.lib.common.rest_client [req-db10e5dc-3e71-4dd9-b74b-fc212dd6a40b req-db10e5dc-3e71-4dd9-b74b-fc212dd6a40b ] Request (FlavorsV2TestJSON:tearDownClass): 201 POST http://10.180.1.21/identity/v3/auth/tokens 0.065s
2025-04-25 17:57:08.227 69939 INFO tempest.lib.common.rest_client [req-e59ddd58-04c1-474d-86a4-cebc48915db5 req-e59ddd58-04c1-474d-86a4-cebc48915db5 ] Request (ImagesOneServerTestJSON:tearDownClass): 200 GET http://10.180.1.21/compute/v2.1/servers/61cdbd6e-75d2-45af-b4b3-cba900b17dc1 0.130s
2025-04-25 17:57:08.249 69973 INFO tempest.lib.common.rest_client [req-f3165d24-c5f9-463d-944b-a4615f4222c8 req-f3165d24-c5f9-463d-944b-a4615f4222c8 ] Request (ServerDiskConfigTestJSON:test_rebuild_server_with_auto_disk_config): 200 GET http://10.180.1.21/compute/v2.1/servers/38b2256d-193a-4fa8-ab77-ad4e91f81722 0.053s
2025-04-25 17:57:08.286 69935 INFO tempest.lib.common.rest_client [req-9dd5413c-7552-48ca-a870-08cc9ea477ab req-9dd5413c-7552-48ca-a870-08cc9ea477ab ] Request (FloatingIPsAssociationTestJSON:test_associate_already_associated_floating_ip): 200 GET http://10.180.1.21/compute/v2.1/servers/546ab638-f582-4a0e-89e6-c15b1e8ef888 0.058s
2025-04-25 17:57:08.321 69931 INFO tempest.lib.common.rest_client [req-d3f6e430-6770-4f82-8bb8-90ee561f3bdc req-d3f6e430-6770-4f82-8bb8-90ee561f3bdc ] Request (ServerShowV254Test:tearDownClass): 200 GET http://10.180.1.21/compute/v2.1/servers/ff1fb4b8-8707-4053-a288-af4aaf7e9ebc 0.066s
2025-04-25 17:57:08.333 69931 INFO tempest.common.waiters [-] State transition "ACTIVE/deleting" ==> "DELETED/None" after 5 second wait
2025-04-25 17:57:08.400 69919 INFO tempest.lib.common.rest_client [req-c1ecb9d4-846f-4035-903c-3d1032bdc167 req-c1ecb9d4-846f-4035-903c-3d1032bdc167 ] Request (FlavorsV2TestJSON:tearDownClass): 200 GET http://10.180.1.21:9696/networking/v2.0/security-groups?tenant_id=9f262876e80a42128fabdaf4f4338398&name=default 0.185s
2025-04-25 17:57:08.410 69953 INFO tempest.lib.common.rest_client [req-58c5f4c7-6f36-46b0-a634-ccdb02703e2c req-58c5f4c7-6f36-46b0-a634-ccdb02703e2c ] Request (ServersAdmin275Test:tearDownClass): 200 GET http://10.180.1.21/compute/v2.1/servers/79980895-3dc5-4c6e-9aaa-2b851e7d18fe 0.076s
2025-04-25 17:57:08.449 69929 INFO tempest.lib.common.rest_client [req-483ac526-3de8-4c98-9355-eea43f2ac597 req-483ac526-3de8-4c98-9355-eea43f2ac597 ] Request (VolumesAdminNegativeTest:test_update_attached_volume_with_nonexistent_volume_in_body): 200 GET http://10.180.1.21/compute/v2.1/servers/009f2804-aedb-4162-8211-06a1573c9ace 0.063s
2025-04-25 17:57:08.515 69919 INFO tempest.lib.common.rest_client [req-7aa653cd-e282-4915-927c-25496cd3a360 req-7aa653cd-e282-4915-927c-25496cd3a360 ] Request (FlavorsV2TestJSON:tearDownClass): 204 DELETE http://10.180.1.21:9696/networking/v2.0/security-groups/84907b6a-8b57-466c-ac57-e69b8fb032fc 0.115s
2025-04-25 17:57:08.525 69947 INFO tempest.lib.common.rest_client [req-e0390716-3cc3-4054-8449-b1f2c7bca259 req-e0390716-3cc3-4054-8449-b1f2c7bca259 ] Request (InstanceActionsTestJSON:setUpClass): 200 GET http://10.180.1.21/compute/v2.1/servers/1b8f574e-cfb8-4a1a-9c4e-93098510f933 0.071s
2025-04-25 17:57:08.539 69937 INFO tempest.lib.common.rest_client [req-9a3048de-741c-482f-a0bb-08a6ae3c23f4 req-9a3048de-741c-482f-a0bb-08a6ae3c23f4 ] Request (ServerAddressesNegativeTestJSON:tearDownClass): 200 GET http://10.180.1.21/compute/v2.1/servers/fb4296b3-38c0-4e9f-984b-1409a072aba5 0.143s
2025-04-25 17:57:08.591 69963 INFO tempest.lib.common.rest_client [req-04ed4b41-5da0-4a7a-94f7-e723c9ed9c26 req-04ed4b41-5da0-4a7a-94f7-e723c9ed9c26 ] Request (ServerTagsTestJSON:setUpClass): 200 GET http://10.180.1.21/compute/v2.1/servers/3097b168-a6cd-47be-a4d5-5494a4ab2c1a 0.125s
2025-04-25 17:57:08.608 69943 INFO tempest.lib.common.rest_client [req-45fd9e1e-d8c9-47ea-912e-769ce2e6349c req-45fd9e1e-d8c9-47ea-912e-769ce2e6349c ] Request (ServerShowV257Test:test_rebuild_server): 200 GET http://10.180.1.21/compute/v2.1/servers/1d6ef9b4-417a-4fb6-a04a-f04a918c020e 0.108s
2025-04-25 17:57:08.615 69919 INFO tempest.lib.common.rest_client [req-d299e642-3eac-4482-8b06-b37e8ff74792 req-d299e642-3eac-4482-8b06-b37e8ff74792 ] Request (FlavorsV2TestJSON:tearDownClass): 204 DELETE http://10.180.1.21/identity/v3/projects/9f262876e80a42128fabdaf4f4338398 0.099s
2025-04-25 17:57:08.648 69945 INFO tempest.lib.common.rest_client [req-ea5b05f1-85f1-46ce-baeb-6b8bbd898834 req-ea5b05f1-85f1-46ce-baeb-6b8bbd898834 ] Request (DeleteServersAdminTestJSON:test_delete_server_while_in_error_state): 200 GET http://10.180.1.21/compute/v2.1/servers/f81dc110-fe05-46de-85e0-6af0ad6d1f11 0.072s
2025-04-25 17:57:08.680 69919 INFO tempest.lib.common.rest_client [req-cdc54e00-a956-4865-8bd7-6f25e46b6d57 req-cdc54e00-a956-4865-8bd7-6f25e46b6d57 ] Request (SecurityGroupRulesTestJSON:setUpClass): 201 POST http://10.180.1.21/identity/v3/auth/tokens 0.063s
2025-04-25 17:57:08.702 69979 INFO tempest.lib.common.rest_client [req-7c82c8f2-fff7-4db3-bb7b-ebf67ba87aa0 req-7c82c8f2-fff7-4db3-bb7b-ebf67ba87aa0 ] Request (ServerDiagnosticsNegativeTest:tearDownClass): 200 GET http://10.180.1.21/compute/v2.1/servers/b6dfdaf0-57bb-4063-b261-3807636a5a84 0.062s
2025-04-25 17:57:08.712 69919 INFO tempest.lib.common.rest_client [req-08ec90bc-2bbb-4eb1-8995-119b471efe45 req-08ec90bc-2bbb-4eb1-8995-119b471efe45 ] Request (SecurityGroupRulesTestJSON:setUpClass): 201 POST http://10.180.1.21/identity/v3/auth/tokens 0.028s
2025-04-25 17:57:08.735 69919 INFO tempest.lib.common.rest_client [req-120dd175-06b7-4fa2-af43-9630a38a12bf req-120dd175-06b7-4fa2-af43-9630a38a12bf ] Request (SecurityGroupRulesTestJSON:setUpClass): 200 GET http://10.180.1.21/identity/v3/domains?name=Default 0.022s
2025-04-25 17:57:08.740 69977 INFO tempest.lib.common.rest_client [req-550c68eb-f751-460f-9d83-4a082a211183 req-550c68eb-f751-460f-9d83-4a082a211183 ] Request (ImagesOneServerNegativeTestJSON:setUpClass): 200 GET http://10.180.1.21/compute/v2.1/servers/50aeb81d-ca5a-433c-8158-5f611f3101ad 0.048s
2025-04-25 17:57:08.762 69919 INFO tempest.lib.common.rest_client [req-6015e5d3-bf76-4f6a-95be-4fad2552275f req-6015e5d3-bf76-4f6a-95be-4fad2552275f ] Request (SecurityGroupRulesTestJSON:setUpClass): 201 POST http://10.180.1.21/identity/v3/projects 0.026s
2025-04-25 17:57:08.820 69919 INFO tempest.lib.common.rest_client [req-bbdffbbe-f4ee-41ad-a359-0f12e1336569 req-bbdffbbe-f4ee-41ad-a359-0f12e1336569 ] Request (SecurityGroupRulesTestJSON:setUpClass): 201 POST http://10.180.1.21/identity/v3/users 0.057s
2025-04-25 17:57:08.832 69962 INFO tempest.lib.common.rest_client [req-71914306-1b97-47c4-9479-aa9d4df5f6f7 req-71914306-1b97-47c4-9479-aa9d4df5f6f7 ] Request (SecurityGroupsTestJSON:test_server_security_groups): 200 GET http://10.180.1.21/compute/v2.1/servers/7599fa29-a9bd-4e34-836c-1006447048a8 0.051s
2025-04-25 17:57:08.841 69933 INFO tempest.lib.common.rest_client [req-56cd44e8-f469-4801-a9f8-e21b2c180369 req-56cd44e8-f469-4801-a9f8-e21b2c180369 ] Request (MigrationsAdminTest:test_list_migrations_in_flavor_resize_situation): 200 GET http://10.180.1.21/compute/v2.1/servers/633e9d92-9015-4cc8-ba92-6750376d0198 0.093s
2025-04-25 17:57:08.842 69919 INFO tempest.lib.common.rest_client [req-5c15c584-3a43-4792-a8a5-ce7a61c4e7a5 req-5c15c584-3a43-4792-a8a5-ce7a61c4e7a5 ] Request (SecurityGroupRulesTestJSON:setUpClass): 200 GET http://10.180.1.21/identity/v3/roles 0.021s
2025-04-25 17:57:08.875 69919 INFO tempest.lib.common.rest_client [req-6d610c44-7fbd-4c4a-a75b-86a5d2caa021 req-6d610c44-7fbd-4c4a-a75b-86a5d2caa021 ] Request (SecurityGroupRulesTestJSON:setUpClass): 204 PUT http://10.180.1.21/identity/v3/projects/dfec163bfba0499996cdde051386b0ec/users/7e840859bc0f40c39d7d14024d4e25fd/roles/08e77740ceca4ad8a252dfe7176f735e 0.032s
2025-04-25 17:57:08.875 69919 INFO tempest.lib.common.dynamic_creds [-] Dynamic test user 7e840859bc0f40c39d7d14024d4e25fd is created with scope project and roles: ['member']
