2025-04-25 17:57:49.605 69937 INFO tempest.lib.common.rest_client [req-15b84972-68c4-4940-828f-2d56a7a72f9d req-15b84972-68c4-4940-828f-2d56a7a72f9d ] Request (ServerAddressesNegativeTestJSON:tearDownClass): 200 GET http://10.180.1.21/compute/v2.1/servers/fb4296b3-38c0-4e9f-984b-1409a072aba5 0.240s
2025-04-25 17:57:49.606 69931 INFO tempest.lib.common.rest_client [req-c1259203-d86b-4084-87b4-f8447d9709cc req-c1259203-d86b-4084-87b4-f8447d9709cc ] Request (AttachVolumeTestJSON:setUpClass): 200 PUT http://10.180.1.21:9696/networking/v2.0/routers/ded3417e-b357-4060-a127-bbc2c2c68d7c/add_router_interface 1.238s
2025-04-25 17:57:49.606 69931 INFO tempest.lib.common.dynamic_creds [-] Created isolated network resources for: credentials: Credentials: {'domain_id': 'default', 'domain_name': 'Default', 'username': 'tempest-AttachVolumeTestJSON-636226476-project-member', 'project_domain_id': 'default', 'project_domain_name': 'Default', 'project_id': '4c6c04bdddc44f019ee06bfc6855ccf2', 'project_name': 'tempest-AttachVolumeTestJSON-636226476', 'tenant_id': '4c6c04bdddc44f019ee06bfc6855ccf2', 'tenant_name': 'tempest-AttachVolumeTestJSON-636226476', 'user_domain_id': 'default', 'user_domain_name': 'Default', 'user_id': '0cb5577a6a6e49b3b06bd0d657d31138', 'system': None}, Network: {'id': '8cfd9c40-56a8-4204-8c05-761e443ac468', 'name': 'tempest-AttachVolumeTestJSON-380529611-network', 'tenant_id': '4c6c04bdddc44f019ee06bfc6855ccf2', 'admin_state_up': True, 'mtu': 8950, 'status': 'ACTIVE', 'subnets': [], 'shared': False, 'project_id': '4c6c04bdddc44f019ee06bfc6855ccf2', 'port_security_enabled': True, 'router:external': False, 'provider:network_type': 'vlan', 'provider:physical_network': 'default', 'provider:segmentation_id': 952, 'availability_zone_hints': [], 'availability_zones': [], 'ipv4_address_scope': None, 'ipv6_address_scope': None, 'description': '', 'tags': [], 'created_at': '2025-04-25T17:57:47Z', 'updated_at': '2025-04-25T17:57:47Z', 'revision_number': 1}, Subnet: {'id': '3291d419-cdb3-40d2-a61f-0f96ba904f6f', 'name': 'tempest-AttachVolumeTestJSON-380529611-subnet', 'tenant_id': '4c6c04bdddc44f019ee06bfc6855ccf2', 'network_id': '8cfd9c40-56a8-4204-8c05-761e443ac468', 'ip_version': 4, 'subnetpool_id': None, 'enable_dhcp': True, 'ipv6_ra_mode': None, 'ipv6_address_mode': None, 'gateway_ip': '192.168.128.1', 'cidr': '192.168.128.0/28', 'allocation_pools': [{'start': '192.168.128.2', 'end': '192.168.128.14'}], 'host_routes': [], 'dns_nameservers': [], 'description': '', 'router:external': False, 'service_types': [], 'tags': [], 'created_at': '2025-04-25T17:57:47Z', 'updated_at': '2025-04-25T17:57:47Z', 'revision_number': 0, 'project_id': '4c6c04bdddc44f019ee06bfc6855ccf2'}, Router: {'id': 'ded3417e-b357-4060-a127-bbc2c2c68d7c', 'name': 'tempest-AttachVolumeTestJSON-380529611-router', 'tenant_id': '4c6c04bdddc44f019ee06bfc6855ccf2', 'admin_state_up': True, 'status': 'ACTIVE', 'external_gateway_info': {'network_id': 'ee5b2cc8-1aec-430d-8a30-1333216d2c0f', 'external_fixed_ips': [{'subnet_id': '9034e493-c41e-4a22-a20d-bf46aa8dad57', 'ip_address': '10.180.180.251'}], 'enable_snat': True}, 'description': '', 'availability_zones': [], 'distributed': False, 'ha': False, 'availability_zone_hints': [], 'routes': [], 'flavor_id': None, 'tags': [], 'created_at': '2025-04-25T17:57:47Z', 'updated_at': '2025-04-25T17:57:48Z', 'revision_number': 2, 'project_id': '4c6c04bdddc44f019ee06bfc6855ccf2'}
2025-04-25 17:57:49.678 69943 INFO tempest.lib.common.rest_client [req-78ccb65b-5c2e-4940-bc57-0bbe42d52281 req-78ccb65b-5c2e-4940-bc57-0bbe42d52281 ] Request (ServerShowV257Test:tearDownClass): 200 GET http://10.180.1.21/compute/v2.1/servers/1d6ef9b4-417a-4fb6-a04a-f04a918c020e 0.201s
2025-04-25 17:57:49.702 69963 INFO tempest.lib.common.rest_client [req-09928f30-459f-4c1d-a23d-6005b5ce28d5 req-09928f30-459f-4c1d-a23d-6005b5ce28d5 ] Request (ServerTagsTestJSON:setUpClass): 200 GET http://10.180.1.21/compute/v2.1/servers/3097b168-a6cd-47be-a4d5-5494a4ab2c1a 0.409s
2025-04-25 17:57:49.726 69931 INFO tempest.lib.common.rest_client [req-8528d00b-8817-4a4a-853f-e75ea8309724 req-8528d00b-8817-4a4a-853f-e75ea8309724 ] Request (AttachVolumeTestJSON:setUpClass): 201 POST http://10.180.1.21/identity/v3/auth/tokens 0.116s
2025-04-25 17:57:49.749 69939 INFO tempest.lib.common.rest_client [req-d886c61f-125f-4a9a-b147-cef469275461 req-d886c61f-125f-4a9a-b147-cef469275461 ] Request (ImagesOneServerTestJSON:tearDownClass): 204 DELETE http://10.180.1.21:9696/networking/v2.0/routers/d4f33d80-e58a-42ea-8662-7d5668617fcc 0.710s
2025-04-25 17:57:49.761 69947 INFO tempest.lib.common.rest_client [req-ca005e69-eabe-4cfa-b4d4-fa49b1879443 req-ca005e69-eabe-4cfa-b4d4-fa49b1879443 ] Request (InstanceActionsTestJSON:tearDownClass): 200 GET http://10.180.1.21/compute/v2.1/servers/1b8f574e-cfb8-4a1a-9c4e-93098510f933 0.147s
2025-04-25 17:57:49.775 69962 INFO tempest.lib.common.rest_client [req-dbb6d62c-5dec-4c9b-a981-9a2bc730d707 req-dbb6d62c-5dec-4c9b-a981-9a2bc730d707 ] Request (SecurityGroupsTestJSON:test_server_security_groups): 200 GET http://10.180.1.21/compute/v2.1/servers/7599fa29-a9bd-4e34-836c-1006447048a8 0.075s
2025-04-25 17:57:49.842 69979 INFO tempest.lib.common.rest_client [req-6d85c538-839f-4661-890c-c3423b5cc367 req-6d85c538-839f-4661-890c-c3423b5cc367 ] Request (InstanceActionsNegativeTestJSON:setUpClass): 200 GET http://10.180.1.21/compute/v2.1/servers/77806254-b4f3-48dc-b51f-a8e8fdcd0a1d 0.088s
2025-04-25 17:57:49.893 69939 INFO tempest.lib.common.rest_client [req-1df46dd8-8ead-41ce-b556-f9d155ce02a0 req-1df46dd8-8ead-41ce-b556-f9d155ce02a0 ] Request (ImagesOneServerTestJSON:tearDownClass): 204 DELETE http://10.180.1.21:9696/networking/v2.0/subnets/291064c3-8115-4c44-9a6f-479130aa3e7c 0.143s
2025-04-25 17:57:49.895 69931 INFO tempest.lib.common.rest_client [req-d0b09350-d56f-4524-9afe-ae909caf056a req-d0b09350-d56f-4524-9afe-ae909caf056a ] Request (ValidationResourcesFixture:setUp): 200 POST http://10.180.1.21/compute/v2.1/os-keypairs 0.167s
2025-04-25 17:57:49.903 69977 INFO tempest.lib.common.rest_client [req-d46af5b1-6b3d-4102-b582-56680de15627 req-d46af5b1-6b3d-4102-b582-56680de15627 ] Request (ImagesOneServerNegativeTestJSON:setUpClass): 200 GET http://10.180.1.21/compute/v2.1/servers/50aeb81d-ca5a-433c-8158-5f611f3101ad 0.091s
2025-04-25 17:57:49.963 69955 INFO tempest.lib.common.rest_client [req-ce2cec0a-c3ee-4d99-b85c-37e4ec9753c0 req-ce2cec0a-c3ee-4d99-b85c-37e4ec9753c0 ] Request (ServersAdminNegativeTestJSON:tearDownClass): 200 GET http://10.180.1.21/compute/v2.1/servers/a7e491d0-46d8-48dc-b4ca-e87f6b4a4605 0.069s
2025-04-25 17:57:50.019 69923 INFO tempest.lib.common.rest_client [req-a3d763be-f0d7-4667-bf29-14570272c9fd req-a3d763be-f0d7-4667-bf29-14570272c9fd ] Request (ServersAdminTestJSON:test_create_server_with_scheduling_hint): 200 GET http://10.180.1.21/compute/v2.1/servers/6e927889-8993-4deb-8621-4d034a32e16c 0.113s
2025-04-25 17:57:50.040 69945 INFO tempest.lib.common.rest_client [req-680928cd-1628-4162-a29f-669ce5108089 req-680928cd-1628-4162-a29f-669ce5108089 ] Request (DeleteServersAdminTestJSON:test_delete_server_while_in_error_state): 200 GET http://10.180.1.21/compute/v2.1/servers/f81dc110-fe05-46de-85e0-6af0ad6d1f11 0.205s
2025-04-25 17:57:50.091 69919 INFO tempest.lib.common.rest_client [req-ab8848e9-d521-4e30-96a1-5bd48f589e1e req-ab8848e9-d521-4e30-96a1-5bd48f589e1e ] Request (ListServerFiltersTestJSON:setUpClass): 200 GET http://10.180.1.21/compute/v2.1/servers/504ec9b0-3e13-4cfc-a5d4-2a34245590e1 0.140s
2025-04-25 17:57:50.104 69921 INFO tempest.lib.common.rest_client [req-9c4a126a-96c9-43fb-8f99-832fc91fa70c req-9c4a126a-96c9-43fb-8f99-832fc91fa70c ] Request (ServerShowV247Test:test_update_rebuild_list_server): 200 GET http://10.180.1.21/compute/v2.1/servers/68939730-1c6b-48ce-81fd-f84fa6df5b33 0.135s
2025-04-25 17:57:50.111 69969 WARNING tempest.lib.common.ssh [-] Failed to establish authenticated ssh connection to cirros@10.180.180.151 ([Errno None] Unable to connect to port 22 on 10.180.180.151). Number attempts: 6. Retry after 7 seconds.: paramiko.ssh_exception.NoValidConnectionsError: [Errno None] Unable to connect to port 22 on 10.180.180.151
2025-04-25 17:57:50.117 69931 INFO tempest.lib.common.rest_client [req-292e4995-3792-41c5-83e7-8b34669523fc req-292e4995-3792-41c5-83e7-8b34669523fc ] Request (ValidationResourcesFixture:setUp): 201 POST http://10.180.1.21:9696/networking/v2.0/security-groups 0.220s
2025-04-25 17:57:50.155 69971 INFO tempest.lib.common.rest_client [req-0beb80b2-f601-4355-b247-9e78a8bf1ecc req-0beb80b2-f601-4355-b247-9e78a8bf1ecc ] Request (ServersNegativeTestJSON:setUpClass): 200 GET http://10.180.1.21/compute/v2.1/servers/1ec0539b-ed48-4c66-8dab-5329eac7316d 0.125s
2025-04-25 17:57:50.178 69949 INFO tempest.lib.common.rest_client [req-c8ec1333-7d6d-48b6-af45-f7c942901340 req-c8ec1333-7d6d-48b6-af45-f7c942901340 ] Request (ServerDiagnosticsV248Test:tearDownClass): 200 GET http://10.180.1.21/compute/v2.1/servers/ce5a92f9-4917-4d72-b527-35b97bad5933 0.143s
2025-04-25 17:57:50.259 69931 INFO tempest.lib.common.rest_client [req-521bf26e-2071-4146-a01f-9cdcf02c6116 req-521bf26e-2071-4146-a01f-9cdcf02c6116 ] Request (ValidationResourcesFixture:setUp): 201 POST http://10.180.1.21:9696/networking/v2.0/security-group-rules 0.141s
2025-04-25 17:57:50.315 69939 INFO tempest.lib.common.rest_client [req-0cb588e3-cabd-4916-9e6d-35a864aebbc6 req-0cb588e3-cabd-4916-9e6d-35a864aebbc6 ] Request (ImagesOneServerTestJSON:tearDownClass): 204 DELETE http://10.180.1.21:9696/networking/v2.0/networks/9a50eae1-46d3-4476-bb62-8fc549b92183 0.422s
2025-04-25 17:57:50.320 69933 INFO tempest.lib.common.rest_client [req-2db22f21-d1d8-494f-89b1-cdf24d4a95ca req-2db22f21-d1d8-494f-89b1-cdf24d4a95ca ] Request (MigrationsAdminTest:test_list_migrations_in_flavor_resize_situation): 200 GET http://10.180.1.21/compute/v2.1/servers/633e9d92-9015-4cc8-ba92-6750376d0198 0.130s
2025-04-25 17:57:50.348 69957 INFO tempest.lib.common.rest_client [req-04ace01d-1ca4-4ad6-8b1d-7167fda35c75 req-04ace01d-1ca4-4ad6-8b1d-7167fda35c75 ] Request (TenantUsagesTestJSON:tearDownClass): 200 GET http://10.180.1.21/compute/v2.1/servers/42e44f7f-7eb3-4666-b9d5-8c20c77cbc98 0.083s
2025-04-25 17:57:50.382 69981 INFO tempest.lib.common.rest_client [req-e8d92db3-9750-4f16-a753-6ba414d20195 req-e8d92db3-9750-4f16-a753-6ba414d20195 ] Request (InstanceActionsV221TestJSON:test_get_list_deleted_instance_actions): 200 GET http://10.180.1.21/compute/v2.1/servers/e771f0f1-c4b9-49b2-9424-3b41d6e0ecb3 0.068s
2025-04-25 17:57:50.389 69931 INFO tempest.lib.common.rest_client [req-80aeca2d-f1c1-4d05-8c0e-5df1016f2fc2 req-80aeca2d-f1c1-4d05-8c0e-5df1016f2fc2 ] Request (ValidationResourcesFixture:setUp): 201 POST http://10.180.1.21:9696/networking/v2.0/security-group-rules 0.129s
2025-04-25 17:57:50.420 69939 INFO tempest.lib.common.rest_client [req-04fea05a-69d3-4fc5-ae09-8cb1d0fe9446 req-04fea05a-69d3-4fc5-ae09-8cb1d0fe9446 ] Request (ImagesOneServerTestJSON:tearDownClass): 204 DELETE http://10.180.1.21/identity/v3/users/2d0ff77cd728449a8f69ea066c22d0b5 0.105s
2025-04-25 17:57:50.421 69939 INFO tempest.lib.common.dynamic_creds [-] Deleting project and security group for project: 1114aafc08bc485a80bf28471e05d49f
2025-04-25 17:57:50.442 69975 INFO tempest.lib.common.rest_client [req-d3f4bb40-9e21-4b02-89bf-48f4dc5ebed9 req-d3f4bb40-9e21-4b02-89bf-48f4dc5ebed9 ] Request (ServersV294TestFqdnHostnames:setUpClass): 200 GET http://10.180.1.21/compute/v2.1/servers/e3580fdf-80a9-46b8-8877-06f011c08f94 0.069s
2025-04-25 17:57:50.473 69939 INFO tempest.lib.common.rest_client [req-7090de77-9152-4f7a-a98e-93a2967412d3 req-7090de77-9152-4f7a-a98e-93a2967412d3 ] Request (ImagesOneServerTestJSON:tearDownClass): 200 GET http://10.180.1.21:9696/networking/v2.0/security-groups?tenant_id=1114aafc08bc485a80bf28471e05d49f&name=default 0.052s
2025-04-25 17:57:50.510 69973 INFO tempest.lib.common.rest_client [req-a7d43aea-4214-43c4-bc84-b17f8c80a2fa req-a7d43aea-4214-43c4-bc84-b17f8c80a2fa ] Request (ServerDiskConfigTestJSON:test_rebuild_server_with_auto_disk_config): 200 GET http://10.180.1.21/compute/v2.1/servers/38b2256d-193a-4fa8-ab77-ad4e91f81722 0.059s
2025-04-25 17:57:50.566 69935 INFO tempest.lib.common.rest_client [req-21956fe9-8d1c-48ce-8d4c-86be54edb8c6 req-21956fe9-8d1c-48ce-8d4c-86be54edb8c6 ] Request (FloatingIPsAssociationTestJSON:test_associate_already_associated_floating_ip): 200 GET http://10.180.1.21/compute/v2.1/servers/546ab638-f582-4a0e-89e6-c15b1e8ef888 0.115s
2025-04-25 17:57:50.577 69967 INFO tempest.lib.common.rest_client [req-584d4e63-e5cd-41b1-8103-e0c50b17a833 req-584d4e63-e5cd-41b1-8103-e0c50b17a833 ] Request (ImagesTestJSON:test_create_image_from_suspended_server): 200 GET http://10.180.1.21/compute/v2.1/servers/b47d5434-6e48-442e-80dd-aefc47ce2de9 0.194s
2025-04-25 17:57:50.616 69929 INFO tempest.lib.common.rest_client [req-cd1f770c-16fb-49de-ad06-b894b663515f req-cd1f770c-16fb-49de-ad06-b894b663515f ] Request (VolumesAdminNegativeTest:test_update_attached_volume_with_nonexistent_volume_in_body): 200 GET http://10.180.1.21/compute/v2.1/servers/009f2804-aedb-4162-8211-06a1573c9ace 0.087s
2025-04-25 17:57:50.642 69939 INFO tempest.lib.common.rest_client [req-f49a1826-e427-44ee-9d49-96ab9e4c3c71 req-f49a1826-e427-44ee-9d49-96ab9e4c3c71 ] Request (ImagesOneServerTestJSON:tearDownClass): 204 DELETE http://10.180.1.21:9696/networking/v2.0/security-groups/06a9a251-b54d-4a2a-91b3-560ca563cabd 0.168s
2025-04-25 17:57:50.650 69937 INFO tempest.lib.common.rest_client [req-c4d8c853-d43a-4de4-aa4b-b476f64a50ce req-c4d8c853-d43a-4de4-aa4b-b476f64a50ce ] Request (ServerAddressesNegativeTestJSON:tearDownClass): 404 GET http://10.180.1.21/compute/v2.1/servers/fb4296b3-38c0-4e9f-984b-1409a072aba5 0.036s
2025-04-25 17:57:50.760 69939 INFO tempest.lib.common.rest_client [req-82fcc61a-c21c-439d-b0ba-d2f519960294 req-82fcc61a-c21c-439d-b0ba-d2f519960294 ] Request (ImagesOneServerTestJSON:tearDownClass): 204 DELETE http://10.180.1.21/identity/v3/projects/1114aafc08bc485a80bf28471e05d49f 0.117s
2025-04-25 17:57:50.799 69963 INFO tempest.lib.common.rest_client [req-d2220f23-28de-4751-a663-6346ec445fdd req-d2220f23-28de-4751-a663-6346ec445fdd ] Request (ServerTagsTestJSON:setUpClass): 200 GET http://10.180.1.21/compute/v2.1/servers/3097b168-a6cd-47be-a4d5-5494a4ab2c1a 0.080s
2025-04-25 17:57:50.806 69943 INFO tempest.lib.common.rest_client [req-c397da15-5c05-44d4-8262-c62b86186d90 req-c397da15-5c05-44d4-8262-c62b86186d90 ] Request (ServerShowV257Test:tearDownClass): 200 GET http://10.180.1.21/compute/v2.1/servers/1d6ef9b4-417a-4fb6-a04a-f04a918c020e 0.110s
2025-04-25 17:57:50.815 69943 INFO tempest.common.waiters [-] State transition "ACTIVE/deleting" ==> "DELETED/None" after 4 second wait
2025-04-25 17:57:50.857 69939 INFO tempest.lib.common.rest_client [req-d871e666-65ca-4188-b1b7-42433b58664a req-d871e666-65ca-4188-b1b7-42433b58664a ] Request (DeleteServersTestJSON:setUpClass): 201 POST http://10.180.1.21/identity/v3/auth/tokens 0.095s
2025-04-25 17:57:50.867 69947 INFO tempest.lib.common.rest_client [req-e9d0a013-adff-471e-8a01-5324908021ee req-e9d0a013-adff-471e-8a01-5324908021ee ] Request (InstanceActionsTestJSON:tearDownClass): 200 GET http://10.180.1.21/compute/v2.1/servers/1b8f574e-cfb8-4a1a-9c4e-93098510f933 0.097s
2025-04-25 17:57:50.873 69962 INFO tempest.lib.common.rest_client [req-140b0b89-384a-465e-adfa-017bd2a9361c req-140b0b89-384a-465e-adfa-017bd2a9361c ] Request (SecurityGroupsTestJSON:test_server_security_groups): 200 GET http://10.180.1.21/compute/v2.1/servers/7599fa29-a9bd-4e34-836c-1006447048a8 0.089s
2025-04-25 17:57:50.907 69939 INFO tempest.lib.common.rest_client [req-a12139b3-d8dd-4371-8a62-fc6da8261bde req-a12139b3-d8dd-4371-8a62-fc6da8261bde ] Request (DeleteServersTestJSON:setUpClass): 201 POST http://10.180.1.21/identity/v3/auth/tokens 0.047s
2025-04-25 17:57:50.938 69979 INFO tempest.lib.common.rest_client [req-009e5da7-8ba7-4c1f-996f-29c5af163235 req-009e5da7-8ba7-4c1f-996f-29c5af163235 ] Request (InstanceActionsNegativeTestJSON:setUpClass): 200 GET http://10.180.1.21/compute/v2.1/servers/77806254-b4f3-48dc-b51f-a8e8fdcd0a1d 0.087s
2025-04-25 17:57:50.943 69931 INFO tempest.lib.common.rest_client [req-25ad5a1f-4cb7-4acc-b4b3-4ac31f9b1474 req-25ad5a1f-4cb7-4acc-b4b3-4ac31f9b1474 ] Request (ValidationResourcesFixture:setUp): 201 POST http://10.180.1.21:9696/networking/v2.0/floatingips 0.553s
2025-04-25 17:57:50.947 69939 INFO tempest.lib.common.rest_client [req-064f418d-8a11-4e3c-90de-64b72b2a29db req-064f418d-8a11-4e3c-90de-64b72b2a29db ] Request (DeleteServersTestJSON:setUpClass): 200 GET http://10.180.1.21/identity/v3/domains?name=Default 0.039s
2025-04-25 17:57:50.979 69977 INFO tempest.lib.common.rest_client [req-2582d187-d6fb-461e-86b6-28a7c36d2b8d req-2582d187-d6fb-461e-86b6-28a7c36d2b8d ] Request (ImagesOneServerNegativeTestJSON:setUpClass): 200 GET http://10.180.1.21/compute/v2.1/servers/50aeb81d-ca5a-433c-8158-5f611f3101ad 0.063s
2025-04-25 17:57:50.986 69939 INFO tempest.lib.common.rest_client [req-554d62b3-838f-4416-8708-955ba92d9bb7 req-554d62b3-838f-4416-8708-955ba92d9bb7 ] Request (DeleteServersTestJSON:setUpClass): 201 POST http://10.180.1.21/identity/v3/projects 0.038s
2025-04-25 17:57:51.039 69931 INFO tempest.lib.common.rest_client [req-be42a582-e396-43bd-844b-1c8cc1c207b5 req-be42a582-e396-43bd-844b-1c8cc1c207b5 ] Request (AttachVolumeTestJSON:test_attach_detach_volume): 201 POST http://10.180.1.21/identity/v3/auth/tokens 0.092s
2025-04-25 17:57:51.040 69931 INFO tempest.lib.common.fixed_network [-] (AttachVolumeTestJSON:test_attach_detach_volume) Found network {'id': '8cfd9c40-56a8-4204-8c05-761e443ac468', 'name': 'tempest-AttachVolumeTestJSON-380529611-network', 'tenant_id': '4c6c04bdddc44f019ee06bfc6855ccf2', 'admin_state_up': True, 'mtu': 8950, 'status': 'ACTIVE', 'subnets': [], 'shared': False, 'project_id': '4c6c04bdddc44f019ee06bfc6855ccf2', 'port_security_enabled': True, 'router:external': False, 'provider:network_type': 'vlan', 'provider:physical_network': 'default', 'provider:segmentation_id': 952, 'availability_zone_hints': [], 'availability_zones': [], 'ipv4_address_scope': None, 'ipv6_address_scope': None, 'description': '', 'tags': [], 'created_at': '2025-04-25T17:57:47Z', 'updated_at': '2025-04-25T17:57:47Z', 'revision_number': 1} available for tenant
2025-04-25 17:57:51.064 69955 INFO tempest.lib.common.rest_client [req-50b3c66b-31d9-4b57-8d65-328228f49ea6 req-50b3c66b-31d9-4b57-8d65-328228f49ea6 ] Request (ServersAdminNegativeTestJSON:tearDownClass): 200 GET http://10.180.1.21/compute/v2.1/servers/a7e491d0-46d8-48dc-b4ca-e87f6b4a4605 0.091s
2025-04-25 17:57:51.074 69939 INFO tempest.lib.common.rest_client [req-87e9c64e-30da-45de-ad52-1352d7c8e612 req-87e9c64e-30da-45de-ad52-1352d7c8e612 ] Request (DeleteServersTestJSON:setUpClass): 201 POST http://10.180.1.21/identity/v3/users 0.088s
2025-04-25 17:57:51.101 69939 INFO tempest.lib.common.rest_client [req-2221b227-b8a8-47ad-81cb-40df5e06b813 req-2221b227-b8a8-47ad-81cb-40df5e06b813 ] Request (DeleteServersTestJSON:setUpClass): 200 GET http://10.180.1.21/identity/v3/roles 0.027s
2025-04-25 17:57:51.130 69923 INFO tempest.lib.common.rest_client [req-8d7c84cb-6e60-46a6-9094-c59cb8c57848 req-8d7c84cb-6e60-46a6-9094-c59cb8c57848 ] Request (ServersAdminTestJSON:test_create_server_with_scheduling_hint): 200 GET http://10.180.1.21/compute/v2.1/servers/6e927889-8993-4deb-8621-4d034a32e16c 0.098s
2025-04-25 17:57:51.144 69939 INFO tempest.lib.common.rest_client [req-5c20419c-8a21-4f12-af2b-d117e32fb19d req-5c20419c-8a21-4f12-af2b-d117e32fb19d ] Request (DeleteServersTestJSON:setUpClass): 204 PUT http://10.180.1.21/identity/v3/projects/ac9ffb7002cf45dcb91c50ac826dc1c9/users/750f2ffaf878457998827620d2f80195/roles/08e77740ceca4ad8a252dfe7176f735e 0.043s
2025-04-25 17:57:51.144 69939 INFO tempest.lib.common.dynamic_creds [-] Dynamic test user 750f2ffaf878457998827620d2f80195 is created with scope project and roles: ['member']
2025-04-25 17:57:51.145 69939 INFO tempest.lib.common.dynamic_creds [-] Acquired dynamic creds: credentials: Credentials: {'domain_id': 'default', 'domain_name': 'Default', 'username': 'tempest-DeleteServersTestJSON-1930458440-project-member', 'project_domain_id': 'default', 'project_domain_name': 'Default', 'project_id': 'ac9ffb7002cf45dcb91c50ac826dc1c9', 'project_name': 'tempest-DeleteServersTestJSON-1930458440', 'tenant_id': 'ac9ffb7002cf45dcb91c50ac826dc1c9', 'tenant_name': 'tempest-DeleteServersTestJSON-1930458440', 'user_domain_id': 'default', 'user_domain_name': 'Default', 'user_id': '750f2ffaf878457998827620d2f80195', 'system': None}, Network: None, Subnet: None, Router: None
2025-04-25 17:57:51.221 69939 INFO tempest.lib.common.rest_client [req-9421242d-04b5-493c-bc07-1ff2133e5dd0 req-9421242d-04b5-493c-bc07-1ff2133e5dd0 ] Request (DeleteServersTestJSON:setUpClass): 201 POST http://10.180.1.21/identity/v3/auth/tokens 0.075s
2025-04-25 17:57:51.353 69945 INFO tempest.lib.common.rest_client [req-7402775d-e13e-482c-9e20-1c8efcdb75d5 req-7402775d-e13e-482c-9e20-1c8efcdb75d5 ] Request (DeleteServersAdminTestJSON:test_delete_server_while_in_error_state): 200 GET http://10.180.1.21/compute/v2.1/servers/f81dc110-fe05-46de-85e0-6af0ad6d1f11 0.298s
2025-04-25 17:57:51.362 69945 INFO tempest.common.waiters [-] State transition "BUILD/spawning" ==> "ACTIVE/None" after 72 second wait
2025-04-25 17:57:51.429 69919 INFO tempest.lib.common.rest_client [req-74c1180a-3b7c-41e1-916a-660a547c94ed req-74c1180a-3b7c-41e1-916a-660a547c94ed ] Request (ListServerFiltersTestJSON:setUpClass): 200 GET http://10.180.1.21/compute/v2.1/servers/504ec9b0-3e13-4cfc-a5d4-2a34245590e1 0.323s
2025-04-25 17:57:51.508 69921 INFO tempest.lib.common.rest_client [req-eb2a9ae6-9688-4301-8164-fc4889102b81 req-eb2a9ae6-9688-4301-8164-fc4889102b81 ] Request (ServerShowV247Test:test_update_rebuild_list_server): 200 GET http://10.180.1.21/compute/v2.1/servers/68939730-1c6b-48ce-81fd-f84fa6df5b33 0.393s
2025-04-25 17:57:51.549 69939 INFO tempest.lib.common.rest_client [req-523a332e-3dd7-4f38-b569-2239ae507068 req-523a332e-3dd7-4f38-b569-2239ae507068 ] Request (DeleteServersTestJSON:setUpClass): 201 POST http://10.180.1.21:9696/networking/v2.0/networks 0.328s
2025-04-25 17:57:51.554 69931 INFO tempest.lib.common.rest_client [req-546a7c86-d743-4b02-97ee-a2d7ba6c1c30 req-546a7c86-d743-4b02-97ee-a2d7ba6c1c30 ] Request (AttachVolumeTestJSON:test_attach_detach_volume): 202 POST http://10.180.1.21/compute/v2.1/servers 0.514s
2025-04-25 17:57:51.574 69971 INFO tempest.lib.common.rest_client [req-d9ef72d4-90de-48da-b018-569bf6c5ef19 req-d9ef72d4-90de-48da-b018-569bf6c5ef19 ] Request (ServersNegativeTestJSON:setUpClass): 200 GET http://10.180.1.21/compute/v2.1/servers/1ec0539b-ed48-4c66-8dab-5329eac7316d 0.408s
2025-04-25 17:57:51.592 69937 INFO tempest.lib.common.rest_client [req-2c77c2aa-53d3-4fdb-ad5a-33b4f20d2c29 req-2c77c2aa-53d3-4fdb-ad5a-33b4f20d2c29 ] Request (ServerAddressesNegativeTestJSON:tearDownClass): 200 PUT http://10.180.1.21:9696/networking/v2.0/routers/b00eec3c-83ed-490c-ac40-d4ecb641f3bc/remove_router_interface 0.941s
2025-04-25 17:57:51.667 69949 INFO tempest.lib.common.rest_client [req-0684b8c2-253a-40bb-8a4f-3ff616a783dc req-0684b8c2-253a-40bb-8a4f-3ff616a783dc ] Request (ServerDiagnosticsV248Test:tearDownClass): 200 GET http://10.180.1.21/compute/v2.1/servers/ce5a92f9-4917-4d72-b527-35b97bad5933 0.479s
2025-04-25 17:57:51.699 69933 INFO tempest.lib.common.rest_client [req-4bb58c24-d69e-4bb8-96b2-8380fa36fc72 req-4bb58c24-d69e-4bb8-96b2-8380fa36fc72 ] Request (MigrationsAdminTest:test_list_migrations_in_flavor_resize_situation): 200 GET http://10.180.1.21/compute/v2.1/servers/633e9d92-9015-4cc8-ba92-6750376d0198 0.370s
2025-04-25 17:57:51.740 69957 INFO tempest.lib.common.rest_client [req-54d44dd9-44a8-4cf4-92ef-a0a217a4b935 req-54d44dd9-44a8-4cf4-92ef-a0a217a4b935 ] Request (TenantUsagesTestJSON:tearDownClass): 200 GET http://10.180.1.21/compute/v2.1/servers/42e44f7f-7eb3-4666-b9d5-8c20c77cbc98 0.385s
2025-04-25 17:57:51.765 69945 INFO tempest.lib.common.rest_client [req-fe5a2855-6227-4435-9ae7-948b1877ea01 req-fe5a2855-6227-4435-9ae7-948b1877ea01 ] Request (DeleteServersAdminTestJSON:test_delete_server_while_in_error_state): 202 POST http://10.180.1.21/compute/v2.1/servers/f81dc110-fe05-46de-85e0-6af0ad6d1f11/action 0.402s
2025-04-25 17:57:51.799 69981 INFO tempest.lib.common.rest_client [req-022cbc27-e49e-4ef1-bc92-9ce83997ca7c req-022cbc27-e49e-4ef1-bc92-9ce83997ca7c ] Request (InstanceActionsV221TestJSON:test_get_list_deleted_instance_actions): 200 GET http://10.180.1.21/compute/v2.1/servers/e771f0f1-c4b9-49b2-9424-3b41d6e0ecb3 0.408s
2025-04-25 17:57:51.822 69939 INFO tempest.lib.common.rest_client [req-453fa8e7-2c74-42ba-9166-a6c1a7e95cba req-453fa8e7-2c74-42ba-9166-a6c1a7e95cba ] Request (DeleteServersTestJSON:setUpClass): 201 POST http://10.180.1.21:9696/networking/v2.0/subnets 0.272s
2025-04-25 17:57:51.822 69975 INFO tempest.lib.common.rest_client [req-7a9c7086-77f0-4b9c-a4d2-83faa75bdabd req-7a9c7086-77f0-4b9c-a4d2-83faa75bdabd ] Request (ServersV294TestFqdnHostnames:setUpClass): 200 GET http://10.180.1.21/compute/v2.1/servers/e3580fdf-80a9-46b8-8877-06f011c08f94 0.368s
2025-04-25 17:57:51.855 69973 INFO tempest.lib.common.rest_client [req-b1bba4ba-aa91-4d8a-bd37-a50a0f8777a1 req-b1bba4ba-aa91-4d8a-bd37-a50a0f8777a1 ] Request (ServerDiskConfigTestJSON:test_rebuild_server_with_auto_disk_config): 200 GET http://10.180.1.21/compute/v2.1/servers/38b2256d-193a-4fa8-ab77-ad4e91f81722 0.336s
2025-04-25 17:57:51.862 69931 INFO tempest.lib.common.rest_client [req-b8b410d0-becc-4536-a7da-0a8f8a095d10 req-b8b410d0-becc-4536-a7da-0a8f8a095d10 ] Request (AttachVolumeTestJSON:test_attach_detach_volume): 200 GET http://10.180.1.21/compute/v2.1/servers/1410c48a-e2f5-4756-a7cb-a45da91b1f13 0.306s
2025-04-25 17:57:51.909 69935 INFO tempest.lib.common.rest_client [req-f018bc62-e0a5-470b-95cc-f165b5c3e8b8 req-f018bc62-e0a5-470b-95cc-f165b5c3e8b8 ] Request (FloatingIPsAssociationTestJSON:test_associate_already_associated_floating_ip): 200 GET http://10.180.1.21/compute/v2.1/servers/546ab638-f582-4a0e-89e6-c15b1e8ef888 0.333s
2025-04-25 17:57:51.970 69929 INFO tempest.lib.common.rest_client [req-0a55a3cb-9353-468e-a9b7-6339ab06d0e8 req-0a55a3cb-9353-468e-a9b7-6339ab06d0e8 ] Request (VolumesAdminNegativeTest:test_update_attached_volume_with_nonexistent_volume_in_body): 200 GET http://10.180.1.21/compute/v2.1/servers/009f2804-aedb-4162-8211-06a1573c9ace 0.341s
2025-04-25 17:57:52.086 69967 INFO tempest.lib.common.rest_client [req-fcc71098-4fbe-4126-8bb3-07ec409635a7 req-fcc71098-4fbe-4126-8bb3-07ec409635a7 ] Request (ImagesTestJSON:test_create_image_from_suspended_server): 200 GET http://10.180.1.21/compute/v2.1/servers/b47d5434-6e48-442e-80dd-aefc47ce2de9 0.499s
2025-04-25 17:57:52.140 69937 INFO tempest.lib.common.rest_client [req-de5b9ccd-a742-4953-aef0-696a783c0a24 req-de5b9ccd-a742-4953-aef0-696a783c0a24 ] Request (ServerAddressesNegativeTestJSON:tearDownClass): 204 DELETE http://10.180.1.21:9696/networking/v2.0/routers/b00eec3c-83ed-490c-ac40-d4ecb641f3bc 0.548s
2025-04-25 17:57:52.154 69945 INFO tempest.lib.common.rest_client [req-f6a7fbe7-8ae7-4122-8e49-cd9dbfa5aad4 req-f6a7fbe7-8ae7-4122-8e49-cd9dbfa5aad4 ] Request (DeleteServersAdminTestJSON:test_delete_server_while_in_error_state): 200 GET http://10.180.1.21/compute/v2.1/servers/f81dc110-fe05-46de-85e0-6af0ad6d1f11 0.388s
2025-04-25 17:57:52.191 69963 INFO tempest.lib.common.rest_client [req-08f48baf-b9d3-4f5d-b527-bc4ecf0cbc01 req-08f48baf-b9d3-4f5d-b527-bc4ecf0cbc01 ] Request (ServerTagsTestJSON:setUpClass): 200 GET http://10.180.1.21/compute/v2.1/servers/3097b168-a6cd-47be-a4d5-5494a4ab2c1a 0.380s
2025-04-25 17:57:52.240 69943 INFO tempest.lib.common.rest_client [req-ae70d49f-8733-4d19-86fc-fd94819b8805 req-ae70d49f-8733-4d19-86fc-fd94819b8805 ] Request (ServerShowV257Test:tearDownClass): 200 GET http://10.180.1.21/compute/v2.1/servers/1d6ef9b4-417a-4fb6-a04a-f04a918c020e 0.424s
2025-04-25 17:57:52.263 69947 INFO tempest.lib.common.rest_client [req-d260b90f-626a-434e-90bf-6895c1c0695d req-d260b90f-626a-434e-90bf-6895c1c0695d ] Request (InstanceActionsTestJSON:tearDownClass): 200 GET http://10.180.1.21/compute/v2.1/servers/1b8f574e-cfb8-4a1a-9c4e-93098510f933 0.382s
2025-04-25 17:57:52.304 69962 INFO tempest.lib.common.rest_client [req-47778729-ed62-4825-9d50-101daa1a77a2 req-47778729-ed62-4825-9d50-101daa1a77a2 ] Request (SecurityGroupsTestJSON:test_server_security_groups): 200 GET http://10.180.1.21/compute/v2.1/servers/7599fa29-a9bd-4e34-836c-1006447048a8 0.417s
2025-04-25 17:57:52.323 69979 INFO tempest.lib.common.rest_client [req-3f55ec80-e0a5-4874-b834-b301510d74bf req-3f55ec80-e0a5-4874-b834-b301510d74bf ] Request (InstanceActionsNegativeTestJSON:setUpClass): 200 GET http://10.180.1.21/compute/v2.1/servers/77806254-b4f3-48dc-b51f-a8e8fdcd0a1d 0.371s
2025-04-25 17:57:52.359 69977 INFO tempest.lib.common.rest_client [req-c4679157-e077-454d-a152-7cf6cd3a6d36 req-c4679157-e077-454d-a152-7cf6cd3a6d36 ] Request (ImagesOneServerNegativeTestJSON:setUpClass): 200 GET http://10.180.1.21/compute/v2.1/servers/50aeb81d-ca5a-433c-8158-5f611f3101ad 0.371s
2025-04-25 17:57:52.377 69937 INFO tempest.lib.common.rest_client [req-195ad6ed-d5f2-4bc7-b7ad-037c3ca5c344 req-195ad6ed-d5f2-4bc7-b7ad-037c3ca5c344 ] Request (ServerAddressesNegativeTestJSON:tearDownClass): 204 DELETE http://10.180.1.21:9696/networking/v2.0/subnets/e3fee78b-a063-4fb0-97f7-b376eb52b0a3 0.236s
2025-04-25 17:57:52.405 69955 INFO tempest.lib.common.rest_client [req-49936ab6-7bb5-4fd2-bcaa-f901d0388409 req-49936ab6-7bb5-4fd2-bcaa-f901d0388409 ] Request (ServersAdminNegativeTestJSON:tearDownClass): 200 GET http://10.180.1.21/compute/v2.1/servers/a7e491d0-46d8-48dc-b4ca-e87f6b4a4605 0.322s
2025-04-25 17:57:52.427 69923 INFO tempest.lib.common.rest_client [req-c284716c-2ad2-4693-861f-ec509174f9d3 req-c284716c-2ad2-4693-861f-ec509174f9d3 ] Request (ServersAdminTestJSON:test_create_server_with_scheduling_hint): 200 GET http://10.180.1.21/compute/v2.1/servers/6e927889-8993-4deb-8621-4d034a32e16c 0.282s
2025-04-25 17:57:52.485 69945 INFO tempest.lib.common.rest_client [req-ca484b9d-6e1b-4d99-ae89-e8cc91a87eb5 req-ca484b9d-6e1b-4d99-ae89-e8cc91a87eb5 ] Request (DeleteServersAdminTestJSON:test_delete_server_while_in_error_state): 204 DELETE http://10.180.1.21/compute/v2.1/servers/f81dc110-fe05-46de-85e0-6af0ad6d1f11 0.319s
2025-04-25 17:57:52.513 69919 INFO tempest.lib.common.rest_client [req-c5495224-e0c0-418e-8ec3-23cccf004bab req-c5495224-e0c0-418e-8ec3-23cccf004bab ] Request (ListServerFiltersTestJSON:setUpClass): 200 GET http://10.180.1.21/compute/v2.1/servers/504ec9b0-3e13-4cfc-a5d4-2a34245590e1 0.074s
2025-04-25 17:57:52.585 69921 INFO tempest.lib.common.rest_client [req-99d59cc0-4918-4c58-ad41-2bcc359e79a1 req-99d59cc0-4918-4c58-ad41-2bcc359e79a1 ] Request (ServerShowV247Test:test_update_rebuild_list_server): 200 GET http://10.180.1.21/compute/v2.1/servers/68939730-1c6b-48ce-81fd-f84fa6df5b33 0.065s
2025-04-25 17:57:52.637 69945 INFO tempest.lib.common.rest_client [req-6af53f7c-e9dc-4828-8140-a806ba07a1e8 req-6af53f7c-e9dc-4828-8140-a806ba07a1e8 ] Request (DeleteServersAdminTestJSON:test_delete_server_while_in_error_state): 200 GET http://10.180.1.21/compute/v2.1/servers/f81dc110-fe05-46de-85e0-6af0ad6d1f11 0.152s
2025-04-25 17:57:52.649 69971 INFO tempest.lib.common.rest_client [req-10d57191-e991-48e2-b338-5b297aeef422 req-10d57191-e991-48e2-b338-5b297aeef422 ] Request (ServersNegativeTestJSON:setUpClass): 200 GET http://10.180.1.21/compute/v2.1/servers/1ec0539b-ed48-4c66-8dab-5329eac7316d 0.064s
2025-04-25 17:57:52.681 69937 INFO tempest.lib.common.rest_client [req-acf57531-dab7-4041-9807-563ec214d73f req-acf57531-dab7-4041-9807-563ec214d73f ] Request (ServerAddressesNegativeTestJSON:tearDownClass): 204 DELETE http://10.180.1.21:9696/networking/v2.0/networks/56981a38-8403-482a-8c5e-914a924df1ed 0.303s
2025-04-25 17:57:52.720 69965 WARNING tempest.lib.common.ssh [-] Failed to establish authenticated ssh connection to cirros@10.180.180.232 ([Errno None] Unable to connect to port 22 on 10.180.180.232). Number attempts: 5. Retry after 6 seconds.: paramiko.ssh_exception.NoValidConnectionsError: [Errno None] Unable to connect to port 22 on 10.180.180.232
2025-04-25 17:57:52.756 69949 INFO tempest.lib.common.rest_client [req-42579c25-4c3a-48c1-a8db-498001a619c3 req-42579c25-4c3a-48c1-a8db-498001a619c3 ] Request (ServerDiagnosticsV248Test:tearDownClass): 200 GET http://10.180.1.21/compute/v2.1/servers/ce5a92f9-4917-4d72-b527-35b97bad5933 0.079s
2025-04-25 17:57:52.769 69937 INFO tempest.lib.common.rest_client [req-d31a7cce-341f-47f6-8cdb-fa4fd8eb267c req-d31a7cce-341f-47f6-8cdb-fa4fd8eb267c ] Request (ServerAddressesNegativeTestJSON:tearDownClass): 204 DELETE http://10.180.1.21/identity/v3/users/7005c5969f0a4d5a9ebb9b83762d5219 0.087s
2025-04-25 17:57:52.769 69937 INFO tempest.lib.common.dynamic_creds [-] Deleting project and security group for project: 87b87acb79704605be8ace9f90d5eb70
2025-04-25 17:57:52.787 69939 INFO tempest.lib.common.rest_client [req-765d1784-808c-4e79-a4a6-716e0febef2f req-765d1784-808c-4e79-a4a6-716e0febef2f ] Request (DeleteServersTestJSON:setUpClass): 201 POST http://10.180.1.21:9696/networking/v2.0/routers 0.965s
2025-04-25 17:57:52.817 69937 INFO tempest.lib.common.rest_client [req-fb4d0b31-3107-4f9d-bfcb-7ea2981c96ce req-fb4d0b31-3107-4f9d-bfcb-7ea2981c96ce ] Request (ServerAddressesNegativeTestJSON:tearDownClass): 200 GET http://10.180.1.21:9696/networking/v2.0/security-groups?tenant_id=87b87acb79704605be8ace9f90d5eb70&name=default 0.048s
2025-04-25 17:57:52.834 69957 INFO tempest.lib.common.rest_client [req-a2cd1a76-e47a-4b65-930c-6f931b4f83b3 req-a2cd1a76-e47a-4b65-930c-6f931b4f83b3 ] Request (TenantUsagesTestJSON:tearDownClass): 200 GET http://10.180.1.21/compute/v2.1/servers/42e44f7f-7eb3-4666-b9d5-8c20c77cbc98 0.084s
2025-04-25 17:57:52.864 69933 INFO tempest.lib.common.rest_client [req-6e9608ce-9bf1-4ab5-8d77-5d99f8d3cdae req-6e9608ce-9bf1-4ab5-8d77-5d99f8d3cdae ] Request (MigrationsAdminTest:test_list_migrations_in_flavor_resize_situation): 200 GET http://10.180.1.21/compute/v2.1/servers/633e9d92-9015-4cc8-ba92-6750376d0198 0.152s
2025-04-25 17:57:52.913 69981 INFO tempest.lib.common.rest_client [req-2d1a0680-ecc9-4ceb-b9c5-0ba391c98248 req-2d1a0680-ecc9-4ceb-b9c5-0ba391c98248 ] Request (InstanceActionsV221TestJSON:test_get_list_deleted_instance_actions): 200 GET http://10.180.1.21/compute/v2.1/servers/e771f0f1-c4b9-49b2-9424-3b41d6e0ecb3 0.101s
2025-04-25 17:57:52.924 69981 INFO tempest.common.waiters [-] State transition "BUILD/None" ==> "BUILD/networking" after 67 second wait
2025-04-25 17:57:52.925 69937 INFO tempest.lib.common.rest_client [req-278b8757-7f10-4fcb-92c8-94cc0da2be47 req-278b8757-7f10-4fcb-92c8-94cc0da2be47 ] Request (ServerAddressesNegativeTestJSON:tearDownClass): 204 DELETE http://10.180.1.21:9696/networking/v2.0/security-groups/66d1f77c-9310-4087-8a9e-104a4eab83b0 0.107s
2025-04-25 17:57:52.928 69975 INFO tempest.lib.common.rest_client [req-363a5fdd-48cd-4e3c-bea4-43e32cb0ec1d req-363a5fdd-48cd-4e3c-bea4-43e32cb0ec1d ] Request (ServersV294TestFqdnHostnames:setUpClass): 200 GET http://10.180.1.21/compute/v2.1/servers/e3580fdf-80a9-46b8-8877-06f011c08f94 0.092s
2025-04-25 17:57:52.962 69973 INFO tempest.lib.common.rest_client [req-394f622d-ac5b-4ce4-b581-c364fe91d027 req-394f622d-ac5b-4ce4-b581-c364fe91d027 ] Request (ServerDiskConfigTestJSON:test_rebuild_server_with_auto_disk_config): 200 GET http://10.180.1.21/compute/v2.1/servers/38b2256d-193a-4fa8-ab77-ad4e91f81722 0.098s
2025-04-25 17:57:52.989 69931 INFO tempest.lib.common.rest_client [req-814b820f-4a35-4768-9d63-597c669f0021 req-814b820f-4a35-4768-9d63-597c669f0021 ] Request (AttachVolumeTestJSON:test_attach_detach_volume): 200 GET http://10.180.1.21/compute/v2.1/servers/1410c48a-e2f5-4756-a7cb-a45da91b1f13 0.119s
2025-04-25 17:57:53.046 69935 INFO tempest.lib.common.rest_client [req-98907387-72c8-4991-a577-9ab3e2018b06 req-98907387-72c8-4991-a577-9ab3e2018b06 ] Request (FloatingIPsAssociationTestJSON:test_associate_already_associated_floating_ip): 200 GET http://10.180.1.21/compute/v2.1/servers/546ab638-f582-4a0e-89e6-c15b1e8ef888 0.127s
2025-04-25 17:57:53.049 69937 INFO tempest.lib.common.rest_client [req-dbd5f2f7-bcca-4e07-b539-6d98c6178fa8 req-dbd5f2f7-bcca-4e07-b539-6d98c6178fa8 ] Request (ServerAddressesNegativeTestJSON:tearDownClass): 204 DELETE http://10.180.1.21/identity/v3/projects/87b87acb79704605be8ace9f90d5eb70 0.123s
2025-04-25 17:57:53.049 69929 INFO tempest.lib.common.rest_client [req-ea7a5e59-2636-4a20-8fe8-0652029fbdda req-ea7a5e59-2636-4a20-8fe8-0652029fbdda ] Request (VolumesAdminNegativeTest:test_update_attached_volume_with_nonexistent_volume_in_body): 200 GET http://10.180.1.21/compute/v2.1/servers/009f2804-aedb-4162-8211-06a1573c9ace 0.070s
2025-04-25 17:57:53.151 69937 INFO tempest.lib.common.rest_client [req-35efdefa-d102-4d84-a410-5df1cdab4fd7 req-35efdefa-d102-4d84-a410-5df1cdab4fd7 ] Request (AttachVolumeNegativeTest:setUpClass): 201 POST http://10.180.1.21/identity/v3/auth/tokens 0.098s
2025-04-25 17:57:53.184 69937 INFO tempest.lib.common.rest_client [req-008a8a30-f2a1-4e60-9238-58b8912b9499 req-008a8a30-f2a1-4e60-9238-58b8912b9499 ] Request (AttachVolumeNegativeTest:setUpClass): 201 POST http://10.180.1.21/identity/v3/auth/tokens 0.029s
2025-04-25 17:57:53.212 69937 INFO tempest.lib.common.rest_client [req-ddaa2717-4108-4651-a2e8-d9db6ead8fa3 req-ddaa2717-4108-4651-a2e8-d9db6ead8fa3 ] Request (AttachVolumeNegativeTest:setUpClass): 200 GET http://10.180.1.21/identity/v3/domains?name=Default 0.027s
2025-04-25 17:57:53.254 69937 INFO tempest.lib.common.rest_client [req-7f77941e-5931-415f-a059-57b5c7089d1d req-7f77941e-5931-415f-a059-57b5c7089d1d ] Request (AttachVolumeNegativeTest:setUpClass): 201 POST http://10.180.1.21/identity/v3/projects 0.042s
2025-04-25 17:57:53.265 69963 INFO tempest.lib.common.rest_client [req-3f94896c-46dd-4ad3-b9b9-05cf49d03ba3 req-3f94896c-46dd-4ad3-b9b9-05cf49d03ba3 ] Request (ServerTagsTestJSON:setUpClass): 200 GET http://10.180.1.21/compute/v2.1/servers/3097b168-a6cd-47be-a4d5-5494a4ab2c1a 0.060s
2025-04-25 17:57:53.276 69963 INFO tempest.common.waiters [-] State transition "BUILD/scheduling" ==> "BUILD/None" after 54 second wait
2025-04-25 17:57:53.282 69967 INFO tempest.lib.common.rest_client [req-8b0b5034-d611-4d7a-a4b0-7184f871c3d8 req-8b0b5034-d611-4d7a-a4b0-7184f871c3d8 ] Request (ImagesTestJSON:test_create_image_from_suspended_server): 200 GET http://10.180.1.21/compute/v2.1/servers/b47d5434-6e48-442e-80dd-aefc47ce2de9 0.180s
2025-04-25 17:57:53.291 69967 INFO tempest.common.waiters [-] State transition "BUILD/spawning" ==> "ACTIVE/None" after 69 second wait
2025-04-25 17:57:53.325 69937 INFO tempest.lib.common.rest_client [req-543683f6-46e9-43e2-a758-4edccb91dba1 req-543683f6-46e9-43e2-a758-4edccb91dba1 ] Request (AttachVolumeNegativeTest:setUpClass): 201 POST http://10.180.1.21/identity/v3/users 0.070s
2025-04-25 17:57:53.328 69943 INFO tempest.lib.common.rest_client [req-894106ca-b822-4e98-b3a7-41e465d6388f req-894106ca-b822-4e98-b3a7-41e465d6388f ] Request (ServerShowV257Test:tearDownClass): 200 GET http://10.180.1.21/compute/v2.1/servers/1d6ef9b4-417a-4fb6-a04a-f04a918c020e 0.075s
2025-04-25 17:57:53.348 69937 INFO tempest.lib.common.rest_client [req-70093b76-0670-46fd-b5ec-39a4c0731558 req-70093b76-0670-46fd-b5ec-39a4c0731558 ] Request (AttachVolumeNegativeTest:setUpClass): 200 GET http://10.180.1.21/identity/v3/roles 0.022s
2025-04-25 17:57:53.356 69947 INFO tempest.lib.common.rest_client [req-828650aa-ab8e-4061-b890-f289235f7538 req-828650aa-ab8e-4061-b890-f289235f7538 ] Request (InstanceActionsTestJSON:tearDownClass): 200 GET http://10.180.1.21/compute/v2.1/servers/1b8f574e-cfb8-4a1a-9c4e-93098510f933 0.080s
2025-04-25 17:57:53.394 69937 INFO tempest.lib.common.rest_client [req-759e5914-964c-476d-b3cd-045b63d94939 req-759e5914-964c-476d-b3cd-045b63d94939 ] Request (AttachVolumeNegativeTest:setUpClass): 204 PUT http://10.180.1.21/identity/v3/projects/d0d6cfe16b44466f9c6385db90db039c/users/5d34a197b10f46efbd201cdde9794bf3/roles/08e77740ceca4ad8a252dfe7176f735e 0.046s
2025-04-25 17:57:53.395 69937 INFO tempest.lib.common.dynamic_creds [-] Dynamic test user 5d34a197b10f46efbd201cdde9794bf3 is created with scope project and roles: ['member']
2025-04-25 17:57:53.395 69937 INFO tempest.lib.common.dynamic_creds [-] Acquired dynamic creds: credentials: Credentials: {'domain_id': 'default', 'domain_name': 'Default', 'username': 'tempest-AttachVolumeNegativeTest-1707185613-project-member', 'project_domain_id': 'default', 'project_domain_name': 'Default', 'project_id': 'd0d6cfe16b44466f9c6385db90db039c', 'project_name': 'tempest-AttachVolumeNegativeTest-1707185613', 'tenant_id': 'd0d6cfe16b44466f9c6385db90db039c', 'tenant_name': 'tempest-AttachVolumeNegativeTest-1707185613', 'user_domain_id': 'default', 'user_domain_name': 'Default', 'user_id': '5d34a197b10f46efbd201cdde9794bf3', 'system': None}, Network: None, Subnet: None, Router: None
2025-04-25 17:57:53.418 69967 INFO tempest.lib.common.rest_client [req-0cf999d5-4417-4bd6-a7b7-4dce0bc5c2b8 req-0cf999d5-4417-4bd6-a7b7-4dce0bc5c2b8 ] Request (ImagesTestJSON:test_create_image_from_suspended_server): 202 POST http://10.180.1.21/compute/v2.1/servers/b47d5434-6e48-442e-80dd-aefc47ce2de9/action 0.126s
2025-04-25 17:57:53.429 69962 INFO tempest.lib.common.rest_client [req-e433ef56-0dd3-4975-976f-f4446caa29c1 req-e433ef56-0dd3-4975-976f-f4446caa29c1 ] Request (SecurityGroupsTestJSON:test_server_security_groups): 200 GET http://10.180.1.21/compute/v2.1/servers/7599fa29-a9bd-4e34-836c-1006447048a8 0.117s
2025-04-25 17:57:53.468 69937 INFO tempest.lib.common.rest_client [req-26b50fb9-57e6-4787-91bf-6e8671096259 req-26b50fb9-57e6-4787-91bf-6e8671096259 ] Request (AttachVolumeNegativeTest:setUpClass): 201 POST http://10.180.1.21/identity/v3/auth/tokens 0.073s
2025-04-25 17:57:53.493 69979 INFO tempest.lib.common.rest_client [req-66d4a8d5-b529-4132-8ebb-8b2875219ef5 req-66d4a8d5-b529-4132-8ebb-8b2875219ef5 ] Request (InstanceActionsNegativeTestJSON:setUpClass): 200 GET http://10.180.1.21/compute/v2.1/servers/77806254-b4f3-48dc-b51f-a8e8fdcd0a1d 0.157s
2025-04-25 17:57:53.501 69977 INFO tempest.lib.common.rest_client [req-ac5c0fd6-c771-42fd-9d2a-6c5c5d261188 req-ac5c0fd6-c771-42fd-9d2a-6c5c5d261188 ] Request (ImagesOneServerNegativeTestJSON:setUpClass): 200 GET http://10.180.1.21/compute/v2.1/servers/50aeb81d-ca5a-433c-8158-5f611f3101ad 0.130s
2025-04-25 17:57:53.565 69955 INFO tempest.lib.common.rest_client [req-a1de05bf-ec2d-4e64-84c6-a8c145e63909 req-a1de05bf-ec2d-4e64-84c6-a8c145e63909 ] Request (ServersAdminNegativeTestJSON:tearDownClass): 200 GET http://10.180.1.21/compute/v2.1/servers/a7e491d0-46d8-48dc-b4ca-e87f6b4a4605 0.152s
2025-04-25 17:57:53.626 69923 INFO tempest.lib.common.rest_client [req-f670eed0-41f3-4933-938f-2b30fcef4e62 req-f670eed0-41f3-4933-938f-2b30fcef4e62 ] Request (ServersAdminTestJSON:test_create_server_with_scheduling_hint): 200 GET http://10.180.1.21/compute/v2.1/servers/6e927889-8993-4deb-8621-4d034a32e16c 0.189s
2025-04-25 17:57:53.676 69919 INFO tempest.lib.common.rest_client [req-1efd740e-86c8-4e8d-b5ec-062d73e0dcc4 req-1efd740e-86c8-4e8d-b5ec-062d73e0dcc4 ] Request (ListServerFiltersTestJSON:setUpClass): 200 GET http://10.180.1.21/compute/v2.1/servers/504ec9b0-3e13-4cfc-a5d4-2a34245590e1 0.150s
2025-04-25 17:57:53.716 69967 INFO tempest.lib.common.rest_client [req-4be031bb-e0b9-4188-940f-70e807ba9926 req-4be031bb-e0b9-4188-940f-70e807ba9926 ] Request (ImagesTestJSON:test_create_image_from_suspended_server): 200 GET http://10.180.1.21/compute/v2.1/servers/b47d5434-6e48-442e-80dd-aefc47ce2de9 0.297s
2025-04-25 17:57:53.731 69921 INFO tempest.lib.common.rest_client [req-7fa154c5-81cf-4fe1-a12a-6e361b7586e8 req-7fa154c5-81cf-4fe1-a12a-6e361b7586e8 ] Request (ServerShowV247Test:test_update_rebuild_list_server): 200 GET http://10.180.1.21/compute/v2.1/servers/68939730-1c6b-48ce-81fd-f84fa6df5b33 0.134s
2025-04-25 17:57:53.782 69971 INFO tempest.lib.common.rest_client [req-29a39401-87e2-4dc7-bcd3-3c73887fb692 req-29a39401-87e2-4dc7-bcd3-3c73887fb692 ] Request (ServersNegativeTestJSON:setUpClass): 200 GET http://10.180.1.21/compute/v2.1/servers/1ec0539b-ed48-4c66-8dab-5329eac7316d 0.121s
2025-04-25 17:57:53.843 69949 INFO tempest.lib.common.rest_client [req-f5a517d7-898e-43c4-bd91-bdbbe265a4f2 req-f5a517d7-898e-43c4-bd91-bdbbe265a4f2 ] Request (ServerDiagnosticsV248Test:tearDownClass): 200 GET http://10.180.1.21/compute/v2.1/servers/ce5a92f9-4917-4d72-b527-35b97bad5933 0.074s
2025-04-25 17:57:53.915 69957 INFO tempest.lib.common.rest_client [req-bd6b9f74-2312-4507-a1f1-8aa9832496fc req-bd6b9f74-2312-4507-a1f1-8aa9832496fc ] Request (TenantUsagesTestJSON:tearDownClass): 200 GET http://10.180.1.21/compute/v2.1/servers/42e44f7f-7eb3-4666-b9d5-8c20c77cbc98 0.072s
2025-04-25 17:57:53.928 69945 INFO tempest.lib.common.rest_client [req-a8968a0f-5da1-4b8f-b3d2-4d38687af11e req-a8968a0f-5da1-4b8f-b3d2-4d38687af11e ] Request (DeleteServersAdminTestJSON:test_delete_server_while_in_error_state): 200 GET http://10.180.1.21/compute/v2.1/servers/f81dc110-fe05-46de-85e0-6af0ad6d1f11 0.279s
2025-04-25 17:57:54.022 69933 INFO tempest.lib.common.rest_client [req-e4bbef1d-1bd7-4578-8f18-873ddc46e6f5 req-e4bbef1d-1bd7-4578-8f18-873ddc46e6f5 ] Request (MigrationsAdminTest:test_list_migrations_in_flavor_resize_situation): 200 GET http://10.180.1.21/compute/v2.1/servers/633e9d92-9015-4cc8-ba92-6750376d0198 0.145s
2025-04-25 17:57:54.087 69975 INFO tempest.lib.common.rest_client [req-45230679-a300-4baf-a3ed-d3c35c57ce9e req-45230679-a300-4baf-a3ed-d3c35c57ce9e ] Request (ServersV294TestFqdnHostnames:setUpClass): 200 GET http://10.180.1.21/compute/v2.1/servers/e3580fdf-80a9-46b8-8877-06f011c08f94 0.146s
2025-04-25 17:57:54.120 69937 INFO tempest.lib.common.rest_client [req-f20d7cd4-7e28-4517-a416-ba761ce098af req-f20d7cd4-7e28-4517-a416-ba761ce098af ] Request (AttachVolumeNegativeTest:setUpClass): 201 POST http://10.180.1.21:9696/networking/v2.0/networks 0.652s
2025-04-25 17:57:54.143 69981 INFO tempest.lib.common.rest_client [req-33dba8f3-ce43-4b5e-9b07-deaafae3bc47 req-33dba8f3-ce43-4b5e-9b07-deaafae3bc47 ] Request (InstanceActionsV221TestJSON:test_get_list_deleted_instance_actions): 200 GET http://10.180.1.21/compute/v2.1/servers/e771f0f1-c4b9-49b2-9424-3b41d6e0ecb3 0.219s
2025-04-25 17:57:54.159 69973 INFO tempest.lib.common.rest_client [req-5aba46d9-d1d0-4b99-9c02-bf041a3864f6 req-5aba46d9-d1d0-4b99-9c02-bf041a3864f6 ] Request (ServerDiskConfigTestJSON:test_rebuild_server_with_auto_disk_config): 200 GET http://10.180.1.21/compute/v2.1/servers/38b2256d-193a-4fa8-ab77-ad4e91f81722 0.188s
2025-04-25 17:57:54.158 69981 INFO tempest.common.waiters [-] State transition "BUILD/networking" ==> "BUILD/spawning" after 69 second wait
2025-04-25 17:57:54.222 69935 INFO tempest.lib.common.rest_client [req-b0cc5cee-252f-40c8-b6b9-91b7b12a790c req-b0cc5cee-252f-40c8-b6b9-91b7b12a790c ] Request (FloatingIPsAssociationTestJSON:test_associate_already_associated_floating_ip): 200 GET http://10.180.1.21/compute/v2.1/servers/546ab638-f582-4a0e-89e6-c15b1e8ef888 0.166s
2025-04-25 17:57:54.233 69935 INFO tempest.common.waiters [-] State transition "BUILD/scheduling" ==> "BUILD/None" after 48 second wait
2025-04-25 17:57:54.274 69929 INFO tempest.lib.common.rest_client [req-8fb3d003-6d04-46c1-8ffc-8d33414f1fec req-8fb3d003-6d04-46c1-8ffc-8d33414f1fec ] Request (VolumesAdminNegativeTest:test_update_attached_volume_with_nonexistent_volume_in_body): 200 GET http://10.180.1.21/compute/v2.1/servers/009f2804-aedb-4162-8211-06a1573c9ace 0.211s
2025-04-25 17:57:54.335 69963 INFO tempest.lib.common.rest_client [req-988c16c1-eaa1-4ea1-8dc9-0cefe761472c req-988c16c1-eaa1-4ea1-8dc9-0cefe761472c ] Request (ServerTagsTestJSON:setUpClass): 200 GET http://10.180.1.21/compute/v2.1/servers/3097b168-a6cd-47be-a4d5-5494a4ab2c1a 0.058s
2025-04-25 17:57:54.345 69937 INFO tempest.lib.common.rest_client [req-1c0ad8ec-7f9e-41ee-a4b3-714045060c2b req-1c0ad8ec-7f9e-41ee-a4b3-714045060c2b ] Request (AttachVolumeNegativeTest:setUpClass): 201 POST http://10.180.1.21:9696/networking/v2.0/subnets 0.224s
2025-04-25 17:57:54.436 69943 INFO tempest.lib.common.rest_client [req-9b15a931-2d12-4328-b7d0-34c40c9a9a03 req-9b15a931-2d12-4328-b7d0-34c40c9a9a03 ] Request (ServerShowV257Test:tearDownClass): 200 GET http://10.180.1.21/compute/v2.1/servers/1d6ef9b4-417a-4fb6-a04a-f04a918c020e 0.098s
2025-04-25 17:57:54.457 69931 INFO tempest.lib.common.rest_client [req-28e95a8a-ce4c-499d-8c05-8255d4b51518 req-28e95a8a-ce4c-499d-8c05-8255d4b51518 ] Request (AttachVolumeTestJSON:test_attach_detach_volume): 200 GET http://10.180.1.21/compute/v2.1/servers/1410c48a-e2f5-4756-a7cb-a45da91b1f13 0.459s
2025-04-25 17:57:54.516 69947 INFO tempest.lib.common.rest_client [req-008cb8aa-0946-4bb2-a3a5-551298e9c03f req-008cb8aa-0946-4bb2-a3a5-551298e9c03f ] Request (InstanceActionsTestJSON:tearDownClass): 200 GET http://10.180.1.21/compute/v2.1/servers/1b8f574e-cfb8-4a1a-9c4e-93098510f933 0.151s
2025-04-25 17:57:54.529 69962 INFO tempest.lib.common.rest_client [req-a51018c0-dfff-40f6-86e3-5c14e6d1a76b req-a51018c0-dfff-40f6-86e3-5c14e6d1a76b ] Request (SecurityGroupsTestJSON:test_server_security_groups): 200 GET http://10.180.1.21/compute/v2.1/servers/7599fa29-a9bd-4e34-836c-1006447048a8 0.089s
2025-04-25 17:57:54.565 69979 INFO tempest.lib.common.rest_client [req-c23848bc-b239-47a0-8187-22b9f31680b9 req-c23848bc-b239-47a0-8187-22b9f31680b9 ] Request (InstanceActionsNegativeTestJSON:setUpClass): 200 GET http://10.180.1.21/compute/v2.1/servers/77806254-b4f3-48dc-b51f-a8e8fdcd0a1d 0.064s
