2025-04-25 17:57:08.875 69919 INFO tempest.lib.common.dynamic_creds [-] Acquired dynamic creds: credentials: Credentials: {'domain_id': 'default', 'domain_name': 'Default', 'username': 'tempest-SecurityGroupRulesTestJSON-1050675621-project-member', 'project_domain_id': 'default', 'project_domain_name': 'Default', 'project_id': 'dfec163bfba0499996cdde051386b0ec', 'project_name': 'tempest-SecurityGroupRulesTestJSON-1050675621', 'tenant_id': 'dfec163bfba0499996cdde051386b0ec', 'tenant_name': 'tempest-SecurityGroupRulesTestJSON-1050675621', 'user_domain_id': 'default', 'user_domain_name': 'Default', 'user_id': '7e840859bc0f40c39d7d14024d4e25fd', 'system': None}, Network: None, Subnet: None, Router: None
2025-04-25 17:57:08.891 69955 INFO tempest.lib.common.rest_client [req-ab87d7bc-62b3-4125-a673-814d73248675 req-ab87d7bc-62b3-4125-a673-814d73248675 ] Request (ServersAdminNegativeTestJSON:test_migrate_server_invalid_state): 200 GET http://10.180.1.21/compute/v2.1/servers/a7e491d0-46d8-48dc-b4ca-e87f6b4a4605 0.055s
2025-04-25 17:57:08.937 69919 INFO tempest.lib.common.rest_client [req-91885def-ce2a-41eb-8dc6-b2143c5683bb req-91885def-ce2a-41eb-8dc6-b2143c5683bb ] Request (SecurityGroupRulesTestJSON:setUpClass): 201 POST http://10.180.1.21/identity/v3/auth/tokens 0.061s
2025-04-25 17:57:08.956 69923 INFO tempest.lib.common.rest_client [req-bef6c5e3-1be6-487c-878e-ef21edb52d48 req-bef6c5e3-1be6-487c-878e-ef21edb52d48 ] Request (ServersAdminTestJSON:test_create_server_with_scheduling_hint): 200 GET http://10.180.1.21/compute/v2.1/servers/6e927889-8993-4deb-8621-4d034a32e16c 0.057s
2025-04-25 17:57:08.963 69969 INFO tempest.lib.common.rest_client [req-51d78476-4be0-4c5e-8095-62b8af9b4137 req-51d78476-4be0-4c5e-8095-62b8af9b4137 ] Request (AttachInterfacesTestJSON:test_create_list_show_delete_interfaces_by_fixed_ip): 200 GET http://10.180.1.21/compute/v2.1/servers/88c6c82f-fbfd-4407-84db-3ff4b0889e9d 0.123s
2025-04-25 17:57:09.013 69967 INFO tempest.lib.common.rest_client [req-fe1a24a4-1503-447f-b71e-e5fa1bafda1b req-fe1a24a4-1503-447f-b71e-e5fa1bafda1b ] Request (ImagesTestJSON:test_create_image_from_suspended_server): 200 GET http://10.180.1.21/compute/v2.1/servers/b47d5434-6e48-442e-80dd-aefc47ce2de9 0.103s
2025-04-25 17:57:09.031 69959 INFO tempest.lib.common.rest_client [req-6cfc4976-6e37-4796-84c7-f6eeabc70381 req-6cfc4976-6e37-4796-84c7-f6eeabc70381 ] Request (FloatingIPsAssociationNegativeTestJSON:tearDownClass): 200 GET http://10.180.1.21/compute/v2.1/servers/a30ce7e7-7d02-445a-bae4-4db714cfbc96 0.078s
2025-04-25 17:57:09.088 69949 INFO tempest.lib.common.rest_client [req-30e3c44f-1e5f-4fa5-beb4-9ad1168bd442 req-30e3c44f-1e5f-4fa5-beb4-9ad1168bd442 ] Request (ServerDiagnosticsV248Test:test_get_server_diagnostics): 200 GET http://10.180.1.21/compute/v2.1/servers/ce5a92f9-4917-4d72-b527-35b97bad5933 0.131s
2025-04-25 17:57:09.088 69971 INFO tempest.lib.common.rest_client [req-c8e9a13d-aa10-468b-a989-e528a8d3a14c req-c8e9a13d-aa10-468b-a989-e528a8d3a14c ] Request (ServersNegativeTestJSON:setUpClass): 200 GET http://10.180.1.21/compute/v2.1/servers/88adf8a9-777e-4f76-8d50-cb81835a528e 0.086s
2025-04-25 17:57:09.142 69957 INFO tempest.lib.common.rest_client [req-94febccc-e95a-41f4-9cde-4e6ba63c125a req-94febccc-e95a-41f4-9cde-4e6ba63c125a ] Request (TenantUsagesTestJSON:setUpClass): 200 GET http://10.180.1.21/compute/v2.1/servers/42e44f7f-7eb3-4666-b9d5-8c20c77cbc98 0.124s
2025-04-25 17:57:09.148 69921 INFO tempest.lib.common.rest_client [req-6acf22dc-ad44-45cb-88d4-bc49e5f9db23 req-6acf22dc-ad44-45cb-88d4-bc49e5f9db23 ] Request (ServerShowV247Test:test_update_rebuild_list_server): 200 GET http://10.180.1.21/compute/v2.1/servers/68939730-1c6b-48ce-81fd-f84fa6df5b33 0.078s
2025-04-25 17:57:09.149 69957 INFO tempest.common.waiters [-] State transition "BUILD/None" ==> "BUILD/networking" after 42 second wait
2025-04-25 17:57:09.200 69975 INFO tempest.lib.common.rest_client [req-67c6936f-9ceb-431f-b4e6-ca5fe3bb9843 req-67c6936f-9ceb-431f-b4e6-ca5fe3bb9843 ] Request (ServersV294TestFqdnHostnames:setUpClass): 200 GET http://10.180.1.21/compute/v2.1/servers/e3580fdf-80a9-46b8-8877-06f011c08f94 0.090s
2025-04-25 17:57:09.219 69925 INFO tempest.lib.common.rest_client [req-d7a73c2b-fd29-424c-a83e-08e90d311bf0 req-d7a73c2b-fd29-424c-a83e-08e90d311bf0 ] Request (ServerMetadataTestJSON:tearDownClass): 200 GET http://10.180.1.21/compute/v2.1/servers/4ca7cbc0-d615-4ae1-b395-18248bff5ed2 0.076s
2025-04-25 17:57:09.232 69919 INFO tempest.lib.common.rest_client [req-a2b552f8-a85b-42e2-8189-b1333dc70671 req-a2b552f8-a85b-42e2-8189-b1333dc70671 ] Request (SecurityGroupRulesTestJSON:setUpClass): 201 POST http://10.180.1.21:9696/networking/v2.0/networks 0.295s
2025-04-25 17:57:09.252 69965 INFO tempest.lib.common.rest_client [req-ed6530bf-130d-4b38-a758-5d46ac587c3d req-ed6530bf-130d-4b38-a758-5d46ac587c3d ] Request (ServersTestFqdnHostnames:test_create_server_with_fqdn_name): 200 GET http://10.180.1.21/compute/v2.1/servers/4a75013d-dc04-4f7d-b9c5-f0c68929e520 0.099s
2025-04-25 17:57:09.269 69981 INFO tempest.lib.common.rest_client [req-9385c08e-e503-448a-a8b6-8f624b5da559 req-9385c08e-e503-448a-a8b6-8f624b5da559 ] Request (InstanceActionsV221TestJSON:test_get_list_deleted_instance_actions): 200 GET http://10.180.1.21/compute/v2.1/servers/e771f0f1-c4b9-49b2-9424-3b41d6e0ecb3 0.058s
2025-04-25 17:57:09.305 69939 INFO tempest.lib.common.rest_client [req-1fdb2a73-a1e4-445d-ae1a-624a401753e0 req-1fdb2a73-a1e4-445d-ae1a-624a401753e0 ] Request (ImagesOneServerTestJSON:tearDownClass): 200 GET http://10.180.1.21/compute/v2.1/servers/61cdbd6e-75d2-45af-b4b3-cba900b17dc1 0.064s
2025-04-25 17:57:09.321 69973 INFO tempest.lib.common.rest_client [req-dde05ce3-c0a1-4d07-aa85-a6c6c1e33932 req-dde05ce3-c0a1-4d07-aa85-a6c6c1e33932 ] Request (ServerDiskConfigTestJSON:test_rebuild_server_with_auto_disk_config): 200 GET http://10.180.1.21/compute/v2.1/servers/38b2256d-193a-4fa8-ab77-ad4e91f81722 0.064s
2025-04-25 17:57:09.358 69935 INFO tempest.lib.common.rest_client [req-ae4e7363-daa9-4b28-a100-30485e0237d2 req-ae4e7363-daa9-4b28-a100-30485e0237d2 ] Request (FloatingIPsAssociationTestJSON:test_associate_already_associated_floating_ip): 200 GET http://10.180.1.21/compute/v2.1/servers/546ab638-f582-4a0e-89e6-c15b1e8ef888 0.064s
2025-04-25 17:57:09.412 69931 INFO tempest.lib.common.rest_client [req-90ab1d93-81b8-45a3-a5f7-703c2cbb59df req-90ab1d93-81b8-45a3-a5f7-703c2cbb59df ] Request (ServerShowV254Test:tearDownClass): 200 GET http://10.180.1.21/compute/v2.1/servers/ff1fb4b8-8707-4053-a288-af4aaf7e9ebc 0.075s
2025-04-25 17:57:09.413 69919 INFO tempest.lib.common.rest_client [req-9ed59f5c-08b7-4c87-b7f4-26324433064e req-9ed59f5c-08b7-4c87-b7f4-26324433064e ] Request (SecurityGroupRulesTestJSON:setUpClass): 201 POST http://10.180.1.21:9696/networking/v2.0/subnets 0.180s
2025-04-25 17:57:09.520 69953 INFO tempest.lib.common.rest_client [req-cba55071-b6ac-4bf1-bf96-0ecfdd5c247a req-cba55071-b6ac-4bf1-bf96-0ecfdd5c247a ] Request (ServersAdmin275Test:tearDownClass): 200 GET http://10.180.1.21/compute/v2.1/servers/79980895-3dc5-4c6e-9aaa-2b851e7d18fe 0.099s
2025-04-25 17:57:09.532 69929 INFO tempest.lib.common.rest_client [req-02fa06e9-beb3-4675-a786-619ef15c63dc req-02fa06e9-beb3-4675-a786-619ef15c63dc ] Request (VolumesAdminNegativeTest:test_update_attached_volume_with_nonexistent_volume_in_body): 200 GET http://10.180.1.21/compute/v2.1/servers/009f2804-aedb-4162-8211-06a1573c9ace 0.075s
2025-04-25 17:57:09.623 69947 INFO tempest.lib.common.rest_client [req-a03a23bc-693a-48d3-b7da-4198a5e12b8d req-a03a23bc-693a-48d3-b7da-4198a5e12b8d ] Request (InstanceActionsTestJSON:setUpClass): 200 GET http://10.180.1.21/compute/v2.1/servers/1b8f574e-cfb8-4a1a-9c4e-93098510f933 0.088s
2025-04-25 17:57:09.673 69937 INFO tempest.lib.common.rest_client [req-52a985de-d02f-48f3-a523-a20c2d810c5d req-52a985de-d02f-48f3-a523-a20c2d810c5d ] Request (ServerAddressesNegativeTestJSON:tearDownClass): 200 GET http://10.180.1.21/compute/v2.1/servers/fb4296b3-38c0-4e9f-984b-1409a072aba5 0.126s
2025-04-25 17:57:09.691 69963 INFO tempest.lib.common.rest_client [req-2c20d2a6-28b5-4b07-ab3a-31b3a95caf0f req-2c20d2a6-28b5-4b07-ab3a-31b3a95caf0f ] Request (ServerTagsTestJSON:setUpClass): 200 GET http://10.180.1.21/compute/v2.1/servers/3097b168-a6cd-47be-a4d5-5494a4ab2c1a 0.088s
2025-04-25 17:57:09.729 69943 INFO tempest.lib.common.rest_client [req-a43d2027-377e-4ab3-afd1-b14a6fa4a482 req-a43d2027-377e-4ab3-afd1-b14a6fa4a482 ] Request (ServerShowV257Test:test_rebuild_server): 200 GET http://10.180.1.21/compute/v2.1/servers/1d6ef9b4-417a-4fb6-a04a-f04a918c020e 0.106s
2025-04-25 17:57:09.764 69945 INFO tempest.lib.common.rest_client [req-1b7f84a2-2d16-40d4-8ca4-e7261815ea79 req-1b7f84a2-2d16-40d4-8ca4-e7261815ea79 ] Request (DeleteServersAdminTestJSON:test_delete_server_while_in_error_state): 200 GET http://10.180.1.21/compute/v2.1/servers/f81dc110-fe05-46de-85e0-6af0ad6d1f11 0.107s
2025-04-25 17:57:09.792 69979 INFO tempest.lib.common.rest_client [req-f7d7b55d-fc06-45d2-9b3e-546606fd4086 req-f7d7b55d-fc06-45d2-9b3e-546606fd4086 ] Request (ServerDiagnosticsNegativeTest:tearDownClass): 200 GET http://10.180.1.21/compute/v2.1/servers/b6dfdaf0-57bb-4063-b261-3807636a5a84 0.081s
2025-04-25 17:57:09.892 69962 INFO tempest.lib.common.rest_client [req-127c7be5-a792-42dd-97e2-9fd608e6ee24 req-127c7be5-a792-42dd-97e2-9fd608e6ee24 ] Request (SecurityGroupsTestJSON:test_server_security_groups): 200 GET http://10.180.1.21/compute/v2.1/servers/7599fa29-a9bd-4e34-836c-1006447048a8 0.052s
2025-04-25 17:57:10.025 69933 INFO tempest.lib.common.rest_client [req-c0132dd2-f5e2-40da-a5db-1c60894ce09d req-c0132dd2-f5e2-40da-a5db-1c60894ce09d ] Request (MigrationsAdminTest:test_list_migrations_in_flavor_resize_situation): 200 GET http://10.180.1.21/compute/v2.1/servers/633e9d92-9015-4cc8-ba92-6750376d0198 0.176s
2025-04-25 17:57:10.032 69977 INFO tempest.lib.common.rest_client [req-c060798b-e58b-4134-912a-3f36801e0bb5 req-c060798b-e58b-4134-912a-3f36801e0bb5 ] Request (ImagesOneServerNegativeTestJSON:setUpClass): 200 GET http://10.180.1.21/compute/v2.1/servers/50aeb81d-ca5a-433c-8158-5f611f3101ad 0.283s
2025-04-25 17:57:10.035 69933 INFO tempest.common.waiters [-] State transition "RESIZE/resize_migrating" ==> "RESIZE/resize_migrated" after 37 second wait
2025-04-25 17:57:10.103 69955 INFO tempest.lib.common.rest_client [req-8e8297e0-9e13-414f-8404-f5d8b27a95e0 req-8e8297e0-9e13-414f-8404-f5d8b27a95e0 ] Request (ServersAdminNegativeTestJSON:test_migrate_server_invalid_state): 200 GET http://10.180.1.21/compute/v2.1/servers/a7e491d0-46d8-48dc-b4ca-e87f6b4a4605 0.202s
2025-04-25 17:57:10.113 69923 INFO tempest.lib.common.rest_client [req-402e83b7-0ea9-4876-b8e2-7e4ff7c68134 req-402e83b7-0ea9-4876-b8e2-7e4ff7c68134 ] Request (ServersAdminTestJSON:test_create_server_with_scheduling_hint): 200 GET http://10.180.1.21/compute/v2.1/servers/6e927889-8993-4deb-8621-4d034a32e16c 0.149s
2025-04-25 17:57:10.173 69967 INFO tempest.lib.common.rest_client [req-036743ef-6d20-46c5-a517-46ef41bdb9d3 req-036743ef-6d20-46c5-a517-46ef41bdb9d3 ] Request (ImagesTestJSON:test_create_image_from_suspended_server): 200 GET http://10.180.1.21/compute/v2.1/servers/b47d5434-6e48-442e-80dd-aefc47ce2de9 0.151s
2025-04-25 17:57:10.242 69959 INFO tempest.lib.common.rest_client [req-cce7bc10-190a-40e7-b822-1e5c51406d23 req-cce7bc10-190a-40e7-b822-1e5c51406d23 ] Request (FloatingIPsAssociationNegativeTestJSON:tearDownClass): 200 GET http://10.180.1.21/compute/v2.1/servers/a30ce7e7-7d02-445a-bae4-4db714cfbc96 0.200s
2025-04-25 17:57:10.254 69919 INFO tempest.lib.common.rest_client [req-7ac0fd1d-a66b-4490-bd73-706ca7d97c6e req-7ac0fd1d-a66b-4490-bd73-706ca7d97c6e ] Request (SecurityGroupRulesTestJSON:setUpClass): 201 POST http://10.180.1.21:9696/networking/v2.0/routers 0.840s
2025-04-25 17:57:10.284 69969 INFO tempest.lib.common.rest_client [req-7452cf82-900f-4618-9606-e5301e7fd27d req-7452cf82-900f-4618-9606-e5301e7fd27d ] Request (AttachInterfacesTestJSON:test_create_list_show_delete_interfaces_by_fixed_ip): 200 GET http://10.180.1.21/compute/v2.1/servers/88c6c82f-fbfd-4407-84db-3ff4b0889e9d 0.313s
2025-04-25 17:57:10.301 69971 INFO tempest.lib.common.rest_client [req-71a4f082-c15f-4e37-800a-3c5e481527a5 req-71a4f082-c15f-4e37-800a-3c5e481527a5 ] Request (ServersNegativeTestJSON:setUpClass): 200 GET http://10.180.1.21/compute/v2.1/servers/88adf8a9-777e-4f76-8d50-cb81835a528e 0.203s
2025-04-25 17:57:10.352 69949 INFO tempest.lib.common.rest_client [req-bc7f55d6-90c7-4eed-bed2-55196c528a94 req-bc7f55d6-90c7-4eed-bed2-55196c528a94 ] Request (ServerDiagnosticsV248Test:test_get_server_diagnostics): 200 GET http://10.180.1.21/compute/v2.1/servers/ce5a92f9-4917-4d72-b527-35b97bad5933 0.250s
2025-04-25 17:57:10.415 69921 INFO tempest.lib.common.rest_client [req-e36d5eb3-df69-4a3c-b3c6-de70995ebdca req-e36d5eb3-df69-4a3c-b3c6-de70995ebdca ] Request (ServerShowV247Test:test_update_rebuild_list_server): 200 GET http://10.180.1.21/compute/v2.1/servers/68939730-1c6b-48ce-81fd-f84fa6df5b33 0.253s
2025-04-25 17:57:10.481 69957 INFO tempest.lib.common.rest_client [req-22d6fe81-bd39-4e73-80d9-a949104d5b43 req-22d6fe81-bd39-4e73-80d9-a949104d5b43 ] Request (TenantUsagesTestJSON:setUpClass): 200 GET http://10.180.1.21/compute/v2.1/servers/42e44f7f-7eb3-4666-b9d5-8c20c77cbc98 0.329s
2025-04-25 17:57:10.493 69957 INFO tempest.common.waiters [-] State transition "BUILD/networking" ==> "BUILD/block_device_mapping" after 43 second wait
2025-04-25 17:57:10.493 69975 INFO tempest.lib.common.rest_client [req-3155e73d-6148-400e-b043-016ebb5c9b48 req-3155e73d-6148-400e-b043-016ebb5c9b48 ] Request (ServersV294TestFqdnHostnames:setUpClass): 200 GET http://10.180.1.21/compute/v2.1/servers/e3580fdf-80a9-46b8-8877-06f011c08f94 0.279s
2025-04-25 17:57:10.564 69925 INFO tempest.lib.common.rest_client [req-b9233ea1-97e4-4232-aeb1-be84d631f807 req-b9233ea1-97e4-4232-aeb1-be84d631f807 ] Request (ServerMetadataTestJSON:tearDownClass): 200 GET http://10.180.1.21/compute/v2.1/servers/4ca7cbc0-d615-4ae1-b395-18248bff5ed2 0.336s
2025-04-25 17:57:10.584 69965 INFO tempest.lib.common.rest_client [req-218ee0c4-a623-438d-86d8-83181361b5fa req-218ee0c4-a623-438d-86d8-83181361b5fa ] Request (ServersTestFqdnHostnames:test_create_server_with_fqdn_name): 200 GET http://10.180.1.21/compute/v2.1/servers/4a75013d-dc04-4f7d-b9c5-f0c68929e520 0.322s
2025-04-25 17:57:10.670 69939 INFO tempest.lib.common.rest_client [req-f08cd36e-44fd-4b4d-b8d6-a8aa37b3fce8 req-f08cd36e-44fd-4b4d-b8d6-a8aa37b3fce8 ] Request (ImagesOneServerTestJSON:tearDownClass): 200 GET http://10.180.1.21/compute/v2.1/servers/61cdbd6e-75d2-45af-b4b3-cba900b17dc1 0.357s
2025-04-25 17:57:10.678 69939 INFO tempest.common.waiters [-] State transition "ACTIVE/deleting" ==> "DELETED/None" after 3 second wait
2025-04-25 17:57:10.683 69981 INFO tempest.lib.common.rest_client [req-a9783961-5bfe-4975-a2d0-33797f365d2d req-a9783961-5bfe-4975-a2d0-33797f365d2d ] Request (InstanceActionsV221TestJSON:test_get_list_deleted_instance_actions): 200 GET http://10.180.1.21/compute/v2.1/servers/e771f0f1-c4b9-49b2-9424-3b41d6e0ecb3 0.402s
2025-04-25 17:57:10.746 69973 INFO tempest.lib.common.rest_client [req-567815ba-a8a4-44f2-b1a2-694cd9f06fe9 req-567815ba-a8a4-44f2-b1a2-694cd9f06fe9 ] Request (ServerDiskConfigTestJSON:test_rebuild_server_with_auto_disk_config): 200 GET http://10.180.1.21/compute/v2.1/servers/38b2256d-193a-4fa8-ab77-ad4e91f81722 0.418s
2025-04-25 17:57:10.753 69935 INFO tempest.lib.common.rest_client [req-89960902-e3be-4631-aa9a-6fc67274ca46 req-89960902-e3be-4631-aa9a-6fc67274ca46 ] Request (FloatingIPsAssociationTestJSON:test_associate_already_associated_floating_ip): 200 GET http://10.180.1.21/compute/v2.1/servers/546ab638-f582-4a0e-89e6-c15b1e8ef888 0.388s
2025-04-25 17:57:10.830 69931 INFO tempest.lib.common.rest_client [req-00cad7a1-5d71-4502-9eb4-cbf49f0fcb2e req-00cad7a1-5d71-4502-9eb4-cbf49f0fcb2e ] Request (ServerShowV254Test:tearDownClass): 200 GET http://10.180.1.21/compute/v2.1/servers/ff1fb4b8-8707-4053-a288-af4aaf7e9ebc 0.409s
2025-04-25 17:57:10.851 69953 INFO tempest.lib.common.rest_client [req-145c1ffb-f69c-4393-8220-e12005d090f2 req-145c1ffb-f69c-4393-8220-e12005d090f2 ] Request (ServersAdmin275Test:tearDownClass): 200 GET http://10.180.1.21/compute/v2.1/servers/79980895-3dc5-4c6e-9aaa-2b851e7d18fe 0.318s
2025-04-25 17:57:10.894 69929 INFO tempest.lib.common.rest_client [req-fe28d5bd-2df4-4504-85e0-e2d2f16341e1 req-fe28d5bd-2df4-4504-85e0-e2d2f16341e1 ] Request (VolumesAdminNegativeTest:test_update_attached_volume_with_nonexistent_volume_in_body): 200 GET http://10.180.1.21/compute/v2.1/servers/009f2804-aedb-4162-8211-06a1573c9ace 0.353s
2025-04-25 17:57:10.905 69947 INFO tempest.lib.common.rest_client [req-12a7012f-27ea-41e4-a515-1a731adcf153 req-12a7012f-27ea-41e4-a515-1a731adcf153 ] Request (InstanceActionsTestJSON:setUpClass): 200 GET http://10.180.1.21/compute/v2.1/servers/1b8f574e-cfb8-4a1a-9c4e-93098510f933 0.270s
2025-04-25 17:57:10.957 69937 INFO tempest.lib.common.rest_client [req-c08cd273-b4d1-48ec-abaa-383a4da2f518 req-c08cd273-b4d1-48ec-abaa-383a4da2f518 ] Request (ServerAddressesNegativeTestJSON:tearDownClass): 200 GET http://10.180.1.21/compute/v2.1/servers/fb4296b3-38c0-4e9f-984b-1409a072aba5 0.274s
2025-04-25 17:57:10.974 69963 INFO tempest.lib.common.rest_client [req-13c61538-5a6b-4d73-a315-3f96725e6f5f req-13c61538-5a6b-4d73-a315-3f96725e6f5f ] Request (ServerTagsTestJSON:setUpClass): 200 GET http://10.180.1.21/compute/v2.1/servers/3097b168-a6cd-47be-a4d5-5494a4ab2c1a 0.271s
2025-04-25 17:57:11.017 69943 INFO tempest.lib.common.rest_client [req-0b239cef-81c7-4dab-81a7-cbafe4c56d60 req-0b239cef-81c7-4dab-81a7-cbafe4c56d60 ] Request (ServerShowV257Test:test_rebuild_server): 200 GET http://10.180.1.21/compute/v2.1/servers/1d6ef9b4-417a-4fb6-a04a-f04a918c020e 0.276s
2025-04-25 17:57:11.036 69945 INFO tempest.lib.common.rest_client [req-886ab6ba-6e72-4f9e-8d4b-5bfeb63e9b5a req-886ab6ba-6e72-4f9e-8d4b-5bfeb63e9b5a ] Request (DeleteServersAdminTestJSON:test_delete_server_while_in_error_state): 200 GET http://10.180.1.21/compute/v2.1/servers/f81dc110-fe05-46de-85e0-6af0ad6d1f11 0.256s
2025-04-25 17:57:11.090 69979 INFO tempest.lib.common.rest_client [req-32cdcd55-bcfc-4ccf-a455-8a27787e1508 req-32cdcd55-bcfc-4ccf-a455-8a27787e1508 ] Request (ServerDiagnosticsNegativeTest:tearDownClass): 200 GET http://10.180.1.21/compute/v2.1/servers/b6dfdaf0-57bb-4063-b261-3807636a5a84 0.289s
2025-04-25 17:57:11.123 69962 INFO tempest.lib.common.rest_client [req-46bd0c99-97ad-46dd-94de-dd4c8eaa8622 req-46bd0c99-97ad-46dd-94de-dd4c8eaa8622 ] Request (SecurityGroupsTestJSON:test_server_security_groups): 200 GET http://10.180.1.21/compute/v2.1/servers/7599fa29-a9bd-4e34-836c-1006447048a8 0.222s
2025-04-25 17:57:11.179 69977 INFO tempest.lib.common.rest_client [req-31a2725c-a059-4761-8099-3d81a24ad43b req-31a2725c-a059-4761-8099-3d81a24ad43b ] Request (ImagesOneServerNegativeTestJSON:setUpClass): 200 GET http://10.180.1.21/compute/v2.1/servers/50aeb81d-ca5a-433c-8158-5f611f3101ad 0.131s
2025-04-25 17:57:11.224 69933 INFO tempest.lib.common.rest_client [req-cf9f0e2e-2666-466d-84ec-86d790ca736f req-cf9f0e2e-2666-466d-84ec-86d790ca736f ] Request (MigrationsAdminTest:test_list_migrations_in_flavor_resize_situation): 200 GET http://10.180.1.21/compute/v2.1/servers/633e9d92-9015-4cc8-ba92-6750376d0198 0.188s
2025-04-25 17:57:11.235 69955 INFO tempest.lib.common.rest_client [req-0fa68519-e7cd-48bc-a630-ca9ab3e6e926 req-0fa68519-e7cd-48bc-a630-ca9ab3e6e926 ] Request (ServersAdminNegativeTestJSON:test_migrate_server_invalid_state): 200 GET http://10.180.1.21/compute/v2.1/servers/a7e491d0-46d8-48dc-b4ca-e87f6b4a4605 0.124s
2025-04-25 17:57:11.285 69923 INFO tempest.lib.common.rest_client [req-10cc9ae5-224a-4b67-bdfe-cfc0adc11c43 req-10cc9ae5-224a-4b67-bdfe-cfc0adc11c43 ] Request (ServersAdminTestJSON:test_create_server_with_scheduling_hint): 200 GET http://10.180.1.21/compute/v2.1/servers/6e927889-8993-4deb-8621-4d034a32e16c 0.161s
2025-04-25 17:57:11.294 69967 INFO tempest.lib.common.rest_client [req-5fc6c0da-d53a-482d-9e55-9d60c5eb8964 req-5fc6c0da-d53a-482d-9e55-9d60c5eb8964 ] Request (ImagesTestJSON:test_create_image_from_suspended_server): 200 GET http://10.180.1.21/compute/v2.1/servers/b47d5434-6e48-442e-80dd-aefc47ce2de9 0.108s
2025-04-25 17:57:11.374 69959 INFO tempest.lib.common.rest_client [req-6b0742b9-3632-443e-a079-0975ee6bba11 req-6b0742b9-3632-443e-a079-0975ee6bba11 ] Request (FloatingIPsAssociationNegativeTestJSON:tearDownClass): 200 GET http://10.180.1.21/compute/v2.1/servers/a30ce7e7-7d02-445a-bae4-4db714cfbc96 0.119s
2025-04-25 17:57:11.456 69971 INFO tempest.lib.common.rest_client [req-ea08915c-a994-4bf2-b9ab-b42ef9ab1be6 req-ea08915c-a994-4bf2-b9ab-b42ef9ab1be6 ] Request (ServersNegativeTestJSON:setUpClass): 200 GET http://10.180.1.21/compute/v2.1/servers/88adf8a9-777e-4f76-8d50-cb81835a528e 0.148s
2025-04-25 17:57:11.480 69919 INFO tempest.lib.common.rest_client [req-0923ab2a-264b-4b7d-bb1f-4ea8e39029f1 req-0923ab2a-264b-4b7d-bb1f-4ea8e39029f1 ] Request (SecurityGroupRulesTestJSON:setUpClass): 200 PUT http://10.180.1.21:9696/networking/v2.0/routers/ee114ef3-d0a1-469b-917b-719ea9269b58/add_router_interface 1.226s
2025-04-25 17:57:11.481 69919 INFO tempest.lib.common.dynamic_creds [-] Created isolated network resources for: credentials: Credentials: {'domain_id': 'default', 'domain_name': 'Default', 'username': 'tempest-SecurityGroupRulesTestJSON-1050675621-project-member', 'project_domain_id': 'default', 'project_domain_name': 'Default', 'project_id': 'dfec163bfba0499996cdde051386b0ec', 'project_name': 'tempest-SecurityGroupRulesTestJSON-1050675621', 'tenant_id': 'dfec163bfba0499996cdde051386b0ec', 'tenant_name': 'tempest-SecurityGroupRulesTestJSON-1050675621', 'user_domain_id': 'default', 'user_domain_name': 'Default', 'user_id': '7e840859bc0f40c39d7d14024d4e25fd', 'system': None}, Network: {'id': '1f89938a-0a3d-4d91-8502-7ba398fbc101', 'name': 'tempest-SecurityGroupRulesTestJSON-593364362-network', 'tenant_id': 'dfec163bfba0499996cdde051386b0ec', 'admin_state_up': True, 'mtu': 8950, 'status': 'ACTIVE', 'subnets': [], 'shared': False, 'project_id': 'dfec163bfba0499996cdde051386b0ec', 'port_security_enabled': True, 'router:external': False, 'provider:network_type': 'vlan', 'provider:physical_network': 'default', 'provider:segmentation_id': 927, 'availability_zone_hints': [], 'availability_zones': [], 'ipv4_address_scope': None, 'ipv6_address_scope': None, 'description': '', 'tags': [], 'created_at': '2025-04-25T17:57:09Z', 'updated_at': '2025-04-25T17:57:09Z', 'revision_number': 1}, Subnet: {'id': '7910056a-5dc6-4885-ad82-89d305463ff5', 'name': 'tempest-SecurityGroupRulesTestJSON-593364362-subnet', 'tenant_id': 'dfec163bfba0499996cdde051386b0ec', 'network_id': '1f89938a-0a3d-4d91-8502-7ba398fbc101', 'ip_version': 4, 'subnetpool_id': None, 'enable_dhcp': True, 'ipv6_ra_mode': None, 'ipv6_address_mode': None, 'gateway_ip': '192.168.128.1', 'cidr': '192.168.128.0/28', 'allocation_pools': [{'start': '192.168.128.2', 'end': '192.168.128.14'}], 'host_routes': [], 'dns_nameservers': [], 'description': '', 'router:external': False, 'service_types': [], 'tags': [], 'created_at': '2025-04-25T17:57:09Z', 'updated_at': '2025-04-25T17:57:09Z', 'revision_number': 0, 'project_id': 'dfec163bfba0499996cdde051386b0ec'}, Router: {'id': 'ee114ef3-d0a1-469b-917b-719ea9269b58', 'name': 'tempest-SecurityGroupRulesTestJSON-593364362-router', 'tenant_id': 'dfec163bfba0499996cdde051386b0ec', 'admin_state_up': True, 'status': 'ACTIVE', 'external_gateway_info': {'network_id': 'ee5b2cc8-1aec-430d-8a30-1333216d2c0f', 'external_fixed_ips': [{'subnet_id': '9034e493-c41e-4a22-a20d-bf46aa8dad57', 'ip_address': '10.180.180.134'}], 'enable_snat': True}, 'description': '', 'availability_zones': [], 'distributed': False, 'ha': False, 'availability_zone_hints': [], 'routes': [], 'flavor_id': None, 'tags': [], 'created_at': '2025-04-25T17:57:09Z', 'updated_at': '2025-04-25T17:57:09Z', 'revision_number': 2, 'project_id': 'dfec163bfba0499996cdde051386b0ec'}
2025-04-25 17:57:11.526 69949 INFO tempest.lib.common.rest_client [req-cabfb6a4-a4bb-4d56-8e27-af636e462074 req-cabfb6a4-a4bb-4d56-8e27-af636e462074 ] Request (ServerDiagnosticsV248Test:test_get_server_diagnostics): 200 GET http://10.180.1.21/compute/v2.1/servers/ce5a92f9-4917-4d72-b527-35b97bad5933 0.165s
2025-04-25 17:57:11.532 69969 INFO tempest.lib.common.rest_client [req-009a6054-588c-41ed-ba0c-d3c4d685047e req-009a6054-588c-41ed-ba0c-d3c4d685047e ] Request (AttachInterfacesTestJSON:test_create_list_show_delete_interfaces_by_fixed_ip): 200 GET http://10.180.1.21/compute/v2.1/servers/88c6c82f-fbfd-4407-84db-3ff4b0889e9d 0.240s
2025-04-25 17:57:11.569 69919 INFO tempest.lib.common.rest_client [req-201d66e1-779b-4325-bb4a-7ff3d84e8138 req-201d66e1-779b-4325-bb4a-7ff3d84e8138 ] Request (SecurityGroupRulesTestJSON:setUpClass): 201 POST http://10.180.1.21/identity/v3/auth/tokens 0.085s
2025-04-25 17:57:11.579 69921 INFO tempest.lib.common.rest_client [req-83b3fa1f-606c-41ad-a252-f02c79eb7158 req-83b3fa1f-606c-41ad-a252-f02c79eb7158 ] Request (ServerShowV247Test:test_update_rebuild_list_server): 200 GET http://10.180.1.21/compute/v2.1/servers/68939730-1c6b-48ce-81fd-f84fa6df5b33 0.152s
2025-04-25 17:57:11.628 69957 INFO tempest.lib.common.rest_client [req-c9418a0e-61ce-4866-9bc5-62aa423cd824 req-c9418a0e-61ce-4866-9bc5-62aa423cd824 ] Request (TenantUsagesTestJSON:setUpClass): 200 GET http://10.180.1.21/compute/v2.1/servers/42e44f7f-7eb3-4666-b9d5-8c20c77cbc98 0.131s
2025-04-25 17:57:11.633 69975 INFO tempest.lib.common.rest_client [req-4e1522a6-2f59-4c41-a641-3bd03b57f1b8 req-4e1522a6-2f59-4c41-a641-3bd03b57f1b8 ] Request (ServersV294TestFqdnHostnames:setUpClass): 200 GET http://10.180.1.21/compute/v2.1/servers/e3580fdf-80a9-46b8-8877-06f011c08f94 0.123s
2025-04-25 17:57:11.636 69957 INFO tempest.common.waiters [-] State transition "BUILD/block_device_mapping" ==> "BUILD/spawning" after 44 second wait
2025-04-25 17:57:11.689 69925 INFO tempest.lib.common.rest_client [req-c2e2d883-25a4-4205-b33d-a4c2a4f8d64f req-c2e2d883-25a4-4205-b33d-a4c2a4f8d64f ] Request (ServerMetadataTestJSON:tearDownClass): 200 GET http://10.180.1.21/compute/v2.1/servers/4ca7cbc0-d615-4ae1-b395-18248bff5ed2 0.114s
2025-04-25 17:57:11.744 69965 INFO tempest.lib.common.rest_client [req-e0f8c6f1-40c0-4f14-bbcf-7feeef5ad626 req-e0f8c6f1-40c0-4f14-bbcf-7feeef5ad626 ] Request (ServersTestFqdnHostnames:test_create_server_with_fqdn_name): 200 GET http://10.180.1.21/compute/v2.1/servers/4a75013d-dc04-4f7d-b9c5-f0c68929e520 0.149s
2025-04-25 17:57:11.806 69919 INFO tempest.lib.common.rest_client [req-3e41a2b6-ef9f-4d4b-ab24-18242cd96034 req-3e41a2b6-ef9f-4d4b-ab24-18242cd96034 ] Request (SecurityGroupRulesTestJSON:test_security_group_rules_create): 200 POST http://10.180.1.21/compute/v2.1/os-security-groups 0.235s
2025-04-25 17:57:11.809 69939 INFO tempest.lib.common.rest_client [req-3c4f62e3-5bbb-48f8-9d28-182ad7507b18 req-3c4f62e3-5bbb-48f8-9d28-182ad7507b18 ] Request (ImagesOneServerTestJSON:tearDownClass): 200 GET http://10.180.1.21/compute/v2.1/servers/61cdbd6e-75d2-45af-b4b3-cba900b17dc1 0.131s
2025-04-25 17:57:11.859 69981 INFO tempest.lib.common.rest_client [req-d695c8c8-11a6-4148-8838-96270d52765c req-d695c8c8-11a6-4148-8838-96270d52765c ] Request (InstanceActionsV221TestJSON:test_get_list_deleted_instance_actions): 200 GET http://10.180.1.21/compute/v2.1/servers/e771f0f1-c4b9-49b2-9424-3b41d6e0ecb3 0.165s
2025-04-25 17:57:11.870 69973 INFO tempest.lib.common.rest_client [req-ddc6923c-d41e-4ef7-8601-acf8dc0032b2 req-ddc6923c-d41e-4ef7-8601-acf8dc0032b2 ] Request (ServerDiskConfigTestJSON:test_rebuild_server_with_auto_disk_config): 200 GET http://10.180.1.21/compute/v2.1/servers/38b2256d-193a-4fa8-ab77-ad4e91f81722 0.113s
2025-04-25 17:57:11.909 69935 INFO tempest.lib.common.rest_client [req-12ecf7e3-8a24-437a-9455-685d29bd6f1e req-12ecf7e3-8a24-437a-9455-685d29bd6f1e ] Request (FloatingIPsAssociationTestJSON:test_associate_already_associated_floating_ip): 200 GET http://10.180.1.21/compute/v2.1/servers/546ab638-f582-4a0e-89e6-c15b1e8ef888 0.146s
2025-04-25 17:57:11.970 69931 INFO tempest.lib.common.rest_client [req-6466c819-5c0b-4826-8efb-2b0232d6a69a req-6466c819-5c0b-4826-8efb-2b0232d6a69a ] Request (ServerShowV254Test:tearDownClass): 200 GET http://10.180.1.21/compute/v2.1/servers/ff1fb4b8-8707-4053-a288-af4aaf7e9ebc 0.124s
2025-04-25 17:57:11.986 69919 INFO tempest.lib.common.rest_client [req-cc8cf206-066b-4e72-a2b5-9c03944f9ec2 req-cc8cf206-066b-4e72-a2b5-9c03944f9ec2 ] Request (SecurityGroupRulesTestJSON:test_security_group_rules_create): 200 POST http://10.180.1.21/compute/v2.1/os-security-group-rules 0.177s
2025-04-25 17:57:12.044 69953 INFO tempest.lib.common.rest_client [req-6afadecf-9ceb-4d42-90d0-3b22a151a89e req-6afadecf-9ceb-4d42-90d0-3b22a151a89e ] Request (ServersAdmin275Test:tearDownClass): 200 GET http://10.180.1.21/compute/v2.1/servers/79980895-3dc5-4c6e-9aaa-2b851e7d18fe 0.180s
2025-04-25 17:57:12.054 69929 INFO tempest.lib.common.rest_client [req-aa0bfa92-3a2c-4a63-8b67-7afd36135dbe req-aa0bfa92-3a2c-4a63-8b67-7afd36135dbe ] Request (VolumesAdminNegativeTest:test_update_attached_volume_with_nonexistent_volume_in_body): 200 GET http://10.180.1.21/compute/v2.1/servers/009f2804-aedb-4162-8211-06a1573c9ace 0.147s
2025-04-25 17:57:12.116 69947 INFO tempest.lib.common.rest_client [req-2651a8a7-d77a-4d5b-9e51-6068e17a8080 req-2651a8a7-d77a-4d5b-9e51-6068e17a8080 ] Request (InstanceActionsTestJSON:setUpClass): 200 GET http://10.180.1.21/compute/v2.1/servers/1b8f574e-cfb8-4a1a-9c4e-93098510f933 0.202s
2025-04-25 17:57:12.118 69937 INFO tempest.lib.common.rest_client [req-a4525fa7-ae01-49f9-afee-ff634f6045b7 req-a4525fa7-ae01-49f9-afee-ff634f6045b7 ] Request (ServerAddressesNegativeTestJSON:tearDownClass): 200 GET http://10.180.1.21/compute/v2.1/servers/fb4296b3-38c0-4e9f-984b-1409a072aba5 0.149s
2025-04-25 17:57:12.128 69937 INFO tempest.common.waiters [-] State transition "ACTIVE/deleting" ==> "DELETED/None" after 5 second wait
2025-04-25 17:57:12.174 69963 INFO tempest.lib.common.rest_client [req-108012d8-c69f-4554-aad6-4e9892e55597 req-108012d8-c69f-4554-aad6-4e9892e55597 ] Request (ServerTagsTestJSON:setUpClass): 200 GET http://10.180.1.21/compute/v2.1/servers/3097b168-a6cd-47be-a4d5-5494a4ab2c1a 0.188s
2025-04-25 17:57:12.228 69943 INFO tempest.lib.common.rest_client [req-7f5f8e67-ea2e-4fb8-ab0f-e7256d6934db req-7f5f8e67-ea2e-4fb8-ab0f-e7256d6934db ] Request (ServerShowV257Test:test_rebuild_server): 200 GET http://10.180.1.21/compute/v2.1/servers/1d6ef9b4-417a-4fb6-a04a-f04a918c020e 0.194s
2025-04-25 17:57:12.256 69919 INFO tempest.lib.common.rest_client [req-adf13013-22fc-4cb0-940e-179abff3020a req-adf13013-22fc-4cb0-940e-179abff3020a ] Request (SecurityGroupRulesTestJSON:test_security_group_rules_create_with_optional_cidr): 200 POST http://10.180.1.21/compute/v2.1/os-security-groups 0.263s
2025-04-25 17:57:12.290 69945 INFO tempest.lib.common.rest_client [req-4c6dadd3-9fb1-4dd5-8c22-bff4ea3f33ca req-4c6dadd3-9fb1-4dd5-8c22-bff4ea3f33ca ] Request (DeleteServersAdminTestJSON:test_delete_server_while_in_error_state): 200 GET http://10.180.1.21/compute/v2.1/servers/f81dc110-fe05-46de-85e0-6af0ad6d1f11 0.246s
2025-04-25 17:57:12.299 69951 WARNING tempest.lib.common.ssh [-] Failed to establish authenticated ssh connection to cirros@10.180.180.182 ([Errno None] Unable to connect to port 22 on 10.180.180.182). Number attempts: 3. Retry after 4 seconds.: paramiko.ssh_exception.NoValidConnectionsError: [Errno None] Unable to connect to port 22 on 10.180.180.182
2025-04-25 17:57:12.323 69979 INFO tempest.lib.common.rest_client [req-2fa1736c-f7c5-41cf-98a7-ac11665ed38b req-2fa1736c-f7c5-41cf-98a7-ac11665ed38b ] Request (ServerDiagnosticsNegativeTest:tearDownClass): 200 GET http://10.180.1.21/compute/v2.1/servers/b6dfdaf0-57bb-4063-b261-3807636a5a84 0.225s
2025-04-25 17:57:12.346 69962 INFO tempest.lib.common.rest_client [req-657d08da-135f-445f-83b5-1db7bfbef1b2 req-657d08da-135f-445f-83b5-1db7bfbef1b2 ] Request (SecurityGroupsTestJSON:test_server_security_groups): 200 GET http://10.180.1.21/compute/v2.1/servers/7599fa29-a9bd-4e34-836c-1006447048a8 0.214s
2025-04-25 17:57:12.371 69977 INFO tempest.lib.common.rest_client [req-5c106d34-6a24-4711-bd93-2c1de45c91e2 req-5c106d34-6a24-4711-bd93-2c1de45c91e2 ] Request (ImagesOneServerNegativeTestJSON:setUpClass): 200 GET http://10.180.1.21/compute/v2.1/servers/50aeb81d-ca5a-433c-8158-5f611f3101ad 0.182s
2025-04-25 17:57:12.420 69955 INFO tempest.lib.common.rest_client [req-0637d4b6-7096-4928-8a11-f3f76f64e50f req-0637d4b6-7096-4928-8a11-f3f76f64e50f ] Request (ServersAdminNegativeTestJSON:test_migrate_server_invalid_state): 200 GET http://10.180.1.21/compute/v2.1/servers/a7e491d0-46d8-48dc-b4ca-e87f6b4a4605 0.172s
2025-04-25 17:57:12.438 69933 INFO tempest.lib.common.rest_client [req-244d2993-d98a-40d2-8ad4-9674ab7bd2eb req-244d2993-d98a-40d2-8ad4-9674ab7bd2eb ] Request (MigrationsAdminTest:test_list_migrations_in_flavor_resize_situation): 200 GET http://10.180.1.21/compute/v2.1/servers/633e9d92-9015-4cc8-ba92-6750376d0198 0.204s
2025-04-25 17:57:12.445 69933 INFO tempest.common.waiters [-] State transition "RESIZE/resize_migrated" ==> "RESIZE/resize_finish" after 39 second wait
2025-04-25 17:57:12.490 69923 INFO tempest.lib.common.rest_client [req-19f06230-ca84-4903-aeb7-b8b5b0ca2ead req-19f06230-ca84-4903-aeb7-b8b5b0ca2ead ] Request (ServersAdminTestJSON:test_create_server_with_scheduling_hint): 200 GET http://10.180.1.21/compute/v2.1/servers/6e927889-8993-4deb-8621-4d034a32e16c 0.195s
2025-04-25 17:57:12.525 69919 INFO tempest.lib.common.rest_client [req-e753beb6-c19c-4852-9ef3-2ff18e198993 req-e753beb6-c19c-4852-9ef3-2ff18e198993 ] Request (SecurityGroupRulesTestJSON:test_security_group_rules_create_with_optional_cidr): 200 POST http://10.180.1.21/compute/v2.1/os-security-group-rules 0.262s
2025-04-25 17:57:12.538 69967 INFO tempest.lib.common.rest_client [req-d44e93be-f4c3-4a33-acc8-c6b6d80ba5cd req-d44e93be-f4c3-4a33-acc8-c6b6d80ba5cd ] Request (ImagesTestJSON:test_create_image_from_suspended_server): 200 GET http://10.180.1.21/compute/v2.1/servers/b47d5434-6e48-442e-80dd-aefc47ce2de9 0.230s
2025-04-25 17:57:12.586 69959 INFO tempest.lib.common.rest_client [req-0654bda9-541b-4168-8d14-3b10ce7a0fef req-0654bda9-541b-4168-8d14-3b10ce7a0fef ] Request (FloatingIPsAssociationNegativeTestJSON:tearDownClass): 200 GET http://10.180.1.21/compute/v2.1/servers/a30ce7e7-7d02-445a-bae4-4db714cfbc96 0.200s
2025-04-25 17:57:12.587 69971 INFO tempest.lib.common.rest_client [req-51e1848d-e34f-41b0-ab81-9d0b5c5a369e req-51e1848d-e34f-41b0-ab81-9d0b5c5a369e ] Request (ServersNegativeTestJSON:setUpClass): 200 GET http://10.180.1.21/compute/v2.1/servers/88adf8a9-777e-4f76-8d50-cb81835a528e 0.122s
2025-04-25 17:57:12.646 69949 INFO tempest.lib.common.rest_client [req-06c720df-99cc-4b90-b08d-8edb549a92c0 req-06c720df-99cc-4b90-b08d-8edb549a92c0 ] Request (ServerDiagnosticsV248Test:test_get_server_diagnostics): 200 GET http://10.180.1.21/compute/v2.1/servers/ce5a92f9-4917-4d72-b527-35b97bad5933 0.108s
2025-04-25 17:57:12.692 69919 INFO tempest.lib.common.rest_client [req-66515f08-bbb7-46db-a680-76337d7b3d24 req-66515f08-bbb7-46db-a680-76337d7b3d24 ] Request (SecurityGroupRulesTestJSON:test_security_group_rules_create_with_optional_group_id): 200 POST http://10.180.1.21/compute/v2.1/os-security-groups 0.163s
2025-04-25 17:57:12.747 69921 INFO tempest.lib.common.rest_client [req-65598634-8ff8-4fc4-bc11-be53a2a9645b req-65598634-8ff8-4fc4-bc11-be53a2a9645b ] Request (ServerShowV247Test:test_update_rebuild_list_server): 200 GET http://10.180.1.21/compute/v2.1/servers/68939730-1c6b-48ce-81fd-f84fa6df5b33 0.158s
2025-04-25 17:57:12.755 69969 INFO tempest.lib.common.rest_client [req-39e83c41-7f85-48f9-9e7f-07a9de138c46 req-39e83c41-7f85-48f9-9e7f-07a9de138c46 ] Request (AttachInterfacesTestJSON:test_create_list_show_delete_interfaces_by_fixed_ip): 200 GET http://10.180.1.21/compute/v2.1/servers/88c6c82f-fbfd-4407-84db-3ff4b0889e9d 0.216s
2025-04-25 17:57:12.807 69975 INFO tempest.lib.common.rest_client [req-e9a24dad-b683-49ec-a97b-1f1560e14926 req-e9a24dad-b683-49ec-a97b-1f1560e14926 ] Request (ServersV294TestFqdnHostnames:setUpClass): 200 GET http://10.180.1.21/compute/v2.1/servers/e3580fdf-80a9-46b8-8877-06f011c08f94 0.164s
2025-04-25 17:57:12.845 69957 INFO tempest.lib.common.rest_client [req-1ac70096-de17-4977-a310-fcd5e139eb32 req-1ac70096-de17-4977-a310-fcd5e139eb32 ] Request (TenantUsagesTestJSON:setUpClass): 200 GET http://10.180.1.21/compute/v2.1/servers/42e44f7f-7eb3-4666-b9d5-8c20c77cbc98 0.208s
2025-04-25 17:57:12.908 69925 INFO tempest.lib.common.rest_client [req-d6e7413c-d7fa-4ddb-94c7-5ec0c803027f req-d6e7413c-d7fa-4ddb-94c7-5ec0c803027f ] Request (ServerMetadataTestJSON:tearDownClass): 200 GET http://10.180.1.21/compute/v2.1/servers/4ca7cbc0-d615-4ae1-b395-18248bff5ed2 0.206s
2025-04-25 17:57:12.917 69919 INFO tempest.lib.common.rest_client [req-4eee17d1-450e-4069-b280-a0f203a6361e req-4eee17d1-450e-4069-b280-a0f203a6361e ] Request (SecurityGroupRulesTestJSON:test_security_group_rules_create_with_optional_group_id): 200 POST http://10.180.1.21/compute/v2.1/os-security-groups 0.220s
2025-04-25 17:57:12.961 69965 INFO tempest.lib.common.rest_client [req-b19f5656-cbf2-465d-a859-4845ba2d76b3 req-b19f5656-cbf2-465d-a859-4845ba2d76b3 ] Request (ServersTestFqdnHostnames:test_create_server_with_fqdn_name): 200 GET http://10.180.1.21/compute/v2.1/servers/4a75013d-dc04-4f7d-b9c5-f0c68929e520 0.202s
2025-04-25 17:57:12.975 69939 INFO tempest.lib.common.rest_client [req-967ee9b7-a6fb-40ff-9f9b-949f8fe3fd08 req-967ee9b7-a6fb-40ff-9f9b-949f8fe3fd08 ] Request (ImagesOneServerTestJSON:tearDownClass): 200 GET http://10.180.1.21/compute/v2.1/servers/61cdbd6e-75d2-45af-b4b3-cba900b17dc1 0.156s
2025-04-25 17:57:13.024 69973 INFO tempest.lib.common.rest_client [req-86a795f0-0811-4109-b4ae-0a44059ce943 req-86a795f0-0811-4109-b4ae-0a44059ce943 ] Request (ServerDiskConfigTestJSON:test_rebuild_server_with_auto_disk_config): 200 GET http://10.180.1.21/compute/v2.1/servers/38b2256d-193a-4fa8-ab77-ad4e91f81722 0.141s
2025-04-25 17:57:13.028 69981 INFO tempest.lib.common.rest_client [req-38e05ea4-4f15-47df-8f69-b090020faa3c req-38e05ea4-4f15-47df-8f69-b090020faa3c ] Request (InstanceActionsV221TestJSON:test_get_list_deleted_instance_actions): 200 GET http://10.180.1.21/compute/v2.1/servers/e771f0f1-c4b9-49b2-9424-3b41d6e0ecb3 0.160s
2025-04-25 17:57:13.080 69935 INFO tempest.lib.common.rest_client [req-68ac4f85-275a-4bc0-94b4-53c6be2787a6 req-68ac4f85-275a-4bc0-94b4-53c6be2787a6 ] Request (FloatingIPsAssociationTestJSON:test_associate_already_associated_floating_ip): 200 GET http://10.180.1.21/compute/v2.1/servers/546ab638-f582-4a0e-89e6-c15b1e8ef888 0.161s
2025-04-25 17:57:13.148 69931 INFO tempest.lib.common.rest_client [req-2da6a00b-edd7-4a8d-b4e7-acf592735656 req-2da6a00b-edd7-4a8d-b4e7-acf592735656 ] Request (ServerShowV254Test:tearDownClass): 200 GET http://10.180.1.21/compute/v2.1/servers/ff1fb4b8-8707-4053-a288-af4aaf7e9ebc 0.162s
2025-04-25 17:57:13.200 69919 INFO tempest.lib.common.rest_client [req-eecfc702-ea1f-4652-9619-4d7dbd2eca51 req-eecfc702-ea1f-4652-9619-4d7dbd2eca51 ] Request (SecurityGroupRulesTestJSON:test_security_group_rules_create_with_optional_group_id): 200 POST http://10.180.1.21/compute/v2.1/os-security-group-rules 0.276s
2025-04-25 17:57:13.202 69919 WARNING tempest.lib.common.rest_client [-] Deprecated: "tenant_id" property is deprecated for removal, use "project_id" instead
2025-04-25 17:57:13.234 69953 INFO tempest.lib.common.rest_client [req-41cdbadc-4fc7-4969-95c8-865a1c5c2792 req-41cdbadc-4fc7-4969-95c8-865a1c5c2792 ] Request (ServersAdmin275Test:tearDownClass): 200 GET http://10.180.1.21/compute/v2.1/servers/79980895-3dc5-4c6e-9aaa-2b851e7d18fe 0.175s
2025-04-25 17:57:13.264 69929 INFO tempest.lib.common.rest_client [req-bfbbef4b-a89e-43ec-9688-e3329db45b9a req-bfbbef4b-a89e-43ec-9688-e3329db45b9a ] Request (VolumesAdminNegativeTest:test_update_attached_volume_with_nonexistent_volume_in_body): 200 GET http://10.180.1.21/compute/v2.1/servers/009f2804-aedb-4162-8211-06a1573c9ace 0.197s
2025-04-25 17:57:13.301 69947 INFO tempest.lib.common.rest_client [req-21718510-de94-4b6a-ba45-3df4ed40610e req-21718510-de94-4b6a-ba45-3df4ed40610e ] Request (InstanceActionsTestJSON:setUpClass): 200 GET http://10.180.1.21/compute/v2.1/servers/1b8f574e-cfb8-4a1a-9c4e-93098510f933 0.174s
2025-04-25 17:57:13.333 69937 INFO tempest.lib.common.rest_client [req-23af2f9d-b759-4640-997f-85a94573fe3e req-23af2f9d-b759-4640-997f-85a94573fe3e ] Request (ServerAddressesNegativeTestJSON:tearDownClass): 200 GET http://10.180.1.21/compute/v2.1/servers/fb4296b3-38c0-4e9f-984b-1409a072aba5 0.203s
2025-04-25 17:57:13.356 69963 INFO tempest.lib.common.rest_client [req-69dc6749-af0d-4332-ab0e-253f16e210a1 req-69dc6749-af0d-4332-ab0e-253f16e210a1 ] Request (ServerTagsTestJSON:setUpClass): 200 GET http://10.180.1.21/compute/v2.1/servers/3097b168-a6cd-47be-a4d5-5494a4ab2c1a 0.170s
2025-04-25 17:57:13.407 69943 INFO tempest.lib.common.rest_client [req-fe8d56c1-e501-4b24-b382-33c2f52199c6 req-fe8d56c1-e501-4b24-b382-33c2f52199c6 ] Request (ServerShowV257Test:test_rebuild_server): 200 GET http://10.180.1.21/compute/v2.1/servers/1d6ef9b4-417a-4fb6-a04a-f04a918c020e 0.166s
2025-04-25 17:57:13.457 69945 INFO tempest.lib.common.rest_client [req-f3d2779c-8102-407d-835e-8a38942ac3ff req-f3d2779c-8102-407d-835e-8a38942ac3ff ] Request (DeleteServersAdminTestJSON:test_delete_server_while_in_error_state): 200 GET http://10.180.1.21/compute/v2.1/servers/f81dc110-fe05-46de-85e0-6af0ad6d1f11 0.157s
2025-04-25 17:57:13.509 69919 INFO tempest.lib.common.rest_client [req-6dce09ad-6fa0-4209-ab7e-1beb88ff84c8 req-6dce09ad-6fa0-4209-ab7e-1beb88ff84c8 ] Request (SecurityGroupRulesTestJSON:test_security_group_rules_delete_when_peer_group_deleted): 200 POST http://10.180.1.21/compute/v2.1/os-security-groups 0.305s
2025-04-25 17:57:13.512 69979 INFO tempest.lib.common.rest_client [req-ed4d2f4f-1f4f-4f49-99e4-da106a3efcc3 req-ed4d2f4f-1f4f-4f49-99e4-da106a3efcc3 ] Request (ServerDiagnosticsNegativeTest:tearDownClass): 200 GET http://10.180.1.21/compute/v2.1/servers/b6dfdaf0-57bb-4063-b261-3807636a5a84 0.181s
2025-04-25 17:57:13.562 69977 INFO tempest.lib.common.rest_client [req-1226731b-2cbf-4dce-8c18-a3faf5351aa2 req-1226731b-2cbf-4dce-8c18-a3faf5351aa2 ] Request (ImagesOneServerNegativeTestJSON:setUpClass): 200 GET http://10.180.1.21/compute/v2.1/servers/50aeb81d-ca5a-433c-8158-5f611f3101ad 0.182s
2025-04-25 17:57:13.563 69962 INFO tempest.lib.common.rest_client [req-80c8c1c5-9c83-40bb-81c4-26d12eeaa4a0 req-80c8c1c5-9c83-40bb-81c4-26d12eeaa4a0 ] Request (SecurityGroupsTestJSON:test_server_security_groups): 200 GET http://10.180.1.21/compute/v2.1/servers/7599fa29-a9bd-4e34-836c-1006447048a8 0.207s
2025-04-25 17:57:13.641 69955 INFO tempest.lib.common.rest_client [req-3f199b04-2deb-4345-8249-a312e0e18743 req-3f199b04-2deb-4345-8249-a312e0e18743 ] Request (ServersAdminNegativeTestJSON:test_migrate_server_invalid_state): 200 GET http://10.180.1.21/compute/v2.1/servers/a7e491d0-46d8-48dc-b4ca-e87f6b4a4605 0.211s
2025-04-25 17:57:13.660 69933 INFO tempest.lib.common.rest_client [req-204d7dc6-3d90-43a3-bd73-c5fa4e1d7c3f req-204d7dc6-3d90-43a3-bd73-c5fa4e1d7c3f ] Request (MigrationsAdminTest:test_list_migrations_in_flavor_resize_situation): 200 GET http://10.180.1.21/compute/v2.1/servers/633e9d92-9015-4cc8-ba92-6750376d0198 0.214s
2025-04-25 17:57:13.707 69923 INFO tempest.lib.common.rest_client [req-61d73a51-c381-4184-947e-a0e2d57028d5 req-61d73a51-c381-4184-947e-a0e2d57028d5 ] Request (ServersAdminTestJSON:test_create_server_with_scheduling_hint): 200 GET http://10.180.1.21/compute/v2.1/servers/6e927889-8993-4deb-8621-4d034a32e16c 0.205s
2025-04-25 17:57:13.759 69919 INFO tempest.lib.common.rest_client [req-b96065d4-e4c3-4a40-9a5b-98ee38b8bc73 req-b96065d4-e4c3-4a40-9a5b-98ee38b8bc73 ] Request (SecurityGroupRulesTestJSON:test_security_group_rules_delete_when_peer_group_deleted): 200 POST http://10.180.1.21/compute/v2.1/os-security-groups 0.247s
2025-04-25 17:57:13.762 69967 INFO tempest.lib.common.rest_client [req-e20c0c11-f51e-4644-8593-150a7ec5377c req-e20c0c11-f51e-4644-8593-150a7ec5377c ] Request (ImagesTestJSON:test_create_image_from_suspended_server): 200 GET http://10.180.1.21/compute/v2.1/servers/b47d5434-6e48-442e-80dd-aefc47ce2de9 0.216s
2025-04-25 17:57:13.817 69959 INFO tempest.lib.common.rest_client [req-f0170dcc-729a-4011-8bc4-d6e027e6b770 req-f0170dcc-729a-4011-8bc4-d6e027e6b770 ] Request (FloatingIPsAssociationNegativeTestJSON:tearDownClass): 200 GET http://10.180.1.21/compute/v2.1/servers/a30ce7e7-7d02-445a-bae4-4db714cfbc96 0.223s
2025-04-25 17:57:13.827 69971 INFO tempest.lib.common.rest_client [req-8af9857a-7962-4208-9e65-1fa7decf0fce req-8af9857a-7962-4208-9e65-1fa7decf0fce ] Request (ServersNegativeTestJSON:setUpClass): 200 GET http://10.180.1.21/compute/v2.1/servers/88adf8a9-777e-4f76-8d50-cb81835a528e 0.232s
2025-04-25 17:57:13.870 69949 INFO tempest.lib.common.rest_client [req-c03b2fdf-36ed-46d9-8e3f-a953b796dfef req-c03b2fdf-36ed-46d9-8e3f-a953b796dfef ] Request (ServerDiagnosticsV248Test:test_get_server_diagnostics): 200 GET http://10.180.1.21/compute/v2.1/servers/ce5a92f9-4917-4d72-b527-35b97bad5933 0.206s
2025-04-25 17:57:13.879 69949 INFO tempest.common.waiters [-] State transition "BUILD/spawning" ==> "ACTIVE/None" after 49 second wait
2025-04-25 17:57:13.916 69921 INFO tempest.lib.common.rest_client [req-f738e88e-267d-4047-8f90-ed0ef7b65ee5 req-f738e88e-267d-4047-8f90-ed0ef7b65ee5 ] Request (ServerShowV247Test:test_update_rebuild_list_server): 200 GET http://10.180.1.21/compute/v2.1/servers/68939730-1c6b-48ce-81fd-f84fa6df5b33 0.150s
2025-04-25 17:57:13.967 69919 INFO tempest.lib.common.rest_client [req-fec20fe1-4cc8-4c56-a2ce-fc56291706a3 req-fec20fe1-4cc8-4c56-a2ce-fc56291706a3 ] Request (SecurityGroupRulesTestJSON:test_security_group_rules_delete_when_peer_group_deleted): 200 POST http://10.180.1.21/compute/v2.1/os-security-group-rules 0.205s
2025-04-25 17:57:14.017 69969 INFO tempest.lib.common.rest_client [req-d1119ec8-df0c-40f5-b6e1-4bc311fe307c req-d1119ec8-df0c-40f5-b6e1-4bc311fe307c ] Request (AttachInterfacesTestJSON:test_create_list_show_delete_interfaces_by_fixed_ip): 200 GET http://10.180.1.21/compute/v2.1/servers/88c6c82f-fbfd-4407-84db-3ff4b0889e9d 0.249s
2025-04-25 17:57:14.029 69975 INFO tempest.lib.common.rest_client [req-8f932169-1c1e-4e4e-9845-6a74537e4102 req-8f932169-1c1e-4e4e-9845-6a74537e4102 ] Request (ServersV294TestFqdnHostnames:setUpClass): 200 GET http://10.180.1.21/compute/v2.1/servers/e3580fdf-80a9-46b8-8877-06f011c08f94 0.208s
2025-04-25 17:57:14.114 69957 INFO tempest.lib.common.rest_client [req-fdd69b3f-8ef3-4a5c-900b-8583b49459fd req-fdd69b3f-8ef3-4a5c-900b-8583b49459fd ] Request (TenantUsagesTestJSON:setUpClass): 200 GET http://10.180.1.21/compute/v2.1/servers/42e44f7f-7eb3-4666-b9d5-8c20c77cbc98 0.261s
2025-04-25 17:57:14.183 69925 INFO tempest.lib.common.rest_client [req-06a57d58-b314-499e-af72-d80325140456 req-06a57d58-b314-499e-af72-d80325140456 ] Request (ServerMetadataTestJSON:tearDownClass): 200 GET http://10.180.1.21/compute/v2.1/servers/4ca7cbc0-d615-4ae1-b395-18248bff5ed2 0.266s
2025-04-25 17:57:14.306 69919 INFO tempest.lib.common.rest_client [req-c48e9ab9-c14f-4306-83e0-2308969aca7b req-c48e9ab9-c14f-4306-83e0-2308969aca7b ] Request (SecurityGroupRulesTestJSON:test_security_group_rules_delete_when_peer_group_deleted): 202 DELETE http://10.180.1.21/compute/v2.1/os-security-groups/a6273340-ccc7-403b-82af-8ef04195ccbf 0.337s
2025-04-25 17:57:14.356 69965 INFO tempest.lib.common.rest_client [req-7d793d5a-96f6-4903-a520-1697bb3e8133 req-7d793d5a-96f6-4903-a520-1697bb3e8133 ] Request (ServersTestFqdnHostnames:test_create_server_with_fqdn_name): 200 GET http://10.180.1.21/compute/v2.1/servers/4a75013d-dc04-4f7d-b9c5-f0c68929e520 0.385s
2025-04-25 17:57:14.409 69939 INFO tempest.lib.common.rest_client [req-926e9de3-19ac-4b37-b5d7-95bbb26e42cb req-926e9de3-19ac-4b37-b5d7-95bbb26e42cb ] Request (ImagesOneServerTestJSON:tearDownClass): 200 GET http://10.180.1.21/compute/v2.1/servers/61cdbd6e-75d2-45af-b4b3-cba900b17dc1 0.424s
2025-04-25 17:57:14.451 69973 INFO tempest.lib.common.rest_client [req-b2d89d40-b69b-4872-ab62-5e62c793e744 req-b2d89d40-b69b-4872-ab62-5e62c793e744 ] Request (ServerDiskConfigTestJSON:test_rebuild_server_with_auto_disk_config): 200 GET http://10.180.1.21/compute/v2.1/servers/38b2256d-193a-4fa8-ab77-ad4e91f81722 0.409s
2025-04-25 17:57:14.507 69981 INFO tempest.lib.common.rest_client [req-d16bccbb-e111-49f7-9c33-4774b09a50e1 req-d16bccbb-e111-49f7-9c33-4774b09a50e1 ] Request (InstanceActionsV221TestJSON:test_get_list_deleted_instance_actions): 200 GET http://10.180.1.21/compute/v2.1/servers/e771f0f1-c4b9-49b2-9424-3b41d6e0ecb3 0.465s
2025-04-25 17:57:14.563 69935 INFO tempest.lib.common.rest_client [req-b06e26ff-f5f1-43f3-b1df-ea83e0be8d1d req-b06e26ff-f5f1-43f3-b1df-ea83e0be8d1d ] Request (FloatingIPsAssociationTestJSON:test_associate_already_associated_floating_ip): 200 GET http://10.180.1.21/compute/v2.1/servers/546ab638-f582-4a0e-89e6-c15b1e8ef888 0.470s
2025-04-25 17:57:14.622 69931 INFO tempest.lib.common.rest_client [req-d43b3a86-c965-4b5a-bcff-c177e9fade2e req-d43b3a86-c965-4b5a-bcff-c177e9fade2e ] Request (ServerShowV254Test:tearDownClass): 200 GET http://10.180.1.21/compute/v2.1/servers/ff1fb4b8-8707-4053-a288-af4aaf7e9ebc 0.464s
