2025-04-25 17:57:23.717 69959 INFO tempest.lib.common.dynamic_creds [-] Created isolated network resources for: credentials: Credentials: {'domain_id': 'default', 'domain_name': 'Default', 'username': 'tempest-SecurityGroupsNegativeTestJSON-493323315-project-member', 'project_domain_id': 'default', 'project_domain_name': 'Default', 'project_id': 'f3eb944136a24448b24a52cf0abba9db', 'project_name': 'tempest-SecurityGroupsNegativeTestJSON-493323315', 'tenant_id': 'f3eb944136a24448b24a52cf0abba9db', 'tenant_name': 'tempest-SecurityGroupsNegativeTestJSON-493323315', 'user_domain_id': 'default', 'user_domain_name': 'Default', 'user_id': 'e506d5827edc4529934faa6fadaefa36', 'system': None}, Network: {'id': '50f7b8e4-cc6e-428f-9152-7385baadb767', 'name': 'tempest-SecurityGroupsNegativeTestJSON-1161324687-network', 'tenant_id': 'f3eb944136a24448b24a52cf0abba9db', 'admin_state_up': True, 'mtu': 8950, 'status': 'ACTIVE', 'subnets': [], 'shared': False, 'project_id': 'f3eb944136a24448b24a52cf0abba9db', 'port_security_enabled': True, 'router:external': False, 'provider:network_type': 'vlan', 'provider:physical_network': 'default', 'provider:segmentation_id': 517, 'availability_zone_hints': [], 'availability_zones': [], 'ipv4_address_scope': None, 'ipv6_address_scope': None, 'description': '', 'tags': [], 'created_at': '2025-04-25T17:57:20Z', 'updated_at': '2025-04-25T17:57:20Z', 'revision_number': 1}, Subnet: {'id': 'b75c8aa4-d87c-432b-9f44-67597d60955d', 'name': 'tempest-SecurityGroupsNegativeTestJSON-1161324687-subnet', 'tenant_id': 'f3eb944136a24448b24a52cf0abba9db', 'network_id': '50f7b8e4-cc6e-428f-9152-7385baadb767', 'ip_version': 4, 'subnetpool_id': None, 'enable_dhcp': True, 'ipv6_ra_mode': None, 'ipv6_address_mode': None, 'gateway_ip': '192.168.128.1', 'cidr': '192.168.128.0/28', 'allocation_pools': [{'start': '192.168.128.2', 'end': '192.168.128.14'}], 'host_routes': [], 'dns_nameservers': [], 'description': '', 'router:external': False, 'service_types': [], 'tags': [], 'created_at': '2025-04-25T17:57:20Z', 'updated_at': '2025-04-25T17:57:20Z', 'revision_number': 0, 'project_id': 'f3eb944136a24448b24a52cf0abba9db'}, Router: {'id': 'db359b7f-cdd1-4f86-a797-b5df7cdaee72', 'name': 'tempest-SecurityGroupsNegativeTestJSON-1161324687-router', 'tenant_id': 'f3eb944136a24448b24a52cf0abba9db', 'admin_state_up': True, 'status': 'ACTIVE', 'external_gateway_info': {'network_id': 'ee5b2cc8-1aec-430d-8a30-1333216d2c0f', 'external_fixed_ips': [{'subnet_id': '9034e493-c41e-4a22-a20d-bf46aa8dad57', 'ip_address': '10.180.180.199'}], 'enable_snat': True}, 'description': '', 'availability_zones': [], 'distributed': False, 'ha': False, 'availability_zone_hints': [], 'routes': [], 'flavor_id': None, 'tags': [], 'created_at': '2025-04-25T17:57:20Z', 'updated_at': '2025-04-25T17:57:21Z', 'revision_number': 2, 'project_id': 'f3eb944136a24448b24a52cf0abba9db'}
2025-04-25 17:57:23.829 69919 INFO tempest.lib.common.rest_client [req-65fd3e2c-5553-4b40-9094-e00fd136f70d req-65fd3e2c-5553-4b40-9094-e00fd136f70d ] Request (ListServerFiltersTestJSON:setUpClass): 202 POST http://10.180.1.21/compute/v2.1/servers 0.575s
2025-04-25 17:57:23.832 69959 INFO tempest.lib.common.rest_client [req-81aac2c0-8174-4dc3-b534-dc78b3a71fef req-81aac2c0-8174-4dc3-b534-dc78b3a71fef ] Request (SecurityGroupsNegativeTestJSON:setUpClass): 201 POST http://10.180.1.21/identity/v3/auth/tokens 0.105s
2025-04-25 17:57:23.880 69919 INFO tempest.lib.common.rest_client [req-a8d6757b-4f1a-4599-8cd8-19ec1e9d6fd4 req-a8d6757b-4f1a-4599-8cd8-19ec1e9d6fd4 ] Request (ListServerFiltersTestJSON:setUpClass): 201 POST http://10.180.1.21/identity/v3/auth/tokens 0.046s
2025-04-25 17:57:23.881 69919 INFO tempest.lib.common.fixed_network [-] (ListServerFiltersTestJSON:setUpClass) Found network {'id': '34ea7c3b-b7c8-4dbc-9d27-d3838caa8ce3', 'name': 'tempest-ListServerFiltersTestJSON-1486336832-network', 'tenant_id': 'b9a51178ac984fb58c7c66c258b475ee', 'admin_state_up': True, 'mtu': 8950, 'status': 'ACTIVE', 'subnets': [], 'shared': False, 'project_id': 'b9a51178ac984fb58c7c66c258b475ee', 'port_security_enabled': True, 'router:external': False, 'provider:network_type': 'vlan', 'provider:physical_network': 'default', 'provider:segmentation_id': 277, 'availability_zone_hints': [], 'availability_zones': [], 'ipv4_address_scope': None, 'ipv6_address_scope': None, 'description': '', 'tags': [], 'created_at': '2025-04-25T17:57:21Z', 'updated_at': '2025-04-25T17:57:21Z', 'revision_number': 1} available for tenant
2025-04-25 17:57:23.883 69969 WARNING tempest.lib.common.ssh [-] Failed to establish authenticated ssh connection to cirros@10.180.180.151 ([Errno None] Unable to connect to port 22 on 10.180.180.151). Number attempts: 2. Retry after 3 seconds.: paramiko.ssh_exception.NoValidConnectionsError: [Errno None] Unable to connect to port 22 on 10.180.180.151
2025-04-25 17:57:23.915 69923 INFO tempest.lib.common.rest_client [req-5fc83723-b608-431c-ab51-2aff42ef1bd6 req-5fc83723-b608-431c-ab51-2aff42ef1bd6 ] Request (ServersAdminTestJSON:test_create_server_with_scheduling_hint): 200 GET http://10.180.1.21/compute/v2.1/servers/6e927889-8993-4deb-8621-4d034a32e16c 0.552s
2025-04-25 17:57:23.946 69955 INFO tempest.lib.common.rest_client [req-8af1ed80-4dd2-497d-906c-3814a1bcfacb req-8af1ed80-4dd2-497d-906c-3814a1bcfacb ] Request (ServersAdminNegativeTestJSON:test_migrate_server_invalid_state): 200 GET http://10.180.1.21/compute/v2.1/servers/a7e491d0-46d8-48dc-b4ca-e87f6b4a4605 0.623s
2025-04-25 17:57:23.958 69955 INFO tempest.common.waiters [-] State transition "BUILD/None" ==> "BUILD/block_device_mapping" after 55 second wait
2025-04-25 17:57:23.982 69971 INFO tempest.lib.common.rest_client [req-b29f14e4-963e-4d42-b2d8-bd0fcc6b64fa req-b29f14e4-963e-4d42-b2d8-bd0fcc6b64fa ] Request (ServersNegativeTestJSON:setUpClass): 200 GET http://10.180.1.21/compute/v2.1/servers/88adf8a9-777e-4f76-8d50-cb81835a528e 0.611s
2025-04-25 17:57:24.033 69967 INFO tempest.lib.common.rest_client [req-8936f419-20e8-459d-882b-1268efb6a2bf req-8936f419-20e8-459d-882b-1268efb6a2bf ] Request (ImagesTestJSON:test_create_image_from_suspended_server): 200 GET http://10.180.1.21/compute/v2.1/servers/b47d5434-6e48-442e-80dd-aefc47ce2de9 0.574s
2025-04-25 17:57:24.055 69921 INFO tempest.lib.common.rest_client [req-239bfafe-55d3-4f5a-a78e-f1845b3654d3 req-239bfafe-55d3-4f5a-a78e-f1845b3654d3 ] Request (ServerShowV247Test:test_update_rebuild_list_server): 200 GET http://10.180.1.21/compute/v2.1/servers/68939730-1c6b-48ce-81fd-f84fa6df5b33 0.516s
2025-04-25 17:57:24.128 69957 INFO tempest.lib.common.rest_client [req-6bd09396-0756-4045-ac60-f28df8fb4fd5 req-6bd09396-0756-4045-ac60-f28df8fb4fd5 ] Request (TenantUsagesTestJSON:tearDownClass): 200 GET http://10.180.1.21/compute/v2.1/servers/42e44f7f-7eb3-4666-b9d5-8c20c77cbc98 0.586s
2025-04-25 17:57:24.152 69975 INFO tempest.lib.common.rest_client [req-285cf60d-3cbc-4b4f-8cd0-bc31a6817bc0 req-285cf60d-3cbc-4b4f-8cd0-bc31a6817bc0 ] Request (ServersV294TestFqdnHostnames:setUpClass): 200 GET http://10.180.1.21/compute/v2.1/servers/e3580fdf-80a9-46b8-8877-06f011c08f94 0.545s
2025-04-25 17:57:24.213 69981 INFO tempest.lib.common.rest_client [req-03843633-38a9-4df7-827f-d36becda9bae req-03843633-38a9-4df7-827f-d36becda9bae ] Request (InstanceActionsV221TestJSON:test_get_list_deleted_instance_actions): 200 GET http://10.180.1.21/compute/v2.1/servers/e771f0f1-c4b9-49b2-9424-3b41d6e0ecb3 0.529s
2025-04-25 17:57:24.256 69925 INFO tempest.lib.common.rest_client [req-71667692-9ba3-418d-a609-720513ccd653 req-71667692-9ba3-418d-a609-720513ccd653 ] Request (ServerMetadataTestJSON:tearDownClass): 200 GET http://10.180.1.21/compute/v2.1/servers/4ca7cbc0-d615-4ae1-b395-18248bff5ed2 0.637s
2025-04-25 17:57:24.274 69935 INFO tempest.lib.common.rest_client [req-bd283106-83c6-469f-8da7-fb8f0b7a2d17 req-bd283106-83c6-469f-8da7-fb8f0b7a2d17 ] Request (FloatingIPsAssociationTestJSON:test_associate_already_associated_floating_ip): 200 GET http://10.180.1.21/compute/v2.1/servers/546ab638-f582-4a0e-89e6-c15b1e8ef888 0.567s
2025-04-25 17:57:24.320 69959 INFO tempest.lib.common.rest_client [req-1b56caf0-703f-453c-9d86-0eee5a48e5ad req-1b56caf0-703f-453c-9d86-0eee5a48e5ad ] Request (SecurityGroupsNegativeTestJSON:test_delete_nonexistent_security_group): 404 DELETE http://10.180.1.21/compute/v2.1/os-security-groups/7552d5d1-4671-44a5-90f3-872d8e2e82dc 0.486s
2025-04-25 17:57:24.445 69965 INFO tempest.lib.common.rest_client [req-a6e24d4e-35cf-4777-82eb-d8f99d04d37f req-a6e24d4e-35cf-4777-82eb-d8f99d04d37f ] Request (ServersTestFqdnHostnames:test_create_server_with_fqdn_name): 200 GET http://10.180.1.21/compute/v2.1/servers/4a75013d-dc04-4f7d-b9c5-f0c68929e520 0.588s
2025-04-25 17:57:24.533 69939 INFO tempest.lib.common.rest_client [req-b6fdff4f-e909-4a81-95bf-e376e130a180 req-b6fdff4f-e909-4a81-95bf-e376e130a180 ] Request (ImagesOneServerTestJSON:tearDownClass): 200 GET http://10.180.1.21/compute/v2.1/servers/61cdbd6e-75d2-45af-b4b3-cba900b17dc1 0.604s
2025-04-25 17:57:24.583 69953 INFO tempest.lib.common.rest_client [req-0139fd7a-81cb-4c2b-96ed-c0d17aae5297 req-0139fd7a-81cb-4c2b-96ed-c0d17aae5297 ] Request (FloatingIPDetailsNegativeTestJSON:setUpClass): 200 PUT http://10.180.1.21:9696/networking/v2.0/routers/165c2b2d-d372-436d-9253-59f1e931b75c/add_router_interface 1.139s
2025-04-25 17:57:24.584 69953 INFO tempest.lib.common.dynamic_creds [-] Created isolated network resources for: credentials: Credentials: {'domain_id': 'default', 'domain_name': 'Default', 'username': 'tempest-FloatingIPDetailsNegativeTestJSON-963426260-project-member', 'project_domain_id': 'default', 'project_domain_name': 'Default', 'project_id': 'fda08c166ebe46e38c4a03cd48381a69', 'project_name': 'tempest-FloatingIPDetailsNegativeTestJSON-963426260', 'tenant_id': 'fda08c166ebe46e38c4a03cd48381a69', 'tenant_name': 'tempest-FloatingIPDetailsNegativeTestJSON-963426260', 'user_domain_id': 'default', 'user_domain_name': 'Default', 'user_id': '0207b7b254034fc38585c9cc40f6a4c5', 'system': None}, Network: {'id': 'eb5a4eb1-23d4-4e4f-9bbc-ccbd96f5e27e', 'name': 'tempest-FloatingIPDetailsNegativeTestJSON-1477002630-network', 'tenant_id': 'fda08c166ebe46e38c4a03cd48381a69', 'admin_state_up': True, 'mtu': 8950, 'status': 'ACTIVE', 'subnets': [], 'shared': False, 'project_id': 'fda08c166ebe46e38c4a03cd48381a69', 'port_security_enabled': True, 'router:external': False, 'provider:network_type': 'vlan', 'provider:physical_network': 'default', 'provider:segmentation_id': 163, 'availability_zone_hints': [], 'availability_zones': [], 'ipv4_address_scope': None, 'ipv6_address_scope': None, 'description': '', 'tags': [], 'created_at': '2025-04-25T17:57:21Z', 'updated_at': '2025-04-25T17:57:21Z', 'revision_number': 1}, Subnet: {'id': 'ef33db50-19ee-42d7-9881-e6d619854c7a', 'name': 'tempest-FloatingIPDetailsNegativeTestJSON-1477002630-subnet', 'tenant_id': 'fda08c166ebe46e38c4a03cd48381a69', 'network_id': 'eb5a4eb1-23d4-4e4f-9bbc-ccbd96f5e27e', 'ip_version': 4, 'subnetpool_id': None, 'enable_dhcp': True, 'ipv6_ra_mode': None, 'ipv6_address_mode': None, 'gateway_ip': '192.168.128.1', 'cidr': '192.168.128.0/28', 'allocation_pools': [{'start': '192.168.128.2', 'end': '192.168.128.14'}], 'host_routes': [], 'dns_nameservers': [], 'description': '', 'router:external': False, 'service_types': [], 'tags': [], 'created_at': '2025-04-25T17:57:22Z', 'updated_at': '2025-04-25T17:57:22Z', 'revision_number': 0, 'project_id': 'fda08c166ebe46e38c4a03cd48381a69'}, Router: {'id': '165c2b2d-d372-436d-9253-59f1e931b75c', 'name': 'tempest-FloatingIPDetailsNegativeTestJSON-1477002630-router', 'tenant_id': 'fda08c166ebe46e38c4a03cd48381a69', 'admin_state_up': True, 'status': 'ACTIVE', 'external_gateway_info': {'network_id': 'ee5b2cc8-1aec-430d-8a30-1333216d2c0f', 'external_fixed_ips': [{'subnet_id': '9034e493-c41e-4a22-a20d-bf46aa8dad57', 'ip_address': '10.180.180.155'}], 'enable_snat': True}, 'description': '', 'availability_zones': [], 'distributed': False, 'ha': False, 'availability_zone_hints': [], 'routes': [], 'flavor_id': None, 'tags': [], 'created_at': '2025-04-25T17:57:22Z', 'updated_at': '2025-04-25T17:57:23Z', 'revision_number': 2, 'project_id': 'fda08c166ebe46e38c4a03cd48381a69'}
2025-04-25 17:57:24.591 69941 WARNING tempest.lib.common.ssh [-] Failed to establish authenticated ssh connection to cirros@10.180.180.129 ([Errno None] Unable to connect to port 22 on 10.180.180.129). Number attempts: 6. Retry after 7 seconds.: paramiko.ssh_exception.NoValidConnectionsError: [Errno None] Unable to connect to port 22 on 10.180.180.129
2025-04-25 17:57:24.597 69973 INFO tempest.lib.common.rest_client [req-6e169339-24bd-4555-926f-813d6d7c0ef3 req-6e169339-24bd-4555-926f-813d6d7c0ef3 ] Request (ServerDiskConfigTestJSON:test_rebuild_server_with_auto_disk_config): 200 GET http://10.180.1.21/compute/v2.1/servers/38b2256d-193a-4fa8-ab77-ad4e91f81722 0.613s
2025-04-25 17:57:24.627 69919 INFO tempest.lib.common.rest_client [req-8df0af3d-682d-4f7f-b629-8fd89a473a5d req-8df0af3d-682d-4f7f-b629-8fd89a473a5d ] Request (ListServerFiltersTestJSON:setUpClass): 202 POST http://10.180.1.21/compute/v2.1/servers 0.745s
2025-04-25 17:57:24.649 69929 INFO tempest.lib.common.rest_client [req-689d8b88-c999-4dbd-b341-4bb7ce2d7aa2 req-689d8b88-c999-4dbd-b341-4bb7ce2d7aa2 ] Request (VolumesAdminNegativeTest:test_update_attached_volume_with_nonexistent_volume_in_body): 200 GET http://10.180.1.21/compute/v2.1/servers/009f2804-aedb-4162-8211-06a1573c9ace 0.598s
2025-04-25 17:57:24.684 69947 INFO tempest.lib.common.rest_client [req-90a07ecc-b13a-4f69-aca8-11abeb690eb8 req-90a07ecc-b13a-4f69-aca8-11abeb690eb8 ] Request (InstanceActionsTestJSON:setUpClass): 200 GET http://10.180.1.21/compute/v2.1/servers/1b8f574e-cfb8-4a1a-9c4e-93098510f933 0.555s
2025-04-25 17:57:24.688 69953 INFO tempest.lib.common.rest_client [req-99427347-f514-413a-8939-f5e5b6f0658c req-99427347-f514-413a-8939-f5e5b6f0658c ] Request (FloatingIPDetailsNegativeTestJSON:setUpClass): 201 POST http://10.180.1.21/identity/v3/auth/tokens 0.099s
2025-04-25 17:57:24.730 69937 INFO tempest.lib.common.rest_client [req-b2a4a132-b40a-44e7-bb66-82c04e115e4c req-b2a4a132-b40a-44e7-bb66-82c04e115e4c ] Request (ServerAddressesNegativeTestJSON:tearDownClass): 200 GET http://10.180.1.21/compute/v2.1/servers/fb4296b3-38c0-4e9f-984b-1409a072aba5 0.522s
2025-04-25 17:57:24.733 69959 INFO tempest.lib.common.rest_client [req-07ce4769-ef58-4db7-b3da-fca0b2450f64 req-07ce4769-ef58-4db7-b3da-fca0b2450f64 ] Request (SecurityGroupsNegativeTestJSON:test_delete_security_group_without_passing_id): 404 DELETE http://10.180.1.21/compute/v2.1/os-security-groups/ 0.411s
2025-04-25 17:57:24.789 69931 INFO tempest.lib.common.rest_client [req-ad37eba5-ffcb-4350-b8c5-735980c3cb8d req-ad37eba5-ffcb-4350-b8c5-735980c3cb8d ] Request (ServerShowV254Test:tearDownClass): 200 GET http://10.180.1.21/compute/v2.1/servers/ff1fb4b8-8707-4053-a288-af4aaf7e9ebc 0.479s
2025-04-25 17:57:24.838 69933 INFO tempest.lib.common.rest_client [req-ef6f9b90-6ae2-42c3-8bd9-f238f29d3c20 req-ef6f9b90-6ae2-42c3-8bd9-f238f29d3c20 ] Request (MigrationsAdminTest:test_list_migrations_in_flavor_resize_situation): 200 GET http://10.180.1.21/compute/v2.1/servers/633e9d92-9015-4cc8-ba92-6750376d0198 0.460s
2025-04-25 17:57:24.845 69963 INFO tempest.lib.common.rest_client [req-2532e46d-bf71-410e-bf07-c286dd535a06 req-2532e46d-bf71-410e-bf07-c286dd535a06 ] Request (ServerTagsTestJSON:setUpClass): 200 GET http://10.180.1.21/compute/v2.1/servers/3097b168-a6cd-47be-a4d5-5494a4ab2c1a 0.450s
2025-04-25 17:57:24.891 69945 INFO tempest.lib.common.rest_client [req-e227e4b1-a612-40ff-95c7-0c75b026e852 req-e227e4b1-a612-40ff-95c7-0c75b026e852 ] Request (DeleteServersAdminTestJSON:test_delete_server_while_in_error_state): 200 GET http://10.180.1.21/compute/v2.1/servers/f81dc110-fe05-46de-85e0-6af0ad6d1f11 0.423s
2025-04-25 17:57:24.899 69943 INFO tempest.lib.common.rest_client [req-29400bea-96f2-410a-8483-9d49cb5a95b4 req-29400bea-96f2-410a-8483-9d49cb5a95b4 ] Request (ServerShowV257Test:test_rebuild_server): 200 GET http://10.180.1.21/compute/v2.1/servers/1d6ef9b4-417a-4fb6-a04a-f04a918c020e 0.422s
2025-04-25 17:57:24.943 69919 INFO tempest.lib.common.rest_client [req-dae2f741-1e8c-4b92-8196-4b298aa8be8d req-dae2f741-1e8c-4b92-8196-4b298aa8be8d ] Request (ListServerFiltersTestJSON:setUpClass): 200 GET http://10.180.1.21/compute/v2.1/servers/504ec9b0-3e13-4cfc-a5d4-2a34245590e1 0.314s
2025-04-25 17:57:24.955 69979 INFO tempest.lib.common.rest_client [req-dedaf383-2122-4ae9-aea4-c131b8ed6147 req-dedaf383-2122-4ae9-aea4-c131b8ed6147 ] Request (ServerDiagnosticsNegativeTest:tearDownClass): 200 GET http://10.180.1.21/compute/v2.1/servers/b6dfdaf0-57bb-4063-b261-3807636a5a84 0.407s
2025-04-25 17:57:25.001 69962 INFO tempest.lib.common.rest_client [req-47b4d444-5547-4211-8e46-a4e39cd08a09 req-47b4d444-5547-4211-8e46-a4e39cd08a09 ] Request (SecurityGroupsTestJSON:test_server_security_groups): 200 GET http://10.180.1.21/compute/v2.1/servers/7599fa29-a9bd-4e34-836c-1006447048a8 0.360s
2025-04-25 17:57:25.054 69953 INFO tempest.lib.common.rest_client [req-c2efd216-b081-4d91-96d0-a4905f8d70bd req-c2efd216-b081-4d91-96d0-a4905f8d70bd ] Request (FloatingIPDetailsNegativeTestJSON:test_get_nonexistent_floating_ip_details): 404 GET http://10.180.1.21/compute/v2.1/os-floating-ips/cd9aee56-159c-4b7b-909f-1fe4cff602d0 0.364s
2025-04-25 17:57:25.134 69977 INFO tempest.lib.common.rest_client [req-d010b1e9-51fe-4384-8529-bca8e4094ee1 req-d010b1e9-51fe-4384-8529-bca8e4094ee1 ] Request (ImagesOneServerNegativeTestJSON:setUpClass): 200 GET http://10.180.1.21/compute/v2.1/servers/50aeb81d-ca5a-433c-8158-5f611f3101ad 0.410s
2025-04-25 17:57:25.276 69959 INFO tempest.lib.common.rest_client [req-1504995c-fcf9-4f7f-a25b-5d6da34721c4 req-1504995c-fcf9-4f7f-a25b-5d6da34721c4 ] Request (SecurityGroupsNegativeTestJSON:test_delete_the_default_security_group): 200 GET http://10.180.1.21/compute/v2.1/os-security-groups 0.541s
2025-04-25 17:57:25.334 69923 INFO tempest.lib.common.rest_client [req-cb2af423-7302-4a60-bd42-530e921df4c0 req-cb2af423-7302-4a60-bd42-530e921df4c0 ] Request (ServersAdminTestJSON:test_create_server_with_scheduling_hint): 200 GET http://10.180.1.21/compute/v2.1/servers/6e927889-8993-4deb-8621-4d034a32e16c 0.407s
2025-04-25 17:57:25.480 69955 INFO tempest.lib.common.rest_client [req-2aa2f656-09bf-48d1-9197-9517ac542de4 req-2aa2f656-09bf-48d1-9197-9517ac542de4 ] Request (ServersAdminNegativeTestJSON:test_migrate_server_invalid_state): 200 GET http://10.180.1.21/compute/v2.1/servers/a7e491d0-46d8-48dc-b4ca-e87f6b4a4605 0.519s
2025-04-25 17:57:25.490 69949 INFO tempest.lib.common.rest_client [req-7ad69726-2dbd-477e-bae2-de95c94e9a3f req-7ad69726-2dbd-477e-bae2-de95c94e9a3f ] Request (ServerDiagnosticsV248Test:test_get_server_diagnostics): 200 GET http://10.180.1.21/compute/v2.1/servers/ce5a92f9-4917-4d72-b527-35b97bad5933/diagnostics 0.810s
2025-04-25 17:57:25.491 69955 INFO tempest.common.waiters [-] State transition "BUILD/block_device_mapping" ==> "BUILD/spawning" after 57 second wait
2025-04-25 17:57:25.530 69971 INFO tempest.lib.common.rest_client [req-0eeabc61-1d34-4097-9294-22f64c7a4add req-0eeabc61-1d34-4097-9294-22f64c7a4add ] Request (ServersNegativeTestJSON:setUpClass): 200 GET http://10.180.1.21/compute/v2.1/servers/88adf8a9-777e-4f76-8d50-cb81835a528e 0.539s
2025-04-25 17:57:25.546 69967 INFO tempest.lib.common.rest_client [req-da228a40-e9cf-4fd7-ba38-5372cc57ba34 req-da228a40-e9cf-4fd7-ba38-5372cc57ba34 ] Request (ImagesTestJSON:test_create_image_from_suspended_server): 200 GET http://10.180.1.21/compute/v2.1/servers/b47d5434-6e48-442e-80dd-aefc47ce2de9 0.497s
2025-04-25 17:57:25.593 69921 INFO tempest.lib.common.rest_client [req-e4c3e4c8-d400-4d27-885b-436adbadbd2f req-e4c3e4c8-d400-4d27-885b-436adbadbd2f ] Request (ServerShowV247Test:test_update_rebuild_list_server): 200 GET http://10.180.1.21/compute/v2.1/servers/68939730-1c6b-48ce-81fd-f84fa6df5b33 0.521s
2025-04-25 17:57:25.602 69957 INFO tempest.lib.common.rest_client [req-7a8feb19-7d45-4a90-99f4-6d9eee16393c req-7a8feb19-7d45-4a90-99f4-6d9eee16393c ] Request (TenantUsagesTestJSON:tearDownClass): 200 GET http://10.180.1.21/compute/v2.1/servers/42e44f7f-7eb3-4666-b9d5-8c20c77cbc98 0.460s
2025-04-25 17:57:25.612 69957 INFO tempest.common.waiters [-] State transition "ACTIVE/deleting" ==> "DELETED/None" after 4 second wait
2025-04-25 17:57:25.659 69981 INFO tempest.lib.common.rest_client [req-c3f67888-ee15-4eaf-8da8-f6df6a7d93d3 req-c3f67888-ee15-4eaf-8da8-f6df6a7d93d3 ] Request (InstanceActionsV221TestJSON:test_get_list_deleted_instance_actions): 200 GET http://10.180.1.21/compute/v2.1/servers/e771f0f1-c4b9-49b2-9424-3b41d6e0ecb3 0.433s
2025-04-25 17:57:25.678 69975 INFO tempest.lib.common.rest_client [req-ca9c7cc7-352c-4e9c-bab9-b30e9fc7bbaa req-ca9c7cc7-352c-4e9c-bab9-b30e9fc7bbaa ] Request (ServersV294TestFqdnHostnames:setUpClass): 200 GET http://10.180.1.21/compute/v2.1/servers/e3580fdf-80a9-46b8-8877-06f011c08f94 0.515s
2025-04-25 17:57:25.730 69925 INFO tempest.lib.common.rest_client [req-4f0163af-5dfc-49fd-bd87-5ac5e50176e0 req-4f0163af-5dfc-49fd-bd87-5ac5e50176e0 ] Request (ServerMetadataTestJSON:tearDownClass): 200 GET http://10.180.1.21/compute/v2.1/servers/4ca7cbc0-d615-4ae1-b395-18248bff5ed2 0.467s
2025-04-25 17:57:25.777 69935 INFO tempest.lib.common.rest_client [req-8d03837a-b0c2-429a-ad74-2e254263eb1b req-8d03837a-b0c2-429a-ad74-2e254263eb1b ] Request (FloatingIPsAssociationTestJSON:test_associate_already_associated_floating_ip): 200 GET http://10.180.1.21/compute/v2.1/servers/546ab638-f582-4a0e-89e6-c15b1e8ef888 0.489s
2025-04-25 17:57:25.799 69959 INFO tempest.lib.common.rest_client [req-25407609-cc56-4254-a65d-f0fb92941bd2 req-25407609-cc56-4254-a65d-f0fb92941bd2 ] Request (SecurityGroupsNegativeTestJSON:test_delete_the_default_security_group): 400 DELETE http://10.180.1.21/compute/v2.1/os-security-groups/2c1ee4f7-cbd5-4845-a872-d63df2033c89 0.518s
2025-04-25 17:57:25.887 69949 INFO tempest.lib.common.rest_client [req-691c51bc-7b41-4f12-b2a2-942d725f3b5c req-691c51bc-7b41-4f12-b2a2-942d725f3b5c ] Request (ServerDiagnosticsV248Test:tearDownClass): 204 DELETE http://10.180.1.21/compute/v2.1/servers/ce5a92f9-4917-4d72-b527-35b97bad5933 0.384s
2025-04-25 17:57:25.894 69965 INFO tempest.lib.common.rest_client [req-c9d353d4-680a-44e2-b228-38efe1509c17 req-c9d353d4-680a-44e2-b228-38efe1509c17 ] Request (ServersTestFqdnHostnames:test_create_server_with_fqdn_name): 200 GET http://10.180.1.21/compute/v2.1/servers/4a75013d-dc04-4f7d-b9c5-f0c68929e520 0.438s
2025-04-25 17:57:25.953 69973 INFO tempest.lib.common.rest_client [req-22dd33ab-b18c-4630-a6e8-f50892d185a0 req-22dd33ab-b18c-4630-a6e8-f50892d185a0 ] Request (ServerDiskConfigTestJSON:test_rebuild_server_with_auto_disk_config): 200 GET http://10.180.1.21/compute/v2.1/servers/38b2256d-193a-4fa8-ab77-ad4e91f81722 0.343s
2025-04-25 17:57:25.969 69939 INFO tempest.lib.common.rest_client [req-6443cefd-1de1-44c5-92d1-8ddd1ac41619 req-6443cefd-1de1-44c5-92d1-8ddd1ac41619 ] Request (ImagesOneServerTestJSON:tearDownClass): 200 GET http://10.180.1.21/compute/v2.1/servers/61cdbd6e-75d2-45af-b4b3-cba900b17dc1 0.425s
2025-04-25 17:57:26.010 69929 INFO tempest.lib.common.rest_client [req-a44e46dc-b412-4945-8b8b-903485497718 req-a44e46dc-b412-4945-8b8b-903485497718 ] Request (VolumesAdminNegativeTest:test_update_attached_volume_with_nonexistent_volume_in_body): 200 GET http://10.180.1.21/compute/v2.1/servers/009f2804-aedb-4162-8211-06a1573c9ace 0.349s
2025-04-25 17:57:26.024 69947 INFO tempest.lib.common.rest_client [req-d79a1d47-0328-4101-9b0e-15e73df3249b req-d79a1d47-0328-4101-9b0e-15e73df3249b ] Request (InstanceActionsTestJSON:setUpClass): 200 GET http://10.180.1.21/compute/v2.1/servers/1b8f574e-cfb8-4a1a-9c4e-93098510f933 0.327s
2025-04-25 17:57:26.046 69959 INFO tempest.lib.common.rest_client [req-5247c49c-d59c-4681-a2a4-54f5769a3516 req-5247c49c-d59c-4681-a2a4-54f5769a3516 ] Request (SecurityGroupsNegativeTestJSON:test_security_group_get_nonexistent_group): 404 GET http://10.180.1.21/compute/v2.1/os-security-groups/800675bf-0b69-4a4e-b834-bdaf3e1b0f7b 0.244s
2025-04-25 17:57:26.074 69937 INFO tempest.lib.common.rest_client [req-3d8e1ef1-6741-4d02-9da2-7a9bc6203ff5 req-3d8e1ef1-6741-4d02-9da2-7a9bc6203ff5 ] Request (ServerAddressesNegativeTestJSON:tearDownClass): 200 GET http://10.180.1.21/compute/v2.1/servers/fb4296b3-38c0-4e9f-984b-1409a072aba5 0.336s
2025-04-25 17:57:26.116 69931 INFO tempest.lib.common.rest_client [req-52ac0a56-43b1-400a-9dc2-4a3f27bf2695 req-52ac0a56-43b1-400a-9dc2-4a3f27bf2695 ] Request (ServerShowV254Test:tearDownClass): 200 GET http://10.180.1.21/compute/v2.1/servers/ff1fb4b8-8707-4053-a288-af4aaf7e9ebc 0.313s
2025-04-25 17:57:26.128 69953 INFO tempest.lib.common.rest_client [req-97025e1a-f16c-4e71-91b5-6d8d623abc8d req-97025e1a-f16c-4e71-91b5-6d8d623abc8d ] Request (FloatingIPDetailsNegativeTestJSON:tearDownClass): 200 PUT http://10.180.1.21:9696/networking/v2.0/routers/165c2b2d-d372-436d-9253-59f1e931b75c/remove_router_interface 1.072s
2025-04-25 17:57:26.166 69963 INFO tempest.lib.common.rest_client [req-143b66c0-aaf0-4c60-8417-8ae311aa8344 req-143b66c0-aaf0-4c60-8417-8ae311aa8344 ] Request (ServerTagsTestJSON:setUpClass): 200 GET http://10.180.1.21/compute/v2.1/servers/3097b168-a6cd-47be-a4d5-5494a4ab2c1a 0.309s
2025-04-25 17:57:26.175 69933 INFO tempest.lib.common.rest_client [req-fdf4f057-710d-42e2-8501-ed7f27e2ff4e req-fdf4f057-710d-42e2-8501-ed7f27e2ff4e ] Request (MigrationsAdminTest:test_list_migrations_in_flavor_resize_situation): 200 GET http://10.180.1.21/compute/v2.1/servers/633e9d92-9015-4cc8-ba92-6750376d0198 0.323s
2025-04-25 17:57:26.221 69945 INFO tempest.lib.common.rest_client [req-d349b867-3450-4c52-94fb-b01daed911ea req-d349b867-3450-4c52-94fb-b01daed911ea ] Request (DeleteServersAdminTestJSON:test_delete_server_while_in_error_state): 200 GET http://10.180.1.21/compute/v2.1/servers/f81dc110-fe05-46de-85e0-6af0ad6d1f11 0.321s
2025-04-25 17:57:26.225 69949 INFO tempest.lib.common.rest_client [req-bd570555-5736-4533-aae6-be6932024ae8 req-bd570555-5736-4533-aae6-be6932024ae8 ] Request (ServerDiagnosticsV248Test:tearDownClass): 200 GET http://10.180.1.21/compute/v2.1/servers/ce5a92f9-4917-4d72-b527-35b97bad5933 0.338s
2025-04-25 17:57:26.282 69943 INFO tempest.lib.common.rest_client [req-a07a9067-4995-4820-a5e6-ce68190721dc req-a07a9067-4995-4820-a5e6-ce68190721dc ] Request (ServerShowV257Test:test_rebuild_server): 200 GET http://10.180.1.21/compute/v2.1/servers/1d6ef9b4-417a-4fb6-a04a-f04a918c020e 0.371s
2025-04-25 17:57:26.295 69943 INFO tempest.common.waiters [-] State transition "BUILD/None" ==> "BUILD/networking" after 53 second wait
2025-04-25 17:57:26.338 69979 INFO tempest.lib.common.rest_client [req-854ab869-ebbb-4887-a49a-b79747180677 req-854ab869-ebbb-4887-a49a-b79747180677 ] Request (ServerDiagnosticsNegativeTest:tearDownClass): 200 GET http://10.180.1.21/compute/v2.1/servers/b6dfdaf0-57bb-4063-b261-3807636a5a84 0.374s
2025-04-25 17:57:26.387 69962 INFO tempest.lib.common.rest_client [req-7cb068ad-ab11-4728-9b7b-44a284d0a733 req-7cb068ad-ab11-4728-9b7b-44a284d0a733 ] Request (SecurityGroupsTestJSON:test_server_security_groups): 200 GET http://10.180.1.21/compute/v2.1/servers/7599fa29-a9bd-4e34-836c-1006447048a8 0.377s
2025-04-25 17:57:26.409 69959 INFO tempest.lib.common.rest_client [req-cb6f9664-7a5b-4e68-83a6-6546d9144ea8 req-cb6f9664-7a5b-4e68-83a6-6546d9144ea8 ] Request (SecurityGroupsNegativeTestJSON:test_update_non_existent_security_group): 404 PUT http://10.180.1.21/compute/v2.1/os-security-groups/09b54ca2-74e5-4500-b655-0ac1ddd38355 0.361s
2025-04-25 17:57:26.478 69977 INFO tempest.lib.common.rest_client [req-06a5141d-eddd-4688-963a-7af62d5bd4d8 req-06a5141d-eddd-4688-963a-7af62d5bd4d8 ] Request (ImagesOneServerNegativeTestJSON:setUpClass): 200 GET http://10.180.1.21/compute/v2.1/servers/50aeb81d-ca5a-433c-8158-5f611f3101ad 0.336s
2025-04-25 17:57:26.479 69919 INFO tempest.lib.common.rest_client [req-a241388a-8d37-4699-8a9f-de9d69189fe3 req-a241388a-8d37-4699-8a9f-de9d69189fe3 ] Request (ListServerFiltersTestJSON:setUpClass): 200 GET http://10.180.1.21/compute/v2.1/servers/504ec9b0-3e13-4cfc-a5d4-2a34245590e1 0.523s
2025-04-25 17:57:26.535 69923 INFO tempest.lib.common.rest_client [req-687aaad2-3bc0-4479-8eec-b1fea580babd req-687aaad2-3bc0-4479-8eec-b1fea580babd ] Request (ServersAdminTestJSON:test_create_server_with_scheduling_hint): 200 GET http://10.180.1.21/compute/v2.1/servers/6e927889-8993-4deb-8621-4d034a32e16c 0.193s
2025-04-25 17:57:26.597 69971 INFO tempest.lib.common.rest_client [req-203be0c0-064f-4eff-be31-5c5b9a286a5d req-203be0c0-064f-4eff-be31-5c5b9a286a5d ] Request (ServersNegativeTestJSON:setUpClass): 200 GET http://10.180.1.21/compute/v2.1/servers/88adf8a9-777e-4f76-8d50-cb81835a528e 0.055s
2025-04-25 17:57:26.612 69955 INFO tempest.lib.common.rest_client [req-ee490305-37a1-4fdf-9c53-9fb294482457 req-ee490305-37a1-4fdf-9c53-9fb294482457 ] Request (ServersAdminNegativeTestJSON:test_migrate_server_invalid_state): 200 GET http://10.180.1.21/compute/v2.1/servers/a7e491d0-46d8-48dc-b4ca-e87f6b4a4605 0.121s
2025-04-25 17:57:26.648 69967 INFO tempest.lib.common.rest_client [req-8109b384-84d3-44d0-a798-b048fe1d68c6 req-8109b384-84d3-44d0-a798-b048fe1d68c6 ] Request (ImagesTestJSON:test_create_image_from_suspended_server): 200 GET http://10.180.1.21/compute/v2.1/servers/b47d5434-6e48-442e-80dd-aefc47ce2de9 0.091s
2025-04-25 17:57:26.687 69921 INFO tempest.lib.common.rest_client [req-30bcb2d4-9ac7-40c0-91d5-bba37f73d026 req-30bcb2d4-9ac7-40c0-91d5-bba37f73d026 ] Request (ServerShowV247Test:test_update_rebuild_list_server): 200 GET http://10.180.1.21/compute/v2.1/servers/68939730-1c6b-48ce-81fd-f84fa6df5b33 0.081s
2025-04-25 17:57:26.728 69957 INFO tempest.lib.common.rest_client [req-ef85416e-fca1-4b82-bc97-ecab5605185f req-ef85416e-fca1-4b82-bc97-ecab5605185f ] Request (TenantUsagesTestJSON:tearDownClass): 200 GET http://10.180.1.21/compute/v2.1/servers/42e44f7f-7eb3-4666-b9d5-8c20c77cbc98 0.116s
2025-04-25 17:57:26.754 69981 INFO tempest.lib.common.rest_client [req-c0622f05-af71-4d11-b9eb-f62c421ff61e req-c0622f05-af71-4d11-b9eb-f62c421ff61e ] Request (InstanceActionsV221TestJSON:test_get_list_deleted_instance_actions): 200 GET http://10.180.1.21/compute/v2.1/servers/e771f0f1-c4b9-49b2-9424-3b41d6e0ecb3 0.082s
2025-04-25 17:57:26.798 69975 INFO tempest.lib.common.rest_client [req-c13c323f-5452-4d2d-ba87-45babf49667b req-c13c323f-5452-4d2d-ba87-45babf49667b ] Request (ServersV294TestFqdnHostnames:setUpClass): 200 GET http://10.180.1.21/compute/v2.1/servers/e3580fdf-80a9-46b8-8877-06f011c08f94 0.099s
2025-04-25 17:57:26.830 69925 INFO tempest.lib.common.rest_client [req-57294995-901d-4f6c-8f30-4f18b242af2c req-57294995-901d-4f6c-8f30-4f18b242af2c ] Request (ServerMetadataTestJSON:tearDownClass): 200 GET http://10.180.1.21/compute/v2.1/servers/4ca7cbc0-d615-4ae1-b395-18248bff5ed2 0.091s
2025-04-25 17:57:26.847 69935 INFO tempest.lib.common.rest_client [req-29243af6-96ae-4f46-9974-625435853da5 req-29243af6-96ae-4f46-9974-625435853da5 ] Request (FloatingIPsAssociationTestJSON:test_associate_already_associated_floating_ip): 200 GET http://10.180.1.21/compute/v2.1/servers/546ab638-f582-4a0e-89e6-c15b1e8ef888 0.062s
2025-04-25 17:57:26.868 69953 INFO tempest.lib.common.rest_client [req-ccbc2ed2-c884-4f1f-8f6a-303f5741c1e8 req-ccbc2ed2-c884-4f1f-8f6a-303f5741c1e8 ] Request (FloatingIPDetailsNegativeTestJSON:tearDownClass): 204 DELETE http://10.180.1.21:9696/networking/v2.0/routers/165c2b2d-d372-436d-9253-59f1e931b75c 0.740s
2025-04-25 17:57:27.027 69973 INFO tempest.lib.common.rest_client [req-2cd3a1d3-0780-415b-90c0-17165310565f req-2cd3a1d3-0780-415b-90c0-17165310565f ] Request (ServerDiskConfigTestJSON:test_rebuild_server_with_auto_disk_config): 200 GET http://10.180.1.21/compute/v2.1/servers/38b2256d-193a-4fa8-ab77-ad4e91f81722 0.065s
2025-04-25 17:57:27.029 69953 INFO tempest.lib.common.rest_client [req-101eb245-0899-4eb2-915f-ce8d047b86d4 req-101eb245-0899-4eb2-915f-ce8d047b86d4 ] Request (FloatingIPDetailsNegativeTestJSON:tearDownClass): 204 DELETE http://10.180.1.21:9696/networking/v2.0/subnets/ef33db50-19ee-42d7-9881-e6d619854c7a 0.160s
2025-04-25 17:57:27.116 69939 INFO tempest.lib.common.rest_client [req-5730a0dd-7e0b-4b0c-a566-848f2f0c8580 req-5730a0dd-7e0b-4b0c-a566-848f2f0c8580 ] Request (ImagesOneServerTestJSON:tearDownClass): 200 GET http://10.180.1.21/compute/v2.1/servers/61cdbd6e-75d2-45af-b4b3-cba900b17dc1 0.139s
2025-04-25 17:57:27.118 69965 INFO tempest.lib.common.rest_client [req-16883cd7-b2b9-472d-b9f1-1d66bb5e1649 req-16883cd7-b2b9-472d-b9f1-1d66bb5e1649 ] Request (ServersTestFqdnHostnames:test_create_server_with_fqdn_name): 200 GET http://10.180.1.21/compute/v2.1/servers/4a75013d-dc04-4f7d-b9c5-f0c68929e520 0.214s
2025-04-25 17:57:27.169 69947 INFO tempest.lib.common.rest_client [req-b764b84c-a2ba-4a34-b8f2-8d292983754a req-b764b84c-a2ba-4a34-b8f2-8d292983754a ] Request (InstanceActionsTestJSON:setUpClass): 200 GET http://10.180.1.21/compute/v2.1/servers/1b8f574e-cfb8-4a1a-9c4e-93098510f933 0.137s
2025-04-25 17:57:27.180 69929 INFO tempest.lib.common.rest_client [req-a104bc7d-4fdb-4c0d-8e34-fdde34ec6094 req-a104bc7d-4fdb-4c0d-8e34-fdde34ec6094 ] Request (VolumesAdminNegativeTest:test_update_attached_volume_with_nonexistent_volume_in_body): 200 GET http://10.180.1.21/compute/v2.1/servers/009f2804-aedb-4162-8211-06a1573c9ace 0.161s
2025-04-25 17:57:27.233 69937 INFO tempest.lib.common.rest_client [req-50acf994-2b96-4da7-a095-7e09992c9109 req-50acf994-2b96-4da7-a095-7e09992c9109 ] Request (ServerAddressesNegativeTestJSON:tearDownClass): 200 GET http://10.180.1.21/compute/v2.1/servers/fb4296b3-38c0-4e9f-984b-1409a072aba5 0.149s
2025-04-25 17:57:27.291 69963 INFO tempest.lib.common.rest_client [req-d25a0a35-5504-41b2-bb9f-322887df1e75 req-d25a0a35-5504-41b2-bb9f-322887df1e75 ] Request (ServerTagsTestJSON:setUpClass): 200 GET http://10.180.1.21/compute/v2.1/servers/3097b168-a6cd-47be-a4d5-5494a4ab2c1a 0.115s
2025-04-25 17:57:27.374 69933 INFO tempest.lib.common.rest_client [req-0a2cdaf2-9d47-4d05-b7e4-c9d76bc621db req-0a2cdaf2-9d47-4d05-b7e4-c9d76bc621db ] Request (MigrationsAdminTest:test_list_migrations_in_flavor_resize_situation): 200 GET http://10.180.1.21/compute/v2.1/servers/633e9d92-9015-4cc8-ba92-6750376d0198 0.192s
2025-04-25 17:57:27.420 69931 INFO tempest.lib.common.rest_client [req-4679f2ae-066c-4ec2-abb1-4975f14ada50 req-4679f2ae-066c-4ec2-abb1-4975f14ada50 ] Request (ServerShowV254Test:tearDownClass): 200 GET http://10.180.1.21/compute/v2.1/servers/ff1fb4b8-8707-4053-a288-af4aaf7e9ebc 0.291s
2025-04-25 17:57:27.435 69945 INFO tempest.lib.common.rest_client [req-d666199f-b9dc-480a-9826-0e1b4e42579f req-d666199f-b9dc-480a-9826-0e1b4e42579f ] Request (DeleteServersAdminTestJSON:test_delete_server_while_in_error_state): 200 GET http://10.180.1.21/compute/v2.1/servers/f81dc110-fe05-46de-85e0-6af0ad6d1f11 0.206s
2025-04-25 17:57:27.482 69953 INFO tempest.lib.common.rest_client [req-2c55a511-2400-48f2-82f7-6d1693994f83 req-2c55a511-2400-48f2-82f7-6d1693994f83 ] Request (FloatingIPDetailsNegativeTestJSON:tearDownClass): 204 DELETE http://10.180.1.21:9696/networking/v2.0/networks/eb5a4eb1-23d4-4e4f-9bbc-ccbd96f5e27e 0.452s
2025-04-25 17:57:27.497 69949 INFO tempest.lib.common.rest_client [req-62f1d690-1bc7-4f3a-84da-60fcd2bfa562 req-62f1d690-1bc7-4f3a-84da-60fcd2bfa562 ] Request (ServerDiagnosticsV248Test:tearDownClass): 200 GET http://10.180.1.21/compute/v2.1/servers/ce5a92f9-4917-4d72-b527-35b97bad5933 0.260s
2025-04-25 17:57:27.498 69943 INFO tempest.lib.common.rest_client [req-6d7f8625-ef19-4d30-9f52-262b47b0ee1d req-6d7f8625-ef19-4d30-9f52-262b47b0ee1d ] Request (ServerShowV257Test:test_rebuild_server): 200 GET http://10.180.1.21/compute/v2.1/servers/1d6ef9b4-417a-4fb6-a04a-f04a918c020e 0.203s
2025-04-25 17:57:27.509 69943 INFO tempest.common.waiters [-] State transition "BUILD/networking" ==> "BUILD/spawning" after 54 second wait
2025-04-25 17:57:27.531 69959 INFO tempest.lib.common.rest_client [req-11c09970-1e98-4a84-bee3-f067d56fb8ab req-11c09970-1e98-4a84-bee3-f067d56fb8ab ] Request (SecurityGroupsNegativeTestJSON:tearDownClass): 200 PUT http://10.180.1.21:9696/networking/v2.0/routers/db359b7f-cdd1-4f86-a797-b5df7cdaee72/remove_router_interface 1.114s
2025-04-25 17:57:27.554 69962 INFO tempest.lib.common.rest_client [req-539f0885-6d40-4e3f-b5d3-de85590f9f21 req-539f0885-6d40-4e3f-b5d3-de85590f9f21 ] Request (SecurityGroupsTestJSON:test_server_security_groups): 200 GET http://10.180.1.21/compute/v2.1/servers/7599fa29-a9bd-4e34-836c-1006447048a8 0.158s
2025-04-25 17:57:27.581 69979 INFO tempest.lib.common.rest_client [req-624e479b-dd51-4209-9f03-d123ac16dbfb req-624e479b-dd51-4209-9f03-d123ac16dbfb ] Request (ServerDiagnosticsNegativeTest:tearDownClass): 200 GET http://10.180.1.21/compute/v2.1/servers/b6dfdaf0-57bb-4063-b261-3807636a5a84 0.232s
2025-04-25 17:57:27.593 69953 INFO tempest.lib.common.rest_client [req-d9236f58-b7e1-4cf2-9369-7e87ee9e02ea req-d9236f58-b7e1-4cf2-9369-7e87ee9e02ea ] Request (FloatingIPDetailsNegativeTestJSON:tearDownClass): 204 DELETE http://10.180.1.21/identity/v3/users/0207b7b254034fc38585c9cc40f6a4c5 0.110s
2025-04-25 17:57:27.593 69953 INFO tempest.lib.common.dynamic_creds [-] Deleting project and security group for project: fda08c166ebe46e38c4a03cd48381a69
2025-04-25 17:57:27.627 69977 INFO tempest.lib.common.rest_client [req-4e03d0ff-f10e-427d-af55-96c1c067e5fd req-4e03d0ff-f10e-427d-af55-96c1c067e5fd ] Request (ImagesOneServerNegativeTestJSON:setUpClass): 200 GET http://10.180.1.21/compute/v2.1/servers/50aeb81d-ca5a-433c-8158-5f611f3101ad 0.140s
2025-04-25 17:57:27.654 69919 INFO tempest.lib.common.rest_client [req-c816fc90-0ddb-4a99-a944-1c9ef57ae38e req-c816fc90-0ddb-4a99-a944-1c9ef57ae38e ] Request (ListServerFiltersTestJSON:setUpClass): 200 GET http://10.180.1.21/compute/v2.1/servers/504ec9b0-3e13-4cfc-a5d4-2a34245590e1 0.166s
2025-04-25 17:57:27.660 69953 INFO tempest.lib.common.rest_client [req-2a2634d8-215f-455b-b8c2-4e433d824a4d req-2a2634d8-215f-455b-b8c2-4e433d824a4d ] Request (FloatingIPDetailsNegativeTestJSON:tearDownClass): 200 GET http://10.180.1.21:9696/networking/v2.0/security-groups?tenant_id=fda08c166ebe46e38c4a03cd48381a69&name=default 0.067s
2025-04-25 17:57:27.682 69923 INFO tempest.lib.common.rest_client [req-f673af57-fb32-40ef-aacf-94417c7c2765 req-f673af57-fb32-40ef-aacf-94417c7c2765 ] Request (ServersAdminTestJSON:test_create_server_with_scheduling_hint): 200 GET http://10.180.1.21/compute/v2.1/servers/6e927889-8993-4deb-8621-4d034a32e16c 0.139s
2025-04-25 17:57:27.727 69971 INFO tempest.lib.common.rest_client [req-da5efc60-e035-468a-933a-c5ee5da36a16 req-da5efc60-e035-468a-933a-c5ee5da36a16 ] Request (ServersNegativeTestJSON:setUpClass): 200 GET http://10.180.1.21/compute/v2.1/servers/88adf8a9-777e-4f76-8d50-cb81835a528e 0.118s
2025-04-25 17:57:27.810 69967 INFO tempest.lib.common.rest_client [req-dbc24c7b-69fc-4dec-8a92-20335ce87ab9 req-dbc24c7b-69fc-4dec-8a92-20335ce87ab9 ] Request (ImagesTestJSON:test_create_image_from_suspended_server): 200 GET http://10.180.1.21/compute/v2.1/servers/b47d5434-6e48-442e-80dd-aefc47ce2de9 0.150s
2025-04-25 17:57:27.829 69955 INFO tempest.lib.common.rest_client [req-8e797296-c2e3-41a7-9766-14639a961c37 req-8e797296-c2e3-41a7-9766-14639a961c37 ] Request (ServersAdminNegativeTestJSON:test_migrate_server_invalid_state): 200 GET http://10.180.1.21/compute/v2.1/servers/a7e491d0-46d8-48dc-b4ca-e87f6b4a4605 0.205s
2025-04-25 17:57:27.848 69953 INFO tempest.lib.common.rest_client [req-991a289e-516c-4bd9-9ee3-c904d944da5e req-991a289e-516c-4bd9-9ee3-c904d944da5e ] Request (FloatingIPDetailsNegativeTestJSON:tearDownClass): 204 DELETE http://10.180.1.21:9696/networking/v2.0/security-groups/9369bc69-ee8d-4766-8f8a-b1f4087f5a88 0.187s
2025-04-25 17:57:27.879 69921 INFO tempest.lib.common.rest_client [req-df95bec0-89d4-456c-ba0d-e49ef70a1fe3 req-df95bec0-89d4-456c-ba0d-e49ef70a1fe3 ] Request (ServerShowV247Test:test_update_rebuild_list_server): 200 GET http://10.180.1.21/compute/v2.1/servers/68939730-1c6b-48ce-81fd-f84fa6df5b33 0.179s
2025-04-25 17:57:27.885 69957 INFO tempest.lib.common.rest_client [req-b0d472bd-a7b2-40a4-a3b7-4608e851e056 req-b0d472bd-a7b2-40a4-a3b7-4608e851e056 ] Request (TenantUsagesTestJSON:tearDownClass): 200 GET http://10.180.1.21/compute/v2.1/servers/42e44f7f-7eb3-4666-b9d5-8c20c77cbc98 0.140s
2025-04-25 17:57:27.941 69981 INFO tempest.lib.common.rest_client [req-e10f3122-eec9-4964-8a0b-88b89aaa15e6 req-e10f3122-eec9-4964-8a0b-88b89aaa15e6 ] Request (InstanceActionsV221TestJSON:test_get_list_deleted_instance_actions): 200 GET http://10.180.1.21/compute/v2.1/servers/e771f0f1-c4b9-49b2-9424-3b41d6e0ecb3 0.178s
2025-04-25 17:57:27.944 69953 INFO tempest.lib.common.rest_client [req-29cea510-bcad-43a6-bffe-194b476c10a1 req-29cea510-bcad-43a6-bffe-194b476c10a1 ] Request (FloatingIPDetailsNegativeTestJSON:tearDownClass): 204 DELETE http://10.180.1.21/identity/v3/projects/fda08c166ebe46e38c4a03cd48381a69 0.096s
2025-04-25 17:57:27.949 69975 INFO tempest.lib.common.rest_client [req-69d4daad-33c8-419e-9895-7844a5e6d1e0 req-69d4daad-33c8-419e-9895-7844a5e6d1e0 ] Request (ServersV294TestFqdnHostnames:setUpClass): 200 GET http://10.180.1.21/compute/v2.1/servers/e3580fdf-80a9-46b8-8877-06f011c08f94 0.139s
2025-04-25 17:57:28.018 69953 INFO tempest.lib.common.rest_client [req-f96a8296-6e6a-4926-a66f-0173d5cff6f6 req-f96a8296-6e6a-4926-a66f-0173d5cff6f6 ] Request (KeyPairsV22TestJSON:setUpClass): 201 POST http://10.180.1.21/identity/v3/auth/tokens 0.072s
2025-04-25 17:57:28.022 69925 INFO tempest.lib.common.rest_client [req-1ef5fa19-c8f8-431f-b3b8-0ad86ddf679e req-1ef5fa19-c8f8-431f-b3b8-0ad86ddf679e ] Request (ServerMetadataTestJSON:tearDownClass): 200 GET http://10.180.1.21/compute/v2.1/servers/4ca7cbc0-d615-4ae1-b395-18248bff5ed2 0.183s
2025-04-25 17:57:28.022 69935 INFO tempest.lib.common.rest_client [req-af9be336-e32e-40ef-b6f6-8065d6332652 req-af9be336-e32e-40ef-b6f6-8065d6332652 ] Request (FloatingIPsAssociationTestJSON:test_associate_already_associated_floating_ip): 200 GET http://10.180.1.21/compute/v2.1/servers/546ab638-f582-4a0e-89e6-c15b1e8ef888 0.160s
2025-04-25 17:57:28.055 69953 INFO tempest.lib.common.rest_client [req-b5ccd509-513b-4ea9-9033-171b5072fc23 req-b5ccd509-513b-4ea9-9033-171b5072fc23 ] Request (KeyPairsV22TestJSON:setUpClass): 201 POST http://10.180.1.21/identity/v3/auth/tokens 0.033s
2025-04-25 17:57:28.091 69953 INFO tempest.lib.common.rest_client [req-1a5a6d53-14fc-44e6-aecc-5474637a8424 req-1a5a6d53-14fc-44e6-aecc-5474637a8424 ] Request (KeyPairsV22TestJSON:setUpClass): 200 GET http://10.180.1.21/identity/v3/domains?name=Default 0.035s
2025-04-25 17:57:28.099 69959 INFO tempest.lib.common.rest_client [req-8f49bc99-486d-4e3f-ad84-22a74b33a5a0 req-8f49bc99-486d-4e3f-ad84-22a74b33a5a0 ] Request (SecurityGroupsNegativeTestJSON:tearDownClass): 204 DELETE http://10.180.1.21:9696/networking/v2.0/routers/db359b7f-cdd1-4f86-a797-b5df7cdaee72 0.567s
2025-04-25 17:57:28.099 69973 INFO tempest.lib.common.rest_client [req-4471862c-5175-4935-937b-c388836e9595 req-4471862c-5175-4935-937b-c388836e9595 ] Request (ServerDiskConfigTestJSON:test_rebuild_server_with_auto_disk_config): 200 GET http://10.180.1.21/compute/v2.1/servers/38b2256d-193a-4fa8-ab77-ad4e91f81722 0.062s
2025-04-25 17:57:28.127 69953 INFO tempest.lib.common.rest_client [req-fed3f571-36c2-4b8a-adab-abed84f9a8c3 req-fed3f571-36c2-4b8a-adab-abed84f9a8c3 ] Request (KeyPairsV22TestJSON:setUpClass): 201 POST http://10.180.1.21/identity/v3/projects 0.035s
2025-04-25 17:57:28.202 69939 INFO tempest.lib.common.rest_client [req-1f5b9b97-9368-442f-9892-0490700ed9c4 req-1f5b9b97-9368-442f-9892-0490700ed9c4 ] Request (ImagesOneServerTestJSON:tearDownClass): 200 GET http://10.180.1.21/compute/v2.1/servers/61cdbd6e-75d2-45af-b4b3-cba900b17dc1 0.078s
2025-04-25 17:57:28.210 69953 INFO tempest.lib.common.rest_client [req-99100377-608f-4e6f-a319-7a819f57666f req-99100377-608f-4e6f-a319-7a819f57666f ] Request (KeyPairsV22TestJSON:setUpClass): 201 POST http://10.180.1.21/identity/v3/users 0.083s
2025-04-25 17:57:28.215 69959 INFO tempest.lib.common.rest_client [req-697fc9e3-f68d-47ee-9483-e6956211c4e0 req-697fc9e3-f68d-47ee-9483-e6956211c4e0 ] Request (SecurityGroupsNegativeTestJSON:tearDownClass): 204 DELETE http://10.180.1.21:9696/networking/v2.0/subnets/b75c8aa4-d87c-432b-9f44-67597d60955d 0.116s
2025-04-25 17:57:28.239 69953 INFO tempest.lib.common.rest_client [req-f90b5cd3-fc3c-4575-890f-fed62a4718e5 req-f90b5cd3-fc3c-4575-890f-fed62a4718e5 ] Request (KeyPairsV22TestJSON:setUpClass): 200 GET http://10.180.1.21/identity/v3/roles 0.028s
2025-04-25 17:57:28.260 69947 INFO tempest.lib.common.rest_client [req-9d6c7ced-fea9-4424-a56a-94c9781db711 req-9d6c7ced-fea9-4424-a56a-94c9781db711 ] Request (InstanceActionsTestJSON:setUpClass): 200 GET http://10.180.1.21/compute/v2.1/servers/1b8f574e-cfb8-4a1a-9c4e-93098510f933 0.082s
2025-04-25 17:57:28.263 69965 INFO tempest.lib.common.rest_client [req-27e4aea8-6fe4-4199-aa55-7016eea5280b req-27e4aea8-6fe4-4199-aa55-7016eea5280b ] Request (ServersTestFqdnHostnames:test_create_server_with_fqdn_name): 200 GET http://10.180.1.21/compute/v2.1/servers/4a75013d-dc04-4f7d-b9c5-f0c68929e520 0.136s
2025-04-25 17:57:28.268 69947 INFO tempest.common.waiters [-] State transition "BUILD/None" ==> "BUILD/networking" after 54 second wait
2025-04-25 17:57:28.269 69953 INFO tempest.lib.common.rest_client [req-68c5535f-10fa-4077-b6ac-10809d16f4a5 req-68c5535f-10fa-4077-b6ac-10809d16f4a5 ] Request (KeyPairsV22TestJSON:setUpClass): 204 PUT http://10.180.1.21/identity/v3/projects/4e2833e9e4404fd6bdefeeb954966a40/users/756b5663d6dc4a3ab386a7c107ccecf6/roles/08e77740ceca4ad8a252dfe7176f735e 0.030s
2025-04-25 17:57:28.269 69953 INFO tempest.lib.common.dynamic_creds [-] Dynamic test user 756b5663d6dc4a3ab386a7c107ccecf6 is created with scope project and roles: ['member']
2025-04-25 17:57:28.269 69953 INFO tempest.lib.common.dynamic_creds [-] Acquired dynamic creds: credentials: Credentials: {'domain_id': 'default', 'domain_name': 'Default', 'username': 'tempest-KeyPairsV22TestJSON-623881214-project-member', 'project_domain_id': 'default', 'project_domain_name': 'Default', 'project_id': '4e2833e9e4404fd6bdefeeb954966a40', 'project_name': 'tempest-KeyPairsV22TestJSON-623881214', 'tenant_id': '4e2833e9e4404fd6bdefeeb954966a40', 'tenant_name': 'tempest-KeyPairsV22TestJSON-623881214', 'user_domain_id': 'default', 'user_domain_name': 'Default', 'user_id': '756b5663d6dc4a3ab386a7c107ccecf6', 'system': None}, Network: None, Subnet: None, Router: None
2025-04-25 17:57:28.269 69953 INFO tempest.lib.common.dynamic_creds [-] Created isolated network resources for: credentials: Credentials: {'domain_id': 'default', 'domain_name': 'Default', 'username': 'tempest-KeyPairsV22TestJSON-623881214-project-member', 'project_domain_id': 'default', 'project_domain_name': 'Default', 'project_id': '4e2833e9e4404fd6bdefeeb954966a40', 'project_name': 'tempest-KeyPairsV22TestJSON-623881214', 'tenant_id': '4e2833e9e4404fd6bdefeeb954966a40', 'tenant_name': 'tempest-KeyPairsV22TestJSON-623881214', 'user_domain_id': 'default', 'user_domain_name': 'Default', 'user_id': '756b5663d6dc4a3ab386a7c107ccecf6', 'system': None}, Network: None, Subnet: None, Router: None
2025-04-25 17:57:28.271 69965 INFO tempest.common.waiters [-] State transition "BUILD/spawning" ==> "ACTIVE/None" after 61 second wait
2025-04-25 17:57:28.326 69929 INFO tempest.lib.common.rest_client [req-5c1660d4-25f7-47ac-a103-3490445a9222 req-5c1660d4-25f7-47ac-a103-3490445a9222 ] Request (VolumesAdminNegativeTest:test_update_attached_volume_with_nonexistent_volume_in_body): 200 GET http://10.180.1.21/compute/v2.1/servers/009f2804-aedb-4162-8211-06a1573c9ace 0.134s
2025-04-25 17:57:28.340 69937 INFO tempest.lib.common.rest_client [req-9b2efb72-f331-4e84-b303-4157b785824d req-9b2efb72-f331-4e84-b303-4157b785824d ] Request (ServerAddressesNegativeTestJSON:tearDownClass): 200 GET http://10.180.1.21/compute/v2.1/servers/fb4296b3-38c0-4e9f-984b-1409a072aba5 0.093s
2025-04-25 17:57:28.358 69953 INFO tempest.lib.common.rest_client [req-0916da8a-3e2d-4938-8349-77bfd4d35718 req-0916da8a-3e2d-4938-8349-77bfd4d35718 ] Request (KeyPairsV22TestJSON:setUpClass): 201 POST http://10.180.1.21/identity/v3/auth/tokens 0.086s
2025-04-25 17:57:28.378 69959 INFO tempest.lib.common.rest_client [req-0ae2df24-aa21-4e86-ac70-6f5c3cbd8569 req-0ae2df24-aa21-4e86-ac70-6f5c3cbd8569 ] Request (SecurityGroupsNegativeTestJSON:tearDownClass): 204 DELETE http://10.180.1.21:9696/networking/v2.0/networks/50f7b8e4-cc6e-428f-9152-7385baadb767 0.162s
2025-04-25 17:57:28.402 69965 INFO tempest.lib.common.rest_client [req-f1fa5812-7d21-4816-ac8c-1fc408d4362d req-f1fa5812-7d21-4816-ac8c-1fc408d4362d ] Request (ServersTestFqdnHostnames:test_create_server_with_fqdn_name): 200 GET http://10.180.1.21/compute/v2.1/servers/4a75013d-dc04-4f7d-b9c5-f0c68929e520/os-interface 0.130s
2025-04-25 17:57:28.405 69963 INFO tempest.lib.common.rest_client [req-2ff8bddf-8107-4e4f-bc72-f1888d5dacbe req-2ff8bddf-8107-4e4f-bc72-f1888d5dacbe ] Request (ServerTagsTestJSON:setUpClass): 200 GET http://10.180.1.21/compute/v2.1/servers/3097b168-a6cd-47be-a4d5-5494a4ab2c1a 0.106s
2025-04-25 17:57:28.478 69959 INFO tempest.lib.common.rest_client [req-51fc70a3-1cf3-435f-ac28-7bba6340381c req-51fc70a3-1cf3-435f-ac28-7bba6340381c ] Request (SecurityGroupsNegativeTestJSON:tearDownClass): 204 DELETE http://10.180.1.21/identity/v3/users/e506d5827edc4529934faa6fadaefa36 0.099s
2025-04-25 17:57:28.478 69959 INFO tempest.lib.common.dynamic_creds [-] Deleting project and security group for project: f3eb944136a24448b24a52cf0abba9db
