2025-04-25 17:58:00.120 69929 INFO tempest.lib.common.rest_client [req-f31c2596-f356-47ed-a920-c3145a152d6b req-f31c2596-f356-47ed-a920-c3145a152d6b ] Request (VolumesAdminNegativeTest:test_update_attached_volume_with_nonexistent_volume_in_body): 200 GET http://10.180.1.21/compute/v2.1/servers/009f2804-aedb-4162-8211-06a1573c9ace 0.131s
2025-04-25 17:58:00.146 69963 INFO tempest.lib.common.rest_client [req-cb64b6d4-e527-4dae-931e-65140b05a919 req-cb64b6d4-e527-4dae-931e-65140b05a919 ] Request (ServerTagsTestJSON:setUpClass): 200 GET http://10.180.1.21/compute/v2.1/servers/3097b168-a6cd-47be-a4d5-5494a4ab2c1a 0.107s
2025-04-25 17:58:00.153 69933 INFO tempest.lib.common.rest_client [req-e2e36b49-328d-404b-bd2a-c50837265a29 req-e2e36b49-328d-404b-bd2a-c50837265a29 ] Request (MigrationsAdminTest:test_list_migrations_in_flavor_resize_situation): 201 POST http://10.180.1.21:9696/networking/v2.0/floatingips 0.622s
2025-04-25 17:58:00.180 69939 INFO tempest.lib.common.rest_client [req-b8e99bdd-d3ec-460e-8e04-232b371fc650 req-b8e99bdd-d3ec-460e-8e04-232b371fc650 ] Request (DeleteServersTestJSON:test_delete_active_server): 200 GET http://10.180.1.21/compute/v2.1/servers/50a031cd-25d0-4a68-8ab0-9e7487d4c56e 0.086s
2025-04-25 17:58:00.193 69933 INFO tempest.lib.common.rest_client [req-280e0bf4-3a5b-4aa4-bac9-884a9a9f6324 req-280e0bf4-3a5b-4aa4-bac9-884a9a9f6324 ] Request (MigrationsAdminTest:test_list_migrations_in_flavor_resize_situation): 200 GET http://10.180.1.21/compute/v2.1/os-migrations 0.039s
2025-04-25 17:58:00.197 69967 INFO tempest.lib.common.rest_client [req-67440a16-7da9-4270-869d-2c6bdceef901 req-67440a16-7da9-4270-869d-2c6bdceef901 ] Request (ImagesTestJSON:test_create_image_from_suspended_server): 200 GET http://10.180.1.21/compute/v2.1/images/204eccce-7e2f-49b2-8ba6-1c3740139e20 0.075s
2025-04-25 17:58:00.235 69951 WARNING tempest.lib.common.ssh [-] Failed to establish authenticated ssh connection to cirros@10.180.180.182 ([Errno None] Unable to connect to port 22 on 10.180.180.182). Number attempts: 8. Retry after 9 seconds.: paramiko.ssh_exception.NoValidConnectionsError: [Errno None] Unable to connect to port 22 on 10.180.180.182
2025-04-25 17:58:00.257 69943 INFO tempest.lib.common.rest_client [req-4abed1c4-365d-449d-ba94-b59d0ecce9ed req-4abed1c4-365d-449d-ba94-b59d0ecce9ed ] Request (ServerShowV257Test:tearDownClass): 200 GET http://10.180.1.21/compute/v2.1/servers/1d6ef9b4-417a-4fb6-a04a-f04a918c020e 0.066s
2025-04-25 17:58:00.274 69933 INFO tempest.lib.common.rest_client [req-9db25074-5d19-40eb-891d-e02fad7259e7 req-9db25074-5d19-40eb-891d-e02fad7259e7 ] Request (MigrationsAdminTest:test_resize_server_revert_deleted_flavor): 200 GET http://10.180.1.21/compute/v2.1/flavors/42 0.076s
2025-04-25 17:58:00.318 69981 INFO tempest.lib.common.rest_client [req-05c65a21-93c7-4fbb-9f2e-dd61bf8781ec req-05c65a21-93c7-4fbb-9f2e-dd61bf8781ec ] Request (InstanceActionsV221TestJSON:test_get_list_deleted_instance_actions): 200 GET http://10.180.1.21/compute/v2.1/servers/e771f0f1-c4b9-49b2-9424-3b41d6e0ecb3 0.153s
2025-04-25 17:58:00.323 69931 INFO tempest.lib.common.rest_client [req-b41ccf62-0781-431c-ac4b-5e91d23a9ee9 req-b41ccf62-0781-431c-ac4b-5e91d23a9ee9 ] Request (AttachVolumeTestJSON:test_attach_detach_volume): 200 GET http://10.180.1.21/compute/v2.1/servers/1410c48a-e2f5-4756-a7cb-a45da91b1f13 0.086s
2025-04-25 17:58:00.340 69933 INFO tempest.lib.common.rest_client [req-dec1c157-ccbb-46e7-a90f-7d5e3dafdf65 req-dec1c157-ccbb-46e7-a90f-7d5e3dafdf65 ] Request (MigrationsAdminTest:test_resize_server_revert_deleted_flavor): 200 POST http://10.180.1.21/compute/v2.1/flavors 0.064s
2025-04-25 17:58:00.367 69947 INFO tempest.lib.common.rest_client [req-876c7580-c006-46c8-95a9-54adf9f9c638 req-876c7580-c006-46c8-95a9-54adf9f9c638 ] Request (InstanceActionsTestJSON:tearDownClass): 200 GET http://10.180.1.21/compute/v2.1/servers/1b8f574e-cfb8-4a1a-9c4e-93098510f933 0.109s
2025-04-25 17:58:00.389 69962 INFO tempest.lib.common.rest_client [req-98d2e81c-83a5-453f-ac5a-b6ccc1dc4827 req-98d2e81c-83a5-453f-ac5a-b6ccc1dc4827 ] Request (SecurityGroupsTestJSON:test_server_security_groups): 200 GET http://10.180.1.21/compute/v2.1/servers/7599fa29-a9bd-4e34-836c-1006447048a8 0.100s
2025-04-25 17:58:00.398 69933 INFO tempest.lib.common.rest_client [req-f1cfeb77-63a0-4347-b6b7-6d8a9bfb95b1 req-f1cfeb77-63a0-4347-b6b7-6d8a9bfb95b1 ] Request (MigrationsAdminTest:test_resize_server_revert_deleted_flavor): 200 GET http://10.180.1.21/compute/v2.1/flavors/42/os-extra_specs 0.056s
2025-04-25 17:58:00.411 69979 INFO tempest.lib.common.rest_client [req-249b4422-ec1e-42f0-8fd4-34a62d4b13f1 req-249b4422-ec1e-42f0-8fd4-34a62d4b13f1 ] Request (InstanceActionsNegativeTestJSON:setUpClass): 200 GET http://10.180.1.21/compute/v2.1/servers/77806254-b4f3-48dc-b51f-a8e8fdcd0a1d 0.100s
2025-04-25 17:58:00.454 69955 INFO tempest.lib.common.rest_client [req-adff76a6-3c17-485b-add9-11a566228bcc req-adff76a6-3c17-485b-add9-11a566228bcc ] Request (ServersAdminNegativeTestJSON:tearDownClass): 200 GET http://10.180.1.21/compute/v2.1/servers/a7e491d0-46d8-48dc-b4ca-e87f6b4a4605 0.105s
2025-04-25 17:58:00.461 69977 INFO tempest.lib.common.rest_client [req-5038b70c-53c8-4350-b487-3f6805c5039c req-5038b70c-53c8-4350-b487-3f6805c5039c ] Request (ImagesOneServerNegativeTestJSON:setUpClass): 200 GET http://10.180.1.21/compute/v2.1/servers/50aeb81d-ca5a-433c-8158-5f611f3101ad 0.093s
2025-04-25 17:58:00.478 69933 INFO tempest.lib.common.rest_client [req-db12726f-9299-4f80-9f21-c2427f0467ab req-db12726f-9299-4f80-9f21-c2427f0467ab ] Request (MigrationsAdminTest:test_resize_server_revert_deleted_flavor): 200 POST http://10.180.1.21/compute/v2.1/flavors/1e4e98fd-3c38-4467-b703-727683f4a31e/os-extra_specs 0.079s
2025-04-25 17:58:00.521 69919 INFO tempest.lib.common.rest_client [req-08d16fad-4db5-42c6-8e35-f38b3c99083c req-08d16fad-4db5-42c6-8e35-f38b3c99083c ] Request (ListServerFiltersTestJSON:setUpClass): 200 GET http://10.180.1.21/compute/v2.1/servers/504ec9b0-3e13-4cfc-a5d4-2a34245590e1 0.103s
2025-04-25 17:58:00.540 69921 INFO tempest.lib.common.rest_client [req-6275472b-bc21-4cbb-bec2-3793c4bf60fe req-6275472b-bc21-4cbb-bec2-3793c4bf60fe ] Request (ServerShowV247Test:test_update_rebuild_list_server): 200 GET http://10.180.1.21/compute/v2.1/servers/68939730-1c6b-48ce-81fd-f84fa6df5b33 0.088s
2025-04-25 17:58:00.562 69933 INFO tempest.lib.common.rest_client [req-79c37555-39fa-41d8-a4c4-ae29aaded7d7 req-79c37555-39fa-41d8-a4c4-ae29aaded7d7 ] Request (MigrationsAdminTest:test_resize_server_revert_deleted_flavor): 201 POST http://10.180.1.21/identity/v3/auth/tokens 0.079s
2025-04-25 17:58:00.562 69933 INFO tempest.lib.common.fixed_network [-] (MigrationsAdminTest:test_resize_server_revert_deleted_flavor) Found network None available for tenant
2025-04-25 17:58:00.577 69971 INFO tempest.lib.common.rest_client [req-084fea92-fb76-45d8-af56-dc073c1d6f7a req-084fea92-fb76-45d8-af56-dc073c1d6f7a ] Request (ServersNegativeTestJSON:setUpClass): 200 GET http://10.180.1.21/compute/v2.1/servers/1ec0539b-ed48-4c66-8dab-5329eac7316d 0.065s
2025-04-25 17:58:00.734 69949 INFO tempest.lib.common.rest_client [req-f3377c11-2ec4-4ad8-994a-bfe8341df627 req-f3377c11-2ec4-4ad8-994a-bfe8341df627 ] Request (ServerDiagnosticsV248Test:tearDownClass): 200 GET http://10.180.1.21/compute/v2.1/servers/ce5a92f9-4917-4d72-b527-35b97bad5933 0.083s
2025-04-25 17:58:00.808 69957 INFO tempest.lib.common.rest_client [req-2a266e6a-1d93-40a9-bdb1-e3329d00159c req-2a266e6a-1d93-40a9-bdb1-e3329d00159c ] Request (TenantUsagesTestJSON:tearDownClass): 200 GET http://10.180.1.21/compute/v2.1/servers/42e44f7f-7eb3-4666-b9d5-8c20c77cbc98 0.082s
2025-04-25 17:58:00.840 69933 INFO tempest.lib.common.rest_client [req-0c7b3c66-d427-4d14-bc57-2f5fe45b2b43 req-0c7b3c66-d427-4d14-bc57-2f5fe45b2b43 ] Request (MigrationsAdminTest:test_resize_server_revert_deleted_flavor): 202 POST http://10.180.1.21/compute/v2.1/servers 0.277s
2025-04-25 17:58:00.871 69945 INFO tempest.lib.common.rest_client [req-80121bd4-4cad-4dbd-bf15-2c30d089a8a5 req-80121bd4-4cad-4dbd-bf15-2c30d089a8a5 ] Request (DeleteServersAdminTestJSON:test_delete_server_while_in_error_state): 200 GET http://10.180.1.21/compute/v2.1/servers/f81dc110-fe05-46de-85e0-6af0ad6d1f11 0.081s
2025-04-25 17:58:00.891 69933 INFO tempest.lib.common.rest_client [req-1602fb4f-fd94-4ac5-83fa-32c6a7f426d8 req-1602fb4f-fd94-4ac5-83fa-32c6a7f426d8 ] Request (MigrationsAdminTest:test_resize_server_revert_deleted_flavor): 200 GET http://10.180.1.21/compute/v2.1/servers/30c55b07-6f91-46dc-a50c-3185097fac67 0.049s
2025-04-25 17:58:00.996 69923 INFO tempest.lib.common.rest_client [req-54eec60e-4bd7-44bd-930e-6e272f53ca8d req-54eec60e-4bd7-44bd-930e-6e272f53ca8d ] Request (ServersAdminTestJSON:test_create_server_with_scheduling_hint): 200 GET http://10.180.1.21/compute/v2.1/servers/6e927889-8993-4deb-8621-4d034a32e16c 0.102s
2025-04-25 17:58:01.022 69973 INFO tempest.lib.common.rest_client [req-f51c670e-c402-4a35-b85c-533003d90097 req-f51c670e-c402-4a35-b85c-533003d90097 ] Request (ServerDiskConfigTestJSON:test_rebuild_server_with_auto_disk_config): 200 GET http://10.180.1.21/compute/v2.1/servers/38b2256d-193a-4fa8-ab77-ad4e91f81722 0.058s
2025-04-25 17:58:01.034 69927 INFO tempest.lib.common.rest_client [req-05edf94d-c406-46ed-b91b-fd6653455754 req-05edf94d-c406-46ed-b91b-fd6653455754 ] Request (AttachInterfacesUnderV243Test:test_add_remove_fixed_ip): 200 GET http://10.180.1.21/compute/v2.1/servers/afbfb3b3-6e9d-49e7-81f4-89277b2995bb/ips 0.038s
2025-04-25 17:58:01.078 69975 INFO tempest.lib.common.rest_client [req-7f58e4c4-7282-4d6d-a5ce-dcc7f18b318d req-7f58e4c4-7282-4d6d-a5ce-dcc7f18b318d ] Request (ServersV294TestFqdnHostnames:setUpClass): 200 GET http://10.180.1.21/compute/v2.1/servers/e3580fdf-80a9-46b8-8877-06f011c08f94 0.065s
2025-04-25 17:58:01.088 69975 INFO tempest.common.waiters [-] State transition "BUILD/None" ==> "BUILD/networking" after 74 second wait
2025-04-25 17:58:01.117 69935 INFO tempest.lib.common.rest_client [req-9089cf01-f84f-412c-804b-ffadae893597 req-9089cf01-f84f-412c-804b-ffadae893597 ] Request (FloatingIPsAssociationTestJSON:test_associate_already_associated_floating_ip): 200 GET http://10.180.1.21/compute/v2.1/servers/546ab638-f582-4a0e-89e6-c15b1e8ef888 0.052s
2025-04-25 17:58:01.137 69937 INFO tempest.lib.common.rest_client [req-86af42cb-c4be-4b62-8ef1-344f81da58c6 req-86af42cb-c4be-4b62-8ef1-344f81da58c6 ] Request (AttachVolumeNegativeTest:test_attach_attached_volume_to_different_server): 200 GET http://10.180.1.21/compute/v2.1/servers/526a2ff2-876e-4235-a38d-4864e96fbd85 0.052s
2025-04-25 17:58:01.184 69929 INFO tempest.lib.common.rest_client [req-20cd4b4f-8134-4000-b024-bfb8984b8d2c req-20cd4b4f-8134-4000-b024-bfb8984b8d2c ] Request (VolumesAdminNegativeTest:test_update_attached_volume_with_nonexistent_volume_in_body): 200 GET http://10.180.1.21/compute/v2.1/servers/009f2804-aedb-4162-8211-06a1573c9ace 0.054s
2025-04-25 17:58:01.231 69963 INFO tempest.lib.common.rest_client [req-249934ec-ae1e-4d7b-9c36-3d9b38765b25 req-249934ec-ae1e-4d7b-9c36-3d9b38765b25 ] Request (ServerTagsTestJSON:setUpClass): 200 GET http://10.180.1.21/compute/v2.1/servers/3097b168-a6cd-47be-a4d5-5494a4ab2c1a 0.070s
2025-04-25 17:58:01.251 69939 INFO tempest.lib.common.rest_client [req-b3d7a901-a8c6-429c-ba2f-ad773cd3c969 req-b3d7a901-a8c6-429c-ba2f-ad773cd3c969 ] Request (DeleteServersTestJSON:test_delete_active_server): 200 GET http://10.180.1.21/compute/v2.1/servers/50a031cd-25d0-4a68-8ab0-9e7487d4c56e 0.061s
2025-04-25 17:58:01.278 69967 INFO tempest.lib.common.rest_client [req-25382e10-f43d-4368-90ad-6a37e83a8370 req-25382e10-f43d-4368-90ad-6a37e83a8370 ] Request (ImagesTestJSON:test_create_image_from_suspended_server): 200 GET http://10.180.1.21/compute/v2.1/images/204eccce-7e2f-49b2-8ba6-1c3740139e20 0.077s
2025-04-25 17:58:01.332 69943 INFO tempest.lib.common.rest_client [req-0940a858-b599-495c-9ee2-bcb7fbfeb385 req-0940a858-b599-495c-9ee2-bcb7fbfeb385 ] Request (ServerShowV257Test:tearDownClass): 200 GET http://10.180.1.21/compute/v2.1/servers/1d6ef9b4-417a-4fb6-a04a-f04a918c020e 0.065s
2025-04-25 17:58:01.407 69931 INFO tempest.lib.common.rest_client [req-798b05b5-0e56-4a4c-8ae9-2d0e81d88fe4 req-798b05b5-0e56-4a4c-8ae9-2d0e81d88fe4 ] Request (AttachVolumeTestJSON:test_attach_detach_volume): 200 GET http://10.180.1.21/compute/v2.1/servers/1410c48a-e2f5-4756-a7cb-a45da91b1f13 0.067s
2025-04-25 17:58:01.481 69981 INFO tempest.lib.common.rest_client [req-dc8169f3-1d08-40d6-8b32-c8f738d36629 req-dc8169f3-1d08-40d6-8b32-c8f738d36629 ] Request (InstanceActionsV221TestJSON:test_get_list_deleted_instance_actions): 200 GET http://10.180.1.21/compute/v2.1/servers/e771f0f1-c4b9-49b2-9424-3b41d6e0ecb3 0.154s
2025-04-25 17:58:01.485 69947 INFO tempest.lib.common.rest_client [req-c3031585-9930-410c-83a2-4440c19810bc req-c3031585-9930-410c-83a2-4440c19810bc ] Request (InstanceActionsTestJSON:tearDownClass): 200 GET http://10.180.1.21/compute/v2.1/servers/1b8f574e-cfb8-4a1a-9c4e-93098510f933 0.108s
2025-04-25 17:58:01.540 69962 INFO tempest.lib.common.rest_client [req-f41eafd7-a4ba-4c57-9b54-3e96ee95950f req-f41eafd7-a4ba-4c57-9b54-3e96ee95950f ] Request (SecurityGroupsTestJSON:test_server_security_groups): 200 GET http://10.180.1.21/compute/v2.1/servers/7599fa29-a9bd-4e34-836c-1006447048a8 0.143s
2025-04-25 17:58:01.571 69979 INFO tempest.lib.common.rest_client [req-0f0eca52-c05e-4ded-8bbe-4f8f2b0ed62b req-0f0eca52-c05e-4ded-8bbe-4f8f2b0ed62b ] Request (InstanceActionsNegativeTestJSON:setUpClass): 200 GET http://10.180.1.21/compute/v2.1/servers/77806254-b4f3-48dc-b51f-a8e8fdcd0a1d 0.152s
2025-04-25 17:58:01.609 69955 INFO tempest.lib.common.rest_client [req-3a70790c-33d5-4a07-bef3-6ba4bac2831b req-3a70790c-33d5-4a07-bef3-6ba4bac2831b ] Request (ServersAdminNegativeTestJSON:tearDownClass): 200 GET http://10.180.1.21/compute/v2.1/servers/a7e491d0-46d8-48dc-b4ca-e87f6b4a4605 0.146s
2025-04-25 17:58:01.628 69977 INFO tempest.lib.common.rest_client [req-adfb26a9-a1d2-4b19-8b8f-465cc8013368 req-adfb26a9-a1d2-4b19-8b8f-465cc8013368 ] Request (ImagesOneServerNegativeTestJSON:setUpClass): 200 GET http://10.180.1.21/compute/v2.1/servers/50aeb81d-ca5a-433c-8158-5f611f3101ad 0.157s
2025-04-25 17:58:01.659 69919 INFO tempest.lib.common.rest_client [req-193b4953-8a63-4260-866d-beeffe85d4b5 req-193b4953-8a63-4260-866d-beeffe85d4b5 ] Request (ListServerFiltersTestJSON:setUpClass): 200 GET http://10.180.1.21/compute/v2.1/servers/504ec9b0-3e13-4cfc-a5d4-2a34245590e1 0.128s
2025-04-25 17:58:01.707 69921 INFO tempest.lib.common.rest_client [req-03b82fd3-1f97-4db5-a7f9-d2a2927c02dc req-03b82fd3-1f97-4db5-a7f9-d2a2927c02dc ] Request (ServerShowV247Test:test_update_rebuild_list_server): 200 GET http://10.180.1.21/compute/v2.1/servers/68939730-1c6b-48ce-81fd-f84fa6df5b33 0.155s
2025-04-25 17:58:01.717 69971 INFO tempest.lib.common.rest_client [req-382445e7-dd7a-466c-98e9-8ef52338c298 req-382445e7-dd7a-466c-98e9-8ef52338c298 ] Request (ServersNegativeTestJSON:setUpClass): 200 GET http://10.180.1.21/compute/v2.1/servers/1ec0539b-ed48-4c66-8dab-5329eac7316d 0.132s
2025-04-25 17:58:01.821 69949 INFO tempest.lib.common.rest_client [req-3ba69bea-08da-489b-9271-ea02b0779ed9 req-3ba69bea-08da-489b-9271-ea02b0779ed9 ] Request (ServerDiagnosticsV248Test:tearDownClass): 200 GET http://10.180.1.21/compute/v2.1/servers/ce5a92f9-4917-4d72-b527-35b97bad5933 0.072s
2025-04-25 17:58:01.879 69957 INFO tempest.lib.common.rest_client [req-61c774ec-78ea-4187-bb17-d5830962c190 req-61c774ec-78ea-4187-bb17-d5830962c190 ] Request (TenantUsagesTestJSON:tearDownClass): 200 GET http://10.180.1.21/compute/v2.1/servers/42e44f7f-7eb3-4666-b9d5-8c20c77cbc98 0.063s
2025-04-25 17:58:01.955 69945 INFO tempest.lib.common.rest_client [req-ff871ac1-7564-4b20-8dd7-8329fc1a7d51 req-ff871ac1-7564-4b20-8dd7-8329fc1a7d51 ] Request (DeleteServersAdminTestJSON:test_delete_server_while_in_error_state): 200 GET http://10.180.1.21/compute/v2.1/servers/f81dc110-fe05-46de-85e0-6af0ad6d1f11 0.071s
2025-04-25 17:58:01.962 69933 INFO tempest.lib.common.rest_client [req-f991c464-0219-400d-a872-ca3a1c7d94c2 req-f991c464-0219-400d-a872-ca3a1c7d94c2 ] Request (MigrationsAdminTest:test_resize_server_revert_deleted_flavor): 200 GET http://10.180.1.21/compute/v2.1/servers/30c55b07-6f91-46dc-a50c-3185097fac67 0.057s
2025-04-25 17:58:02.093 69973 INFO tempest.lib.common.rest_client [req-e78723c1-0002-44af-a8a9-0531f825c618 req-e78723c1-0002-44af-a8a9-0531f825c618 ] Request (ServerDiskConfigTestJSON:test_rebuild_server_with_auto_disk_config): 200 GET http://10.180.1.21/compute/v2.1/servers/38b2256d-193a-4fa8-ab77-ad4e91f81722 0.061s
2025-04-25 17:58:02.114 69927 INFO tempest.lib.common.rest_client [req-49d293ac-4826-41fd-9c73-e4ab023a2ebc req-49d293ac-4826-41fd-9c73-e4ab023a2ebc ] Request (AttachInterfacesUnderV243Test:test_add_remove_fixed_ip): 200 GET http://10.180.1.21/compute/v2.1/servers/afbfb3b3-6e9d-49e7-81f4-89277b2995bb/ips 0.078s
2025-04-25 17:58:02.192 69923 INFO tempest.lib.common.rest_client [req-41dd49f0-100b-4f76-a1ff-4dff4bc27403 req-41dd49f0-100b-4f76-a1ff-4dff4bc27403 ] Request (ServersAdminTestJSON:test_create_server_with_scheduling_hint): 200 GET http://10.180.1.21/compute/v2.1/servers/6e927889-8993-4deb-8621-4d034a32e16c 0.187s
2025-04-25 17:58:02.286 69975 INFO tempest.lib.common.rest_client [req-e70405c3-95ef-48f2-9421-ab4d4fdd3c4e req-e70405c3-95ef-48f2-9421-ab4d4fdd3c4e ] Request (ServersV294TestFqdnHostnames:setUpClass): 200 GET http://10.180.1.21/compute/v2.1/servers/e3580fdf-80a9-46b8-8877-06f011c08f94 0.197s
2025-04-25 17:58:02.301 69975 INFO tempest.common.waiters [-] State transition "BUILD/networking" ==> "BUILD/block_device_mapping" after 75 second wait
2025-04-25 17:58:02.314 69927 INFO tempest.lib.common.rest_client [req-09d05e4d-9ef0-4ee8-b8ca-79d0cfb5f8f9 req-09d05e4d-9ef0-4ee8-b8ca-79d0cfb5f8f9 ] Request (AttachInterfacesUnderV243Test:test_add_remove_fixed_ip): 200 GET http://10.180.1.21/compute/v2.1/servers/afbfb3b3-6e9d-49e7-81f4-89277b2995bb 0.198s
2025-04-25 17:58:02.332 69935 INFO tempest.lib.common.rest_client [req-b4a417d6-ef96-4d9f-826d-db01cb5e51d6 req-b4a417d6-ef96-4d9f-826d-db01cb5e51d6 ] Request (FloatingIPsAssociationTestJSON:test_associate_already_associated_floating_ip): 200 GET http://10.180.1.21/compute/v2.1/servers/546ab638-f582-4a0e-89e6-c15b1e8ef888 0.208s
2025-04-25 17:58:02.369 69937 INFO tempest.lib.common.rest_client [req-be56c821-1e07-4f0b-af6a-ca564020f522 req-be56c821-1e07-4f0b-af6a-ca564020f522 ] Request (AttachVolumeNegativeTest:test_attach_attached_volume_to_different_server): 200 GET http://10.180.1.21/compute/v2.1/servers/526a2ff2-876e-4235-a38d-4864e96fbd85 0.223s
2025-04-25 17:58:02.379 69929 INFO tempest.lib.common.rest_client [req-9d1fd283-2f39-4305-a430-11af5acbca5e req-9d1fd283-2f39-4305-a430-11af5acbca5e ] Request (VolumesAdminNegativeTest:test_update_attached_volume_with_nonexistent_volume_in_body): 200 GET http://10.180.1.21/compute/v2.1/servers/009f2804-aedb-4162-8211-06a1573c9ace 0.184s
2025-04-25 17:58:02.420 69963 INFO tempest.lib.common.rest_client [req-84a919ae-7b40-440e-8ca3-8eb587e99a03 req-84a919ae-7b40-440e-8ca3-8eb587e99a03 ] Request (ServerTagsTestJSON:setUpClass): 200 GET http://10.180.1.21/compute/v2.1/servers/3097b168-a6cd-47be-a4d5-5494a4ab2c1a 0.173s
2025-04-25 17:58:02.427 69939 INFO tempest.lib.common.rest_client [req-5a43613d-69fb-4025-be45-11cd8de73a90 req-5a43613d-69fb-4025-be45-11cd8de73a90 ] Request (DeleteServersTestJSON:test_delete_active_server): 200 GET http://10.180.1.21/compute/v2.1/servers/50a031cd-25d0-4a68-8ab0-9e7487d4c56e 0.164s
2025-04-25 17:58:02.453 69967 INFO tempest.lib.common.rest_client [req-edb82697-b837-4240-8038-8c9f09f388ea req-edb82697-b837-4240-8038-8c9f09f388ea ] Request (ImagesTestJSON:test_create_image_from_suspended_server): 200 GET http://10.180.1.21/compute/v2.1/images/204eccce-7e2f-49b2-8ba6-1c3740139e20 0.172s
2025-04-25 17:58:02.455 69927 INFO tempest.lib.common.rest_client [req-02567af7-21fc-480e-9b3f-2e67da420c3d req-02567af7-21fc-480e-9b3f-2e67da420c3d ] Request (AttachInterfacesUnderV243Test:test_add_remove_fixed_ip): 202 POST http://10.180.1.21/compute/v2.1/servers/afbfb3b3-6e9d-49e7-81f4-89277b2995bb/action 0.134s
2025-04-25 17:58:02.509 69931 INFO tempest.lib.common.rest_client [req-aa983c8a-9030-42a2-8ddc-b0d6ccf714fc req-aa983c8a-9030-42a2-8ddc-b0d6ccf714fc ] Request (AttachVolumeTestJSON:test_attach_detach_volume): 200 GET http://10.180.1.21/compute/v2.1/servers/1410c48a-e2f5-4756-a7cb-a45da91b1f13 0.094s
2025-04-25 17:58:02.533 69927 INFO tempest.lib.common.rest_client [req-e3ea9a6e-02c1-47cf-b819-b6dd9c6f5b1b req-e3ea9a6e-02c1-47cf-b819-b6dd9c6f5b1b ] Request (AttachInterfacesUnderV243Test:test_add_remove_fixed_ip): 200 GET http://10.180.1.21/compute/v2.1/servers/afbfb3b3-6e9d-49e7-81f4-89277b2995bb/ips 0.077s
2025-04-25 17:58:02.534 69943 INFO tempest.lib.common.rest_client [req-f0c6ed7b-e4fe-4ebc-b21b-01798317c973 req-f0c6ed7b-e4fe-4ebc-b21b-01798317c973 ] Request (ServerShowV257Test:tearDownClass): 200 GET http://10.180.1.21/compute/v2.1/servers/1d6ef9b4-417a-4fb6-a04a-f04a918c020e 0.192s
2025-04-25 17:58:02.593 69947 INFO tempest.lib.common.rest_client [req-688e19fe-181a-4d4b-8eb5-5de79c52678c req-688e19fe-181a-4d4b-8eb5-5de79c52678c ] Request (InstanceActionsTestJSON:tearDownClass): 200 GET http://10.180.1.21/compute/v2.1/servers/1b8f574e-cfb8-4a1a-9c4e-93098510f933 0.094s
2025-04-25 17:58:02.645 69981 INFO tempest.lib.common.rest_client [req-08d2aa2b-dc02-4b24-8f8e-57e378d5a4ed req-08d2aa2b-dc02-4b24-8f8e-57e378d5a4ed ] Request (InstanceActionsV221TestJSON:test_get_list_deleted_instance_actions): 200 GET http://10.180.1.21/compute/v2.1/servers/e771f0f1-c4b9-49b2-9424-3b41d6e0ecb3 0.147s
2025-04-25 17:58:02.650 69962 INFO tempest.lib.common.rest_client [req-aef7ccb4-f987-4416-99b1-0ebabbdf5224 req-aef7ccb4-f987-4416-99b1-0ebabbdf5224 ] Request (SecurityGroupsTestJSON:test_server_security_groups): 200 GET http://10.180.1.21/compute/v2.1/servers/7599fa29-a9bd-4e34-836c-1006447048a8 0.102s
2025-04-25 17:58:02.699 69979 INFO tempest.lib.common.rest_client [req-95c5902a-7bcd-44f5-9b8d-d4606e465211 req-95c5902a-7bcd-44f5-9b8d-d4606e465211 ] Request (InstanceActionsNegativeTestJSON:setUpClass): 200 GET http://10.180.1.21/compute/v2.1/servers/77806254-b4f3-48dc-b51f-a8e8fdcd0a1d 0.115s
2025-04-25 17:58:02.715 69955 INFO tempest.lib.common.rest_client [req-4d33980d-a1d0-491c-812f-44596805067d req-4d33980d-a1d0-491c-812f-44596805067d ] Request (ServersAdminNegativeTestJSON:tearDownClass): 200 GET http://10.180.1.21/compute/v2.1/servers/a7e491d0-46d8-48dc-b4ca-e87f6b4a4605 0.096s
2025-04-25 17:58:02.747 69977 INFO tempest.lib.common.rest_client [req-7725a34b-3163-422f-b480-2bfa54616799 req-7725a34b-3163-422f-b480-2bfa54616799 ] Request (ImagesOneServerNegativeTestJSON:setUpClass): 200 GET http://10.180.1.21/compute/v2.1/servers/50aeb81d-ca5a-433c-8158-5f611f3101ad 0.110s
2025-04-25 17:58:02.766 69919 INFO tempest.lib.common.rest_client [req-1205514c-37ab-4b3e-b41b-2832874e455e req-1205514c-37ab-4b3e-b41b-2832874e455e ] Request (ListServerFiltersTestJSON:setUpClass): 200 GET http://10.180.1.21/compute/v2.1/servers/504ec9b0-3e13-4cfc-a5d4-2a34245590e1 0.097s
2025-04-25 17:58:02.800 69921 INFO tempest.lib.common.rest_client [req-5bb7a218-7fcf-4892-bc35-c726cadfbec2 req-5bb7a218-7fcf-4892-bc35-c726cadfbec2 ] Request (ServerShowV247Test:test_update_rebuild_list_server): 200 GET http://10.180.1.21/compute/v2.1/servers/68939730-1c6b-48ce-81fd-f84fa6df5b33 0.080s
2025-04-25 17:58:02.819 69971 INFO tempest.lib.common.rest_client [req-aad56d95-478f-47dd-acc4-05148db97ddf req-aad56d95-478f-47dd-acc4-05148db97ddf ] Request (ServersNegativeTestJSON:setUpClass): 200 GET http://10.180.1.21/compute/v2.1/servers/1ec0539b-ed48-4c66-8dab-5329eac7316d 0.093s
2025-04-25 17:58:02.903 69949 INFO tempest.lib.common.rest_client [req-489e1e6d-4dab-413a-9319-1fbd91fffaef req-489e1e6d-4dab-413a-9319-1fbd91fffaef ] Request (ServerDiagnosticsV248Test:tearDownClass): 200 GET http://10.180.1.21/compute/v2.1/servers/ce5a92f9-4917-4d72-b527-35b97bad5933 0.063s
2025-04-25 17:58:02.946 69957 INFO tempest.lib.common.rest_client [req-29517b8e-67de-48b7-8f54-f14ab602b245 req-29517b8e-67de-48b7-8f54-f14ab602b245 ] Request (TenantUsagesTestJSON:tearDownClass): 200 GET http://10.180.1.21/compute/v2.1/servers/42e44f7f-7eb3-4666-b9d5-8c20c77cbc98 0.059s
2025-04-25 17:58:03.030 69933 INFO tempest.lib.common.rest_client [req-5501772c-046d-4547-b83a-64d1ff1f41fa req-5501772c-046d-4547-b83a-64d1ff1f41fa ] Request (MigrationsAdminTest:test_resize_server_revert_deleted_flavor): 200 GET http://10.180.1.21/compute/v2.1/servers/30c55b07-6f91-46dc-a50c-3185097fac67 0.058s
2025-04-25 17:58:03.067 69945 INFO tempest.lib.common.rest_client [req-7098b47f-4a4d-49b5-94fc-55030c96833c req-7098b47f-4a4d-49b5-94fc-55030c96833c ] Request (DeleteServersAdminTestJSON:test_delete_server_while_in_error_state): 200 GET http://10.180.1.21/compute/v2.1/servers/f81dc110-fe05-46de-85e0-6af0ad6d1f11 0.101s
2025-04-25 17:58:03.167 69973 INFO tempest.lib.common.rest_client [req-e4b32e70-7dd5-40c6-b0df-eac3db9d65f4 req-e4b32e70-7dd5-40c6-b0df-eac3db9d65f4 ] Request (ServerDiskConfigTestJSON:test_rebuild_server_with_auto_disk_config): 200 GET http://10.180.1.21/compute/v2.1/servers/38b2256d-193a-4fa8-ab77-ad4e91f81722 0.063s
2025-04-25 17:58:03.362 69923 INFO tempest.lib.common.rest_client [req-abcfa5d3-e9e7-458e-8c6c-17b327bd7040 req-abcfa5d3-e9e7-458e-8c6c-17b327bd7040 ] Request (ServersAdminTestJSON:test_create_server_with_scheduling_hint): 200 GET http://10.180.1.21/compute/v2.1/servers/6e927889-8993-4deb-8621-4d034a32e16c 0.160s
2025-04-25 17:58:03.421 69975 INFO tempest.lib.common.rest_client [req-b87cd716-00c5-4d50-bdcd-0541615625e8 req-b87cd716-00c5-4d50-bdcd-0541615625e8 ] Request (ServersV294TestFqdnHostnames:setUpClass): 200 GET http://10.180.1.21/compute/v2.1/servers/e3580fdf-80a9-46b8-8877-06f011c08f94 0.119s
2025-04-25 17:58:03.431 69975 INFO tempest.common.waiters [-] State transition "BUILD/block_device_mapping" ==> "BUILD/spawning" after 76 second wait
2025-04-25 17:58:03.438 69935 INFO tempest.lib.common.rest_client [req-0e174da7-ea60-4034-aeb4-70b623a9bc85 req-0e174da7-ea60-4034-aeb4-70b623a9bc85 ] Request (FloatingIPsAssociationTestJSON:test_associate_already_associated_floating_ip): 200 GET http://10.180.1.21/compute/v2.1/servers/546ab638-f582-4a0e-89e6-c15b1e8ef888 0.099s
2025-04-25 17:58:03.474 69937 INFO tempest.lib.common.rest_client [req-88fb74df-747c-4daf-a766-cee312d1749a req-88fb74df-747c-4daf-a766-cee312d1749a ] Request (AttachVolumeNegativeTest:test_attach_attached_volume_to_different_server): 200 GET http://10.180.1.21/compute/v2.1/servers/526a2ff2-876e-4235-a38d-4864e96fbd85 0.098s
2025-04-25 17:58:03.501 69929 INFO tempest.lib.common.rest_client [req-3ed3abbe-6d12-4055-90f9-ed0c0679308d req-3ed3abbe-6d12-4055-90f9-ed0c0679308d ] Request (VolumesAdminNegativeTest:test_update_attached_volume_with_nonexistent_volume_in_body): 200 GET http://10.180.1.21/compute/v2.1/servers/009f2804-aedb-4162-8211-06a1573c9ace 0.110s
2025-04-25 17:58:03.535 69963 INFO tempest.lib.common.rest_client [req-8fc332d3-d9c5-4898-b749-1df46a5ffa5f req-8fc332d3-d9c5-4898-b749-1df46a5ffa5f ] Request (ServerTagsTestJSON:setUpClass): 200 GET http://10.180.1.21/compute/v2.1/servers/3097b168-a6cd-47be-a4d5-5494a4ab2c1a 0.103s
2025-04-25 17:58:03.567 69967 INFO tempest.lib.common.rest_client [req-4d150931-5766-405a-8565-23d42af1019c req-4d150931-5766-405a-8565-23d42af1019c ] Request (ImagesTestJSON:test_create_image_from_suspended_server): 200 GET http://10.180.1.21/compute/v2.1/images/204eccce-7e2f-49b2-8ba6-1c3740139e20 0.103s
2025-04-25 17:58:03.572 69939 INFO tempest.lib.common.rest_client [req-fbede694-a14b-4fde-bc48-dc5ef0a2cca9 req-fbede694-a14b-4fde-bc48-dc5ef0a2cca9 ] Request (DeleteServersTestJSON:test_delete_active_server): 200 GET http://10.180.1.21/compute/v2.1/servers/50a031cd-25d0-4a68-8ab0-9e7487d4c56e 0.135s
2025-04-25 17:58:03.624 69927 INFO tempest.lib.common.rest_client [req-e5243b63-2da8-4a11-b49b-1d7532f2b1ca req-e5243b63-2da8-4a11-b49b-1d7532f2b1ca ] Request (AttachInterfacesUnderV243Test:test_add_remove_fixed_ip): 200 GET http://10.180.1.21/compute/v2.1/servers/afbfb3b3-6e9d-49e7-81f4-89277b2995bb/ips 0.089s
2025-04-25 17:58:03.633 69931 INFO tempest.lib.common.rest_client [req-b968364d-06d7-4112-abfb-512426e3eecd req-b968364d-06d7-4112-abfb-512426e3eecd ] Request (AttachVolumeTestJSON:test_attach_detach_volume): 200 GET http://10.180.1.21/compute/v2.1/servers/1410c48a-e2f5-4756-a7cb-a45da91b1f13 0.115s
2025-04-25 17:58:03.684 69947 INFO tempest.lib.common.rest_client [req-a219d26e-c1da-47e0-aa2b-740cd79710ae req-a219d26e-c1da-47e0-aa2b-740cd79710ae ] Request (InstanceActionsTestJSON:tearDownClass): 200 GET http://10.180.1.21/compute/v2.1/servers/1b8f574e-cfb8-4a1a-9c4e-93098510f933 0.081s
2025-04-25 17:58:03.688 69943 INFO tempest.lib.common.rest_client [req-8dd03a27-7e63-4aca-9607-a74e91cae28d req-8dd03a27-7e63-4aca-9607-a74e91cae28d ] Request (ServerShowV257Test:tearDownClass): 200 GET http://10.180.1.21/compute/v2.1/servers/1d6ef9b4-417a-4fb6-a04a-f04a918c020e 0.141s
2025-04-25 17:58:03.734 69962 INFO tempest.lib.common.rest_client [req-45e408c9-24a2-465e-938c-4859ba92a4ba req-45e408c9-24a2-465e-938c-4859ba92a4ba ] Request (SecurityGroupsTestJSON:test_server_security_groups): 200 GET http://10.180.1.21/compute/v2.1/servers/7599fa29-a9bd-4e34-836c-1006447048a8 0.074s
2025-04-25 17:58:03.775 69981 INFO tempest.lib.common.rest_client [req-79dc4e4b-5aed-402b-86fe-c87606676831 req-79dc4e4b-5aed-402b-86fe-c87606676831 ] Request (InstanceActionsV221TestJSON:test_get_list_deleted_instance_actions): 200 GET http://10.180.1.21/compute/v2.1/servers/e771f0f1-c4b9-49b2-9424-3b41d6e0ecb3 0.116s
2025-04-25 17:58:03.782 69979 INFO tempest.lib.common.rest_client [req-bc8ba716-be30-4a17-b605-8432ef8b8c18 req-bc8ba716-be30-4a17-b605-8432ef8b8c18 ] Request (InstanceActionsNegativeTestJSON:setUpClass): 200 GET http://10.180.1.21/compute/v2.1/servers/77806254-b4f3-48dc-b51f-a8e8fdcd0a1d 0.074s
2025-04-25 17:58:03.832 69955 INFO tempest.lib.common.rest_client [req-ca364bb7-1578-4680-b359-468b666cba4b req-ca364bb7-1578-4680-b359-468b666cba4b ] Request (ServersAdminNegativeTestJSON:tearDownClass): 200 GET http://10.180.1.21/compute/v2.1/servers/a7e491d0-46d8-48dc-b4ca-e87f6b4a4605 0.107s
2025-04-25 17:58:03.837 69977 INFO tempest.lib.common.rest_client [req-35429089-747c-49c3-826b-9965eb9e3916 req-35429089-747c-49c3-826b-9965eb9e3916 ] Request (ImagesOneServerNegativeTestJSON:setUpClass): 200 GET http://10.180.1.21/compute/v2.1/servers/50aeb81d-ca5a-433c-8158-5f611f3101ad 0.081s
2025-04-25 17:58:03.882 69919 INFO tempest.lib.common.rest_client [req-8ca413ba-d8a5-4219-b398-7f1bc1bd4a04 req-8ca413ba-d8a5-4219-b398-7f1bc1bd4a04 ] Request (ListServerFiltersTestJSON:setUpClass): 200 GET http://10.180.1.21/compute/v2.1/servers/504ec9b0-3e13-4cfc-a5d4-2a34245590e1 0.101s
2025-04-25 17:58:03.885 69921 INFO tempest.lib.common.rest_client [req-4e50925f-9d05-4aa3-a051-578516ddc02d req-4e50925f-9d05-4aa3-a051-578516ddc02d ] Request (ServerShowV247Test:test_update_rebuild_list_server): 200 GET http://10.180.1.21/compute/v2.1/servers/68939730-1c6b-48ce-81fd-f84fa6df5b33 0.075s
2025-04-25 17:58:03.932 69971 INFO tempest.lib.common.rest_client [req-1e6d06bb-0ece-4e2c-abe3-06aec6a2b091 req-1e6d06bb-0ece-4e2c-abe3-06aec6a2b091 ] Request (ServersNegativeTestJSON:setUpClass): 200 GET http://10.180.1.21/compute/v2.1/servers/1ec0539b-ed48-4c66-8dab-5329eac7316d 0.104s
2025-04-25 17:58:03.982 69957 INFO tempest.lib.common.rest_client [req-ccadb79b-bbe2-4e6f-bb9f-19be9f6eb35f req-ccadb79b-bbe2-4e6f-bb9f-19be9f6eb35f ] Request (TenantUsagesTestJSON:tearDownClass): 404 GET http://10.180.1.21/compute/v2.1/servers/42e44f7f-7eb3-4666-b9d5-8c20c77cbc98 0.027s
2025-04-25 17:58:03.990 69949 INFO tempest.lib.common.rest_client [req-d70db005-85ae-43d6-87e9-8d42e5ae4c8b req-d70db005-85ae-43d6-87e9-8d42e5ae4c8b ] Request (ServerDiagnosticsV248Test:tearDownClass): 200 GET http://10.180.1.21/compute/v2.1/servers/ce5a92f9-4917-4d72-b527-35b97bad5933 0.078s
2025-04-25 17:58:04.092 69957 INFO tempest.lib.common.rest_client [req-b1f21a2b-a52c-4eaf-ad03-c253f7817e2a req-b1f21a2b-a52c-4eaf-ad03-c253f7817e2a ] Request (TenantUsagesTestJSON:tearDownClass): 204 DELETE http://10.180.1.21/identity/v3/users/6e610f048bda40de9a3f10cd66e78f36 0.109s
2025-04-25 17:58:04.135 69933 INFO tempest.lib.common.rest_client [req-98c3d8a6-9afc-418f-932a-3de9ed0f008f req-98c3d8a6-9afc-418f-932a-3de9ed0f008f ] Request (MigrationsAdminTest:test_resize_server_revert_deleted_flavor): 200 GET http://10.180.1.21/compute/v2.1/servers/30c55b07-6f91-46dc-a50c-3185097fac67 0.097s
2025-04-25 17:58:04.169 69945 INFO tempest.lib.common.rest_client [req-e40a95f2-2a8e-4d0d-a7a8-3f6af62203e4 req-e40a95f2-2a8e-4d0d-a7a8-3f6af62203e4 ] Request (DeleteServersAdminTestJSON:test_delete_server_while_in_error_state): 200 GET http://10.180.1.21/compute/v2.1/servers/f81dc110-fe05-46de-85e0-6af0ad6d1f11 0.093s
2025-04-25 17:58:04.210 69957 INFO tempest.lib.common.rest_client [req-e1510441-f22f-4de8-8fac-28579136f64d req-e1510441-f22f-4de8-8fac-28579136f64d ] Request (TenantUsagesTestJSON:tearDownClass): 204 DELETE http://10.180.1.21/identity/v3/users/f39446ecd874400cb8e82c1a566d7ea8 0.117s
2025-04-25 17:58:04.210 69957 INFO tempest.lib.common.dynamic_creds [-] Deleting project and security group for project: 3cf2f232f31e4655bf85a7828b597815
2025-04-25 17:58:04.235 69973 INFO tempest.lib.common.rest_client [req-48e195dc-8e95-407b-b9f2-8c7337c6fc8e req-48e195dc-8e95-407b-b9f2-8c7337c6fc8e ] Request (ServerDiskConfigTestJSON:test_rebuild_server_with_auto_disk_config): 200 GET http://10.180.1.21/compute/v2.1/servers/38b2256d-193a-4fa8-ab77-ad4e91f81722 0.060s
2025-04-25 17:58:04.270 69957 INFO tempest.lib.common.rest_client [req-f6e91618-ebb0-4e75-8cd1-588a084dffa0 req-f6e91618-ebb0-4e75-8cd1-588a084dffa0 ] Request (TenantUsagesTestJSON:tearDownClass): 201 POST http://10.180.1.21/identity/v3/auth/tokens 0.060s
2025-04-25 17:58:04.445 69957 INFO tempest.lib.common.rest_client [req-afd09c04-b9f9-486a-b170-42228022e5a8 req-afd09c04-b9f9-486a-b170-42228022e5a8 ] Request (TenantUsagesTestJSON:tearDownClass): 200 GET http://10.180.1.21:9696/networking/v2.0/security-groups?tenant_id=3cf2f232f31e4655bf85a7828b597815&name=default 0.174s
2025-04-25 17:58:04.519 69923 INFO tempest.lib.common.rest_client [req-3c0baf1b-9309-48c5-b308-77c9f124a6c2 req-3c0baf1b-9309-48c5-b308-77c9f124a6c2 ] Request (ServersAdminTestJSON:test_create_server_with_scheduling_hint): 200 GET http://10.180.1.21/compute/v2.1/servers/6e927889-8993-4deb-8621-4d034a32e16c 0.142s
2025-04-25 17:58:04.565 69975 INFO tempest.lib.common.rest_client [req-72471b7f-c93b-4f77-b8b2-de3e3f04ee66 req-72471b7f-c93b-4f77-b8b2-de3e3f04ee66 ] Request (ServersV294TestFqdnHostnames:setUpClass): 200 GET http://10.180.1.21/compute/v2.1/servers/e3580fdf-80a9-46b8-8877-06f011c08f94 0.133s
2025-04-25 17:58:04.576 69957 INFO tempest.lib.common.rest_client [req-4a28aa7b-6c84-4d7f-a779-b17b67d80e12 req-4a28aa7b-6c84-4d7f-a779-b17b67d80e12 ] Request (TenantUsagesTestJSON:tearDownClass): 204 DELETE http://10.180.1.21:9696/networking/v2.0/security-groups/0fc9d9a8-4224-4aab-9469-e0fdf52e1bad 0.130s
2025-04-25 17:58:04.578 69935 INFO tempest.lib.common.rest_client [req-cf9a9161-8894-467c-9c09-483b9977255f req-cf9a9161-8894-467c-9c09-483b9977255f ] Request (FloatingIPsAssociationTestJSON:test_associate_already_associated_floating_ip): 200 GET http://10.180.1.21/compute/v2.1/servers/546ab638-f582-4a0e-89e6-c15b1e8ef888 0.126s
2025-04-25 17:58:04.617 69937 INFO tempest.lib.common.rest_client [req-b89084f2-e7d7-4aa7-9a4e-938855baf989 req-b89084f2-e7d7-4aa7-9a4e-938855baf989 ] Request (AttachVolumeNegativeTest:test_attach_attached_volume_to_different_server): 200 GET http://10.180.1.21/compute/v2.1/servers/526a2ff2-876e-4235-a38d-4864e96fbd85 0.135s
2025-04-25 17:58:04.640 69929 INFO tempest.lib.common.rest_client [req-32e2b733-fb46-4f91-90e0-608cf8a1da64 req-32e2b733-fb46-4f91-90e0-608cf8a1da64 ] Request (VolumesAdminNegativeTest:test_update_attached_volume_with_nonexistent_volume_in_body): 200 GET http://10.180.1.21/compute/v2.1/servers/009f2804-aedb-4162-8211-06a1573c9ace 0.123s
2025-04-25 17:58:04.664 69957 INFO tempest.lib.common.rest_client [req-fac396fc-89f8-429e-b57b-809cff256a82 req-fac396fc-89f8-429e-b57b-809cff256a82 ] Request (TenantUsagesTestJSON:tearDownClass): 204 DELETE http://10.180.1.21/identity/v3/projects/3cf2f232f31e4655bf85a7828b597815 0.088s
2025-04-25 17:58:04.664 69957 INFO tempest.lib.common.dynamic_creds [-] Deleting project and security group for project: 11d410af613d47d7a2234aae192e00bc
2025-04-25 17:58:04.685 69967 INFO tempest.lib.common.rest_client [req-a050ef8d-227b-4007-8a0e-ad890ce1980a req-a050ef8d-227b-4007-8a0e-ad890ce1980a ] Request (ImagesTestJSON:test_create_image_from_suspended_server): 200 GET http://10.180.1.21/compute/v2.1/images/204eccce-7e2f-49b2-8ba6-1c3740139e20 0.114s
2025-04-25 17:58:04.685 69963 INFO tempest.lib.common.rest_client [req-3e3eeb09-913f-4790-8d07-4478e6725ec6 req-3e3eeb09-913f-4790-8d07-4478e6725ec6 ] Request (ServerTagsTestJSON:setUpClass): 200 GET http://10.180.1.21/compute/v2.1/servers/3097b168-a6cd-47be-a4d5-5494a4ab2c1a 0.139s
2025-04-25 17:58:04.698 69957 INFO tempest.lib.common.rest_client [req-9ba655a9-18b9-434c-9288-fd7a78a04256 req-9ba655a9-18b9-434c-9288-fd7a78a04256 ] Request (TenantUsagesTestJSON:tearDownClass): 200 GET http://10.180.1.21:9696/networking/v2.0/security-groups?tenant_id=11d410af613d47d7a2234aae192e00bc&name=default 0.033s
2025-04-25 17:58:04.715 69927 INFO tempest.lib.common.rest_client [req-6ea19145-d440-43ad-9daf-c82b0d42c9bd req-6ea19145-d440-43ad-9daf-c82b0d42c9bd ] Request (AttachInterfacesUnderV243Test:test_add_remove_fixed_ip): 200 GET http://10.180.1.21/compute/v2.1/servers/afbfb3b3-6e9d-49e7-81f4-89277b2995bb/ips 0.087s
2025-04-25 17:58:04.743 69939 INFO tempest.lib.common.rest_client [req-37c39e58-4c19-4c13-8ad2-d1f15c814929 req-37c39e58-4c19-4c13-8ad2-d1f15c814929 ] Request (DeleteServersTestJSON:test_delete_active_server): 200 GET http://10.180.1.21/compute/v2.1/servers/50a031cd-25d0-4a68-8ab0-9e7487d4c56e 0.160s
2025-04-25 17:58:04.780 69931 INFO tempest.lib.common.rest_client [req-0e4c8cfd-8e52-44b1-aa16-0db7f210ccc1 req-0e4c8cfd-8e52-44b1-aa16-0db7f210ccc1 ] Request (AttachVolumeTestJSON:test_attach_detach_volume): 200 GET http://10.180.1.21/compute/v2.1/servers/1410c48a-e2f5-4756-a7cb-a45da91b1f13 0.138s
2025-04-25 17:58:04.808 69947 INFO tempest.lib.common.rest_client [req-d8a4b605-a565-4660-a980-75fef432d0cd req-d8a4b605-a565-4660-a980-75fef432d0cd ] Request (InstanceActionsTestJSON:tearDownClass): 200 GET http://10.180.1.21/compute/v2.1/servers/1b8f574e-cfb8-4a1a-9c4e-93098510f933 0.114s
2025-04-25 17:58:04.851 69943 INFO tempest.lib.common.rest_client [req-0c4caac1-f36b-46c4-a507-86eb22ee80cb req-0c4caac1-f36b-46c4-a507-86eb22ee80cb ] Request (ServerShowV257Test:tearDownClass): 200 GET http://10.180.1.21/compute/v2.1/servers/1d6ef9b4-417a-4fb6-a04a-f04a918c020e 0.151s
2025-04-25 17:58:04.858 69957 INFO tempest.lib.common.rest_client [req-aebd00f0-ef1b-442a-b79a-15379f1a6689 req-aebd00f0-ef1b-442a-b79a-15379f1a6689 ] Request (TenantUsagesTestJSON:tearDownClass): 204 DELETE http://10.180.1.21:9696/networking/v2.0/security-groups/bd55a23c-9df8-4fb6-9aa8-d943c9ce4e30 0.160s
2025-04-25 17:58:04.888 69927 INFO tempest.lib.common.rest_client [req-0086bd86-b3ac-4d73-931d-e7d03815811b req-0086bd86-b3ac-4d73-931d-e7d03815811b ] Request (AttachInterfacesUnderV243Test:_run_cleanups): 204 DELETE http://10.180.1.21/compute/v2.1/servers/afbfb3b3-6e9d-49e7-81f4-89277b2995bb 0.171s
2025-04-25 17:58:04.906 69962 INFO tempest.lib.common.rest_client [req-118a2faa-4294-49c0-8fdd-431203afaf38 req-118a2faa-4294-49c0-8fdd-431203afaf38 ] Request (SecurityGroupsTestJSON:test_server_security_groups): 200 GET http://10.180.1.21/compute/v2.1/servers/7599fa29-a9bd-4e34-836c-1006447048a8 0.163s
2025-04-25 17:58:04.960 69957 INFO tempest.lib.common.rest_client [req-a0e6cc10-8233-4742-a998-2e2a66055ac4 req-a0e6cc10-8233-4742-a998-2e2a66055ac4 ] Request (TenantUsagesTestJSON:tearDownClass): 204 DELETE http://10.180.1.21/identity/v3/projects/11d410af613d47d7a2234aae192e00bc 0.102s
2025-04-25 17:58:04.964 69979 INFO tempest.lib.common.rest_client [req-9f604fbe-653d-43fb-ae1c-ee74c09928b0 req-9f604fbe-653d-43fb-ae1c-ee74c09928b0 ] Request (InstanceActionsNegativeTestJSON:setUpClass): 200 GET http://10.180.1.21/compute/v2.1/servers/77806254-b4f3-48dc-b51f-a8e8fdcd0a1d 0.171s
2025-04-25 17:58:04.985 69981 INFO tempest.lib.common.rest_client [req-f40a9a63-2f82-4924-8a14-16cff15b0fcf req-f40a9a63-2f82-4924-8a14-16cff15b0fcf ] Request (InstanceActionsV221TestJSON:test_get_list_deleted_instance_actions): 200 GET http://10.180.1.21/compute/v2.1/servers/e771f0f1-c4b9-49b2-9424-3b41d6e0ecb3 0.200s
2025-04-25 17:58:04.993 69981 INFO tempest.common.waiters [-] State transition "BUILD/spawning" ==> "ACTIVE/None" after 79 second wait
2025-04-25 17:58:05.024 69955 INFO tempest.lib.common.rest_client [req-10c2bf13-f43c-4541-a02f-4b136317a5a7 req-10c2bf13-f43c-4541-a02f-4b136317a5a7 ] Request (ServersAdminNegativeTestJSON:tearDownClass): 200 GET http://10.180.1.21/compute/v2.1/servers/a7e491d0-46d8-48dc-b4ca-e87f6b4a4605 0.183s
2025-04-25 17:58:05.028 69957 INFO tempest.lib.common.rest_client [req-7459f9ae-6026-4ab5-a704-a56353d7bd54 req-7459f9ae-6026-4ab5-a704-a56353d7bd54 ] Request (ImagesMetadataTestJSON:setUpClass): 201 POST http://10.180.1.21/identity/v3/auth/tokens 0.066s
2025-04-25 17:58:05.045 69977 INFO tempest.lib.common.rest_client [req-987efd43-a60c-4ab1-81a7-d2a02d307b5c req-987efd43-a60c-4ab1-81a7-d2a02d307b5c ] Request (ImagesOneServerNegativeTestJSON:setUpClass): 200 GET http://10.180.1.21/compute/v2.1/servers/50aeb81d-ca5a-433c-8158-5f611f3101ad 0.200s
2025-04-25 17:58:05.060 69957 INFO tempest.lib.common.rest_client [req-782c3849-3d83-48a7-95c0-0f0886257602 req-782c3849-3d83-48a7-95c0-0f0886257602 ] Request (ImagesMetadataTestJSON:setUpClass): 201 POST http://10.180.1.21/identity/v3/auth/tokens 0.029s
2025-04-25 17:58:05.088 69957 INFO tempest.lib.common.rest_client [req-fcf0fdf6-5cfe-4349-8d96-709b2362936a req-fcf0fdf6-5cfe-4349-8d96-709b2362936a ] Request (ImagesMetadataTestJSON:setUpClass): 200 GET http://10.180.1.21/identity/v3/domains?name=Default 0.027s
2025-04-25 17:58:05.099 69919 INFO tempest.lib.common.rest_client [req-e5e191cb-bee2-4648-bec7-6e3475bf049a req-e5e191cb-bee2-4648-bec7-6e3475bf049a ] Request (ListServerFiltersTestJSON:setUpClass): 200 GET http://10.180.1.21/compute/v2.1/servers/504ec9b0-3e13-4cfc-a5d4-2a34245590e1 0.208s
2025-04-25 17:58:05.124 69957 INFO tempest.lib.common.rest_client [req-cc55807f-d430-45cf-a926-8dc1fd185af2 req-cc55807f-d430-45cf-a926-8dc1fd185af2 ] Request (ImagesMetadataTestJSON:setUpClass): 201 POST http://10.180.1.21/identity/v3/projects 0.036s
2025-04-25 17:58:05.154 69921 INFO tempest.lib.common.rest_client [req-55092a7f-fee1-4c59-bf31-1e4823b2a31f req-55092a7f-fee1-4c59-bf31-1e4823b2a31f ] Request (ServerShowV247Test:test_update_rebuild_list_server): 200 GET http://10.180.1.21/compute/v2.1/servers/68939730-1c6b-48ce-81fd-f84fa6df5b33 0.259s
2025-04-25 17:58:05.180 69927 INFO tempest.lib.common.rest_client [req-97da2ddf-71bb-417b-8595-3143e148c803 req-97da2ddf-71bb-417b-8595-3143e148c803 ] Request (AttachInterfacesUnderV243Test:_run_cleanups): 200 GET http://10.180.1.21/compute/v2.1/servers/afbfb3b3-6e9d-49e7-81f4-89277b2995bb 0.292s
2025-04-25 17:58:05.206 69957 INFO tempest.lib.common.rest_client [req-9344d662-62cb-42ca-903e-4b263b356f46 req-9344d662-62cb-42ca-903e-4b263b356f46 ] Request (ImagesMetadataTestJSON:setUpClass): 201 POST http://10.180.1.21/identity/v3/users 0.081s
2025-04-25 17:58:05.208 69971 INFO tempest.lib.common.rest_client [req-acddc1cc-9058-4c41-b96e-a6862a056b9e req-acddc1cc-9058-4c41-b96e-a6862a056b9e ] Request (ServersNegativeTestJSON:setUpClass): 200 GET http://10.180.1.21/compute/v2.1/servers/1ec0539b-ed48-4c66-8dab-5329eac7316d 0.268s
2025-04-25 17:58:05.236 69957 INFO tempest.lib.common.rest_client [req-dbfe319d-d3d9-4b6d-ae40-a48fac4ebd71 req-dbfe319d-d3d9-4b6d-ae40-a48fac4ebd71 ] Request (ImagesMetadataTestJSON:setUpClass): 200 GET http://10.180.1.21/identity/v3/roles 0.029s
2025-04-25 17:58:05.274 69949 INFO tempest.lib.common.rest_client [req-bfbbb328-6f7f-4acd-a336-5fff98c94135 req-bfbbb328-6f7f-4acd-a336-5fff98c94135 ] Request (ServerDiagnosticsV248Test:tearDownClass): 200 GET http://10.180.1.21/compute/v2.1/servers/ce5a92f9-4917-4d72-b527-35b97bad5933 0.274s
2025-04-25 17:58:05.274 69981 INFO tempest.lib.common.rest_client [req-b24480e6-f12b-4e37-b83c-f7462d6eaf83 req-b24480e6-f12b-4e37-b83c-f7462d6eaf83 ] Request (InstanceActionsV221TestJSON:test_get_list_deleted_instance_actions): 204 DELETE http://10.180.1.21/compute/v2.1/servers/e771f0f1-c4b9-49b2-9424-3b41d6e0ecb3 0.280s
2025-04-25 17:58:05.277 69957 INFO tempest.lib.common.rest_client [req-c8fcefce-c731-491b-9671-3f99ab305d94 req-c8fcefce-c731-491b-9671-3f99ab305d94 ] Request (ImagesMetadataTestJSON:setUpClass): 204 PUT http://10.180.1.21/identity/v3/projects/750c5151e392436393aac718d675be2a/users/2e21d5d1fca04bc68ff2543034a38d01/roles/08e77740ceca4ad8a252dfe7176f735e 0.041s
2025-04-25 17:58:05.277 69957 INFO tempest.lib.common.dynamic_creds [-] Dynamic test user 2e21d5d1fca04bc68ff2543034a38d01 is created with scope project and roles: ['member']
2025-04-25 17:58:05.278 69957 INFO tempest.lib.common.dynamic_creds [-] Acquired dynamic creds: credentials: Credentials: {'domain_id': 'default', 'domain_name': 'Default', 'username': 'tempest-ImagesMetadataTestJSON-1982276026-project-member', 'project_domain_id': 'default', 'project_domain_name': 'Default', 'project_id': '750c5151e392436393aac718d675be2a', 'project_name': 'tempest-ImagesMetadataTestJSON-1982276026', 'tenant_id': '750c5151e392436393aac718d675be2a', 'tenant_name': 'tempest-ImagesMetadataTestJSON-1982276026', 'user_domain_id': 'default', 'user_domain_name': 'Default', 'user_id': '2e21d5d1fca04bc68ff2543034a38d01', 'system': None}, Network: None, Subnet: None, Router: None
2025-04-25 17:58:05.278 69957 INFO tempest.lib.common.dynamic_creds [-] Created isolated network resources for: credentials: Credentials: {'domain_id': 'default', 'domain_name': 'Default', 'username': 'tempest-ImagesMetadataTestJSON-1982276026-project-member', 'project_domain_id': 'default', 'project_domain_name': 'Default', 'project_id': '750c5151e392436393aac718d675be2a', 'project_name': 'tempest-ImagesMetadataTestJSON-1982276026', 'tenant_id': '750c5151e392436393aac718d675be2a', 'tenant_name': 'tempest-ImagesMetadataTestJSON-1982276026', 'user_domain_id': 'default', 'user_domain_name': 'Default', 'user_id': '2e21d5d1fca04bc68ff2543034a38d01', 'system': None}, Network: None, Subnet: None, Router: None
2025-04-25 17:58:05.326 69933 INFO tempest.lib.common.rest_client [req-64840cc3-255a-4a6d-a73a-0f4033246a83 req-64840cc3-255a-4a6d-a73a-0f4033246a83 ] Request (MigrationsAdminTest:test_resize_server_revert_deleted_flavor): 200 GET http://10.180.1.21/compute/v2.1/servers/30c55b07-6f91-46dc-a50c-3185097fac67 0.182s
2025-04-25 17:58:05.345 69945 INFO tempest.lib.common.rest_client [req-661d6f08-76cf-41af-90ac-677c2158f3ea req-661d6f08-76cf-41af-90ac-677c2158f3ea ] Request (DeleteServersAdminTestJSON:test_delete_server_while_in_error_state): 200 GET http://10.180.1.21/compute/v2.1/servers/f81dc110-fe05-46de-85e0-6af0ad6d1f11 0.165s
2025-04-25 17:58:05.377 69957 INFO tempest.lib.common.rest_client [req-a4cd56f7-28bf-4dc8-8774-062b05a1707b req-a4cd56f7-28bf-4dc8-8774-062b05a1707b ] Request (ImagesMetadataTestJSON:setUpClass): 201 POST http://10.180.1.21/identity/v3/auth/tokens 0.094s
2025-04-25 17:58:05.379 69973 INFO tempest.lib.common.rest_client [req-604b101e-7150-4fbd-a5d6-5661c2e2a48a req-604b101e-7150-4fbd-a5d6-5661c2e2a48a ] Request (ServerDiskConfigTestJSON:test_rebuild_server_with_auto_disk_config): 200 GET http://10.180.1.21/compute/v2.1/servers/38b2256d-193a-4fa8-ab77-ad4e91f81722 0.137s
2025-04-25 17:58:05.471 69981 INFO tempest.lib.common.rest_client [req-dcffe03d-f83b-4bab-a39b-fc04ac03be30 req-dcffe03d-f83b-4bab-a39b-fc04ac03be30 ] Request (InstanceActionsV221TestJSON:test_get_list_deleted_instance_actions): 200 GET http://10.180.1.21/compute/v2.1/servers/e771f0f1-c4b9-49b2-9424-3b41d6e0ecb3 0.196s
2025-04-25 17:58:05.636 69923 INFO tempest.lib.common.rest_client [req-a2d4e2b4-c8b6-459d-b703-108002b59319 req-a2d4e2b4-c8b6-459d-b703-108002b59319 ] Request (ServersAdminTestJSON:test_create_server_with_scheduling_hint): 200 GET http://10.180.1.21/compute/v2.1/servers/6e927889-8993-4deb-8621-4d034a32e16c 0.107s
2025-04-25 17:58:05.687 69935 INFO tempest.lib.common.rest_client [req-335235c5-b345-4bc6-866f-370450d3d952 req-335235c5-b345-4bc6-866f-370450d3d952 ] Request (FloatingIPsAssociationTestJSON:test_associate_already_associated_floating_ip): 200 GET http://10.180.1.21/compute/v2.1/servers/546ab638-f582-4a0e-89e6-c15b1e8ef888 0.102s
2025-04-25 17:58:05.708 69975 INFO tempest.lib.common.rest_client [req-13347947-2d00-46b6-afe1-d5ec023e1c49 req-13347947-2d00-46b6-afe1-d5ec023e1c49 ] Request (ServersV294TestFqdnHostnames:setUpClass): 200 GET http://10.180.1.21/compute/v2.1/servers/e3580fdf-80a9-46b8-8877-06f011c08f94 0.130s
2025-04-25 17:58:05.766 69937 INFO tempest.lib.common.rest_client [req-be863bfe-9b60-46f7-84b3-66b06aa11b85 req-be863bfe-9b60-46f7-84b3-66b06aa11b85 ] Request (AttachVolumeNegativeTest:test_attach_attached_volume_to_different_server): 200 GET http://10.180.1.21/compute/v2.1/servers/526a2ff2-876e-4235-a38d-4864e96fbd85 0.133s
