2025-04-14 14:29:41.955 70205 INFO tempest.lib.common.rest_client [req-f9150ebb-6e28-4b05-866c-b294186472f1 req-f9150ebb-6e28-4b05-866c-b294186472f1 ] Request (HypervisorAdminV253TestBase:test_list_show_detail_hypervisors): 200 GET http://10.180.1.21/compute/v2.1/os-hypervisors/detail?with_servers=True 1.292s
2025-04-14 14:29:41.969 70215 INFO tempest.lib.common.rest_client [req-78c9e68d-d8ea-4880-b2b0-31aa631440d3 req-78c9e68d-d8ea-4880-b2b0-31aa631440d3 ] Request (FlavorsAccessNegativeTestJSON:_run_cleanups): 202 DELETE http://10.180.1.21/compute/v2.1/flavors/617743370 1.273s
2025-04-14 14:29:42.008 70209 INFO tempest.lib.common.rest_client [req-11210f93-2a32-413d-885e-d883ad6b6e9b req-11210f93-2a32-413d-885e-d883ad6b6e9b ] Request (HostsAdminTestJSON:test_show_host_detail): 200 GET http://10.180.1.21/compute/v2.1/os-hosts/cpu-1 1.294s
2025-04-14 14:29:42.024 70191 INFO tempest.lib.common.rest_client [req-f7091c43-70ab-49b9-8db1-caa1a531b2d1 req-f7091c43-70ab-49b9-8db1-caa1a531b2d1 ] Request (SecurityGroupsTestAdminJSON:_run_cleanups): 202 DELETE http://10.180.1.21/compute/v2.1/os-security-groups/7cff24c8-ea32-4f76-a0fa-5d0afbd420b6 1.334s
2025-04-14 14:29:42.033 70211 INFO tempest.lib.common.rest_client [req-f3e85081-12e5-40f9-9f37-e5348acc50fa req-f3e85081-12e5-40f9-9f37-e5348acc50fa ] Request (AggregatesAdminNegativeTestJSON:test_aggregate_add_non_exist_host): 200 POST http://10.180.1.21/compute/v2.1/os-aggregates 1.299s
2025-04-14 14:29:42.053 70228 INFO tempest.lib.common.rest_client [req-4bf08871-a5e1-4760-a7e5-863106a9f127 req-4bf08871-a5e1-4760-a7e5-863106a9f127 ] Request (ServicesAdminNegativeTestJSON:test_get_service_with_valid_service_and_invalid_host): 200 GET http://10.180.1.21/compute/v2.1/os-services?host=xxx&binary=nova-scheduler 1.285s
2025-04-14 14:29:42.070 70217 INFO tempest.lib.common.rest_client [req-77f5a8ac-20a4-4bff-a210-e8e900728972 req-77f5a8ac-20a4-4bff-a210-e8e900728972 ] Request (FloatingIPsTestJSON:_run_cleanups): 404 DELETE http://10.180.1.21/compute/v2.1/os-floating-ips/349c0a9b-1967-4713-b143-3a09609f9b49 1.299s
2025-04-14 14:29:42.101 70187 INFO tempest.lib.common.rest_client [req-6b10d995-703f-4ce4-9749-598e59d50395 req-6b10d995-703f-4ce4-9749-598e59d50395 ] Request (ServerAddressesTestJSON:test_list_server_addresses_by_network): 200 GET http://10.180.1.21/compute/v2.1/servers/f744813b-d3de-48bc-90fd-586d676de5d7/ips 1.271s
2025-04-14 14:29:42.156 70209 INFO tempest.lib.common.rest_client [req-e9ead1a9-aba8-4039-ae5d-dbbee5a7b60e req-e9ead1a9-aba8-4039-ae5d-dbbee5a7b60e ] Request (HostsAdminTestJSON:tearDownClass): 204 DELETE http://10.180.1.21/identity/v3/users/b149f5f659a5470094e1b2e9c63fa61c 0.145s
2025-04-14 14:29:42.207 70213 INFO tempest.lib.common.rest_client [req-fa39cd93-a416-49b6-b7f4-ef1b4387f80d req-fa39cd93-a416-49b6-b7f4-ef1b4387f80d ] Request (HypervisorAdminNegativeUnderV252Test:test_search_hypervisor_with_non_admin_user): 200 GET http://10.180.1.21/compute/v2.1/os-hypervisors 1.361s
2025-04-14 14:29:42.262 70183 INFO tempest.lib.common.rest_client [req-3c117b35-8df0-48a5-82f0-bb19e7fc179e req-3c117b35-8df0-48a5-82f0-bb19e7fc179e ] Request (ValidationResourcesFixture:setUp): 200 POST http://10.180.1.21/compute/v2.1/os-keypairs 1.403s
2025-04-14 14:29:42.282 70209 INFO tempest.lib.common.rest_client [req-3ee2c303-1aa1-4248-9b90-664661d9a835 req-3ee2c303-1aa1-4248-9b90-664661d9a835 ] Request (HostsAdminTestJSON:tearDownClass): 204 DELETE http://10.180.1.21/identity/v3/users/3843cb95837f497facfe789be06717f2 0.125s
2025-04-14 14:29:42.282 70209 INFO tempest.lib.common.dynamic_creds [-] Deleting project and security group for project: 8fc185fa7b6a4dbfacbdcfc471b4292c
2025-04-14 14:29:42.295 70238 INFO tempest.lib.common.rest_client [req-b09558ad-219a-4b5e-943f-7f4b48a39f1c req-b09558ad-219a-4b5e-943f-7f4b48a39f1c ] Request (FlavorsAccessTestJSON:_run_cleanups): 200 GET http://10.180.1.21/compute/v2.1/flavors/detail 1.419s
2025-04-14 14:29:42.383 70209 INFO tempest.lib.common.rest_client [req-fc37750d-a11a-423c-8a1b-d61f98b0b581 req-fc37750d-a11a-423c-8a1b-d61f98b0b581 ] Request (HostsAdminTestJSON:tearDownClass): 201 POST http://10.180.1.21/identity/v3/auth/tokens 0.099s
2025-04-14 14:29:42.409 70221 INFO tempest.lib.common.rest_client [req-840d6d63-ca3d-4e18-8a10-c55c9196ab2c req-840d6d63-ca3d-4e18-8a10-c55c9196ab2c ] Request (ServerDiagnosticsTest:test_get_server_diagnostics): 200 GET http://10.180.1.21/compute/v2.1/servers/fda564a3-b774-47e6-bf6d-12fb9e7077e4 1.616s
2025-04-14 14:29:42.450 70238 INFO tempest.lib.common.rest_client [req-80f0c70f-5edc-489a-a4f5-720f32d9726e req-80f0c70f-5edc-489a-a4f5-720f32d9726e ] Request (FlavorsAccessTestJSON:tearDownClass): 204 DELETE http://10.180.1.21/identity/v3/users/f55164bb94554ce0866815626e294cb0 0.145s
2025-04-14 14:29:42.551 70193 INFO tempest.lib.common.rest_client [req-69459924-c731-4306-8291-9847c94151b1 req-69459924-c731-4306-8291-9847c94151b1 ] Request (ImagesMetadataTestJSON:setUp): 200 PUT http://10.180.1.21/compute/v2.1/images/2146e792-7722-4095-828c-b3fe3aa47a31/metadata 1.634s
2025-04-14 14:29:42.553 70179 INFO tempest.lib.common.rest_client [req-9bf73769-57ab-46a9-81cd-402c60a3835b req-9bf73769-57ab-46a9-81cd-402c60a3835b ] Request (ImagesNegativeTestJSON:test_create_image_from_deleted_server): 204 DELETE http://10.180.1.21/compute/v2.1/servers/9f503faf-77ea-42fc-ab3d-7483d725e0e9 1.601s
2025-04-14 14:29:42.560 70238 INFO tempest.lib.common.rest_client [req-cc2765b1-9ff9-4446-9380-fdb08e9e4d16 req-cc2765b1-9ff9-4446-9380-fdb08e9e4d16 ] Request (FlavorsAccessTestJSON:tearDownClass): 204 DELETE http://10.180.1.21/identity/v3/users/1c0fddbbe29c447ca881feea3b8bacf7 0.109s
2025-04-14 14:29:42.560 70238 INFO tempest.lib.common.dynamic_creds [-] Deleting project and security group for project: a026b5fbf86e464db1dfba6fbb3e6d79
2025-04-14 14:29:42.617 70201 INFO tempest.lib.common.rest_client [req-f11f17e8-5e47-4aca-85a5-5f93b0142c4e req-f11f17e8-5e47-4aca-85a5-5f93b0142c4e ] Request (ServersAdminNegativeTestJSON:setUpClass): 200 GET http://10.180.1.21/compute/v2.1/servers/2293f6bc-7334-4e4e-a155-41b528b62116 1.235s
2025-04-14 14:29:42.622 70238 INFO tempest.lib.common.rest_client [req-52bbcc8c-d3a7-477c-82a2-f0ec33476d02 req-52bbcc8c-d3a7-477c-82a2-f0ec33476d02 ] Request (FlavorsAccessTestJSON:tearDownClass): 201 POST http://10.180.1.21/identity/v3/auth/tokens 0.061s
2025-04-14 14:29:42.643 70183 INFO tempest.lib.common.rest_client [req-5772ee58-d42b-4c57-bef2-f85165418492 req-5772ee58-d42b-4c57-bef2-f85165418492 ] Request (ValidationResourcesFixture:setUp): 201 POST http://10.180.1.21:9696/networking/v2.0/security-groups 0.380s
2025-04-14 14:29:42.696 70203 INFO tempest.lib.common.rest_client [req-28a210ed-7b2b-406b-8122-b3a1da2c4bca req-28a210ed-7b2b-406b-8122-b3a1da2c4bca ] Request (ServerExternalEventsTest:test_create_server_external_events): 200 GET http://10.180.1.21/compute/v2.1/servers/271fa258-0e8a-48ae-967b-e87ede527641 1.289s
2025-04-14 14:29:42.706 70230 INFO tempest.lib.common.rest_client [req-6983a352-d400-48c1-b3c4-9d4f1c0dd7ec req-6983a352-d400-48c1-b3c4-9d4f1c0dd7ec ] Request (QuotasAdminTestV236:test_get_updated_quotas): 200 GET http://10.180.1.21/compute/v2.1/os-quota-sets/7ef92f4609ed4495bcf4c0048686c1a5/detail 1.553s
2025-04-14 14:29:42.740 70230 INFO tempest.lib.common.rest_client [req-514e528e-6578-4707-a9e5-78c237fd3776 req-514e528e-6578-4707-a9e5-78c237fd3776 ] Request (QuotasAdminTestV236:test_get_updated_quotas): 200 GET http://10.180.1.21/identity/v3/domains?name=Default 0.026s
2025-04-14 14:29:42.770 70230 INFO tempest.lib.common.rest_client [req-c5128c5c-aef6-43c5-a7f8-f93212f9e31e req-c5128c5c-aef6-43c5-a7f8-f93212f9e31e ] Request (QuotasAdminTestV236:test_get_updated_quotas): 201 POST http://10.180.1.21/identity/v3/users 0.029s
2025-04-14 14:29:42.789 70219 INFO tempest.lib.common.rest_client [req-88ea8152-14b1-454e-99ec-9bdb13741b7e req-88ea8152-14b1-454e-99ec-9bdb13741b7e ] Request (ServerDiagnosticsNegativeTest:tearDownClass): 204 DELETE http://10.180.1.21/compute/v2.1/servers/97e3329a-2999-45a4-9ecb-0cc43fbe9eae 1.068s
2025-04-14 14:29:42.796 70230 INFO tempest.lib.common.rest_client [req-5f7cd42a-22b2-48ae-ba1d-fe2da3963958 req-5f7cd42a-22b2-48ae-ba1d-fe2da3963958 ] Request (QuotasAdminTestV236:test_get_updated_quotas): 200 GET http://10.180.1.21/identity/v3/domains?name=Default 0.025s
2025-04-14 14:29:42.808 70181 INFO tempest.lib.common.rest_client [req-960ed74d-566d-49f4-adf4-706dfc5da187 req-960ed74d-566d-49f4-adf4-706dfc5da187 ] Request (FlavorsExtraSpecsTestJSON:test_flavor_set_get_update_show_unset_keys): 200 DELETE http://10.180.1.21/compute/v2.1/flavors/1527059427/os-extra_specs/hw:cpu_policy 0.960s
2025-04-14 14:29:42.819 70232 INFO tempest.lib.common.rest_client [req-175d2694-6474-4bfd-a72b-3e89de3df331 req-175d2694-6474-4bfd-a72b-3e89de3df331 ] Request (FlavorsExtraSpecsNegativeTestJSON:test_flavor_unset_nonexistent_key): 404 DELETE http://10.180.1.21/compute/v2.1/flavors/772022587/os-extra_specs/hw:cpu_thread_policy 0.964s
2025-04-14 14:29:42.827 70209 INFO tempest.lib.common.rest_client [req-7fec1187-a6b4-4d35-8de8-264b4eeac262 req-7fec1187-a6b4-4d35-8de8-264b4eeac262 ] Request (HostsAdminTestJSON:tearDownClass): 200 GET http://10.180.1.21:9696/networking/v2.0/security-groups?tenant_id=8fc185fa7b6a4dbfacbdcfc471b4292c&name=default 0.443s
2025-04-14 14:29:42.906 70183 INFO tempest.lib.common.rest_client [req-cee15e11-0142-452d-a90f-7f886a23f53d req-cee15e11-0142-452d-a90f-7f886a23f53d ] Request (ValidationResourcesFixture:setUp): 201 POST http://10.180.1.21:9696/networking/v2.0/security-group-rules 0.263s
2025-04-14 14:29:42.909 70185 INFO tempest.lib.common.rest_client [req-72616425-4731-4166-b5e2-731c39bf13ec req-72616425-4731-4166-b5e2-731c39bf13ec ] Request (QuotasAdminNegativeTest:test_create_server_when_cpu_quota_is_full): 200 GET http://10.180.1.21/compute/v2.1/os-quota-sets/208dec4fcb23407491639c4b8372e259 1.017s
2025-04-14 14:29:42.915 70234 INFO tempest.lib.common.rest_client [req-04fc38e3-acfd-437d-90d2-874c55dbe5c9 req-04fc38e3-acfd-437d-90d2-874c55dbe5c9 ] Request (ImagesOneServerTestJSON:setUpClass): 200 GET http://10.180.1.21/compute/v2.1/servers/8c07d39f-cead-491a-a6a0-460e907cec58 1.263s
2025-04-14 14:29:42.947 70215 INFO tempest.lib.common.rest_client [req-2f421973-a85e-4752-a3e9-e7ed54f52ba0 req-2f421973-a85e-4752-a3e9-e7ed54f52ba0 ] Request (FlavorsAccessNegativeTestJSON:_run_cleanups): 200 GET http://10.180.1.21/compute/v2.1/flavors/detail 0.977s
2025-04-14 14:29:42.971 70205 INFO tempest.lib.common.rest_client [req-b92bed00-8820-44a3-af04-73b4e45d1cf8 req-b92bed00-8820-44a3-af04-73b4e45d1cf8 ] Request (HypervisorAdminV253TestBase:test_list_show_detail_hypervisors): 200 GET http://10.180.1.21/compute/v2.1/os-hypervisors?with_servers=True 1.007s
2025-04-14 14:29:42.995 70211 INFO tempest.lib.common.rest_client [req-6a0755fc-5bdf-4db9-b8b8-42a0b27ed630 req-6a0755fc-5bdf-4db9-b8b8-42a0b27ed630 ] Request (AggregatesAdminNegativeTestJSON:test_aggregate_add_non_exist_host): 404 POST http://10.180.1.21/compute/v2.1/os-aggregates/3/action 0.960s
2025-04-14 14:29:43.004 70238 INFO tempest.lib.common.rest_client [req-5740d828-9613-4fca-9d35-f8ef8db50cff req-5740d828-9613-4fca-9d35-f8ef8db50cff ] Request (FlavorsAccessTestJSON:tearDownClass): 200 GET http://10.180.1.21:9696/networking/v2.0/security-groups?tenant_id=a026b5fbf86e464db1dfba6fbb3e6d79&name=default 0.381s
2025-04-14 14:29:43.063 70228 INFO tempest.lib.common.rest_client [req-b82a4eb0-dd86-4f77-b42d-2f8677859c24 req-b82a4eb0-dd86-4f77-b42d-2f8677859c24 ] Request (ServicesAdminNegativeTestJSON:test_list_services_with_non_admin_user): 403 GET http://10.180.1.21/compute/v2.1/os-services 1.005s
2025-04-14 14:29:43.088 70187 INFO tempest.lib.common.rest_client [req-93efe3ee-7457-4728-82ff-b6bf4b698785 req-93efe3ee-7457-4728-82ff-b6bf4b698785 ] Request (ServerAddressesTestJSON:test_list_server_addresses_by_network): 200 GET http://10.180.1.21/compute/v2.1/servers/f744813b-d3de-48bc-90fd-586d676de5d7/ips/tempest-ServerAddressesTestJSON-1936196930-network 0.985s
2025-04-14 14:29:43.104 70209 INFO tempest.lib.common.rest_client [req-62bc026c-e9dc-4915-a2a8-a688d974b0ee req-62bc026c-e9dc-4915-a2a8-a688d974b0ee ] Request (HostsAdminTestJSON:tearDownClass): 204 DELETE http://10.180.1.21:9696/networking/v2.0/security-groups/0bf38b61-8dcf-4d0c-9128-716dd39d2313 0.276s
2025-04-14 14:29:43.149 70228 INFO tempest.lib.common.rest_client [req-3e5b637e-efbc-47fc-80d5-36b47579252f req-3e5b637e-efbc-47fc-80d5-36b47579252f ] Request (ServicesAdminNegativeTestJSON:tearDownClass): 204 DELETE http://10.180.1.21/identity/v3/users/a9c088ed1e1f494299a5b9d85ae63dbd 0.085s
2025-04-14 14:29:43.154 70191 INFO tempest.lib.common.rest_client [req-c0ecba6f-9d2d-4bcd-a8a0-186c27ad9476 req-c0ecba6f-9d2d-4bcd-a8a0-186c27ad9476 ] Request (SecurityGroupsTestAdminJSON:_run_cleanups): 202 DELETE http://10.180.1.21/compute/v2.1/os-security-groups/6ddc9479-af37-48b1-80a4-a71102f38850 1.129s
2025-04-14 14:29:43.163 70213 INFO tempest.lib.common.rest_client [req-b006061c-3b52-4afe-ac1b-7ec816ffdbe6 req-b006061c-3b52-4afe-ac1b-7ec816ffdbe6 ] Request (HypervisorAdminNegativeUnderV252Test:test_search_hypervisor_with_non_admin_user): 403 GET http://10.180.1.21/compute/v2.1/os-hypervisors/domain-c8.fc996f14-c53b-4953-92e3-bdfa48f5cc28/search 0.954s
2025-04-14 14:29:43.169 70183 INFO tempest.lib.common.rest_client [req-84b0e815-c035-488f-be63-a229311c9721 req-84b0e815-c035-488f-be63-a229311c9721 ] Request (ValidationResourcesFixture:setUp): 201 POST http://10.180.1.21:9696/networking/v2.0/security-group-rules 0.262s
2025-04-14 14:29:43.232 70238 INFO tempest.lib.common.rest_client [req-c8a9737f-67c4-4868-b55f-3d88167a6523 req-c8a9737f-67c4-4868-b55f-3d88167a6523 ] Request (FlavorsAccessTestJSON:tearDownClass): 204 DELETE http://10.180.1.21:9696/networking/v2.0/security-groups/29c6dc3f-ca3f-4c22-bbfb-c208f0992a56 0.228s
2025-04-14 14:29:43.244 70226 INFO tempest.lib.common.rest_client [req-95511ba6-98e2-4b17-83c0-2d0442ab9bbc req-95511ba6-98e2-4b17-83c0-2d0442ab9bbc ] Request (SecurityGroupsTestJSON:test_list_security_groups_by_server): 200 GET http://10.180.1.21/compute/v2.1/servers/debfde63-c64d-466f-b424-d8dd704ab30f 0.913s
2025-04-14 14:29:43.251 70199 INFO tempest.lib.common.rest_client [req-1badeeeb-492a-4708-b8e6-f8401680f1d6 req-1badeeeb-492a-4708-b8e6-f8401680f1d6 ] Request (ServersAdmin275Test:test_rebuild_update_server_275): 200 GET http://10.180.1.21/compute/v2.1/servers/bb6fe254-1c46-4bc6-a7a4-74ec26fa4079 0.994s
2025-04-14 14:29:43.274 70209 INFO tempest.lib.common.rest_client [req-ea96176e-a714-4fdf-ab3c-a74211d054ea req-ea96176e-a714-4fdf-ab3c-a74211d054ea ] Request (HostsAdminTestJSON:tearDownClass): 204 DELETE http://10.180.1.21/identity/v3/projects/8fc185fa7b6a4dbfacbdcfc471b4292c 0.168s
2025-04-14 14:29:43.274 70209 INFO tempest.lib.common.dynamic_creds [-] Deleting project and security group for project: 34a36a4f85ba425286cb4c0c7cd7f136
2025-04-14 14:29:43.281 70228 INFO tempest.lib.common.rest_client [req-2a557c4b-e1e8-49e7-936f-42d4e5b76988 req-2a557c4b-e1e8-49e7-936f-42d4e5b76988 ] Request (ServicesAdminNegativeTestJSON:tearDownClass): 204 DELETE http://10.180.1.21/identity/v3/users/71898c151a134db9bb8222bd7d3b6cd3 0.131s
2025-04-14 14:29:43.282 70228 INFO tempest.lib.common.dynamic_creds [-] Deleting project and security group for project: 74c58e13ed26467c9841a40ba830c069
2025-04-14 14:29:43.342 70197 INFO tempest.lib.common.rest_client [req-be9ff1b6-7067-480b-a69c-6c6d52d9b561 req-be9ff1b6-7067-480b-a69c-6c6d52d9b561 ] Request (VolumesAssistedSnapshotsTest:test_volume_assisted_snapshot_create_delete): 200 GET http://10.180.1.21/compute/v2.1/servers/b0455420-8630-4c65-8b2c-f949630c42f1 0.856s
2025-04-14 14:29:43.360 70175 INFO tempest.lib.common.rest_client [req-4b96f0d5-9c93-4789-83ca-a2bf6795d06a req-4b96f0d5-9c93-4789-83ca-a2bf6795d06a ] Request (ServersTestJSON:setUpClass): 200 GET http://10.180.1.21/compute/v2.1/servers/05e2282e-8e8c-461b-80a7-6e80aa812a95 0.968s
2025-04-14 14:29:43.368 70175 INFO tempest.common.waiters [-] State transition "BUILD/scheduling" ==> "BUILD/None" after 2 second wait
2025-04-14 14:29:43.420 70193 INFO tempest.lib.common.rest_client [req-42f651ff-59d0-45b7-ac44-ad45825c7c6b req-42f651ff-59d0-45b7-ac44-ad45825c7c6b ] Request (ImagesMetadataTestJSON:test_get_image_metadata_item): 200 GET http://10.180.1.21/compute/v2.1/images/2146e792-7722-4095-828c-b3fe3aa47a31/metadata/os_distro 0.866s
2025-04-14 14:29:43.425 70238 INFO tempest.lib.common.rest_client [req-be220047-3614-4de5-9c78-ad7e9b8a19ee req-be220047-3614-4de5-9c78-ad7e9b8a19ee ] Request (FlavorsAccessTestJSON:tearDownClass): 204 DELETE http://10.180.1.21/identity/v3/projects/a026b5fbf86e464db1dfba6fbb3e6d79 0.193s
2025-04-14 14:29:43.425 70238 INFO tempest.lib.common.dynamic_creds [-] Deleting project and security group for project: 8ecebf871900434f9b111e88ad541879
2025-04-14 14:29:43.433 70191 INFO tempest.lib.common.rest_client [req-8bc7c8e2-e960-4ac5-ae81-1f0c6c957140 req-8bc7c8e2-e960-4ac5-ae81-1f0c6c957140 ] Request (SecurityGroupsTestAdminJSON:tearDownClass): 204 DELETE http://10.180.1.21/identity/v3/users/8e9d8d3da55048e09b2693349bc2c4b9 0.271s
2025-04-14 14:29:43.502 70228 INFO tempest.lib.common.rest_client [req-eb4e5d46-8ece-42b1-a584-2723e8591f32 req-eb4e5d46-8ece-42b1-a584-2723e8591f32 ] Request (ServicesAdminNegativeTestJSON:tearDownClass): 201 POST http://10.180.1.21/identity/v3/auth/tokens 0.219s
2025-04-14 14:29:43.588 70191 INFO tempest.lib.common.rest_client [req-d27f49de-8bf4-4e9e-a3c3-b2bd12ec8fa0 req-d27f49de-8bf4-4e9e-a3c3-b2bd12ec8fa0 ] Request (SecurityGroupsTestAdminJSON:tearDownClass): 204 DELETE http://10.180.1.21/identity/v3/users/1b1b5a1e90c04c7a80ec42b89eb570bd 0.154s
2025-04-14 14:29:43.589 70191 INFO tempest.lib.common.dynamic_creds [-] Deleting project and security group for project: d019da65e712426ba5af4b1e8536eddb
2025-04-14 14:29:43.650 70179 INFO tempest.lib.common.rest_client [req-e979db4c-b401-4d35-b6f0-fe232bbf7da8 req-e979db4c-b401-4d35-b6f0-fe232bbf7da8 ] Request (ImagesNegativeTestJSON:test_create_image_from_deleted_server): 200 GET http://10.180.1.21/compute/v2.1/servers/9f503faf-77ea-42fc-ab3d-7483d725e0e9 1.097s
2025-04-14 14:29:43.662 70209 INFO tempest.lib.common.rest_client [req-df2a1658-06a9-43fb-a2b6-96bea39185be req-df2a1658-06a9-43fb-a2b6-96bea39185be ] Request (HostsAdminTestJSON:tearDownClass): 200 GET http://10.180.1.21:9696/networking/v2.0/security-groups?tenant_id=34a36a4f85ba425286cb4c0c7cd7f136&name=default 0.388s
2025-04-14 14:29:43.668 70191 INFO tempest.lib.common.rest_client [req-4066c45e-8f05-435f-b495-71006f2c42ac req-4066c45e-8f05-435f-b495-71006f2c42ac ] Request (SecurityGroupsTestAdminJSON:tearDownClass): 201 POST http://10.180.1.21/identity/v3/auth/tokens 0.079s
2025-04-14 14:29:43.675 70223 INFO tempest.lib.common.rest_client [req-c7ffd7a7-d906-4e71-980d-f58314c014a6 req-c7ffd7a7-d906-4e71-980d-f58314c014a6 ] Request (VolumesAdminNegativeTest:test_update_attached_volume_with_nonexistent_volume_in_body): 200 GET http://10.180.1.21/compute/v2.1/servers/facf78f4-ddc0-4821-9d88-045118633447 1.005s
2025-04-14 14:29:43.685 70223 INFO tempest.common.waiters [-] State transition "BUILD/block_device_mapping" ==> "BUILD/spawning" after 8 second wait
2025-04-14 14:29:43.798 70238 INFO tempest.lib.common.rest_client [req-a88347a3-2950-40af-a64c-38514e7cdb13 req-a88347a3-2950-40af-a64c-38514e7cdb13 ] Request (FlavorsAccessTestJSON:tearDownClass): 200 GET http://10.180.1.21:9696/networking/v2.0/security-groups?tenant_id=8ecebf871900434f9b111e88ad541879&name=default 0.371s
2025-04-14 14:29:43.803 70208 INFO tempest.lib.common.rest_client [req-59de7036-7305-4f99-9d4c-51c836c02581 req-59de7036-7305-4f99-9d4c-51c836c02581 ] Request (InstanceActionsNegativeTestJSON:setUpClass): 200 GET http://10.180.1.21/compute/v2.1/servers/3cdffc66-d1d0-4f8f-b386-7fa3b300ee56 1.017s
2025-04-14 14:29:44.020 70209 INFO tempest.lib.common.rest_client [req-5056141d-8c4c-4566-b3ea-06983bceeb4a req-5056141d-8c4c-4566-b3ea-06983bceeb4a ] Request (HostsAdminTestJSON:tearDownClass): 204 DELETE http://10.180.1.21:9696/networking/v2.0/security-groups/11201180-75c5-4fd7-868a-37673c511d92 0.356s
2025-04-14 14:29:44.022 70191 INFO tempest.lib.common.rest_client [req-ec571b32-68a3-4965-a326-f5bdd8e0e54a req-ec571b32-68a3-4965-a326-f5bdd8e0e54a ] Request (SecurityGroupsTestAdminJSON:tearDownClass): 200 GET http://10.180.1.21:9696/networking/v2.0/security-groups?tenant_id=d019da65e712426ba5af4b1e8536eddb&name=default 0.353s
2025-04-14 14:29:44.050 70195 INFO tempest.lib.common.rest_client [req-0edba29c-90cf-412c-9fe3-690285328ab6 req-0edba29c-90cf-412c-9fe3-690285328ab6 ] Request (DeleteServersAdminTestJSON:test_admin_delete_servers_of_others): 200 GET http://10.180.1.21/compute/v2.1/servers/4bf9024b-387f-4de3-8e44-885ef6f4ec85 1.379s
2025-04-14 14:29:44.057 70236 INFO tempest.lib.common.rest_client [req-0c036094-2900-4a8a-899b-8191e2c3f473 req-0c036094-2900-4a8a-899b-8191e2c3f473 ] Request (ServersTestFqdnHostnames:setUpClass): 201 POST http://10.180.1.21:9696/networking/v2.0/routers 2.134s
2025-04-14 14:29:44.061 70195 INFO tempest.common.waiters [-] State transition "BUILD/spawning" ==> "ACTIVE/None" after 19 second wait
2025-04-14 14:29:44.097 70209 INFO tempest.lib.common.rest_client [req-7d7cc99f-9b30-4854-a6d2-868a8f3171cf req-7d7cc99f-9b30-4854-a6d2-868a8f3171cf ] Request (HostsAdminTestJSON:tearDownClass): 204 DELETE http://10.180.1.21/identity/v3/projects/34a36a4f85ba425286cb4c0c7cd7f136 0.077s
2025-04-14 14:29:44.156 70219 INFO tempest.lib.common.rest_client [req-b7c9a364-8f4f-46d7-aad4-46090ceae241 req-b7c9a364-8f4f-46d7-aad4-46090ceae241 ] Request (ServerDiagnosticsNegativeTest:tearDownClass): 200 GET http://10.180.1.21/compute/v2.1/servers/97e3329a-2999-45a4-9ecb-0cc43fbe9eae 1.367s
2025-04-14 14:29:44.172 70181 INFO tempest.lib.common.rest_client [req-ea86b776-6c76-486d-8612-f28b6b8dc023 req-ea86b776-6c76-486d-8612-f28b6b8dc023 ] Request (FlavorsExtraSpecsTestJSON:test_flavor_set_get_update_show_unset_keys): 200 GET http://10.180.1.21/compute/v2.1/flavors/1527059427/os-extra_specs 1.364s
2025-04-14 14:29:44.181 70232 INFO tempest.lib.common.rest_client [req-797ef05c-7222-4631-8ec0-9dd67fe0ea79 req-797ef05c-7222-4631-8ec0-9dd67fe0ea79 ] Request (FlavorsExtraSpecsNegativeTestJSON:test_flavor_update_mismatch_key): 400 PUT http://10.180.1.21/compute/v2.1/flavors/772022587/os-extra_specs/hw:numa_nodes 1.359s
2025-04-14 14:29:44.186 70209 INFO tempest.lib.common.rest_client [req-8cbf5046-7af9-40b5-923b-779c5a8a0ac9 req-8cbf5046-7af9-40b5-923b-779c5a8a0ac9 ] Request (QuotasAdminTestJSON:setUpClass): 201 POST http://10.180.1.21/identity/v3/auth/tokens 0.087s
2025-04-14 14:29:44.227 70209 INFO tempest.lib.common.rest_client [req-95fd45f3-edb3-4c39-af3a-5c3b90e9c749 req-95fd45f3-edb3-4c39-af3a-5c3b90e9c749 ] Request (QuotasAdminTestJSON:setUpClass): 201 POST http://10.180.1.21/identity/v3/auth/tokens 0.039s
2025-04-14 14:29:44.269 70177 INFO tempest.lib.common.rest_client [req-280bfb6a-5a59-49cc-ace7-8c9bfcb46ee5 req-280bfb6a-5a59-49cc-ace7-8c9bfcb46ee5 ] Request (AttachInterfacesUnderV243Test:setUpClass): 200 PUT http://10.180.1.21:9696/networking/v2.0/routers/403253c5-35be-4efa-8244-93af9826443e/add_router_interface 2.412s
2025-04-14 14:29:44.269 70177 INFO tempest.lib.common.dynamic_creds [-] Created isolated network resources for: credentials: Credentials: {'domain_id': 'default', 'domain_name': 'Default', 'username': 'tempest-AttachInterfacesUnderV243Test-351980613-project-member', 'project_domain_id': 'default', 'project_domain_name': 'Default', 'project_id': 'aae352d78bed4516a024fe3a207a178d', 'project_name': 'tempest-AttachInterfacesUnderV243Test-351980613', 'tenant_id': 'aae352d78bed4516a024fe3a207a178d', 'tenant_name': 'tempest-AttachInterfacesUnderV243Test-351980613', 'user_domain_id': 'default', 'user_domain_name': 'Default', 'user_id': '24d9b19e22ee4583a81a76296091c7d5', 'system': None}, Network: {'id': 'da7c64ed-c901-40c5-95ad-0dbc3cff6c75', 'name': 'tempest-AttachInterfacesUnderV243Test-1472626846-network', 'tenant_id': 'aae352d78bed4516a024fe3a207a178d', 'admin_state_up': True, 'mtu': 8950, 'status': 'ACTIVE', 'subnets': [], 'shared': False, 'project_id': 'aae352d78bed4516a024fe3a207a178d', 'port_security_enabled': True, 'router:external': False, 'provider:network_type': 'vlan', 'provider:physical_network': 'default', 'provider:segmentation_id': 479, 'availability_zone_hints': [], 'availability_zones': [], 'ipv4_address_scope': None, 'ipv6_address_scope': None, 'description': '', 'tags': [], 'created_at': '2025-04-14T14:29:40Z', 'updated_at': '2025-04-14T14:29:40Z', 'revision_number': 1}, Subnet: {'id': '9e177d77-a51a-4e74-8ce7-da21e57466d0', 'name': 'tempest-AttachInterfacesUnderV243Test-1472626846-subnet', 'tenant_id': 'aae352d78bed4516a024fe3a207a178d', 'network_id': 'da7c64ed-c901-40c5-95ad-0dbc3cff6c75', 'ip_version': 4, 'subnetpool_id': None, 'enable_dhcp': True, 'ipv6_ra_mode': None, 'ipv6_address_mode': None, 'gateway_ip': '192.168.128.1', 'cidr': '192.168.128.0/28', 'allocation_pools': [{'start': '192.168.128.2', 'end': '192.168.128.14'}], 'host_routes': [], 'dns_nameservers': [], 'description': '', 'router:external': False, 'service_types': [], 'tags': [], 'created_at': '2025-04-14T14:29:40Z', 'updated_at': '2025-04-14T14:29:40Z', 'revision_number': 0, 'project_id': 'aae352d78bed4516a024fe3a207a178d'}, Router: {'id': '403253c5-35be-4efa-8244-93af9826443e', 'name': 'tempest-AttachInterfacesUnderV243Test-1472626846-router', 'tenant_id': 'aae352d78bed4516a024fe3a207a178d', 'admin_state_up': True, 'status': 'ACTIVE', 'external_gateway_info': {'network_id': '7bfa6066-d13a-4beb-bbe7-255e7a43b8e6', 'external_fixed_ips': [{'subnet_id': '2ca8ea3c-6878-4477-9023-437da695ca8e', 'ip_address': '10.180.180.128'}], 'enable_snat': True}, 'description': '', 'availability_zones': [], 'distributed': False, 'ha': False, 'availability_zone_hints': [], 'routes': [], 'flavor_id': None, 'tags': [], 'created_at': '2025-04-14T14:29:40Z', 'updated_at': '2025-04-14T14:29:41Z', 'revision_number': 2, 'project_id': 'aae352d78bed4516a024fe3a207a178d'}
2025-04-14 14:29:44.271 70209 INFO tempest.lib.common.rest_client [req-52618522-d781-44af-a384-1d02110bc12e req-52618522-d781-44af-a384-1d02110bc12e ] Request (QuotasAdminTestJSON:setUpClass): 200 GET http://10.180.1.21/identity/v3/domains?name=Default 0.044s
2025-04-14 14:29:44.285 70191 INFO tempest.lib.common.rest_client [req-84bc6ed6-a45c-4567-9765-9abd60649a45 req-84bc6ed6-a45c-4567-9765-9abd60649a45 ] Request (SecurityGroupsTestAdminJSON:tearDownClass): 204 DELETE http://10.180.1.21:9696/networking/v2.0/security-groups/279e4564-a6d9-4c9a-8cc3-509b2cfb981d 0.262s
2025-04-14 14:29:44.308 70228 INFO tempest.lib.common.rest_client [req-5e1c05d7-b563-4514-893e-a60986dc0d2a req-5e1c05d7-b563-4514-893e-a60986dc0d2a ] Request (ServicesAdminNegativeTestJSON:tearDownClass): 200 GET http://10.180.1.21:9696/networking/v2.0/security-groups?tenant_id=74c58e13ed26467c9841a40ba830c069&name=default 0.806s
2025-04-14 14:29:44.322 70209 INFO tempest.lib.common.rest_client [req-9275475b-b167-4512-a84e-17ccf781098f req-9275475b-b167-4512-a84e-17ccf781098f ] Request (QuotasAdminTestJSON:setUpClass): 201 POST http://10.180.1.21/identity/v3/projects 0.050s
2025-04-14 14:29:44.325 70238 INFO tempest.lib.common.rest_client [req-a4852bdb-acbb-4163-a66e-34242581a655 req-a4852bdb-acbb-4163-a66e-34242581a655 ] Request (FlavorsAccessTestJSON:tearDownClass): 204 DELETE http://10.180.1.21:9696/networking/v2.0/security-groups/814c3f31-82d6-4d24-893c-66a7ec08260f 0.525s
2025-04-14 14:29:44.350 70217 INFO tempest.lib.common.rest_client [req-cccecb64-dd53-470c-a8bb-3bb80de44ca8 req-cccecb64-dd53-470c-a8bb-3bb80de44ca8 ] Request (FloatingIPsTestJSON:tearDownClass): 200 PUT http://10.180.1.21:9696/networking/v2.0/routers/06747c82-d6bc-47bf-87e1-c29ae958bdac/remove_router_interface 2.278s
2025-04-14 14:29:44.360 70230 INFO tempest.lib.common.rest_client [req-f9f71ae3-734e-4769-a798-3de253dc8c43 req-f9f71ae3-734e-4769-a798-3de253dc8c43 ] Request (QuotasAdminTestV236:test_get_updated_quotas): 200 PUT http://10.180.1.21/compute/v2.1/os-quota-sets/7ef92f4609ed4495bcf4c0048686c1a5?user_id=f36dcb721b984119a147a3707e05c197 1.563s
2025-04-14 14:29:44.449 70177 INFO tempest.lib.common.rest_client [req-c84848e5-d82c-431c-8fec-1a000af578cf req-c84848e5-d82c-431c-8fec-1a000af578cf ] Request (AttachInterfacesUnderV243Test:setUpClass): 201 POST http://10.180.1.21/identity/v3/auth/tokens 0.169s
2025-04-14 14:29:44.466 70189 INFO tempest.lib.common.rest_client [req-2d698add-952a-40db-b6e4-c4995f0d9718 req-2d698add-952a-40db-b6e4-c4995f0d9718 ] Request (ServersV294TestFqdnHostnames:setUpClass): 200 GET http://10.180.1.21/compute/v2.1/servers/ad653df1-ac0a-4761-920f-bd75ce97292a 1.641s
2025-04-14 14:29:44.491 70209 INFO tempest.lib.common.rest_client [req-2228bcfc-1238-4797-9ed3-ac607fae2a97 req-2228bcfc-1238-4797-9ed3-ac607fae2a97 ] Request (QuotasAdminTestJSON:setUpClass): 201 POST http://10.180.1.21/identity/v3/users 0.168s
2025-04-14 14:29:44.501 70215 INFO tempest.lib.common.rest_client [req-5c7f5016-939c-445f-860b-f158d2598e37 req-5c7f5016-939c-445f-860b-f158d2598e37 ] Request (FlavorsAccessNegativeTestJSON:test_flavor_non_admin_add): 200 POST http://10.180.1.21/compute/v2.1/flavors 1.541s
2025-04-14 14:29:44.545 70205 INFO tempest.lib.common.rest_client [req-99f3ab0e-52fb-4290-8f1a-a32d69dfcd87 req-99f3ab0e-52fb-4290-8f1a-a32d69dfcd87 ] Request (HypervisorAdminV253TestBase:test_list_show_detail_hypervisors): 200 GET http://10.180.1.21/compute/v2.1/os-hypervisors/a0eb830e-e56f-4bef-ab3f-89644f27fe23 1.572s
2025-04-14 14:29:44.556 70191 INFO tempest.lib.common.rest_client [req-5338b111-2886-47ba-a757-05424cec1aae req-5338b111-2886-47ba-a757-05424cec1aae ] Request (SecurityGroupsTestAdminJSON:tearDownClass): 204 DELETE http://10.180.1.21/identity/v3/projects/d019da65e712426ba5af4b1e8536eddb 0.270s
2025-04-14 14:29:44.556 70191 INFO tempest.lib.common.dynamic_creds [-] Deleting project and security group for project: 0bf04a53f69943329c808c08d802b675
2025-04-14 14:29:44.575 70211 INFO tempest.lib.common.rest_client [req-d83519fb-fb71-4fd5-924b-87e7dc1eaeaa req-d83519fb-fb71-4fd5-924b-87e7dc1eaeaa ] Request (AggregatesAdminNegativeTestJSON:_run_cleanups): 200 DELETE http://10.180.1.21/compute/v2.1/os-aggregates/3 1.579s
2025-04-14 14:29:44.607 70209 INFO tempest.lib.common.rest_client [req-526cb3a2-f753-45d9-8767-021a15ba5f90 req-526cb3a2-f753-45d9-8767-021a15ba5f90 ] Request (QuotasAdminTestJSON:setUpClass): 200 GET http://10.180.1.21/identity/v3/roles 0.115s
2025-04-14 14:29:44.616 70228 INFO tempest.lib.common.rest_client [req-3967e492-7c7d-4832-82d0-2d7320ce0a27 req-3967e492-7c7d-4832-82d0-2d7320ce0a27 ] Request (ServicesAdminNegativeTestJSON:tearDownClass): 204 DELETE http://10.180.1.21:9696/networking/v2.0/security-groups/61ab6d0e-a727-4e5e-9454-e4160180154b 0.307s
2025-04-14 14:29:44.642 70238 INFO tempest.lib.common.rest_client [req-a8a2fc2a-0893-4299-8ed8-3ab99f79814e req-a8a2fc2a-0893-4299-8ed8-3ab99f79814e ] Request (FlavorsAccessTestJSON:tearDownClass): 204 DELETE http://10.180.1.21/identity/v3/projects/8ecebf871900434f9b111e88ad541879 0.317s
2025-04-14 14:29:44.648 70191 INFO tempest.lib.common.rest_client [req-abedd8c5-7e2c-4076-9909-ce1bfa061394 req-abedd8c5-7e2c-4076-9909-ce1bfa061394 ] Request (SecurityGroupsTestAdminJSON:tearDownClass): 200 GET http://10.180.1.21:9696/networking/v2.0/security-groups?tenant_id=0bf04a53f69943329c808c08d802b675&name=default 0.091s
2025-04-14 14:29:44.684 70187 INFO tempest.lib.common.rest_client [req-d3bc7a41-0a34-424c-8780-1251656c5bbc req-d3bc7a41-0a34-424c-8780-1251656c5bbc ] Request (ServerAddressesTestJSON:tearDownClass): 204 DELETE http://10.180.1.21/compute/v2.1/servers/f744813b-d3de-48bc-90fd-586d676de5d7 1.594s
2025-04-14 14:29:44.703 70213 INFO tempest.lib.common.rest_client [req-b5c8d4dc-e230-420f-8ae2-23f1f6c2413a req-b5c8d4dc-e230-420f-8ae2-23f1f6c2413a ] Request (HypervisorAdminNegativeUnderV252Test:test_search_nonexistent_hypervisor): 404 GET http://10.180.1.21/compute/v2.1/os-hypervisors/nonexistent_hypervisor_name/search 1.539s
2025-04-14 14:29:44.704 70205 INFO tempest.lib.common.rest_client [req-d8d493ce-7e85-47e6-8b03-df251b3a17cf req-d8d493ce-7e85-47e6-8b03-df251b3a17cf ] Request (HypervisorAdminV253TestBase:tearDownClass): 204 DELETE http://10.180.1.21/identity/v3/users/c9c08e4a0e9c4e5f8688b30c15121fd0 0.150s
2025-04-14 14:29:44.766 70209 INFO tempest.lib.common.rest_client [req-b005c6c3-cc5d-43b2-9a63-5ac09f4853f9 req-b005c6c3-cc5d-43b2-9a63-5ac09f4853f9 ] Request (QuotasAdminTestJSON:setUpClass): 204 PUT http://10.180.1.21/identity/v3/projects/9f56b5c783864b5981e101d39765c9cd/users/a0fffea8125d4ce598abe4dc710ce70e/roles/0e63667cf3084c70b339dd9a667e7834 0.159s
2025-04-14 14:29:44.766 70209 INFO tempest.lib.common.dynamic_creds [-] Dynamic test user a0fffea8125d4ce598abe4dc710ce70e is created with scope project and roles: ['member']
2025-04-14 14:29:44.767 70209 INFO tempest.lib.common.dynamic_creds [-] Acquired dynamic creds: credentials: Credentials: {'domain_id': 'default', 'domain_name': 'Default', 'username': 'tempest-QuotasAdminTestJSON-2128594791-project-member', 'project_domain_id': 'default', 'project_domain_name': 'Default', 'project_id': '9f56b5c783864b5981e101d39765c9cd', 'project_name': 'tempest-QuotasAdminTestJSON-2128594791', 'tenant_id': '9f56b5c783864b5981e101d39765c9cd', 'tenant_name': 'tempest-QuotasAdminTestJSON-2128594791', 'user_domain_id': 'default', 'user_domain_name': 'Default', 'user_id': 'a0fffea8125d4ce598abe4dc710ce70e', 'system': None}, Network: None, Subnet: None, Router: None
2025-04-14 14:29:44.767 70209 INFO tempest.lib.common.dynamic_creds [-] Created isolated network resources for: credentials: Credentials: {'domain_id': 'default', 'domain_name': 'Default', 'username': 'tempest-QuotasAdminTestJSON-2128594791-project-member', 'project_domain_id': 'default', 'project_domain_name': 'Default', 'project_id': '9f56b5c783864b5981e101d39765c9cd', 'project_name': 'tempest-QuotasAdminTestJSON-2128594791', 'tenant_id': '9f56b5c783864b5981e101d39765c9cd', 'tenant_name': 'tempest-QuotasAdminTestJSON-2128594791', 'user_domain_id': 'default', 'user_domain_name': 'Default', 'user_id': 'a0fffea8125d4ce598abe4dc710ce70e', 'system': None}, Network: None, Subnet: None, Router: None
2025-04-14 14:29:44.859 70228 INFO tempest.lib.common.rest_client [req-136a5618-cd0b-46b6-9f14-6b6294c4a938 req-136a5618-cd0b-46b6-9f14-6b6294c4a938 ] Request (ServicesAdminNegativeTestJSON:tearDownClass): 204 DELETE http://10.180.1.21/identity/v3/projects/74c58e13ed26467c9841a40ba830c069 0.242s
2025-04-14 14:29:44.860 70228 INFO tempest.lib.common.dynamic_creds [-] Deleting project and security group for project: 720c4c7d87c14eeeb1a29a5f987f63aa
2025-04-14 14:29:44.893 70193 INFO tempest.lib.common.rest_client [req-04676bc7-5d49-494b-b6e0-27da3c3f565e req-04676bc7-5d49-494b-b6e0-27da3c3f565e ] Request (ImagesMetadataTestJSON:setUp): 200 PUT http://10.180.1.21/compute/v2.1/images/2146e792-7722-4095-828c-b3fe3aa47a31/metadata 1.470s
2025-04-14 14:29:44.921 70185 INFO tempest.lib.common.rest_client [req-9d96ea77-6a3b-47f2-984d-5a5f57bbba99 req-9d96ea77-6a3b-47f2-984d-5a5f57bbba99 ] Request (QuotasAdminNegativeTest:test_create_server_when_cpu_quota_is_full): 200 PUT http://10.180.1.21/compute/v2.1/os-quota-sets/208dec4fcb23407491639c4b8372e259 2.010s
2025-04-14 14:29:44.949 70205 INFO tempest.lib.common.rest_client [req-dc6de150-d977-4529-94c5-cf4ee69ee36c req-dc6de150-d977-4529-94c5-cf4ee69ee36c ] Request (HypervisorAdminV253TestBase:tearDownClass): 204 DELETE http://10.180.1.21/identity/v3/users/8d6b6497f0de4148bd0d35f0970d7741 0.244s
2025-04-14 14:29:44.949 70205 INFO tempest.lib.common.dynamic_creds [-] Deleting project and security group for project: 443eea8636374dc3be75ca5fa195f47f
2025-04-14 14:29:44.969 70238 INFO tempest.lib.common.rest_client [req-06e81469-3216-4aff-b305-73c0befa909e req-06e81469-3216-4aff-b305-73c0befa909e ] Request (HostsAdminNegativeTestJSON:setUpClass): 201 POST http://10.180.1.21/identity/v3/auth/tokens 0.325s
2025-04-14 14:29:45.008 70183 INFO tempest.lib.common.rest_client [req-55f508c2-26ce-4a3a-a782-0e78ed623ddf req-55f508c2-26ce-4a3a-a782-0e78ed623ddf ] Request (ValidationResourcesFixture:setUp): 201 POST http://10.180.1.21:9696/networking/v2.0/floatingips 1.838s
2025-04-14 14:29:45.033 70201 INFO tempest.lib.common.rest_client [req-a92d92fc-0f5f-492e-839f-204e1a90b314 req-a92d92fc-0f5f-492e-839f-204e1a90b314 ] Request (ServersAdminNegativeTestJSON:setUpClass): 200 GET http://10.180.1.21/compute/v2.1/servers/2293f6bc-7334-4e4e-a155-41b528b62116 1.407s
2025-04-14 14:29:45.044 70185 INFO tempest.lib.common.rest_client [req-06b43cea-53c1-4766-9755-6a962a6989c4 req-06b43cea-53c1-4766-9755-6a962a6989c4 ] Request (QuotasAdminNegativeTest:test_create_server_when_cpu_quota_is_full): 201 POST http://10.180.1.21/identity/v3/auth/tokens 0.109s
2025-04-14 14:29:45.045 70185 INFO tempest.lib.common.fixed_network [-] (QuotasAdminNegativeTest:test_create_server_when_cpu_quota_is_full) Found network None available for tenant
2025-04-14 14:29:45.051 70209 INFO tempest.lib.common.rest_client [req-626d7c0d-1311-4bea-805a-8fba9f295dde req-626d7c0d-1311-4bea-805a-8fba9f295dde ] Request (QuotasAdminTestJSON:setUpClass): 201 POST http://10.180.1.21/identity/v3/auth/tokens 0.277s
2025-04-14 14:29:45.052 70191 INFO tempest.lib.common.rest_client [req-ccc94949-6d26-487b-b3d1-f4dbc1da70e3 req-ccc94949-6d26-487b-b3d1-f4dbc1da70e3 ] Request (SecurityGroupsTestAdminJSON:tearDownClass): 204 DELETE http://10.180.1.21:9696/networking/v2.0/security-groups/97dd027e-f87e-46f3-8a35-fd834c224569 0.403s
2025-04-14 14:29:45.121 70238 INFO tempest.lib.common.rest_client [req-35d9acd6-be9d-4f01-8a16-0ccc2e0c083c req-35d9acd6-be9d-4f01-8a16-0ccc2e0c083c ] Request (HostsAdminNegativeTestJSON:setUpClass): 201 POST http://10.180.1.21/identity/v3/auth/tokens 0.150s
2025-04-14 14:29:45.151 70205 INFO tempest.lib.common.rest_client [req-640d0fed-24e8-4323-9ba3-a42e6accde0f req-640d0fed-24e8-4323-9ba3-a42e6accde0f ] Request (HypervisorAdminV253TestBase:tearDownClass): 201 POST http://10.180.1.21/identity/v3/auth/tokens 0.201s
2025-04-14 14:29:45.177 70228 INFO tempest.lib.common.rest_client [req-61c2bb61-ab5a-4b24-a010-41886644e0cc req-61c2bb61-ab5a-4b24-a010-41886644e0cc ] Request (ServicesAdminNegativeTestJSON:tearDownClass): 200 GET http://10.180.1.21:9696/networking/v2.0/security-groups?tenant_id=720c4c7d87c14eeeb1a29a5f987f63aa&name=default 0.317s
2025-04-14 14:29:45.191 70183 INFO tempest.lib.common.rest_client [req-84bae0e2-11fa-4228-8eaa-97c1f8049788 req-84bae0e2-11fa-4228-8eaa-97c1f8049788 ] Request (ServersWithSpecificFlavorTestJSON:test_verify_created_server_ephemeral_disk): 201 POST http://10.180.1.21/identity/v3/auth/tokens 0.178s
2025-04-14 14:29:45.191 70183 INFO tempest.lib.common.fixed_network [-] (ServersWithSpecificFlavorTestJSON:test_verify_created_server_ephemeral_disk) Found network {'id': '9990422b-ade1-4f70-80e8-834e1b9db0c4', 'name': 'tempest-ServersWithSpecificFlavorTestJSON-1876836299-network', 'tenant_id': '7b8f7dfd0a5048ecb863582aefd01c46', 'admin_state_up': True, 'mtu': 8950, 'status': 'ACTIVE', 'subnets': [], 'shared': False, 'project_id': '7b8f7dfd0a5048ecb863582aefd01c46', 'port_security_enabled': True, 'router:external': False, 'provider:network_type': 'vlan', 'provider:physical_network': 'default', 'provider:segmentation_id': 600, 'availability_zone_hints': [], 'availability_zones': [], 'ipv4_address_scope': None, 'ipv6_address_scope': None, 'description': '', 'tags': [], 'created_at': '2025-04-14T14:29:15Z', 'updated_at': '2025-04-14T14:29:15Z', 'revision_number': 1} available for tenant
2025-04-14 14:29:45.202 70209 INFO tempest.lib.common.rest_client [req-5b45b348-288f-45c7-b6aa-663550c12d5a req-5b45b348-288f-45c7-b6aa-663550c12d5a ] Request (QuotasAdminTestJSON:setUpClass): 201 POST http://10.180.1.21/identity/v3/projects 0.151s
2025-04-14 14:29:45.261 70238 INFO tempest.lib.common.rest_client [req-f81ea77a-5711-4aec-9bcd-b93cd3336a86 req-f81ea77a-5711-4aec-9bcd-b93cd3336a86 ] Request (HostsAdminNegativeTestJSON:setUpClass): 200 GET http://10.180.1.21/identity/v3/domains?name=Default 0.139s
2025-04-14 14:29:45.308 70191 INFO tempest.lib.common.rest_client [req-acc86eca-efc0-4302-a986-86643205565b req-acc86eca-efc0-4302-a986-86643205565b ] Request (SecurityGroupsTestAdminJSON:tearDownClass): 204 DELETE http://10.180.1.21/identity/v3/projects/0bf04a53f69943329c808c08d802b675 0.256s
2025-04-14 14:29:45.387 70209 INFO tempest.lib.common.rest_client [req-cd22cdae-98ba-48e9-8014-f9bded642cde req-cd22cdae-98ba-48e9-8014-f9bded642cde ] Request (QuotasAdminTestJSON:setUpClass): 201 POST http://10.180.1.21/identity/v3/users 0.182s
2025-04-14 14:29:45.427 70191 INFO tempest.lib.common.rest_client [req-65571448-9410-47e0-967c-47df73ca1d0c req-65571448-9410-47e0-967c-47df73ca1d0c ] Request (FlavorsV2TestJSON:setUpClass): 201 POST http://10.180.1.21/identity/v3/auth/tokens 0.116s
2025-04-14 14:29:45.427 70238 INFO tempest.lib.common.rest_client [req-c0d263c4-ed2e-4c2d-94ac-700e7df7ea5b req-c0d263c4-ed2e-4c2d-94ac-700e7df7ea5b ] Request (HostsAdminNegativeTestJSON:setUpClass): 201 POST http://10.180.1.21/identity/v3/projects 0.165s
2025-04-14 14:29:45.488 70209 INFO tempest.lib.common.rest_client [req-1ecc9014-9f97-4d66-9bb6-637ea6ae99c4 req-1ecc9014-9f97-4d66-9bb6-637ea6ae99c4 ] Request (QuotasAdminTestJSON:setUpClass): 200 GET http://10.180.1.21/identity/v3/roles 0.101s
2025-04-14 14:29:45.491 70221 INFO tempest.lib.common.rest_client [req-32ded5d4-811e-42fa-abe5-c4ee2f7de5de req-32ded5d4-811e-42fa-abe5-c4ee2f7de5de ] Request (ServerDiagnosticsTest:test_get_server_diagnostics): 200 GET http://10.180.1.21/compute/v2.1/servers/fda564a3-b774-47e6-bf6d-12fb9e7077e4 2.065s
2025-04-14 14:29:45.495 70203 INFO tempest.lib.common.rest_client [req-1c091dcf-bc8f-46e2-9497-a1d70ed9fa41 req-1c091dcf-bc8f-46e2-9497-a1d70ed9fa41 ] Request (ServerExternalEventsTest:test_create_server_external_events): 200 GET http://10.180.1.21/compute/v2.1/servers/271fa258-0e8a-48ae-967b-e87ede527641 1.790s
2025-04-14 14:29:45.513 70203 INFO tempest.common.waiters [-] State transition "BUILD/None" ==> "BUILD/spawning" after 8 second wait
2025-04-14 14:29:45.517 70191 INFO tempest.lib.common.rest_client [req-4998cf5e-d500-42ab-a427-69d5c2004029 req-4998cf5e-d500-42ab-a427-69d5c2004029 ] Request (FlavorsV2TestJSON:setUpClass): 201 POST http://10.180.1.21/identity/v3/auth/tokens 0.087s
2025-04-14 14:29:45.545 70228 INFO tempest.lib.common.rest_client [req-f3d56383-8a46-4a6a-a781-9413ea01fa9f req-f3d56383-8a46-4a6a-a781-9413ea01fa9f ] Request (ServicesAdminNegativeTestJSON:tearDownClass): 204 DELETE http://10.180.1.21:9696/networking/v2.0/security-groups/760db966-1746-4720-9a8e-0345c0db0b66 0.366s
2025-04-14 14:29:45.546 70209 INFO tempest.lib.common.rest_client [req-ef50f901-482a-4433-a1bb-e2c21d76ef6d req-ef50f901-482a-4433-a1bb-e2c21d76ef6d ] Request (QuotasAdminTestJSON:setUpClass): 204 PUT http://10.180.1.21/identity/v3/projects/792b90a5805a4cf08de1a5e26efbf165/users/cb62c264ad4a45d98c1953a2f79fe6f8/roles/3f125c904d9c45e6a3c0f33195ec1bac 0.057s
2025-04-14 14:29:45.639 70238 INFO tempest.lib.common.rest_client [req-65aa2755-7869-4046-883a-5b8a54f64049 req-65aa2755-7869-4046-883a-5b8a54f64049 ] Request (HostsAdminNegativeTestJSON:setUpClass): 201 POST http://10.180.1.21/identity/v3/users 0.210s
2025-04-14 14:29:45.664 70191 INFO tempest.lib.common.rest_client [req-c570227a-1051-4e18-b13b-e6d252d406dc req-c570227a-1051-4e18-b13b-e6d252d406dc ] Request (FlavorsV2TestJSON:setUpClass): 200 GET http://10.180.1.21/identity/v3/domains?name=Default 0.146s
2025-04-14 14:29:45.682 70209 INFO tempest.lib.common.rest_client [req-475e01de-bf93-4fe7-acb8-24f4a061b595 req-475e01de-bf93-4fe7-acb8-24f4a061b595 ] Request (QuotasAdminTestJSON:setUpClass): 200 GET http://10.180.1.21/identity/v3/roles 0.136s
2025-04-14 14:29:45.716 70228 INFO tempest.lib.common.rest_client [req-0a75aeca-9bc5-4156-a182-29a7ccdb7a9e req-0a75aeca-9bc5-4156-a182-29a7ccdb7a9e ] Request (ServicesAdminNegativeTestJSON:tearDownClass): 204 DELETE http://10.180.1.21/identity/v3/projects/720c4c7d87c14eeeb1a29a5f987f63aa 0.169s
2025-04-14 14:29:45.740 70238 INFO tempest.lib.common.rest_client [req-82ac2fd2-f726-4bd5-8743-ca63f9164509 req-82ac2fd2-f726-4bd5-8743-ca63f9164509 ] Request (HostsAdminNegativeTestJSON:setUpClass): 200 GET http://10.180.1.21/identity/v3/roles 0.100s
2025-04-14 14:29:45.761 70205 INFO tempest.lib.common.rest_client [req-72ae6d66-9bbf-48a1-a4a1-43019c532bb5 req-72ae6d66-9bbf-48a1-a4a1-43019c532bb5 ] Request (HypervisorAdminV253TestBase:tearDownClass): 200 GET http://10.180.1.21:9696/networking/v2.0/security-groups?tenant_id=443eea8636374dc3be75ca5fa195f47f&name=default 0.610s
2025-04-14 14:29:45.779 70209 INFO tempest.lib.common.rest_client [req-9c36fd97-9f37-46df-90f4-3e0b44e8bb0b req-9c36fd97-9f37-46df-90f4-3e0b44e8bb0b ] Request (QuotasAdminTestJSON:setUpClass): 204 PUT http://10.180.1.21/identity/v3/projects/792b90a5805a4cf08de1a5e26efbf165/users/cb62c264ad4a45d98c1953a2f79fe6f8/roles/3f125c904d9c45e6a3c0f33195ec1bac 0.096s
2025-04-14 14:29:45.779 70209 INFO tempest.lib.common.dynamic_creds [-] Dynamic test user cb62c264ad4a45d98c1953a2f79fe6f8 is created with scope project and roles: ['admin']
2025-04-14 14:29:45.779 70209 INFO tempest.lib.common.dynamic_creds [-] Acquired dynamic creds: credentials: Credentials: {'domain_id': 'default', 'domain_name': 'Default', 'username': 'tempest-QuotasAdminTestJSON-404746519-project-admin', 'project_domain_id': 'default', 'project_domain_name': 'Default', 'project_id': '792b90a5805a4cf08de1a5e26efbf165', 'project_name': 'tempest-QuotasAdminTestJSON-404746519', 'tenant_id': '792b90a5805a4cf08de1a5e26efbf165', 'tenant_name': 'tempest-QuotasAdminTestJSON-404746519', 'user_domain_id': 'default', 'user_domain_name': 'Default', 'user_id': 'cb62c264ad4a45d98c1953a2f79fe6f8', 'system': None}, Network: None, Subnet: None, Router: None
2025-04-14 14:29:45.779 70209 INFO tempest.lib.common.dynamic_creds [-] Created isolated network resources for: credentials: Credentials: {'domain_id': 'default', 'domain_name': 'Default', 'username': 'tempest-QuotasAdminTestJSON-404746519-project-admin', 'project_domain_id': 'default', 'project_domain_name': 'Default', 'project_id': '792b90a5805a4cf08de1a5e26efbf165', 'project_name': 'tempest-QuotasAdminTestJSON-404746519', 'tenant_id': '792b90a5805a4cf08de1a5e26efbf165', 'tenant_name': 'tempest-QuotasAdminTestJSON-404746519', 'user_domain_id': 'default', 'user_domain_name': 'Default', 'user_id': 'cb62c264ad4a45d98c1953a2f79fe6f8', 'system': None}, Network: None, Subnet: None, Router: None
2025-04-14 14:29:45.803 70191 INFO tempest.lib.common.rest_client [req-a4981ab5-a25c-4205-9b48-0d70b04edcb2 req-a4981ab5-a25c-4205-9b48-0d70b04edcb2 ] Request (FlavorsV2TestJSON:setUpClass): 201 POST http://10.180.1.21/identity/v3/projects 0.138s
2025-04-14 14:29:45.819 70195 INFO tempest.lib.common.rest_client [req-533f2812-95cb-4779-b2c1-3bc2044e613f req-533f2812-95cb-4779-b2c1-3bc2044e613f ] Request (DeleteServersAdminTestJSON:test_admin_delete_servers_of_others): 204 DELETE http://10.180.1.21/compute/v2.1/servers/4bf9024b-387f-4de3-8e44-885ef6f4ec85 1.758s
2025-04-14 14:29:45.841 70181 INFO tempest.lib.common.rest_client [req-a23635b7-b0e2-452e-9f68-94420ef0a504 req-a23635b7-b0e2-452e-9f68-94420ef0a504 ] Request (FlavorsExtraSpecsTestJSON:tearDownClass): 202 DELETE http://10.180.1.21/compute/v2.1/flavors/1527059427 1.667s
2025-04-14 14:29:45.850 70232 INFO tempest.lib.common.rest_client [req-c2f02630-7e4e-4787-913e-22d3e406c350 req-c2f02630-7e4e-4787-913e-22d3e406c350 ] Request (FlavorsExtraSpecsNegativeTestJSON:test_flavor_update_more_key): 400 PUT http://10.180.1.21/compute/v2.1/flavors/772022587/os-extra_specs/hw:numa_nodes 1.666s
2025-04-14 14:29:45.862 70228 INFO tempest.lib.common.rest_client [req-da6302dc-d020-4201-b4c3-33b75ede5dd1 req-da6302dc-d020-4201-b4c3-33b75ede5dd1 ] Request (TenantUsagesNegativeTestJSON:setUpClass): 201 POST http://10.180.1.21/identity/v3/auth/tokens 0.144s
2025-04-14 14:29:45.903 70238 INFO tempest.lib.common.rest_client [req-9be124dd-2259-4594-9475-76ca1a80b147 req-9be124dd-2259-4594-9475-76ca1a80b147 ] Request (HostsAdminNegativeTestJSON:setUpClass): 204 PUT http://10.180.1.21/identity/v3/projects/2837f1f98c254a68a09fa301346d2301/users/bac75c62d08e4ad7ad9279dea996f3b0/roles/0e63667cf3084c70b339dd9a667e7834 0.162s
2025-04-14 14:29:45.903 70238 INFO tempest.lib.common.dynamic_creds [-] Dynamic test user bac75c62d08e4ad7ad9279dea996f3b0 is created with scope project and roles: ['member']
2025-04-14 14:29:45.904 70238 INFO tempest.lib.common.dynamic_creds [-] Acquired dynamic creds: credentials: Credentials: {'domain_id': 'default', 'domain_name': 'Default', 'username': 'tempest-HostsAdminNegativeTestJSON-1888432988-project-member', 'project_domain_id': 'default', 'project_domain_name': 'Default', 'project_id': '2837f1f98c254a68a09fa301346d2301', 'project_name': 'tempest-HostsAdminNegativeTestJSON-1888432988', 'tenant_id': '2837f1f98c254a68a09fa301346d2301', 'tenant_name': 'tempest-HostsAdminNegativeTestJSON-1888432988', 'user_domain_id': 'default', 'user_domain_name': 'Default', 'user_id': 'bac75c62d08e4ad7ad9279dea996f3b0', 'system': None}, Network: None, Subnet: None, Router: None
