2025-04-14 14:30:46.739 70217 INFO tempest.lib.common.rest_client [req-35bdf761-30eb-4a08-9327-3d5caf0da5a3 req-35bdf761-30eb-4a08-9327-3d5caf0da5a3 ] Request (ServerRescueNegativeTestJSON:setUpClass): 200 GET http://10.180.1.21/compute/v2.1/servers/6ab8c34d-5904-44ff-996e-115167ed5c54 1.116s
2025-04-14 14:30:46.745 70199 INFO tempest.lib.common.rest_client [req-98236b69-46b4-4603-905e-b96d072e9721 req-98236b69-46b4-4603-905e-b96d072e9721 ] Request (ServersAdmin275Test:tearDownClass): 200 GET http://10.180.1.21:9696/networking/v2.0/security-groups?tenant_id=7d36ba44f8d44ed9907e631779ff2594&name=default 0.203s
2025-04-14 14:30:46.828 70199 INFO tempest.lib.common.rest_client [req-398a8548-a18a-4c2a-aab9-481a715e29f2 req-398a8548-a18a-4c2a-aab9-481a715e29f2 ] Request (ServersAdmin275Test:tearDownClass): 204 DELETE http://10.180.1.21:9696/networking/v2.0/security-groups/f7d055c9-2d9b-44c4-84ad-11fd59aa04bd 0.083s
2025-04-14 14:30:46.842 70234 INFO tempest.lib.common.rest_client [req-6942307e-ac8a-418c-a268-185546ba59cb req-6942307e-ac8a-418c-a268-185546ba59cb ] Request (ImagesOneServerTestJSON:tearDownClass): 200 GET http://10.180.1.21/compute/v2.1/servers/8c07d39f-cead-491a-a6a0-460e907cec58 0.858s
2025-04-14 14:30:46.849 70234 INFO tempest.common.waiters [-] State transition "ACTIVE/deleting" ==> "DELETED/None" after 3 second wait
2025-04-14 14:30:46.887 70175 INFO tempest.lib.common.rest_client [req-8c0993bc-e9f2-4a6b-a478-26fd19745e84 req-8c0993bc-e9f2-4a6b-a478-26fd19745e84 ] Request (ServersTestJSON:test_list_servers): 200 GET http://10.180.1.21/compute/v2.1/servers 0.822s
2025-04-14 14:30:46.894 70197 WARNING tempest.lib.common.ssh [-] Failed to establish authenticated ssh connection to cirros@10.180.180.187 ([Errno None] Unable to connect to port 22 on 10.180.180.187). Number attempts: 5. Retry after 6 seconds.: paramiko.ssh_exception.NoValidConnectionsError: [Errno None] Unable to connect to port 22 on 10.180.180.187
2025-04-14 14:30:46.921 70199 INFO tempest.lib.common.rest_client [req-b0f4eef4-f602-430f-8edc-80af13950d08 req-b0f4eef4-f602-430f-8edc-80af13950d08 ] Request (ServersAdmin275Test:tearDownClass): 204 DELETE http://10.180.1.21/identity/v3/projects/7d36ba44f8d44ed9907e631779ff2594 0.092s
2025-04-14 14:30:46.956 70193 INFO tempest.lib.common.rest_client [req-ee8908c8-1b18-44bb-b025-ac08b3ec6e05 req-ee8908c8-1b18-44bb-b025-ac08b3ec6e05 ] Request (AttachInterfacesTestJSON:test_create_list_show_delete_interfaces_by_fixed_ip): 200 GET http://10.180.1.21/compute/v2.1/servers/ac25b921-0e82-4866-b73f-17e68740fa3a 0.859s
2025-04-14 14:30:46.959 70236 WARNING tempest.lib.common.ssh [-] Failed to establish authenticated ssh connection to cirros@10.180.180.148 ([Errno None] Unable to connect to port 22 on 10.180.180.148). Number attempts: 3. Retry after 4 seconds.: paramiko.ssh_exception.NoValidConnectionsError: [Errno None] Unable to connect to port 22 on 10.180.180.148
2025-04-14 14:30:46.973 70199 INFO tempest.lib.common.rest_client [req-a012a7fb-df5f-46ed-b522-898bfa751a46 req-a012a7fb-df5f-46ed-b522-898bfa751a46 ] Request (ServersAdminTestJSON:setUpClass): 201 POST http://10.180.1.21/identity/v3/auth/tokens 0.050s
2025-04-14 14:30:47.002 70199 INFO tempest.lib.common.rest_client [req-36bc5464-5b69-46a7-9d5f-b66aff23415a req-36bc5464-5b69-46a7-9d5f-b66aff23415a ] Request (ServersAdminTestJSON:setUpClass): 201 POST http://10.180.1.21/identity/v3/auth/tokens 0.026s
2025-04-14 14:30:47.029 70201 INFO tempest.lib.common.rest_client [req-f12890a4-8b4c-4d97-8a6d-caf0e588c734 req-f12890a4-8b4c-4d97-8a6d-caf0e588c734 ] Request (ServersAdminNegativeTestJSON:test_migrate_server_invalid_state): 200 GET http://10.180.1.21/compute/v2.1/servers/69194f68-ae44-470c-8b5c-645a22078f76 0.826s
2025-04-14 14:30:47.031 70199 INFO tempest.lib.common.rest_client [req-68eb4892-0fbb-492e-bb3b-8deca0f0a576 req-68eb4892-0fbb-492e-bb3b-8deca0f0a576 ] Request (ServersAdminTestJSON:setUpClass): 200 GET http://10.180.1.21/identity/v3/domains?name=Default 0.029s
2025-04-14 14:30:47.063 70199 INFO tempest.lib.common.rest_client [req-23e5cfb5-1524-424c-a7a4-a8fdbae5659d req-23e5cfb5-1524-424c-a7a4-a8fdbae5659d ] Request (ServersAdminTestJSON:setUpClass): 201 POST http://10.180.1.21/identity/v3/projects 0.031s
2025-04-14 14:30:47.107 70187 INFO tempest.lib.common.rest_client [req-e0c6bbd7-3b5b-43c1-b886-8881199775ab req-e0c6bbd7-3b5b-43c1-b886-8881199775ab ] Request (ServersListShow298Test:test_list_show_update_rebuild_server_298): 200 GET http://10.180.1.21/compute/v2.1/servers/dc2e6ca0-5cde-49d5-97b2-769f5899d3b8 0.802s
2025-04-14 14:30:47.119 70187 INFO tempest.common.waiters [-] State transition "BUILD/None" ==> "BUILD/networking" after 35 second wait
2025-04-14 14:30:47.126 70199 INFO tempest.lib.common.rest_client [req-34d5346d-2216-4c7d-9588-1ef3992efe41 req-34d5346d-2216-4c7d-9588-1ef3992efe41 ] Request (ServersAdminTestJSON:setUpClass): 201 POST http://10.180.1.21/identity/v3/users 0.062s
2025-04-14 14:30:47.154 70199 INFO tempest.lib.common.rest_client [req-ec1ced8d-e744-4ac0-9cbc-0790bb369c05 req-ec1ced8d-e744-4ac0-9cbc-0790bb369c05 ] Request (ServersAdminTestJSON:setUpClass): 200 GET http://10.180.1.21/identity/v3/roles 0.028s
2025-04-14 14:30:47.161 70191 INFO tempest.lib.common.rest_client [req-9df26d78-130c-441e-ad7a-2b844bb5ec96 req-9df26d78-130c-441e-ad7a-2b844bb5ec96 ] Request (FloatingIPsAssociationTestJSON:setUpClass): 200 GET http://10.180.1.21/compute/v2.1/servers/db67c772-084d-4422-9368-359b2990e501 0.748s
2025-04-14 14:30:47.184 70199 INFO tempest.lib.common.rest_client [req-72bba8e6-7d42-4f13-ace1-ec6dbdf41240 req-72bba8e6-7d42-4f13-ace1-ec6dbdf41240 ] Request (ServersAdminTestJSON:setUpClass): 204 PUT http://10.180.1.21/identity/v3/projects/3a1e778203624afa891b182fd8cae733/users/66f094ead41847c1ba727a39de678176/roles/0e63667cf3084c70b339dd9a667e7834 0.030s
2025-04-14 14:30:47.185 70199 INFO tempest.lib.common.dynamic_creds [-] Dynamic test user 66f094ead41847c1ba727a39de678176 is created with scope project and roles: ['member']
2025-04-14 14:30:47.185 70199 INFO tempest.lib.common.dynamic_creds [-] Acquired dynamic creds: credentials: Credentials: {'domain_id': 'default', 'domain_name': 'Default', 'username': 'tempest-ServersAdminTestJSON-2098057300-project-member', 'project_domain_id': 'default', 'project_domain_name': 'Default', 'project_id': '3a1e778203624afa891b182fd8cae733', 'project_name': 'tempest-ServersAdminTestJSON-2098057300', 'tenant_id': '3a1e778203624afa891b182fd8cae733', 'tenant_name': 'tempest-ServersAdminTestJSON-2098057300', 'user_domain_id': 'default', 'user_domain_name': 'Default', 'user_id': '66f094ead41847c1ba727a39de678176', 'system': None}, Network: None, Subnet: None, Router: None
2025-04-14 14:30:47.219 70203 INFO tempest.lib.common.rest_client [req-5405e906-e961-4ad8-95f9-bd7090996dd2 req-5405e906-e961-4ad8-95f9-bd7090996dd2 ] Request (ImagesOneServerNegativeTestJSON:setUpClass): 200 GET http://10.180.1.21/compute/v2.1/servers/4817a2cf-e32a-4b0e-b8e2-cb671253d08e 0.685s
2025-04-14 14:30:47.261 70199 INFO tempest.lib.common.rest_client [req-ea1f6ea9-c076-42fe-94cb-81dc6178bc42 req-ea1f6ea9-c076-42fe-94cb-81dc6178bc42 ] Request (ServersAdminTestJSON:setUpClass): 201 POST http://10.180.1.21/identity/v3/auth/tokens 0.076s
2025-04-14 14:30:47.315 70232 INFO tempest.lib.common.rest_client [req-704e3a6b-659c-4a9d-8721-72cdc6253584 req-704e3a6b-659c-4a9d-8721-72cdc6253584 ] Request (ServerActionsTestOtherA:setUpClass): 200 GET http://10.180.1.21/compute/v2.1/servers/fb3a5c65-6522-4ca6-af8d-cc79d9847237/os-interface 0.701s
2025-04-14 14:30:47.384 70195 INFO tempest.lib.common.rest_client [req-1641ad06-f298-41d1-8dfa-15864a348158 req-1641ad06-f298-41d1-8dfa-15864a348158 ] Request (DeleteServersAdminTestJSON:test_delete_server_while_in_error_state): 200 GET http://10.180.1.21/compute/v2.1/servers/2be1c4d5-f545-4f09-ad05-dd42fb852519 0.764s
2025-04-14 14:30:47.461 70221 INFO tempest.lib.common.rest_client [req-89a3b0a5-c5f7-4760-9f9d-e01442f29d31 req-89a3b0a5-c5f7-4760-9f9d-e01442f29d31 ] Request (ServerAddressesNegativeTestJSON:setUpClass): 200 GET http://10.180.1.21/compute/v2.1/servers/ffe0c36e-d8d8-4002-9ffc-a79fa8c239f7 0.752s
2025-04-14 14:30:47.509 70179 INFO tempest.lib.common.rest_client [req-6f36fb89-c781-4e67-bb49-b134acc90e16 req-6f36fb89-c781-4e67-bb49-b134acc90e16 ] Request (InstanceActionsV221TestJSON:setUpClass): 200 PUT http://10.180.1.21:9696/networking/v2.0/routers/a77f83fe-3b2e-4168-845a-66b2a39e0d07/add_router_interface 2.856s
2025-04-14 14:30:47.509 70179 INFO tempest.lib.common.dynamic_creds [-] Created isolated network resources for: credentials: Credentials: {'domain_id': 'default', 'domain_name': 'Default', 'username': 'tempest-InstanceActionsV221TestJSON-1479250590-project-member', 'project_domain_id': 'default', 'project_domain_name': 'Default', 'project_id': 'd0092f5dfb484464b888ada5da23ec76', 'project_name': 'tempest-InstanceActionsV221TestJSON-1479250590', 'tenant_id': 'd0092f5dfb484464b888ada5da23ec76', 'tenant_name': 'tempest-InstanceActionsV221TestJSON-1479250590', 'user_domain_id': 'default', 'user_domain_name': 'Default', 'user_id': '5468b7ff96eb4159a08d9c8e4e77a62a', 'system': None}, Network: {'id': 'c0cd08ab-3670-428f-a8f1-81eecfe0256a', 'name': 'tempest-InstanceActionsV221TestJSON-629357817-network', 'tenant_id': 'd0092f5dfb484464b888ada5da23ec76', 'admin_state_up': True, 'mtu': 8950, 'status': 'ACTIVE', 'subnets': [], 'shared': False, 'project_id': 'd0092f5dfb484464b888ada5da23ec76', 'port_security_enabled': True, 'router:external': False, 'provider:network_type': 'vlan', 'provider:physical_network': 'default', 'provider:segmentation_id': 817, 'availability_zone_hints': [], 'availability_zones': [], 'ipv4_address_scope': None, 'ipv6_address_scope': None, 'description': '', 'tags': [], 'created_at': '2025-04-14T14:30:42Z', 'updated_at': '2025-04-14T14:30:42Z', 'revision_number': 1}, Subnet: {'id': '044b869d-7ef9-4f35-8246-b3d4bf0d5a0b', 'name': 'tempest-InstanceActionsV221TestJSON-629357817-subnet', 'tenant_id': 'd0092f5dfb484464b888ada5da23ec76', 'network_id': 'c0cd08ab-3670-428f-a8f1-81eecfe0256a', 'ip_version': 4, 'subnetpool_id': None, 'enable_dhcp': True, 'ipv6_ra_mode': None, 'ipv6_address_mode': None, 'gateway_ip': '192.168.128.1', 'cidr': '192.168.128.0/28', 'allocation_pools': [{'start': '192.168.128.2', 'end': '192.168.128.14'}], 'host_routes': [], 'dns_nameservers': [], 'description': '', 'router:external': False, 'service_types': [], 'tags': [], 'created_at': '2025-04-14T14:30:43Z', 'updated_at': '2025-04-14T14:30:43Z', 'revision_number': 0, 'project_id': 'd0092f5dfb484464b888ada5da23ec76'}, Router: {'id': 'a77f83fe-3b2e-4168-845a-66b2a39e0d07', 'name': 'tempest-InstanceActionsV221TestJSON-629357817-router', 'tenant_id': 'd0092f5dfb484464b888ada5da23ec76', 'admin_state_up': True, 'status': 'ACTIVE', 'external_gateway_info': {'network_id': '7bfa6066-d13a-4beb-bbe7-255e7a43b8e6', 'external_fixed_ips': [{'subnet_id': '2ca8ea3c-6878-4477-9023-437da695ca8e', 'ip_address': '10.180.180.250'}], 'enable_snat': True}, 'description': '', 'availability_zones': [], 'distributed': False, 'ha': False, 'availability_zone_hints': [], 'routes': [], 'flavor_id': None, 'tags': [], 'created_at': '2025-04-14T14:30:43Z', 'updated_at': '2025-04-14T14:30:44Z', 'revision_number': 2, 'project_id': 'd0092f5dfb484464b888ada5da23ec76'}
2025-04-14 14:30:47.531 70211 INFO tempest.lib.common.rest_client [req-8702b4cc-fedf-4a07-8e3c-ae6fcb245ec8 req-8702b4cc-fedf-4a07-8e3c-ae6fcb245ec8 ] Request (ServerDiagnosticsV248Test:test_get_server_diagnostics): 200 GET http://10.180.1.21/compute/v2.1/servers/6ef9630b-3885-432a-a03e-aa31e83127fe 0.814s
2025-04-14 14:30:47.591 70226 INFO tempest.lib.common.rest_client [req-5e364711-b0f1-4584-b0f8-badbc36d3bf4 req-5e364711-b0f1-4584-b0f8-badbc36d3bf4 ] Request (SecurityGroupsTestJSON:test_server_security_groups): 200 GET http://10.180.1.21/compute/v2.1/servers/40ab1d76-b344-4bef-bf59-53c63aa31cae 0.786s
2025-04-14 14:30:47.622 70179 INFO tempest.lib.common.rest_client [req-668b6d88-b1d1-4076-abb7-b25ecde5ab76 req-668b6d88-b1d1-4076-abb7-b25ecde5ab76 ] Request (InstanceActionsV221TestJSON:setUpClass): 201 POST http://10.180.1.21/identity/v3/auth/tokens 0.108s
2025-04-14 14:30:47.675 70179 INFO tempest.lib.common.rest_client [req-9a44fa1a-6182-4365-8b12-b5b2f8176175 req-9a44fa1a-6182-4365-8b12-b5b2f8176175 ] Request (InstanceActionsV221TestJSON:test_get_list_deleted_instance_actions): 201 POST http://10.180.1.21/identity/v3/auth/tokens 0.047s
2025-04-14 14:30:47.675 70179 INFO tempest.lib.common.fixed_network [-] (InstanceActionsV221TestJSON:test_get_list_deleted_instance_actions) Found network {'id': 'c0cd08ab-3670-428f-a8f1-81eecfe0256a', 'name': 'tempest-InstanceActionsV221TestJSON-629357817-network', 'tenant_id': 'd0092f5dfb484464b888ada5da23ec76', 'admin_state_up': True, 'mtu': 8950, 'status': 'ACTIVE', 'subnets': [], 'shared': False, 'project_id': 'd0092f5dfb484464b888ada5da23ec76', 'port_security_enabled': True, 'router:external': False, 'provider:network_type': 'vlan', 'provider:physical_network': 'default', 'provider:segmentation_id': 817, 'availability_zone_hints': [], 'availability_zones': [], 'ipv4_address_scope': None, 'ipv6_address_scope': None, 'description': '', 'tags': [], 'created_at': '2025-04-14T14:30:42Z', 'updated_at': '2025-04-14T14:30:42Z', 'revision_number': 1} available for tenant
2025-04-14 14:30:47.678 70205 INFO tempest.lib.common.rest_client [req-d03d2dd5-a41f-4ed4-8578-b222ceb1b4c6 req-d03d2dd5-a41f-4ed4-8578-b222ceb1b4c6 ] Request (ServersListShow2100Test:test_list_show_rebuild_update_server_2100): 200 GET http://10.180.1.21/compute/v2.1/servers/fedb8a4e-eacc-4934-936e-67bbf44807a3 0.856s
2025-04-14 14:30:47.690 70205 INFO tempest.common.waiters [-] State transition "REBUILD/rebuild_spawning" ==> "ACTIVE/None" after 10 second wait
2025-04-14 14:30:47.724 70223 WARNING tempest.lib.common.ssh [-] Failed to establish authenticated ssh connection to cirros@10.180.180.141 ([Errno None] Unable to connect to port 22 on 10.180.180.141). Number attempts: 7. Retry after 8 seconds.: paramiko.ssh_exception.NoValidConnectionsError: [Errno None] Unable to connect to port 22 on 10.180.180.141
2025-04-14 14:30:47.775 70199 INFO tempest.lib.common.rest_client [req-aaf3995d-9688-4b31-b456-cb18c9b64bfb req-aaf3995d-9688-4b31-b456-cb18c9b64bfb ] Request (ServersAdminTestJSON:setUpClass): 201 POST http://10.180.1.21:9696/networking/v2.0/networks 0.514s
2025-04-14 14:30:47.938 70175 INFO tempest.lib.common.rest_client [req-c41ea4ed-b0f4-4c38-8102-3e6cb474aab2 req-c41ea4ed-b0f4-4c38-8102-3e6cb474aab2 ] Request (ServersTestJSON:test_list_servers_with_detail): 200 GET http://10.180.1.21/compute/v2.1/servers/detail 1.047s
2025-04-14 14:30:47.965 70228 INFO tempest.lib.common.rest_client [req-5338d1f0-85c8-4a92-a7ee-18a1add04f00 req-5338d1f0-85c8-4a92-a7ee-18a1add04f00 ] Request (FloatingIPsAssociationNegativeTestJSON:_run_cleanups): 202 POST http://10.180.1.21/compute/v2.1/servers/1ef7f64d-2ff3-42ac-ab7d-5571b8a3936a/action 2.370s
2025-04-14 14:30:48.029 70213 INFO tempest.lib.common.rest_client [req-d5556f9d-5255-4984-93bf-bf4a4ba346f2 req-d5556f9d-5255-4984-93bf-bf4a4ba346f2 ] Request (MultipleCreateTestJSON:_run_cleanups): 200 GET http://10.180.1.21/compute/v2.1/servers/8b3fc45d-1ae6-40fa-b3ff-7c3f472e580a 0.886s
2025-04-14 14:30:48.036 70213 INFO tempest.common.waiters [-] State transition "ACTIVE/deleting" ==> "DELETED/None" after 4 second wait
2025-04-14 14:30:48.051 70185 INFO tempest.lib.common.rest_client [req-aeaaec5e-b6ef-47c4-9160-cdb4fc453c59 req-aeaaec5e-b6ef-47c4-9160-cdb4fc453c59 ] Request (TenantUsagesTestJSON:setUpClass): 200 GET http://10.180.1.21/compute/v2.1/servers/c8eabe40-9899-453d-83f3-2d5d0f9ce518 0.981s
2025-04-14 14:30:48.060 70199 INFO tempest.lib.common.rest_client [req-b0d65b61-5733-46e9-a0a6-f87a45d100f2 req-b0d65b61-5733-46e9-a0a6-f87a45d100f2 ] Request (ServersAdminTestJSON:setUpClass): 201 POST http://10.180.1.21:9696/networking/v2.0/subnets 0.282s
2025-04-14 14:30:48.073 70232 INFO tempest.lib.common.rest_client [req-6863a577-654c-4ce7-8f1a-401eb1fbbad1 req-6863a577-654c-4ce7-8f1a-401eb1fbbad1 ] Request (ServerActionsTestOtherA:setUpClass): 200 PUT http://10.180.1.21:9696/networking/v2.0/floatingips/8607760f-7da5-4587-ba0b-86cdd165b12f 0.752s
2025-04-14 14:30:48.075 70232 INFO tempest.lib.common.ssh [-] Creating ssh connection to '10.180.180.240:22' as 'cirros' with public key authentication
2025-04-14 14:30:48.134 70208 INFO tempest.lib.common.rest_client [req-0ac7b49f-0349-4f64-a5a2-e53acc9bdd7a req-0ac7b49f-0349-4f64-a5a2-e53acc9bdd7a ] Request (ServersAaction247Test:test_create_backup): 200 GET http://10.180.1.21/compute/v2.1/servers/ef58474f-c1e2-4930-b418-f03d5c4d3e31 0.675s
2025-04-14 14:30:48.149 70230 INFO tempest.lib.common.rest_client [req-2710ada2-44f1-470f-a362-395f835b5aec req-2710ada2-44f1-470f-a362-395f835b5aec ] Request (ServersTestMultiNic:test_verify_duplicate_network_nics): 200 GET http://10.180.1.21/compute/v2.1/servers/5ae00053-c24f-44a5-a6b6-c4d1ec6f9f0b 0.969s
2025-04-14 14:30:48.193 70209 INFO tempest.lib.common.rest_client [req-91f8c738-bcf3-4311-a6e0-79143ecaa3c9 req-91f8c738-bcf3-4311-a6e0-79143ecaa3c9 ] Request (AttachInterfacesV270Test:test_create_get_list_interfaces): 200 GET http://10.180.1.21/compute/v2.1/servers/a772ac67-f9c2-435c-8ed6-5b9fcb95bf9e 0.605s
2025-04-14 14:30:48.218 70219 INFO tempest.lib.common.rest_client [req-e5316633-4477-4102-af72-f1be32306167 req-e5316633-4477-4102-af72-f1be32306167 ] Request (ServersTestBootFromVolume:setUpClass): 200 GET http://10.180.1.21/compute/v2.1/servers/d9b711b5-7df8-4fc8-9c98-a9a6e2c63303 0.547s
2025-04-14 14:30:48.313 70205 INFO tempest.lib.common.rest_client [req-538277fb-008a-40fc-8461-c36527e39484 req-538277fb-008a-40fc-8461-c36527e39484 ] Request (ServersListShow2100Test:tearDownClass): 204 DELETE http://10.180.1.21/compute/v2.1/servers/fedb8a4e-eacc-4934-936e-67bbf44807a3 0.616s
2025-04-14 14:30:48.371 70217 INFO tempest.lib.common.rest_client [req-161c7b14-9c59-452c-9f17-675e304d646c req-161c7b14-9c59-452c-9f17-675e304d646c ] Request (ServerRescueNegativeTestJSON:setUpClass): 200 GET http://10.180.1.21/compute/v2.1/servers/6ab8c34d-5904-44ff-996e-115167ed5c54 0.624s
2025-04-14 14:30:48.466 70234 INFO tempest.lib.common.rest_client [req-d659cc94-5d0f-47ad-9a66-adc999eabdbb req-d659cc94-5d0f-47ad-9a66-adc999eabdbb ] Request (ImagesOneServerTestJSON:tearDownClass): 200 GET http://10.180.1.21/compute/v2.1/servers/8c07d39f-cead-491a-a6a0-460e907cec58 0.616s
2025-04-14 14:30:48.477 70175 INFO tempest.lib.common.rest_client [req-ad6d3009-ad22-4f84-ad7b-1de1a02a797c req-ad6d3009-ad22-4f84-ad7b-1de1a02a797c ] Request (ServersTestJSON:test_verify_created_server_vcpus): 200 GET http://10.180.1.21/compute/v2.1/flavors/42 0.531s
2025-04-14 14:30:48.480 70175 INFO tempest.lib.common.ssh [-] Creating ssh connection to '10.180.180.165:22' as 'cirros' with public key authentication
2025-04-14 14:30:48.483 70175 INFO paramiko.transport [-] Connected (version 2.0, client dropbear_2020.81)
2025-04-14 14:30:48.538 70175 INFO paramiko.transport [-] Authentication (publickey) successful!
2025-04-14 14:30:48.538 70175 INFO tempest.lib.common.ssh [-] ssh connection to cirros@10.180.180.165 successfully created
2025-04-14 14:30:48.556 70193 INFO tempest.lib.common.rest_client [req-4fec22fa-6f5b-4175-b92d-694163bed5b7 req-4fec22fa-6f5b-4175-b92d-694163bed5b7 ] Request (AttachInterfacesTestJSON:test_create_list_show_delete_interfaces_by_fixed_ip): 200 GET http://10.180.1.21/compute/v2.1/servers/ac25b921-0e82-4866-b73f-17e68740fa3a 0.591s
2025-04-14 14:30:48.693 70179 INFO tempest.lib.common.rest_client [req-f7df5788-e77c-4f0b-994c-9ab3e7e3fc84 req-f7df5788-e77c-4f0b-994c-9ab3e7e3fc84 ] Request (InstanceActionsV221TestJSON:test_get_list_deleted_instance_actions): 202 POST http://10.180.1.21/compute/v2.1/servers 1.017s
2025-04-14 14:30:48.753 70199 INFO tempest.lib.common.rest_client [req-68d4cc8d-8a3d-4aea-873c-9144fb877efd req-68d4cc8d-8a3d-4aea-873c-9144fb877efd ] Request (ServersAdminTestJSON:setUpClass): 201 POST http://10.180.1.21:9696/networking/v2.0/routers 0.692s
2025-04-14 14:30:48.786 70201 INFO tempest.lib.common.rest_client [req-07c569a8-5068-4f8d-8f14-d0ed91752fff req-07c569a8-5068-4f8d-8f14-d0ed91752fff ] Request (ServersAdminNegativeTestJSON:test_migrate_server_invalid_state): 200 GET http://10.180.1.21/compute/v2.1/servers/69194f68-ae44-470c-8b5c-645a22078f76 0.747s
2025-04-14 14:30:48.878 70187 INFO tempest.lib.common.rest_client [req-f0a11b44-51fe-4fc2-9f8e-4d441c20c854 req-f0a11b44-51fe-4fc2-9f8e-4d441c20c854 ] Request (ServersListShow298Test:test_list_show_update_rebuild_server_298): 200 GET http://10.180.1.21/compute/v2.1/servers/dc2e6ca0-5cde-49d5-97b2-769f5899d3b8 0.757s
2025-04-14 14:30:48.890 70187 INFO tempest.common.waiters [-] State transition "BUILD/networking" ==> "BUILD/block_device_mapping" after 36 second wait
2025-04-14 14:30:48.944 70191 INFO tempest.lib.common.rest_client [req-9023a412-cc21-4435-b5b4-73f94dd0fbad req-9023a412-cc21-4435-b5b4-73f94dd0fbad ] Request (FloatingIPsAssociationTestJSON:setUpClass): 200 GET http://10.180.1.21/compute/v2.1/servers/db67c772-084d-4422-9368-359b2990e501 0.774s
2025-04-14 14:30:48.986 70228 INFO tempest.lib.common.rest_client [req-82fa41d1-4088-4ce1-adc2-934e53ec9b02 req-82fa41d1-4088-4ce1-adc2-934e53ec9b02 ] Request (FloatingIPsAssociationNegativeTestJSON:_run_cleanups): 202 DELETE http://10.180.1.21/compute/v2.1/os-floating-ips/a8bb6fb2-e92c-4be7-bbb3-198011c5d2c1 1.020s
2025-04-14 14:30:49.006 70203 INFO tempest.lib.common.rest_client [req-170e29a1-1c2f-481f-8052-4669a8e6278b req-170e29a1-1c2f-481f-8052-4669a8e6278b ] Request (ImagesOneServerNegativeTestJSON:setUpClass): 200 GET http://10.180.1.21/compute/v2.1/servers/4817a2cf-e32a-4b0e-b8e2-cb671253d08e 0.779s
2025-04-14 14:30:49.065 70195 INFO tempest.lib.common.rest_client [req-262ac5f2-2d3e-4288-a3bf-6c3259b4a4a2 req-262ac5f2-2d3e-4288-a3bf-6c3259b4a4a2 ] Request (DeleteServersAdminTestJSON:test_delete_server_while_in_error_state): 200 GET http://10.180.1.21/compute/v2.1/servers/2be1c4d5-f545-4f09-ad05-dd42fb852519 0.667s
2025-04-14 14:30:49.081 70205 INFO tempest.lib.common.rest_client [req-e15eec38-9c3d-4717-b534-9cb58aae9a63 req-e15eec38-9c3d-4717-b534-9cb58aae9a63 ] Request (ServersListShow2100Test:tearDownClass): 200 GET http://10.180.1.21/compute/v2.1/servers/fedb8a4e-eacc-4934-936e-67bbf44807a3 0.768s
2025-04-14 14:30:49.122 70221 INFO tempest.lib.common.rest_client [req-48e09ee6-3d9e-4537-8bde-ee559228c005 req-48e09ee6-3d9e-4537-8bde-ee559228c005 ] Request (ServerAddressesNegativeTestJSON:setUpClass): 200 GET http://10.180.1.21/compute/v2.1/servers/ffe0c36e-d8d8-4002-9ffc-a79fa8c239f7 0.650s
2025-04-14 14:30:49.177 70175 INFO tempest.lib.common.rest_client [req-0577628a-f78b-43ac-b6c6-d382cf1d9f03 req-0577628a-f78b-43ac-b6c6-d382cf1d9f03 ] Request (ServersTestJSON:tearDownClass): 204 DELETE http://10.180.1.21/compute/v2.1/servers/05e2282e-8e8c-461b-80a7-6e80aa812a95 0.633s
2025-04-14 14:30:49.191 70211 INFO tempest.lib.common.rest_client [req-5b653d0f-ae0f-4396-89e4-73f53c199219 req-5b653d0f-ae0f-4396-89e4-73f53c199219 ] Request (ServerDiagnosticsV248Test:test_get_server_diagnostics): 200 GET http://10.180.1.21/compute/v2.1/servers/6ef9630b-3885-432a-a03e-aa31e83127fe 0.645s
2025-04-14 14:30:49.245 70179 INFO tempest.lib.common.rest_client [req-583c6bce-b5e0-4d98-9b4d-c684cf039bde req-583c6bce-b5e0-4d98-9b4d-c684cf039bde ] Request (InstanceActionsV221TestJSON:test_get_list_deleted_instance_actions): 200 GET http://10.180.1.21/compute/v2.1/servers/cf6dd64f-4bd5-431b-bfbc-b7d8297fd83b 0.549s
2025-04-14 14:30:49.261 70226 INFO tempest.lib.common.rest_client [req-f1a4689f-1210-48f2-813d-2210f3c85e64 req-f1a4689f-1210-48f2-813d-2210f3c85e64 ] Request (SecurityGroupsTestJSON:test_server_security_groups): 200 GET http://10.180.1.21/compute/v2.1/servers/40ab1d76-b344-4bef-bf59-53c63aa31cae 0.657s
2025-04-14 14:30:49.272 70228 INFO tempest.lib.common.rest_client [req-032a38dc-b763-4fe3-ae7b-36dfa2f13108 req-032a38dc-b763-4fe3-ae7b-36dfa2f13108 ] Request (FloatingIPsAssociationNegativeTestJSON:test_associate_ip_to_server_without_passing_floating_ip): 400 POST http://10.180.1.21/compute/v2.1/servers/1ef7f64d-2ff3-42ac-ab7d-5571b8a3936a/action 0.284s
2025-04-14 14:30:49.366 70213 INFO tempest.lib.common.rest_client [req-65352457-2988-489c-8e19-529b4b11e0b6 req-65352457-2988-489c-8e19-529b4b11e0b6 ] Request (MultipleCreateTestJSON:_run_cleanups): 200 GET http://10.180.1.21/compute/v2.1/servers/8b3fc45d-1ae6-40fa-b3ff-7c3f472e580a 0.329s
2025-04-14 14:30:49.461 70208 INFO tempest.lib.common.rest_client [req-83600ee6-e3b5-4aff-ac31-7468d99badf1 req-83600ee6-e3b5-4aff-ac31-7468d99badf1 ] Request (ServersAaction247Test:test_create_backup): 200 GET http://10.180.1.21/compute/v2.1/servers/ef58474f-c1e2-4930-b418-f03d5c4d3e31 0.308s
2025-04-14 14:30:49.493 70185 INFO tempest.lib.common.rest_client [req-00c01df0-d575-460e-b443-ba3f7dd37348 req-00c01df0-d575-460e-b443-ba3f7dd37348 ] Request (TenantUsagesTestJSON:setUpClass): 200 GET http://10.180.1.21/compute/v2.1/servers/c8eabe40-9899-453d-83f3-2d5d0f9ce518 0.434s
2025-04-14 14:30:49.691 70175 INFO tempest.lib.common.rest_client [req-8362e7e0-7390-4fe1-b861-b701a30a6794 req-8362e7e0-7390-4fe1-b861-b701a30a6794 ] Request (ServersTestJSON:tearDownClass): 200 GET http://10.180.1.21/compute/v2.1/servers/05e2282e-8e8c-461b-80a7-6e80aa812a95 0.514s
2025-04-14 14:30:49.693 70230 INFO tempest.lib.common.rest_client [req-d3deb051-9405-4309-aced-e39985693589 req-d3deb051-9405-4309-aced-e39985693589 ] Request (ServersTestMultiNic:test_verify_duplicate_network_nics): 200 GET http://10.180.1.21/compute/v2.1/servers/5ae00053-c24f-44a5-a6b6-c4d1ec6f9f0b 0.534s
2025-04-14 14:30:49.711 70183 WARNING tempest.lib.common.ssh [-] Failed to establish authenticated ssh connection to cirros@10.180.180.201 ([Errno None] Unable to connect to port 22 on 10.180.180.201). Number attempts: 4. Retry after 5 seconds.: paramiko.ssh_exception.NoValidConnectionsError: [Errno None] Unable to connect to port 22 on 10.180.180.201
2025-04-14 14:30:49.711 70199 INFO tempest.lib.common.rest_client [req-89b4fab5-2402-4ec1-86d0-7b633246d495 req-89b4fab5-2402-4ec1-86d0-7b633246d495 ] Request (ServersAdminTestJSON:setUpClass): 200 PUT http://10.180.1.21:9696/networking/v2.0/routers/42af5158-768c-4f83-9fd1-8c755e49d01d/add_router_interface 0.958s
2025-04-14 14:30:49.711 70199 INFO tempest.lib.common.dynamic_creds [-] Created isolated network resources for: credentials: Credentials: {'domain_id': 'default', 'domain_name': 'Default', 'username': 'tempest-ServersAdminTestJSON-2098057300-project-member', 'project_domain_id': 'default', 'project_domain_name': 'Default', 'project_id': '3a1e778203624afa891b182fd8cae733', 'project_name': 'tempest-ServersAdminTestJSON-2098057300', 'tenant_id': '3a1e778203624afa891b182fd8cae733', 'tenant_name': 'tempest-ServersAdminTestJSON-2098057300', 'user_domain_id': 'default', 'user_domain_name': 'Default', 'user_id': '66f094ead41847c1ba727a39de678176', 'system': None}, Network: {'id': '03945024-6f39-4ded-9f17-c21be1d26d9b', 'name': 'tempest-ServersAdminTestJSON-743455215-network', 'tenant_id': '3a1e778203624afa891b182fd8cae733', 'admin_state_up': True, 'mtu': 8950, 'status': 'ACTIVE', 'subnets': [], 'shared': False, 'project_id': '3a1e778203624afa891b182fd8cae733', 'port_security_enabled': True, 'router:external': False, 'provider:network_type': 'vlan', 'provider:physical_network': 'default', 'provider:segmentation_id': 158, 'availability_zone_hints': [], 'availability_zones': [], 'ipv4_address_scope': None, 'ipv6_address_scope': None, 'description': '', 'tags': [], 'created_at': '2025-04-14T14:30:47Z', 'updated_at': '2025-04-14T14:30:47Z', 'revision_number': 1}, Subnet: {'id': '1eb1c0b9-2f6f-420b-b424-fb9d319fcf59', 'name': 'tempest-ServersAdminTestJSON-743455215-subnet', 'tenant_id': '3a1e778203624afa891b182fd8cae733', 'network_id': '03945024-6f39-4ded-9f17-c21be1d26d9b', 'ip_version': 4, 'subnetpool_id': None, 'enable_dhcp': True, 'ipv6_ra_mode': None, 'ipv6_address_mode': None, 'gateway_ip': '192.168.128.1', 'cidr': '192.168.128.0/28', 'allocation_pools': [{'start': '192.168.128.2', 'end': '192.168.128.14'}], 'host_routes': [], 'dns_nameservers': [], 'description': '', 'router:external': False, 'service_types': [], 'tags': [], 'created_at': '2025-04-14T14:30:47Z', 'updated_at': '2025-04-14T14:30:47Z', 'revision_number': 0, 'project_id': '3a1e778203624afa891b182fd8cae733'}, Router: {'id': '42af5158-768c-4f83-9fd1-8c755e49d01d', 'name': 'tempest-ServersAdminTestJSON-743455215-router', 'tenant_id': '3a1e778203624afa891b182fd8cae733', 'admin_state_up': True, 'status': 'ACTIVE', 'external_gateway_info': {'network_id': '7bfa6066-d13a-4beb-bbe7-255e7a43b8e6', 'external_fixed_ips': [{'subnet_id': '2ca8ea3c-6878-4477-9023-437da695ca8e', 'ip_address': '10.180.180.239'}], 'enable_snat': True}, 'description': '', 'availability_zones': [], 'distributed': False, 'ha': False, 'availability_zone_hints': [], 'routes': [], 'flavor_id': None, 'tags': [], 'created_at': '2025-04-14T14:30:48Z', 'updated_at': '2025-04-14T14:30:48Z', 'revision_number': 2, 'project_id': '3a1e778203624afa891b182fd8cae733'}
2025-04-14 14:30:49.779 70219 INFO tempest.lib.common.rest_client [req-c15a778d-dfb1-407d-9e81-30f7a9a1d8b2 req-c15a778d-dfb1-407d-9e81-30f7a9a1d8b2 ] Request (ServersTestBootFromVolume:setUpClass): 200 GET http://10.180.1.21/compute/v2.1/servers/d9b711b5-7df8-4fc8-9c98-a9a6e2c63303 0.544s
2025-04-14 14:30:49.781 70209 INFO tempest.lib.common.rest_client [req-a65c6d83-572e-4c20-9952-151f4841b243 req-a65c6d83-572e-4c20-9952-151f4841b243 ] Request (AttachInterfacesV270Test:test_create_get_list_interfaces): 200 GET http://10.180.1.21/compute/v2.1/servers/a772ac67-f9c2-435c-8ed6-5b9fcb95bf9e 0.578s
2025-04-14 14:30:49.839 70199 INFO tempest.lib.common.rest_client [req-f3f47d53-461a-4238-b6e8-dc0fe9e577b9 req-f3f47d53-461a-4238-b6e8-dc0fe9e577b9 ] Request (ServersAdminTestJSON:setUpClass): 201 POST http://10.180.1.21/identity/v3/auth/tokens 0.124s
2025-04-14 14:30:49.883 70217 INFO tempest.lib.common.rest_client [req-dd381685-51e3-4f94-9773-3d1f2db04e9e req-dd381685-51e3-4f94-9773-3d1f2db04e9e ] Request (ServerRescueNegativeTestJSON:setUpClass): 200 GET http://10.180.1.21/compute/v2.1/servers/6ab8c34d-5904-44ff-996e-115167ed5c54 0.502s
2025-04-14 14:30:49.895 70199 INFO tempest.lib.common.rest_client [req-485caaa2-e8a9-47ab-9fed-37bedbc0fb6a req-485caaa2-e8a9-47ab-9fed-37bedbc0fb6a ] Request (ServersAdminTestJSON:setUpClass): 201 POST http://10.180.1.21/identity/v3/projects 0.055s
2025-04-14 14:30:49.923 70228 INFO tempest.lib.common.rest_client [req-8b0c4a8c-4da9-408c-aa3f-2c62b150cdca req-8b0c4a8c-4da9-408c-aa3f-2c62b150cdca ] Request (FloatingIPsAssociationNegativeTestJSON:test_associate_nonexistent_floating_ip): 404 POST http://10.180.1.21/compute/v2.1/servers/1ef7f64d-2ff3-42ac-ab7d-5571b8a3936a/action 0.647s
2025-04-14 14:30:49.964 70234 INFO tempest.lib.common.rest_client [req-bac5f40d-9a27-4143-8db9-eebca1c25794 req-bac5f40d-9a27-4143-8db9-eebca1c25794 ] Request (ImagesOneServerTestJSON:tearDownClass): 200 GET http://10.180.1.21/compute/v2.1/servers/8c07d39f-cead-491a-a6a0-460e907cec58 0.489s
2025-04-14 14:30:49.987 70193 INFO tempest.lib.common.rest_client [req-aee2fea4-5d0e-4cb2-821a-b3c98acebc0f req-aee2fea4-5d0e-4cb2-821a-b3c98acebc0f ] Request (AttachInterfacesTestJSON:test_create_list_show_delete_interfaces_by_fixed_ip): 200 GET http://10.180.1.21/compute/v2.1/servers/ac25b921-0e82-4866-b73f-17e68740fa3a 0.421s
2025-04-14 14:30:50.001 70199 INFO tempest.lib.common.rest_client [req-568c3ef0-1859-478d-a5ac-ee17ad25b106 req-568c3ef0-1859-478d-a5ac-ee17ad25b106 ] Request (ServersAdminTestJSON:setUpClass): 201 POST http://10.180.1.21/identity/v3/users 0.106s
2025-04-14 14:30:50.032 70201 INFO tempest.lib.common.rest_client [req-d599ac5b-9313-4124-8fbe-ec7f13b658a2 req-d599ac5b-9313-4124-8fbe-ec7f13b658a2 ] Request (ServersAdminNegativeTestJSON:test_migrate_server_invalid_state): 200 GET http://10.180.1.21/compute/v2.1/servers/69194f68-ae44-470c-8b5c-645a22078f76 0.236s
2025-04-14 14:30:50.037 70199 INFO tempest.lib.common.rest_client [req-cf15d110-8860-4744-be94-a5d939316bcd req-cf15d110-8860-4744-be94-a5d939316bcd ] Request (ServersAdminTestJSON:setUpClass): 200 GET http://10.180.1.21/identity/v3/roles 0.035s
2025-04-14 14:30:50.065 70228 INFO tempest.lib.common.rest_client [req-de64aa18-b040-44ef-b6cc-3cfd1175f061 req-de64aa18-b040-44ef-b6cc-3cfd1175f061 ] Request (FloatingIPsAssociationNegativeTestJSON:test_dissociate_nonexistent_floating_ip): 404 POST http://10.180.1.21/compute/v2.1/servers/1ef7f64d-2ff3-42ac-ab7d-5571b8a3936a/action 0.141s
2025-04-14 14:30:50.067 70187 INFO tempest.lib.common.rest_client [req-5d60b08e-5e36-4d2f-a0a0-381398877a84 req-5d60b08e-5e36-4d2f-a0a0-381398877a84 ] Request (ServersListShow298Test:test_list_show_update_rebuild_server_298): 200 GET http://10.180.1.21/compute/v2.1/servers/dc2e6ca0-5cde-49d5-97b2-769f5899d3b8 0.175s
2025-04-14 14:30:50.083 70187 INFO tempest.common.waiters [-] State transition "BUILD/block_device_mapping" ==> "BUILD/spawning" after 38 second wait
2025-04-14 14:30:50.093 70199 INFO tempest.lib.common.rest_client [req-3cdad390-7f0e-4829-91b0-43ba43422bd1 req-3cdad390-7f0e-4829-91b0-43ba43422bd1 ] Request (ServersAdminTestJSON:setUpClass): 204 PUT http://10.180.1.21/identity/v3/projects/aa45642a076941a9bd0ffcb826928b19/users/bcaac753fb9542d48f5dded8464df987/roles/3f125c904d9c45e6a3c0f33195ec1bac 0.055s
2025-04-14 14:30:50.141 70191 INFO tempest.lib.common.rest_client [req-7f03b36f-c732-453d-9014-c7b3160749e1 req-7f03b36f-c732-453d-9014-c7b3160749e1 ] Request (FloatingIPsAssociationTestJSON:setUpClass): 200 GET http://10.180.1.21/compute/v2.1/servers/db67c772-084d-4422-9368-359b2990e501 0.186s
2025-04-14 14:30:50.145 70203 INFO tempest.lib.common.rest_client [req-22675394-80b3-4f9f-8a55-ff9500ee7c92 req-22675394-80b3-4f9f-8a55-ff9500ee7c92 ] Request (ImagesOneServerNegativeTestJSON:setUpClass): 200 GET http://10.180.1.21/compute/v2.1/servers/4817a2cf-e32a-4b0e-b8e2-cb671253d08e 0.127s
2025-04-14 14:30:50.165 70199 INFO tempest.lib.common.rest_client [req-fc6c71fe-13a5-430e-ab81-c86516169772 req-fc6c71fe-13a5-430e-ab81-c86516169772 ] Request (ServersAdminTestJSON:setUpClass): 200 GET http://10.180.1.21/identity/v3/roles 0.071s
2025-04-14 14:30:50.189 70199 INFO tempest.lib.common.rest_client [req-2f8fe712-7721-41da-8e45-b3600292f426 req-2f8fe712-7721-41da-8e45-b3600292f426 ] Request (ServersAdminTestJSON:setUpClass): 204 PUT http://10.180.1.21/identity/v3/projects/aa45642a076941a9bd0ffcb826928b19/users/bcaac753fb9542d48f5dded8464df987/roles/3f125c904d9c45e6a3c0f33195ec1bac 0.024s
2025-04-14 14:30:50.189 70199 INFO tempest.lib.common.dynamic_creds [-] Dynamic test user bcaac753fb9542d48f5dded8464df987 is created with scope project and roles: ['admin']
2025-04-14 14:30:50.190 70199 INFO tempest.lib.common.dynamic_creds [-] Acquired dynamic creds: credentials: Credentials: {'domain_id': 'default', 'domain_name': 'Default', 'username': 'tempest-ServersAdminTestJSON-1159240500-project-admin', 'project_domain_id': 'default', 'project_domain_name': 'Default', 'project_id': 'aa45642a076941a9bd0ffcb826928b19', 'project_name': 'tempest-ServersAdminTestJSON-1159240500', 'tenant_id': 'aa45642a076941a9bd0ffcb826928b19', 'tenant_name': 'tempest-ServersAdminTestJSON-1159240500', 'user_domain_id': 'default', 'user_domain_name': 'Default', 'user_id': 'bcaac753fb9542d48f5dded8464df987', 'system': None}, Network: None, Subnet: None, Router: None
2025-04-14 14:30:50.197 70195 INFO tempest.lib.common.rest_client [req-8fb75864-9076-4414-aad7-a34721486570 req-8fb75864-9076-4414-aad7-a34721486570 ] Request (DeleteServersAdminTestJSON:test_delete_server_while_in_error_state): 200 GET http://10.180.1.21/compute/v2.1/servers/2be1c4d5-f545-4f09-ad05-dd42fb852519 0.121s
2025-04-14 14:30:50.219 70228 INFO tempest.lib.common.rest_client [req-501c11c8-3814-4899-a485-f6ce3682d174 req-501c11c8-3814-4899-a485-f6ce3682d174 ] Request (FloatingIPsAssociationNegativeTestJSON:tearDownClass): 204 DELETE http://10.180.1.21/compute/v2.1/servers/1ef7f64d-2ff3-42ac-ab7d-5571b8a3936a 0.139s
2025-04-14 14:30:50.265 70205 INFO tempest.lib.common.rest_client [req-8be71c2d-3808-4941-9c4e-f00aee7add8e req-8be71c2d-3808-4941-9c4e-f00aee7add8e ] Request (ServersListShow2100Test:tearDownClass): 200 GET http://10.180.1.21/compute/v2.1/servers/fedb8a4e-eacc-4934-936e-67bbf44807a3 0.170s
2025-04-14 14:30:50.273 70221 INFO tempest.lib.common.rest_client [req-5ab93ddb-2e2c-4489-936a-a01ca4170ca2 req-5ab93ddb-2e2c-4489-936a-a01ca4170ca2 ] Request (ServerAddressesNegativeTestJSON:setUpClass): 200 GET http://10.180.1.21/compute/v2.1/servers/ffe0c36e-d8d8-4002-9ffc-a79fa8c239f7 0.137s
2025-04-14 14:30:50.331 70211 INFO tempest.lib.common.rest_client [req-6d08f3dc-5864-427d-a9b0-cd103133ac18 req-6d08f3dc-5864-427d-a9b0-cd103133ac18 ] Request (ServerDiagnosticsV248Test:test_get_server_diagnostics): 200 GET http://10.180.1.21/compute/v2.1/servers/6ef9630b-3885-432a-a03e-aa31e83127fe 0.130s
2025-04-14 14:30:50.413 70179 INFO tempest.lib.common.rest_client [req-db1ad615-9e0a-4295-b31d-461c98b6cbd7 req-db1ad615-9e0a-4295-b31d-461c98b6cbd7 ] Request (InstanceActionsV221TestJSON:test_get_list_deleted_instance_actions): 200 GET http://10.180.1.21/compute/v2.1/servers/cf6dd64f-4bd5-431b-bfbc-b7d8297fd83b 0.153s
2025-04-14 14:30:50.420 70228 INFO tempest.lib.common.rest_client [req-8632466b-48f1-43a0-9e05-7c44759c0ae6 req-8632466b-48f1-43a0-9e05-7c44759c0ae6 ] Request (FloatingIPsAssociationNegativeTestJSON:tearDownClass): 200 GET http://10.180.1.21/compute/v2.1/servers/1ef7f64d-2ff3-42ac-ab7d-5571b8a3936a 0.201s
2025-04-14 14:30:50.459 70199 INFO tempest.lib.common.rest_client [req-fe52fd80-5e03-460f-affc-989990061f10 req-fe52fd80-5e03-460f-affc-989990061f10 ] Request (ServersAdminTestJSON:setUpClass): 201 POST http://10.180.1.21:9696/networking/v2.0/networks 0.269s
2025-04-14 14:30:50.472 70226 INFO tempest.lib.common.rest_client [req-1a19f09b-a3f9-459e-9ee4-2d3d10033189 req-1a19f09b-a3f9-459e-9ee4-2d3d10033189 ] Request (SecurityGroupsTestJSON:test_server_security_groups): 200 GET http://10.180.1.21/compute/v2.1/servers/40ab1d76-b344-4bef-bf59-53c63aa31cae 0.202s
2025-04-14 14:30:50.507 70213 INFO tempest.lib.common.rest_client [req-585b02f6-9fff-4672-905a-06cc145fe597 req-585b02f6-9fff-4672-905a-06cc145fe597 ] Request (MultipleCreateTestJSON:_run_cleanups): 200 GET http://10.180.1.21/compute/v2.1/servers/8b3fc45d-1ae6-40fa-b3ff-7c3f472e580a 0.131s
2025-04-14 14:30:50.554 70208 INFO tempest.lib.common.rest_client [req-44ffc227-83cc-45d8-95c2-c267eb118829 req-44ffc227-83cc-45d8-95c2-c267eb118829 ] Request (ServersAaction247Test:test_create_backup): 200 GET http://10.180.1.21/compute/v2.1/servers/ef58474f-c1e2-4930-b418-f03d5c4d3e31 0.077s
2025-04-14 14:30:50.619 70185 INFO tempest.lib.common.rest_client [req-cb35b246-43c2-409b-9931-07baf8fa0100 req-cb35b246-43c2-409b-9931-07baf8fa0100 ] Request (TenantUsagesTestJSON:setUpClass): 200 GET http://10.180.1.21/compute/v2.1/servers/c8eabe40-9899-453d-83f3-2d5d0f9ce518 0.117s
2025-04-14 14:30:50.679 70199 INFO tempest.lib.common.rest_client [req-417cf45e-f213-4c06-aba4-c0531b46d885 req-417cf45e-f213-4c06-aba4-c0531b46d885 ] Request (ServersAdminTestJSON:setUpClass): 201 POST http://10.180.1.21:9696/networking/v2.0/subnets 0.219s
2025-04-14 14:30:51.122 70175 INFO tempest.lib.common.rest_client [req-abfaa524-9347-48ef-8981-93f82c027bba req-abfaa524-9347-48ef-8981-93f82c027bba ] Request (ServersTestJSON:tearDownClass): 200 GET http://10.180.1.21/compute/v2.1/servers/05e2282e-8e8c-461b-80a7-6e80aa812a95 0.412s
2025-04-14 14:30:51.204 70219 INFO tempest.lib.common.rest_client [req-c4427428-d74b-4291-89ec-d404cdd24e4f req-c4427428-d74b-4291-89ec-d404cdd24e4f ] Request (ServersTestBootFromVolume:setUpClass): 200 GET http://10.180.1.21/compute/v2.1/servers/d9b711b5-7df8-4fc8-9c98-a9a6e2c63303 0.415s
2025-04-14 14:30:51.300 70209 INFO tempest.lib.common.rest_client [req-7bf8ad1e-4157-4b96-a402-c83fe4199ce4 req-7bf8ad1e-4157-4b96-a402-c83fe4199ce4 ] Request (AttachInterfacesV270Test:test_create_get_list_interfaces): 200 GET http://10.180.1.21/compute/v2.1/servers/a772ac67-f9c2-435c-8ed6-5b9fcb95bf9e 0.503s
2025-04-14 14:30:51.318 70230 INFO tempest.lib.common.rest_client [req-3e12f158-39ee-4925-a5fc-64d14d6f1074 req-3e12f158-39ee-4925-a5fc-64d14d6f1074 ] Request (ServersTestMultiNic:test_verify_duplicate_network_nics): 200 GET http://10.180.1.21/compute/v2.1/servers/5ae00053-c24f-44a5-a6b6-c4d1ec6f9f0b 0.616s
2025-04-14 14:30:51.372 70177 WARNING tempest.lib.common.ssh [-] Failed to establish authenticated ssh connection to cirros@10.180.180.245 ([Errno None] Unable to connect to port 22 on 10.180.180.245). Number attempts: 4. Retry after 5 seconds.: paramiko.ssh_exception.NoValidConnectionsError: [Errno None] Unable to connect to port 22 on 10.180.180.245
2025-04-14 14:30:51.385 70217 INFO tempest.lib.common.rest_client [req-7b02d3cf-bb92-4c66-b6ce-ab6af04852ef req-7b02d3cf-bb92-4c66-b6ce-ab6af04852ef ] Request (ServerRescueNegativeTestJSON:setUpClass): 200 GET http://10.180.1.21/compute/v2.1/servers/6ab8c34d-5904-44ff-996e-115167ed5c54 0.494s
2025-04-14 14:30:51.425 70234 INFO tempest.lib.common.rest_client [req-061d7b03-6362-4e5f-abdc-b76659eb8322 req-061d7b03-6362-4e5f-abdc-b76659eb8322 ] Request (ImagesOneServerTestJSON:tearDownClass): 200 GET http://10.180.1.21/compute/v2.1/servers/8c07d39f-cead-491a-a6a0-460e907cec58 0.451s
2025-04-14 14:30:51.463 70193 INFO tempest.lib.common.rest_client [req-8a028ec3-f07f-46c0-80ae-04847758915a req-8a028ec3-f07f-46c0-80ae-04847758915a ] Request (AttachInterfacesTestJSON:test_create_list_show_delete_interfaces_by_fixed_ip): 200 GET http://10.180.1.21/compute/v2.1/servers/ac25b921-0e82-4866-b73f-17e68740fa3a 0.463s
2025-04-14 14:30:51.503 70201 INFO tempest.lib.common.rest_client [req-166c32b6-d267-4786-bc1c-60412dc32ad8 req-166c32b6-d267-4786-bc1c-60412dc32ad8 ] Request (ServersAdminNegativeTestJSON:test_migrate_server_invalid_state): 200 GET http://10.180.1.21/compute/v2.1/servers/69194f68-ae44-470c-8b5c-645a22078f76 0.461s
2025-04-14 14:30:51.539 70187 INFO tempest.lib.common.rest_client [req-3ae2751e-d5e0-4114-bb04-ebd94a5061f2 req-3ae2751e-d5e0-4114-bb04-ebd94a5061f2 ] Request (ServersListShow298Test:test_list_show_update_rebuild_server_298): 200 GET http://10.180.1.21/compute/v2.1/servers/dc2e6ca0-5cde-49d5-97b2-769f5899d3b8 0.455s
2025-04-14 14:30:51.561 70191 INFO tempest.lib.common.rest_client [req-48ed340c-9512-482c-8c71-4fd7e1d026a3 req-48ed340c-9512-482c-8c71-4fd7e1d026a3 ] Request (FloatingIPsAssociationTestJSON:setUpClass): 200 GET http://10.180.1.21/compute/v2.1/servers/db67c772-084d-4422-9368-359b2990e501 0.409s
2025-04-14 14:30:51.636 70195 INFO tempest.lib.common.rest_client [req-7eea14da-3943-41e9-b060-fce4c8240be8 req-7eea14da-3943-41e9-b060-fce4c8240be8 ] Request (DeleteServersAdminTestJSON:test_delete_server_while_in_error_state): 200 GET http://10.180.1.21/compute/v2.1/servers/2be1c4d5-f545-4f09-ad05-dd42fb852519 0.430s
2025-04-14 14:30:51.639 70203 INFO tempest.lib.common.rest_client [req-9c2f326b-abda-499c-b954-ce1a86f70823 req-9c2f326b-abda-499c-b954-ce1a86f70823 ] Request (ImagesOneServerNegativeTestJSON:setUpClass): 200 GET http://10.180.1.21/compute/v2.1/servers/4817a2cf-e32a-4b0e-b8e2-cb671253d08e 0.485s
2025-04-14 14:30:51.643 70195 INFO tempest.common.waiters [-] State transition "BUILD/None" ==> "BUILD/networking" after 37 second wait
2025-04-14 14:30:51.714 70221 INFO tempest.lib.common.rest_client [req-dc3e2022-c849-49c1-96d6-c71a989ebf8e req-dc3e2022-c849-49c1-96d6-c71a989ebf8e ] Request (ServerAddressesNegativeTestJSON:setUpClass): 200 GET http://10.180.1.21/compute/v2.1/servers/ffe0c36e-d8d8-4002-9ffc-a79fa8c239f7 0.433s
2025-04-14 14:30:51.759 70205 INFO tempest.lib.common.rest_client [req-248cc8db-e361-44d5-ba0e-7a42a1f34a39 req-248cc8db-e361-44d5-ba0e-7a42a1f34a39 ] Request (ServersListShow2100Test:tearDownClass): 200 GET http://10.180.1.21/compute/v2.1/servers/fedb8a4e-eacc-4934-936e-67bbf44807a3 0.475s
2025-04-14 14:30:51.791 70211 INFO tempest.lib.common.rest_client [req-71466e18-e338-41f9-85e9-5af6b2b0bab6 req-71466e18-e338-41f9-85e9-5af6b2b0bab6 ] Request (ServerDiagnosticsV248Test:test_get_server_diagnostics): 200 GET http://10.180.1.21/compute/v2.1/servers/6ef9630b-3885-432a-a03e-aa31e83127fe 0.450s
2025-04-14 14:30:51.828 70179 INFO tempest.lib.common.rest_client [req-3c77e241-8894-4da1-84bf-9c9322168d97 req-3c77e241-8894-4da1-84bf-9c9322168d97 ] Request (InstanceActionsV221TestJSON:test_get_list_deleted_instance_actions): 200 GET http://10.180.1.21/compute/v2.1/servers/cf6dd64f-4bd5-431b-bfbc-b7d8297fd83b 0.404s
2025-04-14 14:30:51.918 70226 INFO tempest.lib.common.rest_client [req-c8a5e522-a040-455a-96a2-9977c47badac req-c8a5e522-a040-455a-96a2-9977c47badac ] Request (SecurityGroupsTestJSON:test_server_security_groups): 200 GET http://10.180.1.21/compute/v2.1/servers/40ab1d76-b344-4bef-bf59-53c63aa31cae 0.433s
2025-04-14 14:30:52.088 70228 INFO tempest.lib.common.rest_client [req-4a27e0a4-0aec-491a-957b-2330b2952b18 req-4a27e0a4-0aec-491a-957b-2330b2952b18 ] Request (FloatingIPsAssociationNegativeTestJSON:tearDownClass): 200 GET http://10.180.1.21/compute/v2.1/servers/1ef7f64d-2ff3-42ac-ab7d-5571b8a3936a 0.658s
2025-04-14 14:30:52.184 70208 INFO tempest.lib.common.rest_client [req-aae6dc1d-d999-484c-944d-d3a31c06b1c5 req-aae6dc1d-d999-484c-944d-d3a31c06b1c5 ] Request (ServersAaction247Test:test_create_backup): 200 GET http://10.180.1.21/compute/v2.1/servers/ef58474f-c1e2-4930-b418-f03d5c4d3e31 0.620s
2025-04-14 14:30:52.242 70213 INFO tempest.lib.common.rest_client [req-0efb0e9e-26fe-4305-9905-e989897b335c req-0efb0e9e-26fe-4305-9905-e989897b335c ] Request (MultipleCreateTestJSON:_run_cleanups): 200 GET http://10.180.1.21/compute/v2.1/servers/8b3fc45d-1ae6-40fa-b3ff-7c3f472e580a 0.727s
2025-04-14 14:30:52.334 70175 INFO tempest.lib.common.rest_client [req-aeaaf6d4-d093-4b2a-b009-5c0f54e04a87 req-aeaaf6d4-d093-4b2a-b009-5c0f54e04a87 ] Request (ServersTestJSON:tearDownClass): 200 GET http://10.180.1.21/compute/v2.1/servers/05e2282e-8e8c-461b-80a7-6e80aa812a95 0.202s
2025-04-14 14:30:52.420 70219 INFO tempest.lib.common.rest_client [req-51b72b89-6868-4e1e-952d-3b31a5c5fe42 req-51b72b89-6868-4e1e-952d-3b31a5c5fe42 ] Request (ServersTestBootFromVolume:setUpClass): 200 GET http://10.180.1.21/compute/v2.1/servers/d9b711b5-7df8-4fc8-9c98-a9a6e2c63303 0.199s
2025-04-14 14:30:52.429 70185 INFO tempest.lib.common.rest_client [req-245b3ba7-62ac-46d4-827d-41de8ca27a4b req-245b3ba7-62ac-46d4-827d-41de8ca27a4b ] Request (TenantUsagesTestJSON:setUpClass): 200 GET http://10.180.1.21/compute/v2.1/servers/c8eabe40-9899-453d-83f3-2d5d0f9ce518 0.802s
2025-04-14 14:30:52.509 70209 INFO tempest.lib.common.rest_client [req-4e0ca30b-934d-4a7f-bbf4-5ab3fc2c919d req-4e0ca30b-934d-4a7f-bbf4-5ab3fc2c919d ] Request (AttachInterfacesV270Test:test_create_get_list_interfaces): 200 GET http://10.180.1.21/compute/v2.1/servers/a772ac67-f9c2-435c-8ed6-5b9fcb95bf9e 0.198s
2025-04-14 14:30:52.610 70217 INFO tempest.lib.common.rest_client [req-baa2f4d9-41bf-4d7e-95b7-9c0507277118 req-baa2f4d9-41bf-4d7e-95b7-9c0507277118 ] Request (ServerRescueNegativeTestJSON:setUpClass): 200 GET http://10.180.1.21/compute/v2.1/servers/6ab8c34d-5904-44ff-996e-115167ed5c54 0.216s
2025-04-14 14:30:52.670 70230 INFO tempest.lib.common.rest_client [req-e1ce737a-676b-46d6-b2d7-e4696b304553 req-e1ce737a-676b-46d6-b2d7-e4696b304553 ] Request (ServersTestMultiNic:test_verify_duplicate_network_nics): 200 GET http://10.180.1.21/compute/v2.1/servers/5ae00053-c24f-44a5-a6b6-c4d1ec6f9f0b 0.341s
2025-04-14 14:30:52.679 70230 INFO tempest.common.waiters [-] State transition "BUILD/spawning" ==> "ACTIVE/None" after 46 second wait
2025-04-14 14:30:52.702 70234 INFO tempest.lib.common.rest_client [req-b52cab9f-8ede-47b9-94f7-1e179e087b17 req-b52cab9f-8ede-47b9-94f7-1e179e087b17 ] Request (ImagesOneServerTestJSON:tearDownClass): 200 GET http://10.180.1.21/compute/v2.1/servers/8c07d39f-cead-491a-a6a0-460e907cec58 0.262s
2025-04-14 14:30:52.752 70199 INFO tempest.lib.common.rest_client [req-1f2d1830-3bf9-4d26-8d0d-6265ade2bea0 req-1f2d1830-3bf9-4d26-8d0d-6265ade2bea0 ] Request (ServersAdminTestJSON:setUpClass): 201 POST http://10.180.1.21:9696/networking/v2.0/routers 2.072s
2025-04-14 14:30:52.759 70193 INFO tempest.lib.common.rest_client [req-e6d35033-d9b0-4ac5-8b7c-fc059b858182 req-e6d35033-d9b0-4ac5-8b7c-fc059b858182 ] Request (AttachInterfacesTestJSON:test_create_list_show_delete_interfaces_by_fixed_ip): 200 GET http://10.180.1.21/compute/v2.1/servers/ac25b921-0e82-4866-b73f-17e68740fa3a 0.279s
2025-04-14 14:30:52.794 70201 INFO tempest.lib.common.rest_client [req-8f00ec7e-f0f9-4dfe-939a-2e2cf5df5fc7 req-8f00ec7e-f0f9-4dfe-939a-2e2cf5df5fc7 ] Request (ServersAdminNegativeTestJSON:test_migrate_server_invalid_state): 200 GET http://10.180.1.21/compute/v2.1/servers/69194f68-ae44-470c-8b5c-645a22078f76 0.282s
2025-04-14 14:30:52.848 70187 INFO tempest.lib.common.rest_client [req-b0734e7e-b012-443d-942f-fece9f323f2d req-b0734e7e-b012-443d-942f-fece9f323f2d ] Request (ServersListShow298Test:test_list_show_update_rebuild_server_298): 200 GET http://10.180.1.21/compute/v2.1/servers/dc2e6ca0-5cde-49d5-97b2-769f5899d3b8 0.291s
2025-04-14 14:30:52.869 70191 INFO tempest.lib.common.rest_client [req-a2488524-1ede-4375-a373-0d258fddec54 req-a2488524-1ede-4375-a373-0d258fddec54 ] Request (FloatingIPsAssociationTestJSON:setUpClass): 200 GET http://10.180.1.21/compute/v2.1/servers/db67c772-084d-4422-9368-359b2990e501 0.298s
