2025-04-14 14:29:45.904 70238 INFO tempest.lib.common.dynamic_creds [-] Created isolated network resources for: credentials: Credentials: {'domain_id': 'default', 'domain_name': 'Default', 'username': 'tempest-HostsAdminNegativeTestJSON-1888432988-project-member', 'project_domain_id': 'default', 'project_domain_name': 'Default', 'project_id': '2837f1f98c254a68a09fa301346d2301', 'project_name': 'tempest-HostsAdminNegativeTestJSON-1888432988', 'tenant_id': '2837f1f98c254a68a09fa301346d2301', 'tenant_name': 'tempest-HostsAdminNegativeTestJSON-1888432988', 'user_domain_id': 'default', 'user_domain_name': 'Default', 'user_id': 'bac75c62d08e4ad7ad9279dea996f3b0', 'system': None}, Network: None, Subnet: None, Router: None
2025-04-14 14:29:45.951 70209 INFO tempest.lib.common.rest_client [req-059a6b69-1e83-4b0f-b57b-283819f12feb req-059a6b69-1e83-4b0f-b57b-283819f12feb ] Request (QuotasAdminTestJSON:setUpClass): 201 POST http://10.180.1.21/identity/v3/auth/tokens 0.168s
2025-04-14 14:29:45.952 70209 WARNING tempest.lib.common.rest_client [-] Deprecated: "tenant_id" property is deprecated for removal, use "project_id" instead
2025-04-14 14:29:45.972 70226 INFO tempest.lib.common.rest_client [req-a386737b-8ccf-4dcd-a0fc-be72bb40bea0 req-a386737b-8ccf-4dcd-a0fc-be72bb40bea0 ] Request (SecurityGroupsTestJSON:test_list_security_groups_by_server): 200 GET http://10.180.1.21/compute/v2.1/servers/debfde63-c64d-466f-b424-d8dd704ab30f 1.715s
2025-04-14 14:29:45.981 70228 INFO tempest.lib.common.rest_client [req-c4b366cc-256b-47f1-9d59-d7d67a196a50 req-c4b366cc-256b-47f1-9d59-d7d67a196a50 ] Request (TenantUsagesNegativeTestJSON:setUpClass): 201 POST http://10.180.1.21/identity/v3/auth/tokens 0.114s
2025-04-14 14:29:45.986 70191 INFO tempest.lib.common.rest_client [req-ceb32ad3-c2f6-4ec3-8a9a-318c4b3280c8 req-ceb32ad3-c2f6-4ec3-8a9a-318c4b3280c8 ] Request (FlavorsV2TestJSON:setUpClass): 201 POST http://10.180.1.21/identity/v3/users 0.182s
2025-04-14 14:29:46.008 70217 INFO tempest.lib.common.rest_client [req-e45932a8-bbe4-40a2-85c3-ffe8895e101b req-e45932a8-bbe4-40a2-85c3-ffe8895e101b ] Request (FloatingIPsTestJSON:tearDownClass): 204 DELETE http://10.180.1.21:9696/networking/v2.0/routers/06747c82-d6bc-47bf-87e1-c29ae958bdac 1.658s
2025-04-14 14:29:46.024 70228 INFO tempest.lib.common.rest_client [req-68d527e8-d729-42b0-91ae-472a1c7d8607 req-68d527e8-d729-42b0-91ae-472a1c7d8607 ] Request (TenantUsagesNegativeTestJSON:setUpClass): 200 GET http://10.180.1.21/identity/v3/domains?name=Default 0.042s
2025-04-14 14:29:46.040 70205 INFO tempest.lib.common.rest_client [req-5b5fa657-0679-4f79-ae7e-421a77e2d46e req-5b5fa657-0679-4f79-ae7e-421a77e2d46e ] Request (HypervisorAdminV253TestBase:tearDownClass): 204 DELETE http://10.180.1.21:9696/networking/v2.0/security-groups/03808ca2-9e1a-4ef5-ba96-af5dcd660584 0.278s
2025-04-14 14:29:46.043 70191 INFO tempest.lib.common.rest_client [req-3528c5ad-199a-46ca-a240-22dee0be0ada req-3528c5ad-199a-46ca-a240-22dee0be0ada ] Request (FlavorsV2TestJSON:setUpClass): 200 GET http://10.180.1.21/identity/v3/roles 0.056s
2025-04-14 14:29:46.078 70228 INFO tempest.lib.common.rest_client [req-15c97e91-3317-4198-9981-c4e8bdec5c8f req-15c97e91-3317-4198-9981-c4e8bdec5c8f ] Request (TenantUsagesNegativeTestJSON:setUpClass): 201 POST http://10.180.1.21/identity/v3/projects 0.053s
2025-04-14 14:29:46.090 70199 INFO tempest.lib.common.rest_client [req-c8c4bb3c-16a0-4d58-ac74-62e8cca42ba8 req-c8c4bb3c-16a0-4d58-ac74-62e8cca42ba8 ] Request (ServersAdmin275Test:test_rebuild_update_server_275): 200 GET http://10.180.1.21/compute/v2.1/servers/bb6fe254-1c46-4bc6-a7a4-74ec26fa4079 1.816s
2025-04-14 14:29:46.092 70238 INFO tempest.lib.common.rest_client [req-87219889-f4b1-4e0b-bad1-33284617d3e0 req-87219889-f4b1-4e0b-bad1-33284617d3e0 ] Request (HostsAdminNegativeTestJSON:setUpClass): 201 POST http://10.180.1.21/identity/v3/auth/tokens 0.184s
2025-04-14 14:29:46.179 70205 INFO tempest.lib.common.rest_client [req-3eb77ae9-94a9-4453-b9cb-8c04a3e9729a req-3eb77ae9-94a9-4453-b9cb-8c04a3e9729a ] Request (HypervisorAdminV253TestBase:tearDownClass): 204 DELETE http://10.180.1.21/identity/v3/projects/443eea8636374dc3be75ca5fa195f47f 0.138s
2025-04-14 14:29:46.179 70205 INFO tempest.lib.common.dynamic_creds [-] Deleting project and security group for project: 31f559e31d074b2080e81e4e730403db
2025-04-14 14:29:46.192 70234 INFO tempest.lib.common.rest_client [req-bdd77310-0908-40fb-a802-4d74ad720e6a req-bdd77310-0908-40fb-a802-4d74ad720e6a ] Request (ImagesOneServerTestJSON:setUpClass): 200 GET http://10.180.1.21/compute/v2.1/servers/8c07d39f-cead-491a-a6a0-460e907cec58 2.266s
2025-04-14 14:29:46.209 70197 INFO tempest.lib.common.rest_client [req-bc1c723f-e1fd-43a0-ae07-502f3e4e9c70 req-bc1c723f-e1fd-43a0-ae07-502f3e4e9c70 ] Request (VolumesAssistedSnapshotsTest:test_volume_assisted_snapshot_create_delete): 200 GET http://10.180.1.21/compute/v2.1/servers/b0455420-8630-4c65-8b2c-f949630c42f1 1.852s
2025-04-14 14:29:46.222 70197 INFO tempest.common.waiters [-] State transition "BUILD/scheduling" ==> "BUILD/None" after 5 second wait
2025-04-14 14:29:46.225 70191 INFO tempest.lib.common.rest_client [req-e330a605-7db5-4f11-9556-de368303488d req-e330a605-7db5-4f11-9556-de368303488d ] Request (FlavorsV2TestJSON:setUpClass): 204 PUT http://10.180.1.21/identity/v3/projects/6c3ad265b18b4b7e84ccd7d29348dfbe/users/ae92093a6ebb483a90c98cb00ded1068/roles/0e63667cf3084c70b339dd9a667e7834 0.180s
2025-04-14 14:29:46.225 70191 INFO tempest.lib.common.dynamic_creds [-] Dynamic test user ae92093a6ebb483a90c98cb00ded1068 is created with scope project and roles: ['member']
2025-04-14 14:29:46.225 70191 INFO tempest.lib.common.dynamic_creds [-] Acquired dynamic creds: credentials: Credentials: {'domain_id': 'default', 'domain_name': 'Default', 'username': 'tempest-FlavorsV2TestJSON-766271053-project-member', 'project_domain_id': 'default', 'project_domain_name': 'Default', 'project_id': '6c3ad265b18b4b7e84ccd7d29348dfbe', 'project_name': 'tempest-FlavorsV2TestJSON-766271053', 'tenant_id': '6c3ad265b18b4b7e84ccd7d29348dfbe', 'tenant_name': 'tempest-FlavorsV2TestJSON-766271053', 'user_domain_id': 'default', 'user_domain_name': 'Default', 'user_id': 'ae92093a6ebb483a90c98cb00ded1068', 'system': None}, Network: None, Subnet: None, Router: None
2025-04-14 14:29:46.225 70191 INFO tempest.lib.common.dynamic_creds [-] Created isolated network resources for: credentials: Credentials: {'domain_id': 'default', 'domain_name': 'Default', 'username': 'tempest-FlavorsV2TestJSON-766271053-project-member', 'project_domain_id': 'default', 'project_domain_name': 'Default', 'project_id': '6c3ad265b18b4b7e84ccd7d29348dfbe', 'project_name': 'tempest-FlavorsV2TestJSON-766271053', 'tenant_id': '6c3ad265b18b4b7e84ccd7d29348dfbe', 'tenant_name': 'tempest-FlavorsV2TestJSON-766271053', 'user_domain_id': 'default', 'user_domain_name': 'Default', 'user_id': 'ae92093a6ebb483a90c98cb00ded1068', 'system': None}, Network: None, Subnet: None, Router: None
2025-04-14 14:29:46.332 70175 INFO tempest.lib.common.rest_client [req-500ceb35-4eee-4597-b9c4-64c5332b5d49 req-500ceb35-4eee-4597-b9c4-64c5332b5d49 ] Request (ServersTestJSON:setUpClass): 200 GET http://10.180.1.21/compute/v2.1/servers/05e2282e-8e8c-461b-80a7-6e80aa812a95 1.957s
2025-04-14 14:29:46.345 70228 INFO tempest.lib.common.rest_client [req-ba45ffed-70df-40e6-845a-6fcea45e1758 req-ba45ffed-70df-40e6-845a-6fcea45e1758 ] Request (TenantUsagesNegativeTestJSON:setUpClass): 201 POST http://10.180.1.21/identity/v3/users 0.267s
2025-04-14 14:29:46.354 70238 INFO tempest.lib.common.rest_client [req-424bd404-3ec7-4226-bcf4-c01120f823b9 req-424bd404-3ec7-4226-bcf4-c01120f823b9 ] Request (HostsAdminNegativeTestJSON:setUpClass): 201 POST http://10.180.1.21/identity/v3/projects 0.261s
2025-04-14 14:29:46.418 70217 INFO tempest.lib.common.rest_client [req-1c17cb18-bcec-4b98-a96b-5aa8d242eb8c req-1c17cb18-bcec-4b98-a96b-5aa8d242eb8c ] Request (FloatingIPsTestJSON:tearDownClass): 204 DELETE http://10.180.1.21:9696/networking/v2.0/subnets/9593cc80-1886-4ad3-a288-ac167b7d3d5f 0.409s
2025-04-14 14:29:46.498 70205 INFO tempest.lib.common.rest_client [req-d46920c1-f762-4e68-9501-b40447bcddba req-d46920c1-f762-4e68-9501-b40447bcddba ] Request (HypervisorAdminV253TestBase:tearDownClass): 200 GET http://10.180.1.21:9696/networking/v2.0/security-groups?tenant_id=31f559e31d074b2080e81e4e730403db&name=default 0.319s
2025-04-14 14:29:46.539 70191 INFO tempest.lib.common.rest_client [req-8311925c-a113-44e3-8674-9fd9eba5cac9 req-8311925c-a113-44e3-8674-9fd9eba5cac9 ] Request (FlavorsV2TestJSON:setUpClass): 201 POST http://10.180.1.21/identity/v3/auth/tokens 0.310s
2025-04-14 14:29:46.566 70177 INFO tempest.lib.common.rest_client [req-174ea849-39f0-481e-85ef-4de1c7b4987e req-174ea849-39f0-481e-85ef-4de1c7b4987e ] Request (ValidationResourcesFixture:setUp): 200 POST http://10.180.1.21/compute/v2.1/os-keypairs 2.115s
2025-04-14 14:29:46.608 70228 INFO tempest.lib.common.rest_client [req-6e5fd547-e208-4b94-b728-e7cde5c3fc2e req-6e5fd547-e208-4b94-b728-e7cde5c3fc2e ] Request (TenantUsagesNegativeTestJSON:setUpClass): 200 GET http://10.180.1.21/identity/v3/roles 0.262s
2025-04-14 14:29:46.642 70238 INFO tempest.lib.common.rest_client [req-14512e67-300c-4457-b5a1-62f75cd614e2 req-14512e67-300c-4457-b5a1-62f75cd614e2 ] Request (HostsAdminNegativeTestJSON:setUpClass): 201 POST http://10.180.1.21/identity/v3/users 0.288s
2025-04-14 14:29:46.685 70230 INFO tempest.lib.common.rest_client [req-ec4d8ea0-d9e5-49bc-8aa4-0648c90cdc90 req-ec4d8ea0-d9e5-49bc-8aa4-0648c90cdc90 ] Request (QuotasAdminTestV236:test_get_updated_quotas): 200 GET http://10.180.1.21/compute/v2.1/os-quota-sets/7ef92f4609ed4495bcf4c0048686c1a5?user_id=f36dcb721b984119a147a3707e05c197 2.321s
2025-04-14 14:29:46.699 70211 INFO tempest.lib.common.rest_client [req-93f609cb-b11f-402a-a719-964fc68d80ea req-93f609cb-b11f-402a-a719-964fc68d80ea ] Request (AggregatesAdminNegativeTestJSON:test_aggregate_create_aggregate_name_length_exceeds_255): 400 POST http://10.180.1.21/compute/v2.1/os-aggregates 2.120s
2025-04-14 14:29:46.702 70228 INFO tempest.lib.common.rest_client [req-7b47cbe9-a577-4a6f-b961-38d9e3714af2 req-7b47cbe9-a577-4a6f-b961-38d9e3714af2 ] Request (TenantUsagesNegativeTestJSON:setUpClass): 204 PUT http://10.180.1.21/identity/v3/projects/6fae9e98ff7644b8bdab48d9e174654f/users/b902c7f8c58e4586a255bc310a128651/roles/0e63667cf3084c70b339dd9a667e7834 0.094s
2025-04-14 14:29:46.702 70228 INFO tempest.lib.common.dynamic_creds [-] Dynamic test user b902c7f8c58e4586a255bc310a128651 is created with scope project and roles: ['member']
2025-04-14 14:29:46.702 70228 INFO tempest.lib.common.dynamic_creds [-] Acquired dynamic creds: credentials: Credentials: {'domain_id': 'default', 'domain_name': 'Default', 'username': 'tempest-TenantUsagesNegativeTestJSON-2124843312-project-member', 'project_domain_id': 'default', 'project_domain_name': 'Default', 'project_id': '6fae9e98ff7644b8bdab48d9e174654f', 'project_name': 'tempest-TenantUsagesNegativeTestJSON-2124843312', 'tenant_id': '6fae9e98ff7644b8bdab48d9e174654f', 'tenant_name': 'tempest-TenantUsagesNegativeTestJSON-2124843312', 'user_domain_id': 'default', 'user_domain_name': 'Default', 'user_id': 'b902c7f8c58e4586a255bc310a128651', 'system': None}, Network: None, Subnet: None, Router: None
2025-04-14 14:29:46.703 70228 INFO tempest.lib.common.dynamic_creds [-] Created isolated network resources for: credentials: Credentials: {'domain_id': 'default', 'domain_name': 'Default', 'username': 'tempest-TenantUsagesNegativeTestJSON-2124843312-project-member', 'project_domain_id': 'default', 'project_domain_name': 'Default', 'project_id': '6fae9e98ff7644b8bdab48d9e174654f', 'project_name': 'tempest-TenantUsagesNegativeTestJSON-2124843312', 'tenant_id': '6fae9e98ff7644b8bdab48d9e174654f', 'tenant_name': 'tempest-TenantUsagesNegativeTestJSON-2124843312', 'user_domain_id': 'default', 'user_domain_name': 'Default', 'user_id': 'b902c7f8c58e4586a255bc310a128651', 'system': None}, Network: None, Subnet: None, Router: None
2025-04-14 14:29:46.708 70205 INFO tempest.lib.common.rest_client [req-bfc7acde-6d24-4a92-86ff-c723aa001aec req-bfc7acde-6d24-4a92-86ff-c723aa001aec ] Request (HypervisorAdminV253TestBase:tearDownClass): 204 DELETE http://10.180.1.21:9696/networking/v2.0/security-groups/842934cb-e19d-4eca-8d4a-5b7a1b089bcf 0.209s
2025-04-14 14:29:46.719 70215 INFO tempest.lib.common.rest_client [req-bf1414e2-cf3b-4a65-ba63-ad032e76f039 req-bf1414e2-cf3b-4a65-ba63-ad032e76f039 ] Request (FlavorsAccessNegativeTestJSON:test_flavor_non_admin_add): 403 POST http://10.180.1.21/compute/v2.1/flavors/1874086306/action 2.211s
2025-04-14 14:29:46.758 70238 INFO tempest.lib.common.rest_client [req-5c7381c1-3923-4990-b223-00d72eb9be1c req-5c7381c1-3923-4990-b223-00d72eb9be1c ] Request (HostsAdminNegativeTestJSON:setUpClass): 200 GET http://10.180.1.21/identity/v3/roles 0.115s
2025-04-14 14:29:46.796 70179 INFO tempest.lib.common.rest_client [req-a6828746-e149-488b-bd9b-65fae61e7538 req-a6828746-e149-488b-bd9b-65fae61e7538 ] Request (ImagesNegativeTestJSON:test_create_image_from_deleted_server): 200 GET http://10.180.1.21/compute/v2.1/servers/9f503faf-77ea-42fc-ab3d-7483d725e0e9 2.136s
2025-04-14 14:29:46.834 70205 INFO tempest.lib.common.rest_client [req-3e13c7da-5235-4605-a99c-94f824cebba0 req-3e13c7da-5235-4605-a99c-94f824cebba0 ] Request (HypervisorAdminV253TestBase:tearDownClass): 204 DELETE http://10.180.1.21/identity/v3/projects/31f559e31d074b2080e81e4e730403db 0.125s
2025-04-14 14:29:46.845 70230 INFO tempest.lib.common.rest_client [req-38c5d0ca-e821-4a71-bde2-19f6c095733e req-38c5d0ca-e821-4a71-bde2-19f6c095733e ] Request (QuotasAdminTestV236:_run_cleanups): 204 DELETE http://10.180.1.21/identity/v3/users/f36dcb721b984119a147a3707e05c197 0.158s
2025-04-14 14:29:46.905 70228 INFO tempest.lib.common.rest_client [req-4e82cc1e-17fb-457a-b31b-f51415670e22 req-4e82cc1e-17fb-457a-b31b-f51415670e22 ] Request (TenantUsagesNegativeTestJSON:setUpClass): 201 POST http://10.180.1.21/identity/v3/auth/tokens 0.194s
2025-04-14 14:29:46.918 70238 INFO tempest.lib.common.rest_client [req-9dbb2cd4-9361-4df5-80cb-c23890a62651 req-9dbb2cd4-9361-4df5-80cb-c23890a62651 ] Request (HostsAdminNegativeTestJSON:setUpClass): 204 PUT http://10.180.1.21/identity/v3/projects/67f4d1b213fd41a4ba992883fd3be70b/users/cae1711038e441bc980d5ef7e8150288/roles/3f125c904d9c45e6a3c0f33195ec1bac 0.159s
2025-04-14 14:29:46.966 70187 INFO tempest.lib.common.rest_client [req-af06b70b-4213-46b9-90bf-a4a83486586a req-af06b70b-4213-46b9-90bf-a4a83486586a ] Request (ServerAddressesTestJSON:tearDownClass): 200 GET http://10.180.1.21/compute/v2.1/servers/f744813b-d3de-48bc-90fd-586d676de5d7 2.281s
2025-04-14 14:29:46.973 70205 INFO tempest.lib.common.rest_client [req-a637d242-1140-4d54-b480-04478789fbed req-a637d242-1140-4d54-b480-04478789fbed ] Request (FlavorsV2NegativeTest:setUpClass): 201 POST http://10.180.1.21/identity/v3/auth/tokens 0.137s
2025-04-14 14:29:46.990 70213 INFO tempest.lib.common.rest_client [req-e9ff1591-c86b-4bea-a607-1cc4987b8aa3 req-e9ff1591-c86b-4bea-a607-1cc4987b8aa3 ] Request (HypervisorAdminNegativeUnderV252Test:test_show_servers_with_non_admin_user): 200 GET http://10.180.1.21/compute/v2.1/os-hypervisors 2.286s
2025-04-14 14:29:47.012 70228 INFO tempest.lib.common.rest_client [req-47167404-5ff9-4842-960d-1fe417a8455a req-47167404-5ff9-4842-960d-1fe417a8455a ] Request (TenantUsagesNegativeTestJSON:setUpClass): 201 POST http://10.180.1.21/identity/v3/projects 0.106s
2025-04-14 14:29:47.025 70223 INFO tempest.lib.common.rest_client [req-badb9b60-8782-43b1-b4eb-6781be4dd976 req-badb9b60-8782-43b1-b4eb-6781be4dd976 ] Request (VolumesAdminNegativeTest:test_update_attached_volume_with_nonexistent_volume_in_body): 200 GET http://10.180.1.21/compute/v2.1/servers/facf78f4-ddc0-4821-9d88-045118633447 2.338s
2025-04-14 14:29:47.039 70230 INFO tempest.lib.common.rest_client [req-6e32e152-2970-4c93-82fc-5ea52b415ab6 req-6e32e152-2970-4c93-82fc-5ea52b415ab6 ] Request (QuotasAdminTestV236:_run_cleanups): 204 DELETE http://10.180.1.21/identity/v3/projects/7ef92f4609ed4495bcf4c0048686c1a5 0.193s
2025-04-14 14:29:47.058 70208 INFO tempest.lib.common.rest_client [req-13ce6c12-7a46-4504-9d48-3f53b10151c4 req-13ce6c12-7a46-4504-9d48-3f53b10151c4 ] Request (InstanceActionsNegativeTestJSON:setUpClass): 200 GET http://10.180.1.21/compute/v2.1/servers/3cdffc66-d1d0-4f8f-b386-7fa3b300ee56 2.246s
2025-04-14 14:29:47.065 70177 INFO tempest.lib.common.rest_client [req-3cf14944-2736-4501-9cef-efb9507521dc req-3cf14944-2736-4501-9cef-efb9507521dc ] Request (ValidationResourcesFixture:setUp): 201 POST http://10.180.1.21:9696/networking/v2.0/security-groups 0.497s
2025-04-14 14:29:47.075 70193 INFO tempest.lib.common.rest_client [req-26edb017-e470-454a-966f-b2c2a0695749 req-26edb017-e470-454a-966f-b2c2a0695749 ] Request (ImagesMetadataTestJSON:test_list_image_metadata): 200 GET http://10.180.1.21/compute/v2.1/images/2146e792-7722-4095-828c-b3fe3aa47a31/metadata 2.181s
2025-04-14 14:29:47.085 70205 INFO tempest.lib.common.rest_client [req-f325d8a8-0eff-4650-8079-5bd92d4f1f37 req-f325d8a8-0eff-4650-8079-5bd92d4f1f37 ] Request (FlavorsV2NegativeTest:setUpClass): 201 POST http://10.180.1.21/identity/v3/auth/tokens 0.109s
2025-04-14 14:29:47.109 70238 INFO tempest.lib.common.rest_client [req-b535d6a6-9874-4145-b783-473826df1f12 req-b535d6a6-9874-4145-b783-473826df1f12 ] Request (HostsAdminNegativeTestJSON:setUpClass): 200 GET http://10.180.1.21/identity/v3/roles 0.190s
2025-04-14 14:29:47.115 70228 INFO tempest.lib.common.rest_client [req-d8a0b4af-c526-4b72-b280-57c9827cd7e8 req-d8a0b4af-c526-4b72-b280-57c9827cd7e8 ] Request (TenantUsagesNegativeTestJSON:setUpClass): 201 POST http://10.180.1.21/identity/v3/users 0.103s
2025-04-14 14:29:47.158 70219 INFO tempest.lib.common.rest_client [req-012bd8e4-bf8d-4a97-8845-952951598e5e req-012bd8e4-bf8d-4a97-8845-952951598e5e ] Request (ServerDiagnosticsNegativeTest:tearDownClass): 200 GET http://10.180.1.21/compute/v2.1/servers/97e3329a-2999-45a4-9ecb-0cc43fbe9eae 1.989s
2025-04-14 14:29:47.166 70219 INFO tempest.common.waiters [-] State transition "ACTIVE/deleting" ==> "DELETED/None" after 3 second wait
2025-04-14 14:29:47.184 70177 INFO tempest.lib.common.rest_client [req-d8dcfcdf-2672-4b0b-a3f3-2271acdef6e1 req-d8dcfcdf-2672-4b0b-a3f3-2271acdef6e1 ] Request (ValidationResourcesFixture:setUp): 201 POST http://10.180.1.21:9696/networking/v2.0/security-group-rules 0.119s
2025-04-14 14:29:47.200 70230 INFO tempest.lib.common.rest_client [req-f2721792-e7c3-42b0-bb45-fa6044c40704 req-f2721792-e7c3-42b0-bb45-fa6044c40704 ] Request (QuotasAdminTestV236:tearDownClass): 204 DELETE http://10.180.1.21/identity/v3/users/04a6fe6dd95b49b19ac5892c5f3cea50 0.148s
2025-04-14 14:29:47.215 70236 INFO tempest.lib.common.rest_client [req-cf4d674e-d7e7-423c-8ee0-749a9f9c8cb6 req-cf4d674e-d7e7-423c-8ee0-749a9f9c8cb6 ] Request (ServersTestFqdnHostnames:setUpClass): 200 PUT http://10.180.1.21:9696/networking/v2.0/routers/e49d77c7-bf4b-4a65-abe6-5573b3d0afb4/add_router_interface 3.158s
2025-04-14 14:29:47.215 70236 INFO tempest.lib.common.dynamic_creds [-] Created isolated network resources for: credentials: Credentials: {'domain_id': 'default', 'domain_name': 'Default', 'username': 'tempest-ServersTestFqdnHostnames-934655457-project-member', 'project_domain_id': 'default', 'project_domain_name': 'Default', 'project_id': '957a8895e5e544dca3a9e6fe0e4aa843', 'project_name': 'tempest-ServersTestFqdnHostnames-934655457', 'tenant_id': '957a8895e5e544dca3a9e6fe0e4aa843', 'tenant_name': 'tempest-ServersTestFqdnHostnames-934655457', 'user_domain_id': 'default', 'user_domain_name': 'Default', 'user_id': 'b341954f09a144f2a7337f4b57457065', 'system': None}, Network: {'id': '4d99c1f6-fbd6-4a6e-ae18-24819b2a3ada', 'name': 'tempest-ServersTestFqdnHostnames-652009006-network', 'tenant_id': '957a8895e5e544dca3a9e6fe0e4aa843', 'admin_state_up': True, 'mtu': 8950, 'status': 'ACTIVE', 'subnets': [], 'shared': False, 'project_id': '957a8895e5e544dca3a9e6fe0e4aa843', 'port_security_enabled': True, 'router:external': False, 'provider:network_type': 'vlan', 'provider:physical_network': 'default', 'provider:segmentation_id': 607, 'availability_zone_hints': [], 'availability_zones': [], 'ipv4_address_scope': None, 'ipv6_address_scope': None, 'description': '', 'tags': [], 'created_at': '2025-04-14T14:29:41Z', 'updated_at': '2025-04-14T14:29:41Z', 'revision_number': 1}, Subnet: {'id': '045cdc5c-b90d-4bb9-96ce-a3e1e84c7bbc', 'name': 'tempest-ServersTestFqdnHostnames-652009006-subnet', 'tenant_id': '957a8895e5e544dca3a9e6fe0e4aa843', 'network_id': '4d99c1f6-fbd6-4a6e-ae18-24819b2a3ada', 'ip_version': 4, 'subnetpool_id': None, 'enable_dhcp': True, 'ipv6_ra_mode': None, 'ipv6_address_mode': None, 'gateway_ip': '192.168.128.1', 'cidr': '192.168.128.0/28', 'allocation_pools': [{'start': '192.168.128.2', 'end': '192.168.128.14'}], 'host_routes': [], 'dns_nameservers': [], 'description': '', 'router:external': False, 'service_types': [], 'tags': [], 'created_at': '2025-04-14T14:29:41Z', 'updated_at': '2025-04-14T14:29:41Z', 'revision_number': 0, 'project_id': '957a8895e5e544dca3a9e6fe0e4aa843'}, Router: {'id': 'e49d77c7-bf4b-4a65-abe6-5573b3d0afb4', 'name': 'tempest-ServersTestFqdnHostnames-652009006-router', 'tenant_id': '957a8895e5e544dca3a9e6fe0e4aa843', 'admin_state_up': True, 'status': 'ACTIVE', 'external_gateway_info': {'network_id': '7bfa6066-d13a-4beb-bbe7-255e7a43b8e6', 'external_fixed_ips': [{'subnet_id': '2ca8ea3c-6878-4477-9023-437da695ca8e', 'ip_address': '10.180.180.204'}], 'enable_snat': True}, 'description': '', 'availability_zones': [], 'distributed': False, 'ha': False, 'availability_zone_hints': [], 'routes': [], 'flavor_id': None, 'tags': [], 'created_at': '2025-04-14T14:29:41Z', 'updated_at': '2025-04-14T14:29:42Z', 'revision_number': 2, 'project_id': '957a8895e5e544dca3a9e6fe0e4aa843'}
2025-04-14 14:29:47.279 70205 INFO tempest.lib.common.rest_client [req-afaac494-4c46-4674-a9b6-15bfe69e1cee req-afaac494-4c46-4674-a9b6-15bfe69e1cee ] Request (FlavorsV2NegativeTest:setUpClass): 200 GET http://10.180.1.21/identity/v3/domains?name=Default 0.193s
2025-04-14 14:29:47.324 70217 INFO tempest.lib.common.rest_client [req-ed1e1a5b-d40f-4059-bcba-fc498b0f11b6 req-ed1e1a5b-d40f-4059-bcba-fc498b0f11b6 ] Request (FloatingIPsTestJSON:tearDownClass): 204 DELETE http://10.180.1.21:9696/networking/v2.0/networks/d60adee9-7518-4724-bef6-de349c8e26ed 0.905s
2025-04-14 14:29:47.337 70238 INFO tempest.lib.common.rest_client [req-5ba09f74-b5b3-48bc-ad41-2fbe64890ae8 req-5ba09f74-b5b3-48bc-ad41-2fbe64890ae8 ] Request (HostsAdminNegativeTestJSON:setUpClass): 204 PUT http://10.180.1.21/identity/v3/projects/67f4d1b213fd41a4ba992883fd3be70b/users/cae1711038e441bc980d5ef7e8150288/roles/3f125c904d9c45e6a3c0f33195ec1bac 0.227s
2025-04-14 14:29:47.337 70238 INFO tempest.lib.common.dynamic_creds [-] Dynamic test user cae1711038e441bc980d5ef7e8150288 is created with scope project and roles: ['admin']
2025-04-14 14:29:47.337 70238 INFO tempest.lib.common.dynamic_creds [-] Acquired dynamic creds: credentials: Credentials: {'domain_id': 'default', 'domain_name': 'Default', 'username': 'tempest-HostsAdminNegativeTestJSON-839888494-project-admin', 'project_domain_id': 'default', 'project_domain_name': 'Default', 'project_id': '67f4d1b213fd41a4ba992883fd3be70b', 'project_name': 'tempest-HostsAdminNegativeTestJSON-839888494', 'tenant_id': '67f4d1b213fd41a4ba992883fd3be70b', 'tenant_name': 'tempest-HostsAdminNegativeTestJSON-839888494', 'user_domain_id': 'default', 'user_domain_name': 'Default', 'user_id': 'cae1711038e441bc980d5ef7e8150288', 'system': None}, Network: None, Subnet: None, Router: None
2025-04-14 14:29:47.337 70238 INFO tempest.lib.common.dynamic_creds [-] Created isolated network resources for: credentials: Credentials: {'domain_id': 'default', 'domain_name': 'Default', 'username': 'tempest-HostsAdminNegativeTestJSON-839888494-project-admin', 'project_domain_id': 'default', 'project_domain_name': 'Default', 'project_id': '67f4d1b213fd41a4ba992883fd3be70b', 'project_name': 'tempest-HostsAdminNegativeTestJSON-839888494', 'tenant_id': '67f4d1b213fd41a4ba992883fd3be70b', 'tenant_name': 'tempest-HostsAdminNegativeTestJSON-839888494', 'user_domain_id': 'default', 'user_domain_name': 'Default', 'user_id': 'cae1711038e441bc980d5ef7e8150288', 'system': None}, Network: None, Subnet: None, Router: None
2025-04-14 14:29:47.343 70177 INFO tempest.lib.common.rest_client [req-c2901b4c-114d-46f3-a48b-c899ecb75202 req-c2901b4c-114d-46f3-a48b-c899ecb75202 ] Request (ValidationResourcesFixture:setUp): 201 POST http://10.180.1.21:9696/networking/v2.0/security-group-rules 0.158s
2025-04-14 14:29:47.398 70228 INFO tempest.lib.common.rest_client [req-e8689a1f-e745-4ea2-86bb-d777dcf3abe8 req-e8689a1f-e745-4ea2-86bb-d777dcf3abe8 ] Request (TenantUsagesNegativeTestJSON:setUpClass): 200 GET http://10.180.1.21/identity/v3/roles 0.281s
2025-04-14 14:29:47.403 70209 INFO tempest.lib.common.rest_client [req-e9540346-27d7-4629-9ff0-d60fd0a09081 req-e9540346-27d7-4629-9ff0-d60fd0a09081 ] Request (QuotasAdminTestJSON:test_delete_quota): 200 GET http://10.180.1.21/identity/v3/domains?name=Default 0.289s
2025-04-14 14:29:47.471 70230 INFO tempest.lib.common.rest_client [req-274b9b9d-f3db-49a4-889c-bb6c99827956 req-274b9b9d-f3db-49a4-889c-bb6c99827956 ] Request (QuotasAdminTestV236:tearDownClass): 204 DELETE http://10.180.1.21/identity/v3/users/2ce03737282844fb9b81cdb5968ee5d5 0.269s
2025-04-14 14:29:47.471 70230 INFO tempest.lib.common.dynamic_creds [-] Deleting project and security group for project: 1b6af39a6e8349e498629e3faa57ac88
2025-04-14 14:29:47.477 70236 INFO tempest.lib.common.rest_client [req-02c32e53-c56b-40f1-a222-8f77363c7a95 req-02c32e53-c56b-40f1-a222-8f77363c7a95 ] Request (ServersTestFqdnHostnames:setUpClass): 201 POST http://10.180.1.21/identity/v3/auth/tokens 0.255s
2025-04-14 14:29:47.536 70205 INFO tempest.lib.common.rest_client [req-cecd15f2-af8c-4772-ae47-835063a61fa3 req-cecd15f2-af8c-4772-ae47-835063a61fa3 ] Request (FlavorsV2NegativeTest:setUpClass): 201 POST http://10.180.1.21/identity/v3/projects 0.256s
2025-04-14 14:29:47.556 70185 INFO tempest.lib.common.rest_client [req-441a9cc9-02f8-4532-aed0-cd51cf27910c req-441a9cc9-02f8-4532-aed0-cd51cf27910c ] Request (QuotasAdminNegativeTest:test_create_server_when_cpu_quota_is_full): 403 POST http://10.180.1.21/compute/v2.1/servers 2.510s
2025-04-14 14:29:47.589 70217 INFO tempest.lib.common.rest_client [req-b00d8c9e-c4bd-484e-9a47-0195520854cd req-b00d8c9e-c4bd-484e-9a47-0195520854cd ] Request (FloatingIPsTestJSON:tearDownClass): 204 DELETE http://10.180.1.21/identity/v3/users/7944730c99844fc4b4bc42ec762ad594 0.265s
2025-04-14 14:29:47.589 70217 INFO tempest.lib.common.dynamic_creds [-] Deleting project and security group for project: 74444340a9bf464ba0295ed079495471
2025-04-14 14:29:47.603 70238 INFO tempest.lib.common.rest_client [req-ec23fe6a-3d08-4b58-b1c3-8b7c71aba29c req-ec23fe6a-3d08-4b58-b1c3-8b7c71aba29c ] Request (HostsAdminNegativeTestJSON:setUpClass): 201 POST http://10.180.1.21/identity/v3/auth/tokens 0.263s
2025-04-14 14:29:47.644 70217 INFO tempest.lib.common.rest_client [req-5ac3b986-db7b-47f6-84bf-43d3406ef6f4 req-5ac3b986-db7b-47f6-84bf-43d3406ef6f4 ] Request (FloatingIPsTestJSON:tearDownClass): 200 GET http://10.180.1.21:9696/networking/v2.0/security-groups?tenant_id=74444340a9bf464ba0295ed079495471&name=default 0.055s
2025-04-14 14:29:47.692 70228 INFO tempest.lib.common.rest_client [req-0cc3050b-8bc0-4f79-806a-8686137132e0 req-0cc3050b-8bc0-4f79-806a-8686137132e0 ] Request (TenantUsagesNegativeTestJSON:setUpClass): 204 PUT http://10.180.1.21/identity/v3/projects/6980a3bdf9c44d089df8a6511f073d68/users/8135fa43ad124c6e8e94c79f808bbfed/roles/3f125c904d9c45e6a3c0f33195ec1bac 0.293s
2025-04-14 14:29:47.692 70209 INFO tempest.lib.common.rest_client [req-24519d53-757b-43c6-aaef-405a407d1060 req-24519d53-757b-43c6-aaef-405a407d1060 ] Request (QuotasAdminTestJSON:test_delete_quota): 201 POST http://10.180.1.21/identity/v3/projects 0.288s
2025-04-14 14:29:47.743 70183 INFO tempest.lib.common.rest_client [req-727d97b7-d5ed-402e-85b6-0aa28cb44c2b req-727d97b7-d5ed-402e-85b6-0aa28cb44c2b ] Request (ServersWithSpecificFlavorTestJSON:test_verify_created_server_ephemeral_disk): 202 POST http://10.180.1.21/compute/v2.1/servers 2.549s
2025-04-14 14:29:47.762 70230 INFO tempest.lib.common.rest_client [req-fcc6cb01-0e4b-438d-9c57-38a5b6f19cb0 req-fcc6cb01-0e4b-438d-9c57-38a5b6f19cb0 ] Request (QuotasAdminTestV236:tearDownClass): 201 POST http://10.180.1.21/identity/v3/auth/tokens 0.290s
2025-04-14 14:29:47.765 70189 INFO tempest.lib.common.rest_client [req-4a7eb783-eedd-45fe-ada3-1e62d7fad5fb req-4a7eb783-eedd-45fe-ada3-1e62d7fad5fb ] Request (ServersV294TestFqdnHostnames:setUpClass): 200 GET http://10.180.1.21/compute/v2.1/servers/ad653df1-ac0a-4761-920f-bd75ce97292a 2.281s
2025-04-14 14:29:47.767 70217 INFO tempest.lib.common.rest_client [req-4ab5520e-a77d-4874-8577-3ea96da023e2 req-4ab5520e-a77d-4874-8577-3ea96da023e2 ] Request (FloatingIPsTestJSON:tearDownClass): 204 DELETE http://10.180.1.21:9696/networking/v2.0/security-groups/3a18cd9a-a1a6-450d-98ee-7ec6ae0f74da 0.123s
2025-04-14 14:29:47.780 70189 INFO tempest.common.waiters [-] State transition "BUILD/spawning" ==> "ACTIVE/None" after 22 second wait
2025-04-14 14:29:47.792 70205 INFO tempest.lib.common.rest_client [req-a6d6763d-9106-447b-96ad-5d6e63609ee2 req-a6d6763d-9106-447b-96ad-5d6e63609ee2 ] Request (FlavorsV2NegativeTest:setUpClass): 201 POST http://10.180.1.21/identity/v3/users 0.255s
2025-04-14 14:29:47.793 70181 INFO tempest.lib.common.rest_client [req-3907e94f-a735-4742-a914-334efb594d33 req-3907e94f-a735-4742-a914-334efb594d33 ] Request (FlavorsExtraSpecsTestJSON:tearDownClass): 200 GET http://10.180.1.21/compute/v2.1/flavors/detail 1.952s
2025-04-14 14:29:47.815 70209 INFO tempest.lib.common.rest_client [req-faa45f33-2d74-4de0-b271-610950231b5e req-faa45f33-2d74-4de0-b271-610950231b5e ] Request (QuotasAdminTestJSON:test_delete_quota): 200 GET http://10.180.1.21/identity/v3/domains?name=Default 0.122s
2025-04-14 14:29:47.816 70228 INFO tempest.lib.common.rest_client [req-f4877df8-2f47-44de-951c-b61d0cfb6808 req-f4877df8-2f47-44de-951c-b61d0cfb6808 ] Request (TenantUsagesNegativeTestJSON:setUpClass): 200 GET http://10.180.1.21/identity/v3/roles 0.123s
2025-04-14 14:29:47.822 70232 INFO tempest.lib.common.rest_client [req-99abda1e-667e-4d36-82d8-deeaf76b2fc5 req-99abda1e-667e-4d36-82d8-deeaf76b2fc5 ] Request (FlavorsExtraSpecsNegativeTestJSON:tearDownClass): 202 DELETE http://10.180.1.21/compute/v2.1/flavors/772022587 1.967s
2025-04-14 14:29:47.884 70217 INFO tempest.lib.common.rest_client [req-aa9069ba-143c-4ce1-a8c1-b19a6dbf977e req-aa9069ba-143c-4ce1-a8c1-b19a6dbf977e ] Request (FloatingIPsTestJSON:tearDownClass): 204 DELETE http://10.180.1.21/identity/v3/projects/74444340a9bf464ba0295ed079495471 0.116s
2025-04-14 14:29:47.900 70201 INFO tempest.lib.common.rest_client [req-d6d85604-b325-405a-a8b0-597fdc61092c req-d6d85604-b325-405a-a8b0-597fdc61092c ] Request (ServersAdminNegativeTestJSON:setUpClass): 200 GET http://10.180.1.21/compute/v2.1/servers/2293f6bc-7334-4e4e-a155-41b528b62116 1.856s
2025-04-14 14:29:47.912 70201 INFO tempest.common.waiters [-] State transition "BUILD/scheduling" ==> "BUILD/None" after 5 second wait
2025-04-14 14:29:47.933 70195 INFO tempest.lib.common.rest_client [req-33c935b4-280f-4fcf-96d3-bb5261c4fdf0 req-33c935b4-280f-4fcf-96d3-bb5261c4fdf0 ] Request (DeleteServersAdminTestJSON:test_admin_delete_servers_of_others): 200 GET http://10.180.1.21/compute/v2.1/servers/4bf9024b-387f-4de3-8e44-885ef6f4ec85 2.113s
2025-04-14 14:29:47.941 70205 INFO tempest.lib.common.rest_client [req-a7b5ca56-9dc1-43de-89c0-ffc9b0eb1a39 req-a7b5ca56-9dc1-43de-89c0-ffc9b0eb1a39 ] Request (FlavorsV2NegativeTest:setUpClass): 200 GET http://10.180.1.21/identity/v3/roles 0.147s
2025-04-14 14:29:47.958 70228 INFO tempest.lib.common.rest_client [req-c96396d3-ed6e-4f17-82d9-180c214e8e7a req-c96396d3-ed6e-4f17-82d9-180c214e8e7a ] Request (TenantUsagesNegativeTestJSON:setUpClass): 204 PUT http://10.180.1.21/identity/v3/projects/6980a3bdf9c44d089df8a6511f073d68/users/8135fa43ad124c6e8e94c79f808bbfed/roles/3f125c904d9c45e6a3c0f33195ec1bac 0.141s
2025-04-14 14:29:47.958 70228 INFO tempest.lib.common.dynamic_creds [-] Dynamic test user 8135fa43ad124c6e8e94c79f808bbfed is created with scope project and roles: ['admin']
2025-04-14 14:29:47.958 70228 INFO tempest.lib.common.dynamic_creds [-] Acquired dynamic creds: credentials: Credentials: {'domain_id': 'default', 'domain_name': 'Default', 'username': 'tempest-TenantUsagesNegativeTestJSON-1781095218-project-admin', 'project_domain_id': 'default', 'project_domain_name': 'Default', 'project_id': '6980a3bdf9c44d089df8a6511f073d68', 'project_name': 'tempest-TenantUsagesNegativeTestJSON-1781095218', 'tenant_id': '6980a3bdf9c44d089df8a6511f073d68', 'tenant_name': 'tempest-TenantUsagesNegativeTestJSON-1781095218', 'user_domain_id': 'default', 'user_domain_name': 'Default', 'user_id': '8135fa43ad124c6e8e94c79f808bbfed', 'system': None}, Network: None, Subnet: None, Router: None
2025-04-14 14:29:47.959 70228 INFO tempest.lib.common.dynamic_creds [-] Created isolated network resources for: credentials: Credentials: {'domain_id': 'default', 'domain_name': 'Default', 'username': 'tempest-TenantUsagesNegativeTestJSON-1781095218-project-admin', 'project_domain_id': 'default', 'project_domain_name': 'Default', 'project_id': '6980a3bdf9c44d089df8a6511f073d68', 'project_name': 'tempest-TenantUsagesNegativeTestJSON-1781095218', 'tenant_id': '6980a3bdf9c44d089df8a6511f073d68', 'tenant_name': 'tempest-TenantUsagesNegativeTestJSON-1781095218', 'user_domain_id': 'default', 'user_domain_name': 'Default', 'user_id': '8135fa43ad124c6e8e94c79f808bbfed', 'system': None}, Network: None, Subnet: None, Router: None
2025-04-14 14:29:47.990 70177 INFO tempest.lib.common.rest_client [req-8aa4e399-6a36-47c7-b488-7c43cbd0e5bf req-8aa4e399-6a36-47c7-b488-7c43cbd0e5bf ] Request (ValidationResourcesFixture:setUp): 201 POST http://10.180.1.21:9696/networking/v2.0/floatingips 0.646s
2025-04-14 14:29:48.004 70181 INFO tempest.lib.common.rest_client [req-f2feba8c-7d54-41a4-94f5-5ea1e99065c8 req-f2feba8c-7d54-41a4-94f5-5ea1e99065c8 ] Request (FlavorsExtraSpecsTestJSON:tearDownClass): 204 DELETE http://10.180.1.21/identity/v3/users/7b6519daf51f4ec08fc8fdc2ab12eb18 0.203s
2025-04-14 14:29:48.011 70217 INFO tempest.lib.common.rest_client [req-19e18b57-bd30-4ebe-9675-50820b278741 req-19e18b57-bd30-4ebe-9675-50820b278741 ] Request (FloatingIPDetailsTestJSON:setUpClass): 201 POST http://10.180.1.21/identity/v3/auth/tokens 0.125s
2025-04-14 14:29:48.058 70221 INFO tempest.lib.common.rest_client [req-de0ddc21-b462-4d90-b571-71efea3fab1c req-de0ddc21-b462-4d90-b571-71efea3fab1c ] Request (ServerDiagnosticsTest:test_get_server_diagnostics): 200 GET http://10.180.1.21/compute/v2.1/servers/fda564a3-b774-47e6-bf6d-12fb9e7077e4 1.551s
2025-04-14 14:29:48.067 70221 INFO tempest.common.waiters [-] State transition "BUILD/spawning" ==> "ACTIVE/None" after 22 second wait
2025-04-14 14:29:48.084 70230 INFO tempest.lib.common.rest_client [req-6d523e54-a9a0-4c49-82e3-a4ba96dd25e3 req-6d523e54-a9a0-4c49-82e3-a4ba96dd25e3 ] Request (QuotasAdminTestV236:tearDownClass): 200 GET http://10.180.1.21:9696/networking/v2.0/security-groups?tenant_id=1b6af39a6e8349e498629e3faa57ac88&name=default 0.322s
2025-04-14 14:29:48.085 70205 INFO tempest.lib.common.rest_client [req-0a0349c0-aed2-47bc-bfb9-e56af7cdb772 req-0a0349c0-aed2-47bc-bfb9-e56af7cdb772 ] Request (FlavorsV2NegativeTest:setUpClass): 204 PUT http://10.180.1.21/identity/v3/projects/11d0c2ca35cf44cc995e3f822d9483c8/users/7a894d9f9e8447919b53a9f8ea1b7c5a/roles/0e63667cf3084c70b339dd9a667e7834 0.144s
2025-04-14 14:29:48.086 70205 INFO tempest.lib.common.dynamic_creds [-] Dynamic test user 7a894d9f9e8447919b53a9f8ea1b7c5a is created with scope project and roles: ['member']
2025-04-14 14:29:48.086 70205 INFO tempest.lib.common.dynamic_creds [-] Acquired dynamic creds: credentials: Credentials: {'domain_id': 'default', 'domain_name': 'Default', 'username': 'tempest-FlavorsV2NegativeTest-1597494291-project-member', 'project_domain_id': 'default', 'project_domain_name': 'Default', 'project_id': '11d0c2ca35cf44cc995e3f822d9483c8', 'project_name': 'tempest-FlavorsV2NegativeTest-1597494291', 'tenant_id': '11d0c2ca35cf44cc995e3f822d9483c8', 'tenant_name': 'tempest-FlavorsV2NegativeTest-1597494291', 'user_domain_id': 'default', 'user_domain_name': 'Default', 'user_id': '7a894d9f9e8447919b53a9f8ea1b7c5a', 'system': None}, Network: None, Subnet: None, Router: None
2025-04-14 14:29:48.086 70205 INFO tempest.lib.common.dynamic_creds [-] Created isolated network resources for: credentials: Credentials: {'domain_id': 'default', 'domain_name': 'Default', 'username': 'tempest-FlavorsV2NegativeTest-1597494291-project-member', 'project_domain_id': 'default', 'project_domain_name': 'Default', 'project_id': '11d0c2ca35cf44cc995e3f822d9483c8', 'project_name': 'tempest-FlavorsV2NegativeTest-1597494291', 'tenant_id': '11d0c2ca35cf44cc995e3f822d9483c8', 'tenant_name': 'tempest-FlavorsV2NegativeTest-1597494291', 'user_domain_id': 'default', 'user_domain_name': 'Default', 'user_id': '7a894d9f9e8447919b53a9f8ea1b7c5a', 'system': None}, Network: None, Subnet: None, Router: None
2025-04-14 14:29:48.145 70228 INFO tempest.lib.common.rest_client [req-8a9c8cc1-6a0b-415f-a0b5-329fa563db48 req-8a9c8cc1-6a0b-415f-a0b5-329fa563db48 ] Request (TenantUsagesNegativeTestJSON:setUpClass): 201 POST http://10.180.1.21/identity/v3/auth/tokens 0.183s
2025-04-14 14:29:48.146 70177 INFO tempest.lib.common.rest_client [req-d15a9809-6a31-4b77-b6c1-6a2bc6fb00dc req-d15a9809-6a31-4b77-b6c1-6a2bc6fb00dc ] Request (AttachInterfacesUnderV243Test:test_add_remove_fixed_ip): 201 POST http://10.180.1.21/identity/v3/auth/tokens 0.153s
2025-04-14 14:29:48.147 70177 INFO tempest.lib.common.fixed_network [-] (AttachInterfacesUnderV243Test:test_add_remove_fixed_ip) Found network {'id': 'da7c64ed-c901-40c5-95ad-0dbc3cff6c75', 'name': 'tempest-AttachInterfacesUnderV243Test-1472626846-network', 'tenant_id': 'aae352d78bed4516a024fe3a207a178d', 'admin_state_up': True, 'mtu': 8950, 'status': 'ACTIVE', 'subnets': [], 'shared': False, 'project_id': 'aae352d78bed4516a024fe3a207a178d', 'port_security_enabled': True, 'router:external': False, 'provider:network_type': 'vlan', 'provider:physical_network': 'default', 'provider:segmentation_id': 479, 'availability_zone_hints': [], 'availability_zones': [], 'ipv4_address_scope': None, 'ipv6_address_scope': None, 'description': '', 'tags': [], 'created_at': '2025-04-14T14:29:40Z', 'updated_at': '2025-04-14T14:29:40Z', 'revision_number': 1} available for tenant
2025-04-14 14:29:48.147 70203 INFO tempest.lib.common.rest_client [req-240a2b44-daf4-4e49-a8df-7f196866272b req-240a2b44-daf4-4e49-a8df-7f196866272b ] Request (ServerExternalEventsTest:test_create_server_external_events): 200 GET http://10.180.1.21/compute/v2.1/servers/271fa258-0e8a-48ae-967b-e87ede527641 1.630s
2025-04-14 14:29:48.153 70211 INFO tempest.lib.common.rest_client [req-ef9f3e12-2be7-486d-95e8-1390c3803586 req-ef9f3e12-2be7-486d-95e8-1390c3803586 ] Request (AggregatesAdminNegativeTestJSON:test_aggregate_create_aggregate_name_length_less_than_1): 400 POST http://10.180.1.21/compute/v2.1/os-aggregates 1.453s
2025-04-14 14:29:48.176 70215 INFO tempest.lib.common.rest_client [req-0acb1aec-43e1-48ea-beed-cbed055bee6b req-0acb1aec-43e1-48ea-beed-cbed055bee6b ] Request (FlavorsAccessNegativeTestJSON:_run_cleanups): 202 DELETE http://10.180.1.21/compute/v2.1/flavors/1874086306 1.457s
2025-04-14 14:29:48.181 70230 INFO tempest.lib.common.rest_client [req-25c0d734-bdbd-45ff-939b-77c0a467db8d req-25c0d734-bdbd-45ff-939b-77c0a467db8d ] Request (QuotasAdminTestV236:tearDownClass): 204 DELETE http://10.180.1.21:9696/networking/v2.0/security-groups/35219884-e9d5-4744-86cb-0c59157a86e5 0.096s
2025-04-14 14:29:48.205 70217 INFO tempest.lib.common.rest_client [req-7a8dcfae-da23-4cc0-b8ed-7861cadc5253 req-7a8dcfae-da23-4cc0-b8ed-7861cadc5253 ] Request (FloatingIPDetailsTestJSON:setUpClass): 201 POST http://10.180.1.21/identity/v3/auth/tokens 0.191s
2025-04-14 14:29:48.234 70226 INFO tempest.lib.common.rest_client [req-b8f134e2-f634-42c1-bbd0-3b88db6dccbd req-b8f134e2-f634-42c1-bbd0-3b88db6dccbd ] Request (SecurityGroupsTestJSON:test_list_security_groups_by_server): 200 GET http://10.180.1.21/compute/v2.1/servers/debfde63-c64d-466f-b424-d8dd704ab30f 1.246s
2025-04-14 14:29:48.241 70213 INFO tempest.lib.common.rest_client [req-9d40bb86-35e1-460d-9264-5b2eb4b97091 req-9d40bb86-35e1-460d-9264-5b2eb4b97091 ] Request (HypervisorAdminNegativeUnderV252Test:test_show_servers_with_non_admin_user): 403 GET http://10.180.1.21/compute/v2.1/os-hypervisors/1/servers 1.249s
2025-04-14 14:29:48.285 70181 INFO tempest.lib.common.rest_client [req-f2cd3c36-be9a-41b3-a6c2-21e8e8429e61 req-f2cd3c36-be9a-41b3-a6c2-21e8e8429e61 ] Request (FlavorsExtraSpecsTestJSON:tearDownClass): 204 DELETE http://10.180.1.21/identity/v3/users/097f2f2b7dd446e09a1ef3c4484cf8dd 0.281s
2025-04-14 14:29:48.288 70181 INFO tempest.lib.common.dynamic_creds [-] Deleting project and security group for project: 82e4eb4f414b4aba81709e04719e098a
2025-04-14 14:29:48.299 70205 INFO tempest.lib.common.rest_client [req-a201d359-4406-4723-a907-0e056cdeede0 req-a201d359-4406-4723-a907-0e056cdeede0 ] Request (FlavorsV2NegativeTest:setUpClass): 201 POST http://10.180.1.21/identity/v3/auth/tokens 0.207s
2025-04-14 14:29:48.398 70230 INFO tempest.lib.common.rest_client [req-694d2cad-fb20-478c-bcc0-19a2f6c2589b req-694d2cad-fb20-478c-bcc0-19a2f6c2589b ] Request (QuotasAdminTestV236:tearDownClass): 204 DELETE http://10.180.1.21/identity/v3/projects/1b6af39a6e8349e498629e3faa57ac88 0.216s
2025-04-14 14:29:48.399 70230 INFO tempest.lib.common.dynamic_creds [-] Deleting project and security group for project: ef4f0e6cada240c08d3dda3868ed66a9
2025-04-14 14:29:48.405 70193 INFO tempest.lib.common.rest_client [req-ee6c7425-7cb9-4dfc-a974-8de69ee915f2 req-ee6c7425-7cb9-4dfc-a974-8de69ee915f2 ] Request (ImagesMetadataTestJSON:setUp): 200 PUT http://10.180.1.21/compute/v2.1/images/2146e792-7722-4095-828c-b3fe3aa47a31/metadata 1.328s
2025-04-14 14:29:48.424 70191 INFO tempest.lib.common.rest_client [req-bd708f63-f087-40ac-b411-6010b6ca46fb req-bd708f63-f087-40ac-b411-6010b6ca46fb ] Request (FlavorsV2TestJSON:test_get_flavor): 200 GET http://10.180.1.21/compute/v2.1/flavors/42 1.882s
2025-04-14 14:29:48.468 70217 INFO tempest.lib.common.rest_client [req-f51a00d9-657f-4fd0-b5fb-0782a3f87c3c req-f51a00d9-657f-4fd0-b5fb-0782a3f87c3c ] Request (FloatingIPDetailsTestJSON:setUpClass): 200 GET http://10.180.1.21/identity/v3/domains?name=Default 0.263s
2025-04-14 14:29:48.482 70181 INFO tempest.lib.common.rest_client [req-a890cf27-3e92-44f8-aaef-b3b7f9ce60cf req-a890cf27-3e92-44f8-aaef-b3b7f9ce60cf ] Request (FlavorsExtraSpecsTestJSON:tearDownClass): 201 POST http://10.180.1.21/identity/v3/auth/tokens 0.194s
2025-04-14 14:29:48.508 70199 INFO tempest.lib.common.rest_client [req-a8855be7-4201-4681-91c3-d3f2f7ad204b req-a8855be7-4201-4681-91c3-d3f2f7ad204b ] Request (ServersAdmin275Test:test_rebuild_update_server_275): 200 GET http://10.180.1.21/compute/v2.1/servers/bb6fe254-1c46-4bc6-a7a4-74ec26fa4079 1.398s
2025-04-14 14:29:48.511 70217 INFO tempest.lib.common.rest_client [req-402e41e1-2081-477c-b6ff-52e1390662cf req-402e41e1-2081-477c-b6ff-52e1390662cf ] Request (FloatingIPDetailsTestJSON:setUpClass): 201 POST http://10.180.1.21/identity/v3/projects 0.042s
2025-04-14 14:29:48.523 70199 INFO tempest.common.waiters [-] State transition "BUILD/spawning" ==> "ACTIVE/None" after 20 second wait
2025-04-14 14:29:48.564 70230 INFO tempest.lib.common.rest_client [req-3d7a5760-0deb-4348-8748-d4af97dc86be req-3d7a5760-0deb-4348-8748-d4af97dc86be ] Request (QuotasAdminTestV236:tearDownClass): 200 GET http://10.180.1.21:9696/networking/v2.0/security-groups?tenant_id=ef4f0e6cada240c08d3dda3868ed66a9&name=default 0.165s
2025-04-14 14:29:48.588 70217 INFO tempest.lib.common.rest_client [req-b9e06413-15e6-4334-9936-b99ffe2a99d1 req-b9e06413-15e6-4334-9936-b99ffe2a99d1 ] Request (FloatingIPDetailsTestJSON:setUpClass): 201 POST http://10.180.1.21/identity/v3/users 0.076s
2025-04-14 14:29:48.590 70197 INFO tempest.lib.common.rest_client [req-c0cb7eb3-4c21-43ff-9ba3-d1ef941901a9 req-c0cb7eb3-4c21-43ff-9ba3-d1ef941901a9 ] Request (VolumesAssistedSnapshotsTest:test_volume_assisted_snapshot_create_delete): 200 GET http://10.180.1.21/compute/v2.1/servers/b0455420-8630-4c65-8b2c-f949630c42f1 1.365s
2025-04-14 14:29:48.592 70234 INFO tempest.lib.common.rest_client [req-3c516bc4-a292-43a7-9d78-5e0725fc2bce req-3c516bc4-a292-43a7-9d78-5e0725fc2bce ] Request (ImagesOneServerTestJSON:setUpClass): 200 GET http://10.180.1.21/compute/v2.1/servers/8c07d39f-cead-491a-a6a0-460e907cec58 1.385s
2025-04-14 14:29:48.619 70217 INFO tempest.lib.common.rest_client [req-970d30a7-a601-4a31-bc7a-986b28554427 req-970d30a7-a601-4a31-bc7a-986b28554427 ] Request (FloatingIPDetailsTestJSON:setUpClass): 200 GET http://10.180.1.21/identity/v3/roles 0.030s
2025-04-14 14:29:48.649 70175 INFO tempest.lib.common.rest_client [req-aeb90b3f-782e-4fb4-9099-7b478277c44f req-aeb90b3f-782e-4fb4-9099-7b478277c44f ] Request (ServersTestJSON:setUpClass): 200 GET http://10.180.1.21/compute/v2.1/servers/05e2282e-8e8c-461b-80a7-6e80aa812a95 1.305s
2025-04-14 14:29:48.652 70217 INFO tempest.lib.common.rest_client [req-6bf20793-5ca3-488c-a8b6-e344bc9a63b0 req-6bf20793-5ca3-488c-a8b6-e344bc9a63b0 ] Request (FloatingIPDetailsTestJSON:setUpClass): 204 PUT http://10.180.1.21/identity/v3/projects/e1a0be52ea564b8e847999a97b3c128d/users/db695091c5834a01ba6f5684f38b7b9b/roles/0e63667cf3084c70b339dd9a667e7834 0.031s
2025-04-14 14:29:48.652 70217 INFO tempest.lib.common.dynamic_creds [-] Dynamic test user db695091c5834a01ba6f5684f38b7b9b is created with scope project and roles: ['member']
2025-04-14 14:29:48.652 70217 INFO tempest.lib.common.dynamic_creds [-] Acquired dynamic creds: credentials: Credentials: {'domain_id': 'default', 'domain_name': 'Default', 'username': 'tempest-FloatingIPDetailsTestJSON-1271670259-project-member', 'project_domain_id': 'default', 'project_domain_name': 'Default', 'project_id': 'e1a0be52ea564b8e847999a97b3c128d', 'project_name': 'tempest-FloatingIPDetailsTestJSON-1271670259', 'tenant_id': 'e1a0be52ea564b8e847999a97b3c128d', 'tenant_name': 'tempest-FloatingIPDetailsTestJSON-1271670259', 'user_domain_id': 'default', 'user_domain_name': 'Default', 'user_id': 'db695091c5834a01ba6f5684f38b7b9b', 'system': None}, Network: None, Subnet: None, Router: None
2025-04-14 14:29:48.716 70217 INFO tempest.lib.common.rest_client [req-a3b58731-c9b0-480d-aaa6-0ae4dc3131df req-a3b58731-c9b0-480d-aaa6-0ae4dc3131df ] Request (FloatingIPDetailsTestJSON:setUpClass): 201 POST http://10.180.1.21/identity/v3/auth/tokens 0.063s
2025-04-14 14:29:48.795 70236 INFO tempest.lib.common.rest_client [req-e3f57c44-226f-45c5-a10f-8f9ea0b81f90 req-e3f57c44-226f-45c5-a10f-8f9ea0b81f90 ] Request (ServersTestFqdnHostnames:test_create_server_with_fqdn_name): 200 POST http://10.180.1.21/compute/v2.1/os-keypairs 1.316s
2025-04-14 14:29:48.835 70230 INFO tempest.lib.common.rest_client [req-2a5e1b15-35a1-4985-b81b-cf35e6d48126 req-2a5e1b15-35a1-4985-b81b-cf35e6d48126 ] Request (QuotasAdminTestV236:tearDownClass): 204 DELETE http://10.180.1.21:9696/networking/v2.0/security-groups/9cec63c0-6d08-48b3-8e56-80f7a840a9fe 0.270s
2025-04-14 14:29:48.855 70185 INFO tempest.lib.common.rest_client [req-beede6f8-86d5-4de4-827a-c92d2d648384 req-beede6f8-86d5-4de4-827a-c92d2d648384 ] Request (QuotasAdminNegativeTest:_run_cleanups): 200 PUT http://10.180.1.21/compute/v2.1/os-quota-sets/208dec4fcb23407491639c4b8372e259 1.297s
2025-04-14 14:29:48.880 70181 INFO tempest.lib.common.rest_client [req-9d997c1b-d663-41fb-bf06-488747ada69a req-9d997c1b-d663-41fb-bf06-488747ada69a ] Request (FlavorsExtraSpecsTestJSON:tearDownClass): 200 GET http://10.180.1.21:9696/networking/v2.0/security-groups?tenant_id=82e4eb4f414b4aba81709e04719e098a&name=default 0.397s
2025-04-14 14:29:48.896 70238 INFO tempest.lib.common.rest_client [req-0d13eb09-005e-4a8d-9d1d-2d22d2055baa req-0d13eb09-005e-4a8d-9d1d-2d22d2055baa ] Request (HostsAdminNegativeTestJSON:setUpClass): 200 GET http://10.180.1.21/compute/v2.1/os-hosts 1.292s
2025-04-14 14:29:48.927 70230 INFO tempest.lib.common.rest_client [req-0a9e2033-5c61-4c2d-9e05-ce15f7668207 req-0a9e2033-5c61-4c2d-9e05-ce15f7668207 ] Request (QuotasAdminTestV236:tearDownClass): 204 DELETE http://10.180.1.21/identity/v3/projects/ef4f0e6cada240c08d3dda3868ed66a9 0.091s
2025-04-14 14:29:48.951 70183 INFO tempest.lib.common.rest_client [req-9298bbbf-3ba4-417a-a2e5-40de2af0dcb6 req-9298bbbf-3ba4-417a-a2e5-40de2af0dcb6 ] Request (ServersWithSpecificFlavorTestJSON:test_verify_created_server_ephemeral_disk): 200 GET http://10.180.1.21/compute/v2.1/servers/b5571ce8-4a18-4bed-8f74-6cdbe092891c 1.204s
2025-04-14 14:29:48.995 70230 INFO tempest.lib.common.rest_client [req-1217aa3f-bb62-4a73-ad35-1a5da98c543e req-1217aa3f-bb62-4a73-ad35-1a5da98c543e ] Request (QuotasSecurityGroupAdminNegativeTest:setUpClass): 201 POST http://10.180.1.21/identity/v3/auth/tokens 0.066s
2025-04-14 14:29:49.034 70189 INFO tempest.lib.common.rest_client [req-309f40bc-480e-4cc7-a8e2-7c9fbbf2060c req-309f40bc-480e-4cc7-a8e2-7c9fbbf2060c ] Request (ServersV294TestFqdnHostnames:setUpClass): 200 GET http://10.180.1.21/compute/v2.1/servers/ad653df1-ac0a-4761-920f-bd75ce97292a/os-interface 1.254s
