2025-04-14 14:29:25.860 70208 INFO tempest.lib.common.rest_client [req-6852c6bf-0b88-4402-8243-7d3b648f7d19 req-6852c6bf-0b88-4402-8243-7d3b648f7d19 ] Request (ServicesAdminTestJSON:test_list_services): 200 GET http://10.180.1.21/compute/v2.1/os-services 3.117s
2025-04-14 14:29:25.911 70232 INFO tempest.lib.common.rest_client [req-638514de-4f2a-4057-8829-dfbdca5a00a5 req-638514de-4f2a-4057-8829-dfbdca5a00a5 ] Request (FlavorsExtraSpecsNegativeTestJSON:setUpClass): 200 GET http://10.180.1.21/identity/v3/roles 0.090s
2025-04-14 14:29:25.968 70238 INFO tempest.lib.common.rest_client [req-27e93116-5243-453f-964b-a96fd31bc85a req-27e93116-5243-453f-964b-a96fd31bc85a ] Request (FlavorsAccessTestJSON:test_flavor_access_add_remove): 200 GET http://10.180.1.21/compute/v2.1/flavors/detail 3.261s
2025-04-14 14:29:25.990 70208 INFO tempest.lib.common.rest_client [req-cff416d4-7846-4d3f-b714-bcbae794cb80 req-cff416d4-7846-4d3f-b714-bcbae794cb80 ] Request (ServicesAdminTestJSON:tearDownClass): 204 DELETE http://10.180.1.21/identity/v3/users/41338ef1f4364408ae1bae98ec870ae7 0.125s
2025-04-14 14:29:25.998 70228 INFO tempest.lib.common.rest_client [req-6975b6a7-fa52-40e5-b734-0e9884446a5f req-6975b6a7-fa52-40e5-b734-0e9884446a5f ] Request (HypervisorAdminV228Test:tearDownClass): 204 DELETE http://10.180.1.21/identity/v3/users/ec55cee93bbc46eeb772894293447017 0.146s
2025-04-14 14:29:25.998 70228 INFO tempest.lib.common.dynamic_creds [-] Deleting project and security group for project: 7b8e40dc98cc41a59fbad7ba8d5421be
2025-04-14 14:29:26.018 70221 INFO tempest.lib.common.rest_client [req-13b97524-c02e-47c5-b382-e2a0b218d2b3 req-13b97524-c02e-47c5-b382-e2a0b218d2b3 ] Request (ServerDiagnosticsTest:test_get_server_diagnostics): 200 GET http://10.180.1.21/compute/v2.1/servers/fda564a3-b774-47e6-bf6d-12fb9e7077e4 2.960s
2025-04-14 14:29:26.057 70232 INFO tempest.lib.common.rest_client [req-96039c46-07ed-43fe-8a46-bd44b40ff425 req-96039c46-07ed-43fe-8a46-bd44b40ff425 ] Request (FlavorsExtraSpecsNegativeTestJSON:setUpClass): 204 PUT http://10.180.1.21/identity/v3/projects/6e9c0d8043cc456cafc2ddea59c34dd0/users/b7fb0553d97540148deab276effad4e4/roles/3f125c904d9c45e6a3c0f33195ec1bac 0.146s
2025-04-14 14:29:26.085 70208 INFO tempest.lib.common.rest_client [req-13aa9932-e601-4f99-a14f-03fbeb1a482b req-13aa9932-e601-4f99-a14f-03fbeb1a482b ] Request (ServicesAdminTestJSON:tearDownClass): 204 DELETE http://10.180.1.21/identity/v3/users/8119197f5f064b2b84b9bab749503214 0.095s
2025-04-14 14:29:26.085 70208 INFO tempest.lib.common.dynamic_creds [-] Deleting project and security group for project: daafa02d5c4146daa8dbc24ca901b0ec
2025-04-14 14:29:26.139 70228 INFO tempest.lib.common.rest_client [req-6101c28a-3fc2-4d70-a050-d74b0e61bb2c req-6101c28a-3fc2-4d70-a050-d74b0e61bb2c ] Request (HypervisorAdminV228Test:tearDownClass): 201 POST http://10.180.1.21/identity/v3/auth/tokens 0.140s
2025-04-14 14:29:26.187 70215 INFO tempest.lib.common.rest_client [req-a78c1724-239c-47ba-9cab-2ed55976c3dc req-a78c1724-239c-47ba-9cab-2ed55976c3dc ] Request (FlavorsAccessNegativeTestJSON:test_add_flavor_access_duplicate): 200 POST http://10.180.1.21/compute/v2.1/flavors/202176825/action 3.170s
2025-04-14 14:29:26.203 70232 INFO tempest.lib.common.rest_client [req-ad5716c9-0eee-445a-8c31-eff670d5f38b req-ad5716c9-0eee-445a-8c31-eff670d5f38b ] Request (FlavorsExtraSpecsNegativeTestJSON:setUpClass): 200 GET http://10.180.1.21/identity/v3/roles 0.145s
2025-04-14 14:29:26.235 70208 INFO tempest.lib.common.rest_client [req-be327265-16e2-4908-bedd-c30786f25ac3 req-be327265-16e2-4908-bedd-c30786f25ac3 ] Request (ServicesAdminTestJSON:tearDownClass): 201 POST http://10.180.1.21/identity/v3/auth/tokens 0.149s
2025-04-14 14:29:26.295 70177 INFO tempest.lib.common.rest_client [req-a9948e83-4903-4158-acec-bd7ef2442485 req-a9948e83-4903-4158-acec-bd7ef2442485 ] Request (ImagesMetadataNegativeTestJSON:test_delete_nonexistent_image_metadata_item): 404 DELETE http://10.180.1.21/compute/v2.1/images/33f7b2e9-c4b1-4634-ba7a-18ebc5ecacc7/metadata/os_distro 3.202s
2025-04-14 14:29:26.370 70181 INFO tempest.lib.common.rest_client [req-13a3ad3e-d015-4317-8cbe-a66e515eca8c req-13a3ad3e-d015-4317-8cbe-a66e515eca8c ] Request (FlavorsExtraSpecsTestJSON:test_flavor_non_admin_get_all_keys): 200 GET http://10.180.1.21/compute/v2.1/flavors/1527059427/os-extra_specs 3.212s
2025-04-14 14:29:26.372 70232 INFO tempest.lib.common.rest_client [req-96c49670-2208-4433-a7ca-2838a8a5ebf3 req-96c49670-2208-4433-a7ca-2838a8a5ebf3 ] Request (FlavorsExtraSpecsNegativeTestJSON:setUpClass): 204 PUT http://10.180.1.21/identity/v3/projects/6e9c0d8043cc456cafc2ddea59c34dd0/users/b7fb0553d97540148deab276effad4e4/roles/3f125c904d9c45e6a3c0f33195ec1bac 0.168s
2025-04-14 14:29:26.373 70232 INFO tempest.lib.common.dynamic_creds [-] Dynamic test user b7fb0553d97540148deab276effad4e4 is created with scope project and roles: ['admin']
2025-04-14 14:29:26.373 70232 INFO tempest.lib.common.dynamic_creds [-] Acquired dynamic creds: credentials: Credentials: {'domain_id': 'default', 'domain_name': 'Default', 'username': 'tempest-FlavorsExtraSpecsNegativeTestJSON-360497608-project-admin', 'project_domain_id': 'default', 'project_domain_name': 'Default', 'project_id': '6e9c0d8043cc456cafc2ddea59c34dd0', 'project_name': 'tempest-FlavorsExtraSpecsNegativeTestJSON-360497608', 'tenant_id': '6e9c0d8043cc456cafc2ddea59c34dd0', 'tenant_name': 'tempest-FlavorsExtraSpecsNegativeTestJSON-360497608', 'user_domain_id': 'default', 'user_domain_name': 'Default', 'user_id': 'b7fb0553d97540148deab276effad4e4', 'system': None}, Network: None, Subnet: None, Router: None
2025-04-14 14:29:26.373 70232 INFO tempest.lib.common.dynamic_creds [-] Created isolated network resources for: credentials: Credentials: {'domain_id': 'default', 'domain_name': 'Default', 'username': 'tempest-FlavorsExtraSpecsNegativeTestJSON-360497608-project-admin', 'project_domain_id': 'default', 'project_domain_name': 'Default', 'project_id': '6e9c0d8043cc456cafc2ddea59c34dd0', 'project_name': 'tempest-FlavorsExtraSpecsNegativeTestJSON-360497608', 'tenant_id': '6e9c0d8043cc456cafc2ddea59c34dd0', 'tenant_name': 'tempest-FlavorsExtraSpecsNegativeTestJSON-360497608', 'user_domain_id': 'default', 'user_domain_name': 'Default', 'user_id': 'b7fb0553d97540148deab276effad4e4', 'system': None}, Network: None, Subnet: None, Router: None
2025-04-14 14:29:26.393 70201 INFO tempest.lib.common.rest_client [req-309bc7d1-ad16-458a-b46e-23579f5f3ec8 req-309bc7d1-ad16-458a-b46e-23579f5f3ec8 ] Request (FlavorMetadataValidation:_run_cleanups): 202 DELETE http://10.180.1.21/compute/v2.1/flavors/1199256084 3.081s
2025-04-14 14:29:26.413 70203 INFO tempest.lib.common.rest_client [req-2e0f1d7c-91bb-4e92-8dae-5481b6142a32 req-2e0f1d7c-91bb-4e92-8dae-5481b6142a32 ] Request (HypervisorAdminTestJSON:test_get_hypervisor_show_details): 200 GET http://10.180.1.21/compute/v2.1/os-hypervisors 3.061s
2025-04-14 14:29:26.435 70197 INFO tempest.lib.common.rest_client [req-4c8e183d-f821-43a5-9707-5aeecb83af10 req-4c8e183d-f821-43a5-9707-5aeecb83af10 ] Request (VolumesAssistedSnapshotsTest:setUpClass): 200 PUT http://10.180.1.21:9696/networking/v2.0/routers/b73afab2-6185-408e-9090-4dba7b29b257/add_router_interface 1.571s
2025-04-14 14:29:26.435 70197 INFO tempest.lib.common.dynamic_creds [-] Created isolated network resources for: credentials: Credentials: {'domain_id': 'default', 'domain_name': 'Default', 'username': 'tempest-VolumesAssistedSnapshotsTest-361201557-project-admin', 'project_domain_id': 'default', 'project_domain_name': 'Default', 'project_id': 'fb596a0ee8d34cc6b7b40ab9068f5f88', 'project_name': 'tempest-VolumesAssistedSnapshotsTest-361201557', 'tenant_id': 'fb596a0ee8d34cc6b7b40ab9068f5f88', 'tenant_name': 'tempest-VolumesAssistedSnapshotsTest-361201557', 'user_domain_id': 'default', 'user_domain_name': 'Default', 'user_id': '4dbccf87fe1f4e63812f7a07e1bd8748', 'system': None}, Network: {'id': '3535615f-2d85-4ef5-92b1-2b0d008ab486', 'name': 'tempest-VolumesAssistedSnapshotsTest-828025767-network', 'tenant_id': 'fb596a0ee8d34cc6b7b40ab9068f5f88', 'admin_state_up': True, 'mtu': 8950, 'status': 'ACTIVE', 'subnets': [], 'shared': False, 'project_id': 'fb596a0ee8d34cc6b7b40ab9068f5f88', 'port_security_enabled': True, 'router:external': False, 'provider:network_type': 'vlan', 'provider:physical_network': 'default', 'provider:segmentation_id': 809, 'availability_zone_hints': [], 'availability_zones': [], 'ipv4_address_scope': None, 'ipv6_address_scope': None, 'description': '', 'tags': [], 'created_at': '2025-04-14T14:29:21Z', 'updated_at': '2025-04-14T14:29:21Z', 'revision_number': 1}, Subnet: {'id': 'a863813a-af7d-45b2-9250-800ea10ddf87', 'name': 'tempest-VolumesAssistedSnapshotsTest-828025767-subnet', 'tenant_id': 'fb596a0ee8d34cc6b7b40ab9068f5f88', 'network_id': '3535615f-2d85-4ef5-92b1-2b0d008ab486', 'ip_version': 4, 'subnetpool_id': None, 'enable_dhcp': True, 'ipv6_ra_mode': None, 'ipv6_address_mode': None, 'gateway_ip': '192.168.128.1', 'cidr': '192.168.128.0/28', 'allocation_pools': [{'start': '192.168.128.2', 'end': '192.168.128.14'}], 'host_routes': [], 'dns_nameservers': [], 'description': '', 'router:external': False, 'service_types': [], 'tags': [], 'created_at': '2025-04-14T14:29:22Z', 'updated_at': '2025-04-14T14:29:22Z', 'revision_number': 0, 'project_id': 'fb596a0ee8d34cc6b7b40ab9068f5f88'}, Router: {'id': 'b73afab2-6185-408e-9090-4dba7b29b257', 'name': 'tempest-VolumesAssistedSnapshotsTest-828025767-router', 'tenant_id': 'fb596a0ee8d34cc6b7b40ab9068f5f88', 'admin_state_up': True, 'status': 'ACTIVE', 'external_gateway_info': {'network_id': '7bfa6066-d13a-4beb-bbe7-255e7a43b8e6', 'external_fixed_ips': [{'subnet_id': '2ca8ea3c-6878-4477-9023-437da695ca8e', 'ip_address': '10.180.180.202'}], 'enable_snat': True}, 'description': '', 'availability_zones': [], 'distributed': False, 'ha': False, 'availability_zone_hints': [], 'routes': [], 'flavor_id': None, 'tags': [], 'created_at': '2025-04-14T14:29:22Z', 'updated_at': '2025-04-14T14:29:23Z', 'revision_number': 2, 'project_id': 'fb596a0ee8d34cc6b7b40ab9068f5f88'}
2025-04-14 14:29:26.461 70232 INFO tempest.lib.common.rest_client [req-8c0611cb-52c4-41d6-91d4-21b1c0e95143 req-8c0611cb-52c4-41d6-91d4-21b1c0e95143 ] Request (FlavorsExtraSpecsNegativeTestJSON:setUpClass): 201 POST http://10.180.1.21/identity/v3/auth/tokens 0.085s
2025-04-14 14:29:26.532 70197 INFO tempest.lib.common.rest_client [req-7f2ab668-ba2b-481d-bfb9-d603ba82d532 req-7f2ab668-ba2b-481d-bfb9-d603ba82d532 ] Request (VolumesAssistedSnapshotsTest:setUpClass): 201 POST http://10.180.1.21/identity/v3/auth/tokens 0.094s
2025-04-14 14:29:26.596 70197 INFO tempest.lib.common.rest_client [req-f3ad8303-40ab-4808-bcdd-dce3aaa399e4 req-f3ad8303-40ab-4808-bcdd-dce3aaa399e4 ] Request (VolumesAssistedSnapshotsTest:setUpClass): 201 POST http://10.180.1.21/identity/v3/projects 0.063s
2025-04-14 14:29:26.652 70197 INFO tempest.lib.common.rest_client [req-75031733-0d10-4a3a-9971-aebaa54cd3f0 req-75031733-0d10-4a3a-9971-aebaa54cd3f0 ] Request (VolumesAssistedSnapshotsTest:setUpClass): 201 POST http://10.180.1.21/identity/v3/users 0.055s
2025-04-14 14:29:26.676 70197 INFO tempest.lib.common.rest_client [req-4a4f9b2d-963a-4f89-8b85-3920183a94e9 req-4a4f9b2d-963a-4f89-8b85-3920183a94e9 ] Request (VolumesAssistedSnapshotsTest:setUpClass): 200 GET http://10.180.1.21/identity/v3/roles 0.024s
2025-04-14 14:29:26.709 70197 INFO tempest.lib.common.rest_client [req-e4105326-3750-4c1c-91cc-d439cf18df08 req-e4105326-3750-4c1c-91cc-d439cf18df08 ] Request (VolumesAssistedSnapshotsTest:setUpClass): 204 PUT http://10.180.1.21/identity/v3/projects/4eef3f8976024b9383a0ec3dc21c0414/users/a47982029e7e48b09a754d2f8de31544/roles/3f125c904d9c45e6a3c0f33195ec1bac 0.033s
2025-04-14 14:29:26.772 70197 INFO tempest.lib.common.rest_client [req-d925b94a-6bb4-4049-b4f8-d88b7eb3c0cf req-d925b94a-6bb4-4049-b4f8-d88b7eb3c0cf ] Request (VolumesAssistedSnapshotsTest:setUpClass): 200 GET http://10.180.1.21/identity/v3/roles 0.062s
2025-04-14 14:29:26.795 70197 INFO tempest.lib.common.rest_client [req-cac03829-2007-4b41-9c6c-36bda907fbe4 req-cac03829-2007-4b41-9c6c-36bda907fbe4 ] Request (VolumesAssistedSnapshotsTest:setUpClass): 204 PUT http://10.180.1.21/identity/v3/projects/4eef3f8976024b9383a0ec3dc21c0414/users/a47982029e7e48b09a754d2f8de31544/roles/7137c97f85214820b764e5a697c29e99 0.022s
2025-04-14 14:29:26.795 70197 INFO tempest.lib.common.dynamic_creds [-] Dynamic test user a47982029e7e48b09a754d2f8de31544 is created with scope project and roles: ['admin', 'service']
2025-04-14 14:29:26.795 70197 INFO tempest.lib.common.dynamic_creds [-] Acquired dynamic creds: credentials: Credentials: {'domain_id': 'default', 'domain_name': 'Default', 'username': 'tempest-VolumesAssistedSnapshotsTest-1494434145-project', 'project_domain_id': 'default', 'project_domain_name': 'Default', 'project_id': '4eef3f8976024b9383a0ec3dc21c0414', 'project_name': 'tempest-VolumesAssistedSnapshotsTest-1494434145', 'tenant_id': '4eef3f8976024b9383a0ec3dc21c0414', 'tenant_name': 'tempest-VolumesAssistedSnapshotsTest-1494434145', 'user_domain_id': 'default', 'user_domain_name': 'Default', 'user_id': 'a47982029e7e48b09a754d2f8de31544', 'system': None}, Network: None, Subnet: None, Router: None
2025-04-14 14:29:26.803 70219 INFO tempest.lib.common.rest_client [req-d045cea1-3896-4ad9-ba6c-88a64fd88501 req-d045cea1-3896-4ad9-ba6c-88a64fd88501 ] Request (ServerDiagnosticsNegativeTest:test_get_server_diagnostics_by_non_admin): 200 GET http://10.180.1.21/compute/v2.1/servers/97e3329a-2999-45a4-9ecb-0cc43fbe9eae 3.606s
2025-04-14 14:29:26.811 70219 INFO tempest.common.waiters [-] State transition "BUILD/block_device_mapping" ==> "BUILD/spawning" after 8 second wait
2025-04-14 14:29:26.832 70228 INFO tempest.lib.common.rest_client [req-d2433629-0191-4e42-b08e-a7aed71d3918 req-d2433629-0191-4e42-b08e-a7aed71d3918 ] Request (HypervisorAdminV228Test:tearDownClass): 200 GET http://10.180.1.21:9696/networking/v2.0/security-groups?tenant_id=7b8e40dc98cc41a59fbad7ba8d5421be&name=default 0.692s
2025-04-14 14:29:26.847 70208 INFO tempest.lib.common.rest_client [req-661823e8-d2c2-4a17-9b57-3a5f00e2abcf req-661823e8-d2c2-4a17-9b57-3a5f00e2abcf ] Request (ServicesAdminTestJSON:tearDownClass): 200 GET http://10.180.1.21:9696/networking/v2.0/security-groups?tenant_id=daafa02d5c4146daa8dbc24ca901b0ec&name=default 0.612s
2025-04-14 14:29:26.952 70228 INFO tempest.lib.common.rest_client [req-20d2e2da-7540-4763-b6c6-eb7f42d95b23 req-20d2e2da-7540-4763-b6c6-eb7f42d95b23 ] Request (HypervisorAdminV228Test:tearDownClass): 204 DELETE http://10.180.1.21:9696/networking/v2.0/security-groups/b884d03c-d435-4fa5-ac52-b7c4a9a5c652 0.119s
2025-04-14 14:29:27.013 70197 INFO tempest.lib.common.rest_client [req-e0b2cddf-c20c-4c38-9aca-8e1ad98af900 req-e0b2cddf-c20c-4c38-9aca-8e1ad98af900 ] Request (VolumesAssistedSnapshotsTest:setUpClass): 201 POST http://10.180.1.21:9696/networking/v2.0/networks 0.217s
2025-04-14 14:29:27.063 70226 INFO tempest.lib.common.rest_client [req-0a85ba74-4c48-4643-803e-1eaa7f3ce9b8 req-0a85ba74-4c48-4643-803e-1eaa7f3ce9b8 ] Request (SecurityGroupsTestJSON:setUpClass): 201 POST http://10.180.1.21:9696/networking/v2.0/routers 1.433s
2025-04-14 14:29:27.071 70228 INFO tempest.lib.common.rest_client [req-afff9977-4238-416c-90b5-41f4c0c0a615 req-afff9977-4238-416c-90b5-41f4c0c0a615 ] Request (HypervisorAdminV228Test:tearDownClass): 204 DELETE http://10.180.1.21/identity/v3/projects/7b8e40dc98cc41a59fbad7ba8d5421be 0.119s
2025-04-14 14:29:27.071 70228 INFO tempest.lib.common.dynamic_creds [-] Deleting project and security group for project: f60128ae6e5b43d3ae9dc47a8945e5b0
2025-04-14 14:29:27.086 70208 INFO tempest.lib.common.rest_client [req-f7eec40d-db46-4a92-b89f-6b48adb82813 req-f7eec40d-db46-4a92-b89f-6b48adb82813 ] Request (ServicesAdminTestJSON:tearDownClass): 204 DELETE http://10.180.1.21:9696/networking/v2.0/security-groups/dd25e54e-4c2a-4af6-b64f-682e6e28ad77 0.237s
2025-04-14 14:29:27.090 70179 INFO tempest.lib.common.rest_client [req-a34aed27-23bd-4709-a040-c7dbe4dac04d req-a34aed27-23bd-4709-a040-c7dbe4dac04d ] Request (ImagesNegativeTestJSON:test_create_image_from_deleted_server): 200 GET http://10.180.1.21/compute/v2.1/servers/9f503faf-77ea-42fc-ab3d-7483d725e0e9 2.903s
2025-04-14 14:29:27.099 70179 INFO tempest.common.waiters [-] State transition "BUILD/None" ==> "BUILD/spawning" after 4 second wait
2025-04-14 14:29:27.130 70191 INFO tempest.lib.common.rest_client [req-8a7677ac-229d-4105-917e-f5a6ceaddd87 req-8a7677ac-229d-4105-917e-f5a6ceaddd87 ] Request (SecurityGroupsTestAdminJSON:test_list_security_groups_list_all_tenants_filter): 200 POST http://10.180.1.21/compute/v2.1/os-security-groups 3.581s
2025-04-14 14:29:27.195 70234 INFO tempest.lib.common.rest_client [req-37c5172c-7017-4c1b-94b2-a08c09c101e6 req-37c5172c-7017-4c1b-94b2-a08c09c101e6 ] Request (ImagesOneServerTestJSON:setUpClass): 200 GET http://10.180.1.21/compute/v2.1/servers/8c07d39f-cead-491a-a6a0-460e907cec58 2.474s
2025-04-14 14:29:27.202 70208 INFO tempest.lib.common.rest_client [req-2814b0f5-038c-42c3-b67b-79cb722edf8a req-2814b0f5-038c-42c3-b67b-79cb722edf8a ] Request (ServicesAdminTestJSON:tearDownClass): 204 DELETE http://10.180.1.21/identity/v3/projects/daafa02d5c4146daa8dbc24ca901b0ec 0.116s
2025-04-14 14:29:27.203 70208 INFO tempest.lib.common.dynamic_creds [-] Deleting project and security group for project: 3a698f2ed3d94aa8978bcb11858c243e
2025-04-14 14:29:27.214 70228 INFO tempest.lib.common.rest_client [req-cdfc82f3-646c-43c2-9384-d6cf4aeaaf22 req-cdfc82f3-646c-43c2-9384-d6cf4aeaaf22 ] Request (HypervisorAdminV228Test:tearDownClass): 200 GET http://10.180.1.21:9696/networking/v2.0/security-groups?tenant_id=f60128ae6e5b43d3ae9dc47a8945e5b0&name=default 0.142s
2025-04-14 14:29:27.225 70209 INFO tempest.lib.common.rest_client [req-2f187c39-b05b-4d5e-bf30-d9d44e9e39b2 req-2f187c39-b05b-4d5e-bf30-d9d44e9e39b2 ] Request (HostsAdminTestJSON:test_list_hosts): 200 GET http://10.180.1.21/compute/v2.1/os-hosts 2.921s
2025-04-14 14:29:27.420 70197 INFO tempest.lib.common.rest_client [req-acb9013e-ec73-455e-8cca-b29dfde08f81 req-acb9013e-ec73-455e-8cca-b29dfde08f81 ] Request (VolumesAssistedSnapshotsTest:setUpClass): 201 POST http://10.180.1.21:9696/networking/v2.0/subnets 0.406s
2025-04-14 14:29:27.437 70228 INFO tempest.lib.common.rest_client [req-281bd96d-9550-414a-9ca4-480c889b1b92 req-281bd96d-9550-414a-9ca4-480c889b1b92 ] Request (HypervisorAdminV228Test:tearDownClass): 204 DELETE http://10.180.1.21:9696/networking/v2.0/security-groups/61928309-0a7c-4656-a7ab-c9fdcf42e853 0.222s
2025-04-14 14:29:27.469 70208 INFO tempest.lib.common.rest_client [req-a4c4c268-7435-4e1a-ad0a-933787c7f1cb req-a4c4c268-7435-4e1a-ad0a-933787c7f1cb ] Request (ServicesAdminTestJSON:tearDownClass): 200 GET http://10.180.1.21:9696/networking/v2.0/security-groups?tenant_id=3a698f2ed3d94aa8978bcb11858c243e&name=default 0.266s
2025-04-14 14:29:27.578 70228 INFO tempest.lib.common.rest_client [req-bca5c0de-39d8-4fc3-a252-b1e68450d97f req-bca5c0de-39d8-4fc3-a252-b1e68450d97f ] Request (HypervisorAdminV228Test:tearDownClass): 204 DELETE http://10.180.1.21/identity/v3/projects/f60128ae6e5b43d3ae9dc47a8945e5b0 0.140s
2025-04-14 14:29:27.579 70193 INFO tempest.lib.common.rest_client [req-45388b62-8a21-4bb9-a976-376b0712aba5 req-45388b62-8a21-4bb9-a976-376b0712aba5 ] Request (QuotasAdminTestV257:test_get_updated_quotas): 200 PUT http://10.180.1.21/compute/v2.1/os-quota-sets/6c855cd6277c4dfb8c1ef8c232b4c276?user_id=1ea936b17e93478f8569c62687d7207f 2.499s
2025-04-14 14:29:27.605 70211 INFO tempest.lib.common.rest_client [req-99027cb9-dc1c-4fc9-b5bb-c03b0af91cca req-99027cb9-dc1c-4fc9-b5bb-c03b0af91cca ] Request (AggregatesAdminNegativeTestJSON:test_aggregate_add_existent_host): 200 POST http://10.180.1.21/compute/v2.1/os-aggregates/1/action 2.857s
2025-04-14 14:29:27.658 70208 INFO tempest.lib.common.rest_client [req-5532e58f-2d2b-4db5-8fcd-f9ca73973363 req-5532e58f-2d2b-4db5-8fcd-f9ca73973363 ] Request (ServicesAdminTestJSON:tearDownClass): 204 DELETE http://10.180.1.21:9696/networking/v2.0/security-groups/f5c35372-114e-4153-b493-9d709c1de6a2 0.188s
2025-04-14 14:29:27.676 70228 INFO tempest.lib.common.rest_client [req-cf853bd0-a85c-435f-9322-a7bc4985904e req-cf853bd0-a85c-435f-9322-a7bc4985904e ] Request (ServicesAdminNegativeTestJSON:setUpClass): 201 POST http://10.180.1.21/identity/v3/auth/tokens 0.095s
2025-04-14 14:29:27.765 70208 INFO tempest.lib.common.rest_client [req-4aeb594a-980c-447e-a023-761be60ceb8d req-4aeb594a-980c-447e-a023-761be60ceb8d ] Request (ServicesAdminTestJSON:tearDownClass): 204 DELETE http://10.180.1.21/identity/v3/projects/3a698f2ed3d94aa8978bcb11858c243e 0.106s
2025-04-14 14:29:27.796 70223 INFO tempest.lib.common.rest_client [req-a6c3cb8d-d573-4c9e-9f31-3ed0f63ab401 req-a6c3cb8d-d573-4c9e-9f31-3ed0f63ab401 ] Request (VolumesAdminNegativeTest:test_update_attached_volume_with_nonexistent_volume_in_body): 200 POST http://10.180.1.21/compute/v2.1/os-keypairs 2.253s
2025-04-14 14:29:27.830 70217 INFO tempest.lib.common.rest_client [req-0e75ebec-a052-4467-a867-89fbadc3bcf0 req-0e75ebec-a052-4467-a867-89fbadc3bcf0 ] Request (FloatingIPsTestJSON:test_allocate_floating_ip): 200 GET http://10.180.1.21/compute/v2.1/os-floating-ips/301e5477-5965-4fb0-9d0e-b8bdeb74d2bd 2.421s
2025-04-14 14:29:27.831 70228 INFO tempest.lib.common.rest_client [req-41b1d2b5-05e0-421d-bd19-72ef360ca1e6 req-41b1d2b5-05e0-421d-bd19-72ef360ca1e6 ] Request (ServicesAdminNegativeTestJSON:setUpClass): 201 POST http://10.180.1.21/identity/v3/auth/tokens 0.152s
2025-04-14 14:29:27.836 70236 INFO tempest.lib.common.rest_client [req-ce113fc6-798f-455f-81ad-a3a843015d7b req-ce113fc6-798f-455f-81ad-a3a843015d7b ] Request (SecurityGroupsNegativeTestJSON:test_delete_security_group_without_passing_id): 404 DELETE http://10.180.1.21/compute/v2.1/os-security-groups/ 2.204s
2025-04-14 14:29:27.840 70205 INFO tempest.lib.common.rest_client [req-bc1ba876-cf2f-4367-81d9-1d06fba0ddf9 req-bc1ba876-cf2f-4367-81d9-1d06fba0ddf9 ] Request (FlavorsV261TestJSON:test_crud_flavor): 200 PUT http://10.180.1.21/compute/v2.1/flavors/768984152 2.283s
2025-04-14 14:29:27.861 70208 INFO tempest.lib.common.rest_client [req-4cc430ad-1e12-4d69-9058-09fdd95743bc req-4cc430ad-1e12-4d69-9058-09fdd95743bc ] Request (InstanceActionsNegativeTestJSON:setUpClass): 201 POST http://10.180.1.21/identity/v3/auth/tokens 0.095s
2025-04-14 14:29:27.865 70213 INFO tempest.lib.common.rest_client [req-bd5fefb3-b51b-4ea3-8af7-b27f3b6d5372 req-bd5fefb3-b51b-4ea3-8af7-b27f3b6d5372 ] Request (FlavorsV255TestJSON:test_crud_flavor): 200 PUT http://10.180.1.21/compute/v2.1/flavors/1266751892 2.151s
2025-04-14 14:29:27.868 70228 INFO tempest.lib.common.rest_client [req-dd0d60f4-208d-4db3-adc5-067865da8f56 req-dd0d60f4-208d-4db3-adc5-067865da8f56 ] Request (ServicesAdminNegativeTestJSON:setUpClass): 200 GET http://10.180.1.21/identity/v3/domains?name=Default 0.037s
2025-04-14 14:29:27.889 70175 INFO tempest.lib.common.rest_client [req-4a324065-99e9-45f3-969b-e8315aefafd3 req-4a324065-99e9-45f3-969b-e8315aefafd3 ] Request (HypervisorAdminUnderV252Test:test_search_hypervisor): 200 GET http://10.180.1.21/compute/v2.1/os-hypervisors/domain-c8.fc996f14-c53b-4953-92e3-bdfa48f5cc28/search 2.110s
2025-04-14 14:29:27.898 70208 INFO tempest.lib.common.rest_client [req-55271c47-13ae-4749-ab4d-14425055e777 req-55271c47-13ae-4749-ab4d-14425055e777 ] Request (InstanceActionsNegativeTestJSON:setUpClass): 201 POST http://10.180.1.21/identity/v3/auth/tokens 0.034s
2025-04-14 14:29:27.928 70228 INFO tempest.lib.common.rest_client [req-babb12d2-e83b-48d7-a77a-ef5fb28ca880 req-babb12d2-e83b-48d7-a77a-ef5fb28ca880 ] Request (ServicesAdminNegativeTestJSON:setUpClass): 201 POST http://10.180.1.21/identity/v3/projects 0.059s
2025-04-14 14:29:27.992 70199 INFO tempest.lib.common.rest_client [req-c046e1a9-c7e8-4a37-9590-98e503876146 req-c046e1a9-c7e8-4a37-9590-98e503876146 ] Request (ServersAdmin275Test:test_rebuild_update_server_275): 200 GET http://10.180.1.21/compute/v2.1/servers/bb6fe254-1c46-4bc6-a7a4-74ec26fa4079 2.134s
2025-04-14 14:29:27.999 70183 INFO tempest.lib.common.rest_client [req-79eaa587-a809-42c7-964d-bc43d0e48401 req-79eaa587-a809-42c7-964d-bc43d0e48401 ] Request (ServersWithSpecificFlavorTestJSON:test_verify_created_server_ephemeral_disk): 200 GET http://10.180.1.21/compute/v2.1/flavors/42 2.314s
2025-04-14 14:29:28.017 70208 INFO tempest.lib.common.rest_client [req-557ad58d-b2f2-4e61-a5d9-ca2cfc422f5e req-557ad58d-b2f2-4e61-a5d9-ca2cfc422f5e ] Request (InstanceActionsNegativeTestJSON:setUpClass): 200 GET http://10.180.1.21/identity/v3/domains?name=Default 0.119s
2025-04-14 14:29:28.045 70175 INFO tempest.lib.common.rest_client [req-27aa58a8-7f23-43e4-9271-1ec501699405 req-27aa58a8-7f23-43e4-9271-1ec501699405 ] Request (HypervisorAdminUnderV252Test:tearDownClass): 204 DELETE http://10.180.1.21/identity/v3/users/4ca61aa3c1c24c42ba817e4dbdf39cec 0.150s
2025-04-14 14:29:28.089 70228 INFO tempest.lib.common.rest_client [req-4e600f40-69f9-4882-a093-4314e1b972be req-4e600f40-69f9-4882-a093-4314e1b972be ] Request (ServicesAdminNegativeTestJSON:setUpClass): 201 POST http://10.180.1.21/identity/v3/users 0.160s
2025-04-14 14:29:28.100 70223 INFO tempest.lib.common.rest_client [req-94a96294-146a-4a3f-bda3-a7d9674fe22f req-94a96294-146a-4a3f-bda3-a7d9674fe22f ] Request (VolumesAdminNegativeTest:test_update_attached_volume_with_nonexistent_volume_in_body): 201 POST http://10.180.1.21:9696/networking/v2.0/security-groups 0.302s
2025-04-14 14:29:28.128 70208 INFO tempest.lib.common.rest_client [req-f596480e-28fd-4c51-99b1-d390b89f60fa req-f596480e-28fd-4c51-99b1-d390b89f60fa ] Request (InstanceActionsNegativeTestJSON:setUpClass): 201 POST http://10.180.1.21/identity/v3/projects 0.111s
2025-04-14 14:29:28.183 70175 INFO tempest.lib.common.rest_client [req-8733bd8d-81b4-4ca1-8bbc-50575bf9a14c req-8733bd8d-81b4-4ca1-8bbc-50575bf9a14c ] Request (HypervisorAdminUnderV252Test:tearDownClass): 204 DELETE http://10.180.1.21/identity/v3/users/eb420b7f95bf4bf8ab684416283088a3 0.138s
2025-04-14 14:29:28.183 70175 INFO tempest.lib.common.dynamic_creds [-] Deleting project and security group for project: 05c140fed64049e9a3be85778f17619a
2025-04-14 14:29:28.313 70238 INFO tempest.lib.common.rest_client [req-cec687f2-17b3-4e5b-9db5-fa429686bee6 req-cec687f2-17b3-4e5b-9db5-fa429686bee6 ] Request (FlavorsAccessTestJSON:test_flavor_access_add_remove): 200 POST http://10.180.1.21/compute/v2.1/flavors/1127517098/action 2.339s
2025-04-14 14:29:28.319 70215 INFO tempest.lib.common.rest_client [req-69653ff0-4a7f-4007-96f5-01b63f367617 req-69653ff0-4a7f-4007-96f5-01b63f367617 ] Request (FlavorsAccessNegativeTestJSON:test_add_flavor_access_duplicate): 409 POST http://10.180.1.21/compute/v2.1/flavors/202176825/action 2.130s
2025-04-14 14:29:28.349 70177 INFO tempest.lib.common.rest_client [req-e04e689f-0a10-4b61-b88d-73807aeecaa7 req-e04e689f-0a10-4b61-b88d-73807aeecaa7 ] Request (ImagesMetadataNegativeTestJSON:test_get_nonexistent_image_metadata_item): 404 GET http://10.180.1.21/compute/v2.1/images/06766904-2b0d-4fcd-a6df-eab503b28c3f/metadata/os_version 2.052s
2025-04-14 14:29:28.353 70181 INFO tempest.lib.common.rest_client [req-89d9e142-aa77-48d4-9fa7-326c447db03e req-89d9e142-aa77-48d4-9fa7-326c447db03e ] Request (FlavorsExtraSpecsTestJSON:test_flavor_non_admin_get_specific_key): 200 POST http://10.180.1.21/compute/v2.1/flavors/1527059427/os-extra_specs 1.977s
2025-04-14 14:29:28.369 70228 INFO tempest.lib.common.rest_client [req-4c1e268c-3719-4710-8399-2980b4854ce0 req-4c1e268c-3719-4710-8399-2980b4854ce0 ] Request (ServicesAdminNegativeTestJSON:setUpClass): 200 GET http://10.180.1.21/identity/v3/roles 0.279s
2025-04-14 14:29:28.383 70203 INFO tempest.lib.common.rest_client [req-ceec9cc0-1d34-47d8-b989-007d66f264e8 req-ceec9cc0-1d34-47d8-b989-007d66f264e8 ] Request (HypervisorAdminTestJSON:test_get_hypervisor_show_details): 200 GET http://10.180.1.21/compute/v2.1/os-hypervisors/1 1.969s
2025-04-14 14:29:28.386 70201 INFO tempest.lib.common.rest_client [req-69a64d1b-31b1-43b7-8737-aa046676baea req-69a64d1b-31b1-43b7-8737-aa046676baea ] Request (FlavorMetadataValidation:_run_cleanups): 200 GET http://10.180.1.21/compute/v2.1/flavors/detail 1.992s
2025-04-14 14:29:28.396 70208 INFO tempest.lib.common.rest_client [req-1c02c8ae-e98c-4605-8a13-3209c25efa86 req-1c02c8ae-e98c-4605-8a13-3209c25efa86 ] Request (InstanceActionsNegativeTestJSON:setUpClass): 201 POST http://10.180.1.21/identity/v3/users 0.267s
2025-04-14 14:29:28.398 70175 INFO tempest.lib.common.rest_client [req-394bfacd-f7a1-48f7-9140-8fcfdd8f7a64 req-394bfacd-f7a1-48f7-9140-8fcfdd8f7a64 ] Request (HypervisorAdminUnderV252Test:tearDownClass): 201 POST http://10.180.1.21/identity/v3/auth/tokens 0.215s
2025-04-14 14:29:28.423 70228 INFO tempest.lib.common.rest_client [req-3f12515d-cdb1-4d97-8a53-e3b857425a28 req-3f12515d-cdb1-4d97-8a53-e3b857425a28 ] Request (ServicesAdminNegativeTestJSON:setUpClass): 204 PUT http://10.180.1.21/identity/v3/projects/720c4c7d87c14eeeb1a29a5f987f63aa/users/a9c088ed1e1f494299a5b9d85ae63dbd/roles/0e63667cf3084c70b339dd9a667e7834 0.051s
2025-04-14 14:29:28.423 70228 INFO tempest.lib.common.dynamic_creds [-] Dynamic test user a9c088ed1e1f494299a5b9d85ae63dbd is created with scope project and roles: ['member']
2025-04-14 14:29:28.423 70228 INFO tempest.lib.common.dynamic_creds [-] Acquired dynamic creds: credentials: Credentials: {'domain_id': 'default', 'domain_name': 'Default', 'username': 'tempest-ServicesAdminNegativeTestJSON-292463449-project-member', 'project_domain_id': 'default', 'project_domain_name': 'Default', 'project_id': '720c4c7d87c14eeeb1a29a5f987f63aa', 'project_name': 'tempest-ServicesAdminNegativeTestJSON-292463449', 'tenant_id': '720c4c7d87c14eeeb1a29a5f987f63aa', 'tenant_name': 'tempest-ServicesAdminNegativeTestJSON-292463449', 'user_domain_id': 'default', 'user_domain_name': 'Default', 'user_id': 'a9c088ed1e1f494299a5b9d85ae63dbd', 'system': None}, Network: None, Subnet: None, Router: None
2025-04-14 14:29:28.423 70228 INFO tempest.lib.common.dynamic_creds [-] Created isolated network resources for: credentials: Credentials: {'domain_id': 'default', 'domain_name': 'Default', 'username': 'tempest-ServicesAdminNegativeTestJSON-292463449-project-member', 'project_domain_id': 'default', 'project_domain_name': 'Default', 'project_id': '720c4c7d87c14eeeb1a29a5f987f63aa', 'project_name': 'tempest-ServicesAdminNegativeTestJSON-292463449', 'tenant_id': '720c4c7d87c14eeeb1a29a5f987f63aa', 'tenant_name': 'tempest-ServicesAdminNegativeTestJSON-292463449', 'user_domain_id': 'default', 'user_domain_name': 'Default', 'user_id': 'a9c088ed1e1f494299a5b9d85ae63dbd', 'system': None}, Network: None, Subnet: None, Router: None
2025-04-14 14:29:28.472 70223 INFO tempest.lib.common.rest_client [req-c0ceb4ae-30c8-4abd-a302-2b10e1b4ab6d req-c0ceb4ae-30c8-4abd-a302-2b10e1b4ab6d ] Request (VolumesAdminNegativeTest:test_update_attached_volume_with_nonexistent_volume_in_body): 201 POST http://10.180.1.21:9696/networking/v2.0/security-group-rules 0.372s
2025-04-14 14:29:28.492 70208 INFO tempest.lib.common.rest_client [req-cafa64fa-aeb2-4e16-8262-79165315463b req-cafa64fa-aeb2-4e16-8262-79165315463b ] Request (InstanceActionsNegativeTestJSON:setUpClass): 200 GET http://10.180.1.21/identity/v3/roles 0.091s
2025-04-14 14:29:28.495 70232 INFO tempest.lib.common.rest_client [req-5b44ca92-6ba3-4234-86f0-0da1389459c4 req-5b44ca92-6ba3-4234-86f0-0da1389459c4 ] Request (FlavorsExtraSpecsNegativeTestJSON:setUpClass): 200 POST http://10.180.1.21/compute/v2.1/flavors 2.033s
2025-04-14 14:29:28.536 70201 INFO tempest.lib.common.rest_client [req-a6934245-daa5-4113-b426-f6e5f33d3e5d req-a6934245-daa5-4113-b426-f6e5f33d3e5d ] Request (FlavorMetadataValidation:tearDownClass): 204 DELETE http://10.180.1.21/identity/v3/users/b9cdfa753ce3416c84af4518a391076b 0.131s
2025-04-14 14:29:28.559 70187 INFO tempest.lib.common.rest_client [req-d970f03b-fefb-49bd-a9f3-940205ab73d7 req-d970f03b-fefb-49bd-a9f3-940205ab73d7 ] Request (ServerAddressesTestJSON:setUpClass): 200 GET http://10.180.1.21/compute/v2.1/servers/f744813b-d3de-48bc-90fd-586d676de5d7 2.092s
2025-04-14 14:29:28.591 70195 INFO tempest.lib.common.rest_client [req-a2927b40-fc09-48a7-a0c6-a577e4615e20 req-a2927b40-fc09-48a7-a0c6-a577e4615e20 ] Request (DeleteServersAdminTestJSON:test_admin_delete_servers_of_others): 200 GET http://10.180.1.21/compute/v2.1/servers/4bf9024b-387f-4de3-8e44-885ef6f4ec85 1.951s
2025-04-14 14:29:28.603 70195 INFO tempest.common.waiters [-] State transition "BUILD/None" ==> "BUILD/networking" after 3 second wait
2025-04-14 14:29:28.606 70228 INFO tempest.lib.common.rest_client [req-4b6cafbb-731d-4512-ade3-83726f759650 req-4b6cafbb-731d-4512-ade3-83726f759650 ] Request (ServicesAdminNegativeTestJSON:setUpClass): 201 POST http://10.180.1.21/identity/v3/auth/tokens 0.177s
2025-04-14 14:29:28.626 70189 INFO tempest.lib.common.rest_client [req-40e9482d-1ab5-4da9-933c-5eadc39d0f4b req-40e9482d-1ab5-4da9-933c-5eadc39d0f4b ] Request (ServersV294TestFqdnHostnames:setUpClass): 200 GET http://10.180.1.21/compute/v2.1/servers/ad653df1-ac0a-4761-920f-bd75ce97292a 1.849s
2025-04-14 14:29:28.669 70208 INFO tempest.lib.common.rest_client [req-cd9155e0-b626-4e36-9e33-5d9a715e7a1d req-cd9155e0-b626-4e36-9e33-5d9a715e7a1d ] Request (InstanceActionsNegativeTestJSON:setUpClass): 204 PUT http://10.180.1.21/identity/v3/projects/8997f21f61394e1c820e63ef5b84f3d5/users/e9b22f0afc434cf9998289286200d44e/roles/0e63667cf3084c70b339dd9a667e7834 0.176s
2025-04-14 14:29:28.669 70208 INFO tempest.lib.common.dynamic_creds [-] Dynamic test user e9b22f0afc434cf9998289286200d44e is created with scope project and roles: ['member']
2025-04-14 14:29:28.669 70208 INFO tempest.lib.common.dynamic_creds [-] Acquired dynamic creds: credentials: Credentials: {'domain_id': 'default', 'domain_name': 'Default', 'username': 'tempest-InstanceActionsNegativeTestJSON-1719421377-project-member', 'project_domain_id': 'default', 'project_domain_name': 'Default', 'project_id': '8997f21f61394e1c820e63ef5b84f3d5', 'project_name': 'tempest-InstanceActionsNegativeTestJSON-1719421377', 'tenant_id': '8997f21f61394e1c820e63ef5b84f3d5', 'tenant_name': 'tempest-InstanceActionsNegativeTestJSON-1719421377', 'user_domain_id': 'default', 'user_domain_name': 'Default', 'user_id': 'e9b22f0afc434cf9998289286200d44e', 'system': None}, Network: None, Subnet: None, Router: None
2025-04-14 14:29:28.693 70221 INFO tempest.lib.common.rest_client [req-bb15764e-9ca3-4e4e-aaac-0ff383ffb454 req-bb15764e-9ca3-4e4e-aaac-0ff383ffb454 ] Request (ServerDiagnosticsTest:test_get_server_diagnostics): 200 GET http://10.180.1.21/compute/v2.1/servers/fda564a3-b774-47e6-bf6d-12fb9e7077e4 1.665s
2025-04-14 14:29:28.714 70209 INFO tempest.lib.common.rest_client [req-b478cc8c-fa7f-4d9f-8553-ee48143938ae req-b478cc8c-fa7f-4d9f-8553-ee48143938ae ] Request (HostsAdminTestJSON:test_list_hosts_with_a_blank_zone): 200 GET http://10.180.1.21/compute/v2.1/os-hosts?zone= 1.486s
2025-04-14 14:29:28.734 70228 INFO tempest.lib.common.rest_client [req-08722755-4010-4b57-9c8e-ecae5a795213 req-08722755-4010-4b57-9c8e-ecae5a795213 ] Request (ServicesAdminNegativeTestJSON:setUpClass): 201 POST http://10.180.1.21/identity/v3/projects 0.128s
2025-04-14 14:29:28.775 70201 INFO tempest.lib.common.rest_client [req-ae0371f4-799f-4b21-8d1e-413376e607fa req-ae0371f4-799f-4b21-8d1e-413376e607fa ] Request (FlavorMetadataValidation:tearDownClass): 204 DELETE http://10.180.1.21/identity/v3/users/e932faec9d664a4f8bfd8dcf053e9d8a 0.238s
2025-04-14 14:29:28.775 70201 INFO tempest.lib.common.dynamic_creds [-] Deleting project and security group for project: 5c65c93bb2c04db8ad0c6d1de8c64ba4
2025-04-14 14:29:28.795 70208 INFO tempest.lib.common.rest_client [req-ac1e9677-f8ee-4ec6-84ce-bbe920ec42dd req-ac1e9677-f8ee-4ec6-84ce-bbe920ec42dd ] Request (InstanceActionsNegativeTestJSON:setUpClass): 201 POST http://10.180.1.21/identity/v3/auth/tokens 0.125s
2025-04-14 14:29:28.822 70197 INFO tempest.lib.common.rest_client [req-45b78df3-cf97-43a4-859b-7f4691d95916 req-45b78df3-cf97-43a4-859b-7f4691d95916 ] Request (VolumesAssistedSnapshotsTest:setUpClass): 201 POST http://10.180.1.21:9696/networking/v2.0/routers 1.402s
2025-04-14 14:29:28.840 70191 INFO tempest.lib.common.rest_client [req-17d7e782-c79f-46c9-a16e-6072e714fc32 req-17d7e782-c79f-46c9-a16e-6072e714fc32 ] Request (SecurityGroupsTestAdminJSON:test_list_security_groups_list_all_tenants_filter): 200 POST http://10.180.1.21/compute/v2.1/os-security-groups 1.707s
2025-04-14 14:29:28.846 70223 INFO tempest.lib.common.rest_client [req-e5073d1e-0758-409a-b90e-a01c534d862a req-e5073d1e-0758-409a-b90e-a01c534d862a ] Request (VolumesAdminNegativeTest:test_update_attached_volume_with_nonexistent_volume_in_body): 201 POST http://10.180.1.21:9696/networking/v2.0/security-group-rules 0.373s
2025-04-14 14:29:28.857 70228 INFO tempest.lib.common.rest_client [req-6b8f18b9-aa2c-4c6b-b9e3-dc43bc57c8ab req-6b8f18b9-aa2c-4c6b-b9e3-dc43bc57c8ab ] Request (ServicesAdminNegativeTestJSON:setUpClass): 201 POST http://10.180.1.21/identity/v3/users 0.123s
2025-04-14 14:29:28.860 70201 INFO tempest.lib.common.rest_client [req-04e36539-9fd3-4c27-90bf-a1cfc7e27ae5 req-04e36539-9fd3-4c27-90bf-a1cfc7e27ae5 ] Request (FlavorMetadataValidation:tearDownClass): 201 POST http://10.180.1.21/identity/v3/auth/tokens 0.085s
2025-04-14 14:29:28.897 70211 INFO tempest.lib.common.rest_client [req-8ae363b7-4ace-492f-ba8f-31f320cfce5d req-8ae363b7-4ace-492f-ba8f-31f320cfce5d ] Request (AggregatesAdminNegativeTestJSON:test_aggregate_add_existent_host): 409 POST http://10.180.1.21/compute/v2.1/os-aggregates/1/action 1.289s
2025-04-14 14:29:28.936 70228 INFO tempest.lib.common.rest_client [req-f2bd75e6-ef69-4f0b-afae-301de865de47 req-f2bd75e6-ef69-4f0b-afae-301de865de47 ] Request (ServicesAdminNegativeTestJSON:setUpClass): 200 GET http://10.180.1.21/identity/v3/roles 0.078s
2025-04-14 14:29:28.982 70193 INFO tempest.lib.common.rest_client [req-6df82be8-ba1e-474f-80b2-33fafc64ee2d req-6df82be8-ba1e-474f-80b2-33fafc64ee2d ] Request (QuotasAdminTestV257:test_get_updated_quotas): 200 GET http://10.180.1.21/compute/v2.1/os-quota-sets/6c855cd6277c4dfb8c1ef8c232b4c276?user_id=1ea936b17e93478f8569c62687d7207f 1.398s
2025-04-14 14:29:28.983 70228 INFO tempest.lib.common.rest_client [req-e03d4f3b-7fd9-46b3-bcb6-59852c2d232c req-e03d4f3b-7fd9-46b3-bcb6-59852c2d232c ] Request (ServicesAdminNegativeTestJSON:setUpClass): 204 PUT http://10.180.1.21/identity/v3/projects/74c58e13ed26467c9841a40ba830c069/users/71898c151a134db9bb8222bd7d3b6cd3/roles/3f125c904d9c45e6a3c0f33195ec1bac 0.046s
2025-04-14 14:29:29.041 70228 INFO tempest.lib.common.rest_client [req-51148926-0038-40d9-a5ae-a8950cb098d4 req-51148926-0038-40d9-a5ae-a8950cb098d4 ] Request (ServicesAdminNegativeTestJSON:setUpClass): 200 GET http://10.180.1.21/identity/v3/roles 0.057s
2025-04-14 14:29:29.047 70226 INFO tempest.lib.common.rest_client [req-09178ec3-e170-4921-9922-0b77d28a5d1e req-09178ec3-e170-4921-9922-0b77d28a5d1e ] Request (SecurityGroupsTestJSON:setUpClass): 200 PUT http://10.180.1.21:9696/networking/v2.0/routers/b7ce1531-7897-4f34-a9dd-74fdf8b8421c/add_router_interface 1.982s
2025-04-14 14:29:29.047 70226 INFO tempest.lib.common.dynamic_creds [-] Created isolated network resources for: credentials: Credentials: {'domain_id': 'default', 'domain_name': 'Default', 'username': 'tempest-SecurityGroupsTestJSON-976012887-project-member', 'project_domain_id': 'default', 'project_domain_name': 'Default', 'project_id': 'bd0b9fff3ebf4c4da4b1b3d6d15b4862', 'project_name': 'tempest-SecurityGroupsTestJSON-976012887', 'tenant_id': 'bd0b9fff3ebf4c4da4b1b3d6d15b4862', 'tenant_name': 'tempest-SecurityGroupsTestJSON-976012887', 'user_domain_id': 'default', 'user_domain_name': 'Default', 'user_id': '0ecd09d778eb434eb6d8dde6245fb8b1', 'system': None}, Network: {'id': '2a27fb18-febc-4c77-b1a2-37efa09d27f3', 'name': 'tempest-SecurityGroupsTestJSON-1772289347-network', 'tenant_id': 'bd0b9fff3ebf4c4da4b1b3d6d15b4862', 'admin_state_up': True, 'mtu': 8950, 'status': 'ACTIVE', 'subnets': [], 'shared': False, 'project_id': 'bd0b9fff3ebf4c4da4b1b3d6d15b4862', 'port_security_enabled': True, 'router:external': False, 'provider:network_type': 'vlan', 'provider:physical_network': 'default', 'provider:segmentation_id': 755, 'availability_zone_hints': [], 'availability_zones': [], 'ipv4_address_scope': None, 'ipv6_address_scope': None, 'description': '', 'tags': [], 'created_at': '2025-04-14T14:29:25Z', 'updated_at': '2025-04-14T14:29:25Z', 'revision_number': 1}, Subnet: {'id': 'a8adb45e-6a31-4fef-9f3b-96d74f2c66fe', 'name': 'tempest-SecurityGroupsTestJSON-1772289347-subnet', 'tenant_id': 'bd0b9fff3ebf4c4da4b1b3d6d15b4862', 'network_id': '2a27fb18-febc-4c77-b1a2-37efa09d27f3', 'ip_version': 4, 'subnetpool_id': None, 'enable_dhcp': True, 'ipv6_ra_mode': None, 'ipv6_address_mode': None, 'gateway_ip': '192.168.128.1', 'cidr': '192.168.128.0/28', 'allocation_pools': [{'start': '192.168.128.2', 'end': '192.168.128.14'}], 'host_routes': [], 'dns_nameservers': [], 'description': '', 'router:external': False, 'service_types': [], 'tags': [], 'created_at': '2025-04-14T14:29:25Z', 'updated_at': '2025-04-14T14:29:25Z', 'revision_number': 0, 'project_id': 'bd0b9fff3ebf4c4da4b1b3d6d15b4862'}, Router: {'id': 'b7ce1531-7897-4f34-a9dd-74fdf8b8421c', 'name': 'tempest-SecurityGroupsTestJSON-1772289347-router', 'tenant_id': 'bd0b9fff3ebf4c4da4b1b3d6d15b4862', 'admin_state_up': True, 'status': 'ACTIVE', 'external_gateway_info': {'network_id': '7bfa6066-d13a-4beb-bbe7-255e7a43b8e6', 'external_fixed_ips': [{'subnet_id': '2ca8ea3c-6878-4477-9023-437da695ca8e', 'ip_address': '10.180.180.233'}], 'enable_snat': True}, 'description': '', 'availability_zones': [], 'distributed': False, 'ha': False, 'availability_zone_hints': [], 'routes': [], 'flavor_id': None, 'tags': [], 'created_at': '2025-04-14T14:29:25Z', 'updated_at': '2025-04-14T14:29:26Z', 'revision_number': 2, 'project_id': 'bd0b9fff3ebf4c4da4b1b3d6d15b4862'}
2025-04-14 14:29:29.066 70228 INFO tempest.lib.common.rest_client [req-f3fdee4f-f3e8-4b6d-81fb-0ebae5704a5d req-f3fdee4f-f3e8-4b6d-81fb-0ebae5704a5d ] Request (ServicesAdminNegativeTestJSON:setUpClass): 204 PUT http://10.180.1.21/identity/v3/projects/74c58e13ed26467c9841a40ba830c069/users/71898c151a134db9bb8222bd7d3b6cd3/roles/3f125c904d9c45e6a3c0f33195ec1bac 0.024s
2025-04-14 14:29:29.066 70228 INFO tempest.lib.common.dynamic_creds [-] Dynamic test user 71898c151a134db9bb8222bd7d3b6cd3 is created with scope project and roles: ['admin']
2025-04-14 14:29:29.066 70228 INFO tempest.lib.common.dynamic_creds [-] Acquired dynamic creds: credentials: Credentials: {'domain_id': 'default', 'domain_name': 'Default', 'username': 'tempest-ServicesAdminNegativeTestJSON-1859148899-project-admin', 'project_domain_id': 'default', 'project_domain_name': 'Default', 'project_id': '74c58e13ed26467c9841a40ba830c069', 'project_name': 'tempest-ServicesAdminNegativeTestJSON-1859148899', 'tenant_id': '74c58e13ed26467c9841a40ba830c069', 'tenant_name': 'tempest-ServicesAdminNegativeTestJSON-1859148899', 'user_domain_id': 'default', 'user_domain_name': 'Default', 'user_id': '71898c151a134db9bb8222bd7d3b6cd3', 'system': None}, Network: None, Subnet: None, Router: None
2025-04-14 14:29:29.067 70228 INFO tempest.lib.common.dynamic_creds [-] Created isolated network resources for: credentials: Credentials: {'domain_id': 'default', 'domain_name': 'Default', 'username': 'tempest-ServicesAdminNegativeTestJSON-1859148899-project-admin', 'project_domain_id': 'default', 'project_domain_name': 'Default', 'project_id': '74c58e13ed26467c9841a40ba830c069', 'project_name': 'tempest-ServicesAdminNegativeTestJSON-1859148899', 'tenant_id': '74c58e13ed26467c9841a40ba830c069', 'tenant_name': 'tempest-ServicesAdminNegativeTestJSON-1859148899', 'user_domain_id': 'default', 'user_domain_name': 'Default', 'user_id': '71898c151a134db9bb8222bd7d3b6cd3', 'system': None}, Network: None, Subnet: None, Router: None
2025-04-14 14:29:29.077 70175 INFO tempest.lib.common.rest_client [req-0c30a32a-f1bd-4afb-b575-adb4118d2b0e req-0c30a32a-f1bd-4afb-b575-adb4118d2b0e ] Request (HypervisorAdminUnderV252Test:tearDownClass): 200 GET http://10.180.1.21:9696/networking/v2.0/security-groups?tenant_id=05c140fed64049e9a3be85778f17619a&name=default 0.675s
2025-04-14 14:29:29.104 70193 INFO tempest.lib.common.rest_client [req-6f48b291-d182-4eee-b6a6-0a4f6ecb15b3 req-6f48b291-d182-4eee-b6a6-0a4f6ecb15b3 ] Request (QuotasAdminTestV257:_run_cleanups): 204 DELETE http://10.180.1.21/identity/v3/users/1ea936b17e93478f8569c62687d7207f 0.120s
2025-04-14 14:29:29.141 70226 INFO tempest.lib.common.rest_client [req-661b8cf5-a4f6-4178-a151-7e2ba229b727 req-661b8cf5-a4f6-4178-a151-7e2ba229b727 ] Request (SecurityGroupsTestJSON:setUpClass): 201 POST http://10.180.1.21/identity/v3/auth/tokens 0.091s
2025-04-14 14:29:29.171 70228 INFO tempest.lib.common.rest_client [req-96d031e4-999d-442c-9311-cfe5c7e801e9 req-96d031e4-999d-442c-9311-cfe5c7e801e9 ] Request (ServicesAdminNegativeTestJSON:setUpClass): 201 POST http://10.180.1.21/identity/v3/auth/tokens 0.102s
2025-04-14 14:29:29.269 70201 INFO tempest.lib.common.rest_client [req-0d8ca0a2-fbf8-43d9-80a4-3364372cbe72 req-0d8ca0a2-fbf8-43d9-80a4-3364372cbe72 ] Request (FlavorMetadataValidation:tearDownClass): 200 GET http://10.180.1.21:9696/networking/v2.0/security-groups?tenant_id=5c65c93bb2c04db8ad0c6d1de8c64ba4&name=default 0.408s
2025-04-14 14:29:29.278 70193 INFO tempest.lib.common.rest_client [req-f318fde3-3d18-4eba-b718-5869e573b5f2 req-f318fde3-3d18-4eba-b718-5869e573b5f2 ] Request (QuotasAdminTestV257:_run_cleanups): 204 DELETE http://10.180.1.21/identity/v3/projects/6c855cd6277c4dfb8c1ef8c232b4c276 0.173s
2025-04-14 14:29:29.294 70219 INFO tempest.lib.common.rest_client [req-6980cb79-8461-4f61-b584-93127d825275 req-6980cb79-8461-4f61-b584-93127d825275 ] Request (ServerDiagnosticsNegativeTest:test_get_server_diagnostics_by_non_admin): 200 GET http://10.180.1.21/compute/v2.1/servers/97e3329a-2999-45a4-9ecb-0cc43fbe9eae 1.482s
2025-04-14 14:29:29.394 70217 INFO tempest.lib.common.rest_client [req-6c67cf07-5391-48d9-898a-49999c21478e req-6c67cf07-5391-48d9-898a-49999c21478e ] Request (FloatingIPsTestJSON:test_allocate_floating_ip): 200 GET http://10.180.1.21/compute/v2.1/os-floating-ips 1.560s
2025-04-14 14:29:29.433 70205 INFO tempest.lib.common.rest_client [req-0b9be4c9-4dd8-4816-a036-4909141ce1f5 req-0b9be4c9-4dd8-4816-a036-4909141ce1f5 ] Request (FlavorsV261TestJSON:test_crud_flavor): 200 GET http://10.180.1.21/compute/v2.1/flavors/detail 1.590s
2025-04-14 14:29:29.440 70193 INFO tempest.lib.common.rest_client [req-9b5c6e66-7d44-4ebd-b157-2d807752ac25 req-9b5c6e66-7d44-4ebd-b157-2d807752ac25 ] Request (QuotasAdminTestV257:tearDownClass): 204 DELETE http://10.180.1.21/identity/v3/users/061476ea4e8747fd90a346269637e85d 0.157s
2025-04-14 14:29:29.463 70213 INFO tempest.lib.common.rest_client [req-76c0a88e-ddbe-43ea-afd1-c12b9b17c3f3 req-76c0a88e-ddbe-43ea-afd1-c12b9b17c3f3 ] Request (FlavorsV255TestJSON:test_crud_flavor): 200 GET http://10.180.1.21/compute/v2.1/flavors/detail 1.595s
2025-04-14 14:29:29.543 70175 INFO tempest.lib.common.rest_client [req-09bae866-114e-4572-9f58-ff749976753a req-09bae866-114e-4572-9f58-ff749976753a ] Request (HypervisorAdminUnderV252Test:tearDownClass): 204 DELETE http://10.180.1.21:9696/networking/v2.0/security-groups/e9d7724c-8186-450b-8fd6-17366637406c 0.465s
2025-04-14 14:29:29.564 70236 INFO tempest.lib.common.rest_client [req-9ce662cc-e60c-42b5-96a8-cf27b8f94578 req-9ce662cc-e60c-42b5-96a8-cf27b8f94578 ] Request (SecurityGroupsNegativeTestJSON:test_delete_the_default_security_group): 200 GET http://10.180.1.21/compute/v2.1/os-security-groups 1.727s
2025-04-14 14:29:29.606 70193 INFO tempest.lib.common.rest_client [req-3b5a57c4-4024-44d0-bb9d-dbad20dde57a req-3b5a57c4-4024-44d0-bb9d-dbad20dde57a ] Request (QuotasAdminTestV257:tearDownClass): 204 DELETE http://10.180.1.21/identity/v3/users/57014f9ce5334593a23bea04625d4080 0.166s
2025-04-14 14:29:29.606 70193 INFO tempest.lib.common.dynamic_creds [-] Deleting project and security group for project: 5f447fef0daa4c59958cfa22a6fd11de
2025-04-14 14:29:29.618 70183 INFO tempest.lib.common.rest_client [req-43ff81e2-9fd6-43e5-b2bc-deb9228fb4b2 req-43ff81e2-9fd6-43e5-b2bc-deb9228fb4b2 ] Request (ServersWithSpecificFlavorTestJSON:test_verify_created_server_ephemeral_disk): 200 POST http://10.180.1.21/compute/v2.1/flavors 1.612s
2025-04-14 14:29:29.689 70175 INFO tempest.lib.common.rest_client [req-3d146e7b-51d3-412b-93ba-b8e58f98247a req-3d146e7b-51d3-412b-93ba-b8e58f98247a ] Request (HypervisorAdminUnderV252Test:tearDownClass): 204 DELETE http://10.180.1.21/identity/v3/projects/05c140fed64049e9a3be85778f17619a 0.146s
2025-04-14 14:29:29.689 70175 INFO tempest.lib.common.dynamic_creds [-] Deleting project and security group for project: 44bc99cc8a304c42bf18a0860bc0dbcb
2025-04-14 14:29:29.697 70193 INFO tempest.lib.common.rest_client [req-608fa2a4-11dc-4941-8287-4e658b7bc6c8 req-608fa2a4-11dc-4941-8287-4e658b7bc6c8 ] Request (QuotasAdminTestV257:tearDownClass): 201 POST http://10.180.1.21/identity/v3/auth/tokens 0.090s
2025-04-14 14:29:29.705 70234 INFO tempest.lib.common.rest_client [req-39ef5d46-9e87-4b61-a91b-5552bc52c1e2 req-39ef5d46-9e87-4b61-a91b-5552bc52c1e2 ] Request (ImagesOneServerTestJSON:setUpClass): 200 GET http://10.180.1.21/compute/v2.1/servers/8c07d39f-cead-491a-a6a0-460e907cec58 1.497s
2025-04-14 14:29:29.733 70238 INFO tempest.lib.common.rest_client [req-71c316bf-6024-4013-98e6-a597237f2438 req-71c316bf-6024-4013-98e6-a597237f2438 ] Request (FlavorsAccessTestJSON:test_flavor_access_add_remove): 200 GET http://10.180.1.21/compute/v2.1/flavors/detail 1.417s
