2025-04-14 14:29:09.812 70208 INFO tempest.lib.common.rest_client [req-7ccc647b-d3ec-4890-9e22-f8f27cd86a8d req-7ccc647b-d3ec-4890-9e22-f8f27cd86a8d ] Request (ServicesAdminTestJSON:setUpClass): 200 GET http://10.180.1.21/identity/v3/domains?name=Default 0.042s
2025-04-14 14:29:09.814 70236 WARNING oslo_config.cfg [-] Deprecated: Option "import_image" from group "image-feature-enabled" is deprecated for removal (Issue with image import in WSGI mode was fixed in Victoria, and this feature works in any deployment architecture now.). Its value may be silently ignored in the future.
2025-04-14 14:29:09.814 70236 WARNING oslo_config.cfg [-] Deprecated: Option "os_glance_reserved" from group "image-feature-enabled" is deprecated for removal (os_glance namespace is always reserved since Wallaby). Its value may be silently ignored in the future.
2025-04-14 14:29:09.824 70189 INFO tempest.lib.common.rest_client [req-55395690-19d6-4a34-9479-7133a37c5bcb req-55395690-19d6-4a34-9479-7133a37c5bcb ] Request (ServersV294TestFqdnHostnames:setUpClass): 201 POST http://10.180.1.21/identity/v3/auth/tokens 0.080s
2025-04-14 14:29:09.824 70219 INFO tempest.lib.common.rest_client [req-65d47373-1f28-44df-aae5-f8ba9cebc3fe req-65d47373-1f28-44df-aae5-f8ba9cebc3fe ] Request (ServerDiagnosticsNegativeTest:setUpClass): 201 POST http://10.180.1.21/identity/v3/auth/tokens 0.085s
2025-04-14 14:29:09.839 70187 INFO tempest.lib.common.rest_client [req-3a17cf14-a12a-4c32-bb40-9d1665b61ee7 req-3a17cf14-a12a-4c32-bb40-9d1665b61ee7 ] Request (ServerAddressesTestJSON:setUpClass): 201 POST http://10.180.1.21:9696/networking/v2.0/networks 0.262s
2025-04-14 14:29:09.841 70177 INFO tempest.lib.common.rest_client [req-d8882147-15a0-4172-83c1-feed6ce2041c req-d8882147-15a0-4172-83c1-feed6ce2041c ] Request (InstanceUsageAuditLogNegativeTestJSON:setUpClass): 200 GET http://10.180.1.21/identity/v3/roles 0.069s
2025-04-14 14:29:09.863 70219 INFO tempest.lib.common.rest_client [req-4e012391-d0a6-4d48-afe1-c2467cab512a req-4e012391-d0a6-4d48-afe1-c2467cab512a ] Request (ServerDiagnosticsNegativeTest:setUpClass): 201 POST http://10.180.1.21/identity/v3/projects 0.034s
2025-04-14 14:29:09.873 70189 INFO tempest.lib.common.rest_client [req-86a616cb-465d-4a5a-bd9b-f90150d3d099 req-86a616cb-465d-4a5a-bd9b-f90150d3d099 ] Request (ServersV294TestFqdnHostnames:setUpClass): 200 GET http://10.180.1.21/identity/v3/domains?name=Default 0.048s
2025-04-14 14:29:09.915 70177 INFO tempest.lib.common.rest_client [req-5404c92e-289d-43a4-91ea-673ba2505e07 req-5404c92e-289d-43a4-91ea-673ba2505e07 ] Request (InstanceUsageAuditLogNegativeTestJSON:setUpClass): 204 PUT http://10.180.1.21/identity/v3/projects/fb2385380fbe475585af8557277b0a9a/users/cd4d73d1f7d043ac9d474af313ccc2bc/roles/0e63667cf3084c70b339dd9a667e7834 0.073s
2025-04-14 14:29:09.915 70177 INFO tempest.lib.common.dynamic_creds [-] Dynamic test user cd4d73d1f7d043ac9d474af313ccc2bc is created with scope project and roles: ['member']
2025-04-14 14:29:09.916 70177 INFO tempest.lib.common.dynamic_creds [-] Acquired dynamic creds: credentials: Credentials: {'domain_id': 'default', 'domain_name': 'Default', 'username': 'tempest-InstanceUsageAuditLogNegativeTestJSON-284612319-project-member', 'project_domain_id': 'default', 'project_domain_name': 'Default', 'project_id': 'fb2385380fbe475585af8557277b0a9a', 'project_name': 'tempest-InstanceUsageAuditLogNegativeTestJSON-284612319', 'tenant_id': 'fb2385380fbe475585af8557277b0a9a', 'tenant_name': 'tempest-InstanceUsageAuditLogNegativeTestJSON-284612319', 'user_domain_id': 'default', 'user_domain_name': 'Default', 'user_id': 'cd4d73d1f7d043ac9d474af313ccc2bc', 'system': None}, Network: None, Subnet: None, Router: None
2025-04-14 14:29:09.916 70177 INFO tempest.lib.common.dynamic_creds [-] Created isolated network resources for: credentials: Credentials: {'domain_id': 'default', 'domain_name': 'Default', 'username': 'tempest-InstanceUsageAuditLogNegativeTestJSON-284612319-project-member', 'project_domain_id': 'default', 'project_domain_name': 'Default', 'project_id': 'fb2385380fbe475585af8557277b0a9a', 'project_name': 'tempest-InstanceUsageAuditLogNegativeTestJSON-284612319', 'tenant_id': 'fb2385380fbe475585af8557277b0a9a', 'tenant_name': 'tempest-InstanceUsageAuditLogNegativeTestJSON-284612319', 'user_domain_id': 'default', 'user_domain_name': 'Default', 'user_id': 'cd4d73d1f7d043ac9d474af313ccc2bc', 'system': None}, Network: None, Subnet: None, Router: None
2025-04-14 14:29:09.936 70208 INFO tempest.lib.common.rest_client [req-91d105a0-5afb-44f2-8efc-534c7137dbb1 req-91d105a0-5afb-44f2-8efc-534c7137dbb1 ] Request (ServicesAdminTestJSON:setUpClass): 201 POST http://10.180.1.21/identity/v3/projects 0.108s
2025-04-14 14:29:09.938 70179 INFO tempest.test [-] raised in UpdateMultiattachVolumeNegativeTest.setUpClass. Invoking tearDownClass.
2025-04-14 14:29:09.970 70223 INFO tempest.lib.common.rest_client [req-6cf588bd-95e1-44bf-872d-c7490adc7206 req-6cf588bd-95e1-44bf-872d-c7490adc7206 ] Request (VolumesAdminNegativeTest:setUpClass): 201 POST http://10.180.1.21/identity/v3/auth/tokens 0.124s
2025-04-14 14:29:10.000 70175 INFO tempest.lib.common.rest_client [req-8dae9b7d-46c3-4bf4-988b-ab5389d99c8a req-8dae9b7d-46c3-4bf4-988b-ab5389d99c8a ] Request (HypervisorAdminUnderV252Test:setUpClass): 201 POST http://10.180.1.21/identity/v3/auth/tokens 0.145s
2025-04-14 14:29:10.018 70219 INFO tempest.lib.common.rest_client [req-6834e210-d1b9-49e5-8b41-9f22ad5b05f9 req-6834e210-d1b9-49e5-8b41-9f22ad5b05f9 ] Request (ServerDiagnosticsNegativeTest:setUpClass): 201 POST http://10.180.1.21/identity/v3/users 0.154s
2025-04-14 14:29:10.029 70189 INFO tempest.lib.common.rest_client [req-77a6826a-9083-4d78-8a6a-76092f2436c4 req-77a6826a-9083-4d78-8a6a-76092f2436c4 ] Request (ServersV294TestFqdnHostnames:setUpClass): 201 POST http://10.180.1.21/identity/v3/projects 0.133s
2025-04-14 14:29:10.037 70208 INFO tempest.lib.common.rest_client [req-69033bf3-aa0c-4276-a5b1-62b2e41a7696 req-69033bf3-aa0c-4276-a5b1-62b2e41a7696 ] Request (ServicesAdminTestJSON:setUpClass): 201 POST http://10.180.1.21/identity/v3/users 0.100s
2025-04-14 14:29:10.042 70187 INFO tempest.lib.common.rest_client [req-120da8bb-b3ec-4ae4-9e4f-4b57cd516322 req-120da8bb-b3ec-4ae4-9e4f-4b57cd516322 ] Request (ServerAddressesTestJSON:setUpClass): 201 POST http://10.180.1.21:9696/networking/v2.0/subnets 0.202s
2025-04-14 14:29:10.085 70238 INFO tempest.lib.common.rest_client [req-a522bc9a-e31b-4ee1-bc1f-e34cbcddf8e4 req-a522bc9a-e31b-4ee1-bc1f-e34cbcddf8e4 ] Request (FlavorsAccessTestJSON:setUpClass): 201 POST http://10.180.1.21/identity/v3/auth/tokens 0.109s
2025-04-14 14:29:10.107 70179 INFO tempest.lib.common.rest_client [req-767e00fa-0e07-4cff-8adc-74173ddd988c req-767e00fa-0e07-4cff-8adc-74173ddd988c ] Request (ImagesNegativeTestJSON:setUpClass): 201 POST http://10.180.1.21/identity/v3/auth/tokens 0.133s
2025-04-14 14:29:10.107 70223 INFO tempest.lib.common.rest_client [req-1ce63670-03ca-42dd-9e8c-e60d1ca92370 req-1ce63670-03ca-42dd-9e8c-e60d1ca92370 ] Request (VolumesAdminNegativeTest:setUpClass): 201 POST http://10.180.1.21/identity/v3/auth/tokens 0.134s
2025-04-14 14:29:10.124 70219 INFO tempest.lib.common.rest_client [req-9675fde9-d770-44af-a87a-740792533604 req-9675fde9-d770-44af-a87a-740792533604 ] Request (ServerDiagnosticsNegativeTest:setUpClass): 200 GET http://10.180.1.21/identity/v3/roles 0.105s
2025-04-14 14:29:10.137 70175 INFO tempest.lib.common.rest_client [req-e8a3756d-51b1-47a9-85d8-644cd8b2816e req-e8a3756d-51b1-47a9-85d8-644cd8b2816e ] Request (HypervisorAdminUnderV252Test:setUpClass): 201 POST http://10.180.1.21/identity/v3/auth/tokens 0.122s
2025-04-14 14:29:10.152 70193 INFO tempest.lib.common.rest_client [req-938fc10a-b087-4ab7-8b1a-81a013a4ea7a req-938fc10a-b087-4ab7-8b1a-81a013a4ea7a ] Request (QuotasAdminTestV257:setUpClass): 201 POST http://10.180.1.21/identity/v3/auth/tokens 0.145s
2025-04-14 14:29:10.158 70189 INFO tempest.lib.common.rest_client [req-bca770e6-3c99-4112-a071-52ffc48101af req-bca770e6-3c99-4112-a071-52ffc48101af ] Request (ServersV294TestFqdnHostnames:setUpClass): 201 POST http://10.180.1.21/identity/v3/users 0.129s
2025-04-14 14:29:10.162 70208 INFO tempest.lib.common.rest_client [req-273275db-2532-471a-957c-175c65bb1d9a req-273275db-2532-471a-957c-175c65bb1d9a ] Request (ServicesAdminTestJSON:setUpClass): 200 GET http://10.180.1.21/identity/v3/roles 0.120s
2025-04-14 14:29:10.188 70238 INFO tempest.lib.common.rest_client [req-239e3f94-e7fc-47d8-95b6-c3359db28a40 req-239e3f94-e7fc-47d8-95b6-c3359db28a40 ] Request (FlavorsAccessTestJSON:setUpClass): 201 POST http://10.180.1.21/identity/v3/auth/tokens 0.090s
2025-04-14 14:29:10.218 70223 INFO tempest.lib.common.rest_client [req-e424f68f-7519-447a-8dac-d84a6301cb3b req-e424f68f-7519-447a-8dac-d84a6301cb3b ] Request (VolumesAdminNegativeTest:setUpClass): 200 GET http://10.180.1.21/identity/v3/domains?name=Default 0.110s
2025-04-14 14:29:10.225 70177 INFO tempest.lib.common.rest_client [req-22ad175b-3883-4557-882d-c6b67697812a req-22ad175b-3883-4557-882d-c6b67697812a ] Request (InstanceUsageAuditLogNegativeTestJSON:setUpClass): 201 POST http://10.180.1.21/identity/v3/auth/tokens 0.132s
2025-04-14 14:29:10.234 70179 INFO tempest.lib.common.rest_client [req-47e8451c-21d4-48ea-95a3-9c5fad566303 req-47e8451c-21d4-48ea-95a3-9c5fad566303 ] Request (ImagesNegativeTestJSON:setUpClass): 201 POST http://10.180.1.21/identity/v3/auth/tokens 0.116s
2025-04-14 14:29:10.249 70219 INFO tempest.lib.common.rest_client [req-6a806c01-adb1-4dd3-9fb1-352d691b7f72 req-6a806c01-adb1-4dd3-9fb1-352d691b7f72 ] Request (ServerDiagnosticsNegativeTest:setUpClass): 204 PUT http://10.180.1.21/identity/v3/projects/f7646324357c427fb46135a8b4c6d063/users/a543b6348dbb4812b2082a5d03995e6a/roles/3f125c904d9c45e6a3c0f33195ec1bac 0.124s
2025-04-14 14:29:10.260 70175 INFO tempest.lib.common.rest_client [req-1f75ea0d-8402-40b6-a5fe-1170629193a7 req-1f75ea0d-8402-40b6-a5fe-1170629193a7 ] Request (HypervisorAdminUnderV252Test:setUpClass): 200 GET http://10.180.1.21/identity/v3/domains?name=Default 0.122s
2025-04-14 14:29:10.306 70189 INFO tempest.lib.common.rest_client [req-849761c2-7548-4369-8275-8fc9aa7b2cda req-849761c2-7548-4369-8275-8fc9aa7b2cda ] Request (ServersV294TestFqdnHostnames:setUpClass): 200 GET http://10.180.1.21/identity/v3/roles 0.147s
2025-04-14 14:29:10.310 70193 INFO tempest.lib.common.rest_client [req-e59c923e-f4eb-4ad9-a987-7d10f4752a42 req-e59c923e-f4eb-4ad9-a987-7d10f4752a42 ] Request (QuotasAdminTestV257:setUpClass): 201 POST http://10.180.1.21/identity/v3/auth/tokens 0.151s
2025-04-14 14:29:10.335 70238 INFO tempest.lib.common.rest_client [req-da4ffd4f-1658-4682-9fa7-831d3c2d0a9a req-da4ffd4f-1658-4682-9fa7-831d3c2d0a9a ] Request (FlavorsAccessTestJSON:setUpClass): 200 GET http://10.180.1.21/identity/v3/domains?name=Default 0.145s
2025-04-14 14:29:10.352 70208 INFO tempest.lib.common.rest_client [req-e90d708e-0d92-472d-8841-d3dc73fa1edd req-e90d708e-0d92-472d-8841-d3dc73fa1edd ] Request (ServicesAdminTestJSON:setUpClass): 204 PUT http://10.180.1.21/identity/v3/projects/3a698f2ed3d94aa8978bcb11858c243e/users/41338ef1f4364408ae1bae98ec870ae7/roles/0e63667cf3084c70b339dd9a667e7834 0.190s
2025-04-14 14:29:10.353 70208 INFO tempest.lib.common.dynamic_creds [-] Dynamic test user 41338ef1f4364408ae1bae98ec870ae7 is created with scope project and roles: ['member']
2025-04-14 14:29:10.353 70208 INFO tempest.lib.common.dynamic_creds [-] Acquired dynamic creds: credentials: Credentials: {'domain_id': 'default', 'domain_name': 'Default', 'username': 'tempest-ServicesAdminTestJSON-105247284-project-member', 'project_domain_id': 'default', 'project_domain_name': 'Default', 'project_id': '3a698f2ed3d94aa8978bcb11858c243e', 'project_name': 'tempest-ServicesAdminTestJSON-105247284', 'tenant_id': '3a698f2ed3d94aa8978bcb11858c243e', 'tenant_name': 'tempest-ServicesAdminTestJSON-105247284', 'user_domain_id': 'default', 'user_domain_name': 'Default', 'user_id': '41338ef1f4364408ae1bae98ec870ae7', 'system': None}, Network: None, Subnet: None, Router: None
2025-04-14 14:29:10.353 70208 INFO tempest.lib.common.dynamic_creds [-] Created isolated network resources for: credentials: Credentials: {'domain_id': 'default', 'domain_name': 'Default', 'username': 'tempest-ServicesAdminTestJSON-105247284-project-member', 'project_domain_id': 'default', 'project_domain_name': 'Default', 'project_id': '3a698f2ed3d94aa8978bcb11858c243e', 'project_name': 'tempest-ServicesAdminTestJSON-105247284', 'tenant_id': '3a698f2ed3d94aa8978bcb11858c243e', 'tenant_name': 'tempest-ServicesAdminTestJSON-105247284', 'user_domain_id': 'default', 'user_domain_name': 'Default', 'user_id': '41338ef1f4364408ae1bae98ec870ae7', 'system': None}, Network: None, Subnet: None, Router: None
2025-04-14 14:29:10.379 70191 INFO tempest.lib.common.rest_client [req-71b0a143-9d57-4d0e-8cf2-ac45d4ca2164 req-71b0a143-9d57-4d0e-8cf2-ac45d4ca2164 ] Request (SecurityGroupsTestAdminJSON:setUpClass): 201 POST http://10.180.1.21/identity/v3/auth/tokens 0.177s
2025-04-14 14:29:10.419 70223 INFO tempest.lib.common.rest_client [req-61dd3977-4091-47b0-b9bf-2abca79dda2a req-61dd3977-4091-47b0-b9bf-2abca79dda2a ] Request (VolumesAdminNegativeTest:setUpClass): 201 POST http://10.180.1.21/identity/v3/projects 0.198s
2025-04-14 14:29:10.472 70177 INFO tempest.lib.common.rest_client [req-903eb4cd-79a8-4194-a09a-69b21a2b1b9d req-903eb4cd-79a8-4194-a09a-69b21a2b1b9d ] Request (InstanceUsageAuditLogNegativeTestJSON:setUpClass): 201 POST http://10.180.1.21/identity/v3/projects 0.246s
2025-04-14 14:29:10.504 70181 INFO tempest.lib.common.rest_client [req-e6dc7b5a-a3df-4d3f-a63a-7a217c8cfae5 req-e6dc7b5a-a3df-4d3f-a63a-7a217c8cfae5 ] Request (FlavorsExtraSpecsTestJSON:setUpClass): 201 POST http://10.180.1.21/identity/v3/auth/tokens 0.305s
2025-04-14 14:29:10.518 70179 INFO tempest.lib.common.rest_client [req-b234a6f6-2d9e-4570-afd4-8cef786b3551 req-b234a6f6-2d9e-4570-afd4-8cef786b3551 ] Request (ImagesNegativeTestJSON:setUpClass): 200 GET http://10.180.1.21/identity/v3/domains?name=Default 0.284s
2025-04-14 14:29:10.522 70219 INFO tempest.lib.common.rest_client [req-9605eeee-5dc8-49c2-958c-6c4270ed5cc0 req-9605eeee-5dc8-49c2-958c-6c4270ed5cc0 ] Request (ServerDiagnosticsNegativeTest:setUpClass): 200 GET http://10.180.1.21/identity/v3/roles 0.272s
2025-04-14 14:29:10.532 70234 INFO tempest.test [-] raised in UnshelveToHostMultiNodesTest.setUpClass. Invoking tearDownClass.
2025-04-14 14:29:10.552 70185 INFO tempest.lib.common.rest_client [req-848f8a31-0738-4827-a60e-95c22f2c5cb1 req-848f8a31-0738-4827-a60e-95c22f2c5cb1 ] Request (QuotaClassesAdmin257Test:setUpClass): 201 POST http://10.180.1.21/identity/v3/auth/tokens 0.298s
2025-04-14 14:29:10.567 70189 INFO tempest.lib.common.rest_client [req-596e6f13-41c6-4303-87b0-a80073892ea0 req-596e6f13-41c6-4303-87b0-a80073892ea0 ] Request (ServersV294TestFqdnHostnames:setUpClass): 204 PUT http://10.180.1.21/identity/v3/projects/3ec46015859f4c93aa25ab4ab217786e/users/7798b4405dee455b848070d69e76c837/roles/0e63667cf3084c70b339dd9a667e7834 0.260s
2025-04-14 14:29:10.568 70189 INFO tempest.lib.common.dynamic_creds [-] Dynamic test user 7798b4405dee455b848070d69e76c837 is created with scope project and roles: ['member']
2025-04-14 14:29:10.568 70189 INFO tempest.lib.common.dynamic_creds [-] Acquired dynamic creds: credentials: Credentials: {'domain_id': 'default', 'domain_name': 'Default', 'username': 'tempest-ServersV294TestFqdnHostnames-851171914-project-member', 'project_domain_id': 'default', 'project_domain_name': 'Default', 'project_id': '3ec46015859f4c93aa25ab4ab217786e', 'project_name': 'tempest-ServersV294TestFqdnHostnames-851171914', 'tenant_id': '3ec46015859f4c93aa25ab4ab217786e', 'tenant_name': 'tempest-ServersV294TestFqdnHostnames-851171914', 'user_domain_id': 'default', 'user_domain_name': 'Default', 'user_id': '7798b4405dee455b848070d69e76c837', 'system': None}, Network: None, Subnet: None, Router: None
2025-04-14 14:29:10.570 70175 INFO tempest.lib.common.rest_client [req-adef5527-5069-4fae-8797-c0828b40b78a req-adef5527-5069-4fae-8797-c0828b40b78a ] Request (HypervisorAdminUnderV252Test:setUpClass): 201 POST http://10.180.1.21/identity/v3/projects 0.297s
2025-04-14 14:29:10.638 70193 INFO tempest.lib.common.rest_client [req-b46e3213-930c-44b3-a499-fd68f83a4a11 req-b46e3213-930c-44b3-a499-fd68f83a4a11 ] Request (QuotasAdminTestV257:setUpClass): 200 GET http://10.180.1.21/identity/v3/domains?name=Default 0.327s
2025-04-14 14:29:10.642 70236 INFO tempest.test [-] raised in TestMultiAttachVolumeSwap.setUpClass. Invoking tearDownClass.
2025-04-14 14:29:10.662 70238 INFO tempest.lib.common.rest_client [req-e4375bab-71ff-4713-bb1a-90c145579246 req-e4375bab-71ff-4713-bb1a-90c145579246 ] Request (FlavorsAccessTestJSON:setUpClass): 201 POST http://10.180.1.21/identity/v3/projects 0.305s
2025-04-14 14:29:10.668 70201 INFO tempest.lib.common.rest_client [req-052143da-ef41-4869-860d-6b8aacc8e693 req-052143da-ef41-4869-860d-6b8aacc8e693 ] Request (FlavorMetadataValidation:setUpClass): 201 POST http://10.180.1.21/identity/v3/auth/tokens 0.343s
2025-04-14 14:29:10.715 70183 INFO tempest.lib.common.rest_client [req-e5c5bf17-ac3e-43f4-ba8b-08273614ad66 req-e5c5bf17-ac3e-43f4-ba8b-08273614ad66 ] Request (ServersWithSpecificFlavorTestJSON:setUpClass): 201 POST http://10.180.1.21/identity/v3/auth/tokens 0.356s
2025-04-14 14:29:10.718 70195 INFO tempest.lib.common.rest_client [req-5b3cb683-f2b1-46e4-bbbb-848bb3835f11 req-5b3cb683-f2b1-46e4-bbbb-848bb3835f11 ] Request (DeleteServersAdminTestJSON:setUpClass): 201 POST http://10.180.1.21/identity/v3/auth/tokens 0.359s
2025-04-14 14:29:10.735 70203 INFO tempest.lib.common.rest_client [req-6b832ea6-6069-465a-9535-a3ebbf01329e req-6b832ea6-6069-465a-9535-a3ebbf01329e ] Request (HypervisorAdminTestJSON:setUpClass): 201 POST http://10.180.1.21/identity/v3/auth/tokens 0.367s
2025-04-14 14:29:10.741 70187 INFO tempest.lib.common.rest_client [req-a6be94c1-9e75-46b8-96d2-1a6294ad5f37 req-a6be94c1-9e75-46b8-96d2-1a6294ad5f37 ] Request (ServerAddressesTestJSON:setUpClass): 201 POST http://10.180.1.21:9696/networking/v2.0/routers 0.698s
2025-04-14 14:29:10.743 70191 INFO tempest.lib.common.rest_client [req-e2eb7ddd-3fe1-490c-971a-fe7a542567be req-e2eb7ddd-3fe1-490c-971a-fe7a542567be ] Request (SecurityGroupsTestAdminJSON:setUpClass): 201 POST http://10.180.1.21/identity/v3/auth/tokens 0.355s
2025-04-14 14:29:10.761 70223 INFO tempest.lib.common.rest_client [req-f998dee3-496a-4fe9-8dcb-4ec8b9385273 req-f998dee3-496a-4fe9-8dcb-4ec8b9385273 ] Request (VolumesAdminNegativeTest:setUpClass): 201 POST http://10.180.1.21/identity/v3/users 0.342s
2025-04-14 14:29:10.766 70197 INFO tempest.lib.common.rest_client [req-2cd404ba-a6cd-4594-a075-594db140fde8 req-2cd404ba-a6cd-4594-a075-594db140fde8 ] Request (VolumesAssistedSnapshotsTest:setUpClass): 201 POST http://10.180.1.21/identity/v3/auth/tokens 0.334s
2025-04-14 14:29:10.781 70232 INFO tempest.lib.common.rest_client [req-5807139b-0a86-4a98-83e5-1d884c4839cf req-5807139b-0a86-4a98-83e5-1d884c4839cf ] Request (AZAdminV2TestJSON:setUpClass): 201 POST http://10.180.1.21/identity/v3/auth/tokens 0.346s
2025-04-14 14:29:10.788 70199 INFO tempest.lib.common.rest_client [req-94ce8414-cbc5-4f41-8545-e2eb453d7dcf req-94ce8414-cbc5-4f41-8545-e2eb453d7dcf ] Request (ServersAdmin275Test:setUpClass): 201 POST http://10.180.1.21/identity/v3/auth/tokens 0.353s
2025-04-14 14:29:10.804 70177 INFO tempest.lib.common.rest_client [req-295b8f85-da18-4846-86f8-c57acc8ed5ca req-295b8f85-da18-4846-86f8-c57acc8ed5ca ] Request (InstanceUsageAuditLogNegativeTestJSON:setUpClass): 201 POST http://10.180.1.21/identity/v3/users 0.331s
2025-04-14 14:29:10.818 70219 INFO tempest.lib.common.rest_client [req-f8cebf11-8ea6-42e7-85fe-b243b50a9c6a req-f8cebf11-8ea6-42e7-85fe-b243b50a9c6a ] Request (ServerDiagnosticsNegativeTest:setUpClass): 204 PUT http://10.180.1.21/identity/v3/projects/f7646324357c427fb46135a8b4c6d063/users/a543b6348dbb4812b2082a5d03995e6a/roles/3f125c904d9c45e6a3c0f33195ec1bac 0.294s
2025-04-14 14:29:10.818 70219 INFO tempest.lib.common.dynamic_creds [-] Dynamic test user a543b6348dbb4812b2082a5d03995e6a is created with scope project and roles: ['admin']
2025-04-14 14:29:10.818 70219 INFO tempest.lib.common.dynamic_creds [-] Acquired dynamic creds: credentials: Credentials: {'domain_id': 'default', 'domain_name': 'Default', 'username': 'tempest-ServerDiagnosticsNegativeTest-92748480-project-admin', 'project_domain_id': 'default', 'project_domain_name': 'Default', 'project_id': 'f7646324357c427fb46135a8b4c6d063', 'project_name': 'tempest-ServerDiagnosticsNegativeTest-92748480', 'tenant_id': 'f7646324357c427fb46135a8b4c6d063', 'tenant_name': 'tempest-ServerDiagnosticsNegativeTest-92748480', 'user_domain_id': 'default', 'user_domain_name': 'Default', 'user_id': 'a543b6348dbb4812b2082a5d03995e6a', 'system': None}, Network: None, Subnet: None, Router: None
2025-04-14 14:29:10.818 70219 INFO tempest.lib.common.dynamic_creds [-] Created isolated network resources for: credentials: Credentials: {'domain_id': 'default', 'domain_name': 'Default', 'username': 'tempest-ServerDiagnosticsNegativeTest-92748480-project-admin', 'project_domain_id': 'default', 'project_domain_name': 'Default', 'project_id': 'f7646324357c427fb46135a8b4c6d063', 'project_name': 'tempest-ServerDiagnosticsNegativeTest-92748480', 'tenant_id': 'f7646324357c427fb46135a8b4c6d063', 'tenant_name': 'tempest-ServerDiagnosticsNegativeTest-92748480', 'user_domain_id': 'default', 'user_domain_name': 'Default', 'user_id': 'a543b6348dbb4812b2082a5d03995e6a', 'system': None}, Network: None, Subnet: None, Router: None
2025-04-14 14:29:10.846 70181 INFO tempest.lib.common.rest_client [req-009d8299-ad54-4298-a90f-feaa7cbc9a49 req-009d8299-ad54-4298-a90f-feaa7cbc9a49 ] Request (FlavorsExtraSpecsTestJSON:setUpClass): 201 POST http://10.180.1.21/identity/v3/auth/tokens 0.337s
2025-04-14 14:29:10.866 70179 INFO tempest.lib.common.rest_client [req-58adf19e-0027-4a81-b8c0-efffd4b9d7d2 req-58adf19e-0027-4a81-b8c0-efffd4b9d7d2 ] Request (ImagesNegativeTestJSON:setUpClass): 201 POST http://10.180.1.21/identity/v3/projects 0.341s
2025-04-14 14:29:10.898 70215 INFO tempest.lib.common.rest_client [req-3dd4af38-7e27-44fc-a7c3-962b2a15b8dc req-3dd4af38-7e27-44fc-a7c3-962b2a15b8dc ] Request (FlavorsAccessNegativeTestJSON:setUpClass): 201 POST http://10.180.1.21/identity/v3/auth/tokens 0.362s
2025-04-14 14:29:10.913 70234 INFO tempest.lib.common.rest_client [req-88bc32bd-ce9a-4ce7-bf2a-1c4d869e5aee req-88bc32bd-ce9a-4ce7-bf2a-1c4d869e5aee ] Request (ImagesOneServerTestJSON:setUpClass): 201 POST http://10.180.1.21/identity/v3/auth/tokens 0.373s
2025-04-14 14:29:10.919 70185 INFO tempest.lib.common.rest_client [req-da077ea3-25cc-4c68-949c-f318a6d1e48a req-da077ea3-25cc-4c68-949c-f318a6d1e48a ] Request (QuotaClassesAdmin257Test:setUpClass): 201 POST http://10.180.1.21/identity/v3/auth/tokens 0.364s
2025-04-14 14:29:10.933 70189 INFO tempest.lib.common.rest_client [req-924eb57f-b5d5-42f5-b5a6-f0a0212c4329 req-924eb57f-b5d5-42f5-b5a6-f0a0212c4329 ] Request (ServersV294TestFqdnHostnames:setUpClass): 201 POST http://10.180.1.21/identity/v3/auth/tokens 0.365s
2025-04-14 14:29:10.937 70175 INFO tempest.lib.common.rest_client [req-1b16dc4f-495e-44ed-8521-a636189ba720 req-1b16dc4f-495e-44ed-8521-a636189ba720 ] Request (HypervisorAdminUnderV252Test:setUpClass): 201 POST http://10.180.1.21/identity/v3/users 0.362s
2025-04-14 14:29:10.959 70226 INFO tempest.lib.common.rest_client [req-43b6df32-afd7-461e-8ac5-7aed6d6e3e8d req-43b6df32-afd7-461e-8ac5-7aed6d6e3e8d ] Request (ListImagesTestJSON:setUpClass): 201 POST http://10.180.1.21/identity/v3/auth/tokens 0.357s
2025-04-14 14:29:10.978 70221 INFO tempest.lib.common.rest_client [req-4ea05ce1-b77b-4e17-81f7-d01337e6088a req-4ea05ce1-b77b-4e17-81f7-d01337e6088a ] Request (ServerDiagnosticsTest:setUpClass): 201 POST http://10.180.1.21/identity/v3/auth/tokens 0.355s
2025-04-14 14:29:10.993 70208 INFO tempest.lib.common.rest_client [req-0e1036e6-7b18-4e6b-abad-652813e0d169 req-0e1036e6-7b18-4e6b-abad-652813e0d169 ] Request (ServicesAdminTestJSON:setUpClass): 201 POST http://10.180.1.21/identity/v3/auth/tokens 0.418s
2025-04-14 14:29:11.004 70211 INFO tempest.lib.common.rest_client [req-6614bbd0-803e-4520-98d2-ad60b10e3604 req-6614bbd0-803e-4520-98d2-ad60b10e3604 ] Request (AggregatesAdminNegativeTestJSON:setUpClass): 201 POST http://10.180.1.21/identity/v3/auth/tokens 0.370s
2025-04-14 14:29:11.022 70193 INFO tempest.lib.common.rest_client [req-ad5b352f-994b-49c2-8f2a-4b01a7c48783 req-ad5b352f-994b-49c2-8f2a-4b01a7c48783 ] Request (QuotasAdminTestV257:setUpClass): 201 POST http://10.180.1.21/identity/v3/projects 0.376s
2025-04-14 14:29:11.061 70236 INFO tempest.lib.common.rest_client [req-6a714374-2c98-434e-af51-2d27a7aba0f1 req-6a714374-2c98-434e-af51-2d27a7aba0f1 ] Request (SecurityGroupsNegativeTestJSON:setUpClass): 201 POST http://10.180.1.21/identity/v3/auth/tokens 0.412s
2025-04-14 14:29:11.070 70209 INFO tempest.lib.common.rest_client [req-33d44faf-99fc-42da-af4d-111250cd99c1 req-33d44faf-99fc-42da-af4d-111250cd99c1 ] Request (AZAdminNegativeTestJSON:setUpClass): 201 POST http://10.180.1.21/identity/v3/auth/tokens 0.419s
2025-04-14 14:29:11.083 70205 INFO tempest.lib.common.rest_client [req-5ac8b0bd-bc58-489a-ae2d-61fdf01c2d50 req-5ac8b0bd-bc58-489a-ae2d-61fdf01c2d50 ] Request (FlavorsV261TestJSON:setUpClass): 201 POST http://10.180.1.21/identity/v3/auth/tokens 0.431s
2025-04-14 14:29:11.094 70238 INFO tempest.lib.common.rest_client [req-3f991ea4-d70c-40a9-8799-14f2fae9624b req-3f991ea4-d70c-40a9-8799-14f2fae9624b ] Request (FlavorsAccessTestJSON:setUpClass): 201 POST http://10.180.1.21/identity/v3/users 0.432s
2025-04-14 14:29:11.108 70230 INFO tempest.lib.common.rest_client [req-5e024eb1-8349-47c9-b8fe-ba900dcd135f req-5e024eb1-8349-47c9-b8fe-ba900dcd135f ] Request (QuotasAdminTestV236:setUpClass): 201 POST http://10.180.1.21/identity/v3/auth/tokens 0.439s
2025-04-14 14:29:11.116 70201 INFO tempest.lib.common.rest_client [req-67911c60-5faf-4614-8862-4778d7516b06 req-67911c60-5faf-4614-8862-4778d7516b06 ] Request (FlavorMetadataValidation:setUpClass): 201 POST http://10.180.1.21/identity/v3/auth/tokens 0.445s
2025-04-14 14:29:11.129 70217 INFO tempest.lib.common.rest_client [req-f0eb7b95-bc41-4df2-8035-b129960da27b req-f0eb7b95-bc41-4df2-8035-b129960da27b ] Request (FloatingIPsTestJSON:setUpClass): 201 POST http://10.180.1.21/identity/v3/auth/tokens 0.442s
2025-04-14 14:29:11.138 70213 INFO tempest.lib.common.rest_client [req-62b1df0c-32ee-4b2e-b46f-441d74399ef9 req-62b1df0c-32ee-4b2e-b46f-441d74399ef9 ] Request (FlavorsV255TestJSON:setUpClass): 201 POST http://10.180.1.21/identity/v3/auth/tokens 0.439s
2025-04-14 14:29:11.153 70183 INFO tempest.lib.common.rest_client [req-e145d8f4-8025-4ea7-a103-3f748d291583 req-e145d8f4-8025-4ea7-a103-3f748d291583 ] Request (ServersWithSpecificFlavorTestJSON:setUpClass): 201 POST http://10.180.1.21/identity/v3/auth/tokens 0.435s
2025-04-14 14:29:11.165 70195 INFO tempest.lib.common.rest_client [req-f3c816fe-a373-4192-a321-ffe9ee13af82 req-f3c816fe-a373-4192-a321-ffe9ee13af82 ] Request (DeleteServersAdminTestJSON:setUpClass): 201 POST http://10.180.1.21/identity/v3/auth/tokens 0.444s
2025-04-14 14:29:11.178 70203 INFO tempest.lib.common.rest_client [req-6ee702e0-2986-4e00-80ad-a3ef667909b2 req-6ee702e0-2986-4e00-80ad-a3ef667909b2 ] Request (HypervisorAdminTestJSON:setUpClass): 201 POST http://10.180.1.21/identity/v3/auth/tokens 0.440s
2025-04-14 14:29:11.190 70191 INFO tempest.lib.common.rest_client [req-e3963c45-d69f-47bc-bddd-dedc5c4117d3 req-e3963c45-d69f-47bc-bddd-dedc5c4117d3 ] Request (SecurityGroupsTestAdminJSON:setUpClass): 200 GET http://10.180.1.21/identity/v3/domains?name=Default 0.447s
2025-04-14 14:29:11.199 70228 INFO tempest.lib.common.rest_client [req-7f89c3fd-c50d-4f34-9563-e8b051271f9d req-7f89c3fd-c50d-4f34-9563-e8b051271f9d ] Request (HypervisorAdminV228Test:setUpClass): 201 POST http://10.180.1.21/identity/v3/auth/tokens 0.456s
2025-04-14 14:29:11.208 70223 INFO tempest.lib.common.rest_client [req-c159f114-d28e-4a88-822e-ba1c1377ad40 req-c159f114-d28e-4a88-822e-ba1c1377ad40 ] Request (VolumesAdminNegativeTest:setUpClass): 200 GET http://10.180.1.21/identity/v3/roles 0.446s
2025-04-14 14:29:11.221 70197 INFO tempest.lib.common.rest_client [req-895bd0a2-cc11-4013-8c36-0dfedaa2efb0 req-895bd0a2-cc11-4013-8c36-0dfedaa2efb0 ] Request (VolumesAssistedSnapshotsTest:setUpClass): 201 POST http://10.180.1.21/identity/v3/auth/tokens 0.452s
2025-04-14 14:29:11.231 70232 INFO tempest.lib.common.rest_client [req-a60c2ad5-f0ee-4b20-999d-c25ef6250b53 req-a60c2ad5-f0ee-4b20-999d-c25ef6250b53 ] Request (AZAdminV2TestJSON:setUpClass): 201 POST http://10.180.1.21/identity/v3/auth/tokens 0.447s
2025-04-14 14:29:11.244 70199 INFO tempest.lib.common.rest_client [req-118150e5-1135-4900-bf3a-8e7fec53ea13 req-118150e5-1135-4900-bf3a-8e7fec53ea13 ] Request (ServersAdmin275Test:setUpClass): 201 POST http://10.180.1.21/identity/v3/auth/tokens 0.450s
2025-04-14 14:29:11.246 70177 INFO tempest.lib.common.rest_client [req-bccf9738-f3a7-454d-ae34-b001030617de req-bccf9738-f3a7-454d-ae34-b001030617de ] Request (InstanceUsageAuditLogNegativeTestJSON:setUpClass): 200 GET http://10.180.1.21/identity/v3/roles 0.442s
2025-04-14 14:29:11.265 70181 INFO tempest.lib.common.rest_client [req-fee93746-23ee-43de-8b46-06337c040461 req-fee93746-23ee-43de-8b46-06337c040461 ] Request (FlavorsExtraSpecsTestJSON:setUpClass): 200 GET http://10.180.1.21/identity/v3/domains?name=Default 0.417s
2025-04-14 14:29:11.284 70179 INFO tempest.lib.common.rest_client [req-03baebeb-6421-4218-ae6a-d5cf5b861cea req-03baebeb-6421-4218-ae6a-d5cf5b861cea ] Request (ImagesNegativeTestJSON:setUpClass): 201 POST http://10.180.1.21/identity/v3/users 0.417s
2025-04-14 14:29:11.303 70219 INFO tempest.lib.common.rest_client [req-25de8768-c92f-4513-a78e-8389a09ef5f9 req-25de8768-c92f-4513-a78e-8389a09ef5f9 ] Request (ServerDiagnosticsNegativeTest:setUpClass): 201 POST http://10.180.1.21/identity/v3/auth/tokens 0.482s
2025-04-14 14:29:11.306 70215 INFO tempest.lib.common.rest_client [req-7ab49388-b1e0-4fec-a7a7-4cafd0cd0496 req-7ab49388-b1e0-4fec-a7a7-4cafd0cd0496 ] Request (FlavorsAccessNegativeTestJSON:setUpClass): 201 POST http://10.180.1.21/identity/v3/auth/tokens 0.405s
2025-04-14 14:29:11.323 70185 INFO tempest.lib.common.rest_client [req-4d566138-2c7d-40a1-a1ee-bab49b3506ef req-4d566138-2c7d-40a1-a1ee-bab49b3506ef ] Request (QuotaClassesAdmin257Test:setUpClass): 200 GET http://10.180.1.21/identity/v3/domains?name=Default 0.403s
2025-04-14 14:29:11.325 70234 INFO tempest.lib.common.rest_client [req-e8d15f94-5895-4b02-815a-ae3227b1c606 req-e8d15f94-5895-4b02-815a-ae3227b1c606 ] Request (ImagesOneServerTestJSON:setUpClass): 201 POST http://10.180.1.21/identity/v3/auth/tokens 0.410s
2025-04-14 14:29:11.345 70175 INFO tempest.lib.common.rest_client [req-09ccbc8f-8ce4-4468-b766-cff4f4555689 req-09ccbc8f-8ce4-4468-b766-cff4f4555689 ] Request (HypervisorAdminUnderV252Test:setUpClass): 200 GET http://10.180.1.21/identity/v3/roles 0.407s
2025-04-14 14:29:11.366 70226 INFO tempest.lib.common.rest_client [req-af4749c1-ff09-4902-b2c5-25381d392afe req-af4749c1-ff09-4902-b2c5-25381d392afe ] Request (ListImagesTestJSON:setUpClass): 201 POST http://10.180.1.21/identity/v3/auth/tokens 0.402s
2025-04-14 14:29:11.382 70221 INFO tempest.lib.common.rest_client [req-8be90b9a-edc5-4d20-871e-ba4216c3496c req-8be90b9a-edc5-4d20-871e-ba4216c3496c ] Request (ServerDiagnosticsTest:setUpClass): 201 POST http://10.180.1.21/identity/v3/auth/tokens 0.400s
2025-04-14 14:29:11.389 70208 INFO tempest.lib.common.rest_client [req-d95bc297-6c50-4b17-8dbf-410574238ebd req-d95bc297-6c50-4b17-8dbf-410574238ebd ] Request (ServicesAdminTestJSON:setUpClass): 201 POST http://10.180.1.21/identity/v3/projects 0.396s
2025-04-14 14:29:11.429 70211 INFO tempest.lib.common.rest_client [req-36fc37fb-8ca7-4d13-8123-d0d916546b37 req-36fc37fb-8ca7-4d13-8123-d0d916546b37 ] Request (AggregatesAdminNegativeTestJSON:setUpClass): 201 POST http://10.180.1.21/identity/v3/auth/tokens 0.421s
2025-04-14 14:29:11.438 70193 INFO tempest.lib.common.rest_client [req-4e6850a9-4e98-43b2-83e9-9a52c908cd81 req-4e6850a9-4e98-43b2-83e9-9a52c908cd81 ] Request (QuotasAdminTestV257:setUpClass): 201 POST http://10.180.1.21/identity/v3/users 0.416s
2025-04-14 14:29:11.452 70236 INFO tempest.lib.common.rest_client [req-bbd691d2-549c-4f5e-a259-75dfb009e05a req-bbd691d2-549c-4f5e-a259-75dfb009e05a ] Request (SecurityGroupsNegativeTestJSON:setUpClass): 201 POST http://10.180.1.21/identity/v3/auth/tokens 0.388s
2025-04-14 14:29:11.460 70209 INFO tempest.lib.common.rest_client [req-d23bcfaa-0ffd-456b-bb4a-ec31e28c14bf req-d23bcfaa-0ffd-456b-bb4a-ec31e28c14bf ] Request (AZAdminNegativeTestJSON:setUpClass): 201 POST http://10.180.1.21/identity/v3/auth/tokens 0.387s
2025-04-14 14:29:11.473 70205 INFO tempest.lib.common.rest_client [req-3974ef21-4800-4665-85b0-441cf2ffff6f req-3974ef21-4800-4665-85b0-441cf2ffff6f ] Request (FlavorsV261TestJSON:setUpClass): 201 POST http://10.180.1.21/identity/v3/auth/tokens 0.384s
2025-04-14 14:29:11.477 70238 INFO tempest.lib.common.rest_client [req-7785ee8a-4749-4090-83ab-dc0a5a9b5afe req-7785ee8a-4749-4090-83ab-dc0a5a9b5afe ] Request (FlavorsAccessTestJSON:setUpClass): 200 GET http://10.180.1.21/identity/v3/roles 0.382s
2025-04-14 14:29:11.493 70230 INFO tempest.lib.common.rest_client [req-8dcb65ec-4660-4c73-978d-72378d3309e9 req-8dcb65ec-4660-4c73-978d-72378d3309e9 ] Request (QuotasAdminTestV236:setUpClass): 201 POST http://10.180.1.21/identity/v3/auth/tokens 0.383s
2025-04-14 14:29:11.494 70201 INFO tempest.lib.common.rest_client [req-ec234de7-2b51-45d4-b43a-605ad44a5f7c req-ec234de7-2b51-45d4-b43a-605ad44a5f7c ] Request (FlavorMetadataValidation:setUpClass): 200 GET http://10.180.1.21/identity/v3/domains?name=Default 0.377s
2025-04-14 14:29:11.514 70217 INFO tempest.lib.common.rest_client [req-e679d5e7-7450-40d2-919c-ea59d78c7558 req-e679d5e7-7450-40d2-919c-ea59d78c7558 ] Request (FloatingIPsTestJSON:setUpClass): 201 POST http://10.180.1.21/identity/v3/auth/tokens 0.381s
2025-04-14 14:29:11.517 70213 INFO tempest.lib.common.rest_client [req-c3c77745-dc25-4259-8e48-09844b50ce96 req-c3c77745-dc25-4259-8e48-09844b50ce96 ] Request (FlavorsV255TestJSON:setUpClass): 201 POST http://10.180.1.21/identity/v3/auth/tokens 0.376s
2025-04-14 14:29:11.533 70183 INFO tempest.lib.common.rest_client [req-30334dd1-569e-4e82-a1d0-1a9e7c8c7a07 req-30334dd1-569e-4e82-a1d0-1a9e7c8c7a07 ] Request (ServersWithSpecificFlavorTestJSON:setUpClass): 200 GET http://10.180.1.21/identity/v3/domains?name=Default 0.378s
2025-04-14 14:29:11.539 70195 INFO tempest.lib.common.rest_client [req-adde69f1-80ef-4a41-a5da-f1f3d0d43492 req-adde69f1-80ef-4a41-a5da-f1f3d0d43492 ] Request (DeleteServersAdminTestJSON:setUpClass): 200 GET http://10.180.1.21/identity/v3/domains?name=Default 0.373s
2025-04-14 14:29:11.561 70203 INFO tempest.lib.common.rest_client [req-9255c838-9a94-4600-9158-6224f27f2d25 req-9255c838-9a94-4600-9158-6224f27f2d25 ] Request (HypervisorAdminTestJSON:setUpClass): 200 GET http://10.180.1.21/identity/v3/domains?name=Default 0.382s
2025-04-14 14:29:11.570 70191 INFO tempest.lib.common.rest_client [req-b51bf3d5-00f7-413b-b812-0f566e911444 req-b51bf3d5-00f7-413b-b812-0f566e911444 ] Request (SecurityGroupsTestAdminJSON:setUpClass): 201 POST http://10.180.1.21/identity/v3/projects 0.377s
2025-04-14 14:29:11.617 70228 INFO tempest.lib.common.rest_client [req-97396a4c-6697-426f-8211-448371dfa046 req-97396a4c-6697-426f-8211-448371dfa046 ] Request (HypervisorAdminV228Test:setUpClass): 201 POST http://10.180.1.21/identity/v3/auth/tokens 0.412s
2025-04-14 14:29:11.626 70223 INFO tempest.lib.common.rest_client [req-7ec40eed-baea-4d3d-b93c-4d6b235f11b5 req-7ec40eed-baea-4d3d-b93c-4d6b235f11b5 ] Request (VolumesAdminNegativeTest:setUpClass): 204 PUT http://10.180.1.21/identity/v3/projects/daf889cb838549c5aa522e7ef82b81d2/users/7ba01e7bdd944302997ddfae246a957b/roles/0e63667cf3084c70b339dd9a667e7834 0.417s
2025-04-14 14:29:11.626 70223 INFO tempest.lib.common.dynamic_creds [-] Dynamic test user 7ba01e7bdd944302997ddfae246a957b is created with scope project and roles: ['member']
2025-04-14 14:29:11.626 70223 INFO tempest.lib.common.dynamic_creds [-] Acquired dynamic creds: credentials: Credentials: {'domain_id': 'default', 'domain_name': 'Default', 'username': 'tempest-VolumesAdminNegativeTest-183059500-project-member', 'project_domain_id': 'default', 'project_domain_name': 'Default', 'project_id': 'daf889cb838549c5aa522e7ef82b81d2', 'project_name': 'tempest-VolumesAdminNegativeTest-183059500', 'tenant_id': 'daf889cb838549c5aa522e7ef82b81d2', 'tenant_name': 'tempest-VolumesAdminNegativeTest-183059500', 'user_domain_id': 'default', 'user_domain_name': 'Default', 'user_id': '7ba01e7bdd944302997ddfae246a957b', 'system': None}, Network: None, Subnet: None, Router: None
2025-04-14 14:29:11.660 70189 INFO tempest.lib.common.rest_client [req-dec2f3ed-c4f8-4d87-9a2e-0dfc0d443db0 req-dec2f3ed-c4f8-4d87-9a2e-0dfc0d443db0 ] Request (ServersV294TestFqdnHostnames:setUpClass): 201 POST http://10.180.1.21:9696/networking/v2.0/networks 0.726s
2025-04-14 14:29:11.673 70232 INFO tempest.lib.common.rest_client [req-cd9ffd6f-d675-4095-bb63-471fc687db56 req-cd9ffd6f-d675-4095-bb63-471fc687db56 ] Request (AZAdminV2TestJSON:setUpClass): 200 GET http://10.180.1.21/identity/v3/domains?name=Default 0.441s
2025-04-14 14:29:11.679 70197 INFO tempest.lib.common.rest_client [req-f22b6d64-c59e-42b3-ae7b-d50f29c1d51a req-f22b6d64-c59e-42b3-ae7b-d50f29c1d51a ] Request (VolumesAssistedSnapshotsTest:setUpClass): 200 GET http://10.180.1.21/identity/v3/domains?name=Default 0.457s
2025-04-14 14:29:11.696 70199 INFO tempest.lib.common.rest_client [req-1eb03fc2-c0d8-4c84-9dd8-58fea4494cb5 req-1eb03fc2-c0d8-4c84-9dd8-58fea4494cb5 ] Request (ServersAdmin275Test:setUpClass): 200 GET http://10.180.1.21/identity/v3/domains?name=Default 0.451s
2025-04-14 14:29:11.702 70177 INFO tempest.lib.common.rest_client [req-95a548c7-0997-4298-bafa-17745bf841e8 req-95a548c7-0997-4298-bafa-17745bf841e8 ] Request (InstanceUsageAuditLogNegativeTestJSON:setUpClass): 204 PUT http://10.180.1.21/identity/v3/projects/a48c9317205f4335bc4f60a44c53639f/users/dc859c0874ca4d7a87b552347b573b03/roles/3f125c904d9c45e6a3c0f33195ec1bac 0.455s
2025-04-14 14:29:11.750 70179 INFO tempest.lib.common.rest_client [req-95ff9469-bc92-41eb-862d-5ceec6e27ce9 req-95ff9469-bc92-41eb-862d-5ceec6e27ce9 ] Request (ImagesNegativeTestJSON:setUpClass): 200 GET http://10.180.1.21/identity/v3/roles 0.465s
2025-04-14 14:29:11.756 70181 INFO tempest.lib.common.rest_client [req-e9faa297-1d93-4edc-af07-b2bda654fb01 req-e9faa297-1d93-4edc-af07-b2bda654fb01 ] Request (FlavorsExtraSpecsTestJSON:setUpClass): 201 POST http://10.180.1.21/identity/v3/projects 0.488s
2025-04-14 14:29:11.806 70187 INFO tempest.lib.common.rest_client [req-fedb5a7c-f3d7-4db3-b023-4600d8d28478 req-fedb5a7c-f3d7-4db3-b023-4600d8d28478 ] Request (ServerAddressesTestJSON:setUpClass): 200 PUT http://10.180.1.21:9696/networking/v2.0/routers/08a6d08d-8ef5-4a75-90d9-e29d2a791dec/add_router_interface 1.065s
2025-04-14 14:29:11.806 70215 INFO tempest.lib.common.rest_client [req-2d3369f4-8679-4a6e-a458-7765b814a6a6 req-2d3369f4-8679-4a6e-a458-7765b814a6a6 ] Request (FlavorsAccessNegativeTestJSON:setUpClass): 200 GET http://10.180.1.21/identity/v3/domains?name=Default 0.500s
2025-04-14 14:29:11.807 70187 INFO tempest.lib.common.dynamic_creds [-] Created isolated network resources for: credentials: Credentials: {'domain_id': 'default', 'domain_name': 'Default', 'username': 'tempest-ServerAddressesTestJSON-1475895419-project-member', 'project_domain_id': 'default', 'project_domain_name': 'Default', 'project_id': 'fe5b7c2961064afaafe98ddcf154d1ab', 'project_name': 'tempest-ServerAddressesTestJSON-1475895419', 'tenant_id': 'fe5b7c2961064afaafe98ddcf154d1ab', 'tenant_name': 'tempest-ServerAddressesTestJSON-1475895419', 'user_domain_id': 'default', 'user_domain_name': 'Default', 'user_id': 'f707c3e7cef44d8cbbfcd3f9b6d195f4', 'system': None}, Network: {'id': 'c468b7ff-91da-48df-b0d8-2f993d81ce1c', 'name': 'tempest-ServerAddressesTestJSON-1936196930-network', 'tenant_id': 'fe5b7c2961064afaafe98ddcf154d1ab', 'admin_state_up': True, 'mtu': 8950, 'status': 'ACTIVE', 'subnets': [], 'shared': False, 'project_id': 'fe5b7c2961064afaafe98ddcf154d1ab', 'port_security_enabled': True, 'router:external': False, 'provider:network_type': 'vlan', 'provider:physical_network': 'default', 'provider:segmentation_id': 308, 'availability_zone_hints': [], 'availability_zones': [], 'ipv4_address_scope': None, 'ipv6_address_scope': None, 'description': '', 'tags': [], 'created_at': '2025-04-14T14:29:09Z', 'updated_at': '2025-04-14T14:29:09Z', 'revision_number': 1}, Subnet: {'id': 'a19949ab-c846-42e3-9473-dc054a37733a', 'name': 'tempest-ServerAddressesTestJSON-1936196930-subnet', 'tenant_id': 'fe5b7c2961064afaafe98ddcf154d1ab', 'network_id': 'c468b7ff-91da-48df-b0d8-2f993d81ce1c', 'ip_version': 4, 'subnetpool_id': None, 'enable_dhcp': True, 'ipv6_ra_mode': None, 'ipv6_address_mode': None, 'gateway_ip': '192.168.128.1', 'cidr': '192.168.128.0/28', 'allocation_pools': [{'start': '192.168.128.2', 'end': '192.168.128.14'}], 'host_routes': [], 'dns_nameservers': [], 'description': '', 'router:external': False, 'service_types': [], 'tags': [], 'created_at': '2025-04-14T14:29:09Z', 'updated_at': '2025-04-14T14:29:09Z', 'revision_number': 0, 'project_id': 'fe5b7c2961064afaafe98ddcf154d1ab'}, Router: {'id': '08a6d08d-8ef5-4a75-90d9-e29d2a791dec', 'name': 'tempest-ServerAddressesTestJSON-1936196930-router', 'tenant_id': 'fe5b7c2961064afaafe98ddcf154d1ab', 'admin_state_up': True, 'status': 'ACTIVE', 'external_gateway_info': {'network_id': '7bfa6066-d13a-4beb-bbe7-255e7a43b8e6', 'external_fixed_ips': [{'subnet_id': '2ca8ea3c-6878-4477-9023-437da695ca8e', 'ip_address': '10.180.180.236'}], 'enable_snat': True}, 'description': '', 'availability_zones': [], 'distributed': False, 'ha': False, 'availability_zone_hints': [], 'routes': [], 'flavor_id': None, 'tags': [], 'created_at': '2025-04-14T14:29:10Z', 'updated_at': '2025-04-14T14:29:10Z', 'revision_number': 2, 'project_id': 'fe5b7c2961064afaafe98ddcf154d1ab'}
2025-04-14 14:29:11.819 70219 INFO tempest.lib.common.rest_client [req-51eae043-2785-45f2-80ff-02abbbed2516 req-51eae043-2785-45f2-80ff-02abbbed2516 ] Request (ServerDiagnosticsNegativeTest:test_get_server_diagnostics_by_non_admin): 201 POST http://10.180.1.21/identity/v3/auth/tokens 0.512s
2025-04-14 14:29:11.819 70219 INFO tempest.lib.common.fixed_network [-] (ServerDiagnosticsNegativeTest:test_get_server_diagnostics_by_non_admin) Found network None available for tenant
2025-04-14 14:29:11.841 70185 INFO tempest.lib.common.rest_client [req-0c4647b6-2b56-49b8-a727-14193cb89bec req-0c4647b6-2b56-49b8-a727-14193cb89bec ] Request (QuotaClassesAdmin257Test:setUpClass): 201 POST http://10.180.1.21/identity/v3/projects 0.515s
2025-04-14 14:29:11.845 70234 INFO tempest.lib.common.rest_client [req-42ecb993-64f6-4d07-8e18-6b79cdffcdb5 req-42ecb993-64f6-4d07-8e18-6b79cdffcdb5 ] Request (ImagesOneServerTestJSON:setUpClass): 200 GET http://10.180.1.21/identity/v3/domains?name=Default 0.519s
2025-04-14 14:29:11.866 70189 INFO tempest.lib.common.rest_client [req-1d3d532c-6b31-48fc-b905-6eab96544555 req-1d3d532c-6b31-48fc-b905-6eab96544555 ] Request (ServersV294TestFqdnHostnames:setUpClass): 201 POST http://10.180.1.21:9696/networking/v2.0/subnets 0.205s
2025-04-14 14:29:11.903 70226 INFO tempest.lib.common.rest_client [req-34919248-4168-4365-b393-64dfac2fcf86 req-34919248-4168-4365-b393-64dfac2fcf86 ] Request (ListImagesTestJSON:setUpClass): 200 GET http://10.180.1.21/identity/v3/domains?name=Default 0.537s
2025-04-14 14:29:11.908 70175 INFO tempest.lib.common.rest_client [req-67cd446c-401c-41a9-a8f7-5219d8a72c5f req-67cd446c-401c-41a9-a8f7-5219d8a72c5f ] Request (HypervisorAdminUnderV252Test:setUpClass): 204 PUT http://10.180.1.21/identity/v3/projects/44bc99cc8a304c42bf18a0860bc0dbcb/users/4ca61aa3c1c24c42ba817e4dbdf39cec/roles/0e63667cf3084c70b339dd9a667e7834 0.563s
2025-04-14 14:29:11.909 70175 INFO tempest.lib.common.dynamic_creds [-] Dynamic test user 4ca61aa3c1c24c42ba817e4dbdf39cec is created with scope project and roles: ['member']
2025-04-14 14:29:11.909 70175 INFO tempest.lib.common.dynamic_creds [-] Acquired dynamic creds: credentials: Credentials: {'domain_id': 'default', 'domain_name': 'Default', 'username': 'tempest-HypervisorAdminUnderV252Test-1257179109-project-member', 'project_domain_id': 'default', 'project_domain_name': 'Default', 'project_id': '44bc99cc8a304c42bf18a0860bc0dbcb', 'project_name': 'tempest-HypervisorAdminUnderV252Test-1257179109', 'tenant_id': '44bc99cc8a304c42bf18a0860bc0dbcb', 'tenant_name': 'tempest-HypervisorAdminUnderV252Test-1257179109', 'user_domain_id': 'default', 'user_domain_name': 'Default', 'user_id': '4ca61aa3c1c24c42ba817e4dbdf39cec', 'system': None}, Network: None, Subnet: None, Router: None
2025-04-14 14:29:11.909 70175 INFO tempest.lib.common.dynamic_creds [-] Created isolated network resources for: credentials: Credentials: {'domain_id': 'default', 'domain_name': 'Default', 'username': 'tempest-HypervisorAdminUnderV252Test-1257179109-project-member', 'project_domain_id': 'default', 'project_domain_name': 'Default', 'project_id': '44bc99cc8a304c42bf18a0860bc0dbcb', 'project_name': 'tempest-HypervisorAdminUnderV252Test-1257179109', 'tenant_id': '44bc99cc8a304c42bf18a0860bc0dbcb', 'tenant_name': 'tempest-HypervisorAdminUnderV252Test-1257179109', 'user_domain_id': 'default', 'user_domain_name': 'Default', 'user_id': '4ca61aa3c1c24c42ba817e4dbdf39cec', 'system': None}, Network: None, Subnet: None, Router: None
2025-04-14 14:29:11.954 70221 INFO tempest.lib.common.rest_client [req-f08e8ea2-b107-4acc-95f6-a37b50312469 req-f08e8ea2-b107-4acc-95f6-a37b50312469 ] Request (ServerDiagnosticsTest:setUpClass): 200 GET http://10.180.1.21/identity/v3/domains?name=Default 0.571s
2025-04-14 14:29:11.962 70208 INFO tempest.lib.common.rest_client [req-9f836b30-471c-4f2f-aced-968c18946060 req-9f836b30-471c-4f2f-aced-968c18946060 ] Request (ServicesAdminTestJSON:setUpClass): 201 POST http://10.180.1.21/identity/v3/users 0.572s
2025-04-14 14:29:11.976 70211 INFO tempest.lib.common.rest_client [req-89d8aff1-9b47-4bf0-bdd0-918bdf49e4f9 req-89d8aff1-9b47-4bf0-bdd0-918bdf49e4f9 ] Request (AggregatesAdminNegativeTestJSON:setUpClass): 200 GET http://10.180.1.21/identity/v3/domains?name=Default 0.546s
2025-04-14 14:29:11.981 70193 INFO tempest.lib.common.rest_client [req-6a47a0a6-9cb7-4e6e-acda-4beac7488c34 req-6a47a0a6-9cb7-4e6e-acda-4beac7488c34 ] Request (QuotasAdminTestV257:setUpClass): 200 GET http://10.180.1.21/identity/v3/roles 0.542s
2025-04-14 14:29:12.000 70236 INFO tempest.lib.common.rest_client [req-490699d2-a9d7-4457-974f-cdafa89c0b18 req-490699d2-a9d7-4457-974f-cdafa89c0b18 ] Request (SecurityGroupsNegativeTestJSON:setUpClass): 200 GET http://10.180.1.21/identity/v3/domains?name=Default 0.548s
2025-04-14 14:29:12.004 70209 INFO tempest.lib.common.rest_client [req-462417c1-e461-4b09-a24d-b1e91bdb5170 req-462417c1-e461-4b09-a24d-b1e91bdb5170 ] Request (AZAdminNegativeTestJSON:setUpClass): 200 GET http://10.180.1.21/identity/v3/domains?name=Default 0.543s
2025-04-14 14:29:12.021 70205 INFO tempest.lib.common.rest_client [req-4235e949-ac31-4a6f-8176-d829ca6249d2 req-4235e949-ac31-4a6f-8176-d829ca6249d2 ] Request (FlavorsV261TestJSON:setUpClass): 200 GET http://10.180.1.21/identity/v3/domains?name=Default 0.548s
2025-04-14 14:29:12.024 70238 INFO tempest.lib.common.rest_client [req-7634cd99-f6e1-407b-82e0-53d4e6cd635d req-7634cd99-f6e1-407b-82e0-53d4e6cd635d ] Request (FlavorsAccessTestJSON:setUpClass): 204 PUT http://10.180.1.21/identity/v3/projects/8ecebf871900434f9b111e88ad541879/users/f55164bb94554ce0866815626e294cb0/roles/0e63667cf3084c70b339dd9a667e7834 0.547s
2025-04-14 14:29:12.024 70238 INFO tempest.lib.common.dynamic_creds [-] Dynamic test user f55164bb94554ce0866815626e294cb0 is created with scope project and roles: ['member']
2025-04-14 14:29:12.025 70238 INFO tempest.lib.common.dynamic_creds [-] Acquired dynamic creds: credentials: Credentials: {'domain_id': 'default', 'domain_name': 'Default', 'username': 'tempest-FlavorsAccessTestJSON-923123335-project-member', 'project_domain_id': 'default', 'project_domain_name': 'Default', 'project_id': '8ecebf871900434f9b111e88ad541879', 'project_name': 'tempest-FlavorsAccessTestJSON-923123335', 'tenant_id': '8ecebf871900434f9b111e88ad541879', 'tenant_name': 'tempest-FlavorsAccessTestJSON-923123335', 'user_domain_id': 'default', 'user_domain_name': 'Default', 'user_id': 'f55164bb94554ce0866815626e294cb0', 'system': None}, Network: None, Subnet: None, Router: None
2025-04-14 14:29:12.025 70238 INFO tempest.lib.common.dynamic_creds [-] Created isolated network resources for: credentials: Credentials: {'domain_id': 'default', 'domain_name': 'Default', 'username': 'tempest-FlavorsAccessTestJSON-923123335-project-member', 'project_domain_id': 'default', 'project_domain_name': 'Default', 'project_id': '8ecebf871900434f9b111e88ad541879', 'project_name': 'tempest-FlavorsAccessTestJSON-923123335', 'tenant_id': '8ecebf871900434f9b111e88ad541879', 'tenant_name': 'tempest-FlavorsAccessTestJSON-923123335', 'user_domain_id': 'default', 'user_domain_name': 'Default', 'user_id': 'f55164bb94554ce0866815626e294cb0', 'system': None}, Network: None, Subnet: None, Router: None
2025-04-14 14:29:12.069 70230 INFO tempest.lib.common.rest_client [req-971d68ae-c15f-44f2-af0b-a3fb99d651f5 req-971d68ae-c15f-44f2-af0b-a3fb99d651f5 ] Request (QuotasAdminTestV236:setUpClass): 200 GET http://10.180.1.21/identity/v3/domains?name=Default 0.574s
