2025-04-14 14:29:58.659 70221 INFO tempest.common.waiters [-] State transition "ACTIVE/deleting" ==> "DELETED/None" after 5 second wait
2025-04-14 14:29:58.660 70238 INFO tempest.lib.common.rest_client [req-9e0d7702-b6d2-4b05-9aee-b0453b652d51 req-9e0d7702-b6d2-4b05-9aee-b0453b652d51 ] Request (HostsAdminNegativeTestJSON:test_shutdown_host_with_non_admin_user): 403 GET http://10.180.1.21/compute/v2.1/os-hosts/devstack/shutdown 1.786s
2025-04-14 14:29:58.765 70201 INFO tempest.lib.common.rest_client [req-e726f8bf-1a02-420b-ba07-dee55dc25b2c req-e726f8bf-1a02-420b-ba07-dee55dc25b2c ] Request (ServersAdminNegativeTestJSON:setUpClass): 200 GET http://10.180.1.21/compute/v2.1/servers/2293f6bc-7334-4e4e-a155-41b528b62116 1.863s
2025-04-14 14:29:58.798 70193 INFO tempest.lib.common.rest_client [req-cb9a08a1-6ac8-4d9e-9944-3656a6aa44ab req-cb9a08a1-6ac8-4d9e-9944-3656a6aa44ab ] Request (ImagesMetadataTestJSON:setUp): 200 PUT http://10.180.1.21/compute/v2.1/images/2146e792-7722-4095-828c-b3fe3aa47a31/metadata 1.936s
2025-04-14 14:29:58.870 70228 INFO tempest.lib.common.rest_client [req-8a8b63c7-3b76-4300-8338-f2c67354ca85 req-8a8b63c7-3b76-4300-8338-f2c67354ca85 ] Request (FloatingIPsAssociationNegativeTestJSON:setUpClass): 201 POST http://10.180.1.21:9696/networking/v2.0/routers 2.708s
2025-04-14 14:29:58.874 70195 INFO tempest.lib.common.rest_client [req-ab4ec0fc-7286-421c-859c-21d29ccd5458 req-ab4ec0fc-7286-421c-859c-21d29ccd5458 ] Request (DeleteServersAdminTestJSON:test_admin_delete_servers_of_others): 200 GET http://10.180.1.21/compute/v2.1/servers/4bf9024b-387f-4de3-8e44-885ef6f4ec85 1.888s
2025-04-14 14:29:58.934 70203 INFO tempest.lib.common.rest_client [req-1f2d380a-1645-4f49-9736-422b683c3227 req-1f2d380a-1645-4f49-9736-422b683c3227 ] Request (ServerExternalEventsTest:tearDownClass): 204 DELETE http://10.180.1.21/compute/v2.1/servers/271fa258-0e8a-48ae-967b-e87ede527641 1.869s
2025-04-14 14:29:59.218 70223 WARNING tempest.lib.common.ssh [-] Failed to establish authenticated ssh connection to cirros@10.180.180.141 ([Errno None] Unable to connect to port 22 on 10.180.180.141). Number attempts: 1. Retry after 2 seconds.: paramiko.ssh_exception.NoValidConnectionsError: [Errno None] Unable to connect to port 22 on 10.180.180.141
2025-04-14 14:29:59.260 70197 INFO tempest.lib.common.rest_client [req-5354cc86-5e7c-48d6-b674-0a6757ee6000 req-5354cc86-5e7c-48d6-b674-0a6757ee6000 ] Request (VolumesAssistedSnapshotsTest:test_volume_assisted_snapshot_create_delete): 200 GET http://10.180.1.21/compute/v2.1/servers/b0455420-8630-4c65-8b2c-f949630c42f1 2.089s
2025-04-14 14:29:59.273 70197 INFO tempest.common.waiters [-] State transition "BUILD/None" ==> "BUILD/block_device_mapping" after 18 second wait
2025-04-14 14:29:59.361 70185 INFO tempest.lib.common.rest_client [req-1e38e872-2176-4e4f-820b-b5a1ca9b6551 req-1e38e872-2176-4e4f-820b-b5a1ca9b6551 ] Request (QuotasAdminNegativeTest:test_create_server_when_memory_quota_is_full): 200 PUT http://10.180.1.21/compute/v2.1/os-quota-sets/208dec4fcb23407491639c4b8372e259 1.954s
2025-04-14 14:29:59.401 70211 INFO tempest.lib.common.rest_client [req-d73956c8-8ea8-4f4d-a5ad-12ce7bdc96f3 req-d73956c8-8ea8-4f4d-a5ad-12ce7bdc96f3 ] Request (AggregatesAdminNegativeTestJSON:_run_cleanups): 200 DELETE http://10.180.1.21/compute/v2.1/os-aggregates/5 1.906s
2025-04-14 14:29:59.462 70185 INFO tempest.lib.common.rest_client [req-24916a56-6739-49f1-9d77-bad7762a41ae req-24916a56-6739-49f1-9d77-bad7762a41ae ] Request (QuotasAdminNegativeTest:test_create_server_when_memory_quota_is_full): 201 POST http://10.180.1.21/identity/v3/auth/tokens 0.095s
2025-04-14 14:29:59.463 70185 INFO tempest.lib.common.fixed_network [-] (QuotasAdminNegativeTest:test_create_server_when_memory_quota_is_full) Found network None available for tenant
2025-04-14 14:29:59.560 70226 INFO tempest.lib.common.rest_client [req-d8a52399-0c3c-43cf-baa4-c0aec4c34dd7 req-d8a52399-0c3c-43cf-baa4-c0aec4c34dd7 ] Request (SecurityGroupsTestJSON:test_list_security_groups_by_server): 200 GET http://10.180.1.21/compute/v2.1/servers/debfde63-c64d-466f-b424-d8dd704ab30f 2.486s
2025-04-14 14:29:59.674 70205 INFO tempest.lib.common.rest_client [req-636dbafc-f742-42a9-ad12-53820ea7e2f7 req-636dbafc-f742-42a9-ad12-53820ea7e2f7 ] Request (ServersListShow2100Test:test_list_show_rebuild_update_server_2100): 200 GET http://10.180.1.21/compute/v2.1/servers/fedb8a4e-eacc-4934-936e-67bbf44807a3 1.866s
2025-04-14 14:29:59.790 70183 INFO tempest.lib.common.rest_client [req-8b0bf591-71f5-4a2e-bd40-418ff22b4651 req-8b0bf591-71f5-4a2e-bd40-418ff22b4651 ] Request (ServersWithSpecificFlavorTestJSON:test_verify_created_server_ephemeral_disk): 200 GET http://10.180.1.21/compute/v2.1/servers/b5571ce8-4a18-4bed-8f74-6cdbe092891c 1.960s
2025-04-14 14:29:59.870 70175 INFO tempest.lib.common.rest_client [req-e96d8bf0-d5d8-4526-8f10-368595c7757d req-e96d8bf0-d5d8-4526-8f10-368595c7757d ] Request (ServersTestJSON:setUpClass): 200 GET http://10.180.1.21/compute/v2.1/servers/05e2282e-8e8c-461b-80a7-6e80aa812a95 2.141s
2025-04-14 14:29:59.881 70175 INFO tempest.common.waiters [-] State transition "BUILD/block_device_mapping" ==> "BUILD/spawning" after 18 second wait
2025-04-14 14:29:59.901 70209 INFO tempest.lib.common.rest_client [req-ee976a8c-f033-424a-b0d0-912aaca36cfd req-ee976a8c-f033-424a-b0d0-912aaca36cfd ] Request (QuotasAdminTestJSON:test_get_updated_quotas): 200 GET http://10.180.1.21/compute/v2.1/os-quota-sets/deb3571db8f7448c828b0df18fd738a3/detail 1.861s
2025-04-14 14:29:59.920 70215 INFO tempest.lib.common.rest_client [req-9343562f-da24-4173-aaee-742a483524e2 req-9343562f-da24-4173-aaee-742a483524e2 ] Request (FlavorsAccessNegativeTestJSON:_run_cleanups): 200 GET http://10.180.1.21/compute/v2.1/flavors/detail 1.864s
2025-04-14 14:29:59.930 70191 INFO tempest.lib.common.rest_client [req-09c08d67-aad4-43ac-9d9c-629992edac9c req-09c08d67-aad4-43ac-9d9c-629992edac9c ] Request (FlavorsV2TestJSON:test_list_flavors_detailed_limit_results): 200 GET http://10.180.1.21/compute/v2.1/flavors/detail?limit=1 1.835s
2025-04-14 14:29:59.967 70209 INFO tempest.lib.common.rest_client [req-74c88929-4ee8-4be4-8088-fa0c67805628 req-74c88929-4ee8-4be4-8088-fa0c67805628 ] Request (QuotasAdminTestJSON:test_get_updated_quotas): 200 GET http://10.180.1.21/identity/v3/domains?name=Default 0.043s
2025-04-14 14:30:00.002 70209 INFO tempest.lib.common.rest_client [req-f00f6047-2caa-4d8e-8df8-dbf77e7d82a4 req-f00f6047-2caa-4d8e-8df8-dbf77e7d82a4 ] Request (QuotasAdminTestJSON:test_get_updated_quotas): 201 POST http://10.180.1.21/identity/v3/users 0.035s
2025-04-14 14:30:00.041 70209 INFO tempest.lib.common.rest_client [req-e5b6af89-4721-48dc-a866-27e12ef37252 req-e5b6af89-4721-48dc-a866-27e12ef37252 ] Request (QuotasAdminTestJSON:test_get_updated_quotas): 200 GET http://10.180.1.21/identity/v3/domains?name=Default 0.038s
2025-04-14 14:30:00.095 70179 INFO tempest.lib.common.rest_client [req-76f27efd-4da4-40e4-b9df-c6014aa44995 req-76f27efd-4da4-40e4-b9df-c6014aa44995 ] Request (ImagesNegativeTestJSON:test_create_image_from_deleted_server): 200 GET http://10.180.1.21/compute/v2.1/servers/9f503faf-77ea-42fc-ab3d-7483d725e0e9 1.782s
2025-04-14 14:30:00.262 70228 INFO tempest.lib.common.rest_client [req-5511e7f0-b2ea-4db3-807a-7f67c719f932 req-5511e7f0-b2ea-4db3-807a-7f67c719f932 ] Request (FloatingIPsAssociationNegativeTestJSON:setUpClass): 200 PUT http://10.180.1.21:9696/networking/v2.0/routers/b309e0ff-2656-452f-b94e-145f91c6c444/add_router_interface 1.391s
2025-04-14 14:30:00.262 70228 INFO tempest.lib.common.dynamic_creds [-] Created isolated network resources for: credentials: Credentials: {'domain_id': 'default', 'domain_name': 'Default', 'username': 'tempest-FloatingIPsAssociationNegativeTestJSON-620888259-project-member', 'project_domain_id': 'default', 'project_domain_name': 'Default', 'project_id': '3f5412f0d1f24bc1b4fc5054fbb4b428', 'project_name': 'tempest-FloatingIPsAssociationNegativeTestJSON-620888259', 'tenant_id': '3f5412f0d1f24bc1b4fc5054fbb4b428', 'tenant_name': 'tempest-FloatingIPsAssociationNegativeTestJSON-620888259', 'user_domain_id': 'default', 'user_domain_name': 'Default', 'user_id': '98b24982b8284625814e6dd050b8020f', 'system': None}, Network: {'id': '0daa233c-ece1-4276-8491-9b5dbd86c528', 'name': 'tempest-FloatingIPsAssociationNegativeTestJSON-1073813756-network', 'tenant_id': '3f5412f0d1f24bc1b4fc5054fbb4b428', 'admin_state_up': True, 'mtu': 8950, 'status': 'ACTIVE', 'subnets': [], 'shared': False, 'project_id': '3f5412f0d1f24bc1b4fc5054fbb4b428', 'port_security_enabled': True, 'router:external': False, 'provider:network_type': 'vlan', 'provider:physical_network': 'default', 'provider:segmentation_id': 176, 'availability_zone_hints': [], 'availability_zones': [], 'ipv4_address_scope': None, 'ipv6_address_scope': None, 'description': '', 'tags': [], 'created_at': '2025-04-14T14:29:55Z', 'updated_at': '2025-04-14T14:29:55Z', 'revision_number': 1}, Subnet: {'id': '2e7ce428-e7c5-4ff1-aa52-f5ade195b0da', 'name': 'tempest-FloatingIPsAssociationNegativeTestJSON-1073813756-subnet', 'tenant_id': '3f5412f0d1f24bc1b4fc5054fbb4b428', 'network_id': '0daa233c-ece1-4276-8491-9b5dbd86c528', 'ip_version': 4, 'subnetpool_id': None, 'enable_dhcp': True, 'ipv6_ra_mode': None, 'ipv6_address_mode': None, 'gateway_ip': '192.168.128.1', 'cidr': '192.168.128.0/28', 'allocation_pools': [{'start': '192.168.128.2', 'end': '192.168.128.14'}], 'host_routes': [], 'dns_nameservers': [], 'description': '', 'router:external': False, 'service_types': [], 'tags': [], 'created_at': '2025-04-14T14:29:55Z', 'updated_at': '2025-04-14T14:29:55Z', 'revision_number': 0, 'project_id': '3f5412f0d1f24bc1b4fc5054fbb4b428'}, Router: {'id': 'b309e0ff-2656-452f-b94e-145f91c6c444', 'name': 'tempest-FloatingIPsAssociationNegativeTestJSON-1073813756-router', 'tenant_id': '3f5412f0d1f24bc1b4fc5054fbb4b428', 'admin_state_up': True, 'status': 'ACTIVE', 'external_gateway_info': {'network_id': '7bfa6066-d13a-4beb-bbe7-255e7a43b8e6', 'external_fixed_ips': [{'subnet_id': '2ca8ea3c-6878-4477-9023-437da695ca8e', 'ip_address': '10.180.180.194'}], 'enable_snat': True}, 'description': '', 'availability_zones': [], 'distributed': False, 'ha': False, 'availability_zone_hints': [], 'routes': [], 'flavor_id': None, 'tags': [], 'created_at': '2025-04-14T14:29:56Z', 'updated_at': '2025-04-14T14:29:57Z', 'revision_number': 2, 'project_id': '3f5412f0d1f24bc1b4fc5054fbb4b428'}
2025-04-14 14:30:00.404 70228 INFO tempest.lib.common.rest_client [req-7ab4f3c5-a1e3-4e5b-b372-7c57b2b1f53a req-7ab4f3c5-a1e3-4e5b-b372-7c57b2b1f53a ] Request (FloatingIPsAssociationNegativeTestJSON:setUpClass): 201 POST http://10.180.1.21/identity/v3/auth/tokens 0.138s
2025-04-14 14:30:00.461 70228 INFO tempest.lib.common.rest_client [req-56be8220-8273-4e9f-b4e9-870b706d0e06 req-56be8220-8273-4e9f-b4e9-870b706d0e06 ] Request (FloatingIPsAssociationNegativeTestJSON:setUpClass): 201 POST http://10.180.1.21/identity/v3/auth/tokens 0.053s
2025-04-14 14:30:00.461 70228 INFO tempest.lib.common.fixed_network [-] (FloatingIPsAssociationNegativeTestJSON:setUpClass) Found network {'id': '0daa233c-ece1-4276-8491-9b5dbd86c528', 'name': 'tempest-FloatingIPsAssociationNegativeTestJSON-1073813756-network', 'tenant_id': '3f5412f0d1f24bc1b4fc5054fbb4b428', 'admin_state_up': True, 'mtu': 8950, 'status': 'ACTIVE', 'subnets': [], 'shared': False, 'project_id': '3f5412f0d1f24bc1b4fc5054fbb4b428', 'port_security_enabled': True, 'router:external': False, 'provider:network_type': 'vlan', 'provider:physical_network': 'default', 'provider:segmentation_id': 176, 'availability_zone_hints': [], 'availability_zones': [], 'ipv4_address_scope': None, 'ipv6_address_scope': None, 'description': '', 'tags': [], 'created_at': '2025-04-14T14:29:55Z', 'updated_at': '2025-04-14T14:29:55Z', 'revision_number': 1} available for tenant
2025-04-14 14:30:00.584 70181 INFO tempest.lib.common.rest_client [req-361005c6-0c94-4e7f-b035-fe36f4bfaef5 req-361005c6-0c94-4e7f-b035-fe36f4bfaef5 ] Request (SecurityGroupRulesTestJSON:test_security_group_rules_create): 200 POST http://10.180.1.21/compute/v2.1/os-security-groups 2.495s
2025-04-14 14:30:00.732 70236 INFO tempest.lib.common.rest_client [req-0c886cb4-7943-4424-bada-7b2908bb0ec1 req-0c886cb4-7943-4424-bada-7b2908bb0ec1 ] Request (ServersTestFqdnHostnames:test_create_server_with_fqdn_name): 200 GET http://10.180.1.21/compute/v2.1/servers/0970e5bb-0c9d-406a-9467-0a50dc9c11c6 2.232s
2025-04-14 14:30:00.748 70189 WARNING tempest.lib.common.ssh [-] Failed to establish authenticated ssh connection to cirros@10.180.180.251 ([Errno None] Unable to connect to port 22 on 10.180.180.251). Number attempts: 2. Retry after 3 seconds.: paramiko.ssh_exception.NoValidConnectionsError: [Errno None] Unable to connect to port 22 on 10.180.180.251
2025-04-14 14:30:00.891 70187 INFO tempest.lib.common.rest_client [req-a023f710-03a8-40e5-aaa7-cfa436b17e00 req-a023f710-03a8-40e5-aaa7-cfa436b17e00 ] Request (ServerAddressesTestJSON:tearDownClass): 200 GET http://10.180.1.21/compute/v2.1/servers/f744813b-d3de-48bc-90fd-586d676de5d7 2.289s
2025-04-14 14:30:00.947 70230 INFO tempest.lib.common.rest_client [req-f1791cff-517b-4571-b883-7f785f1dc065 req-f1791cff-517b-4571-b883-7f785f1dc065 ] Request (ServersTestMultiNic:setUpClass): 200 PUT http://10.180.1.21:9696/networking/v2.0/routers/eb7522a1-d072-4a2e-9f91-eadc44a12723/add_router_interface 4.213s
2025-04-14 14:30:00.947 70230 INFO tempest.lib.common.dynamic_creds [-] Created isolated network resources for: credentials: Credentials: {'domain_id': 'default', 'domain_name': 'Default', 'username': 'tempest-ServersTestMultiNic-566114819-project-member', 'project_domain_id': 'default', 'project_domain_name': 'Default', 'project_id': 'd09a8dfc15e34c11918f9c9c498d8ca4', 'project_name': 'tempest-ServersTestMultiNic-566114819', 'tenant_id': 'd09a8dfc15e34c11918f9c9c498d8ca4', 'tenant_name': 'tempest-ServersTestMultiNic-566114819', 'user_domain_id': 'default', 'user_domain_name': 'Default', 'user_id': '50dce56fde004a0391057d9c7168544a', 'system': None}, Network: {'id': '61d6ff93-4709-4dee-a782-0bfe3a6e41fe', 'name': 'tempest-ServersTestMultiNic-1142281824-network', 'tenant_id': 'd09a8dfc15e34c11918f9c9c498d8ca4', 'admin_state_up': True, 'mtu': 8950, 'status': 'ACTIVE', 'subnets': [], 'shared': False, 'project_id': 'd09a8dfc15e34c11918f9c9c498d8ca4', 'port_security_enabled': True, 'router:external': False, 'provider:network_type': 'vlan', 'provider:physical_network': 'default', 'provider:segmentation_id': 135, 'availability_zone_hints': [], 'availability_zones': [], 'ipv4_address_scope': None, 'ipv6_address_scope': None, 'description': '', 'tags': [], 'created_at': '2025-04-14T14:29:52Z', 'updated_at': '2025-04-14T14:29:52Z', 'revision_number': 1}, Subnet: {'id': 'e114cb47-288b-4a17-87bf-bc61fb56b010', 'name': 'tempest-ServersTestMultiNic-1142281824-subnet', 'tenant_id': 'd09a8dfc15e34c11918f9c9c498d8ca4', 'network_id': '61d6ff93-4709-4dee-a782-0bfe3a6e41fe', 'ip_version': 4, 'subnetpool_id': None, 'enable_dhcp': True, 'ipv6_ra_mode': None, 'ipv6_address_mode': None, 'gateway_ip': '192.168.128.1', 'cidr': '192.168.128.0/28', 'allocation_pools': [{'start': '192.168.128.2', 'end': '192.168.128.14'}], 'host_routes': [], 'dns_nameservers': [], 'description': '', 'router:external': False, 'service_types': [], 'tags': [], 'created_at': '2025-04-14T14:29:52Z', 'updated_at': '2025-04-14T14:29:52Z', 'revision_number': 0, 'project_id': 'd09a8dfc15e34c11918f9c9c498d8ca4'}, Router: {'id': 'eb7522a1-d072-4a2e-9f91-eadc44a12723', 'name': 'tempest-ServersTestMultiNic-1142281824-router', 'tenant_id': 'd09a8dfc15e34c11918f9c9c498d8ca4', 'admin_state_up': True, 'status': 'ACTIVE', 'external_gateway_info': {'network_id': '7bfa6066-d13a-4beb-bbe7-255e7a43b8e6', 'external_fixed_ips': [{'subnet_id': '2ca8ea3c-6878-4477-9023-437da695ca8e', 'ip_address': '10.180.180.246'}], 'enable_snat': True}, 'description': '', 'availability_zones': [], 'distributed': False, 'ha': False, 'availability_zone_hints': [], 'routes': [], 'flavor_id': None, 'tags': [], 'created_at': '2025-04-14T14:29:53Z', 'updated_at': '2025-04-14T14:29:55Z', 'revision_number': 2, 'project_id': 'd09a8dfc15e34c11918f9c9c498d8ca4'}
2025-04-14 14:30:00.963 70232 INFO tempest.lib.common.rest_client [req-ccb302db-4c4c-44b1-8dfe-aaf82883df03 req-ccb302db-4c4c-44b1-8dfe-aaf82883df03 ] Request (ServerActionsTestOtherA:setUpClass): 200 POST http://10.180.1.21/compute/v2.1/os-keypairs 2.346s
2025-04-14 14:30:00.976 70238 INFO tempest.lib.common.rest_client [req-a8d45414-19ad-49fd-b4fe-97c0ce9d2e82 req-a8d45414-19ad-49fd-b4fe-97c0ce9d2e82 ] Request (HostsAdminNegativeTestJSON:test_shutdown_nonexistent_host): 404 GET http://10.180.1.21/compute/v2.1/os-hosts/nonexistent_hostname/shutdown 2.315s
2025-04-14 14:30:01.033 70230 INFO tempest.lib.common.rest_client [req-47d241bf-8c7b-43e4-ac94-590e876cde31 req-47d241bf-8c7b-43e4-ac94-590e876cde31 ] Request (ServersTestMultiNic:setUpClass): 201 POST http://10.180.1.21/identity/v3/auth/tokens 0.082s
2025-04-14 14:30:01.082 70232 INFO tempest.lib.common.rest_client [req-aa12212c-1329-44a4-9c07-81a32c6d1eb9 req-aa12212c-1329-44a4-9c07-81a32c6d1eb9 ] Request (ServerActionsTestOtherA:setUpClass): 201 POST http://10.180.1.21:9696/networking/v2.0/security-groups 0.116s
2025-04-14 14:30:01.115 70213 INFO tempest.lib.common.rest_client [req-6e5f8845-49db-4891-bbef-6ca9555d9fff req-6e5f8845-49db-4891-bbef-6ca9555d9fff ] Request (MultipleCreateTestJSON:setUpClass): 200 PUT http://10.180.1.21:9696/networking/v2.0/routers/e6b85d75-a151-43cd-833f-d95b8e6afeb9/add_router_interface 4.217s
2025-04-14 14:30:01.115 70213 INFO tempest.lib.common.dynamic_creds [-] Created isolated network resources for: credentials: Credentials: {'domain_id': 'default', 'domain_name': 'Default', 'username': 'tempest-MultipleCreateTestJSON-307839872-project-member', 'project_domain_id': 'default', 'project_domain_name': 'Default', 'project_id': '5a7006d47da44747800459be3880647f', 'project_name': 'tempest-MultipleCreateTestJSON-307839872', 'tenant_id': '5a7006d47da44747800459be3880647f', 'tenant_name': 'tempest-MultipleCreateTestJSON-307839872', 'user_domain_id': 'default', 'user_domain_name': 'Default', 'user_id': '9374102f1cad4155bae0284f4da0d4a3', 'system': None}, Network: {'id': '70826732-2ccc-4db6-aa72-1412a88f41e1', 'name': 'tempest-MultipleCreateTestJSON-1176835399-network', 'tenant_id': '5a7006d47da44747800459be3880647f', 'admin_state_up': True, 'mtu': 8950, 'status': 'ACTIVE', 'subnets': [], 'shared': False, 'project_id': '5a7006d47da44747800459be3880647f', 'port_security_enabled': True, 'router:external': False, 'provider:network_type': 'vlan', 'provider:physical_network': 'default', 'provider:segmentation_id': 502, 'availability_zone_hints': [], 'availability_zones': [], 'ipv4_address_scope': None, 'ipv6_address_scope': None, 'description': '', 'tags': [], 'created_at': '2025-04-14T14:29:53Z', 'updated_at': '2025-04-14T14:29:53Z', 'revision_number': 1}, Subnet: {'id': 'e4982cf9-e890-474c-9cd7-68fadf78b961', 'name': 'tempest-MultipleCreateTestJSON-1176835399-subnet', 'tenant_id': '5a7006d47da44747800459be3880647f', 'network_id': '70826732-2ccc-4db6-aa72-1412a88f41e1', 'ip_version': 4, 'subnetpool_id': None, 'enable_dhcp': True, 'ipv6_ra_mode': None, 'ipv6_address_mode': None, 'gateway_ip': '192.168.128.1', 'cidr': '192.168.128.0/28', 'allocation_pools': [{'start': '192.168.128.2', 'end': '192.168.128.14'}], 'host_routes': [], 'dns_nameservers': [], 'description': '', 'router:external': False, 'service_types': [], 'tags': [], 'created_at': '2025-04-14T14:29:53Z', 'updated_at': '2025-04-14T14:29:53Z', 'revision_number': 0, 'project_id': '5a7006d47da44747800459be3880647f'}, Router: {'id': 'e6b85d75-a151-43cd-833f-d95b8e6afeb9', 'name': 'tempest-MultipleCreateTestJSON-1176835399-router', 'tenant_id': '5a7006d47da44747800459be3880647f', 'admin_state_up': True, 'status': 'ACTIVE', 'external_gateway_info': {'network_id': '7bfa6066-d13a-4beb-bbe7-255e7a43b8e6', 'external_fixed_ips': [{'subnet_id': '2ca8ea3c-6878-4477-9023-437da695ca8e', 'ip_address': '10.180.180.197'}], 'enable_snat': True}, 'description': '', 'availability_zones': [], 'distributed': False, 'ha': False, 'availability_zone_hints': [], 'routes': [], 'flavor_id': None, 'tags': [], 'created_at': '2025-04-14T14:29:53Z', 'updated_at': '2025-04-14T14:29:55Z', 'revision_number': 2, 'project_id': '5a7006d47da44747800459be3880647f'}
2025-04-14 14:30:01.202 70213 INFO tempest.lib.common.rest_client [req-84c97da8-05ae-44b6-bd45-3626af25877f req-84c97da8-05ae-44b6-bd45-3626af25877f ] Request (MultipleCreateTestJSON:setUpClass): 201 POST http://10.180.1.21/identity/v3/auth/tokens 0.081s
2025-04-14 14:30:01.219 70193 INFO tempest.lib.common.rest_client [req-570ce1a3-12d7-40f4-ba83-09c166804d4e req-570ce1a3-12d7-40f4-ba83-09c166804d4e ] Request (ImagesMetadataTestJSON:test_update_image_metadata): 200 POST http://10.180.1.21/compute/v2.1/images/2146e792-7722-4095-828c-b3fe3aa47a31/metadata 2.420s
2025-04-14 14:30:01.249 70213 INFO tempest.lib.common.rest_client [req-0b32d92b-84f1-4d41-abb8-0f9da76f1df0 req-0b32d92b-84f1-4d41-abb8-0f9da76f1df0 ] Request (MultipleCreateTestJSON:test_multiple_create): 201 POST http://10.180.1.21/identity/v3/auth/tokens 0.042s
2025-04-14 14:30:01.252 70213 INFO tempest.lib.common.fixed_network [-] (MultipleCreateTestJSON:test_multiple_create) Found network {'id': '70826732-2ccc-4db6-aa72-1412a88f41e1', 'name': 'tempest-MultipleCreateTestJSON-1176835399-network', 'tenant_id': '5a7006d47da44747800459be3880647f', 'admin_state_up': True, 'mtu': 8950, 'status': 'ACTIVE', 'subnets': [], 'shared': False, 'project_id': '5a7006d47da44747800459be3880647f', 'port_security_enabled': True, 'router:external': False, 'provider:network_type': 'vlan', 'provider:physical_network': 'default', 'provider:segmentation_id': 502, 'availability_zone_hints': [], 'availability_zones': [], 'ipv4_address_scope': None, 'ipv6_address_scope': None, 'description': '', 'tags': [], 'created_at': '2025-04-14T14:29:53Z', 'updated_at': '2025-04-14T14:29:53Z', 'revision_number': 1} available for tenant
2025-04-14 14:30:01.265 70232 INFO tempest.lib.common.rest_client [req-4f8cd83b-006f-45e4-8879-094042906899 req-4f8cd83b-006f-45e4-8879-094042906899 ] Request (ServerActionsTestOtherA:setUpClass): 201 POST http://10.180.1.21:9696/networking/v2.0/security-group-rules 0.183s
2025-04-14 14:30:01.286 70230 INFO tempest.lib.common.rest_client [req-dc79d066-f9d0-4235-a79e-4ac6c38e14ad req-dc79d066-f9d0-4235-a79e-4ac6c38e14ad ] Request (ServersTestMultiNic:test_verify_duplicate_network_nics): 201 POST http://10.180.1.21:9696/networking/v2.0/networks 0.252s
2025-04-14 14:30:01.309 70177 INFO tempest.lib.common.rest_client [req-d4b179a0-da4a-416f-ae1b-33d43e27128c req-d4b179a0-da4a-416f-ae1b-33d43e27128c ] Request (AttachInterfacesUnderV243Test:test_add_remove_fixed_ip): 200 GET http://10.180.1.21/compute/v2.1/servers/8b263c3e-8f1a-4da9-8e62-fbd1037dfd96 2.384s
2025-04-14 14:30:01.541 70230 INFO tempest.lib.common.rest_client [req-3cfa05b6-ba91-4c83-8106-4ee99f8ce03a req-3cfa05b6-ba91-4c83-8106-4ee99f8ce03a ] Request (ServersTestMultiNic:test_verify_duplicate_network_nics): 201 POST http://10.180.1.21:9696/networking/v2.0/subnets 0.254s
2025-04-14 14:30:01.604 70232 INFO tempest.lib.common.rest_client [req-d01cc104-ac50-4633-bd66-93b7fdb2df5f req-d01cc104-ac50-4633-bd66-93b7fdb2df5f ] Request (ServerActionsTestOtherA:setUpClass): 201 POST http://10.180.1.21:9696/networking/v2.0/security-group-rules 0.339s
2025-04-14 14:30:01.618 70203 INFO tempest.lib.common.rest_client [req-ab2c7c6b-900a-4ca3-accc-a7d3a36c0829 req-ab2c7c6b-900a-4ca3-accc-a7d3a36c0829 ] Request (ServerExternalEventsTest:tearDownClass): 200 GET http://10.180.1.21/compute/v2.1/servers/271fa258-0e8a-48ae-967b-e87ede527641 2.684s
2025-04-14 14:30:01.659 70234 INFO tempest.lib.common.rest_client [req-f3475a2c-d3a8-4eee-8c75-2b35818b2ec0 req-f3475a2c-d3a8-4eee-8c75-2b35818b2ec0 ] Request (ImagesOneServerTestJSON:test_create_delete_image): 200 GET http://10.180.1.21/compute/v2.1/images/01640272-0098-40a1-be95-666dc0bb3dd5 2.698s
2025-04-14 14:30:01.668 70217 INFO tempest.lib.common.rest_client [req-3bb7566d-9b23-4466-adbc-8db7e89e44b4 req-3bb7566d-9b23-4466-adbc-8db7e89e44b4 ] Request (FloatingIPDetailsTestJSON:setUpClass): 200 POST http://10.180.1.21/compute/v2.1/os-floating-ips 3.316s
2025-04-14 14:30:01.696 70211 INFO tempest.lib.common.rest_client [req-067b4eda-aefe-4514-88ef-f7d70fb6a845 req-067b4eda-aefe-4514-88ef-f7d70fb6a845 ] Request (AggregatesAdminNegativeTestJSON:test_aggregate_delete_with_invalid_id): 404 DELETE http://10.180.1.21/compute/v2.1/os-aggregates/-1 2.293s
2025-04-14 14:30:01.703 70230 INFO tempest.lib.common.rest_client [req-b3de8562-6a5c-44b6-b345-b35d705c9048 req-b3de8562-6a5c-44b6-b345-b35d705c9048 ] Request (ServersTestMultiNic:test_verify_duplicate_network_nics): 201 POST http://10.180.1.21:9696/networking/v2.0/networks 0.161s
2025-04-14 14:30:01.784 70199 INFO tempest.lib.common.rest_client [req-a1b3c1fd-fc79-4e32-a4c6-89c7183181e2 req-a1b3c1fd-fc79-4e32-a4c6-89c7183181e2 ] Request (ServersAdmin275Test:test_rebuild_update_server_275): 200 GET http://10.180.1.21/compute/v2.1/servers/bb6fe254-1c46-4bc6-a7a4-74ec26fa4079 2.538s
2025-04-14 14:30:01.801 70199 INFO tempest.common.waiters [-] State transition "REBUILD/rebuild_spawning" ==> "ACTIVE/None" after 9 second wait
2025-04-14 14:30:02.116 70230 INFO tempest.lib.common.rest_client [req-6d1389a7-d60a-43eb-8d85-da6708d306d9 req-6d1389a7-d60a-43eb-8d85-da6708d306d9 ] Request (ServersTestMultiNic:test_verify_duplicate_network_nics): 201 POST http://10.180.1.21:9696/networking/v2.0/subnets 0.413s
2025-04-14 14:30:02.168 70230 INFO tempest.lib.common.rest_client [req-861e0c67-4d7d-481f-a50b-11ec47599208 req-861e0c67-4d7d-481f-a50b-11ec47599208 ] Request (ServersTestMultiNic:test_verify_duplicate_network_nics): 201 POST http://10.180.1.21/identity/v3/auth/tokens 0.049s
2025-04-14 14:30:02.168 70230 INFO tempest.lib.common.fixed_network [-] (ServersTestMultiNic:test_verify_duplicate_network_nics) Found network {'id': '61d6ff93-4709-4dee-a782-0bfe3a6e41fe', 'name': 'tempest-ServersTestMultiNic-1142281824-network', 'tenant_id': 'd09a8dfc15e34c11918f9c9c498d8ca4', 'admin_state_up': True, 'mtu': 8950, 'status': 'ACTIVE', 'subnets': [], 'shared': False, 'project_id': 'd09a8dfc15e34c11918f9c9c498d8ca4', 'port_security_enabled': True, 'router:external': False, 'provider:network_type': 'vlan', 'provider:physical_network': 'default', 'provider:segmentation_id': 135, 'availability_zone_hints': [], 'availability_zones': [], 'ipv4_address_scope': None, 'ipv6_address_scope': None, 'description': '', 'tags': [], 'created_at': '2025-04-14T14:29:52Z', 'updated_at': '2025-04-14T14:29:52Z', 'revision_number': 1} available for tenant
2025-04-14 14:30:02.188 70232 INFO tempest.lib.common.rest_client [req-fd86460b-5a4b-4cfd-9f2d-f618f3fc09f5 req-fd86460b-5a4b-4cfd-9f2d-f618f3fc09f5 ] Request (ServerActionsTestOtherA:setUpClass): 201 POST http://10.180.1.21:9696/networking/v2.0/floatingips 0.583s
2025-04-14 14:30:02.225 70232 INFO tempest.lib.common.rest_client [req-0a076798-e4cb-41dc-95c2-d97907b0f25f req-0a076798-e4cb-41dc-95c2-d97907b0f25f ] Request (ServerActionsTestOtherA:setUpClass): 201 POST http://10.180.1.21/identity/v3/auth/tokens 0.034s
2025-04-14 14:30:02.226 70232 INFO tempest.lib.common.fixed_network [-] (ServerActionsTestOtherA:setUpClass) Found network {'id': '8ff8d9d7-ac3f-4144-8c10-cf2cb5e15ece', 'name': 'tempest-ServerActionsTestOtherA-665236185-network', 'tenant_id': 'c7dedf87ec0a4a0eacbea8b7ce50f40e', 'admin_state_up': True, 'mtu': 8950, 'status': 'ACTIVE', 'subnets': [], 'shared': False, 'project_id': 'c7dedf87ec0a4a0eacbea8b7ce50f40e', 'port_security_enabled': True, 'router:external': False, 'provider:network_type': 'vlan', 'provider:physical_network': 'default', 'provider:segmentation_id': 856, 'availability_zone_hints': [], 'availability_zones': [], 'ipv4_address_scope': None, 'ipv6_address_scope': None, 'description': '', 'tags': [], 'created_at': '2025-04-14T14:29:52Z', 'updated_at': '2025-04-14T14:29:52Z', 'revision_number': 1} available for tenant
2025-04-14 14:30:02.240 70185 INFO tempest.lib.common.rest_client [req-9c84a779-a940-4471-a9b9-5014048ddf6b req-9c84a779-a940-4471-a9b9-5014048ddf6b ] Request (QuotasAdminNegativeTest:test_create_server_when_memory_quota_is_full): 403 POST http://10.180.1.21/compute/v2.1/servers 2.776s
2025-04-14 14:30:02.249 70208 INFO tempest.lib.common.rest_client [req-ef017f88-5529-407d-a37a-1e92fbccd509 req-ef017f88-5529-407d-a37a-1e92fbccd509 ] Request (InstanceActionsNegativeTestJSON:setUpClass): 200 GET http://10.180.1.21/compute/v2.1/servers/3cdffc66-d1d0-4f8f-b386-7fa3b300ee56 2.701s
2025-04-14 14:30:02.271 70219 INFO tempest.lib.common.rest_client [req-c3d0ecb2-1a5b-4ef0-a907-dbe56c47fd94 req-c3d0ecb2-1a5b-4ef0-a907-dbe56c47fd94 ] Request (ServerDiagnosticsNegativeTest:tearDownClass): 404 GET http://10.180.1.21/compute/v2.1/servers/97e3329a-2999-45a4-9ecb-0cc43fbe9eae 2.708s
2025-04-14 14:30:02.347 70201 INFO tempest.lib.common.rest_client [req-3d98d821-96a1-4994-b270-dff2d7272a85 req-3d98d821-96a1-4994-b270-dff2d7272a85 ] Request (ServersAdminNegativeTestJSON:setUpClass): 200 GET http://10.180.1.21/compute/v2.1/servers/2293f6bc-7334-4e4e-a155-41b528b62116 2.569s
2025-04-14 14:30:02.363 70221 INFO tempest.lib.common.rest_client [req-f6603c8f-9c1f-44f9-9f44-9a939513b4ab req-f6603c8f-9c1f-44f9-9f44-9a939513b4ab ] Request (ServerDiagnosticsTest:tearDownClass): 200 GET http://10.180.1.21/compute/v2.1/servers/fda564a3-b774-47e6-bf6d-12fb9e7077e4 2.700s
2025-04-14 14:30:02.390 70215 INFO tempest.lib.common.rest_client [req-70b4b3c8-74c7-4df4-838e-d3aeaf95f849 req-70b4b3c8-74c7-4df4-838e-d3aeaf95f849 ] Request (FlavorsAccessNegativeTestJSON:test_remove_flavor_access_not_found): 200 POST http://10.180.1.21/compute/v2.1/flavors 2.461s
2025-04-14 14:30:02.410 70191 INFO tempest.lib.common.rest_client [req-955bc38d-9f3f-45b1-b575-8160b23f2672 req-955bc38d-9f3f-45b1-b575-8160b23f2672 ] Request (FlavorsV2TestJSON:test_list_flavors_detailed_using_marker): 200 GET http://10.180.1.21/compute/v2.1/flavors/42 2.472s
2025-04-14 14:30:02.425 70195 INFO tempest.lib.common.rest_client [req-9cb643df-fa87-452a-a5f4-8b38bc79670a req-9cb643df-fa87-452a-a5f4-8b38bc79670a ] Request (DeleteServersAdminTestJSON:test_admin_delete_servers_of_others): 200 GET http://10.180.1.21/compute/v2.1/servers/4bf9024b-387f-4de3-8e44-885ef6f4ec85 2.533s
2025-04-14 14:30:02.445 70219 INFO tempest.lib.common.rest_client [req-aaacc6e6-4e40-4781-8e1b-4ffc6f87ef0d req-aaacc6e6-4e40-4781-8e1b-4ffc6f87ef0d ] Request (ServerDiagnosticsNegativeTest:tearDownClass): 204 DELETE http://10.180.1.21/identity/v3/users/6e7b7240a3ae4ad2ab23dfef9d44dee9 0.174s
2025-04-14 14:30:02.558 70219 INFO tempest.lib.common.rest_client [req-db25a0b9-483a-4267-b312-e01bd1d00665 req-db25a0b9-483a-4267-b312-e01bd1d00665 ] Request (ServerDiagnosticsNegativeTest:tearDownClass): 204 DELETE http://10.180.1.21/identity/v3/users/a543b6348dbb4812b2082a5d03995e6a 0.113s
2025-04-14 14:30:02.559 70219 INFO tempest.lib.common.dynamic_creds [-] Deleting project and security group for project: 4fb3721f6808476e9f4a8673894e3d8e
2025-04-14 14:30:02.572 70197 INFO tempest.lib.common.rest_client [req-3e50dd9f-261d-4968-be84-23733232f87e req-3e50dd9f-261d-4968-be84-23733232f87e ] Request (VolumesAssistedSnapshotsTest:test_volume_assisted_snapshot_create_delete): 200 GET http://10.180.1.21/compute/v2.1/servers/b0455420-8630-4c65-8b2c-f949630c42f1 2.297s
2025-04-14 14:30:02.581 70197 INFO tempest.common.waiters [-] State transition "BUILD/block_device_mapping" ==> "BUILD/spawning" after 21 second wait
2025-04-14 14:30:02.640 70219 INFO tempest.lib.common.rest_client [req-5d882c1d-10cf-4995-aade-721a37326c80 req-5d882c1d-10cf-4995-aade-721a37326c80 ] Request (ServerDiagnosticsNegativeTest:tearDownClass): 201 POST http://10.180.1.21/identity/v3/auth/tokens 0.081s
2025-04-14 14:30:02.650 70209 INFO tempest.lib.common.rest_client [req-ea6a8f35-75d4-4cb9-bcfc-9eaa77b20fe2 req-ea6a8f35-75d4-4cb9-bcfc-9eaa77b20fe2 ] Request (QuotasAdminTestJSON:test_get_updated_quotas): 200 PUT http://10.180.1.21/compute/v2.1/os-quota-sets/deb3571db8f7448c828b0df18fd738a3?user_id=84cdb362aa6e46dfa40b459eb69bcd2e 2.608s
2025-04-14 14:30:02.751 70219 INFO tempest.lib.common.rest_client [req-41c16a06-cb14-4990-91d7-8315ec5d0812 req-41c16a06-cb14-4990-91d7-8315ec5d0812 ] Request (ServerDiagnosticsNegativeTest:tearDownClass): 200 GET http://10.180.1.21:9696/networking/v2.0/security-groups?tenant_id=4fb3721f6808476e9f4a8673894e3d8e&name=default 0.110s
2025-04-14 14:30:02.803 70226 INFO tempest.lib.common.rest_client [req-7fc53246-1b66-4a0a-aeac-bcee822a662a req-7fc53246-1b66-4a0a-aeac-bcee822a662a ] Request (SecurityGroupsTestJSON:test_list_security_groups_by_server): 200 GET http://10.180.1.21/compute/v2.1/servers/debfde63-c64d-466f-b424-d8dd704ab30f 2.229s
2025-04-14 14:30:02.902 70219 INFO tempest.lib.common.rest_client [req-ef028a0d-4972-4307-9e95-a60758865c4d req-ef028a0d-4972-4307-9e95-a60758865c4d ] Request (ServerDiagnosticsNegativeTest:tearDownClass): 204 DELETE http://10.180.1.21:9696/networking/v2.0/security-groups/530de1b6-c227-4b86-8b4b-c279e3f3c611 0.151s
2025-04-14 14:30:02.974 70219 INFO tempest.lib.common.rest_client [req-2f1ec0b1-8099-4807-89d8-1ad521fefd40 req-2f1ec0b1-8099-4807-89d8-1ad521fefd40 ] Request (ServerDiagnosticsNegativeTest:tearDownClass): 204 DELETE http://10.180.1.21/identity/v3/projects/4fb3721f6808476e9f4a8673894e3d8e 0.071s
2025-04-14 14:30:02.974 70219 INFO tempest.lib.common.dynamic_creds [-] Deleting project and security group for project: f7646324357c427fb46135a8b4c6d063
2025-04-14 14:30:03.006 70181 INFO tempest.lib.common.rest_client [req-dfa03aad-be34-45d1-b275-bcb8c28e940b req-dfa03aad-be34-45d1-b275-bcb8c28e940b ] Request (SecurityGroupRulesTestJSON:test_security_group_rules_create): 200 POST http://10.180.1.21/compute/v2.1/os-security-group-rules 2.418s
2025-04-14 14:30:03.078 70219 INFO tempest.lib.common.rest_client [req-769d8946-2879-43f8-8302-2e179dfed6f0 req-769d8946-2879-43f8-8302-2e179dfed6f0 ] Request (ServerDiagnosticsNegativeTest:tearDownClass): 200 GET http://10.180.1.21:9696/networking/v2.0/security-groups?tenant_id=f7646324357c427fb46135a8b4c6d063&name=default 0.104s
2025-04-14 14:30:03.088 70205 INFO tempest.lib.common.rest_client [req-96a127d0-c40c-4b1a-84c1-41617247dd29 req-96a127d0-c40c-4b1a-84c1-41617247dd29 ] Request (ServersListShow2100Test:test_list_show_rebuild_update_server_2100): 200 GET http://10.180.1.21/compute/v2.1/servers/fedb8a4e-eacc-4934-936e-67bbf44807a3 2.391s
2025-04-14 14:30:03.097 70228 INFO tempest.lib.common.rest_client [req-d019d877-e4f1-42d7-86b4-44b5d6dd9622 req-d019d877-e4f1-42d7-86b4-44b5d6dd9622 ] Request (FloatingIPsAssociationNegativeTestJSON:setUpClass): 202 POST http://10.180.1.21/compute/v2.1/servers 2.635s
2025-04-14 14:30:03.140 70183 INFO tempest.lib.common.rest_client [req-4253141b-ace7-4bba-ae60-024fe773c826 req-4253141b-ace7-4bba-ae60-024fe773c826 ] Request (ServersWithSpecificFlavorTestJSON:test_verify_created_server_ephemeral_disk): 200 GET http://10.180.1.21/compute/v2.1/servers/b5571ce8-4a18-4bed-8f74-6cdbe092891c 2.335s
2025-04-14 14:30:03.151 70238 INFO tempest.lib.common.rest_client [req-287ce293-b526-44b5-b27a-dca5f470acf5 req-287ce293-b526-44b5-b27a-dca5f470acf5 ] Request (HostsAdminNegativeTestJSON:test_startup_host_with_non_admin_user): 403 GET http://10.180.1.21/compute/v2.1/os-hosts/devstack/startup 2.171s
2025-04-14 14:30:03.160 70219 INFO tempest.lib.common.rest_client [req-fd38906b-db32-4d37-af74-03adf00f77a2 req-fd38906b-db32-4d37-af74-03adf00f77a2 ] Request (ServerDiagnosticsNegativeTest:tearDownClass): 204 DELETE http://10.180.1.21:9696/networking/v2.0/security-groups/57ceee36-a55f-4448-851e-89883ce0e591 0.081s
2025-04-14 14:30:03.173 70179 INFO tempest.lib.common.rest_client [req-1c52777e-8be6-4778-851a-0f6dceb46063 req-1c52777e-8be6-4778-851a-0f6dceb46063 ] Request (ImagesNegativeTestJSON:test_create_image_from_deleted_server): 404 GET http://10.180.1.21/compute/v2.1/servers/9f503faf-77ea-42fc-ab3d-7483d725e0e9 2.067s
2025-04-14 14:30:03.201 70175 INFO tempest.lib.common.rest_client [req-c7c56673-ff8b-45a4-90a6-03757015395b req-c7c56673-ff8b-45a4-90a6-03757015395b ] Request (ServersTestJSON:setUpClass): 200 GET http://10.180.1.21/compute/v2.1/servers/05e2282e-8e8c-461b-80a7-6e80aa812a95 2.319s
2025-04-14 14:30:03.206 70193 INFO tempest.lib.common.rest_client [req-9df98166-0910-450c-95de-b1edcbce6e3d req-9df98166-0910-450c-95de-b1edcbce6e3d ] Request (ImagesMetadataTestJSON:test_update_image_metadata): 200 GET http://10.180.1.21/compute/v2.1/images/2146e792-7722-4095-828c-b3fe3aa47a31/metadata 1.985s
2025-04-14 14:30:03.293 70219 INFO tempest.lib.common.rest_client [req-71426bb6-17f5-49b2-a56b-01976d1a8143 req-71426bb6-17f5-49b2-a56b-01976d1a8143 ] Request (ServerDiagnosticsNegativeTest:tearDownClass): 204 DELETE http://10.180.1.21/identity/v3/projects/f7646324357c427fb46135a8b4c6d063 0.132s
2025-04-14 14:30:03.294 70193 INFO tempest.lib.common.rest_client [req-5199f8af-caea-4d01-b1cc-9146aa9a5824 req-5199f8af-caea-4d01-b1cc-9146aa9a5824 ] Request (ImagesMetadataTestJSON:tearDownClass): 204 DELETE http://10.180.1.21/image/v2/images/2146e792-7722-4095-828c-b3fe3aa47a31 0.087s
2025-04-14 14:30:03.368 70219 INFO tempest.lib.common.rest_client [req-af0588af-2167-46bc-95d0-3defb0f28898 req-af0588af-2167-46bc-95d0-3defb0f28898 ] Request (ServersTestBootFromVolume:setUpClass): 201 POST http://10.180.1.21/identity/v3/auth/tokens 0.073s
2025-04-14 14:30:03.411 70219 INFO tempest.lib.common.rest_client [req-900e28fb-6dbd-4923-b892-e7e6fab68036 req-900e28fb-6dbd-4923-b892-e7e6fab68036 ] Request (ServersTestBootFromVolume:setUpClass): 201 POST http://10.180.1.21/identity/v3/auth/tokens 0.040s
2025-04-14 14:30:03.451 70193 INFO tempest.lib.common.rest_client [req-e5c9e748-b6de-4246-90fc-701db6487a87 req-e5c9e748-b6de-4246-90fc-701db6487a87 ] Request (ImagesMetadataTestJSON:tearDownClass): 204 DELETE http://10.180.1.21/identity/v3/users/a1102da77d4646f1842c357882ad1ee8 0.156s
2025-04-14 14:30:03.451 70193 INFO tempest.lib.common.dynamic_creds [-] Deleting project and security group for project: 61f13063f56e41fbaf2eba0f802024ba
2025-04-14 14:30:03.482 70219 INFO tempest.lib.common.rest_client [req-06b1b4c9-2451-461a-956a-ee7bd5e40015 req-06b1b4c9-2451-461a-956a-ee7bd5e40015 ] Request (ServersTestBootFromVolume:setUpClass): 200 GET http://10.180.1.21/identity/v3/domains?name=Default 0.070s
2025-04-14 14:30:03.519 70193 INFO tempest.lib.common.rest_client [req-9b797edd-51e5-44af-bbe8-78b84c7d025f req-9b797edd-51e5-44af-bbe8-78b84c7d025f ] Request (ImagesMetadataTestJSON:tearDownClass): 201 POST http://10.180.1.21/identity/v3/auth/tokens 0.067s
2025-04-14 14:30:03.556 70219 INFO tempest.lib.common.rest_client [req-e1a32ec2-64ba-4a91-8112-58601e5697f1 req-e1a32ec2-64ba-4a91-8112-58601e5697f1 ] Request (ServersTestBootFromVolume:setUpClass): 201 POST http://10.180.1.21/identity/v3/projects 0.073s
2025-04-14 14:30:03.621 70219 INFO tempest.lib.common.rest_client [req-c447e765-2f37-4c71-aecb-c0192da205f2 req-c447e765-2f37-4c71-aecb-c0192da205f2 ] Request (ServersTestBootFromVolume:setUpClass): 201 POST http://10.180.1.21/identity/v3/users 0.064s
2025-04-14 14:30:03.644 70219 INFO tempest.lib.common.rest_client [req-5f95a7b1-fd8f-4a35-8086-6459d100bf3c req-5f95a7b1-fd8f-4a35-8086-6459d100bf3c ] Request (ServersTestBootFromVolume:setUpClass): 200 GET http://10.180.1.21/identity/v3/roles 0.023s
2025-04-14 14:30:03.692 70219 INFO tempest.lib.common.rest_client [req-fc6f3962-fa61-41a8-8352-b8c7951638dc req-fc6f3962-fa61-41a8-8352-b8c7951638dc ] Request (ServersTestBootFromVolume:setUpClass): 204 PUT http://10.180.1.21/identity/v3/projects/ee6eda194e7044a78432cf99ebcb5368/users/7c1a9af9681d43aab0a783cb57119a23/roles/0e63667cf3084c70b339dd9a667e7834 0.047s
2025-04-14 14:30:03.692 70219 INFO tempest.lib.common.dynamic_creds [-] Dynamic test user 7c1a9af9681d43aab0a783cb57119a23 is created with scope project and roles: ['member']
2025-04-14 14:30:03.693 70219 INFO tempest.lib.common.dynamic_creds [-] Acquired dynamic creds: credentials: Credentials: {'domain_id': 'default', 'domain_name': 'Default', 'username': 'tempest-ServersTestBootFromVolume-1178459404-project-member', 'project_domain_id': 'default', 'project_domain_name': 'Default', 'project_id': 'ee6eda194e7044a78432cf99ebcb5368', 'project_name': 'tempest-ServersTestBootFromVolume-1178459404', 'tenant_id': 'ee6eda194e7044a78432cf99ebcb5368', 'tenant_name': 'tempest-ServersTestBootFromVolume-1178459404', 'user_domain_id': 'default', 'user_domain_name': 'Default', 'user_id': '7c1a9af9681d43aab0a783cb57119a23', 'system': None}, Network: None, Subnet: None, Router: None
2025-04-14 14:30:03.736 70193 INFO tempest.lib.common.rest_client [req-654bde06-7731-46f8-829c-4cfcd4bd28ff req-654bde06-7731-46f8-829c-4cfcd4bd28ff ] Request (ImagesMetadataTestJSON:tearDownClass): 200 GET http://10.180.1.21:9696/networking/v2.0/security-groups?tenant_id=61f13063f56e41fbaf2eba0f802024ba&name=default 0.217s
2025-04-14 14:30:03.774 70219 INFO tempest.lib.common.rest_client [req-2c0e91c6-9e76-4f42-b3d5-4717a07a1e9c req-2c0e91c6-9e76-4f42-b3d5-4717a07a1e9c ] Request (ServersTestBootFromVolume:setUpClass): 201 POST http://10.180.1.21/identity/v3/auth/tokens 0.081s
2025-04-14 14:30:03.820 70213 INFO tempest.lib.common.rest_client [req-3cbd0ebd-447c-4ecf-b4e0-1736670817ed req-3cbd0ebd-447c-4ecf-b4e0-1736670817ed ] Request (MultipleCreateTestJSON:test_multiple_create): 202 POST http://10.180.1.21/compute/v2.1/servers 2.567s
2025-04-14 14:30:03.827 70193 INFO tempest.lib.common.rest_client [req-59134347-73c1-448b-96dd-bbfc820bbc9d req-59134347-73c1-448b-96dd-bbfc820bbc9d ] Request (ImagesMetadataTestJSON:tearDownClass): 204 DELETE http://10.180.1.21:9696/networking/v2.0/security-groups/995cad61-c0f5-49c5-bcbd-dd29fd5fa650 0.090s
2025-04-14 14:30:03.873 70211 INFO tempest.lib.common.rest_client [req-d640f8ac-2f8a-4016-8649-11264da4fcb7 req-d640f8ac-2f8a-4016-8649-11264da4fcb7 ] Request (AggregatesAdminNegativeTestJSON:test_aggregate_get_details_as_user): 200 POST http://10.180.1.21/compute/v2.1/os-aggregates 2.175s
2025-04-14 14:30:03.919 70193 INFO tempest.lib.common.rest_client [req-52ff0394-9ec8-4c42-929c-1bfc793e5ea7 req-52ff0394-9ec8-4c42-929c-1bfc793e5ea7 ] Request (ImagesMetadataTestJSON:tearDownClass): 204 DELETE http://10.180.1.21/identity/v3/projects/61f13063f56e41fbaf2eba0f802024ba 0.091s
2025-04-14 14:30:03.958 70236 INFO tempest.lib.common.rest_client [req-58e0cc1f-0d7a-4c68-bba2-2ba7473fffd7 req-58e0cc1f-0d7a-4c68-bba2-2ba7473fffd7 ] Request (ServersTestFqdnHostnames:test_create_server_with_fqdn_name): 200 GET http://10.180.1.21/compute/v2.1/servers/0970e5bb-0c9d-406a-9467-0a50dc9c11c6 2.206s
2025-04-14 14:30:03.988 70193 INFO tempest.lib.common.rest_client [req-835247eb-6cb2-4b89-8acb-27ff1e6ef939 req-835247eb-6cb2-4b89-8acb-27ff1e6ef939 ] Request (ImagesDeleteNegativeTestJSON:setUpClass): 201 POST http://10.180.1.21/identity/v3/auth/tokens 0.065s
2025-04-14 14:30:04.028 70219 INFO tempest.lib.common.rest_client [req-e4c636d8-bcba-46a4-998b-04550480a7cf req-e4c636d8-bcba-46a4-998b-04550480a7cf ] Request (ServersTestBootFromVolume:setUpClass): 201 POST http://10.180.1.21:9696/networking/v2.0/networks 0.253s
2025-04-14 14:30:04.028 70193 INFO tempest.lib.common.rest_client [req-60e8132f-0a43-45a1-94ae-d90ca9ca8f3f req-60e8132f-0a43-45a1-94ae-d90ca9ca8f3f ] Request (ImagesDeleteNegativeTestJSON:setUpClass): 201 POST http://10.180.1.21/identity/v3/auth/tokens 0.037s
2025-04-14 14:30:04.052 70217 INFO tempest.lib.common.rest_client [req-49026d99-2798-4119-9483-ed339fc80843 req-49026d99-2798-4119-9483-ed339fc80843 ] Request (FloatingIPDetailsTestJSON:test_get_floating_ip_details): 200 POST http://10.180.1.21/compute/v2.1/os-floating-ips 2.381s
2025-04-14 14:30:04.055 70193 INFO tempest.lib.common.rest_client [req-f79f6fa1-0a14-4bab-92bf-33f80854d846 req-f79f6fa1-0a14-4bab-92bf-33f80854d846 ] Request (ImagesDeleteNegativeTestJSON:setUpClass): 200 GET http://10.180.1.21/identity/v3/domains?name=Default 0.026s
2025-04-14 14:30:04.089 70193 INFO tempest.lib.common.rest_client [req-55cab8e3-3803-4692-8618-9e2d1005b6e8 req-55cab8e3-3803-4692-8618-9e2d1005b6e8 ] Request (ImagesDeleteNegativeTestJSON:setUpClass): 201 POST http://10.180.1.21/identity/v3/projects 0.033s
2025-04-14 14:30:04.140 70187 INFO tempest.lib.common.rest_client [req-f249e9b6-6737-40f6-a792-e048e9ea9222 req-f249e9b6-6737-40f6-a792-e048e9ea9222 ] Request (ServerAddressesTestJSON:tearDownClass): 200 GET http://10.180.1.21/compute/v2.1/servers/f744813b-d3de-48bc-90fd-586d676de5d7 2.236s
2025-04-14 14:30:04.157 70193 INFO tempest.lib.common.rest_client [req-185d84c2-7980-4643-b768-0aab2985e81d req-185d84c2-7980-4643-b768-0aab2985e81d ] Request (ImagesDeleteNegativeTestJSON:setUpClass): 201 POST http://10.180.1.21/identity/v3/users 0.068s
2025-04-14 14:30:04.190 70219 INFO tempest.lib.common.rest_client [req-1f7ff452-852b-4530-a285-93f1b7cb80db req-1f7ff452-852b-4530-a285-93f1b7cb80db ] Request (ServersTestBootFromVolume:setUpClass): 201 POST http://10.180.1.21:9696/networking/v2.0/subnets 0.161s
2025-04-14 14:30:04.192 70193 INFO tempest.lib.common.rest_client [req-7783f07d-3e04-4ed3-bcac-1e695525ef44 req-7783f07d-3e04-4ed3-bcac-1e695525ef44 ] Request (ImagesDeleteNegativeTestJSON:setUpClass): 200 GET http://10.180.1.21/identity/v3/roles 0.034s
2025-04-14 14:30:04.224 70193 INFO tempest.lib.common.rest_client [req-71363f4b-fb69-4f75-8f54-f09763c93782 req-71363f4b-fb69-4f75-8f54-f09763c93782 ] Request (ImagesDeleteNegativeTestJSON:setUpClass): 204 PUT http://10.180.1.21/identity/v3/projects/7319745e14b24a05a24c2313c369c7f5/users/7e798fda482e4c14a7aacd10055c36f9/roles/0e63667cf3084c70b339dd9a667e7834 0.031s
2025-04-14 14:30:04.224 70193 INFO tempest.lib.common.dynamic_creds [-] Dynamic test user 7e798fda482e4c14a7aacd10055c36f9 is created with scope project and roles: ['member']
2025-04-14 14:30:04.224 70193 INFO tempest.lib.common.dynamic_creds [-] Acquired dynamic creds: credentials: Credentials: {'domain_id': 'default', 'domain_name': 'Default', 'username': 'tempest-ImagesDeleteNegativeTestJSON-341881884-project-member', 'project_domain_id': 'default', 'project_domain_name': 'Default', 'project_id': '7319745e14b24a05a24c2313c369c7f5', 'project_name': 'tempest-ImagesDeleteNegativeTestJSON-341881884', 'tenant_id': '7319745e14b24a05a24c2313c369c7f5', 'tenant_name': 'tempest-ImagesDeleteNegativeTestJSON-341881884', 'user_domain_id': 'default', 'user_domain_name': 'Default', 'user_id': '7e798fda482e4c14a7aacd10055c36f9', 'system': None}, Network: None, Subnet: None, Router: None
2025-04-14 14:30:04.225 70193 INFO tempest.lib.common.dynamic_creds [-] Created isolated network resources for: credentials: Credentials: {'domain_id': 'default', 'domain_name': 'Default', 'username': 'tempest-ImagesDeleteNegativeTestJSON-341881884-project-member', 'project_domain_id': 'default', 'project_domain_name': 'Default', 'project_id': '7319745e14b24a05a24c2313c369c7f5', 'project_name': 'tempest-ImagesDeleteNegativeTestJSON-341881884', 'tenant_id': '7319745e14b24a05a24c2313c369c7f5', 'tenant_name': 'tempest-ImagesDeleteNegativeTestJSON-341881884', 'user_domain_id': 'default', 'user_domain_name': 'Default', 'user_id': '7e798fda482e4c14a7aacd10055c36f9', 'system': None}, Network: None, Subnet: None, Router: None
2025-04-14 14:30:04.340 70193 INFO tempest.lib.common.rest_client [req-7aeec2bc-f727-413d-b1ca-6adee578f086 req-7aeec2bc-f727-413d-b1ca-6adee578f086 ] Request (ImagesDeleteNegativeTestJSON:setUpClass): 201 POST http://10.180.1.21/identity/v3/auth/tokens 0.109s
2025-04-14 14:30:04.579 70199 INFO tempest.lib.common.rest_client [req-b38331fd-e771-488e-ba66-a05db12b0abf req-b38331fd-e771-488e-ba66-a05db12b0abf ] Request (ServersAdmin275Test:test_rebuild_update_server_275): 202 POST http://10.180.1.21/compute/v2.1/servers/bb6fe254-1c46-4bc6-a7a4-74ec26fa4079/action 2.778s
2025-04-14 14:30:04.686 70230 INFO tempest.lib.common.rest_client [req-c5a48331-1cfb-4442-81b1-cc943af49e68 req-c5a48331-1cfb-4442-81b1-cc943af49e68 ] Request (ServersTestMultiNic:test_verify_duplicate_network_nics): 202 POST http://10.180.1.21/compute/v2.1/servers 2.517s
2025-04-14 14:30:04.781 70223 WARNING tempest.lib.common.ssh [-] Failed to establish authenticated ssh connection to cirros@10.180.180.141 ([Errno None] Unable to connect to port 22 on 10.180.180.141). Number attempts: 2. Retry after 3 seconds.: paramiko.ssh_exception.NoValidConnectionsError: [Errno None] Unable to connect to port 22 on 10.180.180.141
2025-04-14 14:30:04.879 70185 INFO tempest.lib.common.rest_client [req-5fd3c0a1-5a61-4349-bd2c-600a1326429e req-5fd3c0a1-5a61-4349-bd2c-600a1326429e ] Request (QuotasAdminNegativeTest:_run_cleanups): 200 PUT http://10.180.1.21/compute/v2.1/os-quota-sets/208dec4fcb23407491639c4b8372e259 2.638s
2025-04-14 14:30:04.913 70219 INFO tempest.lib.common.rest_client [req-9e034d90-9847-4207-953a-6ae26056c77a req-9e034d90-9847-4207-953a-6ae26056c77a ] Request (ServersTestBootFromVolume:setUpClass): 201 POST http://10.180.1.21:9696/networking/v2.0/routers 0.723s
2025-04-14 14:30:04.946 70177 INFO tempest.lib.common.rest_client [req-3402119e-60fd-4455-9ae0-9c6994b4e7b2 req-3402119e-60fd-4455-9ae0-9c6994b4e7b2 ] Request (AttachInterfacesUnderV243Test:test_add_remove_fixed_ip): 200 GET http://10.180.1.21/compute/v2.1/servers/8b263c3e-8f1a-4da9-8e62-fbd1037dfd96 2.624s
