2025-04-14 13:58:26.873 69964 INFO tempest.lib.common.dynamic_creds [-] Deleting project and security group for project: e9decd2b6a2d49a284ecc529243589dc
2025-04-14 13:58:26.933 69948 INFO tempest.lib.common.rest_client [req-fdc87d64-2d91-483a-a0a7-181446d450be req-fdc87d64-2d91-483a-a0a7-181446d450be ] Request (ServerActionsTestJSON:setUpClass): 200 GET http://10.180.1.21/compute/v2.1/servers/9ee7dbf3-c86a-4cd8-ad1e-ca92cb90164d 0.761s
2025-04-14 13:58:26.954 69964 INFO tempest.lib.common.rest_client [req-a4f80426-7c14-43a2-b821-56dc8301fb8a req-a4f80426-7c14-43a2-b821-56dc8301fb8a ] Request (AbsoluteLimitsTestJSON:tearDownClass): 201 POST http://10.180.1.21/identity/v3/auth/tokens 0.081s
2025-04-14 13:58:26.963 69930 INFO tempest.lib.common.rest_client [req-4e41f362-0c8e-4204-926b-6f377b790c06 req-4e41f362-0c8e-4204-926b-6f377b790c06 ] Request (ServerRescueNegativeTestJSON:setUpClass): 200 GET http://10.180.1.21/compute/v2.1/servers/6ec24a38-4b28-42e6-b86b-654d79714a95 0.892s
2025-04-14 13:58:27.048 69978 INFO tempest.lib.common.rest_client [req-5a64ae99-c5c4-41d0-aa11-10f1d6d39768 req-5a64ae99-c5c4-41d0-aa11-10f1d6d39768 ] Request (ServerGroupTestJSON:test_create_server_with_scheduler_hint_group): 200 GET http://10.180.1.21/compute/v2.1/servers/2e020eec-2d4f-41b8-b31d-3add0744d592 0.778s
2025-04-14 13:58:27.111 69938 INFO tempest.lib.common.rest_client [req-76e5f156-f313-48a8-b4c3-adb20369cc73 req-76e5f156-f313-48a8-b4c3-adb20369cc73 ] Request (ServerAddressesNegativeTestJSON:tearDownClass): 204 DELETE http://10.180.1.21/compute/v2.1/servers/8fcf169e-2bcf-4fff-9a99-7dc8db4ce128 0.841s
2025-04-14 13:58:27.186 69952 INFO tempest.lib.common.rest_client [req-d5d462b2-b874-460e-88e6-49c404a51c67 req-d5d462b2-b874-460e-88e6-49c404a51c67 ] Request (ServersTestJSON:setUpClass): 200 GET http://10.180.1.21/compute/v2.1/servers/494cdc5d-27c6-4a1c-8089-4b2a4dd08566 0.891s
2025-04-14 13:58:27.231 69946 INFO tempest.lib.common.rest_client [req-a36e17ab-0270-4b22-8a6f-82cae8e125d4 req-a36e17ab-0270-4b22-8a6f-82cae8e125d4 ] Request (ServerShowV254Test:test_rebuild_server): 201 POST http://10.180.1.21/compute/v2.1/os-keypairs 0.830s
2025-04-14 13:58:27.294 69964 INFO tempest.lib.common.rest_client [req-892aa386-559d-47ef-abd6-620760c29ef1 req-892aa386-559d-47ef-abd6-620760c29ef1 ] Request (AbsoluteLimitsTestJSON:tearDownClass): 200 GET http://10.180.1.21:9696/networking/v2.0/security-groups?tenant_id=e9decd2b6a2d49a284ecc529243589dc&name=default 0.340s
2025-04-14 13:58:27.307 69966 INFO tempest.lib.common.rest_client [req-936b1e6f-a4ae-4d41-888d-f05c9b8b0452 req-936b1e6f-a4ae-4d41-888d-f05c9b8b0452 ] Request (ListServerFiltersTestJSON:test_list_servers_filtered_by_ip): 200 GET http://10.180.1.21/compute/v2.1/servers?ip=192.168.128.14 0.997s
2025-04-14 13:58:27.329 69944 INFO tempest.lib.common.rest_client [req-7e31e211-f94c-426e-8db8-0de3eb3a1fdf req-7e31e211-f94c-426e-8db8-0de3eb3a1fdf ] Request (ServersListShow296Test:test_list_show_update_rebuild_server_296): 200 GET http://10.180.1.21/compute/v2.1/servers/997781de-b20c-4004-8374-deef83d9de6b 0.924s
2025-04-14 13:58:27.344 69944 INFO tempest.common.waiters [-] State transition "BUILD/scheduling" ==> "BUILD/None" after 19 second wait
2025-04-14 13:58:27.399 69932 INFO tempest.lib.common.rest_client [req-735e292d-117b-44fe-b2d8-e440b1a2eb8b req-735e292d-117b-44fe-b2d8-e440b1a2eb8b ] Request (FloatingIPsAssociationNegativeTestJSON:setUpClass): 200 GET http://10.180.1.21/compute/v2.1/servers/00d02bd2-f8fa-415c-9a6f-c58b9af0be63 0.913s
2025-04-14 13:58:27.447 69936 INFO tempest.lib.common.rest_client [req-7302fb45-c0e3-44fd-b04b-4eb159ae64a7 req-7302fb45-c0e3-44fd-b04b-4eb159ae64a7 ] Request (ServerActionsTestOtherB:setUpClass): 201 POST http://10.180.1.21:9696/networking/v2.0/floatingips 1.193s
2025-04-14 13:58:27.498 69962 INFO tempest.lib.common.rest_client [req-8f4cb5c7-d2d0-4fad-9d19-f723536b9111 req-8f4cb5c7-d2d0-4fad-9d19-f723536b9111 ] Request (ServerAddressesTestJSON:setUpClass): 200 GET http://10.180.1.21/compute/v2.1/servers/1e4afb61-0ef2-4805-85e2-4e480e8ba25f 0.867s
2025-04-14 13:58:27.567 69936 INFO tempest.lib.common.rest_client [req-fa95cb29-5944-4b72-ab8f-be5b6863fdec req-fa95cb29-5944-4b72-ab8f-be5b6863fdec ] Request (ServerActionsTestOtherB:setUpClass): 201 POST http://10.180.1.21/identity/v3/auth/tokens 0.118s
2025-04-14 13:58:27.568 69936 INFO tempest.lib.common.fixed_network [-] (ServerActionsTestOtherB:setUpClass) Found network {'id': '743485db-c4e0-4763-aaad-624cce7d9704', 'name': 'tempest-ServerActionsTestOtherB-754778099-network', 'tenant_id': '27cd1ce9a4f74279a40b13e8fbac87a0', 'admin_state_up': True, 'mtu': 8950, 'status': 'ACTIVE', 'subnets': [], 'shared': False, 'project_id': '27cd1ce9a4f74279a40b13e8fbac87a0', 'port_security_enabled': True, 'router:external': False, 'provider:network_type': 'vlan', 'provider:physical_network': 'default', 'provider:segmentation_id': 27, 'availability_zone_hints': [], 'availability_zones': [], 'ipv4_address_scope': None, 'ipv6_address_scope': None, 'description': '', 'tags': [], 'created_at': '2025-04-14T13:58:20Z', 'updated_at': '2025-04-14T13:58:20Z', 'revision_number': 1} available for tenant
2025-04-14 13:58:27.598 69964 INFO tempest.lib.common.rest_client [req-e079f0d4-e587-41e5-aef9-0e237d26ef23 req-e079f0d4-e587-41e5-aef9-0e237d26ef23 ] Request (AbsoluteLimitsTestJSON:tearDownClass): 204 DELETE http://10.180.1.21:9696/networking/v2.0/security-groups/dbf0aacb-53b7-4d89-ada8-ba0472ce7619 0.302s
2025-04-14 13:58:27.704 69964 INFO tempest.lib.common.rest_client [req-68982b9a-f5e7-41a6-b15c-203fc02919b6 req-68982b9a-f5e7-41a6-b15c-203fc02919b6 ] Request (AbsoluteLimitsTestJSON:tearDownClass): 204 DELETE http://10.180.1.21/identity/v3/projects/e9decd2b6a2d49a284ecc529243589dc 0.104s
2025-04-14 13:58:27.755 69988 INFO tempest.lib.common.rest_client [req-e2787540-e2c2-49e5-b6cd-e04a35e75efd req-e2787540-e2c2-49e5-b6cd-e04a35e75efd ] Request (ServersTestFqdnHostnames:setUpClass): 201 POST http://10.180.1.21:9696/networking/v2.0/routers 1.461s
2025-04-14 13:58:27.758 69968 INFO tempest.lib.common.rest_client [req-cb2293f7-96e7-480e-9534-2b675c2c145d req-cb2293f7-96e7-480e-9534-2b675c2c145d ] Request (ListImageFiltersTestJSON:setUpClass): 204 PUT http://10.180.1.21/image/v2/images/4d90e88f-2fb5-4853-bb7a-65347e6f9ba1/file 0.836s
2025-04-14 13:58:27.779 69964 INFO tempest.lib.common.rest_client [req-45ec76ec-dd1c-4c6b-b56c-1ceaad851873 req-45ec76ec-dd1c-4c6b-b56c-1ceaad851873 ] Request (AbsoluteLimitsNegativeTestJSON:setUpClass): 201 POST http://10.180.1.21/identity/v3/auth/tokens 0.073s
2025-04-14 13:58:27.784 69980 INFO tempest.lib.common.rest_client [req-a0201309-f040-419d-803b-c9765aa5588e req-a0201309-f040-419d-803b-c9765aa5588e ] Request (ImagesTestJSON:test_create_image_from_stopped_server): 200 GET http://10.180.1.21/compute/v2.1/images/db163b91-b673-4854-8a6e-c3e889399f04 1.103s
2025-04-14 13:58:27.812 69964 INFO tempest.lib.common.rest_client [req-bc190341-d3ae-4fe4-b652-81eb9a9b4b6f req-bc190341-d3ae-4fe4-b652-81eb9a9b4b6f ] Request (AbsoluteLimitsNegativeTestJSON:setUpClass): 201 POST http://10.180.1.21/identity/v3/auth/tokens 0.031s
2025-04-14 13:58:27.844 69964 INFO tempest.lib.common.rest_client [req-47a392b0-7ed2-4f36-8a2d-17a7e86db3ca req-47a392b0-7ed2-4f36-8a2d-17a7e86db3ca ] Request (AbsoluteLimitsNegativeTestJSON:setUpClass): 200 GET http://10.180.1.21/identity/v3/domains?name=Default 0.032s
2025-04-14 13:58:27.875 69993 INFO tempest.lib.common.rest_client [req-54ca5e8c-a082-4940-a7b9-a296d1637550 req-54ca5e8c-a082-4940-a7b9-a296d1637550 ] Request (ServerMetadataNegativeTestJSON:setUpClass): 200 GET http://10.180.1.21/compute/v2.1/servers/20fa95e4-e66f-4310-81bf-beb9a42968dc 1.101s
2025-04-14 13:58:27.878 69964 INFO tempest.lib.common.rest_client [req-1f2995f4-1a63-4a59-8974-1692a2cb4218 req-1f2995f4-1a63-4a59-8974-1692a2cb4218 ] Request (AbsoluteLimitsNegativeTestJSON:setUpClass): 201 POST http://10.180.1.21/identity/v3/projects 0.034s
2025-04-14 13:58:27.950 69964 INFO tempest.lib.common.rest_client [req-95af61dc-0c9a-4c53-8a26-0288bec50811 req-95af61dc-0c9a-4c53-8a26-0288bec50811 ] Request (AbsoluteLimitsNegativeTestJSON:setUpClass): 201 POST http://10.180.1.21/identity/v3/users 0.072s
2025-04-14 13:58:27.981 69964 INFO tempest.lib.common.rest_client [req-1c6b375f-b971-4fd8-b37a-4ad166081f90 req-1c6b375f-b971-4fd8-b37a-4ad166081f90 ] Request (AbsoluteLimitsNegativeTestJSON:setUpClass): 200 GET http://10.180.1.21/identity/v3/roles 0.030s
2025-04-14 13:58:27.981 69976 INFO tempest.lib.common.rest_client [req-9d442359-d3ef-403a-8409-9e2e783dcdb0 req-9d442359-d3ef-403a-8409-9e2e783dcdb0 ] Request (DeleteServersAdminTestJSON:test_delete_server_while_in_error_state): 200 GET http://10.180.1.21/compute/v2.1/servers/13ec57c7-56f5-40c6-ab32-aac0fd67c9b1 1.138s
2025-04-14 13:58:28.025 69964 INFO tempest.lib.common.rest_client [req-f2226fca-5edb-4ae9-ab55-1879cdbfe8ab req-f2226fca-5edb-4ae9-ab55-1879cdbfe8ab ] Request (AbsoluteLimitsNegativeTestJSON:setUpClass): 204 PUT http://10.180.1.21/identity/v3/projects/1d3d455ab97f46e295a269041dcac9d3/users/952007beb06a4422a1b5d14a25c0fffb/roles/64b55a3f9d644d3c9ec5f3d24a32a2db 0.043s
2025-04-14 13:58:28.026 69964 INFO tempest.lib.common.dynamic_creds [-] Dynamic test user 952007beb06a4422a1b5d14a25c0fffb is created with scope project and roles: ['member']
2025-04-14 13:58:28.026 69964 INFO tempest.lib.common.dynamic_creds [-] Acquired dynamic creds: credentials: Credentials: {'domain_id': 'default', 'domain_name': 'Default', 'username': 'tempest-AbsoluteLimitsNegativeTestJSON-1318123925-project-member', 'project_domain_id': 'default', 'project_domain_name': 'Default', 'project_id': '1d3d455ab97f46e295a269041dcac9d3', 'project_name': 'tempest-AbsoluteLimitsNegativeTestJSON-1318123925', 'tenant_id': '1d3d455ab97f46e295a269041dcac9d3', 'tenant_name': 'tempest-AbsoluteLimitsNegativeTestJSON-1318123925', 'user_domain_id': 'default', 'user_domain_name': 'Default', 'user_id': '952007beb06a4422a1b5d14a25c0fffb', 'system': None}, Network: None, Subnet: None, Router: None
2025-04-14 13:58:28.026 69964 INFO tempest.lib.common.dynamic_creds [-] Created isolated network resources for: credentials: Credentials: {'domain_id': 'default', 'domain_name': 'Default', 'username': 'tempest-AbsoluteLimitsNegativeTestJSON-1318123925-project-member', 'project_domain_id': 'default', 'project_domain_name': 'Default', 'project_id': '1d3d455ab97f46e295a269041dcac9d3', 'project_name': 'tempest-AbsoluteLimitsNegativeTestJSON-1318123925', 'tenant_id': '1d3d455ab97f46e295a269041dcac9d3', 'tenant_name': 'tempest-AbsoluteLimitsNegativeTestJSON-1318123925', 'user_domain_id': 'default', 'user_domain_name': 'Default', 'user_id': '952007beb06a4422a1b5d14a25c0fffb', 'system': None}, Network: None, Subnet: None, Router: None
2025-04-14 13:58:28.096 69940 INFO tempest.lib.common.rest_client [req-80cc2c41-2f61-4a0b-9a84-ddcccb43a1d2 req-80cc2c41-2f61-4a0b-9a84-ddcccb43a1d2 ] Request (ImagesOneServerTestJSON:setUpClass): 200 GET http://10.180.1.21/compute/v2.1/servers/d9e3bd67-974c-477a-baa2-99549051a828 1.142s
2025-04-14 13:58:28.125 69964 INFO tempest.lib.common.rest_client [req-dd00ff15-4426-402f-94e8-246cf10c5b4f req-dd00ff15-4426-402f-94e8-246cf10c5b4f ] Request (AbsoluteLimitsNegativeTestJSON:setUpClass): 201 POST http://10.180.1.21/identity/v3/auth/tokens 0.095s
2025-04-14 13:58:28.507 69950 INFO tempest.lib.common.rest_client [req-e2d97a6d-8a8c-4b8c-a184-36edd66277ea req-e2d97a6d-8a8c-4b8c-a184-36edd66277ea ] Request (ServersWithSpecificFlavorTestJSON:test_verify_created_server_ephemeral_disk): 200 GET http://10.180.1.21/compute/v2.1/servers/b557580c-420c-42bf-90f5-43960bf4f3d5 1.542s
2025-04-14 13:58:28.569 69982 INFO tempest.lib.common.rest_client [req-0c88cd0d-e3d0-4ec9-aa66-f6aa24d3ada0 req-0c88cd0d-e3d0-4ec9-aa66-f6aa24d3ada0 ] Request (ImagesNegativeTestJSON:test_create_image_from_deleted_server): 200 GET http://10.180.1.21/compute/v2.1/servers/faeb64d6-dd4f-4267-af4f-d42dcc1c45c9 1.499s
2025-04-14 13:58:28.646 69954 INFO tempest.lib.common.rest_client [req-140fdae9-6ef8-4808-94d6-5def7b81e78a req-140fdae9-6ef8-4808-94d6-5def7b81e78a ] Request (ServerDiagnosticsTest:tearDownClass): 200 GET http://10.180.1.21/compute/v2.1/servers/c1d7aa83-ab84-4ff3-a10f-e04e84582ed4 1.573s
2025-04-14 13:58:28.883 69938 INFO tempest.lib.common.rest_client [req-0ef96209-241d-444a-9c5f-29d928dad32b req-0ef96209-241d-444a-9c5f-29d928dad32b ] Request (ServerAddressesNegativeTestJSON:tearDownClass): 200 GET http://10.180.1.21/compute/v2.1/servers/8fcf169e-2bcf-4fff-9a99-7dc8db4ce128 1.771s
2025-04-14 13:58:29.019 69958 INFO tempest.lib.common.rest_client [req-1b3a383b-db95-48e3-b034-dc2bb09a004e req-1b3a383b-db95-48e3-b034-dc2bb09a004e ] Request (FloatingIPsTestJSON:test_allocate_floating_ip): 200 POST http://10.180.1.21/compute/v2.1/os-floating-ips 2.509s
2025-04-14 13:58:29.110 69974 INFO tempest.lib.common.rest_client [req-824a9555-adb9-441c-9b26-aabf3f7ce6f6 req-824a9555-adb9-441c-9b26-aabf3f7ce6f6 ] Request (ServersV294TestFqdnHostnames:setUpClass): 200 GET http://10.180.1.21/compute/v2.1/servers/1178a341-cc87-48f9-b274-f0a1ab0c01fc 1.918s
2025-04-14 13:58:29.127 69974 INFO tempest.common.waiters [-] State transition "BUILD/None" ==> "BUILD/spawning" after 37 second wait
2025-04-14 13:58:29.192 69942 INFO tempest.lib.common.rest_client [req-e530a3e7-7f29-4ba5-83ae-05d976a9e6dc req-e530a3e7-7f29-4ba5-83ae-05d976a9e6dc ] Request (FloatingIPsAssociationTestJSON:test_associate_already_associated_floating_ip): 200 GET http://10.180.1.21/compute/v2.1/servers/e75fc999-a479-44b6-a715-1a76054d73c6 1.919s
2025-04-14 13:58:29.278 69946 INFO tempest.lib.common.rest_client [req-49b6fb52-9922-4cf8-996b-58a5bf42a3ac req-49b6fb52-9922-4cf8-996b-58a5bf42a3ac ] Request (ServerShowV254Test:test_rebuild_server): 202 POST http://10.180.1.21/compute/v2.1/servers/cd5b4748-087b-4058-990d-e15affb5a715/action 2.045s
2025-04-14 13:58:29.373 69934 INFO tempest.lib.common.rest_client [req-3b6c8f57-d818-4529-9cd3-f6d6077e6942 req-3b6c8f57-d818-4529-9cd3-f6d6077e6942 ] Request (ServersAdmin275Test:tearDownClass): 200 GET http://10.180.1.21/compute/v2.1/servers/82d7d697-989c-4f9f-aaf4-7a7345bf2292 1.899s
2025-04-14 13:58:29.382 69966 INFO tempest.lib.common.rest_client [req-53da8d2f-7aea-41db-b73b-c78a2bfc787c req-53da8d2f-7aea-41db-b73b-c78a2bfc787c ] Request (ListServerFiltersTestJSON:test_list_servers_filtered_by_ip_regex): 200 GET http://10.180.1.21/compute/v2.1/servers/cdfedccf-3398-437c-a908-41d6d87d8a99 2.072s
2025-04-14 13:58:29.457 69972 INFO tempest.lib.common.rest_client [req-bf55ea15-f391-42e0-bead-3356d4d6148a req-bf55ea15-f391-42e0-bead-3356d4d6148a ] Request (ServersListShow2100Test:test_list_show_rebuild_update_server_2100): 200 GET http://10.180.1.21/compute/v2.1/servers/f2b492f9-2517-4ee7-b4e7-c6c3bb912e49 1.890s
2025-04-14 13:58:29.532 69970 INFO tempest.lib.common.rest_client [req-2eb14704-01bd-49cd-a943-b1212d1ba40b req-2eb14704-01bd-49cd-a943-b1212d1ba40b ] Request (SecurityGroupsTestJSON:test_list_security_groups_by_server): 200 GET http://10.180.1.21/compute/v2.1/servers/d812aca8-c993-4f3e-8235-115a51b60501 1.924s
2025-04-14 13:58:29.545 69984 WARNING tempest.lib.common.ssh [-] Failed to establish authenticated ssh connection to cirros@10.180.180.246 ([Errno None] Unable to connect to port 22 on 10.180.180.246). Number attempts: 3. Retry after 4 seconds.: paramiko.ssh_exception.NoValidConnectionsError: [Errno None] Unable to connect to port 22 on 10.180.180.246
2025-04-14 13:58:29.610 69990 INFO tempest.lib.common.rest_client [req-bb9e4487-8a49-4ee4-b967-85210a9888a0 req-bb9e4487-8a49-4ee4-b967-85210a9888a0 ] Request (ServerDiagnosticsV248Test:test_get_server_diagnostics): 200 GET http://10.180.1.21/compute/v2.1/servers/eed1c412-ccce-4168-bce7-3e7101901b7f 1.938s
2025-04-14 13:58:29.673 69968 INFO tempest.lib.common.rest_client [req-da31607a-7e54-4390-b15f-97b62f10d3f1 req-da31607a-7e54-4390-b15f-97b62f10d3f1 ] Request (ListImageFiltersTestJSON:setUpClass): 200 GET http://10.180.1.21/compute/v2.1/images/4d90e88f-2fb5-4853-bb7a-65347e6f9ba1 1.913s
2025-04-14 13:58:29.727 69956 INFO tempest.lib.common.rest_client [req-09b41f73-2f81-4000-97bc-750f5c5638e4 req-09b41f73-2f81-4000-97bc-750f5c5638e4 ] Request (ServersAdminTestJSON:test_create_server_with_scheduling_hint): 200 GET http://10.180.1.21/compute/v2.1/servers/115e1a8c-381d-47c2-882d-a425f5e783f7 1.868s
2025-04-14 13:58:29.791 69948 INFO tempest.lib.common.rest_client [req-c03cd336-59c9-47ee-9ecf-438f3845073d req-c03cd336-59c9-47ee-9ecf-438f3845073d ] Request (ServerActionsTestJSON:setUpClass): 200 GET http://10.180.1.21/compute/v2.1/servers/9ee7dbf3-c86a-4cd8-ad1e-ca92cb90164d 1.844s
2025-04-14 13:58:29.923 69936 INFO tempest.lib.common.rest_client [req-9077f710-552e-45e6-b360-17eb258b2fce req-9077f710-552e-45e6-b360-17eb258b2fce ] Request (ServerActionsTestOtherB:setUpClass): 202 POST http://10.180.1.21/compute/v2.1/servers 2.354s
2025-04-14 13:58:29.939 69930 INFO tempest.lib.common.rest_client [req-cd17ffb7-a3f1-44f6-8ad2-ddd53d70b909 req-cd17ffb7-a3f1-44f6-8ad2-ddd53d70b909 ] Request (ServerRescueNegativeTestJSON:setUpClass): 200 GET http://10.180.1.21/compute/v2.1/servers/6ec24a38-4b28-42e6-b86b-654d79714a95 1.965s
2025-04-14 13:58:29.948 69930 INFO tempest.common.waiters [-] State transition "BUILD/spawning" ==> "ACTIVE/None" after 44 second wait
2025-04-14 13:58:29.955 69988 INFO tempest.lib.common.rest_client [req-343a2dad-fb01-498a-9bf1-14b8613662a9 req-343a2dad-fb01-498a-9bf1-14b8613662a9 ] Request (ServersTestFqdnHostnames:setUpClass): 200 PUT http://10.180.1.21:9696/networking/v2.0/routers/ac61ae4a-1bcb-4eae-8da6-74d66eb5d577/add_router_interface 2.199s
2025-04-14 13:58:29.955 69988 INFO tempest.lib.common.dynamic_creds [-] Created isolated network resources for: credentials: Credentials: {'domain_id': 'default', 'domain_name': 'Default', 'username': 'tempest-ServersTestFqdnHostnames-1406027918-project-member', 'project_domain_id': 'default', 'project_domain_name': 'Default', 'project_id': 'ffb1b4ef74fd42d7b2360ed10872440e', 'project_name': 'tempest-ServersTestFqdnHostnames-1406027918', 'tenant_id': 'ffb1b4ef74fd42d7b2360ed10872440e', 'tenant_name': 'tempest-ServersTestFqdnHostnames-1406027918', 'user_domain_id': 'default', 'user_domain_name': 'Default', 'user_id': 'da42bc375f7d4d299b0ea40af7712c19', 'system': None}, Network: {'id': '60bd7721-c666-4cd7-b435-848381517f1b', 'name': 'tempest-ServersTestFqdnHostnames-247724674-network', 'tenant_id': 'ffb1b4ef74fd42d7b2360ed10872440e', 'admin_state_up': True, 'mtu': 8950, 'status': 'ACTIVE', 'subnets': [], 'shared': False, 'project_id': 'ffb1b4ef74fd42d7b2360ed10872440e', 'port_security_enabled': True, 'router:external': False, 'provider:network_type': 'vlan', 'provider:physical_network': 'default', 'provider:segmentation_id': 614, 'availability_zone_hints': [], 'availability_zones': [], 'ipv4_address_scope': None, 'ipv6_address_scope': None, 'description': '', 'tags': [], 'created_at': '2025-04-14T13:58:25Z', 'updated_at': '2025-04-14T13:58:25Z', 'revision_number': 1}, Subnet: {'id': '252d7bdd-9148-4376-84a0-56ce89f4c9dc', 'name': 'tempest-ServersTestFqdnHostnames-247724674-subnet', 'tenant_id': 'ffb1b4ef74fd42d7b2360ed10872440e', 'network_id': '60bd7721-c666-4cd7-b435-848381517f1b', 'ip_version': 4, 'subnetpool_id': None, 'enable_dhcp': True, 'ipv6_ra_mode': None, 'ipv6_address_mode': None, 'gateway_ip': '192.168.128.1', 'cidr': '192.168.128.0/28', 'allocation_pools': [{'start': '192.168.128.2', 'end': '192.168.128.14'}], 'host_routes': [], 'dns_nameservers': [], 'description': '', 'router:external': False, 'service_types': [], 'tags': [], 'created_at': '2025-04-14T13:58:25Z', 'updated_at': '2025-04-14T13:58:25Z', 'revision_number': 0, 'project_id': 'ffb1b4ef74fd42d7b2360ed10872440e'}, Router: {'id': 'ac61ae4a-1bcb-4eae-8da6-74d66eb5d577', 'name': 'tempest-ServersTestFqdnHostnames-247724674-router', 'tenant_id': 'ffb1b4ef74fd42d7b2360ed10872440e', 'admin_state_up': True, 'status': 'ACTIVE', 'external_gateway_info': {'network_id': '6c803797-41e6-4d7e-90e0-3a61aa85e14e', 'external_fixed_ips': [{'subnet_id': 'cc869099-ab74-4696-9ecd-7e150ef24fc7', 'ip_address': '10.180.180.132'}], 'enable_snat': True}, 'description': '', 'availability_zones': [], 'distributed': False, 'ha': False, 'availability_zone_hints': [], 'routes': [], 'flavor_id': None, 'tags': [], 'created_at': '2025-04-14T13:58:26Z', 'updated_at': '2025-04-14T13:58:26Z', 'revision_number': 2, 'project_id': 'ffb1b4ef74fd42d7b2360ed10872440e'}
2025-04-14 13:58:29.981 69978 INFO tempest.lib.common.rest_client [req-39a47cc9-a82e-4566-9b5e-d072a76e1565 req-39a47cc9-a82e-4566-9b5e-d072a76e1565 ] Request (ServerGroupTestJSON:test_create_server_with_scheduler_hint_group): 200 GET http://10.180.1.21/compute/v2.1/servers/2e020eec-2d4f-41b8-b31d-3add0744d592 1.920s
2025-04-14 13:58:30.037 69952 INFO tempest.lib.common.rest_client [req-16d63acf-9744-4cb7-a67e-ce5c2a2dca8b req-16d63acf-9744-4cb7-a67e-ce5c2a2dca8b ] Request (ServersTestJSON:setUpClass): 200 GET http://10.180.1.21/compute/v2.1/servers/494cdc5d-27c6-4a1c-8089-4b2a4dd08566 1.839s
2025-04-14 13:58:30.042 69964 INFO tempest.lib.common.rest_client [req-26137ba9-5f93-4f8d-85a1-c0f95a847791 req-26137ba9-5f93-4f8d-85a1-c0f95a847791 ] Request (AbsoluteLimitsNegativeTestJSON:test_max_metadata_exceed_limit): 200 GET http://10.180.1.21/compute/v2.1/limits 1.915s
2025-04-14 13:58:30.049 69988 INFO tempest.lib.common.rest_client [req-566c03c8-3976-4800-959f-60528b4c4d58 req-566c03c8-3976-4800-959f-60528b4c4d58 ] Request (ServersTestFqdnHostnames:setUpClass): 201 POST http://10.180.1.21/identity/v3/auth/tokens 0.091s
2025-04-14 13:58:30.095 69964 INFO tempest.lib.common.rest_client [req-4cf7dff6-5500-4e4b-be44-59bbd30f4751 req-4cf7dff6-5500-4e4b-be44-59bbd30f4751 ] Request (AbsoluteLimitsNegativeTestJSON:test_max_metadata_exceed_limit): 201 POST http://10.180.1.21/identity/v3/auth/tokens 0.039s
2025-04-14 13:58:30.095 69964 INFO tempest.lib.common.fixed_network [-] (AbsoluteLimitsNegativeTestJSON:test_max_metadata_exceed_limit) Found network None available for tenant
2025-04-14 13:58:30.108 69932 INFO tempest.lib.common.rest_client [req-bd53cd34-de8e-4e48-a6af-4199ac1334d7 req-bd53cd34-de8e-4e48-a6af-4199ac1334d7 ] Request (FloatingIPsAssociationNegativeTestJSON:setUpClass): 200 GET http://10.180.1.21/compute/v2.1/servers/00d02bd2-f8fa-415c-9a6f-c58b9af0be63 1.696s
2025-04-14 13:58:30.135 69944 INFO tempest.lib.common.rest_client [req-54d8a140-9bdc-4cf3-9549-5e0682219b56 req-54d8a140-9bdc-4cf3-9549-5e0682219b56 ] Request (ServersListShow296Test:test_list_show_update_rebuild_server_296): 200 GET http://10.180.1.21/compute/v2.1/servers/997781de-b20c-4004-8374-deef83d9de6b 1.789s
2025-04-14 13:58:30.192 69962 INFO tempest.lib.common.rest_client [req-a19368ae-2c17-4cbb-af79-82a211c52bbd req-a19368ae-2c17-4cbb-af79-82a211c52bbd ] Request (ServerAddressesTestJSON:setUpClass): 200 GET http://10.180.1.21/compute/v2.1/servers/1e4afb61-0ef2-4805-85e2-4e480e8ba25f 1.682s
2025-04-14 13:58:30.222 69980 INFO tempest.lib.common.rest_client [req-d6f44b75-c3b2-49fc-b33a-61718bd4d5c1 req-d6f44b75-c3b2-49fc-b33a-61718bd4d5c1 ] Request (ImagesTestJSON:test_create_image_from_stopped_server): 200 GET http://10.180.1.21/compute/v2.1/images/db163b91-b673-4854-8a6e-c3e889399f04 1.433s
2025-04-14 13:58:30.248 69993 INFO tempest.lib.common.rest_client [req-8a3a89ac-ad08-408a-afac-d66b494b088e req-8a3a89ac-ad08-408a-afac-d66b494b088e ] Request (ServerMetadataNegativeTestJSON:setUpClass): 200 GET http://10.180.1.21/compute/v2.1/servers/20fa95e4-e66f-4310-81bf-beb9a42968dc 1.361s
2025-04-14 13:58:30.269 69976 INFO tempest.lib.common.rest_client [req-5aa78786-a122-4e37-8473-e30e0f2e6d2d req-5aa78786-a122-4e37-8473-e30e0f2e6d2d ] Request (DeleteServersAdminTestJSON:test_delete_server_while_in_error_state): 200 GET http://10.180.1.21/compute/v2.1/servers/13ec57c7-56f5-40c6-ab32-aac0fd67c9b1 1.272s
2025-04-14 13:58:30.332 69940 INFO tempest.lib.common.rest_client [req-89f51495-b3f6-467b-b949-7d7b8f6d8092 req-89f51495-b3f6-467b-b949-7d7b8f6d8092 ] Request (ImagesOneServerTestJSON:setUpClass): 200 GET http://10.180.1.21/compute/v2.1/servers/d9e3bd67-974c-477a-baa2-99549051a828 1.222s
2025-04-14 13:58:30.359 69958 INFO tempest.lib.common.rest_client [req-58242959-66d8-43aa-98e9-a6e5424b1e8b req-58242959-66d8-43aa-98e9-a6e5424b1e8b ] Request (FloatingIPsTestJSON:test_allocate_floating_ip): 200 GET http://10.180.1.21/compute/v2.1/os-floating-ips/dc00728a-775a-46f9-8b43-79cffe1a2801 1.337s
2025-04-14 13:58:30.388 69946 INFO tempest.lib.common.rest_client [req-c361e5d8-4252-4783-8834-6110d16648c4 req-c361e5d8-4252-4783-8834-6110d16648c4 ] Request (ServerShowV254Test:test_rebuild_server): 200 GET http://10.180.1.21/compute/v2.1/servers/cd5b4748-087b-4058-990d-e15affb5a715 1.097s
2025-04-14 13:58:30.524 69966 INFO tempest.lib.common.rest_client [req-849ab54f-8aff-4c1e-b3d5-b2577cf2cbe2 req-849ab54f-8aff-4c1e-b3d5-b2577cf2cbe2 ] Request (ListServerFiltersTestJSON:test_list_servers_filtered_by_ip_regex): 200 GET http://10.180.1.21/compute/v2.1/servers/bc90201c-8900-4821-9839-9d5e35c48ac5 1.133s
2025-04-14 13:58:30.561 69950 INFO tempest.lib.common.rest_client [req-e1584fc4-3d46-498e-99a5-b6da561ddfb4 req-e1584fc4-3d46-498e-99a5-b6da561ddfb4 ] Request (ServersWithSpecificFlavorTestJSON:test_verify_created_server_ephemeral_disk): 200 GET http://10.180.1.21/compute/v2.1/servers/b557580c-420c-42bf-90f5-43960bf4f3d5 1.045s
2025-04-14 13:58:30.586 69982 INFO tempest.lib.common.rest_client [req-df6c014f-b73b-441b-83d3-d08db94cdde4 req-df6c014f-b73b-441b-83d3-d08db94cdde4 ] Request (ImagesNegativeTestJSON:test_create_image_from_deleted_server): 200 GET http://10.180.1.21/compute/v2.1/servers/faeb64d6-dd4f-4267-af4f-d42dcc1c45c9 1.007s
2025-04-14 13:58:30.620 69968 INFO tempest.lib.common.rest_client [req-5136a72c-47bb-4475-a456-e4870f2e193d req-5136a72c-47bb-4475-a456-e4870f2e193d ] Request (ListImageFiltersTestJSON:setUpClass): 200 GET http://10.180.1.21/compute/v2.1/images/4d90e88f-2fb5-4853-bb7a-65347e6f9ba1 0.944s
2025-04-14 13:58:30.650 69954 INFO tempest.lib.common.rest_client [req-d5bd6464-aa24-4b48-bced-177482e5bc89 req-d5bd6464-aa24-4b48-bced-177482e5bc89 ] Request (ServerDiagnosticsTest:tearDownClass): 200 GET http://10.180.1.21/compute/v2.1/servers/c1d7aa83-ab84-4ff3-a10f-e04e84582ed4 0.995s
2025-04-14 13:58:30.681 69938 INFO tempest.lib.common.rest_client [req-1e6575ce-888d-409e-8145-8f3b58c32cfd req-1e6575ce-888d-409e-8145-8f3b58c32cfd ] Request (ServerAddressesNegativeTestJSON:tearDownClass): 200 GET http://10.180.1.21/compute/v2.1/servers/8fcf169e-2bcf-4fff-9a99-7dc8db4ce128 0.788s
2025-04-14 13:58:30.701 69936 INFO tempest.lib.common.rest_client [req-e59a3331-79c4-412c-9af0-4d1189cf92d7 req-e59a3331-79c4-412c-9af0-4d1189cf92d7 ] Request (ServerActionsTestOtherB:setUpClass): 200 GET http://10.180.1.21/compute/v2.1/servers/fa7f8ff7-658a-46d0-a6dc-232614af850d 0.776s
2025-04-14 13:58:30.761 69988 INFO tempest.lib.common.rest_client [req-1bcaa3ee-9449-4d5e-805b-ee71301ed998 req-1bcaa3ee-9449-4d5e-805b-ee71301ed998 ] Request (ServersTestFqdnHostnames:test_create_server_with_fqdn_name): 200 POST http://10.180.1.21/compute/v2.1/os-keypairs 0.709s
2025-04-14 13:58:30.779 69930 INFO tempest.lib.common.rest_client [req-2e94bb0d-285a-4129-96c3-b1fedea25c71 req-2e94bb0d-285a-4129-96c3-b1fedea25c71 ] Request (ServerRescueNegativeTestJSON:setUpClass): 200 POST http://10.180.1.21/compute/v2.1/servers/6ec24a38-4b28-42e6-b86b-654d79714a95/action 0.831s
2025-04-14 13:58:30.930 69988 INFO tempest.lib.common.rest_client [req-ed5f6bc3-38bb-4476-8cc6-e63cd92d2c26 req-ed5f6bc3-38bb-4476-8cc6-e63cd92d2c26 ] Request (ServersTestFqdnHostnames:test_create_server_with_fqdn_name): 201 POST http://10.180.1.21:9696/networking/v2.0/security-groups 0.168s
2025-04-14 13:58:30.964 69974 INFO tempest.lib.common.rest_client [req-1e845115-e03d-4733-9506-547050cae811 req-1e845115-e03d-4733-9506-547050cae811 ] Request (ServersV294TestFqdnHostnames:setUpClass): 200 GET http://10.180.1.21/compute/v2.1/servers/1178a341-cc87-48f9-b274-f0a1ab0c01fc 0.837s
2025-04-14 13:58:31.009 69968 INFO tempest.lib.common.rest_client [req-d7f76dfc-8313-4094-b01c-d5bd84a31dac req-d7f76dfc-8313-4094-b01c-d5bd84a31dac ] Request (ListImageFiltersTestJSON:setUpClass): 201 POST http://10.180.1.21/image/v2/images 0.385s
2025-04-14 13:58:31.041 69942 INFO tempest.lib.common.rest_client [req-42be0035-a61c-41cd-9eb1-237b3f7892b0 req-42be0035-a61c-41cd-9eb1-237b3f7892b0 ] Request (FloatingIPsAssociationTestJSON:test_associate_already_associated_floating_ip): 200 GET http://10.180.1.21/compute/v2.1/servers/e75fc999-a479-44b6-a715-1a76054d73c6 0.838s
2025-04-14 13:58:31.087 69988 INFO tempest.lib.common.rest_client [req-3bc23de2-9979-476a-b04c-cbfa25555222 req-3bc23de2-9979-476a-b04c-cbfa25555222 ] Request (ServersTestFqdnHostnames:test_create_server_with_fqdn_name): 201 POST http://10.180.1.21:9696/networking/v2.0/security-group-rules 0.156s
2025-04-14 13:58:31.174 69958 INFO tempest.lib.common.rest_client [req-22e65222-6933-4d5f-bfec-ed58bb16a878 req-22e65222-6933-4d5f-bfec-ed58bb16a878 ] Request (FloatingIPsTestJSON:test_allocate_floating_ip): 200 GET http://10.180.1.21/compute/v2.1/os-floating-ips 0.813s
2025-04-14 13:58:31.194 69964 INFO tempest.lib.common.rest_client [req-55038da3-cf5a-4e73-81fe-9fb2f3809ce5 req-55038da3-cf5a-4e73-81fe-9fb2f3809ce5 ] Request (AbsoluteLimitsNegativeTestJSON:test_max_metadata_exceed_limit): 403 POST http://10.180.1.21/compute/v2.1/servers 1.097s
2025-04-14 13:58:31.204 69988 INFO tempest.lib.common.rest_client [req-c9098923-aa40-4f42-b040-a03e1c056bda req-c9098923-aa40-4f42-b040-a03e1c056bda ] Request (ServersTestFqdnHostnames:test_create_server_with_fqdn_name): 201 POST http://10.180.1.21:9696/networking/v2.0/security-group-rules 0.117s
2025-04-14 13:58:31.238 69934 INFO tempest.lib.common.rest_client [req-cde656a2-92ac-4ebe-807d-9ee146411a64 req-cde656a2-92ac-4ebe-807d-9ee146411a64 ] Request (ServersAdmin275Test:tearDownClass): 200 GET http://10.180.1.21/compute/v2.1/servers/82d7d697-989c-4f9f-aaf4-7a7345bf2292 0.850s
2025-04-14 13:58:31.268 69972 INFO tempest.lib.common.rest_client [req-bab78676-9a8f-40e9-817c-0b3c72afe7dd req-bab78676-9a8f-40e9-817c-0b3c72afe7dd ] Request (ServersListShow2100Test:test_list_show_rebuild_update_server_2100): 200 GET http://10.180.1.21/compute/v2.1/servers/f2b492f9-2517-4ee7-b4e7-c6c3bb912e49 0.795s
2025-04-14 13:58:31.283 69972 INFO tempest.common.waiters [-] State transition "BUILD/None" ==> "BUILD/block_device_mapping" after 39 second wait
2025-04-14 13:58:31.317 69964 INFO tempest.lib.common.rest_client [req-f0eed12e-a851-44fd-87cb-332d23f08b43 req-f0eed12e-a851-44fd-87cb-332d23f08b43 ] Request (AbsoluteLimitsNegativeTestJSON:tearDownClass): 204 DELETE http://10.180.1.21/identity/v3/users/952007beb06a4422a1b5d14a25c0fffb 0.113s
2025-04-14 13:58:31.317 69964 INFO tempest.lib.common.dynamic_creds [-] Deleting project and security group for project: 1d3d455ab97f46e295a269041dcac9d3
2025-04-14 13:58:31.329 69970 INFO tempest.lib.common.rest_client [req-82f8267e-ab29-4c0e-93ed-27b3f5264f21 req-82f8267e-ab29-4c0e-93ed-27b3f5264f21 ] Request (SecurityGroupsTestJSON:test_list_security_groups_by_server): 200 GET http://10.180.1.21/compute/v2.1/servers/d812aca8-c993-4f3e-8235-115a51b60501 0.785s
2025-04-14 13:58:31.345 69966 INFO tempest.lib.common.rest_client [req-af76d237-a79d-49ce-8a56-5a71e3ca9f2b req-af76d237-a79d-49ce-8a56-5a71e3ca9f2b ] Request (ListServerFiltersTestJSON:test_list_servers_filtered_by_ip_regex): 200 GET http://10.180.1.21/compute/v2.1/servers/fa89db07-09b5-485d-aacc-e1d39e576218 0.810s
2025-04-14 13:58:31.393 69990 INFO tempest.lib.common.rest_client [req-44da4bcd-3377-4e10-85c7-cbbce801c86f req-44da4bcd-3377-4e10-85c7-cbbce801c86f ] Request (ServerDiagnosticsV248Test:test_get_server_diagnostics): 200 GET http://10.180.1.21/compute/v2.1/servers/eed1c412-ccce-4168-bce7-3e7101901b7f 0.770s
2025-04-14 13:58:31.399 69956 INFO tempest.lib.common.rest_client [req-fb29b81e-ea54-4176-9e1a-ab3c0f436161 req-fb29b81e-ea54-4176-9e1a-ab3c0f436161 ] Request (ServersAdminTestJSON:test_create_server_with_scheduling_hint): 200 GET http://10.180.1.21/compute/v2.1/servers/115e1a8c-381d-47c2-882d-a425f5e783f7 0.662s
2025-04-14 13:58:31.402 69964 INFO tempest.lib.common.rest_client [req-c1b70306-9d86-4923-8e2f-93e8757c80bd req-c1b70306-9d86-4923-8e2f-93e8757c80bd ] Request (AbsoluteLimitsNegativeTestJSON:tearDownClass): 201 POST http://10.180.1.21/identity/v3/auth/tokens 0.084s
2025-04-14 13:58:31.402 69990 INFO tempest.common.waiters [-] State transition "BUILD/scheduling" ==> "BUILD/None" after 24 second wait
2025-04-14 13:58:31.468 69948 INFO tempest.lib.common.rest_client [req-06825910-05fe-4a6e-bba0-bfd5acb18452 req-06825910-05fe-4a6e-bba0-bfd5acb18452 ] Request (ServerActionsTestJSON:setUpClass): 200 GET http://10.180.1.21/compute/v2.1/servers/9ee7dbf3-c86a-4cd8-ad1e-ca92cb90164d 0.666s
2025-04-14 13:58:31.535 69930 INFO tempest.lib.common.rest_client [req-04e56ba8-a8e3-48a1-b9f2-7d05d1881bdf req-04e56ba8-a8e3-48a1-b9f2-7d05d1881bdf ] Request (ServerRescueNegativeTestJSON:setUpClass): 200 GET http://10.180.1.21/compute/v2.1/servers/6ec24a38-4b28-42e6-b86b-654d79714a95 0.755s
2025-04-14 13:58:31.537 69978 INFO tempest.lib.common.rest_client [req-6d21b1b6-7aba-466d-9398-63a93d5d7158 req-6d21b1b6-7aba-466d-9398-63a93d5d7158 ] Request (ServerGroupTestJSON:test_create_server_with_scheduler_hint_group): 200 GET http://10.180.1.21/compute/v2.1/servers/2e020eec-2d4f-41b8-b31d-3add0744d592 0.546s
2025-04-14 13:58:31.599 69932 INFO tempest.lib.common.rest_client [req-b683c449-dc66-4ecf-a4ca-469e5df10f59 req-b683c449-dc66-4ecf-a4ca-469e5df10f59 ] Request (FloatingIPsAssociationNegativeTestJSON:setUpClass): 200 GET http://10.180.1.21/compute/v2.1/servers/00d02bd2-f8fa-415c-9a6f-c58b9af0be63 0.478s
2025-04-14 13:58:31.612 69952 INFO tempest.lib.common.rest_client [req-01d53b82-d281-4342-9243-ed6d03579708 req-01d53b82-d281-4342-9243-ed6d03579708 ] Request (ServersTestJSON:setUpClass): 200 GET http://10.180.1.21/compute/v2.1/servers/494cdc5d-27c6-4a1c-8089-4b2a4dd08566 0.566s
2025-04-14 13:58:31.633 69988 INFO tempest.lib.common.rest_client [req-19483df8-417d-484f-b2a4-6e7f90b8f93c req-19483df8-417d-484f-b2a4-6e7f90b8f93c ] Request (ServersTestFqdnHostnames:test_create_server_with_fqdn_name): 201 POST http://10.180.1.21:9696/networking/v2.0/floatingips 0.427s
2025-04-14 13:58:31.685 69964 INFO tempest.lib.common.rest_client [req-bd84cec9-4502-48cb-88e4-f96bd92b58f0 req-bd84cec9-4502-48cb-88e4-f96bd92b58f0 ] Request (AbsoluteLimitsNegativeTestJSON:tearDownClass): 200 GET http://10.180.1.21:9696/networking/v2.0/security-groups?tenant_id=1d3d455ab97f46e295a269041dcac9d3&name=default 0.282s
2025-04-14 13:58:31.692 69944 INFO tempest.lib.common.rest_client [req-ce2df5aa-dee4-4e90-b0f8-835423169f0e req-ce2df5aa-dee4-4e90-b0f8-835423169f0e ] Request (ServersListShow296Test:test_list_show_update_rebuild_server_296): 200 GET http://10.180.1.21/compute/v2.1/servers/997781de-b20c-4004-8374-deef83d9de6b 0.542s
2025-04-14 13:58:31.723 69988 INFO tempest.lib.common.rest_client [req-8f883c53-406f-419a-83ea-e0b7ba320c6f req-8f883c53-406f-419a-83ea-e0b7ba320c6f ] Request (ServersTestFqdnHostnames:test_create_server_with_fqdn_name): 201 POST http://10.180.1.21/identity/v3/auth/tokens 0.087s
2025-04-14 13:58:31.723 69988 INFO tempest.lib.common.fixed_network [-] (ServersTestFqdnHostnames:test_create_server_with_fqdn_name) Found network {'id': '60bd7721-c666-4cd7-b435-848381517f1b', 'name': 'tempest-ServersTestFqdnHostnames-247724674-network', 'tenant_id': 'ffb1b4ef74fd42d7b2360ed10872440e', 'admin_state_up': True, 'mtu': 8950, 'status': 'ACTIVE', 'subnets': [], 'shared': False, 'project_id': 'ffb1b4ef74fd42d7b2360ed10872440e', 'port_security_enabled': True, 'router:external': False, 'provider:network_type': 'vlan', 'provider:physical_network': 'default', 'provider:segmentation_id': 614, 'availability_zone_hints': [], 'availability_zones': [], 'ipv4_address_scope': None, 'ipv6_address_scope': None, 'description': '', 'tags': [], 'created_at': '2025-04-14T13:58:25Z', 'updated_at': '2025-04-14T13:58:25Z', 'revision_number': 1} available for tenant
2025-04-14 13:58:31.763 69962 INFO tempest.lib.common.rest_client [req-54373427-7618-4618-a706-b02b15abf8bc req-54373427-7618-4618-a706-b02b15abf8bc ] Request (ServerAddressesTestJSON:setUpClass): 200 GET http://10.180.1.21/compute/v2.1/servers/1e4afb61-0ef2-4805-85e2-4e480e8ba25f 0.563s
2025-04-14 13:58:31.819 69980 INFO tempest.lib.common.rest_client [req-a9035a5f-4335-454f-8e93-9c9145ade1f0 req-a9035a5f-4335-454f-8e93-9c9145ade1f0 ] Request (ImagesTestJSON:test_create_image_from_stopped_server): 200 GET http://10.180.1.21/compute/v2.1/images/db163b91-b673-4854-8a6e-c3e889399f04 0.593s
2025-04-14 13:58:31.900 69993 INFO tempest.lib.common.rest_client [req-3ad5f39f-ba59-4129-be2b-e95e254238e6 req-3ad5f39f-ba59-4129-be2b-e95e254238e6 ] Request (ServerMetadataNegativeTestJSON:setUpClass): 200 GET http://10.180.1.21/compute/v2.1/servers/20fa95e4-e66f-4310-81bf-beb9a42968dc 0.638s
2025-04-14 13:58:31.915 69964 INFO tempest.lib.common.rest_client [req-6ce9459f-8805-4022-aaef-c620c9866de4 req-6ce9459f-8805-4022-aaef-c620c9866de4 ] Request (AbsoluteLimitsNegativeTestJSON:tearDownClass): 204 DELETE http://10.180.1.21:9696/networking/v2.0/security-groups/81f3cdc0-cb72-4e81-9c35-6874c8641c20 0.230s
2025-04-14 13:58:31.976 69976 INFO tempest.lib.common.rest_client [req-938c0315-9ede-4704-bfaa-5644b3d2c935 req-938c0315-9ede-4704-bfaa-5644b3d2c935 ] Request (DeleteServersAdminTestJSON:test_delete_server_while_in_error_state): 200 GET http://10.180.1.21/compute/v2.1/servers/13ec57c7-56f5-40c6-ab32-aac0fd67c9b1 0.698s
2025-04-14 13:58:31.995 69964 INFO tempest.lib.common.rest_client [req-dde35bed-2e0d-4a3c-ab09-e2ccaa23b707 req-dde35bed-2e0d-4a3c-ab09-e2ccaa23b707 ] Request (AbsoluteLimitsNegativeTestJSON:tearDownClass): 204 DELETE http://10.180.1.21/identity/v3/projects/1d3d455ab97f46e295a269041dcac9d3 0.079s
2025-04-14 13:58:32.059 69940 INFO tempest.lib.common.rest_client [req-e928f844-bdd3-4561-99eb-ced994093299 req-e928f844-bdd3-4561-99eb-ced994093299 ] Request (ImagesOneServerTestJSON:setUpClass): 200 GET http://10.180.1.21/compute/v2.1/servers/d9e3bd67-974c-477a-baa2-99549051a828 0.716s
2025-04-14 13:58:32.183 69958 INFO tempest.lib.common.rest_client [req-46de2257-1eed-4949-b5ee-ba6f1219d43d req-46de2257-1eed-4949-b5ee-ba6f1219d43d ] Request (FloatingIPsTestJSON:_run_cleanups): 202 DELETE http://10.180.1.21/compute/v2.1/os-floating-ips/dc00728a-775a-46f9-8b43-79cffe1a2801 1.007s
2025-04-14 13:58:32.254 69946 INFO tempest.lib.common.rest_client [req-8752789c-68d3-4bc4-8f32-878fbf72d054 req-8752789c-68d3-4bc4-8f32-878fbf72d054 ] Request (ServerShowV254Test:test_rebuild_server): 200 GET http://10.180.1.21/compute/v2.1/servers/cd5b4748-087b-4058-990d-e15affb5a715 0.853s
2025-04-14 13:58:32.264 69946 INFO tempest.common.waiters [-] State transition "REBUILD/rebuilding" ==> "REBUILD/rebuild_block_device_mapping" after 2 second wait
2025-04-14 13:58:32.270 69966 INFO tempest.lib.common.rest_client [req-e407481d-0398-4412-953c-a88182f97077 req-e407481d-0398-4412-953c-a88182f97077 ] Request (ListServerFiltersTestJSON:test_list_servers_filtered_by_ip_regex): 200 GET http://10.180.1.21/compute/v2.1/servers/detail 0.918s
2025-04-14 13:58:32.326 69982 INFO tempest.lib.common.rest_client [req-d6af1132-fba6-4cd7-9034-735291b5499c req-d6af1132-fba6-4cd7-9034-735291b5499c ] Request (ImagesNegativeTestJSON:test_create_image_from_deleted_server): 200 GET http://10.180.1.21/compute/v2.1/servers/faeb64d6-dd4f-4267-af4f-d42dcc1c45c9 0.729s
2025-04-14 13:58:32.363 69950 INFO tempest.lib.common.rest_client [req-27e97878-51aa-4099-8838-bc60f38571df req-27e97878-51aa-4099-8838-bc60f38571df ] Request (ServersWithSpecificFlavorTestJSON:test_verify_created_server_ephemeral_disk): 200 GET http://10.180.1.21/compute/v2.1/servers/b557580c-420c-42bf-90f5-43960bf4f3d5 0.792s
2025-04-14 13:58:32.401 69954 INFO tempest.lib.common.rest_client [req-709eb6ea-121d-4cd7-b9e2-4a667ec4b54f req-709eb6ea-121d-4cd7-b9e2-4a667ec4b54f ] Request (ServerDiagnosticsTest:tearDownClass): 200 GET http://10.180.1.21/compute/v2.1/servers/c1d7aa83-ab84-4ff3-a10f-e04e84582ed4 0.744s
2025-04-14 13:58:32.424 69938 INFO tempest.lib.common.rest_client [req-593772a1-f2c1-488e-8fb5-a61fa6c4b6d2 req-593772a1-f2c1-488e-8fb5-a61fa6c4b6d2 ] Request (ServerAddressesNegativeTestJSON:tearDownClass): 200 GET http://10.180.1.21/compute/v2.1/servers/8fcf169e-2bcf-4fff-9a99-7dc8db4ce128 0.735s
2025-04-14 13:58:32.431 69938 INFO tempest.common.waiters [-] State transition "ACTIVE/deleting" ==> "DELETED/None" after 4 second wait
2025-04-14 13:58:32.459 69936 INFO tempest.lib.common.rest_client [req-39307125-46a1-4b5d-8fca-853441e494d5 req-39307125-46a1-4b5d-8fca-853441e494d5 ] Request (ServerActionsTestOtherB:setUpClass): 200 GET http://10.180.1.21/compute/v2.1/servers/fa7f8ff7-658a-46d0-a6dc-232614af850d 0.746s
2025-04-14 13:58:32.574 69974 INFO tempest.lib.common.rest_client [req-a5b68b01-cc38-4d92-9499-9907ff2d8216 req-a5b68b01-cc38-4d92-9499-9907ff2d8216 ] Request (ServersV294TestFqdnHostnames:setUpClass): 200 GET http://10.180.1.21/compute/v2.1/servers/1178a341-cc87-48f9-b274-f0a1ab0c01fc 0.596s
2025-04-14 13:58:32.627 69942 INFO tempest.lib.common.rest_client [req-cec2e19e-e812-46ee-9467-cb860cc50193 req-cec2e19e-e812-46ee-9467-cb860cc50193 ] Request (FloatingIPsAssociationTestJSON:test_associate_already_associated_floating_ip): 200 GET http://10.180.1.21/compute/v2.1/servers/e75fc999-a479-44b6-a715-1a76054d73c6 0.577s
2025-04-14 13:58:32.738 69968 INFO tempest.lib.common.rest_client [req-45d26b86-265a-4aa7-8ef6-b5055aa98436 req-45d26b86-265a-4aa7-8ef6-b5055aa98436 ] Request (ListImageFiltersTestJSON:setUpClass): 204 PUT http://10.180.1.21/image/v2/images/14f72dbf-3101-4a96-8eae-2226e44e7ce9/file 0.727s
2025-04-14 13:58:32.873 69960 WARNING tempest.lib.common.ssh [-] Failed to establish authenticated ssh connection to cirros@10.180.180.203 ([Errno None] Unable to connect to port 22 on 10.180.180.203). Number attempts: 3. Retry after 4 seconds.: paramiko.ssh_exception.NoValidConnectionsError: [Errno None] Unable to connect to port 22 on 10.180.180.203
2025-04-14 13:58:33.252 69988 INFO tempest.lib.common.rest_client [req-3d6bcdb5-31d4-48df-82eb-657fd9f19034 req-3d6bcdb5-31d4-48df-82eb-657fd9f19034 ] Request (ServersTestFqdnHostnames:test_create_server_with_fqdn_name): 202 POST http://10.180.1.21/compute/v2.1/servers 1.528s
2025-04-14 13:58:33.285 69958 INFO tempest.lib.common.rest_client [req-02bfd4f8-0cd0-4e42-bf9d-9e24e8dcf430 req-02bfd4f8-0cd0-4e42-bf9d-9e24e8dcf430 ] Request (FloatingIPsTestJSON:test_delete_floating_ip): 200 POST http://10.180.1.21/compute/v2.1/os-floating-ips 1.099s
2025-04-14 13:58:33.333 69934 INFO tempest.lib.common.rest_client [req-e21c01ad-7b99-4e10-82d0-44c0a69138f9 req-e21c01ad-7b99-4e10-82d0-44c0a69138f9 ] Request (ServersAdmin275Test:tearDownClass): 200 GET http://10.180.1.21/compute/v2.1/servers/82d7d697-989c-4f9f-aaf4-7a7345bf2292 1.082s
2025-04-14 13:58:33.422 69972 INFO tempest.lib.common.rest_client [req-65eb8ee7-2cc3-4f4c-aa15-24afc56387fe req-65eb8ee7-2cc3-4f4c-aa15-24afc56387fe ] Request (ServersListShow2100Test:test_list_show_rebuild_update_server_2100): 200 GET http://10.180.1.21/compute/v2.1/servers/f2b492f9-2517-4ee7-b4e7-c6c3bb912e49 1.138s
2025-04-14 13:58:33.437 69972 INFO tempest.common.waiters [-] State transition "BUILD/block_device_mapping" ==> "BUILD/spawning" after 41 second wait
2025-04-14 13:58:33.441 69966 INFO tempest.lib.common.rest_client [req-b2538b2c-398d-450a-a1c7-f29e2a14735b req-b2538b2c-398d-450a-a1c7-f29e2a14735b ] Request (ListServerFiltersTestJSON:test_list_servers_filtered_by_ip_regex): 200 GET http://10.180.1.21/compute/v2.1/servers?ip=192.168.128. 1.162s
2025-04-14 13:58:33.480 69970 INFO tempest.lib.common.rest_client [req-33f15854-5d87-4bcd-9c46-ecc115fe5c99 req-33f15854-5d87-4bcd-9c46-ecc115fe5c99 ] Request (SecurityGroupsTestJSON:test_list_security_groups_by_server): 200 GET http://10.180.1.21/compute/v2.1/servers/d812aca8-c993-4f3e-8235-115a51b60501 1.140s
2025-04-14 13:58:33.494 69990 INFO tempest.lib.common.rest_client [req-7863923b-32b9-4327-9f0f-403e4a2cee33 req-7863923b-32b9-4327-9f0f-403e4a2cee33 ] Request (ServerDiagnosticsV248Test:test_get_server_diagnostics): 200 GET http://10.180.1.21/compute/v2.1/servers/eed1c412-ccce-4168-bce7-3e7101901b7f 1.091s
2025-04-14 13:58:33.535 69956 INFO tempest.lib.common.rest_client [req-48dcae66-a12a-4f5c-9373-46da0ded7516 req-48dcae66-a12a-4f5c-9373-46da0ded7516 ] Request (ServersAdminTestJSON:test_create_server_with_scheduling_hint): 200 GET http://10.180.1.21/compute/v2.1/servers/115e1a8c-381d-47c2-882d-a425f5e783f7 1.125s
2025-04-14 13:58:33.546 69948 INFO tempest.lib.common.rest_client [req-9d029510-ac2e-4f8b-9e86-b649cd64ba3b req-9d029510-ac2e-4f8b-9e86-b649cd64ba3b ] Request (ServerActionsTestJSON:setUpClass): 200 GET http://10.180.1.21/compute/v2.1/servers/9ee7dbf3-c86a-4cd8-ad1e-ca92cb90164d 1.066s
2025-04-14 13:58:33.606 69978 INFO tempest.lib.common.rest_client [req-1d0b5b9a-be74-4cc9-9ea2-96404a4066d1 req-1d0b5b9a-be74-4cc9-9ea2-96404a4066d1 ] Request (ServerGroupTestJSON:test_create_server_with_scheduler_hint_group): 200 GET http://10.180.1.21/compute/v2.1/servers/2e020eec-2d4f-41b8-b31d-3add0744d592 1.062s
2025-04-14 13:58:33.679 69930 INFO tempest.lib.common.rest_client [req-23092577-0e54-4ad4-a273-4b39c37779bc req-23092577-0e54-4ad4-a273-4b39c37779bc ] Request (ServerRescueNegativeTestJSON:setUpClass): 200 GET http://10.180.1.21/compute/v2.1/servers/6ec24a38-4b28-42e6-b86b-654d79714a95 1.136s
2025-04-14 13:58:33.683 69932 INFO tempest.lib.common.rest_client [req-1d40c8f4-f000-4055-8ff7-271a58dfeb45 req-1d40c8f4-f000-4055-8ff7-271a58dfeb45 ] Request (FloatingIPsAssociationNegativeTestJSON:setUpClass): 200 GET http://10.180.1.21/compute/v2.1/servers/00d02bd2-f8fa-415c-9a6f-c58b9af0be63 1.073s
2025-04-14 13:58:33.735 69952 INFO tempest.lib.common.rest_client [req-9c95a527-8a8e-491c-8ab6-2d086241a6c8 req-9c95a527-8a8e-491c-8ab6-2d086241a6c8 ] Request (ServersTestJSON:setUpClass): 200 GET http://10.180.1.21/compute/v2.1/servers/494cdc5d-27c6-4a1c-8089-4b2a4dd08566 1.114s
2025-04-14 13:58:33.747 69944 INFO tempest.lib.common.rest_client [req-ddcccc4a-3cd0-4844-a535-9544b6c53632 req-ddcccc4a-3cd0-4844-a535-9544b6c53632 ] Request (ServersListShow296Test:test_list_show_update_rebuild_server_296): 200 GET http://10.180.1.21/compute/v2.1/servers/997781de-b20c-4004-8374-deef83d9de6b 1.041s
2025-04-14 13:58:33.773 69968 INFO tempest.lib.common.rest_client [req-5b4230a6-fd84-4852-abe7-adbca36accea req-5b4230a6-fd84-4852-abe7-adbca36accea ] Request (ListImageFiltersTestJSON:setUpClass): 200 GET http://10.180.1.21/compute/v2.1/images/14f72dbf-3101-4a96-8eae-2226e44e7ce9 1.035s
2025-04-14 13:58:33.803 69962 INFO tempest.lib.common.rest_client [req-3e9efcb1-9069-411d-a6d5-c9b6c8d2c286 req-3e9efcb1-9069-411d-a6d5-c9b6c8d2c286 ] Request (ServerAddressesTestJSON:setUpClass): 200 GET http://10.180.1.21/compute/v2.1/servers/1e4afb61-0ef2-4805-85e2-4e480e8ba25f 1.030s
2025-04-14 13:58:33.816 69980 INFO tempest.lib.common.rest_client [req-77d58ea1-19e2-46b1-963f-cda4a72d1a07 req-77d58ea1-19e2-46b1-963f-cda4a72d1a07 ] Request (ImagesTestJSON:test_create_image_from_stopped_server): 200 GET http://10.180.1.21/compute/v2.1/images/db163b91-b673-4854-8a6e-c3e889399f04 0.990s
2025-04-14 13:58:33.867 69993 INFO tempest.lib.common.rest_client [req-477c4cf9-364f-4963-b572-007122c2927a req-477c4cf9-364f-4963-b572-007122c2927a ] Request (ServerMetadataNegativeTestJSON:setUpClass): 200 GET http://10.180.1.21/compute/v2.1/servers/20fa95e4-e66f-4310-81bf-beb9a42968dc 0.954s
2025-04-14 13:58:33.882 69976 INFO tempest.lib.common.rest_client [req-3d26541b-1c1c-4135-9222-4c2bb51a0828 req-3d26541b-1c1c-4135-9222-4c2bb51a0828 ] Request (DeleteServersAdminTestJSON:test_delete_server_while_in_error_state): 200 GET http://10.180.1.21/compute/v2.1/servers/13ec57c7-56f5-40c6-ab32-aac0fd67c9b1 0.893s
2025-04-14 13:58:33.933 69940 INFO tempest.lib.common.rest_client [req-bdab2162-5de2-4e40-8676-7adf5f66eeec req-bdab2162-5de2-4e40-8676-7adf5f66eeec ] Request (ImagesOneServerTestJSON:setUpClass): 200 GET http://10.180.1.21/compute/v2.1/servers/d9e3bd67-974c-477a-baa2-99549051a828 0.863s
2025-04-14 13:58:33.943 69988 INFO tempest.lib.common.rest_client [req-2fc35380-c61a-4812-aff5-c0d1dd5f759a req-2fc35380-c61a-4812-aff5-c0d1dd5f759a ] Request (ServersTestFqdnHostnames:test_create_server_with_fqdn_name): 200 GET http://10.180.1.21/compute/v2.1/servers/3d07cf05-d08d-409f-9bbd-b7ff213e29ff 0.689s
2025-04-14 13:58:34.002 69946 INFO tempest.lib.common.rest_client [req-8599cae6-e4a0-47cf-83c6-e592b11bd299 req-8599cae6-e4a0-47cf-83c6-e592b11bd299 ] Request (ServerShowV254Test:test_rebuild_server): 200 GET http://10.180.1.21/compute/v2.1/servers/cd5b4748-087b-4058-990d-e15affb5a715 0.734s
2025-04-14 13:58:34.013 69946 INFO tempest.common.waiters [-] State transition "REBUILD/rebuild_block_device_mapping" ==> "REBUILD/rebuild_spawning" after 4 second wait
2025-04-14 13:58:34.215 69982 INFO tempest.lib.common.rest_client [req-224ee9da-d4e2-45a0-86b0-e8a435a22f63 req-224ee9da-d4e2-45a0-86b0-e8a435a22f63 ] Request (ImagesNegativeTestJSON:test_create_image_from_deleted_server): 200 GET http://10.180.1.21/compute/v2.1/servers/faeb64d6-dd4f-4267-af4f-d42dcc1c45c9 0.881s
2025-04-14 13:58:34.224 69982 INFO tempest.common.waiters [-] State transition "BUILD/None" ==> "BUILD/block_device_mapping" after 40 second wait
