2025-04-14 13:59:09.003 69942 INFO tempest.lib.common.rest_client [req-dddedef8-99bf-4b6f-b10e-7331a7600543 req-dddedef8-99bf-4b6f-b10e-7331a7600543 ] Request (FloatingIPsAssociationTestJSON:tearDownClass): 200 GET http://10.180.1.21/compute/v2.1/servers/e75fc999-a479-44b6-a715-1a76054d73c6 0.901s
2025-04-14 13:59:09.006 69968 INFO tempest.lib.common.rest_client [req-9a3a416c-463e-4bb0-a004-e3456c459b26 req-9a3a416c-463e-4bb0-a004-e3456c459b26 ] Request (ListImageFiltersTestJSON:setUpClass): 200 GET http://10.180.1.21/compute/v2.1/servers/8a331293-ee7f-4faa-a316-56aec9296894 0.851s
2025-04-14 13:59:09.061 69978 INFO tempest.lib.common.rest_client [req-51c2b0a0-b5ee-4809-85ed-a2d07461aa18 req-51c2b0a0-b5ee-4809-85ed-a2d07461aa18 ] Request (ServerGroupTestJSON:test_create_server_with_scheduler_hint_group): 200 GET http://10.180.1.21/compute/v2.1/servers/2e020eec-2d4f-41b8-b31d-3add0744d592 0.486s
2025-04-14 13:59:09.063 69930 INFO tempest.lib.common.rest_client [req-348e17ba-e53a-44b7-9c8f-cacd124e7bd4 req-348e17ba-e53a-44b7-9c8f-cacd124e7bd4 ] Request (ServerRescueNegativeTestJSON:test_rescued_vm_detach_volume): 200 GET http://10.180.1.21/compute/v2.1/servers/b2c6c4bb-86f8-4e8f-b83d-a77d00447ff2 0.467s
2025-04-14 13:59:09.111 69980 INFO tempest.lib.common.rest_client [req-2a563356-0b4e-4c70-ae07-56e4ceb3f9b7 req-2a563356-0b4e-4c70-ae07-56e4ceb3f9b7 ] Request (ImagesTestJSON:test_create_image_from_suspended_server): 200 GET http://10.180.1.21/compute/v2.1/servers/e1db078f-b047-4e92-9b28-109607d988a4 0.434s
2025-04-14 13:59:09.119 69958 INFO tempest.lib.common.rest_client [req-ad5a0de4-a519-4f7c-a3a9-baea06e231e7 req-ad5a0de4-a519-4f7c-a3a9-baea06e231e7 ] Request (DeleteServersTestJSON:test_delete_active_server): 200 GET http://10.180.1.21/compute/v2.1/servers/ff22c9d2-3cfe-48ed-b3f5-c0cfe68812c2 0.387s
2025-04-14 13:59:09.187 69940 INFO tempest.lib.common.rest_client [req-b4766424-9eb4-4a2f-82c5-7e40c823ee15 req-b4766424-9eb4-4a2f-82c5-7e40c823ee15 ] Request (ImagesOneServerTestJSON:setUpClass): 200 GET http://10.180.1.21/compute/v2.1/servers/d9e3bd67-974c-477a-baa2-99549051a828 0.404s
2025-04-14 13:59:09.221 69970 INFO tempest.lib.common.rest_client [req-8fae36b7-702c-4393-b615-a9e37825acd2 req-8fae36b7-702c-4393-b615-a9e37825acd2 ] Request (SecurityGroupsTestJSON:test_security_groups_create_list_delete): 202 DELETE http://10.180.1.21/compute/v2.1/os-security-groups/cfd9ff59-7775-49fb-b187-820072faf69a 0.473s
2025-04-14 13:59:09.226 69960 WARNING tempest.lib.common.ssh [-] Failed to establish authenticated ssh connection to cirros@10.180.180.203 ([Errno None] Unable to connect to port 22 on 10.180.180.203). Number attempts: 7. Retry after 8 seconds.: paramiko.ssh_exception.NoValidConnectionsError: [Errno None] Unable to connect to port 22 on 10.180.180.203
2025-04-14 13:59:09.249 69993 INFO tempest.lib.common.rest_client [req-2d7fe18b-2762-438e-8258-6f6895c68c05 req-2d7fe18b-2762-438e-8258-6f6895c68c05 ] Request (ServerMetadataNegativeTestJSON:setUpClass): 200 GET http://10.180.1.21/compute/v2.1/servers/20fa95e4-e66f-4310-81bf-beb9a42968dc 0.318s
2025-04-14 13:59:09.297 69976 INFO tempest.lib.common.rest_client [req-baf031ae-4220-4842-a03b-5717980e32db req-baf031ae-4220-4842-a03b-5717980e32db ] Request (DeleteServersAdminTestJSON:test_delete_server_while_in_error_state): 200 GET http://10.180.1.21/compute/v2.1/servers/13ec57c7-56f5-40c6-ab32-aac0fd67c9b1 0.313s
2025-04-14 13:59:09.411 69952 INFO tempest.lib.common.rest_client [req-163919e7-faef-48ae-b6e1-73f579fed982 req-163919e7-faef-48ae-b6e1-73f579fed982 ] Request (ServersTestJSON:setUpClass): 200 GET http://10.180.1.21/compute/v2.1/servers/494cdc5d-27c6-4a1c-8089-4b2a4dd08566 0.336s
2025-04-14 13:59:09.457 69988 INFO tempest.lib.common.rest_client [req-ffbf5e75-7936-41cd-9bea-8cd49e3db952 req-ffbf5e75-7936-41cd-9bea-8cd49e3db952 ] Request (ServersTestFqdnHostnames:test_create_server_with_fqdn_name): 200 GET http://10.180.1.21/compute/v2.1/servers/3d07cf05-d08d-409f-9bbd-b7ff213e29ff 0.337s
2025-04-14 13:59:09.520 69972 INFO tempest.lib.common.rest_client [req-db180825-98fd-4c2a-8476-f1f941fa2de4 req-db180825-98fd-4c2a-8476-f1f941fa2de4 ] Request (ServersListShow2100Test:tearDownClass): 200 GET http://10.180.1.21/compute/v2.1/servers/f2b492f9-2517-4ee7-b4e7-c6c3bb912e49 0.330s
2025-04-14 13:59:09.543 69970 INFO tempest.lib.common.rest_client [req-7984f22a-1968-4931-b91d-b4b95275d633 req-7984f22a-1968-4931-b91d-b4b95275d633 ] Request (SecurityGroupsTestJSON:test_security_groups_create_list_delete): 404 GET http://10.180.1.21/compute/v2.1/os-security-groups/cfd9ff59-7775-49fb-b187-820072faf69a 0.322s
2025-04-14 13:59:09.589 69954 INFO tempest.lib.common.rest_client [req-cbed278d-b3b2-4db2-b5b0-baf4c1d5963a req-cbed278d-b3b2-4db2-b5b0-baf4c1d5963a ] Request (AttachInterfacesUnderV243Test:test_add_remove_fixed_ip): 200 GET http://10.180.1.21/compute/v2.1/servers/df4f5b07-b088-4c1f-9a13-7812115eeaf0 0.354s
2025-04-14 13:59:09.647 69982 INFO tempest.lib.common.rest_client [req-700aba0e-95ce-43a2-86c3-fc1ac75b19ac req-700aba0e-95ce-43a2-86c3-fc1ac75b19ac ] Request (ImagesNegativeTestJSON:test_create_image_from_deleted_server): 200 GET http://10.180.1.21/compute/v2.1/servers/faeb64d6-dd4f-4267-af4f-d42dcc1c45c9 0.354s
2025-04-14 13:59:09.707 69944 INFO tempest.lib.common.rest_client [req-9297840d-1302-4faa-9da9-8446a4025d4c req-9297840d-1302-4faa-9da9-8446a4025d4c ] Request (ServersListShow296Test:test_list_show_update_rebuild_server_296): 200 GET http://10.180.1.21/compute/v2.1/servers/997781de-b20c-4004-8374-deef83d9de6b 0.355s
2025-04-14 13:59:09.774 69966 INFO tempest.lib.common.rest_client [req-a9445c00-f6cd-4cbf-8e7b-36170887d4bd req-a9445c00-f6cd-4cbf-8e7b-36170887d4bd ] Request (ListServerFiltersTestJSON:tearDownClass): 200 GET http://10.180.1.21/compute/v2.1/servers/fa89db07-09b5-485d-aacc-e1d39e576218 0.367s
2025-04-14 13:59:09.840 69962 INFO tempest.lib.common.rest_client [req-3c72bd74-b1c6-4c28-a012-b7dc6755d145 req-3c72bd74-b1c6-4c28-a012-b7dc6755d145 ] Request (ServerAddressesTestJSON:tearDownClass): 200 GET http://10.180.1.21/compute/v2.1/servers/1e4afb61-0ef2-4805-85e2-4e480e8ba25f 0.369s
2025-04-14 13:59:09.910 69946 INFO tempest.lib.common.rest_client [req-94ff70ff-2d18-489e-a1b9-54670792a970 req-94ff70ff-2d18-489e-a1b9-54670792a970 ] Request (ServerShowV254Test:tearDownClass): 200 GET http://10.180.1.21/compute/v2.1/servers/cd5b4748-087b-4058-990d-e15affb5a715 0.380s
2025-04-14 13:59:10.148 69970 INFO tempest.lib.common.rest_client [req-05da4836-8d40-4082-9570-1fcb562573c5 req-05da4836-8d40-4082-9570-1fcb562573c5 ] Request (SecurityGroupsTestJSON:test_security_groups_create_list_delete): 202 DELETE http://10.180.1.21/compute/v2.1/os-security-groups/d69ca4ec-2084-4fd3-a72a-4330705989fc 0.604s
2025-04-14 13:59:10.214 69934 INFO tempest.lib.common.rest_client [req-020ae0f4-650f-42a0-a875-5de118002390 req-020ae0f4-650f-42a0-a875-5de118002390 ] Request (ServersAdminNegativeTestJSON:setUpClass): 200 GET http://10.180.1.21/compute/v2.1/servers/83459ab7-4522-4d02-8ef3-80a3eb14dde5 0.551s
2025-04-14 13:59:10.246 69932 INFO tempest.lib.common.rest_client [req-d1033c46-908a-489c-a4e7-ce7e6aeaa1fd req-d1033c46-908a-489c-a4e7-ce7e6aeaa1fd ] Request (FloatingIPsAssociationNegativeTestJSON:_run_cleanups): 202 POST http://10.180.1.21/compute/v2.1/servers/00d02bd2-f8fa-415c-9a6f-c58b9af0be63/action 1.305s
2025-04-14 13:59:10.267 69936 INFO tempest.lib.common.rest_client [req-a7bcb888-e45e-4c2a-8a0c-2b1cd8b43392 req-a7bcb888-e45e-4c2a-8a0c-2b1cd8b43392 ] Request (ServerActionsTestOtherB:setUpClass): 200 GET http://10.180.1.21/compute/v2.1/servers/fa7f8ff7-658a-46d0-a6dc-232614af850d 0.535s
2025-04-14 13:59:10.337 69948 INFO tempest.lib.common.rest_client [req-10b73da0-1579-4695-8890-8df75c6b6954 req-10b73da0-1579-4695-8890-8df75c6b6954 ] Request (ServerActionsTestJSON:setUpClass): 200 GET http://10.180.1.21/compute/v2.1/servers/9ee7dbf3-c86a-4cd8-ad1e-ca92cb90164d 0.398s
2025-04-14 13:59:10.378 69956 INFO tempest.lib.common.rest_client [req-0e9caec0-a06f-4af3-ac3b-84b74cb31e71 req-0e9caec0-a06f-4af3-ac3b-84b74cb31e71 ] Request (ServersAdminTestJSON:test_create_server_with_scheduling_hint): 200 GET http://10.180.1.21/compute/v2.1/servers/115e1a8c-381d-47c2-882d-a425f5e783f7 0.511s
2025-04-14 13:59:10.404 69942 INFO tempest.lib.common.rest_client [req-c04ecd1f-ce6b-4fd3-abdf-4813806f7676 req-c04ecd1f-ce6b-4fd3-abdf-4813806f7676 ] Request (FloatingIPsAssociationTestJSON:tearDownClass): 200 GET http://10.180.1.21/compute/v2.1/servers/e75fc999-a479-44b6-a715-1a76054d73c6 0.392s
2025-04-14 13:59:10.438 69968 INFO tempest.lib.common.rest_client [req-8da6dbd1-d637-45af-80ae-085f6f69b2f3 req-8da6dbd1-d637-45af-80ae-085f6f69b2f3 ] Request (ListImageFiltersTestJSON:setUpClass): 200 GET http://10.180.1.21/compute/v2.1/servers/8a331293-ee7f-4faa-a316-56aec9296894 0.423s
2025-04-14 13:59:10.454 69978 INFO tempest.lib.common.rest_client [req-e04dab51-cabb-4d5d-a915-6f684ca5dab9 req-e04dab51-cabb-4d5d-a915-6f684ca5dab9 ] Request (ServerGroupTestJSON:test_create_server_with_scheduler_hint_group): 200 GET http://10.180.1.21/compute/v2.1/servers/2e020eec-2d4f-41b8-b31d-3add0744d592 0.385s
2025-04-14 13:59:10.495 69930 INFO tempest.lib.common.rest_client [req-7d44217e-ff47-427f-b859-29b142f9cf54 req-7d44217e-ff47-427f-b859-29b142f9cf54 ] Request (ServerRescueNegativeTestJSON:test_rescued_vm_detach_volume): 200 GET http://10.180.1.21/compute/v2.1/servers/b2c6c4bb-86f8-4e8f-b83d-a77d00447ff2 0.425s
2025-04-14 13:59:10.501 69980 INFO tempest.lib.common.rest_client [req-cc87d989-a61f-4459-a93b-a652ad94d0ec req-cc87d989-a61f-4459-a93b-a652ad94d0ec ] Request (ImagesTestJSON:test_create_image_from_suspended_server): 200 GET http://10.180.1.21/compute/v2.1/servers/e1db078f-b047-4e92-9b28-109607d988a4 0.382s
2025-04-14 13:59:10.518 69970 INFO tempest.lib.common.rest_client [req-9133aefb-94e1-40d5-af6d-2ff6354e416e req-9133aefb-94e1-40d5-af6d-2ff6354e416e ] Request (SecurityGroupsTestJSON:test_security_groups_create_list_delete): 404 GET http://10.180.1.21/compute/v2.1/os-security-groups/d69ca4ec-2084-4fd3-a72a-4330705989fc 0.370s
2025-04-14 13:59:10.538 69958 INFO tempest.lib.common.rest_client [req-ce951bc0-8b78-4fee-882e-397b3ad27a9a req-ce951bc0-8b78-4fee-882e-397b3ad27a9a ] Request (DeleteServersTestJSON:test_delete_active_server): 200 GET http://10.180.1.21/compute/v2.1/servers/ff22c9d2-3cfe-48ed-b3f5-c0cfe68812c2 0.410s
2025-04-14 13:59:10.572 69940 INFO tempest.lib.common.rest_client [req-59b4b058-6f59-4628-820c-a58da0efb615 req-59b4b058-6f59-4628-820c-a58da0efb615 ] Request (ImagesOneServerTestJSON:setUpClass): 200 GET http://10.180.1.21/compute/v2.1/servers/d9e3bd67-974c-477a-baa2-99549051a828 0.374s
2025-04-14 13:59:10.614 69993 INFO tempest.lib.common.rest_client [req-6c720b86-06da-41c6-817d-20d37e87f591 req-6c720b86-06da-41c6-817d-20d37e87f591 ] Request (ServerMetadataNegativeTestJSON:setUpClass): 200 GET http://10.180.1.21/compute/v2.1/servers/20fa95e4-e66f-4310-81bf-beb9a42968dc 0.354s
2025-04-14 13:59:10.778 69976 INFO tempest.lib.common.rest_client [req-05473709-55dc-4d45-a22d-90800d04f655 req-05473709-55dc-4d45-a22d-90800d04f655 ] Request (DeleteServersAdminTestJSON:test_delete_server_while_in_error_state): 200 GET http://10.180.1.21/compute/v2.1/servers/13ec57c7-56f5-40c6-ab32-aac0fd67c9b1 0.473s
2025-04-14 13:59:10.786 69976 INFO tempest.common.waiters [-] State transition "BUILD/None" ==> "BUILD/block_device_mapping" after 59 second wait
2025-04-14 13:59:10.950 69952 INFO tempest.lib.common.rest_client [req-2f87fd27-087d-463c-b991-976ab7cc1784 req-2f87fd27-087d-463c-b991-976ab7cc1784 ] Request (ServersTestJSON:setUpClass): 200 GET http://10.180.1.21/compute/v2.1/servers/494cdc5d-27c6-4a1c-8089-4b2a4dd08566 0.530s
2025-04-14 13:59:11.034 69988 INFO tempest.lib.common.rest_client [req-ac9967e8-7bfa-403b-b022-5727c0045e4d req-ac9967e8-7bfa-403b-b022-5727c0045e4d ] Request (ServersTestFqdnHostnames:test_create_server_with_fqdn_name): 200 GET http://10.180.1.21/compute/v2.1/servers/3d07cf05-d08d-409f-9bbd-b7ff213e29ff 0.568s
2025-04-14 13:59:11.083 69932 INFO tempest.lib.common.rest_client [req-8df6f5ef-a2ca-4af6-b009-cff4f4cba039 req-8df6f5ef-a2ca-4af6-b009-cff4f4cba039 ] Request (FloatingIPsAssociationNegativeTestJSON:_run_cleanups): 202 DELETE http://10.180.1.21/compute/v2.1/os-floating-ips/f915def8-b7fa-45f0-bd01-18e79ba1935e 0.836s
2025-04-14 13:59:11.179 69972 INFO tempest.lib.common.rest_client [req-42d97328-d017-4d1c-a205-bf22aa20600f req-42d97328-d017-4d1c-a205-bf22aa20600f ] Request (ServersListShow2100Test:tearDownClass): 200 GET http://10.180.1.21/compute/v2.1/servers/f2b492f9-2517-4ee7-b4e7-c6c3bb912e49 0.639s
2025-04-14 13:59:11.197 69970 INFO tempest.lib.common.rest_client [req-dae042ab-0667-4888-840c-604e8be563e7 req-dae042ab-0667-4888-840c-604e8be563e7 ] Request (SecurityGroupsTestJSON:test_security_groups_create_list_delete): 200 GET http://10.180.1.21/compute/v2.1/os-security-groups 0.678s
2025-04-14 13:59:11.223 69954 INFO tempest.lib.common.rest_client [req-bb09ec1e-3c39-483a-83c2-5a82f895ad73 req-bb09ec1e-3c39-483a-83c2-5a82f895ad73 ] Request (AttachInterfacesUnderV243Test:test_add_remove_fixed_ip): 200 GET http://10.180.1.21/compute/v2.1/servers/df4f5b07-b088-4c1f-9a13-7812115eeaf0 0.624s
2025-04-14 13:59:11.253 69982 INFO tempest.lib.common.rest_client [req-5162a808-f21d-491b-9c56-f522e521668c req-5162a808-f21d-491b-9c56-f522e521668c ] Request (ImagesNegativeTestJSON:test_create_image_from_deleted_server): 200 GET http://10.180.1.21/compute/v2.1/servers/faeb64d6-dd4f-4267-af4f-d42dcc1c45c9 0.598s
2025-04-14 13:59:11.279 69944 INFO tempest.lib.common.rest_client [req-29676e9a-127f-4f68-9f79-24a19d78f8f1 req-29676e9a-127f-4f68-9f79-24a19d78f8f1 ] Request (ServersListShow296Test:test_list_show_update_rebuild_server_296): 200 GET http://10.180.1.21/compute/v2.1/servers/997781de-b20c-4004-8374-deef83d9de6b 0.559s
2025-04-14 13:59:11.288 69944 INFO tempest.common.waiters [-] State transition "REBUILD/rebuilding" ==> "REBUILD/rebuild_spawning" after 3 second wait
2025-04-14 13:59:11.319 69966 INFO tempest.lib.common.rest_client [req-63fb2d52-38b0-442c-a81c-3eb43bf80a3b req-63fb2d52-38b0-442c-a81c-3eb43bf80a3b ] Request (ListServerFiltersTestJSON:tearDownClass): 200 GET http://10.180.1.21/compute/v2.1/servers/fa89db07-09b5-485d-aacc-e1d39e576218 0.537s
2025-04-14 13:59:11.347 69962 INFO tempest.lib.common.rest_client [req-d2deefd8-bd03-4e7e-97c4-7b0a4bfe7f0b req-d2deefd8-bd03-4e7e-97c4-7b0a4bfe7f0b ] Request (ServerAddressesTestJSON:tearDownClass): 200 GET http://10.180.1.21/compute/v2.1/servers/1e4afb61-0ef2-4805-85e2-4e480e8ba25f 0.494s
2025-04-14 13:59:11.352 69932 INFO tempest.lib.common.rest_client [req-51944cc5-8024-421c-908b-2b593cf94e6f req-51944cc5-8024-421c-908b-2b593cf94e6f ] Request (FloatingIPsAssociationNegativeTestJSON:test_associate_ip_to_server_without_passing_floating_ip): 400 POST http://10.180.1.21/compute/v2.1/servers/00d02bd2-f8fa-415c-9a6f-c58b9af0be63/action 0.268s
2025-04-14 13:59:11.382 69946 INFO tempest.lib.common.rest_client [req-70a215f5-4e91-4a87-b7f9-e5baf6392007 req-70a215f5-4e91-4a87-b7f9-e5baf6392007 ] Request (ServerShowV254Test:tearDownClass): 200 GET http://10.180.1.21/compute/v2.1/servers/cd5b4748-087b-4058-990d-e15affb5a715 0.459s
2025-04-14 13:59:11.440 69934 INFO tempest.lib.common.rest_client [req-3553ae15-ee7c-4c78-8cda-e71a0e9cb017 req-3553ae15-ee7c-4c78-8cda-e71a0e9cb017 ] Request (ServersAdminNegativeTestJSON:setUpClass): 200 GET http://10.180.1.21/compute/v2.1/servers/83459ab7-4522-4d02-8ef3-80a3eb14dde5 0.216s
2025-04-14 13:59:11.475 69970 INFO tempest.lib.common.rest_client [req-19a03c74-4a09-44ad-90e2-6c6a09e597c8 req-19a03c74-4a09-44ad-90e2-6c6a09e597c8 ] Request (SecurityGroupsTestJSON:test_server_security_groups): 200 POST http://10.180.1.21/compute/v2.1/os-security-groups 0.274s
2025-04-14 13:59:11.489 69936 INFO tempest.lib.common.rest_client [req-2cc41ea6-d23e-45b8-a8d0-a7627ccbaa04 req-2cc41ea6-d23e-45b8-a8d0-a7627ccbaa04 ] Request (ServerActionsTestOtherB:setUpClass): 200 GET http://10.180.1.21/compute/v2.1/servers/fa7f8ff7-658a-46d0-a6dc-232614af850d 0.208s
2025-04-14 13:59:11.524 69948 INFO tempest.lib.common.rest_client [req-fe6d9580-c9fa-4a02-9e60-a5026702728f req-fe6d9580-c9fa-4a02-9e60-a5026702728f ] Request (ServerActionsTestJSON:setUpClass): 200 GET http://10.180.1.21/compute/v2.1/servers/9ee7dbf3-c86a-4cd8-ad1e-ca92cb90164d 0.176s
2025-04-14 13:59:11.584 69932 INFO tempest.lib.common.rest_client [req-ff42dae7-9626-4248-9754-7dec4c7fe25e req-ff42dae7-9626-4248-9754-7dec4c7fe25e ] Request (FloatingIPsAssociationNegativeTestJSON:test_associate_nonexistent_floating_ip): 404 POST http://10.180.1.21/compute/v2.1/servers/00d02bd2-f8fa-415c-9a6f-c58b9af0be63/action 0.230s
2025-04-14 13:59:11.621 69956 INFO tempest.lib.common.rest_client [req-0f464b4e-1230-4969-ba8f-1a5f81222a88 req-0f464b4e-1230-4969-ba8f-1a5f81222a88 ] Request (ServersAdminTestJSON:test_create_server_with_scheduling_hint): 200 GET http://10.180.1.21/compute/v2.1/servers/115e1a8c-381d-47c2-882d-a425f5e783f7 0.231s
2025-04-14 13:59:11.629 69956 INFO tempest.common.waiters [-] State transition "BUILD/spawning" ==> "ACTIVE/None" after 61 second wait
2025-04-14 13:59:11.637 69942 INFO tempest.lib.common.rest_client [req-2b5a1d87-4810-458d-80da-81281989cb7b req-2b5a1d87-4810-458d-80da-81281989cb7b ] Request (FloatingIPsAssociationTestJSON:tearDownClass): 200 GET http://10.180.1.21/compute/v2.1/servers/e75fc999-a479-44b6-a715-1a76054d73c6 0.221s
2025-04-14 13:59:11.656 69950 WARNING tempest.lib.common.ssh [-] Failed to establish authenticated ssh connection to cirros@10.180.180.252 ([Errno None] Unable to connect to port 22 on 10.180.180.252). Number attempts: 5. Retry after 6 seconds.: paramiko.ssh_exception.NoValidConnectionsError: [Errno None] Unable to connect to port 22 on 10.180.180.252
2025-04-14 13:59:11.673 69968 INFO tempest.lib.common.rest_client [req-638d4a36-5422-49da-b2a0-298eceaf4df2 req-638d4a36-5422-49da-b2a0-298eceaf4df2 ] Request (ListImageFiltersTestJSON:setUpClass): 200 GET http://10.180.1.21/compute/v2.1/servers/8a331293-ee7f-4faa-a316-56aec9296894 0.222s
2025-04-14 13:59:11.688 69978 INFO tempest.lib.common.rest_client [req-fbd9dce4-43a3-48af-9cfc-b31432026015 req-fbd9dce4-43a3-48af-9cfc-b31432026015 ] Request (ServerGroupTestJSON:test_create_server_with_scheduler_hint_group): 200 GET http://10.180.1.21/compute/v2.1/servers/2e020eec-2d4f-41b8-b31d-3add0744d592 0.226s
2025-04-14 13:59:11.705 69956 INFO tempest.lib.common.rest_client [req-eb8605e6-5e3e-4931-9ece-8de7c251187e req-eb8605e6-5e3e-4931-9ece-8de7c251187e ] Request (ServersAdminTestJSON:test_inject_network_info): 201 POST http://10.180.1.21/identity/v3/auth/tokens 0.066s
2025-04-14 13:59:11.705 69956 INFO tempest.lib.common.fixed_network [-] (ServersAdminTestJSON:test_inject_network_info) Found network {'id': '64de9f7d-83a6-4dfb-bc7b-e08525149070', 'name': 'tempest-ServersAdminTestJSON-255161033-network', 'tenant_id': '412c098cc7b941c6bb5c47763a2faff0', 'admin_state_up': True, 'mtu': 8950, 'status': 'ACTIVE', 'subnets': [], 'shared': False, 'project_id': '412c098cc7b941c6bb5c47763a2faff0', 'port_security_enabled': True, 'router:external': False, 'provider:network_type': 'vlan', 'provider:physical_network': 'default', 'provider:segmentation_id': 243, 'availability_zone_hints': [], 'availability_zones': [], 'ipv4_address_scope': None, 'ipv6_address_scope': None, 'description': '', 'tags': [], 'created_at': '2025-04-14T13:57:15Z', 'updated_at': '2025-04-14T13:57:15Z', 'revision_number': 1} available for tenant
2025-04-14 13:59:11.735 69930 INFO tempest.lib.common.rest_client [req-aeb73fbc-7c3a-47a0-a926-5efefa095db4 req-aeb73fbc-7c3a-47a0-a926-5efefa095db4 ] Request (ServerRescueNegativeTestJSON:test_rescued_vm_detach_volume): 200 GET http://10.180.1.21/compute/v2.1/servers/b2c6c4bb-86f8-4e8f-b83d-a77d00447ff2 0.232s
2025-04-14 13:59:11.782 69980 INFO tempest.lib.common.rest_client [req-103b988d-4a32-4f76-b14a-ad54474e50e9 req-103b988d-4a32-4f76-b14a-ad54474e50e9 ] Request (ImagesTestJSON:test_create_image_from_suspended_server): 200 GET http://10.180.1.21/compute/v2.1/servers/e1db078f-b047-4e92-9b28-109607d988a4 0.273s
2025-04-14 13:59:11.789 69970 INFO tempest.lib.common.rest_client [req-14a19483-fa95-4006-b4b4-f121118abb2c req-14a19483-fa95-4006-b4b4-f121118abb2c ] Request (SecurityGroupsTestJSON:test_server_security_groups): 200 POST http://10.180.1.21/compute/v2.1/os-security-groups 0.310s
2025-04-14 13:59:11.829 69958 INFO tempest.lib.common.rest_client [req-1c73ab14-f608-4329-976a-80dec2c1d64d req-1c73ab14-f608-4329-976a-80dec2c1d64d ] Request (DeleteServersTestJSON:test_delete_active_server): 200 GET http://10.180.1.21/compute/v2.1/servers/ff22c9d2-3cfe-48ed-b3f5-c0cfe68812c2 0.281s
2025-04-14 13:59:11.852 69970 INFO tempest.lib.common.rest_client [req-3c4a9dcb-d57a-4341-ae9b-20928ee7697c req-3c4a9dcb-d57a-4341-ae9b-20928ee7697c ] Request (SecurityGroupsTestJSON:test_server_security_groups): 201 POST http://10.180.1.21/identity/v3/auth/tokens 0.056s
2025-04-14 13:59:11.852 69970 INFO tempest.lib.common.fixed_network [-] (SecurityGroupsTestJSON:test_server_security_groups) Found network {'id': '63a9d1a8-2b9f-44cd-b8a7-c3073c1df667', 'name': 'tempest-SecurityGroupsTestJSON-180258284-network', 'tenant_id': 'abcd35075ac348e88fb05677ad1f2b0f', 'admin_state_up': True, 'mtu': 8950, 'status': 'ACTIVE', 'subnets': [], 'shared': False, 'project_id': 'abcd35075ac348e88fb05677ad1f2b0f', 'port_security_enabled': True, 'router:external': False, 'provider:network_type': 'vlan', 'provider:physical_network': 'default', 'provider:segmentation_id': 433, 'availability_zone_hints': [], 'availability_zones': [], 'ipv4_address_scope': None, 'ipv6_address_scope': None, 'description': '', 'tags': [], 'created_at': '2025-04-14T13:57:55Z', 'updated_at': '2025-04-14T13:57:55Z', 'revision_number': 1} available for tenant
2025-04-14 13:59:11.854 69940 INFO tempest.lib.common.rest_client [req-e1bd71c4-257d-471e-8eba-a0c9dd28191a req-e1bd71c4-257d-471e-8eba-a0c9dd28191a ] Request (ImagesOneServerTestJSON:setUpClass): 200 GET http://10.180.1.21/compute/v2.1/servers/d9e3bd67-974c-477a-baa2-99549051a828 0.273s
2025-04-14 13:59:11.857 69932 INFO tempest.lib.common.rest_client [req-5c26ecf0-d56e-4268-84c9-a5ba6719a61d req-5c26ecf0-d56e-4268-84c9-a5ba6719a61d ] Request (FloatingIPsAssociationNegativeTestJSON:test_dissociate_nonexistent_floating_ip): 404 POST http://10.180.1.21/compute/v2.1/servers/00d02bd2-f8fa-415c-9a6f-c58b9af0be63/action 0.272s
2025-04-14 13:59:11.899 69993 INFO tempest.lib.common.rest_client [req-356d0502-af83-47dc-8cb8-4b7d50c350fc req-356d0502-af83-47dc-8cb8-4b7d50c350fc ] Request (ServerMetadataNegativeTestJSON:setUpClass): 200 GET http://10.180.1.21/compute/v2.1/servers/20fa95e4-e66f-4310-81bf-beb9a42968dc 0.277s
2025-04-14 13:59:12.030 69976 INFO tempest.lib.common.rest_client [req-a07bd8bc-c096-4548-b528-2be0683bb7dc req-a07bd8bc-c096-4548-b528-2be0683bb7dc ] Request (DeleteServersAdminTestJSON:test_delete_server_while_in_error_state): 200 GET http://10.180.1.21/compute/v2.1/servers/13ec57c7-56f5-40c6-ab32-aac0fd67c9b1 0.243s
2025-04-14 13:59:12.038 69976 INFO tempest.common.waiters [-] State transition "BUILD/block_device_mapping" ==> "BUILD/spawning" after 61 second wait
2025-04-14 13:59:12.217 69956 INFO tempest.lib.common.rest_client [req-10b3b422-343f-4ceb-8296-4779c39730e1 req-10b3b422-343f-4ceb-8296-4779c39730e1 ] Request (ServersAdminTestJSON:test_inject_network_info): 202 POST http://10.180.1.21/compute/v2.1/servers 0.511s
2025-04-14 13:59:12.304 69932 INFO tempest.lib.common.rest_client [req-59f52ce4-889c-4632-ba63-109ef818cd3c req-59f52ce4-889c-4632-ba63-109ef818cd3c ] Request (FloatingIPsAssociationNegativeTestJSON:tearDownClass): 204 DELETE http://10.180.1.21/compute/v2.1/servers/00d02bd2-f8fa-415c-9a6f-c58b9af0be63 0.445s
2025-04-14 13:59:12.349 69970 INFO tempest.lib.common.rest_client [req-28bf20bd-b252-4b40-805a-7087e11663b4 req-28bf20bd-b252-4b40-805a-7087e11663b4 ] Request (SecurityGroupsTestJSON:test_server_security_groups): 202 POST http://10.180.1.21/compute/v2.1/servers 0.496s
2025-04-14 13:59:12.410 69988 INFO tempest.lib.common.rest_client [req-5cc2ed83-1910-453a-96e5-e37e2d4837b2 req-5cc2ed83-1910-453a-96e5-e37e2d4837b2 ] Request (ServersTestFqdnHostnames:test_create_server_with_fqdn_name): 200 GET http://10.180.1.21/compute/v2.1/servers/3d07cf05-d08d-409f-9bbd-b7ff213e29ff 0.368s
2025-04-14 13:59:12.454 69952 INFO tempest.lib.common.rest_client [req-581d5f2e-9026-43f5-ae7b-bb65b1cc77be req-581d5f2e-9026-43f5-ae7b-bb65b1cc77be ] Request (ServersTestJSON:setUpClass): 200 GET http://10.180.1.21/compute/v2.1/servers/494cdc5d-27c6-4a1c-8089-4b2a4dd08566 0.495s
2025-04-14 13:59:12.484 69972 INFO tempest.lib.common.rest_client [req-0e629581-d183-4e99-839e-c495a7c8351e req-0e629581-d183-4e99-839e-c495a7c8351e ] Request (ServersListShow2100Test:tearDownClass): 200 GET http://10.180.1.21/compute/v2.1/servers/f2b492f9-2517-4ee7-b4e7-c6c3bb912e49 0.293s
2025-04-14 13:59:12.497 69956 INFO tempest.lib.common.rest_client [req-46707b78-5cbb-431c-a816-db729dc2c7f3 req-46707b78-5cbb-431c-a816-db729dc2c7f3 ] Request (ServersAdminTestJSON:test_inject_network_info): 200 GET http://10.180.1.21/compute/v2.1/servers/3c85ee38-7f0c-48db-8bc7-cd3d17eb5f02 0.279s
2025-04-14 13:59:12.530 69954 INFO tempest.lib.common.rest_client [req-520572bd-151d-460c-acb9-a7d83e5c6fea req-520572bd-151d-460c-acb9-a7d83e5c6fea ] Request (AttachInterfacesUnderV243Test:test_add_remove_fixed_ip): 200 GET http://10.180.1.21/compute/v2.1/servers/df4f5b07-b088-4c1f-9a13-7812115eeaf0 0.299s
2025-04-14 13:59:12.549 69982 INFO tempest.lib.common.rest_client [req-888e72d7-bee3-47fe-8380-282652c29950 req-888e72d7-bee3-47fe-8380-282652c29950 ] Request (ImagesNegativeTestJSON:test_create_image_from_deleted_server): 200 GET http://10.180.1.21/compute/v2.1/servers/faeb64d6-dd4f-4267-af4f-d42dcc1c45c9 0.286s
2025-04-14 13:59:12.587 69944 INFO tempest.lib.common.rest_client [req-72289e52-37b4-490e-957f-6d0295793029 req-72289e52-37b4-490e-957f-6d0295793029 ] Request (ServersListShow296Test:test_list_show_update_rebuild_server_296): 200 GET http://10.180.1.21/compute/v2.1/servers/997781de-b20c-4004-8374-deef83d9de6b 0.297s
2025-04-14 13:59:12.607 69966 INFO tempest.lib.common.rest_client [req-872c3029-3dc6-438e-8d20-4c569404e04e req-872c3029-3dc6-438e-8d20-4c569404e04e ] Request (ListServerFiltersTestJSON:tearDownClass): 404 GET http://10.180.1.21/compute/v2.1/servers/fa89db07-09b5-485d-aacc-e1d39e576218 0.279s
2025-04-14 13:59:12.648 69970 INFO tempest.lib.common.rest_client [req-23c8ab53-b9fc-4482-9010-ed288872fd8c req-23c8ab53-b9fc-4482-9010-ed288872fd8c ] Request (SecurityGroupsTestJSON:test_server_security_groups): 200 GET http://10.180.1.21/compute/v2.1/servers/41c0824b-2186-49fe-bcfd-82c031bf4810 0.298s
2025-04-14 13:59:12.671 69932 INFO tempest.lib.common.rest_client [req-d49036c5-534f-4471-801d-ddc845c100da req-d49036c5-534f-4471-801d-ddc845c100da ] Request (FloatingIPsAssociationNegativeTestJSON:tearDownClass): 200 GET http://10.180.1.21/compute/v2.1/servers/00d02bd2-f8fa-415c-9a6f-c58b9af0be63 0.367s
2025-04-14 13:59:12.699 69962 INFO tempest.lib.common.rest_client [req-44afd822-5e16-4b3e-a85e-909427472475 req-44afd822-5e16-4b3e-a85e-909427472475 ] Request (ServerAddressesTestJSON:tearDownClass): 200 GET http://10.180.1.21/compute/v2.1/servers/1e4afb61-0ef2-4805-85e2-4e480e8ba25f 0.343s
2025-04-14 13:59:12.729 69946 INFO tempest.lib.common.rest_client [req-ea63844a-7a97-4fe5-a27a-b44e309d2570 req-ea63844a-7a97-4fe5-a27a-b44e309d2570 ] Request (ServerShowV254Test:tearDownClass): 200 GET http://10.180.1.21/compute/v2.1/servers/cd5b4748-087b-4058-990d-e15affb5a715 0.336s
2025-04-14 13:59:12.745 69974 WARNING tempest.lib.common.ssh [-] Failed to establish authenticated ssh connection to cirros@10.180.180.206 ([Errno None] Unable to connect to port 22 on 10.180.180.206). Number attempts: 5. Retry after 6 seconds.: paramiko.ssh_exception.NoValidConnectionsError: [Errno None] Unable to connect to port 22 on 10.180.180.206
2025-04-14 13:59:12.746 69934 INFO tempest.lib.common.rest_client [req-e907a452-6335-48b4-9bef-c6051f02d2af req-e907a452-6335-48b4-9bef-c6051f02d2af ] Request (ServersAdminNegativeTestJSON:setUpClass): 200 GET http://10.180.1.21/compute/v2.1/servers/83459ab7-4522-4d02-8ef3-80a3eb14dde5 0.297s
2025-04-14 13:59:12.789 69936 INFO tempest.lib.common.rest_client [req-8aa02ead-7bfa-4b18-bede-4532f29575fe req-8aa02ead-7bfa-4b18-bede-4532f29575fe ] Request (ServerActionsTestOtherB:setUpClass): 200 GET http://10.180.1.21/compute/v2.1/servers/fa7f8ff7-658a-46d0-a6dc-232614af850d 0.289s
2025-04-14 13:59:12.796 69948 INFO tempest.lib.common.rest_client [req-7e466fb9-5aa7-41dc-bacf-dff5e015bc49 req-7e466fb9-5aa7-41dc-bacf-dff5e015bc49 ] Request (ServerActionsTestJSON:setUpClass): 200 GET http://10.180.1.21/compute/v2.1/servers/9ee7dbf3-c86a-4cd8-ad1e-ca92cb90164d 0.265s
2025-04-14 13:59:12.853 69942 INFO tempest.lib.common.rest_client [req-bfe0ada6-ba24-4e61-8ead-b680d8887327 req-bfe0ada6-ba24-4e61-8ead-b680d8887327 ] Request (FloatingIPsAssociationTestJSON:tearDownClass): 200 GET http://10.180.1.21/compute/v2.1/servers/e75fc999-a479-44b6-a715-1a76054d73c6 0.207s
2025-04-14 13:59:12.874 69966 INFO tempest.lib.common.rest_client [req-d4de0be8-9174-4d2c-81fd-0156e8413c19 req-d4de0be8-9174-4d2c-81fd-0156e8413c19 ] Request (ListServerFiltersTestJSON:tearDownClass): 204 DELETE http://10.180.1.21/compute/v2.1/servers/bc90201c-8900-4821-9839-9d5e35c48ac5 0.267s
2025-04-14 13:59:12.922 69968 INFO tempest.lib.common.rest_client [req-c524a7d4-eb0e-43c8-a4ca-cfc80359cdc9 req-c524a7d4-eb0e-43c8-a4ca-cfc80359cdc9 ] Request (ListImageFiltersTestJSON:setUpClass): 200 GET http://10.180.1.21/compute/v2.1/servers/8a331293-ee7f-4faa-a316-56aec9296894 0.242s
2025-04-14 13:59:12.931 69978 INFO tempest.lib.common.rest_client [req-fa9a62a8-d7b9-4e1a-b551-c5947350d3c7 req-fa9a62a8-d7b9-4e1a-b551-c5947350d3c7 ] Request (ServerGroupTestJSON:test_create_server_with_scheduler_hint_group): 200 GET http://10.180.1.21/compute/v2.1/servers/2e020eec-2d4f-41b8-b31d-3add0744d592 0.229s
2025-04-14 13:59:12.985 69930 INFO tempest.lib.common.rest_client [req-11e8909e-9919-4e09-a575-b74ca568bb3e req-11e8909e-9919-4e09-a575-b74ca568bb3e ] Request (ServerRescueNegativeTestJSON:test_rescued_vm_detach_volume): 200 GET http://10.180.1.21/compute/v2.1/servers/b2c6c4bb-86f8-4e8f-b83d-a77d00447ff2 0.241s
2025-04-14 13:59:12.991 69980 INFO tempest.lib.common.rest_client [req-1aa39ea3-aca5-41d0-8bf4-2769e750612b req-1aa39ea3-aca5-41d0-8bf4-2769e750612b ] Request (ImagesTestJSON:test_create_image_from_suspended_server): 200 GET http://10.180.1.21/compute/v2.1/servers/e1db078f-b047-4e92-9b28-109607d988a4 0.200s
2025-04-14 13:59:13.044 69958 INFO tempest.lib.common.rest_client [req-5985d002-8bfe-448b-85c4-95f5421846e7 req-5985d002-8bfe-448b-85c4-95f5421846e7 ] Request (DeleteServersTestJSON:test_delete_active_server): 200 GET http://10.180.1.21/compute/v2.1/servers/ff22c9d2-3cfe-48ed-b3f5-c0cfe68812c2 0.208s
2025-04-14 13:59:13.051 69940 INFO tempest.lib.common.rest_client [req-0019945f-2c16-4683-94c6-414697b92907 req-0019945f-2c16-4683-94c6-414697b92907 ] Request (ImagesOneServerTestJSON:setUpClass): 200 GET http://10.180.1.21/compute/v2.1/servers/d9e3bd67-974c-477a-baa2-99549051a828 0.187s
2025-04-14 13:59:13.106 69993 INFO tempest.lib.common.rest_client [req-8cf50e04-a1e2-416f-8528-7f9f2979e346 req-8cf50e04-a1e2-416f-8528-7f9f2979e346 ] Request (ServerMetadataNegativeTestJSON:setUpClass): 200 GET http://10.180.1.21/compute/v2.1/servers/20fa95e4-e66f-4310-81bf-beb9a42968dc 0.199s
2025-04-14 13:59:13.220 69966 INFO tempest.lib.common.rest_client [req-e7d4f64c-f512-4dc5-8607-64d845b45b3e req-e7d4f64c-f512-4dc5-8607-64d845b45b3e ] Request (ListServerFiltersTestJSON:tearDownClass): 200 GET http://10.180.1.21/compute/v2.1/servers/bc90201c-8900-4821-9839-9d5e35c48ac5 0.345s
2025-04-14 13:59:13.221 69976 INFO tempest.lib.common.rest_client [req-ca264f47-1b71-4a94-bd27-067d9a964883 req-ca264f47-1b71-4a94-bd27-067d9a964883 ] Request (DeleteServersAdminTestJSON:test_delete_server_while_in_error_state): 200 GET http://10.180.1.21/compute/v2.1/servers/13ec57c7-56f5-40c6-ab32-aac0fd67c9b1 0.182s
2025-04-14 13:59:13.480 69988 INFO tempest.lib.common.rest_client [req-1ce9390c-0d20-4ef5-9a9f-47252d8a20d3 req-1ce9390c-0d20-4ef5-9a9f-47252d8a20d3 ] Request (ServersTestFqdnHostnames:test_create_server_with_fqdn_name): 200 GET http://10.180.1.21/compute/v2.1/servers/3d07cf05-d08d-409f-9bbd-b7ff213e29ff 0.060s
2025-04-14 13:59:13.578 69952 INFO tempest.lib.common.rest_client [req-60d56248-1855-4077-ad83-1ebed99d3474 req-60d56248-1855-4077-ad83-1ebed99d3474 ] Request (ServersTestJSON:setUpClass): 200 GET http://10.180.1.21/compute/v2.1/servers/494cdc5d-27c6-4a1c-8089-4b2a4dd08566 0.116s
2025-04-14 13:59:13.593 69972 INFO tempest.lib.common.rest_client [req-0bba5a68-454e-47b4-ac04-cff99f7cb9ae req-0bba5a68-454e-47b4-ac04-cff99f7cb9ae ] Request (ServersListShow2100Test:tearDownClass): 200 GET http://10.180.1.21/compute/v2.1/servers/f2b492f9-2517-4ee7-b4e7-c6c3bb912e49 0.092s
2025-04-14 13:59:13.629 69956 INFO tempest.lib.common.rest_client [req-ae994063-5016-41cb-b970-1605c510e27d req-ae994063-5016-41cb-b970-1605c510e27d ] Request (ServersAdminTestJSON:test_inject_network_info): 200 GET http://10.180.1.21/compute/v2.1/servers/3c85ee38-7f0c-48db-8bc7-cd3d17eb5f02 0.118s
2025-04-14 13:59:13.654 69954 INFO tempest.lib.common.rest_client [req-a2c744ef-e00a-4099-a663-7bfeb7f5dbcb req-a2c744ef-e00a-4099-a663-7bfeb7f5dbcb ] Request (AttachInterfacesUnderV243Test:test_add_remove_fixed_ip): 200 GET http://10.180.1.21/compute/v2.1/servers/df4f5b07-b088-4c1f-9a13-7812115eeaf0 0.114s
2025-04-14 13:59:13.695 69982 INFO tempest.lib.common.rest_client [req-d5a83941-0877-4601-bb75-a122c7c4c923 req-d5a83941-0877-4601-bb75-a122c7c4c923 ] Request (ImagesNegativeTestJSON:test_create_image_from_deleted_server): 200 GET http://10.180.1.21/compute/v2.1/servers/faeb64d6-dd4f-4267-af4f-d42dcc1c45c9 0.138s
2025-04-14 13:59:13.727 69944 INFO tempest.lib.common.rest_client [req-641c6b31-ff10-4580-bd15-dc8517d02d84 req-641c6b31-ff10-4580-bd15-dc8517d02d84 ] Request (ServersListShow296Test:test_list_show_update_rebuild_server_296): 200 GET http://10.180.1.21/compute/v2.1/servers/997781de-b20c-4004-8374-deef83d9de6b 0.129s
2025-04-14 13:59:13.750 69970 INFO tempest.lib.common.rest_client [req-7d013260-8855-4ed9-b04c-46106cec6a1c req-7d013260-8855-4ed9-b04c-46106cec6a1c ] Request (SecurityGroupsTestJSON:test_server_security_groups): 200 GET http://10.180.1.21/compute/v2.1/servers/41c0824b-2186-49fe-bcfd-82c031bf4810 0.093s
2025-04-14 13:59:13.808 69962 INFO tempest.lib.common.rest_client [req-92a6ea1d-7257-4a72-bced-bd2b3cd96d3b req-92a6ea1d-7257-4a72-bced-bd2b3cd96d3b ] Request (ServerAddressesTestJSON:tearDownClass): 200 GET http://10.180.1.21/compute/v2.1/servers/1e4afb61-0ef2-4805-85e2-4e480e8ba25f 0.099s
2025-04-14 13:59:13.826 69932 INFO tempest.lib.common.rest_client [req-ef9817c8-729c-4fd2-9a03-861b42833f1b req-ef9817c8-729c-4fd2-9a03-861b42833f1b ] Request (FloatingIPsAssociationNegativeTestJSON:tearDownClass): 200 GET http://10.180.1.21/compute/v2.1/servers/00d02bd2-f8fa-415c-9a6f-c58b9af0be63 0.146s
2025-04-14 13:59:13.862 69946 INFO tempest.lib.common.rest_client [req-24949a9c-0e1d-4ff0-9c97-81c7ded74107 req-24949a9c-0e1d-4ff0-9c97-81c7ded74107 ] Request (ServerShowV254Test:tearDownClass): 200 GET http://10.180.1.21/compute/v2.1/servers/cd5b4748-087b-4058-990d-e15affb5a715 0.122s
2025-04-14 13:59:13.873 69934 INFO tempest.lib.common.rest_client [req-c361bde3-7cbe-4d2b-93d2-19e2d023a0f3 req-c361bde3-7cbe-4d2b-93d2-19e2d023a0f3 ] Request (ServersAdminNegativeTestJSON:setUpClass): 200 GET http://10.180.1.21/compute/v2.1/servers/83459ab7-4522-4d02-8ef3-80a3eb14dde5 0.119s
2025-04-14 13:59:13.924 69936 INFO tempest.lib.common.rest_client [req-91c9b6fb-e3bb-4bee-bc60-6fee5f041c2f req-91c9b6fb-e3bb-4bee-bc60-6fee5f041c2f ] Request (ServerActionsTestOtherB:setUpClass): 200 GET http://10.180.1.21/compute/v2.1/servers/fa7f8ff7-658a-46d0-a6dc-232614af850d 0.127s
2025-04-14 13:59:13.931 69948 INFO tempest.lib.common.rest_client [req-c43dce45-3b8c-413e-a615-c908798c2d9c req-c43dce45-3b8c-413e-a615-c908798c2d9c ] Request (ServerActionsTestJSON:setUpClass): 200 GET http://10.180.1.21/compute/v2.1/servers/9ee7dbf3-c86a-4cd8-ad1e-ca92cb90164d 0.121s
2025-04-14 13:59:14.000 69968 INFO tempest.lib.common.rest_client [req-02769808-3bb1-42fd-9c66-769ea14afd2d req-02769808-3bb1-42fd-9c66-769ea14afd2d ] Request (ListImageFiltersTestJSON:setUpClass): 200 GET http://10.180.1.21/compute/v2.1/servers/8a331293-ee7f-4faa-a316-56aec9296894 0.069s
2025-04-14 13:59:14.006 69942 INFO tempest.lib.common.rest_client [req-558fcc1a-41d1-4dbf-ad50-dab393ad1dd1 req-558fcc1a-41d1-4dbf-ad50-dab393ad1dd1 ] Request (FloatingIPsAssociationTestJSON:tearDownClass): 200 GET http://10.180.1.21/compute/v2.1/servers/e75fc999-a479-44b6-a715-1a76054d73c6 0.146s
2025-04-14 13:59:14.057 69978 INFO tempest.lib.common.rest_client [req-a89b5ac9-6189-4b42-b114-842b38af1ae6 req-a89b5ac9-6189-4b42-b114-842b38af1ae6 ] Request (ServerGroupTestJSON:test_create_server_with_scheduler_hint_group): 200 GET http://10.180.1.21/compute/v2.1/servers/2e020eec-2d4f-41b8-b31d-3add0744d592 0.117s
2025-04-14 13:59:14.057 69930 INFO tempest.lib.common.rest_client [req-65421c9b-5352-4d6a-9ff3-e2985de3e985 req-65421c9b-5352-4d6a-9ff3-e2985de3e985 ] Request (ServerRescueNegativeTestJSON:test_rescued_vm_detach_volume): 200 GET http://10.180.1.21/compute/v2.1/servers/b2c6c4bb-86f8-4e8f-b83d-a77d00447ff2 0.062s
2025-04-14 13:59:14.106 69958 INFO tempest.lib.common.rest_client [req-e7145605-16cf-4dee-b03c-1937d4168faa req-e7145605-16cf-4dee-b03c-1937d4168faa ] Request (DeleteServersTestJSON:test_delete_active_server): 200 GET http://10.180.1.21/compute/v2.1/servers/ff22c9d2-3cfe-48ed-b3f5-c0cfe68812c2 0.052s
2025-04-14 13:59:14.112 69980 INFO tempest.lib.common.rest_client [req-d6e5fde5-5c84-4b6b-aae7-773b9c563155 req-d6e5fde5-5c84-4b6b-aae7-773b9c563155 ] Request (ImagesTestJSON:test_create_image_from_suspended_server): 200 GET http://10.180.1.21/compute/v2.1/servers/e1db078f-b047-4e92-9b28-109607d988a4 0.112s
2025-04-14 13:59:14.155 69940 INFO tempest.lib.common.rest_client [req-b6a07547-0ca2-4b66-af1f-9d23e8a228c2 req-b6a07547-0ca2-4b66-af1f-9d23e8a228c2 ] Request (ImagesOneServerTestJSON:setUpClass): 200 GET http://10.180.1.21/compute/v2.1/servers/d9e3bd67-974c-477a-baa2-99549051a828 0.095s
2025-04-14 13:59:14.162 69993 INFO tempest.lib.common.rest_client [req-2c71a7a1-8ec8-4e7e-aa5a-c0e15786749b req-2c71a7a1-8ec8-4e7e-aa5a-c0e15786749b ] Request (ServerMetadataNegativeTestJSON:setUpClass): 200 GET http://10.180.1.21/compute/v2.1/servers/20fa95e4-e66f-4310-81bf-beb9a42968dc 0.047s
2025-04-14 13:59:14.344 69966 INFO tempest.lib.common.rest_client [req-67cadfd6-c718-4b34-a0d6-1f013a934143 req-67cadfd6-c718-4b34-a0d6-1f013a934143 ] Request (ListServerFiltersTestJSON:tearDownClass): 200 GET http://10.180.1.21/compute/v2.1/servers/bc90201c-8900-4821-9839-9d5e35c48ac5 0.116s
2025-04-14 13:59:14.345 69976 INFO tempest.lib.common.rest_client [req-c9f781dd-3f31-4017-b0af-73f799b3e634 req-c9f781dd-3f31-4017-b0af-73f799b3e634 ] Request (DeleteServersAdminTestJSON:test_delete_server_while_in_error_state): 200 GET http://10.180.1.21/compute/v2.1/servers/13ec57c7-56f5-40c6-ab32-aac0fd67c9b1 0.116s
2025-04-14 13:59:14.545 69988 INFO tempest.lib.common.rest_client [req-fdbc3d8c-18d7-4460-b512-b832c0ec16a5 req-fdbc3d8c-18d7-4460-b512-b832c0ec16a5 ] Request (ServersTestFqdnHostnames:test_create_server_with_fqdn_name): 200 GET http://10.180.1.21/compute/v2.1/servers/3d07cf05-d08d-409f-9bbd-b7ff213e29ff 0.055s
2025-04-14 13:59:14.711 69972 INFO tempest.lib.common.rest_client [req-37b86a5c-5bbb-4fdb-b321-a86ce6740b11 req-37b86a5c-5bbb-4fdb-b321-a86ce6740b11 ] Request (ServersListShow2100Test:tearDownClass): 200 GET http://10.180.1.21/compute/v2.1/servers/f2b492f9-2517-4ee7-b4e7-c6c3bb912e49 0.102s
2025-04-14 13:59:14.726 69952 INFO tempest.lib.common.rest_client [req-c7a4403e-86ec-415c-b868-c9ef22573402 req-c7a4403e-86ec-415c-b868-c9ef22573402 ] Request (ServersTestJSON:setUpClass): 200 GET http://10.180.1.21/compute/v2.1/servers/494cdc5d-27c6-4a1c-8089-4b2a4dd08566 0.139s
2025-04-14 13:59:14.734 69952 INFO tempest.common.waiters [-] State transition "BUILD/spawning" ==> "ACTIVE/None" after 64 second wait
2025-04-14 13:59:14.762 69956 INFO tempest.lib.common.rest_client [req-2878453b-900f-490e-9101-c42631c4aa79 req-2878453b-900f-490e-9101-c42631c4aa79 ] Request (ServersAdminTestJSON:test_inject_network_info): 200 GET http://10.180.1.21/compute/v2.1/servers/3c85ee38-7f0c-48db-8bc7-cd3d17eb5f02 0.125s
2025-04-14 13:59:14.791 69954 INFO tempest.lib.common.rest_client [req-2a66433b-e7c6-4e40-8f99-ad54f55ac486 req-2a66433b-e7c6-4e40-8f99-ad54f55ac486 ] Request (AttachInterfacesUnderV243Test:test_add_remove_fixed_ip): 200 GET http://10.180.1.21/compute/v2.1/servers/df4f5b07-b088-4c1f-9a13-7812115eeaf0 0.127s
2025-04-14 13:59:14.817 69982 INFO tempest.lib.common.rest_client [req-ee604af2-a5e7-4e8e-ad2b-2b20aedaf03d req-ee604af2-a5e7-4e8e-ad2b-2b20aedaf03d ] Request (ImagesNegativeTestJSON:test_create_image_from_deleted_server): 200 GET http://10.180.1.21/compute/v2.1/servers/faeb64d6-dd4f-4267-af4f-d42dcc1c45c9 0.115s
2025-04-14 13:59:14.858 69952 INFO tempest.lib.common.rest_client [req-d0869c60-57b7-4e69-831d-f91d3d461810 req-d0869c60-57b7-4e69-831d-f91d3d461810 ] Request (ServersTestJSON:setUpClass): 200 GET http://10.180.1.21/compute/v2.1/servers/494cdc5d-27c6-4a1c-8089-4b2a4dd08566/os-interface 0.123s
2025-04-14 13:59:14.878 69944 INFO tempest.lib.common.rest_client [req-ae439ee8-55e4-469b-a15b-79a2b5753173 req-ae439ee8-55e4-469b-a15b-79a2b5753173 ] Request (ServersListShow296Test:test_list_show_update_rebuild_server_296): 200 GET http://10.180.1.21/compute/v2.1/servers/997781de-b20c-4004-8374-deef83d9de6b 0.137s
2025-04-14 13:59:14.924 69970 INFO tempest.lib.common.rest_client [req-0fc1b555-9c36-4548-ba27-6d345cfaaaa8 req-0fc1b555-9c36-4548-ba27-6d345cfaaaa8 ] Request (SecurityGroupsTestJSON:test_server_security_groups): 200 GET http://10.180.1.21/compute/v2.1/servers/41c0824b-2186-49fe-bcfd-82c031bf4810 0.165s
2025-04-14 13:59:14.945 69962 INFO tempest.lib.common.rest_client [req-a58c2b17-40c5-40d6-be33-fa7854f5e371 req-a58c2b17-40c5-40d6-be33-fa7854f5e371 ] Request (ServerAddressesTestJSON:tearDownClass): 200 GET http://10.180.1.21/compute/v2.1/servers/1e4afb61-0ef2-4805-85e2-4e480e8ba25f 0.128s
2025-04-14 13:59:14.988 69932 INFO tempest.lib.common.rest_client [req-ef904ca4-49fa-4750-bbaf-e5c5c3ef6284 req-ef904ca4-49fa-4750-bbaf-e5c5c3ef6284 ] Request (FloatingIPsAssociationNegativeTestJSON:tearDownClass): 200 GET http://10.180.1.21/compute/v2.1/servers/00d02bd2-f8fa-415c-9a6f-c58b9af0be63 0.154s
2025-04-14 13:59:15.012 69946 INFO tempest.lib.common.rest_client [req-a5e4b966-8146-4754-ad97-4aff677d11cc req-a5e4b966-8146-4754-ad97-4aff677d11cc ] Request (ServerShowV254Test:tearDownClass): 200 GET http://10.180.1.21/compute/v2.1/servers/cd5b4748-087b-4058-990d-e15affb5a715 0.141s
2025-04-14 13:59:15.047 69934 INFO tempest.lib.common.rest_client [req-ec946df3-4919-45f4-96ab-a6e41b512439 req-ec946df3-4919-45f4-96ab-a6e41b512439 ] Request (ServersAdminNegativeTestJSON:setUpClass): 200 GET http://10.180.1.21/compute/v2.1/servers/83459ab7-4522-4d02-8ef3-80a3eb14dde5 0.165s
2025-04-14 13:59:15.058 69936 INFO tempest.lib.common.rest_client [req-17e48d28-1c0a-47ac-876b-2b7264c317e0 req-17e48d28-1c0a-47ac-876b-2b7264c317e0 ] Request (ServerActionsTestOtherB:setUpClass): 200 GET http://10.180.1.21/compute/v2.1/servers/fa7f8ff7-658a-46d0-a6dc-232614af850d 0.125s
2025-04-14 13:59:15.094 69948 INFO tempest.lib.common.rest_client [req-b1a16ebe-2b3a-495d-a45e-93065e2ce4d9 req-b1a16ebe-2b3a-495d-a45e-93065e2ce4d9 ] Request (ServerActionsTestJSON:setUpClass): 200 GET http://10.180.1.21/compute/v2.1/servers/9ee7dbf3-c86a-4cd8-ad1e-ca92cb90164d 0.154s
2025-04-14 13:59:15.110 69968 INFO tempest.lib.common.rest_client [req-2cd5502a-0977-4537-8b77-2cb42169ff60 req-2cd5502a-0977-4537-8b77-2cb42169ff60 ] Request (ListImageFiltersTestJSON:setUpClass): 200 GET http://10.180.1.21/compute/v2.1/servers/8a331293-ee7f-4faa-a316-56aec9296894 0.098s
2025-04-14 13:59:15.148 69942 INFO tempest.lib.common.rest_client [req-f7fc1038-db79-48b6-8656-35a930b9b312 req-f7fc1038-db79-48b6-8656-35a930b9b312 ] Request (FloatingIPsAssociationTestJSON:tearDownClass): 200 GET http://10.180.1.21/compute/v2.1/servers/e75fc999-a479-44b6-a715-1a76054d73c6 0.134s
2025-04-14 13:59:15.162 69978 INFO tempest.lib.common.rest_client [req-ce5787b0-a469-43e1-b19c-f764fd30607b req-ce5787b0-a469-43e1-b19c-f764fd30607b ] Request (ServerGroupTestJSON:test_create_server_with_scheduler_hint_group): 200 GET http://10.180.1.21/compute/v2.1/servers/2e020eec-2d4f-41b8-b31d-3add0744d592 0.097s
2025-04-14 13:59:15.198 69930 INFO tempest.lib.common.rest_client [req-b36fdf70-13ac-45fb-81b0-f2925512394a req-b36fdf70-13ac-45fb-81b0-f2925512394a ] Request (ServerRescueNegativeTestJSON:test_rescued_vm_detach_volume): 200 GET http://10.180.1.21/compute/v2.1/servers/b2c6c4bb-86f8-4e8f-b83d-a77d00447ff2 0.132s
2025-04-14 13:59:15.208 69958 INFO tempest.lib.common.rest_client [req-462941ac-871d-4ce0-9d9d-e4db976d9d76 req-462941ac-871d-4ce0-9d9d-e4db976d9d76 ] Request (DeleteServersTestJSON:test_delete_active_server): 200 GET http://10.180.1.21/compute/v2.1/servers/ff22c9d2-3cfe-48ed-b3f5-c0cfe68812c2 0.094s
2025-04-14 13:59:15.248 69980 INFO tempest.lib.common.rest_client [req-1103beb5-dbaf-49bc-9e5d-5be617418522 req-1103beb5-dbaf-49bc-9e5d-5be617418522 ] Request (ImagesTestJSON:test_create_image_from_suspended_server): 200 GET http://10.180.1.21/compute/v2.1/servers/e1db078f-b047-4e92-9b28-109607d988a4 0.127s
2025-04-14 13:59:15.255 69940 INFO tempest.lib.common.rest_client [req-1307e1d7-a686-467c-9711-9231b6f3cedd req-1307e1d7-a686-467c-9711-9231b6f3cedd ] Request (ImagesOneServerTestJSON:setUpClass): 200 GET http://10.180.1.21/compute/v2.1/servers/d9e3bd67-974c-477a-baa2-99549051a828 0.091s
2025-04-14 13:59:15.290 69993 INFO tempest.lib.common.rest_client [req-cafc37c2-031d-468e-b747-dd8a1db71f4e req-cafc37c2-031d-468e-b747-dd8a1db71f4e ] Request (ServerMetadataNegativeTestJSON:setUpClass): 200 GET http://10.180.1.21/compute/v2.1/servers/20fa95e4-e66f-4310-81bf-beb9a42968dc 0.120s
2025-04-14 13:59:15.313 69952 INFO tempest.lib.common.rest_client [req-6a8d7e73-991e-4933-9bb6-41ae7bd0fc6a req-6a8d7e73-991e-4933-9bb6-41ae7bd0fc6a ] Request (ServersTestJSON:setUpClass): 200 PUT http://10.180.1.21:9696/networking/v2.0/floatingips/ffaafd0b-7b9e-46e4-9988-ffb17f40ce42 0.453s
2025-04-14 13:59:15.414 69952 INFO tempest.lib.common.rest_client [req-d1575a00-6ef5-473b-b210-f3bd35f6a0f2 req-d1575a00-6ef5-473b-b210-f3bd35f6a0f2 ] Request (ServersTestJSON:setUpClass): 200 GET http://10.180.1.21/compute/v2.1/servers/494cdc5d-27c6-4a1c-8089-4b2a4dd08566 0.101s
2025-04-14 13:59:15.424 69952 INFO tempest.lib.common.ssh [-] Creating ssh connection to '10.180.180.242:22' as 'cirros' with public key authentication
2025-04-14 13:59:15.448 69966 INFO tempest.lib.common.rest_client [req-46692018-8646-4f6b-91ae-7fa2d254e3bb req-46692018-8646-4f6b-91ae-7fa2d254e3bb ] Request (ListServerFiltersTestJSON:tearDownClass): 200 GET http://10.180.1.21/compute/v2.1/servers/bc90201c-8900-4821-9839-9d5e35c48ac5 0.096s
2025-04-14 13:59:15.497 69976 INFO tempest.lib.common.rest_client [req-8c272c40-48d3-478a-b8b4-26ffdeb17e90 req-8c272c40-48d3-478a-b8b4-26ffdeb17e90 ] Request (DeleteServersAdminTestJSON:test_delete_server_while_in_error_state): 200 GET http://10.180.1.21/compute/v2.1/servers/13ec57c7-56f5-40c6-ab32-aac0fd67c9b1 0.145s
2025-04-14 13:59:15.604 69988 INFO tempest.lib.common.rest_client [req-482a253f-5db6-46c1-ac94-a9784576bd90 req-482a253f-5db6-46c1-ac94-a9784576bd90 ] Request (ServersTestFqdnHostnames:test_create_server_with_fqdn_name): 200 GET http://10.180.1.21/compute/v2.1/servers/3d07cf05-d08d-409f-9bbd-b7ff213e29ff 0.051s
2025-04-14 13:59:15.809 69972 INFO tempest.lib.common.rest_client [req-a3c0b3d4-562e-49c4-9e1f-2c7844c31b22 req-a3c0b3d4-562e-49c4-9e1f-2c7844c31b22 ] Request (ServersListShow2100Test:tearDownClass): 200 GET http://10.180.1.21/compute/v2.1/servers/f2b492f9-2517-4ee7-b4e7-c6c3bb912e49 0.078s
2025-04-14 13:59:15.833 69956 INFO tempest.lib.common.rest_client [req-e09f5402-8b09-434a-b4b9-85cfed6776d7 req-e09f5402-8b09-434a-b4b9-85cfed6776d7 ] Request (ServersAdminTestJSON:test_inject_network_info): 200 GET http://10.180.1.21/compute/v2.1/servers/3c85ee38-7f0c-48db-8bc7-cd3d17eb5f02 0.058s
2025-04-14 13:59:15.861 69954 INFO tempest.lib.common.rest_client [req-845d7f3d-dd42-4694-92b5-2cc5a4ed8fd4 req-845d7f3d-dd42-4694-92b5-2cc5a4ed8fd4 ] Request (AttachInterfacesUnderV243Test:test_add_remove_fixed_ip): 200 GET http://10.180.1.21/compute/v2.1/servers/df4f5b07-b088-4c1f-9a13-7812115eeaf0 0.062s
2025-04-14 13:59:15.895 69982 INFO tempest.lib.common.rest_client [req-0745f52a-aa89-445e-8c9a-bab74582e68a req-0745f52a-aa89-445e-8c9a-bab74582e68a ] Request (ImagesNegativeTestJSON:test_create_image_from_deleted_server): 200 GET http://10.180.1.21/compute/v2.1/servers/faeb64d6-dd4f-4267-af4f-d42dcc1c45c9 0.070s
2025-04-14 13:59:15.952 69944 INFO tempest.lib.common.rest_client [req-0df81f65-ad41-4514-abd1-c381c4535b85 req-0df81f65-ad41-4514-abd1-c381c4535b85 ] Request (ServersListShow296Test:test_list_show_update_rebuild_server_296): 200 GET http://10.180.1.21/compute/v2.1/servers/997781de-b20c-4004-8374-deef83d9de6b 0.062s
