2025-04-14 13:58:40.282 69954 INFO tempest.lib.common.rest_client [req-680619c4-eb5b-4f93-8b93-a49783362088 req-680619c4-eb5b-4f93-8b93-a49783362088 ] Request (AttachInterfacesUnderV243Test:setUpClass): 204 PUT http://10.180.1.21/identity/v3/projects/ae76c8f55e184e45af12c026b8dcc734/users/068ccf1c69f744da9090e65a5f9d486c/roles/64b55a3f9d644d3c9ec5f3d24a32a2db 0.026s
2025-04-14 13:58:40.283 69954 INFO tempest.lib.common.dynamic_creds [-] Dynamic test user 068ccf1c69f744da9090e65a5f9d486c is created with scope project and roles: ['member']
2025-04-14 13:58:40.283 69954 INFO tempest.lib.common.dynamic_creds [-] Acquired dynamic creds: credentials: Credentials: {'domain_id': 'default', 'domain_name': 'Default', 'username': 'tempest-AttachInterfacesUnderV243Test-1097413231-project-member', 'project_domain_id': 'default', 'project_domain_name': 'Default', 'project_id': 'ae76c8f55e184e45af12c026b8dcc734', 'project_name': 'tempest-AttachInterfacesUnderV243Test-1097413231', 'tenant_id': 'ae76c8f55e184e45af12c026b8dcc734', 'tenant_name': 'tempest-AttachInterfacesUnderV243Test-1097413231', 'user_domain_id': 'default', 'user_domain_name': 'Default', 'user_id': '068ccf1c69f744da9090e65a5f9d486c', 'system': None}, Network: None, Subnet: None, Router: None
2025-04-14 13:58:40.334 69993 INFO tempest.lib.common.rest_client [req-8f858ec9-c1ae-4c38-9d1b-78f540597177 req-8f858ec9-c1ae-4c38-9d1b-78f540597177 ] Request (ServerMetadataNegativeTestJSON:setUpClass): 200 GET http://10.180.1.21/compute/v2.1/servers/20fa95e4-e66f-4310-81bf-beb9a42968dc 0.888s
2025-04-14 13:58:40.351 69954 INFO tempest.lib.common.rest_client [req-465df51b-9e25-4a80-a3eb-591037527013 req-465df51b-9e25-4a80-a3eb-591037527013 ] Request (AttachInterfacesUnderV243Test:setUpClass): 201 POST http://10.180.1.21/identity/v3/auth/tokens 0.068s
2025-04-14 13:58:40.407 69976 INFO tempest.lib.common.rest_client [req-98f1e2a8-b570-4248-8c23-1524d2a6efc2 req-98f1e2a8-b570-4248-8c23-1524d2a6efc2 ] Request (DeleteServersAdminTestJSON:test_delete_server_while_in_error_state): 200 GET http://10.180.1.21/compute/v2.1/servers/13ec57c7-56f5-40c6-ab32-aac0fd67c9b1 0.903s
2025-04-14 13:58:40.415 69976 INFO tempest.common.waiters [-] State transition "BUILD/scheduling" ==> "BUILD/None" after 29 second wait
2025-04-14 13:58:40.436 69962 INFO tempest.lib.common.rest_client [req-7420580f-bc53-47f4-8183-82a4f8a7c4f6 req-7420580f-bc53-47f4-8183-82a4f8a7c4f6 ] Request (ServerAddressesTestJSON:setUpClass): 200 GET http://10.180.1.21/compute/v2.1/servers/1e4afb61-0ef2-4805-85e2-4e480e8ba25f 1.050s
2025-04-14 13:58:40.488 69960 WARNING tempest.lib.common.ssh [-] Failed to establish authenticated ssh connection to cirros@10.180.180.203 ([Errno None] Unable to connect to port 22 on 10.180.180.203). Number attempts: 4. Retry after 5 seconds.: paramiko.ssh_exception.NoValidConnectionsError: [Errno None] Unable to connect to port 22 on 10.180.180.203
2025-04-14 13:58:40.511 69940 INFO tempest.lib.common.rest_client [req-e1835b8b-30ec-4e90-b4cb-81b570fa7c1c req-e1835b8b-30ec-4e90-b4cb-81b570fa7c1c ] Request (ImagesOneServerTestJSON:setUpClass): 200 GET http://10.180.1.21/compute/v2.1/servers/d9e3bd67-974c-477a-baa2-99549051a828 0.951s
2025-04-14 13:58:40.597 69988 INFO tempest.lib.common.rest_client [req-1268500b-d6d6-46c3-8c6b-b370a5db6b41 req-1268500b-d6d6-46c3-8c6b-b370a5db6b41 ] Request (ServersTestFqdnHostnames:test_create_server_with_fqdn_name): 200 GET http://10.180.1.21/compute/v2.1/servers/3d07cf05-d08d-409f-9bbd-b7ff213e29ff 0.982s
2025-04-14 13:58:40.615 69974 INFO tempest.lib.common.rest_client [req-54d377b8-3a32-46ba-8f17-ef65a038dd91 req-54d377b8-3a32-46ba-8f17-ef65a038dd91 ] Request (ServersV294TestFqdnHostnames:setUpClass): 200 GET http://10.180.1.21/compute/v2.1/servers/1178a341-cc87-48f9-b274-f0a1ab0c01fc/os-interface 1.094s
2025-04-14 13:58:40.681 69946 INFO tempest.lib.common.rest_client [req-578263af-85f1-41aa-84c0-26e07afbccb8 req-578263af-85f1-41aa-84c0-26e07afbccb8 ] Request (ServerShowV254Test:test_rebuild_server): 200 GET http://10.180.1.21/compute/v2.1/servers/cd5b4748-087b-4058-990d-e15affb5a715 1.044s
2025-04-14 13:58:40.694 69946 INFO tempest.common.waiters [-] State transition "REBUILD/rebuild_spawning" ==> "ACTIVE/None" after 10 second wait
2025-04-14 13:58:40.779 69966 INFO tempest.lib.common.rest_client [req-6ed97ded-722b-47f4-abab-aa51359c141a req-6ed97ded-722b-47f4-abab-aa51359c141a ] Request (ListServerFiltersTestJSON:tearDownClass): 200 GET http://10.180.1.21/compute/v2.1/servers/fa89db07-09b5-485d-aacc-e1d39e576218 0.986s
2025-04-14 13:58:40.787 69966 INFO tempest.common.waiters [-] State transition "ACTIVE/deleting" ==> "DELETED/None" after 3 second wait
2025-04-14 13:58:40.794 69950 INFO tempest.lib.common.rest_client [req-726aa2a7-510d-40a0-9aed-cbd5eeec5038 req-726aa2a7-510d-40a0-9aed-cbd5eeec5038 ] Request (ServersWithSpecificFlavorTestJSON:test_verify_created_server_ephemeral_disk): 200 PUT http://10.180.1.21:9696/networking/v2.0/floatingips/115ac682-82f3-4f9b-9021-8296b5246653 1.506s
2025-04-14 13:58:40.834 69954 INFO tempest.lib.common.rest_client [req-b7550b06-c910-4d4b-9ad9-d208a5987f9c req-b7550b06-c910-4d4b-9ad9-d208a5987f9c ] Request (AttachInterfacesUnderV243Test:setUpClass): 201 POST http://10.180.1.21:9696/networking/v2.0/networks 0.482s
2025-04-14 13:58:40.856 69938 INFO tempest.lib.common.rest_client [req-3c5bfaf6-df77-4839-b2db-7b15d804e6dd req-3c5bfaf6-df77-4839-b2db-7b15d804e6dd ] Request (ServerAddressesNegativeTestJSON:tearDownClass): 200 GET http://10.180.1.21/compute/v2.1/servers/8fcf169e-2bcf-4fff-9a99-7dc8db4ce128 0.846s
2025-04-14 13:58:40.862 69982 INFO tempest.lib.common.rest_client [req-8655049b-c47a-448f-a3ad-ce96e879bcdd req-8655049b-c47a-448f-a3ad-ce96e879bcdd ] Request (ImagesNegativeTestJSON:test_create_image_from_deleted_server): 200 GET http://10.180.1.21/compute/v2.1/servers/faeb64d6-dd4f-4267-af4f-d42dcc1c45c9 1.082s
2025-04-14 13:58:40.945 69936 INFO tempest.lib.common.rest_client [req-9a9ceb17-a690-4e69-a2f5-d6de850179ed req-9a9ceb17-a690-4e69-a2f5-d6de850179ed ] Request (ServerActionsTestOtherB:setUpClass): 200 GET http://10.180.1.21/compute/v2.1/servers/fa7f8ff7-658a-46d0-a6dc-232614af850d 0.851s
2025-04-14 13:58:40.963 69972 INFO tempest.lib.common.rest_client [req-7e0c4fc4-fd00-4c94-9741-c3019ca4c6a0 req-7e0c4fc4-fd00-4c94-9741-c3019ca4c6a0 ] Request (ServersListShow2100Test:test_list_show_rebuild_update_server_2100): 200 GET http://10.180.1.21/compute/v2.1/servers/f2b492f9-2517-4ee7-b4e7-c6c3bb912e49 0.944s
2025-04-14 13:58:41.000 69958 INFO tempest.lib.common.rest_client [req-b88baf46-adb7-40dc-9282-1789902b1c24 req-b88baf46-adb7-40dc-9282-1789902b1c24 ] Request (DeleteServersTestJSON:setUpClass): 201 POST http://10.180.1.21:9696/networking/v2.0/routers 1.963s
2025-04-14 13:58:41.043 69970 INFO tempest.lib.common.rest_client [req-31749a20-7b49-4e8d-b86d-2349d63000d7 req-31749a20-7b49-4e8d-b86d-2349d63000d7 ] Request (SecurityGroupsTestJSON:test_list_security_groups_by_server): 200 GET http://10.180.1.21/compute/v2.1/servers/d812aca8-c993-4f3e-8235-115a51b60501 0.852s
2025-04-14 13:58:41.129 69934 INFO tempest.lib.common.rest_client [req-9ce9a8e5-d9bf-47f7-b2a8-7663e80ebb9e req-9ce9a8e5-d9bf-47f7-b2a8-7663e80ebb9e ] Request (ServersAdmin275Test:tearDownClass): 200 GET http://10.180.1.21/compute/v2.1/servers/82d7d697-989c-4f9f-aaf4-7a7345bf2292 0.922s
2025-04-14 13:58:41.158 69954 INFO tempest.lib.common.rest_client [req-4ba33d13-afc4-4e43-82e7-1d722ab1b8a1 req-4ba33d13-afc4-4e43-82e7-1d722ab1b8a1 ] Request (AttachInterfacesUnderV243Test:setUpClass): 201 POST http://10.180.1.21:9696/networking/v2.0/subnets 0.323s
2025-04-14 13:58:41.162 69942 INFO tempest.lib.common.rest_client [req-ad055fbf-d847-40b7-a689-07f68b5691f8 req-ad055fbf-d847-40b7-a689-07f68b5691f8 ] Request (FloatingIPsAssociationTestJSON:test_associate_already_associated_floating_ip): 200 GET http://10.180.1.21/compute/v2.1/servers/e75fc999-a479-44b6-a715-1a76054d73c6 1.039s
2025-04-14 13:58:41.168 69942 INFO tempest.common.waiters [-] State transition "BUILD/None" ==> "BUILD/block_device_mapping" after 40 second wait
2025-04-14 13:58:41.194 69956 INFO tempest.lib.common.rest_client [req-8b94a94a-94c3-47f0-8106-5eaf307a0c2e req-8b94a94a-94c3-47f0-8106-5eaf307a0c2e ] Request (ServersAdminTestJSON:test_create_server_with_scheduling_hint): 200 GET http://10.180.1.21/compute/v2.1/servers/115e1a8c-381d-47c2-882d-a425f5e783f7 0.803s
2025-04-14 13:58:41.226 69990 INFO tempest.lib.common.rest_client [req-5c199b89-0478-490d-a9e6-171455b21feb req-5c199b89-0478-490d-a9e6-171455b21feb ] Request (ServerDiagnosticsV248Test:test_get_server_diagnostics): 200 GET http://10.180.1.21/compute/v2.1/servers/eed1c412-ccce-4168-bce7-3e7101901b7f 0.745s
2025-04-14 13:58:41.313 69948 INFO tempest.lib.common.rest_client [req-4a07e547-fbb3-45a5-bea0-42f3090d3f3d req-4a07e547-fbb3-45a5-bea0-42f3090d3f3d ] Request (ServerActionsTestJSON:setUpClass): 200 GET http://10.180.1.21/compute/v2.1/servers/9ee7dbf3-c86a-4cd8-ad1e-ca92cb90164d 0.754s
2025-04-14 13:58:41.322 69968 INFO tempest.lib.common.rest_client [req-cc4c9463-831a-4daa-b9f1-cdc99293c4a1 req-cc4c9463-831a-4daa-b9f1-cdc99293c4a1 ] Request (ListImageFiltersTestJSON:setUpClass): 200 GET http://10.180.1.21/compute/v2.1/servers/8a331293-ee7f-4faa-a316-56aec9296894 0.721s
2025-04-14 13:58:41.398 69978 INFO tempest.lib.common.rest_client [req-5ea32500-7faf-46fa-86cc-11742ce892f3 req-5ea32500-7faf-46fa-86cc-11742ce892f3 ] Request (ServerGroupTestJSON:test_create_server_with_scheduler_hint_group): 200 GET http://10.180.1.21/compute/v2.1/servers/2e020eec-2d4f-41b8-b31d-3add0744d592 0.759s
2025-04-14 13:58:41.411 69980 INFO tempest.lib.common.rest_client [req-140d4881-41e1-4732-a211-d6f68a9233d3 req-140d4881-41e1-4732-a211-d6f68a9233d3 ] Request (ImagesTestJSON:test_create_image_from_suspended_server): 200 GET http://10.180.1.21/compute/v2.1/servers/e1db078f-b047-4e92-9b28-109607d988a4 0.734s
2025-04-14 13:58:41.427 69946 INFO tempest.lib.common.rest_client [req-b755ac13-5005-42eb-b9fa-86439cd8f473 req-b755ac13-5005-42eb-b9fa-86439cd8f473 ] Request (ServerShowV254Test:_run_cleanups): 204 DELETE http://10.180.1.21/compute/v2.1/os-keypairs/tempest-ServerShowV254Test-keypair-20836510 0.732s
2025-04-14 13:58:41.512 69932 INFO tempest.lib.common.rest_client [req-9ab65259-5183-464a-b7cb-3e2d4908e06e req-9ab65259-5183-464a-b7cb-3e2d4908e06e ] Request (FloatingIPsAssociationNegativeTestJSON:setUpClass): 200 GET http://10.180.1.21/compute/v2.1/servers/00d02bd2-f8fa-415c-9a6f-c58b9af0be63 0.800s
2025-04-14 13:58:41.520 69952 INFO tempest.lib.common.rest_client [req-26297d3d-033f-4d4a-abc1-6a0da8a02b56 req-26297d3d-033f-4d4a-abc1-6a0da8a02b56 ] Request (ServersTestJSON:setUpClass): 200 GET http://10.180.1.21/compute/v2.1/servers/494cdc5d-27c6-4a1c-8089-4b2a4dd08566 0.778s
2025-04-14 13:58:41.614 69944 INFO tempest.lib.common.rest_client [req-3f2131f7-1040-49ae-9023-735ada751900 req-3f2131f7-1040-49ae-9023-735ada751900 ] Request (ServersListShow296Test:test_list_show_update_rebuild_server_296): 200 GET http://10.180.1.21/compute/v2.1/servers/997781de-b20c-4004-8374-deef83d9de6b 0.796s
2025-04-14 13:58:41.711 69972 INFO tempest.lib.common.rest_client [req-099847e4-4838-4b93-98ed-f87d602fabef req-099847e4-4838-4b93-98ed-f87d602fabef ] Request (ServersListShow2100Test:test_list_show_rebuild_update_server_2100): 200 PUT http://10.180.1.21/compute/v2.1/servers/f2b492f9-2517-4ee7-b4e7-c6c3bb912e49 0.727s
2025-04-14 13:58:41.725 69950 INFO tempest.lib.common.rest_client [req-bb82a39e-5268-4805-8db8-f0e6e7c82436 req-bb82a39e-5268-4805-8db8-f0e6e7c82436 ] Request (ServersWithSpecificFlavorTestJSON:test_verify_created_server_ephemeral_disk): 200 GET http://10.180.1.21/compute/v2.1/servers/b557580c-420c-42bf-90f5-43960bf4f3d5 0.930s
2025-04-14 13:58:41.739 69950 INFO tempest.lib.common.ssh [-] Creating ssh connection to '10.180.180.252:22' as 'cirros' with public key authentication
2025-04-14 13:58:41.795 69993 INFO tempest.lib.common.rest_client [req-9c8f47dc-7520-44b4-b3bc-5946daf47f32 req-9c8f47dc-7520-44b4-b3bc-5946daf47f32 ] Request (ServerMetadataNegativeTestJSON:setUpClass): 200 GET http://10.180.1.21/compute/v2.1/servers/20fa95e4-e66f-4310-81bf-beb9a42968dc 0.451s
2025-04-14 13:58:41.851 69930 INFO tempest.lib.common.rest_client [req-50b2703b-1ca9-4ade-b013-ff74973e8974 req-50b2703b-1ca9-4ade-b013-ff74973e8974 ] Request (ServerRescueNegativeTestJSON:setUpClass): 200 GET http://10.180.1.21/compute/v2.1/servers/6ec24a38-4b28-42e6-b86b-654d79714a95 0.858s
2025-04-14 13:58:41.860 69930 INFO tempest.common.waiters [-] State transition "ACTIVE/rescuing" ==> "RESCUE/None" after 10 second wait
2025-04-14 13:58:41.862 69976 INFO tempest.lib.common.rest_client [req-6327a61b-fafa-4f2f-a89e-6d340f991e04 req-6327a61b-fafa-4f2f-a89e-6d340f991e04 ] Request (DeleteServersAdminTestJSON:test_delete_server_while_in_error_state): 200 GET http://10.180.1.21/compute/v2.1/servers/13ec57c7-56f5-40c6-ab32-aac0fd67c9b1 0.445s
2025-04-14 13:58:41.956 69946 INFO tempest.lib.common.rest_client [req-8a95396e-c212-4192-a41d-464736324c93 req-8a95396e-c212-4192-a41d-464736324c93 ] Request (ServerShowV254Test:tearDownClass): 204 DELETE http://10.180.1.21/compute/v2.1/servers/cd5b4748-087b-4058-990d-e15affb5a715 0.527s
2025-04-14 13:58:42.035 69940 INFO tempest.lib.common.rest_client [req-eb73cf42-3a9c-4957-9b88-fc383b61202b req-eb73cf42-3a9c-4957-9b88-fc383b61202b ] Request (ImagesOneServerTestJSON:setUpClass): 200 GET http://10.180.1.21/compute/v2.1/servers/d9e3bd67-974c-477a-baa2-99549051a828 0.513s
2025-04-14 13:58:42.104 69962 INFO tempest.lib.common.rest_client [req-0411269b-f429-473c-b669-f8591fdee63c req-0411269b-f429-473c-b669-f8591fdee63c ] Request (ServerAddressesTestJSON:setUpClass): 200 GET http://10.180.1.21/compute/v2.1/servers/1e4afb61-0ef2-4805-85e2-4e480e8ba25f 0.654s
2025-04-14 13:58:42.111 69988 INFO tempest.lib.common.rest_client [req-68ac799b-0d8d-433c-80f5-3ced1e5cac28 req-68ac799b-0d8d-433c-80f5-3ced1e5cac28 ] Request (ServersTestFqdnHostnames:test_create_server_with_fqdn_name): 200 GET http://10.180.1.21/compute/v2.1/servers/3d07cf05-d08d-409f-9bbd-b7ff213e29ff 0.502s
2025-04-14 13:58:42.157 69974 INFO tempest.lib.common.rest_client [req-c7a398ff-1dab-4efa-b67f-d83fc6fd7874 req-c7a398ff-1dab-4efa-b67f-d83fc6fd7874 ] Request (ServersV294TestFqdnHostnames:setUpClass): 200 PUT http://10.180.1.21:9696/networking/v2.0/floatingips/ca71850a-4262-4725-bf58-9effbdd7edc5 1.539s
2025-04-14 13:58:42.218 69972 INFO tempest.lib.common.rest_client [req-011f42cc-f0d5-4d39-8a4e-e879281edd5b req-011f42cc-f0d5-4d39-8a4e-e879281edd5b ] Request (ServersListShow2100Test:test_list_show_rebuild_update_server_2100): 200 GET http://10.180.1.21/compute/v2.1/servers/f2b492f9-2517-4ee7-b4e7-c6c3bb912e49 0.488s
2025-04-14 13:58:42.221 69966 INFO tempest.lib.common.rest_client [req-36ffacbe-7eee-4f43-9e8e-4ba27b525e88 req-36ffacbe-7eee-4f43-9e8e-4ba27b525e88 ] Request (ListServerFiltersTestJSON:tearDownClass): 200 GET http://10.180.1.21/compute/v2.1/servers/fa89db07-09b5-485d-aacc-e1d39e576218 0.434s
2025-04-14 13:58:42.267 69954 INFO tempest.lib.common.rest_client [req-8925111b-2143-4f94-b948-5d4f6ed777fc req-8925111b-2143-4f94-b948-5d4f6ed777fc ] Request (AttachInterfacesUnderV243Test:setUpClass): 201 POST http://10.180.1.21:9696/networking/v2.0/routers 1.109s
2025-04-14 13:58:42.312 69938 INFO tempest.lib.common.rest_client [req-51cd75dc-27a1-424a-9c53-87695c3a127a req-51cd75dc-27a1-424a-9c53-87695c3a127a ] Request (ServerAddressesNegativeTestJSON:tearDownClass): 200 GET http://10.180.1.21/compute/v2.1/servers/8fcf169e-2bcf-4fff-9a99-7dc8db4ce128 0.443s
2025-04-14 13:58:42.421 69930 INFO tempest.lib.common.rest_client [req-809d22d9-f2ab-4836-8f5c-9e8546d2ca11 req-809d22d9-f2ab-4836-8f5c-9e8546d2ca11 ] Request (ServerRescueNegativeTestJSON:setUpClass): 200 GET http://10.180.1.21/compute/v2.1/servers/1fb750ed-62d4-4784-bf6c-6d777dc5ddb0 0.560s
2025-04-14 13:58:42.490 69982 INFO tempest.lib.common.rest_client [req-1a6af0c6-941b-442e-a285-3bc9bd693efa req-1a6af0c6-941b-442e-a285-3bc9bd693efa ] Request (ImagesNegativeTestJSON:test_create_image_from_deleted_server): 200 GET http://10.180.1.21/compute/v2.1/servers/faeb64d6-dd4f-4267-af4f-d42dcc1c45c9 0.613s
2025-04-14 13:58:42.504 69946 INFO tempest.lib.common.rest_client [req-7d681854-6af4-47b8-9d0f-13f7bdd8373e req-7d681854-6af4-47b8-9d0f-13f7bdd8373e ] Request (ServerShowV254Test:tearDownClass): 200 GET http://10.180.1.21/compute/v2.1/servers/cd5b4748-087b-4058-990d-e15affb5a715 0.547s
2025-04-14 13:58:42.548 69936 INFO tempest.lib.common.rest_client [req-96703456-b5d0-478a-811d-a72c93f15bea req-96703456-b5d0-478a-811d-a72c93f15bea ] Request (ServerActionsTestOtherB:setUpClass): 200 GET http://10.180.1.21/compute/v2.1/servers/fa7f8ff7-658a-46d0-a6dc-232614af850d 0.587s
2025-04-14 13:58:42.571 69970 INFO tempest.lib.common.rest_client [req-f1346b53-0053-4e24-9f1b-8a4a5914ef1a req-f1346b53-0053-4e24-9f1b-8a4a5914ef1a ] Request (SecurityGroupsTestJSON:test_list_security_groups_by_server): 200 GET http://10.180.1.21/compute/v2.1/servers/d812aca8-c993-4f3e-8235-115a51b60501 0.520s
2025-04-14 13:58:42.669 69934 INFO tempest.lib.common.rest_client [req-8bc00be0-0440-402f-86ab-b9479a00a2b6 req-8bc00be0-0440-402f-86ab-b9479a00a2b6 ] Request (ServersAdmin275Test:tearDownClass): 200 GET http://10.180.1.21/compute/v2.1/servers/82d7d697-989c-4f9f-aaf4-7a7345bf2292 0.525s
2025-04-14 13:58:42.739 69974 INFO tempest.lib.common.rest_client [req-e64c396d-6d96-4b66-8216-052ce72abdd6 req-e64c396d-6d96-4b66-8216-052ce72abdd6 ] Request (ServersV294TestFqdnHostnames:setUpClass): 200 GET http://10.180.1.21/compute/v2.1/servers/1178a341-cc87-48f9-b274-f0a1ab0c01fc 0.579s
2025-04-14 13:58:42.756 69974 INFO tempest.api.compute.base [-] Attempting to verify tagged devices in server 1178a341-cc87-48f9-b274-f0a1ab0c01fc via the metadata service: http://169.254.169.254/openstack/latest/meta_data.json
2025-04-14 13:58:42.757 69974 INFO tempest.lib.common.ssh [-] Creating ssh connection to '10.180.180.206:22' as 'cirros' with public key authentication
2025-04-14 13:58:42.806 69942 INFO tempest.lib.common.rest_client [req-88d99116-4937-4bfc-88dd-3185b3ae0f8e req-88d99116-4937-4bfc-88dd-3185b3ae0f8e ] Request (FloatingIPsAssociationTestJSON:test_associate_already_associated_floating_ip): 200 GET http://10.180.1.21/compute/v2.1/servers/e75fc999-a479-44b6-a715-1a76054d73c6 0.636s
2025-04-14 13:58:42.814 69956 INFO tempest.lib.common.rest_client [req-2605671a-ac9b-4122-8996-f5e1e657a756 req-2605671a-ac9b-4122-8996-f5e1e657a756 ] Request (ServersAdminTestJSON:test_create_server_with_scheduling_hint): 200 GET http://10.180.1.21/compute/v2.1/servers/115e1a8c-381d-47c2-882d-a425f5e783f7 0.609s
2025-04-14 13:58:42.816 69942 INFO tempest.common.waiters [-] State transition "BUILD/block_device_mapping" ==> "BUILD/spawning" after 41 second wait
2025-04-14 13:58:42.874 69990 INFO tempest.lib.common.rest_client [req-0a13828d-cd43-41a8-908a-90b8fcb91f8b req-0a13828d-cd43-41a8-908a-90b8fcb91f8b ] Request (ServerDiagnosticsV248Test:test_get_server_diagnostics): 200 GET http://10.180.1.21/compute/v2.1/servers/eed1c412-ccce-4168-bce7-3e7101901b7f 0.633s
2025-04-14 13:58:42.956 69948 INFO tempest.lib.common.rest_client [req-0f6ae9a8-1f00-4113-9f8c-554286f55e0c req-0f6ae9a8-1f00-4113-9f8c-554286f55e0c ] Request (ServerActionsTestJSON:setUpClass): 200 GET http://10.180.1.21/compute/v2.1/servers/9ee7dbf3-c86a-4cd8-ad1e-ca92cb90164d 0.634s
2025-04-14 13:58:43.013 69958 INFO tempest.lib.common.rest_client [req-9bcd76f4-10ed-4ad8-b352-351dbdad7e3a req-9bcd76f4-10ed-4ad8-b352-351dbdad7e3a ] Request (DeleteServersTestJSON:setUpClass): 200 PUT http://10.180.1.21:9696/networking/v2.0/routers/e543d308-3325-46d4-b291-8efc332f29a4/add_router_interface 2.013s
2025-04-14 13:58:43.013 69958 INFO tempest.lib.common.dynamic_creds [-] Created isolated network resources for: credentials: Credentials: {'domain_id': 'default', 'domain_name': 'Default', 'username': 'tempest-DeleteServersTestJSON-843885066-project-member', 'project_domain_id': 'default', 'project_domain_name': 'Default', 'project_id': '201a65cf0cc84bf3a5ae9f9d87000dd8', 'project_name': 'tempest-DeleteServersTestJSON-843885066', 'tenant_id': '201a65cf0cc84bf3a5ae9f9d87000dd8', 'tenant_name': 'tempest-DeleteServersTestJSON-843885066', 'user_domain_id': 'default', 'user_domain_name': 'Default', 'user_id': '640f1c3e84e3470a8e22245ea2086853', 'system': None}, Network: {'id': 'd381647d-592d-40db-843d-6008de0737a5', 'name': 'tempest-DeleteServersTestJSON-2059555966-network', 'tenant_id': '201a65cf0cc84bf3a5ae9f9d87000dd8', 'admin_state_up': True, 'mtu': 8950, 'status': 'ACTIVE', 'subnets': [], 'shared': False, 'project_id': '201a65cf0cc84bf3a5ae9f9d87000dd8', 'port_security_enabled': True, 'router:external': False, 'provider:network_type': 'vlan', 'provider:physical_network': 'default', 'provider:segmentation_id': 643, 'availability_zone_hints': [], 'availability_zones': [], 'ipv4_address_scope': None, 'ipv6_address_scope': None, 'description': '', 'tags': [], 'created_at': '2025-04-14T13:58:38Z', 'updated_at': '2025-04-14T13:58:38Z', 'revision_number': 1}, Subnet: {'id': '2de79ba5-4ad9-4f7f-9bf6-319501c3ca21', 'name': 'tempest-DeleteServersTestJSON-2059555966-subnet', 'tenant_id': '201a65cf0cc84bf3a5ae9f9d87000dd8', 'network_id': 'd381647d-592d-40db-843d-6008de0737a5', 'ip_version': 4, 'subnetpool_id': None, 'enable_dhcp': True, 'ipv6_ra_mode': None, 'ipv6_address_mode': None, 'gateway_ip': '192.168.128.1', 'cidr': '192.168.128.0/28', 'allocation_pools': [{'start': '192.168.128.2', 'end': '192.168.128.14'}], 'host_routes': [], 'dns_nameservers': [], 'description': '', 'router:external': False, 'service_types': [], 'tags': [], 'created_at': '2025-04-14T13:58:38Z', 'updated_at': '2025-04-14T13:58:38Z', 'revision_number': 0, 'project_id': '201a65cf0cc84bf3a5ae9f9d87000dd8'}, Router: {'id': 'e543d308-3325-46d4-b291-8efc332f29a4', 'name': 'tempest-DeleteServersTestJSON-2059555966-router', 'tenant_id': '201a65cf0cc84bf3a5ae9f9d87000dd8', 'admin_state_up': True, 'status': 'ACTIVE', 'external_gateway_info': {'network_id': '6c803797-41e6-4d7e-90e0-3a61aa85e14e', 'external_fixed_ips': [{'subnet_id': 'cc869099-ab74-4696-9ecd-7e150ef24fc7', 'ip_address': '10.180.180.157'}], 'enable_snat': True}, 'description': '', 'availability_zones': [], 'distributed': False, 'ha': False, 'availability_zone_hints': [], 'routes': [], 'flavor_id': None, 'tags': [], 'created_at': '2025-04-14T13:58:39Z', 'updated_at': '2025-04-14T13:58:40Z', 'revision_number': 2, 'project_id': '201a65cf0cc84bf3a5ae9f9d87000dd8'}
2025-04-14 13:58:43.031 69968 INFO tempest.lib.common.rest_client [req-507bdbc2-f8ac-43c1-87cd-6c3eb4648423 req-507bdbc2-f8ac-43c1-87cd-6c3eb4648423 ] Request (ListImageFiltersTestJSON:setUpClass): 200 GET http://10.180.1.21/compute/v2.1/servers/8a331293-ee7f-4faa-a316-56aec9296894 0.702s
2025-04-14 13:58:43.081 69972 INFO tempest.lib.common.rest_client [req-060e948d-ae60-4e98-8306-7c82da023137 req-060e948d-ae60-4e98-8306-7c82da023137 ] Request (ServersListShow2100Test:test_list_show_rebuild_update_server_2100): 202 POST http://10.180.1.21/compute/v2.1/servers/f2b492f9-2517-4ee7-b4e7-c6c3bb912e49/action 0.844s
2025-04-14 13:58:43.085 69978 INFO tempest.lib.common.rest_client [req-79a68361-ccd6-489d-a5e6-54d63853589b req-79a68361-ccd6-489d-a5e6-54d63853589b ] Request (ServerGroupTestJSON:test_create_server_with_scheduler_hint_group): 200 GET http://10.180.1.21/compute/v2.1/servers/2e020eec-2d4f-41b8-b31d-3add0744d592 0.673s
2025-04-14 13:58:43.102 69930 INFO tempest.lib.common.rest_client [req-66b039d4-fc03-4bc9-ba97-51a0b7d0d9d0 req-66b039d4-fc03-4bc9-ba97-51a0b7d0d9d0 ] Request (ServerRescueNegativeTestJSON:test_rescue_non_existent_server): 404 POST http://10.180.1.21/compute/v2.1/servers/74c661d9-13fc-47d3-9acb-9bb769fc7e59/action 0.669s
2025-04-14 13:58:43.117 69958 INFO tempest.lib.common.rest_client [req-d73dca19-45ff-453a-8777-9ff9e3bf5e22 req-d73dca19-45ff-453a-8777-9ff9e3bf5e22 ] Request (DeleteServersTestJSON:setUpClass): 201 POST http://10.180.1.21/identity/v3/auth/tokens 0.100s
2025-04-14 13:58:43.144 69980 INFO tempest.lib.common.rest_client [req-97e36899-7e00-45a6-a0be-23d539643f36 req-97e36899-7e00-45a6-a0be-23d539643f36 ] Request (ImagesTestJSON:test_create_image_from_suspended_server): 200 GET http://10.180.1.21/compute/v2.1/servers/e1db078f-b047-4e92-9b28-109607d988a4 0.721s
2025-04-14 13:58:43.163 69958 INFO tempest.lib.common.rest_client [req-ba6365d9-a7c8-4d3f-a15b-a3192646b6e7 req-ba6365d9-a7c8-4d3f-a15b-a3192646b6e7 ] Request (DeleteServersTestJSON:test_delete_active_server): 201 POST http://10.180.1.21/identity/v3/auth/tokens 0.043s
2025-04-14 13:58:43.164 69958 INFO tempest.lib.common.fixed_network [-] (DeleteServersTestJSON:test_delete_active_server) Found network {'id': 'd381647d-592d-40db-843d-6008de0737a5', 'name': 'tempest-DeleteServersTestJSON-2059555966-network', 'tenant_id': '201a65cf0cc84bf3a5ae9f9d87000dd8', 'admin_state_up': True, 'mtu': 8950, 'status': 'ACTIVE', 'subnets': [], 'shared': False, 'project_id': '201a65cf0cc84bf3a5ae9f9d87000dd8', 'port_security_enabled': True, 'router:external': False, 'provider:network_type': 'vlan', 'provider:physical_network': 'default', 'provider:segmentation_id': 643, 'availability_zone_hints': [], 'availability_zones': [], 'ipv4_address_scope': None, 'ipv6_address_scope': None, 'description': '', 'tags': [], 'created_at': '2025-04-14T13:58:38Z', 'updated_at': '2025-04-14T13:58:38Z', 'revision_number': 1} available for tenant
2025-04-14 13:58:43.170 69932 INFO tempest.lib.common.rest_client [req-17986465-b0a7-4bda-824f-586f194a3f38 req-17986465-b0a7-4bda-824f-586f194a3f38 ] Request (FloatingIPsAssociationNegativeTestJSON:setUpClass): 200 GET http://10.180.1.21/compute/v2.1/servers/00d02bd2-f8fa-415c-9a6f-c58b9af0be63 0.644s
2025-04-14 13:58:43.211 69952 INFO tempest.lib.common.rest_client [req-451827af-e14d-4af5-bee9-a194562544ef req-451827af-e14d-4af5-bee9-a194562544ef ] Request (ServersTestJSON:setUpClass): 200 GET http://10.180.1.21/compute/v2.1/servers/494cdc5d-27c6-4a1c-8089-4b2a4dd08566 0.681s
2025-04-14 13:58:43.241 69944 INFO tempest.lib.common.rest_client [req-5b165314-8fd4-4ef8-916d-82e596c82c78 req-5b165314-8fd4-4ef8-916d-82e596c82c78 ] Request (ServersListShow296Test:test_list_show_update_rebuild_server_296): 200 GET http://10.180.1.21/compute/v2.1/servers/997781de-b20c-4004-8374-deef83d9de6b 0.614s
2025-04-14 13:58:43.275 69993 INFO tempest.lib.common.rest_client [req-f7fa840c-8adf-4c6e-8948-9b86119e0fbe req-f7fa840c-8adf-4c6e-8948-9b86119e0fbe ] Request (ServerMetadataNegativeTestJSON:setUpClass): 200 GET http://10.180.1.21/compute/v2.1/servers/20fa95e4-e66f-4310-81bf-beb9a42968dc 0.473s
2025-04-14 13:58:43.301 69976 INFO tempest.lib.common.rest_client [req-23d247c2-edd6-4a90-b1af-e686aa416b9d req-23d247c2-edd6-4a90-b1af-e686aa416b9d ] Request (DeleteServersAdminTestJSON:test_delete_server_while_in_error_state): 200 GET http://10.180.1.21/compute/v2.1/servers/13ec57c7-56f5-40c6-ab32-aac0fd67c9b1 0.429s
2025-04-14 13:58:43.332 69940 INFO tempest.lib.common.rest_client [req-a514f7b3-261f-41ad-b1ed-48712a37a25d req-a514f7b3-261f-41ad-b1ed-48712a37a25d ] Request (ImagesOneServerTestJSON:setUpClass): 200 GET http://10.180.1.21/compute/v2.1/servers/d9e3bd67-974c-477a-baa2-99549051a828 0.286s
2025-04-14 13:58:43.389 69972 INFO tempest.lib.common.rest_client [req-d8155448-5437-4048-b3ae-1939cf8a30bd req-d8155448-5437-4048-b3ae-1939cf8a30bd ] Request (ServersListShow2100Test:test_list_show_rebuild_update_server_2100): 200 GET http://10.180.1.21/compute/v2.1/servers/f2b492f9-2517-4ee7-b4e7-c6c3bb912e49 0.293s
2025-04-14 13:58:43.452 69988 INFO tempest.lib.common.rest_client [req-75cc6f65-fe68-4b0a-9003-fa095541a5ba req-75cc6f65-fe68-4b0a-9003-fa095541a5ba ] Request (ServersTestFqdnHostnames:test_create_server_with_fqdn_name): 200 GET http://10.180.1.21/compute/v2.1/servers/3d07cf05-d08d-409f-9bbd-b7ff213e29ff 0.326s
2025-04-14 13:58:43.483 69962 INFO tempest.lib.common.rest_client [req-1a62c378-619e-4f7f-bbf1-5a43d93e3a83 req-1a62c378-619e-4f7f-bbf1-5a43d93e3a83 ] Request (ServerAddressesTestJSON:setUpClass): 200 GET http://10.180.1.21/compute/v2.1/servers/1e4afb61-0ef2-4805-85e2-4e480e8ba25f 0.366s
2025-04-14 13:58:43.543 69930 INFO tempest.lib.common.rest_client [req-1f74ddf2-f287-4c6f-ae34-54d32af69173 req-1f74ddf2-f287-4c6f-ae34-54d32af69173 ] Request (ServerRescueNegativeTestJSON:test_rescued_vm_attach_volume): 202 POST http://10.180.1.21/volume/v3/volumes 0.439s
2025-04-14 13:58:43.609 69930 INFO tempest.lib.common.rest_client [req-17e43ca6-2345-4630-8a18-846d422ee86d req-17e43ca6-2345-4630-8a18-846d422ee86d ] Request (ServerRescueNegativeTestJSON:test_rescued_vm_attach_volume): 200 GET http://10.180.1.21/volume/v3/volumes/8fd6b613-cd05-45d1-be55-4fef0884ce9b 0.059s
2025-04-14 13:58:43.687 69954 INFO tempest.lib.common.rest_client [req-b150a198-a91c-46a2-887b-bc97999343ec req-b150a198-a91c-46a2-887b-bc97999343ec ] Request (AttachInterfacesUnderV243Test:setUpClass): 200 PUT http://10.180.1.21:9696/networking/v2.0/routers/0a13d02b-a92a-4d7b-8ab6-75a3f941a0b4/add_router_interface 1.419s
2025-04-14 13:58:43.688 69954 INFO tempest.lib.common.dynamic_creds [-] Created isolated network resources for: credentials: Credentials: {'domain_id': 'default', 'domain_name': 'Default', 'username': 'tempest-AttachInterfacesUnderV243Test-1097413231-project-member', 'project_domain_id': 'default', 'project_domain_name': 'Default', 'project_id': 'ae76c8f55e184e45af12c026b8dcc734', 'project_name': 'tempest-AttachInterfacesUnderV243Test-1097413231', 'tenant_id': 'ae76c8f55e184e45af12c026b8dcc734', 'tenant_name': 'tempest-AttachInterfacesUnderV243Test-1097413231', 'user_domain_id': 'default', 'user_domain_name': 'Default', 'user_id': '068ccf1c69f744da9090e65a5f9d486c', 'system': None}, Network: {'id': '29015a12-714c-4ace-bdde-5faf85dce29f', 'name': 'tempest-AttachInterfacesUnderV243Test-784612567-network', 'tenant_id': 'ae76c8f55e184e45af12c026b8dcc734', 'admin_state_up': True, 'mtu': 8950, 'status': 'ACTIVE', 'subnets': [], 'shared': False, 'project_id': 'ae76c8f55e184e45af12c026b8dcc734', 'port_security_enabled': True, 'router:external': False, 'provider:network_type': 'vlan', 'provider:physical_network': 'default', 'provider:segmentation_id': 351, 'availability_zone_hints': [], 'availability_zones': [], 'ipv4_address_scope': None, 'ipv6_address_scope': None, 'description': '', 'tags': [], 'created_at': '2025-04-14T13:58:40Z', 'updated_at': '2025-04-14T13:58:40Z', 'revision_number': 1}, Subnet: {'id': '102e5cbe-e3f1-4914-9ebd-c5b5e07e5783', 'name': 'tempest-AttachInterfacesUnderV243Test-784612567-subnet', 'tenant_id': 'ae76c8f55e184e45af12c026b8dcc734', 'network_id': '29015a12-714c-4ace-bdde-5faf85dce29f', 'ip_version': 4, 'subnetpool_id': None, 'enable_dhcp': True, 'ipv6_ra_mode': None, 'ipv6_address_mode': None, 'gateway_ip': '192.168.128.1', 'cidr': '192.168.128.0/28', 'allocation_pools': [{'start': '192.168.128.2', 'end': '192.168.128.14'}], 'host_routes': [], 'dns_nameservers': [], 'description': '', 'router:external': False, 'service_types': [], 'tags': [], 'created_at': '2025-04-14T13:58:40Z', 'updated_at': '2025-04-14T13:58:40Z', 'revision_number': 0, 'project_id': 'ae76c8f55e184e45af12c026b8dcc734'}, Router: {'id': '0a13d02b-a92a-4d7b-8ab6-75a3f941a0b4', 'name': 'tempest-AttachInterfacesUnderV243Test-784612567-router', 'tenant_id': 'ae76c8f55e184e45af12c026b8dcc734', 'admin_state_up': True, 'status': 'ACTIVE', 'external_gateway_info': {'network_id': '6c803797-41e6-4d7e-90e0-3a61aa85e14e', 'external_fixed_ips': [{'subnet_id': 'cc869099-ab74-4696-9ecd-7e150ef24fc7', 'ip_address': '10.180.180.238'}], 'enable_snat': True}, 'description': '', 'availability_zones': [], 'distributed': False, 'ha': False, 'availability_zone_hints': [], 'routes': [], 'flavor_id': None, 'tags': [], 'created_at': '2025-04-14T13:58:41Z', 'updated_at': '2025-04-14T13:58:41Z', 'revision_number': 2, 'project_id': 'ae76c8f55e184e45af12c026b8dcc734'}
2025-04-14 13:58:43.789 69966 INFO tempest.lib.common.rest_client [req-a5dce172-a8fd-4f76-9f62-857071b0d5a7 req-a5dce172-a8fd-4f76-9f62-857071b0d5a7 ] Request (ListServerFiltersTestJSON:tearDownClass): 200 GET http://10.180.1.21/compute/v2.1/servers/fa89db07-09b5-485d-aacc-e1d39e576218 0.554s
2025-04-14 13:58:43.806 69954 INFO tempest.lib.common.rest_client [req-13299222-94eb-49a4-be93-c6885c0e838b req-13299222-94eb-49a4-be93-c6885c0e838b ] Request (AttachInterfacesUnderV243Test:setUpClass): 201 POST http://10.180.1.21/identity/v3/auth/tokens 0.114s
2025-04-14 13:58:43.863 69938 INFO tempest.lib.common.rest_client [req-3189a79d-1350-4c45-9295-1e0912d9deb2 req-3189a79d-1350-4c45-9295-1e0912d9deb2 ] Request (ServerAddressesNegativeTestJSON:tearDownClass): 200 GET http://10.180.1.21/compute/v2.1/servers/8fcf169e-2bcf-4fff-9a99-7dc8db4ce128 0.544s
2025-04-14 13:58:44.043 69982 INFO tempest.lib.common.rest_client [req-c0927905-b1ff-4eb6-9646-e34746e591fa req-c0927905-b1ff-4eb6-9646-e34746e591fa ] Request (ImagesNegativeTestJSON:test_create_image_from_deleted_server): 200 GET http://10.180.1.21/compute/v2.1/servers/faeb64d6-dd4f-4267-af4f-d42dcc1c45c9 0.542s
2025-04-14 13:58:44.051 69982 INFO tempest.common.waiters [-] State transition "BUILD/spawning" ==> "ACTIVE/None" after 50 second wait
2025-04-14 13:58:44.119 69946 INFO tempest.lib.common.rest_client [req-a382acd3-0d8d-4f09-a1f6-8179fc2474af req-a382acd3-0d8d-4f09-a1f6-8179fc2474af ] Request (ServerShowV254Test:tearDownClass): 200 GET http://10.180.1.21/compute/v2.1/servers/cd5b4748-087b-4058-990d-e15affb5a715 0.603s
2025-04-14 13:58:44.191 69936 INFO tempest.lib.common.rest_client [req-481a3ef7-1686-4415-ba90-e129662c503b req-481a3ef7-1686-4415-ba90-e129662c503b ] Request (ServerActionsTestOtherB:setUpClass): 200 GET http://10.180.1.21/compute/v2.1/servers/fa7f8ff7-658a-46d0-a6dc-232614af850d 0.626s
2025-04-14 13:58:44.210 69958 INFO tempest.lib.common.rest_client [req-aa2b2939-fa32-4ed9-8230-a409cd27ce8a req-aa2b2939-fa32-4ed9-8230-a409cd27ce8a ] Request (DeleteServersTestJSON:test_delete_active_server): 202 POST http://10.180.1.21/compute/v2.1/servers 1.045s
2025-04-14 13:58:44.322 69934 INFO tempest.lib.common.rest_client [req-d2bb4b78-98d8-4d3c-91fd-30bbf3806fb4 req-d2bb4b78-98d8-4d3c-91fd-30bbf3806fb4 ] Request (ServersAdmin275Test:tearDownClass): 200 GET http://10.180.1.21/compute/v2.1/servers/82d7d697-989c-4f9f-aaf4-7a7345bf2292 0.637s
2025-04-14 13:58:44.359 69970 INFO tempest.lib.common.rest_client [req-ab0c3628-21bf-4c29-8a5a-5f4557fc7fc2 req-ab0c3628-21bf-4c29-8a5a-5f4557fc7fc2 ] Request (SecurityGroupsTestJSON:test_list_security_groups_by_server): 200 GET http://10.180.1.21/compute/v2.1/servers/d812aca8-c993-4f3e-8235-115a51b60501 0.777s
2025-04-14 13:58:44.370 69970 INFO tempest.common.waiters [-] State transition "BUILD/None" ==> "BUILD/block_device_mapping" after 39 second wait
2025-04-14 13:58:44.391 69954 INFO tempest.lib.common.rest_client [req-a4347aa8-5dea-4609-a036-9f5a9e252510 req-a4347aa8-5dea-4609-a036-9f5a9e252510 ] Request (ValidationResourcesFixture:setUp): 200 POST http://10.180.1.21/compute/v2.1/os-keypairs 0.583s
2025-04-14 13:58:44.459 69956 INFO tempest.lib.common.rest_client [req-9788ec0f-2616-48e0-a145-81997a6409bc req-9788ec0f-2616-48e0-a145-81997a6409bc ] Request (ServersAdminTestJSON:test_create_server_with_scheduling_hint): 200 GET http://10.180.1.21/compute/v2.1/servers/115e1a8c-381d-47c2-882d-a425f5e783f7 0.635s
2025-04-14 13:58:44.487 69942 INFO tempest.lib.common.rest_client [req-ff22d4d7-19b6-45dd-a1a5-f3ca253f622e req-ff22d4d7-19b6-45dd-a1a5-f3ca253f622e ] Request (FloatingIPsAssociationTestJSON:test_associate_already_associated_floating_ip): 200 GET http://10.180.1.21/compute/v2.1/servers/e75fc999-a479-44b6-a715-1a76054d73c6 0.670s
2025-04-14 13:58:44.497 69954 INFO tempest.lib.common.rest_client [req-6a30acbe-9123-4d5e-981c-b301beb12013 req-6a30acbe-9123-4d5e-981c-b301beb12013 ] Request (ValidationResourcesFixture:setUp): 201 POST http://10.180.1.21:9696/networking/v2.0/security-groups 0.104s
2025-04-14 13:58:44.515 69990 INFO tempest.lib.common.rest_client [req-b894a7e7-ca80-487d-bac1-0e8b580a89e6 req-b894a7e7-ca80-487d-bac1-0e8b580a89e6 ] Request (ServerDiagnosticsV248Test:test_get_server_diagnostics): 200 GET http://10.180.1.21/compute/v2.1/servers/eed1c412-ccce-4168-bce7-3e7101901b7f 0.628s
2025-04-14 13:58:44.546 69948 INFO tempest.lib.common.rest_client [req-27a19ac5-1d1a-48b4-adc5-b1421fd1e12e req-27a19ac5-1d1a-48b4-adc5-b1421fd1e12e ] Request (ServerActionsTestJSON:setUpClass): 200 GET http://10.180.1.21/compute/v2.1/servers/9ee7dbf3-c86a-4cd8-ad1e-ca92cb90164d 0.582s
2025-04-14 13:58:44.581 69968 INFO tempest.lib.common.rest_client [req-ac79c215-5c24-4aad-bca8-2780ac9edd7d req-ac79c215-5c24-4aad-bca8-2780ac9edd7d ] Request (ListImageFiltersTestJSON:setUpClass): 200 GET http://10.180.1.21/compute/v2.1/servers/8a331293-ee7f-4faa-a316-56aec9296894 0.535s
2025-04-14 13:58:44.599 69954 INFO tempest.lib.common.rest_client [req-d8904c06-1612-44b3-9e84-845fb487aa92 req-d8904c06-1612-44b3-9e84-845fb487aa92 ] Request (ValidationResourcesFixture:setUp): 201 POST http://10.180.1.21:9696/networking/v2.0/security-group-rules 0.102s
2025-04-14 13:58:44.638 69978 INFO tempest.lib.common.rest_client [req-c0243270-f9b9-4c0d-833c-c79d10567665 req-c0243270-f9b9-4c0d-833c-c79d10567665 ] Request (ServerGroupTestJSON:test_create_server_with_scheduler_hint_group): 200 GET http://10.180.1.21/compute/v2.1/servers/2e020eec-2d4f-41b8-b31d-3add0744d592 0.538s
2025-04-14 13:58:44.644 69982 INFO tempest.lib.common.rest_client [req-2e45d429-24ae-447f-9b44-ce665ef7fd93 req-2e45d429-24ae-447f-9b44-ce665ef7fd93 ] Request (ImagesNegativeTestJSON:test_create_image_from_deleted_server): 204 DELETE http://10.180.1.21/compute/v2.1/servers/faeb64d6-dd4f-4267-af4f-d42dcc1c45c9 0.593s
2025-04-14 13:58:44.653 69930 INFO tempest.lib.common.rest_client [req-92d75af7-9c25-4a37-a808-f06d2a87f3b7 req-92d75af7-9c25-4a37-a808-f06d2a87f3b7 ] Request (ServerRescueNegativeTestJSON:test_rescued_vm_attach_volume): 200 GET http://10.180.1.21/volume/v3/volumes/8fd6b613-cd05-45d1-be55-4fef0884ce9b 0.035s
2025-04-14 13:58:44.664 69930 INFO tempest.common.waiters [-] volume 8fd6b613-cd05-45d1-be55-4fef0884ce9b reached available after waiting for 1.664571 seconds
2025-04-14 13:58:44.692 69954 INFO tempest.lib.common.rest_client [req-eb5de3e0-0250-448e-8fa3-472135fd96a2 req-eb5de3e0-0250-448e-8fa3-472135fd96a2 ] Request (ValidationResourcesFixture:setUp): 201 POST http://10.180.1.21:9696/networking/v2.0/security-group-rules 0.092s
2025-04-14 13:58:44.720 69932 INFO tempest.lib.common.rest_client [req-4e174e7b-3b5f-4c8f-87f4-f9c55b107654 req-4e174e7b-3b5f-4c8f-87f4-f9c55b107654 ] Request (FloatingIPsAssociationNegativeTestJSON:setUpClass): 200 GET http://10.180.1.21/compute/v2.1/servers/00d02bd2-f8fa-415c-9a6f-c58b9af0be63 0.538s
2025-04-14 13:58:44.726 69980 INFO tempest.lib.common.rest_client [req-dadb6520-e5fc-472f-bb7d-fda842bcf15b req-dadb6520-e5fc-472f-bb7d-fda842bcf15b ] Request (ImagesTestJSON:test_create_image_from_suspended_server): 200 GET http://10.180.1.21/compute/v2.1/servers/e1db078f-b047-4e92-9b28-109607d988a4 0.568s
2025-04-14 13:58:44.773 69958 INFO tempest.lib.common.rest_client [req-3fa6b58c-ea51-4a26-a2c4-dd8bf5649957 req-3fa6b58c-ea51-4a26-a2c4-dd8bf5649957 ] Request (DeleteServersTestJSON:test_delete_active_server): 200 GET http://10.180.1.21/compute/v2.1/servers/ff22c9d2-3cfe-48ed-b3f5-c0cfe68812c2 0.561s
2025-04-14 13:58:44.809 69952 INFO tempest.lib.common.rest_client [req-45b2fcc4-4b9b-43bb-b03f-36e3b08ecad5 req-45b2fcc4-4b9b-43bb-b03f-36e3b08ecad5 ] Request (ServersTestJSON:setUpClass): 200 GET http://10.180.1.21/compute/v2.1/servers/494cdc5d-27c6-4a1c-8089-4b2a4dd08566 0.588s
2025-04-14 13:58:44.861 69944 INFO tempest.lib.common.rest_client [req-7cb366b1-207f-4769-9555-fa4c528b8bc0 req-7cb366b1-207f-4769-9555-fa4c528b8bc0 ] Request (ServersListShow296Test:test_list_show_update_rebuild_server_296): 200 GET http://10.180.1.21/compute/v2.1/servers/997781de-b20c-4004-8374-deef83d9de6b 0.609s
2025-04-14 13:58:44.881 69993 INFO tempest.lib.common.rest_client [req-53eaba3e-432d-4acf-88a0-738a0ec1a58e req-53eaba3e-432d-4acf-88a0-738a0ec1a58e ] Request (ServerMetadataNegativeTestJSON:setUpClass): 200 GET http://10.180.1.21/compute/v2.1/servers/20fa95e4-e66f-4310-81bf-beb9a42968dc 0.597s
2025-04-14 13:58:44.933 69976 INFO tempest.lib.common.rest_client [req-312efc36-fe34-4ccf-87f9-d5e018901621 req-312efc36-fe34-4ccf-87f9-d5e018901621 ] Request (DeleteServersAdminTestJSON:test_delete_server_while_in_error_state): 200 GET http://10.180.1.21/compute/v2.1/servers/13ec57c7-56f5-40c6-ab32-aac0fd67c9b1 0.618s
2025-04-14 13:58:44.947 69940 INFO tempest.lib.common.rest_client [req-7e67192e-0a83-4523-b3dd-ec9553c090b5 req-7e67192e-0a83-4523-b3dd-ec9553c090b5 ] Request (ImagesOneServerTestJSON:setUpClass): 200 GET http://10.180.1.21/compute/v2.1/servers/d9e3bd67-974c-477a-baa2-99549051a828 0.604s
2025-04-14 13:58:45.010 69972 INFO tempest.lib.common.rest_client [req-ca5ed09e-8e3d-4980-a31b-18ed8364eb36 req-ca5ed09e-8e3d-4980-a31b-18ed8364eb36 ] Request (ServersListShow2100Test:test_list_show_rebuild_update_server_2100): 200 GET http://10.180.1.21/compute/v2.1/servers/f2b492f9-2517-4ee7-b4e7-c6c3bb912e49 0.607s
2025-04-14 13:58:45.031 69988 INFO tempest.lib.common.rest_client [req-90873afd-cc9f-4f07-b106-2de61438e0c2 req-90873afd-cc9f-4f07-b106-2de61438e0c2 ] Request (ServersTestFqdnHostnames:test_create_server_with_fqdn_name): 200 GET http://10.180.1.21/compute/v2.1/servers/3d07cf05-d08d-409f-9bbd-b7ff213e29ff 0.570s
2025-04-14 13:58:45.195 69962 INFO tempest.lib.common.rest_client [req-ff931a39-8fee-4ed5-a302-b1a455400677 req-ff931a39-8fee-4ed5-a302-b1a455400677 ] Request (ServerAddressesTestJSON:setUpClass): 200 GET http://10.180.1.21/compute/v2.1/servers/1e4afb61-0ef2-4805-85e2-4e480e8ba25f 0.703s
2025-04-14 13:58:45.196 69982 INFO tempest.lib.common.rest_client [req-95f4d697-db9c-48b4-b1e7-c987d91d8167 req-95f4d697-db9c-48b4-b1e7-c987d91d8167 ] Request (ImagesNegativeTestJSON:test_create_image_from_deleted_server): 200 GET http://10.180.1.21/compute/v2.1/servers/faeb64d6-dd4f-4267-af4f-d42dcc1c45c9 0.551s
2025-04-14 13:58:45.268 69966 INFO tempest.lib.common.rest_client [req-89717654-b54e-4106-9770-333e879bb52d req-89717654-b54e-4106-9770-333e879bb52d ] Request (ListServerFiltersTestJSON:tearDownClass): 200 GET http://10.180.1.21/compute/v2.1/servers/fa89db07-09b5-485d-aacc-e1d39e576218 0.466s
2025-04-14 13:58:45.295 69954 INFO tempest.lib.common.rest_client [req-ed676cb1-6bcb-4ffe-97a9-215a9253e56f req-ed676cb1-6bcb-4ffe-97a9-215a9253e56f ] Request (ValidationResourcesFixture:setUp): 201 POST http://10.180.1.21:9696/networking/v2.0/floatingips 0.602s
2025-04-14 13:58:45.301 69930 INFO tempest.lib.common.rest_client [req-98245e18-6d74-407c-92c1-6604cbbc9197 req-98245e18-6d74-407c-92c1-6604cbbc9197 ] Request (ServerRescueNegativeTestJSON:test_rescued_vm_attach_volume): 200 POST http://10.180.1.21/compute/v2.1/servers/1fb750ed-62d4-4784-bf6c-6d777dc5ddb0/action 0.636s
2025-04-14 13:58:45.340 69954 INFO tempest.lib.common.rest_client [req-f5da5e44-e726-4bc6-bac4-8bf26a6038eb req-f5da5e44-e726-4bc6-bac4-8bf26a6038eb ] Request (AttachInterfacesUnderV243Test:test_add_remove_fixed_ip): 201 POST http://10.180.1.21/identity/v3/auth/tokens 0.041s
2025-04-14 13:58:45.340 69954 INFO tempest.lib.common.fixed_network [-] (AttachInterfacesUnderV243Test:test_add_remove_fixed_ip) Found network {'id': '29015a12-714c-4ace-bdde-5faf85dce29f', 'name': 'tempest-AttachInterfacesUnderV243Test-784612567-network', 'tenant_id': 'ae76c8f55e184e45af12c026b8dcc734', 'admin_state_up': True, 'mtu': 8950, 'status': 'ACTIVE', 'subnets': [], 'shared': False, 'project_id': 'ae76c8f55e184e45af12c026b8dcc734', 'port_security_enabled': True, 'router:external': False, 'provider:network_type': 'vlan', 'provider:physical_network': 'default', 'provider:segmentation_id': 351, 'availability_zone_hints': [], 'availability_zones': [], 'ipv4_address_scope': None, 'ipv6_address_scope': None, 'description': '', 'tags': [], 'created_at': '2025-04-14T13:58:40Z', 'updated_at': '2025-04-14T13:58:40Z', 'revision_number': 1} available for tenant
2025-04-14 13:58:45.361 69938 INFO tempest.lib.common.rest_client [req-43be95f7-2a28-4365-8a32-ad2da66dfd02 req-43be95f7-2a28-4365-8a32-ad2da66dfd02 ] Request (ServerAddressesNegativeTestJSON:tearDownClass): 200 GET http://10.180.1.21/compute/v2.1/servers/8fcf169e-2bcf-4fff-9a99-7dc8db4ce128 0.487s
2025-04-14 13:58:45.374 69946 INFO tempest.lib.common.rest_client [req-7dd486cb-92f5-41dd-890f-57d67a4e1548 req-7dd486cb-92f5-41dd-890f-57d67a4e1548 ] Request (ServerShowV254Test:tearDownClass): 200 GET http://10.180.1.21/compute/v2.1/servers/cd5b4748-087b-4058-990d-e15affb5a715 0.243s
2025-04-14 13:58:45.422 69936 INFO tempest.lib.common.rest_client [req-84db3bd2-8bb2-4ee7-ad91-28fad6c3e0ff req-84db3bd2-8bb2-4ee7-ad91-28fad6c3e0ff ] Request (ServerActionsTestOtherB:setUpClass): 200 GET http://10.180.1.21/compute/v2.1/servers/fa7f8ff7-658a-46d0-a6dc-232614af850d 0.220s
2025-04-14 13:58:45.513 69934 INFO tempest.lib.common.rest_client [req-a5df9d50-18dc-4640-9453-6c9881abef9c req-a5df9d50-18dc-4640-9453-6c9881abef9c ] Request (ServersAdmin275Test:tearDownClass): 200 GET http://10.180.1.21/compute/v2.1/servers/82d7d697-989c-4f9f-aaf4-7a7345bf2292 0.177s
2025-04-14 13:58:45.518 69930 INFO tempest.lib.common.rest_client [req-40f7172b-2ecb-436d-9590-76ab6a5c33da req-40f7172b-2ecb-436d-9590-76ab6a5c33da ] Request (ServerRescueNegativeTestJSON:test_rescued_vm_attach_volume): 200 GET http://10.180.1.21/compute/v2.1/servers/1fb750ed-62d4-4784-bf6c-6d777dc5ddb0 0.215s
2025-04-14 13:58:45.672 69970 INFO tempest.lib.common.rest_client [req-b120aa31-b34b-4d4b-a1a4-2af65529c129 req-b120aa31-b34b-4d4b-a1a4-2af65529c129 ] Request (SecurityGroupsTestJSON:test_list_security_groups_by_server): 200 GET http://10.180.1.21/compute/v2.1/servers/d812aca8-c993-4f3e-8235-115a51b60501 0.300s
2025-04-14 13:58:45.679 69970 INFO tempest.common.waiters [-] State transition "BUILD/block_device_mapping" ==> "BUILD/spawning" after 40 second wait
2025-04-14 13:58:45.736 69984 WARNING tempest.lib.common.ssh [-] Failed to establish authenticated ssh connection to cirros@10.180.180.246 ([Errno None] Unable to connect to port 22 on 10.180.180.246). Number attempts: 5. Retry after 6 seconds.: paramiko.ssh_exception.NoValidConnectionsError: [Errno None] Unable to connect to port 22 on 10.180.180.246
2025-04-14 13:58:45.744 69956 INFO tempest.lib.common.rest_client [req-0aeb9c39-29cc-471f-a17b-ee7b0eee0554 req-0aeb9c39-29cc-471f-a17b-ee7b0eee0554 ] Request (ServersAdminTestJSON:test_create_server_with_scheduling_hint): 200 GET http://10.180.1.21/compute/v2.1/servers/115e1a8c-381d-47c2-882d-a425f5e783f7 0.275s
2025-04-14 13:58:45.865 69950 WARNING tempest.lib.common.ssh [-] Failed to establish authenticated ssh connection to cirros@10.180.180.252 ([Errno None] Unable to connect to port 22 on 10.180.180.252). Number attempts: 1. Retry after 2 seconds.: paramiko.ssh_exception.NoValidConnectionsError: [Errno None] Unable to connect to port 22 on 10.180.180.252
2025-04-14 13:58:45.940 69942 INFO tempest.lib.common.rest_client [req-80d63028-4016-4a22-97ac-362991f5d341 req-80d63028-4016-4a22-97ac-362991f5d341 ] Request (FloatingIPsAssociationTestJSON:test_associate_already_associated_floating_ip): 200 GET http://10.180.1.21/compute/v2.1/servers/e75fc999-a479-44b6-a715-1a76054d73c6 0.445s
2025-04-14 13:58:46.023 69990 INFO tempest.lib.common.rest_client [req-0f6803bf-9989-415c-99ef-445ee0ede828 req-0f6803bf-9989-415c-99ef-445ee0ede828 ] Request (ServerDiagnosticsV248Test:test_get_server_diagnostics): 200 GET http://10.180.1.21/compute/v2.1/servers/eed1c412-ccce-4168-bce7-3e7101901b7f 0.499s
2025-04-14 13:58:46.114 69948 INFO tempest.lib.common.rest_client [req-22d451ab-cdd1-4266-9dd8-b8a69416bf1f req-22d451ab-cdd1-4266-9dd8-b8a69416bf1f ] Request (ServerActionsTestJSON:setUpClass): 200 GET http://10.180.1.21/compute/v2.1/servers/9ee7dbf3-c86a-4cd8-ad1e-ca92cb90164d 0.559s
2025-04-14 13:58:46.163 69954 INFO tempest.lib.common.rest_client [req-3558f5b5-9d81-4494-b58a-f82c4768b0b4 req-3558f5b5-9d81-4494-b58a-f82c4768b0b4 ] Request (AttachInterfacesUnderV243Test:test_add_remove_fixed_ip): 202 POST http://10.180.1.21/compute/v2.1/servers 0.822s
2025-04-14 13:58:46.173 69968 INFO tempest.lib.common.rest_client [req-501855b9-5f14-40d2-919c-d8324b313b2a req-501855b9-5f14-40d2-919c-d8324b313b2a ] Request (ListImageFiltersTestJSON:setUpClass): 200 GET http://10.180.1.21/compute/v2.1/servers/8a331293-ee7f-4faa-a316-56aec9296894 0.578s
2025-04-14 13:58:46.236 69978 INFO tempest.lib.common.rest_client [req-d81605c6-66b5-4d20-b40e-95aefe8652c4 req-d81605c6-66b5-4d20-b40e-95aefe8652c4 ] Request (ServerGroupTestJSON:test_create_server_with_scheduler_hint_group): 200 GET http://10.180.1.21/compute/v2.1/servers/2e020eec-2d4f-41b8-b31d-3add0744d592 0.587s
2025-04-14 13:58:46.245 69978 INFO tempest.common.waiters [-] State transition "BUILD/scheduling" ==> "BUILD/None" after 34 second wait
2025-04-14 13:58:46.247 69932 INFO tempest.lib.common.rest_client [req-c92fb097-c831-4f40-add4-1562fdc17ca3 req-c92fb097-c831-4f40-add4-1562fdc17ca3 ] Request (FloatingIPsAssociationNegativeTestJSON:setUpClass): 200 GET http://10.180.1.21/compute/v2.1/servers/00d02bd2-f8fa-415c-9a6f-c58b9af0be63 0.507s
2025-04-14 13:58:46.295 69980 INFO tempest.lib.common.rest_client [req-281ede2b-92ef-4b87-8048-833902bc8683 req-281ede2b-92ef-4b87-8048-833902bc8683 ] Request (ImagesTestJSON:test_create_image_from_suspended_server): 200 GET http://10.180.1.21/compute/v2.1/servers/e1db078f-b047-4e92-9b28-109607d988a4 0.542s
