2025-04-14 13:57:39.637 69950 INFO tempest.lib.common.rest_client [req-974c0f94-5a8a-45a1-91ef-ffd13948d4e9 req-974c0f94-5a8a-45a1-91ef-ffd13948d4e9 ] Request (ServersWithSpecificFlavorTestJSON:test_verify_created_server_ephemeral_disk): 200 POST http://10.180.1.21/compute/v2.1/flavors/838416789/os-extra_specs 1.309s
2025-04-14 13:57:39.670 69936 INFO tempest.lib.common.rest_client [req-f4446b2f-4d07-46b6-a365-e3b8e415ac12 req-f4446b2f-4d07-46b6-a365-e3b8e415ac12 ] Request (SecurityGroupRulesTestJSON:test_security_group_rules_create): 200 POST http://10.180.1.21/compute/v2.1/os-security-group-rules 1.518s
2025-04-14 13:57:39.700 69970 INFO tempest.lib.common.rest_client [req-268120b5-00d6-4573-b585-75e1bc5c4f1e req-268120b5-00d6-4573-b585-75e1bc5c4f1e ] Request (ServicesAdminNegativeV253TestJSON:setUpClass): 201 POST http://10.180.1.21/identity/v3/auth/tokens 0.082s
2025-04-14 13:57:39.704 69974 INFO tempest.lib.common.rest_client [req-b460671a-2e93-4e29-a3d8-98f1684cba7d req-b460671a-2e93-4e29-a3d8-98f1684cba7d ] Request (ServersV294TestFqdnHostnames:setUpClass): 201 POST http://10.180.1.21/identity/v3/users 0.118s
2025-04-14 13:57:39.725 69974 INFO tempest.lib.common.rest_client [req-5ab5e475-7ad8-43a0-97db-7d042ecf2ae2 req-5ab5e475-7ad8-43a0-97db-7d042ecf2ae2 ] Request (ServersV294TestFqdnHostnames:setUpClass): 200 GET http://10.180.1.21/identity/v3/roles 0.020s
2025-04-14 13:57:39.726 69970 INFO tempest.lib.common.rest_client [req-31639294-4c00-46ba-bf6f-d67aa3d08f8f req-31639294-4c00-46ba-bf6f-d67aa3d08f8f ] Request (ServicesAdminNegativeV253TestJSON:setUpClass): 201 POST http://10.180.1.21/identity/v3/projects 0.025s
2025-04-14 13:57:39.732 69942 INFO tempest.lib.common.rest_client [req-36a2b5d4-ee41-4289-ba62-bcd5c2aac227 req-36a2b5d4-ee41-4289-ba62-bcd5c2aac227 ] Request (FloatingIPsAssociationTestJSON:setUpClass): 200 GET http://10.180.1.21/compute/v2.1/servers/f7fdfec2-ad0d-42f4-bff8-99f164ce18a3 1.312s
2025-04-14 13:57:39.757 69990 INFO tempest.lib.common.rest_client [req-f1b41581-7b12-4e07-99ed-480169c8be02 req-f1b41581-7b12-4e07-99ed-480169c8be02 ] Request (HostsAdminTestJSON:tearDownClass): 200 GET http://10.180.1.21:9696/networking/v2.0/security-groups?tenant_id=c2747b22219a4ea8b1ab0186822312b6&name=default 0.306s
2025-04-14 13:57:39.776 69970 INFO tempest.lib.common.rest_client [req-1715b417-bd78-4078-96a6-62c477981844 req-1715b417-bd78-4078-96a6-62c477981844 ] Request (ServicesAdminNegativeV253TestJSON:setUpClass): 201 POST http://10.180.1.21/identity/v3/users 0.050s
2025-04-14 13:57:39.783 69974 INFO tempest.lib.common.rest_client [req-2a55d8a3-222a-4a0a-9a21-49ad63b8ad70 req-2a55d8a3-222a-4a0a-9a21-49ad63b8ad70 ] Request (ServersV294TestFqdnHostnames:setUpClass): 204 PUT http://10.180.1.21/identity/v3/projects/46e835c9be694056900502cde5ad1ee7/users/6331347c3ccd442e815ae922a54bc8a1/roles/64b55a3f9d644d3c9ec5f3d24a32a2db 0.058s
2025-04-14 13:57:39.783 69974 INFO tempest.lib.common.dynamic_creds [-] Dynamic test user 6331347c3ccd442e815ae922a54bc8a1 is created with scope project and roles: ['member']
2025-04-14 13:57:39.783 69974 INFO tempest.lib.common.dynamic_creds [-] Acquired dynamic creds: credentials: Credentials: {'domain_id': 'default', 'domain_name': 'Default', 'username': 'tempest-ServersV294TestFqdnHostnames-2142112812-project-member', 'project_domain_id': 'default', 'project_domain_name': 'Default', 'project_id': '46e835c9be694056900502cde5ad1ee7', 'project_name': 'tempest-ServersV294TestFqdnHostnames-2142112812', 'tenant_id': '46e835c9be694056900502cde5ad1ee7', 'tenant_name': 'tempest-ServersV294TestFqdnHostnames-2142112812', 'user_domain_id': 'default', 'user_domain_name': 'Default', 'user_id': '6331347c3ccd442e815ae922a54bc8a1', 'system': None}, Network: None, Subnet: None, Router: None
2025-04-14 13:57:39.784 69968 INFO tempest.lib.common.rest_client [req-242bbdf5-f228-4c41-9a74-89d1a6331377 req-242bbdf5-f228-4c41-9a74-89d1a6331377 ] Request (ServerExternalEventsTest:test_create_server_external_events): 200 GET http://10.180.1.21/compute/v2.1/servers/4ef095a0-6177-4558-96fa-655cae276f42 1.397s
2025-04-14 13:57:39.837 69970 INFO tempest.lib.common.rest_client [req-1bb66436-a56f-4e65-a3e3-0ede3c60522b req-1bb66436-a56f-4e65-a3e3-0ede3c60522b ] Request (ServicesAdminNegativeV253TestJSON:setUpClass): 200 GET http://10.180.1.21/identity/v3/roles 0.061s
2025-04-14 13:57:39.855 69990 INFO tempest.lib.common.rest_client [req-ebaa036c-71d6-427e-8b85-1b6383e3a113 req-ebaa036c-71d6-427e-8b85-1b6383e3a113 ] Request (HostsAdminTestJSON:tearDownClass): 204 DELETE http://10.180.1.21:9696/networking/v2.0/security-groups/ae82ca5f-0983-4198-8e96-de72096ef660 0.097s
2025-04-14 13:57:39.856 69974 INFO tempest.lib.common.rest_client [req-b769447c-aa26-48bb-ba35-755059239c56 req-b769447c-aa26-48bb-ba35-755059239c56 ] Request (ServersV294TestFqdnHostnames:setUpClass): 201 POST http://10.180.1.21/identity/v3/auth/tokens 0.073s
2025-04-14 13:57:39.860 69982 INFO tempest.lib.common.rest_client [req-e3823a2b-f613-4209-a9fe-ec3018c0ec9c req-e3823a2b-f613-4209-a9fe-ec3018c0ec9c ] Request (SecurityGroupsTestAdminJSON:_run_cleanups): 202 DELETE http://10.180.1.21/compute/v2.1/os-security-groups/647a4550-a50c-4edb-9007-af67aa578757 1.417s
2025-04-14 13:57:39.912 69970 INFO tempest.lib.common.rest_client [req-9cbaefb7-ddc6-40ba-861a-96ee997239a8 req-9cbaefb7-ddc6-40ba-861a-96ee997239a8 ] Request (ServicesAdminNegativeV253TestJSON:setUpClass): 204 PUT http://10.180.1.21/identity/v3/projects/6659815e284b4caf898989525b8d3b37/users/1a44fe47b2be467f8296839b54a05d24/roles/c13ff67a8d594a16ab27a0315930b1d8 0.074s
2025-04-14 13:57:39.945 69962 INFO tempest.lib.common.rest_client [req-db37bf69-b31b-4e47-bcf4-54d671446c50 req-db37bf69-b31b-4e47-bcf4-54d671446c50 ] Request (SecurityGroupsNegativeTestJSON:test_delete_the_default_security_group): 400 DELETE http://10.180.1.21/compute/v2.1/os-security-groups/310aab77-efb1-47d5-b38c-fd11665db437 1.294s
2025-04-14 13:57:40.063 69990 INFO tempest.lib.common.rest_client [req-1bb69c7f-553f-49cc-96a7-f11cea7714dd req-1bb69c7f-553f-49cc-96a7-f11cea7714dd ] Request (HostsAdminTestJSON:tearDownClass): 204 DELETE http://10.180.1.21/identity/v3/projects/c2747b22219a4ea8b1ab0186822312b6 0.207s
2025-04-14 13:57:40.063 69990 INFO tempest.lib.common.dynamic_creds [-] Deleting project and security group for project: a15713c3c6884a6f96608903ee075e81
2025-04-14 13:57:40.107 69970 INFO tempest.lib.common.rest_client [req-56d07bfe-eeaa-46fc-a079-5ff576fe4ffa req-56d07bfe-eeaa-46fc-a079-5ff576fe4ffa ] Request (ServicesAdminNegativeV253TestJSON:setUpClass): 200 GET http://10.180.1.21/identity/v3/roles 0.192s
2025-04-14 13:57:40.134 69970 INFO tempest.lib.common.rest_client [req-1c33c316-bc3c-4a97-b913-e44e30541bfa req-1c33c316-bc3c-4a97-b913-e44e30541bfa ] Request (ServicesAdminNegativeV253TestJSON:setUpClass): 204 PUT http://10.180.1.21/identity/v3/projects/6659815e284b4caf898989525b8d3b37/users/1a44fe47b2be467f8296839b54a05d24/roles/c13ff67a8d594a16ab27a0315930b1d8 0.027s
2025-04-14 13:57:40.135 69970 INFO tempest.lib.common.dynamic_creds [-] Dynamic test user 1a44fe47b2be467f8296839b54a05d24 is created with scope project and roles: ['admin']
2025-04-14 13:57:40.135 69970 INFO tempest.lib.common.dynamic_creds [-] Acquired dynamic creds: credentials: Credentials: {'domain_id': 'default', 'domain_name': 'Default', 'username': 'tempest-ServicesAdminNegativeV253TestJSON-1999212329-project-admin', 'project_domain_id': 'default', 'project_domain_name': 'Default', 'project_id': '6659815e284b4caf898989525b8d3b37', 'project_name': 'tempest-ServicesAdminNegativeV253TestJSON-1999212329', 'tenant_id': '6659815e284b4caf898989525b8d3b37', 'tenant_name': 'tempest-ServicesAdminNegativeV253TestJSON-1999212329', 'user_domain_id': 'default', 'user_domain_name': 'Default', 'user_id': '1a44fe47b2be467f8296839b54a05d24', 'system': None}, Network: None, Subnet: None, Router: None
2025-04-14 13:57:40.135 69970 INFO tempest.lib.common.dynamic_creds [-] Created isolated network resources for: credentials: Credentials: {'domain_id': 'default', 'domain_name': 'Default', 'username': 'tempest-ServicesAdminNegativeV253TestJSON-1999212329-project-admin', 'project_domain_id': 'default', 'project_domain_name': 'Default', 'project_id': '6659815e284b4caf898989525b8d3b37', 'project_name': 'tempest-ServicesAdminNegativeV253TestJSON-1999212329', 'tenant_id': '6659815e284b4caf898989525b8d3b37', 'tenant_name': 'tempest-ServicesAdminNegativeV253TestJSON-1999212329', 'user_domain_id': 'default', 'user_domain_name': 'Default', 'user_id': '1a44fe47b2be467f8296839b54a05d24', 'system': None}, Network: None, Subnet: None, Router: None
2025-04-14 13:57:40.150 69976 INFO tempest.lib.common.rest_client [req-1d35c46a-ccff-46c8-8054-f0dcbb9819b4 req-1d35c46a-ccff-46c8-8054-f0dcbb9819b4 ] Request (DeleteServersAdminTestJSON:test_admin_delete_servers_of_others): 200 GET http://10.180.1.21/compute/v2.1/servers/34842f08-5c04-462c-940b-56de5b07c8f6 1.349s
2025-04-14 13:57:40.209 69970 INFO tempest.lib.common.rest_client [req-62dc541c-1290-463c-b33f-2f92ef472e25 req-62dc541c-1290-463c-b33f-2f92ef472e25 ] Request (ServicesAdminNegativeV253TestJSON:setUpClass): 201 POST http://10.180.1.21/identity/v3/auth/tokens 0.070s
2025-04-14 13:57:40.315 69974 INFO tempest.lib.common.rest_client [req-a49a7ead-a81c-4aa2-ad37-233f93d21540 req-a49a7ead-a81c-4aa2-ad37-233f93d21540 ] Request (ServersV294TestFqdnHostnames:setUpClass): 201 POST http://10.180.1.21:9696/networking/v2.0/networks 0.458s
2025-04-14 13:57:40.346 69990 INFO tempest.lib.common.rest_client [req-7dd3da62-9bad-4ecd-b71f-898fec53f875 req-7dd3da62-9bad-4ecd-b71f-898fec53f875 ] Request (HostsAdminTestJSON:tearDownClass): 200 GET http://10.180.1.21:9696/networking/v2.0/security-groups?tenant_id=a15713c3c6884a6f96608903ee075e81&name=default 0.282s
2025-04-14 13:57:40.521 69990 INFO tempest.lib.common.rest_client [req-4da0c4c7-8766-45b6-aae4-a88bd7734ae3 req-4da0c4c7-8766-45b6-aae4-a88bd7734ae3 ] Request (HostsAdminTestJSON:tearDownClass): 204 DELETE http://10.180.1.21:9696/networking/v2.0/security-groups/64119610-8d88-465b-bfcc-824d07445e69 0.174s
2025-04-14 13:57:40.622 69930 INFO tempest.lib.common.rest_client [req-f0fa1a8f-2447-492b-8bc8-8476373fe2fa req-f0fa1a8f-2447-492b-8bc8-8476373fe2fa ] Request (ServerRescueNegativeTestJSON:setUpClass): 202 POST http://10.180.1.21/compute/v2.1/servers 2.036s
2025-04-14 13:57:40.670 69990 INFO tempest.lib.common.rest_client [req-4d875bea-1d8a-4245-b89b-f0c0373def14 req-4d875bea-1d8a-4245-b89b-f0c0373def14 ] Request (HostsAdminTestJSON:tearDownClass): 204 DELETE http://10.180.1.21/identity/v3/projects/a15713c3c6884a6f96608903ee075e81 0.149s
2025-04-14 13:57:40.691 69984 INFO tempest.lib.common.rest_client [req-d4617c45-2d06-40f3-b764-5733a0df6240 req-d4617c45-2d06-40f3-b764-5733a0df6240 ] Request (VolumesAdminNegativeTest:test_update_attached_volume_with_nonexistent_volume_in_body): 200 GET http://10.180.1.21/compute/v2.1/servers/54fe2a35-52f3-4c21-a0f4-522e44b620a0 1.786s
2025-04-14 13:57:40.712 69974 INFO tempest.lib.common.rest_client [req-20eda87b-f493-4d91-9575-e9bc89fbe030 req-20eda87b-f493-4d91-9575-e9bc89fbe030 ] Request (ServersV294TestFqdnHostnames:setUpClass): 201 POST http://10.180.1.21:9696/networking/v2.0/subnets 0.396s
2025-04-14 13:57:40.713 69938 INFO tempest.lib.common.rest_client [req-05fcade8-35a2-49be-80df-ac4a528436ed req-05fcade8-35a2-49be-80df-ac4a528436ed ] Request (ServerAddressesNegativeTestJSON:setUpClass): 202 POST http://10.180.1.21/compute/v2.1/servers 1.909s
2025-04-14 13:57:40.745 69958 INFO tempest.lib.common.rest_client [req-89c81068-a197-42d5-a478-38c093e8d32c req-89c81068-a197-42d5-a478-38c093e8d32c ] Request (FlavorsAccessNegativeTestJSON:_run_cleanups): 200 GET http://10.180.1.21/compute/v2.1/flavors/detail 1.829s
2025-04-14 13:57:40.763 69972 INFO tempest.lib.common.rest_client [req-7cb56a87-d201-4b83-939c-123999bab73e req-7cb56a87-d201-4b83-939c-123999bab73e ] Request (FlavorsExtraSpecsTestJSON:test_flavor_set_get_update_show_unset_keys): 200 DELETE http://10.180.1.21/compute/v2.1/flavors/401681289/os-extra_specs/hw:numa_nodes 1.818s
2025-04-14 13:57:40.783 69986 INFO tempest.lib.common.rest_client [req-35c1b231-09ea-4d28-9f2a-7247c316e3ed req-35c1b231-09ea-4d28-9f2a-7247c316e3ed ] Request (AggregatesAdminNegativeTestJSON:test_aggregate_add_non_exist_host): 404 POST http://10.180.1.21/compute/v2.1/os-aggregates/3/action 1.831s
2025-04-14 13:57:40.793 69990 INFO tempest.lib.common.rest_client [req-6f7ed756-a36b-42cc-b19d-11186db23dc6 req-6f7ed756-a36b-42cc-b19d-11186db23dc6 ] Request (QuotasAdminNegativeTest:setUpClass): 201 POST http://10.180.1.21/identity/v3/auth/tokens 0.121s
2025-04-14 13:57:40.842 69946 INFO tempest.lib.common.rest_client [req-d66ce9e3-cac7-42db-9e44-526fb0dec9ef req-d66ce9e3-cac7-42db-9e44-526fb0dec9ef ] Request (ListImagesTestJSON:test_list_images_with_detail): 200 GET http://10.180.1.21/compute/v2.1/images/detail 1.759s
2025-04-14 13:57:40.854 69990 INFO tempest.lib.common.rest_client [req-19329a3e-8adc-4520-b9ee-9c41a73798ae req-19329a3e-8adc-4520-b9ee-9c41a73798ae ] Request (QuotasAdminNegativeTest:setUpClass): 201 POST http://10.180.1.21/identity/v3/auth/tokens 0.055s
2025-04-14 13:57:40.880 69980 INFO tempest.lib.common.rest_client [req-aea6698b-60b4-4adc-8bd9-a6c323c5a99b req-aea6698b-60b4-4adc-8bd9-a6c323c5a99b ] Request (ImagesTestJSON:test_create_image_from_stopped_server): 200 GET http://10.180.1.21/compute/v2.1/servers/c7921fab-fd44-4691-bca3-5ea3ae7e0bc0 1.859s
2025-04-14 13:57:40.906 69990 INFO tempest.lib.common.rest_client [req-21718e1f-bc64-4f55-bbcf-e27c572ad2fe req-21718e1f-bc64-4f55-bbcf-e27c572ad2fe ] Request (QuotasAdminNegativeTest:setUpClass): 200 GET http://10.180.1.21/identity/v3/domains?name=Default 0.051s
2025-04-14 13:57:40.925 69956 INFO tempest.lib.common.rest_client [req-b21bf766-40d5-4bc1-bee9-be36de83babb req-b21bf766-40d5-4bc1-bee9-be36de83babb ] Request (ServersAdminTestJSON:setUpClass): 200 GET http://10.180.1.21/compute/v2.1/servers/030be18d-ee6f-4000-98f6-9e9a1c041a03 1.834s
2025-04-14 13:57:40.960 69990 INFO tempest.lib.common.rest_client [req-b92dd3d1-55fb-41d9-97bf-0e99f4b30bf7 req-b92dd3d1-55fb-41d9-97bf-0e99f4b30bf7 ] Request (QuotasAdminNegativeTest:setUpClass): 201 POST http://10.180.1.21/identity/v3/projects 0.052s
2025-04-14 13:57:40.969 69978 INFO tempest.lib.common.rest_client [req-ad5eba0d-bacb-48d1-82a3-ca5481bd5626 req-ad5eba0d-bacb-48d1-82a3-ca5481bd5626 ] Request (ServicesAdminNegativeTestJSON:test_get_service_with_valid_service_and_invalid_host): 200 GET http://10.180.1.21/compute/v2.1/os-services 1.729s
2025-04-14 13:57:40.992 69946 INFO tempest.lib.common.rest_client [req-2a03cc91-12b0-467f-b1ef-34ef262eccd2 req-2a03cc91-12b0-467f-b1ef-34ef262eccd2 ] Request (ListImagesTestJSON:tearDownClass): 204 DELETE http://10.180.1.21/identity/v3/users/db42e3ec466f4e5c91fda7990bf278a9 0.140s
2025-04-14 13:57:40.992 69946 INFO tempest.lib.common.dynamic_creds [-] Deleting project and security group for project: 1b45edeb422840f4ad30fec3d13a806c
2025-04-14 13:57:41.043 69960 INFO tempest.lib.common.rest_client [req-f7f2b049-3b6f-4935-9f37-478f41c8db17 req-f7f2b049-3b6f-4935-9f37-478f41c8db17 ] Request (VolumesAssistedSnapshotsTest:test_volume_assisted_snapshot_create_delete): 200 GET http://10.180.1.21/compute/v2.1/servers/d6968dbb-b95f-4115-af9c-b528337a9663 1.547s
2025-04-14 13:57:41.052 69964 INFO tempest.lib.common.rest_client [req-d98202ec-0f0e-4eb6-a4a4-2c27a0a79f14 req-d98202ec-0f0e-4eb6-a4a4-2c27a0a79f14 ] Request (FlavorsExtraSpecsNegativeTestJSON:test_flavor_update_more_key): 400 PUT http://10.180.1.21/compute/v2.1/flavors/707274118/os-extra_specs/hw:numa_nodes 1.552s
2025-04-14 13:57:41.071 69990 INFO tempest.lib.common.rest_client [req-7dba5405-3638-40b0-8fdc-ae10d708e370 req-7dba5405-3638-40b0-8fdc-ae10d708e370 ] Request (QuotasAdminNegativeTest:setUpClass): 201 POST http://10.180.1.21/identity/v3/users 0.110s
2025-04-14 13:57:41.109 69946 INFO tempest.lib.common.rest_client [req-ceb90c60-7643-4ece-8948-a41f9c9a3e65 req-ceb90c60-7643-4ece-8948-a41f9c9a3e65 ] Request (ListImagesTestJSON:tearDownClass): 201 POST http://10.180.1.21/identity/v3/auth/tokens 0.116s
2025-04-14 13:57:41.130 69990 INFO tempest.lib.common.rest_client [req-66da09b3-1be0-4cd8-8cd2-712fec3ecc5e req-66da09b3-1be0-4cd8-8cd2-712fec3ecc5e ] Request (QuotasAdminNegativeTest:setUpClass): 200 GET http://10.180.1.21/identity/v3/roles 0.059s
2025-04-14 13:57:41.153 69932 INFO tempest.lib.common.rest_client [req-01d44d74-ee0e-4bf6-8736-468677e6c4e9 req-01d44d74-ee0e-4bf6-8736-468677e6c4e9 ] Request (QuotasAdminTestJSON:test_get_updated_quotas): 200 GET http://10.180.1.21/compute/v2.1/os-quota-sets/eab81bb797fc44d883a5e2eac82a4865?user_id=e52ba59f7f384e88b5d7b3a84bb5e323 1.937s
2025-04-14 13:57:41.194 69948 INFO tempest.lib.common.rest_client [req-c0bdc6c2-3a20-4792-bdd0-ac8ec4dcae6f req-c0bdc6c2-3a20-4792-bdd0-ac8ec4dcae6f ] Request (HypervisorAdminNegativeTestJSON:test_get_nonexistent_hypervisor_uptime): 404 GET http://10.180.1.21/compute/v2.1/os-hypervisors/bdeba92f-aa74-4e83-a0d2-fdb6fde2e823/uptime 1.604s
2025-04-14 13:57:41.230 69988 INFO tempest.lib.common.rest_client [req-181e0f83-7d4a-4d0b-847c-b53f998781bb req-181e0f83-7d4a-4d0b-847c-b53f998781bb ] Request (FlavorsAdminTestJSON:_run_cleanups): 200 GET http://10.180.1.21/compute/v2.1/flavors/detail 1.629s
2025-04-14 13:57:41.259 69990 INFO tempest.lib.common.rest_client [req-2bd96b1a-5d71-4f82-9a62-101520a40007 req-2bd96b1a-5d71-4f82-9a62-101520a40007 ] Request (QuotasAdminNegativeTest:setUpClass): 204 PUT http://10.180.1.21/identity/v3/projects/417f41075c4942dc93031edea65b9267/users/8ed3d3ac11c84d129a7d20861c6fff8d/roles/64b55a3f9d644d3c9ec5f3d24a32a2db 0.127s
2025-04-14 13:57:41.259 69990 INFO tempest.lib.common.dynamic_creds [-] Dynamic test user 8ed3d3ac11c84d129a7d20861c6fff8d is created with scope project and roles: ['member']
2025-04-14 13:57:41.259 69990 INFO tempest.lib.common.dynamic_creds [-] Acquired dynamic creds: credentials: Credentials: {'domain_id': 'default', 'domain_name': 'Default', 'username': 'tempest-QuotasAdminNegativeTest-1863970570-project-member', 'project_domain_id': 'default', 'project_domain_name': 'Default', 'project_id': '417f41075c4942dc93031edea65b9267', 'project_name': 'tempest-QuotasAdminNegativeTest-1863970570', 'tenant_id': '417f41075c4942dc93031edea65b9267', 'tenant_name': 'tempest-QuotasAdminNegativeTest-1863970570', 'user_domain_id': 'default', 'user_domain_name': 'Default', 'user_id': '8ed3d3ac11c84d129a7d20861c6fff8d', 'system': None}, Network: None, Subnet: None, Router: None
2025-04-14 13:57:41.260 69990 INFO tempest.lib.common.dynamic_creds [-] Created isolated network resources for: credentials: Credentials: {'domain_id': 'default', 'domain_name': 'Default', 'username': 'tempest-QuotasAdminNegativeTest-1863970570-project-member', 'project_domain_id': 'default', 'project_domain_name': 'Default', 'project_id': '417f41075c4942dc93031edea65b9267', 'project_name': 'tempest-QuotasAdminNegativeTest-1863970570', 'tenant_id': '417f41075c4942dc93031edea65b9267', 'tenant_name': 'tempest-QuotasAdminNegativeTest-1863970570', 'user_domain_id': 'default', 'user_domain_name': 'Default', 'user_id': '8ed3d3ac11c84d129a7d20861c6fff8d', 'system': None}, Network: None, Subnet: None, Router: None
2025-04-14 13:57:41.274 69950 INFO tempest.lib.common.rest_client [req-4addc553-5265-4e5d-8a1c-44b5878a134f req-4addc553-5265-4e5d-8a1c-44b5878a134f ] Request (ValidationResourcesFixture:setUp): 200 POST http://10.180.1.21/compute/v2.1/os-keypairs 1.635s
2025-04-14 13:57:41.326 69944 INFO tempest.lib.common.rest_client [req-5bb722a2-2f55-45e5-b8bd-5f45dbc32d5e req-5bb722a2-2f55-45e5-b8bd-5f45dbc32d5e ] Request (FloatingIPsNegativeTestJSON:setUpClass): 200 GET http://10.180.1.21/compute/v2.1/os-floating-ips 1.784s
2025-04-14 13:57:41.334 69932 INFO tempest.lib.common.rest_client [req-d0600ded-5853-49cb-99b1-646244d96399 req-d0600ded-5853-49cb-99b1-646244d96399 ] Request (QuotasAdminTestJSON:_run_cleanups): 204 DELETE http://10.180.1.21/identity/v3/users/e52ba59f7f384e88b5d7b3a84bb5e323 0.177s
2025-04-14 13:57:41.388 69990 INFO tempest.lib.common.rest_client [req-ef7efe71-01e2-4ed5-b058-53e597f0f34c req-ef7efe71-01e2-4ed5-b058-53e597f0f34c ] Request (QuotasAdminNegativeTest:setUpClass): 201 POST http://10.180.1.21/identity/v3/auth/tokens 0.117s
2025-04-14 13:57:41.401 69946 INFO tempest.lib.common.rest_client [req-9778d8db-61a3-4475-bbef-fa486bade029 req-9778d8db-61a3-4475-bbef-fa486bade029 ] Request (ListImagesTestJSON:tearDownClass): 200 GET http://10.180.1.21:9696/networking/v2.0/security-groups?tenant_id=1b45edeb422840f4ad30fec3d13a806c&name=default 0.292s
2025-04-14 13:57:41.432 69932 INFO tempest.lib.common.rest_client [req-322eb231-9b20-4c71-b153-e32b72c0e8ea req-322eb231-9b20-4c71-b153-e32b72c0e8ea ] Request (QuotasAdminTestJSON:_run_cleanups): 204 DELETE http://10.180.1.21/identity/v3/projects/eab81bb797fc44d883a5e2eac82a4865 0.096s
2025-04-14 13:57:41.464 69950 INFO tempest.lib.common.rest_client [req-7bd06d7e-6f0c-48c1-abfd-bea649d898f1 req-7bd06d7e-6f0c-48c1-abfd-bea649d898f1 ] Request (ValidationResourcesFixture:setUp): 201 POST http://10.180.1.21:9696/networking/v2.0/security-groups 0.184s
2025-04-14 13:57:41.489 69990 INFO tempest.lib.common.rest_client [req-879eaf84-1b54-418f-825f-0f4cdfc4af3f req-879eaf84-1b54-418f-825f-0f4cdfc4af3f ] Request (QuotasAdminNegativeTest:setUpClass): 201 POST http://10.180.1.21/identity/v3/projects 0.100s
2025-04-14 13:57:41.553 69950 INFO tempest.lib.common.rest_client [req-2e65916a-64c3-4dc9-a726-dc0cea342588 req-2e65916a-64c3-4dc9-a726-dc0cea342588 ] Request (ValidationResourcesFixture:setUp): 201 POST http://10.180.1.21:9696/networking/v2.0/security-group-rules 0.088s
2025-04-14 13:57:41.564 69990 INFO tempest.lib.common.rest_client [req-5e6e625c-66e1-4739-bdd8-c210f25ef733 req-5e6e625c-66e1-4739-bdd8-c210f25ef733 ] Request (QuotasAdminNegativeTest:setUpClass): 201 POST http://10.180.1.21/identity/v3/users 0.075s
2025-04-14 13:57:41.590 69990 INFO tempest.lib.common.rest_client [req-1c6f51b9-94b2-42a7-9510-fcd316459994 req-1c6f51b9-94b2-42a7-9510-fcd316459994 ] Request (QuotasAdminNegativeTest:setUpClass): 200 GET http://10.180.1.21/identity/v3/roles 0.026s
2025-04-14 13:57:41.599 69936 INFO tempest.lib.common.rest_client [req-d9c79b22-4538-4c10-8a4b-d755d0351961 req-d9c79b22-4538-4c10-8a4b-d755d0351961 ] Request (SecurityGroupRulesTestJSON:test_security_group_rules_create_with_optional_cidr): 200 POST http://10.180.1.21/compute/v2.1/os-security-groups 1.925s
2025-04-14 13:57:41.612 69982 INFO tempest.lib.common.rest_client [req-0909cd0b-0fb8-4ec4-afce-2939e095dc63 req-0909cd0b-0fb8-4ec4-afce-2939e095dc63 ] Request (SecurityGroupsTestAdminJSON:_run_cleanups): 202 DELETE http://10.180.1.21/compute/v2.1/os-security-groups/855616a6-5b3b-4cd5-bd36-9db8f8fa02b7 1.752s
2025-04-14 13:57:41.630 69946 INFO tempest.lib.common.rest_client [req-ccdef6cf-8987-4a50-84b8-2003bde8387a req-ccdef6cf-8987-4a50-84b8-2003bde8387a ] Request (ListImagesTestJSON:tearDownClass): 204 DELETE http://10.180.1.21:9696/networking/v2.0/security-groups/2565f10c-ac23-4342-a2c4-5cecb1ca4b1b 0.227s
2025-04-14 13:57:41.634 69990 INFO tempest.lib.common.rest_client [req-d6c84f94-90e0-473d-8623-7f290ec36fdd req-d6c84f94-90e0-473d-8623-7f290ec36fdd ] Request (QuotasAdminNegativeTest:setUpClass): 204 PUT http://10.180.1.21/identity/v3/projects/842f788c9c8446e18001c61a2a680011/users/9499dbaecb5140f4932b0e8b5228a991/roles/c13ff67a8d594a16ab27a0315930b1d8 0.043s
2025-04-14 13:57:41.690 69990 INFO tempest.lib.common.rest_client [req-ff6c5684-6333-4e59-8346-a34124c2950b req-ff6c5684-6333-4e59-8346-a34124c2950b ] Request (QuotasAdminNegativeTest:setUpClass): 200 GET http://10.180.1.21/identity/v3/roles 0.056s
2025-04-14 13:57:41.702 69934 INFO tempest.lib.common.rest_client [req-ada2a935-9c1f-4b1f-8c58-83cb2deb8fa3 req-ada2a935-9c1f-4b1f-8c58-83cb2deb8fa3 ] Request (ServersAdmin275Test:test_rebuild_update_server_275): 200 GET http://10.180.1.21/compute/v2.1/servers/82d7d697-989c-4f9f-aaf4-7a7345bf2292 1.795s
2025-04-14 13:57:41.715 69990 INFO tempest.lib.common.rest_client [req-963ecdc4-7437-49fc-9297-bf65ba6f73a1 req-963ecdc4-7437-49fc-9297-bf65ba6f73a1 ] Request (QuotasAdminNegativeTest:setUpClass): 204 PUT http://10.180.1.21/identity/v3/projects/842f788c9c8446e18001c61a2a680011/users/9499dbaecb5140f4932b0e8b5228a991/roles/c13ff67a8d594a16ab27a0315930b1d8 0.024s
2025-04-14 13:57:41.715 69990 INFO tempest.lib.common.dynamic_creds [-] Dynamic test user 9499dbaecb5140f4932b0e8b5228a991 is created with scope project and roles: ['admin']
2025-04-14 13:57:41.715 69990 INFO tempest.lib.common.dynamic_creds [-] Acquired dynamic creds: credentials: Credentials: {'domain_id': 'default', 'domain_name': 'Default', 'username': 'tempest-QuotasAdminNegativeTest-993325820-project-admin', 'project_domain_id': 'default', 'project_domain_name': 'Default', 'project_id': '842f788c9c8446e18001c61a2a680011', 'project_name': 'tempest-QuotasAdminNegativeTest-993325820', 'tenant_id': '842f788c9c8446e18001c61a2a680011', 'tenant_name': 'tempest-QuotasAdminNegativeTest-993325820', 'user_domain_id': 'default', 'user_domain_name': 'Default', 'user_id': '9499dbaecb5140f4932b0e8b5228a991', 'system': None}, Network: None, Subnet: None, Router: None
2025-04-14 13:57:41.715 69990 INFO tempest.lib.common.dynamic_creds [-] Created isolated network resources for: credentials: Credentials: {'domain_id': 'default', 'domain_name': 'Default', 'username': 'tempest-QuotasAdminNegativeTest-993325820-project-admin', 'project_domain_id': 'default', 'project_domain_name': 'Default', 'project_id': '842f788c9c8446e18001c61a2a680011', 'project_name': 'tempest-QuotasAdminNegativeTest-993325820', 'tenant_id': '842f788c9c8446e18001c61a2a680011', 'tenant_name': 'tempest-QuotasAdminNegativeTest-993325820', 'user_domain_id': 'default', 'user_domain_name': 'Default', 'user_id': '9499dbaecb5140f4932b0e8b5228a991', 'system': None}, Network: None, Subnet: None, Router: None
2025-04-14 13:57:41.718 69934 INFO tempest.common.waiters [-] State transition "BUILD/None" ==> "BUILD/spawning" after 5 second wait
2025-04-14 13:57:41.727 69950 INFO tempest.lib.common.rest_client [req-f496ba43-bd26-4c14-9461-019e1e19f763 req-f496ba43-bd26-4c14-9461-019e1e19f763 ] Request (ValidationResourcesFixture:setUp): 201 POST http://10.180.1.21:9696/networking/v2.0/security-group-rules 0.174s
2025-04-14 13:57:41.736 69962 INFO tempest.lib.common.rest_client [req-395366d5-fb2e-40bd-940f-447cc1144bdf req-395366d5-fb2e-40bd-940f-447cc1144bdf ] Request (SecurityGroupsNegativeTestJSON:test_security_group_get_nonexistent_group): 404 GET http://10.180.1.21/compute/v2.1/os-security-groups/0839be7c-f597-400c-834b-02c1ee49bd2f 1.788s
2025-04-14 13:57:41.776 69946 INFO tempest.lib.common.rest_client [req-1e596b78-a7e8-4ec2-8551-f90a18de2f4a req-1e596b78-a7e8-4ec2-8551-f90a18de2f4a ] Request (ListImagesTestJSON:tearDownClass): 204 DELETE http://10.180.1.21/identity/v3/projects/1b45edeb422840f4ad30fec3d13a806c 0.146s
2025-04-14 13:57:41.811 69990 INFO tempest.lib.common.rest_client [req-f0e3e7bb-bc7b-49f3-8532-e7d2a4f0ca48 req-f0e3e7bb-bc7b-49f3-8532-e7d2a4f0ca48 ] Request (QuotasAdminNegativeTest:setUpClass): 201 POST http://10.180.1.21/identity/v3/auth/tokens 0.093s
2025-04-14 13:57:41.812 69990 WARNING tempest.lib.common.rest_client [-] Deprecated: "tenant_id" property is deprecated for removal, use "project_id" instead
2025-04-14 13:57:41.857 69940 INFO tempest.lib.common.rest_client [req-9ab1011b-75cd-4eaa-80f9-7f19c3d2e84b req-9ab1011b-75cd-4eaa-80f9-7f19c3d2e84b ] Request (ServerDiagnosticsNegativeTest:test_get_server_diagnostics_by_non_admin): 200 GET http://10.180.1.21/compute/v2.1/servers/b5f11d7f-0a76-4db9-bc83-fecf88004a47 1.938s
2025-04-14 13:57:41.898 69946 INFO tempest.lib.common.rest_client [req-56fa6869-2549-4705-a430-89937e1bc4dd req-56fa6869-2549-4705-a430-89937e1bc4dd ] Request (ServerShowV254Test:setUpClass): 201 POST http://10.180.1.21/identity/v3/auth/tokens 0.121s
2025-04-14 13:57:41.913 69970 INFO tempest.lib.common.rest_client [req-ec5c680f-52d7-4cbc-b916-d88bf8302fc5 req-ec5c680f-52d7-4cbc-b916-d88bf8302fc5 ] Request (ServicesAdminNegativeV253TestJSON:test_disable_log_reason_with_invalid_service_id): 404 PUT http://10.180.1.21/compute/v2.1/os-services/c8ddffdf-86ec-4f19-8f11-e98c876960f6 1.703s
2025-04-14 13:57:41.938 69946 INFO tempest.lib.common.rest_client [req-70307ddd-6734-4bc8-a214-5020038c2866 req-70307ddd-6734-4bc8-a214-5020038c2866 ] Request (ServerShowV254Test:setUpClass): 201 POST http://10.180.1.21/identity/v3/auth/tokens 0.037s
2025-04-14 13:57:41.969 69946 INFO tempest.lib.common.rest_client [req-6b0146da-0645-4a6e-8b51-1a0ec818b4d5 req-6b0146da-0645-4a6e-8b51-1a0ec818b4d5 ] Request (ServerShowV254Test:setUpClass): 200 GET http://10.180.1.21/identity/v3/domains?name=Default 0.030s
2025-04-14 13:57:41.990 69954 INFO tempest.lib.common.rest_client [req-61ee0498-53b8-4003-81cc-22e05400e4e9 req-61ee0498-53b8-4003-81cc-22e05400e4e9 ] Request (ServerDiagnosticsTest:test_get_server_diagnostics): 200 GET http://10.180.1.21/compute/v2.1/servers/c1d7aa83-ab84-4ff3-a10f-e04e84582ed4 1.399s
2025-04-14 13:57:42.006 69946 INFO tempest.lib.common.rest_client [req-cb9e2c88-c030-42a3-891e-57f1ec2580c3 req-cb9e2c88-c030-42a3-891e-57f1ec2580c3 ] Request (ServerShowV254Test:setUpClass): 201 POST http://10.180.1.21/identity/v3/projects 0.037s
2025-04-14 13:57:42.025 69966 INFO tempest.lib.common.rest_client [req-676f6f4c-d395-49a6-8250-a2317852015f req-676f6f4c-d395-49a6-8250-a2317852015f ] Request (ListServerFiltersTestJSON:setUpClass): 200 GET http://10.180.1.21/compute/v2.1/servers/fa89db07-09b5-485d-aacc-e1d39e576218 1.589s
2025-04-14 13:57:42.060 69930 INFO tempest.lib.common.rest_client [req-6c28a9cd-b9dc-4539-9875-09c297f4906a req-6c28a9cd-b9dc-4539-9875-09c297f4906a ] Request (ServerRescueNegativeTestJSON:setUpClass): 200 GET http://10.180.1.21/compute/v2.1/servers/1fb750ed-62d4-4784-bf6c-6d777dc5ddb0 1.434s
2025-04-14 13:57:42.079 69946 INFO tempest.lib.common.rest_client [req-126e83b9-2451-4eb5-8e0d-dbca93b0958d req-126e83b9-2451-4eb5-8e0d-dbca93b0958d ] Request (ServerShowV254Test:setUpClass): 201 POST http://10.180.1.21/identity/v3/users 0.072s
2025-04-14 13:57:42.086 69938 INFO tempest.lib.common.rest_client [req-be48411e-9b7f-4210-8be6-85ce087bd857 req-be48411e-9b7f-4210-8be6-85ce087bd857 ] Request (ServerAddressesNegativeTestJSON:setUpClass): 200 GET http://10.180.1.21/compute/v2.1/servers/8fcf169e-2bcf-4fff-9a99-7dc8db4ce128 1.371s
2025-04-14 13:57:42.106 69946 INFO tempest.lib.common.rest_client [req-be9b511f-fcae-483e-837a-cad4348b562d req-be9b511f-fcae-483e-837a-cad4348b562d ] Request (ServerShowV254Test:setUpClass): 200 GET http://10.180.1.21/identity/v3/roles 0.027s
2025-04-14 13:57:42.108 69974 INFO tempest.lib.common.rest_client [req-e8f99665-1e87-4a0c-984d-d3e1e36a1632 req-e8f99665-1e87-4a0c-984d-d3e1e36a1632 ] Request (ServersV294TestFqdnHostnames:setUpClass): 201 POST http://10.180.1.21:9696/networking/v2.0/routers 1.395s
2025-04-14 13:57:42.116 69958 INFO tempest.lib.common.rest_client [req-bd985f24-7902-4294-8cf0-a26d96b6607f req-bd985f24-7902-4294-8cf0-a26d96b6607f ] Request (FlavorsAccessNegativeTestJSON:test_flavor_non_admin_add): 200 POST http://10.180.1.21/compute/v2.1/flavors 1.353s
2025-04-14 13:57:42.128 69942 INFO tempest.lib.common.rest_client [req-25817e82-9bb9-49f7-b9a5-a76b26403e06 req-25817e82-9bb9-49f7-b9a5-a76b26403e06 ] Request (FloatingIPsAssociationTestJSON:setUpClass): 200 GET http://10.180.1.21/compute/v2.1/servers/f7fdfec2-ad0d-42f4-bff8-99f164ce18a3 1.388s
2025-04-14 13:57:42.136 69946 INFO tempest.lib.common.rest_client [req-d789f87e-a6f8-4f88-b87f-102de853ee86 req-d789f87e-a6f8-4f88-b87f-102de853ee86 ] Request (ServerShowV254Test:setUpClass): 204 PUT http://10.180.1.21/identity/v3/projects/4ad5b6bd2a194ea3af14acd9893f5847/users/968928d84997417698d43426a1a26007/roles/64b55a3f9d644d3c9ec5f3d24a32a2db 0.030s
2025-04-14 13:57:42.137 69946 INFO tempest.lib.common.dynamic_creds [-] Dynamic test user 968928d84997417698d43426a1a26007 is created with scope project and roles: ['member']
2025-04-14 13:57:42.137 69946 INFO tempest.lib.common.dynamic_creds [-] Acquired dynamic creds: credentials: Credentials: {'domain_id': 'default', 'domain_name': 'Default', 'username': 'tempest-ServerShowV254Test-1975243985-project-member', 'project_domain_id': 'default', 'project_domain_name': 'Default', 'project_id': '4ad5b6bd2a194ea3af14acd9893f5847', 'project_name': 'tempest-ServerShowV254Test-1975243985', 'tenant_id': '4ad5b6bd2a194ea3af14acd9893f5847', 'tenant_name': 'tempest-ServerShowV254Test-1975243985', 'user_domain_id': 'default', 'user_domain_name': 'Default', 'user_id': '968928d84997417698d43426a1a26007', 'system': None}, Network: None, Subnet: None, Router: None
2025-04-14 13:57:42.137 69946 INFO tempest.lib.common.dynamic_creds [-] Created isolated network resources for: credentials: Credentials: {'domain_id': 'default', 'domain_name': 'Default', 'username': 'tempest-ServerShowV254Test-1975243985-project-member', 'project_domain_id': 'default', 'project_domain_name': 'Default', 'project_id': '4ad5b6bd2a194ea3af14acd9893f5847', 'project_name': 'tempest-ServerShowV254Test-1975243985', 'tenant_id': '4ad5b6bd2a194ea3af14acd9893f5847', 'tenant_name': 'tempest-ServerShowV254Test-1975243985', 'user_domain_id': 'default', 'user_domain_name': 'Default', 'user_id': '968928d84997417698d43426a1a26007', 'system': None}, Network: None, Subnet: None, Router: None
2025-04-14 13:57:42.138 69942 INFO tempest.common.waiters [-] State transition "BUILD/None" ==> "BUILD/networking" after 8 second wait
2025-04-14 13:57:42.147 69986 INFO tempest.lib.common.rest_client [req-4bb2d7bd-2bb0-4022-b13d-073857c5c64c req-4bb2d7bd-2bb0-4022-b13d-073857c5c64c ] Request (AggregatesAdminNegativeTestJSON:_run_cleanups): 200 DELETE http://10.180.1.21/compute/v2.1/os-aggregates/3 1.364s
2025-04-14 13:57:42.147 69972 INFO tempest.lib.common.rest_client [req-cbcf9185-bd55-4fdc-8995-6562053b41bc req-cbcf9185-bd55-4fdc-8995-6562053b41bc ] Request (FlavorsExtraSpecsTestJSON:test_flavor_set_get_update_show_unset_keys): 200 DELETE http://10.180.1.21/compute/v2.1/flavors/401681289/os-extra_specs/hw:cpu_policy 1.384s
2025-04-14 13:57:42.165 69930 INFO tempest.lib.common.rest_client [req-123a5a8e-0038-4af5-8e7b-7c6fffcd1efc req-123a5a8e-0038-4af5-8e7b-7c6fffcd1efc ] Request (ServerRescueNegativeTestJSON:setUpClass): 201 POST http://10.180.1.21/identity/v3/auth/tokens 0.091s
2025-04-14 13:57:42.166 69930 INFO tempest.lib.common.fixed_network [-] (ServerRescueNegativeTestJSON:setUpClass) Found network {'id': '2cb87d9b-693d-4d01-9cc7-dd815adbba8d', 'name': 'tempest-ServerRescueNegativeTestJSON-1525363723-network', 'tenant_id': '4ac79c17b68b4c8b9f7e4dc24fa29fe5', 'admin_state_up': True, 'mtu': 8950, 'status': 'ACTIVE', 'subnets': [], 'shared': False, 'project_id': '4ac79c17b68b4c8b9f7e4dc24fa29fe5', 'port_security_enabled': True, 'router:external': False, 'provider:network_type': 'vlan', 'provider:physical_network': 'default', 'provider:segmentation_id': 690, 'availability_zone_hints': [], 'availability_zones': [], 'ipv4_address_scope': None, 'ipv6_address_scope': None, 'description': '', 'tags': [], 'created_at': '2025-04-14T13:57:31Z', 'updated_at': '2025-04-14T13:57:31Z', 'revision_number': 1} available for tenant
2025-04-14 13:57:42.177 69978 INFO tempest.lib.common.rest_client [req-90db26fc-7f72-4c02-9372-06f31c9f7b51 req-90db26fc-7f72-4c02-9372-06f31c9f7b51 ] Request (ServicesAdminNegativeTestJSON:test_get_service_with_valid_service_and_invalid_host): 200 GET http://10.180.1.21/compute/v2.1/os-services?host=xxx&binary=nova-scheduler 1.204s
2025-04-14 13:57:42.199 69964 INFO tempest.lib.common.rest_client [req-fe4a5b41-35b8-4021-b0aa-e70d16b5daef req-fe4a5b41-35b8-4021-b0aa-e70d16b5daef ] Request (FlavorsExtraSpecsNegativeTestJSON:tearDownClass): 202 DELETE http://10.180.1.21/compute/v2.1/flavors/707274118 1.146s
2025-04-14 13:57:42.224 69946 INFO tempest.lib.common.rest_client [req-fa3a0af9-9f5a-45ee-bd34-08262dcdcc3d req-fa3a0af9-9f5a-45ee-bd34-08262dcdcc3d ] Request (ServerShowV254Test:setUpClass): 201 POST http://10.180.1.21/identity/v3/auth/tokens 0.084s
2025-04-14 13:57:42.260 69946 INFO tempest.lib.common.rest_client [req-09e0d045-52e7-4e4a-9945-cce1c9110156 req-09e0d045-52e7-4e4a-9945-cce1c9110156 ] Request (ServerShowV254Test:test_rebuild_server): 201 POST http://10.180.1.21/identity/v3/auth/tokens 0.029s
2025-04-14 13:57:42.260 69946 INFO tempest.lib.common.fixed_network [-] (ServerShowV254Test:test_rebuild_server) Found network None available for tenant
2025-04-14 13:57:42.287 69968 INFO tempest.lib.common.rest_client [req-8cf4be4e-acfc-430a-a6d6-f511fab1ba0b req-8cf4be4e-acfc-430a-a6d6-f511fab1ba0b ] Request (ServerExternalEventsTest:test_create_server_external_events): 200 GET http://10.180.1.21/compute/v2.1/servers/4ef095a0-6177-4558-96fa-655cae276f42 1.492s
2025-04-14 13:57:42.313 69948 INFO tempest.lib.common.rest_client [req-96f3da72-65bf-4324-927f-08cf528172a4 req-96f3da72-65bf-4324-927f-08cf528172a4 ] Request (HypervisorAdminNegativeTestJSON:test_show_hypervisor_with_non_admin_user): 200 GET http://10.180.1.21/compute/v2.1/os-hypervisors 1.118s
2025-04-14 13:57:42.320 69976 INFO tempest.lib.common.rest_client [req-26f53d89-9f6e-4660-beab-6a8b9f7c37d9 req-26f53d89-9f6e-4660-beab-6a8b9f7c37d9 ] Request (DeleteServersAdminTestJSON:test_admin_delete_servers_of_others): 200 GET http://10.180.1.21/compute/v2.1/servers/34842f08-5c04-462c-940b-56de5b07c8f6 1.158s
2025-04-14 13:57:42.336 69988 INFO tempest.lib.common.rest_client [req-de869c7c-0ecf-4935-99ab-e02470398156 req-de869c7c-0ecf-4935-99ab-e02470398156 ] Request (FlavorsAdminTestJSON:test_create_flavor_with_none_id): 200 POST http://10.180.1.21/compute/v2.1/flavors 1.094s
2025-04-14 13:57:42.358 69944 INFO tempest.lib.common.rest_client [req-d8fcada3-c2eb-4680-bea0-a600363d510a req-d8fcada3-c2eb-4680-bea0-a600363d510a ] Request (FloatingIPsNegativeTestJSON:test_allocate_floating_ip_from_nonexistent_pool): 404 POST http://10.180.1.21/compute/v2.1/os-floating-ips 1.028s
2025-04-14 13:57:42.493 69932 INFO tempest.lib.common.rest_client [req-dda8c95b-6111-492e-9ccc-32914780ffdc req-dda8c95b-6111-492e-9ccc-32914780ffdc ] Request (QuotasAdminTestJSON:test_update_all_quota_resources_for_tenant): 200 GET http://10.180.1.21/compute/v2.1/os-quota-sets/500918e3956c403c9832e30077aa7dfb/defaults 1.059s
2025-04-14 13:57:42.618 69936 INFO tempest.lib.common.rest_client [req-c13c6af9-8076-476c-a598-fcc94503cfd1 req-c13c6af9-8076-476c-a598-fcc94503cfd1 ] Request (SecurityGroupRulesTestJSON:test_security_group_rules_create_with_optional_cidr): 200 POST http://10.180.1.21/compute/v2.1/os-security-group-rules 1.012s
2025-04-14 13:57:42.694 69984 INFO tempest.lib.common.rest_client [req-565beca7-80aa-426e-bdcf-59e5c93e96ce req-565beca7-80aa-426e-bdcf-59e5c93e96ce ] Request (VolumesAdminNegativeTest:test_update_attached_volume_with_nonexistent_volume_in_body): 200 GET http://10.180.1.21/compute/v2.1/servers/54fe2a35-52f3-4c21-a0f4-522e44b620a0 0.989s
2025-04-14 13:57:42.731 69962 INFO tempest.lib.common.rest_client [req-f505f38c-5a3b-4b17-8e59-5f3a9ec13d16 req-f505f38c-5a3b-4b17-8e59-5f3a9ec13d16 ] Request (SecurityGroupsNegativeTestJSON:test_update_non_existent_security_group): 404 PUT http://10.180.1.21/compute/v2.1/os-security-groups/5293f916-f487-4881-9671-d1c74a8e0138 0.993s
2025-04-14 13:57:42.761 69982 INFO tempest.lib.common.rest_client [req-b6fc42b8-0b84-43ee-a35a-a07b78adbec0 req-b6fc42b8-0b84-43ee-a35a-a07b78adbec0 ] Request (SecurityGroupsTestAdminJSON:_run_cleanups): 202 DELETE http://10.180.1.21/compute/v2.1/os-security-groups/75df438d-fab9-4e84-a3f8-e534e5a00afd 1.148s
2025-04-14 13:57:42.779 69950 INFO tempest.lib.common.rest_client [req-94cc5334-daa7-40ce-b6a9-313652b36523 req-94cc5334-daa7-40ce-b6a9-313652b36523 ] Request (ValidationResourcesFixture:setUp): 201 POST http://10.180.1.21:9696/networking/v2.0/floatingips 1.051s
2025-04-14 13:57:42.901 69950 INFO tempest.lib.common.rest_client [req-68a69e26-abc9-4780-abe5-c878d6fdb4c1 req-68a69e26-abc9-4780-abe5-c878d6fdb4c1 ] Request (ServersWithSpecificFlavorTestJSON:test_verify_created_server_ephemeral_disk): 201 POST http://10.180.1.21/identity/v3/auth/tokens 0.118s
2025-04-14 13:57:42.902 69950 INFO tempest.lib.common.fixed_network [-] (ServersWithSpecificFlavorTestJSON:test_verify_created_server_ephemeral_disk) Found network {'id': 'ed08c9b1-81be-4c7c-b3e1-d2157554d022', 'name': 'tempest-ServersWithSpecificFlavorTestJSON-1770595930-network', 'tenant_id': '0633badc0f924996b31009e71856408a', 'admin_state_up': True, 'mtu': 8950, 'status': 'ACTIVE', 'subnets': [], 'shared': False, 'project_id': '0633badc0f924996b31009e71856408a', 'port_security_enabled': True, 'router:external': False, 'provider:network_type': 'vlan', 'provider:physical_network': 'default', 'provider:segmentation_id': 272, 'availability_zone_hints': [], 'availability_zones': [], 'ipv4_address_scope': None, 'ipv6_address_scope': None, 'description': '', 'tags': [], 'created_at': '2025-04-14T13:57:13Z', 'updated_at': '2025-04-14T13:57:13Z', 'revision_number': 1} available for tenant
2025-04-14 13:57:42.920 69982 INFO tempest.lib.common.rest_client [req-d39b96aa-ecc1-4fcc-8bf6-a97fdcf92306 req-d39b96aa-ecc1-4fcc-8bf6-a97fdcf92306 ] Request (SecurityGroupsTestAdminJSON:tearDownClass): 204 DELETE http://10.180.1.21/identity/v3/users/a2202b73512e45b08df46a959e61a716 0.153s
2025-04-14 13:57:43.047 69982 INFO tempest.lib.common.rest_client [req-8a6c9cd2-3840-4de6-997e-d111d3b2ba69 req-8a6c9cd2-3840-4de6-997e-d111d3b2ba69 ] Request (SecurityGroupsTestAdminJSON:tearDownClass): 204 DELETE http://10.180.1.21/identity/v3/users/64b4b72e8ab246578ddadf23ae9ea057 0.126s
2025-04-14 13:57:43.047 69982 INFO tempest.lib.common.dynamic_creds [-] Deleting project and security group for project: e194bcf51a514dc1a9b3bc59e9d29c11
2025-04-14 13:57:43.056 69980 INFO tempest.lib.common.rest_client [req-9fba2b2f-979c-4421-8d44-17221efccfe8 req-9fba2b2f-979c-4421-8d44-17221efccfe8 ] Request (ImagesTestJSON:test_create_image_from_stopped_server): 200 GET http://10.180.1.21/compute/v2.1/servers/c7921fab-fd44-4691-bca3-5ea3ae7e0bc0 1.164s
2025-04-14 13:57:43.080 69970 INFO tempest.lib.common.rest_client [req-997c7399-8e4c-4bb4-aaa7-cb2a6929ed89 req-997c7399-8e4c-4bb4-aaa7-cb2a6929ed89 ] Request (ServicesAdminNegativeV253TestJSON:test_disable_service_with_invalid_service_id): 404 PUT http://10.180.1.21/compute/v2.1/os-services/c8ddffdf-86ec-4f19-8f11-e98c876960f6 1.164s
2025-04-14 13:57:43.089 69990 INFO tempest.lib.common.rest_client [req-d91432ce-e63a-4557-ac6b-977911c9c4ad req-d91432ce-e63a-4557-ac6b-977911c9c4ad ] Request (QuotasAdminNegativeTest:test_create_server_when_cpu_quota_is_full): 200 GET http://10.180.1.21/compute/v2.1/os-quota-sets/417f41075c4942dc93031edea65b9267 1.275s
2025-04-14 13:57:43.129 69982 INFO tempest.lib.common.rest_client [req-b89220a4-efbf-40d3-ac7d-13db8d530888 req-b89220a4-efbf-40d3-ac7d-13db8d530888 ] Request (SecurityGroupsTestAdminJSON:tearDownClass): 201 POST http://10.180.1.21/identity/v3/auth/tokens 0.082s
2025-04-14 13:57:43.154 69956 INFO tempest.lib.common.rest_client [req-4c441497-973c-4e63-8283-d97f0956b6bb req-4c441497-973c-4e63-8283-d97f0956b6bb ] Request (ServersAdminTestJSON:setUpClass): 200 GET http://10.180.1.21/compute/v2.1/servers/030be18d-ee6f-4000-98f6-9e9a1c041a03 1.220s
2025-04-14 13:57:43.174 69960 INFO tempest.lib.common.rest_client [req-f7f71391-5681-449c-bb37-d6f9aad04479 req-f7f71391-5681-449c-bb37-d6f9aad04479 ] Request (VolumesAssistedSnapshotsTest:test_volume_assisted_snapshot_create_delete): 200 GET http://10.180.1.21/compute/v2.1/servers/d6968dbb-b95f-4115-af9c-b528337a9663 1.117s
2025-04-14 13:57:43.187 69972 INFO tempest.lib.common.rest_client [req-05f60a24-b8f2-4c2b-878f-de50721e71f9 req-05f60a24-b8f2-4c2b-878f-de50721e71f9 ] Request (FlavorsExtraSpecsTestJSON:test_flavor_set_get_update_show_unset_keys): 200 GET http://10.180.1.21/compute/v2.1/flavors/401681289/os-extra_specs 1.038s
2025-04-14 13:57:43.193 69986 INFO tempest.lib.common.rest_client [req-f5ccf6da-8a09-4cdf-a0c4-5b8481c1846a req-f5ccf6da-8a09-4cdf-a0c4-5b8481c1846a ] Request (AggregatesAdminNegativeTestJSON:test_aggregate_create_aggregate_name_length_exceeds_255): 400 POST http://10.180.1.21/compute/v2.1/os-aggregates 1.044s
2025-04-14 13:57:43.265 69982 INFO tempest.lib.common.rest_client [req-abde6910-99f2-4716-a3a7-e7f4966d1be3 req-abde6910-99f2-4716-a3a7-e7f4966d1be3 ] Request (SecurityGroupsTestAdminJSON:tearDownClass): 200 GET http://10.180.1.21:9696/networking/v2.0/security-groups?tenant_id=e194bcf51a514dc1a9b3bc59e9d29c11&name=default 0.135s
2025-04-14 13:57:43.280 69958 INFO tempest.lib.common.rest_client [req-f730c558-8836-4b15-b943-6dd60b5d6f92 req-f730c558-8836-4b15-b943-6dd60b5d6f92 ] Request (FlavorsAccessNegativeTestJSON:test_flavor_non_admin_add): 403 POST http://10.180.1.21/compute/v2.1/flavors/564011433/action 1.161s
2025-04-14 13:57:43.343 69978 INFO tempest.lib.common.rest_client [req-19d26608-f579-4d7a-92dc-31d1ca1ca796 req-19d26608-f579-4d7a-92dc-31d1ca1ca796 ] Request (ServicesAdminNegativeTestJSON:test_list_services_with_non_admin_user): 403 GET http://10.180.1.21/compute/v2.1/os-services 1.163s
2025-04-14 13:57:43.378 69964 INFO tempest.lib.common.rest_client [req-5d24ee77-9164-45e7-abb9-466fd7ba7ee4 req-5d24ee77-9164-45e7-abb9-466fd7ba7ee4 ] Request (FlavorsExtraSpecsNegativeTestJSON:tearDownClass): 200 GET http://10.180.1.21/compute/v2.1/flavors/detail 1.177s
2025-04-14 13:57:43.421 69978 INFO tempest.lib.common.rest_client [req-b24c18f1-8aea-4d80-afab-9fa0bee2772c req-b24c18f1-8aea-4d80-afab-9fa0bee2772c ] Request (ServicesAdminNegativeTestJSON:tearDownClass): 204 DELETE http://10.180.1.21/identity/v3/users/8eb8446ce62b4e838e2848c6de8dd63b 0.076s
2025-04-14 13:57:43.463 69982 INFO tempest.lib.common.rest_client [req-89730d64-d003-4204-8329-53fd2a98e9b7 req-89730d64-d003-4204-8329-53fd2a98e9b7 ] Request (SecurityGroupsTestAdminJSON:tearDownClass): 204 DELETE http://10.180.1.21:9696/networking/v2.0/security-groups/806aa6c3-998b-409b-96dc-a378c4487a6a 0.197s
2025-04-14 13:57:43.531 69964 INFO tempest.lib.common.rest_client [req-d455dd2e-33e1-4152-afa4-75c2872093f2 req-d455dd2e-33e1-4152-afa4-75c2872093f2 ] Request (FlavorsExtraSpecsNegativeTestJSON:tearDownClass): 204 DELETE http://10.180.1.21/identity/v3/users/fa2d917f6c4549bc96214871561f507f 0.144s
2025-04-14 13:57:43.565 69978 INFO tempest.lib.common.rest_client [req-273616bd-4ba0-48f6-81ac-ea9b03e88560 req-273616bd-4ba0-48f6-81ac-ea9b03e88560 ] Request (ServicesAdminNegativeTestJSON:tearDownClass): 204 DELETE http://10.180.1.21/identity/v3/users/55d86aa7955643d49678ff429c7e592b 0.144s
2025-04-14 13:57:43.565 69978 INFO tempest.lib.common.dynamic_creds [-] Deleting project and security group for project: 934986024e584406b7e9ee4853caf46e
2025-04-14 13:57:43.609 69946 INFO tempest.lib.common.rest_client [req-b382aaf2-8432-4759-8fea-45630bcf0e5c req-b382aaf2-8432-4759-8fea-45630bcf0e5c ] Request (ServerShowV254Test:test_rebuild_server): 202 POST http://10.180.1.21/compute/v2.1/servers 1.344s
2025-04-14 13:57:43.618 69948 INFO tempest.lib.common.rest_client [req-f4263a17-b529-457b-9cc1-4b64eb7b436c req-f4263a17-b529-457b-9cc1-4b64eb7b436c ] Request (HypervisorAdminNegativeTestJSON:test_show_hypervisor_with_non_admin_user): 403 GET http://10.180.1.21/compute/v2.1/os-hypervisors/1 1.303s
2025-04-14 13:57:43.647 69988 INFO tempest.lib.common.rest_client [req-323f0a8d-0e81-4567-b103-9b3713aae57b req-323f0a8d-0e81-4567-b103-9b3713aae57b ] Request (FlavorsAdminTestJSON:_run_cleanups): 202 DELETE http://10.180.1.21/compute/v2.1/flavors/210d9f8f-4048-4430-8b8d-2c9a6736446f 1.308s
2025-04-14 13:57:43.697 69964 INFO tempest.lib.common.rest_client [req-f661af07-8329-4b3f-b8ee-021932517e84 req-f661af07-8329-4b3f-b8ee-021932517e84 ] Request (FlavorsExtraSpecsNegativeTestJSON:tearDownClass): 204 DELETE http://10.180.1.21/identity/v3/users/e40630d6e6c642909aa59b046cac2eff 0.165s
2025-04-14 13:57:43.697 69964 INFO tempest.lib.common.dynamic_creds [-] Deleting project and security group for project: e72ffa1b51fb4edeb8e021056217f8c3
2025-04-14 13:57:43.725 69944 INFO tempest.lib.common.rest_client [req-8e42ad54-1742-4b29-aba8-8dafc3e084cb req-8e42ad54-1742-4b29-aba8-8dafc3e084cb ] Request (FloatingIPsNegativeTestJSON:test_delete_nonexistent_floating_ip): 404 DELETE http://10.180.1.21/compute/v2.1/os-floating-ips/2433a3a9-d20a-4bac-a72c-45f2a8d8e127 1.365s
2025-04-14 13:57:43.750 69982 INFO tempest.lib.common.rest_client [req-65ff3da9-d9c9-426d-8eff-dc04193ec4dd req-65ff3da9-d9c9-426d-8eff-dc04193ec4dd ] Request (SecurityGroupsTestAdminJSON:tearDownClass): 204 DELETE http://10.180.1.21/identity/v3/projects/e194bcf51a514dc1a9b3bc59e9d29c11 0.286s
2025-04-14 13:57:43.750 69982 INFO tempest.lib.common.dynamic_creds [-] Deleting project and security group for project: 7b77abb4d47b474aa8a880e3b065fb1f
2025-04-14 13:57:43.831 69978 INFO tempest.lib.common.rest_client [req-621ce272-1590-418f-98dd-43dfd4e0c909 req-621ce272-1590-418f-98dd-43dfd4e0c909 ] Request (ServicesAdminNegativeTestJSON:tearDownClass): 201 POST http://10.180.1.21/identity/v3/auth/tokens 0.261s
2025-04-14 13:57:43.841 69930 INFO tempest.lib.common.rest_client [req-90ae4c6e-6be8-456d-8438-6aaff0916402 req-90ae4c6e-6be8-456d-8438-6aaff0916402 ] Request (ServerRescueNegativeTestJSON:setUpClass): 202 POST http://10.180.1.21/compute/v2.1/servers 1.674s
2025-04-14 13:57:43.886 69964 INFO tempest.lib.common.rest_client [req-34131c7f-fea1-4764-a48a-8387c717fdb8 req-34131c7f-fea1-4764-a48a-8387c717fdb8 ] Request (FlavorsExtraSpecsNegativeTestJSON:tearDownClass): 201 POST http://10.180.1.21/identity/v3/auth/tokens 0.189s
