2025-04-14 13:59:45.775 69988 INFO tempest.lib.common.rest_client [req-36ef34ce-ecb7-4c42-b6d2-2ee8924d06c4 req-36ef34ce-ecb7-4c42-b6d2-2ee8924d06c4 ] Request (ServersTestFqdnHostnames:test_create_server_with_fqdn_name): 200 GET http://10.180.1.21/compute/v2.1/servers/3d07cf05-d08d-409f-9bbd-b7ff213e29ff 0.188s
2025-04-14 13:59:45.841 69970 INFO tempest.lib.common.rest_client [req-15d5626d-d6d5-46b9-91da-53d04148cf62 req-15d5626d-d6d5-46b9-91da-53d04148cf62 ] Request (SecurityGroupsTestJSON:test_server_security_groups): 200 GET http://10.180.1.21/compute/v2.1/servers/41c0824b-2186-49fe-bcfd-82c031bf4810 0.168s
2025-04-14 13:59:45.859 69990 INFO tempest.lib.common.rest_client [req-73a02d37-e3a8-4caf-9e17-89c8453f16bf req-73a02d37-e3a8-4caf-9e17-89c8453f16bf ] Request (ServerDiagnosticsV248Test:tearDownClass): 200 GET http://10.180.1.21/compute/v2.1/servers/eed1c412-ccce-4168-bce7-3e7101901b7f 0.210s
2025-04-14 13:59:45.894 69934 INFO tempest.lib.common.rest_client [req-c1cdb94a-129a-446c-9dc4-ae92d1460909 req-c1cdb94a-129a-446c-9dc4-ae92d1460909 ] Request (ServersAdminNegativeTestJSON:setUpClass): 200 GET http://10.180.1.21/compute/v2.1/servers/83459ab7-4522-4d02-8ef3-80a3eb14dde5 0.166s
2025-04-14 13:59:45.912 69942 INFO tempest.lib.common.rest_client [req-9c971224-ffb8-4686-8137-a901cc6fbd5c req-9c971224-ffb8-4686-8137-a901cc6fbd5c ] Request (FloatingIPsAssociationTestJSON:tearDownClass): 200 GET http://10.180.1.21/compute/v2.1/servers/f7fdfec2-ad0d-42f4-bff8-99f164ce18a3 0.134s
2025-04-14 13:59:45.957 69972 INFO tempest.lib.common.rest_client [req-72801ba4-b33a-485c-ad99-f3253dae51cb req-72801ba4-b33a-485c-ad99-f3253dae51cb ] Request (ServersNegativeTestJSON:setUpClass): 200 GET http://10.180.1.21/compute/v2.1/servers/71e0d53c-ff3f-4a77-aa25-2a07e64500a7 0.179s
2025-04-14 13:59:45.977 69940 INFO tempest.lib.common.rest_client [req-e4e87954-290f-4c6a-8fa4-16313e4e1ef9 req-e4e87954-290f-4c6a-8fa4-16313e4e1ef9 ] Request (ImagesOneServerTestJSON:test_create_delete_image): 200 GET http://10.180.1.21/compute/v2.1/images/74369d11-d830-410c-930f-a09e80167db0 0.161s
2025-04-14 13:59:46.011 69946 INFO tempest.lib.common.rest_client [req-b614caa9-07de-4854-bce7-505d42440e9f req-b614caa9-07de-4854-bce7-505d42440e9f ] Request (ServerShowV257Test:test_rebuild_server): 200 GET http://10.180.1.21/compute/v2.1/servers/670d9426-6edb-4dfd-9953-1f10f89ebfc6 0.166s
2025-04-14 13:59:46.044 69932 INFO tempest.lib.common.rest_client [req-b184fd28-bec2-4a67-aebd-625c8229b023 req-b184fd28-bec2-4a67-aebd-625c8229b023 ] Request (FloatingIPsAssociationNegativeTestJSON:tearDownClass): 200 GET http://10.180.1.21/compute/v2.1/servers/00d02bd2-f8fa-415c-9a6f-c58b9af0be63 0.156s
2025-04-14 13:59:46.075 69968 INFO tempest.lib.common.rest_client [req-ab8cb5cf-bac5-4d62-91ea-600ab028c7cf req-ab8cb5cf-bac5-4d62-91ea-600ab028c7cf ] Request (ListImageFiltersTestJSON:setUpClass): 200 GET http://10.180.1.21/compute/v2.1/servers/8a331293-ee7f-4faa-a316-56aec9296894 0.173s
2025-04-14 13:59:46.101 69930 INFO tempest.lib.common.rest_client [req-44a441cf-84ad-45c2-b288-a5444aae9e2e req-44a441cf-84ad-45c2-b288-a5444aae9e2e ] Request (ServerRescueNegativeTestJSON:test_rescued_vm_detach_volume): 200 GET http://10.180.1.21/compute/v2.1/servers/b2c6c4bb-86f8-4e8f-b83d-a77d00447ff2 0.169s
2025-04-14 13:59:46.108 69940 INFO tempest.lib.common.rest_client [req-ea90c362-5e59-4b0a-b524-19a5773fef11 req-ea90c362-5e59-4b0a-b524-19a5773fef11 ] Request (ImagesOneServerTestJSON:test_create_delete_image): 200 GET http://10.180.1.21/compute/v2.1/images/74369d11-d830-410c-930f-a09e80167db0 0.127s
2025-04-14 13:59:46.154 69974 INFO paramiko.transport [-] Connected (version 2.0, client dropbear_2020.81)
2025-04-14 13:59:46.257 69940 INFO tempest.lib.common.rest_client [req-60bb7e66-0404-49cf-b705-b32539fa35cb req-60bb7e66-0404-49cf-b705-b32539fa35cb ] Request (ImagesOneServerTestJSON:test_create_delete_image): 200 GET http://10.180.1.21/compute/v2.1/servers/d9e3bd67-974c-477a-baa2-99549051a828 0.145s
2025-04-14 13:59:46.269 69974 INFO paramiko.transport [-] Authentication (publickey) successful!
2025-04-14 13:59:46.270 69974 INFO tempest.lib.common.ssh [-] ssh connection to cirros@10.180.180.206 successfully created
2025-04-14 13:59:46.295 69974 INFO tempest.lib.common.ssh [-] Creating ssh connection to '10.180.180.206:22' as 'cirros' with public key authentication
2025-04-14 13:59:46.299 69974 INFO paramiko.transport [-] Connected (version 2.0, client dropbear_2020.81)
2025-04-14 13:59:46.309 69958 INFO tempest.lib.common.rest_client [req-a77a1681-13c9-4c4b-9713-1d4a921420cf req-a77a1681-13c9-4c4b-9713-1d4a921420cf ] Request (DeleteServersTestJSON:test_delete_active_server): 200 GET http://10.180.1.21/compute/v2.1/servers/ff22c9d2-3cfe-48ed-b3f5-c0cfe68812c2 0.183s
2025-04-14 13:59:46.401 69936 INFO tempest.lib.common.rest_client [req-b94b9f3b-1943-48df-a0eb-1447bfd21286 req-b94b9f3b-1943-48df-a0eb-1447bfd21286 ] Request (ServerActionsTestOtherB:setUpClass): 200 GET http://10.180.1.21/compute/v2.1/servers/fa7f8ff7-658a-46d0-a6dc-232614af850d 0.170s
2025-04-14 13:59:46.405 69974 INFO paramiko.transport [-] Authentication (publickey) successful!
2025-04-14 13:59:46.406 69974 INFO tempest.lib.common.ssh [-] ssh connection to cirros@10.180.180.206 successfully created
2025-04-14 13:59:46.434 69944 INFO tempest.lib.common.rest_client [req-e6d36eec-a55d-4661-92d6-ee63800e08b0 req-e6d36eec-a55d-4661-92d6-ee63800e08b0 ] Request (ServersListShow296Test:tearDownClass): 200 GET http://10.180.1.21/compute/v2.1/servers/997781de-b20c-4004-8374-deef83d9de6b 0.356s
2025-04-14 13:59:46.462 69982 INFO tempest.lib.common.rest_client [req-dd92e820-c48f-4cb0-8d55-190607aad3cc req-dd92e820-c48f-4cb0-8d55-190607aad3cc ] Request (ServersTestManualDisk:setUpClass): 200 GET http://10.180.1.21/compute/v2.1/servers/42aba8f8-9657-437f-b305-13239f26fac2 0.178s
2025-04-14 13:59:46.531 69976 INFO tempest.lib.common.rest_client [req-eef19bbd-911f-4191-9163-e79cb9124524 req-eef19bbd-911f-4191-9163-e79cb9124524 ] Request (DeleteServersAdminTestJSON:test_delete_server_while_in_error_state): 200 GET http://10.180.1.21/compute/v2.1/servers/13ec57c7-56f5-40c6-ab32-aac0fd67c9b1 0.169s
2025-04-14 13:59:46.544 69980 INFO tempest.lib.common.rest_client [req-9082203d-8fdf-49d9-b5a8-f62b4b864575 req-9082203d-8fdf-49d9-b5a8-f62b4b864575 ] Request (ImagesTestJSON:test_create_image_from_suspended_server): 200 GET http://10.180.1.21/compute/v2.1/servers/e1db078f-b047-4e92-9b28-109607d988a4 0.228s
2025-04-14 13:59:46.552 69980 INFO tempest.common.waiters [-] State transition "BUILD/block_device_mapping" ==> "BUILD/spawning" after 68 second wait
2025-04-14 13:59:46.604 69966 INFO tempest.lib.common.rest_client [req-d93cf1e6-f06b-4464-b076-24e29356e0c6 req-d93cf1e6-f06b-4464-b076-24e29356e0c6 ] Request (ListServerFiltersTestJSON:tearDownClass): 200 GET http://10.180.1.21/compute/v2.1/servers/bc90201c-8900-4821-9839-9d5e35c48ac5 0.216s
2025-04-14 13:59:46.608 69978 INFO tempest.lib.common.rest_client [req-340f6fb7-fef0-4537-9190-747a3e75ecba req-340f6fb7-fef0-4537-9190-747a3e75ecba ] Request (ServerGroupTestJSON:_run_cleanups): 200 GET http://10.180.1.21/compute/v2.1/servers/2e020eec-2d4f-41b8-b31d-3add0744d592 0.176s
2025-04-14 13:59:46.658 69954 INFO tempest.lib.common.rest_client [req-c4b540fa-9326-4ecb-9b02-fd624ebcbc63 req-c4b540fa-9326-4ecb-9b02-fd624ebcbc63 ] Request (AttachInterfacesUnderV243Test:test_add_remove_fixed_ip): 200 GET http://10.180.1.21/compute/v2.1/servers/df4f5b07-b088-4c1f-9a13-7812115eeaf0 0.098s
2025-04-14 13:59:46.663 69956 INFO tempest.lib.common.rest_client [req-6d6b7cb8-a18b-41d8-8219-ecc8557e2ab3 req-6d6b7cb8-a18b-41d8-8219-ecc8557e2ab3 ] Request (ServersAdminTestJSON:test_inject_network_info): 200 GET http://10.180.1.21/compute/v2.1/servers/3c85ee38-7f0c-48db-8bc7-cd3d17eb5f02 0.205s
2025-04-14 13:59:46.808 69993 INFO tempest.lib.common.rest_client [req-05a76ab5-3f58-491e-b244-ad206d7d174f req-05a76ab5-3f58-491e-b244-ad206d7d174f ] Request (ServerMetadataNegativeTestJSON:tearDownClass): 200 GET http://10.180.1.21/compute/v2.1/servers/20fa95e4-e66f-4310-81bf-beb9a42968dc 0.097s
2025-04-14 13:59:46.824 69962 INFO tempest.lib.common.rest_client [req-f1fdade7-ed58-483b-9cb4-17164e70a3a9 req-f1fdade7-ed58-483b-9cb4-17164e70a3a9 ] Request (ServerRescueTestJSONUnderV235:setUpClass): 200 GET http://10.180.1.21/compute/v2.1/servers/267ffd7d-ab93-4dda-b46a-1059b3f82f4f 0.049s
2025-04-14 13:59:46.916 69970 INFO tempest.lib.common.rest_client [req-908721b8-dc7e-4918-844a-54607cb75f7b req-908721b8-dc7e-4918-844a-54607cb75f7b ] Request (SecurityGroupsTestJSON:test_server_security_groups): 200 GET http://10.180.1.21/compute/v2.1/servers/41c0824b-2186-49fe-bcfd-82c031bf4810 0.067s
2025-04-14 13:59:46.927 69988 INFO tempest.lib.common.rest_client [req-671e6c8b-ff7e-4e92-9cce-6a913d24e4b8 req-671e6c8b-ff7e-4e92-9cce-6a913d24e4b8 ] Request (ServersTestFqdnHostnames:test_create_server_with_fqdn_name): 200 GET http://10.180.1.21/compute/v2.1/servers/3d07cf05-d08d-409f-9bbd-b7ff213e29ff 0.142s
2025-04-14 13:59:46.984 69960 WARNING tempest.lib.common.ssh [-] Failed to establish authenticated ssh connection to cirros@10.180.180.203 ([Errno None] Unable to connect to port 22 on 10.180.180.203). Number attempts: 10. Retry after 11 seconds.: paramiko.ssh_exception.NoValidConnectionsError: [Errno None] Unable to connect to port 22 on 10.180.180.203
2025-04-14 13:59:46.987 69934 INFO tempest.lib.common.rest_client [req-180a6d2e-b7c1-4913-bbdd-ca7f86e233d9 req-180a6d2e-b7c1-4913-bbdd-ca7f86e233d9 ] Request (ServersAdminNegativeTestJSON:setUpClass): 200 GET http://10.180.1.21/compute/v2.1/servers/83459ab7-4522-4d02-8ef3-80a3eb14dde5 0.083s
2025-04-14 13:59:46.995 69990 INFO tempest.lib.common.rest_client [req-791c4edf-6c9d-4303-8435-45d92c942a1b req-791c4edf-6c9d-4303-8435-45d92c942a1b ] Request (ServerDiagnosticsV248Test:tearDownClass): 200 GET http://10.180.1.21/compute/v2.1/servers/eed1c412-ccce-4168-bce7-3e7101901b7f 0.122s
2025-04-14 13:59:47.060 69942 INFO tempest.lib.common.rest_client [req-8cb283be-557d-4765-aee8-e87523e22e2c req-8cb283be-557d-4765-aee8-e87523e22e2c ] Request (FloatingIPsAssociationTestJSON:tearDownClass): 200 GET http://10.180.1.21/compute/v2.1/servers/f7fdfec2-ad0d-42f4-bff8-99f164ce18a3 0.138s
2025-04-14 13:59:47.069 69972 INFO tempest.lib.common.rest_client [req-6002d0f9-b2f4-434c-99e7-086f9e082597 req-6002d0f9-b2f4-434c-99e7-086f9e082597 ] Request (ServersNegativeTestJSON:setUpClass): 200 GET http://10.180.1.21/compute/v2.1/servers/71e0d53c-ff3f-4a77-aa25-2a07e64500a7 0.104s
2025-04-14 13:59:47.069 69942 INFO tempest.common.waiters [-] State transition "ACTIVE/deleting" ==> "DELETED/None" after 5 second wait
2025-04-14 13:59:47.135 69946 INFO tempest.lib.common.rest_client [req-8cbb40aa-7f20-4528-8a8e-4ec311d24d70 req-8cbb40aa-7f20-4528-8a8e-4ec311d24d70 ] Request (ServerShowV257Test:test_rebuild_server): 200 GET http://10.180.1.21/compute/v2.1/servers/670d9426-6edb-4dfd-9953-1f10f89ebfc6 0.112s
2025-04-14 13:59:47.149 69932 INFO tempest.lib.common.rest_client [req-b31e3342-5032-41ca-8d61-b9d811df4bb6 req-b31e3342-5032-41ca-8d61-b9d811df4bb6 ] Request (FloatingIPsAssociationNegativeTestJSON:tearDownClass): 200 GET http://10.180.1.21/compute/v2.1/servers/00d02bd2-f8fa-415c-9a6f-c58b9af0be63 0.097s
2025-04-14 13:59:47.212 69968 INFO tempest.lib.common.rest_client [req-1b0d0288-1456-47ed-9807-5db9669bc81d req-1b0d0288-1456-47ed-9807-5db9669bc81d ] Request (ListImageFiltersTestJSON:setUpClass): 200 GET http://10.180.1.21/compute/v2.1/servers/8a331293-ee7f-4faa-a316-56aec9296894 0.128s
2025-04-14 13:59:47.220 69930 INFO tempest.lib.common.rest_client [req-23a4eb4d-352d-4e62-adf4-55d4319079b1 req-23a4eb4d-352d-4e62-adf4-55d4319079b1 ] Request (ServerRescueNegativeTestJSON:test_rescued_vm_detach_volume): 200 GET http://10.180.1.21/compute/v2.1/servers/b2c6c4bb-86f8-4e8f-b83d-a77d00447ff2 0.109s
2025-04-14 13:59:47.368 69948 WARNING tempest.lib.common.ssh [-] Failed to establish authenticated ssh connection to cirros@10.180.180.209 ([Errno None] Unable to connect to port 22 on 10.180.180.209). Number attempts: 2. Retry after 3 seconds.: paramiko.ssh_exception.NoValidConnectionsError: [Errno None] Unable to connect to port 22 on 10.180.180.209
2025-04-14 13:59:47.386 69958 INFO tempest.lib.common.rest_client [req-61e8b162-7b66-464f-82ba-5f62f4b16b65 req-61e8b162-7b66-464f-82ba-5f62f4b16b65 ] Request (DeleteServersTestJSON:test_delete_active_server): 200 GET http://10.180.1.21/compute/v2.1/servers/ff22c9d2-3cfe-48ed-b3f5-c0cfe68812c2 0.070s
2025-04-14 13:59:47.402 69940 INFO tempest.lib.common.rest_client [req-89d50287-43a2-4637-ae81-0b1792d2376f req-89d50287-43a2-4637-ae81-0b1792d2376f ] Request (ImagesOneServerTestJSON:test_create_delete_image): 200 GET http://10.180.1.21/compute/v2.1/servers/d9e3bd67-974c-477a-baa2-99549051a828 0.137s
2025-04-14 13:59:47.515 69974 INFO tempest.lib.common.rest_client [req-c9b297ec-4a3c-47b1-8acb-7c701bb7c802 req-c9b297ec-4a3c-47b1-8acb-7c701bb7c802 ] Request (ServersV294TestFqdnHostnames:tearDownClass): 204 DELETE http://10.180.1.21/compute/v2.1/servers/1178a341-cc87-48f9-b274-f0a1ab0c01fc 0.077s
2025-04-14 13:59:47.516 69936 INFO tempest.lib.common.rest_client [req-3d3e169e-13c5-4ed1-9de2-a467abeb85c9 req-3d3e169e-13c5-4ed1-9de2-a467abeb85c9 ] Request (ServerActionsTestOtherB:setUpClass): 200 GET http://10.180.1.21/compute/v2.1/servers/fa7f8ff7-658a-46d0-a6dc-232614af850d 0.108s
2025-04-14 13:59:47.577 69982 INFO tempest.lib.common.rest_client [req-d0ac937e-da14-4949-ba76-dc2a08bd610a req-d0ac937e-da14-4949-ba76-dc2a08bd610a ] Request (ServersTestManualDisk:setUpClass): 200 GET http://10.180.1.21/compute/v2.1/servers/42aba8f8-9657-437f-b305-13239f26fac2 0.106s
2025-04-14 13:59:47.588 69944 INFO tempest.lib.common.rest_client [req-d730d624-50fb-47a1-b355-4ada701ef7df req-d730d624-50fb-47a1-b355-4ada701ef7df ] Request (ServersListShow296Test:tearDownClass): 200 GET http://10.180.1.21/compute/v2.1/servers/997781de-b20c-4004-8374-deef83d9de6b 0.143s
2025-04-14 13:59:47.645 69976 INFO tempest.lib.common.rest_client [req-4459287d-a829-4fd4-a14f-2dfc5fef8caf req-4459287d-a829-4fd4-a14f-2dfc5fef8caf ] Request (DeleteServersAdminTestJSON:test_delete_server_while_in_error_state): 200 GET http://10.180.1.21/compute/v2.1/servers/13ec57c7-56f5-40c6-ab32-aac0fd67c9b1 0.105s
2025-04-14 13:59:47.739 69974 INFO tempest.lib.common.rest_client [req-430c0651-b14b-4ad5-a612-632e47ff346f req-430c0651-b14b-4ad5-a612-632e47ff346f ] Request (ServersV294TestFqdnHostnames:tearDownClass): 200 GET http://10.180.1.21/compute/v2.1/servers/1178a341-cc87-48f9-b274-f0a1ab0c01fc 0.224s
2025-04-14 13:59:47.749 69980 INFO tempest.lib.common.rest_client [req-e45b21c8-0e12-45fe-98b7-082dfed2dd82 req-e45b21c8-0e12-45fe-98b7-082dfed2dd82 ] Request (ImagesTestJSON:test_create_image_from_suspended_server): 200 GET http://10.180.1.21/compute/v2.1/servers/e1db078f-b047-4e92-9b28-109607d988a4 0.196s
2025-04-14 13:59:47.805 69966 INFO tempest.lib.common.rest_client [req-2350c4b2-56ff-46ca-9c61-940dff68e225 req-2350c4b2-56ff-46ca-9c61-940dff68e225 ] Request (ListServerFiltersTestJSON:tearDownClass): 200 GET http://10.180.1.21/compute/v2.1/servers/bc90201c-8900-4821-9839-9d5e35c48ac5 0.192s
2025-04-14 13:59:47.808 69978 INFO tempest.lib.common.rest_client [req-27509c34-d3a3-4b74-9595-20591049ae51 req-27509c34-d3a3-4b74-9595-20591049ae51 ] Request (ServerGroupTestJSON:_run_cleanups): 200 GET http://10.180.1.21/compute/v2.1/servers/2e020eec-2d4f-41b8-b31d-3add0744d592 0.188s
2025-04-14 13:59:47.868 69954 INFO tempest.lib.common.rest_client [req-9e1e65ff-b073-4d99-bc55-6b03f3181532 req-9e1e65ff-b073-4d99-bc55-6b03f3181532 ] Request (AttachInterfacesUnderV243Test:test_add_remove_fixed_ip): 200 GET http://10.180.1.21/compute/v2.1/servers/df4f5b07-b088-4c1f-9a13-7812115eeaf0 0.202s
2025-04-14 13:59:47.868 69956 INFO tempest.lib.common.rest_client [req-bd15188c-27d5-42fe-bb6e-1eb1b00b0f45 req-bd15188c-27d5-42fe-bb6e-1eb1b00b0f45 ] Request (ServersAdminTestJSON:test_inject_network_info): 200 GET http://10.180.1.21/compute/v2.1/servers/3c85ee38-7f0c-48db-8bc7-cd3d17eb5f02 0.198s
2025-04-14 13:59:47.927 69962 INFO tempest.lib.common.rest_client [req-7864b1a4-7300-4d11-9747-531c1b26cf66 req-7864b1a4-7300-4d11-9747-531c1b26cf66 ] Request (ServerRescueTestJSONUnderV235:setUpClass): 200 GET http://10.180.1.21/compute/v2.1/servers/267ffd7d-ab93-4dda-b46a-1059b3f82f4f 0.096s
2025-04-14 13:59:47.933 69993 INFO tempest.lib.common.rest_client [req-c5dafa83-2cb7-4860-8cf3-28e51060c65c req-c5dafa83-2cb7-4860-8cf3-28e51060c65c ] Request (ServerMetadataNegativeTestJSON:tearDownClass): 200 GET http://10.180.1.21/compute/v2.1/servers/20fa95e4-e66f-4310-81bf-beb9a42968dc 0.112s
2025-04-14 13:59:47.995 69970 INFO tempest.lib.common.rest_client [req-ec0c57df-523c-4b6b-96da-126b65a2644f req-ec0c57df-523c-4b6b-96da-126b65a2644f ] Request (SecurityGroupsTestJSON:test_server_security_groups): 200 GET http://10.180.1.21/compute/v2.1/servers/41c0824b-2186-49fe-bcfd-82c031bf4810 0.067s
2025-04-14 13:59:48.073 69934 INFO tempest.lib.common.rest_client [req-ca2ffe08-b7ae-4dcb-a6e3-20105798a568 req-ca2ffe08-b7ae-4dcb-a6e3-20105798a568 ] Request (ServersAdminNegativeTestJSON:setUpClass): 200 GET http://10.180.1.21/compute/v2.1/servers/83459ab7-4522-4d02-8ef3-80a3eb14dde5 0.078s
2025-04-14 13:59:48.077 69988 INFO tempest.lib.common.rest_client [req-26eb5457-e186-4f98-b013-a5dc72c5ab26 req-26eb5457-e186-4f98-b013-a5dc72c5ab26 ] Request (ServersTestFqdnHostnames:test_create_server_with_fqdn_name): 200 GET http://10.180.1.21/compute/v2.1/servers/3d07cf05-d08d-409f-9bbd-b7ff213e29ff 0.142s
2025-04-14 13:59:48.142 69942 INFO tempest.lib.common.rest_client [req-fcf99a6a-8833-431c-b22a-abc710cc73ae req-fcf99a6a-8833-431c-b22a-abc710cc73ae ] Request (FloatingIPsAssociationTestJSON:tearDownClass): 200 GET http://10.180.1.21/compute/v2.1/servers/f7fdfec2-ad0d-42f4-bff8-99f164ce18a3 0.072s
2025-04-14 13:59:48.142 69990 INFO tempest.lib.common.rest_client [req-8c401079-ce17-4ea1-ac61-0edca66b5e1d req-8c401079-ce17-4ea1-ac61-0edca66b5e1d ] Request (ServerDiagnosticsV248Test:tearDownClass): 200 GET http://10.180.1.21/compute/v2.1/servers/eed1c412-ccce-4168-bce7-3e7101901b7f 0.134s
2025-04-14 13:59:48.187 69972 INFO tempest.lib.common.rest_client [req-e26b1c3d-b0cd-4c5b-a384-e8475991af49 req-e26b1c3d-b0cd-4c5b-a384-e8475991af49 ] Request (ServersNegativeTestJSON:setUpClass): 200 GET http://10.180.1.21/compute/v2.1/servers/71e0d53c-ff3f-4a77-aa25-2a07e64500a7 0.108s
2025-04-14 13:59:48.210 69946 INFO tempest.lib.common.rest_client [req-af9ae6b1-7d88-48ba-92ea-b9ad264002b3 req-af9ae6b1-7d88-48ba-92ea-b9ad264002b3 ] Request (ServerShowV257Test:test_rebuild_server): 200 GET http://10.180.1.21/compute/v2.1/servers/670d9426-6edb-4dfd-9953-1f10f89ebfc6 0.064s
2025-04-14 13:59:48.241 69932 INFO tempest.lib.common.rest_client [req-f010c0c2-5797-4bcd-9f51-3c320a540f20 req-f010c0c2-5797-4bcd-9f51-3c320a540f20 ] Request (FloatingIPsAssociationNegativeTestJSON:tearDownClass): 200 GET http://10.180.1.21/compute/v2.1/servers/00d02bd2-f8fa-415c-9a6f-c58b9af0be63 0.084s
2025-04-14 13:59:48.272 69968 INFO tempest.lib.common.rest_client [req-5e2da153-4e8f-4fe7-ba47-c789070e4557 req-5e2da153-4e8f-4fe7-ba47-c789070e4557 ] Request (ListImageFiltersTestJSON:setUpClass): 200 GET http://10.180.1.21/compute/v2.1/servers/8a331293-ee7f-4faa-a316-56aec9296894 0.052s
2025-04-14 13:59:48.289 69930 INFO tempest.lib.common.rest_client [req-a24e71a1-3f7f-403c-8eaa-b9ada4444202 req-a24e71a1-3f7f-403c-8eaa-b9ada4444202 ] Request (ServerRescueNegativeTestJSON:test_rescued_vm_detach_volume): 200 GET http://10.180.1.21/compute/v2.1/servers/b2c6c4bb-86f8-4e8f-b83d-a77d00447ff2 0.060s
2025-04-14 13:59:48.449 69958 INFO tempest.lib.common.rest_client [req-f83f2ea0-ea2a-456f-a7e3-289c6e473a6b req-f83f2ea0-ea2a-456f-a7e3-289c6e473a6b ] Request (DeleteServersTestJSON:test_delete_active_server): 200 GET http://10.180.1.21/compute/v2.1/servers/ff22c9d2-3cfe-48ed-b3f5-c0cfe68812c2 0.054s
2025-04-14 13:59:48.502 69940 INFO tempest.lib.common.rest_client [req-6f4b163d-115d-48b1-9dcc-355af684107a req-6f4b163d-115d-48b1-9dcc-355af684107a ] Request (ImagesOneServerTestJSON:test_create_delete_image): 200 GET http://10.180.1.21/compute/v2.1/servers/d9e3bd67-974c-477a-baa2-99549051a828 0.089s
2025-04-14 13:59:48.509 69940 INFO tempest.common.waiters [-] State transition "ACTIVE/image_uploading" ==> "ACTIVE/None" after 2 second wait
2025-04-14 13:59:48.544 69940 INFO tempest.lib.common.rest_client [req-9123a1a1-e444-4c2e-98c2-185bf561df8d req-9123a1a1-e444-4c2e-98c2-185bf561df8d ] Request (ImagesOneServerTestJSON:test_create_delete_image): 200 GET http://10.180.1.21/compute/v2.1/images/2b7a0304-b5d0-431d-b287-32c8388d7fbd 0.034s
2025-04-14 13:59:48.564 69940 INFO tempest.lib.common.rest_client [req-eef71a07-9380-4cbb-8ac0-a7d439dc37c8 req-eef71a07-9380-4cbb-8ac0-a7d439dc37c8 ] Request (ImagesOneServerTestJSON:test_create_delete_image): 200 GET http://10.180.1.21/compute/v2.1/flavors/42 0.017s
2025-04-14 13:59:48.656 69936 INFO tempest.lib.common.rest_client [req-80d29b98-62e3-4c05-bd77-d1736c9da160 req-80d29b98-62e3-4c05-bd77-d1736c9da160 ] Request (ServerActionsTestOtherB:setUpClass): 200 GET http://10.180.1.21/compute/v2.1/servers/fa7f8ff7-658a-46d0-a6dc-232614af850d 0.131s
2025-04-14 13:59:48.663 69936 INFO tempest.common.waiters [-] State transition "BUILD/spawning" ==> "ACTIVE/None" after 78 second wait
2025-04-14 13:59:48.666 69940 INFO tempest.lib.common.rest_client [req-672f49ab-aa6f-44d4-98da-09cb12ed223d req-672f49ab-aa6f-44d4-98da-09cb12ed223d ] Request (ImagesOneServerTestJSON:test_create_delete_image): 204 DELETE http://10.180.1.21/compute/v2.1/images/74369d11-d830-410c-930f-a09e80167db0 0.100s
2025-04-14 13:59:48.703 69982 INFO tempest.lib.common.rest_client [req-91827c53-1b7e-46dc-82e3-262ddc62228f req-91827c53-1b7e-46dc-82e3-262ddc62228f ] Request (ServersTestManualDisk:setUpClass): 200 GET http://10.180.1.21/compute/v2.1/servers/42aba8f8-9657-437f-b305-13239f26fac2 0.118s
2025-04-14 13:59:48.735 69944 INFO tempest.lib.common.rest_client [req-6f61fc18-3133-4b17-80f9-641b7484b7ed req-6f61fc18-3133-4b17-80f9-641b7484b7ed ] Request (ServersListShow296Test:tearDownClass): 200 GET http://10.180.1.21/compute/v2.1/servers/997781de-b20c-4004-8374-deef83d9de6b 0.136s
2025-04-14 13:59:48.768 69976 INFO tempest.lib.common.rest_client [req-d1653d87-d79d-4a4c-92dd-faa890d4ed7d req-d1653d87-d79d-4a4c-92dd-faa890d4ed7d ] Request (DeleteServersAdminTestJSON:test_delete_server_while_in_error_state): 200 GET http://10.180.1.21/compute/v2.1/servers/13ec57c7-56f5-40c6-ab32-aac0fd67c9b1 0.115s
2025-04-14 13:59:48.798 69936 INFO tempest.lib.common.rest_client [req-ff5cc49c-0d26-4d1b-a807-fed868a6ba43 req-ff5cc49c-0d26-4d1b-a807-fed868a6ba43 ] Request (ServerActionsTestOtherB:setUpClass): 200 GET http://10.180.1.21/compute/v2.1/servers/fa7f8ff7-658a-46d0-a6dc-232614af850d/os-interface 0.134s
2025-04-14 13:59:48.800 69940 INFO tempest.lib.common.rest_client [req-9faaacd8-75a5-4cb6-bb7e-6b52c96569ec req-9faaacd8-75a5-4cb6-bb7e-6b52c96569ec ] Request (ImagesOneServerTestJSON:test_create_delete_image): 404 GET http://10.180.1.21/compute/v2.1/images/74369d11-d830-410c-930f-a09e80167db0 0.133s
2025-04-14 13:59:49.002 69980 INFO tempest.lib.common.rest_client [req-18e1832b-e876-4f6b-bf06-06883314c718 req-18e1832b-e876-4f6b-bf06-06883314c718 ] Request (ImagesTestJSON:test_create_image_from_suspended_server): 200 GET http://10.180.1.21/compute/v2.1/servers/e1db078f-b047-4e92-9b28-109607d988a4 0.242s
2025-04-14 13:59:49.002 69974 INFO tempest.lib.common.rest_client [req-422c2401-84fe-4a97-8d4c-6204aba4cd8b req-422c2401-84fe-4a97-8d4c-6204aba4cd8b ] Request (ServersV294TestFqdnHostnames:tearDownClass): 200 GET http://10.180.1.21/compute/v2.1/servers/1178a341-cc87-48f9-b274-f0a1ab0c01fc 0.251s
2025-04-14 13:59:49.080 69966 INFO tempest.lib.common.rest_client [req-3668b0ff-dbde-434a-9704-8fb259fa707a req-3668b0ff-dbde-434a-9704-8fb259fa707a ] Request (ListServerFiltersTestJSON:tearDownClass): 200 GET http://10.180.1.21/compute/v2.1/servers/bc90201c-8900-4821-9839-9d5e35c48ac5 0.267s
2025-04-14 13:59:49.387 69978 INFO tempest.lib.common.rest_client [req-258c2f2c-dcdb-4602-b5d2-16083e30879a req-258c2f2c-dcdb-4602-b5d2-16083e30879a ] Request (ServerGroupTestJSON:_run_cleanups): 200 GET http://10.180.1.21/compute/v2.1/servers/2e020eec-2d4f-41b8-b31d-3add0744d592 0.571s
2025-04-14 13:59:49.427 69940 INFO tempest.lib.common.rest_client [req-03ca5b14-4fc5-46fb-9b31-e5a006ac5e7a req-03ca5b14-4fc5-46fb-9b31-e5a006ac5e7a ] Request (ImagesOneServerTestJSON:test_create_image_specify_multibyte_character_image_name): 202 POST http://10.180.1.21/compute/v2.1/servers/d9e3bd67-974c-477a-baa2-99549051a828/action 0.625s
2025-04-14 13:59:49.444 69954 INFO tempest.lib.common.rest_client [req-5b1f9ae1-bf70-4dd3-9d1b-19db7de75852 req-5b1f9ae1-bf70-4dd3-9d1b-19db7de75852 ] Request (AttachInterfacesUnderV243Test:test_add_remove_fixed_ip): 200 GET http://10.180.1.21/compute/v2.1/servers/df4f5b07-b088-4c1f-9a13-7812115eeaf0 0.569s
2025-04-14 13:59:49.489 69956 INFO tempest.lib.common.rest_client [req-10432d8b-b85a-4b3a-9db5-7da03c2ba342 req-10432d8b-b85a-4b3a-9db5-7da03c2ba342 ] Request (ServersAdminTestJSON:test_inject_network_info): 200 GET http://10.180.1.21/compute/v2.1/servers/3c85ee38-7f0c-48db-8bc7-cd3d17eb5f02 0.612s
2025-04-14 13:59:49.499 69962 INFO tempest.lib.common.rest_client [req-0748aa1f-3bec-4ac8-98c8-22ee5dc2a264 req-0748aa1f-3bec-4ac8-98c8-22ee5dc2a264 ] Request (ServerRescueTestJSONUnderV235:setUpClass): 200 GET http://10.180.1.21/compute/v2.1/servers/267ffd7d-ab93-4dda-b46a-1059b3f82f4f 0.555s
2025-04-14 13:59:49.556 69993 INFO tempest.lib.common.rest_client [req-7c23b751-1271-41f1-bace-f3994e301da2 req-7c23b751-1271-41f1-bace-f3994e301da2 ] Request (ServerMetadataNegativeTestJSON:tearDownClass): 200 GET http://10.180.1.21/compute/v2.1/servers/20fa95e4-e66f-4310-81bf-beb9a42968dc 0.607s
2025-04-14 13:59:49.563 69970 INFO tempest.lib.common.rest_client [req-e4792888-e188-49de-b161-a1264649ff26 req-e4792888-e188-49de-b161-a1264649ff26 ] Request (SecurityGroupsTestJSON:test_server_security_groups): 200 GET http://10.180.1.21/compute/v2.1/servers/41c0824b-2186-49fe-bcfd-82c031bf4810 0.559s
2025-04-14 13:59:49.565 69993 INFO tempest.common.waiters [-] State transition "ACTIVE/deleting" ==> "DELETED/None" after 5 second wait
2025-04-14 13:59:49.575 69970 INFO tempest.common.waiters [-] State transition "BUILD/scheduling" ==> "BUILD/None" after 37 second wait
2025-04-14 13:59:49.639 69934 INFO tempest.lib.common.rest_client [req-5cae263e-e154-4f40-a6dc-d1afdcc75063 req-5cae263e-e154-4f40-a6dc-d1afdcc75063 ] Request (ServersAdminNegativeTestJSON:setUpClass): 200 GET http://10.180.1.21/compute/v2.1/servers/83459ab7-4522-4d02-8ef3-80a3eb14dde5 0.557s
2025-04-14 13:59:49.708 69988 INFO tempest.lib.common.rest_client [req-15f999ca-fffc-48c8-b91f-bcf82a38bce0 req-15f999ca-fffc-48c8-b91f-bcf82a38bce0 ] Request (ServersTestFqdnHostnames:test_create_server_with_fqdn_name): 200 GET http://10.180.1.21/compute/v2.1/servers/3d07cf05-d08d-409f-9bbd-b7ff213e29ff 0.622s
2025-04-14 13:59:49.708 69942 INFO tempest.lib.common.rest_client [req-ab6e8c26-044e-4b12-97b6-945ede185914 req-ab6e8c26-044e-4b12-97b6-945ede185914 ] Request (FloatingIPsAssociationTestJSON:tearDownClass): 200 GET http://10.180.1.21/compute/v2.1/servers/f7fdfec2-ad0d-42f4-bff8-99f164ce18a3 0.557s
2025-04-14 13:59:49.723 69936 INFO tempest.lib.common.rest_client [req-c16371a6-0f23-4c0a-ac78-6a2bac3b317a req-c16371a6-0f23-4c0a-ac78-6a2bac3b317a ] Request (ServerActionsTestOtherB:setUpClass): 200 PUT http://10.180.1.21:9696/networking/v2.0/floatingips/cb2665dc-ae7f-4a02-aa2b-d5ac175ff91c 0.922s
2025-04-14 13:59:49.724 69936 INFO tempest.lib.common.ssh [-] Creating ssh connection to '10.180.180.222:22' as 'cirros' with public key authentication
2025-04-14 13:59:49.772 69972 INFO tempest.lib.common.rest_client [req-7359d8bc-3770-46c9-9ae6-584133ac9700 req-7359d8bc-3770-46c9-9ae6-584133ac9700 ] Request (ServersNegativeTestJSON:setUpClass): 200 GET http://10.180.1.21/compute/v2.1/servers/71e0d53c-ff3f-4a77-aa25-2a07e64500a7 0.574s
2025-04-14 13:59:49.779 69990 INFO tempest.lib.common.rest_client [req-3de8e690-9622-42d8-957a-7ec3559e2107 req-3de8e690-9622-42d8-957a-7ec3559e2107 ] Request (ServerDiagnosticsV248Test:tearDownClass): 200 GET http://10.180.1.21/compute/v2.1/servers/eed1c412-ccce-4168-bce7-3e7101901b7f 0.628s
2025-04-14 13:59:49.824 69946 INFO tempest.lib.common.rest_client [req-dc67a373-43b7-48d4-b003-e5985055b637 req-dc67a373-43b7-48d4-b003-e5985055b637 ] Request (ServerShowV257Test:test_rebuild_server): 200 GET http://10.180.1.21/compute/v2.1/servers/670d9426-6edb-4dfd-9953-1f10f89ebfc6 0.601s
2025-04-14 13:59:49.839 69932 INFO tempest.lib.common.rest_client [req-02c242d6-c1cb-48b5-838f-ef70f52787a5 req-02c242d6-c1cb-48b5-838f-ef70f52787a5 ] Request (FloatingIPsAssociationNegativeTestJSON:tearDownClass): 200 GET http://10.180.1.21/compute/v2.1/servers/00d02bd2-f8fa-415c-9a6f-c58b9af0be63 0.588s
2025-04-14 13:59:49.874 69968 INFO tempest.lib.common.rest_client [req-5ef98333-df39-48da-b543-19e71e8ae4e2 req-5ef98333-df39-48da-b543-19e71e8ae4e2 ] Request (ListImageFiltersTestJSON:setUpClass): 200 GET http://10.180.1.21/compute/v2.1/servers/8a331293-ee7f-4faa-a316-56aec9296894 0.592s
2025-04-14 13:59:49.887 69930 INFO tempest.lib.common.rest_client [req-0850a34f-b32b-45a1-8205-e662dc6fb4b2 req-0850a34f-b32b-45a1-8205-e662dc6fb4b2 ] Request (ServerRescueNegativeTestJSON:test_rescued_vm_detach_volume): 200 GET http://10.180.1.21/compute/v2.1/servers/b2c6c4bb-86f8-4e8f-b83d-a77d00447ff2 0.590s
2025-04-14 13:59:49.915 69940 INFO tempest.lib.common.rest_client [req-e0994548-f838-4ac2-bee5-48c0ea17810f req-e0994548-f838-4ac2-bee5-48c0ea17810f ] Request (ImagesOneServerTestJSON:test_create_image_specify_multibyte_character_image_name): 200 GET http://10.180.1.21/compute/v2.1/images/08709209-6f20-4dc2-96ca-3426e5572935 0.486s
2025-04-14 13:59:49.935 69958 INFO tempest.lib.common.rest_client [req-51334cd2-b69f-4807-bd8e-0503547863f9 req-51334cd2-b69f-4807-bd8e-0503547863f9 ] Request (DeleteServersTestJSON:test_delete_active_server): 200 GET http://10.180.1.21/compute/v2.1/servers/ff22c9d2-3cfe-48ed-b3f5-c0cfe68812c2 0.478s
2025-04-14 13:59:49.997 69982 INFO tempest.lib.common.rest_client [req-8611b64f-5e75-4fc8-a3b0-40f032078b5a req-8611b64f-5e75-4fc8-a3b0-40f032078b5a ] Request (ServersTestManualDisk:setUpClass): 200 GET http://10.180.1.21/compute/v2.1/servers/42aba8f8-9657-437f-b305-13239f26fac2 0.286s
2025-04-14 13:59:50.012 69944 INFO tempest.lib.common.rest_client [req-d2cb44e6-8016-48dc-bbc7-3e2d7852c02e req-d2cb44e6-8016-48dc-bbc7-3e2d7852c02e ] Request (ServersListShow296Test:tearDownClass): 200 GET http://10.180.1.21/compute/v2.1/servers/997781de-b20c-4004-8374-deef83d9de6b 0.268s
2025-04-14 13:59:50.071 69976 INFO tempest.lib.common.rest_client [req-4b88b74f-5229-4e03-ba95-9e6750a6057d req-4b88b74f-5229-4e03-ba95-9e6750a6057d ] Request (DeleteServersAdminTestJSON:test_delete_server_while_in_error_state): 200 GET http://10.180.1.21/compute/v2.1/servers/13ec57c7-56f5-40c6-ab32-aac0fd67c9b1 0.289s
2025-04-14 13:59:50.148 69980 INFO tempest.lib.common.rest_client [req-2fb6042f-9d36-46e8-9769-abd2f3dc3c83 req-2fb6042f-9d36-46e8-9769-abd2f3dc3c83 ] Request (ImagesTestJSON:test_create_image_from_suspended_server): 200 GET http://10.180.1.21/compute/v2.1/servers/e1db078f-b047-4e92-9b28-109607d988a4 0.136s
2025-04-14 13:59:50.175 69974 INFO tempest.lib.common.rest_client [req-80e89f5e-906e-49a7-a94d-7ef480852c9c req-80e89f5e-906e-49a7-a94d-7ef480852c9c ] Request (ServersV294TestFqdnHostnames:tearDownClass): 200 GET http://10.180.1.21/compute/v2.1/servers/1178a341-cc87-48f9-b274-f0a1ab0c01fc 0.159s
2025-04-14 13:59:50.226 69966 INFO tempest.lib.common.rest_client [req-683c9cb8-dc70-4eff-8df7-810f0982439e req-683c9cb8-dc70-4eff-8df7-810f0982439e ] Request (ListServerFiltersTestJSON:tearDownClass): 200 GET http://10.180.1.21/compute/v2.1/servers/bc90201c-8900-4821-9839-9d5e35c48ac5 0.137s
2025-04-14 13:59:50.468 69978 INFO tempest.lib.common.rest_client [req-3073b5be-d4e3-49be-bffe-cdc77ef65a80 req-3073b5be-d4e3-49be-bffe-cdc77ef65a80 ] Request (ServerGroupTestJSON:_run_cleanups): 200 GET http://10.180.1.21/compute/v2.1/servers/2e020eec-2d4f-41b8-b31d-3add0744d592 0.070s
2025-04-14 13:59:50.510 69954 INFO tempest.lib.common.rest_client [req-176270de-3075-4e80-bc4e-bd1634f5b14a req-176270de-3075-4e80-bc4e-bd1634f5b14a ] Request (AttachInterfacesUnderV243Test:test_add_remove_fixed_ip): 200 GET http://10.180.1.21/compute/v2.1/servers/df4f5b07-b088-4c1f-9a13-7812115eeaf0 0.059s
2025-04-14 13:59:50.555 69956 INFO tempest.lib.common.rest_client [req-19d87957-2506-4dc6-9538-f16a6891c41b req-19d87957-2506-4dc6-9538-f16a6891c41b ] Request (ServersAdminTestJSON:test_inject_network_info): 200 GET http://10.180.1.21/compute/v2.1/servers/3c85ee38-7f0c-48db-8bc7-cd3d17eb5f02 0.058s
2025-04-14 13:59:50.560 69962 INFO tempest.lib.common.rest_client [req-05398075-20cd-47f9-af10-95749c80bae0 req-05398075-20cd-47f9-af10-95749c80bae0 ] Request (ServerRescueTestJSONUnderV235:setUpClass): 200 GET http://10.180.1.21/compute/v2.1/servers/267ffd7d-ab93-4dda-b46a-1059b3f82f4f 0.053s
2025-04-14 13:59:50.622 69993 INFO tempest.lib.common.rest_client [req-6f981285-e5df-458b-a1ea-fb842b6ea4ae req-6f981285-e5df-458b-a1ea-fb842b6ea4ae ] Request (ServerMetadataNegativeTestJSON:tearDownClass): 200 GET http://10.180.1.21/compute/v2.1/servers/20fa95e4-e66f-4310-81bf-beb9a42968dc 0.056s
2025-04-14 13:59:50.627 69970 INFO tempest.lib.common.rest_client [req-ce9e026c-b476-41cd-848d-78d064e94c4d req-ce9e026c-b476-41cd-848d-78d064e94c4d ] Request (SecurityGroupsTestJSON:test_server_security_groups): 200 GET http://10.180.1.21/compute/v2.1/servers/41c0824b-2186-49fe-bcfd-82c031bf4810 0.050s
2025-04-14 13:59:50.698 69934 INFO tempest.lib.common.rest_client [req-bd176f0a-3c0c-4f77-9d43-860490688941 req-bd176f0a-3c0c-4f77-9d43-860490688941 ] Request (ServersAdminNegativeTestJSON:setUpClass): 200 GET http://10.180.1.21/compute/v2.1/servers/83459ab7-4522-4d02-8ef3-80a3eb14dde5 0.050s
2025-04-14 13:59:50.784 69942 INFO tempest.lib.common.rest_client [req-07b144ea-d9e3-4102-8ba5-3ae92682d762 req-07b144ea-d9e3-4102-8ba5-3ae92682d762 ] Request (FloatingIPsAssociationTestJSON:tearDownClass): 200 GET http://10.180.1.21/compute/v2.1/servers/f7fdfec2-ad0d-42f4-bff8-99f164ce18a3 0.066s
2025-04-14 13:59:50.837 69972 INFO tempest.lib.common.rest_client [req-5fcd2370-a028-4b03-95f5-acee9dc325dd req-5fcd2370-a028-4b03-95f5-acee9dc325dd ] Request (ServersNegativeTestJSON:setUpClass): 200 GET http://10.180.1.21/compute/v2.1/servers/71e0d53c-ff3f-4a77-aa25-2a07e64500a7 0.055s
2025-04-14 13:59:50.852 69988 INFO tempest.lib.common.rest_client [req-8a41a9f3-eeed-4238-b4ee-c2b78e312703 req-8a41a9f3-eeed-4238-b4ee-c2b78e312703 ] Request (ServersTestFqdnHostnames:test_create_server_with_fqdn_name): 200 GET http://10.180.1.21/compute/v2.1/servers/3d07cf05-d08d-409f-9bbd-b7ff213e29ff 0.133s
2025-04-14 13:59:50.860 69988 INFO tempest.common.waiters [-] State transition "BUILD/spawning" ==> "ACTIVE/None" after 77 second wait
2025-04-14 13:59:50.904 69990 INFO tempest.lib.common.rest_client [req-655245f1-3f38-4e33-92dd-392eb4bdd490 req-655245f1-3f38-4e33-92dd-392eb4bdd490 ] Request (ServerDiagnosticsV248Test:tearDownClass): 200 GET http://10.180.1.21/compute/v2.1/servers/eed1c412-ccce-4168-bce7-3e7101901b7f 0.116s
2025-04-14 13:59:50.911 69946 INFO tempest.lib.common.rest_client [req-583cfb01-2e58-412c-83ae-660250241635 req-583cfb01-2e58-412c-83ae-660250241635 ] Request (ServerShowV257Test:test_rebuild_server): 200 GET http://10.180.1.21/compute/v2.1/servers/670d9426-6edb-4dfd-9953-1f10f89ebfc6 0.076s
2025-04-14 13:59:50.973 69932 INFO tempest.lib.common.rest_client [req-59fbf5ea-5ddb-4c9b-a5e1-86b6a3e63df4 req-59fbf5ea-5ddb-4c9b-a5e1-86b6a3e63df4 ] Request (FloatingIPsAssociationNegativeTestJSON:tearDownClass): 200 GET http://10.180.1.21/compute/v2.1/servers/00d02bd2-f8fa-415c-9a6f-c58b9af0be63 0.126s
2025-04-14 13:59:50.982 69988 INFO tempest.lib.common.rest_client [req-8b3c01a6-60c0-469f-8c0a-11a6a2214482 req-8b3c01a6-60c0-469f-8c0a-11a6a2214482 ] Request (ServersTestFqdnHostnames:test_create_server_with_fqdn_name): 200 GET http://10.180.1.21/compute/v2.1/servers/3d07cf05-d08d-409f-9bbd-b7ff213e29ff/os-interface 0.122s
2025-04-14 13:59:51.050 69968 INFO tempest.lib.common.rest_client [req-6243ad0f-a1a6-4c7d-a72a-65079f041f7b req-6243ad0f-a1a6-4c7d-a72a-65079f041f7b ] Request (ListImageFiltersTestJSON:setUpClass): 200 GET http://10.180.1.21/compute/v2.1/servers/8a331293-ee7f-4faa-a316-56aec9296894 0.167s
2025-04-14 13:59:51.061 69968 INFO tempest.common.waiters [-] State transition "BUILD/None" ==> "BUILD/networking" after 72 second wait
2025-04-14 13:59:51.070 69930 INFO tempest.lib.common.rest_client [req-5ed7e870-67c5-414c-bb1e-9cc6a22b632c req-5ed7e870-67c5-414c-bb1e-9cc6a22b632c ] Request (ServerRescueNegativeTestJSON:test_rescued_vm_detach_volume): 200 GET http://10.180.1.21/compute/v2.1/servers/b2c6c4bb-86f8-4e8f-b83d-a77d00447ff2 0.173s
2025-04-14 13:59:51.103 69940 INFO tempest.lib.common.rest_client [req-ef7658ad-bc9d-454b-952f-41eef1e723c3 req-ef7658ad-bc9d-454b-952f-41eef1e723c3 ] Request (ImagesOneServerTestJSON:test_create_image_specify_multibyte_character_image_name): 200 GET http://10.180.1.21/compute/v2.1/images/08709209-6f20-4dc2-96ca-3426e5572935 0.183s
2025-04-14 13:59:51.107 69952 INFO paramiko.transport [-] Connected (version 2.0, client dropbear_2020.81)
2025-04-14 13:59:51.164 69958 INFO tempest.lib.common.rest_client [req-4f77938d-29ca-4f10-b464-e7eb3f77bb57 req-4f77938d-29ca-4f10-b464-e7eb3f77bb57 ] Request (DeleteServersTestJSON:test_delete_active_server): 200 GET http://10.180.1.21/compute/v2.1/servers/ff22c9d2-3cfe-48ed-b3f5-c0cfe68812c2 0.216s
2025-04-14 13:59:51.167 69952 INFO paramiko.transport [-] Authentication (publickey) successful!
2025-04-14 13:59:51.170 69952 INFO tempest.lib.common.ssh [-] ssh connection to cirros@10.180.180.242 successfully created
2025-04-14 13:59:51.171 69982 INFO tempest.lib.common.rest_client [req-7d19f97d-7aed-4fb8-9cf7-0c728a6d1b96 req-7d19f97d-7aed-4fb8-9cf7-0c728a6d1b96 ] Request (ServersTestManualDisk:setUpClass): 200 GET http://10.180.1.21/compute/v2.1/servers/42aba8f8-9657-437f-b305-13239f26fac2 0.163s
2025-04-14 13:59:51.262 69976 INFO tempest.lib.common.rest_client [req-338cc139-7786-4108-a8ae-7f5a40ab16df req-338cc139-7786-4108-a8ae-7f5a40ab16df ] Request (DeleteServersAdminTestJSON:test_delete_server_while_in_error_state): 200 GET http://10.180.1.21/compute/v2.1/servers/13ec57c7-56f5-40c6-ab32-aac0fd67c9b1 0.184s
2025-04-14 13:59:51.267 69944 INFO tempest.lib.common.rest_client [req-3763192f-1752-438b-8a75-3ae1eefed555 req-3763192f-1752-438b-8a75-3ae1eefed555 ] Request (ServersListShow296Test:tearDownClass): 200 GET http://10.180.1.21/compute/v2.1/servers/997781de-b20c-4004-8374-deef83d9de6b 0.239s
2025-04-14 13:59:51.333 69952 INFO tempest.lib.common.rest_client [req-d586a9e3-cf6d-4605-91aa-ea99488c6b9d req-d586a9e3-cf6d-4605-91aa-ea99488c6b9d ] Request (ServersTestJSON:test_list_servers): 200 GET http://10.180.1.21/compute/v2.1/servers 0.154s
2025-04-14 13:59:51.415 69974 INFO tempest.lib.common.rest_client [req-aeaed2ec-269e-4d14-845b-ec786783edd0 req-aeaed2ec-269e-4d14-845b-ec786783edd0 ] Request (ServersV294TestFqdnHostnames:tearDownClass): 200 GET http://10.180.1.21/compute/v2.1/servers/1178a341-cc87-48f9-b274-f0a1ab0c01fc 0.224s
2025-04-14 13:59:51.465 69980 INFO tempest.lib.common.rest_client [req-db99efb2-a205-4086-8148-e803bfc28f25 req-db99efb2-a205-4086-8148-e803bfc28f25 ] Request (ImagesTestJSON:test_create_image_from_suspended_server): 200 GET http://10.180.1.21/compute/v2.1/servers/e1db078f-b047-4e92-9b28-109607d988a4 0.309s
2025-04-14 13:59:51.486 69966 INFO tempest.lib.common.rest_client [req-2220e4ac-70b0-40a9-b9a1-2574605eb402 req-2220e4ac-70b0-40a9-b9a1-2574605eb402 ] Request (ListServerFiltersTestJSON:tearDownClass): 200 GET http://10.180.1.21/compute/v2.1/servers/bc90201c-8900-4821-9839-9d5e35c48ac5 0.250s
2025-04-14 13:59:51.555 69978 INFO tempest.lib.common.rest_client [req-2d02c0fd-b9db-497e-8e58-c4285f9e52c1 req-2d02c0fd-b9db-497e-8e58-c4285f9e52c1 ] Request (ServerGroupTestJSON:_run_cleanups): 200 GET http://10.180.1.21/compute/v2.1/servers/2e020eec-2d4f-41b8-b31d-3add0744d592 0.078s
2025-04-14 13:59:51.629 69954 INFO tempest.lib.common.rest_client [req-6c70793a-d899-42b5-8616-3f98345cc84f req-6c70793a-d899-42b5-8616-3f98345cc84f ] Request (AttachInterfacesUnderV243Test:test_add_remove_fixed_ip): 200 GET http://10.180.1.21/compute/v2.1/servers/df4f5b07-b088-4c1f-9a13-7812115eeaf0 0.107s
2025-04-14 13:59:51.699 69956 INFO tempest.lib.common.rest_client [req-c3dbb13c-b38f-41fd-bdf7-96d8b4f5e3ea req-c3dbb13c-b38f-41fd-bdf7-96d8b4f5e3ea ] Request (ServersAdminTestJSON:test_inject_network_info): 200 GET http://10.180.1.21/compute/v2.1/servers/3c85ee38-7f0c-48db-8bc7-cd3d17eb5f02 0.136s
2025-04-14 13:59:51.715 69988 INFO tempest.lib.common.rest_client [req-c9a1671a-6364-4792-9290-d16f449e2dde req-c9a1671a-6364-4792-9290-d16f449e2dde ] Request (ServersTestFqdnHostnames:test_create_server_with_fqdn_name): 200 PUT http://10.180.1.21:9696/networking/v2.0/floatingips/ab4cdd7c-7f19-45f4-8cd4-085b90e5aded 0.728s
2025-04-14 13:59:51.717 69988 INFO tempest.lib.common.ssh [-] Creating ssh connection to '10.180.180.153:22' as 'cirros' with public key authentication
2025-04-14 13:59:51.758 69962 INFO tempest.lib.common.rest_client [req-3560cdcc-e6bd-4634-a3b8-60b52d88713c req-3560cdcc-e6bd-4634-a3b8-60b52d88713c ] Request (ServerRescueTestJSONUnderV235:setUpClass): 200 GET http://10.180.1.21/compute/v2.1/servers/267ffd7d-ab93-4dda-b46a-1059b3f82f4f 0.190s
2025-04-14 13:59:51.761 69952 INFO tempest.lib.common.rest_client [req-97f394da-a4bb-4b25-b245-cd8af9ac9c1e req-97f394da-a4bb-4b25-b245-cd8af9ac9c1e ] Request (ServersTestJSON:test_list_servers_with_detail): 200 GET http://10.180.1.21/compute/v2.1/servers/detail 0.421s
2025-04-14 13:59:51.811 69993 INFO tempest.lib.common.rest_client [req-6df07068-f8d5-4469-819c-cd65e7ece790 req-6df07068-f8d5-4469-819c-cd65e7ece790 ] Request (ServerMetadataNegativeTestJSON:tearDownClass): 200 GET http://10.180.1.21/compute/v2.1/servers/20fa95e4-e66f-4310-81bf-beb9a42968dc 0.181s
2025-04-14 13:59:51.821 69970 INFO tempest.lib.common.rest_client [req-f7d48dd4-6bad-4508-9740-f04164297946 req-f7d48dd4-6bad-4508-9740-f04164297946 ] Request (SecurityGroupsTestJSON:test_server_security_groups): 200 GET http://10.180.1.21/compute/v2.1/servers/41c0824b-2186-49fe-bcfd-82c031bf4810 0.185s
2025-04-14 13:59:51.835 69952 INFO tempest.lib.common.rest_client [req-39342cbe-efe2-4d5d-b5e4-e3ac3cd60380 req-39342cbe-efe2-4d5d-b5e4-e3ac3cd60380 ] Request (ServersTestJSON:test_verify_created_server_vcpus): 200 GET http://10.180.1.21/compute/v2.1/flavors/42 0.057s
2025-04-14 13:59:51.838 69952 INFO tempest.lib.common.ssh [-] Creating ssh connection to '10.180.180.242:22' as 'cirros' with public key authentication
2025-04-14 13:59:51.840 69952 INFO paramiko.transport [-] Connected (version 2.0, client dropbear_2020.81)
2025-04-14 13:59:51.859 69934 INFO tempest.lib.common.rest_client [req-c853db4d-541c-431c-b165-f7a76f3bf2f7 req-c853db4d-541c-431c-b165-f7a76f3bf2f7 ] Request (ServersAdminNegativeTestJSON:setUpClass): 200 GET http://10.180.1.21/compute/v2.1/servers/83459ab7-4522-4d02-8ef3-80a3eb14dde5 0.152s
2025-04-14 13:59:51.890 69942 INFO tempest.lib.common.rest_client [req-fb896029-f5a1-479a-9fbd-217dc4606d94 req-fb896029-f5a1-479a-9fbd-217dc4606d94 ] Request (FloatingIPsAssociationTestJSON:tearDownClass): 200 GET http://10.180.1.21/compute/v2.1/servers/f7fdfec2-ad0d-42f4-bff8-99f164ce18a3 0.098s
2025-04-14 13:59:51.901 69972 INFO tempest.lib.common.rest_client [req-a0712c54-236d-4b77-a8e6-aa4e641175ee req-a0712c54-236d-4b77-a8e6-aa4e641175ee ] Request (ServersNegativeTestJSON:setUpClass): 200 GET http://10.180.1.21/compute/v2.1/servers/71e0d53c-ff3f-4a77-aa25-2a07e64500a7 0.055s
2025-04-14 13:59:51.946 69952 INFO paramiko.transport [-] Authentication (publickey) successful!
2025-04-14 13:59:51.946 69952 INFO tempest.lib.common.ssh [-] ssh connection to cirros@10.180.180.242 successfully created
2025-04-14 13:59:51.978 69946 INFO tempest.lib.common.rest_client [req-adb20785-2c8e-4613-9075-25c689d259ae req-adb20785-2c8e-4613-9075-25c689d259ae ] Request (ServerShowV257Test:test_rebuild_server): 200 GET http://10.180.1.21/compute/v2.1/servers/670d9426-6edb-4dfd-9953-1f10f89ebfc6 0.058s
2025-04-14 13:59:51.981 69990 INFO tempest.lib.common.rest_client [req-9c3115c6-5ff8-4c73-884e-02eb11678da2 req-9c3115c6-5ff8-4c73-884e-02eb11678da2 ] Request (ServerDiagnosticsV248Test:tearDownClass): 200 GET http://10.180.1.21/compute/v2.1/servers/eed1c412-ccce-4168-bce7-3e7101901b7f 0.066s
2025-04-14 13:59:51.988 69946 INFO tempest.common.waiters [-] State transition "BUILD/scheduling" ==> "BUILD/None" after 32 second wait
2025-04-14 13:59:52.037 69932 INFO tempest.lib.common.rest_client [req-487f47a5-f628-44ef-bddf-c674b2d85ae8 req-487f47a5-f628-44ef-bddf-c674b2d85ae8 ] Request (FloatingIPsAssociationNegativeTestJSON:tearDownClass): 200 GET http://10.180.1.21/compute/v2.1/servers/00d02bd2-f8fa-415c-9a6f-c58b9af0be63 0.055s
2025-04-14 13:59:52.056 69952 INFO tempest.lib.common.rest_client [req-26d99e78-24bd-4aa1-ab21-ca474354f15c req-26d99e78-24bd-4aa1-ab21-ca474354f15c ] Request (ServersTestJSON:tearDownClass): 204 DELETE http://10.180.1.21/compute/v2.1/servers/494cdc5d-27c6-4a1c-8089-4b2a4dd08566 0.102s
2025-04-14 13:59:52.171 69952 INFO tempest.lib.common.rest_client [req-f5239f8c-515c-41e7-8556-d014c3002f3c req-f5239f8c-515c-41e7-8556-d014c3002f3c ] Request (ServersTestJSON:tearDownClass): 200 GET http://10.180.1.21/compute/v2.1/servers/494cdc5d-27c6-4a1c-8089-4b2a4dd08566 0.115s
2025-04-14 13:59:52.206 69968 INFO tempest.lib.common.rest_client [req-e428265d-ff3f-4814-bcca-42f4be2ed3c1 req-e428265d-ff3f-4814-bcca-42f4be2ed3c1 ] Request (ListImageFiltersTestJSON:setUpClass): 200 GET http://10.180.1.21/compute/v2.1/servers/8a331293-ee7f-4faa-a316-56aec9296894 0.144s
2025-04-14 13:59:52.213 69968 INFO tempest.common.waiters [-] State transition "BUILD/networking" ==> "BUILD/spawning" after 73 second wait
2025-04-14 13:59:52.222 69930 INFO tempest.lib.common.rest_client [req-e1a34524-9965-4964-b23e-cf6d3daa3f07 req-e1a34524-9965-4964-b23e-cf6d3daa3f07 ] Request (ServerRescueNegativeTestJSON:test_rescued_vm_detach_volume): 200 GET http://10.180.1.21/compute/v2.1/servers/b2c6c4bb-86f8-4e8f-b83d-a77d00447ff2 0.139s
2025-04-14 13:59:52.246 69940 INFO tempest.lib.common.rest_client [req-375b5ceb-d5a0-43fe-b18b-90ed8c822b49 req-375b5ceb-d5a0-43fe-b18b-90ed8c822b49 ] Request (ImagesOneServerTestJSON:test_create_image_specify_multibyte_character_image_name): 200 GET http://10.180.1.21/compute/v2.1/images/08709209-6f20-4dc2-96ca-3426e5572935 0.139s
2025-04-14 13:59:52.306 69958 INFO tempest.lib.common.rest_client [req-0f5f7f8a-1a20-4077-888c-49c4da772000 req-0f5f7f8a-1a20-4077-888c-49c4da772000 ] Request (DeleteServersTestJSON:test_delete_active_server): 200 GET http://10.180.1.21/compute/v2.1/servers/ff22c9d2-3cfe-48ed-b3f5-c0cfe68812c2 0.131s
2025-04-14 13:59:52.313 69982 INFO tempest.lib.common.rest_client [req-0214d3fc-50d2-4cc0-a177-ed491a7be48b req-0214d3fc-50d2-4cc0-a177-ed491a7be48b ] Request (ServersTestManualDisk:setUpClass): 200 GET http://10.180.1.21/compute/v2.1/servers/42aba8f8-9657-437f-b305-13239f26fac2 0.132s
2025-04-14 13:59:52.376 69976 INFO tempest.lib.common.rest_client [req-a689c621-6fa8-4e46-85d1-0ace061accf3 req-a689c621-6fa8-4e46-85d1-0ace061accf3 ] Request (DeleteServersAdminTestJSON:test_delete_server_while_in_error_state): 200 GET http://10.180.1.21/compute/v2.1/servers/13ec57c7-56f5-40c6-ab32-aac0fd67c9b1 0.104s
2025-04-14 13:59:52.400 69944 INFO tempest.lib.common.rest_client [req-5f8cff8c-e6d5-45a3-9c39-fe61e23642f5 req-5f8cff8c-e6d5-45a3-9c39-fe61e23642f5 ] Request (ServersListShow296Test:tearDownClass): 200 GET http://10.180.1.21/compute/v2.1/servers/997781de-b20c-4004-8374-deef83d9de6b 0.113s
2025-04-14 13:59:52.490 69974 INFO tempest.lib.common.rest_client [req-4b72f896-0ecb-4cfa-a305-7b4c505ef2eb req-4b72f896-0ecb-4cfa-a305-7b4c505ef2eb ] Request (ServersV294TestFqdnHostnames:tearDownClass): 200 GET http://10.180.1.21/compute/v2.1/servers/1178a341-cc87-48f9-b274-f0a1ab0c01fc 0.062s
2025-04-14 13:59:52.500 69974 INFO tempest.common.waiters [-] State transition "ACTIVE/deleting" ==> "DELETED/None" after 5 second wait
2025-04-14 13:59:52.553 69966 INFO tempest.lib.common.rest_client [req-c1801444-7242-4321-8d78-045cf9410af7 req-c1801444-7242-4321-8d78-045cf9410af7 ] Request (ListServerFiltersTestJSON:tearDownClass): 200 GET http://10.180.1.21/compute/v2.1/servers/bc90201c-8900-4821-9839-9d5e35c48ac5 0.058s
2025-04-14 13:59:52.569 69980 INFO tempest.lib.common.rest_client [req-bb967c93-26be-40ec-a996-9fb0089f324d req-bb967c93-26be-40ec-a996-9fb0089f324d ] Request (ImagesTestJSON:test_create_image_from_suspended_server): 200 GET http://10.180.1.21/compute/v2.1/servers/e1db078f-b047-4e92-9b28-109607d988a4 0.095s
2025-04-14 13:59:52.616 69978 INFO tempest.lib.common.rest_client [req-fedc5dea-1d04-4d1f-b31e-5b3a07361fb6 req-fedc5dea-1d04-4d1f-b31e-5b3a07361fb6 ] Request (ServerGroupTestJSON:_run_cleanups): 200 GET http://10.180.1.21/compute/v2.1/servers/2e020eec-2d4f-41b8-b31d-3add0744d592 0.054s
2025-04-14 13:59:52.686 69954 INFO tempest.lib.common.rest_client [req-e2501f02-f77e-4022-b1da-181d4e316207 req-e2501f02-f77e-4022-b1da-181d4e316207 ] Request (AttachInterfacesUnderV243Test:test_add_remove_fixed_ip): 200 GET http://10.180.1.21/compute/v2.1/servers/df4f5b07-b088-4c1f-9a13-7812115eeaf0 0.045s
