2025-04-14 13:59:27.612 69962 INFO tempest.lib.common.dynamic_creds [-] Acquired dynamic creds: credentials: Credentials: {'domain_id': 'default', 'domain_name': 'Default', 'username': 'tempest-ServerRescueTestJSONUnderV235-2099362716-project-member', 'project_domain_id': 'default', 'project_domain_name': 'Default', 'project_id': 'b67035ef2f3e49e5ae598086bf6e36fa', 'project_name': 'tempest-ServerRescueTestJSONUnderV235-2099362716', 'tenant_id': 'b67035ef2f3e49e5ae598086bf6e36fa', 'tenant_name': 'tempest-ServerRescueTestJSONUnderV235-2099362716', 'user_domain_id': 'default', 'user_domain_name': 'Default', 'user_id': '217d3a3b6379486bbe730d3697c297be', 'system': None}, Network: None, Subnet: None, Router: None
2025-04-14 13:59:27.664 69976 INFO tempest.lib.common.rest_client [req-37ee67f9-f8c0-4bad-bd59-6cf339d9312d req-37ee67f9-f8c0-4bad-bd59-6cf339d9312d ] Request (DeleteServersAdminTestJSON:test_delete_server_while_in_error_state): 200 GET http://10.180.1.21/compute/v2.1/servers/13ec57c7-56f5-40c6-ab32-aac0fd67c9b1 0.183s
2025-04-14 13:59:27.668 69962 INFO tempest.lib.common.rest_client [req-45eefaea-39ad-4435-96d7-37e5b95edc5b req-45eefaea-39ad-4435-96d7-37e5b95edc5b ] Request (ServerRescueTestJSONUnderV235:setUpClass): 201 POST http://10.180.1.21/identity/v3/auth/tokens 0.056s
2025-04-14 13:59:27.684 69978 INFO tempest.lib.common.rest_client [req-b4461720-cc4e-4e8b-88bc-bb41c4fa97d0 req-b4461720-cc4e-4e8b-88bc-bb41c4fa97d0 ] Request (ServerGroupTestJSON:_run_cleanups): 200 GET http://10.180.1.21/compute/v2.1/servers/2e020eec-2d4f-41b8-b31d-3add0744d592 0.237s
2025-04-14 13:59:27.714 69980 INFO tempest.lib.common.rest_client [req-e7978e82-5fc0-477e-89db-d1e76166074c req-e7978e82-5fc0-477e-89db-d1e76166074c ] Request (ImagesTestJSON:test_create_image_from_suspended_server): 200 GET http://10.180.1.21/compute/v2.1/servers/e1db078f-b047-4e92-9b28-109607d988a4 0.207s
2025-04-14 13:59:27.744 69993 INFO tempest.lib.common.rest_client [req-42f3b87d-6e36-4b8b-abf1-d6606b275062 req-42f3b87d-6e36-4b8b-abf1-d6606b275062 ] Request (ServerMetadataNegativeTestJSON:setUpClass): 200 GET http://10.180.1.21/compute/v2.1/servers/20fa95e4-e66f-4310-81bf-beb9a42968dc 0.215s
2025-04-14 13:59:27.784 69988 INFO tempest.lib.common.rest_client [req-f71218d2-6592-4be4-b562-425868e130d0 req-f71218d2-6592-4be4-b562-425868e130d0 ] Request (ServersTestFqdnHostnames:test_create_server_with_fqdn_name): 200 GET http://10.180.1.21/compute/v2.1/servers/3d07cf05-d08d-409f-9bbd-b7ff213e29ff 0.231s
2025-04-14 13:59:27.813 69966 INFO tempest.lib.common.rest_client [req-ea66a8fe-f746-48f9-b171-2d5d5835e7be req-ea66a8fe-f746-48f9-b171-2d5d5835e7be ] Request (ListServerFiltersTestJSON:tearDownClass): 200 GET http://10.180.1.21/compute/v2.1/servers/bc90201c-8900-4821-9839-9d5e35c48ac5 0.135s
2025-04-14 13:59:27.848 69956 INFO tempest.lib.common.rest_client [req-e13c5f66-d79d-473f-a38b-b97dc68ab281 req-e13c5f66-d79d-473f-a38b-b97dc68ab281 ] Request (ServersAdminTestJSON:test_inject_network_info): 200 GET http://10.180.1.21/compute/v2.1/servers/3c85ee38-7f0c-48db-8bc7-cd3d17eb5f02 0.104s
2025-04-14 13:59:27.867 69982 INFO tempest.lib.common.rest_client [req-01bd971d-ea4c-4c16-8ee2-e4a5fd897de7 req-01bd971d-ea4c-4c16-8ee2-e4a5fd897de7 ] Request (ServersTestManualDisk:setUpClass): 201 POST http://10.180.1.21:9696/networking/v2.0/routers 0.658s
2025-04-14 13:59:27.973 69940 INFO tempest.lib.common.rest_client [req-a685ffa0-c00d-4a84-b3d1-9afe912f623f req-a685ffa0-c00d-4a84-b3d1-9afe912f623f ] Request (ImagesOneServerTestJSON:setUpClass): 200 GET http://10.180.1.21/compute/v2.1/servers/d9e3bd67-974c-477a-baa2-99549051a828 0.204s
2025-04-14 13:59:28.061 69954 INFO tempest.lib.common.rest_client [req-0d2a5258-2e3d-4eab-8cc0-fe7fd7aadccc req-0d2a5258-2e3d-4eab-8cc0-fe7fd7aadccc ] Request (AttachInterfacesUnderV243Test:test_add_remove_fixed_ip): 200 GET http://10.180.1.21/compute/v2.1/servers/df4f5b07-b088-4c1f-9a13-7812115eeaf0 0.069s
2025-04-14 13:59:28.102 69962 INFO tempest.lib.common.rest_client [req-d6e0bcbf-50b5-434c-8e7e-6f5f095add0c req-d6e0bcbf-50b5-434c-8e7e-6f5f095add0c ] Request (ServerRescueTestJSONUnderV235:setUpClass): 201 POST http://10.180.1.21:9696/networking/v2.0/networks 0.433s
2025-04-14 13:59:28.108 69974 WARNING tempest.lib.common.ssh [-] Failed to establish authenticated ssh connection to cirros@10.180.180.206 ([Errno None] Unable to connect to port 22 on 10.180.180.206). Number attempts: 7. Retry after 8 seconds.: paramiko.ssh_exception.NoValidConnectionsError: [Errno None] Unable to connect to port 22 on 10.180.180.206
2025-04-14 13:59:28.185 69990 INFO tempest.lib.common.rest_client [req-606b8fe3-d0fd-43db-a831-4287c3c03fec req-606b8fe3-d0fd-43db-a831-4287c3c03fec ] Request (ServerDiagnosticsV248Test:tearDownClass): 200 GET http://10.180.1.21/compute/v2.1/servers/eed1c412-ccce-4168-bce7-3e7101901b7f 0.070s
2025-04-14 13:59:28.296 69972 INFO tempest.lib.common.rest_client [req-fbd80d96-4761-492e-9371-1e9012fbf2c2 req-fbd80d96-4761-492e-9371-1e9012fbf2c2 ] Request (ServersListShow2100Test:tearDownClass): 200 GET http://10.180.1.21/compute/v2.1/servers/f2b492f9-2517-4ee7-b4e7-c6c3bb912e49 0.086s
2025-04-14 13:59:28.325 69970 INFO tempest.lib.common.rest_client [req-d05ea9e0-a25b-43e7-8fef-289ad4149a0e req-d05ea9e0-a25b-43e7-8fef-289ad4149a0e ] Request (SecurityGroupsTestJSON:test_server_security_groups): 200 GET http://10.180.1.21/compute/v2.1/servers/41c0824b-2186-49fe-bcfd-82c031bf4810 0.068s
2025-04-14 13:59:28.355 69962 INFO tempest.lib.common.rest_client [req-b4d13685-7de2-443d-9d41-3691409b36b0 req-b4d13685-7de2-443d-9d41-3691409b36b0 ] Request (ServerRescueTestJSONUnderV235:setUpClass): 201 POST http://10.180.1.21:9696/networking/v2.0/subnets 0.252s
2025-04-14 13:59:28.362 69932 INFO tempest.lib.common.rest_client [req-6dc7c75a-31c9-4608-8ec4-6b1bc432a852 req-6dc7c75a-31c9-4608-8ec4-6b1bc432a852 ] Request (FloatingIPsAssociationNegativeTestJSON:tearDownClass): 200 GET http://10.180.1.21/compute/v2.1/servers/00d02bd2-f8fa-415c-9a6f-c58b9af0be63 0.089s
2025-04-14 13:59:28.392 69934 INFO tempest.lib.common.rest_client [req-b5b0eead-b370-4409-9149-6b151cca21ef req-b5b0eead-b370-4409-9149-6b151cca21ef ] Request (ServersAdminNegativeTestJSON:setUpClass): 200 GET http://10.180.1.21/compute/v2.1/servers/83459ab7-4522-4d02-8ef3-80a3eb14dde5 0.069s
2025-04-14 13:59:28.458 69936 INFO tempest.lib.common.rest_client [req-2db0a270-00bd-4a2a-a79a-8ce834ab6296 req-2db0a270-00bd-4a2a-a79a-8ce834ab6296 ] Request (ServerActionsTestOtherB:setUpClass): 200 GET http://10.180.1.21/compute/v2.1/servers/fa7f8ff7-658a-46d0-a6dc-232614af850d 0.073s
2025-04-14 13:59:28.518 69946 INFO tempest.lib.common.rest_client [req-73d87485-58cd-4d8e-972d-e0f8f09effa9 req-73d87485-58cd-4d8e-972d-e0f8f09effa9 ] Request (ServerShowV257Test:test_rebuild_server): 200 GET http://10.180.1.21/compute/v2.1/servers/670d9426-6edb-4dfd-9953-1f10f89ebfc6 0.065s
2025-04-14 13:59:28.528 69948 INFO tempest.lib.common.rest_client [req-6392721e-81ef-4ca1-8c3a-9a3d72c171bb req-6392721e-81ef-4ca1-8c3a-9a3d72c171bb ] Request (ServerActionsTestJSON:setUpClass): 200 GET http://10.180.1.21/compute/v2.1/servers/9ee7dbf3-c86a-4cd8-ad1e-ca92cb90164d 0.159s
2025-04-14 13:59:28.535 69948 INFO tempest.common.waiters [-] State transition "BUILD/networking" ==> "BUILD/block_device_mapping" after 66 second wait
2025-04-14 13:59:28.590 69968 INFO tempest.lib.common.rest_client [req-f80f4287-88ca-45ef-abaa-25c97c438044 req-f80f4287-88ca-45ef-abaa-25c97c438044 ] Request (ListImageFiltersTestJSON:setUpClass): 200 GET http://10.180.1.21/compute/v2.1/servers/8a331293-ee7f-4faa-a316-56aec9296894 0.079s
2025-04-14 13:59:28.603 69944 INFO tempest.lib.common.rest_client [req-c06d2fd0-9f07-4746-8585-9dae35983442 req-c06d2fd0-9f07-4746-8585-9dae35983442 ] Request (ServersListShow296Test:tearDownClass): 200 GET http://10.180.1.21/compute/v2.1/servers/997781de-b20c-4004-8374-deef83d9de6b 0.082s
2025-04-14 13:59:28.656 69930 INFO tempest.lib.common.rest_client [req-2c6464ed-6151-4f88-8720-b9829b24adf9 req-2c6464ed-6151-4f88-8720-b9829b24adf9 ] Request (ServerRescueNegativeTestJSON:test_rescued_vm_detach_volume): 200 GET http://10.180.1.21/compute/v2.1/servers/b2c6c4bb-86f8-4e8f-b83d-a77d00447ff2 0.086s
2025-04-14 13:59:28.674 69942 INFO tempest.lib.common.rest_client [req-5f411d47-6c15-4845-aa43-5b97ea8470d0 req-5f411d47-6c15-4845-aa43-5b97ea8470d0 ] Request (FloatingIPsAssociationTestJSON:tearDownClass): 200 GET http://10.180.1.21/compute/v2.1/servers/e75fc999-a479-44b6-a715-1a76054d73c6 0.097s
2025-04-14 13:59:28.708 69958 INFO tempest.lib.common.rest_client [req-2a53de0b-3250-4d7d-a549-deaf42d08297 req-2a53de0b-3250-4d7d-a549-deaf42d08297 ] Request (DeleteServersTestJSON:test_delete_active_server): 200 GET http://10.180.1.21/compute/v2.1/servers/ff22c9d2-3cfe-48ed-b3f5-c0cfe68812c2 0.089s
2025-04-14 13:59:28.733 69976 INFO tempest.lib.common.rest_client [req-eab23b90-94db-4a47-8304-3f7cec69dadc req-eab23b90-94db-4a47-8304-3f7cec69dadc ] Request (DeleteServersAdminTestJSON:test_delete_server_while_in_error_state): 200 GET http://10.180.1.21/compute/v2.1/servers/13ec57c7-56f5-40c6-ab32-aac0fd67c9b1 0.058s
2025-04-14 13:59:28.815 69980 INFO tempest.lib.common.rest_client [req-052890f7-b0db-4e1a-83ef-f812c3ff1f8f req-052890f7-b0db-4e1a-83ef-f812c3ff1f8f ] Request (ImagesTestJSON:test_create_image_from_suspended_server): 200 GET http://10.180.1.21/compute/v2.1/servers/e1db078f-b047-4e92-9b28-109607d988a4 0.089s
2025-04-14 13:59:28.871 69978 INFO tempest.lib.common.rest_client [req-f154f980-70f9-4767-8865-232505fe9e0e req-f154f980-70f9-4767-8865-232505fe9e0e ] Request (ServerGroupTestJSON:_run_cleanups): 200 GET http://10.180.1.21/compute/v2.1/servers/2e020eec-2d4f-41b8-b31d-3add0744d592 0.179s
2025-04-14 13:59:28.873 69993 INFO tempest.lib.common.rest_client [req-8b36e382-9e4d-4d94-a4d0-0d0c7449e9f6 req-8b36e382-9e4d-4d94-a4d0-0d0c7449e9f6 ] Request (ServerMetadataNegativeTestJSON:setUpClass): 200 GET http://10.180.1.21/compute/v2.1/servers/20fa95e4-e66f-4310-81bf-beb9a42968dc 0.122s
2025-04-14 13:59:28.935 69966 INFO tempest.lib.common.rest_client [req-6e4283ab-41ec-4f45-9c66-32899bb9010b req-6e4283ab-41ec-4f45-9c66-32899bb9010b ] Request (ListServerFiltersTestJSON:tearDownClass): 200 GET http://10.180.1.21/compute/v2.1/servers/bc90201c-8900-4821-9839-9d5e35c48ac5 0.112s
2025-04-14 13:59:28.945 69988 INFO tempest.lib.common.rest_client [req-406c102a-3cb4-4056-9547-fd76e18496fa req-406c102a-3cb4-4056-9547-fd76e18496fa ] Request (ServersTestFqdnHostnames:test_create_server_with_fqdn_name): 200 GET http://10.180.1.21/compute/v2.1/servers/3d07cf05-d08d-409f-9bbd-b7ff213e29ff 0.151s
2025-04-14 13:59:28.999 69956 INFO tempest.lib.common.rest_client [req-e789d169-0894-48f9-9081-40bbe8506dcd req-e789d169-0894-48f9-9081-40bbe8506dcd ] Request (ServersAdminTestJSON:test_inject_network_info): 200 GET http://10.180.1.21/compute/v2.1/servers/3c85ee38-7f0c-48db-8bc7-cd3d17eb5f02 0.144s
2025-04-14 13:59:29.022 69982 INFO tempest.lib.common.rest_client [req-8d3996fe-82ff-483f-a219-7317888bdc97 req-8d3996fe-82ff-483f-a219-7317888bdc97 ] Request (ServersTestManualDisk:setUpClass): 200 PUT http://10.180.1.21:9696/networking/v2.0/routers/7a7ed325-42ae-49d6-a3c6-5b2affe9209c/add_router_interface 1.154s
2025-04-14 13:59:29.022 69982 INFO tempest.lib.common.dynamic_creds [-] Created isolated network resources for: credentials: Credentials: {'domain_id': 'default', 'domain_name': 'Default', 'username': 'tempest-ServersTestManualDisk-642376445-project-member', 'project_domain_id': 'default', 'project_domain_name': 'Default', 'project_id': '644a444b9fea48e2b547509885622d20', 'project_name': 'tempest-ServersTestManualDisk-642376445', 'tenant_id': '644a444b9fea48e2b547509885622d20', 'tenant_name': 'tempest-ServersTestManualDisk-642376445', 'user_domain_id': 'default', 'user_domain_name': 'Default', 'user_id': '8b34334d002c4d099a9af1b66de4fd0d', 'system': None}, Network: {'id': '03e1e463-c396-4f49-97bf-afd0c53466a1', 'name': 'tempest-ServersTestManualDisk-1248378033-network', 'tenant_id': '644a444b9fea48e2b547509885622d20', 'admin_state_up': True, 'mtu': 8950, 'status': 'ACTIVE', 'subnets': [], 'shared': False, 'project_id': '644a444b9fea48e2b547509885622d20', 'port_security_enabled': True, 'router:external': False, 'provider:network_type': 'vlan', 'provider:physical_network': 'default', 'provider:segmentation_id': 270, 'availability_zone_hints': [], 'availability_zones': [], 'ipv4_address_scope': None, 'ipv6_address_scope': None, 'description': '', 'tags': [], 'created_at': '2025-04-14T13:59:26Z', 'updated_at': '2025-04-14T13:59:26Z', 'revision_number': 1}, Subnet: {'id': 'cb2e319d-5934-4497-8d39-e3e3836ecbd5', 'name': 'tempest-ServersTestManualDisk-1248378033-subnet', 'tenant_id': '644a444b9fea48e2b547509885622d20', 'network_id': '03e1e463-c396-4f49-97bf-afd0c53466a1', 'ip_version': 4, 'subnetpool_id': None, 'enable_dhcp': True, 'ipv6_ra_mode': None, 'ipv6_address_mode': None, 'gateway_ip': '192.168.128.1', 'cidr': '192.168.128.0/28', 'allocation_pools': [{'start': '192.168.128.2', 'end': '192.168.128.14'}], 'host_routes': [], 'dns_nameservers': [], 'description': '', 'router:external': False, 'service_types': [], 'tags': [], 'created_at': '2025-04-14T13:59:26Z', 'updated_at': '2025-04-14T13:59:26Z', 'revision_number': 0, 'project_id': '644a444b9fea48e2b547509885622d20'}, Router: {'id': '7a7ed325-42ae-49d6-a3c6-5b2affe9209c', 'name': 'tempest-ServersTestManualDisk-1248378033-router', 'tenant_id': '644a444b9fea48e2b547509885622d20', 'admin_state_up': True, 'status': 'ACTIVE', 'external_gateway_info': {'network_id': '6c803797-41e6-4d7e-90e0-3a61aa85e14e', 'external_fixed_ips': [{'subnet_id': 'cc869099-ab74-4696-9ecd-7e150ef24fc7', 'ip_address': '10.180.180.141'}], 'enable_snat': True}, 'description': '', 'availability_zones': [], 'distributed': False, 'ha': False, 'availability_zone_hints': [], 'routes': [], 'flavor_id': None, 'tags': [], 'created_at': '2025-04-14T13:59:27Z', 'updated_at': '2025-04-14T13:59:27Z', 'revision_number': 2, 'project_id': '644a444b9fea48e2b547509885622d20'}
2025-04-14 13:59:29.096 69940 INFO tempest.lib.common.rest_client [req-bf0f4b84-5f7a-4b1d-bbf7-81d6006276d2 req-bf0f4b84-5f7a-4b1d-bbf7-81d6006276d2 ] Request (ImagesOneServerTestJSON:setUpClass): 200 GET http://10.180.1.21/compute/v2.1/servers/d9e3bd67-974c-477a-baa2-99549051a828 0.114s
2025-04-14 13:59:29.121 69982 INFO tempest.lib.common.rest_client [req-6b8a6587-f3e4-4b50-8550-74e36970058a req-6b8a6587-f3e4-4b50-8550-74e36970058a ] Request (ServersTestManualDisk:setUpClass): 201 POST http://10.180.1.21/identity/v3/auth/tokens 0.095s
2025-04-14 13:59:29.124 69954 INFO tempest.lib.common.rest_client [req-c310fa35-3772-4d7c-af9c-af7a53a0e54e req-c310fa35-3772-4d7c-af9c-af7a53a0e54e ] Request (AttachInterfacesUnderV243Test:test_add_remove_fixed_ip): 200 GET http://10.180.1.21/compute/v2.1/servers/df4f5b07-b088-4c1f-9a13-7812115eeaf0 0.054s
2025-04-14 13:59:29.132 69954 INFO tempest.common.waiters [-] State transition "BUILD/scheduling" ==> "BUILD/None" after 43 second wait
2025-04-14 13:59:29.227 69982 INFO tempest.lib.common.rest_client [req-9f5a8def-b343-49ea-bc5e-317eefa552d3 req-9f5a8def-b343-49ea-bc5e-317eefa552d3 ] Request (ServersTestManualDisk:setUpClass): 200 POST http://10.180.1.21/compute/v2.1/os-keypairs 0.104s
2025-04-14 13:59:29.262 69962 INFO tempest.lib.common.rest_client [req-b854f153-39c4-4c96-9aaf-92e14fb9dcfa req-b854f153-39c4-4c96-9aaf-92e14fb9dcfa ] Request (ServerRescueTestJSONUnderV235:setUpClass): 201 POST http://10.180.1.21:9696/networking/v2.0/routers 0.907s
2025-04-14 13:59:29.296 69990 INFO tempest.lib.common.rest_client [req-f3bcfbb9-3906-4de5-8346-c404532ebed3 req-f3bcfbb9-3906-4de5-8346-c404532ebed3 ] Request (ServerDiagnosticsV248Test:tearDownClass): 200 GET http://10.180.1.21/compute/v2.1/servers/eed1c412-ccce-4168-bce7-3e7101901b7f 0.096s
2025-04-14 13:59:29.361 69982 INFO tempest.lib.common.rest_client [req-303c22ce-11a3-4dd8-824a-79a5a446c14c req-303c22ce-11a3-4dd8-824a-79a5a446c14c ] Request (ServersTestManualDisk:setUpClass): 201 POST http://10.180.1.21:9696/networking/v2.0/security-groups 0.132s
2025-04-14 13:59:29.415 69972 INFO tempest.lib.common.rest_client [req-5cb9e708-3499-41a2-b277-505e2313f964 req-5cb9e708-3499-41a2-b277-505e2313f964 ] Request (ServersListShow2100Test:tearDownClass): 200 GET http://10.180.1.21/compute/v2.1/servers/f2b492f9-2517-4ee7-b4e7-c6c3bb912e49 0.104s
2025-04-14 13:59:29.423 69970 INFO tempest.lib.common.rest_client [req-8282de3e-8f83-409c-a55f-628b05c90dd6 req-8282de3e-8f83-409c-a55f-628b05c90dd6 ] Request (SecurityGroupsTestJSON:test_server_security_groups): 200 GET http://10.180.1.21/compute/v2.1/servers/41c0824b-2186-49fe-bcfd-82c031bf4810 0.088s
2025-04-14 13:59:29.490 69932 INFO tempest.lib.common.rest_client [req-d39afb54-9ba4-4ff2-a5c5-57b921a6d82b req-d39afb54-9ba4-4ff2-a5c5-57b921a6d82b ] Request (FloatingIPsAssociationNegativeTestJSON:tearDownClass): 200 GET http://10.180.1.21/compute/v2.1/servers/00d02bd2-f8fa-415c-9a6f-c58b9af0be63 0.120s
2025-04-14 13:59:29.505 69934 INFO tempest.lib.common.rest_client [req-726f3cc9-4f89-46f3-ada1-8cca951381d8 req-726f3cc9-4f89-46f3-ada1-8cca951381d8 ] Request (ServersAdminNegativeTestJSON:setUpClass): 200 GET http://10.180.1.21/compute/v2.1/servers/83459ab7-4522-4d02-8ef3-80a3eb14dde5 0.102s
2025-04-14 13:59:29.534 69982 INFO tempest.lib.common.rest_client [req-bb51dafb-dfc9-46e4-b603-5ac6076cad5c req-bb51dafb-dfc9-46e4-b603-5ac6076cad5c ] Request (ServersTestManualDisk:setUpClass): 201 POST http://10.180.1.21:9696/networking/v2.0/security-group-rules 0.173s
2025-04-14 13:59:29.553 69936 INFO tempest.lib.common.rest_client [req-4c46706b-4de3-4a64-8fbd-cb2caaaed0af req-4c46706b-4de3-4a64-8fbd-cb2caaaed0af ] Request (ServerActionsTestOtherB:setUpClass): 200 GET http://10.180.1.21/compute/v2.1/servers/fa7f8ff7-658a-46d0-a6dc-232614af850d 0.085s
2025-04-14 13:59:29.611 69946 INFO tempest.lib.common.rest_client [req-a1b88a5a-f12f-4231-ab40-47521205502a req-a1b88a5a-f12f-4231-ab40-47521205502a ] Request (ServerShowV257Test:test_rebuild_server): 200 GET http://10.180.1.21/compute/v2.1/servers/670d9426-6edb-4dfd-9953-1f10f89ebfc6 0.080s
2025-04-14 13:59:29.671 69968 INFO tempest.lib.common.rest_client [req-870f2aad-045b-47a1-8f04-71ff4983d96e req-870f2aad-045b-47a1-8f04-71ff4983d96e ] Request (ListImageFiltersTestJSON:setUpClass): 200 GET http://10.180.1.21/compute/v2.1/servers/8a331293-ee7f-4faa-a316-56aec9296894 0.068s
2025-04-14 13:59:29.703 69982 INFO tempest.lib.common.rest_client [req-78ef9883-876f-4761-a1bc-ba6777742334 req-78ef9883-876f-4761-a1bc-ba6777742334 ] Request (ServersTestManualDisk:setUpClass): 201 POST http://10.180.1.21:9696/networking/v2.0/security-group-rules 0.168s
2025-04-14 13:59:29.704 69948 INFO tempest.lib.common.rest_client [req-2eae8843-ef41-4716-afb9-ab443ebba7cb req-2eae8843-ef41-4716-afb9-ab443ebba7cb ] Request (ServerActionsTestJSON:setUpClass): 200 GET http://10.180.1.21/compute/v2.1/servers/9ee7dbf3-c86a-4cd8-ad1e-ca92cb90164d 0.167s
2025-04-14 13:59:29.712 69948 INFO tempest.common.waiters [-] State transition "BUILD/block_device_mapping" ==> "BUILD/spawning" after 67 second wait
2025-04-14 13:59:29.773 69930 INFO tempest.lib.common.rest_client [req-eadda07b-91ba-4fd4-b07c-074aa6322759 req-eadda07b-91ba-4fd4-b07c-074aa6322759 ] Request (ServerRescueNegativeTestJSON:test_rescued_vm_detach_volume): 200 GET http://10.180.1.21/compute/v2.1/servers/b2c6c4bb-86f8-4e8f-b83d-a77d00447ff2 0.110s
2025-04-14 13:59:29.780 69944 INFO tempest.lib.common.rest_client [req-6a45dc8d-62f2-49dd-ae99-eea01db2881b req-6a45dc8d-62f2-49dd-ae99-eea01db2881b ] Request (ServersListShow296Test:tearDownClass): 200 GET http://10.180.1.21/compute/v2.1/servers/997781de-b20c-4004-8374-deef83d9de6b 0.161s
2025-04-14 13:59:29.860 69942 INFO tempest.lib.common.rest_client [req-8ece3b6f-dadd-4864-9bfd-0348680f51f4 req-8ece3b6f-dadd-4864-9bfd-0348680f51f4 ] Request (FloatingIPsAssociationTestJSON:tearDownClass): 200 GET http://10.180.1.21/compute/v2.1/servers/e75fc999-a479-44b6-a715-1a76054d73c6 0.174s
2025-04-14 13:59:29.869 69958 INFO tempest.lib.common.rest_client [req-d18eddfa-2434-4e56-acd1-554da097ef11 req-d18eddfa-2434-4e56-acd1-554da097ef11 ] Request (DeleteServersTestJSON:test_delete_active_server): 200 GET http://10.180.1.21/compute/v2.1/servers/ff22c9d2-3cfe-48ed-b3f5-c0cfe68812c2 0.148s
2025-04-14 13:59:29.945 69976 INFO tempest.lib.common.rest_client [req-12799fee-fdcc-43a8-baad-7cb1359ef7a8 req-12799fee-fdcc-43a8-baad-7cb1359ef7a8 ] Request (DeleteServersAdminTestJSON:test_delete_server_while_in_error_state): 200 GET http://10.180.1.21/compute/v2.1/servers/13ec57c7-56f5-40c6-ab32-aac0fd67c9b1 0.202s
2025-04-14 13:59:29.958 69980 INFO tempest.lib.common.rest_client [req-08410bbc-f853-48cd-9a62-31b281308262 req-08410bbc-f853-48cd-9a62-31b281308262 ] Request (ImagesTestJSON:test_create_image_from_suspended_server): 200 GET http://10.180.1.21/compute/v2.1/servers/e1db078f-b047-4e92-9b28-109607d988a4 0.131s
2025-04-14 13:59:30.042 69993 INFO tempest.lib.common.rest_client [req-525f4155-5d10-485c-a1a3-f5d3711a4bf4 req-525f4155-5d10-485c-a1a3-f5d3711a4bf4 ] Request (ServerMetadataNegativeTestJSON:setUpClass): 200 GET http://10.180.1.21/compute/v2.1/servers/20fa95e4-e66f-4310-81bf-beb9a42968dc 0.158s
2025-04-14 13:59:30.089 69984 WARNING tempest.lib.common.ssh [-] Failed to establish authenticated ssh connection to cirros@10.180.180.246 ([Errno None] Unable to connect to port 22 on 10.180.180.246). Number attempts: 9. Retry after 10 seconds.: paramiko.ssh_exception.NoValidConnectionsError: [Errno None] Unable to connect to port 22 on 10.180.180.246
2025-04-14 13:59:30.126 69966 INFO tempest.lib.common.rest_client [req-301dcf9d-8808-4ff5-b218-06b9b86c490b req-301dcf9d-8808-4ff5-b218-06b9b86c490b ] Request (ListServerFiltersTestJSON:tearDownClass): 200 GET http://10.180.1.21/compute/v2.1/servers/bc90201c-8900-4821-9839-9d5e35c48ac5 0.183s
2025-04-14 13:59:30.129 69978 INFO tempest.lib.common.rest_client [req-070d85ca-b7fa-4126-accb-1d54f219fa88 req-070d85ca-b7fa-4126-accb-1d54f219fa88 ] Request (ServerGroupTestJSON:_run_cleanups): 200 GET http://10.180.1.21/compute/v2.1/servers/2e020eec-2d4f-41b8-b31d-3add0744d592 0.246s
2025-04-14 13:59:30.200 69988 INFO tempest.lib.common.rest_client [req-d17eda34-5dfd-4de6-854c-33135ca4861d req-d17eda34-5dfd-4de6-854c-33135ca4861d ] Request (ServersTestFqdnHostnames:test_create_server_with_fqdn_name): 200 GET http://10.180.1.21/compute/v2.1/servers/3d07cf05-d08d-409f-9bbd-b7ff213e29ff 0.243s
2025-04-14 13:59:30.206 69956 INFO tempest.lib.common.rest_client [req-eff63b68-1332-4ee8-b35d-054d10984ab3 req-eff63b68-1332-4ee8-b35d-054d10984ab3 ] Request (ServersAdminTestJSON:test_inject_network_info): 200 GET http://10.180.1.21/compute/v2.1/servers/3c85ee38-7f0c-48db-8bc7-cd3d17eb5f02 0.198s
2025-04-14 13:59:30.299 69954 INFO tempest.lib.common.rest_client [req-081c58f1-aca7-4dd5-ba16-897ba6a9a5f2 req-081c58f1-aca7-4dd5-ba16-897ba6a9a5f2 ] Request (AttachInterfacesUnderV243Test:test_add_remove_fixed_ip): 200 GET http://10.180.1.21/compute/v2.1/servers/df4f5b07-b088-4c1f-9a13-7812115eeaf0 0.167s
2025-04-14 13:59:30.361 69940 INFO tempest.lib.common.rest_client [req-ec2b181a-c574-4320-83dc-22a2f63789a6 req-ec2b181a-c574-4320-83dc-22a2f63789a6 ] Request (ImagesOneServerTestJSON:setUpClass): 200 GET http://10.180.1.21/compute/v2.1/servers/d9e3bd67-974c-477a-baa2-99549051a828 0.251s
2025-04-14 13:59:30.374 69940 INFO tempest.common.waiters [-] State transition "BUILD/spawning" ==> "ACTIVE/None" after 72 second wait
2025-04-14 13:59:30.394 69990 INFO tempest.lib.common.rest_client [req-d2fd6f05-1206-48df-b484-5991ed1f2c20 req-d2fd6f05-1206-48df-b484-5991ed1f2c20 ] Request (ServerDiagnosticsV248Test:tearDownClass): 200 GET http://10.180.1.21/compute/v2.1/servers/eed1c412-ccce-4168-bce7-3e7101901b7f 0.088s
2025-04-14 13:59:30.410 69962 INFO tempest.lib.common.rest_client [req-75ca4b90-595a-490b-b225-9036a884ab37 req-75ca4b90-595a-490b-b225-9036a884ab37 ] Request (ServerRescueTestJSONUnderV235:setUpClass): 200 PUT http://10.180.1.21:9696/networking/v2.0/routers/8a441771-7405-4cae-8c31-0c21aca11930/add_router_interface 1.147s
2025-04-14 13:59:30.410 69962 INFO tempest.lib.common.dynamic_creds [-] Created isolated network resources for: credentials: Credentials: {'domain_id': 'default', 'domain_name': 'Default', 'username': 'tempest-ServerRescueTestJSONUnderV235-2099362716-project-member', 'project_domain_id': 'default', 'project_domain_name': 'Default', 'project_id': 'b67035ef2f3e49e5ae598086bf6e36fa', 'project_name': 'tempest-ServerRescueTestJSONUnderV235-2099362716', 'tenant_id': 'b67035ef2f3e49e5ae598086bf6e36fa', 'tenant_name': 'tempest-ServerRescueTestJSONUnderV235-2099362716', 'user_domain_id': 'default', 'user_domain_name': 'Default', 'user_id': '217d3a3b6379486bbe730d3697c297be', 'system': None}, Network: {'id': 'c9e2af8e-f9e8-400d-876d-bea201b3974f', 'name': 'tempest-ServerRescueTestJSONUnderV235-1784991898-network', 'tenant_id': 'b67035ef2f3e49e5ae598086bf6e36fa', 'admin_state_up': True, 'mtu': 8950, 'status': 'ACTIVE', 'subnets': [], 'shared': False, 'project_id': 'b67035ef2f3e49e5ae598086bf6e36fa', 'port_security_enabled': True, 'router:external': False, 'provider:network_type': 'vlan', 'provider:physical_network': 'default', 'provider:segmentation_id': 196, 'availability_zone_hints': [], 'availability_zones': [], 'ipv4_address_scope': None, 'ipv6_address_scope': None, 'description': '', 'tags': [], 'created_at': '2025-04-14T13:59:27Z', 'updated_at': '2025-04-14T13:59:28Z', 'revision_number': 1}, Subnet: {'id': '9e8469f6-5ce8-4249-9c4d-da373308f4b1', 'name': 'tempest-ServerRescueTestJSONUnderV235-1784991898-subnet', 'tenant_id': 'b67035ef2f3e49e5ae598086bf6e36fa', 'network_id': 'c9e2af8e-f9e8-400d-876d-bea201b3974f', 'ip_version': 4, 'subnetpool_id': None, 'enable_dhcp': False, 'ipv6_ra_mode': None, 'ipv6_address_mode': None, 'gateway_ip': '192.168.128.1', 'cidr': '192.168.128.0/28', 'allocation_pools': [{'start': '192.168.128.2', 'end': '192.168.128.14'}], 'host_routes': [], 'dns_nameservers': [], 'description': '', 'router:external': False, 'service_types': [], 'tags': [], 'created_at': '2025-04-14T13:59:28Z', 'updated_at': '2025-04-14T13:59:28Z', 'revision_number': 0, 'project_id': 'b67035ef2f3e49e5ae598086bf6e36fa'}, Router: {'id': '8a441771-7405-4cae-8c31-0c21aca11930', 'name': 'tempest-ServerRescueTestJSONUnderV235-1784991898-router', 'tenant_id': 'b67035ef2f3e49e5ae598086bf6e36fa', 'admin_state_up': True, 'status': 'ACTIVE', 'external_gateway_info': {'network_id': '6c803797-41e6-4d7e-90e0-3a61aa85e14e', 'external_fixed_ips': [{'subnet_id': 'cc869099-ab74-4696-9ecd-7e150ef24fc7', 'ip_address': '10.180.180.136'}], 'enable_snat': True}, 'description': '', 'availability_zones': [], 'distributed': False, 'ha': False, 'availability_zone_hints': [], 'routes': [], 'flavor_id': None, 'tags': [], 'created_at': '2025-04-14T13:59:28Z', 'updated_at': '2025-04-14T13:59:28Z', 'revision_number': 2, 'project_id': 'b67035ef2f3e49e5ae598086bf6e36fa'}
2025-04-14 13:59:30.513 69982 INFO tempest.lib.common.rest_client [req-e33f1abe-b4e6-4cb1-b959-3b49ae040967 req-e33f1abe-b4e6-4cb1-b959-3b49ae040967 ] Request (ServersTestManualDisk:setUpClass): 201 POST http://10.180.1.21:9696/networking/v2.0/floatingips 0.809s
2025-04-14 13:59:30.514 69962 INFO tempest.lib.common.rest_client [req-1bb7fd7e-d2ab-4842-ad61-128561e4a046 req-1bb7fd7e-d2ab-4842-ad61-128561e4a046 ] Request (ServerRescueTestJSONUnderV235:setUpClass): 201 POST http://10.180.1.21/identity/v3/auth/tokens 0.099s
2025-04-14 13:59:30.522 69972 INFO tempest.lib.common.rest_client [req-f31fc94b-b1e0-4567-b060-bb187296123c req-f31fc94b-b1e0-4567-b060-bb187296123c ] Request (ServersListShow2100Test:tearDownClass): 200 GET http://10.180.1.21/compute/v2.1/servers/f2b492f9-2517-4ee7-b4e7-c6c3bb912e49 0.095s
2025-04-14 13:59:30.547 69982 INFO tempest.lib.common.rest_client [req-dff4a87b-6b80-4274-8123-c4d1ada9cd76 req-dff4a87b-6b80-4274-8123-c4d1ada9cd76 ] Request (ServersTestManualDisk:setUpClass): 201 POST http://10.180.1.21/identity/v3/auth/tokens 0.026s
2025-04-14 13:59:30.548 69982 INFO tempest.lib.common.fixed_network [-] (ServersTestManualDisk:setUpClass) Found network {'id': '03e1e463-c396-4f49-97bf-afd0c53466a1', 'name': 'tempest-ServersTestManualDisk-1248378033-network', 'tenant_id': '644a444b9fea48e2b547509885622d20', 'admin_state_up': True, 'mtu': 8950, 'status': 'ACTIVE', 'subnets': [], 'shared': False, 'project_id': '644a444b9fea48e2b547509885622d20', 'port_security_enabled': True, 'router:external': False, 'provider:network_type': 'vlan', 'provider:physical_network': 'default', 'provider:segmentation_id': 270, 'availability_zone_hints': [], 'availability_zones': [], 'ipv4_address_scope': None, 'ipv6_address_scope': None, 'description': '', 'tags': [], 'created_at': '2025-04-14T13:59:26Z', 'updated_at': '2025-04-14T13:59:26Z', 'revision_number': 1} available for tenant
2025-04-14 13:59:30.572 69962 INFO tempest.lib.common.rest_client [req-be92da3d-bb02-4add-9342-8371466c35ea req-be92da3d-bb02-4add-9342-8371466c35ea ] Request (ServerRescueTestJSONUnderV235:setUpClass): 201 POST http://10.180.1.21/identity/v3/auth/tokens 0.051s
2025-04-14 13:59:30.573 69962 INFO tempest.lib.common.fixed_network [-] (ServerRescueTestJSONUnderV235:setUpClass) Found network {'id': 'c9e2af8e-f9e8-400d-876d-bea201b3974f', 'name': 'tempest-ServerRescueTestJSONUnderV235-1784991898-network', 'tenant_id': 'b67035ef2f3e49e5ae598086bf6e36fa', 'admin_state_up': True, 'mtu': 8950, 'status': 'ACTIVE', 'subnets': [], 'shared': False, 'project_id': 'b67035ef2f3e49e5ae598086bf6e36fa', 'port_security_enabled': True, 'router:external': False, 'provider:network_type': 'vlan', 'provider:physical_network': 'default', 'provider:segmentation_id': 196, 'availability_zone_hints': [], 'availability_zones': [], 'ipv4_address_scope': None, 'ipv6_address_scope': None, 'description': '', 'tags': [], 'created_at': '2025-04-14T13:59:27Z', 'updated_at': '2025-04-14T13:59:28Z', 'revision_number': 1} available for tenant
2025-04-14 13:59:30.583 69970 INFO tempest.lib.common.rest_client [req-6a2e9d0e-3170-420e-9010-68620619bc53 req-6a2e9d0e-3170-420e-9010-68620619bc53 ] Request (SecurityGroupsTestJSON:test_server_security_groups): 200 GET http://10.180.1.21/compute/v2.1/servers/41c0824b-2186-49fe-bcfd-82c031bf4810 0.151s
2025-04-14 13:59:30.646 69932 INFO tempest.lib.common.rest_client [req-e3c7ebdd-6108-491c-84ac-051e953b630d req-e3c7ebdd-6108-491c-84ac-051e953b630d ] Request (FloatingIPsAssociationNegativeTestJSON:tearDownClass): 200 GET http://10.180.1.21/compute/v2.1/servers/00d02bd2-f8fa-415c-9a6f-c58b9af0be63 0.144s
2025-04-14 13:59:30.693 69934 INFO tempest.lib.common.rest_client [req-b7bc821b-7f1f-4efa-9dfa-09ed8f2bb661 req-b7bc821b-7f1f-4efa-9dfa-09ed8f2bb661 ] Request (ServersAdminNegativeTestJSON:setUpClass): 200 GET http://10.180.1.21/compute/v2.1/servers/83459ab7-4522-4d02-8ef3-80a3eb14dde5 0.175s
2025-04-14 13:59:30.836 69940 INFO tempest.lib.common.rest_client [req-e68a815b-4969-4fcc-9e31-2c2f79767caa req-e68a815b-4969-4fcc-9e31-2c2f79767caa ] Request (ImagesOneServerTestJSON:test_create_delete_image): 202 POST http://10.180.1.21/compute/v2.1/servers/d9e3bd67-974c-477a-baa2-99549051a828/action 0.462s
2025-04-14 13:59:30.911 69936 INFO tempest.lib.common.rest_client [req-dac8518f-efaf-461f-8845-10c3bb4071ce req-dac8518f-efaf-461f-8845-10c3bb4071ce ] Request (ServerActionsTestOtherB:setUpClass): 200 GET http://10.180.1.21/compute/v2.1/servers/fa7f8ff7-658a-46d0-a6dc-232614af850d 0.343s
2025-04-14 13:59:31.074 69982 INFO tempest.lib.common.rest_client [req-01d3ef8f-40fc-4a59-a37f-963ed7fa8127 req-01d3ef8f-40fc-4a59-a37f-963ed7fa8127 ] Request (ServersTestManualDisk:setUpClass): 202 POST http://10.180.1.21/compute/v2.1/servers 0.525s
2025-04-14 13:59:31.151 69946 INFO tempest.lib.common.rest_client [req-895f98e8-052e-48aa-934b-9b5eaee30052 req-895f98e8-052e-48aa-934b-9b5eaee30052 ] Request (ServerShowV257Test:test_rebuild_server): 200 GET http://10.180.1.21/compute/v2.1/servers/670d9426-6edb-4dfd-9953-1f10f89ebfc6 0.531s
2025-04-14 13:59:31.206 69968 INFO tempest.lib.common.rest_client [req-f13ef23e-78dc-478c-b500-4df4e2cfc71a req-f13ef23e-78dc-478c-b500-4df4e2cfc71a ] Request (ListImageFiltersTestJSON:setUpClass): 200 GET http://10.180.1.21/compute/v2.1/servers/8a331293-ee7f-4faa-a316-56aec9296894 0.525s
2025-04-14 13:59:31.289 69962 INFO tempest.lib.common.rest_client [req-3e81210e-82ae-4c1f-81cf-15ea364d93e7 req-3e81210e-82ae-4c1f-81cf-15ea364d93e7 ] Request (ServerRescueTestJSONUnderV235:setUpClass): 202 POST http://10.180.1.21/compute/v2.1/servers 0.716s
2025-04-14 13:59:31.308 69948 INFO tempest.lib.common.rest_client [req-045749fe-eaac-4b7d-9b02-1f382132fa48 req-045749fe-eaac-4b7d-9b02-1f382132fa48 ] Request (ServerActionsTestJSON:setUpClass): 200 GET http://10.180.1.21/compute/v2.1/servers/9ee7dbf3-c86a-4cd8-ad1e-ca92cb90164d 0.595s
2025-04-14 13:59:31.341 69930 INFO tempest.lib.common.rest_client [req-f7d8e25a-d362-4e3a-bfa0-147772796395 req-f7d8e25a-d362-4e3a-bfa0-147772796395 ] Request (ServerRescueNegativeTestJSON:test_rescued_vm_detach_volume): 200 GET http://10.180.1.21/compute/v2.1/servers/b2c6c4bb-86f8-4e8f-b83d-a77d00447ff2 0.558s
2025-04-14 13:59:31.389 69944 INFO tempest.lib.common.rest_client [req-51637ab9-f84e-46da-9515-2c1f4db02fcf req-51637ab9-f84e-46da-9515-2c1f4db02fcf ] Request (ServersListShow296Test:tearDownClass): 200 GET http://10.180.1.21/compute/v2.1/servers/997781de-b20c-4004-8374-deef83d9de6b 0.585s
2025-04-14 13:59:31.394 69940 INFO tempest.lib.common.rest_client [req-85bbbb6e-29e9-4781-8d22-98a80b6062a2 req-85bbbb6e-29e9-4781-8d22-98a80b6062a2 ] Request (ImagesOneServerTestJSON:test_create_delete_image): 200 GET http://10.180.1.21/compute/v2.1/images/74369d11-d830-410c-930f-a09e80167db0 0.555s
2025-04-14 13:59:31.460 69942 INFO tempest.lib.common.rest_client [req-69141fc8-1b85-41d6-a813-8dc3c1e91471 req-69141fc8-1b85-41d6-a813-8dc3c1e91471 ] Request (FloatingIPsAssociationTestJSON:tearDownClass): 200 GET http://10.180.1.21/compute/v2.1/servers/e75fc999-a479-44b6-a715-1a76054d73c6 0.591s
2025-04-14 13:59:31.466 69958 INFO tempest.lib.common.rest_client [req-69886c79-0862-4275-a721-2463b42c1045 req-69886c79-0862-4275-a721-2463b42c1045 ] Request (DeleteServersTestJSON:test_delete_active_server): 200 GET http://10.180.1.21/compute/v2.1/servers/ff22c9d2-3cfe-48ed-b3f5-c0cfe68812c2 0.588s
2025-04-14 13:59:31.523 69980 INFO tempest.lib.common.rest_client [req-9235191e-db36-46a6-bd83-4bde4b185daa req-9235191e-db36-46a6-bd83-4bde4b185daa ] Request (ImagesTestJSON:test_create_image_from_suspended_server): 200 GET http://10.180.1.21/compute/v2.1/servers/e1db078f-b047-4e92-9b28-109607d988a4 0.553s
2025-04-14 13:59:31.536 69976 INFO tempest.lib.common.rest_client [req-ed8890ef-a1cc-419a-938b-b7de97e584b6 req-ed8890ef-a1cc-419a-938b-b7de97e584b6 ] Request (DeleteServersAdminTestJSON:test_delete_server_while_in_error_state): 200 GET http://10.180.1.21/compute/v2.1/servers/13ec57c7-56f5-40c6-ab32-aac0fd67c9b1 0.581s
2025-04-14 13:59:31.582 69952 WARNING tempest.lib.common.ssh [-] Failed to establish authenticated ssh connection to cirros@10.180.180.242 ([Errno None] Unable to connect to port 22 on 10.180.180.242). Number attempts: 4. Retry after 5 seconds.: paramiko.ssh_exception.NoValidConnectionsError: [Errno None] Unable to connect to port 22 on 10.180.180.242
2025-04-14 13:59:31.584 69993 INFO tempest.lib.common.rest_client [req-cd0b581e-b124-4545-b569-f6bb8aad5999 req-cd0b581e-b124-4545-b569-f6bb8aad5999 ] Request (ServerMetadataNegativeTestJSON:setUpClass): 200 GET http://10.180.1.21/compute/v2.1/servers/20fa95e4-e66f-4310-81bf-beb9a42968dc 0.532s
2025-04-14 13:59:31.597 69993 INFO tempest.common.waiters [-] State transition "BUILD/None" ==> "BUILD/networking" after 64 second wait
2025-04-14 13:59:31.600 69982 INFO tempest.lib.common.rest_client [req-b17704f9-03eb-4c22-8b34-e8086efb7051 req-b17704f9-03eb-4c22-8b34-e8086efb7051 ] Request (ServersTestManualDisk:setUpClass): 200 GET http://10.180.1.21/compute/v2.1/servers/42aba8f8-9657-437f-b305-13239f26fac2 0.525s
2025-04-14 13:59:31.680 69966 INFO tempest.lib.common.rest_client [req-032859cb-1a9f-46bd-a334-95a559f0b237 req-032859cb-1a9f-46bd-a334-95a559f0b237 ] Request (ListServerFiltersTestJSON:tearDownClass): 200 GET http://10.180.1.21/compute/v2.1/servers/bc90201c-8900-4821-9839-9d5e35c48ac5 0.547s
2025-04-14 13:59:31.687 69978 INFO tempest.lib.common.rest_client [req-3e63024b-ffdb-4e0c-8938-574ce678dcf8 req-3e63024b-ffdb-4e0c-8938-574ce678dcf8 ] Request (ServerGroupTestJSON:_run_cleanups): 200 GET http://10.180.1.21/compute/v2.1/servers/2e020eec-2d4f-41b8-b31d-3add0744d592 0.547s
2025-04-14 13:59:31.880 69950 WARNING tempest.lib.common.ssh [-] Failed to establish authenticated ssh connection to cirros@10.180.180.252 ([Errno None] Unable to connect to port 22 on 10.180.180.252). Number attempts: 7. Retry after 8 seconds.: paramiko.ssh_exception.NoValidConnectionsError: [Errno None] Unable to connect to port 22 on 10.180.180.252
2025-04-14 13:59:31.992 69956 INFO tempest.lib.common.rest_client [req-fc613e08-d655-45d0-9d8e-3f83eeec82a7 req-fc613e08-d655-45d0-9d8e-3f83eeec82a7 ] Request (ServersAdminTestJSON:test_inject_network_info): 200 GET http://10.180.1.21/compute/v2.1/servers/3c85ee38-7f0c-48db-8bc7-cd3d17eb5f02 0.777s
2025-04-14 13:59:31.995 69988 INFO tempest.lib.common.rest_client [req-e9411f87-742e-4bce-b0ab-4593c27e75c7 req-e9411f87-742e-4bce-b0ab-4593c27e75c7 ] Request (ServersTestFqdnHostnames:test_create_server_with_fqdn_name): 200 GET http://10.180.1.21/compute/v2.1/servers/3d07cf05-d08d-409f-9bbd-b7ff213e29ff 0.780s
2025-04-14 13:59:32.076 69954 INFO tempest.lib.common.rest_client [req-284f41b1-1878-448a-b605-0f291ceb36b8 req-284f41b1-1878-448a-b605-0f291ceb36b8 ] Request (AttachInterfacesUnderV243Test:test_add_remove_fixed_ip): 200 GET http://10.180.1.21/compute/v2.1/servers/df4f5b07-b088-4c1f-9a13-7812115eeaf0 0.769s
2025-04-14 13:59:32.077 69962 INFO tempest.lib.common.rest_client [req-ce4507af-2168-4469-aa70-257b8a1fe162 req-ce4507af-2168-4469-aa70-257b8a1fe162 ] Request (ServerRescueTestJSONUnderV235:setUpClass): 200 GET http://10.180.1.21/compute/v2.1/servers/267ffd7d-ab93-4dda-b46a-1059b3f82f4f 0.786s
2025-04-14 13:59:32.133 69990 INFO tempest.lib.common.rest_client [req-30c028a2-1174-4291-8ea1-b9a14bcee126 req-30c028a2-1174-4291-8ea1-b9a14bcee126 ] Request (ServerDiagnosticsV248Test:tearDownClass): 200 GET http://10.180.1.21/compute/v2.1/servers/eed1c412-ccce-4168-bce7-3e7101901b7f 0.722s
2025-04-14 13:59:32.163 69972 INFO tempest.lib.common.rest_client [req-c2553536-6cec-462c-aec1-25d12fe0a76d req-c2553536-6cec-462c-aec1-25d12fe0a76d ] Request (ServersListShow2100Test:tearDownClass): 200 GET http://10.180.1.21/compute/v2.1/servers/f2b492f9-2517-4ee7-b4e7-c6c3bb912e49 0.622s
2025-04-14 13:59:32.184 69970 INFO tempest.lib.common.rest_client [req-f8875d17-1c6e-4fe0-9441-1c856655c178 req-f8875d17-1c6e-4fe0-9441-1c856655c178 ] Request (SecurityGroupsTestJSON:test_server_security_groups): 200 GET http://10.180.1.21/compute/v2.1/servers/41c0824b-2186-49fe-bcfd-82c031bf4810 0.594s
2025-04-14 13:59:32.236 69932 INFO tempest.lib.common.rest_client [req-a1f73505-27e2-4dd1-99a0-800134b7bfa6 req-a1f73505-27e2-4dd1-99a0-800134b7bfa6 ] Request (FloatingIPsAssociationNegativeTestJSON:tearDownClass): 200 GET http://10.180.1.21/compute/v2.1/servers/00d02bd2-f8fa-415c-9a6f-c58b9af0be63 0.581s
2025-04-14 13:59:32.258 69934 INFO tempest.lib.common.rest_client [req-439196d7-333e-4728-964a-842cb31aa785 req-439196d7-333e-4728-964a-842cb31aa785 ] Request (ServersAdminNegativeTestJSON:setUpClass): 200 GET http://10.180.1.21/compute/v2.1/servers/83459ab7-4522-4d02-8ef3-80a3eb14dde5 0.556s
2025-04-14 13:59:32.265 69934 INFO tempest.common.waiters [-] State transition "BUILD/scheduling" ==> "BUILD/None" after 43 second wait
2025-04-14 13:59:32.290 69936 INFO tempest.lib.common.rest_client [req-3d7fe0be-168b-4908-84a0-f71cdab57490 req-3d7fe0be-168b-4908-84a0-f71cdab57490 ] Request (ServerActionsTestOtherB:setUpClass): 200 GET http://10.180.1.21/compute/v2.1/servers/fa7f8ff7-658a-46d0-a6dc-232614af850d 0.367s
2025-04-14 13:59:32.312 69946 INFO tempest.lib.common.rest_client [req-8e418e10-c9cb-4e01-9727-0de5291a8bda req-8e418e10-c9cb-4e01-9727-0de5291a8bda ] Request (ServerShowV257Test:test_rebuild_server): 200 GET http://10.180.1.21/compute/v2.1/servers/670d9426-6edb-4dfd-9953-1f10f89ebfc6 0.151s
2025-04-14 13:59:32.345 69968 INFO tempest.lib.common.rest_client [req-a7773484-8fc9-47d8-8023-fe9b1b8175ee req-a7773484-8fc9-47d8-8023-fe9b1b8175ee ] Request (ListImageFiltersTestJSON:setUpClass): 200 GET http://10.180.1.21/compute/v2.1/servers/8a331293-ee7f-4faa-a316-56aec9296894 0.132s
2025-04-14 13:59:32.422 69930 INFO tempest.lib.common.rest_client [req-c1e1a7d9-8db6-4c9a-b9a5-877fba52e141 req-c1e1a7d9-8db6-4c9a-b9a5-877fba52e141 ] Request (ServerRescueNegativeTestJSON:test_rescued_vm_detach_volume): 200 GET http://10.180.1.21/compute/v2.1/servers/b2c6c4bb-86f8-4e8f-b83d-a77d00447ff2 0.073s
2025-04-14 13:59:32.465 69940 INFO tempest.lib.common.rest_client [req-1c9c8576-32a9-4ece-acfb-bd2e698a9bc1 req-1c9c8576-32a9-4ece-acfb-bd2e698a9bc1 ] Request (ImagesOneServerTestJSON:test_create_delete_image): 200 GET http://10.180.1.21/compute/v2.1/images/74369d11-d830-410c-930f-a09e80167db0 0.065s
2025-04-14 13:59:32.475 69948 INFO tempest.lib.common.rest_client [req-09fd5b7f-2877-49dd-a472-2411522e5d46 req-09fd5b7f-2877-49dd-a472-2411522e5d46 ] Request (ServerActionsTestJSON:setUpClass): 200 GET http://10.180.1.21/compute/v2.1/servers/9ee7dbf3-c86a-4cd8-ad1e-ca92cb90164d 0.157s
2025-04-14 13:59:32.551 69944 INFO tempest.lib.common.rest_client [req-895b5e44-7a3f-4525-bb54-6c07233af621 req-895b5e44-7a3f-4525-bb54-6c07233af621 ] Request (ServersListShow296Test:tearDownClass): 200 GET http://10.180.1.21/compute/v2.1/servers/997781de-b20c-4004-8374-deef83d9de6b 0.146s
2025-04-14 13:59:32.562 69942 INFO tempest.lib.common.rest_client [req-1ed9d847-73e3-4ec7-b42b-7bd29ca667d5 req-1ed9d847-73e3-4ec7-b42b-7bd29ca667d5 ] Request (FloatingIPsAssociationTestJSON:tearDownClass): 200 GET http://10.180.1.21/compute/v2.1/servers/e75fc999-a479-44b6-a715-1a76054d73c6 0.093s
2025-04-14 13:59:32.603 69958 INFO tempest.lib.common.rest_client [req-7719b731-d61e-4ee1-957f-d9da3b6338c1 req-7719b731-d61e-4ee1-957f-d9da3b6338c1 ] Request (DeleteServersTestJSON:test_delete_active_server): 200 GET http://10.180.1.21/compute/v2.1/servers/ff22c9d2-3cfe-48ed-b3f5-c0cfe68812c2 0.124s
2025-04-14 13:59:32.626 69980 INFO tempest.lib.common.rest_client [req-bb19b3dd-eec1-4b5c-b96b-8e17c01ab0ee req-bb19b3dd-eec1-4b5c-b96b-8e17c01ab0ee ] Request (ImagesTestJSON:test_create_image_from_suspended_server): 200 GET http://10.180.1.21/compute/v2.1/servers/e1db078f-b047-4e92-9b28-109607d988a4 0.089s
2025-04-14 13:59:32.673 69976 INFO tempest.lib.common.rest_client [req-7ccdee68-fb05-429f-87a2-765f3ec981c5 req-7ccdee68-fb05-429f-87a2-765f3ec981c5 ] Request (DeleteServersAdminTestJSON:test_delete_server_while_in_error_state): 200 GET http://10.180.1.21/compute/v2.1/servers/13ec57c7-56f5-40c6-ab32-aac0fd67c9b1 0.128s
2025-04-14 13:59:32.729 69982 INFO tempest.lib.common.rest_client [req-ecb710bb-47e6-40b2-8086-9f3fa97e4be3 req-ecb710bb-47e6-40b2-8086-9f3fa97e4be3 ] Request (ServersTestManualDisk:setUpClass): 200 GET http://10.180.1.21/compute/v2.1/servers/42aba8f8-9657-437f-b305-13239f26fac2 0.120s
2025-04-14 13:59:32.739 69993 INFO tempest.lib.common.rest_client [req-27d3930a-fd06-4fb9-bab8-573bfd742da9 req-27d3930a-fd06-4fb9-bab8-573bfd742da9 ] Request (ServerMetadataNegativeTestJSON:setUpClass): 200 GET http://10.180.1.21/compute/v2.1/servers/20fa95e4-e66f-4310-81bf-beb9a42968dc 0.142s
2025-04-14 13:59:32.752 69993 INFO tempest.common.waiters [-] State transition "BUILD/networking" ==> "BUILD/spawning" after 65 second wait
2025-04-14 13:59:32.791 69966 INFO tempest.lib.common.rest_client [req-a3dcda9c-cea8-479a-905c-c0c3a6d9506c req-a3dcda9c-cea8-479a-905c-c0c3a6d9506c ] Request (ListServerFiltersTestJSON:tearDownClass): 200 GET http://10.180.1.21/compute/v2.1/servers/bc90201c-8900-4821-9839-9d5e35c48ac5 0.098s
2025-04-14 13:59:32.798 69978 INFO tempest.lib.common.rest_client [req-1eab5ad4-ae8c-4e4f-9814-8a423c5f84f2 req-1eab5ad4-ae8c-4e4f-9814-8a423c5f84f2 ] Request (ServerGroupTestJSON:_run_cleanups): 200 GET http://10.180.1.21/compute/v2.1/servers/2e020eec-2d4f-41b8-b31d-3add0744d592 0.099s
2025-04-14 13:59:32.807 69978 INFO tempest.common.waiters [-] State transition "ACTIVE/deleting" ==> "DELETED/None" after 5 second wait
2025-04-14 13:59:33.072 69988 INFO tempest.lib.common.rest_client [req-22293fa2-e6e7-42c0-adf6-f76d3f3e0a72 req-22293fa2-e6e7-42c0-adf6-f76d3f3e0a72 ] Request (ServersTestFqdnHostnames:test_create_server_with_fqdn_name): 200 GET http://10.180.1.21/compute/v2.1/servers/3d07cf05-d08d-409f-9bbd-b7ff213e29ff 0.067s
2025-04-14 13:59:33.072 69956 INFO tempest.lib.common.rest_client [req-9cfb6f5b-e789-4de1-86bb-6e417e5ec841 req-9cfb6f5b-e789-4de1-86bb-6e417e5ec841 ] Request (ServersAdminTestJSON:test_inject_network_info): 200 GET http://10.180.1.21/compute/v2.1/servers/3c85ee38-7f0c-48db-8bc7-cd3d17eb5f02 0.071s
2025-04-14 13:59:33.139 69954 INFO tempest.lib.common.rest_client [req-f6b95d35-30f9-4164-99a3-52815e395e74 req-f6b95d35-30f9-4164-99a3-52815e395e74 ] Request (AttachInterfacesUnderV243Test:test_add_remove_fixed_ip): 200 GET http://10.180.1.21/compute/v2.1/servers/df4f5b07-b088-4c1f-9a13-7812115eeaf0 0.055s
2025-04-14 13:59:33.144 69962 INFO tempest.lib.common.rest_client [req-784b5d7e-702d-4845-bb68-2f67fb379c2b req-784b5d7e-702d-4845-bb68-2f67fb379c2b ] Request (ServerRescueTestJSONUnderV235:setUpClass): 200 GET http://10.180.1.21/compute/v2.1/servers/267ffd7d-ab93-4dda-b46a-1059b3f82f4f 0.059s
2025-04-14 13:59:33.214 69990 INFO tempest.lib.common.rest_client [req-5935fd22-1073-408f-bb09-02fb9cc1989e req-5935fd22-1073-408f-bb09-02fb9cc1989e ] Request (ServerDiagnosticsV248Test:tearDownClass): 200 GET http://10.180.1.21/compute/v2.1/servers/eed1c412-ccce-4168-bce7-3e7101901b7f 0.068s
2025-04-14 13:59:33.254 69972 INFO tempest.lib.common.rest_client [req-bfd3ac2e-736e-4064-afcf-6ff51b2acb7b req-bfd3ac2e-736e-4064-afcf-6ff51b2acb7b ] Request (ServersListShow2100Test:tearDownClass): 200 GET http://10.180.1.21/compute/v2.1/servers/f2b492f9-2517-4ee7-b4e7-c6c3bb912e49 0.078s
2025-04-14 13:59:33.263 69970 INFO tempest.lib.common.rest_client [req-f98f6cca-fccd-46c4-87a7-5a48f87de455 req-f98f6cca-fccd-46c4-87a7-5a48f87de455 ] Request (SecurityGroupsTestJSON:test_server_security_groups): 200 GET http://10.180.1.21/compute/v2.1/servers/41c0824b-2186-49fe-bcfd-82c031bf4810 0.065s
2025-04-14 13:59:33.316 69932 INFO tempest.lib.common.rest_client [req-566ebed5-ed05-433c-add6-f7c099320500 req-566ebed5-ed05-433c-add6-f7c099320500 ] Request (FloatingIPsAssociationNegativeTestJSON:tearDownClass): 200 GET http://10.180.1.21/compute/v2.1/servers/00d02bd2-f8fa-415c-9a6f-c58b9af0be63 0.072s
2025-04-14 13:59:33.322 69934 INFO tempest.lib.common.rest_client [req-d880246e-f5b0-431a-95ba-462827651a0d req-d880246e-f5b0-431a-95ba-462827651a0d ] Request (ServersAdminNegativeTestJSON:setUpClass): 200 GET http://10.180.1.21/compute/v2.1/servers/83459ab7-4522-4d02-8ef3-80a3eb14dde5 0.055s
2025-04-14 13:59:33.366 69936 INFO tempest.lib.common.rest_client [req-8e1ddc2a-7719-49aa-84ea-ebdbca6dd99c req-8e1ddc2a-7719-49aa-84ea-ebdbca6dd99c ] Request (ServerActionsTestOtherB:setUpClass): 200 GET http://10.180.1.21/compute/v2.1/servers/fa7f8ff7-658a-46d0-a6dc-232614af850d 0.069s
2025-04-14 13:59:33.385 69946 INFO tempest.lib.common.rest_client [req-61b6c607-1cc5-4bff-abee-9b2805c9a8d2 req-61b6c607-1cc5-4bff-abee-9b2805c9a8d2 ] Request (ServerShowV257Test:test_rebuild_server): 200 GET http://10.180.1.21/compute/v2.1/servers/670d9426-6edb-4dfd-9953-1f10f89ebfc6 0.054s
2025-04-14 13:59:33.412 69968 INFO tempest.lib.common.rest_client [req-378712f4-4867-4e9f-9773-7dc1f2d3b721 req-378712f4-4867-4e9f-9773-7dc1f2d3b721 ] Request (ListImageFiltersTestJSON:setUpClass): 200 GET http://10.180.1.21/compute/v2.1/servers/8a331293-ee7f-4faa-a316-56aec9296894 0.058s
2025-04-14 13:59:33.416 69960 WARNING tempest.lib.common.ssh [-] Failed to establish authenticated ssh connection to cirros@10.180.180.203 ([Errno None] Unable to connect to port 22 on 10.180.180.203). Number attempts: 9. Retry after 10 seconds.: paramiko.ssh_exception.NoValidConnectionsError: [Errno None] Unable to connect to port 22 on 10.180.180.203
2025-04-14 13:59:33.483 69930 INFO tempest.lib.common.rest_client [req-6ac8974b-513e-458f-9b1a-93984ca5fc68 req-6ac8974b-513e-458f-9b1a-93984ca5fc68 ] Request (ServerRescueNegativeTestJSON:test_rescued_vm_detach_volume): 200 GET http://10.180.1.21/compute/v2.1/servers/b2c6c4bb-86f8-4e8f-b83d-a77d00447ff2 0.045s
2025-04-14 13:59:33.501 69940 INFO tempest.lib.common.rest_client [req-40390537-28fb-4e81-885a-2a68a16305c3 req-40390537-28fb-4e81-885a-2a68a16305c3 ] Request (ImagesOneServerTestJSON:test_create_delete_image): 200 GET http://10.180.1.21/compute/v2.1/images/74369d11-d830-410c-930f-a09e80167db0 0.030s
2025-04-14 13:59:33.601 69948 INFO tempest.lib.common.rest_client [req-1c393772-561b-4307-9f16-d9c07a7a30d9 req-1c393772-561b-4307-9f16-d9c07a7a30d9 ] Request (ServerActionsTestJSON:setUpClass): 200 GET http://10.180.1.21/compute/v2.1/servers/9ee7dbf3-c86a-4cd8-ad1e-ca92cb90164d 0.109s
2025-04-14 13:59:33.623 69944 INFO tempest.lib.common.rest_client [req-cd8992f6-5c0f-434d-9978-b63678694d75 req-cd8992f6-5c0f-434d-9978-b63678694d75 ] Request (ServersListShow296Test:tearDownClass): 200 GET http://10.180.1.21/compute/v2.1/servers/997781de-b20c-4004-8374-deef83d9de6b 0.060s
