2025-04-25 19:58:26.316 70002 INFO tempest.lib.common.rest_client [req-5e620c81-de85-4472-90f1-213fab44ae8b req-5e620c81-de85-4472-90f1-213fab44ae8b ] Request (ServicesAdminTestJSON:test_list_services): 200 GET http://10.180.1.21/compute/v2.1/os-services 0.607s
2025-04-25 19:58:26.373 69978 INFO tempest.lib.common.rest_client [req-bc57bf6d-a355-4ae4-935a-e9c74441c5b7 req-bc57bf6d-a355-4ae4-935a-e9c74441c5b7 ] Request (ServersTestJSON:setUpClass): 200 GET http://10.180.1.21/compute/v2.1/servers/daab1c9b-cf22-4ef3-901b-56dfa26ac10e 0.565s
2025-04-25 19:58:26.382 70012 INFO tempest.lib.common.rest_client [req-d5f18176-ef6e-4a6a-9de8-01d840cb141f req-d5f18176-ef6e-4a6a-9de8-01d840cb141f ] Request (HypervisorAdminV228Test:tearDownClass): 204 DELETE http://10.180.1.21:9696/networking/v2.0/security-groups/1ed3653c-1323-4e53-aa81-f2510b625751 0.088s
2025-04-25 19:58:26.383 70026 INFO tempest.lib.common.rest_client [req-7f69b579-07ef-41d7-beef-0355377b9a75 req-7f69b579-07ef-41d7-beef-0355377b9a75 ] Request (ServersListShow296Test:setUpClass): 201 POST http://10.180.1.21/identity/v3/auth/tokens 0.079s
2025-04-25 19:58:26.403 70010 INFO tempest.lib.common.rest_client [req-c92c1254-07e0-40f5-a3f8-b531bc575953 req-c92c1254-07e0-40f5-a3f8-b531bc575953 ] Request (KeyPairsV210TestJSON:tearDownClass): 204 DELETE http://10.180.1.21/identity/v3/projects/3fcf9950cb2c4348bc70ddb549d6050c 0.115s
2025-04-25 19:58:26.415 70006 INFO tempest.lib.common.rest_client [req-bc61b431-5079-45c2-9f3a-20eeade0987f req-bc61b431-5079-45c2-9f3a-20eeade0987f ] Request (SecurityGroupsTestAdminJSON:_run_cleanups): 202 DELETE http://10.180.1.21/compute/v2.1/os-security-groups/4ca43947-282a-42ad-bbb3-3931411ba338 0.574s
2025-04-25 19:58:26.487 70002 INFO tempest.lib.common.rest_client [req-466c6a97-86f3-4ec7-a1a4-9581065ed8d0 req-466c6a97-86f3-4ec7-a1a4-9581065ed8d0 ] Request (ServicesAdminTestJSON:tearDownClass): 204 DELETE http://10.180.1.21/identity/v3/users/555d87e9401a4d72b0e84b6564838a53 0.166s
2025-04-25 19:58:26.490 70012 INFO tempest.lib.common.rest_client [req-d8e3ad5f-7446-4bcd-8349-84444885852d req-d8e3ad5f-7446-4bcd-8349-84444885852d ] Request (HypervisorAdminV228Test:tearDownClass): 204 DELETE http://10.180.1.21/identity/v3/projects/6de07b7b75dc4ddda09c8d7c19401554 0.107s
2025-04-25 19:58:26.490 70012 INFO tempest.lib.common.dynamic_creds [-] Deleting project and security group for project: 497c643cdac24c628f4ecec41c9c6fdf
2025-04-25 19:58:26.509 69982 INFO tempest.lib.common.rest_client [req-dd289166-e4ae-4a3c-9e97-3227b76ee08d req-dd289166-e4ae-4a3c-9e97-3227b76ee08d ] Request (DeleteServersAdminTestJSON:test_admin_delete_servers_of_others): 200 GET http://10.180.1.21/compute/v2.1/servers/60143b34-5d68-43d8-a7f6-98ed5e54e18f 0.567s
2025-04-25 19:58:26.527 70034 INFO tempest.lib.common.rest_client [req-7352060c-179a-4256-8206-58fe88639dd8 req-7352060c-179a-4256-8206-58fe88639dd8 ] Request (TenantUsagesTestJSON:setUpClass): 200 GET http://10.180.1.21/compute/v2.1/servers/883be72f-71fd-4198-8526-860269573811 0.620s
2025-04-25 19:58:26.547 70026 INFO tempest.lib.common.rest_client [req-50a89867-7c6b-4492-bbe4-00a5c95e48a7 req-50a89867-7c6b-4492-bbe4-00a5c95e48a7 ] Request (ServersListShow296Test:test_list_show_update_rebuild_server_296): 201 POST http://10.180.1.21/identity/v3/auth/tokens 0.159s
2025-04-25 19:58:26.548 70026 INFO tempest.lib.common.fixed_network [-] (ServersListShow296Test:test_list_show_update_rebuild_server_296) Found network None available for tenant
2025-04-25 19:58:26.549 70010 INFO tempest.lib.common.rest_client [req-fe0f481a-6852-4702-9554-35445323900c req-fe0f481a-6852-4702-9554-35445323900c ] Request (ImagesOneServerTestJSON:setUpClass): 201 POST http://10.180.1.21/identity/v3/auth/tokens 0.144s
2025-04-25 19:58:26.553 69992 INFO tempest.lib.common.rest_client [req-d309d21f-685a-4aed-af47-e4148deaafb4 req-d309d21f-685a-4aed-af47-e4148deaafb4 ] Request (FlavorsAdminTestJSON:_run_cleanups): 200 GET http://10.180.1.21/compute/v2.1/flavors/detail 0.510s
2025-04-25 19:58:26.566 70020 INFO tempest.lib.common.rest_client [req-05e5328c-4d3e-4816-98eb-211ac9142f1f req-05e5328c-4d3e-4816-98eb-211ac9142f1f ] Request (HostsAdminNegativeTestJSON:test_startup_nonexistent_host): 404 GET http://10.180.1.21/compute/v2.1/os-hosts/nonexistent_hostname/startup 0.492s
2025-04-25 19:58:26.641 70016 INFO tempest.lib.common.rest_client [req-56f3d0e9-ad0e-4e9f-9604-60d4f1d8f15d req-56f3d0e9-ad0e-4e9f-9604-60d4f1d8f15d ] Request (FlavorsAccessNegativeTestJSON:test_flavor_non_admin_add): 200 POST http://10.180.1.21/compute/v2.1/flavors 0.564s
2025-04-25 19:58:26.669 70012 INFO tempest.lib.common.rest_client [req-7f1e8444-bfec-40ab-a736-1e032033459c req-7f1e8444-bfec-40ab-a736-1e032033459c ] Request (HypervisorAdminV228Test:tearDownClass): 200 GET http://10.180.1.21:9696/networking/v2.0/security-groups?tenant_id=497c643cdac24c628f4ecec41c9c6fdf&name=default 0.178s
2025-04-25 19:58:26.680 70002 INFO tempest.lib.common.rest_client [req-884bf247-a73a-4668-b11e-6d1efc051165 req-884bf247-a73a-4668-b11e-6d1efc051165 ] Request (ServicesAdminTestJSON:tearDownClass): 204 DELETE http://10.180.1.21/identity/v3/users/fe5b66b8bacc4ac7810e2612c6638e72 0.193s
2025-04-25 19:58:26.680 70002 INFO tempest.lib.common.dynamic_creds [-] Deleting project and security group for project: 3172630fafd94c4484085c8bbbc6bb77
2025-04-25 19:58:26.694 70010 INFO tempest.lib.common.rest_client [req-fae4558f-e737-41ae-a26d-e9e94814b643 req-fae4558f-e737-41ae-a26d-e9e94814b643 ] Request (ImagesOneServerTestJSON:setUpClass): 201 POST http://10.180.1.21/identity/v3/auth/tokens 0.143s
2025-04-25 19:58:26.772 70040 INFO tempest.lib.common.rest_client [req-fcce980f-0e7a-479a-b806-f355fc7c5e65 req-fcce980f-0e7a-479a-b806-f355fc7c5e65 ] Request (ServerDiagnosticsTest:test_get_server_diagnostics): 200 GET http://10.180.1.21/compute/v2.1/servers/1630ba71-ab97-409c-b0b6-60eceaaf1b9d 0.690s
2025-04-25 19:58:26.785 70012 INFO tempest.lib.common.rest_client [req-be8a7636-3117-4003-8d81-dde86db168cc req-be8a7636-3117-4003-8d81-dde86db168cc ] Request (HypervisorAdminV228Test:tearDownClass): 204 DELETE http://10.180.1.21:9696/networking/v2.0/security-groups/34a2cf5f-d447-46dd-86f3-e136c589fdd6 0.114s
2025-04-25 19:58:26.786 70040 INFO tempest.common.waiters [-] State transition "BUILD/networking" ==> "BUILD/spawning" after 9 second wait
2025-04-25 19:58:26.808 70002 INFO tempest.lib.common.rest_client [req-b9a79d81-ba33-4b28-87ef-893b4050b765 req-b9a79d81-ba33-4b28-87ef-893b4050b765 ] Request (ServicesAdminTestJSON:tearDownClass): 201 POST http://10.180.1.21/identity/v3/auth/tokens 0.127s
2025-04-25 19:58:26.809 70010 INFO tempest.lib.common.rest_client [req-d834a9e0-47f6-4ad7-90a0-e37b9c6a1bf5 req-d834a9e0-47f6-4ad7-90a0-e37b9c6a1bf5 ] Request (ImagesOneServerTestJSON:setUpClass): 200 GET http://10.180.1.21/identity/v3/domains?name=Default 0.114s
2025-04-25 19:58:26.827 70024 INFO tempest.lib.common.rest_client [req-db2ee23a-94ac-490e-83b0-c4976c30417b req-db2ee23a-94ac-490e-83b0-c4976c30417b ] Request (FloatingIPsAssociationNegativeTestJSON:setUpClass): 200 GET http://10.180.1.21/compute/v2.1/servers/5410ca8f-b92b-41ad-a7c5-914ff64398bd 0.729s
2025-04-25 19:58:26.842 70018 INFO tempest.lib.common.rest_client [req-fe46d17a-0c31-481c-85b7-16cb2b0a74a0 req-fe46d17a-0c31-481c-85b7-16cb2b0a74a0 ] Request (QuotasAdminTestJSON:test_get_updated_quotas): 200 PUT http://10.180.1.21/compute/v2.1/os-quota-sets/e9dee130ff894b08a10834ebd84c0310?user_id=66b49dc7a167479aa545cd79ce5dfdf2 0.800s
2025-04-25 19:58:26.861 70012 INFO tempest.lib.common.rest_client [req-6cfc8e3f-378b-4e9a-b254-e2756ba13d1a req-6cfc8e3f-378b-4e9a-b254-e2756ba13d1a ] Request (HypervisorAdminV228Test:tearDownClass): 204 DELETE http://10.180.1.21/identity/v3/projects/497c643cdac24c628f4ecec41c9c6fdf 0.076s
2025-04-25 19:58:26.876 69996 INFO tempest.lib.common.rest_client [req-a5c29737-306a-491c-b030-246f8710c09f req-a5c29737-306a-491c-b030-246f8710c09f ] Request (ValidationResourcesFixture:setUp): 200 POST http://10.180.1.21/compute/v2.1/os-keypairs 0.756s
2025-04-25 19:58:26.892 70028 INFO tempest.lib.common.rest_client [req-e1f14392-90b5-44c2-9385-d6a740150f4e req-e1f14392-90b5-44c2-9385-d6a740150f4e ] Request (FlavorsAccessTestJSON:_run_cleanups): 202 DELETE http://10.180.1.21/compute/v2.1/flavors/1588015304 0.758s
2025-04-25 19:58:26.899 69990 INFO tempest.lib.common.rest_client [req-91355a62-1f91-4292-94d4-4218faf8ba83 req-91355a62-1f91-4292-94d4-4218faf8ba83 ] Request (AggregatesAdminNegativeTestJSON:test_aggregate_create_aggregate_name_length_exceeds_255): 400 POST http://10.180.1.21/compute/v2.1/os-aggregates 0.749s
2025-04-25 19:58:26.919 70014 INFO tempest.lib.common.rest_client [req-ead2e69d-c1b2-4b17-96cb-a5ce10dbed02 req-ead2e69d-c1b2-4b17-96cb-a5ce10dbed02 ] Request (HostsAdminTestJSON:test_list_hosts_with_zone): 200 GET http://10.180.1.21/compute/v2.1/os-hosts 0.748s
2025-04-25 19:58:26.929 70010 INFO tempest.lib.common.rest_client [req-61f18e7a-330d-4e46-9c77-55f4347a9c82 req-61f18e7a-330d-4e46-9c77-55f4347a9c82 ] Request (ImagesOneServerTestJSON:setUpClass): 201 POST http://10.180.1.21/identity/v3/projects 0.118s
2025-04-25 19:58:26.983 69988 INFO tempest.lib.common.rest_client [req-3167b399-153c-46be-9727-1acd31e05f6e req-3167b399-153c-46be-9727-1acd31e05f6e ] Request (VolumesAssistedSnapshotsTest:test_volume_assisted_snapshot_create_delete): 200 GET http://10.180.1.21/compute/v2.1/servers/d35745c3-a340-4650-9566-3726d0c8b018 0.799s
2025-04-25 19:58:26.994 69996 INFO tempest.lib.common.rest_client [req-a2cf5ebe-ec92-47a4-acd3-f44b016c40d3 req-a2cf5ebe-ec92-47a4-acd3-f44b016c40d3 ] Request (ValidationResourcesFixture:setUp): 201 POST http://10.180.1.21:9696/networking/v2.0/security-groups 0.117s
2025-04-25 19:58:27.046 70032 INFO tempest.lib.common.rest_client [req-8d9d9b4d-b4f7-48ec-bd9e-3e0f0653b7a7 req-8d9d9b4d-b4f7-48ec-bd9e-3e0f0653b7a7 ] Request (ServersListShow2100Test:test_list_show_rebuild_update_server_2100): 200 GET http://10.180.1.21/compute/v2.1/servers/a05eee33-bfda-4a2d-b341-f5a792d98872 0.779s
2025-04-25 19:58:27.052 69986 INFO tempest.lib.common.rest_client [req-b0ce29e5-d39a-49a4-aa8b-b178ae5c7c1f req-b0ce29e5-d39a-49a4-aa8b-b178ae5c7c1f ] Request (ServicesAdminNegativeV253TestJSON:test_list_services_with_non_admin_user): 403 GET http://10.180.1.21/compute/v2.1/os-services 0.947s
2025-04-25 19:58:27.074 70002 INFO tempest.lib.common.rest_client [req-a45f3369-ca22-4c61-9dd3-3f50ca09db42 req-a45f3369-ca22-4c61-9dd3-3f50ca09db42 ] Request (ServicesAdminTestJSON:tearDownClass): 200 GET http://10.180.1.21:9696/networking/v2.0/security-groups?tenant_id=3172630fafd94c4484085c8bbbc6bb77&name=default 0.265s
2025-04-25 19:58:27.076 70012 INFO tempest.lib.common.rest_client [req-47ee342d-332d-4872-8872-00378a194bba req-47ee342d-332d-4872-8872-00378a194bba ] Request (AbsoluteLimitsTestJSON:setUpClass): 201 POST http://10.180.1.21/identity/v3/auth/tokens 0.211s
2025-04-25 19:58:27.080 70022 INFO tempest.lib.common.rest_client [req-f99c4ff6-9508-4c81-945d-7b3df98d3e08 req-f99c4ff6-9508-4c81-945d-7b3df98d3e08 ] Request (KeyPairsV2TestJSON:_run_cleanups): 202 DELETE http://10.180.1.21/compute/v2.1/os-keypairs/tempest-keypair-468590456 0.793s
2025-04-25 19:58:27.109 69996 INFO tempest.lib.common.rest_client [req-de1417bb-f3e3-4673-aa62-f12ae375f517 req-de1417bb-f3e3-4673-aa62-f12ae375f517 ] Request (ValidationResourcesFixture:setUp): 201 POST http://10.180.1.21:9696/networking/v2.0/security-group-rules 0.115s
2025-04-25 19:58:27.114 70010 INFO tempest.lib.common.rest_client [req-451dcb42-5e5a-4b87-b2b3-1fa9ec773fa0 req-451dcb42-5e5a-4b87-b2b3-1fa9ec773fa0 ] Request (ImagesOneServerTestJSON:setUpClass): 201 POST http://10.180.1.21/identity/v3/users 0.185s
2025-04-25 19:58:27.165 70030 INFO tempest.lib.common.rest_client [req-3b53d5d3-44e9-4d2b-b142-6ab59c18a7dc req-3b53d5d3-44e9-4d2b-b142-6ab59c18a7dc ] Request (AttachInterfacesV270Test:test_create_get_list_interfaces): 200 GET http://10.180.1.21/compute/v2.1/servers/7c793ce4-7eab-4cfe-8c5c-6fa5e973cc5e 0.761s
2025-04-25 19:58:27.178 69986 INFO tempest.lib.common.rest_client [req-10c37e3c-683b-40ce-b8d5-17b934c1e3a8 req-10c37e3c-683b-40ce-b8d5-17b934c1e3a8 ] Request (ServicesAdminNegativeV253TestJSON:tearDownClass): 204 DELETE http://10.180.1.21/identity/v3/users/f14bbe38505e44b68570140c14f3cc8e 0.125s
2025-04-25 19:58:27.186 70012 INFO tempest.lib.common.rest_client [req-feeb10f7-292b-4099-96e3-bc6c3877de0d req-feeb10f7-292b-4099-96e3-bc6c3877de0d ] Request (AbsoluteLimitsTestJSON:setUpClass): 201 POST http://10.180.1.21/identity/v3/auth/tokens 0.107s
2025-04-25 19:58:27.203 70002 INFO tempest.lib.common.rest_client [req-ca559836-515c-4308-93c0-ee626c76b3e6 req-ca559836-515c-4308-93c0-ee626c76b3e6 ] Request (ServicesAdminTestJSON:tearDownClass): 204 DELETE http://10.180.1.21:9696/networking/v2.0/security-groups/3f105d77-aae9-4924-b994-513ab71e9eeb 0.129s
2025-04-25 19:58:27.226 70010 INFO tempest.lib.common.rest_client [req-151324b6-29ac-4dbc-9cb7-c2cc88a90302 req-151324b6-29ac-4dbc-9cb7-c2cc88a90302 ] Request (ImagesOneServerTestJSON:setUpClass): 200 GET http://10.180.1.21/identity/v3/roles 0.112s
2025-04-25 19:58:27.229 69996 INFO tempest.lib.common.rest_client [req-cd61c3fd-bdeb-4e6b-b221-5f3bc505f188 req-cd61c3fd-bdeb-4e6b-b221-5f3bc505f188 ] Request (ValidationResourcesFixture:setUp): 201 POST http://10.180.1.21:9696/networking/v2.0/security-group-rules 0.118s
2025-04-25 19:58:27.292 70006 INFO tempest.lib.common.rest_client [req-0d82cbdd-d044-4f8d-9ef9-b4f55c1f45d6 req-0d82cbdd-d044-4f8d-9ef9-b4f55c1f45d6 ] Request (SecurityGroupsTestAdminJSON:_run_cleanups): 202 DELETE http://10.180.1.21/compute/v2.1/os-security-groups/efe04f57-8438-4eaf-bd17-1c889bed3b03 0.876s
2025-04-25 19:58:27.326 70012 INFO tempest.lib.common.rest_client [req-67626b15-2fe0-44bb-8f7b-ee26953153f1 req-67626b15-2fe0-44bb-8f7b-ee26953153f1 ] Request (AbsoluteLimitsTestJSON:setUpClass): 200 GET http://10.180.1.21/identity/v3/domains?name=Default 0.139s
2025-04-25 19:58:27.339 69986 INFO tempest.lib.common.rest_client [req-560c9e0f-a866-4e7b-81e8-d05d6eabf9e7 req-560c9e0f-a866-4e7b-81e8-d05d6eabf9e7 ] Request (ServicesAdminNegativeV253TestJSON:tearDownClass): 204 DELETE http://10.180.1.21/identity/v3/users/722d3b229caa43fd916f0a393ff08265 0.161s
2025-04-25 19:58:27.340 69986 INFO tempest.lib.common.dynamic_creds [-] Deleting project and security group for project: 3d5300e6ec18445082d3c5faba8237b9
2025-04-25 19:58:27.347 69980 INFO tempest.lib.common.rest_client [req-0ff69812-a035-4d4c-a589-b98628b2c6f6 req-0ff69812-a035-4d4c-a589-b98628b2c6f6 ] Request (QuotasAdminNegativeTest:test_create_server_when_cpu_quota_is_full): 200 PUT http://10.180.1.21/compute/v2.1/os-quota-sets/0e1f72ab89ed474eb6b9d9061e598e96 1.073s
2025-04-25 19:58:27.366 69992 INFO tempest.lib.common.rest_client [req-fd8ce4e5-baf6-4baa-b949-43f10df41d30 req-fd8ce4e5-baf6-4baa-b949-43f10df41d30 ] Request (FlavorsAdminTestJSON:test_create_flavor_with_none_id): 200 POST http://10.180.1.21/compute/v2.1/flavors 0.806s
2025-04-25 19:58:27.370 70020 INFO tempest.lib.common.rest_client [req-5ee3987b-4158-4e65-9ffa-a84c30c14b9e req-5ee3987b-4158-4e65-9ffa-a84c30c14b9e ] Request (HostsAdminNegativeTestJSON:test_update_host_with_invalid_maintenance_mode): 400 PUT http://10.180.1.21/compute/v2.1/os-hosts/devstack 0.802s
2025-04-25 19:58:27.402 70010 INFO tempest.lib.common.rest_client [req-03715b54-213c-4d7b-ae10-e91eaeb8e1a8 req-03715b54-213c-4d7b-ae10-e91eaeb8e1a8 ] Request (ImagesOneServerTestJSON:setUpClass): 204 PUT http://10.180.1.21/identity/v3/projects/d83959f642e74833bd0ae5233d49d0e1/users/afa0b7db3f2b4c5ab42b204d3e3aed7b/roles/2678565713c642dd90952cc99fb0645d 0.175s
2025-04-25 19:58:27.403 70010 INFO tempest.lib.common.dynamic_creds [-] Dynamic test user afa0b7db3f2b4c5ab42b204d3e3aed7b is created with scope project and roles: ['member']
2025-04-25 19:58:27.403 70010 INFO tempest.lib.common.dynamic_creds [-] Acquired dynamic creds: credentials: Credentials: {'domain_id': 'default', 'domain_name': 'Default', 'username': 'tempest-ImagesOneServerTestJSON-180740883-project-member', 'project_domain_id': 'default', 'project_domain_name': 'Default', 'project_id': 'd83959f642e74833bd0ae5233d49d0e1', 'project_name': 'tempest-ImagesOneServerTestJSON-180740883', 'tenant_id': 'd83959f642e74833bd0ae5233d49d0e1', 'tenant_name': 'tempest-ImagesOneServerTestJSON-180740883', 'user_domain_id': 'default', 'user_domain_name': 'Default', 'user_id': 'afa0b7db3f2b4c5ab42b204d3e3aed7b', 'system': None}, Network: None, Subnet: None, Router: None
2025-04-25 19:58:27.434 70002 INFO tempest.lib.common.rest_client [req-c83e0063-cb15-4593-8a71-d500cea4fb0a req-c83e0063-cb15-4593-8a71-d500cea4fb0a ] Request (ServicesAdminTestJSON:tearDownClass): 204 DELETE http://10.180.1.21/identity/v3/projects/3172630fafd94c4484085c8bbbc6bb77 0.230s
2025-04-25 19:58:27.436 70002 INFO tempest.lib.common.dynamic_creds [-] Deleting project and security group for project: eae300b3f9324444aa0a347906032914
2025-04-25 19:58:27.528 70012 INFO tempest.lib.common.rest_client [req-57b960d1-6928-4d86-886a-27233338ae5d req-57b960d1-6928-4d86-886a-27233338ae5d ] Request (AbsoluteLimitsTestJSON:setUpClass): 201 POST http://10.180.1.21/identity/v3/projects 0.201s
2025-04-25 19:58:27.529 70002 INFO tempest.lib.common.rest_client [req-9e5cab18-469a-41ef-a270-9b3359b2c92b req-9e5cab18-469a-41ef-a270-9b3359b2c92b ] Request (ServicesAdminTestJSON:tearDownClass): 200 GET http://10.180.1.21:9696/networking/v2.0/security-groups?tenant_id=eae300b3f9324444aa0a347906032914&name=default 0.093s
2025-04-25 19:58:27.550 69996 INFO tempest.lib.common.rest_client [req-34dd77d2-de56-48a2-9d62-6b41b929d930 req-34dd77d2-de56-48a2-9d62-6b41b929d930 ] Request (ValidationResourcesFixture:setUp): 201 POST http://10.180.1.21:9696/networking/v2.0/floatingips 0.321s
2025-04-25 19:58:27.563 69986 INFO tempest.lib.common.rest_client [req-cc73bec0-69be-4578-b8fa-2050b43e0986 req-cc73bec0-69be-4578-b8fa-2050b43e0986 ] Request (ServicesAdminNegativeV253TestJSON:tearDownClass): 201 POST http://10.180.1.21/identity/v3/auth/tokens 0.223s
2025-04-25 19:58:27.576 69980 INFO tempest.lib.common.rest_client [req-8191695a-c86d-4852-a732-eb94d9e7bd28 req-8191695a-c86d-4852-a732-eb94d9e7bd28 ] Request (QuotasAdminNegativeTest:test_create_server_when_cpu_quota_is_full): 201 POST http://10.180.1.21/identity/v3/auth/tokens 0.222s
2025-04-25 19:58:27.577 69980 INFO tempest.lib.common.fixed_network [-] (QuotasAdminNegativeTest:test_create_server_when_cpu_quota_is_full) Found network None available for tenant
2025-04-25 19:58:27.596 70010 INFO tempest.lib.common.rest_client [req-e4882c3b-a07e-40a3-a93c-9fd450be774f req-e4882c3b-a07e-40a3-a93c-9fd450be774f ] Request (ImagesOneServerTestJSON:setUpClass): 201 POST http://10.180.1.21/identity/v3/auth/tokens 0.193s
2025-04-25 19:58:27.615 70002 INFO tempest.lib.common.rest_client [req-58f67190-f405-4398-a6e7-a38af3928b1b req-58f67190-f405-4398-a6e7-a38af3928b1b ] Request (ServicesAdminTestJSON:tearDownClass): 204 DELETE http://10.180.1.21:9696/networking/v2.0/security-groups/7e3cca38-b903-4107-b5b1-5b6a620b7051 0.085s
2025-04-25 19:58:27.642 70026 INFO tempest.lib.common.rest_client [req-e8da5a7e-1589-4320-8629-7b6295fdd6e3 req-e8da5a7e-1589-4320-8629-7b6295fdd6e3 ] Request (ServersListShow296Test:test_list_show_update_rebuild_server_296): 202 POST http://10.180.1.21/compute/v2.1/servers 1.093s
2025-04-25 19:58:27.661 70016 INFO tempest.lib.common.rest_client [req-a562aec1-f443-4f90-8088-e1f7249955b8 req-a562aec1-f443-4f90-8088-e1f7249955b8 ] Request (FlavorsAccessNegativeTestJSON:test_flavor_non_admin_add): 403 POST http://10.180.1.21/compute/v2.1/flavors/571372291/action 1.017s
2025-04-25 19:58:27.678 70012 INFO tempest.lib.common.rest_client [req-8bab983e-f5f4-4f51-b67f-537fc2074b24 req-8bab983e-f5f4-4f51-b67f-537fc2074b24 ] Request (AbsoluteLimitsTestJSON:setUpClass): 201 POST http://10.180.1.21/identity/v3/users 0.150s
2025-04-25 19:58:27.721 69984 INFO tempest.lib.common.rest_client [req-6d4555c7-38df-4adf-b6f8-4ccdfd57c302 req-6d4555c7-38df-4adf-b6f8-4ccdfd57c302 ] Request (ListImageFiltersTestJSON:setUpClass): 204 PUT http://10.180.1.21/image/v2/images/c3c6eff8-64de-4840-8aa6-686a6e952365/file 1.230s
2025-04-25 19:58:27.722 70008 INFO tempest.lib.common.rest_client [req-042897dd-443a-4907-a358-7f7701a9e9cd req-042897dd-443a-4907-a358-7f7701a9e9cd ] Request (MigrationsAdminTest:test_list_migrations_in_flavor_resize_situation): 200 GET http://10.180.1.21/compute/v2.1/servers/2b73a142-8d85-4ef8-8fe6-940dda6d6521 1.030s
2025-04-25 19:58:27.730 69996 INFO tempest.lib.common.rest_client [req-574774c6-54ed-434e-b84d-26e6d713c19d req-574774c6-54ed-434e-b84d-26e6d713c19d ] Request (ServersWithSpecificFlavorTestJSON:test_verify_created_server_ephemeral_disk): 201 POST http://10.180.1.21/identity/v3/auth/tokens 0.171s
2025-04-25 19:58:27.730 69996 INFO tempest.lib.common.fixed_network [-] (ServersWithSpecificFlavorTestJSON:test_verify_created_server_ephemeral_disk) Found network {'id': '257d4b91-acab-4abb-9480-f26dc94d99e1', 'name': 'tempest-ServersWithSpecificFlavorTestJSON-1089910322-network', 'tenant_id': 'b1c919d4d14746e5b9cb5a9e6046cf64', 'admin_state_up': True, 'mtu': 8950, 'status': 'ACTIVE', 'subnets': [], 'shared': False, 'project_id': 'b1c919d4d14746e5b9cb5a9e6046cf64', 'port_security_enabled': True, 'router:external': False, 'provider:network_type': 'vlan', 'provider:physical_network': 'default', 'provider:segmentation_id': 460, 'availability_zone_hints': [], 'availability_zones': [], 'ipv4_address_scope': None, 'ipv6_address_scope': None, 'description': '', 'tags': [], 'created_at': '2025-04-25T19:58:06Z', 'updated_at': '2025-04-25T19:58:06Z', 'revision_number': 1} available for tenant
2025-04-25 19:58:27.739 70000 INFO tempest.lib.common.rest_client [req-282a2a75-1b3a-4e7c-ad30-4aef9b8e5f60 req-282a2a75-1b3a-4e7c-ad30-4aef9b8e5f60 ] Request (InstanceActionsV221TestJSON:test_get_list_deleted_instance_actions): 200 GET http://10.180.1.21/compute/v2.1/servers/6d276c01-142d-4814-9a6e-52da8bc20897 0.938s
2025-04-25 19:58:27.771 70012 INFO tempest.lib.common.rest_client [req-38e8ac48-880a-473d-a936-7cf75f862807 req-38e8ac48-880a-473d-a936-7cf75f862807 ] Request (AbsoluteLimitsTestJSON:setUpClass): 200 GET http://10.180.1.21/identity/v3/roles 0.091s
2025-04-25 19:58:27.799 70038 INFO tempest.lib.common.rest_client [req-545d2630-4d2c-425e-b4ec-14761c61b2ee req-545d2630-4d2c-425e-b4ec-14761c61b2ee ] Request (VolumesAdminNegativeTest:test_update_attached_volume_with_nonexistent_volume_in_body): 200 GET http://10.180.1.21/compute/v2.1/servers/e46d11e1-2931-4ed2-907e-1577961e3d03 0.931s
2025-04-25 19:58:27.813 70012 INFO tempest.lib.common.rest_client [req-661c2686-36ef-4d40-b845-466f2c713121 req-661c2686-36ef-4d40-b845-466f2c713121 ] Request (AbsoluteLimitsTestJSON:setUpClass): 204 PUT http://10.180.1.21/identity/v3/projects/173ca41fe551444b860f17c14d00ce4f/users/12153c40027c4b67a631a02ac46a5868/roles/2678565713c642dd90952cc99fb0645d 0.042s
2025-04-25 19:58:27.813 70012 INFO tempest.lib.common.dynamic_creds [-] Dynamic test user 12153c40027c4b67a631a02ac46a5868 is created with scope project and roles: ['member']
2025-04-25 19:58:27.814 70012 INFO tempest.lib.common.dynamic_creds [-] Acquired dynamic creds: credentials: Credentials: {'domain_id': 'default', 'domain_name': 'Default', 'username': 'tempest-AbsoluteLimitsTestJSON-1961684423-project-member', 'project_domain_id': 'default', 'project_domain_name': 'Default', 'project_id': '173ca41fe551444b860f17c14d00ce4f', 'project_name': 'tempest-AbsoluteLimitsTestJSON-1961684423', 'tenant_id': '173ca41fe551444b860f17c14d00ce4f', 'tenant_name': 'tempest-AbsoluteLimitsTestJSON-1961684423', 'user_domain_id': 'default', 'user_domain_name': 'Default', 'user_id': '12153c40027c4b67a631a02ac46a5868', 'system': None}, Network: None, Subnet: None, Router: None
2025-04-25 19:58:27.814 70012 INFO tempest.lib.common.dynamic_creds [-] Created isolated network resources for: credentials: Credentials: {'domain_id': 'default', 'domain_name': 'Default', 'username': 'tempest-AbsoluteLimitsTestJSON-1961684423-project-member', 'project_domain_id': 'default', 'project_domain_name': 'Default', 'project_id': '173ca41fe551444b860f17c14d00ce4f', 'project_name': 'tempest-AbsoluteLimitsTestJSON-1961684423', 'tenant_id': '173ca41fe551444b860f17c14d00ce4f', 'tenant_name': 'tempest-AbsoluteLimitsTestJSON-1961684423', 'user_domain_id': 'default', 'user_domain_name': 'Default', 'user_id': '12153c40027c4b67a631a02ac46a5868', 'system': None}, Network: None, Subnet: None, Router: None
2025-04-25 19:58:27.825 70002 INFO tempest.lib.common.rest_client [req-a98d50d0-0dae-4088-a9e4-c84f6bdf3e6b req-a98d50d0-0dae-4088-a9e4-c84f6bdf3e6b ] Request (ServicesAdminTestJSON:tearDownClass): 204 DELETE http://10.180.1.21/identity/v3/projects/eae300b3f9324444aa0a347906032914 0.210s
2025-04-25 19:58:27.829 70028 INFO tempest.lib.common.rest_client [req-735c7296-8c42-4530-bcf2-e771d260401c req-735c7296-8c42-4530-bcf2-e771d260401c ] Request (FlavorsAccessTestJSON:_run_cleanups): 200 GET http://10.180.1.21/compute/v2.1/flavors/detail 0.937s
2025-04-25 19:58:27.836 69990 INFO tempest.lib.common.rest_client [req-f80a0ae9-258b-4fcc-99c2-fc411abba897 req-f80a0ae9-258b-4fcc-99c2-fc411abba897 ] Request (AggregatesAdminNegativeTestJSON:test_aggregate_create_aggregate_name_length_less_than_1): 400 POST http://10.180.1.21/compute/v2.1/os-aggregates 0.935s
2025-04-25 19:58:27.856 70014 INFO tempest.lib.common.rest_client [req-f501d253-0c3a-456e-95a7-784855f40ad0 req-f501d253-0c3a-456e-95a7-784855f40ad0 ] Request (HostsAdminTestJSON:test_list_hosts_with_zone): 200 GET http://10.180.1.21/compute/v2.1/os-hosts?zone=internal 0.936s
2025-04-25 19:58:27.899 70012 INFO tempest.lib.common.rest_client [req-a49fed25-4f81-42d2-862c-2ec0e23ab3f2 req-a49fed25-4f81-42d2-862c-2ec0e23ab3f2 ] Request (AbsoluteLimitsTestJSON:setUpClass): 201 POST http://10.180.1.21/identity/v3/auth/tokens 0.078s
2025-04-25 19:58:27.929 69986 INFO tempest.lib.common.rest_client [req-a12d6b8f-3ea1-40e1-af0b-3dd5369892fc req-a12d6b8f-3ea1-40e1-af0b-3dd5369892fc ] Request (ServicesAdminNegativeV253TestJSON:tearDownClass): 200 GET http://10.180.1.21:9696/networking/v2.0/security-groups?tenant_id=3d5300e6ec18445082d3c5faba8237b9&name=default 0.366s
2025-04-25 19:58:27.933 70018 INFO tempest.lib.common.rest_client [req-a779d580-ff5e-4eb3-8c44-c51e3ff5ccaf req-a779d580-ff5e-4eb3-8c44-c51e3ff5ccaf ] Request (QuotasAdminTestJSON:test_get_updated_quotas): 200 GET http://10.180.1.21/compute/v2.1/os-quota-sets/e9dee130ff894b08a10834ebd84c0310?user_id=66b49dc7a167479aa545cd79ce5dfdf2 1.089s
2025-04-25 19:58:27.972 70022 INFO tempest.lib.common.rest_client [req-a6f62cb5-db4a-4650-8f4e-6c247c87861d req-a6f62cb5-db4a-4650-8f4e-6c247c87861d ] Request (KeyPairsV2TestJSON:test_keypair_create_delete): 200 POST http://10.180.1.21/compute/v2.1/os-keypairs 0.890s
2025-04-25 19:58:27.973 70002 INFO tempest.lib.common.rest_client [req-e96a3de0-33be-48d7-b794-142696563aa8 req-e96a3de0-33be-48d7-b794-142696563aa8 ] Request (ListServersNegativeTestJSON:setUpClass): 201 POST http://10.180.1.21/identity/v3/auth/tokens 0.146s
2025-04-25 19:58:28.006 70036 INFO tempest.lib.common.rest_client [req-f13caff6-c905-456d-86b6-27bdd97f0306 req-f13caff6-c905-456d-86b6-27bdd97f0306 ] Request (FloatingIPsAssociationTestJSON:setUpClass): 200 GET http://10.180.1.21/compute/v2.1/servers/b98cd2dd-d19d-461f-ba5b-8d00c7aaf14c 0.976s
2025-04-25 19:58:28.033 70028 INFO tempest.lib.common.rest_client [req-eeb55c3c-815f-4cec-a1d4-ba060b21f7c1 req-eeb55c3c-815f-4cec-a1d4-ba060b21f7c1 ] Request (FlavorsAccessTestJSON:tearDownClass): 204 DELETE http://10.180.1.21/identity/v3/users/6dd83f05dd79406fbca3706a562e3dd5 0.198s
2025-04-25 19:58:28.035 70004 INFO tempest.lib.common.rest_client [req-c4bfdfe0-4c8d-44d2-9c6e-2e699236eec2 req-c4bfdfe0-4c8d-44d2-9c6e-2e699236eec2 ] Request (ServerExternalEventsTest:test_create_server_external_events): 200 GET http://10.180.1.21/compute/v2.1/servers/23ef84be-eb8c-46e3-a8df-d9843024f3fe 0.796s
2025-04-25 19:58:28.050 70018 INFO tempest.lib.common.rest_client [req-31346419-a39a-464b-b350-1bd0f27b5907 req-31346419-a39a-464b-b350-1bd0f27b5907 ] Request (QuotasAdminTestJSON:_run_cleanups): 204 DELETE http://10.180.1.21/identity/v3/users/66b49dc7a167479aa545cd79ce5dfdf2 0.115s
2025-04-25 19:58:28.075 69986 INFO tempest.lib.common.rest_client [req-58e82193-1f28-4eb0-b2c9-f3578fd2a68a req-58e82193-1f28-4eb0-b2c9-f3578fd2a68a ] Request (ServicesAdminNegativeV253TestJSON:tearDownClass): 204 DELETE http://10.180.1.21:9696/networking/v2.0/security-groups/dd47694c-0de6-43f5-b73c-953c58a7e5cd 0.145s
2025-04-25 19:58:28.098 70002 INFO tempest.lib.common.rest_client [req-3102b4da-206f-415f-b596-cbe89d8f1eb9 req-3102b4da-206f-415f-b596-cbe89d8f1eb9 ] Request (ListServersNegativeTestJSON:setUpClass): 201 POST http://10.180.1.21/identity/v3/auth/tokens 0.122s
2025-04-25 19:58:28.110 70006 INFO tempest.lib.common.rest_client [req-b2ca8a1c-58bf-48a8-9810-ff023622eca2 req-b2ca8a1c-58bf-48a8-9810-ff023622eca2 ] Request (SecurityGroupsTestAdminJSON:_run_cleanups): 202 DELETE http://10.180.1.21/compute/v2.1/os-security-groups/cd4e0377-c121-4e50-a248-23dd09dfa5f0 0.818s
2025-04-25 19:58:28.119 69994 INFO tempest.lib.common.rest_client [req-d928206d-14a6-4837-8562-8c0b8784ef11 req-d928206d-14a6-4837-8562-8c0b8784ef11 ] Request (ServersAdmin275Test:test_rebuild_update_server_275): 200 GET http://10.180.1.21/compute/v2.1/servers/39991d8e-84ec-4ef7-b76d-ddd39ff4c1b9 0.807s
2025-04-25 19:58:28.121 70010 INFO tempest.lib.common.rest_client [req-602457e4-d5d9-4fb3-8dd9-e9fd3b2d5507 req-602457e4-d5d9-4fb3-8dd9-e9fd3b2d5507 ] Request (ImagesOneServerTestJSON:setUpClass): 201 POST http://10.180.1.21:9696/networking/v2.0/networks 0.524s
2025-04-25 19:58:28.132 70020 INFO tempest.lib.common.rest_client [req-f753fb97-3f8f-4a05-8a32-05f0058b2b05 req-f753fb97-3f8f-4a05-8a32-05f0058b2b05 ] Request (HostsAdminNegativeTestJSON:test_update_host_with_invalid_status): 400 PUT http://10.180.1.21/compute/v2.1/os-hosts/devstack 0.761s
2025-04-25 19:58:28.134 69994 INFO tempest.common.waiters [-] State transition "BUILD/None" ==> "BUILD/block_device_mapping" after 9 second wait
2025-04-25 19:58:28.138 69992 INFO tempest.lib.common.rest_client [req-a2aec1ba-c441-4291-96e5-eda0b745c90a req-a2aec1ba-c441-4291-96e5-eda0b745c90a ] Request (FlavorsAdminTestJSON:_run_cleanups): 202 DELETE http://10.180.1.21/compute/v2.1/flavors/8949206c-4a20-4be3-8fe2-f049ba2929db 0.768s
2025-04-25 19:58:28.158 70028 INFO tempest.lib.common.rest_client [req-e40b9e47-7de7-469c-bd03-793dbcfbeb8d req-e40b9e47-7de7-469c-bd03-793dbcfbeb8d ] Request (FlavorsAccessTestJSON:tearDownClass): 204 DELETE http://10.180.1.21/identity/v3/users/00d4b590643b449dbb4df18e6236dede 0.124s
2025-04-25 19:58:28.158 70028 INFO tempest.lib.common.dynamic_creds [-] Deleting project and security group for project: e3f698e19e364f809299ae927b313745
2025-04-25 19:58:28.216 69978 INFO tempest.lib.common.rest_client [req-64d19e40-052f-44c5-b4ca-b2061c83d11b req-64d19e40-052f-44c5-b4ca-b2061c83d11b ] Request (ServersTestJSON:setUpClass): 200 GET http://10.180.1.21/compute/v2.1/servers/daab1c9b-cf22-4ef3-901b-56dfa26ac10e 0.834s
2025-04-25 19:58:28.228 70018 INFO tempest.lib.common.rest_client [req-4bd3e719-e8ba-4fa4-b60a-95d1dfad5c61 req-4bd3e719-e8ba-4fa4-b60a-95d1dfad5c61 ] Request (QuotasAdminTestJSON:_run_cleanups): 204 DELETE http://10.180.1.21/identity/v3/projects/e9dee130ff894b08a10834ebd84c0310 0.178s
2025-04-25 19:58:28.279 69982 INFO tempest.lib.common.rest_client [req-fdb8cdf3-4304-4d66-9325-77b61020df44 req-fdb8cdf3-4304-4d66-9325-77b61020df44 ] Request (DeleteServersAdminTestJSON:test_admin_delete_servers_of_others): 200 GET http://10.180.1.21/compute/v2.1/servers/60143b34-5d68-43d8-a7f6-98ed5e54e18f 0.761s
2025-04-25 19:58:28.294 69986 INFO tempest.lib.common.rest_client [req-da98e966-9c31-47f2-82da-d5b4449cef80 req-da98e966-9c31-47f2-82da-d5b4449cef80 ] Request (ServicesAdminNegativeV253TestJSON:tearDownClass): 204 DELETE http://10.180.1.21/identity/v3/projects/3d5300e6ec18445082d3c5faba8237b9 0.219s
2025-04-25 19:58:28.295 69986 INFO tempest.lib.common.dynamic_creds [-] Deleting project and security group for project: 3ed99de9d6ea466c9dede1e1d38a7142
2025-04-25 19:58:28.325 70002 INFO tempest.lib.common.rest_client [req-3f61caca-6852-488f-8b05-6dd20700e4af req-3f61caca-6852-488f-8b05-6dd20700e4af ] Request (ListServersNegativeTestJSON:setUpClass): 200 GET http://10.180.1.21/identity/v3/domains?name=Default 0.227s
2025-04-25 19:58:28.346 70028 INFO tempest.lib.common.rest_client [req-5584d96d-ddcb-43b2-bf54-858c603096e6 req-5584d96d-ddcb-43b2-bf54-858c603096e6 ] Request (FlavorsAccessTestJSON:tearDownClass): 201 POST http://10.180.1.21/identity/v3/auth/tokens 0.187s
2025-04-25 19:58:28.380 70006 INFO tempest.lib.common.rest_client [req-ede79a67-9353-4011-b581-b9300f877a59 req-ede79a67-9353-4011-b581-b9300f877a59 ] Request (SecurityGroupsTestAdminJSON:tearDownClass): 204 DELETE http://10.180.1.21/identity/v3/users/bd7a033ae5524a29b3815f4de3edc4e6 0.264s
2025-04-25 19:58:28.393 69986 INFO tempest.lib.common.rest_client [req-0969483a-3d86-4c5e-8863-0de1c06525e2 req-0969483a-3d86-4c5e-8863-0de1c06525e2 ] Request (ServicesAdminNegativeV253TestJSON:tearDownClass): 200 GET http://10.180.1.21:9696/networking/v2.0/security-groups?tenant_id=3ed99de9d6ea466c9dede1e1d38a7142&name=default 0.098s
2025-04-25 19:58:28.400 70034 INFO tempest.lib.common.rest_client [req-7ab36d67-5d7a-40f5-8de0-783be83ec1d8 req-7ab36d67-5d7a-40f5-8de0-783be83ec1d8 ] Request (TenantUsagesTestJSON:setUpClass): 200 GET http://10.180.1.21/compute/v2.1/servers/883be72f-71fd-4198-8526-860269573811 0.859s
2025-04-25 19:58:28.436 70002 INFO tempest.lib.common.rest_client [req-88396511-8b70-4579-8006-0faf314071f0 req-88396511-8b70-4579-8006-0faf314071f0 ] Request (ListServersNegativeTestJSON:setUpClass): 201 POST http://10.180.1.21/identity/v3/projects 0.110s
2025-04-25 19:58:28.492 70026 INFO tempest.lib.common.rest_client [req-e44fe30b-2119-4053-904f-dc874bf9951f req-e44fe30b-2119-4053-904f-dc874bf9951f ] Request (ServersListShow296Test:test_list_show_update_rebuild_server_296): 200 GET http://10.180.1.21/compute/v2.1/servers/db8d5037-bee1-4225-8658-78c8844b6f62 0.848s
2025-04-25 19:58:28.504 69986 INFO tempest.lib.common.rest_client [req-f3170700-25c1-4573-94ef-63ddafc22291 req-f3170700-25c1-4573-94ef-63ddafc22291 ] Request (ServicesAdminNegativeV253TestJSON:tearDownClass): 204 DELETE http://10.180.1.21:9696/networking/v2.0/security-groups/8cb71d44-e5a7-4052-a50b-1f07eeff2bb9 0.110s
2025-04-25 19:58:28.514 70016 INFO tempest.lib.common.rest_client [req-5081344b-e276-48c8-89d5-f52ac83b67b9 req-5081344b-e276-48c8-89d5-f52ac83b67b9 ] Request (FlavorsAccessNegativeTestJSON:_run_cleanups): 202 DELETE http://10.180.1.21/compute/v2.1/flavors/571372291 0.851s
2025-04-25 19:58:28.517 70010 INFO tempest.lib.common.rest_client [req-a769e5f8-b4c4-43b5-b220-495b4ec8b35a req-a769e5f8-b4c4-43b5-b220-495b4ec8b35a ] Request (ImagesOneServerTestJSON:setUpClass): 201 POST http://10.180.1.21:9696/networking/v2.0/subnets 0.396s
2025-04-25 19:58:28.551 69984 INFO tempest.lib.common.rest_client [req-c6068f41-8b4a-4dbe-8c96-9237c1aa2cd5 req-c6068f41-8b4a-4dbe-8c96-9237c1aa2cd5 ] Request (ListImageFiltersTestJSON:setUpClass): 200 GET http://10.180.1.21/compute/v2.1/images/c3c6eff8-64de-4840-8aa6-686a6e952365 0.829s
2025-04-25 19:58:28.564 70002 INFO tempest.lib.common.rest_client [req-a8b65b4f-b009-4003-a42a-d79de963fcf8 req-a8b65b4f-b009-4003-a42a-d79de963fcf8 ] Request (ListServersNegativeTestJSON:setUpClass): 201 POST http://10.180.1.21/identity/v3/users 0.128s
2025-04-25 19:58:28.572 70006 INFO tempest.lib.common.rest_client [req-321204ae-c6b7-41d4-aa4f-beee263a3627 req-321204ae-c6b7-41d4-aa4f-beee263a3627 ] Request (SecurityGroupsTestAdminJSON:tearDownClass): 204 DELETE http://10.180.1.21/identity/v3/users/6bf5ed0b817e4cb7bbdaef0e33371ea2 0.191s
2025-04-25 19:58:28.572 70006 INFO tempest.lib.common.dynamic_creds [-] Deleting project and security group for project: f014e335d62c4b71ab81ac73402ef9be
2025-04-25 19:58:28.631 70002 INFO tempest.lib.common.rest_client [req-2d787821-bd8b-4482-b32e-8f8ffcbabe39 req-2d787821-bd8b-4482-b32e-8f8ffcbabe39 ] Request (ListServersNegativeTestJSON:setUpClass): 200 GET http://10.180.1.21/identity/v3/roles 0.067s
2025-04-25 19:58:28.669 69986 INFO tempest.lib.common.rest_client [req-16d03db9-139b-44ce-9560-a94abc8d2759 req-16d03db9-139b-44ce-9560-a94abc8d2759 ] Request (ServicesAdminNegativeV253TestJSON:tearDownClass): 204 DELETE http://10.180.1.21/identity/v3/projects/3ed99de9d6ea466c9dede1e1d38a7142 0.165s
2025-04-25 19:58:28.710 70006 INFO tempest.lib.common.rest_client [req-562f3014-b526-43cd-ba4a-bf45671688a6 req-562f3014-b526-43cd-ba4a-bf45671688a6 ] Request (SecurityGroupsTestAdminJSON:tearDownClass): 201 POST http://10.180.1.21/identity/v3/auth/tokens 0.137s
2025-04-25 19:58:28.727 70002 INFO tempest.lib.common.rest_client [req-9568e93a-6c0c-477a-be82-766669d2eee8 req-9568e93a-6c0c-477a-be82-766669d2eee8 ] Request (ListServersNegativeTestJSON:setUpClass): 204 PUT http://10.180.1.21/identity/v3/projects/882e8f11135941d7b8996998e9e05ff6/users/dc658fa1c0dc4b23ae42482427ec31c2/roles/2678565713c642dd90952cc99fb0645d 0.095s
2025-04-25 19:58:28.728 70002 INFO tempest.lib.common.dynamic_creds [-] Dynamic test user dc658fa1c0dc4b23ae42482427ec31c2 is created with scope project and roles: ['member']
2025-04-25 19:58:28.728 70002 INFO tempest.lib.common.dynamic_creds [-] Acquired dynamic creds: credentials: Credentials: {'domain_id': 'default', 'domain_name': 'Default', 'username': 'tempest-ListServersNegativeTestJSON-1033257655-project-member', 'project_domain_id': 'default', 'project_domain_name': 'Default', 'project_id': '882e8f11135941d7b8996998e9e05ff6', 'project_name': 'tempest-ListServersNegativeTestJSON-1033257655', 'tenant_id': '882e8f11135941d7b8996998e9e05ff6', 'tenant_name': 'tempest-ListServersNegativeTestJSON-1033257655', 'user_domain_id': 'default', 'user_domain_name': 'Default', 'user_id': 'dc658fa1c0dc4b23ae42482427ec31c2', 'system': None}, Network: None, Subnet: None, Router: None
2025-04-25 19:58:28.768 69986 INFO tempest.lib.common.rest_client [req-a07e0a96-e3a4-4843-8329-66fe053b9fe3 req-a07e0a96-e3a4-4843-8329-66fe053b9fe3 ] Request (ListImagesTestJSON:setUpClass): 201 POST http://10.180.1.21/identity/v3/auth/tokens 0.097s
2025-04-25 19:58:28.793 70002 INFO tempest.lib.common.rest_client [req-423a9435-d579-4ecb-9d6a-5586402850ee req-423a9435-d579-4ecb-9d6a-5586402850ee ] Request (ListServersNegativeTestJSON:setUpClass): 201 POST http://10.180.1.21/identity/v3/auth/tokens 0.065s
2025-04-25 19:58:28.800 69986 INFO tempest.lib.common.rest_client [req-3deded14-64f8-4990-b3ce-28bed7e5c2f6 req-3deded14-64f8-4990-b3ce-28bed7e5c2f6 ] Request (ListImagesTestJSON:setUpClass): 201 POST http://10.180.1.21/identity/v3/auth/tokens 0.028s
2025-04-25 19:58:28.827 69986 INFO tempest.lib.common.rest_client [req-6f7a30e7-7a28-4c10-a919-93a3bbbf4423 req-6f7a30e7-7a28-4c10-a919-93a3bbbf4423 ] Request (ListImagesTestJSON:setUpClass): 200 GET http://10.180.1.21/identity/v3/domains?name=Default 0.026s
2025-04-25 19:58:28.835 70006 INFO tempest.lib.common.rest_client [req-2a743f12-ad54-4e14-b773-2744fdefac6d req-2a743f12-ad54-4e14-b773-2744fdefac6d ] Request (SecurityGroupsTestAdminJSON:tearDownClass): 200 GET http://10.180.1.21:9696/networking/v2.0/security-groups?tenant_id=f014e335d62c4b71ab81ac73402ef9be&name=default 0.125s
2025-04-25 19:58:28.858 69986 INFO tempest.lib.common.rest_client [req-aab9f20f-29c3-463f-a061-c9b1903c3ec2 req-aab9f20f-29c3-463f-a061-c9b1903c3ec2 ] Request (ListImagesTestJSON:setUpClass): 201 POST http://10.180.1.21/identity/v3/projects 0.029s
2025-04-25 19:58:28.918 69986 INFO tempest.lib.common.rest_client [req-d8822b52-2344-421a-ac21-0e1d8d7e0e10 req-d8822b52-2344-421a-ac21-0e1d8d7e0e10 ] Request (ListImagesTestJSON:setUpClass): 201 POST http://10.180.1.21/identity/v3/users 0.059s
2025-04-25 19:58:28.942 69986 INFO tempest.lib.common.rest_client [req-88df9ac0-daf7-4d84-b711-a25a035f6522 req-88df9ac0-daf7-4d84-b711-a25a035f6522 ] Request (ListImagesTestJSON:setUpClass): 200 GET http://10.180.1.21/identity/v3/roles 0.024s
2025-04-25 19:58:28.981 69980 INFO tempest.lib.common.rest_client [req-5ba92671-ab54-4e69-98c8-920360cb1e9d req-5ba92671-ab54-4e69-98c8-920360cb1e9d ] Request (QuotasAdminNegativeTest:test_create_server_when_cpu_quota_is_full): 403 POST http://10.180.1.21/compute/v2.1/servers 1.404s
2025-04-25 19:58:28.989 69986 INFO tempest.lib.common.rest_client [req-45eaa26e-2895-457f-913c-1aece430e2fa req-45eaa26e-2895-457f-913c-1aece430e2fa ] Request (ListImagesTestJSON:setUpClass): 204 PUT http://10.180.1.21/identity/v3/projects/cd9b81c654fd4d69bbd47e1650793a05/users/09c7cc7502834682ab216d6a7d4b5a05/roles/2678565713c642dd90952cc99fb0645d 0.046s
2025-04-25 19:58:28.989 69986 INFO tempest.lib.common.dynamic_creds [-] Dynamic test user 09c7cc7502834682ab216d6a7d4b5a05 is created with scope project and roles: ['member']
2025-04-25 19:58:28.989 69986 INFO tempest.lib.common.dynamic_creds [-] Acquired dynamic creds: credentials: Credentials: {'domain_id': 'default', 'domain_name': 'Default', 'username': 'tempest-ListImagesTestJSON-573853814-project-member', 'project_domain_id': 'default', 'project_domain_name': 'Default', 'project_id': 'cd9b81c654fd4d69bbd47e1650793a05', 'project_name': 'tempest-ListImagesTestJSON-573853814', 'tenant_id': 'cd9b81c654fd4d69bbd47e1650793a05', 'tenant_name': 'tempest-ListImagesTestJSON-573853814', 'user_domain_id': 'default', 'user_domain_name': 'Default', 'user_id': '09c7cc7502834682ab216d6a7d4b5a05', 'system': None}, Network: None, Subnet: None, Router: None
2025-04-25 19:58:28.989 69986 INFO tempest.lib.common.dynamic_creds [-] Created isolated network resources for: credentials: Credentials: {'domain_id': 'default', 'domain_name': 'Default', 'username': 'tempest-ListImagesTestJSON-573853814-project-member', 'project_domain_id': 'default', 'project_domain_name': 'Default', 'project_id': 'cd9b81c654fd4d69bbd47e1650793a05', 'project_name': 'tempest-ListImagesTestJSON-573853814', 'tenant_id': 'cd9b81c654fd4d69bbd47e1650793a05', 'tenant_name': 'tempest-ListImagesTestJSON-573853814', 'user_domain_id': 'default', 'user_domain_name': 'Default', 'user_id': '09c7cc7502834682ab216d6a7d4b5a05', 'system': None}, Network: None, Subnet: None, Router: None
2025-04-25 19:58:28.997 70028 INFO tempest.lib.common.rest_client [req-aa4b9bf5-8a1e-48c5-9cd8-3916283734d8 req-aa4b9bf5-8a1e-48c5-9cd8-3916283734d8 ] Request (FlavorsAccessTestJSON:tearDownClass): 200 GET http://10.180.1.21:9696/networking/v2.0/security-groups?tenant_id=e3f698e19e364f809299ae927b313745&name=default 0.651s
2025-04-25 19:58:29.045 70006 INFO tempest.lib.common.rest_client [req-320ec7f6-07b9-4d38-9de5-5ce0f0d46cc9 req-320ec7f6-07b9-4d38-9de5-5ce0f0d46cc9 ] Request (SecurityGroupsTestAdminJSON:tearDownClass): 204 DELETE http://10.180.1.21:9696/networking/v2.0/security-groups/d43ef428-9cb1-42bb-a27a-fb360590fd25 0.210s
2025-04-25 19:58:29.113 69986 INFO tempest.lib.common.rest_client [req-a20cc879-22a8-47ff-9fc1-0c7cd2ee16b2 req-a20cc879-22a8-47ff-9fc1-0c7cd2ee16b2 ] Request (ListImagesTestJSON:setUpClass): 201 POST http://10.180.1.21/identity/v3/auth/tokens 0.117s
2025-04-25 19:58:29.135 69996 INFO tempest.lib.common.rest_client [req-cb1e5b98-db2a-4d13-986a-1ed3bd0c05bf req-cb1e5b98-db2a-4d13-986a-1ed3bd0c05bf ] Request (ServersWithSpecificFlavorTestJSON:test_verify_created_server_ephemeral_disk): 202 POST http://10.180.1.21/compute/v2.1/servers 1.404s
2025-04-25 19:58:29.154 70002 INFO tempest.lib.common.rest_client [req-4149c2ae-3651-49b6-9159-eee52025e4eb req-4149c2ae-3651-49b6-9159-eee52025e4eb ] Request (ListServersNegativeTestJSON:setUpClass): 201 POST http://10.180.1.21:9696/networking/v2.0/networks 0.360s
2025-04-25 19:58:29.198 70006 INFO tempest.lib.common.rest_client [req-daa28e75-a23b-4869-99cb-78ba06303cf9 req-daa28e75-a23b-4869-99cb-78ba06303cf9 ] Request (SecurityGroupsTestAdminJSON:tearDownClass): 204 DELETE http://10.180.1.21/identity/v3/projects/f014e335d62c4b71ab81ac73402ef9be 0.152s
2025-04-25 19:58:29.198 70006 INFO tempest.lib.common.dynamic_creds [-] Deleting project and security group for project: 0fd201307e3f4bc18623c5cce84c9dd4
2025-04-25 19:58:29.207 70024 INFO tempest.lib.common.rest_client [req-c7c804ad-4334-47e6-b1c6-6b8de613303f req-c7c804ad-4334-47e6-b1c6-6b8de613303f ] Request (FloatingIPsAssociationNegativeTestJSON:setUpClass): 200 GET http://10.180.1.21/compute/v2.1/servers/5410ca8f-b92b-41ad-a7c5-914ff64398bd 1.371s
2025-04-25 19:58:29.214 69990 INFO tempest.lib.common.rest_client [req-ef293800-61dc-4ab8-b0a2-4751be13a26c req-ef293800-61dc-4ab8-b0a2-4751be13a26c ] Request (AggregatesAdminNegativeTestJSON:test_aggregate_create_as_user): 403 POST http://10.180.1.21/compute/v2.1/os-aggregates 1.375s
2025-04-25 19:58:29.235 70028 INFO tempest.lib.common.rest_client [req-76b4ab70-db59-4f50-bd85-f5d9dbd1e3c3 req-76b4ab70-db59-4f50-bd85-f5d9dbd1e3c3 ] Request (FlavorsAccessTestJSON:tearDownClass): 204 DELETE http://10.180.1.21:9696/networking/v2.0/security-groups/ec07bbb5-396c-471a-9e15-1ba1a94a01f2 0.237s
2025-04-25 19:58:29.237 70006 INFO tempest.lib.common.rest_client [req-4cc9a5a8-733e-4369-a30f-201349a8a28a req-4cc9a5a8-733e-4369-a30f-201349a8a28a ] Request (SecurityGroupsTestAdminJSON:tearDownClass): 200 GET http://10.180.1.21:9696/networking/v2.0/security-groups?tenant_id=0fd201307e3f4bc18623c5cce84c9dd4&name=default 0.038s
2025-04-25 19:58:29.241 70014 INFO tempest.lib.common.rest_client [req-2adf9a7f-8ad7-4277-bf62-44464bdeaa98 req-2adf9a7f-8ad7-4277-bf62-44464bdeaa98 ] Request (HostsAdminTestJSON:test_show_host_detail): 200 GET http://10.180.1.21/compute/v2.1/os-hosts 1.382s
2025-04-25 19:58:29.254 70040 INFO tempest.lib.common.rest_client [req-83c7a418-c486-4f57-9071-636fe6172f0e req-83c7a418-c486-4f57-9071-636fe6172f0e ] Request (ServerDiagnosticsTest:test_get_server_diagnostics): 200 GET http://10.180.1.21/compute/v2.1/servers/1630ba71-ab97-409c-b0b6-60eceaaf1b9d 1.467s
2025-04-25 19:58:29.276 70022 INFO tempest.lib.common.rest_client [req-f5047b3d-f356-4637-8ecd-b48b9502df5e req-f5047b3d-f356-4637-8ecd-b48b9502df5e ] Request (KeyPairsV2TestJSON:_run_cleanups): 202 DELETE http://10.180.1.21/compute/v2.1/os-keypairs/tempest-keypair-911114517 1.303s
2025-04-25 19:58:29.344 69988 INFO tempest.lib.common.rest_client [req-0d9cf722-dccc-4bb1-8797-5a0bbd8e2509 req-0d9cf722-dccc-4bb1-8797-5a0bbd8e2509 ] Request (VolumesAssistedSnapshotsTest:test_volume_assisted_snapshot_create_delete): 200 GET http://10.180.1.21/compute/v2.1/servers/d35745c3-a340-4650-9566-3726d0c8b018 1.351s
2025-04-25 19:58:29.348 70006 INFO tempest.lib.common.rest_client [req-d4c3b319-8556-4009-be62-94ae2689ba30 req-d4c3b319-8556-4009-be62-94ae2689ba30 ] Request (SecurityGroupsTestAdminJSON:tearDownClass): 204 DELETE http://10.180.1.21:9696/networking/v2.0/security-groups/ed3d22eb-2071-4c20-927b-4cf9a4e10f7f 0.110s
2025-04-25 19:58:29.352 70028 INFO tempest.lib.common.rest_client [req-cb83b053-acfe-4511-afcf-6dc35fa73837 req-cb83b053-acfe-4511-afcf-6dc35fa73837 ] Request (FlavorsAccessTestJSON:tearDownClass): 204 DELETE http://10.180.1.21/identity/v3/projects/e3f698e19e364f809299ae927b313745 0.117s
2025-04-25 19:58:29.354 70028 INFO tempest.lib.common.dynamic_creds [-] Deleting project and security group for project: e7414094a4a4421b92db9a5ed630c9da
2025-04-25 19:58:29.398 70012 INFO tempest.lib.common.rest_client [req-db47985f-bf14-4be1-ba4a-e6ac399caa5c req-db47985f-bf14-4be1-ba4a-e6ac399caa5c ] Request (AbsoluteLimitsTestJSON:test_absLimits_get): 200 GET http://10.180.1.21/compute/v2.1/limits 1.496s
2025-04-25 19:58:29.404 70020 INFO tempest.lib.common.rest_client [req-10cbee2f-8e97-4136-b24c-8fa5d4af7264 req-10cbee2f-8e97-4136-b24c-8fa5d4af7264 ] Request (HostsAdminNegativeTestJSON:test_update_host_with_non_admin_user): 403 PUT http://10.180.1.21/compute/v2.1/os-hosts/devstack 1.270s
2025-04-25 19:58:29.418 70032 INFO tempest.lib.common.rest_client [req-31ac7ca0-930f-45d0-aa1c-7a091f2586f6 req-31ac7ca0-930f-45d0-aa1c-7a091f2586f6 ] Request (ServersListShow2100Test:test_list_show_rebuild_update_server_2100): 200 GET http://10.180.1.21/compute/v2.1/servers/a05eee33-bfda-4a2d-b341-f5a792d98872 1.355s
2025-04-25 19:58:29.426 70002 INFO tempest.lib.common.rest_client [req-e0338779-e750-490a-a5d9-8515bd46fb6f req-e0338779-e750-490a-a5d9-8515bd46fb6f ] Request (ListServersNegativeTestJSON:setUpClass): 201 POST http://10.180.1.21:9696/networking/v2.0/subnets 0.271s
2025-04-25 19:58:29.430 69992 INFO tempest.lib.common.rest_client [req-a25e0eac-413d-4a80-b2c1-8114510b8836 req-a25e0eac-413d-4a80-b2c1-8114510b8836 ] Request (FlavorsAdminTestJSON:_run_cleanups): 200 GET http://10.180.1.21/compute/v2.1/flavors/detail 1.292s
2025-04-25 19:58:29.448 70006 INFO tempest.lib.common.rest_client [req-e417492f-b069-4131-adb3-bc893f2af1c2 req-e417492f-b069-4131-adb3-bc893f2af1c2 ] Request (SecurityGroupsTestAdminJSON:tearDownClass): 204 DELETE http://10.180.1.21/identity/v3/projects/0fd201307e3f4bc18623c5cce84c9dd4 0.100s
2025-04-25 19:58:29.480 70006 INFO tempest.lib.common.rest_client [req-af2b3f0d-f9e4-4549-b02a-34d3662f4a45 req-af2b3f0d-f9e4-4549-b02a-34d3662f4a45 ] Request (ServersAdminNegativeTestJSON:setUpClass): 201 POST http://10.180.1.21/identity/v3/auth/tokens 0.027s
2025-04-25 19:58:29.485 70030 INFO tempest.lib.common.rest_client [req-0daa5470-4f85-4a0a-9336-c7434dacbcbe req-0daa5470-4f85-4a0a-9336-c7434dacbcbe ] Request (AttachInterfacesV270Test:test_create_get_list_interfaces): 200 GET http://10.180.1.21/compute/v2.1/servers/7c793ce4-7eab-4cfe-8c5c-6fa5e973cc5e 1.309s
