2025-04-25 20:00:28.190 70004 INFO tempest.lib.common.rest_client [req-4a68e4fe-d5cb-4675-ba35-8df62b5dd23b req-4a68e4fe-d5cb-4675-ba35-8df62b5dd23b ] Request (ServersTestFqdnHostnames:test_create_server_with_fqdn_name): 200 GET http://10.180.1.21/compute/v2.1/servers/e21ce499-fd39-4810-88cf-8a8d1330a67b 0.164s
2025-04-25 20:00:28.247 70030 INFO tempest.lib.common.rest_client [req-12a9c712-cc71-4565-8667-4c35c2bb5342 req-12a9c712-cc71-4565-8667-4c35c2bb5342 ] Request (ServerAddressesNegativeTestJSON:setUpClass): 200 GET http://10.180.1.21/compute/v2.1/servers/0e8f01e6-5844-4226-8ff8-370d3618b366 0.182s
2025-04-25 20:00:28.263 70002 INFO tempest.lib.common.rest_client [req-939b242c-72bb-47be-ad46-cb9c3ae794fd req-939b242c-72bb-47be-ad46-cb9c3ae794fd ] Request (ListServersNegativeTestJSON:test_list_servers_by_non_existing_flavor): 200 GET http://10.180.1.21/compute/v2.1/servers?flavor=non_existing_flavor 0.168s
2025-04-25 20:00:28.329 70018 INFO tempest.lib.common.rest_client [req-1784d83c-2b0c-4d72-b95b-bae5c7ddd4ce req-1784d83c-2b0c-4d72-b95b-bae5c7ddd4ce ] Request (ImagesNegativeTestJSON:test_create_image_from_deleted_server): 200 GET http://10.180.1.21/compute/v2.1/servers/8a133dcc-4367-4ee4-a9ed-1bc47ac2839a 0.230s
2025-04-25 20:00:28.344 69994 INFO tempest.lib.common.rest_client [req-651e56c5-045f-4d01-bc65-b0d313139541 req-651e56c5-045f-4d01-bc65-b0d313139541 ] Request (InstanceActionsTestJSON:setUpClass): 200 GET http://10.180.1.21/compute/v2.1/servers/c2fb5505-fc81-40cb-b6de-34779f347adb 0.402s
2025-04-25 20:00:28.382 70024 INFO tempest.lib.common.rest_client [req-74afab12-4708-410e-a66e-465a9e994db1 req-74afab12-4708-410e-a66e-465a9e994db1 ] Request (ServersTestBootFromVolume:setUpClass): 200 GET http://10.180.1.21/compute/v2.1/servers/5e474303-4132-46e9-8cc8-e459f2a82293 0.256s
2025-04-25 20:00:28.430 70006 INFO tempest.lib.common.rest_client [req-bda9b53d-9247-4695-9a80-ff2056798f9c req-bda9b53d-9247-4695-9a80-ff2056798f9c ] Request (ServersAdminNegativeTestJSON:test_migrate_server_invalid_state): 200 GET http://10.180.1.21/compute/v2.1/servers/a04a2fe1-2877-4fea-8bc9-7a4e65aa8171 0.190s
2025-04-25 20:00:28.483 70002 INFO tempest.lib.common.rest_client [req-36e0c2d1-3386-4676-9122-7467ade4810b req-36e0c2d1-3386-4676-9122-7467ade4810b ] Request (ListServersNegativeTestJSON:test_list_servers_by_non_existing_image): 200 GET http://10.180.1.21/compute/v2.1/servers?image=non_existing_image 0.214s
2025-04-25 20:00:28.541 69992 INFO tempest.lib.common.rest_client [req-930577b6-9c86-4467-82dd-7487a53049f0 req-930577b6-9c86-4467-82dd-7487a53049f0 ] Request (ServerPasswordTestJSON:setUpClass): 200 GET http://10.180.1.21/compute/v2.1/servers/64ac299a-1fe8-4bcb-b657-6d660d38f5b5 0.249s
2025-04-25 20:00:28.581 69982 INFO tempest.lib.common.rest_client [req-7f4b888b-e7f9-4c7d-be7a-171ce2cd989a req-7f4b888b-e7f9-4c7d-be7a-171ce2cd989a ] Request (DeleteServersAdminTestJSON:test_delete_server_while_in_error_state): 200 GET http://10.180.1.21/compute/v2.1/servers/11123131-ce04-45c0-a369-1ec5e568b6a5 0.374s
2025-04-25 20:00:28.589 69982 INFO tempest.common.waiters [-] State transition "BUILD/spawning" ==> "ACTIVE/None" after 89 second wait
2025-04-25 20:00:28.601 70010 INFO tempest.lib.common.rest_client [req-58a054c4-19ad-47fb-b585-6f6e841e0cbb req-58a054c4-19ad-47fb-b585-6f6e841e0cbb ] Request (ImagesOneServerTestJSON:tearDownClass): 200 GET http://10.180.1.21/compute/v2.1/servers/16f935f2-2c14-4c1a-9f55-c5c219b3101c 0.284s
2025-04-25 20:00:28.655 70020 INFO tempest.lib.common.rest_client [req-65222dab-d412-4b65-b591-df325be84c72 req-65222dab-d412-4b65-b591-df325be84c72 ] Request (ServerDiagnosticsNegativeTest:tearDownClass): 200 GET http://10.180.1.21/compute/v2.1/servers/7a41f0c5-22b0-48ca-9be5-f41ab5f64203 0.276s
2025-04-25 20:00:28.663 70016 INFO tempest.lib.common.rest_client [req-5bd80b7c-88e2-495a-b905-e95ee9ff17d1 req-5bd80b7c-88e2-495a-b905-e95ee9ff17d1 ] Request (DeleteServersTestJSON:test_delete_active_server): 200 GET http://10.180.1.21/compute/v2.1/servers/5faa9d6e-3cbf-46cf-9bf7-d0910511491d 0.282s
2025-04-25 20:00:28.698 70000 INFO tempest.lib.common.rest_client [req-e7abc38b-100f-4c68-baa2-1c2889ee8403 req-e7abc38b-100f-4c68-baa2-1c2889ee8403 ] Request (ListServerFiltersTestJSON:setUpClass): 200 GET http://10.180.1.21/compute/v2.1/servers/20a3bc2c-042e-4d70-93f5-b17cbb06a6c8 0.267s
2025-04-25 20:00:28.714 70002 INFO tempest.lib.common.rest_client [req-fcdc4ec2-334c-4282-9bb7-734a93e64cea req-fcdc4ec2-334c-4282-9bb7-734a93e64cea ] Request (ListServersNegativeTestJSON:test_list_servers_by_non_existing_server_name): 200 GET http://10.180.1.21/compute/v2.1/servers?name=non_existing_server_name 0.226s
2025-04-25 20:00:28.760 69982 INFO tempest.lib.common.rest_client [req-fa0420cd-6eed-4fe7-93c9-080d94312170 req-fa0420cd-6eed-4fe7-93c9-080d94312170 ] Request (DeleteServersAdminTestJSON:test_delete_server_while_in_error_state): 202 POST http://10.180.1.21/compute/v2.1/servers/11123131-ce04-45c0-a369-1ec5e568b6a5/action 0.170s
2025-04-25 20:00:28.781 69984 INFO tempest.lib.common.rest_client [req-ce762917-18fa-41d9-9b7b-521cfc16860f req-ce762917-18fa-41d9-9b7b-521cfc16860f ] Request (ListImageFiltersTestJSON:setUpClass): 200 GET http://10.180.1.21/compute/v2.1/servers/5a4aa01c-baa5-4ea5-bb0e-209add1622ca 0.259s
2025-04-25 20:00:28.789 69984 INFO tempest.common.waiters [-] State transition "ACTIVE/image_uploading" ==> "ACTIVE/None" after 1 second wait
2025-04-25 20:00:28.820 70012 INFO tempest.lib.common.rest_client [req-64d053ce-08fc-4e31-ae3d-d8b8389cb55d req-64d053ce-08fc-4e31-ae3d-d8b8389cb55d ] Request (ServersListShow298Test:tearDownClass): 200 GET http://10.180.1.21/compute/v2.1/servers/7de76820-d45f-4bfc-afd9-895e47274116 0.170s
2025-04-25 20:00:28.923 69982 INFO tempest.lib.common.rest_client [req-6202444d-bb03-49e3-aa41-65da647276c7 req-6202444d-bb03-49e3-aa41-65da647276c7 ] Request (DeleteServersAdminTestJSON:test_delete_server_while_in_error_state): 200 GET http://10.180.1.21/compute/v2.1/servers/11123131-ce04-45c0-a369-1ec5e568b6a5 0.162s
2025-04-25 20:00:28.927 70002 INFO tempest.lib.common.rest_client [req-06546c07-2910-43d2-850f-cc29ea9cf2cb req-06546c07-2910-43d2-850f-cc29ea9cf2cb ] Request (ListServersNegativeTestJSON:test_list_servers_detail_server_is_deleted): 200 GET http://10.180.1.21/compute/v2.1/servers/detail 0.211s
2025-04-25 20:00:28.987 69984 INFO tempest.lib.common.rest_client [req-a0c6d9ab-b402-47ab-b733-6c510e69191b req-a0c6d9ab-b402-47ab-b733-6c510e69191b ] Request (ListImageFiltersTestJSON:test_list_images_filter_by_changes_since): 200 GET http://10.180.1.21/compute/v2.1/images?changes-since=2025-04-25T19%3A58%3A25Z 0.198s
2025-04-25 20:00:29.008 69980 INFO tempest.lib.common.rest_client [req-31a317c1-e280-47ea-bae9-5aac5448df8f req-31a317c1-e280-47ea-bae9-5aac5448df8f ] Request (ServerDiskConfigTestJSON:test_rebuild_server_with_auto_disk_config): 200 GET http://10.180.1.21/compute/v2.1/servers/7d299e10-f60c-434f-94aa-283d1738ee16 0.224s
2025-04-25 20:00:29.014 69980 INFO tempest.common.waiters [-] State transition "REBUILD/rebuild_spawning" ==> "ACTIVE/None" after 10 second wait
2025-04-25 20:00:29.033 70038 INFO tempest.lib.common.rest_client [req-7d23e71e-9cca-4960-8e5b-d377d5ce4a94 req-7d23e71e-9cca-4960-8e5b-d377d5ce4a94 ] Request (VolumesAdminNegativeTest:test_update_attached_volume_with_nonexistent_volume_in_uri): 200 GET http://10.180.1.21/compute/v2.1/servers/a0dad223-34a6-4e39-8ee7-ec74ba96a133 0.180s
2025-04-25 20:00:29.059 69988 INFO tempest.lib.common.rest_client [req-c712eeb0-f9f0-4d5b-8994-f4b31455f0a9 req-c712eeb0-f9f0-4d5b-8994-f4b31455f0a9 ] Request (VolumesAssistedSnapshotsTest:tearDownClass): 200 GET http://10.180.1.21/compute/v2.1/servers/d35745c3-a340-4650-9566-3726d0c8b018 0.137s
2025-04-25 20:00:29.065 70002 INFO tempest.lib.common.rest_client [req-630c4388-a283-4778-9efd-25f72f249377 req-630c4388-a283-4778-9efd-25f72f249377 ] Request (ListServersNegativeTestJSON:test_list_servers_status_non_existing): 200 GET http://10.180.1.21/compute/v2.1/servers?status=non_existing_status 0.129s
2025-04-25 20:00:29.094 69982 INFO tempest.lib.common.rest_client [req-8ae6ebb7-cd0c-423f-abec-92232e280a88 req-8ae6ebb7-cd0c-423f-abec-92232e280a88 ] Request (DeleteServersAdminTestJSON:test_delete_server_while_in_error_state): 204 DELETE http://10.180.1.21/compute/v2.1/servers/11123131-ce04-45c0-a369-1ec5e568b6a5 0.163s
2025-04-25 20:00:29.115 70036 INFO tempest.lib.common.rest_client [req-ec9309ca-935c-4b0a-b9f0-f80fc7bdf1a5 req-ec9309ca-935c-4b0a-b9f0-f80fc7bdf1a5 ] Request (FloatingIPsAssociationTestJSON:tearDownClass): 200 GET http://10.180.1.21/compute/v2.1/servers/89d1dbf0-20d6-4fa7-b362-e5b4311a68d1 0.139s
2025-04-25 20:00:29.138 69984 INFO tempest.lib.common.rest_client [req-d0160507-1673-44f1-b8db-65a2d89854c2 req-d0160507-1673-44f1-b8db-65a2d89854c2 ] Request (ListImageFiltersTestJSON:test_list_images_filter_by_name): 200 GET http://10.180.1.21/compute/v2.1/images?name=tempest-ListImageFiltersTestJSON-image-204702051 0.143s
2025-04-25 20:00:29.202 70014 INFO tempest.lib.common.rest_client [req-00164cd6-e722-4d7c-9087-3f140a6557fc req-00164cd6-e722-4d7c-9087-3f140a6557fc ] Request (SecurityGroupsTestJSON:test_list_security_groups_by_server): 200 GET http://10.180.1.21/compute/v2.1/servers/f94689f2-f576-4b80-bcac-59a95fcd7899 0.202s
2025-04-25 20:00:29.236 69980 INFO tempest.lib.common.rest_client [req-b25f5110-5595-4995-ae0f-ab23f5a099ed req-b25f5110-5595-4995-ae0f-ab23f5a099ed ] Request (ServerDiskConfigTestJSON:test_rebuild_server_with_auto_disk_config): 200 GET http://10.180.1.21/compute/v2.1/servers/7d299e10-f60c-434f-94aa-283d1738ee16 0.221s
2025-04-25 20:00:29.262 70008 INFO tempest.lib.common.rest_client [req-bf4bb709-06ed-47be-ad8f-24633010409e req-bf4bb709-06ed-47be-ad8f-24633010409e ] Request (MigrationsAdminTest:test_resize_server_revert_deleted_flavor): 200 GET http://10.180.1.21/compute/v2.1/servers/c7fba1f1-8e12-4891-aa98-06a5ff41a7e5 0.219s
2025-04-25 20:00:29.286 70002 INFO tempest.lib.common.rest_client [req-299dd289-d040-4364-874e-6042c6bbb918 req-299dd289-d040-4364-874e-6042c6bbb918 ] Request (ListServersNegativeTestJSON:test_list_servers_with_a_deleted_server): 200 GET http://10.180.1.21/compute/v2.1/servers 0.217s
2025-04-25 20:00:29.331 69998 INFO tempest.lib.common.rest_client [req-bc5b9772-31cc-4bd4-a3f8-c8fe403958e4 req-bc5b9772-31cc-4bd4-a3f8-c8fe403958e4 ] Request (AttachVolumeShelveTestJSON:test_attach_volume_shelved_or_offload_server): 200 GET http://10.180.1.21/compute/v2.1/servers/ca488e4c-5958-4ae8-a611-16034ea05264 0.260s
2025-04-25 20:00:29.340 69990 INFO tempest.lib.common.rest_client [req-bfe4c5f7-03fc-4582-b887-0bafc7892a69 req-bfe4c5f7-03fc-4582-b887-0bafc7892a69 ] Request (ServersAdminTestJSON:setUpClass): 200 GET http://10.180.1.21/compute/v2.1/servers/55a31f53-3712-486d-a4a8-7f15597da862 0.250s
2025-04-25 20:00:29.410 69984 INFO tempest.lib.common.rest_client [req-5628f0f8-b17b-4214-8e45-1be20d51a280 req-5628f0f8-b17b-4214-8e45-1be20d51a280 ] Request (ListImageFiltersTestJSON:test_list_images_filter_by_server_id): 200 GET http://10.180.1.21/compute/v2.1/images?server=5a4aa01c-baa5-4ea5-bb0e-209add1622ca 0.269s
2025-04-25 20:00:29.467 69978 INFO tempest.lib.common.rest_client [req-47852e63-a5ff-44a2-88fa-352232b1809e req-47852e63-a5ff-44a2-88fa-352232b1809e ] Request (ServerActionsTestOtherB:setUpClass): 200 GET http://10.180.1.21/compute/v2.1/servers/2c2ada34-c9b6-424a-a601-0ee922646578 0.323s
2025-04-25 20:00:29.471 69982 INFO tempest.lib.common.rest_client [req-bf82a379-e22c-4e90-8159-91b4f37cfd62 req-bf82a379-e22c-4e90-8159-91b4f37cfd62 ] Request (DeleteServersAdminTestJSON:test_delete_server_while_in_error_state): 200 GET http://10.180.1.21/compute/v2.1/servers/11123131-ce04-45c0-a369-1ec5e568b6a5 0.376s
2025-04-25 20:00:29.528 70004 INFO tempest.lib.common.rest_client [req-866f37c9-c23e-4bd6-9417-66a47e49fb08 req-866f37c9-c23e-4bd6-9417-66a47e49fb08 ] Request (ServersTestFqdnHostnames:test_create_server_with_fqdn_name): 200 GET http://10.180.1.21/compute/v2.1/servers/e21ce499-fd39-4810-88cf-8a8d1330a67b 0.330s
2025-04-25 20:00:29.564 69980 INFO tempest.lib.common.rest_client [req-30c5b334-a48f-46b2-87bc-f9fd83536d6e req-30c5b334-a48f-46b2-87bc-f9fd83536d6e ] Request (ServerDiskConfigTestJSON:_run_cleanups): 204 DELETE http://10.180.1.21/compute/v2.1/servers/7d299e10-f60c-434f-94aa-283d1738ee16 0.320s
2025-04-25 20:00:29.584 70030 INFO tempest.lib.common.rest_client [req-84e38b60-7531-47de-af89-321b8d1ea824 req-84e38b60-7531-47de-af89-321b8d1ea824 ] Request (ServerAddressesNegativeTestJSON:setUpClass): 200 GET http://10.180.1.21/compute/v2.1/servers/0e8f01e6-5844-4226-8ff8-370d3618b366 0.326s
2025-04-25 20:00:29.629 70002 INFO tempest.lib.common.rest_client [req-f137ac09-1137-42c4-a261-c2c88a09c6dd req-f137ac09-1137-42c4-a261-c2c88a09c6dd ] Request (ListServersNegativeTestJSON:tearDownClass): 204 DELETE http://10.180.1.21/compute/v2.1/servers/6d7a78cf-7d52-4f84-9f93-10bd4fddb511 0.339s
2025-04-25 20:00:29.633 69980 INFO tempest.lib.common.rest_client [req-8a097b53-c19e-4468-8eea-31dd36cf1b35 req-8a097b53-c19e-4468-8eea-31dd36cf1b35 ] Request (ServerDiskConfigTestJSON:test_rebuild_server_with_manual_disk_config): 201 POST http://10.180.1.21/identity/v3/auth/tokens 0.064s
2025-04-25 20:00:29.633 69980 INFO tempest.lib.common.fixed_network [-] (ServerDiskConfigTestJSON:test_rebuild_server_with_manual_disk_config) Found network {'id': '7f999160-b5bb-4e50-a728-01fecb63917a', 'name': 'tempest-ServerDiskConfigTestJSON-1727920786-network', 'tenant_id': '1e04398ccf8a4b1490feabf07d03922b', 'admin_state_up': True, 'mtu': 8950, 'status': 'ACTIVE', 'subnets': [], 'shared': False, 'project_id': '1e04398ccf8a4b1490feabf07d03922b', 'port_security_enabled': True, 'router:external': False, 'provider:network_type': 'vlan', 'provider:physical_network': 'default', 'provider:segmentation_id': 617, 'availability_zone_hints': [], 'availability_zones': [], 'ipv4_address_scope': None, 'ipv6_address_scope': None, 'description': '', 'tags': [], 'created_at': '2025-04-25T19:58:43Z', 'updated_at': '2025-04-25T19:58:44Z', 'revision_number': 1} available for tenant
2025-04-25 20:00:29.639 70018 INFO tempest.lib.common.rest_client [req-373aa03f-4416-4cc3-9019-0bf7df7f37c5 req-373aa03f-4416-4cc3-9019-0bf7df7f37c5 ] Request (ImagesNegativeTestJSON:test_create_image_from_deleted_server): 200 GET http://10.180.1.21/compute/v2.1/servers/8a133dcc-4367-4ee4-a9ed-1bc47ac2839a 0.302s
2025-04-25 20:00:29.675 69994 INFO tempest.lib.common.rest_client [req-28a5e78b-c9f7-45b1-9b9b-c18c3f433b82 req-28a5e78b-c9f7-45b1-9b9b-c18c3f433b82 ] Request (InstanceActionsTestJSON:setUpClass): 200 GET http://10.180.1.21/compute/v2.1/servers/c2fb5505-fc81-40cb-b6de-34779f347adb 0.323s
2025-04-25 20:00:29.685 70024 INFO tempest.lib.common.rest_client [req-675c2f35-a85e-4c1d-8c91-c5f56adfd17b req-675c2f35-a85e-4c1d-8c91-c5f56adfd17b ] Request (ServersTestBootFromVolume:setUpClass): 200 GET http://10.180.1.21/compute/v2.1/servers/5e474303-4132-46e9-8cc8-e459f2a82293 0.296s
2025-04-25 20:00:29.707 69984 INFO tempest.lib.common.rest_client [req-4d6b46c9-956f-4796-8cdb-ddd4bdcb2b3f req-4d6b46c9-956f-4796-8cdb-ddd4bdcb2b3f ] Request (ListImageFiltersTestJSON:test_list_images_filter_by_server_ref): 200 GET http://10.180.1.21/compute/v2.1/images?server=http%3A%2F%2F10.180.1.21%2Fcompute%2Fv2.1%2Fservers%2Ffb987065-208f-42d9-b928-7431e722c642 0.293s
2025-04-25 20:00:29.729 70006 INFO tempest.lib.common.rest_client [req-81178b86-8667-4d86-a28a-867afc75de3b req-81178b86-8667-4d86-a28a-867afc75de3b ] Request (ServersAdminNegativeTestJSON:test_migrate_server_invalid_state): 200 GET http://10.180.1.21/compute/v2.1/servers/a04a2fe1-2877-4fea-8bc9-7a4e65aa8171 0.291s
2025-04-25 20:00:29.750 69992 INFO tempest.lib.common.rest_client [req-d3b5cd0b-4742-4e28-a56b-dd5cab169d1d req-d3b5cd0b-4742-4e28-a56b-dd5cab169d1d ] Request (ServerPasswordTestJSON:setUpClass): 200 GET http://10.180.1.21/compute/v2.1/servers/64ac299a-1fe8-4bcb-b657-6d660d38f5b5 0.197s
2025-04-25 20:00:29.766 70002 INFO tempest.lib.common.rest_client [req-092f7912-f439-4cd3-905d-3a32e6ed130a req-092f7912-f439-4cd3-905d-3a32e6ed130a ] Request (ListServersNegativeTestJSON:tearDownClass): 404 DELETE http://10.180.1.21/compute/v2.1/servers/1d02c383-6ec5-4f47-a40e-d7d32e9cc0a2 0.137s
2025-04-25 20:00:29.780 70010 INFO tempest.lib.common.rest_client [req-29574e05-30b8-4f60-9f14-8c0a993494ee req-29574e05-30b8-4f60-9f14-8c0a993494ee ] Request (ImagesOneServerTestJSON:tearDownClass): 200 GET http://10.180.1.21/compute/v2.1/servers/16f935f2-2c14-4c1a-9f55-c5c219b3101c 0.167s
2025-04-25 20:00:29.829 70020 INFO tempest.lib.common.rest_client [req-5a3be998-327f-4e97-bf2c-4ce40bb5f13b req-5a3be998-327f-4e97-bf2c-4ce40bb5f13b ] Request (ServerDiagnosticsNegativeTest:tearDownClass): 200 GET http://10.180.1.21/compute/v2.1/servers/7a41f0c5-22b0-48ca-9be5-f41ab5f64203 0.166s
2025-04-25 20:00:29.885 70016 INFO tempest.lib.common.rest_client [req-bb872cfc-bd82-402d-b838-fb02d4604d83 req-bb872cfc-bd82-402d-b838-fb02d4604d83 ] Request (DeleteServersTestJSON:test_delete_active_server): 200 GET http://10.180.1.21/compute/v2.1/servers/5faa9d6e-3cbf-46cf-9bf7-d0910511491d 0.214s
2025-04-25 20:00:29.932 70000 INFO tempest.lib.common.rest_client [req-fdeebd71-d47e-4a82-9e5a-4beb8d99d090 req-fdeebd71-d47e-4a82-9e5a-4beb8d99d090 ] Request (ListServerFiltersTestJSON:setUpClass): 200 GET http://10.180.1.21/compute/v2.1/servers/20a3bc2c-042e-4d70-93f5-b17cbb06a6c8 0.225s
2025-04-25 20:00:29.970 69984 INFO tempest.lib.common.rest_client [req-c467b6f3-c9d1-4e87-b8ea-510ed6a7f514 req-c467b6f3-c9d1-4e87-b8ea-510ed6a7f514 ] Request (ListImageFiltersTestJSON:test_list_images_filter_by_server_ref): 200 GET http://10.180.1.21/compute/v2.1/images?server=http%3A%2F%2F10.180.1.21%2Fcompute%2Fservers%2Ffb987065-208f-42d9-b928-7431e722c642 0.261s
2025-04-25 20:00:30.063 70002 INFO tempest.lib.common.rest_client [req-3a475809-3a92-4070-8bf7-917d139b773b req-3a475809-3a92-4070-8bf7-917d139b773b ] Request (ListServersNegativeTestJSON:tearDownClass): 204 DELETE http://10.180.1.21/compute/v2.1/servers/1826ebd7-c2ea-4f23-90a0-ae9da1f6c53e 0.296s
2025-04-25 20:00:30.084 69980 INFO tempest.lib.common.rest_client [req-177e27f3-a047-4aba-94d5-04b7ce5db05c req-177e27f3-a047-4aba-94d5-04b7ce5db05c ] Request (ServerDiskConfigTestJSON:test_rebuild_server_with_manual_disk_config): 202 POST http://10.180.1.21/compute/v2.1/servers 0.451s
2025-04-25 20:00:30.132 70012 INFO tempest.lib.common.rest_client [req-c07b562f-f159-4269-a4b7-5983851e1df6 req-c07b562f-f159-4269-a4b7-5983851e1df6 ] Request (ServersListShow298Test:tearDownClass): 200 GET http://10.180.1.21/compute/v2.1/servers/7de76820-d45f-4bfc-afd9-895e47274116 0.299s
2025-04-25 20:00:30.143 70012 INFO tempest.common.waiters [-] State transition "ACTIVE/deleting" ==> "DELETED/None" after 6 second wait
2025-04-25 20:00:30.149 69984 INFO tempest.lib.common.rest_client [req-ec45de8f-5657-4581-889c-3498bed29d7c req-ec45de8f-5657-4581-889c-3498bed29d7c ] Request (ListImageFiltersTestJSON:test_list_images_filter_by_status): 200 GET http://10.180.1.21/compute/v2.1/images?status=ACTIVE 0.175s
2025-04-25 20:00:30.178 70038 INFO tempest.lib.common.rest_client [req-162b9ab4-b61a-4c61-8a54-4b61bb2ce61d req-162b9ab4-b61a-4c61-8a54-4b61bb2ce61d ] Request (VolumesAdminNegativeTest:test_update_attached_volume_with_nonexistent_volume_in_uri): 200 GET http://10.180.1.21/compute/v2.1/servers/a0dad223-34a6-4e39-8ee7-ec74ba96a133 0.136s
2025-04-25 20:00:30.246 69988 INFO tempest.lib.common.rest_client [req-53aa8e6b-064c-46f7-bfa2-7e00e2c124e9 req-53aa8e6b-064c-46f7-bfa2-7e00e2c124e9 ] Request (VolumesAssistedSnapshotsTest:tearDownClass): 200 GET http://10.180.1.21/compute/v2.1/servers/d35745c3-a340-4650-9566-3726d0c8b018 0.178s
2025-04-25 20:00:30.284 70022 WARNING tempest.lib.common.ssh [-] Failed to establish authenticated ssh connection to cirros@10.180.180.140 ([Errno None] Unable to connect to port 22 on 10.180.180.140). Number attempts: 1. Retry after 2 seconds.: paramiko.ssh_exception.NoValidConnectionsError: [Errno None] Unable to connect to port 22 on 10.180.180.140
2025-04-25 20:00:30.284 69980 INFO tempest.lib.common.rest_client [req-883cda08-02df-4c18-928e-8e872125be3b req-883cda08-02df-4c18-928e-8e872125be3b ] Request (ServerDiskConfigTestJSON:test_rebuild_server_with_manual_disk_config): 200 GET http://10.180.1.21/compute/v2.1/servers/0504132d-eb33-4c2d-9944-316aa6918035 0.198s
2025-04-25 20:00:30.322 70002 INFO tempest.lib.common.rest_client [req-9fec6067-7c3a-482b-a6fe-3e7a6fa3c6b2 req-9fec6067-7c3a-482b-a6fe-3e7a6fa3c6b2 ] Request (ListServersNegativeTestJSON:tearDownClass): 200 GET http://10.180.1.21/compute/v2.1/servers/6d7a78cf-7d52-4f84-9f93-10bd4fddb511 0.258s
2025-04-25 20:00:30.359 70036 INFO tempest.lib.common.rest_client [req-bde51e3a-01ba-4a0a-8dd8-87288724ffbf req-bde51e3a-01ba-4a0a-8dd8-87288724ffbf ] Request (FloatingIPsAssociationTestJSON:tearDownClass): 200 GET http://10.180.1.21/compute/v2.1/servers/89d1dbf0-20d6-4fa7-b362-e5b4311a68d1 0.236s
2025-04-25 20:00:30.377 69984 INFO tempest.lib.common.rest_client [req-691b6df4-8df7-44c4-b9a9-54455a017ca0 req-691b6df4-8df7-44c4-b9a9-54455a017ca0 ] Request (ListImageFiltersTestJSON:test_list_images_filter_by_type): 200 GET http://10.180.1.21/compute/v2.1/images?type=snapshot 0.224s
2025-04-25 20:00:30.434 70008 INFO tempest.lib.common.rest_client [req-deffcf7b-64ee-4fba-af94-682bb04a633b req-deffcf7b-64ee-4fba-af94-682bb04a633b ] Request (MigrationsAdminTest:test_resize_server_revert_deleted_flavor): 200 GET http://10.180.1.21/compute/v2.1/servers/c7fba1f1-8e12-4891-aa98-06a5ff41a7e5 0.161s
2025-04-25 20:00:30.483 69998 INFO tempest.lib.common.rest_client [req-59e2dcc7-50ee-40fa-8479-fb9e83b5582f req-59e2dcc7-50ee-40fa-8479-fb9e83b5582f ] Request (AttachVolumeShelveTestJSON:test_attach_volume_shelved_or_offload_server): 200 GET http://10.180.1.21/compute/v2.1/servers/ca488e4c-5958-4ae8-a611-16034ea05264 0.142s
2025-04-25 20:00:30.484 70014 INFO tempest.lib.common.rest_client [req-3b54d8dc-e8ff-4238-abc4-e08373e879f3 req-3b54d8dc-e8ff-4238-abc4-e08373e879f3 ] Request (SecurityGroupsTestJSON:test_list_security_groups_by_server): 200 GET http://10.180.1.21/compute/v2.1/servers/f94689f2-f576-4b80-bcac-59a95fcd7899 0.273s
2025-04-25 20:00:30.522 69984 INFO tempest.lib.common.rest_client [req-4a5978b2-92fc-4af1-a942-96482a41041e req-4a5978b2-92fc-4af1-a942-96482a41041e ] Request (ListImageFiltersTestJSON:test_list_images_limit_results): 200 GET http://10.180.1.21/compute/v2.1/images?limit=1 0.140s
2025-04-25 20:00:30.572 69978 INFO tempest.lib.common.rest_client [req-78a073ec-7de5-4ed8-a03c-fdadd86bc52e req-78a073ec-7de5-4ed8-a03c-fdadd86bc52e ] Request (ServerActionsTestOtherB:setUpClass): 200 GET http://10.180.1.21/compute/v2.1/servers/2c2ada34-c9b6-424a-a601-0ee922646578 0.095s
2025-04-25 20:00:30.651 69990 INFO tempest.lib.common.rest_client [req-5266d1b3-5a51-4c34-901c-053214132ebc req-5266d1b3-5a51-4c34-901c-053214132ebc ] Request (ServersAdminTestJSON:setUpClass): 200 GET http://10.180.1.21/compute/v2.1/servers/55a31f53-3712-486d-a4a8-7f15597da862 0.302s
2025-04-25 20:00:30.664 69990 INFO tempest.common.waiters [-] State transition "BUILD/None" ==> "BUILD/networking" after 84 second wait
2025-04-25 20:00:30.713 69984 INFO tempest.lib.common.rest_client [req-955158c0-dfe3-424f-8dfc-512286df6069 req-955158c0-dfe3-424f-8dfc-512286df6069 ] Request (ListImageFiltersTestJSON:test_list_images_with_detail_filter_by_changes_since): 200 GET http://10.180.1.21/compute/v2.1/images/detail?changes-since=2025-04-25T19%3A58%3A07Z 0.185s
2025-04-25 20:00:30.724 69982 INFO tempest.lib.common.rest_client [req-f6c34719-046e-4dd8-9f81-76d87160d5fb req-f6c34719-046e-4dd8-9f81-76d87160d5fb ] Request (DeleteServersAdminTestJSON:test_delete_server_while_in_error_state): 200 GET http://10.180.1.21/compute/v2.1/servers/11123131-ce04-45c0-a369-1ec5e568b6a5 0.243s
2025-04-25 20:00:30.775 70004 INFO tempest.lib.common.rest_client [req-6ad8008a-9a63-4cba-85ea-d409640963f5 req-6ad8008a-9a63-4cba-85ea-d409640963f5 ] Request (ServersTestFqdnHostnames:test_create_server_with_fqdn_name): 200 GET http://10.180.1.21/compute/v2.1/servers/e21ce499-fd39-4810-88cf-8a8d1330a67b 0.239s
2025-04-25 20:00:30.783 70030 INFO tempest.lib.common.rest_client [req-33de27fd-4fe7-4c5f-8ec8-38b0f07a757e req-33de27fd-4fe7-4c5f-8ec8-38b0f07a757e ] Request (ServerAddressesNegativeTestJSON:setUpClass): 200 GET http://10.180.1.21/compute/v2.1/servers/0e8f01e6-5844-4226-8ff8-370d3618b366 0.190s
2025-04-25 20:00:30.842 69994 INFO tempest.lib.common.rest_client [req-d2f3193c-41b9-4ef3-97ea-b5571037c7af req-d2f3193c-41b9-4ef3-97ea-b5571037c7af ] Request (InstanceActionsTestJSON:setUpClass): 200 GET http://10.180.1.21/compute/v2.1/servers/c2fb5505-fc81-40cb-b6de-34779f347adb 0.159s
2025-04-25 20:00:30.847 70018 INFO tempest.lib.common.rest_client [req-99807075-f2ac-4a28-a1c9-02dafa970e1f req-99807075-f2ac-4a28-a1c9-02dafa970e1f ] Request (ImagesNegativeTestJSON:test_create_image_from_deleted_server): 200 GET http://10.180.1.21/compute/v2.1/servers/8a133dcc-4367-4ee4-a9ed-1bc47ac2839a 0.200s
2025-04-25 20:00:30.882 69984 INFO tempest.lib.common.rest_client [req-2279d59d-3a8a-4921-a7e2-11c3c982b421 req-2279d59d-3a8a-4921-a7e2-11c3c982b421 ] Request (ListImageFiltersTestJSON:test_list_images_with_detail_filter_by_name): 200 GET http://10.180.1.21/compute/v2.1/images/detail?name=tempest-ListImageFiltersTestJSON-image-204702051 0.161s
2025-04-25 20:00:30.892 70024 INFO tempest.lib.common.rest_client [req-5d197b08-2146-437d-81c2-8f8615a8bc15 req-5d197b08-2146-437d-81c2-8f8615a8bc15 ] Request (ServersTestBootFromVolume:setUpClass): 200 GET http://10.180.1.21/compute/v2.1/servers/5e474303-4132-46e9-8cc8-e459f2a82293 0.200s
2025-04-25 20:00:30.937 70006 INFO tempest.lib.common.rest_client [req-cfabe3ab-69ed-40ee-ae27-e21116c188d8 req-cfabe3ab-69ed-40ee-ae27-e21116c188d8 ] Request (ServersAdminNegativeTestJSON:test_migrate_server_invalid_state): 200 GET http://10.180.1.21/compute/v2.1/servers/a04a2fe1-2877-4fea-8bc9-7a4e65aa8171 0.199s
2025-04-25 20:00:30.942 69992 INFO tempest.lib.common.rest_client [req-2509fa01-cfeb-450e-a5f0-b26d3f5d9448 req-2509fa01-cfeb-450e-a5f0-b26d3f5d9448 ] Request (ServerPasswordTestJSON:setUpClass): 200 GET http://10.180.1.21/compute/v2.1/servers/64ac299a-1fe8-4bcb-b657-6d660d38f5b5 0.183s
2025-04-25 20:00:30.995 70010 INFO tempest.lib.common.rest_client [req-8a396aee-3e8f-44e2-a8fb-473cd6898c7b req-8a396aee-3e8f-44e2-a8fb-473cd6898c7b ] Request (ImagesOneServerTestJSON:tearDownClass): 200 GET http://10.180.1.21/compute/v2.1/servers/16f935f2-2c14-4c1a-9f55-c5c219b3101c 0.206s
2025-04-25 20:00:30.995 70020 INFO tempest.lib.common.rest_client [req-74cf6853-7e8a-4c93-9125-dbd92c2ebfa0 req-74cf6853-7e8a-4c93-9125-dbd92c2ebfa0 ] Request (ServerDiagnosticsNegativeTest:tearDownClass): 200 GET http://10.180.1.21/compute/v2.1/servers/7a41f0c5-22b0-48ca-9be5-f41ab5f64203 0.158s
2025-04-25 20:00:31.028 69984 INFO tempest.lib.common.rest_client [req-c8a02e2c-a097-45e3-8343-3eedeb5c4146 req-c8a02e2c-a097-45e3-8343-3eedeb5c4146 ] Request (ListImageFiltersTestJSON:test_list_images_with_detail_filter_by_server_ref): 200 GET http://10.180.1.21/compute/v2.1/images/detail?server=http%3A%2F%2F10.180.1.21%2Fcompute%2Fv2.1%2Fservers%2Ffb987065-208f-42d9-b928-7431e722c642 0.141s
2025-04-25 20:00:31.042 70016 INFO tempest.lib.common.rest_client [req-fbdf7630-da7c-4cb8-ad04-127cc16c8138 req-fbdf7630-da7c-4cb8-ad04-127cc16c8138 ] Request (DeleteServersTestJSON:test_delete_active_server): 200 GET http://10.180.1.21/compute/v2.1/servers/5faa9d6e-3cbf-46cf-9bf7-d0910511491d 0.149s
2025-04-25 20:00:31.073 69984 INFO tempest.lib.common.rest_client [req-5de505f9-e379-42d4-9301-5cf6a960bcb2 req-5de505f9-e379-42d4-9301-5cf6a960bcb2 ] Request (ListImageFiltersTestJSON:test_list_images_with_detail_filter_by_server_ref): 200 GET http://10.180.1.21/compute/v2.1/images/detail?server=http%3A%2F%2F10.180.1.21%2Fcompute%2Fservers%2Ffb987065-208f-42d9-b928-7431e722c642 0.041s
2025-04-25 20:00:31.074 70000 INFO tempest.lib.common.rest_client [req-434467bd-f5b9-4ca0-9844-957d3cae726e req-434467bd-f5b9-4ca0-9844-957d3cae726e ] Request (ListServerFiltersTestJSON:setUpClass): 200 GET http://10.180.1.21/compute/v2.1/servers/20a3bc2c-042e-4d70-93f5-b17cbb06a6c8 0.133s
2025-04-25 20:00:31.128 69984 INFO tempest.lib.common.rest_client [req-77e5f052-dfe4-4cdc-a924-1d510813d423 req-77e5f052-dfe4-4cdc-a924-1d510813d423 ] Request (ListImageFiltersTestJSON:test_list_images_with_detail_filter_by_status): 200 GET http://10.180.1.21/compute/v2.1/images/detail?status=ACTIVE 0.050s
2025-04-25 20:00:31.178 69984 INFO tempest.lib.common.rest_client [req-7d27f79a-b6f2-4318-b21b-5d942cf0bb76 req-7d27f79a-b6f2-4318-b21b-5d942cf0bb76 ] Request (ListImageFiltersTestJSON:test_list_images_with_detail_filter_by_type): 200 GET http://10.180.1.21/compute/v2.1/images/detail?type=snapshot 0.044s
2025-04-25 20:00:31.215 70012 INFO tempest.lib.common.rest_client [req-0dd936b5-cd99-4de9-af0a-9ae0bd3a53a5 req-0dd936b5-cd99-4de9-af0a-9ae0bd3a53a5 ] Request (ServersListShow298Test:tearDownClass): 200 GET http://10.180.1.21/compute/v2.1/servers/7de76820-d45f-4bfc-afd9-895e47274116 0.071s
2025-04-25 20:00:31.217 69984 INFO tempest.lib.common.rest_client [req-a3cd8acc-a8f9-4ab8-8bf9-fbb3d296d7f7 req-a3cd8acc-a8f9-4ab8-8bf9-fbb3d296d7f7 ] Request (ListImageFiltersTestJSON:test_list_images_with_detail_filter_by_type): 200 GET http://10.180.1.21/compute/v2.1/images/f03e6ea6-4888-4842-b286-cae9242f7e27 0.033s
2025-04-25 20:00:31.275 69984 INFO tempest.lib.common.rest_client [req-1090bc85-4fd8-4da9-8b0e-12fe523bc193 req-1090bc85-4fd8-4da9-8b0e-12fe523bc193 ] Request (ListImageFiltersTestJSON:test_list_images_with_detail_limit_results): 200 GET http://10.180.1.21/compute/v2.1/images/detail?limit=1 0.053s
2025-04-25 20:00:31.275 70038 INFO tempest.lib.common.rest_client [req-7d349da8-63f9-4e3c-ac37-d34987c95921 req-7d349da8-63f9-4e3c-ac37-d34987c95921 ] Request (VolumesAdminNegativeTest:test_update_attached_volume_with_nonexistent_volume_in_uri): 200 GET http://10.180.1.21/compute/v2.1/servers/a0dad223-34a6-4e39-8ee7-ec74ba96a133 0.087s
2025-04-25 20:00:31.344 69988 INFO tempest.lib.common.rest_client [req-075cd537-3f4a-4a95-8dd5-6e26e84c0d98 req-075cd537-3f4a-4a95-8dd5-6e26e84c0d98 ] Request (VolumesAssistedSnapshotsTest:tearDownClass): 200 GET http://10.180.1.21/compute/v2.1/servers/d35745c3-a340-4650-9566-3726d0c8b018 0.089s
2025-04-25 20:00:31.386 69984 INFO tempest.lib.common.rest_client [req-b8f1e245-81fb-4b60-84e0-91a3add58aeb req-b8f1e245-81fb-4b60-84e0-91a3add58aeb ] Request (ListImageFiltersTestJSON:tearDownClass): 204 DELETE http://10.180.1.21/compute/v2.1/images/2c98b745-930b-4279-95d4-2a622966adfe 0.106s
2025-04-25 20:00:31.402 69980 INFO tempest.lib.common.rest_client [req-1d87e1b6-a274-4b15-93fe-e87c9d8f00fc req-1d87e1b6-a274-4b15-93fe-e87c9d8f00fc ] Request (ServerDiskConfigTestJSON:test_rebuild_server_with_manual_disk_config): 200 GET http://10.180.1.21/compute/v2.1/servers/0504132d-eb33-4c2d-9944-316aa6918035 0.108s
2025-04-25 20:00:31.458 70036 INFO tempest.lib.common.rest_client [req-db7a6a08-3898-4ac6-a007-ce569e7d9b52 req-db7a6a08-3898-4ac6-a007-ce569e7d9b52 ] Request (FloatingIPsAssociationTestJSON:tearDownClass): 200 GET http://10.180.1.21/compute/v2.1/servers/89d1dbf0-20d6-4fa7-b362-e5b4311a68d1 0.089s
2025-04-25 20:00:31.514 70002 INFO tempest.lib.common.rest_client [req-8276fec9-f927-4f74-afec-78b09c86530b req-8276fec9-f927-4f74-afec-78b09c86530b ] Request (ListServersNegativeTestJSON:tearDownClass): 200 GET http://10.180.1.21/compute/v2.1/servers/6d7a78cf-7d52-4f84-9f93-10bd4fddb511 0.182s
2025-04-25 20:00:31.550 69984 INFO tempest.lib.common.rest_client [req-df5f7dfb-0427-4359-aec2-6772796163bc req-df5f7dfb-0427-4359-aec2-6772796163bc ] Request (ListImageFiltersTestJSON:tearDownClass): 204 DELETE http://10.180.1.21/compute/v2.1/images/3993c3ee-d4e5-49a1-a845-5c275c70238f 0.163s
2025-04-25 20:00:31.583 70008 INFO tempest.lib.common.rest_client [req-de43a6bf-8b9d-4882-96cb-e7c071dc6230 req-de43a6bf-8b9d-4882-96cb-e7c071dc6230 ] Request (MigrationsAdminTest:test_resize_server_revert_deleted_flavor): 200 GET http://10.180.1.21/compute/v2.1/servers/c7fba1f1-8e12-4891-aa98-06a5ff41a7e5 0.137s
2025-04-25 20:00:31.646 69998 INFO tempest.lib.common.rest_client [req-7dd2865d-b130-4ed4-b373-46bc5bec6afe req-7dd2865d-b130-4ed4-b373-46bc5bec6afe ] Request (AttachVolumeShelveTestJSON:test_attach_volume_shelved_or_offload_server): 200 GET http://10.180.1.21/compute/v2.1/servers/ca488e4c-5958-4ae8-a611-16034ea05264 0.154s
2025-04-25 20:00:31.652 70014 INFO tempest.lib.common.rest_client [req-3ad18bbe-0750-4724-aa2d-32ce0381f19e req-3ad18bbe-0750-4724-aa2d-32ce0381f19e ] Request (SecurityGroupsTestJSON:test_list_security_groups_by_server): 200 GET http://10.180.1.21/compute/v2.1/servers/f94689f2-f576-4b80-bcac-59a95fcd7899 0.160s
2025-04-25 20:00:31.713 69978 INFO tempest.lib.common.rest_client [req-05250120-2961-4db8-b234-35d962ab6b53 req-05250120-2961-4db8-b234-35d962ab6b53 ] Request (ServerActionsTestOtherB:setUpClass): 200 GET http://10.180.1.21/compute/v2.1/servers/2c2ada34-c9b6-424a-a601-0ee922646578 0.129s
2025-04-25 20:00:31.780 69984 INFO tempest.lib.common.rest_client [req-5b7a4bfb-29e9-426f-b8a4-2c238c97e446 req-5b7a4bfb-29e9-426f-b8a4-2c238c97e446 ] Request (ListImageFiltersTestJSON:tearDownClass): 204 DELETE http://10.180.1.21/compute/v2.1/images/afe00310-c37a-4ff7-8c67-b0851785089a 0.230s
2025-04-25 20:00:31.876 69990 INFO tempest.lib.common.rest_client [req-e09a9adc-d9e6-46f2-a44d-3eeacaeccca1 req-e09a9adc-d9e6-46f2-a44d-3eeacaeccca1 ] Request (ServersAdminTestJSON:setUpClass): 200 GET http://10.180.1.21/compute/v2.1/servers/55a31f53-3712-486d-a4a8-7f15597da862 0.211s
2025-04-25 20:00:31.887 69990 INFO tempest.common.waiters [-] State transition "BUILD/networking" ==> "BUILD/spawning" after 85 second wait
2025-04-25 20:00:31.890 69982 INFO tempest.lib.common.rest_client [req-0b784b67-52f6-4c0c-95cd-d312e5ffdede req-0b784b67-52f6-4c0c-95cd-d312e5ffdede ] Request (DeleteServersAdminTestJSON:test_delete_server_while_in_error_state): 200 GET http://10.180.1.21/compute/v2.1/servers/11123131-ce04-45c0-a369-1ec5e568b6a5 0.155s
2025-04-25 20:00:31.965 70004 INFO tempest.lib.common.rest_client [req-59e2ce3f-f71a-4161-a2e0-93fa4d33a52d req-59e2ce3f-f71a-4161-a2e0-93fa4d33a52d ] Request (ServersTestFqdnHostnames:test_create_server_with_fqdn_name): 200 GET http://10.180.1.21/compute/v2.1/servers/e21ce499-fd39-4810-88cf-8a8d1330a67b 0.182s
2025-04-25 20:00:31.967 69984 INFO tempest.lib.common.rest_client [req-dfc35f4d-9fbd-456e-bf6e-2a6c23f88fe4 req-dfc35f4d-9fbd-456e-bf6e-2a6c23f88fe4 ] Request (ListImageFiltersTestJSON:tearDownClass): 204 DELETE http://10.180.1.21/compute/v2.1/servers/fb987065-208f-42d9-b928-7431e722c642 0.187s
2025-04-25 20:00:32.021 69994 INFO tempest.lib.common.rest_client [req-9823c253-fafb-4aaf-b160-94e968a1db52 req-9823c253-fafb-4aaf-b160-94e968a1db52 ] Request (InstanceActionsTestJSON:setUpClass): 200 GET http://10.180.1.21/compute/v2.1/servers/c2fb5505-fc81-40cb-b6de-34779f347adb 0.170s
2025-04-25 20:00:32.042 70030 INFO tempest.lib.common.rest_client [req-6741c6c8-c096-4069-9036-2de0c80b0dfa req-6741c6c8-c096-4069-9036-2de0c80b0dfa ] Request (ServerAddressesNegativeTestJSON:setUpClass): 200 GET http://10.180.1.21/compute/v2.1/servers/0e8f01e6-5844-4226-8ff8-370d3618b366 0.245s
2025-04-25 20:00:32.092 70018 INFO tempest.lib.common.rest_client [req-0aa26d92-dfab-4a9d-b49d-9e596a84c070 req-0aa26d92-dfab-4a9d-b49d-9e596a84c070 ] Request (ImagesNegativeTestJSON:test_create_image_from_deleted_server): 200 GET http://10.180.1.21/compute/v2.1/servers/8a133dcc-4367-4ee4-a9ed-1bc47ac2839a 0.236s
2025-04-25 20:00:32.093 70024 INFO tempest.lib.common.rest_client [req-45f497bf-d0de-41b4-a8f2-c06e82287616 req-45f497bf-d0de-41b4-a8f2-c06e82287616 ] Request (ServersTestBootFromVolume:setUpClass): 200 GET http://10.180.1.21/compute/v2.1/servers/5e474303-4132-46e9-8cc8-e459f2a82293 0.193s
2025-04-25 20:00:32.155 69992 INFO tempest.lib.common.rest_client [req-e9fffb0f-55aa-455a-9c3d-675cbcccf5b7 req-e9fffb0f-55aa-455a-9c3d-675cbcccf5b7 ] Request (ServerPasswordTestJSON:setUpClass): 200 GET http://10.180.1.21/compute/v2.1/servers/64ac299a-1fe8-4bcb-b657-6d660d38f5b5 0.206s
2025-04-25 20:00:32.156 70006 INFO tempest.lib.common.rest_client [req-416f4577-80ba-4d95-aa91-77484ebc35d8 req-416f4577-80ba-4d95-aa91-77484ebc35d8 ] Request (ServersAdminNegativeTestJSON:test_migrate_server_invalid_state): 200 GET http://10.180.1.21/compute/v2.1/servers/a04a2fe1-2877-4fea-8bc9-7a4e65aa8171 0.211s
2025-04-25 20:00:32.221 70010 INFO tempest.lib.common.rest_client [req-c281cfcf-5b82-41a5-9cf7-9160182d007a req-c281cfcf-5b82-41a5-9cf7-9160182d007a ] Request (ImagesOneServerTestJSON:tearDownClass): 200 GET http://10.180.1.21/compute/v2.1/servers/16f935f2-2c14-4c1a-9f55-c5c219b3101c 0.218s
2025-04-25 20:00:32.271 69984 INFO tempest.lib.common.rest_client [req-95ab18bb-3918-4361-b746-04fd3d6475ab req-95ab18bb-3918-4361-b746-04fd3d6475ab ] Request (ListImageFiltersTestJSON:tearDownClass): 200 GET http://10.180.1.21/compute/v2.1/servers/fb987065-208f-42d9-b928-7431e722c642 0.303s
2025-04-25 20:00:32.299 70020 INFO tempest.lib.common.rest_client [req-9d5a7271-64f0-420c-9ada-a27d17eda232 req-9d5a7271-64f0-420c-9ada-a27d17eda232 ] Request (ServerDiagnosticsNegativeTest:tearDownClass): 200 GET http://10.180.1.21/compute/v2.1/servers/7a41f0c5-22b0-48ca-9be5-f41ab5f64203 0.295s
2025-04-25 20:00:32.322 70016 INFO tempest.lib.common.rest_client [req-fd61b4eb-c41d-4af7-93bf-beb1ee728aea req-fd61b4eb-c41d-4af7-93bf-beb1ee728aea ] Request (DeleteServersTestJSON:test_delete_active_server): 200 GET http://10.180.1.21/compute/v2.1/servers/5faa9d6e-3cbf-46cf-9bf7-d0910511491d 0.272s
2025-04-25 20:00:32.357 70000 INFO tempest.lib.common.rest_client [req-7b2a88ed-74f2-42d4-b669-cd122fe3bd2f req-7b2a88ed-74f2-42d4-b669-cd122fe3bd2f ] Request (ListServerFiltersTestJSON:setUpClass): 200 GET http://10.180.1.21/compute/v2.1/servers/20a3bc2c-042e-4d70-93f5-b17cbb06a6c8 0.274s
2025-04-25 20:00:32.415 70012 INFO tempest.lib.common.rest_client [req-475f721f-fe6b-4ee7-8a16-cbe76050a76e req-475f721f-fe6b-4ee7-8a16-cbe76050a76e ] Request (ServersListShow298Test:tearDownClass): 200 GET http://10.180.1.21/compute/v2.1/servers/7de76820-d45f-4bfc-afd9-895e47274116 0.188s
2025-04-25 20:00:32.417 70038 INFO tempest.lib.common.rest_client [req-330c7830-eaa6-469d-bd21-ee19aedddfbd req-330c7830-eaa6-469d-bd21-ee19aedddfbd ] Request (VolumesAdminNegativeTest:test_update_attached_volume_with_nonexistent_volume_in_uri): 200 GET http://10.180.1.21/compute/v2.1/servers/a0dad223-34a6-4e39-8ee7-ec74ba96a133 0.133s
2025-04-25 20:00:32.472 69980 INFO tempest.lib.common.rest_client [req-3e14dfcd-44f9-47d1-80da-8600188c7367 req-3e14dfcd-44f9-47d1-80da-8600188c7367 ] Request (ServerDiskConfigTestJSON:test_rebuild_server_with_manual_disk_config): 200 GET http://10.180.1.21/compute/v2.1/servers/0504132d-eb33-4c2d-9944-316aa6918035 0.062s
2025-04-25 20:00:32.475 69988 INFO tempest.lib.common.rest_client [req-1c47178e-0716-4641-9474-febc334e4817 req-1c47178e-0716-4641-9474-febc334e4817 ] Request (VolumesAssistedSnapshotsTest:tearDownClass): 200 GET http://10.180.1.21/compute/v2.1/servers/d35745c3-a340-4650-9566-3726d0c8b018 0.123s
2025-04-25 20:00:32.493 70036 INFO tempest.lib.common.rest_client [req-b3754fb4-c53b-445f-a99b-94942ca733fe req-b3754fb4-c53b-445f-a99b-94942ca733fe ] Request (FloatingIPsAssociationTestJSON:tearDownClass): 404 GET http://10.180.1.21/compute/v2.1/servers/89d1dbf0-20d6-4fa7-b362-e5b4311a68d1 0.024s
2025-04-25 20:00:32.583 70002 INFO tempest.lib.common.rest_client [req-e03f1a07-bd30-4d78-9ebd-359e98ebd1c3 req-e03f1a07-bd30-4d78-9ebd-359e98ebd1c3 ] Request (ListServersNegativeTestJSON:tearDownClass): 200 GET http://10.180.1.21/compute/v2.1/servers/6d7a78cf-7d52-4f84-9f93-10bd4fddb511 0.058s
2025-04-25 20:00:32.640 70008 INFO tempest.lib.common.rest_client [req-4dc38f56-f071-4565-abc7-1575ba5ab91e req-4dc38f56-f071-4565-abc7-1575ba5ab91e ] Request (MigrationsAdminTest:test_resize_server_revert_deleted_flavor): 200 GET http://10.180.1.21/compute/v2.1/servers/c7fba1f1-8e12-4891-aa98-06a5ff41a7e5 0.049s
2025-04-25 20:00:32.708 69998 INFO tempest.lib.common.rest_client [req-ca096da1-3b5b-4a6e-bd81-829d2cdb7264 req-ca096da1-3b5b-4a6e-bd81-829d2cdb7264 ] Request (AttachVolumeShelveTestJSON:test_attach_volume_shelved_or_offload_server): 200 GET http://10.180.1.21/compute/v2.1/servers/ca488e4c-5958-4ae8-a611-16034ea05264 0.049s
2025-04-25 20:00:32.811 70036 INFO tempest.lib.common.rest_client [req-1bc381e1-ad31-4690-a1d1-3037b49a88e9 req-1bc381e1-ad31-4690-a1d1-3037b49a88e9 ] Request (FloatingIPsAssociationTestJSON:tearDownClass): 202 DELETE http://10.180.1.21/compute/v2.1/os-floating-ips/6e188a53-5f16-44d7-9f6e-7828a4ea8e61 0.318s
2025-04-25 20:00:32.813 70014 INFO tempest.lib.common.rest_client [req-6f657d6a-42f9-4809-97f9-3dd35a6a86ec req-6f657d6a-42f9-4809-97f9-3dd35a6a86ec ] Request (SecurityGroupsTestJSON:test_list_security_groups_by_server): 200 GET http://10.180.1.21/compute/v2.1/servers/f94689f2-f576-4b80-bcac-59a95fcd7899 0.148s
2025-04-25 20:00:32.825 70014 INFO tempest.common.waiters [-] State transition "BUILD/spawning" ==> "ACTIVE/None" after 87 second wait
2025-04-25 20:00:32.865 69978 INFO tempest.lib.common.rest_client [req-84f03de4-bcb4-4ad0-8311-83c6556bd280 req-84f03de4-bcb4-4ad0-8311-83c6556bd280 ] Request (ServerActionsTestOtherB:setUpClass): 200 GET http://10.180.1.21/compute/v2.1/servers/2c2ada34-c9b6-424a-a601-0ee922646578 0.142s
2025-04-25 20:00:32.887 70036 INFO tempest.lib.common.rest_client [req-e6017f79-1429-4fb3-916a-0db71ce69716 req-e6017f79-1429-4fb3-916a-0db71ce69716 ] Request (FloatingIPsAssociationTestJSON:tearDownClass): 204 DELETE http://10.180.1.21/compute/v2.1/servers/b98cd2dd-d19d-461f-ba5b-8d00c7aaf14c 0.075s
2025-04-25 20:00:33.017 70036 INFO tempest.lib.common.rest_client [req-c4574157-0df5-43a4-8616-3a42509062cc req-c4574157-0df5-43a4-8616-3a42509062cc ] Request (FloatingIPsAssociationTestJSON:tearDownClass): 200 GET http://10.180.1.21/compute/v2.1/servers/b98cd2dd-d19d-461f-ba5b-8d00c7aaf14c 0.130s
2025-04-25 20:00:33.111 69990 INFO tempest.lib.common.rest_client [req-a96a5847-2ab1-463a-a5eb-5638311b11be req-a96a5847-2ab1-463a-a5eb-5638311b11be ] Request (ServersAdminTestJSON:setUpClass): 200 GET http://10.180.1.21/compute/v2.1/servers/55a31f53-3712-486d-a4a8-7f15597da862 0.221s
2025-04-25 20:00:33.172 69982 INFO tempest.lib.common.rest_client [req-526bea5e-727c-41d3-b2ba-d49dd2543d16 req-526bea5e-727c-41d3-b2ba-d49dd2543d16 ] Request (DeleteServersAdminTestJSON:test_delete_server_while_in_error_state): 200 GET http://10.180.1.21/compute/v2.1/servers/11123131-ce04-45c0-a369-1ec5e568b6a5 0.271s
2025-04-25 20:00:33.179 69982 INFO tempest.common.waiters [-] State transition "ERROR/deleting" ==> "DELETED/None" after 4 second wait
2025-04-25 20:00:33.203 70014 INFO tempest.lib.common.rest_client [req-d5d820b5-cf58-4d55-a2dc-cc54fe6c7f40 req-d5d820b5-cf58-4d55-a2dc-cc54fe6c7f40 ] Request (SecurityGroupsTestJSON:test_list_security_groups_by_server): 202 POST http://10.180.1.21/compute/v2.1/servers/f94689f2-f576-4b80-bcac-59a95fcd7899/action 0.377s
2025-04-25 20:00:33.234 70004 INFO tempest.lib.common.rest_client [req-ce970cfc-1d9c-4a9f-8fd1-efad9562184b req-ce970cfc-1d9c-4a9f-8fd1-efad9562184b ] Request (ServersTestFqdnHostnames:test_create_server_with_fqdn_name): 200 GET http://10.180.1.21/compute/v2.1/servers/e21ce499-fd39-4810-88cf-8a8d1330a67b 0.258s
2025-04-25 20:00:33.260 69994 INFO tempest.lib.common.rest_client [req-356923d9-62c8-423f-bc32-3452e1abfda2 req-356923d9-62c8-423f-bc32-3452e1abfda2 ] Request (InstanceActionsTestJSON:setUpClass): 200 GET http://10.180.1.21/compute/v2.1/servers/c2fb5505-fc81-40cb-b6de-34779f347adb 0.231s
2025-04-25 20:00:33.296 70030 INFO tempest.lib.common.rest_client [req-9c9bcc5b-840d-4296-9b5b-0f1598849dae req-9c9bcc5b-840d-4296-9b5b-0f1598849dae ] Request (ServerAddressesNegativeTestJSON:setUpClass): 200 GET http://10.180.1.21/compute/v2.1/servers/0e8f01e6-5844-4226-8ff8-370d3618b366 0.246s
2025-04-25 20:00:33.326 70018 INFO tempest.lib.common.rest_client [req-dea3ca9f-bd22-45f8-82d0-cec3352fec71 req-dea3ca9f-bd22-45f8-82d0-cec3352fec71 ] Request (ImagesNegativeTestJSON:test_create_image_from_deleted_server): 200 GET http://10.180.1.21/compute/v2.1/servers/8a133dcc-4367-4ee4-a9ed-1bc47ac2839a 0.226s
2025-04-25 20:00:33.346 70022 WARNING tempest.lib.common.ssh [-] Failed to establish authenticated ssh connection to cirros@10.180.180.140 ([Errno None] Unable to connect to port 22 on 10.180.180.140). Number attempts: 2. Retry after 3 seconds.: paramiko.ssh_exception.NoValidConnectionsError: [Errno None] Unable to connect to port 22 on 10.180.180.140
2025-04-25 20:00:33.352 70024 INFO tempest.lib.common.rest_client [req-c0ffb673-c090-4709-8bdb-2a041df96595 req-c0ffb673-c090-4709-8bdb-2a041df96595 ] Request (ServersTestBootFromVolume:setUpClass): 200 GET http://10.180.1.21/compute/v2.1/servers/5e474303-4132-46e9-8cc8-e459f2a82293 0.248s
2025-04-25 20:00:33.377 70006 INFO tempest.lib.common.rest_client [req-11d2f44c-7c5e-4b9a-8f6a-b21eed1a999e req-11d2f44c-7c5e-4b9a-8f6a-b21eed1a999e ] Request (ServersAdminNegativeTestJSON:test_migrate_server_invalid_state): 200 GET http://10.180.1.21/compute/v2.1/servers/a04a2fe1-2877-4fea-8bc9-7a4e65aa8171 0.211s
2025-04-25 20:00:33.408 69992 INFO tempest.lib.common.rest_client [req-121ecf71-2698-4e87-bbd0-23405c1cd355 req-121ecf71-2698-4e87-bbd0-23405c1cd355 ] Request (ServerPasswordTestJSON:setUpClass): 200 GET http://10.180.1.21/compute/v2.1/servers/64ac299a-1fe8-4bcb-b657-6d660d38f5b5 0.238s
2025-04-25 20:00:33.471 70010 INFO tempest.lib.common.rest_client [req-09aa8864-d6f4-47dd-aa6a-57355f573821 req-09aa8864-d6f4-47dd-aa6a-57355f573821 ] Request (ImagesOneServerTestJSON:tearDownClass): 200 GET http://10.180.1.21/compute/v2.1/servers/16f935f2-2c14-4c1a-9f55-c5c219b3101c 0.232s
2025-04-25 20:00:33.586 69984 INFO tempest.lib.common.rest_client [req-691678da-cadf-4d29-865d-6cf68199dd3c req-691678da-cadf-4d29-865d-6cf68199dd3c ] Request (ListImageFiltersTestJSON:tearDownClass): 200 GET http://10.180.1.21/compute/v2.1/servers/fb987065-208f-42d9-b928-7431e722c642 0.305s
2025-04-25 20:00:33.640 70020 INFO tempest.lib.common.rest_client [req-e66ad112-3012-4e4d-b6a8-ef8c1a44e942 req-e66ad112-3012-4e4d-b6a8-ef8c1a44e942 ] Request (ServerDiagnosticsNegativeTest:tearDownClass): 200 GET http://10.180.1.21/compute/v2.1/servers/7a41f0c5-22b0-48ca-9be5-f41ab5f64203 0.333s
2025-04-25 20:00:33.694 70016 INFO tempest.lib.common.rest_client [req-15338f97-2563-4aac-a410-7546660e596b req-15338f97-2563-4aac-a410-7546660e596b ] Request (DeleteServersTestJSON:test_delete_active_server): 200 GET http://10.180.1.21/compute/v2.1/servers/5faa9d6e-3cbf-46cf-9bf7-d0910511491d 0.362s
2025-04-25 20:00:33.701 70014 INFO tempest.lib.common.rest_client [req-4d08c16f-6e84-4adf-9f6c-e889469b2991 req-4d08c16f-6e84-4adf-9f6c-e889469b2991 ] Request (SecurityGroupsTestJSON:test_list_security_groups_by_server): 202 POST http://10.180.1.21/compute/v2.1/servers/f94689f2-f576-4b80-bcac-59a95fcd7899/action 0.497s
2025-04-25 20:00:33.737 70000 INFO tempest.lib.common.rest_client [req-9cb68603-e9cd-4182-91ba-0de3bc668963 req-9cb68603-e9cd-4182-91ba-0de3bc668963 ] Request (ListServerFiltersTestJSON:setUpClass): 200 GET http://10.180.1.21/compute/v2.1/servers/20a3bc2c-042e-4d70-93f5-b17cbb06a6c8 0.370s
2025-04-25 20:00:33.763 70012 INFO tempest.lib.common.rest_client [req-f8f6c7d0-a58f-4912-baff-a313c0482467 req-f8f6c7d0-a58f-4912-baff-a313c0482467 ] Request (ServersListShow298Test:tearDownClass): 200 GET http://10.180.1.21/compute/v2.1/servers/7de76820-d45f-4bfc-afd9-895e47274116 0.336s
2025-04-25 20:00:33.782 70038 INFO tempest.lib.common.rest_client [req-4d127018-e8fc-4d8e-8845-45af27c9c73d req-4d127018-e8fc-4d8e-8845-45af27c9c73d ] Request (VolumesAdminNegativeTest:test_update_attached_volume_with_nonexistent_volume_in_uri): 200 GET http://10.180.1.21/compute/v2.1/servers/a0dad223-34a6-4e39-8ee7-ec74ba96a133 0.352s
2025-04-25 20:00:33.813 69988 INFO tempest.lib.common.rest_client [req-252cd5e4-3d51-457f-a6c9-91fe4efd2bb3 req-252cd5e4-3d51-457f-a6c9-91fe4efd2bb3 ] Request (VolumesAssistedSnapshotsTest:tearDownClass): 200 GET http://10.180.1.21/compute/v2.1/servers/d35745c3-a340-4650-9566-3726d0c8b018 0.330s
2025-04-25 20:00:33.828 69980 INFO tempest.lib.common.rest_client [req-203e083e-c7af-4f02-a733-bf892cc9d41d req-203e083e-c7af-4f02-a733-bf892cc9d41d ] Request (ServerDiskConfigTestJSON:test_rebuild_server_with_manual_disk_config): 200 GET http://10.180.1.21/compute/v2.1/servers/0504132d-eb33-4c2d-9944-316aa6918035 0.343s
2025-04-25 20:00:33.871 70002 INFO tempest.lib.common.rest_client [req-7f7c43e5-acef-45f1-a6cf-18a836c7baf2 req-7f7c43e5-acef-45f1-a6cf-18a836c7baf2 ] Request (ListServersNegativeTestJSON:tearDownClass): 200 GET http://10.180.1.21/compute/v2.1/servers/6d7a78cf-7d52-4f84-9f93-10bd4fddb511 0.281s
2025-04-25 20:00:33.876 70008 INFO tempest.lib.common.rest_client [req-26ad36e1-cd4b-44c1-835c-e5d84d460d33 req-26ad36e1-cd4b-44c1-835c-e5d84d460d33 ] Request (MigrationsAdminTest:test_resize_server_revert_deleted_flavor): 200 GET http://10.180.1.21/compute/v2.1/servers/c7fba1f1-8e12-4891-aa98-06a5ff41a7e5 0.226s
2025-04-25 20:00:33.878 70002 INFO tempest.common.waiters [-] State transition "ACTIVE/deleting" ==> "DELETED/None" after 3 second wait
