2025-04-25 19:59:38.952 69986 INFO tempest.lib.common.rest_client [req-bbb90a9c-84f7-4b07-b28d-cc0732f4d71b req-bbb90a9c-84f7-4b07-b28d-cc0732f4d71b ] Request (AttachInterfacesTestJSON:test_create_list_show_delete_interfaces_by_fixed_ip): 200 GET http://10.180.1.21/compute/v2.1/servers/af9422bd-d925-4174-8ea5-91d2bcec2f3b 0.198s
2025-04-25 19:59:38.965 70020 INFO tempest.lib.common.rest_client [req-465162b4-18ed-4e38-925e-f10b6517d59d req-465162b4-18ed-4e38-925e-f10b6517d59d ] Request (ServerDiagnosticsNegativeTest:test_get_server_diagnostics_by_non_admin): 200 GET http://10.180.1.21/compute/v2.1/servers/7a41f0c5-22b0-48ca-9be5-f41ab5f64203 0.210s
2025-04-25 19:59:39.004 69990 INFO tempest.lib.common.rest_client [req-595dd687-552e-4da4-86bf-87c0cb961235 req-595dd687-552e-4da4-86bf-87c0cb961235 ] Request (ServersAdminTestJSON:setUpClass): 200 GET http://10.180.1.21/compute/v2.1/servers/55a31f53-3712-486d-a4a8-7f15597da862 0.202s
2025-04-25 19:59:39.042 70004 INFO tempest.lib.common.rest_client [req-72e9189b-f082-4efd-98f0-7cd6dbb16e1a req-72e9189b-f082-4efd-98f0-7cd6dbb16e1a ] Request (ImagesMetadataTestJSON:tearDownClass): 204 DELETE http://10.180.1.21:9696/networking/v2.0/security-groups/9a67fde4-fa5f-488f-b25a-7b4c2301898a 0.150s
2025-04-25 19:59:39.059 69978 INFO tempest.lib.common.rest_client [req-3d0afdf6-b88a-48a8-b327-707b3e194c59 req-3d0afdf6-b88a-48a8-b327-707b3e194c59 ] Request (ServersTestJSON:test_list_servers): 200 GET http://10.180.1.21/compute/v2.1/servers 0.171s
2025-04-25 19:59:39.129 70004 INFO tempest.lib.common.rest_client [req-7303d484-8918-4ae1-8a10-c4ca6473b455 req-7303d484-8918-4ae1-8a10-c4ca6473b455 ] Request (ImagesMetadataTestJSON:tearDownClass): 204 DELETE http://10.180.1.21/identity/v3/projects/ebc70161d4b144e28677aabd6f551ec0 0.086s
2025-04-25 19:59:39.231 70004 INFO tempest.lib.common.rest_client [req-d166fa13-bbf5-4751-88f4-8f4e68e93fdc req-d166fa13-bbf5-4751-88f4-8f4e68e93fdc ] Request (ServersTestFqdnHostnames:setUpClass): 201 POST http://10.180.1.21/identity/v3/auth/tokens 0.099s
2025-04-25 19:59:39.239 70030 INFO tempest.lib.common.rest_client [req-8575b695-76f6-4e41-b674-1f22bc32dd50 req-8575b695-76f6-4e41-b674-1f22bc32dd50 ] Request (ServerAddressesNegativeTestJSON:setUpClass): 200 GET http://10.180.1.21/compute/v2.1/servers/0e8f01e6-5844-4226-8ff8-370d3618b366 0.085s
2025-04-25 19:59:39.271 70004 INFO tempest.lib.common.rest_client [req-afe3b9b8-c96d-4114-ad58-bbcf6efe9424 req-afe3b9b8-c96d-4114-ad58-bbcf6efe9424 ] Request (ServersTestFqdnHostnames:setUpClass): 201 POST http://10.180.1.21/identity/v3/auth/tokens 0.037s
2025-04-25 19:59:39.302 70004 INFO tempest.lib.common.rest_client [req-e229a348-cff3-4129-a883-dccb753c7e0b req-e229a348-cff3-4129-a883-dccb753c7e0b ] Request (ServersTestFqdnHostnames:setUpClass): 200 GET http://10.180.1.21/identity/v3/domains?name=Default 0.030s
2025-04-25 19:59:39.310 70018 INFO tempest.lib.common.rest_client [req-a0d37f9a-eb87-44a3-abb7-b0f36cce174c req-a0d37f9a-eb87-44a3-abb7-b0f36cce174c ] Request (ImagesNegativeTestJSON:test_create_image_from_deleted_server): 200 GET http://10.180.1.21/compute/v2.1/servers/8a133dcc-4367-4ee4-a9ed-1bc47ac2839a 0.105s
2025-04-25 19:59:39.321 69978 INFO tempest.lib.common.rest_client [req-fe8bf9ee-96c3-4d4f-a5f6-c35b1f9fa354 req-fe8bf9ee-96c3-4d4f-a5f6-c35b1f9fa354 ] Request (ServersTestJSON:test_list_servers_with_detail): 200 GET http://10.180.1.21/compute/v2.1/servers/detail 0.259s
2025-04-25 19:59:39.350 70004 INFO tempest.lib.common.rest_client [req-e4552315-bb88-4cd8-b840-61c42fc54348 req-e4552315-bb88-4cd8-b840-61c42fc54348 ] Request (ServersTestFqdnHostnames:setUpClass): 201 POST http://10.180.1.21/identity/v3/projects 0.047s
2025-04-25 19:59:39.369 69984 INFO tempest.lib.common.rest_client [req-90d5b695-cc8d-4e17-b3dd-9b0e02f13f56 req-90d5b695-cc8d-4e17-b3dd-9b0e02f13f56 ] Request (ListImageFiltersTestJSON:setUpClass): 200 GET http://10.180.1.21/compute/v2.1/images/afe00310-c37a-4ff7-8c67-b0851785089a 0.136s
2025-04-25 19:59:39.375 69980 INFO tempest.lib.common.rest_client [req-62410cbe-b45e-4ad7-b446-838943ed0892 req-62410cbe-b45e-4ad7-b446-838943ed0892 ] Request (ServerDiskConfigTestJSON:test_rebuild_server_with_auto_disk_config): 200 GET http://10.180.1.21/compute/v2.1/servers/7d299e10-f60c-434f-94aa-283d1738ee16 0.160s
2025-04-25 19:59:39.391 69978 INFO tempest.lib.common.rest_client [req-98625d2d-9938-4385-b2ae-70e0a73b7d48 req-98625d2d-9938-4385-b2ae-70e0a73b7d48 ] Request (ServersTestJSON:test_verify_created_server_vcpus): 200 GET http://10.180.1.21/compute/v2.1/flavors/42 0.055s
2025-04-25 19:59:39.394 69978 INFO tempest.lib.common.ssh [-] Creating ssh connection to '10.180.180.240:22' as 'cirros' with public key authentication
2025-04-25 19:59:39.398 69978 INFO paramiko.transport [-] Connected (version 2.0, client dropbear_2020.81)
2025-04-25 19:59:39.429 70014 INFO tempest.lib.common.rest_client [req-022d0377-f670-41c5-919a-843acd53780a req-022d0377-f670-41c5-919a-843acd53780a ] Request (SecurityGroupsTestJSON:test_list_security_groups_by_server): 200 GET http://10.180.1.21/compute/v2.1/servers/f94689f2-f576-4b80-bcac-59a95fcd7899 0.155s
2025-04-25 19:59:39.431 70004 INFO tempest.lib.common.rest_client [req-c33789f9-2919-4337-afaa-bad890b1208a req-c33789f9-2919-4337-afaa-bad890b1208a ] Request (ServersTestFqdnHostnames:setUpClass): 201 POST http://10.180.1.21/identity/v3/users 0.081s
2025-04-25 19:59:39.455 70006 INFO tempest.lib.common.rest_client [req-6d2aa58b-4506-4c92-a8d4-3ee261803ee4 req-6d2aa58b-4506-4c92-a8d4-3ee261803ee4 ] Request (ServersAdminNegativeTestJSON:test_migrate_server_invalid_state): 200 GET http://10.180.1.21/compute/v2.1/servers/a04a2fe1-2877-4fea-8bc9-7a4e65aa8171 0.109s
2025-04-25 19:59:39.458 70004 INFO tempest.lib.common.rest_client [req-43bb5f21-0715-46b8-8287-ddf2608bd3a3 req-43bb5f21-0715-46b8-8287-ddf2608bd3a3 ] Request (ServersTestFqdnHostnames:setUpClass): 200 GET http://10.180.1.21/identity/v3/roles 0.026s
2025-04-25 19:59:39.470 69978 INFO paramiko.transport [-] Authentication (publickey) successful!
2025-04-25 19:59:39.470 69978 INFO tempest.lib.common.ssh [-] ssh connection to cirros@10.180.180.240 successfully created
2025-04-25 19:59:39.500 70004 INFO tempest.lib.common.rest_client [req-8fb4a473-2a53-446f-a929-9fc6dfe7dc68 req-8fb4a473-2a53-446f-a929-9fc6dfe7dc68 ] Request (ServersTestFqdnHostnames:setUpClass): 204 PUT http://10.180.1.21/identity/v3/projects/faf685f7e191457eb97f08f4a5a770fc/users/e5e4e943c4df49ea98bf24ffbf5336d6/roles/2678565713c642dd90952cc99fb0645d 0.040s
2025-04-25 19:59:39.500 70004 INFO tempest.lib.common.dynamic_creds [-] Dynamic test user e5e4e943c4df49ea98bf24ffbf5336d6 is created with scope project and roles: ['member']
2025-04-25 19:59:39.500 70004 INFO tempest.lib.common.dynamic_creds [-] Acquired dynamic creds: credentials: Credentials: {'domain_id': 'default', 'domain_name': 'Default', 'username': 'tempest-ServersTestFqdnHostnames-1208998322-project-member', 'project_domain_id': 'default', 'project_domain_name': 'Default', 'project_id': 'faf685f7e191457eb97f08f4a5a770fc', 'project_name': 'tempest-ServersTestFqdnHostnames-1208998322', 'tenant_id': 'faf685f7e191457eb97f08f4a5a770fc', 'tenant_name': 'tempest-ServersTestFqdnHostnames-1208998322', 'user_domain_id': 'default', 'user_domain_name': 'Default', 'user_id': 'e5e4e943c4df49ea98bf24ffbf5336d6', 'system': None}, Network: None, Subnet: None, Router: None
2025-04-25 19:59:39.510 69994 INFO tempest.lib.common.rest_client [req-de13f55a-b9b0-4029-b43c-3cbfcff53cdb req-de13f55a-b9b0-4029-b43c-3cbfcff53cdb ] Request (ServersAdmin275Test:tearDownClass): 200 GET http://10.180.1.21/compute/v2.1/servers/39991d8e-84ec-4ef7-b76d-ddd39ff4c1b9 0.161s
2025-04-25 19:59:39.544 70032 INFO tempest.lib.common.rest_client [req-d33fb979-3865-436a-b9f2-7f09bd9b77fb req-d33fb979-3865-436a-b9f2-7f09bd9b77fb ] Request (ServersListShow2100Test:tearDownClass): 200 GET http://10.180.1.21/compute/v2.1/servers/a05eee33-bfda-4a2d-b341-f5a792d98872 0.118s
2025-04-25 19:59:39.569 70004 INFO tempest.lib.common.rest_client [req-d4446b55-b41d-4fb4-8d8c-9a9165cd3f17 req-d4446b55-b41d-4fb4-8d8c-9a9165cd3f17 ] Request (ServersTestFqdnHostnames:setUpClass): 201 POST http://10.180.1.21/identity/v3/auth/tokens 0.067s
2025-04-25 19:59:39.580 70010 INFO tempest.lib.common.rest_client [req-0d04faa5-8f56-4673-b062-9047c6a98c1c req-0d04faa5-8f56-4673-b062-9047c6a98c1c ] Request (ImagesOneServerTestJSON:test_create_delete_image): 200 GET http://10.180.1.21/compute/v2.1/images/2496bb5f-7841-4a76-b710-e80ad8331cd4 0.104s
2025-04-25 19:59:39.594 70026 INFO tempest.lib.common.rest_client [req-f81d0e35-8bae-412f-b76e-2cfdee8b2ec3 req-f81d0e35-8bae-412f-b76e-2cfdee8b2ec3 ] Request (ServersListShow296Test:tearDownClass): 200 GET http://10.180.1.21/compute/v2.1/servers/db8d5037-bee1-4225-8658-78c8844b6f62 0.130s
2025-04-25 19:59:39.671 69978 INFO tempest.lib.common.rest_client [req-504c3507-555a-4db0-b68c-145e090957b0 req-504c3507-555a-4db0-b68c-145e090957b0 ] Request (ServersTestJSON:tearDownClass): 204 DELETE http://10.180.1.21/compute/v2.1/servers/daab1c9b-cf22-4ef3-901b-56dfa26ac10e 0.189s
2025-04-25 19:59:39.728 70002 INFO tempest.lib.common.rest_client [req-0c22c561-c584-4932-ab8e-8b3ea6606ab3 req-0c22c561-c584-4932-ab8e-8b3ea6606ab3 ] Request (ListServersNegativeTestJSON:setUpClass): 200 GET http://10.180.1.21/compute/v2.1/servers/1826ebd7-c2ea-4f23-90a0-ae9da1f6c53e 0.186s
2025-04-25 19:59:39.736 69992 INFO tempest.lib.common.rest_client [req-34299551-aa46-4716-878d-416a5f86aa9f req-34299551-aa46-4716-878d-416a5f86aa9f ] Request (ServerPasswordTestJSON:setUpClass): 200 GET http://10.180.1.21/compute/v2.1/servers/64ac299a-1fe8-4bcb-b657-6d660d38f5b5 0.166s
2025-04-25 19:59:39.740 70002 INFO tempest.common.waiters [-] State transition "BUILD/networking" ==> "BUILD/spawning" after 62 second wait
2025-04-25 19:59:39.781 70016 INFO tempest.lib.common.rest_client [req-e96e9be9-3208-4b59-9e15-38647d2667d8 req-e96e9be9-3208-4b59-9e15-38647d2667d8 ] Request (DeleteServersTestJSON:test_delete_active_server): 200 GET http://10.180.1.21/compute/v2.1/servers/5faa9d6e-3cbf-46cf-9bf7-d0910511491d 0.162s
2025-04-25 19:59:39.812 70024 INFO tempest.lib.common.rest_client [req-93db1b8e-b62d-443d-8b14-f6a68558a2fd req-93db1b8e-b62d-443d-8b14-f6a68558a2fd ] Request (FloatingIPsAssociationNegativeTestJSON:tearDownClass): 200 GET http://10.180.1.21/compute/v2.1/servers/5410ca8f-b92b-41ad-a7c5-914ff64398bd 0.189s
2025-04-25 19:59:39.825 69988 WARNING tempest.lib.common.ssh [-] Failed to establish authenticated ssh connection to cirros@10.180.180.167 ([Errno None] Unable to connect to port 22 on 10.180.180.167). Number attempts: 6. Retry after 7 seconds.: paramiko.ssh_exception.NoValidConnectionsError: [Errno None] Unable to connect to port 22 on 10.180.180.167
2025-04-25 19:59:39.859 70038 INFO tempest.lib.common.rest_client [req-ef1a234d-7fcf-4e5d-b273-97c263f66adf req-ef1a234d-7fcf-4e5d-b273-97c263f66adf ] Request (VolumesAdminNegativeTest:test_update_attached_volume_with_nonexistent_volume_in_body): 200 GET http://10.180.1.21/volume/v3/volumes/2913d933-fdbc-4160-b1d4-61c10ad39313 0.038s
2025-04-25 19:59:39.877 69998 INFO tempest.lib.common.rest_client [req-866d2fce-f38a-41e2-8811-8b7191fa5198 req-866d2fce-f38a-41e2-8811-8b7191fa5198 ] Request (AttachVolumeShelveTestJSON:test_attach_volume_shelved_or_offload_server): 200 GET http://10.180.1.21/compute/v2.1/servers/ca488e4c-5958-4ae8-a611-16034ea05264 0.196s
2025-04-25 19:59:39.894 69978 INFO tempest.lib.common.rest_client [req-a71429aa-064a-47d5-846c-8151354b2906 req-a71429aa-064a-47d5-846c-8151354b2906 ] Request (ServersTestJSON:tearDownClass): 200 GET http://10.180.1.21/compute/v2.1/servers/daab1c9b-cf22-4ef3-901b-56dfa26ac10e 0.223s
2025-04-25 19:59:39.957 70012 INFO tempest.lib.common.rest_client [req-b1b3fa85-52c3-4b67-affe-c4faabcb00e9 req-b1b3fa85-52c3-4b67-affe-c4faabcb00e9 ] Request (ServersListShow298Test:test_list_show_update_rebuild_server_298): 200 GET http://10.180.1.21/compute/v2.1/servers/7de76820-d45f-4bfc-afd9-895e47274116 0.265s
2025-04-25 19:59:39.962 70000 INFO tempest.lib.common.rest_client [req-65c20a56-07f3-4a35-b8ee-028b2a52864e req-65c20a56-07f3-4a35-b8ee-028b2a52864e ] Request (InstanceActionsV221TestJSON:test_get_list_deleted_instance_actions): 200 GET http://10.180.1.21/compute/v2.1/servers/6d276c01-142d-4814-9a6e-52da8bc20897 0.185s
2025-04-25 19:59:40.011 70004 INFO tempest.lib.common.rest_client [req-cbf73616-72cc-4070-b192-5cb478848c52 req-cbf73616-72cc-4070-b192-5cb478848c52 ] Request (ServersTestFqdnHostnames:setUpClass): 201 POST http://10.180.1.21:9696/networking/v2.0/networks 0.442s
2025-04-25 19:59:40.014 69982 INFO tempest.lib.common.rest_client [req-abf5a68c-fc69-4b18-b0b6-f9f9ada079f9 req-abf5a68c-fc69-4b18-b0b6-f9f9ada079f9 ] Request (DeleteServersAdminTestJSON:test_delete_server_while_in_error_state): 200 GET http://10.180.1.21/compute/v2.1/servers/11123131-ce04-45c0-a369-1ec5e568b6a5 0.179s
2025-04-25 19:59:40.060 70008 INFO tempest.lib.common.rest_client [req-7e48ea64-b9ec-436c-9ebe-b01219fa7600 req-7e48ea64-b9ec-436c-9ebe-b01219fa7600 ] Request (MigrationsAdminTest:test_list_migrations_in_flavor_resize_situation): 200 GET http://10.180.1.21/compute/v2.1/servers/2b73a142-8d85-4ef8-8fe6-940dda6d6521 0.273s
2025-04-25 19:59:40.066 70008 INFO tempest.common.waiters [-] State transition "RESIZE/resize_migrated" ==> "RESIZE/resize_finish" after 45 second wait
2025-04-25 19:59:40.069 70022 INFO tempest.lib.common.rest_client [req-2a582e7b-c5ed-42b7-80dd-60d316e34210 req-2a582e7b-c5ed-42b7-80dd-60d316e34210 ] Request (AttachInterfacesUnderV243Test:test_add_remove_fixed_ip): 200 GET http://10.180.1.21/compute/v2.1/servers/38000a91-e705-4063-806c-9af0fe7235ca 0.215s
2025-04-25 19:59:40.108 70036 INFO tempest.lib.common.rest_client [req-f65fd37c-7b78-4b9a-8650-f3f29c35ccb6 req-f65fd37c-7b78-4b9a-8650-f3f29c35ccb6 ] Request (FloatingIPsAssociationTestJSON:test_associate_already_associated_floating_ip): 200 GET http://10.180.1.21/compute/v2.1/servers/89d1dbf0-20d6-4fa7-b362-e5b4311a68d1 0.201s
2025-04-25 19:59:40.122 69986 INFO tempest.lib.common.rest_client [req-a855c2d0-175b-41a7-bf2d-4aebee3f0a18 req-a855c2d0-175b-41a7-bf2d-4aebee3f0a18 ] Request (AttachInterfacesTestJSON:test_create_list_show_delete_interfaces_by_fixed_ip): 200 GET http://10.180.1.21/compute/v2.1/servers/af9422bd-d925-4174-8ea5-91d2bcec2f3b 0.157s
2025-04-25 19:59:40.160 70020 INFO tempest.lib.common.rest_client [req-aab39596-c659-47c6-a06e-8e7ba51af58f req-aab39596-c659-47c6-a06e-8e7ba51af58f ] Request (ServerDiagnosticsNegativeTest:test_get_server_diagnostics_by_non_admin): 200 GET http://10.180.1.21/compute/v2.1/servers/7a41f0c5-22b0-48ca-9be5-f41ab5f64203 0.182s
2025-04-25 19:59:40.182 69990 INFO tempest.lib.common.rest_client [req-2f6018f9-862f-4405-bc99-7f05fe37dc8a req-2f6018f9-862f-4405-bc99-7f05fe37dc8a ] Request (ServersAdminTestJSON:setUpClass): 200 GET http://10.180.1.21/compute/v2.1/servers/55a31f53-3712-486d-a4a8-7f15597da862 0.166s
2025-04-25 19:59:40.206 70004 INFO tempest.lib.common.rest_client [req-7206798b-c033-49da-9607-7656d3aab7fd req-7206798b-c033-49da-9607-7656d3aab7fd ] Request (ServersTestFqdnHostnames:setUpClass): 201 POST http://10.180.1.21:9696/networking/v2.0/subnets 0.194s
2025-04-25 19:59:40.312 70030 INFO tempest.lib.common.rest_client [req-ef7d279d-4cd1-4ba2-ac21-fac5b58eade6 req-ef7d279d-4cd1-4ba2-ac21-fac5b58eade6 ] Request (ServerAddressesNegativeTestJSON:setUpClass): 200 GET http://10.180.1.21/compute/v2.1/servers/0e8f01e6-5844-4226-8ff8-370d3618b366 0.064s
2025-04-25 19:59:40.385 70018 INFO tempest.lib.common.rest_client [req-a75a63c3-6026-45d3-bac6-c6a18f976558 req-a75a63c3-6026-45d3-bac6-c6a18f976558 ] Request (ImagesNegativeTestJSON:test_create_image_from_deleted_server): 200 GET http://10.180.1.21/compute/v2.1/servers/8a133dcc-4367-4ee4-a9ed-1bc47ac2839a 0.066s
2025-04-25 19:59:40.422 69984 INFO tempest.lib.common.rest_client [req-dc708899-b1eb-410d-8c7f-4e7626458432 req-dc708899-b1eb-410d-8c7f-4e7626458432 ] Request (ListImageFiltersTestJSON:setUpClass): 200 GET http://10.180.1.21/compute/v2.1/images/afe00310-c37a-4ff7-8c67-b0851785089a 0.045s
2025-04-25 19:59:40.437 69980 INFO tempest.lib.common.rest_client [req-d56fdb0b-e9b3-436e-b718-5bd80b94af72 req-d56fdb0b-e9b3-436e-b718-5bd80b94af72 ] Request (ServerDiskConfigTestJSON:test_rebuild_server_with_auto_disk_config): 200 GET http://10.180.1.21/compute/v2.1/servers/7d299e10-f60c-434f-94aa-283d1738ee16 0.053s
2025-04-25 19:59:40.503 70014 INFO tempest.lib.common.rest_client [req-d8fe4544-464e-406d-9f94-d2ef239496fa req-d8fe4544-464e-406d-9f94-d2ef239496fa ] Request (SecurityGroupsTestJSON:test_list_security_groups_by_server): 200 GET http://10.180.1.21/compute/v2.1/servers/f94689f2-f576-4b80-bcac-59a95fcd7899 0.062s
2025-04-25 19:59:40.522 70006 INFO tempest.lib.common.rest_client [req-a1a6d0e9-370d-420a-aedd-da395a050d8e req-a1a6d0e9-370d-420a-aedd-da395a050d8e ] Request (ServersAdminNegativeTestJSON:test_migrate_server_invalid_state): 200 GET http://10.180.1.21/compute/v2.1/servers/a04a2fe1-2877-4fea-8bc9-7a4e65aa8171 0.055s
2025-04-25 19:59:40.616 69994 INFO tempest.lib.common.rest_client [req-251b3f05-649a-4412-8e08-742ac0995af9 req-251b3f05-649a-4412-8e08-742ac0995af9 ] Request (ServersAdmin275Test:tearDownClass): 200 GET http://10.180.1.21/compute/v2.1/servers/39991d8e-84ec-4ef7-b76d-ddd39ff4c1b9 0.090s
2025-04-25 19:59:40.651 70010 INFO tempest.lib.common.rest_client [req-f895b30c-fb7d-4453-b8b6-6b00521cfb57 req-f895b30c-fb7d-4453-b8b6-6b00521cfb57 ] Request (ImagesOneServerTestJSON:test_create_delete_image): 200 GET http://10.180.1.21/compute/v2.1/images/2496bb5f-7841-4a76-b710-e80ad8331cd4 0.066s
2025-04-25 19:59:40.657 70032 INFO tempest.lib.common.rest_client [req-e49e052a-4d03-4bec-a223-0a4dc0779654 req-e49e052a-4d03-4bec-a223-0a4dc0779654 ] Request (ServersListShow2100Test:tearDownClass): 200 GET http://10.180.1.21/compute/v2.1/servers/a05eee33-bfda-4a2d-b341-f5a792d98872 0.097s
2025-04-25 19:59:40.725 70026 INFO tempest.lib.common.rest_client [req-11ab423a-0f11-402a-821c-f73e68640a1f req-11ab423a-0f11-402a-821c-f73e68640a1f ] Request (ServersListShow296Test:tearDownClass): 200 GET http://10.180.1.21/compute/v2.1/servers/db8d5037-bee1-4225-8658-78c8844b6f62 0.113s
2025-04-25 19:59:40.802 69992 INFO tempest.lib.common.rest_client [req-b528261a-b2c5-4521-bbf8-9ce49d9ac544 req-b528261a-b2c5-4521-bbf8-9ce49d9ac544 ] Request (ServerPasswordTestJSON:setUpClass): 200 GET http://10.180.1.21/compute/v2.1/servers/64ac299a-1fe8-4bcb-b657-6d660d38f5b5 0.057s
2025-04-25 19:59:40.857 70016 INFO tempest.lib.common.rest_client [req-78cfc54c-dfb4-43ab-9db2-0de3f8399230 req-78cfc54c-dfb4-43ab-9db2-0de3f8399230 ] Request (DeleteServersTestJSON:test_delete_active_server): 200 GET http://10.180.1.21/compute/v2.1/servers/5faa9d6e-3cbf-46cf-9bf7-d0910511491d 0.066s
2025-04-25 19:59:40.895 70004 INFO tempest.lib.common.rest_client [req-df504bef-246f-4910-88cf-2159e5d15588 req-df504bef-246f-4910-88cf-2159e5d15588 ] Request (ServersTestFqdnHostnames:setUpClass): 201 POST http://10.180.1.21:9696/networking/v2.0/routers 0.689s
2025-04-25 19:59:40.917 70038 INFO tempest.lib.common.rest_client [req-32074f38-5244-499a-bdf1-6df207b6455b req-32074f38-5244-499a-bdf1-6df207b6455b ] Request (VolumesAdminNegativeTest:test_update_attached_volume_with_nonexistent_volume_in_body): 200 GET http://10.180.1.21/volume/v3/volumes/2913d933-fdbc-4160-b1d4-61c10ad39313 0.052s
2025-04-25 19:59:40.936 70024 INFO tempest.lib.common.rest_client [req-77889521-a7ff-4e08-ad29-3cac94c5e3e7 req-77889521-a7ff-4e08-ad29-3cac94c5e3e7 ] Request (FloatingIPsAssociationNegativeTestJSON:tearDownClass): 200 GET http://10.180.1.21/compute/v2.1/servers/5410ca8f-b92b-41ad-a7c5-914ff64398bd 0.110s
2025-04-25 19:59:41.018 69998 INFO tempest.lib.common.rest_client [req-e26e7833-e908-4156-b7f1-6a5da1ec7d3f req-e26e7833-e908-4156-b7f1-6a5da1ec7d3f ] Request (AttachVolumeShelveTestJSON:test_attach_volume_shelved_or_offload_server): 200 GET http://10.180.1.21/compute/v2.1/servers/ca488e4c-5958-4ae8-a611-16034ea05264 0.125s
2025-04-25 19:59:41.141 69978 INFO tempest.lib.common.rest_client [req-4fdefeb4-3040-413a-ab81-610d6f2cbfa0 req-4fdefeb4-3040-413a-ab81-610d6f2cbfa0 ] Request (ServersTestJSON:tearDownClass): 200 GET http://10.180.1.21/compute/v2.1/servers/daab1c9b-cf22-4ef3-901b-56dfa26ac10e 0.229s
2025-04-25 19:59:41.146 70002 INFO tempest.lib.common.rest_client [req-c8c2b57f-9b3c-4848-8a00-272d569378b7 req-c8c2b57f-9b3c-4848-8a00-272d569378b7 ] Request (ListServersNegativeTestJSON:setUpClass): 200 GET http://10.180.1.21/compute/v2.1/servers/1826ebd7-c2ea-4f23-90a0-ae9da1f6c53e 0.403s
2025-04-25 19:59:41.227 70000 INFO tempest.lib.common.rest_client [req-f9d81fac-782b-45a2-b86c-7d126d56b2de req-f9d81fac-782b-45a2-b86c-7d126d56b2de ] Request (InstanceActionsV221TestJSON:test_get_list_deleted_instance_actions): 200 GET http://10.180.1.21/compute/v2.1/servers/6d276c01-142d-4814-9a6e-52da8bc20897 0.251s
2025-04-25 19:59:41.235 70012 INFO tempest.lib.common.rest_client [req-2abd9dc5-f5ca-4965-9936-fae9efa06c67 req-2abd9dc5-f5ca-4965-9936-fae9efa06c67 ] Request (ServersListShow298Test:test_list_show_update_rebuild_server_298): 200 GET http://10.180.1.21/compute/v2.1/servers/7de76820-d45f-4bfc-afd9-895e47274116 0.266s
2025-04-25 19:59:41.287 69982 INFO tempest.lib.common.rest_client [req-45a2f1b7-5c4a-4c28-8aa8-55be8ec7d04c req-45a2f1b7-5c4a-4c28-8aa8-55be8ec7d04c ] Request (DeleteServersAdminTestJSON:test_delete_server_while_in_error_state): 200 GET http://10.180.1.21/compute/v2.1/servers/11123131-ce04-45c0-a369-1ec5e568b6a5 0.261s
2025-04-25 19:59:41.351 70022 INFO tempest.lib.common.rest_client [req-356e50d4-3062-488d-9005-a7b484d8aab3 req-356e50d4-3062-488d-9005-a7b484d8aab3 ] Request (AttachInterfacesUnderV243Test:test_add_remove_fixed_ip): 200 GET http://10.180.1.21/compute/v2.1/servers/38000a91-e705-4063-806c-9af0fe7235ca 0.274s
2025-04-25 19:59:41.391 70008 INFO tempest.lib.common.rest_client [req-a39b806f-f3d0-4f9d-a3a6-c6091d805db2 req-a39b806f-f3d0-4f9d-a3a6-c6091d805db2 ] Request (MigrationsAdminTest:test_list_migrations_in_flavor_resize_situation): 200 GET http://10.180.1.21/compute/v2.1/servers/2b73a142-8d85-4ef8-8fe6-940dda6d6521 0.323s
2025-04-25 19:59:41.415 70036 INFO tempest.lib.common.rest_client [req-3d61fcf9-de8f-4423-9b9c-00021bcb36ca req-3d61fcf9-de8f-4423-9b9c-00021bcb36ca ] Request (FloatingIPsAssociationTestJSON:test_associate_already_associated_floating_ip): 200 GET http://10.180.1.21/compute/v2.1/servers/89d1dbf0-20d6-4fa7-b362-e5b4311a68d1 0.296s
2025-04-25 19:59:41.422 70036 INFO tempest.common.waiters [-] State transition "BUILD/None" ==> "BUILD/networking" after 63 second wait
2025-04-25 19:59:41.458 69986 INFO tempest.lib.common.rest_client [req-29f353b2-4bd1-4106-98ed-1945b2db29fb req-29f353b2-4bd1-4106-98ed-1945b2db29fb ] Request (AttachInterfacesTestJSON:test_create_list_show_delete_interfaces_by_fixed_ip): 200 GET http://10.180.1.21/compute/v2.1/servers/af9422bd-d925-4174-8ea5-91d2bcec2f3b 0.324s
2025-04-25 19:59:41.478 70020 INFO tempest.lib.common.rest_client [req-86f540c7-5b6d-4e01-80f8-c850cf500f47 req-86f540c7-5b6d-4e01-80f8-c850cf500f47 ] Request (ServerDiagnosticsNegativeTest:test_get_server_diagnostics_by_non_admin): 200 GET http://10.180.1.21/compute/v2.1/servers/7a41f0c5-22b0-48ca-9be5-f41ab5f64203 0.308s
2025-04-25 19:59:41.521 69990 INFO tempest.lib.common.rest_client [req-cd4b0578-ed69-4dd7-ab33-80d7e0d528d7 req-cd4b0578-ed69-4dd7-ab33-80d7e0d528d7 ] Request (ServersAdminTestJSON:setUpClass): 200 GET http://10.180.1.21/compute/v2.1/servers/55a31f53-3712-486d-a4a8-7f15597da862 0.330s
2025-04-25 19:59:41.541 70030 INFO tempest.lib.common.rest_client [req-4ef95692-1847-4994-976e-e83392a456a0 req-4ef95692-1847-4994-976e-e83392a456a0 ] Request (ServerAddressesNegativeTestJSON:setUpClass): 200 GET http://10.180.1.21/compute/v2.1/servers/0e8f01e6-5844-4226-8ff8-370d3618b366 0.221s
2025-04-25 19:59:41.579 69984 INFO tempest.lib.common.rest_client [req-1b4a3aa5-9af0-4889-a495-23cde240f2cc req-1b4a3aa5-9af0-4889-a495-23cde240f2cc ] Request (ListImageFiltersTestJSON:setUpClass): 200 GET http://10.180.1.21/compute/v2.1/images/afe00310-c37a-4ff7-8c67-b0851785089a 0.148s
2025-04-25 19:59:41.586 70018 INFO tempest.lib.common.rest_client [req-75386c80-0c13-4c36-b872-49d9c1f8c80f req-75386c80-0c13-4c36-b872-49d9c1f8c80f ] Request (ImagesNegativeTestJSON:test_create_image_from_deleted_server): 200 GET http://10.180.1.21/compute/v2.1/servers/8a133dcc-4367-4ee4-a9ed-1bc47ac2839a 0.190s
2025-04-25 19:59:41.654 70014 INFO tempest.lib.common.rest_client [req-72174186-ab02-4d30-af2a-6545c7c68870 req-72174186-ab02-4d30-af2a-6545c7c68870 ] Request (SecurityGroupsTestJSON:test_list_security_groups_by_server): 200 GET http://10.180.1.21/compute/v2.1/servers/f94689f2-f576-4b80-bcac-59a95fcd7899 0.142s
2025-04-25 19:59:41.671 69980 INFO tempest.lib.common.rest_client [req-945d55f9-9638-4bcd-9513-69597eeca6a3 req-945d55f9-9638-4bcd-9513-69597eeca6a3 ] Request (ServerDiskConfigTestJSON:test_rebuild_server_with_auto_disk_config): 200 GET http://10.180.1.21/compute/v2.1/servers/7d299e10-f60c-434f-94aa-283d1738ee16 0.225s
2025-04-25 19:59:41.714 70006 INFO tempest.lib.common.rest_client [req-730c07d8-3dce-401f-8ca6-5a7b90f882a3 req-730c07d8-3dce-401f-8ca6-5a7b90f882a3 ] Request (ServersAdminNegativeTestJSON:test_migrate_server_invalid_state): 200 GET http://10.180.1.21/compute/v2.1/servers/a04a2fe1-2877-4fea-8bc9-7a4e65aa8171 0.184s
2025-04-25 19:59:41.755 70010 INFO tempest.lib.common.rest_client [req-b45cd886-94c1-4825-9efe-68efdf92f4b0 req-b45cd886-94c1-4825-9efe-68efdf92f4b0 ] Request (ImagesOneServerTestJSON:test_create_delete_image): 200 GET http://10.180.1.21/compute/v2.1/images/2496bb5f-7841-4a76-b710-e80ad8331cd4 0.100s
2025-04-25 19:59:41.756 69994 INFO tempest.lib.common.rest_client [req-15fe9b1a-0cdb-4a0c-b8f9-2eb626be34e0 req-15fe9b1a-0cdb-4a0c-b8f9-2eb626be34e0 ] Request (ServersAdmin275Test:tearDownClass): 200 GET http://10.180.1.21/compute/v2.1/servers/39991d8e-84ec-4ef7-b76d-ddd39ff4c1b9 0.130s
2025-04-25 19:59:41.836 70032 INFO tempest.lib.common.rest_client [req-ec2f06a0-e58d-4206-9b9c-b04c05b65559 req-ec2f06a0-e58d-4206-9b9c-b04c05b65559 ] Request (ServersListShow2100Test:tearDownClass): 200 GET http://10.180.1.21/compute/v2.1/servers/a05eee33-bfda-4a2d-b341-f5a792d98872 0.164s
2025-04-25 19:59:41.847 70026 INFO tempest.lib.common.rest_client [req-fbd06ee9-9914-4f97-9e7c-078b7afb70eb req-fbd06ee9-9914-4f97-9e7c-078b7afb70eb ] Request (ServersListShow296Test:tearDownClass): 200 GET http://10.180.1.21/compute/v2.1/servers/db8d5037-bee1-4225-8658-78c8844b6f62 0.109s
2025-04-25 19:59:41.893 69992 INFO tempest.lib.common.rest_client [req-0f5170ca-62e0-40d5-8138-caf38d0d4b5b req-0f5170ca-62e0-40d5-8138-caf38d0d4b5b ] Request (ServerPasswordTestJSON:setUpClass): 200 GET http://10.180.1.21/compute/v2.1/servers/64ac299a-1fe8-4bcb-b657-6d660d38f5b5 0.081s
2025-04-25 19:59:41.933 70016 INFO tempest.lib.common.rest_client [req-21f4edb7-d036-442b-8461-718be9aec82d req-21f4edb7-d036-442b-8461-718be9aec82d ] Request (DeleteServersTestJSON:test_delete_active_server): 200 GET http://10.180.1.21/compute/v2.1/servers/5faa9d6e-3cbf-46cf-9bf7-d0910511491d 0.062s
2025-04-25 19:59:41.967 70038 INFO tempest.lib.common.rest_client [req-e8252ce0-e5fb-44df-9263-9e22c126ef78 req-e8252ce0-e5fb-44df-9263-9e22c126ef78 ] Request (VolumesAdminNegativeTest:test_update_attached_volume_with_nonexistent_volume_in_body): 200 GET http://10.180.1.21/volume/v3/volumes/2913d933-fdbc-4160-b1d4-61c10ad39313 0.042s
2025-04-25 19:59:42.014 70004 INFO tempest.lib.common.rest_client [req-42c21782-e536-404f-9b62-80b1bafbfdc6 req-42c21782-e536-404f-9b62-80b1bafbfdc6 ] Request (ServersTestFqdnHostnames:setUpClass): 200 PUT http://10.180.1.21:9696/networking/v2.0/routers/ac9fa078-4fee-421c-bb28-4c535487c857/add_router_interface 1.119s
2025-04-25 19:59:42.014 70004 INFO tempest.lib.common.dynamic_creds [-] Created isolated network resources for: credentials: Credentials: {'domain_id': 'default', 'domain_name': 'Default', 'username': 'tempest-ServersTestFqdnHostnames-1208998322-project-member', 'project_domain_id': 'default', 'project_domain_name': 'Default', 'project_id': 'faf685f7e191457eb97f08f4a5a770fc', 'project_name': 'tempest-ServersTestFqdnHostnames-1208998322', 'tenant_id': 'faf685f7e191457eb97f08f4a5a770fc', 'tenant_name': 'tempest-ServersTestFqdnHostnames-1208998322', 'user_domain_id': 'default', 'user_domain_name': 'Default', 'user_id': 'e5e4e943c4df49ea98bf24ffbf5336d6', 'system': None}, Network: {'id': 'd517c29c-4e76-48c3-b4f7-5c67ce841994', 'name': 'tempest-ServersTestFqdnHostnames-814442233-network', 'tenant_id': 'faf685f7e191457eb97f08f4a5a770fc', 'admin_state_up': True, 'mtu': 8950, 'status': 'ACTIVE', 'subnets': [], 'shared': False, 'project_id': 'faf685f7e191457eb97f08f4a5a770fc', 'port_security_enabled': True, 'router:external': False, 'provider:network_type': 'vlan', 'provider:physical_network': 'default', 'provider:segmentation_id': 538, 'availability_zone_hints': [], 'availability_zones': [], 'ipv4_address_scope': None, 'ipv6_address_scope': None, 'description': '', 'tags': [], 'created_at': '2025-04-25T19:59:39Z', 'updated_at': '2025-04-25T19:59:39Z', 'revision_number': 1}, Subnet: {'id': 'f609df31-5c27-4146-9a14-f02c1eb60921', 'name': 'tempest-ServersTestFqdnHostnames-814442233-subnet', 'tenant_id': 'faf685f7e191457eb97f08f4a5a770fc', 'network_id': 'd517c29c-4e76-48c3-b4f7-5c67ce841994', 'ip_version': 4, 'subnetpool_id': None, 'enable_dhcp': True, 'ipv6_ra_mode': None, 'ipv6_address_mode': None, 'gateway_ip': '192.168.128.1', 'cidr': '192.168.128.0/28', 'allocation_pools': [{'start': '192.168.128.2', 'end': '192.168.128.14'}], 'host_routes': [], 'dns_nameservers': [], 'description': '', 'router:external': False, 'service_types': [], 'tags': [], 'created_at': '2025-04-25T19:59:40Z', 'updated_at': '2025-04-25T19:59:40Z', 'revision_number': 0, 'project_id': 'faf685f7e191457eb97f08f4a5a770fc'}, Router: {'id': 'ac9fa078-4fee-421c-bb28-4c535487c857', 'name': 'tempest-ServersTestFqdnHostnames-814442233-router', 'tenant_id': 'faf685f7e191457eb97f08f4a5a770fc', 'admin_state_up': True, 'status': 'ACTIVE', 'external_gateway_info': {'network_id': 'e6591bbb-ebe0-4377-9596-b5f0fbec2abb', 'external_fixed_ips': [{'subnet_id': 'a2314882-6518-4108-b168-1377946123bf', 'ip_address': '10.180.180.148'}], 'enable_snat': True}, 'description': '', 'availability_zones': [], 'distributed': False, 'ha': False, 'availability_zone_hints': [], 'routes': [], 'flavor_id': None, 'tags': [], 'created_at': '2025-04-25T19:59:40Z', 'updated_at': '2025-04-25T19:59:40Z', 'revision_number': 2, 'project_id': 'faf685f7e191457eb97f08f4a5a770fc'}
2025-04-25 19:59:42.057 70024 INFO tempest.lib.common.rest_client [req-603d787f-dab7-4c8e-9221-9b399f113416 req-603d787f-dab7-4c8e-9221-9b399f113416 ] Request (FloatingIPsAssociationNegativeTestJSON:tearDownClass): 200 GET http://10.180.1.21/compute/v2.1/servers/5410ca8f-b92b-41ad-a7c5-914ff64398bd 0.107s
2025-04-25 19:59:42.103 69998 INFO tempest.lib.common.rest_client [req-4487fcd9-2fff-4cbf-85ae-83d796251138 req-4487fcd9-2fff-4cbf-85ae-83d796251138 ] Request (AttachVolumeShelveTestJSON:test_attach_volume_shelved_or_offload_server): 200 GET http://10.180.1.21/compute/v2.1/servers/ca488e4c-5958-4ae8-a611-16034ea05264 0.075s
2025-04-25 19:59:42.114 70004 INFO tempest.lib.common.rest_client [req-f4aeb431-257e-48ee-b31f-5a2efb119704 req-f4aeb431-257e-48ee-b31f-5a2efb119704 ] Request (ServersTestFqdnHostnames:setUpClass): 201 POST http://10.180.1.21/identity/v3/auth/tokens 0.096s
2025-04-25 19:59:42.258 70004 INFO tempest.lib.common.rest_client [req-e056a554-9d68-4e08-ae68-2fa91531d1e0 req-e056a554-9d68-4e08-ae68-2fa91531d1e0 ] Request (ServersTestFqdnHostnames:test_create_server_with_fqdn_name): 200 POST http://10.180.1.21/compute/v2.1/os-keypairs 0.141s
2025-04-25 19:59:42.284 69978 INFO tempest.lib.common.rest_client [req-af96534f-8640-44c6-ba9e-bc4d63f78655 req-af96534f-8640-44c6-ba9e-bc4d63f78655 ] Request (ServersTestJSON:tearDownClass): 200 GET http://10.180.1.21/compute/v2.1/servers/daab1c9b-cf22-4ef3-901b-56dfa26ac10e 0.130s
2025-04-25 19:59:42.364 70000 INFO tempest.lib.common.rest_client [req-7435f6a6-bba8-4c57-83cc-04b596338490 req-7435f6a6-bba8-4c57-83cc-04b596338490 ] Request (InstanceActionsV221TestJSON:test_get_list_deleted_instance_actions): 200 GET http://10.180.1.21/compute/v2.1/servers/6d276c01-142d-4814-9a6e-52da8bc20897 0.127s
2025-04-25 19:59:42.441 70012 INFO tempest.lib.common.rest_client [req-242e6b21-5cd1-4bed-a5b9-fdfce7c88478 req-242e6b21-5cd1-4bed-a5b9-fdfce7c88478 ] Request (ServersListShow298Test:test_list_show_update_rebuild_server_298): 200 GET http://10.180.1.21/compute/v2.1/servers/7de76820-d45f-4bfc-afd9-895e47274116 0.193s
2025-04-25 19:59:42.709 70002 INFO tempest.lib.common.rest_client [req-404d4f7b-e5ad-4621-acad-972a46b1cc1e req-404d4f7b-e5ad-4621-acad-972a46b1cc1e ] Request (ListServersNegativeTestJSON:setUpClass): 200 GET http://10.180.1.21/compute/v2.1/servers/1826ebd7-c2ea-4f23-90a0-ae9da1f6c53e 0.552s
2025-04-25 19:59:42.725 69982 INFO tempest.lib.common.rest_client [req-f6e8fe4f-cfa4-4908-97db-9f310e3e3330 req-f6e8fe4f-cfa4-4908-97db-9f310e3e3330 ] Request (DeleteServersAdminTestJSON:test_delete_server_while_in_error_state): 200 GET http://10.180.1.21/compute/v2.1/servers/11123131-ce04-45c0-a369-1ec5e568b6a5 0.427s
2025-04-25 19:59:42.806 70022 INFO tempest.lib.common.rest_client [req-3eb3d688-a26d-4e62-a1eb-d654985bfddd req-3eb3d688-a26d-4e62-a1eb-d654985bfddd ] Request (AttachInterfacesUnderV243Test:test_add_remove_fixed_ip): 200 GET http://10.180.1.21/compute/v2.1/servers/38000a91-e705-4063-806c-9af0fe7235ca 0.444s
2025-04-25 19:59:42.816 70004 INFO tempest.lib.common.rest_client [req-aa1e5c63-b6cf-41bc-9b8d-aee065dc77e6 req-aa1e5c63-b6cf-41bc-9b8d-aee065dc77e6 ] Request (ServersTestFqdnHostnames:test_create_server_with_fqdn_name): 201 POST http://10.180.1.21:9696/networking/v2.0/security-groups 0.556s
2025-04-25 19:59:42.959 70008 INFO tempest.lib.common.rest_client [req-84ccc9ff-e1ca-44ec-94ad-d74b17979d63 req-84ccc9ff-e1ca-44ec-94ad-d74b17979d63 ] Request (MigrationsAdminTest:test_list_migrations_in_flavor_resize_situation): 200 GET http://10.180.1.21/compute/v2.1/servers/2b73a142-8d85-4ef8-8fe6-940dda6d6521 0.555s
2025-04-25 19:59:42.966 70008 INFO tempest.common.waiters [-] State transition "RESIZE/resize_finish" ==> "VERIFY_RESIZE/None" after 47 second wait
2025-04-25 19:59:42.995 70036 INFO tempest.lib.common.rest_client [req-ffaad17e-a435-4b5c-8321-b74043905d68 req-ffaad17e-a435-4b5c-8321-b74043905d68 ] Request (FloatingIPsAssociationTestJSON:test_associate_already_associated_floating_ip): 200 GET http://10.180.1.21/compute/v2.1/servers/89d1dbf0-20d6-4fa7-b362-e5b4311a68d1 0.569s
2025-04-25 19:59:43.007 70036 INFO tempest.common.waiters [-] State transition "BUILD/networking" ==> "BUILD/spawning" after 65 second wait
2025-04-25 19:59:43.008 70038 INFO tempest.lib.common.rest_client [req-29318515-1cee-429b-889f-057f8626d89b req-29318515-1cee-429b-889f-057f8626d89b ] Request (VolumesAdminNegativeTest:test_update_attached_volume_with_nonexistent_volume_in_body): 200 GET http://10.180.1.21/volume/v3/volumes/2913d933-fdbc-4160-b1d4-61c10ad39313 0.034s
2025-04-25 19:59:43.031 69986 INFO tempest.lib.common.rest_client [req-02f7b9f4-c4c0-4558-b2a5-85fcdcea0707 req-02f7b9f4-c4c0-4558-b2a5-85fcdcea0707 ] Request (AttachInterfacesTestJSON:test_create_list_show_delete_interfaces_by_fixed_ip): 200 GET http://10.180.1.21/compute/v2.1/servers/af9422bd-d925-4174-8ea5-91d2bcec2f3b 0.563s
2025-04-25 19:59:43.037 70004 INFO tempest.lib.common.rest_client [req-27133055-d278-43ac-b391-55f06adc95d9 req-27133055-d278-43ac-b391-55f06adc95d9 ] Request (ServersTestFqdnHostnames:test_create_server_with_fqdn_name): 201 POST http://10.180.1.21:9696/networking/v2.0/security-group-rules 0.220s
2025-04-25 19:59:43.072 70020 INFO tempest.lib.common.rest_client [req-1027d5cf-3cac-456c-83f6-a69b666f640b req-1027d5cf-3cac-456c-83f6-a69b666f640b ] Request (ServerDiagnosticsNegativeTest:test_get_server_diagnostics_by_non_admin): 200 GET http://10.180.1.21/compute/v2.1/servers/7a41f0c5-22b0-48ca-9be5-f41ab5f64203 0.586s
2025-04-25 19:59:43.094 69990 INFO tempest.lib.common.rest_client [req-6fb65b85-1244-4645-975e-c6b7da6fc2c9 req-6fb65b85-1244-4645-975e-c6b7da6fc2c9 ] Request (ServersAdminTestJSON:setUpClass): 200 GET http://10.180.1.21/compute/v2.1/servers/55a31f53-3712-486d-a4a8-7f15597da862 0.561s
2025-04-25 19:59:43.127 69984 INFO tempest.lib.common.rest_client [req-b46d41f9-6d2b-4e2f-98f1-ae3b5959c05a req-b46d41f9-6d2b-4e2f-98f1-ae3b5959c05a ] Request (ListImageFiltersTestJSON:setUpClass): 200 GET http://10.180.1.21/compute/v2.1/images/afe00310-c37a-4ff7-8c67-b0851785089a 0.542s
2025-04-25 19:59:43.140 70030 INFO tempest.lib.common.rest_client [req-757a628e-c534-476c-99a8-980cbad0b525 req-757a628e-c534-476c-99a8-980cbad0b525 ] Request (ServerAddressesNegativeTestJSON:setUpClass): 200 GET http://10.180.1.21/compute/v2.1/servers/0e8f01e6-5844-4226-8ff8-370d3618b366 0.586s
2025-04-25 19:59:43.168 70004 INFO tempest.lib.common.rest_client [req-0e1a615f-3c49-41e4-b526-d77b43df3226 req-0e1a615f-3c49-41e4-b526-d77b43df3226 ] Request (ServersTestFqdnHostnames:test_create_server_with_fqdn_name): 201 POST http://10.180.1.21:9696/networking/v2.0/security-group-rules 0.130s
2025-04-25 19:59:43.196 70018 INFO tempest.lib.common.rest_client [req-964a389e-4ca4-4942-a4bb-c199dedfb483 req-964a389e-4ca4-4942-a4bb-c199dedfb483 ] Request (ImagesNegativeTestJSON:test_create_image_from_deleted_server): 200 GET http://10.180.1.21/compute/v2.1/servers/8a133dcc-4367-4ee4-a9ed-1bc47ac2839a 0.595s
2025-04-25 19:59:43.217 70014 INFO tempest.lib.common.rest_client [req-9636eab3-0bcd-4cfd-9738-4636d2c25b81 req-9636eab3-0bcd-4cfd-9738-4636d2c25b81 ] Request (SecurityGroupsTestJSON:test_list_security_groups_by_server): 200 GET http://10.180.1.21/compute/v2.1/servers/f94689f2-f576-4b80-bcac-59a95fcd7899 0.547s
2025-04-25 19:59:43.257 69980 INFO tempest.lib.common.rest_client [req-3a0e0f8b-6d1a-4ce8-be82-86533c08665f req-3a0e0f8b-6d1a-4ce8-be82-86533c08665f ] Request (ServerDiskConfigTestJSON:test_rebuild_server_with_auto_disk_config): 200 GET http://10.180.1.21/compute/v2.1/servers/7d299e10-f60c-434f-94aa-283d1738ee16 0.573s
2025-04-25 19:59:43.277 70006 INFO tempest.lib.common.rest_client [req-cb9d7c12-9eb4-4607-a72c-71daa0e371cd req-cb9d7c12-9eb4-4607-a72c-71daa0e371cd ] Request (ServersAdminNegativeTestJSON:test_migrate_server_invalid_state): 200 GET http://10.180.1.21/compute/v2.1/servers/a04a2fe1-2877-4fea-8bc9-7a4e65aa8171 0.550s
2025-04-25 19:59:43.296 70010 INFO tempest.lib.common.rest_client [req-7abb2263-a6d1-4945-9292-89b048a7f608 req-7abb2263-a6d1-4945-9292-89b048a7f608 ] Request (ImagesOneServerTestJSON:test_create_delete_image): 200 GET http://10.180.1.21/compute/v2.1/images/2496bb5f-7841-4a76-b710-e80ad8331cd4 0.537s
2025-04-25 19:59:43.361 69994 INFO tempest.lib.common.rest_client [req-23fdb48c-3979-437d-bf9d-95ae31f58a61 req-23fdb48c-3979-437d-bf9d-95ae31f58a61 ] Request (ServersAdmin275Test:tearDownClass): 200 GET http://10.180.1.21/compute/v2.1/servers/39991d8e-84ec-4ef7-b76d-ddd39ff4c1b9 0.590s
2025-04-25 19:59:43.378 70032 INFO tempest.lib.common.rest_client [req-a8bfe31f-2047-4285-87bf-f65e97de9447 req-a8bfe31f-2047-4285-87bf-f65e97de9447 ] Request (ServersListShow2100Test:tearDownClass): 200 GET http://10.180.1.21/compute/v2.1/servers/a05eee33-bfda-4a2d-b341-f5a792d98872 0.522s
2025-04-25 19:59:43.432 69992 INFO tempest.lib.common.rest_client [req-da12e432-af30-4f84-ba24-e56f40798368 req-da12e432-af30-4f84-ba24-e56f40798368 ] Request (ServerPasswordTestJSON:setUpClass): 200 GET http://10.180.1.21/compute/v2.1/servers/64ac299a-1fe8-4bcb-b657-6d660d38f5b5 0.521s
2025-04-25 19:59:43.444 70026 INFO tempest.lib.common.rest_client [req-5983224f-c202-4a11-ad1a-eefe5c2b4715 req-5983224f-c202-4a11-ad1a-eefe5c2b4715 ] Request (ServersListShow296Test:tearDownClass): 200 GET http://10.180.1.21/compute/v2.1/servers/db8d5037-bee1-4225-8658-78c8844b6f62 0.584s
2025-04-25 19:59:43.493 70016 INFO tempest.lib.common.rest_client [req-e1f02fa9-b9be-4706-86e2-21cac7fbe4db req-e1f02fa9-b9be-4706-86e2-21cac7fbe4db ] Request (DeleteServersTestJSON:test_delete_active_server): 200 GET http://10.180.1.21/compute/v2.1/servers/5faa9d6e-3cbf-46cf-9bf7-d0910511491d 0.550s
2025-04-25 19:59:43.514 70008 INFO tempest.lib.common.rest_client [req-a069d647-cafa-45b6-86a0-339d86f8b8ba req-a069d647-cafa-45b6-86a0-339d86f8b8ba ] Request (MigrationsAdminTest:test_list_migrations_in_flavor_resize_situation): 204 POST http://10.180.1.21/compute/v2.1/servers/2b73a142-8d85-4ef8-8fe6-940dda6d6521/action 0.547s
2025-04-25 19:59:43.548 70024 INFO tempest.lib.common.rest_client [req-72960ab1-9294-4c59-88b7-831c8cfc0bda req-72960ab1-9294-4c59-88b7-831c8cfc0bda ] Request (FloatingIPsAssociationNegativeTestJSON:tearDownClass): 200 GET http://10.180.1.21/compute/v2.1/servers/5410ca8f-b92b-41ad-a7c5-914ff64398bd 0.477s
2025-04-25 19:59:43.603 69978 INFO tempest.lib.common.rest_client [req-d0f4a650-6dea-4c57-91ac-3609ee2ca6a8 req-d0f4a650-6dea-4c57-91ac-3609ee2ca6a8 ] Request (ServersTestJSON:tearDownClass): 200 GET http://10.180.1.21/compute/v2.1/servers/daab1c9b-cf22-4ef3-901b-56dfa26ac10e 0.307s
2025-04-25 19:59:43.604 69998 INFO tempest.lib.common.rest_client [req-5bc3ed10-5ce1-4d01-9493-604f04f70488 req-5bc3ed10-5ce1-4d01-9493-604f04f70488 ] Request (AttachVolumeShelveTestJSON:test_attach_volume_shelved_or_offload_server): 200 GET http://10.180.1.21/compute/v2.1/servers/ca488e4c-5958-4ae8-a611-16034ea05264 0.489s
2025-04-25 19:59:43.623 70004 INFO tempest.lib.common.rest_client [req-7c14a17a-aac2-40d7-81dc-ddd111a9a5c1 req-7c14a17a-aac2-40d7-81dc-ddd111a9a5c1 ] Request (ServersTestFqdnHostnames:test_create_server_with_fqdn_name): 201 POST http://10.180.1.21:9696/networking/v2.0/floatingips 0.455s
2025-04-25 19:59:43.626 70000 INFO tempest.lib.common.rest_client [req-15cb2cf5-d141-4968-bbb8-db72c1e488a0 req-15cb2cf5-d141-4968-bbb8-db72c1e488a0 ] Request (InstanceActionsV221TestJSON:test_get_list_deleted_instance_actions): 404 GET http://10.180.1.21/compute/v2.1/servers/6d276c01-142d-4814-9a6e-52da8bc20897 0.248s
2025-04-25 19:59:43.667 70012 INFO tempest.lib.common.rest_client [req-ed0109fe-fcf7-4592-b32e-3640c02fb5c6 req-ed0109fe-fcf7-4592-b32e-3640c02fb5c6 ] Request (ServersListShow298Test:test_list_show_update_rebuild_server_298): 200 GET http://10.180.1.21/compute/v2.1/servers/7de76820-d45f-4bfc-afd9-895e47274116 0.211s
2025-04-25 19:59:43.671 70004 INFO tempest.lib.common.rest_client [req-42e18988-f154-4df3-869b-105e82a6ea23 req-42e18988-f154-4df3-869b-105e82a6ea23 ] Request (ServersTestFqdnHostnames:test_create_server_with_fqdn_name): 201 POST http://10.180.1.21/identity/v3/auth/tokens 0.040s
2025-04-25 19:59:43.671 70004 INFO tempest.lib.common.fixed_network [-] (ServersTestFqdnHostnames:test_create_server_with_fqdn_name) Found network {'id': 'd517c29c-4e76-48c3-b4f7-5c67ce841994', 'name': 'tempest-ServersTestFqdnHostnames-814442233-network', 'tenant_id': 'faf685f7e191457eb97f08f4a5a770fc', 'admin_state_up': True, 'mtu': 8950, 'status': 'ACTIVE', 'subnets': [], 'shared': False, 'project_id': 'faf685f7e191457eb97f08f4a5a770fc', 'port_security_enabled': True, 'router:external': False, 'provider:network_type': 'vlan', 'provider:physical_network': 'default', 'provider:segmentation_id': 538, 'availability_zone_hints': [], 'availability_zones': [], 'ipv4_address_scope': None, 'ipv6_address_scope': None, 'description': '', 'tags': [], 'created_at': '2025-04-25T19:59:39Z', 'updated_at': '2025-04-25T19:59:39Z', 'revision_number': 1} available for tenant
2025-04-25 19:59:43.720 70000 INFO tempest.lib.common.rest_client [req-a46804c7-7ef3-4860-a2b3-4ad4cac0258c req-a46804c7-7ef3-4860-a2b3-4ad4cac0258c ] Request (InstanceActionsV221TestJSON:test_get_list_deleted_instance_actions): 200 GET http://10.180.1.21/compute/v2.1/servers/6d276c01-142d-4814-9a6e-52da8bc20897/os-instance-actions 0.093s
2025-04-25 19:59:43.732 70008 INFO tempest.lib.common.rest_client [req-4f0ca96c-ca56-448d-bb35-1d162ad74f2a req-4f0ca96c-ca56-448d-bb35-1d162ad74f2a ] Request (MigrationsAdminTest:test_list_migrations_in_flavor_resize_situation): 200 GET http://10.180.1.21/compute/v2.1/servers/2b73a142-8d85-4ef8-8fe6-940dda6d6521 0.217s
2025-04-25 19:59:43.833 70002 INFO tempest.lib.common.rest_client [req-c6f67aea-c3c5-497c-91a9-b63352f39d1a req-c6f67aea-c3c5-497c-91a9-b63352f39d1a ] Request (ListServersNegativeTestJSON:setUpClass): 200 GET http://10.180.1.21/compute/v2.1/servers/1826ebd7-c2ea-4f23-90a0-ae9da1f6c53e 0.116s
2025-04-25 19:59:43.859 70000 INFO tempest.lib.common.rest_client [req-f008b492-718a-4cd0-b1aa-63a0dfefae48 req-f008b492-718a-4cd0-b1aa-63a0dfefae48 ] Request (InstanceActionsV221TestJSON:tearDownClass): 404 DELETE http://10.180.1.21/compute/v2.1/servers/6d276c01-142d-4814-9a6e-52da8bc20897 0.136s
2025-04-25 19:59:43.930 69982 INFO tempest.lib.common.rest_client [req-b6bb2b99-13cd-490d-8a3e-a5f97958be41 req-b6bb2b99-13cd-490d-8a3e-a5f97958be41 ] Request (DeleteServersAdminTestJSON:test_delete_server_while_in_error_state): 200 GET http://10.180.1.21/compute/v2.1/servers/11123131-ce04-45c0-a369-1ec5e568b6a5 0.189s
2025-04-25 19:59:43.994 70022 INFO tempest.lib.common.rest_client [req-9752815e-6dbd-4b37-8971-13b05778e612 req-9752815e-6dbd-4b37-8971-13b05778e612 ] Request (AttachInterfacesUnderV243Test:test_add_remove_fixed_ip): 200 GET http://10.180.1.21/compute/v2.1/servers/38000a91-e705-4063-806c-9af0fe7235ca 0.172s
2025-04-25 19:59:44.016 70000 INFO tempest.lib.common.rest_client [req-f629476a-00e6-48e9-adb3-68e17cc48a5f req-f629476a-00e6-48e9-adb3-68e17cc48a5f ] Request (InstanceActionsV221TestJSON:tearDownClass): 404 GET http://10.180.1.21/compute/v2.1/servers/6d276c01-142d-4814-9a6e-52da8bc20897 0.154s
2025-04-25 19:59:44.065 70038 INFO tempest.lib.common.rest_client [req-288be1b8-e221-41e4-870d-e122e9776875 req-288be1b8-e221-41e4-870d-e122e9776875 ] Request (VolumesAdminNegativeTest:test_update_attached_volume_with_nonexistent_volume_in_body): 200 GET http://10.180.1.21/volume/v3/volumes/2913d933-fdbc-4160-b1d4-61c10ad39313 0.048s
2025-04-25 19:59:44.074 70038 INFO tempest.common.waiters [-] Attachment 63bcf466-625b-4aea-8f18-ca7a61527b2b created for volume 2913d933-fdbc-4160-b1d4-61c10ad39313 to server e46d11e1-2931-4ed2-907e-1577961e3d03 after waiting for 9.074929 seconds
2025-04-25 19:59:44.115 70038 INFO tempest.lib.common.rest_client [req-33e713a4-3cbc-43b6-a6d4-4c9875d0a718 req-33e713a4-3cbc-43b6-a6d4-4c9875d0a718 ] Request (VolumesAdminNegativeTest:test_update_attached_volume_with_nonexistent_volume_in_body): 200 GET http://10.180.1.21/volume/v3/volumes/2913d933-fdbc-4160-b1d4-61c10ad39313 0.040s
2025-04-25 19:59:44.124 70038 INFO tempest.common.waiters [-] volume 2913d933-fdbc-4160-b1d4-61c10ad39313 reached in-use after waiting for 0.124155 seconds
2025-04-25 19:59:44.150 70004 INFO tempest.lib.common.rest_client [req-ee73bdd7-dfa8-4951-8bec-6b05655015d1 req-ee73bdd7-dfa8-4951-8bec-6b05655015d1 ] Request (ServersTestFqdnHostnames:test_create_server_with_fqdn_name): 202 POST http://10.180.1.21/compute/v2.1/servers 0.478s
2025-04-25 19:59:44.246 70036 INFO tempest.lib.common.rest_client [req-dbab7f38-76c8-4df6-a21e-5abee53ab68d req-dbab7f38-76c8-4df6-a21e-5abee53ab68d ] Request (FloatingIPsAssociationTestJSON:test_associate_already_associated_floating_ip): 200 GET http://10.180.1.21/compute/v2.1/servers/89d1dbf0-20d6-4fa7-b362-e5b4311a68d1 0.236s
2025-04-25 19:59:44.252 69986 INFO tempest.lib.common.rest_client [req-d2f0e1e1-fe3c-4c1e-a71d-730ac5bc4a1c req-d2f0e1e1-fe3c-4c1e-a71d-730ac5bc4a1c ] Request (AttachInterfacesTestJSON:test_create_list_show_delete_interfaces_by_fixed_ip): 200 GET http://10.180.1.21/compute/v2.1/servers/af9422bd-d925-4174-8ea5-91d2bcec2f3b 0.204s
2025-04-25 19:59:44.335 70020 INFO tempest.lib.common.rest_client [req-b3388b94-ba65-4a54-ae0b-6279fcbe2afe req-b3388b94-ba65-4a54-ae0b-6279fcbe2afe ] Request (ServerDiagnosticsNegativeTest:test_get_server_diagnostics_by_non_admin): 200 GET http://10.180.1.21/compute/v2.1/servers/7a41f0c5-22b0-48ca-9be5-f41ab5f64203 0.251s
2025-04-25 19:59:44.508 70038 INFO tempest.lib.common.rest_client [req-e48abdb2-c479-4cdb-af66-e28e93857cc9 req-e48abdb2-c479-4cdb-af66-e28e93857cc9 ] Request (VolumesAdminNegativeTest:test_update_attached_volume_with_nonexistent_volume_in_body): 400 PUT http://10.180.1.21/compute/v2.1/servers/e46d11e1-2931-4ed2-907e-1577961e3d03/os-volume_attachments/2913d933-fdbc-4160-b1d4-61c10ad39313 0.384s
2025-04-25 19:59:44.538 70038 INFO tempest.lib.common.rest_client [req-63ff51d4-7b6a-4b48-b5c5-bd39a30b3c96 req-63ff51d4-7b6a-4b48-b5c5-bd39a30b3c96 ] Request (VolumesAdminNegativeTest:_run_cleanups): 200 GET http://10.180.1.21/volume/v3/volumes/2913d933-fdbc-4160-b1d4-61c10ad39313 0.030s
2025-04-25 19:59:44.549 69984 INFO tempest.lib.common.rest_client [req-ee05acb4-ae12-4a19-9ffc-d1484a4d9919 req-ee05acb4-ae12-4a19-9ffc-d1484a4d9919 ] Request (ListImageFiltersTestJSON:setUpClass): 200 GET http://10.180.1.21/compute/v2.1/images/afe00310-c37a-4ff7-8c67-b0851785089a 0.416s
2025-04-25 19:59:44.597 69990 INFO tempest.lib.common.rest_client [req-412d9421-d338-4c22-85a6-da78ec1470ca req-412d9421-d338-4c22-85a6-da78ec1470ca ] Request (ServersAdminTestJSON:setUpClass): 200 GET http://10.180.1.21/compute/v2.1/servers/55a31f53-3712-486d-a4a8-7f15597da862 0.494s
