2025-04-25 19:59:27.491 69990 INFO tempest.lib.common.rest_client [req-6a3108ef-d1ea-4654-9f47-5555e1980d52 req-6a3108ef-d1ea-4654-9f47-5555e1980d52 ] Request (ServersAdminTestJSON:setUpClass): 200 GET http://10.180.1.21/compute/v2.1/servers/55a31f53-3712-486d-a4a8-7f15597da862 0.258s
2025-04-25 19:59:27.515 69980 INFO tempest.lib.common.rest_client [req-c31bed06-8ab6-4b7f-a17c-3b5b8aefb2f9 req-c31bed06-8ab6-4b7f-a17c-3b5b8aefb2f9 ] Request (ServerDiskConfigTestJSON:test_rebuild_server_with_auto_disk_config): 200 GET http://10.180.1.21/compute/v2.1/servers/7d299e10-f60c-434f-94aa-283d1738ee16 0.256s
2025-04-25 19:59:27.548 70018 INFO tempest.lib.common.rest_client [req-55e6f4ac-33f7-4e86-94c5-4f3c1e86fe19 req-55e6f4ac-33f7-4e86-94c5-4f3c1e86fe19 ] Request (ImagesNegativeTestJSON:test_create_image_from_deleted_server): 200 GET http://10.180.1.21/compute/v2.1/servers/8a133dcc-4367-4ee4-a9ed-1bc47ac2839a 0.244s
2025-04-25 19:59:27.636 69994 INFO tempest.lib.common.rest_client [req-790946d8-bca6-48a7-aea2-853cc2ea68b5 req-790946d8-bca6-48a7-aea2-853cc2ea68b5 ] Request (ServersAdmin275Test:tearDownClass): 200 GET http://10.180.1.21/compute/v2.1/servers/39991d8e-84ec-4ef7-b76d-ddd39ff4c1b9 0.258s
2025-04-25 19:59:27.693 70014 INFO tempest.lib.common.rest_client [req-2acf4973-1f41-4349-a4f8-efbe8fff6725 req-2acf4973-1f41-4349-a4f8-efbe8fff6725 ] Request (SecurityGroupsTestJSON:test_list_security_groups_by_server): 200 GET http://10.180.1.21/compute/v2.1/servers/f94689f2-f576-4b80-bcac-59a95fcd7899 0.279s
2025-04-25 19:59:27.707 70034 INFO tempest.lib.common.rest_client [req-2d28dc56-9809-4170-8991-3268268cce85 req-2d28dc56-9809-4170-8991-3268268cce85 ] Request (SecurityGroupRulesNegativeTestJSON:tearDownClass): 202 DELETE http://10.180.1.21/compute/v2.1/os-security-groups/7204cfd4-2d97-4b92-a33a-6d4236f3d065 0.377s
2025-04-25 19:59:27.775 70032 INFO tempest.lib.common.rest_client [req-e813a1be-5841-4fcc-8c8f-d0e16f6da905 req-e813a1be-5841-4fcc-8c8f-d0e16f6da905 ] Request (ServersListShow2100Test:tearDownClass): 200 GET http://10.180.1.21/compute/v2.1/servers/a05eee33-bfda-4a2d-b341-f5a792d98872 0.293s
2025-04-25 19:59:27.780 70030 INFO tempest.lib.common.rest_client [req-dff1e259-130e-4180-ad7e-c2f78b7b24ef req-dff1e259-130e-4180-ad7e-c2f78b7b24ef ] Request (ServerAddressesNegativeTestJSON:setUpClass): 201 POST http://10.180.1.21:9696/networking/v2.0/routers 1.440s
2025-04-25 19:59:27.790 70004 INFO tempest.lib.common.rest_client [req-2a981b07-1bc9-4b0e-a8de-648187c0d268 req-2a981b07-1bc9-4b0e-a8de-648187c0d268 ] Request (ServerExternalEventsTest:tearDownClass): 200 GET http://10.180.1.21/compute/v2.1/servers/23ef84be-eb8c-46e3-a8df-d9843024f3fe 0.229s
2025-04-25 19:59:27.811 69988 WARNING tempest.lib.common.ssh [-] Failed to establish authenticated ssh connection to cirros@10.180.180.167 ([Errno None] Unable to connect to port 22 on 10.180.180.167). Number attempts: 4. Retry after 5 seconds.: paramiko.ssh_exception.NoValidConnectionsError: [Errno None] Unable to connect to port 22 on 10.180.180.167
2025-04-25 19:59:27.828 70002 INFO tempest.lib.common.rest_client [req-aabc85e7-6c3d-45dd-85e7-cc1b8d87a1db req-aabc85e7-6c3d-45dd-85e7-cc1b8d87a1db ] Request (ListServersNegativeTestJSON:setUpClass): 200 GET http://10.180.1.21/compute/v2.1/servers/1826ebd7-c2ea-4f23-90a0-ae9da1f6c53e 0.167s
2025-04-25 19:59:27.919 70006 INFO tempest.lib.common.rest_client [req-65e71ac7-5a0a-411a-b04e-df7de7b8b03a req-65e71ac7-5a0a-411a-b04e-df7de7b8b03a ] Request (ServersAdminNegativeTestJSON:setUpClass): 200 GET http://10.180.1.21/compute/v2.1/servers/2a3ec625-a7e5-478c-bb23-8b5e5f29f5e3 0.233s
2025-04-25 19:59:27.959 70034 INFO tempest.lib.common.rest_client [req-7a53487e-5043-4152-a9ae-be21c351d06b req-7a53487e-5043-4152-a9ae-be21c351d06b ] Request (SecurityGroupRulesNegativeTestJSON:tearDownClass): 202 DELETE http://10.180.1.21/compute/v2.1/os-security-groups/3141df13-620c-4672-a101-28ea6d58ea9c 0.252s
2025-04-25 19:59:27.989 70026 INFO tempest.lib.common.rest_client [req-4a5d0940-16cd-42bc-9998-9cf9d220b706 req-4a5d0940-16cd-42bc-9998-9cf9d220b706 ] Request (ServersListShow296Test:tearDownClass): 200 GET http://10.180.1.21/compute/v2.1/servers/db8d5037-bee1-4225-8658-78c8844b6f62 0.249s
2025-04-25 19:59:28.056 70024 INFO tempest.lib.common.rest_client [req-d57b1288-5138-4a74-ac77-b41df0f7d18b req-d57b1288-5138-4a74-ac77-b41df0f7d18b ] Request (FloatingIPsAssociationNegativeTestJSON:tearDownClass): 200 GET http://10.180.1.21/compute/v2.1/servers/5410ca8f-b92b-41ad-a7c5-914ff64398bd 0.187s
2025-04-25 19:59:28.072 69984 INFO tempest.lib.common.rest_client [req-109147a5-9147-4a39-9961-d2287fdf9ab2 req-109147a5-9147-4a39-9961-d2287fdf9ab2 ] Request (ListImageFiltersTestJSON:setUpClass): 200 GET http://10.180.1.21/compute/v2.1/servers/fb987065-208f-42d9-b928-7431e722c642 0.269s
2025-04-25 19:59:28.107 69992 INFO tempest.lib.common.rest_client [req-a241d973-7f2b-4daf-93eb-d034deaede42 req-a241d973-7f2b-4daf-93eb-d034deaede42 ] Request (ServerPasswordTestJSON:setUpClass): 200 GET http://10.180.1.21/compute/v2.1/servers/64ac299a-1fe8-4bcb-b657-6d660d38f5b5 0.190s
2025-04-25 19:59:28.166 70016 INFO tempest.lib.common.rest_client [req-324e4ee8-7d13-48d3-82eb-6244ff5d5cab req-324e4ee8-7d13-48d3-82eb-6244ff5d5cab ] Request (DeleteServersTestJSON:test_delete_active_server): 200 GET http://10.180.1.21/compute/v2.1/servers/5faa9d6e-3cbf-46cf-9bf7-d0910511491d 0.167s
2025-04-25 19:59:28.221 70034 INFO tempest.lib.common.rest_client [req-6d913d49-9468-4bdc-9e6c-616824b6c912 req-6d913d49-9468-4bdc-9e6c-616824b6c912 ] Request (SecurityGroupRulesNegativeTestJSON:tearDownClass): 202 DELETE http://10.180.1.21/compute/v2.1/os-security-groups/f776f66a-d613-47bf-9c90-e80c6289fd38 0.262s
2025-04-25 19:59:28.277 69998 INFO tempest.lib.common.rest_client [req-5e32eba7-bb50-411a-adee-99290d711cfb req-5e32eba7-bb50-411a-adee-99290d711cfb ] Request (AttachVolumeShelveTestJSON:test_attach_volume_shelved_or_offload_server): 200 GET http://10.180.1.21/compute/v2.1/servers/ca488e4c-5958-4ae8-a611-16034ea05264 0.225s
2025-04-25 19:59:28.308 70008 INFO tempest.lib.common.rest_client [req-32bbb42f-4616-437d-aa0e-bf4043b52fa6 req-32bbb42f-4616-437d-aa0e-bf4043b52fa6 ] Request (MigrationsAdminTest:test_list_migrations_in_flavor_resize_situation): 200 GET http://10.180.1.21/compute/v2.1/servers/2b73a142-8d85-4ef8-8fe6-940dda6d6521 0.297s
2025-04-25 19:59:28.339 70012 INFO tempest.lib.common.rest_client [req-20d02606-8f7b-4056-bfe7-0c50f50b0e27 req-20d02606-8f7b-4056-bfe7-0c50f50b0e27 ] Request (ServersListShow298Test:test_list_show_update_rebuild_server_298): 200 GET http://10.180.1.21/compute/v2.1/servers/7de76820-d45f-4bfc-afd9-895e47274116 0.240s
2025-04-25 19:59:28.351 70012 INFO tempest.common.waiters [-] State transition "BUILD/scheduling" ==> "BUILD/None" after 37 second wait
2025-04-25 19:59:28.460 70010 INFO tempest.lib.common.rest_client [req-c991c373-31fd-4b40-8c0f-073c0f60a7a8 req-c991c373-31fd-4b40-8c0f-073c0f60a7a8 ] Request (ImagesOneServerTestJSON:setUpClass): 200 GET http://10.180.1.21/compute/v2.1/servers/16f935f2-2c14-4c1a-9f55-c5c219b3101c 0.211s
2025-04-25 19:59:28.510 70034 INFO tempest.lib.common.rest_client [req-85c975da-9620-43b7-b6e3-ea3a603628b5 req-85c975da-9620-43b7-b6e3-ea3a603628b5 ] Request (SecurityGroupRulesNegativeTestJSON:tearDownClass): 202 DELETE http://10.180.1.21/compute/v2.1/os-security-groups/2dc6fd5c-c651-4113-badf-5e4a0249f930 0.289s
2025-04-25 19:59:28.534 70000 INFO tempest.lib.common.rest_client [req-c9cbb798-437d-4aae-ba82-683e46456abf req-c9cbb798-437d-4aae-ba82-683e46456abf ] Request (InstanceActionsV221TestJSON:test_get_list_deleted_instance_actions): 200 GET http://10.180.1.21/compute/v2.1/servers/6d276c01-142d-4814-9a6e-52da8bc20897 0.220s
2025-04-25 19:59:28.590 69982 INFO tempest.lib.common.rest_client [req-40871384-0791-46f0-adcc-7eb6baf1cc56 req-40871384-0791-46f0-adcc-7eb6baf1cc56 ] Request (DeleteServersAdminTestJSON:test_delete_server_while_in_error_state): 200 GET http://10.180.1.21/compute/v2.1/servers/11123131-ce04-45c0-a369-1ec5e568b6a5 0.248s
2025-04-25 19:59:28.597 70036 INFO tempest.lib.common.rest_client [req-b8719343-422f-4862-b51c-53abba3feaca req-b8719343-422f-4862-b51c-53abba3feaca ] Request (FloatingIPsAssociationTestJSON:test_associate_already_associated_floating_ip): 200 GET http://10.180.1.21/compute/v2.1/servers/89d1dbf0-20d6-4fa7-b362-e5b4311a68d1 0.205s
2025-04-25 19:59:28.664 70020 INFO tempest.lib.common.rest_client [req-87ee0a51-134f-492e-b6d8-742d15267e1e req-87ee0a51-134f-492e-b6d8-742d15267e1e ] Request (ServerDiagnosticsNegativeTest:test_get_server_diagnostics_by_non_admin): 200 GET http://10.180.1.21/compute/v2.1/servers/7a41f0c5-22b0-48ca-9be5-f41ab5f64203 0.212s
2025-04-25 19:59:28.665 70022 INFO tempest.lib.common.rest_client [req-3cbb1eeb-a5d8-421f-a61f-fd64583f3f57 req-3cbb1eeb-a5d8-421f-a61f-fd64583f3f57 ] Request (AttachInterfacesUnderV243Test:test_add_remove_fixed_ip): 200 GET http://10.180.1.21/compute/v2.1/servers/38000a91-e705-4063-806c-9af0fe7235ca 0.262s
2025-04-25 19:59:28.719 69986 INFO tempest.lib.common.rest_client [req-c4489111-002c-460e-a5e0-0cc6bd19d63b req-c4489111-002c-460e-a5e0-0cc6bd19d63b ] Request (AttachInterfacesTestJSON:test_create_list_show_delete_interfaces_by_fixed_ip): 200 GET http://10.180.1.21/compute/v2.1/servers/af9422bd-d925-4174-8ea5-91d2bcec2f3b 0.255s
2025-04-25 19:59:28.723 69990 INFO tempest.lib.common.rest_client [req-f6b988fe-6b4e-42b8-846e-20791cc880ca req-f6b988fe-6b4e-42b8-846e-20791cc880ca ] Request (ServersAdminTestJSON:setUpClass): 200 GET http://10.180.1.21/compute/v2.1/servers/55a31f53-3712-486d-a4a8-7f15597da862 0.223s
2025-04-25 19:59:28.782 69980 INFO tempest.lib.common.rest_client [req-898f1729-ba36-41ac-98cd-acfe5c0ea518 req-898f1729-ba36-41ac-98cd-acfe5c0ea518 ] Request (ServerDiskConfigTestJSON:test_rebuild_server_with_auto_disk_config): 200 GET http://10.180.1.21/compute/v2.1/servers/7d299e10-f60c-434f-94aa-283d1738ee16 0.250s
2025-04-25 19:59:28.825 70034 INFO tempest.lib.common.rest_client [req-f9ce6786-5be2-4b62-9072-072749551535 req-f9ce6786-5be2-4b62-9072-072749551535 ] Request (SecurityGroupRulesNegativeTestJSON:tearDownClass): 202 DELETE http://10.180.1.21/compute/v2.1/os-security-groups/bd949d03-660d-4a2f-b79e-965a7fb21ca2 0.314s
2025-04-25 19:59:28.836 70018 INFO tempest.lib.common.rest_client [req-8992009e-099b-4c95-988d-fe6bbec4c486 req-8992009e-099b-4c95-988d-fe6bbec4c486 ] Request (ImagesNegativeTestJSON:test_create_image_from_deleted_server): 200 GET http://10.180.1.21/compute/v2.1/servers/8a133dcc-4367-4ee4-a9ed-1bc47ac2839a 0.278s
2025-04-25 19:59:28.895 70014 INFO tempest.lib.common.rest_client [req-f7a7888d-4b07-4a7f-96d7-db9ce31dc57f req-f7a7888d-4b07-4a7f-96d7-db9ce31dc57f ] Request (SecurityGroupsTestJSON:test_list_security_groups_by_server): 200 GET http://10.180.1.21/compute/v2.1/servers/f94689f2-f576-4b80-bcac-59a95fcd7899 0.194s
2025-04-25 19:59:28.912 69994 INFO tempest.lib.common.rest_client [req-1becea11-6880-412c-b17b-a2aedb408eba req-1becea11-6880-412c-b17b-a2aedb408eba ] Request (ServersAdmin275Test:tearDownClass): 200 GET http://10.180.1.21/compute/v2.1/servers/39991d8e-84ec-4ef7-b76d-ddd39ff4c1b9 0.257s
2025-04-25 19:59:28.942 70030 INFO tempest.lib.common.rest_client [req-3fc38a40-b492-4970-8acb-121a7b48a2fa req-3fc38a40-b492-4970-8acb-121a7b48a2fa ] Request (ServerAddressesNegativeTestJSON:setUpClass): 200 PUT http://10.180.1.21:9696/networking/v2.0/routers/3755b959-a566-4cd2-aeff-ed6f57ba4b45/add_router_interface 1.161s
2025-04-25 19:59:28.942 70030 INFO tempest.lib.common.dynamic_creds [-] Created isolated network resources for: credentials: Credentials: {'domain_id': 'default', 'domain_name': 'Default', 'username': 'tempest-ServerAddressesNegativeTestJSON-902349934-project-member', 'project_domain_id': 'default', 'project_domain_name': 'Default', 'project_id': '99e1e14ff27043f09e177220a4cca37f', 'project_name': 'tempest-ServerAddressesNegativeTestJSON-902349934', 'tenant_id': '99e1e14ff27043f09e177220a4cca37f', 'tenant_name': 'tempest-ServerAddressesNegativeTestJSON-902349934', 'user_domain_id': 'default', 'user_domain_name': 'Default', 'user_id': '4af2a3a0a09947189c8b5a08bcc3f018', 'system': None}, Network: {'id': '483ca6d8-50e4-4f5e-9d21-cf8119ec693c', 'name': 'tempest-ServerAddressesNegativeTestJSON-1723578561-network', 'tenant_id': '99e1e14ff27043f09e177220a4cca37f', 'admin_state_up': True, 'mtu': 8950, 'status': 'ACTIVE', 'subnets': [], 'shared': False, 'project_id': '99e1e14ff27043f09e177220a4cca37f', 'port_security_enabled': True, 'router:external': False, 'provider:network_type': 'vlan', 'provider:physical_network': 'default', 'provider:segmentation_id': 710, 'availability_zone_hints': [], 'availability_zones': [], 'ipv4_address_scope': None, 'ipv6_address_scope': None, 'description': '', 'tags': [], 'created_at': '2025-04-25T19:59:26Z', 'updated_at': '2025-04-25T19:59:26Z', 'revision_number': 1}, Subnet: {'id': '022683ae-8798-4d24-b42d-b15e6111c322', 'name': 'tempest-ServerAddressesNegativeTestJSON-1723578561-subnet', 'tenant_id': '99e1e14ff27043f09e177220a4cca37f', 'network_id': '483ca6d8-50e4-4f5e-9d21-cf8119ec693c', 'ip_version': 4, 'subnetpool_id': None, 'enable_dhcp': True, 'ipv6_ra_mode': None, 'ipv6_address_mode': None, 'gateway_ip': '192.168.128.1', 'cidr': '192.168.128.0/28', 'allocation_pools': [{'start': '192.168.128.2', 'end': '192.168.128.14'}], 'host_routes': [], 'dns_nameservers': [], 'description': '', 'router:external': False, 'service_types': [], 'tags': [], 'created_at': '2025-04-25T19:59:26Z', 'updated_at': '2025-04-25T19:59:26Z', 'revision_number': 0, 'project_id': '99e1e14ff27043f09e177220a4cca37f'}, Router: {'id': '3755b959-a566-4cd2-aeff-ed6f57ba4b45', 'name': 'tempest-ServerAddressesNegativeTestJSON-1723578561-router', 'tenant_id': '99e1e14ff27043f09e177220a4cca37f', 'admin_state_up': True, 'status': 'ACTIVE', 'external_gateway_info': {'network_id': 'e6591bbb-ebe0-4377-9596-b5f0fbec2abb', 'external_fixed_ips': [{'subnet_id': 'a2314882-6518-4108-b168-1377946123bf', 'ip_address': '10.180.180.154'}], 'enable_snat': True}, 'description': '', 'availability_zones': [], 'distributed': False, 'ha': False, 'availability_zone_hints': [], 'routes': [], 'flavor_id': None, 'tags': [], 'created_at': '2025-04-25T19:59:26Z', 'updated_at': '2025-04-25T19:59:27Z', 'revision_number': 2, 'project_id': '99e1e14ff27043f09e177220a4cca37f'}
2025-04-25 19:59:28.969 70004 INFO tempest.lib.common.rest_client [req-fec251e5-be6d-4f77-9597-e2c929086f91 req-fec251e5-be6d-4f77-9597-e2c929086f91 ] Request (ServerExternalEventsTest:tearDownClass): 200 GET http://10.180.1.21/compute/v2.1/servers/23ef84be-eb8c-46e3-a8df-d9843024f3fe 0.169s
2025-04-25 19:59:28.975 70032 INFO tempest.lib.common.rest_client [req-0a4229e9-1fd1-4c91-962c-3ab9c4d535d8 req-0a4229e9-1fd1-4c91-962c-3ab9c4d535d8 ] Request (ServersListShow2100Test:tearDownClass): 200 GET http://10.180.1.21/compute/v2.1/servers/a05eee33-bfda-4a2d-b341-f5a792d98872 0.184s
2025-04-25 19:59:29.036 70002 INFO tempest.lib.common.rest_client [req-05d86f66-61cb-4580-8ca0-a10e08703711 req-05d86f66-61cb-4580-8ca0-a10e08703711 ] Request (ListServersNegativeTestJSON:setUpClass): 200 GET http://10.180.1.21/compute/v2.1/servers/1826ebd7-c2ea-4f23-90a0-ae9da1f6c53e 0.197s
2025-04-25 19:59:29.042 70030 INFO tempest.lib.common.rest_client [req-828d950a-42ed-4870-8dfa-9fc74ed09644 req-828d950a-42ed-4870-8dfa-9fc74ed09644 ] Request (ServerAddressesNegativeTestJSON:setUpClass): 201 POST http://10.180.1.21/identity/v3/auth/tokens 0.093s
2025-04-25 19:59:29.067 70006 INFO tempest.lib.common.rest_client [req-d696eca4-5c69-41cc-9791-0dc4a828e9b1 req-d696eca4-5c69-41cc-9791-0dc4a828e9b1 ] Request (ServersAdminNegativeTestJSON:setUpClass): 200 GET http://10.180.1.21/compute/v2.1/servers/2a3ec625-a7e5-478c-bb23-8b5e5f29f5e3 0.138s
2025-04-25 19:59:29.076 70006 INFO tempest.common.waiters [-] State transition "BUILD/spawning" ==> "ACTIVE/None" after 55 second wait
2025-04-25 19:59:29.082 70030 INFO tempest.lib.common.rest_client [req-8c496a32-d638-4a83-bce0-4c570d67ccae req-8c496a32-d638-4a83-bce0-4c570d67ccae ] Request (ServerAddressesNegativeTestJSON:setUpClass): 201 POST http://10.180.1.21/identity/v3/auth/tokens 0.033s
2025-04-25 19:59:29.083 70030 INFO tempest.lib.common.fixed_network [-] (ServerAddressesNegativeTestJSON:setUpClass) Found network {'id': '483ca6d8-50e4-4f5e-9d21-cf8119ec693c', 'name': 'tempest-ServerAddressesNegativeTestJSON-1723578561-network', 'tenant_id': '99e1e14ff27043f09e177220a4cca37f', 'admin_state_up': True, 'mtu': 8950, 'status': 'ACTIVE', 'subnets': [], 'shared': False, 'project_id': '99e1e14ff27043f09e177220a4cca37f', 'port_security_enabled': True, 'router:external': False, 'provider:network_type': 'vlan', 'provider:physical_network': 'default', 'provider:segmentation_id': 710, 'availability_zone_hints': [], 'availability_zones': [], 'ipv4_address_scope': None, 'ipv6_address_scope': None, 'description': '', 'tags': [], 'created_at': '2025-04-25T19:59:26Z', 'updated_at': '2025-04-25T19:59:26Z', 'revision_number': 1} available for tenant
2025-04-25 19:59:29.113 70026 INFO tempest.lib.common.rest_client [req-a344901f-37f6-4d97-a5db-211ca2b734e6 req-a344901f-37f6-4d97-a5db-211ca2b734e6 ] Request (ServersListShow296Test:tearDownClass): 200 GET http://10.180.1.21/compute/v2.1/servers/db8d5037-bee1-4225-8658-78c8844b6f62 0.105s
2025-04-25 19:59:29.230 69996 WARNING tempest.lib.common.ssh [-] Failed to establish authenticated ssh connection to cirros@10.180.180.203 ([Errno None] Unable to connect to port 22 on 10.180.180.203). Number attempts: 1. Retry after 2 seconds.: paramiko.ssh_exception.NoValidConnectionsError: [Errno None] Unable to connect to port 22 on 10.180.180.203
2025-04-25 19:59:29.260 70006 INFO tempest.lib.common.rest_client [req-d9310fbc-fadd-4eba-9256-611b5c090c22 req-d9310fbc-fadd-4eba-9256-611b5c090c22 ] Request (ServersAdminNegativeTestJSON:test_migrate_non_existent_server): 404 POST http://10.180.1.21/compute/v2.1/servers/de3bfbf2-97a3-46c9-bcef-98f064ff7208/action 0.183s
2025-04-25 19:59:29.340 70006 INFO tempest.lib.common.rest_client [req-a855301a-91d3-4698-8a86-72e56f0bd295 req-a855301a-91d3-4698-8a86-72e56f0bd295 ] Request (ServersAdminNegativeTestJSON:test_migrate_server_invalid_state): 201 POST http://10.180.1.21/identity/v3/auth/tokens 0.073s
2025-04-25 19:59:29.341 70006 INFO tempest.lib.common.fixed_network [-] (ServersAdminNegativeTestJSON:test_migrate_server_invalid_state) Found network None available for tenant
2025-04-25 19:59:29.363 70024 INFO tempest.lib.common.rest_client [req-8e4fcb7d-bb17-4ab8-9e3f-e16c54c1777d req-8e4fcb7d-bb17-4ab8-9e3f-e16c54c1777d ] Request (FloatingIPsAssociationNegativeTestJSON:tearDownClass): 200 GET http://10.180.1.21/compute/v2.1/servers/5410ca8f-b92b-41ad-a7c5-914ff64398bd 0.293s
2025-04-25 19:59:29.465 69984 INFO tempest.lib.common.rest_client [req-05d15ce9-d351-4dbe-81bf-15eef5000d65 req-05d15ce9-d351-4dbe-81bf-15eef5000d65 ] Request (ListImageFiltersTestJSON:setUpClass): 200 GET http://10.180.1.21/compute/v2.1/servers/fb987065-208f-42d9-b928-7431e722c642 0.380s
2025-04-25 19:59:29.522 69992 INFO tempest.lib.common.rest_client [req-373e9390-7086-40d7-9367-e93b8a469c92 req-373e9390-7086-40d7-9367-e93b8a469c92 ] Request (ServerPasswordTestJSON:setUpClass): 200 GET http://10.180.1.21/compute/v2.1/servers/64ac299a-1fe8-4bcb-b657-6d660d38f5b5 0.405s
2025-04-25 19:59:29.580 70016 INFO tempest.lib.common.rest_client [req-ae43c041-eff1-477e-88ba-ea84db168f7b req-ae43c041-eff1-477e-88ba-ea84db168f7b ] Request (DeleteServersTestJSON:test_delete_active_server): 200 GET http://10.180.1.21/compute/v2.1/servers/5faa9d6e-3cbf-46cf-9bf7-d0910511491d 0.405s
2025-04-25 19:59:29.631 69998 INFO tempest.lib.common.rest_client [req-954f26e6-8877-47b2-a53a-4e3181381c32 req-954f26e6-8877-47b2-a53a-4e3181381c32 ] Request (AttachVolumeShelveTestJSON:test_attach_volume_shelved_or_offload_server): 200 GET http://10.180.1.21/compute/v2.1/servers/ca488e4c-5958-4ae8-a611-16034ea05264 0.340s
2025-04-25 19:59:29.726 70008 INFO tempest.lib.common.rest_client [req-7de8f44d-92e2-451d-9f5f-89862be6c7d3 req-7de8f44d-92e2-451d-9f5f-89862be6c7d3 ] Request (MigrationsAdminTest:test_list_migrations_in_flavor_resize_situation): 200 GET http://10.180.1.21/compute/v2.1/servers/2b73a142-8d85-4ef8-8fe6-940dda6d6521 0.410s
2025-04-25 19:59:29.729 70034 INFO tempest.lib.common.rest_client [req-d0e81221-f45f-4141-8558-319206f36913 req-d0e81221-f45f-4141-8558-319206f36913 ] Request (SecurityGroupRulesNegativeTestJSON:tearDownClass): 200 PUT http://10.180.1.21:9696/networking/v2.0/routers/52214d92-9be7-4e77-a2a3-ffa45b2bf6c8/remove_router_interface 0.903s
2025-04-25 19:59:29.739 70030 INFO tempest.lib.common.rest_client [req-e4757f9c-5546-4f93-b78a-eaf520dce9e5 req-e4757f9c-5546-4f93-b78a-eaf520dce9e5 ] Request (ServerAddressesNegativeTestJSON:setUpClass): 202 POST http://10.180.1.21/compute/v2.1/servers 0.655s
2025-04-25 19:59:29.804 70012 INFO tempest.lib.common.rest_client [req-2c7d7348-480d-4b9a-a02f-7c97f4ffd69e req-2c7d7348-480d-4b9a-a02f-7c97f4ffd69e ] Request (ServersListShow298Test:test_list_show_update_rebuild_server_298): 200 GET http://10.180.1.21/compute/v2.1/servers/7de76820-d45f-4bfc-afd9-895e47274116 0.452s
2025-04-25 19:59:29.942 70010 INFO tempest.lib.common.rest_client [req-54460630-abc4-47b5-824a-bb52f87035e1 req-54460630-abc4-47b5-824a-bb52f87035e1 ] Request (ImagesOneServerTestJSON:setUpClass): 200 GET http://10.180.1.21/compute/v2.1/servers/16f935f2-2c14-4c1a-9f55-c5c219b3101c 0.471s
2025-04-25 19:59:30.010 70006 INFO tempest.lib.common.rest_client [req-b3a3c206-edb4-451b-b1eb-6dc118cb9fd3 req-b3a3c206-edb4-451b-b1eb-6dc118cb9fd3 ] Request (ServersAdminNegativeTestJSON:test_migrate_server_invalid_state): 202 POST http://10.180.1.21/compute/v2.1/servers 0.668s
2025-04-25 19:59:30.032 70000 INFO tempest.lib.common.rest_client [req-79ab0aaa-bac4-4264-a3c0-199a097f4b23 req-79ab0aaa-bac4-4264-a3c0-199a097f4b23 ] Request (InstanceActionsV221TestJSON:test_get_list_deleted_instance_actions): 200 GET http://10.180.1.21/compute/v2.1/servers/6d276c01-142d-4814-9a6e-52da8bc20897 0.488s
2025-04-25 19:59:30.088 70036 INFO tempest.lib.common.rest_client [req-3d2def5d-7bbb-49b4-9768-5d2f119a9dd9 req-3d2def5d-7bbb-49b4-9768-5d2f119a9dd9 ] Request (FloatingIPsAssociationTestJSON:test_associate_already_associated_floating_ip): 200 GET http://10.180.1.21/compute/v2.1/servers/89d1dbf0-20d6-4fa7-b362-e5b4311a68d1 0.481s
2025-04-25 19:59:30.091 69982 INFO tempest.lib.common.rest_client [req-6a917ac0-fe82-40c5-b765-b7ba13f72ae6 req-6a917ac0-fe82-40c5-b765-b7ba13f72ae6 ] Request (DeleteServersAdminTestJSON:test_delete_server_while_in_error_state): 200 GET http://10.180.1.21/compute/v2.1/servers/11123131-ce04-45c0-a369-1ec5e568b6a5 0.492s
2025-04-25 19:59:30.145 70022 INFO tempest.lib.common.rest_client [req-def0f486-c8a3-4230-8444-fb31c89885f2 req-def0f486-c8a3-4230-8444-fb31c89885f2 ] Request (AttachInterfacesUnderV243Test:test_add_remove_fixed_ip): 200 GET http://10.180.1.21/compute/v2.1/servers/38000a91-e705-4063-806c-9af0fe7235ca 0.472s
2025-04-25 19:59:30.152 70020 INFO tempest.lib.common.rest_client [req-0c9cbef8-562f-4946-8a58-db1270e689bd req-0c9cbef8-562f-4946-8a58-db1270e689bd ] Request (ServerDiagnosticsNegativeTest:test_get_server_diagnostics_by_non_admin): 200 GET http://10.180.1.21/compute/v2.1/servers/7a41f0c5-22b0-48ca-9be5-f41ab5f64203 0.476s
2025-04-25 19:59:30.206 69986 INFO tempest.lib.common.rest_client [req-98f8a8dc-0fb6-45df-9f02-653b547582a5 req-98f8a8dc-0fb6-45df-9f02-653b547582a5 ] Request (AttachInterfacesTestJSON:test_create_list_show_delete_interfaces_by_fixed_ip): 200 GET http://10.180.1.21/compute/v2.1/servers/af9422bd-d925-4174-8ea5-91d2bcec2f3b 0.477s
2025-04-25 19:59:30.216 69990 INFO tempest.lib.common.rest_client [req-cef135d0-4858-4998-8ad9-3b4df033bfe1 req-cef135d0-4858-4998-8ad9-3b4df033bfe1 ] Request (ServersAdminTestJSON:setUpClass): 200 GET http://10.180.1.21/compute/v2.1/servers/55a31f53-3712-486d-a4a8-7f15597da862 0.483s
2025-04-25 19:59:30.246 70030 INFO tempest.lib.common.rest_client [req-1edd9333-c623-488b-b877-cd7176761fda req-1edd9333-c623-488b-b877-cd7176761fda ] Request (ServerAddressesNegativeTestJSON:setUpClass): 200 GET http://10.180.1.21/compute/v2.1/servers/0e8f01e6-5844-4226-8ff8-370d3618b366 0.502s
2025-04-25 19:59:30.253 70034 INFO tempest.lib.common.rest_client [req-c033e562-c524-4d32-8c7f-5288406cab10 req-c033e562-c524-4d32-8c7f-5288406cab10 ] Request (SecurityGroupRulesNegativeTestJSON:tearDownClass): 204 DELETE http://10.180.1.21:9696/networking/v2.0/routers/52214d92-9be7-4e77-a2a3-ffa45b2bf6c8 0.524s
2025-04-25 19:59:30.278 69980 INFO tempest.lib.common.rest_client [req-9f4bd88e-079b-499e-a10c-8b05c83c677d req-9f4bd88e-079b-499e-a10c-8b05c83c677d ] Request (ServerDiskConfigTestJSON:test_rebuild_server_with_auto_disk_config): 200 GET http://10.180.1.21/compute/v2.1/servers/7d299e10-f60c-434f-94aa-283d1738ee16 0.488s
2025-04-25 19:59:30.288 69980 INFO tempest.common.waiters [-] State transition "BUILD/scheduling" ==> "BUILD/None" after 37 second wait
2025-04-25 19:59:30.305 70018 INFO tempest.lib.common.rest_client [req-8002b867-1e1d-4543-a6ea-632730ae4a57 req-8002b867-1e1d-4543-a6ea-632730ae4a57 ] Request (ImagesNegativeTestJSON:test_create_image_from_deleted_server): 200 GET http://10.180.1.21/compute/v2.1/servers/8a133dcc-4367-4ee4-a9ed-1bc47ac2839a 0.460s
2025-04-25 19:59:30.340 70014 INFO tempest.lib.common.rest_client [req-18855b33-7eb5-4b90-ad16-722cd4590b34 req-18855b33-7eb5-4b90-ad16-722cd4590b34 ] Request (SecurityGroupsTestJSON:test_list_security_groups_by_server): 200 GET http://10.180.1.21/compute/v2.1/servers/f94689f2-f576-4b80-bcac-59a95fcd7899 0.432s
2025-04-25 19:59:30.367 70004 INFO tempest.lib.common.rest_client [req-b7599c46-7502-49f4-a372-bacddc742ecb req-b7599c46-7502-49f4-a372-bacddc742ecb ] Request (ServerExternalEventsTest:tearDownClass): 404 GET http://10.180.1.21/compute/v2.1/servers/23ef84be-eb8c-46e3-a8df-d9843024f3fe 0.389s
2025-04-25 19:59:30.410 69994 INFO tempest.lib.common.rest_client [req-b9fa68eb-9f23-462c-9592-0842e31b9c40 req-b9fa68eb-9f23-462c-9592-0842e31b9c40 ] Request (ServersAdmin275Test:tearDownClass): 200 GET http://10.180.1.21/compute/v2.1/servers/39991d8e-84ec-4ef7-b76d-ddd39ff4c1b9 0.479s
2025-04-25 19:59:30.420 70034 INFO tempest.lib.common.rest_client [req-66e204f1-96f2-4851-896c-b996d90c9077 req-66e204f1-96f2-4851-896c-b996d90c9077 ] Request (SecurityGroupRulesNegativeTestJSON:tearDownClass): 204 DELETE http://10.180.1.21:9696/networking/v2.0/subnets/0ab1f26d-aeeb-4802-8b33-ae29a2017ef6 0.166s
2025-04-25 19:59:30.455 70032 INFO tempest.lib.common.rest_client [req-5f9de0f7-94b2-4837-b041-5ac023796408 req-5f9de0f7-94b2-4837-b041-5ac023796408 ] Request (ServersListShow2100Test:tearDownClass): 200 GET http://10.180.1.21/compute/v2.1/servers/a05eee33-bfda-4a2d-b341-f5a792d98872 0.464s
2025-04-25 19:59:30.471 70006 INFO tempest.lib.common.rest_client [req-9dbe4cac-da85-46ee-a611-44427cc3cd39 req-9dbe4cac-da85-46ee-a611-44427cc3cd39 ] Request (ServersAdminNegativeTestJSON:test_migrate_server_invalid_state): 200 GET http://10.180.1.21/compute/v2.1/servers/a04a2fe1-2877-4fea-8bc9-7a4e65aa8171 0.460s
2025-04-25 19:59:30.485 70004 INFO tempest.lib.common.rest_client [req-bca08015-18b2-4245-b13c-1050d07325b9 req-bca08015-18b2-4245-b13c-1050d07325b9 ] Request (ServerExternalEventsTest:tearDownClass): 204 DELETE http://10.180.1.21/identity/v3/users/b5f7fcbafc334229ae667bae39bd47aa 0.117s
2025-04-25 19:59:30.529 70002 INFO tempest.lib.common.rest_client [req-906f29f4-b444-4df6-b2c0-cff826a1ec42 req-906f29f4-b444-4df6-b2c0-cff826a1ec42 ] Request (ListServersNegativeTestJSON:setUpClass): 200 GET http://10.180.1.21/compute/v2.1/servers/1826ebd7-c2ea-4f23-90a0-ae9da1f6c53e 0.483s
2025-04-25 19:59:30.565 70026 INFO tempest.lib.common.rest_client [req-f896c0cd-5bc1-4a57-8a67-374d29d1bd1c req-f896c0cd-5bc1-4a57-8a67-374d29d1bd1c ] Request (ServersListShow296Test:tearDownClass): 200 GET http://10.180.1.21/compute/v2.1/servers/db8d5037-bee1-4225-8658-78c8844b6f62 0.437s
2025-04-25 19:59:30.608 70024 INFO tempest.lib.common.rest_client [req-05872c5c-8158-4a55-bcfd-452898ca07d1 req-05872c5c-8158-4a55-bcfd-452898ca07d1 ] Request (FloatingIPsAssociationNegativeTestJSON:tearDownClass): 200 GET http://10.180.1.21/compute/v2.1/servers/5410ca8f-b92b-41ad-a7c5-914ff64398bd 0.232s
2025-04-25 19:59:30.646 70004 INFO tempest.lib.common.rest_client [req-39e9d9fe-36b1-41a5-ab14-f8ad873dc0ab req-39e9d9fe-36b1-41a5-ab14-f8ad873dc0ab ] Request (ServerExternalEventsTest:tearDownClass): 204 DELETE http://10.180.1.21/identity/v3/users/55805756f91342ef94dbfc7ee5e28b8a 0.161s
2025-04-25 19:59:30.647 70034 INFO tempest.lib.common.rest_client [req-e2011abb-ba50-4e7c-a970-36712d98151c req-e2011abb-ba50-4e7c-a970-36712d98151c ] Request (SecurityGroupRulesNegativeTestJSON:tearDownClass): 204 DELETE http://10.180.1.21:9696/networking/v2.0/networks/c18fe91c-95b3-4b69-a91b-09581c1dd3e5 0.227s
2025-04-25 19:59:30.662 69992 INFO tempest.lib.common.rest_client [req-4f55b96f-dcb7-41f3-b9ab-12763b727253 req-4f55b96f-dcb7-41f3-b9ab-12763b727253 ] Request (ServerPasswordTestJSON:setUpClass): 200 GET http://10.180.1.21/compute/v2.1/servers/64ac299a-1fe8-4bcb-b657-6d660d38f5b5 0.132s
2025-04-25 19:59:30.723 70016 INFO tempest.lib.common.rest_client [req-80de926f-d905-4f2c-ae62-e3ddf0a92aae req-80de926f-d905-4f2c-ae62-e3ddf0a92aae ] Request (DeleteServersTestJSON:test_delete_active_server): 200 GET http://10.180.1.21/compute/v2.1/servers/5faa9d6e-3cbf-46cf-9bf7-d0910511491d 0.135s
2025-04-25 19:59:30.737 69984 INFO tempest.lib.common.rest_client [req-b9e130db-3153-4295-8618-ff45a8074bb3 req-b9e130db-3153-4295-8618-ff45a8074bb3 ] Request (ListImageFiltersTestJSON:setUpClass): 200 GET http://10.180.1.21/compute/v2.1/servers/fb987065-208f-42d9-b928-7431e722c642 0.259s
2025-04-25 19:59:30.762 70004 INFO tempest.lib.common.rest_client [req-7fcb966b-92e7-4c8e-b682-2e0c8e237280 req-7fcb966b-92e7-4c8e-b682-2e0c8e237280 ] Request (ServerExternalEventsTest:tearDownClass): 204 DELETE http://10.180.1.21/identity/v3/users/8588658df6394a88bfa5cb40e73442b8 0.115s
2025-04-25 19:59:30.762 70004 INFO tempest.lib.common.dynamic_creds [-] Deleting project and security group for project: 356e8f0b99fb44548b2d66ab0fb1ed63
2025-04-25 19:59:30.765 70034 INFO tempest.lib.common.rest_client [req-5030a857-d042-4b4d-a70d-fe1a1e33ea3c req-5030a857-d042-4b4d-a70d-fe1a1e33ea3c ] Request (SecurityGroupRulesNegativeTestJSON:tearDownClass): 204 DELETE http://10.180.1.21/identity/v3/users/1efad0c1c39548e8a24373515a2dc55e 0.118s
2025-04-25 19:59:30.766 70034 INFO tempest.lib.common.dynamic_creds [-] Deleting project and security group for project: c843714988894fccbe79e5aeffcc9873
2025-04-25 19:59:30.769 69998 INFO tempest.lib.common.rest_client [req-880a7376-b373-4852-a5da-67242a12bf2d req-880a7376-b373-4852-a5da-67242a12bf2d ] Request (AttachVolumeShelveTestJSON:test_attach_volume_shelved_or_offload_server): 200 GET http://10.180.1.21/compute/v2.1/servers/ca488e4c-5958-4ae8-a611-16034ea05264 0.128s
2025-04-25 19:59:30.792 70034 INFO tempest.lib.common.rest_client [req-5794896c-85a4-46ea-84c5-68bf2c698e4e req-5794896c-85a4-46ea-84c5-68bf2c698e4e ] Request (SecurityGroupRulesNegativeTestJSON:tearDownClass): 200 GET http://10.180.1.21:9696/networking/v2.0/security-groups?tenant_id=c843714988894fccbe79e5aeffcc9873&name=default 0.026s
2025-04-25 19:59:30.826 70004 INFO tempest.lib.common.rest_client [req-4c2ec52e-82e2-4dcd-b437-f50ab1d1b9f4 req-4c2ec52e-82e2-4dcd-b437-f50ab1d1b9f4 ] Request (ServerExternalEventsTest:tearDownClass): 201 POST http://10.180.1.21/identity/v3/auth/tokens 0.063s
2025-04-25 19:59:30.841 70008 INFO tempest.lib.common.rest_client [req-1b6ca122-d8ee-403d-a5df-3973ef35311a req-1b6ca122-d8ee-403d-a5df-3973ef35311a ] Request (MigrationsAdminTest:test_list_migrations_in_flavor_resize_situation): 200 GET http://10.180.1.21/compute/v2.1/servers/2b73a142-8d85-4ef8-8fe6-940dda6d6521 0.102s
2025-04-25 19:59:30.848 70008 INFO tempest.common.waiters [-] State transition "RESIZE/resize_prep" ==> "RESIZE/resize_migrating" after 35 second wait
2025-04-25 19:59:30.895 70012 INFO tempest.lib.common.rest_client [req-86efa052-ed72-4d0a-8565-d17de407af55 req-86efa052-ed72-4d0a-8565-d17de407af55 ] Request (ServersListShow298Test:test_list_show_update_rebuild_server_298): 200 GET http://10.180.1.21/compute/v2.1/servers/7de76820-d45f-4bfc-afd9-895e47274116 0.073s
2025-04-25 19:59:30.907 70034 INFO tempest.lib.common.rest_client [req-faa7a0aa-caae-4428-b191-1228704b06cb req-faa7a0aa-caae-4428-b191-1228704b06cb ] Request (SecurityGroupRulesNegativeTestJSON:tearDownClass): 204 DELETE http://10.180.1.21:9696/networking/v2.0/security-groups/8647af99-a859-4bea-b72b-c5243023bca5 0.114s
2025-04-25 19:59:30.973 70034 INFO tempest.lib.common.rest_client [req-535eb66d-750d-4e54-8e62-095fee269626 req-535eb66d-750d-4e54-8e62-095fee269626 ] Request (SecurityGroupRulesNegativeTestJSON:tearDownClass): 204 DELETE http://10.180.1.21/identity/v3/projects/c843714988894fccbe79e5aeffcc9873 0.066s
2025-04-25 19:59:30.996 70004 INFO tempest.lib.common.rest_client [req-1197e4d5-a84a-4d28-8b83-73b87d1fc612 req-1197e4d5-a84a-4d28-8b83-73b87d1fc612 ] Request (ServerExternalEventsTest:tearDownClass): 200 GET http://10.180.1.21:9696/networking/v2.0/security-groups?tenant_id=356e8f0b99fb44548b2d66ab0fb1ed63&name=default 0.170s
2025-04-25 19:59:31.078 70004 INFO tempest.lib.common.rest_client [req-fb620024-acbf-4ce0-bb34-b59216497e90 req-fb620024-acbf-4ce0-bb34-b59216497e90 ] Request (ServerExternalEventsTest:tearDownClass): 204 DELETE http://10.180.1.21:9696/networking/v2.0/security-groups/ba35e4fb-93a1-4355-a9fd-7cd5b2933da6 0.081s
2025-04-25 19:59:31.103 70010 INFO tempest.lib.common.rest_client [req-f1a3bef0-6883-46a1-be88-4e6ea3c19308 req-f1a3bef0-6883-46a1-be88-4e6ea3c19308 ] Request (ImagesOneServerTestJSON:setUpClass): 200 GET http://10.180.1.21/compute/v2.1/servers/16f935f2-2c14-4c1a-9f55-c5c219b3101c 0.147s
2025-04-25 19:59:31.129 70000 INFO tempest.lib.common.rest_client [req-757601e3-c496-459b-b7df-74092ce4bc6d req-757601e3-c496-459b-b7df-74092ce4bc6d ] Request (InstanceActionsV221TestJSON:test_get_list_deleted_instance_actions): 200 GET http://10.180.1.21/compute/v2.1/servers/6d276c01-142d-4814-9a6e-52da8bc20897 0.086s
2025-04-25 19:59:31.156 70036 INFO tempest.lib.common.rest_client [req-d57ed71c-d79e-4303-a76e-8f76a31ffc11 req-d57ed71c-d79e-4303-a76e-8f76a31ffc11 ] Request (FloatingIPsAssociationTestJSON:test_associate_already_associated_floating_ip): 200 GET http://10.180.1.21/compute/v2.1/servers/89d1dbf0-20d6-4fa7-b362-e5b4311a68d1 0.057s
2025-04-25 19:59:31.190 69982 INFO tempest.lib.common.rest_client [req-40f012a4-a3f4-41da-a2bb-e4c40c4a923e req-40f012a4-a3f4-41da-a2bb-e4c40c4a923e ] Request (DeleteServersAdminTestJSON:test_delete_server_while_in_error_state): 200 GET http://10.180.1.21/compute/v2.1/servers/11123131-ce04-45c0-a369-1ec5e568b6a5 0.088s
2025-04-25 19:59:31.206 70004 INFO tempest.lib.common.rest_client [req-0f7429a2-4471-4736-9f16-6acf35efac00 req-0f7429a2-4471-4736-9f16-6acf35efac00 ] Request (ServerExternalEventsTest:tearDownClass): 204 DELETE http://10.180.1.21/identity/v3/projects/356e8f0b99fb44548b2d66ab0fb1ed63 0.128s
2025-04-25 19:59:31.206 70004 INFO tempest.lib.common.dynamic_creds [-] Deleting project and security group for project: 1c6c1b2aeecc4716a8ac04d89aec8ad0
2025-04-25 19:59:31.229 70022 INFO tempest.lib.common.rest_client [req-f4ec8e7f-797a-443f-aab1-cf6ae52bb625 req-f4ec8e7f-797a-443f-aab1-cf6ae52bb625 ] Request (AttachInterfacesUnderV243Test:test_add_remove_fixed_ip): 200 GET http://10.180.1.21/compute/v2.1/servers/38000a91-e705-4063-806c-9af0fe7235ca 0.073s
2025-04-25 19:59:31.251 70004 INFO tempest.lib.common.rest_client [req-52afdc4d-eb59-457f-925e-2aa9ba8fce10 req-52afdc4d-eb59-457f-925e-2aa9ba8fce10 ] Request (ServerExternalEventsTest:tearDownClass): 200 GET http://10.180.1.21:9696/networking/v2.0/security-groups?tenant_id=1c6c1b2aeecc4716a8ac04d89aec8ad0&name=default 0.044s
2025-04-25 19:59:31.255 70020 INFO tempest.lib.common.rest_client [req-21e9a6b0-a443-478d-b1a7-b90df81dd199 req-21e9a6b0-a443-478d-b1a7-b90df81dd199 ] Request (ServerDiagnosticsNegativeTest:test_get_server_diagnostics_by_non_admin): 200 GET http://10.180.1.21/compute/v2.1/servers/7a41f0c5-22b0-48ca-9be5-f41ab5f64203 0.084s
2025-04-25 19:59:31.267 69978 WARNING tempest.lib.common.ssh [-] Failed to establish authenticated ssh connection to cirros@10.180.180.240 ([Errno None] Unable to connect to port 22 on 10.180.180.240). Number attempts: 6. Retry after 7 seconds.: paramiko.ssh_exception.NoValidConnectionsError: [Errno None] Unable to connect to port 22 on 10.180.180.240
2025-04-25 19:59:31.276 69986 INFO tempest.lib.common.rest_client [req-754eae33-d531-43d9-b2bc-0dda2195ec49 req-754eae33-d531-43d9-b2bc-0dda2195ec49 ] Request (AttachInterfacesTestJSON:test_create_list_show_delete_interfaces_by_fixed_ip): 200 GET http://10.180.1.21/compute/v2.1/servers/af9422bd-d925-4174-8ea5-91d2bcec2f3b 0.060s
2025-04-25 19:59:31.317 69990 INFO tempest.lib.common.rest_client [req-0a7e1b09-671f-4c62-972c-8952220bf6c6 req-0a7e1b09-671f-4c62-972c-8952220bf6c6 ] Request (ServersAdminTestJSON:setUpClass): 200 GET http://10.180.1.21/compute/v2.1/servers/55a31f53-3712-486d-a4a8-7f15597da862 0.091s
2025-04-25 19:59:31.326 70030 INFO tempest.lib.common.rest_client [req-11855b07-011d-4e4f-857d-dc59f8a7c66d req-11855b07-011d-4e4f-857d-dc59f8a7c66d ] Request (ServerAddressesNegativeTestJSON:setUpClass): 200 GET http://10.180.1.21/compute/v2.1/servers/0e8f01e6-5844-4226-8ff8-370d3618b366 0.070s
2025-04-25 19:59:31.372 69980 INFO tempest.lib.common.rest_client [req-ed609bdd-531e-43cb-9375-ec1d34a8e661 req-ed609bdd-531e-43cb-9375-ec1d34a8e661 ] Request (ServerDiskConfigTestJSON:test_rebuild_server_with_auto_disk_config): 200 GET http://10.180.1.21/compute/v2.1/servers/7d299e10-f60c-434f-94aa-283d1738ee16 0.083s
2025-04-25 19:59:31.377 70004 INFO tempest.lib.common.rest_client [req-726f0cd8-15cf-455f-809b-78ce1ced7bf6 req-726f0cd8-15cf-455f-809b-78ce1ced7bf6 ] Request (ServerExternalEventsTest:tearDownClass): 204 DELETE http://10.180.1.21:9696/networking/v2.0/security-groups/7ef05655-0d1f-4345-946e-e5a87b85a408 0.125s
2025-04-25 19:59:31.383 70018 INFO tempest.lib.common.rest_client [req-6511b2f6-af6e-48ef-8e9c-7e2da23ddc6d req-6511b2f6-af6e-48ef-8e9c-7e2da23ddc6d ] Request (ImagesNegativeTestJSON:test_create_image_from_deleted_server): 200 GET http://10.180.1.21/compute/v2.1/servers/8a133dcc-4367-4ee4-a9ed-1bc47ac2839a 0.068s
2025-04-25 19:59:31.425 70014 INFO tempest.lib.common.rest_client [req-ccaab914-70a4-41d3-86fd-9123ef1d4ae1 req-ccaab914-70a4-41d3-86fd-9123ef1d4ae1 ] Request (SecurityGroupsTestJSON:test_list_security_groups_by_server): 200 GET http://10.180.1.21/compute/v2.1/servers/f94689f2-f576-4b80-bcac-59a95fcd7899 0.069s
2025-04-25 19:59:31.490 70004 INFO tempest.lib.common.rest_client [req-484b916d-f182-4161-801c-9a8d2cac3dd6 req-484b916d-f182-4161-801c-9a8d2cac3dd6 ] Request (ServerExternalEventsTest:tearDownClass): 204 DELETE http://10.180.1.21/identity/v3/projects/1c6c1b2aeecc4716a8ac04d89aec8ad0 0.112s
2025-04-25 19:59:31.490 70004 INFO tempest.lib.common.dynamic_creds [-] Deleting project and security group for project: c6d25aba469a43138d09987ebce84e21
2025-04-25 19:59:31.516 69994 INFO tempest.lib.common.rest_client [req-1b036a30-952c-4443-969c-beb366a8db16 req-1b036a30-952c-4443-969c-beb366a8db16 ] Request (ServersAdmin275Test:tearDownClass): 200 GET http://10.180.1.21/compute/v2.1/servers/39991d8e-84ec-4ef7-b76d-ddd39ff4c1b9 0.090s
2025-04-25 19:59:31.569 70032 INFO tempest.lib.common.rest_client [req-4ecb03d6-2e16-4a43-a843-4e6909f0b57b req-4ecb03d6-2e16-4a43-a843-4e6909f0b57b ] Request (ServersListShow2100Test:tearDownClass): 200 GET http://10.180.1.21/compute/v2.1/servers/a05eee33-bfda-4a2d-b341-f5a792d98872 0.099s
2025-04-25 19:59:31.569 70006 INFO tempest.lib.common.rest_client [req-cd441e23-3e71-45fc-a5a7-879428f230f2 req-cd441e23-3e71-45fc-a5a7-879428f230f2 ] Request (ServersAdminNegativeTestJSON:test_migrate_server_invalid_state): 200 GET http://10.180.1.21/compute/v2.1/servers/a04a2fe1-2877-4fea-8bc9-7a4e65aa8171 0.085s
2025-04-25 19:59:31.609 70004 INFO tempest.lib.common.rest_client [req-8eac1b50-2e0d-45e8-a341-4ceffdf20d69 req-8eac1b50-2e0d-45e8-a341-4ceffdf20d69 ] Request (ServerExternalEventsTest:tearDownClass): 200 GET http://10.180.1.21:9696/networking/v2.0/security-groups?tenant_id=c6d25aba469a43138d09987ebce84e21&name=default 0.119s
2025-04-25 19:59:31.624 70002 INFO tempest.lib.common.rest_client [req-5ca4f302-6a87-41bf-a80a-cf8111afeee0 req-5ca4f302-6a87-41bf-a80a-cf8111afeee0 ] Request (ListServersNegativeTestJSON:setUpClass): 200 GET http://10.180.1.21/compute/v2.1/servers/1826ebd7-c2ea-4f23-90a0-ae9da1f6c53e 0.083s
2025-04-25 19:59:31.672 70026 INFO tempest.lib.common.rest_client [req-a0244094-55b6-4cac-99c1-f7647410e483 req-a0244094-55b6-4cac-99c1-f7647410e483 ] Request (ServersListShow296Test:tearDownClass): 200 GET http://10.180.1.21/compute/v2.1/servers/db8d5037-bee1-4225-8658-78c8844b6f62 0.091s
2025-04-25 19:59:31.681 70024 INFO tempest.lib.common.rest_client [req-709c52b1-3070-4bc3-b056-49581ce0e3f0 req-709c52b1-3070-4bc3-b056-49581ce0e3f0 ] Request (FloatingIPsAssociationNegativeTestJSON:tearDownClass): 200 GET http://10.180.1.21/compute/v2.1/servers/5410ca8f-b92b-41ad-a7c5-914ff64398bd 0.063s
2025-04-25 19:59:31.705 70004 INFO tempest.lib.common.rest_client [req-98d3d2f0-5bfd-4144-8708-fe27cdf4c827 req-98d3d2f0-5bfd-4144-8708-fe27cdf4c827 ] Request (ServerExternalEventsTest:tearDownClass): 204 DELETE http://10.180.1.21:9696/networking/v2.0/security-groups/d61f7f48-444f-4bae-a789-48736e6b1dc0 0.092s
2025-04-25 19:59:31.725 69992 INFO tempest.lib.common.rest_client [req-ed41a39d-1746-442d-b301-c00228713e17 req-ed41a39d-1746-442d-b301-c00228713e17 ] Request (ServerPasswordTestJSON:setUpClass): 200 GET http://10.180.1.21/compute/v2.1/servers/64ac299a-1fe8-4bcb-b657-6d660d38f5b5 0.054s
2025-04-25 19:59:31.783 70016 INFO tempest.lib.common.rest_client [req-1a3eece1-7d37-44f6-92da-96ca81fc6597 req-1a3eece1-7d37-44f6-92da-96ca81fc6597 ] Request (DeleteServersTestJSON:test_delete_active_server): 200 GET http://10.180.1.21/compute/v2.1/servers/5faa9d6e-3cbf-46cf-9bf7-d0910511491d 0.047s
2025-04-25 19:59:31.801 70004 INFO tempest.lib.common.rest_client [req-18e06526-c36b-4857-a815-cb999626136c req-18e06526-c36b-4857-a815-cb999626136c ] Request (ServerExternalEventsTest:tearDownClass): 204 DELETE http://10.180.1.21/identity/v3/projects/c6d25aba469a43138d09987ebce84e21 0.096s
2025-04-25 19:59:31.831 69998 INFO tempest.lib.common.rest_client [req-c0465bc3-a152-4a7d-883d-5032c9f1e28e req-c0465bc3-a152-4a7d-883d-5032c9f1e28e ] Request (AttachVolumeShelveTestJSON:test_attach_volume_shelved_or_offload_server): 200 GET http://10.180.1.21/compute/v2.1/servers/ca488e4c-5958-4ae8-a611-16034ea05264 0.051s
2025-04-25 19:59:31.860 70004 INFO tempest.lib.common.rest_client [req-5517ff80-cc55-4ba3-972b-8e29c1ad033d req-5517ff80-cc55-4ba3-972b-8e29c1ad033d ] Request (ImagesMetadataTestJSON:setUpClass): 201 POST http://10.180.1.21/identity/v3/auth/tokens 0.057s
2025-04-25 19:59:31.872 69984 INFO tempest.lib.common.rest_client [req-e9e3c433-f374-4529-9a21-385fd215b8a4 req-e9e3c433-f374-4529-9a21-385fd215b8a4 ] Request (ListImageFiltersTestJSON:setUpClass): 200 GET http://10.180.1.21/compute/v2.1/servers/fb987065-208f-42d9-b928-7431e722c642 0.126s
2025-04-25 19:59:31.879 69984 INFO tempest.common.waiters [-] State transition "BUILD/spawning" ==> "ACTIVE/None" after 57 second wait
2025-04-25 19:59:31.894 70004 INFO tempest.lib.common.rest_client [req-257f4348-1dc7-477e-bbca-da1f2c914a56 req-257f4348-1dc7-477e-bbca-da1f2c914a56 ] Request (ImagesMetadataTestJSON:setUpClass): 201 POST http://10.180.1.21/identity/v3/auth/tokens 0.029s
2025-04-25 19:59:31.922 70004 INFO tempest.lib.common.rest_client [req-f0c03930-d776-445c-98ce-51cb5812fd6c req-f0c03930-d776-445c-98ce-51cb5812fd6c ] Request (ImagesMetadataTestJSON:setUpClass): 200 GET http://10.180.1.21/identity/v3/domains?name=Default 0.027s
2025-04-25 19:59:31.941 70008 INFO tempest.lib.common.rest_client [req-9388986b-ae7d-441c-ad42-93c97a137376 req-9388986b-ae7d-441c-ad42-93c97a137376 ] Request (MigrationsAdminTest:test_list_migrations_in_flavor_resize_situation): 200 GET http://10.180.1.21/compute/v2.1/servers/2b73a142-8d85-4ef8-8fe6-940dda6d6521 0.092s
2025-04-25 19:59:31.947 70004 INFO tempest.lib.common.rest_client [req-877d37aa-eee4-4e85-9965-dc4f2a0a7029 req-877d37aa-eee4-4e85-9965-dc4f2a0a7029 ] Request (ImagesMetadataTestJSON:setUpClass): 201 POST http://10.180.1.21/identity/v3/projects 0.024s
2025-04-25 19:59:31.969 69984 INFO tempest.lib.common.rest_client [req-095f4744-0300-4698-9f11-0323cd30bb31 req-095f4744-0300-4698-9f11-0323cd30bb31 ] Request (ListImageFiltersTestJSON:setUpClass): 200 GET http://10.180.1.21/compute/v2.1/servers/5a4aa01c-baa5-4ea5-bb0e-209add1622ca 0.090s
2025-04-25 19:59:31.994 70012 INFO tempest.lib.common.rest_client [req-5dfe9d77-685a-44fc-a86d-c9d47cce239c req-5dfe9d77-685a-44fc-a86d-c9d47cce239c ] Request (ServersListShow298Test:test_list_show_update_rebuild_server_298): 200 GET http://10.180.1.21/compute/v2.1/servers/7de76820-d45f-4bfc-afd9-895e47274116 0.086s
2025-04-25 19:59:32.003 70004 INFO tempest.lib.common.rest_client [req-26310f13-2d93-4e9b-b027-b2777d028e5e req-26310f13-2d93-4e9b-b027-b2777d028e5e ] Request (ImagesMetadataTestJSON:setUpClass): 201 POST http://10.180.1.21/identity/v3/users 0.055s
2025-04-25 19:59:32.024 70004 INFO tempest.lib.common.rest_client [req-273452eb-e3ca-4f3b-bb62-94e7763de9c9 req-273452eb-e3ca-4f3b-bb62-94e7763de9c9 ] Request (ImagesMetadataTestJSON:setUpClass): 200 GET http://10.180.1.21/identity/v3/roles 0.020s
2025-04-25 19:59:32.046 70004 INFO tempest.lib.common.rest_client [req-a6eb09fd-c382-4d5c-9d35-1b4b641398ea req-a6eb09fd-c382-4d5c-9d35-1b4b641398ea ] Request (ImagesMetadataTestJSON:setUpClass): 204 PUT http://10.180.1.21/identity/v3/projects/ebc70161d4b144e28677aabd6f551ec0/users/fb4a053e885642cd8bfabd6a40c10622/roles/2678565713c642dd90952cc99fb0645d 0.021s
2025-04-25 19:59:32.046 70004 INFO tempest.lib.common.dynamic_creds [-] Dynamic test user fb4a053e885642cd8bfabd6a40c10622 is created with scope project and roles: ['member']
2025-04-25 19:59:32.046 70004 INFO tempest.lib.common.dynamic_creds [-] Acquired dynamic creds: credentials: Credentials: {'domain_id': 'default', 'domain_name': 'Default', 'username': 'tempest-ImagesMetadataTestJSON-493912700-project-member', 'project_domain_id': 'default', 'project_domain_name': 'Default', 'project_id': 'ebc70161d4b144e28677aabd6f551ec0', 'project_name': 'tempest-ImagesMetadataTestJSON-493912700', 'tenant_id': 'ebc70161d4b144e28677aabd6f551ec0', 'tenant_name': 'tempest-ImagesMetadataTestJSON-493912700', 'user_domain_id': 'default', 'user_domain_name': 'Default', 'user_id': 'fb4a053e885642cd8bfabd6a40c10622', 'system': None}, Network: None, Subnet: None, Router: None
2025-04-25 19:59:32.046 70004 INFO tempest.lib.common.dynamic_creds [-] Created isolated network resources for: credentials: Credentials: {'domain_id': 'default', 'domain_name': 'Default', 'username': 'tempest-ImagesMetadataTestJSON-493912700-project-member', 'project_domain_id': 'default', 'project_domain_name': 'Default', 'project_id': 'ebc70161d4b144e28677aabd6f551ec0', 'project_name': 'tempest-ImagesMetadataTestJSON-493912700', 'tenant_id': 'ebc70161d4b144e28677aabd6f551ec0', 'tenant_name': 'tempest-ImagesMetadataTestJSON-493912700', 'user_domain_id': 'default', 'user_domain_name': 'Default', 'user_id': 'fb4a053e885642cd8bfabd6a40c10622', 'system': None}, Network: None, Subnet: None, Router: None
2025-04-25 19:59:32.108 70004 INFO tempest.lib.common.rest_client [req-776be58f-74e6-4abb-b5fa-f686b16c96ab req-776be58f-74e6-4abb-b5fa-f686b16c96ab ] Request (ImagesMetadataTestJSON:setUpClass): 201 POST http://10.180.1.21/identity/v3/auth/tokens 0.058s
2025-04-25 19:59:32.118 70038 INFO paramiko.transport [-] Connected (version 2.0, client dropbear_2020.81)
2025-04-25 19:59:32.220 70038 INFO paramiko.transport [-] Authentication (publickey) successful!
2025-04-25 19:59:32.222 70038 INFO tempest.lib.common.ssh [-] ssh connection to cirros@10.180.180.238 successfully created
2025-04-25 19:59:32.260 70010 INFO tempest.lib.common.rest_client [req-6f7735e5-0112-4934-9d7b-187b1dd10b42 req-6f7735e5-0112-4934-9d7b-187b1dd10b42 ] Request (ImagesOneServerTestJSON:setUpClass): 200 GET http://10.180.1.21/compute/v2.1/servers/16f935f2-2c14-4c1a-9f55-c5c219b3101c 0.142s
2025-04-25 19:59:32.290 69996 WARNING tempest.lib.common.ssh [-] Failed to establish authenticated ssh connection to cirros@10.180.180.203 ([Errno None] Unable to connect to port 22 on 10.180.180.203). Number attempts: 2. Retry after 3 seconds.: paramiko.ssh_exception.NoValidConnectionsError: [Errno None] Unable to connect to port 22 on 10.180.180.203
2025-04-25 19:59:32.328 70000 INFO tempest.lib.common.rest_client [req-d78a90a1-17c1-400c-883b-31d655bda5f7 req-d78a90a1-17c1-400c-883b-31d655bda5f7 ] Request (InstanceActionsV221TestJSON:test_get_list_deleted_instance_actions): 200 GET http://10.180.1.21/compute/v2.1/servers/6d276c01-142d-4814-9a6e-52da8bc20897 0.189s
2025-04-25 19:59:32.384 70036 INFO tempest.lib.common.rest_client [req-f4b12c78-9bce-449c-b814-4601bcb5fd47 req-f4b12c78-9bce-449c-b814-4601bcb5fd47 ] Request (FloatingIPsAssociationTestJSON:test_associate_already_associated_floating_ip): 200 GET http://10.180.1.21/compute/v2.1/servers/89d1dbf0-20d6-4fa7-b362-e5b4311a68d1 0.220s
