2025-04-25 19:58:08.083 70036 INFO tempest.lib.common.rest_client [req-f056e646-7393-428d-9832-5e16fe9e2e1f req-f056e646-7393-428d-9832-5e16fe9e2e1f ] Request (FloatingIPsAssociationTestJSON:setUpClass): 201 POST http://10.180.1.21/identity/v3/auth/tokens 0.744s
2025-04-25 19:58:08.097 69982 INFO tempest.lib.common.rest_client [req-d721d61e-d742-400c-9ede-c26801a9ea0b req-d721d61e-d742-400c-9ede-c26801a9ea0b ] Request (DeleteServersAdminTestJSON:setUpClass): 200 GET http://10.180.1.21/identity/v3/roles 0.659s
2025-04-25 19:58:08.110 70020 INFO tempest.lib.common.rest_client [req-fb2756d0-58db-4968-982a-1e4f412d1be2 req-fb2756d0-58db-4968-982a-1e4f412d1be2 ] Request (HostsAdminNegativeTestJSON:setUpClass): 200 GET http://10.180.1.21/identity/v3/roles 0.652s
2025-04-25 19:58:08.140 70040 INFO tempest.lib.common.rest_client [req-455f438d-72ee-4f09-bd45-ae6d4efcfd2e req-455f438d-72ee-4f09-bd45-ae6d4efcfd2e ] Request (ServerDiagnosticsTest:setUpClass): 201 POST http://10.180.1.21/identity/v3/users 0.624s
2025-04-25 19:58:08.145 69994 INFO tempest.lib.common.rest_client [req-1b217ee2-66d9-4c88-a547-62fcf9d23bfb req-1b217ee2-66d9-4c88-a547-62fcf9d23bfb ] Request (ServersAdmin275Test:setUpClass): 201 POST http://10.180.1.21/identity/v3/users 0.687s
2025-04-25 19:58:08.162 70000 INFO tempest.lib.common.rest_client [req-14041434-77c6-41c7-9eaa-558aa00967fd req-14041434-77c6-41c7-9eaa-558aa00967fd ] Request (AZAdminNegativeTestJSON:setUpClass): 200 GET http://10.180.1.21/identity/v3/roles 0.639s
2025-04-25 19:58:08.176 70038 INFO tempest.lib.common.rest_client [req-84445b15-f1e0-4b0e-ad8a-4c9a77f6007d req-84445b15-f1e0-4b0e-ad8a-4c9a77f6007d ] Request (VolumesAdminNegativeTest:setUpClass): 201 POST http://10.180.1.21:9696/networking/v2.0/subnets 0.405s
2025-04-25 19:58:08.181 70008 INFO tempest.lib.common.rest_client [req-fdc1d473-4f06-4c56-b091-2bfc24dd4617 req-fdc1d473-4f06-4c56-b091-2bfc24dd4617 ] Request (MigrationsAdminTest:setUpClass): 204 PUT http://10.180.1.21/identity/v3/projects/9a9a63b9eba14bb388ae7fa567755468/users/592901fcd23c4897b111444fb5a3edd7/roles/a2d68c34806f468c8048e3322111bf68 0.590s
2025-04-25 19:58:08.190 70014 INFO tempest.lib.common.rest_client [req-f3cd1fa2-02e6-4be9-8d4e-21b224f3064a req-f3cd1fa2-02e6-4be9-8d4e-21b224f3064a ] Request (FlavorMetadataValidation:setUpClass): 204 PUT http://10.180.1.21/identity/v3/projects/3b1b08c9188744bb8525b3c8c45f7d90/users/f3d04513462f40ed830b55bf34b260e4/roles/a2d68c34806f468c8048e3322111bf68 0.576s
2025-04-25 19:58:08.243 70018 INFO tempest.lib.common.rest_client [req-15a47cdc-c831-4e73-90ee-ed49743bee42 req-15a47cdc-c831-4e73-90ee-ed49743bee42 ] Request (QuotasAdminTestJSON:setUpClass): 204 PUT http://10.180.1.21/identity/v3/projects/a7f9be4ec21a4a11871b99be0d0ca423/users/88a1aab5f8364100b2dd328c82230833/roles/a2d68c34806f468c8048e3322111bf68 0.610s
2025-04-25 19:58:08.246 70032 INFO tempest.lib.common.rest_client [req-5bbd85c1-8c0a-414a-b3ff-fe3b21be605b req-5bbd85c1-8c0a-414a-b3ff-fe3b21be605b ] Request (HypervisorAdminV253TestBase:setUpClass): 201 POST http://10.180.1.21/identity/v3/users 0.620s
2025-04-25 19:58:08.297 69986 INFO tempest.lib.common.rest_client [req-af9b1671-c216-4876-a3ea-b8a0ea9a7071 req-af9b1671-c216-4876-a3ea-b8a0ea9a7071 ] Request (ServicesAdminNegativeV253TestJSON:setUpClass): 200 GET http://10.180.1.21/identity/v3/roles 0.616s
2025-04-25 19:58:08.303 70022 INFO tempest.lib.common.rest_client [req-d09d748e-47ff-4011-9e45-c365cae7f233 req-d09d748e-47ff-4011-9e45-c365cae7f233 ] Request (HypervisorAdminNegativeUnderV252Test:setUpClass): 201 POST http://10.180.1.21/identity/v3/users 0.603s
2025-04-25 19:58:08.320 69992 INFO tempest.lib.common.rest_client [req-5da0b203-fd64-43c2-981d-df050e01f8cc req-5da0b203-fd64-43c2-981d-df050e01f8cc ] Request (FlavorsAdminTestJSON:setUpClass): 200 GET http://10.180.1.21/identity/v3/roles 0.615s
2025-04-25 19:58:08.324 70006 INFO tempest.lib.common.rest_client [req-9b9e11ba-cbe2-43f0-9ef9-ea94693dba8c req-9b9e11ba-cbe2-43f0-9ef9-ea94693dba8c ] Request (SecurityGroupsTestAdminJSON:setUpClass): 200 GET http://10.180.1.21/identity/v3/roles 0.565s
2025-04-25 19:58:08.343 69988 INFO tempest.lib.common.rest_client [req-f0603a82-4554-4534-bbf3-670c3f063402 req-f0603a82-4554-4534-bbf3-670c3f063402 ] Request (VolumesAssistedSnapshotsTest:setUpClass): 200 GET http://10.180.1.21/identity/v3/roles 0.560s
2025-04-25 19:58:08.355 69980 INFO tempest.lib.common.rest_client [req-a7d2a67f-edbc-4ab0-9d51-f3b56cfe7797 req-a7d2a67f-edbc-4ab0-9d51-f3b56cfe7797 ] Request (FlavorsV261TestJSON:setUpClass): 204 PUT http://10.180.1.21/identity/v3/projects/b8697837e56341feb1a2076b4701fa5d/users/552982db400c4f2e86d84a85d85c3f92/roles/a2d68c34806f468c8048e3322111bf68 0.493s
2025-04-25 19:58:08.355 69980 INFO tempest.lib.common.dynamic_creds [-] Dynamic test user 552982db400c4f2e86d84a85d85c3f92 is created with scope project and roles: ['admin']
2025-04-25 19:58:08.355 69980 INFO tempest.lib.common.dynamic_creds [-] Acquired dynamic creds: credentials: Credentials: {'domain_id': 'default', 'domain_name': 'Default', 'username': 'tempest-FlavorsV261TestJSON-803476108-project-admin', 'project_domain_id': 'default', 'project_domain_name': 'Default', 'project_id': 'b8697837e56341feb1a2076b4701fa5d', 'project_name': 'tempest-FlavorsV261TestJSON-803476108', 'tenant_id': 'b8697837e56341feb1a2076b4701fa5d', 'tenant_name': 'tempest-FlavorsV261TestJSON-803476108', 'user_domain_id': 'default', 'user_domain_name': 'Default', 'user_id': '552982db400c4f2e86d84a85d85c3f92', 'system': None}, Network: None, Subnet: None, Router: None
2025-04-25 19:58:08.355 69980 INFO tempest.lib.common.dynamic_creds [-] Created isolated network resources for: credentials: Credentials: {'domain_id': 'default', 'domain_name': 'Default', 'username': 'tempest-FlavorsV261TestJSON-803476108-project-admin', 'project_domain_id': 'default', 'project_domain_name': 'Default', 'project_id': 'b8697837e56341feb1a2076b4701fa5d', 'project_name': 'tempest-FlavorsV261TestJSON-803476108', 'tenant_id': 'b8697837e56341feb1a2076b4701fa5d', 'tenant_name': 'tempest-FlavorsV261TestJSON-803476108', 'user_domain_id': 'default', 'user_domain_name': 'Default', 'user_id': '552982db400c4f2e86d84a85d85c3f92', 'system': None}, Network: None, Subnet: None, Router: None
2025-04-25 19:58:08.403 69978 INFO tempest.lib.common.rest_client [req-cfd6eff2-c2c7-45b2-8a3a-96d96cc373fe req-cfd6eff2-c2c7-45b2-8a3a-96d96cc373fe ] Request (ServicesAdminNegativeTestJSON:tearDownClass): 204 DELETE http://10.180.1.21/identity/v3/users/a4663836d8fe4e65ad4562af058cc0f6 0.589s
2025-04-25 19:58:08.403 69978 INFO tempest.lib.common.dynamic_creds [-] Deleting project and security group for project: 49260d1feaef4178b62433d8ad5520cd
2025-04-25 19:58:08.462 70030 INFO tempest.lib.common.rest_client [req-4d256620-0728-49f4-a2bc-4ae3bb63a52c req-4d256620-0728-49f4-a2bc-4ae3bb63a52c ] Request (AttachInterfacesV270Test:setUpClass): 201 POST http://10.180.1.21:9696/networking/v2.0/subnets 0.461s
2025-04-25 19:58:08.483 69998 INFO tempest.lib.common.rest_client [req-b1aaf53f-8d49-441b-9520-c3c1ae45e761 req-b1aaf53f-8d49-441b-9520-c3c1ae45e761 ] Request (QuotaClassesAdmin257Test:setUpClass): 200 GET http://10.180.1.21/identity/v3/roles 0.609s
2025-04-25 19:58:08.492 70016 INFO tempest.lib.common.rest_client [req-19f93b10-d318-4f6e-9387-5039a4385f85 req-19f93b10-d318-4f6e-9387-5039a4385f85 ] Request (FlavorsAccessNegativeTestJSON:setUpClass): 201 POST http://10.180.1.21/identity/v3/auth/tokens 0.599s
2025-04-25 19:58:08.493 70016 WARNING tempest.lib.common.rest_client [-] Deprecated: "tenant_id" property is deprecated for removal, use "project_id" instead
2025-04-25 19:58:08.515 70026 INFO tempest.lib.common.rest_client [req-b974bc5d-a9dd-451a-bbfa-4573bdc8e8ec req-b974bc5d-a9dd-451a-bbfa-4573bdc8e8ec ] Request (AZAdminV2TestJSON:setUpClass): 204 PUT http://10.180.1.21/identity/v3/projects/b841a0a693ae46afb466a52dabef4f43/users/6802cd1c106c4e54bd6221840e3578da/roles/a2d68c34806f468c8048e3322111bf68 0.615s
2025-04-25 19:58:08.521 70034 INFO tempest.lib.common.rest_client [req-166eb63b-9381-486a-9512-898de40ea9fe req-166eb63b-9381-486a-9512-898de40ea9fe ] Request (TenantUsagesTestJSON:setUpClass): 200 GET http://10.180.1.21/identity/v3/roles 0.571s
2025-04-25 19:58:08.575 70010 INFO tempest.lib.common.rest_client [req-762a37d9-8697-49c6-9bac-12860f4aed75 req-762a37d9-8697-49c6-9bac-12860f4aed75 ] Request (KeyPairsV210TestJSON:setUpClass): 200 GET http://10.180.1.21/identity/v3/roles 0.594s
2025-04-25 19:58:08.590 70028 INFO tempest.lib.common.rest_client [req-6ca42b81-7479-4f99-ad87-563c86d5c7b3 req-6ca42b81-7479-4f99-ad87-563c86d5c7b3 ] Request (FlavorsAccessTestJSON:setUpClass): 200 GET http://10.180.1.21/identity/v3/roles 0.596s
2025-04-25 19:58:08.601 70002 INFO tempest.lib.common.rest_client [req-2188d549-84d1-4bd4-9951-68175f0bd093 req-2188d549-84d1-4bd4-9951-68175f0bd093 ] Request (InstanceUsageAuditLogTestJSON:setUpClass): 200 GET http://10.180.1.21/identity/v3/roles 0.585s
2025-04-25 19:58:08.612 70012 INFO tempest.lib.common.rest_client [req-31959ea3-704f-4984-a4a0-991e153cdab3 req-31959ea3-704f-4984-a4a0-991e153cdab3 ] Request (HypervisorAdminTestJSON:setUpClass): 200 GET http://10.180.1.21/identity/v3/roles 0.583s
2025-04-25 19:58:08.629 70004 INFO tempest.lib.common.rest_client [req-bf023864-f704-4b7e-af42-355d89a4b0fd req-bf023864-f704-4b7e-af42-355d89a4b0fd ] Request (QuotasSecurityGroupAdminNegativeTest:setUpClass): 200 GET http://10.180.1.21/identity/v3/roles 0.565s
2025-04-25 19:58:08.661 69982 INFO tempest.lib.common.rest_client [req-55289245-fad3-4507-b01f-a93abe76985e req-55289245-fad3-4507-b01f-a93abe76985e ] Request (DeleteServersAdminTestJSON:setUpClass): 204 PUT http://10.180.1.21/identity/v3/projects/dd956c028ebf4cd9bc468fc19d27074d/users/ef62f737690c4b189410baa80c0af188/roles/a2d68c34806f468c8048e3322111bf68 0.563s
2025-04-25 19:58:08.676 70036 INFO tempest.lib.common.rest_client [req-f0dcc8fb-5af4-4230-acac-4ff70a4e9c6a req-f0dcc8fb-5af4-4230-acac-4ff70a4e9c6a ] Request (FloatingIPsAssociationTestJSON:setUpClass): 201 POST http://10.180.1.21/identity/v3/auth/tokens 0.589s
2025-04-25 19:58:08.677 70036 INFO tempest.lib.common.fixed_network [-] (FloatingIPsAssociationTestJSON:setUpClass) Found network {'id': 'e867eccd-7769-4294-8509-60dde3d71144', 'name': 'tempest-FloatingIPsAssociationTestJSON-358165153-network', 'tenant_id': 'cb2ab604e8ea4987b0a20bce735b2278', 'admin_state_up': True, 'mtu': 8950, 'status': 'ACTIVE', 'subnets': [], 'shared': False, 'project_id': 'cb2ab604e8ea4987b0a20bce735b2278', 'port_security_enabled': True, 'router:external': False, 'provider:network_type': 'vlan', 'provider:physical_network': 'default', 'provider:segmentation_id': 393, 'availability_zone_hints': [], 'availability_zones': [], 'ipv4_address_scope': None, 'ipv6_address_scope': None, 'description': '', 'tags': [], 'created_at': '2025-04-25T19:58:05Z', 'updated_at': '2025-04-25T19:58:05Z', 'revision_number': 1} available for tenant
2025-04-25 19:58:08.716 70020 INFO tempest.lib.common.rest_client [req-b644799e-15ac-46fc-8314-28201c2e716a req-b644799e-15ac-46fc-8314-28201c2e716a ] Request (HostsAdminNegativeTestJSON:setUpClass): 204 PUT http://10.180.1.21/identity/v3/projects/53bd1fd5f311428ab7fa249bd7d4a1f9/users/ffb069b33ded4468a049b7f15a341bfb/roles/a2d68c34806f468c8048e3322111bf68 0.605s
2025-04-25 19:58:08.733 70040 INFO tempest.lib.common.rest_client [req-aafa9ef3-4cc2-4a49-bfe5-e6089f7a91a9 req-aafa9ef3-4cc2-4a49-bfe5-e6089f7a91a9 ] Request (ServerDiagnosticsTest:setUpClass): 200 GET http://10.180.1.21/identity/v3/roles 0.593s
2025-04-25 19:58:08.766 69994 INFO tempest.lib.common.rest_client [req-fdad5f44-1ce9-4ab3-b7b5-faecccb79935 req-fdad5f44-1ce9-4ab3-b7b5-faecccb79935 ] Request (ServersAdmin275Test:setUpClass): 200 GET http://10.180.1.21/identity/v3/roles 0.620s
2025-04-25 19:58:08.788 70000 INFO tempest.lib.common.rest_client [req-abec53c0-7645-4222-9bb6-979f058ec7ca req-abec53c0-7645-4222-9bb6-979f058ec7ca ] Request (AZAdminNegativeTestJSON:setUpClass): 204 PUT http://10.180.1.21/identity/v3/projects/6385fa64cf85414aa6617ca5ff1629ed/users/c863556abedb493b98abaab4c6f05afb/roles/a2d68c34806f468c8048e3322111bf68 0.626s
2025-04-25 19:58:08.788 70000 INFO tempest.lib.common.dynamic_creds [-] Dynamic test user c863556abedb493b98abaab4c6f05afb is created with scope project and roles: ['admin']
2025-04-25 19:58:08.788 70000 INFO tempest.lib.common.dynamic_creds [-] Acquired dynamic creds: credentials: Credentials: {'domain_id': 'default', 'domain_name': 'Default', 'username': 'tempest-AZAdminNegativeTestJSON-1179414843-project-admin', 'project_domain_id': 'default', 'project_domain_name': 'Default', 'project_id': '6385fa64cf85414aa6617ca5ff1629ed', 'project_name': 'tempest-AZAdminNegativeTestJSON-1179414843', 'tenant_id': '6385fa64cf85414aa6617ca5ff1629ed', 'tenant_name': 'tempest-AZAdminNegativeTestJSON-1179414843', 'user_domain_id': 'default', 'user_domain_name': 'Default', 'user_id': 'c863556abedb493b98abaab4c6f05afb', 'system': None}, Network: None, Subnet: None, Router: None
2025-04-25 19:58:08.789 70000 INFO tempest.lib.common.dynamic_creds [-] Created isolated network resources for: credentials: Credentials: {'domain_id': 'default', 'domain_name': 'Default', 'username': 'tempest-AZAdminNegativeTestJSON-1179414843-project-admin', 'project_domain_id': 'default', 'project_domain_name': 'Default', 'project_id': '6385fa64cf85414aa6617ca5ff1629ed', 'project_name': 'tempest-AZAdminNegativeTestJSON-1179414843', 'tenant_id': '6385fa64cf85414aa6617ca5ff1629ed', 'tenant_name': 'tempest-AZAdminNegativeTestJSON-1179414843', 'user_domain_id': 'default', 'user_domain_name': 'Default', 'user_id': 'c863556abedb493b98abaab4c6f05afb', 'system': None}, Network: None, Subnet: None, Router: None
2025-04-25 19:58:08.839 70014 INFO tempest.lib.common.rest_client [req-5d6f1589-e41b-4209-9d71-93d65dee44f9 req-5d6f1589-e41b-4209-9d71-93d65dee44f9 ] Request (FlavorMetadataValidation:setUpClass): 200 GET http://10.180.1.21/identity/v3/roles 0.648s
2025-04-25 19:58:08.850 70008 INFO tempest.lib.common.rest_client [req-10286da9-57fc-4b6e-af12-b27c5cc3131e req-10286da9-57fc-4b6e-af12-b27c5cc3131e ] Request (MigrationsAdminTest:setUpClass): 200 GET http://10.180.1.21/identity/v3/roles 0.668s
2025-04-25 19:58:08.862 70018 INFO tempest.lib.common.rest_client [req-711e807c-2207-42db-881e-0bb3bce39b07 req-711e807c-2207-42db-881e-0bb3bce39b07 ] Request (QuotasAdminTestJSON:setUpClass): 200 GET http://10.180.1.21/identity/v3/roles 0.618s
2025-04-25 19:58:08.874 70032 INFO tempest.lib.common.rest_client [req-a435066e-3ea7-4542-b132-468817ae3fc2 req-a435066e-3ea7-4542-b132-468817ae3fc2 ] Request (HypervisorAdminV253TestBase:setUpClass): 200 GET http://10.180.1.21/identity/v3/roles 0.628s
2025-04-25 19:58:08.888 70024 INFO tempest.lib.common.rest_client [req-da4b66d4-facb-4f67-bf7a-0af2892b7e65 req-da4b66d4-facb-4f67-bf7a-0af2892b7e65 ] Request (FloatingIPsAssociationNegativeTestJSON:setUpClass): 201 POST http://10.180.1.21:9696/networking/v2.0/routers 0.973s
2025-04-25 19:58:08.896 70022 INFO tempest.lib.common.rest_client [req-4c077136-4c61-4b36-8a68-8d0e1e84b924 req-4c077136-4c61-4b36-8a68-8d0e1e84b924 ] Request (HypervisorAdminNegativeUnderV252Test:setUpClass): 200 GET http://10.180.1.21/identity/v3/roles 0.592s
2025-04-25 19:58:08.902 69986 INFO tempest.lib.common.rest_client [req-cf65475c-a965-4953-9b6e-c7adaa553a24 req-cf65475c-a965-4953-9b6e-c7adaa553a24 ] Request (ServicesAdminNegativeV253TestJSON:setUpClass): 204 PUT http://10.180.1.21/identity/v3/projects/3ed99de9d6ea466c9dede1e1d38a7142/users/722d3b229caa43fd916f0a393ff08265/roles/a2d68c34806f468c8048e3322111bf68 0.604s
2025-04-25 19:58:08.944 69992 INFO tempest.lib.common.rest_client [req-16623353-07cd-4dac-99a7-901fb0a46d35 req-16623353-07cd-4dac-99a7-901fb0a46d35 ] Request (FlavorsAdminTestJSON:setUpClass): 204 PUT http://10.180.1.21/identity/v3/projects/ca672173384d4930abd6e66ecfe86a5f/users/90b9d27b32fa416897e60d3e86c7a1c2/roles/a2d68c34806f468c8048e3322111bf68 0.623s
2025-04-25 19:58:08.944 69992 INFO tempest.lib.common.dynamic_creds [-] Dynamic test user 90b9d27b32fa416897e60d3e86c7a1c2 is created with scope project and roles: ['admin']
2025-04-25 19:58:08.944 69992 INFO tempest.lib.common.dynamic_creds [-] Acquired dynamic creds: credentials: Credentials: {'domain_id': 'default', 'domain_name': 'Default', 'username': 'tempest-FlavorsAdminTestJSON-1485096068-project-admin', 'project_domain_id': 'default', 'project_domain_name': 'Default', 'project_id': 'ca672173384d4930abd6e66ecfe86a5f', 'project_name': 'tempest-FlavorsAdminTestJSON-1485096068', 'tenant_id': 'ca672173384d4930abd6e66ecfe86a5f', 'tenant_name': 'tempest-FlavorsAdminTestJSON-1485096068', 'user_domain_id': 'default', 'user_domain_name': 'Default', 'user_id': '90b9d27b32fa416897e60d3e86c7a1c2', 'system': None}, Network: None, Subnet: None, Router: None
2025-04-25 19:58:08.944 69992 INFO tempest.lib.common.dynamic_creds [-] Created isolated network resources for: credentials: Credentials: {'domain_id': 'default', 'domain_name': 'Default', 'username': 'tempest-FlavorsAdminTestJSON-1485096068-project-admin', 'project_domain_id': 'default', 'project_domain_name': 'Default', 'project_id': 'ca672173384d4930abd6e66ecfe86a5f', 'project_name': 'tempest-FlavorsAdminTestJSON-1485096068', 'tenant_id': 'ca672173384d4930abd6e66ecfe86a5f', 'tenant_name': 'tempest-FlavorsAdminTestJSON-1485096068', 'user_domain_id': 'default', 'user_domain_name': 'Default', 'user_id': '90b9d27b32fa416897e60d3e86c7a1c2', 'system': None}, Network: None, Subnet: None, Router: None
2025-04-25 19:58:08.994 69988 INFO tempest.lib.common.rest_client [req-8bc8b06a-c897-47cf-8835-c06c0827a9bf req-8bc8b06a-c897-47cf-8835-c06c0827a9bf ] Request (VolumesAssistedSnapshotsTest:setUpClass): 204 PUT http://10.180.1.21/identity/v3/projects/4e8f502d988449e3972340eacf5f37a0/users/4c109318a3484347b1db4ad4d98e817c/roles/a2d68c34806f468c8048e3322111bf68 0.651s
2025-04-25 19:58:08.994 69988 INFO tempest.lib.common.dynamic_creds [-] Dynamic test user 4c109318a3484347b1db4ad4d98e817c is created with scope project and roles: ['admin']
2025-04-25 19:58:08.995 69988 INFO tempest.lib.common.dynamic_creds [-] Acquired dynamic creds: credentials: Credentials: {'domain_id': 'default', 'domain_name': 'Default', 'username': 'tempest-VolumesAssistedSnapshotsTest-1816050597-project-admin', 'project_domain_id': 'default', 'project_domain_name': 'Default', 'project_id': '4e8f502d988449e3972340eacf5f37a0', 'project_name': 'tempest-VolumesAssistedSnapshotsTest-1816050597', 'tenant_id': '4e8f502d988449e3972340eacf5f37a0', 'tenant_name': 'tempest-VolumesAssistedSnapshotsTest-1816050597', 'user_domain_id': 'default', 'user_domain_name': 'Default', 'user_id': '4c109318a3484347b1db4ad4d98e817c', 'system': None}, Network: None, Subnet: None, Router: None
2025-04-25 19:58:09.022 70006 INFO tempest.lib.common.rest_client [req-4005bc1d-4391-4c4c-a799-2a9f0699b2b5 req-4005bc1d-4391-4c4c-a799-2a9f0699b2b5 ] Request (SecurityGroupsTestAdminJSON:setUpClass): 204 PUT http://10.180.1.21/identity/v3/projects/0fd201307e3f4bc18623c5cce84c9dd4/users/6bf5ed0b817e4cb7bbdaef0e33371ea2/roles/a2d68c34806f468c8048e3322111bf68 0.698s
2025-04-25 19:58:09.059 69980 INFO tempest.lib.common.rest_client [req-7746552a-983c-4999-a959-582930ae652b req-7746552a-983c-4999-a959-582930ae652b ] Request (FlavorsV261TestJSON:setUpClass): 201 POST http://10.180.1.21/identity/v3/auth/tokens 0.701s
2025-04-25 19:58:09.086 69978 INFO tempest.lib.common.rest_client [req-79267259-45e3-442a-8eb8-019081646058 req-79267259-45e3-442a-8eb8-019081646058 ] Request (ServicesAdminNegativeTestJSON:tearDownClass): 201 POST http://10.180.1.21/identity/v3/auth/tokens 0.683s
2025-04-25 19:58:09.129 69998 INFO tempest.lib.common.rest_client [req-b2d8c9b0-879f-44a4-ac58-f9deb7c75f33 req-b2d8c9b0-879f-44a4-ac58-f9deb7c75f33 ] Request (QuotaClassesAdmin257Test:setUpClass): 204 PUT http://10.180.1.21/identity/v3/projects/e456afc0bf6b4ef88dbb7408d4b07608/users/efdd64369b174c17a5cfce7ba3fd9ac1/roles/a2d68c34806f468c8048e3322111bf68 0.643s
2025-04-25 19:58:09.146 70038 INFO tempest.lib.common.rest_client [req-2974c024-e4b5-4407-9057-3d8870592caa req-2974c024-e4b5-4407-9057-3d8870592caa ] Request (VolumesAdminNegativeTest:setUpClass): 201 POST http://10.180.1.21:9696/networking/v2.0/routers 0.969s
2025-04-25 19:58:09.174 70026 INFO tempest.lib.common.rest_client [req-5e44fce9-76c9-413c-97c3-75514ce95b9d req-5e44fce9-76c9-413c-97c3-75514ce95b9d ] Request (AZAdminV2TestJSON:setUpClass): 200 GET http://10.180.1.21/identity/v3/roles 0.658s
2025-04-25 19:58:09.203 70034 INFO tempest.lib.common.rest_client [req-144824b8-d288-4be1-8bf8-2f8101ed45ff req-144824b8-d288-4be1-8bf8-2f8101ed45ff ] Request (TenantUsagesTestJSON:setUpClass): 204 PUT http://10.180.1.21/identity/v3/projects/b4eb53fb43974f06a5186a1ee07592c0/users/81d140f6b6b444fbb5b127276dad00ce/roles/a2d68c34806f468c8048e3322111bf68 0.681s
2025-04-25 19:58:09.253 70016 INFO tempest.lib.common.rest_client [req-45836b96-58bd-4df3-90bc-1b1e6ca56144 req-45836b96-58bd-4df3-90bc-1b1e6ca56144 ] Request (FlavorsAccessNegativeTestJSON:test_add_flavor_access_duplicate): 200 POST http://10.180.1.21/compute/v2.1/flavors 0.759s
2025-04-25 19:58:09.279 70010 INFO tempest.lib.common.rest_client [req-6078ba5a-5606-48a4-85db-ebac17f386b5 req-6078ba5a-5606-48a4-85db-ebac17f386b5 ] Request (KeyPairsV210TestJSON:setUpClass): 204 PUT http://10.180.1.21/identity/v3/projects/3fcf9950cb2c4348bc70ddb549d6050c/users/a9e2992317414a00aeddd5836b001187/roles/a2d68c34806f468c8048e3322111bf68 0.702s
2025-04-25 19:58:09.296 70028 INFO tempest.lib.common.rest_client [req-7d32c5a2-193f-49dc-b601-fa4c2f39be53 req-7d32c5a2-193f-49dc-b601-fa4c2f39be53 ] Request (FlavorsAccessTestJSON:setUpClass): 204 PUT http://10.180.1.21/identity/v3/projects/e7414094a4a4421b92db9a5ed630c9da/users/00d4b590643b449dbb4df18e6236dede/roles/a2d68c34806f468c8048e3322111bf68 0.706s
2025-04-25 19:58:09.347 70012 INFO tempest.lib.common.rest_client [req-a3b0db1b-7b6e-4405-bfa5-578f67c15dfe req-a3b0db1b-7b6e-4405-bfa5-578f67c15dfe ] Request (HypervisorAdminTestJSON:setUpClass): 204 PUT http://10.180.1.21/identity/v3/projects/2345d3c4a79b409184c8c57b7ae535ef/users/63de2479585b47e383cfd39545f8530a/roles/a2d68c34806f468c8048e3322111bf68 0.734s
2025-04-25 19:58:09.352 70002 INFO tempest.lib.common.rest_client [req-49cce3c8-6c4b-4404-a9f5-c0e3871fe54b req-49cce3c8-6c4b-4404-a9f5-c0e3871fe54b ] Request (InstanceUsageAuditLogTestJSON:setUpClass): 204 PUT http://10.180.1.21/identity/v3/projects/4350b1caf2654581935754de735b24ae/users/dd1518fc2ae8412caab2bec0fbedbafb/roles/a2d68c34806f468c8048e3322111bf68 0.750s
2025-04-25 19:58:09.398 69982 INFO tempest.lib.common.rest_client [req-955026ee-3a24-4bf1-a774-d68007f165f8 req-955026ee-3a24-4bf1-a774-d68007f165f8 ] Request (DeleteServersAdminTestJSON:setUpClass): 200 GET http://10.180.1.21/identity/v3/roles 0.737s
2025-04-25 19:58:09.425 70020 INFO tempest.lib.common.rest_client [req-d9db55d8-c4bf-44ce-9ded-72a07c1fc0f8 req-d9db55d8-c4bf-44ce-9ded-72a07c1fc0f8 ] Request (HostsAdminNegativeTestJSON:setUpClass): 200 GET http://10.180.1.21/identity/v3/roles 0.708s
2025-04-25 19:58:09.432 70004 INFO tempest.lib.common.rest_client [req-d8b8ed5a-5263-4bbd-a81b-5c49cecfab77 req-d8b8ed5a-5263-4bbd-a81b-5c49cecfab77 ] Request (QuotasSecurityGroupAdminNegativeTest:setUpClass): 204 PUT http://10.180.1.21/identity/v3/projects/7507c0b8bcc54bdfa3ad18d462002cda/users/9b06d7dfbdf745ff91c90dc82b54785c/roles/a2d68c34806f468c8048e3322111bf68 0.802s
2025-04-25 19:58:09.441 69996 INFO tempest.lib.common.rest_client [req-99c8a3d7-4fd7-40fc-b29b-595a2c584b14 req-99c8a3d7-4fd7-40fc-b29b-595a2c584b14 ] Request (ServersWithSpecificFlavorTestJSON:setUpClass): 200 PUT http://10.180.1.21:9696/networking/v2.0/routers/f8995e35-48a3-4230-949a-9f75f3adc75f/add_router_interface 2.038s
2025-04-25 19:58:09.442 69996 INFO tempest.lib.common.dynamic_creds [-] Created isolated network resources for: credentials: Credentials: {'domain_id': 'default', 'domain_name': 'Default', 'username': 'tempest-ServersWithSpecificFlavorTestJSON-467341840-project-member', 'project_domain_id': 'default', 'project_domain_name': 'Default', 'project_id': 'b1c919d4d14746e5b9cb5a9e6046cf64', 'project_name': 'tempest-ServersWithSpecificFlavorTestJSON-467341840', 'tenant_id': 'b1c919d4d14746e5b9cb5a9e6046cf64', 'tenant_name': 'tempest-ServersWithSpecificFlavorTestJSON-467341840', 'user_domain_id': 'default', 'user_domain_name': 'Default', 'user_id': '0607a54c5a264a4fad4adb104f13180f', 'system': None}, Network: {'id': '257d4b91-acab-4abb-9480-f26dc94d99e1', 'name': 'tempest-ServersWithSpecificFlavorTestJSON-1089910322-network', 'tenant_id': 'b1c919d4d14746e5b9cb5a9e6046cf64', 'admin_state_up': True, 'mtu': 8950, 'status': 'ACTIVE', 'subnets': [], 'shared': False, 'project_id': 'b1c919d4d14746e5b9cb5a9e6046cf64', 'port_security_enabled': True, 'router:external': False, 'provider:network_type': 'vlan', 'provider:physical_network': 'default', 'provider:segmentation_id': 460, 'availability_zone_hints': [], 'availability_zones': [], 'ipv4_address_scope': None, 'ipv6_address_scope': None, 'description': '', 'tags': [], 'created_at': '2025-04-25T19:58:06Z', 'updated_at': '2025-04-25T19:58:06Z', 'revision_number': 1}, Subnet: {'id': '037fd089-4747-4d6d-b37b-c89f58d6dc6d', 'name': 'tempest-ServersWithSpecificFlavorTestJSON-1089910322-subnet', 'tenant_id': 'b1c919d4d14746e5b9cb5a9e6046cf64', 'network_id': '257d4b91-acab-4abb-9480-f26dc94d99e1', 'ip_version': 4, 'subnetpool_id': None, 'enable_dhcp': True, 'ipv6_ra_mode': None, 'ipv6_address_mode': None, 'gateway_ip': '192.168.128.1', 'cidr': '192.168.128.0/28', 'allocation_pools': [{'start': '192.168.128.2', 'end': '192.168.128.14'}], 'host_routes': [], 'dns_nameservers': [], 'description': '', 'router:external': False, 'service_types': [], 'tags': [], 'created_at': '2025-04-25T19:58:06Z', 'updated_at': '2025-04-25T19:58:06Z', 'revision_number': 0, 'project_id': 'b1c919d4d14746e5b9cb5a9e6046cf64'}, Router: {'id': 'f8995e35-48a3-4230-949a-9f75f3adc75f', 'name': 'tempest-ServersWithSpecificFlavorTestJSON-1089910322-router', 'tenant_id': 'b1c919d4d14746e5b9cb5a9e6046cf64', 'admin_state_up': True, 'status': 'ACTIVE', 'external_gateway_info': {'network_id': 'e6591bbb-ebe0-4377-9596-b5f0fbec2abb', 'external_fixed_ips': [{'subnet_id': 'a2314882-6518-4108-b168-1377946123bf', 'ip_address': '10.180.180.174'}], 'enable_snat': True}, 'description': '', 'availability_zones': [], 'distributed': False, 'ha': False, 'availability_zone_hints': [], 'routes': [], 'flavor_id': None, 'tags': [], 'created_at': '2025-04-25T19:58:06Z', 'updated_at': '2025-04-25T19:58:07Z', 'revision_number': 2, 'project_id': 'b1c919d4d14746e5b9cb5a9e6046cf64'}
2025-04-25 19:58:09.478 70040 INFO tempest.lib.common.rest_client [req-d4bcd645-9a20-40fe-9d56-3f77f8735004 req-d4bcd645-9a20-40fe-9d56-3f77f8735004 ] Request (ServerDiagnosticsTest:setUpClass): 204 PUT http://10.180.1.21/identity/v3/projects/4ce87290ce0c49318f858a4ac7e6e523/users/1b24797044fb4acdb1889cb00524f48d/roles/a2d68c34806f468c8048e3322111bf68 0.744s
2025-04-25 19:58:09.487 69994 INFO tempest.lib.common.rest_client [req-251efa06-14ac-4420-940c-552e08416891 req-251efa06-14ac-4420-940c-552e08416891 ] Request (ServersAdmin275Test:setUpClass): 204 PUT http://10.180.1.21/identity/v3/projects/71b5484bf2e1415a82d46adfa685558e/users/9a33b94463bf4c74b038014b3c2b3454/roles/a2d68c34806f468c8048e3322111bf68 0.720s
2025-04-25 19:58:09.535 70014 INFO tempest.lib.common.rest_client [req-a42c794b-c81c-4621-92e6-5b7989ed7842 req-a42c794b-c81c-4621-92e6-5b7989ed7842 ] Request (FlavorMetadataValidation:setUpClass): 204 PUT http://10.180.1.21/identity/v3/projects/3b1b08c9188744bb8525b3c8c45f7d90/users/f3d04513462f40ed830b55bf34b260e4/roles/a2d68c34806f468c8048e3322111bf68 0.695s
2025-04-25 19:58:09.535 70014 INFO tempest.lib.common.dynamic_creds [-] Dynamic test user f3d04513462f40ed830b55bf34b260e4 is created with scope project and roles: ['admin']
2025-04-25 19:58:09.535 70014 INFO tempest.lib.common.dynamic_creds [-] Acquired dynamic creds: credentials: Credentials: {'domain_id': 'default', 'domain_name': 'Default', 'username': 'tempest-FlavorMetadataValidation-540096120-project-admin', 'project_domain_id': 'default', 'project_domain_name': 'Default', 'project_id': '3b1b08c9188744bb8525b3c8c45f7d90', 'project_name': 'tempest-FlavorMetadataValidation-540096120', 'tenant_id': '3b1b08c9188744bb8525b3c8c45f7d90', 'tenant_name': 'tempest-FlavorMetadataValidation-540096120', 'user_domain_id': 'default', 'user_domain_name': 'Default', 'user_id': 'f3d04513462f40ed830b55bf34b260e4', 'system': None}, Network: None, Subnet: None, Router: None
2025-04-25 19:58:09.535 70014 INFO tempest.lib.common.dynamic_creds [-] Created isolated network resources for: credentials: Credentials: {'domain_id': 'default', 'domain_name': 'Default', 'username': 'tempest-FlavorMetadataValidation-540096120-project-admin', 'project_domain_id': 'default', 'project_domain_name': 'Default', 'project_id': '3b1b08c9188744bb8525b3c8c45f7d90', 'project_name': 'tempest-FlavorMetadataValidation-540096120', 'tenant_id': '3b1b08c9188744bb8525b3c8c45f7d90', 'tenant_name': 'tempest-FlavorMetadataValidation-540096120', 'user_domain_id': 'default', 'user_domain_name': 'Default', 'user_id': 'f3d04513462f40ed830b55bf34b260e4', 'system': None}, Network: None, Subnet: None, Router: None
2025-04-25 19:58:09.538 69988 INFO tempest.lib.common.rest_client [req-f6ffd6c0-2327-4240-9544-7e74e87af79c req-f6ffd6c0-2327-4240-9544-7e74e87af79c ] Request (VolumesAssistedSnapshotsTest:setUpClass): 201 POST http://10.180.1.21:9696/networking/v2.0/networks 0.543s
2025-04-25 19:58:09.546 70000 INFO tempest.lib.common.rest_client [req-85a90874-8952-4ac8-9b59-0530317f9ed6 req-85a90874-8952-4ac8-9b59-0530317f9ed6 ] Request (AZAdminNegativeTestJSON:setUpClass): 201 POST http://10.180.1.21/identity/v3/auth/tokens 0.753s
2025-04-25 19:58:09.577 70008 INFO tempest.lib.common.rest_client [req-cb835e2a-9e7c-4ffe-a493-a458268b9b95 req-cb835e2a-9e7c-4ffe-a493-a458268b9b95 ] Request (MigrationsAdminTest:setUpClass): 204 PUT http://10.180.1.21/identity/v3/projects/9a9a63b9eba14bb388ae7fa567755468/users/592901fcd23c4897b111444fb5a3edd7/roles/a2d68c34806f468c8048e3322111bf68 0.727s
2025-04-25 19:58:09.577 70008 INFO tempest.lib.common.dynamic_creds [-] Dynamic test user 592901fcd23c4897b111444fb5a3edd7 is created with scope project and roles: ['admin']
2025-04-25 19:58:09.577 70008 INFO tempest.lib.common.dynamic_creds [-] Acquired dynamic creds: credentials: Credentials: {'domain_id': 'default', 'domain_name': 'Default', 'username': 'tempest-MigrationsAdminTest-1438693946-project-admin', 'project_domain_id': 'default', 'project_domain_name': 'Default', 'project_id': '9a9a63b9eba14bb388ae7fa567755468', 'project_name': 'tempest-MigrationsAdminTest-1438693946', 'tenant_id': '9a9a63b9eba14bb388ae7fa567755468', 'tenant_name': 'tempest-MigrationsAdminTest-1438693946', 'user_domain_id': 'default', 'user_domain_name': 'Default', 'user_id': '592901fcd23c4897b111444fb5a3edd7', 'system': None}, Network: None, Subnet: None, Router: None
2025-04-25 19:58:09.577 70008 INFO tempest.lib.common.dynamic_creds [-] Created isolated network resources for: credentials: Credentials: {'domain_id': 'default', 'domain_name': 'Default', 'username': 'tempest-MigrationsAdminTest-1438693946-project-admin', 'project_domain_id': 'default', 'project_domain_name': 'Default', 'project_id': '9a9a63b9eba14bb388ae7fa567755468', 'project_name': 'tempest-MigrationsAdminTest-1438693946', 'tenant_id': '9a9a63b9eba14bb388ae7fa567755468', 'tenant_name': 'tempest-MigrationsAdminTest-1438693946', 'user_domain_id': 'default', 'user_domain_name': 'Default', 'user_id': '592901fcd23c4897b111444fb5a3edd7', 'system': None}, Network: None, Subnet: None, Router: None
2025-04-25 19:58:09.603 70018 INFO tempest.lib.common.rest_client [req-bfdb9eb3-5af8-4500-80f5-8c77441a75b2 req-bfdb9eb3-5af8-4500-80f5-8c77441a75b2 ] Request (QuotasAdminTestJSON:setUpClass): 204 PUT http://10.180.1.21/identity/v3/projects/a7f9be4ec21a4a11871b99be0d0ca423/users/88a1aab5f8364100b2dd328c82230833/roles/a2d68c34806f468c8048e3322111bf68 0.740s
2025-04-25 19:58:09.603 70018 INFO tempest.lib.common.dynamic_creds [-] Dynamic test user 88a1aab5f8364100b2dd328c82230833 is created with scope project and roles: ['admin']
2025-04-25 19:58:09.603 70018 INFO tempest.lib.common.dynamic_creds [-] Acquired dynamic creds: credentials: Credentials: {'domain_id': 'default', 'domain_name': 'Default', 'username': 'tempest-QuotasAdminTestJSON-248499063-project-admin', 'project_domain_id': 'default', 'project_domain_name': 'Default', 'project_id': 'a7f9be4ec21a4a11871b99be0d0ca423', 'project_name': 'tempest-QuotasAdminTestJSON-248499063', 'tenant_id': 'a7f9be4ec21a4a11871b99be0d0ca423', 'tenant_name': 'tempest-QuotasAdminTestJSON-248499063', 'user_domain_id': 'default', 'user_domain_name': 'Default', 'user_id': '88a1aab5f8364100b2dd328c82230833', 'system': None}, Network: None, Subnet: None, Router: None
2025-04-25 19:58:09.603 70018 INFO tempest.lib.common.dynamic_creds [-] Created isolated network resources for: credentials: Credentials: {'domain_id': 'default', 'domain_name': 'Default', 'username': 'tempest-QuotasAdminTestJSON-248499063-project-admin', 'project_domain_id': 'default', 'project_domain_name': 'Default', 'project_id': 'a7f9be4ec21a4a11871b99be0d0ca423', 'project_name': 'tempest-QuotasAdminTestJSON-248499063', 'tenant_id': 'a7f9be4ec21a4a11871b99be0d0ca423', 'tenant_name': 'tempest-QuotasAdminTestJSON-248499063', 'user_domain_id': 'default', 'user_domain_name': 'Default', 'user_id': '88a1aab5f8364100b2dd328c82230833', 'system': None}, Network: None, Subnet: None, Router: None
2025-04-25 19:58:09.658 70022 INFO tempest.lib.common.rest_client [req-0a309324-a7a7-4488-a470-3615052ae473 req-0a309324-a7a7-4488-a470-3615052ae473 ] Request (HypervisorAdminNegativeUnderV252Test:setUpClass): 204 PUT http://10.180.1.21/identity/v3/projects/89c8caeb94094a6797734f5f488bbbbf/users/af5b7035a12a48fc95889d6f8d057de3/roles/a2d68c34806f468c8048e3322111bf68 0.761s
2025-04-25 19:58:09.663 70032 INFO tempest.lib.common.rest_client [req-20d440c4-cc11-4eca-b8b9-5a276ec0c59b req-20d440c4-cc11-4eca-b8b9-5a276ec0c59b ] Request (HypervisorAdminV253TestBase:setUpClass): 204 PUT http://10.180.1.21/identity/v3/projects/1b4c8482dc5d49f69ee1ba1bbba85e33/users/a3868b401f1d4e919636190db1695846/roles/a2d68c34806f468c8048e3322111bf68 0.789s
2025-04-25 19:58:09.728 69992 INFO tempest.lib.common.rest_client [req-5d6abc69-ea71-465f-9af9-93e3d9302c65 req-5d6abc69-ea71-465f-9af9-93e3d9302c65 ] Request (FlavorsAdminTestJSON:setUpClass): 201 POST http://10.180.1.21/identity/v3/auth/tokens 0.780s
2025-04-25 19:58:09.730 69986 INFO tempest.lib.common.rest_client [req-d9901393-5292-4250-804e-b4eaf5d0bf06 req-d9901393-5292-4250-804e-b4eaf5d0bf06 ] Request (ServicesAdminNegativeV253TestJSON:setUpClass): 200 GET http://10.180.1.21/identity/v3/roles 0.828s
2025-04-25 19:58:09.746 70006 INFO tempest.lib.common.rest_client [req-3fb6afd8-5e61-43b3-918e-8c334f408867 req-3fb6afd8-5e61-43b3-918e-8c334f408867 ] Request (SecurityGroupsTestAdminJSON:setUpClass): 200 GET http://10.180.1.21/identity/v3/roles 0.723s
2025-04-25 19:58:09.809 69998 INFO tempest.lib.common.rest_client [req-4c0d2994-e8f5-4770-b2ad-6f8a704d830a req-4c0d2994-e8f5-4770-b2ad-6f8a704d830a ] Request (QuotaClassesAdmin257Test:setUpClass): 200 GET http://10.180.1.21/identity/v3/roles 0.679s
2025-04-25 19:58:09.815 70026 INFO tempest.lib.common.rest_client [req-705138e4-f13c-47c3-93bf-df25f3d512f6 req-705138e4-f13c-47c3-93bf-df25f3d512f6 ] Request (AZAdminV2TestJSON:setUpClass): 204 PUT http://10.180.1.21/identity/v3/projects/b841a0a693ae46afb466a52dabef4f43/users/6802cd1c106c4e54bd6221840e3578da/roles/a2d68c34806f468c8048e3322111bf68 0.641s
2025-04-25 19:58:09.815 70026 INFO tempest.lib.common.dynamic_creds [-] Dynamic test user 6802cd1c106c4e54bd6221840e3578da is created with scope project and roles: ['admin']
2025-04-25 19:58:09.815 70026 INFO tempest.lib.common.dynamic_creds [-] Acquired dynamic creds: credentials: Credentials: {'domain_id': 'default', 'domain_name': 'Default', 'username': 'tempest-AZAdminV2TestJSON-1048438994-project-admin', 'project_domain_id': 'default', 'project_domain_name': 'Default', 'project_id': 'b841a0a693ae46afb466a52dabef4f43', 'project_name': 'tempest-AZAdminV2TestJSON-1048438994', 'tenant_id': 'b841a0a693ae46afb466a52dabef4f43', 'tenant_name': 'tempest-AZAdminV2TestJSON-1048438994', 'user_domain_id': 'default', 'user_domain_name': 'Default', 'user_id': '6802cd1c106c4e54bd6221840e3578da', 'system': None}, Network: None, Subnet: None, Router: None
2025-04-25 19:58:09.816 70026 INFO tempest.lib.common.dynamic_creds [-] Created isolated network resources for: credentials: Credentials: {'domain_id': 'default', 'domain_name': 'Default', 'username': 'tempest-AZAdminV2TestJSON-1048438994-project-admin', 'project_domain_id': 'default', 'project_domain_name': 'Default', 'project_id': 'b841a0a693ae46afb466a52dabef4f43', 'project_name': 'tempest-AZAdminV2TestJSON-1048438994', 'tenant_id': 'b841a0a693ae46afb466a52dabef4f43', 'tenant_name': 'tempest-AZAdminV2TestJSON-1048438994', 'user_domain_id': 'default', 'user_domain_name': 'Default', 'user_id': '6802cd1c106c4e54bd6221840e3578da', 'system': None}, Network: None, Subnet: None, Router: None
2025-04-25 19:58:09.822 70034 INFO tempest.lib.common.rest_client [req-ea5cffd4-54f3-4865-bf98-a12ba1178c36 req-ea5cffd4-54f3-4865-bf98-a12ba1178c36 ] Request (TenantUsagesTestJSON:setUpClass): 200 GET http://10.180.1.21/identity/v3/roles 0.619s
2025-04-25 19:58:09.873 70010 INFO tempest.lib.common.rest_client [req-bb6fba45-fdfe-4f21-8baa-702e496222b0 req-bb6fba45-fdfe-4f21-8baa-702e496222b0 ] Request (KeyPairsV210TestJSON:setUpClass): 200 GET http://10.180.1.21/identity/v3/roles 0.593s
2025-04-25 19:58:09.888 70028 INFO tempest.lib.common.rest_client [req-c6f12961-fb5e-490b-b37b-dde2f7406ae2 req-c6f12961-fb5e-490b-b37b-dde2f7406ae2 ] Request (FlavorsAccessTestJSON:setUpClass): 200 GET http://10.180.1.21/identity/v3/roles 0.591s
2025-04-25 19:58:09.906 70012 INFO tempest.lib.common.rest_client [req-766a8b1a-82ee-4630-938e-0578d19a1bf3 req-766a8b1a-82ee-4630-938e-0578d19a1bf3 ] Request (HypervisorAdminTestJSON:setUpClass): 200 GET http://10.180.1.21/identity/v3/roles 0.558s
2025-04-25 19:58:09.918 70002 INFO tempest.lib.common.rest_client [req-be704746-fd51-40a6-95ea-9a0ee0f8f5f1 req-be704746-fd51-40a6-95ea-9a0ee0f8f5f1 ] Request (InstanceUsageAuditLogTestJSON:setUpClass): 200 GET http://10.180.1.21/identity/v3/roles 0.566s
2025-04-25 19:58:09.921 69982 INFO tempest.lib.common.rest_client [req-15869201-7777-4dac-9856-b52ca59d5634 req-15869201-7777-4dac-9856-b52ca59d5634 ] Request (DeleteServersAdminTestJSON:setUpClass): 204 PUT http://10.180.1.21/identity/v3/projects/dd956c028ebf4cd9bc468fc19d27074d/users/ef62f737690c4b189410baa80c0af188/roles/a2d68c34806f468c8048e3322111bf68 0.522s
2025-04-25 19:58:09.921 69982 INFO tempest.lib.common.dynamic_creds [-] Dynamic test user ef62f737690c4b189410baa80c0af188 is created with scope project and roles: ['admin']
2025-04-25 19:58:09.921 69982 INFO tempest.lib.common.dynamic_creds [-] Acquired dynamic creds: credentials: Credentials: {'domain_id': 'default', 'domain_name': 'Default', 'username': 'tempest-DeleteServersAdminTestJSON-637928386-project-admin', 'project_domain_id': 'default', 'project_domain_name': 'Default', 'project_id': 'dd956c028ebf4cd9bc468fc19d27074d', 'project_name': 'tempest-DeleteServersAdminTestJSON-637928386', 'tenant_id': 'dd956c028ebf4cd9bc468fc19d27074d', 'tenant_name': 'tempest-DeleteServersAdminTestJSON-637928386', 'user_domain_id': 'default', 'user_domain_name': 'Default', 'user_id': 'ef62f737690c4b189410baa80c0af188', 'system': None}, Network: None, Subnet: None, Router: None
2025-04-25 19:58:09.921 69982 INFO tempest.lib.common.dynamic_creds [-] Created isolated network resources for: credentials: Credentials: {'domain_id': 'default', 'domain_name': 'Default', 'username': 'tempest-DeleteServersAdminTestJSON-637928386-project-admin', 'project_domain_id': 'default', 'project_domain_name': 'Default', 'project_id': 'dd956c028ebf4cd9bc468fc19d27074d', 'project_name': 'tempest-DeleteServersAdminTestJSON-637928386', 'tenant_id': 'dd956c028ebf4cd9bc468fc19d27074d', 'tenant_name': 'tempest-DeleteServersAdminTestJSON-637928386', 'user_domain_id': 'default', 'user_domain_name': 'Default', 'user_id': 'ef62f737690c4b189410baa80c0af188', 'system': None}, Network: None, Subnet: None, Router: None
2025-04-25 19:58:09.965 70020 INFO tempest.lib.common.rest_client [req-c6b01d4d-234f-4db4-b5fc-309689f7b7b7 req-c6b01d4d-234f-4db4-b5fc-309689f7b7b7 ] Request (HostsAdminNegativeTestJSON:setUpClass): 204 PUT http://10.180.1.21/identity/v3/projects/53bd1fd5f311428ab7fa249bd7d4a1f9/users/ffb069b33ded4468a049b7f15a341bfb/roles/a2d68c34806f468c8048e3322111bf68 0.540s
2025-04-25 19:58:09.965 70020 INFO tempest.lib.common.dynamic_creds [-] Dynamic test user ffb069b33ded4468a049b7f15a341bfb is created with scope project and roles: ['admin']
2025-04-25 19:58:09.965 70020 INFO tempest.lib.common.dynamic_creds [-] Acquired dynamic creds: credentials: Credentials: {'domain_id': 'default', 'domain_name': 'Default', 'username': 'tempest-HostsAdminNegativeTestJSON-931614512-project-admin', 'project_domain_id': 'default', 'project_domain_name': 'Default', 'project_id': '53bd1fd5f311428ab7fa249bd7d4a1f9', 'project_name': 'tempest-HostsAdminNegativeTestJSON-931614512', 'tenant_id': '53bd1fd5f311428ab7fa249bd7d4a1f9', 'tenant_name': 'tempest-HostsAdminNegativeTestJSON-931614512', 'user_domain_id': 'default', 'user_domain_name': 'Default', 'user_id': 'ffb069b33ded4468a049b7f15a341bfb', 'system': None}, Network: None, Subnet: None, Router: None
2025-04-25 19:58:09.965 70020 INFO tempest.lib.common.dynamic_creds [-] Created isolated network resources for: credentials: Credentials: {'domain_id': 'default', 'domain_name': 'Default', 'username': 'tempest-HostsAdminNegativeTestJSON-931614512-project-admin', 'project_domain_id': 'default', 'project_domain_name': 'Default', 'project_id': '53bd1fd5f311428ab7fa249bd7d4a1f9', 'project_name': 'tempest-HostsAdminNegativeTestJSON-931614512', 'tenant_id': '53bd1fd5f311428ab7fa249bd7d4a1f9', 'tenant_name': 'tempest-HostsAdminNegativeTestJSON-931614512', 'user_domain_id': 'default', 'user_domain_name': 'Default', 'user_id': 'ffb069b33ded4468a049b7f15a341bfb', 'system': None}, Network: None, Subnet: None, Router: None
2025-04-25 19:58:09.967 70004 INFO tempest.lib.common.rest_client [req-78573046-ee14-429a-9f1f-17db0b56e27c req-78573046-ee14-429a-9f1f-17db0b56e27c ] Request (QuotasSecurityGroupAdminNegativeTest:setUpClass): 200 GET http://10.180.1.21/identity/v3/roles 0.535s
2025-04-25 19:58:10.004 70038 INFO tempest.lib.common.rest_client [req-f16f9aed-a04e-4ffd-91df-8772cc135c4c req-f16f9aed-a04e-4ffd-91df-8772cc135c4c ] Request (VolumesAdminNegativeTest:setUpClass): 200 PUT http://10.180.1.21:9696/networking/v2.0/routers/6232b8a1-33ed-4268-b61b-f338948c0df7/add_router_interface 0.857s
2025-04-25 19:58:10.004 70038 INFO tempest.lib.common.dynamic_creds [-] Created isolated network resources for: credentials: Credentials: {'domain_id': 'default', 'domain_name': 'Default', 'username': 'tempest-VolumesAdminNegativeTest-1078272547-project-member', 'project_domain_id': 'default', 'project_domain_name': 'Default', 'project_id': '2953fb7e027e45b9922c5eb06ef76e42', 'project_name': 'tempest-VolumesAdminNegativeTest-1078272547', 'tenant_id': '2953fb7e027e45b9922c5eb06ef76e42', 'tenant_name': 'tempest-VolumesAdminNegativeTest-1078272547', 'user_domain_id': 'default', 'user_domain_name': 'Default', 'user_id': 'b078a905ea184e03837d98e3557c5dcc', 'system': None}, Network: {'id': 'f5d33e53-84a7-44b1-86f0-d43fa6b87fd6', 'name': 'tempest-VolumesAdminNegativeTest-1755628662-network', 'tenant_id': '2953fb7e027e45b9922c5eb06ef76e42', 'admin_state_up': True, 'mtu': 8950, 'status': 'ACTIVE', 'subnets': [], 'shared': False, 'project_id': '2953fb7e027e45b9922c5eb06ef76e42', 'port_security_enabled': True, 'router:external': False, 'provider:network_type': 'vlan', 'provider:physical_network': 'default', 'provider:segmentation_id': 267, 'availability_zone_hints': [], 'availability_zones': [], 'ipv4_address_scope': None, 'ipv6_address_scope': None, 'description': '', 'tags': [], 'created_at': '2025-04-25T19:58:07Z', 'updated_at': '2025-04-25T19:58:07Z', 'revision_number': 1}, Subnet: {'id': '6088a42c-a57e-4865-b20d-abfb95298987', 'name': 'tempest-VolumesAdminNegativeTest-1755628662-subnet', 'tenant_id': '2953fb7e027e45b9922c5eb06ef76e42', 'network_id': 'f5d33e53-84a7-44b1-86f0-d43fa6b87fd6', 'ip_version': 4, 'subnetpool_id': None, 'enable_dhcp': True, 'ipv6_ra_mode': None, 'ipv6_address_mode': None, 'gateway_ip': '192.168.128.1', 'cidr': '192.168.128.0/28', 'allocation_pools': [{'start': '192.168.128.2', 'end': '192.168.128.14'}], 'host_routes': [], 'dns_nameservers': [], 'description': '', 'router:external': False, 'service_types': [], 'tags': [], 'created_at': '2025-04-25T19:58:07Z', 'updated_at': '2025-04-25T19:58:07Z', 'revision_number': 0, 'project_id': '2953fb7e027e45b9922c5eb06ef76e42'}, Router: {'id': '6232b8a1-33ed-4268-b61b-f338948c0df7', 'name': 'tempest-VolumesAdminNegativeTest-1755628662-router', 'tenant_id': '2953fb7e027e45b9922c5eb06ef76e42', 'admin_state_up': True, 'status': 'ACTIVE', 'external_gateway_info': {'network_id': 'e6591bbb-ebe0-4377-9596-b5f0fbec2abb', 'external_fixed_ips': [{'subnet_id': 'a2314882-6518-4108-b168-1377946123bf', 'ip_address': '10.180.180.172'}], 'enable_snat': True}, 'description': '', 'availability_zones': [], 'distributed': False, 'ha': False, 'availability_zone_hints': [], 'routes': [], 'flavor_id': None, 'tags': [], 'created_at': '2025-04-25T19:58:08Z', 'updated_at': '2025-04-25T19:58:08Z', 'revision_number': 2, 'project_id': '2953fb7e027e45b9922c5eb06ef76e42'}
2025-04-25 19:58:10.021 70040 INFO tempest.lib.common.rest_client [req-5a83a7af-a439-4325-81c7-e3b44a711add req-5a83a7af-a439-4325-81c7-e3b44a711add ] Request (ServerDiagnosticsTest:setUpClass): 200 GET http://10.180.1.21/identity/v3/roles 0.543s
2025-04-25 19:58:10.033 69994 INFO tempest.lib.common.rest_client [req-bea4f43e-240b-4820-9526-ffecc8eb9145 req-bea4f43e-240b-4820-9526-ffecc8eb9145 ] Request (ServersAdmin275Test:setUpClass): 200 GET http://10.180.1.21/identity/v3/roles 0.546s
2025-04-25 19:58:10.074 69978 INFO tempest.lib.common.rest_client [req-35541fc4-a2f4-40d8-8c0f-5ddc1b14b02b req-35541fc4-a2f4-40d8-8c0f-5ddc1b14b02b ] Request (ServicesAdminNegativeTestJSON:tearDownClass): 200 GET http://10.180.1.21:9696/networking/v2.0/security-groups?tenant_id=49260d1feaef4178b62433d8ad5520cd&name=default 0.987s
2025-04-25 19:58:10.120 69996 INFO tempest.lib.common.rest_client [req-d87734b7-e961-4c18-b32c-f9b4aae0c892 req-d87734b7-e961-4c18-b32c-f9b4aae0c892 ] Request (ServersWithSpecificFlavorTestJSON:setUpClass): 201 POST http://10.180.1.21/identity/v3/auth/tokens 0.620s
2025-04-25 19:58:10.152 69988 INFO tempest.lib.common.rest_client [req-b241e320-28da-4214-b777-a39e7f6cf9b0 req-b241e320-28da-4214-b777-a39e7f6cf9b0 ] Request (VolumesAssistedSnapshotsTest:setUpClass): 201 POST http://10.180.1.21:9696/networking/v2.0/subnets 0.613s
2025-04-25 19:58:10.189 70008 INFO tempest.lib.common.rest_client [req-fff04a48-e6d6-450f-90f2-cad73fe1ee7a req-fff04a48-e6d6-450f-90f2-cad73fe1ee7a ] Request (MigrationsAdminTest:setUpClass): 201 POST http://10.180.1.21/identity/v3/auth/tokens 0.610s
2025-04-25 19:58:10.205 69978 INFO tempest.lib.common.rest_client [req-4ef9727b-d5bd-41aa-9644-31be09ff853c req-4ef9727b-d5bd-41aa-9644-31be09ff853c ] Request (ServicesAdminNegativeTestJSON:tearDownClass): 204 DELETE http://10.180.1.21:9696/networking/v2.0/security-groups/7318437a-8a75-4aad-ba4c-f713c0ba6ef3 0.129s
2025-04-25 19:58:10.221 70014 INFO tempest.lib.common.rest_client [req-74926eb3-bda4-4a49-9df4-c47fe559f293 req-74926eb3-bda4-4a49-9df4-c47fe559f293 ] Request (FlavorMetadataValidation:setUpClass): 201 POST http://10.180.1.21/identity/v3/auth/tokens 0.683s
2025-04-25 19:58:10.247 70022 INFO tempest.lib.common.rest_client [req-2f5742ac-06c3-4c69-bdb0-6702c05e6601 req-2f5742ac-06c3-4c69-bdb0-6702c05e6601 ] Request (HypervisorAdminNegativeUnderV252Test:setUpClass): 200 GET http://10.180.1.21/identity/v3/roles 0.589s
2025-04-25 19:58:10.265 70018 INFO tempest.lib.common.rest_client [req-5066009f-33c3-44fe-96ef-b00477f31e73 req-5066009f-33c3-44fe-96ef-b00477f31e73 ] Request (QuotasAdminTestJSON:setUpClass): 201 POST http://10.180.1.21/identity/v3/auth/tokens 0.658s
2025-04-25 19:58:10.266 70018 WARNING tempest.lib.common.rest_client [-] Deprecated: "tenant_id" property is deprecated for removal, use "project_id" instead
2025-04-25 19:58:10.271 70032 INFO tempest.lib.common.rest_client [req-075114cf-8835-430a-9682-9634631bdfa5 req-075114cf-8835-430a-9682-9634631bdfa5 ] Request (HypervisorAdminV253TestBase:setUpClass): 200 GET http://10.180.1.21/identity/v3/roles 0.607s
2025-04-25 19:58:10.280 69986 INFO tempest.lib.common.rest_client [req-4362c0d0-d250-4170-8c71-ba566e47bea4 req-4362c0d0-d250-4170-8c71-ba566e47bea4 ] Request (ServicesAdminNegativeV253TestJSON:setUpClass): 204 PUT http://10.180.1.21/identity/v3/projects/3ed99de9d6ea466c9dede1e1d38a7142/users/722d3b229caa43fd916f0a393ff08265/roles/a2d68c34806f468c8048e3322111bf68 0.549s
2025-04-25 19:58:10.280 69986 INFO tempest.lib.common.dynamic_creds [-] Dynamic test user 722d3b229caa43fd916f0a393ff08265 is created with scope project and roles: ['admin']
